2025-04-16 15:28:56.780 71225 INFO tempest.lib.common.rest_client [req-a5e3d6a1-741a-4122-8082-c340a5b715f9 req-a5e3d6a1-741a-4122-8082-c340a5b715f9 ] Request (ServersAdminTestJSON:setUpClass): 200 GET http://10.180.1.21/compute/v2.1/servers/b206dfbe-342b-4b0a-9f43-b603205d8db7 0.070s
2025-04-16 15:28:56.896 71199 INFO tempest.lib.common.rest_client [req-c3f14aa9-a5f5-492d-903a-416f0d7db392 req-c3f14aa9-a5f5-492d-903a-416f0d7db392 ] Request (FloatingIPsAssociationNegativeTestJSON:setUpClass): 200 GET http://10.180.1.21/compute/v2.1/servers/f58ffc5d-fd70-490d-8389-6319b1b27eff 0.068s
2025-04-16 15:28:56.907 71201 INFO tempest.lib.common.rest_client [req-63c206e5-c62a-49cf-aa27-a6d02a58ea73 req-63c206e5-c62a-49cf-aa27-a6d02a58ea73 ] Request (ServersTestMultiNic:test_verify_duplicate_network_nics): 200 GET http://10.180.1.21/compute/v2.1/servers/c10d4e2a-98bb-4195-841e-e22b89a22496 0.131s
2025-04-16 15:28:56.960 71217 INFO tempest.lib.common.rest_client [req-6e9356a2-a7e9-4998-8bb4-1e6f9d61c6c2 req-6e9356a2-a7e9-4998-8bb4-1e6f9d61c6c2 ] Request (InstanceActionsNegativeTestJSON:tearDownClass): 200 GET http://10.180.1.21/compute/v2.1/servers/259f5513-b60b-4dd9-97ce-829ca51896d4 0.080s
2025-04-16 15:28:56.980 71219 INFO tempest.lib.common.rest_client [req-1835f3dc-bdbb-444f-a46a-f494da71cdd5 req-1835f3dc-bdbb-444f-a46a-f494da71cdd5 ] Request (MigrationsAdminTest:test_resize_server_revert_deleted_flavor): 200 GET http://10.180.1.21/compute/v2.1/servers/657f22ba-cbc4-4bc2-a1cd-9cf7b9b912ed 0.056s
2025-04-16 15:28:57.039 71247 INFO tempest.lib.common.rest_client [req-c1d82e50-ab3a-4685-8803-f9134249134d req-c1d82e50-ab3a-4685-8803-f9134249134d ] Request (VolumesAssistedSnapshotsTest:tearDownClass): 200 GET http://10.180.1.21/compute/v2.1/servers/d42d1d63-4a32-4ce8-adef-ae483488c5aa 0.060s
2025-04-16 15:28:57.095 71224 INFO tempest.lib.common.rest_client [req-931e7607-d505-4c82-996b-1d5566de2513 req-931e7607-d505-4c82-996b-1d5566de2513 ] Request (ImagesOneServerNegativeTestJSON:_run_cleanups): 200 GET http://10.180.1.21/compute/v2.1/servers/2b45d5ab-8870-4d3c-b645-d7587fb9466f 0.069s
2025-04-16 15:28:57.127 71197 INFO tempest.lib.common.rest_client [req-a110724f-fa5b-4474-83eb-91c49ca6a5ac req-a110724f-fa5b-4474-83eb-91c49ca6a5ac ] Request (MultipleCreateTestJSON:test_multiple_create): 200 GET http://10.180.1.21/compute/v2.1/servers/c2741fec-4444-45f0-977f-6bdb23ab33cf 0.056s
2025-04-16 15:28:57.166 71221 INFO tempest.lib.common.rest_client [req-0d86b9ac-019a-4235-bd7b-165dd1da495d req-0d86b9ac-019a-4235-bd7b-165dd1da495d ] Request (TenantUsagesTestJSON:setUpClass): 200 GET http://10.180.1.21/compute/v2.1/servers/73ca3686-48f5-4044-8dc4-676d48e964a8 0.050s
2025-04-16 15:28:57.211 71233 INFO tempest.lib.common.rest_client [req-db917c39-35c9-4b13-97cb-696696b28b23 req-db917c39-35c9-4b13-97cb-696696b28b23 ] Request (AttachInterfacesTestJSON:test_create_list_show_delete_interfaces_by_fixed_ip): 200 GET http://10.180.1.21/compute/v2.1/servers/dc670653-4db2-4482-9b29-b3d9853a3593 0.050s
2025-04-16 15:28:57.221 71231 INFO tempest.lib.common.rest_client [req-bfe690b1-c548-4e13-8eee-56e8f6d5e8e4 req-bfe690b1-c548-4e13-8eee-56e8f6d5e8e4 ] Request (ImagesTestJSON:test_create_server_from_snapshot): 200 GET http://10.180.1.21/compute/v2.1/servers/1d74930b-c52f-4986-a86e-7e30fc5a8185 0.046s
2025-04-16 15:28:57.266 71205 INFO tempest.lib.common.rest_client [req-2e00efb1-681e-4ad2-806a-23f8643da2ef req-2e00efb1-681e-4ad2-806a-23f8643da2ef ] Request (InstanceActionsTestJSON:setUpClass): 200 GET http://10.180.1.21/compute/v2.1/servers/3eb38467-b7d0-45bb-ab62-098e3e381853 0.059s
2025-04-16 15:28:57.267 71209 INFO tempest.lib.common.rest_client [req-57f08ef7-7da4-4263-8d40-dfd9658fdb9a req-57f08ef7-7da4-4263-8d40-dfd9658fdb9a ] Request (ServersTestFqdnHostnames:test_create_server_with_fqdn_name): 200 GET http://10.180.1.21/compute/v2.1/servers/2b60c927-0466-46f5-8695-78c19010f1c9 0.046s
2025-04-16 15:28:57.274 71209 INFO tempest.common.waiters [-] State transition "BUILD/scheduling" ==> "BUILD/None" after 42 second wait
2025-04-16 15:28:57.318 71243 INFO tempest.lib.common.rest_client [req-43d1319c-6e44-4664-8776-753780c4eba7 req-43d1319c-6e44-4664-8776-753780c4eba7 ] Request (DeleteServersAdminTestJSON:test_delete_server_while_in_error_state): 200 GET http://10.180.1.21/compute/v2.1/servers/f17585da-df68-4dc5-b7f5-2bd51aa0c645 0.061s
2025-04-16 15:28:57.318 71235 INFO tempest.lib.common.rest_client [req-cced9865-ce5d-46ac-aa58-184e806f7831 req-cced9865-ce5d-46ac-aa58-184e806f7831 ] Request (ServerShowV247Test:test_update_rebuild_list_server): 200 GET http://10.180.1.21/compute/v2.1/servers/76832b17-5bf1-4966-b42f-ad77fb4af035 0.051s
2025-04-16 15:28:57.337 71193 INFO tempest.lib.common.rest_client [req-fbf07e6b-1899-4af5-9c09-e49ace21df1b req-fbf07e6b-1899-4af5-9c09-e49ace21df1b ] Request (ServersNegativeTestMultiTenantJSON:tearDownClass): 404 GET http://10.180.1.21/compute/v2.1/servers/051c137c-ed83-4dc6-a3e0-7866c30605c5 0.028s
2025-04-16 15:28:57.370 71249 INFO tempest.lib.common.rest_client [req-70c68572-c4ae-4653-8a0a-e3955f7c6133 req-70c68572-c4ae-4653-8a0a-e3955f7c6133 ] Request (ImagesOneServerTestJSON:test_create_delete_image): 200 GET http://10.180.1.21/compute/v2.1/images/4f0637d3-d49c-43de-870e-ceea523aadbc 0.038s
2025-04-16 15:28:57.376 71191 INFO tempest.lib.common.rest_client [req-73f96934-9921-4efc-940a-659cfd1de79a req-73f96934-9921-4efc-940a-659cfd1de79a ] Request (ServerDiskConfigTestJSON:test_rebuild_server_with_manual_disk_config): 200 GET http://10.180.1.21/compute/v2.1/servers/9c9d1dea-cafa-4e05-8f35-7a5eda4037db 0.065s
2025-04-16 15:28:57.426 71213 INFO tempest.lib.common.rest_client [req-f8f2419f-ee83-484e-ba6d-e1e20ccb1f8d req-f8f2419f-ee83-484e-ba6d-e1e20ccb1f8d ] Request (ListImageFiltersTestJSON:setUpClass): 200 GET http://10.180.1.21/compute/v2.1/servers/dc8a589e-3d62-4aab-9b44-85cb242b6a7c 0.059s
2025-04-16 15:28:57.452 71251 INFO tempest.lib.common.rest_client [req-e8669b97-93fb-40bd-97d8-5c8447abfc9a req-e8669b97-93fb-40bd-97d8-5c8447abfc9a ] Request (ServerAddressesTestJSON:tearDownClass): 200 GET http://10.180.1.21/compute/v2.1/servers/b0535c7e-465f-4e80-9b9b-b455b9c3a98c 0.065s
2025-04-16 15:28:57.476 71245 INFO tempest.lib.common.rest_client [req-37f51a91-84d4-436b-b57c-8d3d31cb9d31 req-37f51a91-84d4-436b-b57c-8d3d31cb9d31 ] Request (DeleteServersTestJSON:test_delete_server_while_in_attached_volume): 200 GET http://10.180.1.21/compute/v2.1/servers/a2fc32ff-5e81-4cd9-ad18-0d70707b1ab7 0.051s
2025-04-16 15:28:57.724 71253 INFO tempest.lib.common.rest_client [req-c0b9c01a-a9d0-4f1d-8e7a-e72503193d7a req-c0b9c01a-a9d0-4f1d-8e7a-e72503193d7a ] Request (FloatingIPsAssociationTestJSON:tearDownClass): 200 GET http://10.180.1.21/compute/v2.1/servers/acd86542-d115-4a88-b6e5-3133e456b45b 0.119s
2025-04-16 15:28:57.773 71207 INFO tempest.lib.common.rest_client [req-16730262-7495-4119-aac9-f6621c59286a req-16730262-7495-4119-aac9-f6621c59286a ] Request (ServerActionsTestJSON:setUpClass): 200 GET http://10.180.1.21/compute/v2.1/servers/f66bd22b-1de2-43cc-b2a5-154fedcd3692 0.239s
2025-04-16 15:28:57.777 71211 INFO tempest.lib.common.rest_client [req-09c04a23-3412-4552-b427-94a262d2a9e6 req-09c04a23-3412-4552-b427-94a262d2a9e6 ] Request (SecurityGroupsTestJSON:test_server_security_groups): 200 GET http://10.180.1.21/compute/v2.1/servers/9e03ec3e-a5fe-47e0-9fee-3d86fa604b12 0.116s
2025-04-16 15:28:57.850 71195 INFO tempest.lib.common.rest_client [req-8a72e634-1fcc-4bdb-954c-b0c9a5f0e771 req-8a72e634-1fcc-4bdb-954c-b0c9a5f0e771 ] Request (ServersAdminNegativeTestJSON:setUpClass): 200 GET http://10.180.1.21/compute/v2.1/servers/3aab379f-893b-4fc8-a5bf-1189ae26ca2f 0.127s
2025-04-16 15:28:57.855 71227 INFO tempest.lib.common.rest_client [req-80a90afa-6db5-49de-b25b-2daa4c79f3bb req-80a90afa-6db5-49de-b25b-2daa4c79f3bb ] Request (ServersListShow298Test:tearDownClass): 200 GET http://10.180.1.21/compute/v2.1/servers/95f3eafa-1f2e-4980-9a33-d115bd946af5 0.089s
2025-04-16 15:28:57.925 71225 INFO tempest.lib.common.rest_client [req-bacf5d37-5705-46c8-8fc4-6dd77709381b req-bacf5d37-5705-46c8-8fc4-6dd77709381b ] Request (ServersAdminTestJSON:setUpClass): 200 GET http://10.180.1.21/compute/v2.1/servers/b206dfbe-342b-4b0a-9f43-b603205d8db7 0.132s
2025-04-16 15:28:57.966 71199 INFO tempest.lib.common.rest_client [req-cb9ef919-a42f-41c7-a8f8-e0b82a7734ec req-cb9ef919-a42f-41c7-a8f8-e0b82a7734ec ] Request (FloatingIPsAssociationNegativeTestJSON:setUpClass): 200 GET http://10.180.1.21/compute/v2.1/servers/f58ffc5d-fd70-490d-8389-6319b1b27eff 0.063s
2025-04-16 15:28:58.029 71217 INFO tempest.lib.common.rest_client [req-8650e936-11af-4ced-957f-287bcaba0811 req-8650e936-11af-4ced-957f-287bcaba0811 ] Request (InstanceActionsNegativeTestJSON:tearDownClass): 200 GET http://10.180.1.21/compute/v2.1/servers/259f5513-b60b-4dd9-97ce-829ca51896d4 0.061s
2025-04-16 15:28:58.089 71219 INFO tempest.lib.common.rest_client [req-3a1bd627-a570-417f-90ad-f2fd8fd94d7d req-3a1bd627-a570-417f-90ad-f2fd8fd94d7d ] Request (MigrationsAdminTest:test_resize_server_revert_deleted_flavor): 200 GET http://10.180.1.21/compute/v2.1/servers/657f22ba-cbc4-4bc2-a1cd-9cf7b9b912ed 0.099s
2025-04-16 15:28:58.161 71247 INFO tempest.lib.common.rest_client [req-3f685e2e-885e-4725-9caa-c2cb50eb20cf req-3f685e2e-885e-4725-9caa-c2cb50eb20cf ] Request (VolumesAssistedSnapshotsTest:tearDownClass): 200 GET http://10.180.1.21/compute/v2.1/servers/d42d1d63-4a32-4ce8-adef-ae483488c5aa 0.110s
2025-04-16 15:28:58.216 71224 INFO tempest.lib.common.rest_client [req-54a2d580-b1fa-4c40-aa05-a5fadfd136de req-54a2d580-b1fa-4c40-aa05-a5fadfd136de ] Request (ImagesOneServerNegativeTestJSON:_run_cleanups): 200 GET http://10.180.1.21/compute/v2.1/servers/2b45d5ab-8870-4d3c-b645-d7587fb9466f 0.112s
2025-04-16 15:28:58.269 71197 INFO tempest.lib.common.rest_client [req-90c957e2-c2df-4e97-8637-8acdb24eeda4 req-90c957e2-c2df-4e97-8637-8acdb24eeda4 ] Request (MultipleCreateTestJSON:test_multiple_create): 200 GET http://10.180.1.21/compute/v2.1/servers/c2741fec-4444-45f0-977f-6bdb23ab33cf 0.134s
2025-04-16 15:28:58.318 71221 INFO tempest.lib.common.rest_client [req-c2a02273-3190-49a5-8b5f-b46f1c6de66a req-c2a02273-3190-49a5-8b5f-b46f1c6de66a ] Request (TenantUsagesTestJSON:setUpClass): 200 GET http://10.180.1.21/compute/v2.1/servers/73ca3686-48f5-4044-8dc4-676d48e964a8 0.144s
2025-04-16 15:28:58.368 71233 INFO tempest.lib.common.rest_client [req-f15abd71-1e17-4911-970f-0dbb6e4819de req-f15abd71-1e17-4911-970f-0dbb6e4819de ] Request (AttachInterfacesTestJSON:test_create_list_show_delete_interfaces_by_fixed_ip): 200 GET http://10.180.1.21/compute/v2.1/servers/dc670653-4db2-4482-9b29-b3d9853a3593 0.149s
2025-04-16 15:28:58.411 71201 INFO tempest.lib.common.rest_client [req-5499c33b-7cdf-41c2-8a4e-2abc36a1e5b2 req-5499c33b-7cdf-41c2-8a4e-2abc36a1e5b2 ] Request (ServersTestMultiNic:test_verify_duplicate_network_nics): 200 GET http://10.180.1.21/compute/v2.1/servers/c10d4e2a-98bb-4195-841e-e22b89a22496 0.493s
2025-04-16 15:28:58.426 71231 INFO tempest.lib.common.rest_client [req-47bd2fc3-669c-41fe-b9b9-320ef64384a0 req-47bd2fc3-669c-41fe-b9b9-320ef64384a0 ] Request (ImagesTestJSON:test_create_server_from_snapshot): 200 GET http://10.180.1.21/compute/v2.1/servers/1d74930b-c52f-4986-a86e-7e30fc5a8185 0.196s
2025-04-16 15:28:58.474 71205 INFO tempest.lib.common.rest_client [req-a5fa24f9-3a73-4339-a528-15f18a971678 req-a5fa24f9-3a73-4339-a528-15f18a971678 ] Request (InstanceActionsTestJSON:setUpClass): 200 GET http://10.180.1.21/compute/v2.1/servers/3eb38467-b7d0-45bb-ab62-098e3e381853 0.200s
2025-04-16 15:28:58.487 71209 INFO tempest.lib.common.rest_client [req-14ceceb8-555d-4c0f-82e6-b038148ac592 req-14ceceb8-555d-4c0f-82e6-b038148ac592 ] Request (ServersTestFqdnHostnames:test_create_server_with_fqdn_name): 200 GET http://10.180.1.21/compute/v2.1/servers/2b60c927-0466-46f5-8695-78c19010f1c9 0.207s
2025-04-16 15:28:58.531 71235 INFO tempest.lib.common.rest_client [req-0c243ec5-cc50-49c0-a0cd-e9b4866f5956 req-0c243ec5-cc50-49c0-a0cd-e9b4866f5956 ] Request (ServerShowV247Test:test_update_rebuild_list_server): 200 GET http://10.180.1.21/compute/v2.1/servers/76832b17-5bf1-4966-b42f-ad77fb4af035 0.203s
2025-04-16 15:28:58.558 71243 INFO tempest.lib.common.rest_client [req-b052b356-80e6-4ac5-bef2-f7a45343e1d1 req-b052b356-80e6-4ac5-bef2-f7a45343e1d1 ] Request (DeleteServersAdminTestJSON:test_delete_server_while_in_error_state): 200 GET http://10.180.1.21/compute/v2.1/servers/f17585da-df68-4dc5-b7f5-2bd51aa0c645 0.229s
2025-04-16 15:28:58.567 71249 INFO tempest.lib.common.rest_client [req-38fa713d-5bda-4276-9e0b-4ea536474396 req-38fa713d-5bda-4276-9e0b-4ea536474396 ] Request (ImagesOneServerTestJSON:test_create_delete_image): 200 GET http://10.180.1.21/compute/v2.1/images/4f0637d3-d49c-43de-870e-ceea523aadbc 0.190s
2025-04-16 15:28:58.593 71193 INFO tempest.lib.common.rest_client [req-79f15c91-9399-40d7-b8c7-e4b7116b2c75 req-79f15c91-9399-40d7-b8c7-e4b7116b2c75 ] Request (ServersNegativeTestMultiTenantJSON:tearDownClass): 200 PUT http://10.180.1.21:9696/networking/v2.0/routers/db2f4c2b-24f3-4be6-8d6f-2b8cca19d739/remove_router_interface 1.255s
2025-04-16 15:28:58.619 71213 INFO tempest.lib.common.rest_client [req-eb799341-7495-461b-98bb-8897f421e8c6 req-eb799341-7495-461b-98bb-8897f421e8c6 ] Request (ListImageFiltersTestJSON:setUpClass): 200 GET http://10.180.1.21/compute/v2.1/servers/dc8a589e-3d62-4aab-9b44-85cb242b6a7c 0.184s
2025-04-16 15:28:58.634 71191 INFO tempest.lib.common.rest_client [req-66529fc6-6bb6-4ae8-ac20-800f6af7e3f3 req-66529fc6-6bb6-4ae8-ac20-800f6af7e3f3 ] Request (ServerDiskConfigTestJSON:test_rebuild_server_with_manual_disk_config): 200 GET http://10.180.1.21/compute/v2.1/servers/9c9d1dea-cafa-4e05-8f35-7a5eda4037db 0.251s
2025-04-16 15:28:58.682 71251 INFO tempest.lib.common.rest_client [req-b3411edc-b687-4839-b105-200ffe81220e req-b3411edc-b687-4839-b105-200ffe81220e ] Request (ServerAddressesTestJSON:tearDownClass): 200 GET http://10.180.1.21/compute/v2.1/servers/b0535c7e-465f-4e80-9b9b-b455b9c3a98c 0.222s
2025-04-16 15:28:58.703 71245 INFO tempest.lib.common.rest_client [req-f766b0a4-8663-4e88-8ea6-ffa523f3056a req-f766b0a4-8663-4e88-8ea6-ffa523f3056a ] Request (DeleteServersTestJSON:test_delete_server_while_in_attached_volume): 200 GET http://10.180.1.21/compute/v2.1/servers/a2fc32ff-5e81-4cd9-ad18-0d70707b1ab7 0.219s
2025-04-16 15:28:58.792 71253 INFO tempest.lib.common.rest_client [req-d5a710cc-9288-4fa6-9a9a-ab7e0c4f1984 req-d5a710cc-9288-4fa6-9a9a-ab7e0c4f1984 ] Request (FloatingIPsAssociationTestJSON:tearDownClass): 200 GET http://10.180.1.21/compute/v2.1/servers/acd86542-d115-4a88-b6e5-3133e456b45b 0.058s
2025-04-16 15:28:58.847 71211 INFO tempest.lib.common.rest_client [req-f640a5ec-4526-415e-bea6-b69786b4aed4 req-f640a5ec-4526-415e-bea6-b69786b4aed4 ] Request (SecurityGroupsTestJSON:test_server_security_groups): 200 GET http://10.180.1.21/compute/v2.1/servers/9e03ec3e-a5fe-47e0-9fee-3d86fa604b12 0.060s
2025-04-16 15:28:58.922 71195 INFO tempest.lib.common.rest_client [req-57f72ab0-7fe5-44ed-9087-19dda17e7239 req-57f72ab0-7fe5-44ed-9087-19dda17e7239 ] Request (ServersAdminNegativeTestJSON:setUpClass): 200 GET http://10.180.1.21/compute/v2.1/servers/3aab379f-893b-4fc8-a5bf-1189ae26ca2f 0.063s
2025-04-16 15:28:58.978 71207 INFO tempest.lib.common.rest_client [req-895482bc-4c95-4d84-9807-258c2325ff7b req-895482bc-4c95-4d84-9807-258c2325ff7b ] Request (ServerActionsTestJSON:setUpClass): 200 GET http://10.180.1.21/compute/v2.1/servers/f66bd22b-1de2-43cc-b2a5-154fedcd3692 0.197s
2025-04-16 15:28:58.990 71227 INFO tempest.lib.common.rest_client [req-f1c94c75-085f-4692-ba6a-eb5bf68727fb req-f1c94c75-085f-4692-ba6a-eb5bf68727fb ] Request (ServersListShow298Test:tearDownClass): 200 GET http://10.180.1.21/compute/v2.1/servers/95f3eafa-1f2e-4980-9a33-d115bd946af5 0.123s
2025-04-16 15:28:59.035 71199 INFO tempest.lib.common.rest_client [req-f8bffbf1-51e2-4aab-8bb1-b944e0f32b9b req-f8bffbf1-51e2-4aab-8bb1-b944e0f32b9b ] Request (FloatingIPsAssociationNegativeTestJSON:setUpClass): 200 GET http://10.180.1.21/compute/v2.1/servers/f58ffc5d-fd70-490d-8389-6319b1b27eff 0.060s
2025-04-16 15:28:59.044 71225 INFO tempest.lib.common.rest_client [req-17c0d857-68fc-447c-975e-8040f0c7c451 req-17c0d857-68fc-447c-975e-8040f0c7c451 ] Request (ServersAdminTestJSON:setUpClass): 200 GET http://10.180.1.21/compute/v2.1/servers/b206dfbe-342b-4b0a-9f43-b603205d8db7 0.111s
2025-04-16 15:28:59.079 71193 INFO tempest.lib.common.rest_client [req-d3e2d651-2af3-4f7f-8dac-291f17162469 req-d3e2d651-2af3-4f7f-8dac-291f17162469 ] Request (ServersNegativeTestMultiTenantJSON:tearDownClass): 204 DELETE http://10.180.1.21:9696/networking/v2.0/routers/db2f4c2b-24f3-4be6-8d6f-2b8cca19d739 0.486s
2025-04-16 15:28:59.104 71217 INFO tempest.lib.common.rest_client [req-770b1fae-5e70-487b-a551-011bb3555be2 req-770b1fae-5e70-487b-a551-011bb3555be2 ] Request (InstanceActionsNegativeTestJSON:tearDownClass): 200 GET http://10.180.1.21/compute/v2.1/servers/259f5513-b60b-4dd9-97ce-829ca51896d4 0.058s
2025-04-16 15:28:59.168 71219 INFO tempest.lib.common.rest_client [req-8cd78d67-9595-4621-916c-585f72833b9a req-8cd78d67-9595-4621-916c-585f72833b9a ] Request (MigrationsAdminTest:test_resize_server_revert_deleted_flavor): 200 GET http://10.180.1.21/compute/v2.1/servers/657f22ba-cbc4-4bc2-a1cd-9cf7b9b912ed 0.071s
2025-04-16 15:28:59.202 71193 INFO tempest.lib.common.rest_client [req-67c54ece-9169-4951-a23f-20052344ce22 req-67c54ece-9169-4951-a23f-20052344ce22 ] Request (ServersNegativeTestMultiTenantJSON:tearDownClass): 204 DELETE http://10.180.1.21:9696/networking/v2.0/subnets/1369a276-0714-4fd8-b1b1-34c9dfb35def 0.123s
2025-04-16 15:28:59.241 71247 INFO tempest.lib.common.rest_client [req-59b6e7cd-a3be-4bdb-bc37-aeb61f007372 req-59b6e7cd-a3be-4bdb-bc37-aeb61f007372 ] Request (VolumesAssistedSnapshotsTest:tearDownClass): 200 GET http://10.180.1.21/compute/v2.1/servers/d42d1d63-4a32-4ce8-adef-ae483488c5aa 0.066s
2025-04-16 15:28:59.305 71224 INFO tempest.lib.common.rest_client [req-9b67560e-f486-425f-9ae4-0fc255bce1d1 req-9b67560e-f486-425f-9ae4-0fc255bce1d1 ] Request (ImagesOneServerNegativeTestJSON:_run_cleanups): 200 GET http://10.180.1.21/compute/v2.1/servers/2b45d5ab-8870-4d3c-b645-d7587fb9466f 0.077s
2025-04-16 15:28:59.328 71197 INFO tempest.lib.common.rest_client [req-128a1302-5e11-4c3e-91b1-680f8d275909 req-128a1302-5e11-4c3e-91b1-680f8d275909 ] Request (MultipleCreateTestJSON:test_multiple_create): 200 GET http://10.180.1.21/compute/v2.1/servers/c2741fec-4444-45f0-977f-6bdb23ab33cf 0.050s
2025-04-16 15:28:59.383 71221 INFO tempest.lib.common.rest_client [req-43be3fc7-b21a-4373-b377-54b69cb99971 req-43be3fc7-b21a-4373-b377-54b69cb99971 ] Request (TenantUsagesTestJSON:setUpClass): 200 GET http://10.180.1.21/compute/v2.1/servers/73ca3686-48f5-4044-8dc4-676d48e964a8 0.054s
2025-04-16 15:28:59.432 71233 INFO tempest.lib.common.rest_client [req-aaf80fe4-79de-44c1-8228-c235b3f17b46 req-aaf80fe4-79de-44c1-8228-c235b3f17b46 ] Request (AttachInterfacesTestJSON:test_create_list_show_delete_interfaces_by_fixed_ip): 200 GET http://10.180.1.21/compute/v2.1/servers/dc670653-4db2-4482-9b29-b3d9853a3593 0.052s
2025-04-16 15:28:59.443 71193 INFO tempest.lib.common.rest_client [req-7dcd62cf-49b2-47ef-ae3f-67470d498667 req-7dcd62cf-49b2-47ef-ae3f-67470d498667 ] Request (ServersNegativeTestMultiTenantJSON:tearDownClass): 204 DELETE http://10.180.1.21:9696/networking/v2.0/networks/11a7e092-33b1-4c40-9084-7263dbf84dfd 0.240s
2025-04-16 15:28:59.494 71231 INFO tempest.lib.common.rest_client [req-1a606d99-31d2-4ce1-a2c4-be6642d69ea9 req-1a606d99-31d2-4ce1-a2c4-be6642d69ea9 ] Request (ImagesTestJSON:test_create_server_from_snapshot): 200 GET http://10.180.1.21/compute/v2.1/servers/1d74930b-c52f-4986-a86e-7e30fc5a8185 0.059s
2025-04-16 15:28:59.546 71205 INFO tempest.lib.common.rest_client [req-590bdb0f-ed27-4465-9e85-1e117390248e req-590bdb0f-ed27-4465-9e85-1e117390248e ] Request (InstanceActionsTestJSON:setUpClass): 200 GET http://10.180.1.21/compute/v2.1/servers/3eb38467-b7d0-45bb-ab62-098e3e381853 0.062s
2025-04-16 15:28:59.594 71209 INFO tempest.lib.common.rest_client [req-2d5d8e4d-5901-417c-bf4a-dba54b779abb req-2d5d8e4d-5901-417c-bf4a-dba54b779abb ] Request (ServersTestFqdnHostnames:test_create_server_with_fqdn_name): 200 GET http://10.180.1.21/compute/v2.1/servers/2b60c927-0466-46f5-8695-78c19010f1c9 0.098s
2025-04-16 15:28:59.642 71235 INFO tempest.lib.common.rest_client [req-50a554a8-5f27-4e53-90dd-1ae21a29a3f3 req-50a554a8-5f27-4e53-90dd-1ae21a29a3f3 ] Request (ServerShowV247Test:test_update_rebuild_list_server): 200 GET http://10.180.1.21/compute/v2.1/servers/76832b17-5bf1-4966-b42f-ad77fb4af035 0.095s
2025-04-16 15:28:59.695 71243 INFO tempest.lib.common.rest_client [req-43ba6b34-639f-4743-a80f-1268c3457a4e req-43ba6b34-639f-4743-a80f-1268c3457a4e ] Request (DeleteServersAdminTestJSON:test_delete_server_while_in_error_state): 200 GET http://10.180.1.21/compute/v2.1/servers/f17585da-df68-4dc5-b7f5-2bd51aa0c645 0.128s
2025-04-16 15:28:59.728 71249 INFO tempest.lib.common.rest_client [req-6520724c-0d61-4d71-9c7f-63fa2e3f9039 req-6520724c-0d61-4d71-9c7f-63fa2e3f9039 ] Request (ImagesOneServerTestJSON:test_create_delete_image): 200 GET http://10.180.1.21/compute/v2.1/images/4f0637d3-d49c-43de-870e-ceea523aadbc 0.156s
2025-04-16 15:28:59.786 71213 INFO tempest.lib.common.rest_client [req-caee3705-d5ca-4824-af82-ae29422e1aab req-caee3705-d5ca-4824-af82-ae29422e1aab ] Request (ListImageFiltersTestJSON:setUpClass): 200 GET http://10.180.1.21/compute/v2.1/servers/dc8a589e-3d62-4aab-9b44-85cb242b6a7c 0.158s
2025-04-16 15:28:59.841 71191 INFO tempest.lib.common.rest_client [req-a7febaea-5cac-48d3-8f9e-2a6ec96d6a18 req-a7febaea-5cac-48d3-8f9e-2a6ec96d6a18 ] Request (ServerDiskConfigTestJSON:test_rebuild_server_with_manual_disk_config): 200 GET http://10.180.1.21/compute/v2.1/servers/9c9d1dea-cafa-4e05-8f35-7a5eda4037db 0.196s
2025-04-16 15:28:59.900 71201 INFO tempest.lib.common.rest_client [req-19f7c9d7-e425-4917-8a66-dc99b40411a5 req-19f7c9d7-e425-4917-8a66-dc99b40411a5 ] Request (ServersTestMultiNic:test_verify_duplicate_network_nics): 200 GET http://10.180.1.21/compute/v2.1/servers/c10d4e2a-98bb-4195-841e-e22b89a22496 0.478s
2025-04-16 15:28:59.910 71251 INFO tempest.lib.common.rest_client [req-691ddd6e-fada-4a90-9024-e7104217958a req-691ddd6e-fada-4a90-9024-e7104217958a ] Request (ServerAddressesTestJSON:tearDownClass): 200 GET http://10.180.1.21/compute/v2.1/servers/b0535c7e-465f-4e80-9b9b-b455b9c3a98c 0.220s
2025-04-16 15:28:59.962 71245 INFO tempest.lib.common.rest_client [req-2322bae2-85b0-4e43-bf51-457fcc8b847f req-2322bae2-85b0-4e43-bf51-457fcc8b847f ] Request (DeleteServersTestJSON:test_delete_server_while_in_attached_volume): 200 GET http://10.180.1.21/compute/v2.1/servers/a2fc32ff-5e81-4cd9-ad18-0d70707b1ab7 0.249s
2025-04-16 15:28:59.976 71253 INFO tempest.lib.common.rest_client [req-f7f4eaf1-0aaa-47bc-8c00-916c6991a85c req-f7f4eaf1-0aaa-47bc-8c00-916c6991a85c ] Request (FloatingIPsAssociationTestJSON:tearDownClass): 200 GET http://10.180.1.21/compute/v2.1/servers/acd86542-d115-4a88-b6e5-3133e456b45b 0.176s
2025-04-16 15:28:59.983 71253 INFO tempest.common.waiters [-] State transition "ACTIVE/deleting" ==> "DELETED/None" after 4 second wait
2025-04-16 15:29:00.021 71211 INFO tempest.lib.common.rest_client [req-9319ceb7-99cc-40f4-a3ea-c1507cc76e41 req-9319ceb7-99cc-40f4-a3ea-c1507cc76e41 ] Request (SecurityGroupsTestJSON:test_server_security_groups): 200 GET http://10.180.1.21/compute/v2.1/servers/9e03ec3e-a5fe-47e0-9fee-3d86fa604b12 0.166s
2025-04-16 15:29:00.046 71195 INFO tempest.lib.common.rest_client [req-f2844a11-3e1a-4694-92ee-9bba7f6820c4 req-f2844a11-3e1a-4694-92ee-9bba7f6820c4 ] Request (ServersAdminNegativeTestJSON:setUpClass): 200 GET http://10.180.1.21/compute/v2.1/servers/3aab379f-893b-4fc8-a5bf-1189ae26ca2f 0.115s
2025-04-16 15:29:00.122 71227 INFO tempest.lib.common.rest_client [req-82a7fa7e-5114-41aa-8973-0546c397179f req-82a7fa7e-5114-41aa-8973-0546c397179f ] Request (ServersListShow298Test:tearDownClass): 200 GET http://10.180.1.21/compute/v2.1/servers/95f3eafa-1f2e-4980-9a33-d115bd946af5 0.118s
2025-04-16 15:29:00.140 71207 INFO tempest.lib.common.rest_client [req-878b04f8-f3e5-4775-9074-7c37f1b6ea82 req-878b04f8-f3e5-4775-9074-7c37f1b6ea82 ] Request (ServerActionsTestJSON:setUpClass): 200 GET http://10.180.1.21/compute/v2.1/servers/f66bd22b-1de2-43cc-b2a5-154fedcd3692 0.154s
2025-04-16 15:29:00.179 71199 INFO tempest.lib.common.rest_client [req-9aee0f22-6cce-4542-a5b3-958886520bfa req-9aee0f22-6cce-4542-a5b3-958886520bfa ] Request (FloatingIPsAssociationNegativeTestJSON:setUpClass): 200 GET http://10.180.1.21/compute/v2.1/servers/f58ffc5d-fd70-490d-8389-6319b1b27eff 0.126s
2025-04-16 15:29:00.195 71225 INFO tempest.lib.common.rest_client [req-f275ae63-dba0-4bdb-99b1-ba4a9484b6d3 req-f275ae63-dba0-4bdb-99b1-ba4a9484b6d3 ] Request (ServersAdminTestJSON:setUpClass): 200 GET http://10.180.1.21/compute/v2.1/servers/b206dfbe-342b-4b0a-9f43-b603205d8db7 0.142s
2025-04-16 15:29:00.209 71225 INFO tempest.common.waiters [-] State transition "BUILD/None" ==> "BUILD/networking" after 56 second wait
2025-04-16 15:29:00.245 71219 INFO tempest.lib.common.rest_client [req-8a70dcc1-21bb-4f2e-94ac-9d3f8d5b1885 req-8a70dcc1-21bb-4f2e-94ac-9d3f8d5b1885 ] Request (MigrationsAdminTest:test_resize_server_revert_deleted_flavor): 200 GET http://10.180.1.21/compute/v2.1/servers/657f22ba-cbc4-4bc2-a1cd-9cf7b9b912ed 0.063s
2025-04-16 15:29:00.253 71217 INFO tempest.lib.common.rest_client [req-e6d87596-a30c-480a-b681-caa03fd3645a req-e6d87596-a30c-480a-b681-caa03fd3645a ] Request (InstanceActionsNegativeTestJSON:tearDownClass): 200 GET http://10.180.1.21/compute/v2.1/servers/259f5513-b60b-4dd9-97ce-829ca51896d4 0.142s
2025-04-16 15:29:00.321 71247 INFO tempest.lib.common.rest_client [req-2455b82c-eb13-4486-8287-9d525f477361 req-2455b82c-eb13-4486-8287-9d525f477361 ] Request (VolumesAssistedSnapshotsTest:tearDownClass): 200 GET http://10.180.1.21/compute/v2.1/servers/d42d1d63-4a32-4ce8-adef-ae483488c5aa 0.072s
2025-04-16 15:29:00.385 71224 INFO tempest.lib.common.rest_client [req-f6a26297-7955-4f12-8e03-a67817975dff req-f6a26297-7955-4f12-8e03-a67817975dff ] Request (ImagesOneServerNegativeTestJSON:_run_cleanups): 200 GET http://10.180.1.21/compute/v2.1/servers/2b45d5ab-8870-4d3c-b645-d7587fb9466f 0.068s
2025-04-16 15:29:00.403 71197 INFO tempest.lib.common.rest_client [req-ac857024-5a09-4529-ba99-6a021f2615d6 req-ac857024-5a09-4529-ba99-6a021f2615d6 ] Request (MultipleCreateTestJSON:test_multiple_create): 200 GET http://10.180.1.21/compute/v2.1/servers/c2741fec-4444-45f0-977f-6bdb23ab33cf 0.068s
2025-04-16 15:29:00.451 71221 INFO tempest.lib.common.rest_client [req-5261a53b-3f4c-4eee-b3b8-8e95d2364645 req-5261a53b-3f4c-4eee-b3b8-8e95d2364645 ] Request (TenantUsagesTestJSON:setUpClass): 200 GET http://10.180.1.21/compute/v2.1/servers/73ca3686-48f5-4044-8dc4-676d48e964a8 0.061s
2025-04-16 15:29:00.504 71233 INFO tempest.lib.common.rest_client [req-58faf004-9fcd-42e4-b89f-eec41bbf8cb7 req-58faf004-9fcd-42e4-b89f-eec41bbf8cb7 ] Request (AttachInterfacesTestJSON:test_create_list_show_delete_interfaces_by_fixed_ip): 200 GET http://10.180.1.21/compute/v2.1/servers/dc670653-4db2-4482-9b29-b3d9853a3593 0.060s
2025-04-16 15:29:00.538 71229 WARNING tempest.lib.common.ssh [-] Failed to establish authenticated ssh connection to cirros@10.180.180.173 ([Errno None] Unable to connect to port 22 on 10.180.180.173). Number attempts: 2. Retry after 3 seconds.: paramiko.ssh_exception.NoValidConnectionsError: [Errno None] Unable to connect to port 22 on 10.180.180.173
2025-04-16 15:29:00.562 71193 INFO tempest.lib.common.rest_client [req-c0fae26d-f4da-472e-a776-ef75c8abba41 req-c0fae26d-f4da-472e-a776-ef75c8abba41 ] Request (ServersNegativeTestMultiTenantJSON:tearDownClass): 200 PUT http://10.180.1.21:9696/networking/v2.0/routers/85221bfb-78ce-46f1-9d86-82c0afb4aa03/remove_router_interface 1.119s
2025-04-16 15:29:00.563 71231 INFO tempest.lib.common.rest_client [req-18553426-e8da-4bec-950d-4059212d6c10 req-18553426-e8da-4bec-950d-4059212d6c10 ] Request (ImagesTestJSON:test_create_server_from_snapshot): 200 GET http://10.180.1.21/compute/v2.1/servers/1d74930b-c52f-4986-a86e-7e30fc5a8185 0.057s
2025-04-16 15:29:00.612 71205 INFO tempest.lib.common.rest_client [req-e50a95da-2b7a-4c30-96df-d62770d112fe req-e50a95da-2b7a-4c30-96df-d62770d112fe ] Request (InstanceActionsTestJSON:setUpClass): 200 GET http://10.180.1.21/compute/v2.1/servers/3eb38467-b7d0-45bb-ab62-098e3e381853 0.058s
2025-04-16 15:29:00.660 71209 INFO tempest.lib.common.rest_client [req-44d2f77c-d3ff-4e4b-9402-31ad91f58780 req-44d2f77c-d3ff-4e4b-9402-31ad91f58780 ] Request (ServersTestFqdnHostnames:test_create_server_with_fqdn_name): 200 GET http://10.180.1.21/compute/v2.1/servers/2b60c927-0466-46f5-8695-78c19010f1c9 0.057s
2025-04-16 15:29:00.717 71235 INFO tempest.lib.common.rest_client [req-ffd5238c-ded0-4ed1-8c08-5c7b35099b6f req-ffd5238c-ded0-4ed1-8c08-5c7b35099b6f ] Request (ServerShowV247Test:test_update_rebuild_list_server): 200 GET http://10.180.1.21/compute/v2.1/servers/76832b17-5bf1-4966-b42f-ad77fb4af035 0.063s
2025-04-16 15:29:00.774 71249 INFO tempest.lib.common.rest_client [req-102bd736-15cd-497f-9911-0c19fa1119bb req-102bd736-15cd-497f-9911-0c19fa1119bb ] Request (ImagesOneServerTestJSON:test_create_delete_image): 200 GET http://10.180.1.21/compute/v2.1/images/4f0637d3-d49c-43de-870e-ceea523aadbc 0.037s
2025-04-16 15:29:00.776 71243 INFO tempest.lib.common.rest_client [req-a1e24a60-c5e5-4293-a682-c913ae39992a req-a1e24a60-c5e5-4293-a682-c913ae39992a ] Request (DeleteServersAdminTestJSON:test_delete_server_while_in_error_state): 200 GET http://10.180.1.21/compute/v2.1/servers/f17585da-df68-4dc5-b7f5-2bd51aa0c645 0.072s
2025-04-16 15:29:00.865 71213 INFO tempest.lib.common.rest_client [req-6d759025-febf-4733-ae83-46ad6f493544 req-6d759025-febf-4733-ae83-46ad6f493544 ] Request (ListImageFiltersTestJSON:setUpClass): 200 GET http://10.180.1.21/compute/v2.1/servers/dc8a589e-3d62-4aab-9b44-85cb242b6a7c 0.067s
2025-04-16 15:29:00.909 71191 INFO tempest.lib.common.rest_client [req-7b59cb73-1567-42cd-acb5-664dfd43dfee req-7b59cb73-1567-42cd-acb5-664dfd43dfee ] Request (ServerDiskConfigTestJSON:test_rebuild_server_with_manual_disk_config): 200 GET http://10.180.1.21/compute/v2.1/servers/9c9d1dea-cafa-4e05-8f35-7a5eda4037db 0.059s
2025-04-16 15:29:00.941 71193 INFO tempest.lib.common.rest_client [req-0e363710-b66e-466a-afbf-3045903e31f7 req-0e363710-b66e-466a-afbf-3045903e31f7 ] Request (ServersNegativeTestMultiTenantJSON:tearDownClass): 204 DELETE http://10.180.1.21:9696/networking/v2.0/routers/85221bfb-78ce-46f1-9d86-82c0afb4aa03 0.378s
2025-04-16 15:29:01.003 71251 INFO tempest.lib.common.rest_client [req-f3f56f71-3438-4314-86d3-64e03bde94b5 req-f3f56f71-3438-4314-86d3-64e03bde94b5 ] Request (ServerAddressesTestJSON:tearDownClass): 200 GET http://10.180.1.21/compute/v2.1/servers/b0535c7e-465f-4e80-9b9b-b455b9c3a98c 0.085s
2025-04-16 15:29:01.060 71245 INFO tempest.lib.common.rest_client [req-1a7f9277-c6fd-418e-9ff4-140bb6c8a085 req-1a7f9277-c6fd-418e-9ff4-140bb6c8a085 ] Request (DeleteServersTestJSON:test_delete_server_while_in_attached_volume): 200 GET http://10.180.1.21/compute/v2.1/servers/a2fc32ff-5e81-4cd9-ad18-0d70707b1ab7 0.088s
2025-04-16 15:29:01.064 71201 INFO tempest.lib.common.rest_client [req-b675697e-5ef7-4a05-9afa-d01b91712654 req-b675697e-5ef7-4a05-9afa-d01b91712654 ] Request (ServersTestMultiNic:test_verify_duplicate_network_nics): 200 GET http://10.180.1.21/compute/v2.1/servers/c10d4e2a-98bb-4195-841e-e22b89a22496 0.152s
2025-04-16 15:29:01.115 71211 INFO tempest.lib.common.rest_client [req-1ae3b395-f0b1-4b66-ba5f-d5d490ed7aaa req-1ae3b395-f0b1-4b66-ba5f-d5d490ed7aaa ] Request (SecurityGroupsTestJSON:test_server_security_groups): 200 GET http://10.180.1.21/compute/v2.1/servers/9e03ec3e-a5fe-47e0-9fee-3d86fa604b12 0.084s
2025-04-16 15:29:01.126 71193 INFO tempest.lib.common.rest_client [req-41e284ac-1d07-40bb-a6c3-e5eddd207d9e req-41e284ac-1d07-40bb-a6c3-e5eddd207d9e ] Request (ServersNegativeTestMultiTenantJSON:tearDownClass): 204 DELETE http://10.180.1.21:9696/networking/v2.0/subnets/774d5d57-5901-4542-b697-9896b8022da7 0.184s
2025-04-16 15:29:01.137 71253 INFO tempest.lib.common.rest_client [req-e9088d0c-45ce-4c2b-b048-71da6e59d22a req-e9088d0c-45ce-4c2b-b048-71da6e59d22a ] Request (FloatingIPsAssociationTestJSON:tearDownClass): 200 GET http://10.180.1.21/compute/v2.1/servers/acd86542-d115-4a88-b6e5-3133e456b45b 0.152s
2025-04-16 15:29:01.177 71195 INFO tempest.lib.common.rest_client [req-ed8c6dc4-7fbf-4b0e-83e6-4c0769690b88 req-ed8c6dc4-7fbf-4b0e-83e6-4c0769690b88 ] Request (ServersAdminNegativeTestJSON:setUpClass): 200 GET http://10.180.1.21/compute/v2.1/servers/3aab379f-893b-4fc8-a5bf-1189ae26ca2f 0.121s
2025-04-16 15:29:01.213 71227 INFO tempest.lib.common.rest_client [req-17dfae04-70c3-421b-9b50-311b46b4b44b req-17dfae04-70c3-421b-9b50-311b46b4b44b ] Request (ServersListShow298Test:tearDownClass): 200 GET http://10.180.1.21/compute/v2.1/servers/95f3eafa-1f2e-4980-9a33-d115bd946af5 0.077s
2025-04-16 15:29:01.258 71199 INFO tempest.lib.common.rest_client [req-45c4c3b3-a7c8-4aa1-b951-1363166fcfcd req-45c4c3b3-a7c8-4aa1-b951-1363166fcfcd ] Request (FloatingIPsAssociationNegativeTestJSON:setUpClass): 200 GET http://10.180.1.21/compute/v2.1/servers/f58ffc5d-fd70-490d-8389-6319b1b27eff 0.070s
2025-04-16 15:29:01.297 71207 INFO tempest.lib.common.rest_client [req-bcc0fd29-8f23-42ea-8b5e-ca045a6b9be7 req-bcc0fd29-8f23-42ea-8b5e-ca045a6b9be7 ] Request (ServerActionsTestJSON:setUpClass): 200 GET http://10.180.1.21/compute/v2.1/servers/f66bd22b-1de2-43cc-b2a5-154fedcd3692 0.147s
2025-04-16 15:29:01.351 71219 INFO tempest.lib.common.rest_client [req-cda08dfb-30d2-41d1-9325-ddede435a5e9 req-cda08dfb-30d2-41d1-9325-ddede435a5e9 ] Request (MigrationsAdminTest:test_resize_server_revert_deleted_flavor): 200 GET http://10.180.1.21/compute/v2.1/servers/657f22ba-cbc4-4bc2-a1cd-9cf7b9b912ed 0.097s
2025-04-16 15:29:01.356 71225 INFO tempest.lib.common.rest_client [req-59b91c08-5231-4180-99e5-089cca3b85da req-59b91c08-5231-4180-99e5-089cca3b85da ] Request (ServersAdminTestJSON:setUpClass): 200 GET http://10.180.1.21/compute/v2.1/servers/b206dfbe-342b-4b0a-9f43-b603205d8db7 0.146s
2025-04-16 15:29:01.364 71225 INFO tempest.common.waiters [-] State transition "BUILD/networking" ==> "BUILD/block_device_mapping" after 57 second wait
2025-04-16 15:29:01.407 71217 INFO tempest.lib.common.rest_client [req-89adb418-f4c0-445a-b1d6-7e93eb22732b req-89adb418-f4c0-445a-b1d6-7e93eb22732b ] Request (InstanceActionsNegativeTestJSON:tearDownClass): 200 GET http://10.180.1.21/compute/v2.1/servers/259f5513-b60b-4dd9-97ce-829ca51896d4 0.145s
2025-04-16 15:29:01.430 71193 INFO tempest.lib.common.rest_client [req-50eac3b4-9ffe-4da1-b6ea-263287fde602 req-50eac3b4-9ffe-4da1-b6ea-263287fde602 ] Request (ServersNegativeTestMultiTenantJSON:tearDownClass): 204 DELETE http://10.180.1.21:9696/networking/v2.0/networks/40267756-93d2-4ef6-a8d6-849cda421bf4 0.303s
2025-04-16 15:29:01.435 71247 INFO tempest.lib.common.rest_client [req-f81657e0-11b3-4a1d-aa86-971c894b4fec req-f81657e0-11b3-4a1d-aa86-971c894b4fec ] Request (VolumesAssistedSnapshotsTest:tearDownClass): 200 GET http://10.180.1.21/compute/v2.1/servers/d42d1d63-4a32-4ce8-adef-ae483488c5aa 0.104s
2025-04-16 15:29:01.483 71224 INFO tempest.lib.common.rest_client [req-d59e76c1-2538-413a-a045-867edac074ed req-d59e76c1-2538-413a-a045-867edac074ed ] Request (ImagesOneServerNegativeTestJSON:_run_cleanups): 200 GET http://10.180.1.21/compute/v2.1/servers/2b45d5ab-8870-4d3c-b645-d7587fb9466f 0.085s
2025-04-16 15:29:01.490 71197 INFO tempest.lib.common.rest_client [req-835e2918-f3bc-42f4-928e-3c955afe9df1 req-835e2918-f3bc-42f4-928e-3c955afe9df1 ] Request (MultipleCreateTestJSON:test_multiple_create): 200 GET http://10.180.1.21/compute/v2.1/servers/c2741fec-4444-45f0-977f-6bdb23ab33cf 0.078s
2025-04-16 15:29:01.515 71193 INFO tempest.lib.common.rest_client [req-ef14790a-cbb4-4c38-ac91-4de444e30ab7 req-ef14790a-cbb4-4c38-ac91-4de444e30ab7 ] Request (ServersNegativeTestMultiTenantJSON:tearDownClass): 204 DELETE http://10.180.1.21/identity/v3/users/9d7145ac22104ef3a746327a1aaf38a0 0.084s
2025-04-16 15:29:01.533 71221 INFO tempest.lib.common.rest_client [req-42fc4808-9fe2-42ae-9bb7-3e7368ce1614 req-42fc4808-9fe2-42ae-9bb7-3e7368ce1614 ] Request (TenantUsagesTestJSON:setUpClass): 200 GET http://10.180.1.21/compute/v2.1/servers/73ca3686-48f5-4044-8dc4-676d48e964a8 0.073s
2025-04-16 15:29:01.565 71233 INFO tempest.lib.common.rest_client [req-8245333c-ec65-4595-a0d9-6022319615b5 req-8245333c-ec65-4595-a0d9-6022319615b5 ] Request (AttachInterfacesTestJSON:test_create_list_show_delete_interfaces_by_fixed_ip): 200 GET http://10.180.1.21/compute/v2.1/servers/dc670653-4db2-4482-9b29-b3d9853a3593 0.050s
2025-04-16 15:29:01.610 71193 INFO tempest.lib.common.rest_client [req-ad7aac08-2003-4f71-92ef-ca729505e6c4 req-ad7aac08-2003-4f71-92ef-ca729505e6c4 ] Request (ServersNegativeTestMultiTenantJSON:tearDownClass): 204 DELETE http://10.180.1.21/identity/v3/users/75089e41beb64496882047cdbb29c497 0.095s
2025-04-16 15:29:01.610 71193 INFO tempest.lib.common.dynamic_creds [-] Deleting project and security group for project: b69e3eaa79b44896bcf732abf23b200b
2025-04-16 15:29:01.624 71231 INFO tempest.lib.common.rest_client [req-8400ba76-d944-414b-9bbb-f0a70a1b945b req-8400ba76-d944-414b-9bbb-f0a70a1b945b ] Request (ImagesTestJSON:test_create_server_from_snapshot): 200 GET http://10.180.1.21/compute/v2.1/servers/1d74930b-c52f-4986-a86e-7e30fc5a8185 0.050s
2025-04-16 15:29:01.637 71193 INFO tempest.lib.common.rest_client [req-1c96d1f0-c24b-44a3-89e4-1d446323e5b9 req-1c96d1f0-c24b-44a3-89e4-1d446323e5b9 ] Request (ServersNegativeTestMultiTenantJSON:tearDownClass): 200 GET http://10.180.1.21:9696/networking/v2.0/security-groups?tenant_id=b69e3eaa79b44896bcf732abf23b200b&name=default 0.026s
2025-04-16 15:29:01.681 71205 INFO tempest.lib.common.rest_client [req-73b53270-b83b-49b6-bcef-9000567a597a req-73b53270-b83b-49b6-bcef-9000567a597a ] Request (InstanceActionsTestJSON:setUpClass): 200 GET http://10.180.1.21/compute/v2.1/servers/3eb38467-b7d0-45bb-ab62-098e3e381853 0.059s
2025-04-16 15:29:01.724 71209 INFO tempest.lib.common.rest_client [req-051355fe-77b2-4616-8cce-608ba59083ca req-051355fe-77b2-4616-8cce-608ba59083ca ] Request (ServersTestFqdnHostnames:test_create_server_with_fqdn_name): 200 GET http://10.180.1.21/compute/v2.1/servers/2b60c927-0466-46f5-8695-78c19010f1c9 0.052s
2025-04-16 15:29:01.733 71193 INFO tempest.lib.common.rest_client [req-921ccfcf-b6f9-45f6-9a74-14ae9ea5f112 req-921ccfcf-b6f9-45f6-9a74-14ae9ea5f112 ] Request (ServersNegativeTestMultiTenantJSON:tearDownClass): 204 DELETE http://10.180.1.21:9696/networking/v2.0/security-groups/6a80f6c0-ea73-4267-945e-f934b72dcf3a 0.095s
2025-04-16 15:29:01.781 71235 INFO tempest.lib.common.rest_client [req-9413ea78-ef98-4cb7-bdf3-f03b9a41facb req-9413ea78-ef98-4cb7-bdf3-f03b9a41facb ] Request (ServerShowV247Test:test_update_rebuild_list_server): 200 GET http://10.180.1.21/compute/v2.1/servers/76832b17-5bf1-4966-b42f-ad77fb4af035 0.054s
2025-04-16 15:29:01.812 71193 INFO tempest.lib.common.rest_client [req-5426dc08-1255-4174-bece-44749080d12e req-5426dc08-1255-4174-bece-44749080d12e ] Request (ServersNegativeTestMultiTenantJSON:tearDownClass): 204 DELETE http://10.180.1.21/identity/v3/projects/b69e3eaa79b44896bcf732abf23b200b 0.079s
2025-04-16 15:29:01.812 71193 INFO tempest.lib.common.dynamic_creds [-] Deleting project and security group for project: 232aaa6a5afe425182bd80851bc5d581
2025-04-16 15:29:01.815 71249 INFO tempest.lib.common.rest_client [req-5331fc32-2c96-4b8d-ba22-c581a6a98419 req-5331fc32-2c96-4b8d-ba22-c581a6a98419 ] Request (ImagesOneServerTestJSON:test_create_delete_image): 200 GET http://10.180.1.21/compute/v2.1/images/4f0637d3-d49c-43de-870e-ceea523aadbc 0.036s
2025-04-16 15:29:01.835 71193 INFO tempest.lib.common.rest_client [req-acc74251-609f-4e2a-912f-550a0508bdd3 req-acc74251-609f-4e2a-912f-550a0508bdd3 ] Request (ServersNegativeTestMultiTenantJSON:tearDownClass): 200 GET http://10.180.1.21:9696/networking/v2.0/security-groups?tenant_id=232aaa6a5afe425182bd80851bc5d581&name=default 0.023s
2025-04-16 15:29:01.840 71243 INFO tempest.lib.common.rest_client [req-9bc9049b-5fab-4509-958d-e0d032e16e11 req-9bc9049b-5fab-4509-958d-e0d032e16e11 ] Request (DeleteServersAdminTestJSON:test_delete_server_while_in_error_state): 200 GET http://10.180.1.21/compute/v2.1/servers/f17585da-df68-4dc5-b7f5-2bd51aa0c645 0.056s
2025-04-16 15:29:01.901 71193 INFO tempest.lib.common.rest_client [req-c2706fe3-68d3-4d35-af24-f5d6f0aab95c req-c2706fe3-68d3-4d35-af24-f5d6f0aab95c ] Request (ServersNegativeTestMultiTenantJSON:tearDownClass): 204 DELETE http://10.180.1.21:9696/networking/v2.0/security-groups/5c46720a-572c-4388-baf1-8704bec70eef 0.065s
2025-04-16 15:29:01.930 71213 INFO tempest.lib.common.rest_client [req-1756adf2-16e7-4357-b227-03fd0dedfe50 req-1756adf2-16e7-4357-b227-03fd0dedfe50 ] Request (ListImageFiltersTestJSON:setUpClass): 200 GET http://10.180.1.21/compute/v2.1/servers/dc8a589e-3d62-4aab-9b44-85cb242b6a7c 0.055s
2025-04-16 15:29:01.974 71191 INFO tempest.lib.common.rest_client [req-c6b54a9a-5e5c-4a58-b236-40ba2d74689a req-c6b54a9a-5e5c-4a58-b236-40ba2d74689a ] Request (ServerDiskConfigTestJSON:test_rebuild_server_with_manual_disk_config): 200 GET http://10.180.1.21/compute/v2.1/servers/9c9d1dea-cafa-4e05-8f35-7a5eda4037db 0.055s
2025-04-16 15:29:01.988 71193 INFO tempest.lib.common.rest_client [req-d5d6b571-d8f1-4a40-ab0a-ccbe2c1c89cd req-d5d6b571-d8f1-4a40-ab0a-ccbe2c1c89cd ] Request (ServersNegativeTestMultiTenantJSON:tearDownClass): 204 DELETE http://10.180.1.21/identity/v3/projects/232aaa6a5afe425182bd80851bc5d581 0.086s
2025-04-16 15:29:02.074 71251 INFO tempest.lib.common.rest_client [req-03ba389f-08a6-426b-bf37-0713bcfa5164 req-03ba389f-08a6-426b-bf37-0713bcfa5164 ] Request (ServerAddressesTestJSON:tearDownClass): 200 GET http://10.180.1.21/compute/v2.1/servers/b0535c7e-465f-4e80-9b9b-b455b9c3a98c 0.061s
2025-04-16 15:29:02.124 71245 INFO tempest.lib.common.rest_client [req-8c03288e-b68c-42b0-87bb-40a0f135f8ff req-8c03288e-b68c-42b0-87bb-40a0f135f8ff ] Request (DeleteServersTestJSON:test_delete_server_while_in_attached_volume): 200 GET http://10.180.1.21/compute/v2.1/servers/a2fc32ff-5e81-4cd9-ad18-0d70707b1ab7 0.055s
2025-04-16 15:29:02.186 71201 INFO tempest.lib.common.rest_client [req-39c5d47e-e3eb-4620-9bc1-cc2e4d477f35 req-39c5d47e-e3eb-4620-9bc1-cc2e4d477f35 ] Request (ServersTestMultiNic:test_verify_duplicate_network_nics): 200 GET http://10.180.1.21/compute/v2.1/servers/c10d4e2a-98bb-4195-841e-e22b89a22496 0.114s
2025-04-16 15:29:02.191 71211 INFO tempest.lib.common.rest_client [req-9c09645e-d645-4d5a-b14b-ec16ee24b486 req-9c09645e-d645-4d5a-b14b-ec16ee24b486 ] Request (SecurityGroupsTestJSON:test_server_security_groups): 200 GET http://10.180.1.21/compute/v2.1/servers/9e03ec3e-a5fe-47e0-9fee-3d86fa604b12 0.065s
2025-04-16 15:29:02.257 71253 INFO tempest.lib.common.rest_client [req-1a72d099-fb81-4af4-9017-5bb0dd6f54eb req-1a72d099-fb81-4af4-9017-5bb0dd6f54eb ] Request (FloatingIPsAssociationTestJSON:tearDownClass): 200 GET http://10.180.1.21/compute/v2.1/servers/acd86542-d115-4a88-b6e5-3133e456b45b 0.112s
2025-04-16 15:29:02.274 71227 INFO tempest.lib.common.rest_client [req-eb63389f-f591-4176-aef4-0e7ac92ec7f7 req-eb63389f-f591-4176-aef4-0e7ac92ec7f7 ] Request (ServersListShow298Test:tearDownClass): 404 GET http://10.180.1.21/compute/v2.1/servers/95f3eafa-1f2e-4980-9a33-d115bd946af5 0.047s
2025-04-16 15:29:02.274 71195 INFO tempest.lib.common.rest_client [req-fe886974-777a-488c-b549-7731ee892ec1 req-fe886974-777a-488c-b549-7731ee892ec1 ] Request (ServersAdminNegativeTestJSON:setUpClass): 200 GET http://10.180.1.21/compute/v2.1/servers/3aab379f-893b-4fc8-a5bf-1189ae26ca2f 0.085s
2025-04-16 15:29:02.328 71199 INFO tempest.lib.common.rest_client [req-7087b2a6-7037-4e5b-a1b5-44eec308e53d req-7087b2a6-7037-4e5b-a1b5-44eec308e53d ] Request (FloatingIPsAssociationNegativeTestJSON:setUpClass): 200 GET http://10.180.1.21/compute/v2.1/servers/f58ffc5d-fd70-490d-8389-6319b1b27eff 0.056s
2025-04-16 15:29:02.386 71227 INFO tempest.lib.common.rest_client [req-7c886aef-2783-4e46-9c90-14ff3b122d3c req-7c886aef-2783-4e46-9c90-14ff3b122d3c ] Request (ServersListShow298Test:tearDownClass): 204 DELETE http://10.180.1.21/identity/v3/users/3e534b2e46674ab19a0875e55c04efa9 0.111s
2025-04-16 15:29:02.386 71227 INFO tempest.lib.common.dynamic_creds [-] Deleting project and security group for project: af90dafc60d74209bedda32cdaa6099e
2025-04-16 15:29:02.397 71207 INFO tempest.lib.common.rest_client [req-880102f0-3e52-4e08-9f45-7093e4812c0d req-880102f0-3e52-4e08-9f45-7093e4812c0d ] Request (ServerActionsTestJSON:setUpClass): 200 GET http://10.180.1.21/compute/v2.1/servers/f66bd22b-1de2-43cc-b2a5-154fedcd3692 0.092s
2025-04-16 15:29:02.413 71219 INFO tempest.lib.common.rest_client [req-3e196482-2214-4eb8-9e2b-a5060a3b1388 req-3e196482-2214-4eb8-9e2b-a5060a3b1388 ] Request (MigrationsAdminTest:test_resize_server_revert_deleted_flavor): 200 GET http://10.180.1.21/compute/v2.1/servers/657f22ba-cbc4-4bc2-a1cd-9cf7b9b912ed 0.052s
2025-04-16 15:29:02.445 71227 INFO tempest.lib.common.rest_client [req-3d035959-4de6-4949-9f23-3a7d4df0a4a9 req-3d035959-4de6-4949-9f23-3a7d4df0a4a9 ] Request (ServersListShow298Test:tearDownClass): 201 POST http://10.180.1.21/identity/v3/auth/tokens 0.059s
2025-04-16 15:29:02.488 71217 INFO tempest.lib.common.rest_client [req-4d54e17b-7cb4-4e25-bee7-f6cab6d4c024 req-4d54e17b-7cb4-4e25-bee7-f6cab6d4c024 ] Request (InstanceActionsNegativeTestJSON:tearDownClass): 200 GET http://10.180.1.21/compute/v2.1/servers/259f5513-b60b-4dd9-97ce-829ca51896d4 0.073s
2025-04-16 15:29:02.499 71225 INFO tempest.lib.common.rest_client [req-aacb1cec-42a8-4181-a80c-4f7c49a8ed7b req-aacb1cec-42a8-4181-a80c-4f7c49a8ed7b ] Request (ServersAdminTestJSON:setUpClass): 200 GET http://10.180.1.21/compute/v2.1/servers/b206dfbe-342b-4b0a-9f43-b603205d8db7 0.133s
2025-04-16 15:29:02.506 71225 INFO tempest.common.waiters [-] State transition "BUILD/block_device_mapping" ==> "BUILD/spawning" after 58 second wait
2025-04-16 15:29:02.554 71247 INFO tempest.lib.common.rest_client [req-d6bca201-358e-4c7f-be51-a87bef8d67b6 req-d6bca201-358e-4c7f-be51-a87bef8d67b6 ] Request (VolumesAssistedSnapshotsTest:tearDownClass): 200 GET http://10.180.1.21/compute/v2.1/servers/d42d1d63-4a32-4ce8-adef-ae483488c5aa 0.110s
2025-04-16 15:29:02.558 71224 INFO tempest.lib.common.rest_client [req-0972ce8e-5fad-44ae-bf55-18328585f48a req-0972ce8e-5fad-44ae-bf55-18328585f48a ] Request (ImagesOneServerNegativeTestJSON:_run_cleanups): 200 GET http://10.180.1.21/compute/v2.1/servers/2b45d5ab-8870-4d3c-b645-d7587fb9466f 0.066s
2025-04-16 15:29:02.612 71221 INFO tempest.lib.common.rest_client [req-b7ebf4a9-30ff-4d63-9b6e-5c3f0e7087a8 req-b7ebf4a9-30ff-4d63-9b6e-5c3f0e7087a8 ] Request (TenantUsagesTestJSON:setUpClass): 200 GET http://10.180.1.21/compute/v2.1/servers/73ca3686-48f5-4044-8dc4-676d48e964a8 0.071s
2025-04-16 15:29:02.614 71197 INFO tempest.lib.common.rest_client [req-641e3915-60fc-46b4-8cc7-d41bb66e57d8 req-641e3915-60fc-46b4-8cc7-d41bb66e57d8 ] Request (MultipleCreateTestJSON:test_multiple_create): 200 GET http://10.180.1.21/compute/v2.1/servers/c2741fec-4444-45f0-977f-6bdb23ab33cf 0.117s
2025-04-16 15:29:02.646 71227 INFO tempest.lib.common.rest_client [req-8bb1a2a3-60ec-4be8-acfe-bab5b6195bde req-8bb1a2a3-60ec-4be8-acfe-bab5b6195bde ] Request (ServersListShow298Test:tearDownClass): 200 GET http://10.180.1.21:9696/networking/v2.0/security-groups?tenant_id=af90dafc60d74209bedda32cdaa6099e&name=default 0.200s
2025-04-16 15:29:02.663 71233 INFO tempest.lib.common.rest_client [req-82e0b14f-4bad-4996-a922-d520415ca40c req-82e0b14f-4bad-4996-a922-d520415ca40c ] Request (AttachInterfacesTestJSON:test_create_list_show_delete_interfaces_by_fixed_ip): 200 GET http://10.180.1.21/compute/v2.1/servers/dc670653-4db2-4482-9b29-b3d9853a3593 0.090s
2025-04-16 15:29:02.687 71231 INFO tempest.lib.common.rest_client [req-7d873103-17a5-4560-81a2-da3063eede11 req-7d873103-17a5-4560-81a2-da3063eede11 ] Request (ImagesTestJSON:test_create_server_from_snapshot): 200 GET http://10.180.1.21/compute/v2.1/servers/1d74930b-c52f-4986-a86e-7e30fc5a8185 0.055s
2025-04-16 15:29:02.733 71227 INFO tempest.lib.common.rest_client [req-c5914da1-85ff-403f-93ca-b6f31c8b4cc0 req-c5914da1-85ff-403f-93ca-b6f31c8b4cc0 ] Request (ServersListShow298Test:tearDownClass): 204 DELETE http://10.180.1.21:9696/networking/v2.0/security-groups/fcff8a5d-8ebe-4ac8-8eda-29e7be5d36a9 0.086s
2025-04-16 15:29:02.744 71205 INFO tempest.lib.common.rest_client [req-fac280d1-5b85-4139-ae0d-e96010776971 req-fac280d1-5b85-4139-ae0d-e96010776971 ] Request (InstanceActionsTestJSON:setUpClass): 200 GET http://10.180.1.21/compute/v2.1/servers/3eb38467-b7d0-45bb-ab62-098e3e381853 0.051s
2025-04-16 15:29:02.782 71209 INFO tempest.lib.common.rest_client [req-ad1b52bb-b799-4f4b-97d1-d53f5aec2bf1 req-ad1b52bb-b799-4f4b-97d1-d53f5aec2bf1 ] Request (ServersTestFqdnHostnames:test_create_server_with_fqdn_name): 200 GET http://10.180.1.21/compute/v2.1/servers/2b60c927-0466-46f5-8695-78c19010f1c9 0.051s
2025-04-16 15:29:02.786 71239 WARNING tempest.lib.common.ssh [-] Failed to establish authenticated ssh connection to cirros@10.180.180.199 ([Errno None] Unable to connect to port 22 on 10.180.180.199). Number attempts: 7. Retry after 8 seconds.: paramiko.ssh_exception.NoValidConnectionsError: [Errno None] Unable to connect to port 22 on 10.180.180.199
