2025-04-16 15:29:28.943 71249 INFO tempest.lib.common.rest_client [req-15d86107-0b42-422f-8f18-2e26ebf94179 req-15d86107-0b42-422f-8f18-2e26ebf94179 ] Request (ImagesOneServerTestJSON:test_create_image_specify_multibyte_character_image_name): 200 GET http://10.180.1.21/compute/v2.1/servers/4d388e5d-4fb7-429f-bfe1-ad7ee7baacd7 0.198s
2025-04-16 15:29:28.949 71243 INFO tempest.lib.common.rest_client [req-a9d2f6fb-d93f-4317-90a3-f643d5be890e req-a9d2f6fb-d93f-4317-90a3-f643d5be890e ] Request (ImagesMetadataTestJSON:setUpClass): 201 POST http://10.180.1.21/image/v2/images 0.402s
2025-04-16 15:29:28.949 71245 INFO tempest.lib.common.rest_client [req-501da05e-4f96-4667-8a25-4b431c3a1225 req-501da05e-4f96-4667-8a25-4b431c3a1225 ] Request (DeleteServersTestJSON:test_delete_server_while_in_attached_volume): 200 GET http://10.180.1.21/compute/v2.1/servers/a2fc32ff-5e81-4cd9-ad18-0d70707b1ab7 0.128s
2025-04-16 15:29:29.078 71191 INFO tempest.lib.common.rest_client [req-55e1baef-0eef-4da4-825f-9e9aa73234aa req-55e1baef-0eef-4da4-825f-9e9aa73234aa ] Request (ServerDiskConfigTestJSON:test_rebuild_server_with_manual_disk_config): 200 GET http://10.180.1.21/compute/v2.1/servers/9c9d1dea-cafa-4e05-8f35-7a5eda4037db 0.058s
2025-04-16 15:29:29.138 71239 INFO tempest.lib.common.rest_client [req-f26fe4ba-c184-47fb-8075-6fb3bf7bb728 req-f26fe4ba-c184-47fb-8075-6fb3bf7bb728 ] Request (AttachVolumeNegativeTest:test_attach_attached_volume_to_different_server): 200 GET http://10.180.1.21/volume/v3/volumes/a06a6586-8470-4b78-8c0b-7423c749b4b3 0.033s
2025-04-16 15:29:29.168 71199 INFO tempest.lib.common.rest_client [req-57554ba5-f1c9-4166-b073-8a19eeedefb0 req-57554ba5-f1c9-4166-b073-8a19eeedefb0 ] Request (FloatingIPsAssociationNegativeTestJSON:setUpClass): 200 GET http://10.180.1.21/compute/v2.1/servers/f58ffc5d-fd70-490d-8389-6319b1b27eff 0.057s
2025-04-16 15:29:29.229 71195 INFO tempest.lib.common.rest_client [req-68a3d5b5-788b-4024-aa0c-1e46212ea214 req-68a3d5b5-788b-4024-aa0c-1e46212ea214 ] Request (ServersAdminNegativeTestJSON:setUpClass): 200 GET http://10.180.1.21/compute/v2.1/servers/3aab379f-893b-4fc8-a5bf-1189ae26ca2f 0.054s
2025-04-16 15:29:29.331 71227 INFO tempest.lib.common.rest_client [req-bbaeef9a-7265-4487-a089-2ad4b5f3d8c9 req-bbaeef9a-7265-4487-a089-2ad4b5f3d8c9 ] Request (AttachVolumeShelveTestJSON:test_attach_volume_shelved_or_offload_server): 200 GET http://10.180.1.21/compute/v2.1/servers/9f9fe874-7dac-44a5-9673-d623930b15e9 0.098s
2025-04-16 15:29:29.381 71219 INFO tempest.lib.common.rest_client [req-caa8747b-78ca-4404-922b-5cbbd2f7869e req-caa8747b-78ca-4404-922b-5cbbd2f7869e ] Request (MigrationsAdminTest:test_resize_server_revert_deleted_flavor): 200 GET http://10.180.1.21/compute/v2.1/servers/657f22ba-cbc4-4bc2-a1cd-9cf7b9b912ed 0.067s
2025-04-16 15:29:29.388 71221 INFO tempest.lib.common.rest_client [req-1821fc26-b553-4156-9f47-8d24725330c5 req-1821fc26-b553-4156-9f47-8d24725330c5 ] Request (TenantUsagesTestJSON:tearDownClass): 200 GET http://10.180.1.21/compute/v2.1/servers/73ca3686-48f5-4044-8dc4-676d48e964a8 0.077s
2025-04-16 15:29:29.411 71213 INFO tempest.lib.common.rest_client [req-22a9f509-aa57-46dc-b29a-f97d95e86c8e req-22a9f509-aa57-46dc-b29a-f97d95e86c8e ] Request (ListImageFiltersTestJSON:setUpClass): 200 GET http://10.180.1.21/compute/v2.1/images/cc25b2e5-89ee-4bce-b397-027d484f5385 0.065s
2025-04-16 15:29:29.497 71197 INFO tempest.lib.common.rest_client [req-f556e2e6-289d-4e88-aab5-9c1af7033666 req-f556e2e6-289d-4e88-aab5-9c1af7033666 ] Request (MultipleCreateTestJSON:test_multiple_create): 200 GET http://10.180.1.21/compute/v2.1/servers/c2741fec-4444-45f0-977f-6bdb23ab33cf 0.063s
2025-04-16 15:29:29.557 71225 INFO tempest.lib.common.rest_client [req-134bd2c5-7923-470c-b23e-59c43154f542 req-134bd2c5-7923-470c-b23e-59c43154f542 ] Request (ServersAdminTestJSON:test_create_server_with_scheduling_hint): 200 GET http://10.180.1.21/compute/v2.1/servers/946c11d6-0358-4977-9428-97811ae196d2 0.058s
2025-04-16 15:29:29.566 71211 INFO tempest.lib.common.rest_client [req-56a83ce1-bca6-4a82-8ea7-2f80044c8f35 req-56a83ce1-bca6-4a82-8ea7-2f80044c8f35 ] Request (SecurityGroupsTestJSON:test_server_security_groups): 200 GET http://10.180.1.21/compute/v2.1/servers/9e03ec3e-a5fe-47e0-9fee-3d86fa604b12 0.123s
2025-04-16 15:29:29.572 71243 INFO tempest.lib.common.rest_client [req-6d22cfa2-9a7a-460a-9324-7650786f5e47 req-6d22cfa2-9a7a-460a-9324-7650786f5e47 ] Request (ImagesMetadataTestJSON:setUpClass): 204 PUT http://10.180.1.21/image/v2/images/3eea03b2-ce16-4cce-8bb7-2a682ddf711a/file 0.623s
2025-04-16 15:29:29.623 71224 INFO tempest.lib.common.rest_client [req-5748d0d6-d769-47da-957c-23392a80dd14 req-5748d0d6-d769-47da-957c-23392a80dd14 ] Request (ImagesOneServerNegativeTestJSON:_run_cleanups): 200 GET http://10.180.1.21/compute/v2.1/servers/f847aa60-5673-4054-bf77-7e5aaaafc282 0.069s
2025-04-16 15:29:29.635 71253 INFO tempest.lib.common.rest_client [req-7378889b-3921-42aa-b3f8-2a144e4252a7 req-7378889b-3921-42aa-b3f8-2a144e4252a7 ] Request (FloatingIPsAssociationTestJSON:tearDownClass): 200 GET http://10.180.1.21/compute/v2.1/servers/acd86542-d115-4a88-b6e5-3133e456b45b 0.129s
2025-04-16 15:29:29.654 71243 INFO tempest.lib.common.rest_client [req-d2e2e7bc-6344-4ac5-872c-a9c6941cdcfc req-d2e2e7bc-6344-4ac5-872c-a9c6941cdcfc ] Request (ImagesMetadataTestJSON:setUpClass): 200 GET http://10.180.1.21/compute/v2.1/images/3eea03b2-ce16-4cce-8bb7-2a682ddf711a 0.081s
2025-04-16 15:29:29.692 71201 INFO tempest.lib.common.rest_client [req-51134519-e9bd-483c-b2ee-67216d8029e3 req-51134519-e9bd-483c-b2ee-67216d8029e3 ] Request (ServersTestMultiNic:_run_cleanups): 200 GET http://10.180.1.21/compute/v2.1/servers/c10d4e2a-98bb-4195-841e-e22b89a22496 0.103s
2025-04-16 15:29:29.706 71247 INFO tempest.lib.common.rest_client [req-cce70c23-4061-450e-a106-77e514436d80 req-cce70c23-4061-450e-a106-77e514436d80 ] Request (ListServerFiltersTestJSON:setUpClass): 200 GET http://10.180.1.21/compute/v2.1/servers/d2047415-cd31-4b13-948d-b4985a1679de 0.084s
2025-04-16 15:29:29.747 71205 INFO tempest.lib.common.rest_client [req-7832968c-72f2-4d6b-ae87-50cc7b4b3693 req-7832968c-72f2-4d6b-ae87-50cc7b4b3693 ] Request (InstanceActionsTestJSON:setUpClass): 200 GET http://10.180.1.21/compute/v2.1/servers/3eb38467-b7d0-45bb-ab62-098e3e381853 0.105s
2025-04-16 15:29:29.804 71231 INFO tempest.lib.common.rest_client [req-307c37cd-bc04-4819-84a1-3c83c1e7f810 req-307c37cd-bc04-4819-84a1-3c83c1e7f810 ] Request (ImagesTestJSON:test_create_server_from_snapshot): 200 GET http://10.180.1.21/compute/v2.1/servers/1d74930b-c52f-4986-a86e-7e30fc5a8185 0.132s
2025-04-16 15:29:29.878 71209 INFO tempest.lib.common.rest_client [req-0530ffa5-82d1-4c73-951a-1df36ee01e8d req-0530ffa5-82d1-4c73-951a-1df36ee01e8d ] Request (ServersTestFqdnHostnames:test_create_server_with_fqdn_name): 200 GET http://10.180.1.21/compute/v2.1/servers/2b60c927-0466-46f5-8695-78c19010f1c9 0.059s
2025-04-16 15:29:29.944 71243 INFO tempest.lib.common.rest_client [req-8d7a388a-f42a-445e-b41a-ba89d59fbaea req-8d7a388a-f42a-445e-b41a-ba89d59fbaea ] Request (ImagesMetadataTestJSON:setUp): 200 PUT http://10.180.1.21/compute/v2.1/images/3eea03b2-ce16-4cce-8bb7-2a682ddf711a/metadata 0.286s
2025-04-16 15:29:30.013 71235 INFO tempest.lib.common.rest_client [req-72663145-1c67-453d-b86c-c2193e8500cc req-72663145-1c67-453d-b86c-c2193e8500cc ] Request (ServerShowV247Test:test_update_rebuild_list_server): 200 GET http://10.180.1.21/compute/v2.1/servers/76832b17-5bf1-4966-b42f-ad77fb4af035 0.115s
2025-04-16 15:29:30.024 71233 INFO tempest.lib.common.rest_client [req-a57ae5ca-f287-4953-8998-6bea29ab6cb0 req-a57ae5ca-f287-4953-8998-6bea29ab6cb0 ] Request (AttachInterfacesTestJSON:test_create_list_show_delete_interfaces_by_fixed_ip): 200 GET http://10.180.1.21/compute/v2.1/servers/dc670653-4db2-4482-9b29-b3d9853a3593 0.190s
2025-04-16 15:29:30.124 71249 INFO tempest.lib.common.rest_client [req-bf20e3a0-ba1f-4102-8718-bc5ef9ee517b req-bf20e3a0-ba1f-4102-8718-bc5ef9ee517b ] Request (ImagesOneServerTestJSON:test_create_image_specify_multibyte_character_image_name): 200 GET http://10.180.1.21/compute/v2.1/servers/4d388e5d-4fb7-429f-bfe1-ad7ee7baacd7 0.172s
2025-04-16 15:29:30.172 71243 INFO tempest.lib.common.rest_client [req-e218f958-0695-445e-ae39-02d1c362c1d0 req-e218f958-0695-445e-ae39-02d1c362c1d0 ] Request (ImagesMetadataTestJSON:test_delete_image_metadata_item): 204 DELETE http://10.180.1.21/compute/v2.1/images/3eea03b2-ce16-4cce-8bb7-2a682ddf711a/metadata/os_version 0.227s
2025-04-16 15:29:30.182 71245 INFO tempest.lib.common.rest_client [req-93d3c34c-abe1-4576-8791-e5d342d2d844 req-93d3c34c-abe1-4576-8791-e5d342d2d844 ] Request (DeleteServersTestJSON:test_delete_server_while_in_attached_volume): 200 GET http://10.180.1.21/compute/v2.1/servers/a2fc32ff-5e81-4cd9-ad18-0d70707b1ab7 0.224s
2025-04-16 15:29:30.187 71239 INFO tempest.lib.common.rest_client [req-c2a652c9-dd14-4d0d-a9d2-278b2300678f req-c2a652c9-dd14-4d0d-a9d2-278b2300678f ] Request (AttachVolumeNegativeTest:test_attach_attached_volume_to_different_server): 200 GET http://10.180.1.21/volume/v3/volumes/a06a6586-8470-4b78-8c0b-7423c749b4b3 0.042s
2025-04-16 15:29:30.212 71243 INFO tempest.lib.common.rest_client [req-c48ce5c0-19a7-4517-8dca-3887b83eca7e req-c48ce5c0-19a7-4517-8dca-3887b83eca7e ] Request (ImagesMetadataTestJSON:test_delete_image_metadata_item): 200 GET http://10.180.1.21/compute/v2.1/images/3eea03b2-ce16-4cce-8bb7-2a682ddf711a/metadata 0.039s
2025-04-16 15:29:30.232 71191 INFO tempest.lib.common.rest_client [req-28fcf2c2-73e3-4ae6-a0d5-69b28226326d req-28fcf2c2-73e3-4ae6-a0d5-69b28226326d ] Request (ServerDiskConfigTestJSON:test_rebuild_server_with_manual_disk_config): 200 GET http://10.180.1.21/compute/v2.1/servers/9c9d1dea-cafa-4e05-8f35-7a5eda4037db 0.140s
2025-04-16 15:29:30.271 71199 INFO tempest.lib.common.rest_client [req-fdbe8bbb-d1fa-4cd0-b122-2f2211325222 req-fdbe8bbb-d1fa-4cd0-b122-2f2211325222 ] Request (FloatingIPsAssociationNegativeTestJSON:setUpClass): 200 GET http://10.180.1.21/compute/v2.1/servers/f58ffc5d-fd70-490d-8389-6319b1b27eff 0.094s
2025-04-16 15:29:30.320 71195 INFO tempest.lib.common.rest_client [req-249e390c-d633-49dd-bef5-a7b9352786df req-249e390c-d633-49dd-bef5-a7b9352786df ] Request (ServersAdminNegativeTestJSON:setUpClass): 200 GET http://10.180.1.21/compute/v2.1/servers/3aab379f-893b-4fc8-a5bf-1189ae26ca2f 0.083s
2025-04-16 15:29:30.396 71227 INFO tempest.lib.common.rest_client [req-d9e262fd-72a3-42aa-9083-32a4fe864d6d req-d9e262fd-72a3-42aa-9083-32a4fe864d6d ] Request (AttachVolumeShelveTestJSON:test_attach_volume_shelved_or_offload_server): 200 GET http://10.180.1.21/compute/v2.1/servers/9f9fe874-7dac-44a5-9673-d623930b15e9 0.052s
2025-04-16 15:29:30.428 71243 INFO tempest.lib.common.rest_client [req-002f4895-78c0-4226-928c-5a8c4be7f5d8 req-002f4895-78c0-4226-928c-5a8c4be7f5d8 ] Request (ImagesMetadataTestJSON:setUp): 200 PUT http://10.180.1.21/compute/v2.1/images/3eea03b2-ce16-4cce-8bb7-2a682ddf711a/metadata 0.212s
2025-04-16 15:29:30.448 71219 INFO tempest.lib.common.rest_client [req-4f567998-4d5f-4b66-9c9b-9c20997ff359 req-4f567998-4d5f-4b66-9c9b-9c20997ff359 ] Request (MigrationsAdminTest:test_resize_server_revert_deleted_flavor): 200 GET http://10.180.1.21/compute/v2.1/servers/657f22ba-cbc4-4bc2-a1cd-9cf7b9b912ed 0.055s
2025-04-16 15:29:30.479 71213 INFO tempest.lib.common.rest_client [req-7b3bd652-272c-45fe-95e4-296cf6831c0e req-7b3bd652-272c-45fe-95e4-296cf6831c0e ] Request (ListImageFiltersTestJSON:setUpClass): 200 GET http://10.180.1.21/compute/v2.1/images/cc25b2e5-89ee-4bce-b397-027d484f5385 0.062s
2025-04-16 15:29:30.490 71221 INFO tempest.lib.common.rest_client [req-83fac53f-0185-4d38-be64-c72fd48da7c6 req-83fac53f-0185-4d38-be64-c72fd48da7c6 ] Request (TenantUsagesTestJSON:tearDownClass): 200 GET http://10.180.1.21/compute/v2.1/servers/73ca3686-48f5-4044-8dc4-676d48e964a8 0.092s
2025-04-16 15:29:30.508 71243 INFO tempest.lib.common.rest_client [req-fe10f413-0115-48f5-bea1-ef90adf39a9b req-fe10f413-0115-48f5-bea1-ef90adf39a9b ] Request (ImagesMetadataTestJSON:test_get_image_metadata_item): 200 GET http://10.180.1.21/compute/v2.1/images/3eea03b2-ce16-4cce-8bb7-2a682ddf711a/metadata/os_distro 0.079s
2025-04-16 15:29:30.557 71197 INFO tempest.lib.common.rest_client [req-a390092c-cb5c-49ba-950d-3a0cac2e8b3c req-a390092c-cb5c-49ba-950d-3a0cac2e8b3c ] Request (MultipleCreateTestJSON:test_multiple_create): 200 GET http://10.180.1.21/compute/v2.1/servers/c2741fec-4444-45f0-977f-6bdb23ab33cf 0.051s
2025-04-16 15:29:30.612 71225 INFO tempest.lib.common.rest_client [req-af7a0261-c6bf-476c-bff4-e1e8dbc9346b req-af7a0261-c6bf-476c-bff4-e1e8dbc9346b ] Request (ServersAdminTestJSON:test_create_server_with_scheduling_hint): 200 GET http://10.180.1.21/compute/v2.1/servers/946c11d6-0358-4977-9428-97811ae196d2 0.045s
2025-04-16 15:29:30.626 71243 INFO tempest.lib.common.rest_client [req-06a692e6-ff11-4380-b2a1-ed2698b126ef req-06a692e6-ff11-4380-b2a1-ed2698b126ef ] Request (ImagesMetadataTestJSON:setUp): 200 PUT http://10.180.1.21/compute/v2.1/images/3eea03b2-ce16-4cce-8bb7-2a682ddf711a/metadata 0.116s
2025-04-16 15:29:30.653 71243 INFO tempest.lib.common.rest_client [req-2d895b28-b0ff-42c6-94bf-6bacca676efd req-2d895b28-b0ff-42c6-94bf-6bacca676efd ] Request (ImagesMetadataTestJSON:test_list_image_metadata): 200 GET http://10.180.1.21/compute/v2.1/images/3eea03b2-ce16-4cce-8bb7-2a682ddf711a/metadata 0.025s
2025-04-16 15:29:30.698 71211 INFO tempest.lib.common.rest_client [req-9051c801-0c4d-4f0c-ac0b-32a2ff04e6dd req-9051c801-0c4d-4f0c-ac0b-32a2ff04e6dd ] Request (SecurityGroupsTestJSON:test_server_security_groups): 200 GET http://10.180.1.21/compute/v2.1/servers/9e03ec3e-a5fe-47e0-9fee-3d86fa604b12 0.121s
2025-04-16 15:29:30.700 71224 INFO tempest.lib.common.rest_client [req-a18566de-ec92-4fee-8727-7c8c60ee92c8 req-a18566de-ec92-4fee-8727-7c8c60ee92c8 ] Request (ImagesOneServerNegativeTestJSON:_run_cleanups): 200 GET http://10.180.1.21/compute/v2.1/servers/f847aa60-5673-4054-bf77-7e5aaaafc282 0.068s
2025-04-16 15:29:30.754 71253 INFO tempest.lib.common.rest_client [req-2578126d-4c7a-4c5f-b369-c0b2ae2e52a2 req-2578126d-4c7a-4c5f-b369-c0b2ae2e52a2 ] Request (FloatingIPsAssociationTestJSON:tearDownClass): 200 GET http://10.180.1.21/compute/v2.1/servers/acd86542-d115-4a88-b6e5-3133e456b45b 0.111s
2025-04-16 15:29:30.809 71201 INFO tempest.lib.common.rest_client [req-a815764a-421e-4fb8-bcef-b44002ce4c94 req-a815764a-421e-4fb8-bcef-b44002ce4c94 ] Request (ServersTestMultiNic:_run_cleanups): 200 GET http://10.180.1.21/compute/v2.1/servers/c10d4e2a-98bb-4195-841e-e22b89a22496 0.108s
2025-04-16 15:29:30.825 71243 INFO tempest.lib.common.rest_client [req-153a90df-5c42-4f50-b3c5-71d1a4b91ba7 req-153a90df-5c42-4f50-b3c5-71d1a4b91ba7 ] Request (ImagesMetadataTestJSON:setUp): 200 PUT http://10.180.1.21/compute/v2.1/images/3eea03b2-ce16-4cce-8bb7-2a682ddf711a/metadata 0.171s
2025-04-16 15:29:30.857 71247 INFO tempest.lib.common.rest_client [req-3a537b98-4bce-49b2-9f5d-2333b78e7952 req-3a537b98-4bce-49b2-9f5d-2333b78e7952 ] Request (ListServerFiltersTestJSON:setUpClass): 200 GET http://10.180.1.21/compute/v2.1/servers/d2047415-cd31-4b13-948d-b4985a1679de 0.143s
2025-04-16 15:29:30.873 71205 INFO tempest.lib.common.rest_client [req-04320a35-c0ac-4f36-968e-3fc1d56c814b req-04320a35-c0ac-4f36-968e-3fc1d56c814b ] Request (InstanceActionsTestJSON:setUpClass): 200 GET http://10.180.1.21/compute/v2.1/servers/3eb38467-b7d0-45bb-ab62-098e3e381853 0.116s
2025-04-16 15:29:30.905 71231 INFO tempest.lib.common.rest_client [req-2e2fb309-768b-4a91-a34b-f3ae9fb4bd7d req-2e2fb309-768b-4a91-a34b-f3ae9fb4bd7d ] Request (ImagesTestJSON:test_create_server_from_snapshot): 200 GET http://10.180.1.21/compute/v2.1/servers/1d74930b-c52f-4986-a86e-7e30fc5a8185 0.092s
2025-04-16 15:29:30.950 71209 INFO tempest.lib.common.rest_client [req-0121f4a9-1e41-4efd-bd52-f9d55ba3384f req-0121f4a9-1e41-4efd-bd52-f9d55ba3384f ] Request (ServersTestFqdnHostnames:test_create_server_with_fqdn_name): 200 GET http://10.180.1.21/compute/v2.1/servers/2b60c927-0466-46f5-8695-78c19010f1c9 0.065s
2025-04-16 15:29:31.070 71243 INFO tempest.lib.common.rest_client [req-ac3f6802-8ec1-4d3e-b4ec-35c3869fb14a req-ac3f6802-8ec1-4d3e-b4ec-35c3869fb14a ] Request (ImagesMetadataTestJSON:test_set_image_metadata): 200 PUT http://10.180.1.21/compute/v2.1/images/3eea03b2-ce16-4cce-8bb7-2a682ddf711a/metadata 0.244s
2025-04-16 15:29:31.074 71235 INFO tempest.lib.common.rest_client [req-ceeffc1d-1e20-4eb2-b0d5-b7cf34458019 req-ceeffc1d-1e20-4eb2-b0d5-b7cf34458019 ] Request (ServerShowV247Test:test_update_rebuild_list_server): 200 GET http://10.180.1.21/compute/v2.1/servers/76832b17-5bf1-4966-b42f-ad77fb4af035 0.051s
2025-04-16 15:29:31.100 71243 INFO tempest.lib.common.rest_client [req-05cb7db1-0038-462d-8435-cccfb2332115 req-05cb7db1-0038-462d-8435-cccfb2332115 ] Request (ImagesMetadataTestJSON:test_set_image_metadata): 200 GET http://10.180.1.21/compute/v2.1/images/3eea03b2-ce16-4cce-8bb7-2a682ddf711a/metadata 0.029s
2025-04-16 15:29:31.158 71233 INFO tempest.lib.common.rest_client [req-8ccd97fc-a402-4835-bc1c-e46c59270506 req-8ccd97fc-a402-4835-bc1c-e46c59270506 ] Request (AttachInterfacesTestJSON:test_create_list_show_delete_interfaces_by_fixed_ip): 200 GET http://10.180.1.21/compute/v2.1/servers/dc670653-4db2-4482-9b29-b3d9853a3593 0.125s
2025-04-16 15:29:31.166 71229 INFO paramiko.transport [-] Connected (version 2.0, client dropbear_2020.81)
2025-04-16 15:29:31.194 71237 WARNING tempest.lib.common.ssh [-] Failed to establish authenticated ssh connection to cirros@10.180.180.145 ([Errno None] Unable to connect to port 22 on 10.180.180.145). Number attempts: 10. Retry after 11 seconds.: paramiko.ssh_exception.NoValidConnectionsError: [Errno None] Unable to connect to port 22 on 10.180.180.145
2025-04-16 15:29:31.232 71239 INFO tempest.lib.common.rest_client [req-769abe17-5e43-4d82-827e-5b112dfaff05 req-769abe17-5e43-4d82-827e-5b112dfaff05 ] Request (AttachVolumeNegativeTest:test_attach_attached_volume_to_different_server): 200 GET http://10.180.1.21/volume/v3/volumes/a06a6586-8470-4b78-8c0b-7423c749b4b3 0.034s
2025-04-16 15:29:31.256 71249 INFO tempest.lib.common.rest_client [req-73b414aa-1296-4545-9f3f-2d79a7692258 req-73b414aa-1296-4545-9f3f-2d79a7692258 ] Request (ImagesOneServerTestJSON:test_create_image_specify_multibyte_character_image_name): 200 GET http://10.180.1.21/compute/v2.1/servers/4d388e5d-4fb7-429f-bfe1-ad7ee7baacd7 0.124s
2025-04-16 15:29:31.264 71249 INFO tempest.common.waiters [-] State transition "ACTIVE/image_uploading" ==> "ACTIVE/None" after 3 second wait
2025-04-16 15:29:31.269 71229 INFO paramiko.transport [-] Authentication (publickey) successful!
2025-04-16 15:29:31.270 71229 INFO tempest.lib.common.ssh [-] ssh connection to cirros@10.180.180.173 successfully created
2025-04-16 15:29:31.309 71245 INFO tempest.lib.common.rest_client [req-923e8204-2311-4737-90a7-a493134cef7a req-923e8204-2311-4737-90a7-a493134cef7a ] Request (DeleteServersTestJSON:test_delete_server_while_in_attached_volume): 200 GET http://10.180.1.21/compute/v2.1/servers/a2fc32ff-5e81-4cd9-ad18-0d70707b1ab7 0.116s
2025-04-16 15:29:31.323 71243 INFO tempest.lib.common.rest_client [req-56de90fa-bbbc-4ef9-a791-e9ef361a4fdc req-56de90fa-bbbc-4ef9-a791-e9ef361a4fdc ] Request (ImagesMetadataTestJSON:setUp): 200 PUT http://10.180.1.21/compute/v2.1/images/3eea03b2-ce16-4cce-8bb7-2a682ddf711a/metadata 0.221s
2025-04-16 15:29:31.358 71191 INFO tempest.lib.common.rest_client [req-517a432e-f0d3-48f3-8a12-643e2ae5003b req-517a432e-f0d3-48f3-8a12-643e2ae5003b ] Request (ServerDiskConfigTestJSON:test_rebuild_server_with_manual_disk_config): 200 GET http://10.180.1.21/compute/v2.1/servers/9c9d1dea-cafa-4e05-8f35-7a5eda4037db 0.117s
2025-04-16 15:29:31.414 71249 INFO tempest.lib.common.rest_client [req-8b5c0abd-1acc-49fc-b4c5-afffab892262 req-8b5c0abd-1acc-49fc-b4c5-afffab892262 ] Request (ImagesOneServerTestJSON:tearDownClass): 204 DELETE http://10.180.1.21/compute/v2.1/images/50006894-94c3-4f0a-8ccc-8c58da581493 0.148s
2025-04-16 15:29:31.443 71229 INFO tempest.lib.common.rest_client [req-3149f63b-8d77-441a-876c-6b07bfb46cfc req-3149f63b-8d77-441a-876c-6b07bfb46cfc ] Request (ServersTestJSON:test_list_servers): 200 GET http://10.180.1.21/compute/v2.1/servers 0.168s
2025-04-16 15:29:31.468 71199 INFO tempest.lib.common.rest_client [req-1346e614-c1a5-43e6-a307-0c486dca11ad req-1346e614-c1a5-43e6-a307-0c486dca11ad ] Request (FloatingIPsAssociationNegativeTestJSON:setUpClass): 200 GET http://10.180.1.21/compute/v2.1/servers/f58ffc5d-fd70-490d-8389-6319b1b27eff 0.190s
2025-04-16 15:29:31.556 71195 INFO tempest.lib.common.rest_client [req-83a5818b-06cb-4a47-8f9f-af07de09e8e1 req-83a5818b-06cb-4a47-8f9f-af07de09e8e1 ] Request (ServersAdminNegativeTestJSON:setUpClass): 200 GET http://10.180.1.21/compute/v2.1/servers/3aab379f-893b-4fc8-a5bf-1189ae26ca2f 0.227s
2025-04-16 15:29:31.617 71227 INFO tempest.lib.common.rest_client [req-2a23288b-0ffb-48c4-9786-27e722b0a2de req-2a23288b-0ffb-48c4-9786-27e722b0a2de ] Request (AttachVolumeShelveTestJSON:test_attach_volume_shelved_or_offload_server): 200 GET http://10.180.1.21/compute/v2.1/servers/9f9fe874-7dac-44a5-9673-d623930b15e9 0.211s
2025-04-16 15:29:31.643 71249 INFO tempest.lib.common.rest_client [req-3a93a219-443b-428a-9032-c334083513d5 req-3a93a219-443b-428a-9032-c334083513d5 ] Request (ImagesOneServerTestJSON:tearDownClass): 404 DELETE http://10.180.1.21/compute/v2.1/images/4f0637d3-d49c-43de-870e-ceea523aadbc 0.229s
2025-04-16 15:29:31.657 71243 INFO tempest.lib.common.rest_client [req-b1cfcda1-c4b4-4e8f-a59f-bbfb4eca2c9e req-b1cfcda1-c4b4-4e8f-a59f-bbfb4eca2c9e ] Request (ImagesMetadataTestJSON:test_set_image_metadata_item): 200 PUT http://10.180.1.21/compute/v2.1/images/3eea03b2-ce16-4cce-8bb7-2a682ddf711a/metadata/os_version 0.332s
2025-04-16 15:29:31.721 71219 INFO tempest.lib.common.rest_client [req-a898fe16-934a-4ff2-8dfa-9df350461e5d req-a898fe16-934a-4ff2-8dfa-9df350461e5d ] Request (MigrationsAdminTest:test_resize_server_revert_deleted_flavor): 200 GET http://10.180.1.21/compute/v2.1/servers/657f22ba-cbc4-4bc2-a1cd-9cf7b9b912ed 0.265s
2025-04-16 15:29:31.756 71213 INFO tempest.lib.common.rest_client [req-d086f577-5841-48fa-a7ad-83926bfc2684 req-d086f577-5841-48fa-a7ad-83926bfc2684 ] Request (ListImageFiltersTestJSON:setUpClass): 200 GET http://10.180.1.21/compute/v2.1/images/cc25b2e5-89ee-4bce-b397-027d484f5385 0.273s
2025-04-16 15:29:31.833 71221 INFO tempest.lib.common.rest_client [req-67d5fd94-b87d-4d10-b479-7d1103267672 req-67d5fd94-b87d-4d10-b479-7d1103267672 ] Request (TenantUsagesTestJSON:tearDownClass): 200 GET http://10.180.1.21/compute/v2.1/servers/73ca3686-48f5-4044-8dc4-676d48e964a8 0.334s
2025-04-16 15:29:31.900 71197 INFO tempest.lib.common.rest_client [req-0acb12a9-e54a-4654-aa00-b14eeb3d32de req-0acb12a9-e54a-4654-aa00-b14eeb3d32de ] Request (MultipleCreateTestJSON:test_multiple_create): 200 GET http://10.180.1.21/compute/v2.1/servers/c2741fec-4444-45f0-977f-6bdb23ab33cf 0.335s
2025-04-16 15:29:31.900 71229 INFO tempest.lib.common.rest_client [req-7e9fc26f-8ad0-4724-b056-887d7b4415af req-7e9fc26f-8ad0-4724-b056-887d7b4415af ] Request (ServersTestJSON:test_list_servers_with_detail): 200 GET http://10.180.1.21/compute/v2.1/servers/detail 0.454s
2025-04-16 15:29:31.970 71225 INFO tempest.lib.common.rest_client [req-f21d50a1-5a71-4b45-a0b1-3c1fa2449ba0 req-f21d50a1-5a71-4b45-a0b1-3c1fa2449ba0 ] Request (ServersAdminTestJSON:test_create_server_with_scheduling_hint): 200 GET http://10.180.1.21/compute/v2.1/servers/946c11d6-0358-4977-9428-97811ae196d2 0.346s
2025-04-16 15:29:31.981 71249 INFO tempest.lib.common.rest_client [req-6c7b340c-3a31-472f-8f6e-49e64cde0bd3 req-6c7b340c-3a31-472f-8f6e-49e64cde0bd3 ] Request (ImagesOneServerTestJSON:tearDownClass): 204 DELETE http://10.180.1.21/compute/v2.1/servers/4d388e5d-4fb7-429f-bfe1-ad7ee7baacd7 0.337s
2025-04-16 15:29:32.008 71243 INFO tempest.lib.common.rest_client [req-fca3ac3b-6443-4ce4-bb17-79d3811a970f req-fca3ac3b-6443-4ce4-bb17-79d3811a970f ] Request (ImagesMetadataTestJSON:test_set_image_metadata_item): 200 GET http://10.180.1.21/compute/v2.1/images/3eea03b2-ce16-4cce-8bb7-2a682ddf711a/metadata 0.350s
2025-04-16 15:29:32.073 71224 INFO tempest.lib.common.rest_client [req-f32c0aeb-64bd-4c83-93d5-e9c03805aaf4 req-f32c0aeb-64bd-4c83-93d5-e9c03805aaf4 ] Request (ImagesOneServerNegativeTestJSON:_run_cleanups): 200 GET http://10.180.1.21/compute/v2.1/servers/f847aa60-5673-4054-bf77-7e5aaaafc282 0.366s
2025-04-16 15:29:32.105 71211 INFO tempest.lib.common.rest_client [req-56624fdf-c147-451d-8b4f-ba9f6cc47aca req-56624fdf-c147-451d-8b4f-ba9f6cc47aca ] Request (SecurityGroupsTestJSON:test_server_security_groups): 200 GET http://10.180.1.21/compute/v2.1/servers/9e03ec3e-a5fe-47e0-9fee-3d86fa604b12 0.399s
2025-04-16 15:29:32.143 71253 INFO tempest.lib.common.rest_client [req-10fce402-7d9a-45eb-9dba-7a3ffc2dd172 req-10fce402-7d9a-45eb-9dba-7a3ffc2dd172 ] Request (FloatingIPsAssociationTestJSON:tearDownClass): 200 GET http://10.180.1.21/compute/v2.1/servers/acd86542-d115-4a88-b6e5-3133e456b45b 0.379s
2025-04-16 15:29:32.168 71201 INFO tempest.lib.common.rest_client [req-77e47e8f-2382-4f35-9f8c-b7e7bcbab634 req-77e47e8f-2382-4f35-9f8c-b7e7bcbab634 ] Request (ServersTestMultiNic:_run_cleanups): 200 GET http://10.180.1.21/compute/v2.1/servers/c10d4e2a-98bb-4195-841e-e22b89a22496 0.349s
2025-04-16 15:29:32.207 71247 INFO tempest.lib.common.rest_client [req-f4a69cd5-1609-44f9-9bfd-54282ca3f4db req-f4a69cd5-1609-44f9-9bfd-54282ca3f4db ] Request (ListServerFiltersTestJSON:setUpClass): 200 GET http://10.180.1.21/compute/v2.1/servers/d2047415-cd31-4b13-948d-b4985a1679de 0.342s
2025-04-16 15:29:32.221 71229 INFO tempest.lib.common.rest_client [req-0fe66815-ecc3-4e6f-b334-6a542d02abcf req-0fe66815-ecc3-4e6f-b334-6a542d02abcf ] Request (ServersTestJSON:test_verify_created_server_vcpus): 200 GET http://10.180.1.21/compute/v2.1/flavors/42 0.308s
2025-04-16 15:29:32.224 71229 INFO tempest.lib.common.ssh [-] Creating ssh connection to '10.180.180.173:22' as 'cirros' with public key authentication
2025-04-16 15:29:32.227 71229 INFO paramiko.transport [-] Connected (version 2.0, client dropbear_2020.81)
2025-04-16 15:29:32.232 71205 INFO tempest.lib.common.rest_client [req-c36df4fe-3b4b-4c1e-93c8-dd15b69b20ae req-c36df4fe-3b4b-4c1e-93c8-dd15b69b20ae ] Request (InstanceActionsTestJSON:setUpClass): 200 GET http://10.180.1.21/compute/v2.1/servers/3eb38467-b7d0-45bb-ab62-098e3e381853 0.349s
2025-04-16 15:29:32.281 71239 INFO tempest.lib.common.rest_client [req-7eadadbe-e5f5-493c-a7f2-14219e7d7bee req-7eadadbe-e5f5-493c-a7f2-14219e7d7bee ] Request (AttachVolumeNegativeTest:test_attach_attached_volume_to_different_server): 200 GET http://10.180.1.21/volume/v3/volumes/a06a6586-8470-4b78-8c0b-7423c749b4b3 0.041s
2025-04-16 15:29:32.281 71231 INFO tempest.lib.common.rest_client [req-41abc726-4ea5-47bc-bc0d-1df0b7f3a08a req-41abc726-4ea5-47bc-bc0d-1df0b7f3a08a ] Request (ImagesTestJSON:test_create_server_from_snapshot): 200 GET http://10.180.1.21/compute/v2.1/servers/1d74930b-c52f-4986-a86e-7e30fc5a8185 0.366s
2025-04-16 15:29:32.286 71229 INFO paramiko.transport [-] Authentication (publickey) successful!
2025-04-16 15:29:32.287 71229 INFO tempest.lib.common.ssh [-] ssh connection to cirros@10.180.180.173 successfully created
2025-04-16 15:29:32.289 71239 INFO tempest.common.waiters [-] Attachment 8957d06c-3ac0-4c04-a67e-2c5446277387 created for volume a06a6586-8470-4b78-8c0b-7423c749b4b3 to server af4c024d-a139-46db-8e67-5760f1be1fe8 after waiting for 9.289166 seconds
2025-04-16 15:29:32.299 71209 INFO tempest.lib.common.rest_client [req-7f52edee-c7c5-4c27-810a-581819e2f9f8 req-7f52edee-c7c5-4c27-810a-581819e2f9f8 ] Request (ServersTestFqdnHostnames:test_create_server_with_fqdn_name): 200 GET http://10.180.1.21/compute/v2.1/servers/2b60c927-0466-46f5-8695-78c19010f1c9 0.339s
2025-04-16 15:29:32.320 71239 INFO tempest.lib.common.rest_client [req-e0198327-d9c8-44a2-8208-f12f8b4e655e req-e0198327-d9c8-44a2-8208-f12f8b4e655e ] Request (AttachVolumeNegativeTest:test_attach_attached_volume_to_different_server): 200 GET http://10.180.1.21/volume/v3/volumes/a06a6586-8470-4b78-8c0b-7423c749b4b3 0.031s
2025-04-16 15:29:32.327 71239 INFO tempest.common.waiters [-] volume a06a6586-8470-4b78-8c0b-7423c749b4b3 reached in-use after waiting for 0.327175 seconds
2025-04-16 15:29:32.393 71249 INFO tempest.lib.common.rest_client [req-3dcab783-3361-48bd-8c41-3a3636488b8c req-3dcab783-3361-48bd-8c41-3a3636488b8c ] Request (ImagesOneServerTestJSON:tearDownClass): 200 GET http://10.180.1.21/compute/v2.1/servers/4d388e5d-4fb7-429f-bfe1-ad7ee7baacd7 0.411s
2025-04-16 15:29:32.461 71235 INFO tempest.lib.common.rest_client [req-4a3c370a-b584-4d8e-a9d6-e76934d77ca2 req-4a3c370a-b584-4d8e-a9d6-e76934d77ca2 ] Request (ServerShowV247Test:test_update_rebuild_list_server): 200 GET http://10.180.1.21/compute/v2.1/servers/76832b17-5bf1-4966-b42f-ad77fb4af035 0.376s
2025-04-16 15:29:32.524 71243 INFO tempest.lib.common.rest_client [req-7a22d7f4-5b7a-4c7e-a74c-90333e84c102 req-7a22d7f4-5b7a-4c7e-a74c-90333e84c102 ] Request (ImagesMetadataTestJSON:setUp): 200 PUT http://10.180.1.21/compute/v2.1/images/3eea03b2-ce16-4cce-8bb7-2a682ddf711a/metadata 0.514s
2025-04-16 15:29:32.541 71207 WARNING tempest.lib.common.ssh [-] Failed to establish authenticated ssh connection to cirros@10.180.180.150 ([Errno None] Unable to connect to port 22 on 10.180.180.150). Number attempts: 6. Retry after 7 seconds.: paramiko.ssh_exception.NoValidConnectionsError: [Errno None] Unable to connect to port 22 on 10.180.180.150
2025-04-16 15:29:32.622 71233 INFO tempest.lib.common.rest_client [req-01287b49-3608-40a0-b7ab-2b180ccbc9a9 req-01287b49-3608-40a0-b7ab-2b180ccbc9a9 ] Request (AttachInterfacesTestJSON:test_create_list_show_delete_interfaces_by_fixed_ip): 200 GET http://10.180.1.21/compute/v2.1/servers/dc670653-4db2-4482-9b29-b3d9853a3593 0.454s
2025-04-16 15:29:32.665 71229 INFO tempest.lib.common.rest_client [req-5ea6b859-f0dd-4882-8580-5172a2b89b54 req-5ea6b859-f0dd-4882-8580-5172a2b89b54 ] Request (ServersTestJSON:tearDownClass): 204 DELETE http://10.180.1.21/compute/v2.1/servers/12220b63-b805-43a1-b4fc-08a6cc4e0978 0.366s
2025-04-16 15:29:32.705 71239 INFO tempest.lib.common.rest_client [req-422735e3-c1d3-4976-bd48-4b959740dfd3 req-422735e3-c1d3-4976-bd48-4b959740dfd3 ] Request (ValidationResourcesFixture:setUp): 200 POST http://10.180.1.21/compute/v2.1/os-keypairs 0.378s
2025-04-16 15:29:32.755 71245 INFO tempest.lib.common.rest_client [req-251a30d4-8ea8-488a-a3ae-332804fb4da7 req-251a30d4-8ea8-488a-a3ae-332804fb4da7 ] Request (DeleteServersTestJSON:test_delete_server_while_in_attached_volume): 200 GET http://10.180.1.21/compute/v2.1/servers/a2fc32ff-5e81-4cd9-ad18-0d70707b1ab7 0.438s
2025-04-16 15:29:32.762 71245 INFO tempest.common.waiters [-] State transition "BUILD/None" ==> "BUILD/networking" after 80 second wait
2025-04-16 15:29:32.770 71191 INFO tempest.lib.common.rest_client [req-a3cca725-3d48-42bb-b010-4b5e8af11431 req-a3cca725-3d48-42bb-b010-4b5e8af11431 ] Request (ServerDiskConfigTestJSON:test_rebuild_server_with_manual_disk_config): 200 GET http://10.180.1.21/compute/v2.1/servers/9c9d1dea-cafa-4e05-8f35-7a5eda4037db 0.399s
2025-04-16 15:29:32.840 71199 INFO tempest.lib.common.rest_client [req-91afa8a8-283a-42bf-b83f-b178454a1ad9 req-91afa8a8-283a-42bf-b83f-b178454a1ad9 ] Request (FloatingIPsAssociationNegativeTestJSON:setUpClass): 200 GET http://10.180.1.21/compute/v2.1/servers/f58ffc5d-fd70-490d-8389-6319b1b27eff 0.363s
2025-04-16 15:29:32.846 71239 INFO tempest.lib.common.rest_client [req-7ef2bfd2-b19d-4d46-b7bd-18a3d98b4a15 req-7ef2bfd2-b19d-4d46-b7bd-18a3d98b4a15 ] Request (ValidationResourcesFixture:setUp): 201 POST http://10.180.1.21:9696/networking/v2.0/security-groups 0.139s
2025-04-16 15:29:32.927 71195 INFO tempest.lib.common.rest_client [req-19df1a25-3af2-445c-a273-d8f2e19b2033 req-19df1a25-3af2-445c-a273-d8f2e19b2033 ] Request (ServersAdminNegativeTestJSON:setUpClass): 200 GET http://10.180.1.21/compute/v2.1/servers/3aab379f-893b-4fc8-a5bf-1189ae26ca2f 0.357s
2025-04-16 15:29:33.003 71227 INFO tempest.lib.common.rest_client [req-03b6d510-6bf5-4eca-a2a4-a503533cfede req-03b6d510-6bf5-4eca-a2a4-a503533cfede ] Request (AttachVolumeShelveTestJSON:test_attach_volume_shelved_or_offload_server): 200 GET http://10.180.1.21/compute/v2.1/servers/9f9fe874-7dac-44a5-9673-d623930b15e9 0.375s
2025-04-16 15:29:33.014 71243 INFO tempest.lib.common.rest_client [req-f40129df-796a-4c99-a60e-374d7c432e32 req-f40129df-796a-4c99-a60e-374d7c432e32 ] Request (ImagesMetadataTestJSON:test_update_image_metadata): 200 POST http://10.180.1.21/compute/v2.1/images/3eea03b2-ce16-4cce-8bb7-2a682ddf711a/metadata 0.489s
2025-04-16 15:29:33.071 71219 INFO tempest.lib.common.rest_client [req-98a44353-34dd-438e-a821-81233be4253a req-98a44353-34dd-438e-a821-81233be4253a ] Request (MigrationsAdminTest:test_resize_server_revert_deleted_flavor): 200 GET http://10.180.1.21/compute/v2.1/servers/657f22ba-cbc4-4bc2-a1cd-9cf7b9b912ed 0.338s
2025-04-16 15:29:33.087 71239 INFO tempest.lib.common.rest_client [req-f35f82fb-a4f8-4cfb-9bf5-07ae0ef2540b req-f35f82fb-a4f8-4cfb-9bf5-07ae0ef2540b ] Request (ValidationResourcesFixture:setUp): 201 POST http://10.180.1.21:9696/networking/v2.0/security-group-rules 0.240s
2025-04-16 15:29:33.120 71213 INFO tempest.lib.common.rest_client [req-d42181a5-e42f-4206-947c-f9c308d85283 req-d42181a5-e42f-4206-947c-f9c308d85283 ] Request (ListImageFiltersTestJSON:setUpClass): 200 GET http://10.180.1.21/compute/v2.1/images/cc25b2e5-89ee-4bce-b397-027d484f5385 0.354s
2025-04-16 15:29:33.186 71229 INFO tempest.lib.common.rest_client [req-64507bd6-6a6a-4a5b-8dd2-585d8a6f2ea8 req-64507bd6-6a6a-4a5b-8dd2-585d8a6f2ea8 ] Request (ServersTestJSON:tearDownClass): 200 GET http://10.180.1.21/compute/v2.1/servers/12220b63-b805-43a1-b4fc-08a6cc4e0978 0.521s
2025-04-16 15:29:33.204 71221 INFO tempest.lib.common.rest_client [req-c1493e6a-5674-4353-a90d-c0cd845aad3f req-c1493e6a-5674-4353-a90d-c0cd845aad3f ] Request (TenantUsagesTestJSON:tearDownClass): 200 GET http://10.180.1.21/compute/v2.1/servers/73ca3686-48f5-4044-8dc4-676d48e964a8 0.360s
2025-04-16 15:29:33.211 71239 INFO tempest.lib.common.rest_client [req-cbbb8d81-da73-4abf-b4d2-e53019229bb2 req-cbbb8d81-da73-4abf-b4d2-e53019229bb2 ] Request (ValidationResourcesFixture:setUp): 201 POST http://10.180.1.21:9696/networking/v2.0/security-group-rules 0.124s
2025-04-16 15:29:33.247 71197 INFO tempest.lib.common.rest_client [req-d3e28ac0-d57a-4d3d-acc5-0665415f9d8e req-d3e28ac0-d57a-4d3d-acc5-0665415f9d8e ] Request (MultipleCreateTestJSON:test_multiple_create): 200 GET http://10.180.1.21/compute/v2.1/servers/c2741fec-4444-45f0-977f-6bdb23ab33cf 0.339s
2025-04-16 15:29:33.265 71225 INFO tempest.lib.common.rest_client [req-475d5d7d-d280-4bb8-b6bd-ca5ef505aa13 req-475d5d7d-d280-4bb8-b6bd-ca5ef505aa13 ] Request (ServersAdminTestJSON:test_create_server_with_scheduling_hint): 200 GET http://10.180.1.21/compute/v2.1/servers/946c11d6-0358-4977-9428-97811ae196d2 0.287s
2025-04-16 15:29:33.278 71243 INFO tempest.lib.common.rest_client [req-52fb0519-ccca-473e-9509-d6b3e0556a7c req-52fb0519-ccca-473e-9509-d6b3e0556a7c ] Request (ImagesMetadataTestJSON:test_update_image_metadata): 200 GET http://10.180.1.21/compute/v2.1/images/3eea03b2-ce16-4cce-8bb7-2a682ddf711a/metadata 0.263s
2025-04-16 15:29:33.322 71224 INFO tempest.lib.common.rest_client [req-70dfed42-7c8f-46e4-a3d0-d5788c369c6f req-70dfed42-7c8f-46e4-a3d0-d5788c369c6f ] Request (ImagesOneServerNegativeTestJSON:_run_cleanups): 200 GET http://10.180.1.21/compute/v2.1/servers/f847aa60-5673-4054-bf77-7e5aaaafc282 0.240s
2025-04-16 15:29:33.339 71243 INFO tempest.lib.common.rest_client [req-ed929376-4820-49ff-9e5a-1c8d2c43722e req-ed929376-4820-49ff-9e5a-1c8d2c43722e ] Request (ImagesMetadataTestJSON:tearDownClass): 204 DELETE http://10.180.1.21/image/v2/images/3eea03b2-ce16-4cce-8bb7-2a682ddf711a 0.051s
2025-04-16 15:29:33.390 71211 INFO tempest.lib.common.rest_client [req-e3cc1c2a-42e6-48e5-b0a5-4d2f676ccb11 req-e3cc1c2a-42e6-48e5-b0a5-4d2f676ccb11 ] Request (SecurityGroupsTestJSON:test_server_security_groups): 200 GET http://10.180.1.21/compute/v2.1/servers/9e03ec3e-a5fe-47e0-9fee-3d86fa604b12 0.277s
2025-04-16 15:29:33.391 71253 INFO tempest.lib.common.rest_client [req-d93a8dab-d232-4afc-97e7-b73ece0a0684 req-d93a8dab-d232-4afc-97e7-b73ece0a0684 ] Request (FloatingIPsAssociationTestJSON:tearDownClass): 200 GET http://10.180.1.21/compute/v2.1/servers/acd86542-d115-4a88-b6e5-3133e456b45b 0.239s
2025-04-16 15:29:33.452 71247 INFO tempest.lib.common.rest_client [req-eba98b57-42bc-4132-beba-549637308693 req-eba98b57-42bc-4132-beba-549637308693 ] Request (ListServerFiltersTestJSON:setUpClass): 200 GET http://10.180.1.21/compute/v2.1/servers/d2047415-cd31-4b13-948d-b4985a1679de 0.237s
2025-04-16 15:29:33.457 71201 INFO tempest.lib.common.rest_client [req-812a300d-bd81-447e-89d3-b3cdd0b9ea8d req-812a300d-bd81-447e-89d3-b3cdd0b9ea8d ] Request (ServersTestMultiNic:_run_cleanups): 200 GET http://10.180.1.21/compute/v2.1/servers/c10d4e2a-98bb-4195-841e-e22b89a22496 0.275s
2025-04-16 15:29:33.493 71243 INFO tempest.lib.common.rest_client [req-9a873586-1bdc-4205-b9fc-6d46508329fc req-9a873586-1bdc-4205-b9fc-6d46508329fc ] Request (ImagesMetadataTestJSON:tearDownClass): 204 DELETE http://10.180.1.21/identity/v3/users/fa3d8fc7d46443d48109287579313adc 0.154s
2025-04-16 15:29:33.493 71243 INFO tempest.lib.common.dynamic_creds [-] Deleting project and security group for project: 4d5f937993f843e19b3729e0b0d3c8bd
2025-04-16 15:29:33.509 71205 INFO tempest.lib.common.rest_client [req-88e1f387-31a8-4200-b111-b3adbf75d723 req-88e1f387-31a8-4200-b111-b3adbf75d723 ] Request (InstanceActionsTestJSON:setUpClass): 200 GET http://10.180.1.21/compute/v2.1/servers/3eb38467-b7d0-45bb-ab62-098e3e381853 0.269s
2025-04-16 15:29:33.512 71231 INFO tempest.lib.common.rest_client [req-d58e1054-4911-473f-80c1-79733fcb5cd7 req-d58e1054-4911-473f-80c1-79733fcb5cd7 ] Request (ImagesTestJSON:test_create_server_from_snapshot): 200 GET http://10.180.1.21/compute/v2.1/servers/1d74930b-c52f-4986-a86e-7e30fc5a8185 0.213s
2025-04-16 15:29:33.570 71243 INFO tempest.lib.common.rest_client [req-da1a2b06-1f5e-48e4-bfaa-be6817b9b610 req-da1a2b06-1f5e-48e4-bfaa-be6817b9b610 ] Request (ImagesMetadataTestJSON:tearDownClass): 201 POST http://10.180.1.21/identity/v3/auth/tokens 0.076s
2025-04-16 15:29:33.575 71209 INFO tempest.lib.common.rest_client [req-1ee1c753-268a-4ce0-8124-177dfb337bd4 req-1ee1c753-268a-4ce0-8124-177dfb337bd4 ] Request (ServersTestFqdnHostnames:test_create_server_with_fqdn_name): 200 GET http://10.180.1.21/compute/v2.1/servers/2b60c927-0466-46f5-8695-78c19010f1c9 0.262s
2025-04-16 15:29:33.626 71249 INFO tempest.lib.common.rest_client [req-d054926a-3f6a-43a7-9769-cedbe3a08f30 req-d054926a-3f6a-43a7-9769-cedbe3a08f30 ] Request (ImagesOneServerTestJSON:tearDownClass): 200 GET http://10.180.1.21/compute/v2.1/servers/4d388e5d-4fb7-429f-bfe1-ad7ee7baacd7 0.220s
2025-04-16 15:29:33.649 71235 INFO tempest.lib.common.rest_client [req-fdeef472-b409-466e-b40e-805623aca47b req-fdeef472-b409-466e-b40e-805623aca47b ] Request (ServerShowV247Test:test_update_rebuild_list_server): 200 GET http://10.180.1.21/compute/v2.1/servers/76832b17-5bf1-4966-b42f-ad77fb4af035 0.176s
2025-04-16 15:29:33.748 71239 INFO tempest.lib.common.rest_client [req-0156491d-0c1f-411d-8612-f25112383d61 req-0156491d-0c1f-411d-8612-f25112383d61 ] Request (ValidationResourcesFixture:setUp): 201 POST http://10.180.1.21:9696/networking/v2.0/floatingips 0.536s
2025-04-16 15:29:33.775 71233 INFO tempest.lib.common.rest_client [req-cb19fd32-79b9-433d-8ee5-319111c66983 req-cb19fd32-79b9-433d-8ee5-319111c66983 ] Request (AttachInterfacesTestJSON:test_create_list_show_delete_interfaces_by_fixed_ip): 200 GET http://10.180.1.21/compute/v2.1/servers/dc670653-4db2-4482-9b29-b3d9853a3593 0.145s
2025-04-16 15:29:33.783 71233 INFO tempest.common.waiters [-] State transition "BUILD/spawning" ==> "ACTIVE/None" after 86 second wait
2025-04-16 15:29:33.815 71243 INFO tempest.lib.common.rest_client [req-73e26fb2-d65c-4ecf-b85a-c7bb11f828bf req-73e26fb2-d65c-4ecf-b85a-c7bb11f828bf ] Request (ImagesMetadataTestJSON:tearDownClass): 200 GET http://10.180.1.21:9696/networking/v2.0/security-groups?tenant_id=4d5f937993f843e19b3729e0b0d3c8bd&name=default 0.245s
2025-04-16 15:29:33.822 71239 INFO tempest.lib.common.rest_client [req-6eeb0d74-afde-4930-b966-9d40a3db4860 req-6eeb0d74-afde-4930-b966-9d40a3db4860 ] Request (AttachVolumeNegativeTest:test_attach_attached_volume_to_different_server): 201 POST http://10.180.1.21/identity/v3/auth/tokens 0.071s
2025-04-16 15:29:33.823 71239 INFO tempest.lib.common.fixed_network [-] (AttachVolumeNegativeTest:test_attach_attached_volume_to_different_server) Found network {'id': 'c0a11724-5d0f-4c42-ba56-0a55ad450087', 'name': 'tempest-AttachVolumeNegativeTest-798785007-network', 'tenant_id': '38f333a7352244328a2bbd77f4686d5f', 'admin_state_up': True, 'mtu': 8950, 'status': 'ACTIVE', 'subnets': [], 'shared': False, 'project_id': '38f333a7352244328a2bbd77f4686d5f', 'port_security_enabled': True, 'router:external': False, 'provider:network_type': 'vlan', 'provider:physical_network': 'default', 'provider:segmentation_id': 176, 'availability_zone_hints': [], 'availability_zones': [], 'ipv4_address_scope': None, 'ipv6_address_scope': None, 'description': '', 'tags': [], 'created_at': '2025-04-16T15:27:23Z', 'updated_at': '2025-04-16T15:27:23Z', 'revision_number': 1} available for tenant
2025-04-16 15:29:33.872 71233 INFO tempest.lib.common.rest_client [req-cc7ff1ce-8c89-4143-bf57-d42a3de09624 req-cc7ff1ce-8c89-4143-bf57-d42a3de09624 ] Request (AttachInterfacesTestJSON:test_create_list_show_delete_interfaces_by_fixed_ip): 200 GET http://10.180.1.21/compute/v2.1/servers/dc670653-4db2-4482-9b29-b3d9853a3593/os-interface 0.088s
2025-04-16 15:29:33.910 71245 INFO tempest.lib.common.rest_client [req-0e9db15f-f477-4de8-84e0-5ac6c7d638f0 req-0e9db15f-f477-4de8-84e0-5ac6c7d638f0 ] Request (DeleteServersTestJSON:test_delete_server_while_in_attached_volume): 200 GET http://10.180.1.21/compute/v2.1/servers/a2fc32ff-5e81-4cd9-ad18-0d70707b1ab7 0.147s
2025-04-16 15:29:33.922 71245 INFO tempest.common.waiters [-] State transition "BUILD/networking" ==> "BUILD/spawning" after 81 second wait
2025-04-16 15:29:33.962 71191 INFO tempest.lib.common.rest_client [req-31aefa08-d31c-4b6d-acee-27ce65b17bb1 req-31aefa08-d31c-4b6d-acee-27ce65b17bb1 ] Request (ServerDiskConfigTestJSON:test_rebuild_server_with_manual_disk_config): 200 GET http://10.180.1.21/compute/v2.1/servers/9c9d1dea-cafa-4e05-8f35-7a5eda4037db 0.176s
2025-04-16 15:29:34.008 71243 INFO tempest.lib.common.rest_client [req-b7c30892-7763-4319-a3bf-85980e0af91c req-b7c30892-7763-4319-a3bf-85980e0af91c ] Request (ImagesMetadataTestJSON:tearDownClass): 204 DELETE http://10.180.1.21:9696/networking/v2.0/security-groups/4072ff6a-c2f8-46db-83b3-f396d9369967 0.192s
2025-04-16 15:29:34.026 71199 INFO tempest.lib.common.rest_client [req-240d33ed-992d-41f6-88de-2a8588daa551 req-240d33ed-992d-41f6-88de-2a8588daa551 ] Request (FloatingIPsAssociationNegativeTestJSON:setUpClass): 200 GET http://10.180.1.21/compute/v2.1/servers/f58ffc5d-fd70-490d-8389-6319b1b27eff 0.175s
2025-04-16 15:29:34.068 71243 INFO tempest.lib.common.rest_client [req-00a34556-d2ec-4fdd-bc11-5b136bd0026b req-00a34556-d2ec-4fdd-bc11-5b136bd0026b ] Request (ImagesMetadataTestJSON:tearDownClass): 204 DELETE http://10.180.1.21/identity/v3/projects/4d5f937993f843e19b3729e0b0d3c8bd 0.060s
2025-04-16 15:29:34.087 71195 INFO tempest.lib.common.rest_client [req-85d7fe90-0eb7-4da0-a84d-45b08c67c076 req-85d7fe90-0eb7-4da0-a84d-45b08c67c076 ] Request (ServersAdminNegativeTestJSON:setUpClass): 200 GET http://10.180.1.21/compute/v2.1/servers/3aab379f-893b-4fc8-a5bf-1189ae26ca2f 0.151s
2025-04-16 15:29:34.300 71239 INFO tempest.lib.common.rest_client [req-ddd6988e-6676-47ee-83af-d884cf052584 req-ddd6988e-6676-47ee-83af-d884cf052584 ] Request (AttachVolumeNegativeTest:test_attach_attached_volume_to_different_server): 202 POST http://10.180.1.21/compute/v2.1/servers 0.476s
2025-04-16 15:29:34.359 71219 INFO tempest.lib.common.rest_client [req-dde6f951-b081-4b5e-9e24-6cd4455437aa req-dde6f951-b081-4b5e-9e24-6cd4455437aa ] Request (MigrationsAdminTest:test_resize_server_revert_deleted_flavor): 200 GET http://10.180.1.21/compute/v2.1/servers/657f22ba-cbc4-4bc2-a1cd-9cf7b9b912ed 0.271s
2025-04-16 15:29:34.395 71227 INFO tempest.lib.common.rest_client [req-2e1d959a-0466-4d68-9796-1f734c2e6cee req-2e1d959a-0466-4d68-9796-1f734c2e6cee ] Request (AttachVolumeShelveTestJSON:test_attach_volume_shelved_or_offload_server): 200 GET http://10.180.1.21/compute/v2.1/servers/9f9fe874-7dac-44a5-9673-d623930b15e9 0.384s
2025-04-16 15:29:34.406 71213 INFO tempest.lib.common.rest_client [req-ee8766d7-0fcc-4c6b-9f45-9b67edc55ff8 req-ee8766d7-0fcc-4c6b-9f45-9b67edc55ff8 ] Request (ListImageFiltersTestJSON:setUpClass): 200 GET http://10.180.1.21/compute/v2.1/images/cc25b2e5-89ee-4bce-b397-027d484f5385 0.281s
2025-04-16 15:29:34.503 71221 INFO tempest.lib.common.rest_client [req-51cf340f-77a7-4662-9200-6730ba0617ad req-51cf340f-77a7-4662-9200-6730ba0617ad ] Request (TenantUsagesTestJSON:tearDownClass): 200 GET http://10.180.1.21/compute/v2.1/servers/73ca3686-48f5-4044-8dc4-676d48e964a8 0.287s
2025-04-16 15:29:34.594 71229 INFO tempest.lib.common.rest_client [req-8a39ec0b-bfae-4779-8e1f-61eb443dc22d req-8a39ec0b-bfae-4779-8e1f-61eb443dc22d ] Request (ServersTestJSON:tearDownClass): 200 GET http://10.180.1.21/compute/v2.1/servers/12220b63-b805-43a1-b4fc-08a6cc4e0978 0.396s
2025-04-16 15:29:34.663 71225 INFO tempest.lib.common.rest_client [req-a9485f2b-791c-4f9d-9ba9-3bc5794ca4d3 req-a9485f2b-791c-4f9d-9ba9-3bc5794ca4d3 ] Request (ServersAdminTestJSON:test_create_server_with_scheduling_hint): 200 GET http://10.180.1.21/compute/v2.1/servers/946c11d6-0358-4977-9428-97811ae196d2 0.387s
2025-04-16 15:29:34.716 71239 INFO tempest.lib.common.rest_client [req-d0fea4ad-bf3a-4483-8732-cb9b801baa27 req-d0fea4ad-bf3a-4483-8732-cb9b801baa27 ] Request (AttachVolumeNegativeTest:test_attach_attached_volume_to_different_server): 200 GET http://10.180.1.21/compute/v2.1/servers/2f8bf9f4-67c9-4daa-a9b1-ef39640bde12 0.414s
2025-04-16 15:29:34.783 71224 INFO tempest.lib.common.rest_client [req-385d7e6f-2fae-42f6-817d-a30f17d1259d req-385d7e6f-2fae-42f6-817d-a30f17d1259d ] Request (ImagesOneServerNegativeTestJSON:_run_cleanups): 200 GET http://10.180.1.21/compute/v2.1/servers/f847aa60-5673-4054-bf77-7e5aaaafc282 0.452s
2025-04-16 15:29:34.793 71197 INFO tempest.lib.common.rest_client [req-d6f7dfa0-76c9-4a41-9f01-bcb5ca58d9d4 req-d6f7dfa0-76c9-4a41-9f01-bcb5ca58d9d4 ] Request (MultipleCreateTestJSON:test_multiple_create): 200 GET http://10.180.1.21/compute/v2.1/servers/c2741fec-4444-45f0-977f-6bdb23ab33cf 0.536s
2025-04-16 15:29:34.862 71253 INFO tempest.lib.common.rest_client [req-89561416-b6e3-4082-9be3-31e7dc55e79b req-89561416-b6e3-4082-9be3-31e7dc55e79b ] Request (FloatingIPsAssociationTestJSON:tearDownClass): 200 GET http://10.180.1.21/compute/v2.1/servers/acd86542-d115-4a88-b6e5-3133e456b45b 0.462s
2025-04-16 15:29:34.922 71247 INFO tempest.lib.common.rest_client [req-ee172b58-3156-4dc8-a079-0cd8675aa19b req-ee172b58-3156-4dc8-a079-0cd8675aa19b ] Request (ListServerFiltersTestJSON:setUpClass): 200 GET http://10.180.1.21/compute/v2.1/servers/d2047415-cd31-4b13-948d-b4985a1679de 0.459s
2025-04-16 15:29:35.009 71201 INFO tempest.lib.common.rest_client [req-9df0041e-5236-479b-a620-7501cfe84fb2 req-9df0041e-5236-479b-a620-7501cfe84fb2 ] Request (ServersTestMultiNic:_run_cleanups): 200 GET http://10.180.1.21/compute/v2.1/servers/c10d4e2a-98bb-4195-841e-e22b89a22496 0.539s
2025-04-16 15:29:35.043 71211 INFO tempest.lib.common.rest_client [req-4abcfabb-4a90-4738-8e9f-624830edff3b req-4abcfabb-4a90-4738-8e9f-624830edff3b ] Request (SecurityGroupsTestJSON:test_server_security_groups): 200 GET http://10.180.1.21/compute/v2.1/servers/9e03ec3e-a5fe-47e0-9fee-3d86fa604b12 0.645s
2025-04-16 15:29:35.078 71233 INFO tempest.lib.common.rest_client [req-dcf9efe6-beed-48e0-9d60-78f362ba9781 req-dcf9efe6-beed-48e0-9d60-78f362ba9781 ] Request (AttachInterfacesTestJSON:test_create_list_show_delete_interfaces_by_fixed_ip): 200 PUT http://10.180.1.21:9696/networking/v2.0/floatingips/5077c7ac-3eb2-4e36-bd2d-fd2a6d5981fe 1.202s
2025-04-16 15:29:35.097 71205 INFO tempest.lib.common.rest_client [req-0bcb589e-e066-4a9b-8eb0-75ed78ab90d0 req-0bcb589e-e066-4a9b-8eb0-75ed78ab90d0 ] Request (InstanceActionsTestJSON:setUpClass): 200 GET http://10.180.1.21/compute/v2.1/servers/3eb38467-b7d0-45bb-ab62-098e3e381853 0.577s
2025-04-16 15:29:35.121 71231 INFO tempest.lib.common.rest_client [req-0e012d9c-b7a7-4e3c-a4f1-527aefc75a24 req-0e012d9c-b7a7-4e3c-a4f1-527aefc75a24 ] Request (ImagesTestJSON:test_create_server_from_snapshot): 200 GET http://10.180.1.21/compute/v2.1/servers/1d74930b-c52f-4986-a86e-7e30fc5a8185 0.601s
2025-04-16 15:29:35.154 71209 INFO tempest.lib.common.rest_client [req-4bff90e4-f67d-4671-89aa-51b6eaba4dfe req-4bff90e4-f67d-4671-89aa-51b6eaba4dfe ] Request (ServersTestFqdnHostnames:test_create_server_with_fqdn_name): 200 GET http://10.180.1.21/compute/v2.1/servers/2b60c927-0466-46f5-8695-78c19010f1c9 0.570s
2025-04-16 15:29:35.166 71209 INFO tempest.common.waiters [-] State transition "BUILD/None" ==> "BUILD/networking" after 80 second wait
2025-04-16 15:29:35.179 71249 INFO tempest.lib.common.rest_client [req-066b7baf-9236-40fe-932f-93b7fc5a5167 req-066b7baf-9236-40fe-932f-93b7fc5a5167 ] Request (ImagesOneServerTestJSON:tearDownClass): 200 GET http://10.180.1.21/compute/v2.1/servers/4d388e5d-4fb7-429f-bfe1-ad7ee7baacd7 0.544s
