2025-04-16 15:29:08.668 71207 WARNING tempest.lib.common.ssh [-] Failed to establish authenticated ssh connection to cirros@10.180.180.150 ([Errno None] Unable to connect to port 22 on 10.180.180.150). Number attempts: 1. Retry after 2 seconds.: paramiko.ssh_exception.NoValidConnectionsError: [Errno None] Unable to connect to port 22 on 10.180.180.150
2025-04-16 15:29:08.889 71225 INFO tempest.lib.common.rest_client [req-662bcecf-b018-44b3-b909-28d2433ab24e req-662bcecf-b018-44b3-b909-28d2433ab24e ] Request (ServersAdminTestJSON:setUpClass): 200 GET http://10.180.1.21/compute/v2.1/servers/b206dfbe-342b-4b0a-9f43-b603205d8db7 0.107s
2025-04-16 15:29:08.907 71233 INFO tempest.lib.common.rest_client [req-fc732721-4b47-46d1-ad0f-96489b502733 req-fc732721-4b47-46d1-ad0f-96489b502733 ] Request (AttachInterfacesTestJSON:test_create_list_show_delete_interfaces_by_fixed_ip): 200 GET http://10.180.1.21/compute/v2.1/servers/dc670653-4db2-4482-9b29-b3d9853a3593 0.053s
2025-04-16 15:29:08.955 71231 INFO tempest.lib.common.rest_client [req-325b7e1d-c566-4063-af0f-89b23047a35c req-325b7e1d-c566-4063-af0f-89b23047a35c ] Request (ImagesTestJSON:test_create_server_from_snapshot): 200 GET http://10.180.1.21/compute/v2.1/servers/1d74930b-c52f-4986-a86e-7e30fc5a8185 0.048s
2025-04-16 15:29:09.022 71205 INFO tempest.lib.common.rest_client [req-e8276877-7862-463f-884e-fbba45910aa1 req-e8276877-7862-463f-884e-fbba45910aa1 ] Request (InstanceActionsTestJSON:setUpClass): 200 GET http://10.180.1.21/compute/v2.1/servers/3eb38467-b7d0-45bb-ab62-098e3e381853 0.055s
2025-04-16 15:29:09.029 71209 INFO tempest.lib.common.rest_client [req-aeb713c9-6a0a-4f77-a28f-33cecf31ef4a req-aeb713c9-6a0a-4f77-a28f-33cecf31ef4a ] Request (ServersTestFqdnHostnames:test_create_server_with_fqdn_name): 200 GET http://10.180.1.21/compute/v2.1/servers/2b60c927-0466-46f5-8695-78c19010f1c9 0.049s
2025-04-16 15:29:09.050 71203 WARNING tempest.lib.common.ssh [-] Failed to establish authenticated ssh connection to cirros@10.180.180.133 ([Errno None] Unable to connect to port 22 on 10.180.180.133). Number attempts: 9. Retry after 10 seconds.: paramiko.ssh_exception.NoValidConnectionsError: [Errno None] Unable to connect to port 22 on 10.180.180.133
2025-04-16 15:29:09.056 71249 INFO tempest.lib.common.rest_client [req-7bbd8e7e-0151-46b1-96c0-5409eceee741 req-7bbd8e7e-0151-46b1-96c0-5409eceee741 ] Request (ImagesOneServerTestJSON:test_create_delete_image): 200 GET http://10.180.1.21/compute/v2.1/images/4f0637d3-d49c-43de-870e-ceea523aadbc 0.048s
2025-04-16 15:29:09.106 71235 INFO tempest.lib.common.rest_client [req-613f129e-7852-410b-8edc-66d7712b8126 req-613f129e-7852-410b-8edc-66d7712b8126 ] Request (ServerShowV247Test:test_update_rebuild_list_server): 200 GET http://10.180.1.21/compute/v2.1/servers/76832b17-5bf1-4966-b42f-ad77fb4af035 0.066s
2025-04-16 15:29:09.150 71213 INFO tempest.lib.common.rest_client [req-fa43cbdd-01d6-4753-bd1a-d1b4c75c5379 req-fa43cbdd-01d6-4753-bd1a-d1b4c75c5379 ] Request (ListImageFiltersTestJSON:setUpClass): 200 GET http://10.180.1.21/compute/v2.1/servers/dc8a589e-3d62-4aab-9b44-85cb242b6a7c 0.058s
2025-04-16 15:29:09.170 71243 INFO tempest.lib.common.rest_client [req-d4cf3a39-512b-4e53-aec6-97da8e8cff17 req-d4cf3a39-512b-4e53-aec6-97da8e8cff17 ] Request (DeleteServersAdminTestJSON:test_delete_server_while_in_error_state): 200 GET http://10.180.1.21/compute/v2.1/servers/f17585da-df68-4dc5-b7f5-2bd51aa0c645 0.059s
2025-04-16 15:29:09.198 71247 INFO tempest.lib.common.rest_client [req-46a1556f-69fc-4dc0-855e-4e5c57e03bb8 req-46a1556f-69fc-4dc0-855e-4e5c57e03bb8 ] Request (VolumesAssistedSnapshotsTest:tearDownClass): 200 PUT http://10.180.1.21:9696/networking/v2.0/routers/cf1239a1-ddfc-424b-b28b-0df0fb5c306f/remove_router_interface 0.781s
2025-04-16 15:29:09.228 71191 INFO tempest.lib.common.rest_client [req-2736f424-1668-4de5-8c27-e97ded68cac9 req-2736f424-1668-4de5-8c27-e97ded68cac9 ] Request (ServerDiskConfigTestJSON:test_rebuild_server_with_manual_disk_config): 200 GET http://10.180.1.21/compute/v2.1/servers/9c9d1dea-cafa-4e05-8f35-7a5eda4037db 0.057s
2025-04-16 15:29:09.265 71251 INFO tempest.lib.common.rest_client [req-ef2e321c-9c55-424f-8fbd-4f312987320d req-ef2e321c-9c55-424f-8fbd-4f312987320d ] Request (ServerAddressesTestJSON:tearDownClass): 200 GET http://10.180.1.21/compute/v2.1/servers/b0535c7e-465f-4e80-9b9b-b455b9c3a98c 0.093s
2025-04-16 15:29:09.289 71245 INFO tempest.lib.common.rest_client [req-dc763112-4755-4777-9465-cc886ea90c2d req-dc763112-4755-4777-9465-cc886ea90c2d ] Request (DeleteServersTestJSON:test_delete_server_while_in_attached_volume): 200 GET http://10.180.1.21/compute/v2.1/servers/a2fc32ff-5e81-4cd9-ad18-0d70707b1ab7 0.053s
2025-04-16 15:29:09.343 71195 INFO tempest.lib.common.rest_client [req-1e62f411-c948-4dda-be7a-357acf65571c req-1e62f411-c948-4dda-be7a-357acf65571c ] Request (ServersAdminNegativeTestJSON:setUpClass): 200 GET http://10.180.1.21/compute/v2.1/servers/3aab379f-893b-4fc8-a5bf-1189ae26ca2f 0.099s
2025-04-16 15:29:09.347 71199 INFO tempest.lib.common.rest_client [req-bf9100a5-5479-4ca5-b320-75f517e7e32e req-bf9100a5-5479-4ca5-b320-75f517e7e32e ] Request (FloatingIPsAssociationNegativeTestJSON:setUpClass): 200 GET http://10.180.1.21/compute/v2.1/servers/f58ffc5d-fd70-490d-8389-6319b1b27eff 0.053s
2025-04-16 15:29:09.398 71227 INFO tempest.lib.common.rest_client [req-899b1770-8464-4109-aad3-40e318bd4c64 req-899b1770-8464-4109-aad3-40e318bd4c64 ] Request (AttachVolumeShelveTestJSON:test_attach_volume_shelved_or_offload_server): 200 GET http://10.180.1.21/compute/v2.1/servers/9f9fe874-7dac-44a5-9673-d623930b15e9 0.051s
2025-04-16 15:29:09.410 71253 INFO tempest.lib.common.rest_client [req-1cfe52c2-8fe7-4492-a043-d42233f5d6c0 req-1cfe52c2-8fe7-4492-a043-d42233f5d6c0 ] Request (FloatingIPsAssociationTestJSON:tearDownClass): 200 GET http://10.180.1.21/compute/v2.1/servers/acd86542-d115-4a88-b6e5-3133e456b45b 0.082s
2025-04-16 15:29:09.462 71219 INFO tempest.lib.common.rest_client [req-87616bb5-9bef-40b8-9b9f-fef1165e9692 req-87616bb5-9bef-40b8-9b9f-fef1165e9692 ] Request (MigrationsAdminTest:test_resize_server_revert_deleted_flavor): 200 GET http://10.180.1.21/compute/v2.1/servers/657f22ba-cbc4-4bc2-a1cd-9cf7b9b912ed 0.065s
2025-04-16 15:29:09.479 71211 INFO tempest.lib.common.rest_client [req-d281aafa-1bfb-4e36-b120-a22e8cfdcac3 req-d281aafa-1bfb-4e36-b120-a22e8cfdcac3 ] Request (SecurityGroupsTestJSON:test_server_security_groups): 200 GET http://10.180.1.21/compute/v2.1/servers/9e03ec3e-a5fe-47e0-9fee-3d86fa604b12 0.063s
2025-04-16 15:29:09.559 71217 INFO tempest.lib.common.rest_client [req-5a1bca4b-821b-46b6-80e9-c6c8571c19e2 req-5a1bca4b-821b-46b6-80e9-c6c8571c19e2 ] Request (InstanceActionsNegativeTestJSON:tearDownClass): 200 GET http://10.180.1.21/compute/v2.1/servers/259f5513-b60b-4dd9-97ce-829ca51896d4 0.083s
2025-04-16 15:29:09.592 71224 INFO tempest.lib.common.rest_client [req-30bc0b33-ba92-4294-aa1e-1236057ffd9f req-30bc0b33-ba92-4294-aa1e-1236057ffd9f ] Request (ImagesOneServerNegativeTestJSON:_run_cleanups): 200 GET http://10.180.1.21/compute/v2.1/servers/2b45d5ab-8870-4d3c-b645-d7587fb9466f 0.078s
2025-04-16 15:29:09.643 71201 INFO tempest.lib.common.rest_client [req-86f6c46a-44dd-4aaa-b1f8-58cd7b445229 req-86f6c46a-44dd-4aaa-b1f8-58cd7b445229 ] Request (ServersTestMultiNic:_run_cleanups): 200 GET http://10.180.1.21/compute/v2.1/servers/c10d4e2a-98bb-4195-841e-e22b89a22496 0.070s
2025-04-16 15:29:09.650 71201 INFO tempest.common.waiters [-] State transition "ACTIVE/deleting" ==> "DELETED/None" after 6 second wait
2025-04-16 15:29:09.651 71221 INFO tempest.lib.common.rest_client [req-4de59a10-2034-45c9-abf8-ed998d0c7426 req-4de59a10-2034-45c9-abf8-ed998d0c7426 ] Request (TenantUsagesTestJSON:setUpClass): 200 GET http://10.180.1.21/compute/v2.1/servers/73ca3686-48f5-4044-8dc4-676d48e964a8 0.068s
2025-04-16 15:29:09.697 71197 INFO tempest.lib.common.rest_client [req-b26a9f61-2b28-426a-b342-ce4fd198bf9b req-b26a9f61-2b28-426a-b342-ce4fd198bf9b ] Request (MultipleCreateTestJSON:test_multiple_create): 200 GET http://10.180.1.21/compute/v2.1/servers/c2741fec-4444-45f0-977f-6bdb23ab33cf 0.057s
2025-04-16 15:29:09.714 71247 INFO tempest.lib.common.rest_client [req-28a00f0a-0313-4d81-933f-008c0f8d881c req-28a00f0a-0313-4d81-933f-008c0f8d881c ] Request (VolumesAssistedSnapshotsTest:tearDownClass): 204 DELETE http://10.180.1.21:9696/networking/v2.0/routers/cf1239a1-ddfc-424b-b28b-0df0fb5c306f 0.514s
2025-04-16 15:29:09.878 71247 INFO tempest.lib.common.rest_client [req-8854120a-fd79-40ca-ba5b-0de5f62460af req-8854120a-fd79-40ca-ba5b-0de5f62460af ] Request (VolumesAssistedSnapshotsTest:tearDownClass): 204 DELETE http://10.180.1.21:9696/networking/v2.0/subnets/4811ba5b-67c2-40cc-b673-6a62b280c4d1 0.164s
2025-04-16 15:29:09.979 71233 INFO tempest.lib.common.rest_client [req-792787ba-2156-4562-86d6-62c8289a08fd req-792787ba-2156-4562-86d6-62c8289a08fd ] Request (AttachInterfacesTestJSON:test_create_list_show_delete_interfaces_by_fixed_ip): 200 GET http://10.180.1.21/compute/v2.1/servers/dc670653-4db2-4482-9b29-b3d9853a3593 0.063s
2025-04-16 15:29:10.026 71225 INFO tempest.lib.common.rest_client [req-7b180724-b97a-4e76-ba17-c6489579ebb5 req-7b180724-b97a-4e76-ba17-c6489579ebb5 ] Request (ServersAdminTestJSON:setUpClass): 200 GET http://10.180.1.21/compute/v2.1/servers/b206dfbe-342b-4b0a-9f43-b603205d8db7 0.128s
2025-04-16 15:29:10.035 71231 INFO tempest.lib.common.rest_client [req-a2b9d3c6-3008-4630-9b76-de5caab194a2 req-a2b9d3c6-3008-4630-9b76-de5caab194a2 ] Request (ImagesTestJSON:test_create_server_from_snapshot): 200 GET http://10.180.1.21/compute/v2.1/servers/1d74930b-c52f-4986-a86e-7e30fc5a8185 0.072s
2025-04-16 15:29:10.099 71205 INFO tempest.lib.common.rest_client [req-0d642f33-030d-43a9-8fef-b69886a07bb3 req-0d642f33-030d-43a9-8fef-b69886a07bb3 ] Request (InstanceActionsTestJSON:setUpClass): 200 GET http://10.180.1.21/compute/v2.1/servers/3eb38467-b7d0-45bb-ab62-098e3e381853 0.069s
2025-04-16 15:29:10.129 71209 INFO tempest.lib.common.rest_client [req-56ea65d8-e862-49f2-a618-90bde7cf906b req-56ea65d8-e862-49f2-a618-90bde7cf906b ] Request (ServersTestFqdnHostnames:test_create_server_with_fqdn_name): 200 GET http://10.180.1.21/compute/v2.1/servers/2b60c927-0466-46f5-8695-78c19010f1c9 0.092s
2025-04-16 15:29:10.144 71249 INFO tempest.lib.common.rest_client [req-d8da26de-1915-4d94-8d52-5d27b3974d99 req-d8da26de-1915-4d94-8d52-5d27b3974d99 ] Request (ImagesOneServerTestJSON:test_create_delete_image): 200 GET http://10.180.1.21/compute/v2.1/images/4f0637d3-d49c-43de-870e-ceea523aadbc 0.083s
2025-04-16 15:29:10.199 71235 INFO tempest.lib.common.rest_client [req-44349c81-bee7-4f22-93d0-8e583547c92e req-44349c81-bee7-4f22-93d0-8e583547c92e ] Request (ServerShowV247Test:test_update_rebuild_list_server): 200 GET http://10.180.1.21/compute/v2.1/servers/76832b17-5bf1-4966-b42f-ad77fb4af035 0.082s
2025-04-16 15:29:10.209 71247 INFO tempest.lib.common.rest_client [req-fc8d5772-11f3-4941-89fc-f91243c0073d req-fc8d5772-11f3-4941-89fc-f91243c0073d ] Request (VolumesAssistedSnapshotsTest:tearDownClass): 204 DELETE http://10.180.1.21:9696/networking/v2.0/networks/121a9e3b-5356-42ca-9242-4cb9c2b077b8 0.331s
2025-04-16 15:29:10.223 71213 INFO tempest.lib.common.rest_client [req-f09774c4-0fbd-4165-9269-69c625d15723 req-f09774c4-0fbd-4165-9269-69c625d15723 ] Request (ListImageFiltersTestJSON:setUpClass): 200 GET http://10.180.1.21/compute/v2.1/servers/dc8a589e-3d62-4aab-9b44-85cb242b6a7c 0.061s
2025-04-16 15:29:10.261 71243 INFO tempest.lib.common.rest_client [req-527bd799-0b05-471b-8094-f895cc5d6a25 req-527bd799-0b05-471b-8094-f895cc5d6a25 ] Request (DeleteServersAdminTestJSON:test_delete_server_while_in_error_state): 200 GET http://10.180.1.21/compute/v2.1/servers/f17585da-df68-4dc5-b7f5-2bd51aa0c645 0.082s
2025-04-16 15:29:10.295 71191 INFO tempest.lib.common.rest_client [req-591c5f08-81c1-4b4a-8870-091e6bedef13 req-591c5f08-81c1-4b4a-8870-091e6bedef13 ] Request (ServerDiskConfigTestJSON:test_rebuild_server_with_manual_disk_config): 200 GET http://10.180.1.21/compute/v2.1/servers/9c9d1dea-cafa-4e05-8f35-7a5eda4037db 0.060s
2025-04-16 15:29:10.334 71251 INFO tempest.lib.common.rest_client [req-dc64b941-0eee-4693-9032-72ddf7e568c9 req-dc64b941-0eee-4693-9032-72ddf7e568c9 ] Request (ServerAddressesTestJSON:tearDownClass): 200 GET http://10.180.1.21/compute/v2.1/servers/b0535c7e-465f-4e80-9b9b-b455b9c3a98c 0.061s
2025-04-16 15:29:10.365 71245 INFO tempest.lib.common.rest_client [req-06485443-278a-4962-a179-5291759879a9 req-06485443-278a-4962-a179-5291759879a9 ] Request (DeleteServersTestJSON:test_delete_server_while_in_attached_volume): 200 GET http://10.180.1.21/compute/v2.1/servers/a2fc32ff-5e81-4cd9-ad18-0d70707b1ab7 0.062s
2025-04-16 15:29:10.416 71195 INFO tempest.lib.common.rest_client [req-c81608fb-9067-4e8b-b770-e5d44b98d367 req-c81608fb-9067-4e8b-b770-e5d44b98d367 ] Request (ServersAdminNegativeTestJSON:setUpClass): 200 GET http://10.180.1.21/compute/v2.1/servers/3aab379f-893b-4fc8-a5bf-1189ae26ca2f 0.062s
2025-04-16 15:29:10.437 71199 INFO tempest.lib.common.rest_client [req-18b5f48b-75b4-4dce-a906-d363f423114e req-18b5f48b-75b4-4dce-a906-d363f423114e ] Request (FloatingIPsAssociationNegativeTestJSON:setUpClass): 200 GET http://10.180.1.21/compute/v2.1/servers/f58ffc5d-fd70-490d-8389-6319b1b27eff 0.081s
2025-04-16 15:29:10.480 71227 INFO tempest.lib.common.rest_client [req-1383bb6f-4d80-453e-a94b-39a930647962 req-1383bb6f-4d80-453e-a94b-39a930647962 ] Request (AttachVolumeShelveTestJSON:test_attach_volume_shelved_or_offload_server): 200 GET http://10.180.1.21/compute/v2.1/servers/9f9fe874-7dac-44a5-9673-d623930b15e9 0.073s
2025-04-16 15:29:10.517 71253 INFO tempest.lib.common.rest_client [req-60fae914-9705-48ed-8578-81dd40b47f74 req-60fae914-9705-48ed-8578-81dd40b47f74 ] Request (FloatingIPsAssociationTestJSON:tearDownClass): 200 GET http://10.180.1.21/compute/v2.1/servers/acd86542-d115-4a88-b6e5-3133e456b45b 0.097s
2025-04-16 15:29:10.535 71219 INFO tempest.lib.common.rest_client [req-a2e957fd-a8da-41d0-bd03-834da03ee52b req-a2e957fd-a8da-41d0-bd03-834da03ee52b ] Request (MigrationsAdminTest:test_resize_server_revert_deleted_flavor): 200 GET http://10.180.1.21/compute/v2.1/servers/657f22ba-cbc4-4bc2-a1cd-9cf7b9b912ed 0.066s
2025-04-16 15:29:10.578 71211 INFO tempest.lib.common.rest_client [req-e8bd9848-aa81-4ffd-9ed0-a25c6ae7a166 req-e8bd9848-aa81-4ffd-9ed0-a25c6ae7a166 ] Request (SecurityGroupsTestJSON:test_server_security_groups): 200 GET http://10.180.1.21/compute/v2.1/servers/9e03ec3e-a5fe-47e0-9fee-3d86fa604b12 0.090s
2025-04-16 15:29:10.647 71217 INFO tempest.lib.common.rest_client [req-783e19cb-b067-43e1-a5cb-1e2405cd0f90 req-783e19cb-b067-43e1-a5cb-1e2405cd0f90 ] Request (InstanceActionsNegativeTestJSON:tearDownClass): 200 GET http://10.180.1.21/compute/v2.1/servers/259f5513-b60b-4dd9-97ce-829ca51896d4 0.080s
2025-04-16 15:29:10.669 71224 INFO tempest.lib.common.rest_client [req-f2caa06e-1eea-488a-ac51-3701752752a6 req-f2caa06e-1eea-488a-ac51-3701752752a6 ] Request (ImagesOneServerNegativeTestJSON:_run_cleanups): 200 GET http://10.180.1.21/compute/v2.1/servers/2b45d5ab-8870-4d3c-b645-d7587fb9466f 0.065s
2025-04-16 15:29:10.722 71221 INFO tempest.lib.common.rest_client [req-3837372f-86fa-4d7a-8f18-872b7bf0bf1a req-3837372f-86fa-4d7a-8f18-872b7bf0bf1a ] Request (TenantUsagesTestJSON:setUpClass): 200 GET http://10.180.1.21/compute/v2.1/servers/73ca3686-48f5-4044-8dc4-676d48e964a8 0.064s
2025-04-16 15:29:10.727 71201 INFO tempest.lib.common.rest_client [req-49a3793d-0fd9-492d-b827-1d633f80aec2 req-49a3793d-0fd9-492d-b827-1d633f80aec2 ] Request (ServersTestMultiNic:_run_cleanups): 200 GET http://10.180.1.21/compute/v2.1/servers/c10d4e2a-98bb-4195-841e-e22b89a22496 0.076s
2025-04-16 15:29:10.733 71221 INFO tempest.common.waiters [-] State transition "BUILD/None" ==> "BUILD/networking" after 66 second wait
2025-04-16 15:29:10.783 71197 INFO tempest.lib.common.rest_client [req-5077cc76-a404-4b06-81f5-e946f42920cf req-5077cc76-a404-4b06-81f5-e946f42920cf ] Request (MultipleCreateTestJSON:test_multiple_create): 200 GET http://10.180.1.21/compute/v2.1/servers/c2741fec-4444-45f0-977f-6bdb23ab33cf 0.078s
2025-04-16 15:29:10.936 71247 INFO tempest.lib.common.rest_client [req-e8c5462f-b9a8-4c42-825c-21df11cb4f98 req-e8c5462f-b9a8-4c42-825c-21df11cb4f98 ] Request (VolumesAssistedSnapshotsTest:tearDownClass): 200 PUT http://10.180.1.21:9696/networking/v2.0/routers/7b33fc37-a265-4df0-83b1-8f2890d434af/remove_router_interface 0.727s
2025-04-16 15:29:11.047 71233 INFO tempest.lib.common.rest_client [req-f553754f-00d3-4c66-9a78-979fceea995d req-f553754f-00d3-4c66-9a78-979fceea995d ] Request (AttachInterfacesTestJSON:test_create_list_show_delete_interfaces_by_fixed_ip): 200 GET http://10.180.1.21/compute/v2.1/servers/dc670653-4db2-4482-9b29-b3d9853a3593 0.060s
2025-04-16 15:29:11.122 71231 INFO tempest.lib.common.rest_client [req-27a11ddf-3532-407f-98e5-a19cd85d38e7 req-27a11ddf-3532-407f-98e5-a19cd85d38e7 ] Request (ImagesTestJSON:test_create_server_from_snapshot): 200 GET http://10.180.1.21/compute/v2.1/servers/1d74930b-c52f-4986-a86e-7e30fc5a8185 0.075s
2025-04-16 15:29:11.186 71205 INFO tempest.lib.common.rest_client [req-32a9224d-a289-4f51-af32-3b8f11dd161d req-32a9224d-a289-4f51-af32-3b8f11dd161d ] Request (InstanceActionsTestJSON:setUpClass): 200 GET http://10.180.1.21/compute/v2.1/servers/3eb38467-b7d0-45bb-ab62-098e3e381853 0.078s
2025-04-16 15:29:11.212 71225 INFO tempest.lib.common.rest_client [req-dc684396-3d6c-49a6-93b3-96181dd5e3e9 req-dc684396-3d6c-49a6-93b3-96181dd5e3e9 ] Request (ServersAdminTestJSON:setUpClass): 200 GET http://10.180.1.21/compute/v2.1/servers/b206dfbe-342b-4b0a-9f43-b603205d8db7 0.170s
2025-04-16 15:29:11.220 71225 INFO tempest.common.waiters [-] State transition "BUILD/spawning" ==> "ACTIVE/None" after 67 second wait
2025-04-16 15:29:11.247 71209 INFO tempest.lib.common.rest_client [req-050e5ddc-510c-4f17-964d-08881146869d req-050e5ddc-510c-4f17-964d-08881146869d ] Request (ServersTestFqdnHostnames:test_create_server_with_fqdn_name): 200 GET http://10.180.1.21/compute/v2.1/servers/2b60c927-0466-46f5-8695-78c19010f1c9 0.106s
2025-04-16 15:29:11.257 71249 INFO tempest.lib.common.rest_client [req-a434a883-a3da-4a16-903e-5eea1a78b50f req-a434a883-a3da-4a16-903e-5eea1a78b50f ] Request (ImagesOneServerTestJSON:test_create_delete_image): 200 GET http://10.180.1.21/compute/v2.1/images/4f0637d3-d49c-43de-870e-ceea523aadbc 0.107s
2025-04-16 15:29:11.296 71239 WARNING tempest.lib.common.ssh [-] Failed to establish authenticated ssh connection to cirros@10.180.180.199 ([Errno None] Unable to connect to port 22 on 10.180.180.199). Number attempts: 8. Retry after 9 seconds.: paramiko.ssh_exception.NoValidConnectionsError: [Errno None] Unable to connect to port 22 on 10.180.180.199
2025-04-16 15:29:11.312 71235 INFO tempest.lib.common.rest_client [req-eeb8e325-6ca2-49b0-bb81-2dee99151156 req-eeb8e325-6ca2-49b0-bb81-2dee99151156 ] Request (ServerShowV247Test:test_update_rebuild_list_server): 200 GET http://10.180.1.21/compute/v2.1/servers/76832b17-5bf1-4966-b42f-ad77fb4af035 0.095s
2025-04-16 15:29:11.357 71225 INFO tempest.lib.common.rest_client [req-c175e2b4-6326-4c7c-b6e0-2d916d048096 req-c175e2b4-6326-4c7c-b6e0-2d916d048096 ] Request (ServersAdminTestJSON:setUpClass): 200 GET http://10.180.1.21/compute/v2.1/servers/397d8981-9976-408a-8c4b-927bea267653 0.137s
2025-04-16 15:29:11.378 71213 INFO tempest.lib.common.rest_client [req-243cb10f-bce7-4f19-9ba6-4195aa7db3d4 req-243cb10f-bce7-4f19-9ba6-4195aa7db3d4 ] Request (ListImageFiltersTestJSON:setUpClass): 200 GET http://10.180.1.21/compute/v2.1/servers/dc8a589e-3d62-4aab-9b44-85cb242b6a7c 0.147s
2025-04-16 15:29:11.431 71243 INFO tempest.lib.common.rest_client [req-4e31f4f0-1a05-4919-a9d7-c977c30a33dd req-4e31f4f0-1a05-4919-a9d7-c977c30a33dd ] Request (DeleteServersAdminTestJSON:test_delete_server_while_in_error_state): 200 GET http://10.180.1.21/compute/v2.1/servers/f17585da-df68-4dc5-b7f5-2bd51aa0c645 0.161s
2025-04-16 15:29:11.444 71191 INFO tempest.lib.common.rest_client [req-d00c1913-3522-4544-a3a1-10da9835dd51 req-d00c1913-3522-4544-a3a1-10da9835dd51 ] Request (ServerDiskConfigTestJSON:test_rebuild_server_with_manual_disk_config): 200 GET http://10.180.1.21/compute/v2.1/servers/9c9d1dea-cafa-4e05-8f35-7a5eda4037db 0.141s
2025-04-16 15:29:11.468 71225 INFO tempest.lib.common.rest_client [req-7af51268-44a3-4546-a0f7-57eadd84c08f req-7af51268-44a3-4546-a0f7-57eadd84c08f ] Request (ServersAdminTestJSON:test_create_server_with_scheduling_hint): 201 POST http://10.180.1.21/identity/v3/auth/tokens 0.098s
2025-04-16 15:29:11.468 71225 INFO tempest.lib.common.fixed_network [-] (ServersAdminTestJSON:test_create_server_with_scheduling_hint) Found network {'id': '39598f82-7dda-4887-9817-8857863dc385', 'name': 'tempest-ServersAdminTestJSON-506866939-network', 'tenant_id': 'c5d3cd1f729e4c2a8012e75154c856f8', 'admin_state_up': True, 'mtu': 8950, 'status': 'ACTIVE', 'subnets': [], 'shared': False, 'project_id': 'c5d3cd1f729e4c2a8012e75154c856f8', 'port_security_enabled': True, 'router:external': False, 'provider:network_type': 'vlan', 'provider:physical_network': 'default', 'provider:segmentation_id': 93, 'availability_zone_hints': [], 'availability_zones': [], 'ipv4_address_scope': None, 'ipv6_address_scope': None, 'description': '', 'tags': [], 'created_at': '2025-04-16T15:27:41Z', 'updated_at': '2025-04-16T15:27:41Z', 'revision_number': 1} available for tenant
2025-04-16 15:29:11.495 71247 INFO tempest.lib.common.rest_client [req-619ab316-8c79-40cc-ad4a-f68f69865619 req-619ab316-8c79-40cc-ad4a-f68f69865619 ] Request (VolumesAssistedSnapshotsTest:tearDownClass): 204 DELETE http://10.180.1.21:9696/networking/v2.0/routers/7b33fc37-a265-4df0-83b1-8f2890d434af 0.558s
2025-04-16 15:29:11.519 71251 INFO tempest.lib.common.rest_client [req-33fd6b42-500d-4c29-ac9c-dcabd88375e2 req-33fd6b42-500d-4c29-ac9c-dcabd88375e2 ] Request (ServerAddressesTestJSON:tearDownClass): 200 GET http://10.180.1.21/compute/v2.1/servers/b0535c7e-465f-4e80-9b9b-b455b9c3a98c 0.177s
2025-04-16 15:29:11.524 71245 INFO tempest.lib.common.rest_client [req-de9a255f-3156-45ab-9609-b0dcb93a271d req-de9a255f-3156-45ab-9609-b0dcb93a271d ] Request (DeleteServersTestJSON:test_delete_server_while_in_attached_volume): 200 GET http://10.180.1.21/compute/v2.1/servers/a2fc32ff-5e81-4cd9-ad18-0d70707b1ab7 0.141s
2025-04-16 15:29:11.576 71199 INFO tempest.lib.common.rest_client [req-370e0276-cf56-49f7-93c0-f77c78f74b72 req-370e0276-cf56-49f7-93c0-f77c78f74b72 ] Request (FloatingIPsAssociationNegativeTestJSON:setUpClass): 200 GET http://10.180.1.21/compute/v2.1/servers/f58ffc5d-fd70-490d-8389-6319b1b27eff 0.131s
2025-04-16 15:29:11.590 71195 INFO tempest.lib.common.rest_client [req-f1105284-5895-40c6-bdb4-85936a9d2975 req-f1105284-5895-40c6-bdb4-85936a9d2975 ] Request (ServersAdminNegativeTestJSON:setUpClass): 200 GET http://10.180.1.21/compute/v2.1/servers/3aab379f-893b-4fc8-a5bf-1189ae26ca2f 0.162s
2025-04-16 15:29:11.637 71229 WARNING tempest.lib.common.ssh [-] Failed to establish authenticated ssh connection to cirros@10.180.180.173 ([Errno None] Unable to connect to port 22 on 10.180.180.173). Number attempts: 4. Retry after 5 seconds.: paramiko.ssh_exception.NoValidConnectionsError: [Errno None] Unable to connect to port 22 on 10.180.180.173
2025-04-16 15:29:11.643 71227 INFO tempest.lib.common.rest_client [req-50819e84-58d6-440f-9f3f-ae0f705cf745 req-50819e84-58d6-440f-9f3f-ae0f705cf745 ] Request (AttachVolumeShelveTestJSON:test_attach_volume_shelved_or_offload_server): 200 GET http://10.180.1.21/compute/v2.1/servers/9f9fe874-7dac-44a5-9673-d623930b15e9 0.154s
2025-04-16 15:29:11.649 71247 INFO tempest.lib.common.rest_client [req-c1de79a6-6e0f-4956-8d12-136f15ed5bcf req-c1de79a6-6e0f-4956-8d12-136f15ed5bcf ] Request (VolumesAssistedSnapshotsTest:tearDownClass): 204 DELETE http://10.180.1.21:9696/networking/v2.0/subnets/47c1a743-5239-4ad1-8f0a-1b647feb56f0 0.153s
2025-04-16 15:29:11.708 71253 INFO tempest.lib.common.rest_client [req-b3b41e7a-4631-45eb-b235-9b24014b2651 req-b3b41e7a-4631-45eb-b235-9b24014b2651 ] Request (FloatingIPsAssociationTestJSON:tearDownClass): 200 GET http://10.180.1.21/compute/v2.1/servers/acd86542-d115-4a88-b6e5-3133e456b45b 0.180s
2025-04-16 15:29:11.738 71207 WARNING tempest.lib.common.ssh [-] Failed to establish authenticated ssh connection to cirros@10.180.180.150 ([Errno None] Unable to connect to port 22 on 10.180.180.150). Number attempts: 2. Retry after 3 seconds.: paramiko.ssh_exception.NoValidConnectionsError: [Errno None] Unable to connect to port 22 on 10.180.180.150
2025-04-16 15:29:11.765 71219 INFO tempest.lib.common.rest_client [req-9a53442a-922c-4bf3-8fbe-6feb6c0675e4 req-9a53442a-922c-4bf3-8fbe-6feb6c0675e4 ] Request (MigrationsAdminTest:test_resize_server_revert_deleted_flavor): 200 GET http://10.180.1.21/compute/v2.1/servers/657f22ba-cbc4-4bc2-a1cd-9cf7b9b912ed 0.221s
2025-04-16 15:29:11.815 71211 INFO tempest.lib.common.rest_client [req-1eaf99bd-32df-4ab1-9c4d-c03470215c07 req-1eaf99bd-32df-4ab1-9c4d-c03470215c07 ] Request (SecurityGroupsTestJSON:test_server_security_groups): 200 GET http://10.180.1.21/compute/v2.1/servers/9e03ec3e-a5fe-47e0-9fee-3d86fa604b12 0.229s
2025-04-16 15:29:11.836 71225 INFO tempest.lib.common.rest_client [req-b2d7515d-124b-485f-bb02-7b9c8ffa640c req-b2d7515d-124b-485f-bb02-7b9c8ffa640c ] Request (ServersAdminTestJSON:test_create_server_with_scheduling_hint): 202 POST http://10.180.1.21/compute/v2.1/servers 0.367s
2025-04-16 15:29:11.882 71217 INFO tempest.lib.common.rest_client [req-d312f858-b7ac-4eb2-b70d-d994b0fcc045 req-d312f858-b7ac-4eb2-b70d-d994b0fcc045 ] Request (InstanceActionsNegativeTestJSON:tearDownClass): 200 GET http://10.180.1.21/compute/v2.1/servers/259f5513-b60b-4dd9-97ce-829ca51896d4 0.224s
2025-04-16 15:29:11.890 71224 INFO tempest.lib.common.rest_client [req-d9774675-52d7-44f5-9603-ef8f779a09f3 req-d9774675-52d7-44f5-9603-ef8f779a09f3 ] Request (ImagesOneServerNegativeTestJSON:_run_cleanups): 200 GET http://10.180.1.21/compute/v2.1/servers/2b45d5ab-8870-4d3c-b645-d7587fb9466f 0.212s
2025-04-16 15:29:11.926 71247 INFO tempest.lib.common.rest_client [req-3286044e-f879-4942-b6f6-3fccba7d6b22 req-3286044e-f879-4942-b6f6-3fccba7d6b22 ] Request (VolumesAssistedSnapshotsTest:tearDownClass): 204 DELETE http://10.180.1.21:9696/networking/v2.0/networks/553a2810-ca90-457e-9bb2-e1d808b3aaa2 0.276s
2025-04-16 15:29:11.953 71201 INFO tempest.lib.common.rest_client [req-b69e27e7-7ad2-4636-8e18-7580d0f3be39 req-b69e27e7-7ad2-4636-8e18-7580d0f3be39 ] Request (ServersTestMultiNic:_run_cleanups): 200 GET http://10.180.1.21/compute/v2.1/servers/c10d4e2a-98bb-4195-841e-e22b89a22496 0.217s
2025-04-16 15:29:11.989 71221 INFO tempest.lib.common.rest_client [req-6caff58a-d6d1-43f1-a605-299221bcf195 req-6caff58a-d6d1-43f1-a605-299221bcf195 ] Request (TenantUsagesTestJSON:setUpClass): 200 GET http://10.180.1.21/compute/v2.1/servers/73ca3686-48f5-4044-8dc4-676d48e964a8 0.255s
2025-04-16 15:29:11.996 71221 INFO tempest.common.waiters [-] State transition "BUILD/networking" ==> "BUILD/spawning" after 67 second wait
2025-04-16 15:29:12.005 71197 INFO tempest.lib.common.rest_client [req-d3051de5-d50c-4fe2-8c7d-9f15fbc07c0d req-d3051de5-d50c-4fe2-8c7d-9f15fbc07c0d ] Request (MultipleCreateTestJSON:test_multiple_create): 200 GET http://10.180.1.21/compute/v2.1/servers/c2741fec-4444-45f0-977f-6bdb23ab33cf 0.214s
2025-04-16 15:29:12.014 71247 INFO tempest.lib.common.rest_client [req-5d4f4942-c263-4b71-9a77-62a9365a76ed req-5d4f4942-c263-4b71-9a77-62a9365a76ed ] Request (VolumesAssistedSnapshotsTest:tearDownClass): 204 DELETE http://10.180.1.21/identity/v3/users/781601c1a1b94885891fa7fe4798d2b3 0.088s
2025-04-16 15:29:12.025 71225 INFO tempest.lib.common.rest_client [req-19fd5c6d-5643-4912-acb1-c9d1ceef889d req-19fd5c6d-5643-4912-acb1-c9d1ceef889d ] Request (ServersAdminTestJSON:test_create_server_with_scheduling_hint): 200 GET http://10.180.1.21/compute/v2.1/servers/946c11d6-0358-4977-9428-97811ae196d2 0.187s
2025-04-16 15:29:12.102 71247 INFO tempest.lib.common.rest_client [req-67f66e2a-f330-494b-8e47-25987d805a29 req-67f66e2a-f330-494b-8e47-25987d805a29 ] Request (VolumesAssistedSnapshotsTest:tearDownClass): 204 DELETE http://10.180.1.21/identity/v3/users/9ddc52c86ab443ae8df5deef75256997 0.087s
2025-04-16 15:29:12.111 71233 INFO tempest.lib.common.rest_client [req-4f027af6-acc3-4bf8-bc9f-acf7fbed9102 req-4f027af6-acc3-4bf8-bc9f-acf7fbed9102 ] Request (AttachInterfacesTestJSON:test_create_list_show_delete_interfaces_by_fixed_ip): 200 GET http://10.180.1.21/compute/v2.1/servers/dc670653-4db2-4482-9b29-b3d9853a3593 0.055s
2025-04-16 15:29:12.188 71231 INFO tempest.lib.common.rest_client [req-809e0b9c-5703-4610-83d8-67f7164e216d req-809e0b9c-5703-4610-83d8-67f7164e216d ] Request (ImagesTestJSON:test_create_server_from_snapshot): 200 GET http://10.180.1.21/compute/v2.1/servers/1d74930b-c52f-4986-a86e-7e30fc5a8185 0.057s
2025-04-16 15:29:12.209 71247 INFO tempest.lib.common.rest_client [req-29d7d0a0-83fe-4b59-8025-e15b25a5a4bc req-29d7d0a0-83fe-4b59-8025-e15b25a5a4bc ] Request (VolumesAssistedSnapshotsTest:tearDownClass): 204 DELETE http://10.180.1.21/identity/v3/users/8f209d2a76234d13837b5cec580d9250 0.106s
2025-04-16 15:29:12.209 71247 INFO tempest.lib.common.dynamic_creds [-] Deleting project and security group for project: f2b350a80aa5465c8dfcfbb34f6c5812
2025-04-16 15:29:12.245 71247 INFO tempest.lib.common.rest_client [req-567f6e62-2b0f-4e31-a8d6-6155c05b8e29 req-567f6e62-2b0f-4e31-a8d6-6155c05b8e29 ] Request (VolumesAssistedSnapshotsTest:tearDownClass): 200 GET http://10.180.1.21:9696/networking/v2.0/security-groups?tenant_id=f2b350a80aa5465c8dfcfbb34f6c5812&name=default 0.036s
2025-04-16 15:29:12.267 71205 INFO tempest.lib.common.rest_client [req-46cdfdb2-0a4c-4588-b0ee-db2d9fed39b9 req-46cdfdb2-0a4c-4588-b0ee-db2d9fed39b9 ] Request (InstanceActionsTestJSON:setUpClass): 200 GET http://10.180.1.21/compute/v2.1/servers/3eb38467-b7d0-45bb-ab62-098e3e381853 0.067s
2025-04-16 15:29:12.301 71249 INFO tempest.lib.common.rest_client [req-2eb1b82a-7e69-4ac1-8787-0aeadadf568e req-2eb1b82a-7e69-4ac1-8787-0aeadadf568e ] Request (ImagesOneServerTestJSON:test_create_delete_image): 200 GET http://10.180.1.21/compute/v2.1/images/4f0637d3-d49c-43de-870e-ceea523aadbc 0.039s
2025-04-16 15:29:12.337 71249 INFO tempest.lib.common.rest_client [req-e027f76b-39cf-445b-8df3-f93209e3648e req-e027f76b-39cf-445b-8df3-f93209e3648e ] Request (ImagesOneServerTestJSON:test_create_delete_image): 200 GET http://10.180.1.21/compute/v2.1/images/4f0637d3-d49c-43de-870e-ceea523aadbc 0.033s
2025-04-16 15:29:12.338 71209 INFO tempest.lib.common.rest_client [req-3fa4d606-2dad-4686-bc0f-b4553123d092 req-3fa4d606-2dad-4686-bc0f-b4553123d092 ] Request (ServersTestFqdnHostnames:test_create_server_with_fqdn_name): 200 GET http://10.180.1.21/compute/v2.1/servers/2b60c927-0466-46f5-8695-78c19010f1c9 0.081s
2025-04-16 15:29:12.380 71247 INFO tempest.lib.common.rest_client [req-c9ccb79e-d727-454f-8347-2045001c76ee req-c9ccb79e-d727-454f-8347-2045001c76ee ] Request (VolumesAssistedSnapshotsTest:tearDownClass): 204 DELETE http://10.180.1.21:9696/networking/v2.0/security-groups/20a001a0-13b0-40cc-b129-a036131e8812 0.134s
2025-04-16 15:29:12.407 71235 INFO tempest.lib.common.rest_client [req-c9ca1581-76ae-42b8-a12f-634edb44bcd0 req-c9ca1581-76ae-42b8-a12f-634edb44bcd0 ] Request (ServerShowV247Test:test_update_rebuild_list_server): 200 GET http://10.180.1.21/compute/v2.1/servers/76832b17-5bf1-4966-b42f-ad77fb4af035 0.084s
2025-04-16 15:29:12.477 71213 INFO tempest.lib.common.rest_client [req-2533ff39-408d-48d7-b6f5-3b2f0a914992 req-2533ff39-408d-48d7-b6f5-3b2f0a914992 ] Request (ListImageFiltersTestJSON:setUpClass): 200 GET http://10.180.1.21/compute/v2.1/servers/dc8a589e-3d62-4aab-9b44-85cb242b6a7c 0.086s
2025-04-16 15:29:12.502 71249 INFO tempest.lib.common.rest_client [req-88add83d-317e-49d1-81f0-b7b535079cba req-88add83d-317e-49d1-81f0-b7b535079cba ] Request (ImagesOneServerTestJSON:test_create_delete_image): 200 GET http://10.180.1.21/compute/v2.1/servers/4d388e5d-4fb7-429f-bfe1-ad7ee7baacd7 0.161s
2025-04-16 15:29:12.532 71247 INFO tempest.lib.common.rest_client [req-500c24b6-e5c0-4402-9ad7-87ce88cae029 req-500c24b6-e5c0-4402-9ad7-87ce88cae029 ] Request (VolumesAssistedSnapshotsTest:tearDownClass): 204 DELETE http://10.180.1.21/identity/v3/projects/f2b350a80aa5465c8dfcfbb34f6c5812 0.152s
2025-04-16 15:29:12.532 71247 INFO tempest.lib.common.dynamic_creds [-] Deleting project and security group for project: e9d22c5ac7ef48538c76b2b117cadb2a
2025-04-16 15:29:12.557 71243 INFO tempest.lib.common.rest_client [req-61496035-5103-42f9-93bf-bef255f864fe req-61496035-5103-42f9-93bf-bef255f864fe ] Request (DeleteServersAdminTestJSON:test_delete_server_while_in_error_state): 200 GET http://10.180.1.21/compute/v2.1/servers/f17585da-df68-4dc5-b7f5-2bd51aa0c645 0.117s
2025-04-16 15:29:12.560 71191 INFO tempest.lib.common.rest_client [req-b06e2a40-2ad4-4ba6-8931-3eac0ec3ff82 req-b06e2a40-2ad4-4ba6-8931-3eac0ec3ff82 ] Request (ServerDiskConfigTestJSON:test_rebuild_server_with_manual_disk_config): 200 GET http://10.180.1.21/compute/v2.1/servers/9c9d1dea-cafa-4e05-8f35-7a5eda4037db 0.104s
2025-04-16 15:29:12.569 71247 INFO tempest.lib.common.rest_client [req-340cd747-e481-4591-95da-04750cace806 req-340cd747-e481-4591-95da-04750cace806 ] Request (VolumesAssistedSnapshotsTest:tearDownClass): 200 GET http://10.180.1.21:9696/networking/v2.0/security-groups?tenant_id=e9d22c5ac7ef48538c76b2b117cadb2a&name=default 0.036s
2025-04-16 15:29:12.625 71245 INFO tempest.lib.common.rest_client [req-f73db8af-c295-41ef-a529-4bddd7bb34ba req-f73db8af-c295-41ef-a529-4bddd7bb34ba ] Request (DeleteServersTestJSON:test_delete_server_while_in_attached_volume): 200 GET http://10.180.1.21/compute/v2.1/servers/a2fc32ff-5e81-4cd9-ad18-0d70707b1ab7 0.093s
2025-04-16 15:29:12.635 71251 INFO tempest.lib.common.rest_client [req-bbfbad16-167e-4eac-94a3-e41f7e7dc3f0 req-bbfbad16-167e-4eac-94a3-e41f7e7dc3f0 ] Request (ServerAddressesTestJSON:tearDownClass): 200 GET http://10.180.1.21/compute/v2.1/servers/b0535c7e-465f-4e80-9b9b-b455b9c3a98c 0.108s
2025-04-16 15:29:12.677 71199 INFO tempest.lib.common.rest_client [req-0087c0cf-7c4e-4ae5-945e-28f260dbf8e9 req-0087c0cf-7c4e-4ae5-945e-28f260dbf8e9 ] Request (FloatingIPsAssociationNegativeTestJSON:setUpClass): 200 GET http://10.180.1.21/compute/v2.1/servers/f58ffc5d-fd70-490d-8389-6319b1b27eff 0.091s
2025-04-16 15:29:12.686 71195 INFO tempest.lib.common.rest_client [req-6f4374e5-fe12-4fae-a007-0173010561f4 req-6f4374e5-fe12-4fae-a007-0173010561f4 ] Request (ServersAdminNegativeTestJSON:setUpClass): 200 GET http://10.180.1.21/compute/v2.1/servers/3aab379f-893b-4fc8-a5bf-1189ae26ca2f 0.088s
2025-04-16 15:29:12.694 71247 INFO tempest.lib.common.rest_client [req-5cf5682c-056f-4d46-92bf-5ea6106cb89a req-5cf5682c-056f-4d46-92bf-5ea6106cb89a ] Request (VolumesAssistedSnapshotsTest:tearDownClass): 204 DELETE http://10.180.1.21:9696/networking/v2.0/security-groups/369d873f-5b98-4f72-b2d1-7df8a858d80e 0.124s
2025-04-16 15:29:12.738 71227 INFO tempest.lib.common.rest_client [req-e81a3cc1-42e3-4a8f-b281-a4638d4f5664 req-e81a3cc1-42e3-4a8f-b281-a4638d4f5664 ] Request (AttachVolumeShelveTestJSON:test_attach_volume_shelved_or_offload_server): 200 GET http://10.180.1.21/compute/v2.1/servers/9f9fe874-7dac-44a5-9673-d623930b15e9 0.085s
2025-04-16 15:29:12.792 71253 INFO tempest.lib.common.rest_client [req-f968fc26-86cc-46df-9a4b-bc44fa96b568 req-f968fc26-86cc-46df-9a4b-bc44fa96b568 ] Request (FloatingIPsAssociationTestJSON:tearDownClass): 200 GET http://10.180.1.21/compute/v2.1/servers/acd86542-d115-4a88-b6e5-3133e456b45b 0.070s
2025-04-16 15:29:12.801 71247 INFO tempest.lib.common.rest_client [req-a7abece4-f20c-4e04-8af1-544403867041 req-a7abece4-f20c-4e04-8af1-544403867041 ] Request (VolumesAssistedSnapshotsTest:tearDownClass): 204 DELETE http://10.180.1.21/identity/v3/projects/e9d22c5ac7ef48538c76b2b117cadb2a 0.107s
2025-04-16 15:29:12.802 71247 INFO tempest.lib.common.dynamic_creds [-] Deleting project and security group for project: da33fe32136946a887e785c806192be0
2025-04-16 15:29:12.831 71219 INFO tempest.lib.common.rest_client [req-031c533f-0a47-4ee2-b4fd-fb1bfc3cc74b req-031c533f-0a47-4ee2-b4fd-fb1bfc3cc74b ] Request (MigrationsAdminTest:test_resize_server_revert_deleted_flavor): 200 GET http://10.180.1.21/compute/v2.1/servers/657f22ba-cbc4-4bc2-a1cd-9cf7b9b912ed 0.057s
2025-04-16 15:29:12.838 71247 INFO tempest.lib.common.rest_client [req-980c56fc-985b-4ca5-8a9b-4cd059d8a9ba req-980c56fc-985b-4ca5-8a9b-4cd059d8a9ba ] Request (VolumesAssistedSnapshotsTest:tearDownClass): 200 GET http://10.180.1.21:9696/networking/v2.0/security-groups?tenant_id=da33fe32136946a887e785c806192be0&name=default 0.036s
2025-04-16 15:29:12.882 71211 INFO tempest.lib.common.rest_client [req-91942189-8dc9-42b4-a0f9-f3cce2e31e42 req-91942189-8dc9-42b4-a0f9-f3cce2e31e42 ] Request (SecurityGroupsTestJSON:test_server_security_groups): 200 GET http://10.180.1.21/compute/v2.1/servers/9e03ec3e-a5fe-47e0-9fee-3d86fa604b12 0.059s
2025-04-16 15:29:12.923 71247 INFO tempest.lib.common.rest_client [req-9d7dd528-67d7-4a45-9c96-f2147ebcc0d7 req-9d7dd528-67d7-4a45-9c96-f2147ebcc0d7 ] Request (VolumesAssistedSnapshotsTest:tearDownClass): 204 DELETE http://10.180.1.21:9696/networking/v2.0/security-groups/08470f47-23cf-429b-9cd9-4387f86217f3 0.084s
2025-04-16 15:29:12.956 71217 INFO tempest.lib.common.rest_client [req-ca9bb8ba-a46c-4e7d-b3af-f50676db7c4c req-ca9bb8ba-a46c-4e7d-b3af-f50676db7c4c ] Request (InstanceActionsNegativeTestJSON:tearDownClass): 200 GET http://10.180.1.21/compute/v2.1/servers/259f5513-b60b-4dd9-97ce-829ca51896d4 0.066s
2025-04-16 15:29:12.963 71224 INFO tempest.lib.common.rest_client [req-de59018a-72d0-4ad9-958b-19c8de991060 req-de59018a-72d0-4ad9-958b-19c8de991060 ] Request (ImagesOneServerNegativeTestJSON:_run_cleanups): 200 GET http://10.180.1.21/compute/v2.1/servers/2b45d5ab-8870-4d3c-b645-d7587fb9466f 0.065s
2025-04-16 15:29:13.014 71247 INFO tempest.lib.common.rest_client [req-0877d3f2-c8c0-4cd8-b12d-0e5b41b16f14 req-0877d3f2-c8c0-4cd8-b12d-0e5b41b16f14 ] Request (VolumesAssistedSnapshotsTest:tearDownClass): 204 DELETE http://10.180.1.21/identity/v3/projects/da33fe32136946a887e785c806192be0 0.091s
2025-04-16 15:29:13.071 71247 INFO tempest.lib.common.rest_client [req-e25d1b41-bbf2-48be-81e3-666f213c9a28 req-e25d1b41-bbf2-48be-81e3-666f213c9a28 ] Request (InstanceUsageAuditLogTestJSON:setUpClass): 201 POST http://10.180.1.21/identity/v3/auth/tokens 0.055s
2025-04-16 15:29:13.090 71221 INFO tempest.lib.common.rest_client [req-3d5f010a-1c92-41e8-bdb8-b9d17abfe0b9 req-3d5f010a-1c92-41e8-bdb8-b9d17abfe0b9 ] Request (TenantUsagesTestJSON:setUpClass): 200 GET http://10.180.1.21/compute/v2.1/servers/73ca3686-48f5-4044-8dc4-676d48e964a8 0.093s
2025-04-16 15:29:13.125 71247 INFO tempest.lib.common.rest_client [req-d834272e-4a59-4075-b0a8-1d68e4a86437 req-d834272e-4a59-4075-b0a8-1d68e4a86437 ] Request (InstanceUsageAuditLogTestJSON:setUpClass): 201 POST http://10.180.1.21/identity/v3/auth/tokens 0.050s
2025-04-16 15:29:13.149 71197 INFO tempest.lib.common.rest_client [req-2508398d-3dc1-45e9-a2c5-1a68659b5412 req-2508398d-3dc1-45e9-a2c5-1a68659b5412 ] Request (MultipleCreateTestJSON:test_multiple_create): 200 GET http://10.180.1.21/compute/v2.1/servers/c2741fec-4444-45f0-977f-6bdb23ab33cf 0.133s
2025-04-16 15:29:13.161 71247 INFO tempest.lib.common.rest_client [req-5224aec6-bc87-48a0-bb31-c71b00655cd5 req-5224aec6-bc87-48a0-bb31-c71b00655cd5 ] Request (InstanceUsageAuditLogTestJSON:setUpClass): 200 GET http://10.180.1.21/identity/v3/domains?name=Default 0.035s
2025-04-16 15:29:13.200 71247 INFO tempest.lib.common.rest_client [req-057cf892-ba93-404f-855d-abefea1791c3 req-057cf892-ba93-404f-855d-abefea1791c3 ] Request (InstanceUsageAuditLogTestJSON:setUpClass): 201 POST http://10.180.1.21/identity/v3/projects 0.038s
2025-04-16 15:29:13.207 71225 INFO tempest.lib.common.rest_client [req-e8f5e08a-667f-4e39-9f64-04d9b34cfdc8 req-e8f5e08a-667f-4e39-9f64-04d9b34cfdc8 ] Request (ServersAdminTestJSON:test_create_server_with_scheduling_hint): 200 GET http://10.180.1.21/compute/v2.1/servers/946c11d6-0358-4977-9428-97811ae196d2 0.174s
2025-04-16 15:29:13.248 71201 INFO tempest.lib.common.rest_client [req-b80bccd9-ad1c-4bca-915b-ce2a8227c7e3 req-b80bccd9-ad1c-4bca-915b-ce2a8227c7e3 ] Request (ServersTestMultiNic:_run_cleanups): 200 GET http://10.180.1.21/compute/v2.1/servers/c10d4e2a-98bb-4195-841e-e22b89a22496 0.286s
2025-04-16 15:29:13.272 71247 INFO tempest.lib.common.rest_client [req-63aa902d-9f5d-4bc4-a79c-6ddea9f6c4e4 req-63aa902d-9f5d-4bc4-a79c-6ddea9f6c4e4 ] Request (InstanceUsageAuditLogTestJSON:setUpClass): 201 POST http://10.180.1.21/identity/v3/users 0.071s
2025-04-16 15:29:13.272 71233 INFO tempest.lib.common.rest_client [req-2bf5c928-23ce-47f5-9e52-2903a3e908b0 req-2bf5c928-23ce-47f5-9e52-2903a3e908b0 ] Request (AttachInterfacesTestJSON:test_create_list_show_delete_interfaces_by_fixed_ip): 200 GET http://10.180.1.21/compute/v2.1/servers/dc670653-4db2-4482-9b29-b3d9853a3593 0.150s
2025-04-16 15:29:13.296 71247 INFO tempest.lib.common.rest_client [req-96d81de8-66c4-4ca1-8f95-4866846fc56e req-96d81de8-66c4-4ca1-8f95-4866846fc56e ] Request (InstanceUsageAuditLogTestJSON:setUpClass): 200 GET http://10.180.1.21/identity/v3/roles 0.023s
2025-04-16 15:29:13.312 71231 INFO tempest.lib.common.rest_client [req-d9f59886-88f3-4e2a-ace1-661c116b8fd3 req-d9f59886-88f3-4e2a-ace1-661c116b8fd3 ] Request (ImagesTestJSON:test_create_server_from_snapshot): 200 GET http://10.180.1.21/compute/v2.1/servers/1d74930b-c52f-4986-a86e-7e30fc5a8185 0.111s
2025-04-16 15:29:13.331 71247 INFO tempest.lib.common.rest_client [req-62edb9f0-787f-4574-9f4e-404850542786 req-62edb9f0-787f-4574-9f4e-404850542786 ] Request (InstanceUsageAuditLogTestJSON:setUpClass): 204 PUT http://10.180.1.21/identity/v3/projects/32b44d4575d44b6a8b1895144d8e3664/users/d3bd59989498411b89b7022ffaee1c4e/roles/75911c2eb97f430ab83f57a4aeac3e5b 0.034s
2025-04-16 15:29:13.331 71247 INFO tempest.lib.common.dynamic_creds [-] Dynamic test user d3bd59989498411b89b7022ffaee1c4e is created with scope project and roles: ['member']
2025-04-16 15:29:13.331 71247 INFO tempest.lib.common.dynamic_creds [-] Acquired dynamic creds: credentials: Credentials: {'domain_id': 'default', 'domain_name': 'Default', 'username': 'tempest-InstanceUsageAuditLogTestJSON-837864012-project-member', 'project_domain_id': 'default', 'project_domain_name': 'Default', 'project_id': '32b44d4575d44b6a8b1895144d8e3664', 'project_name': 'tempest-InstanceUsageAuditLogTestJSON-837864012', 'tenant_id': '32b44d4575d44b6a8b1895144d8e3664', 'tenant_name': 'tempest-InstanceUsageAuditLogTestJSON-837864012', 'user_domain_id': 'default', 'user_domain_name': 'Default', 'user_id': 'd3bd59989498411b89b7022ffaee1c4e', 'system': None}, Network: None, Subnet: None, Router: None
2025-04-16 15:29:13.331 71247 INFO tempest.lib.common.dynamic_creds [-] Created isolated network resources for: credentials: Credentials: {'domain_id': 'default', 'domain_name': 'Default', 'username': 'tempest-InstanceUsageAuditLogTestJSON-837864012-project-member', 'project_domain_id': 'default', 'project_domain_name': 'Default', 'project_id': '32b44d4575d44b6a8b1895144d8e3664', 'project_name': 'tempest-InstanceUsageAuditLogTestJSON-837864012', 'tenant_id': '32b44d4575d44b6a8b1895144d8e3664', 'tenant_name': 'tempest-InstanceUsageAuditLogTestJSON-837864012', 'user_domain_id': 'default', 'user_domain_name': 'Default', 'user_id': 'd3bd59989498411b89b7022ffaee1c4e', 'system': None}, Network: None, Subnet: None, Router: None
2025-04-16 15:29:13.343 71205 INFO tempest.lib.common.rest_client [req-7e9e0bbe-cd1d-4e9c-b5ff-c4cb5edc4785 req-7e9e0bbe-cd1d-4e9c-b5ff-c4cb5edc4785 ] Request (InstanceActionsTestJSON:setUpClass): 200 GET http://10.180.1.21/compute/v2.1/servers/3eb38467-b7d0-45bb-ab62-098e3e381853 0.064s
2025-04-16 15:29:13.396 71247 INFO tempest.lib.common.rest_client [req-87119f56-ae9d-4b17-85cf-6aa8f1ca5fea req-87119f56-ae9d-4b17-85cf-6aa8f1ca5fea ] Request (InstanceUsageAuditLogTestJSON:setUpClass): 201 POST http://10.180.1.21/identity/v3/auth/tokens 0.062s
2025-04-16 15:29:13.398 71209 INFO tempest.lib.common.rest_client [req-65e77775-89a0-4aaa-9eb9-b7aea9565f30 req-65e77775-89a0-4aaa-9eb9-b7aea9565f30 ] Request (ServersTestFqdnHostnames:test_create_server_with_fqdn_name): 200 GET http://10.180.1.21/compute/v2.1/servers/2b60c927-0466-46f5-8695-78c19010f1c9 0.047s
2025-04-16 15:29:13.470 71247 INFO tempest.lib.common.rest_client [req-3155f6ba-6458-4ac7-9988-a69e20363e7a req-3155f6ba-6458-4ac7-9988-a69e20363e7a ] Request (InstanceUsageAuditLogTestJSON:setUpClass): 201 POST http://10.180.1.21/identity/v3/projects 0.073s
2025-04-16 15:29:13.512 71235 INFO tempest.lib.common.rest_client [req-902d5993-0e72-4bd1-86f3-1ffed927eaec req-902d5993-0e72-4bd1-86f3-1ffed927eaec ] Request (ServerShowV247Test:test_update_rebuild_list_server): 200 GET http://10.180.1.21/compute/v2.1/servers/76832b17-5bf1-4966-b42f-ad77fb4af035 0.094s
2025-04-16 15:29:13.543 71247 INFO tempest.lib.common.rest_client [req-91365280-0baa-4109-8a3b-ea0bbb8363cd req-91365280-0baa-4109-8a3b-ea0bbb8363cd ] Request (InstanceUsageAuditLogTestJSON:setUpClass): 201 POST http://10.180.1.21/identity/v3/users 0.073s
2025-04-16 15:29:13.566 71247 INFO tempest.lib.common.rest_client [req-79a82b78-fd93-405b-9af5-280834a24914 req-79a82b78-fd93-405b-9af5-280834a24914 ] Request (InstanceUsageAuditLogTestJSON:setUpClass): 200 GET http://10.180.1.21/identity/v3/roles 0.022s
2025-04-16 15:29:13.596 71247 INFO tempest.lib.common.rest_client [req-deba4b7b-c008-4ca4-9a08-ba77b18ef2b7 req-deba4b7b-c008-4ca4-9a08-ba77b18ef2b7 ] Request (InstanceUsageAuditLogTestJSON:setUpClass): 204 PUT http://10.180.1.21/identity/v3/projects/ae1e3ad428b14fef82ae8aa8d3e07587/users/6e399d0dc93c4ac6b2667de099f660ac/roles/767b4b38d1b244f0aeea22e08a6e5330 0.029s
2025-04-16 15:29:13.650 71213 INFO tempest.lib.common.rest_client [req-0095daca-c672-41cf-962b-027dd6d64824 req-0095daca-c672-41cf-962b-027dd6d64824 ] Request (ListImageFiltersTestJSON:setUpClass): 200 GET http://10.180.1.21/compute/v2.1/servers/dc8a589e-3d62-4aab-9b44-85cb242b6a7c 0.162s
2025-04-16 15:29:13.652 71247 INFO tempest.lib.common.rest_client [req-c3cf65c0-6463-43b0-ac29-949e698a4f83 req-c3cf65c0-6463-43b0-ac29-949e698a4f83 ] Request (InstanceUsageAuditLogTestJSON:setUpClass): 200 GET http://10.180.1.21/identity/v3/roles 0.055s
2025-04-16 15:29:13.656 71213 INFO tempest.common.waiters [-] State transition "BUILD/None" ==> "BUILD/networking" after 68 second wait
2025-04-16 15:29:13.679 71247 INFO tempest.lib.common.rest_client [req-aa61921a-9701-4eac-99ae-a1b7a0b4eefd req-aa61921a-9701-4eac-99ae-a1b7a0b4eefd ] Request (InstanceUsageAuditLogTestJSON:setUpClass): 204 PUT http://10.180.1.21/identity/v3/projects/ae1e3ad428b14fef82ae8aa8d3e07587/users/6e399d0dc93c4ac6b2667de099f660ac/roles/767b4b38d1b244f0aeea22e08a6e5330 0.027s
2025-04-16 15:29:13.680 71247 INFO tempest.lib.common.dynamic_creds [-] Dynamic test user 6e399d0dc93c4ac6b2667de099f660ac is created with scope project and roles: ['admin']
2025-04-16 15:29:13.680 71247 INFO tempest.lib.common.dynamic_creds [-] Acquired dynamic creds: credentials: Credentials: {'domain_id': 'default', 'domain_name': 'Default', 'username': 'tempest-InstanceUsageAuditLogTestJSON-434864284-project-admin', 'project_domain_id': 'default', 'project_domain_name': 'Default', 'project_id': 'ae1e3ad428b14fef82ae8aa8d3e07587', 'project_name': 'tempest-InstanceUsageAuditLogTestJSON-434864284', 'tenant_id': 'ae1e3ad428b14fef82ae8aa8d3e07587', 'tenant_name': 'tempest-InstanceUsageAuditLogTestJSON-434864284', 'user_domain_id': 'default', 'user_domain_name': 'Default', 'user_id': '6e399d0dc93c4ac6b2667de099f660ac', 'system': None}, Network: None, Subnet: None, Router: None
2025-04-16 15:29:13.680 71247 INFO tempest.lib.common.dynamic_creds [-] Created isolated network resources for: credentials: Credentials: {'domain_id': 'default', 'domain_name': 'Default', 'username': 'tempest-InstanceUsageAuditLogTestJSON-434864284-project-admin', 'project_domain_id': 'default', 'project_domain_name': 'Default', 'project_id': 'ae1e3ad428b14fef82ae8aa8d3e07587', 'project_name': 'tempest-InstanceUsageAuditLogTestJSON-434864284', 'tenant_id': 'ae1e3ad428b14fef82ae8aa8d3e07587', 'tenant_name': 'tempest-InstanceUsageAuditLogTestJSON-434864284', 'user_domain_id': 'default', 'user_domain_name': 'Default', 'user_id': '6e399d0dc93c4ac6b2667de099f660ac', 'system': None}, Network: None, Subnet: None, Router: None
2025-04-16 15:29:13.703 71249 INFO tempest.lib.common.rest_client [req-9e7adf78-2ea1-4f70-b946-b57138a14b08 req-9e7adf78-2ea1-4f70-b946-b57138a14b08 ] Request (ImagesOneServerTestJSON:test_create_delete_image): 200 GET http://10.180.1.21/compute/v2.1/servers/4d388e5d-4fb7-429f-bfe1-ad7ee7baacd7 0.191s
2025-04-16 15:29:13.717 71243 INFO tempest.lib.common.rest_client [req-31585c7e-9ece-45c8-acef-40a8bd570c75 req-31585c7e-9ece-45c8-acef-40a8bd570c75 ] Request (DeleteServersAdminTestJSON:test_delete_server_while_in_error_state): 200 GET http://10.180.1.21/compute/v2.1/servers/f17585da-df68-4dc5-b7f5-2bd51aa0c645 0.151s
2025-04-16 15:29:13.752 71247 INFO tempest.lib.common.rest_client [req-e4d2951f-9264-4184-bff3-c377df64c15d req-e4d2951f-9264-4184-bff3-c377df64c15d ] Request (InstanceUsageAuditLogTestJSON:setUpClass): 201 POST http://10.180.1.21/identity/v3/auth/tokens 0.070s
2025-04-16 15:29:13.768 71191 INFO tempest.lib.common.rest_client [req-b2a49220-c10b-452e-9e91-73fffc98101e req-b2a49220-c10b-452e-9e91-73fffc98101e ] Request (ServerDiskConfigTestJSON:test_rebuild_server_with_manual_disk_config): 200 GET http://10.180.1.21/compute/v2.1/servers/9c9d1dea-cafa-4e05-8f35-7a5eda4037db 0.196s
