2025-04-16 15:27:55.936 71221 INFO tempest.lib.common.rest_client [req-7ebc16ff-4fa2-486d-ba96-9f65256c7a3c req-7ebc16ff-4fa2-486d-ba96-9f65256c7a3c ] Request (QuotaClassesAdmin257Test:test_update_default_quotas): 200 PUT http://10.180.1.21/compute/v2.1/os-quota-class-sets/default 1.600s
2025-04-16 15:27:55.936 71205 INFO tempest.lib.common.rest_client [req-5268950c-b7cb-4f55-a739-4461c2b2f992 req-5268950c-b7cb-4f55-a739-4461c2b2f992 ] Request (ServerDiagnosticsV248Test:tearDownClass): 204 DELETE http://10.180.1.21:9696/networking/v2.0/security-groups/1e10beb1-e6c0-4040-9c3d-9f9e757257c1 0.411s
2025-04-16 15:27:55.944 71213 INFO tempest.lib.common.rest_client [req-3d8c3592-3f05-43fa-9328-4b3327602466 req-3d8c3592-3f05-43fa-9328-4b3327602466 ] Request (ListImageFiltersTestJSON:setUpClass): 200 GET http://10.180.1.21/compute/v2.1/images/cfed8994-40b1-4f8f-85c2-2e78b2ff9e4f 1.395s
2025-04-16 15:27:55.965 71199 INFO tempest.lib.common.rest_client [req-71370c5a-9fde-4a75-983d-cad4dbe1cbb9 req-71370c5a-9fde-4a75-983d-cad4dbe1cbb9 ] Request (FlavorsAdminTestJSON:_run_cleanups): 202 DELETE http://10.180.1.21/compute/v2.1/flavors/1279408414 1.383s
2025-04-16 15:27:56.047 71205 INFO tempest.lib.common.rest_client [req-cd0a020f-91a1-40d4-a07c-8bb8dd6b8039 req-cd0a020f-91a1-40d4-a07c-8bb8dd6b8039 ] Request (ServerDiagnosticsV248Test:tearDownClass): 204 DELETE http://10.180.1.21/identity/v3/projects/e03be9301839486b9ab6bc3118b0dc29 0.110s
2025-04-16 15:27:56.071 71245 INFO tempest.lib.common.rest_client [req-533aa140-002d-4963-8b96-d9cc4887a994 req-533aa140-002d-4963-8b96-d9cc4887a994 ] Request (DeleteServersTestJSON:test_delete_active_server): 200 GET http://10.180.1.21/compute/v2.1/servers/e2d7b10f-0b55-4d1d-b1ee-291fd1d519ec 1.394s
2025-04-16 15:27:56.073 71215 INFO tempest.lib.common.rest_client [req-7e62c4c2-431e-4c62-a1fa-9c6007e884a9 req-7e62c4c2-431e-4c62-a1fa-9c6007e884a9 ] Request (ServerAddressesNegativeTestJSON:tearDownClass): 200 GET http://10.180.1.21/compute/v2.1/servers/0d1251c2-445a-4c12-bd0f-57bf837f399b 1.261s
2025-04-16 15:27:56.110 71243 INFO tempest.lib.common.rest_client [req-7ed1620c-5727-4b0a-8626-0c65a7d75476 req-7ed1620c-5727-4b0a-8626-0c65a7d75476 ] Request (DeleteServersAdminTestJSON:test_admin_delete_servers_of_others): 404 GET http://10.180.1.21/compute/v2.1/servers/60bc20af-1861-48d0-9eac-9b2de32ad51a 1.264s
2025-04-16 15:27:56.131 71233 INFO tempest.lib.common.rest_client [req-9fc1adba-37d9-4672-84cd-e57a3bc6228d req-9fc1adba-37d9-4672-84cd-e57a3bc6228d ] Request (AttachInterfacesTestJSON:setUpClass): 201 POST http://10.180.1.21:9696/networking/v2.0/subnets 0.758s
2025-04-16 15:27:56.139 71205 INFO tempest.lib.common.rest_client [req-6cb38ed5-9a75-4642-9101-17beedefe3b0 req-6cb38ed5-9a75-4642-9101-17beedefe3b0 ] Request (FlavorsV2TestJSON:setUpClass): 201 POST http://10.180.1.21/identity/v3/auth/tokens 0.088s
2025-04-16 15:27:56.188 71205 INFO tempest.lib.common.rest_client [req-077dcca2-ed2b-46e3-b915-8a8e14928510 req-077dcca2-ed2b-46e3-b915-8a8e14928510 ] Request (FlavorsV2TestJSON:setUpClass): 201 POST http://10.180.1.21/identity/v3/auth/tokens 0.046s
2025-04-16 15:27:56.231 71243 INFO tempest.lib.common.rest_client [req-be168f51-d7aa-4813-8fa2-9d4c9fb0dc25 req-be168f51-d7aa-4813-8fa2-9d4c9fb0dc25 ] Request (DeleteServersAdminTestJSON:test_delete_server_while_in_error_state): 201 POST http://10.180.1.21/identity/v3/auth/tokens 0.116s
2025-04-16 15:27:56.231 71243 INFO tempest.lib.common.fixed_network [-] (DeleteServersAdminTestJSON:test_delete_server_while_in_error_state) Found network None available for tenant
2025-04-16 15:27:56.257 71205 INFO tempest.lib.common.rest_client [req-b739f35f-7d27-4629-98f8-54ef6b265e43 req-b739f35f-7d27-4629-98f8-54ef6b265e43 ] Request (FlavorsV2TestJSON:setUpClass): 200 GET http://10.180.1.21/identity/v3/domains?name=Default 0.068s
2025-04-16 15:27:56.301 71205 INFO tempest.lib.common.rest_client [req-3ddad338-995f-4863-a447-4915ea59353d req-3ddad338-995f-4863-a447-4915ea59353d ] Request (FlavorsV2TestJSON:setUpClass): 201 POST http://10.180.1.21/identity/v3/projects 0.043s
2025-04-16 15:27:56.346 71241 INFO tempest.lib.common.rest_client [req-ce5f33e2-9040-4cab-a9ec-9219e70eb8f3 req-ce5f33e2-9040-4cab-a9ec-9219e70eb8f3 ] Request (ServerActionsTestOtherB:setUpClass): 200 GET http://10.180.1.21/compute/v2.1/servers/f9dd3645-c5f2-495a-9e1b-bd9a1c7df5b8 1.203s
2025-04-16 15:27:56.386 71205 INFO tempest.lib.common.rest_client [req-0eb948ca-e8ef-4e53-8229-6465f20ed993 req-0eb948ca-e8ef-4e53-8229-6465f20ed993 ] Request (FlavorsV2TestJSON:setUpClass): 201 POST http://10.180.1.21/identity/v3/users 0.084s
2025-04-16 15:27:56.483 71205 INFO tempest.lib.common.rest_client [req-9b316cee-1a2f-41c1-97f1-651d1ab16795 req-9b316cee-1a2f-41c1-97f1-651d1ab16795 ] Request (FlavorsV2TestJSON:setUpClass): 200 GET http://10.180.1.21/identity/v3/roles 0.096s
2025-04-16 15:27:56.516 71205 INFO tempest.lib.common.rest_client [req-7e6e62d8-bfa6-43f5-b31b-77f9ad5cb331 req-7e6e62d8-bfa6-43f5-b31b-77f9ad5cb331 ] Request (FlavorsV2TestJSON:setUpClass): 204 PUT http://10.180.1.21/identity/v3/projects/b8a3075a0e214e17b52f192688cf07e8/users/b4ac8cfbece74353a6c93d3ebd551246/roles/75911c2eb97f430ab83f57a4aeac3e5b 0.033s
2025-04-16 15:27:56.517 71205 INFO tempest.lib.common.dynamic_creds [-] Dynamic test user b4ac8cfbece74353a6c93d3ebd551246 is created with scope project and roles: ['member']
2025-04-16 15:27:56.517 71205 INFO tempest.lib.common.dynamic_creds [-] Acquired dynamic creds: credentials: Credentials: {'domain_id': 'default', 'domain_name': 'Default', 'username': 'tempest-FlavorsV2TestJSON-1705291107-project-member', 'project_domain_id': 'default', 'project_domain_name': 'Default', 'project_id': 'b8a3075a0e214e17b52f192688cf07e8', 'project_name': 'tempest-FlavorsV2TestJSON-1705291107', 'tenant_id': 'b8a3075a0e214e17b52f192688cf07e8', 'tenant_name': 'tempest-FlavorsV2TestJSON-1705291107', 'user_domain_id': 'default', 'user_domain_name': 'Default', 'user_id': 'b4ac8cfbece74353a6c93d3ebd551246', 'system': None}, Network: None, Subnet: None, Router: None
2025-04-16 15:27:56.517 71205 INFO tempest.lib.common.dynamic_creds [-] Created isolated network resources for: credentials: Credentials: {'domain_id': 'default', 'domain_name': 'Default', 'username': 'tempest-FlavorsV2TestJSON-1705291107-project-member', 'project_domain_id': 'default', 'project_domain_name': 'Default', 'project_id': 'b8a3075a0e214e17b52f192688cf07e8', 'project_name': 'tempest-FlavorsV2TestJSON-1705291107', 'tenant_id': 'b8a3075a0e214e17b52f192688cf07e8', 'tenant_name': 'tempest-FlavorsV2TestJSON-1705291107', 'user_domain_id': 'default', 'user_domain_name': 'Default', 'user_id': 'b4ac8cfbece74353a6c93d3ebd551246', 'system': None}, Network: None, Subnet: None, Router: None
2025-04-16 15:27:56.518 71229 INFO tempest.lib.common.rest_client [req-1ff850b0-c8bb-4c86-8718-5ba4763aacda req-1ff850b0-c8bb-4c86-8718-5ba4763aacda ] Request (ServersTestJSON:setUpClass): 200 POST http://10.180.1.21/compute/v2.1/os-keypairs 1.349s
2025-04-16 15:27:56.521 71213 INFO tempest.lib.common.rest_client [req-0aa884b8-2312-40eb-abfb-34283e9b9a23 req-0aa884b8-2312-40eb-abfb-34283e9b9a23 ] Request (ListImageFiltersTestJSON:setUpClass): 201 POST http://10.180.1.21/image/v2/images 0.572s
2025-04-16 15:27:56.546 71191 INFO tempest.lib.common.rest_client [req-e08c2f52-8f4a-4709-a548-5b30418880ea req-e08c2f52-8f4a-4709-a548-5b30418880ea ] Request (ServerDiskConfigTestJSON:test_rebuild_server_with_auto_disk_config): 200 GET http://10.180.1.21/compute/v2.1/servers/9a32e74a-03be-4858-ac7b-a6f91f8bdf2f 1.639s
2025-04-16 15:27:56.601 71205 INFO tempest.lib.common.rest_client [req-cd8944da-46a1-42e7-9007-9340e30dd405 req-cd8944da-46a1-42e7-9007-9340e30dd405 ] Request (FlavorsV2TestJSON:setUpClass): 201 POST http://10.180.1.21/identity/v3/auth/tokens 0.079s
2025-04-16 15:27:56.738 71207 INFO tempest.lib.common.rest_client [req-057c913f-b08d-4d01-9b81-d23acbac18d5 req-057c913f-b08d-4d01-9b81-d23acbac18d5 ] Request (ServerActionsTestJSON:setUpClass): 200 POST http://10.180.1.21/compute/v2.1/os-keypairs 1.473s
2025-04-16 15:27:56.878 71229 INFO tempest.lib.common.rest_client [req-cb687def-cc0a-47e5-bf86-7fda886b52e9 req-cb687def-cc0a-47e5-bf86-7fda886b52e9 ] Request (ServersTestJSON:setUpClass): 201 POST http://10.180.1.21:9696/networking/v2.0/security-groups 0.357s
2025-04-16 15:27:56.879 71219 INFO tempest.lib.common.rest_client [req-9ff35b0d-0a03-4e74-849b-f129bcfff2f6 req-9ff35b0d-0a03-4e74-849b-f129bcfff2f6 ] Request (MigrationsAdminTest:test_list_migrations_in_flavor_resize_situation): 200 GET http://10.180.1.21/compute/v2.1/servers/2f666dec-7728-444d-aad8-e2506e890556 1.669s
2025-04-16 15:27:56.889 71219 INFO tempest.common.waiters [-] State transition "RESIZE/resize_migrating" ==> "RESIZE/resize_migrated" after 31 second wait
2025-04-16 15:27:56.975 71195 INFO tempest.lib.common.rest_client [req-a952b6a6-d241-4bea-a4a6-3c90bae29580 req-a952b6a6-d241-4bea-a4a6-3c90bae29580 ] Request (ServersAdmin275Test:tearDownClass): 200 GET http://10.180.1.21/compute/v2.1/servers/31674a28-a0b2-4b40-8c6e-ce45218a4d4b 1.543s
2025-04-16 15:27:57.029 71231 INFO tempest.lib.common.rest_client [req-c42dedf9-ce33-472d-9bef-1a82f6507c49 req-c42dedf9-ce33-472d-9bef-1a82f6507c49 ] Request (ImagesTestJSON:test_create_image_from_suspended_server): 200 GET http://10.180.1.21/compute/v2.1/servers/d1437bf9-19f4-40b1-b6ac-60a56bb5fff2 1.590s
2025-04-16 15:27:57.052 71229 INFO tempest.lib.common.rest_client [req-c8e81670-f00a-4c31-8344-b8dea37482c3 req-c8e81670-f00a-4c31-8344-b8dea37482c3 ] Request (ServersTestJSON:setUpClass): 201 POST http://10.180.1.21:9696/networking/v2.0/security-group-rules 0.173s
2025-04-16 15:27:57.184 71211 INFO tempest.lib.common.rest_client [req-1d6bcc0c-b06c-479c-ae90-dffedd288f7a req-1d6bcc0c-b06c-479c-ae90-dffedd288f7a ] Request (SecurityGroupsTestJSON:test_security_groups_create_list_delete): 202 DELETE http://10.180.1.21/compute/v2.1/os-security-groups/f4b8deec-03d8-4844-b021-b6ee8ce05a90 1.895s
2025-04-16 15:27:57.234 71207 INFO tempest.lib.common.rest_client [req-7f511850-cc68-4fe3-a507-00c6c32bd8ab req-7f511850-cc68-4fe3-a507-00c6c32bd8ab ] Request (ServerActionsTestJSON:setUpClass): 201 POST http://10.180.1.21:9696/networking/v2.0/security-groups 0.494s
2025-04-16 15:27:57.267 71197 INFO tempest.lib.common.rest_client [req-bc9a1b70-6849-4f3d-8cc7-53ab9bda359e req-bc9a1b70-6849-4f3d-8cc7-53ab9bda359e ] Request (ImagesNegativeTestJSON:test_create_image_from_deleted_server): 204 DELETE http://10.180.1.21/compute/v2.1/servers/61b1debe-9779-4eeb-abee-5fcc87cf6aaf 1.660s
2025-04-16 15:27:57.315 71201 INFO tempest.lib.common.rest_client [req-48cf72f2-6099-4581-8470-c3d805cebf66 req-48cf72f2-6099-4581-8470-c3d805cebf66 ] Request (ServersTestMultiNic:setUpClass): 200 PUT http://10.180.1.21:9696/networking/v2.0/routers/adba00ba-aa7e-4692-a93d-334f4a518e43/add_router_interface 3.963s
2025-04-16 15:27:57.315 71201 INFO tempest.lib.common.dynamic_creds [-] Created isolated network resources for: credentials: Credentials: {'domain_id': 'default', 'domain_name': 'Default', 'username': 'tempest-ServersTestMultiNic-1269932242-project-member', 'project_domain_id': 'default', 'project_domain_name': 'Default', 'project_id': '109dc2d4dcce42c38aa7dcfe870c7414', 'project_name': 'tempest-ServersTestMultiNic-1269932242', 'tenant_id': '109dc2d4dcce42c38aa7dcfe870c7414', 'tenant_name': 'tempest-ServersTestMultiNic-1269932242', 'user_domain_id': 'default', 'user_domain_name': 'Default', 'user_id': '3d1efb440a2b49b2b54e161072157f9c', 'system': None}, Network: {'id': 'f485bad3-112e-4e6e-8912-0ccdd0181452', 'name': 'tempest-ServersTestMultiNic-554026910-network', 'tenant_id': '109dc2d4dcce42c38aa7dcfe870c7414', 'admin_state_up': True, 'mtu': 8950, 'status': 'ACTIVE', 'subnets': [], 'shared': False, 'project_id': '109dc2d4dcce42c38aa7dcfe870c7414', 'port_security_enabled': True, 'router:external': False, 'provider:network_type': 'vlan', 'provider:physical_network': 'default', 'provider:segmentation_id': 961, 'availability_zone_hints': [], 'availability_zones': [], 'ipv4_address_scope': None, 'ipv6_address_scope': None, 'description': '', 'tags': [], 'created_at': '2025-04-16T15:27:47Z', 'updated_at': '2025-04-16T15:27:47Z', 'revision_number': 1}, Subnet: {'id': '4d05c43c-6b92-4009-8d9c-79fee6c6a365', 'name': 'tempest-ServersTestMultiNic-554026910-subnet', 'tenant_id': '109dc2d4dcce42c38aa7dcfe870c7414', 'network_id': 'f485bad3-112e-4e6e-8912-0ccdd0181452', 'ip_version': 4, 'subnetpool_id': None, 'enable_dhcp': True, 'ipv6_ra_mode': None, 'ipv6_address_mode': None, 'gateway_ip': '192.168.128.1', 'cidr': '192.168.128.0/28', 'allocation_pools': [{'start': '192.168.128.2', 'end': '192.168.128.14'}], 'host_routes': [], 'dns_nameservers': [], 'description': '', 'router:external': False, 'service_types': [], 'tags': [], 'created_at': '2025-04-16T15:27:48Z', 'updated_at': '2025-04-16T15:27:48Z', 'revision_number': 0, 'project_id': '109dc2d4dcce42c38aa7dcfe870c7414'}, Router: {'id': 'adba00ba-aa7e-4692-a93d-334f4a518e43', 'name': 'tempest-ServersTestMultiNic-554026910-router', 'tenant_id': '109dc2d4dcce42c38aa7dcfe870c7414', 'admin_state_up': True, 'status': 'ACTIVE', 'external_gateway_info': {'network_id': '6e591f55-58c6-49e5-a636-294c47b4ec97', 'external_fixed_ips': [{'subnet_id': 'deb8c1ec-487d-41b0-bff2-b54652457803', 'ip_address': '10.180.180.244'}], 'enable_snat': True}, 'description': '', 'availability_zones': [], 'distributed': False, 'ha': False, 'availability_zone_hints': [], 'routes': [], 'flavor_id': None, 'tags': [], 'created_at': '2025-04-16T15:27:49Z', 'updated_at': '2025-04-16T15:27:51Z', 'revision_number': 2, 'project_id': '109dc2d4dcce42c38aa7dcfe870c7414'}
2025-04-16 15:27:57.316 71229 INFO tempest.lib.common.rest_client [req-6845d128-23a8-4c31-a1f2-e42cf9c2f377 req-6845d128-23a8-4c31-a1f2-e42cf9c2f377 ] Request (ServersTestJSON:setUpClass): 201 POST http://10.180.1.21:9696/networking/v2.0/security-group-rules 0.264s
2025-04-16 15:27:57.325 71253 INFO tempest.lib.common.rest_client [req-daf3470a-6aa7-46e6-b22b-af90c01d4d89 req-daf3470a-6aa7-46e6-b22b-af90c01d4d89 ] Request (FloatingIPsAssociationTestJSON:test_associate_already_associated_floating_ip): 200 GET http://10.180.1.21/compute/v2.1/servers/f450c3bd-3616-4627-8312-f6548d55260a 1.826s
2025-04-16 15:27:57.348 71221 INFO tempest.lib.common.rest_client [req-20710931-b1c6-49c0-8573-35af8846a264 req-20710931-b1c6-49c0-8573-35af8846a264 ] Request (QuotaClassesAdmin257Test:test_update_default_quotas): 200 GET http://10.180.1.21/compute/v2.1/os-quota-class-sets/default 1.407s
2025-04-16 15:27:57.366 71209 INFO tempest.lib.common.rest_client [req-e7f34cc4-11ae-4b35-aae0-b150a14c599a req-e7f34cc4-11ae-4b35-aae0-b150a14c599a ] Request (FlavorsV255TestJSON:test_crud_flavor): 200 POST http://10.180.1.21/compute/v2.1/flavors 1.472s
2025-04-16 15:27:57.381 71199 INFO tempest.lib.common.rest_client [req-b97b6600-d979-43ba-925b-039137009e9b req-b97b6600-d979-43ba-925b-039137009e9b ] Request (FlavorsAdminTestJSON:_run_cleanups): 200 GET http://10.180.1.21/compute/v2.1/flavors/detail 1.413s
2025-04-16 15:27:57.434 71201 INFO tempest.lib.common.rest_client [req-d7e46e32-0a28-4438-bee2-024c7003b3eb req-d7e46e32-0a28-4438-bee2-024c7003b3eb ] Request (ServersTestMultiNic:setUpClass): 201 POST http://10.180.1.21/identity/v3/auth/tokens 0.115s
2025-04-16 15:27:57.456 71235 INFO tempest.lib.common.rest_client [req-72d56de2-bb2d-469e-a1eb-8e3776c743ca req-72d56de2-bb2d-469e-a1eb-8e3776c743ca ] Request (ServerExternalEventsTest:tearDownClass): 200 GET http://10.180.1.21/compute/v2.1/servers/4826f4bc-3d8d-4c51-8a9b-c4be817b5507 1.426s
2025-04-16 15:27:57.476 71193 INFO tempest.lib.common.rest_client [req-01a3d65b-1ba7-43ca-9835-2f0311c89f1e req-01a3d65b-1ba7-43ca-9835-2f0311c89f1e ] Request (ServersNegativeTestMultiTenantJSON:setUpClass): 200 GET http://10.180.1.21/compute/v2.1/servers/051c137c-ed83-4dc6-a3e0-7866c30605c5 1.357s
2025-04-16 15:27:57.483 71207 INFO tempest.lib.common.rest_client [req-a6e2fb6c-00ba-465e-84c3-b26437c6fb3a req-a6e2fb6c-00ba-465e-84c3-b26437c6fb3a ] Request (ServerActionsTestJSON:setUpClass): 201 POST http://10.180.1.21:9696/networking/v2.0/security-group-rules 0.248s
2025-04-16 15:27:57.565 71224 INFO tempest.lib.common.rest_client [req-a744f00a-1836-42a5-bae3-4b12b02d684e req-a744f00a-1836-42a5-bae3-4b12b02d684e ] Request (ImagesOneServerNegativeTestJSON:setUpClass): 200 GET http://10.180.1.21/compute/v2.1/servers/2b45d5ab-8870-4d3c-b645-d7587fb9466f 1.348s
2025-04-16 15:27:57.861 71237 INFO tempest.lib.common.rest_client [req-72ed6e4a-1f9a-4429-ba81-2a93a097128b req-72ed6e4a-1f9a-4429-ba81-2a93a097128b ] Request (ServersTestBootFromVolume:setUpClass): 200 GET http://10.180.1.21/compute/v2.1/servers/c0f9bf3b-4cd3-4429-b73d-627c4f7d99f7 1.603s
2025-04-16 15:27:57.871 71237 INFO tempest.common.waiters [-] State transition "BUILD/spawning" ==> "ACTIVE/None" after 38 second wait
2025-04-16 15:27:57.895 71207 INFO tempest.lib.common.rest_client [req-644a24d4-5725-4cec-95a5-a0d40d821bdb req-644a24d4-5725-4cec-95a5-a0d40d821bdb ] Request (ServerActionsTestJSON:setUpClass): 201 POST http://10.180.1.21:9696/networking/v2.0/security-group-rules 0.411s
2025-04-16 15:27:57.981 71239 INFO tempest.lib.common.rest_client [req-8e6ffe7e-3a45-43e6-9cb3-69a9695f433b req-8e6ffe7e-3a45-43e6-9cb3-69a9695f433b ] Request (AttachVolumeNegativeTest:test_attach_attached_volume_to_different_server): 200 GET http://10.180.1.21/compute/v2.1/servers/af4c024d-a139-46db-8e67-5760f1be1fe8 1.677s
2025-04-16 15:27:58.057 71201 INFO tempest.lib.common.rest_client [req-8a5becf3-99d5-4528-9c0b-b91dadfde137 req-8a5becf3-99d5-4528-9c0b-b91dadfde137 ] Request (ServersTestMultiNic:test_verify_duplicate_network_nics): 201 POST http://10.180.1.21:9696/networking/v2.0/networks 0.621s
2025-04-16 15:27:58.073 71243 INFO tempest.lib.common.rest_client [req-73361e88-58e4-474d-b21d-fce78e4918d1 req-73361e88-58e4-474d-b21d-fce78e4918d1 ] Request (DeleteServersAdminTestJSON:test_delete_server_while_in_error_state): 202 POST http://10.180.1.21/compute/v2.1/servers 1.841s
2025-04-16 15:27:58.087 71227 INFO tempest.lib.common.rest_client [req-16b7600c-d511-4a94-a635-a3ffed410277 req-16b7600c-d511-4a94-a635-a3ffed410277 ] Request (ServersListShow298Test:test_list_show_update_rebuild_server_298): 200 GET http://10.180.1.21/compute/v2.1/servers/95f3eafa-1f2e-4980-9a33-d115bd946af5 1.651s
2025-04-16 15:27:58.106 71227 INFO tempest.common.waiters [-] State transition "BUILD/None" ==> "BUILD/networking" after 24 second wait
2025-04-16 15:27:58.146 71205 INFO tempest.lib.common.rest_client [req-bf10182e-474f-43b4-9e0d-25d01715848a req-bf10182e-474f-43b4-9e0d-25d01715848a ] Request (FlavorsV2TestJSON:test_get_flavor): 200 GET http://10.180.1.21/compute/v2.1/flavors/42 1.541s
2025-04-16 15:27:58.314 71225 INFO tempest.lib.common.rest_client [req-73eecf13-3786-46f6-97f4-c836a426ab22 req-73eecf13-3786-46f6-97f4-c836a426ab22 ] Request (ServersAdminTestJSON:setUpClass): 200 PUT http://10.180.1.21:9696/networking/v2.0/routers/468b6375-86fd-4f83-853d-14c889564eaa/add_router_interface 2.380s
2025-04-16 15:27:58.314 71225 INFO tempest.lib.common.dynamic_creds [-] Created isolated network resources for: credentials: Credentials: {'domain_id': 'default', 'domain_name': 'Default', 'username': 'tempest-ServersAdminTestJSON-822117751-project-admin', 'project_domain_id': 'default', 'project_domain_name': 'Default', 'project_id': '6817aca8d2ab43b099305bb6f6bcf9cc', 'project_name': 'tempest-ServersAdminTestJSON-822117751', 'tenant_id': '6817aca8d2ab43b099305bb6f6bcf9cc', 'tenant_name': 'tempest-ServersAdminTestJSON-822117751', 'user_domain_id': 'default', 'user_domain_name': 'Default', 'user_id': '162605ba9dfa4611b0b1f5a602389ac3', 'system': None}, Network: {'id': 'de058f8f-3ecd-4861-b346-dd621cad606b', 'name': 'tempest-ServersAdminTestJSON-1858707883-network', 'tenant_id': '6817aca8d2ab43b099305bb6f6bcf9cc', 'admin_state_up': True, 'mtu': 8950, 'status': 'ACTIVE', 'subnets': [], 'shared': False, 'project_id': '6817aca8d2ab43b099305bb6f6bcf9cc', 'port_security_enabled': True, 'router:external': False, 'provider:network_type': 'vlan', 'provider:physical_network': 'default', 'provider:segmentation_id': 246, 'availability_zone_hints': [], 'availability_zones': [], 'ipv4_address_scope': None, 'ipv6_address_scope': None, 'description': '', 'tags': [], 'created_at': '2025-04-16T15:27:51Z', 'updated_at': '2025-04-16T15:27:51Z', 'revision_number': 1}, Subnet: {'id': 'a469bec6-ca9f-43eb-9a18-4c632d168541', 'name': 'tempest-ServersAdminTestJSON-1858707883-subnet', 'tenant_id': '6817aca8d2ab43b099305bb6f6bcf9cc', 'network_id': 'de058f8f-3ecd-4861-b346-dd621cad606b', 'ip_version': 4, 'subnetpool_id': None, 'enable_dhcp': True, 'ipv6_ra_mode': None, 'ipv6_address_mode': None, 'gateway_ip': '192.168.128.1', 'cidr': '192.168.128.0/28', 'allocation_pools': [{'start': '192.168.128.2', 'end': '192.168.128.14'}], 'host_routes': [], 'dns_nameservers': [], 'description': '', 'router:external': False, 'service_types': [], 'tags': [], 'created_at': '2025-04-16T15:27:52Z', 'updated_at': '2025-04-16T15:27:52Z', 'revision_number': 0, 'project_id': '6817aca8d2ab43b099305bb6f6bcf9cc'}, Router: {'id': '468b6375-86fd-4f83-853d-14c889564eaa', 'name': 'tempest-ServersAdminTestJSON-1858707883-router', 'tenant_id': '6817aca8d2ab43b099305bb6f6bcf9cc', 'admin_state_up': True, 'status': 'ACTIVE', 'external_gateway_info': {'network_id': '6e591f55-58c6-49e5-a636-294c47b4ec97', 'external_fixed_ips': [{'subnet_id': 'deb8c1ec-487d-41b0-bff2-b54652457803', 'ip_address': '10.180.180.146'}], 'enable_snat': True}, 'description': '', 'availability_zones': [], 'distributed': False, 'ha': False, 'availability_zone_hints': [], 'routes': [], 'flavor_id': None, 'tags': [], 'created_at': '2025-04-16T15:27:53Z', 'updated_at': '2025-04-16T15:27:55Z', 'revision_number': 2, 'project_id': '6817aca8d2ab43b099305bb6f6bcf9cc'}
2025-04-16 15:27:58.334 71213 INFO tempest.lib.common.rest_client [req-d13be775-85cc-4fed-9a84-cb9961442d05 req-d13be775-85cc-4fed-9a84-cb9961442d05 ] Request (ListImageFiltersTestJSON:setUpClass): 204 PUT http://10.180.1.21/image/v2/images/c7a1a5b5-2cd1-4e65-9244-025acc57c353/file 0.809s
2025-04-16 15:27:58.364 71191 INFO tempest.lib.common.rest_client [req-c1d901d3-137e-4cc9-8c1a-eb2e33c2a330 req-c1d901d3-137e-4cc9-8c1a-eb2e33c2a330 ] Request (ServerDiskConfigTestJSON:test_rebuild_server_with_auto_disk_config): 202 POST http://10.180.1.21/compute/v2.1/servers/9a32e74a-03be-4858-ac7b-a6f91f8bdf2f/action 1.806s
2025-04-16 15:27:58.451 71251 INFO tempest.lib.common.rest_client [req-8d102457-3157-4bd2-b118-e8e4bcb3d30d req-8d102457-3157-4bd2-b118-e8e4bcb3d30d ] Request (ServerAddressesTestJSON:setUpClass): 200 GET http://10.180.1.21/compute/v2.1/servers/b0535c7e-465f-4e80-9b9b-b455b9c3a98c 1.542s
2025-04-16 15:27:58.455 71225 INFO tempest.lib.common.rest_client [req-d6b93350-9843-4f0e-8697-d3cf000cf432 req-d6b93350-9843-4f0e-8697-d3cf000cf432 ] Request (ServersAdminTestJSON:setUpClass): 201 POST http://10.180.1.21/identity/v3/auth/tokens 0.138s
2025-04-16 15:27:58.537 71225 INFO tempest.lib.common.rest_client [req-c1ed1d2d-4257-468e-8416-bfdca7b39db9 req-c1ed1d2d-4257-468e-8416-bfdca7b39db9 ] Request (ServersAdminTestJSON:setUpClass): 201 POST http://10.180.1.21/identity/v3/auth/tokens 0.078s
2025-04-16 15:27:58.538 71225 INFO tempest.lib.common.fixed_network [-] (ServersAdminTestJSON:setUpClass) Found network {'id': '39598f82-7dda-4887-9817-8857863dc385', 'name': 'tempest-ServersAdminTestJSON-506866939-network', 'tenant_id': 'c5d3cd1f729e4c2a8012e75154c856f8', 'admin_state_up': True, 'mtu': 8950, 'status': 'ACTIVE', 'subnets': [], 'shared': False, 'project_id': 'c5d3cd1f729e4c2a8012e75154c856f8', 'port_security_enabled': True, 'router:external': False, 'provider:network_type': 'vlan', 'provider:physical_network': 'default', 'provider:segmentation_id': 93, 'availability_zone_hints': [], 'availability_zones': [], 'ipv4_address_scope': None, 'ipv6_address_scope': None, 'description': '', 'tags': [], 'created_at': '2025-04-16T15:27:41Z', 'updated_at': '2025-04-16T15:27:41Z', 'revision_number': 1} available for tenant
2025-04-16 15:27:58.560 71215 INFO tempest.lib.common.rest_client [req-39432169-e9f9-477a-b364-e489a2e682a6 req-39432169-e9f9-477a-b364-e489a2e682a6 ] Request (ServerAddressesNegativeTestJSON:tearDownClass): 200 GET http://10.180.1.21/compute/v2.1/servers/0d1251c2-445a-4c12-bd0f-57bf837f399b 1.476s
2025-04-16 15:27:58.582 71217 INFO tempest.lib.common.rest_client [req-b6701061-d140-4d55-ac5e-84a4685a1857 req-b6701061-d140-4d55-ac5e-84a4685a1857 ] Request (InstanceActionsNegativeTestJSON:setUpClass): 200 GET http://10.180.1.21/compute/v2.1/servers/259f5513-b60b-4dd9-97ce-829ca51896d4 1.734s
2025-04-16 15:27:58.610 71211 INFO tempest.lib.common.rest_client [req-00a49d79-a90e-464d-8249-ed61b5a8876b req-00a49d79-a90e-464d-8249-ed61b5a8876b ] Request (SecurityGroupsTestJSON:test_security_groups_create_list_delete): 404 GET http://10.180.1.21/compute/v2.1/os-security-groups/f4b8deec-03d8-4844-b021-b6ee8ce05a90 1.426s
2025-04-16 15:27:58.640 71245 INFO tempest.lib.common.rest_client [req-ffcd314a-ec28-4baa-9509-56f054d2ca2f req-ffcd314a-ec28-4baa-9509-56f054d2ca2f ] Request (DeleteServersTestJSON:test_delete_active_server): 200 GET http://10.180.1.21/compute/v2.1/servers/e2d7b10f-0b55-4d1d-b1ee-291fd1d519ec 1.554s
2025-04-16 15:27:58.681 71221 INFO tempest.lib.common.rest_client [req-3bb6c313-d139-42cf-b87b-03c66534ad62 req-3bb6c313-d139-42cf-b87b-03c66534ad62 ] Request (QuotaClassesAdmin257Test:_run_cleanups): 200 PUT http://10.180.1.21/compute/v2.1/os-quota-class-sets/default 1.329s
2025-04-16 15:27:58.691 71229 INFO tempest.lib.common.rest_client [req-a22aab6d-9d96-4feb-9b15-e59711c15e40 req-a22aab6d-9d96-4feb-9b15-e59711c15e40 ] Request (ServersTestJSON:setUpClass): 201 POST http://10.180.1.21:9696/networking/v2.0/floatingips 1.374s
2025-04-16 15:27:58.710 71201 INFO tempest.lib.common.rest_client [req-ee430ffd-3a77-419b-a8b4-9b1084580f10 req-ee430ffd-3a77-419b-a8b4-9b1084580f10 ] Request (ServersTestMultiNic:test_verify_duplicate_network_nics): 201 POST http://10.180.1.21:9696/networking/v2.0/subnets 0.652s
2025-04-16 15:27:58.776 71229 INFO tempest.lib.common.rest_client [req-6cf96e2e-9fb8-4a79-896b-47e29f726f44 req-6cf96e2e-9fb8-4a79-896b-47e29f726f44 ] Request (ServersTestJSON:setUpClass): 201 POST http://10.180.1.21/identity/v3/auth/tokens 0.079s
2025-04-16 15:27:58.777 71229 INFO tempest.lib.common.fixed_network [-] (ServersTestJSON:setUpClass) Found network {'id': '4da8edd3-a3b9-4397-8075-27451f0dd68d', 'name': 'tempest-ServersTestJSON-2124101163-network', 'tenant_id': 'ff15a636f5da447c87204b8d9c30e5ea', 'admin_state_up': True, 'mtu': 8950, 'status': 'ACTIVE', 'subnets': [], 'shared': False, 'project_id': 'ff15a636f5da447c87204b8d9c30e5ea', 'port_security_enabled': True, 'router:external': False, 'provider:network_type': 'vlan', 'provider:physical_network': 'default', 'provider:segmentation_id': 450, 'availability_zone_hints': [], 'availability_zones': [], 'ipv4_address_scope': None, 'ipv6_address_scope': None, 'description': '', 'tags': [], 'created_at': '2025-04-16T15:27:45Z', 'updated_at': '2025-04-16T15:27:45Z', 'revision_number': 1} available for tenant
2025-04-16 15:27:58.832 71233 INFO tempest.lib.common.rest_client [req-84b86a04-3b88-40b0-83fb-fa5086e5117f req-84b86a04-3b88-40b0-83fb-fa5086e5117f ] Request (AttachInterfacesTestJSON:setUpClass): 201 POST http://10.180.1.21:9696/networking/v2.0/routers 2.700s
2025-04-16 15:27:58.843 71221 INFO tempest.lib.common.rest_client [req-96b184b1-c358-4a08-bc1b-99aee129e0f8 req-96b184b1-c358-4a08-bc1b-99aee129e0f8 ] Request (QuotaClassesAdmin257Test:tearDownClass): 204 DELETE http://10.180.1.21/identity/v3/users/eac26d9134944110933eea7e9ee7a80c 0.159s
2025-04-16 15:27:58.860 71249 INFO tempest.lib.common.rest_client [req-6eb97cf1-c108-4783-a24b-da1b835960cf req-6eb97cf1-c108-4783-a24b-da1b835960cf ] Request (ImagesOneServerTestJSON:setUpClass): 200 PUT http://10.180.1.21:9696/networking/v2.0/routers/9efae8f1-e480-4d83-946b-d229e69a3f81/add_router_interface 3.421s
2025-04-16 15:27:58.860 71249 INFO tempest.lib.common.dynamic_creds [-] Created isolated network resources for: credentials: Credentials: {'domain_id': 'default', 'domain_name': 'Default', 'username': 'tempest-ImagesOneServerTestJSON-669827529-project-member', 'project_domain_id': 'default', 'project_domain_name': 'Default', 'project_id': '9b8ecb5aa37d4511ac72be21b68950ee', 'project_name': 'tempest-ImagesOneServerTestJSON-669827529', 'tenant_id': '9b8ecb5aa37d4511ac72be21b68950ee', 'tenant_name': 'tempest-ImagesOneServerTestJSON-669827529', 'user_domain_id': 'default', 'user_domain_name': 'Default', 'user_id': 'cfb42380819343a1a1a95da720cabfb9', 'system': None}, Network: {'id': '10b2d96b-9b0d-490b-a9aa-103a34d3a299', 'name': 'tempest-ImagesOneServerTestJSON-261211985-network', 'tenant_id': '9b8ecb5aa37d4511ac72be21b68950ee', 'admin_state_up': True, 'mtu': 8950, 'status': 'ACTIVE', 'subnets': [], 'shared': False, 'project_id': '9b8ecb5aa37d4511ac72be21b68950ee', 'port_security_enabled': True, 'router:external': False, 'provider:network_type': 'vlan', 'provider:physical_network': 'default', 'provider:segmentation_id': 501, 'availability_zone_hints': [], 'availability_zones': [], 'ipv4_address_scope': None, 'ipv6_address_scope': None, 'description': '', 'tags': [], 'created_at': '2025-04-16T15:27:50Z', 'updated_at': '2025-04-16T15:27:50Z', 'revision_number': 1}, Subnet: {'id': 'e4e9b00a-3af0-4116-a8ca-28c78f50b5fa', 'name': 'tempest-ImagesOneServerTestJSON-261211985-subnet', 'tenant_id': '9b8ecb5aa37d4511ac72be21b68950ee', 'network_id': '10b2d96b-9b0d-490b-a9aa-103a34d3a299', 'ip_version': 4, 'subnetpool_id': None, 'enable_dhcp': True, 'ipv6_ra_mode': None, 'ipv6_address_mode': None, 'gateway_ip': '192.168.128.1', 'cidr': '192.168.128.0/28', 'allocation_pools': [{'start': '192.168.128.2', 'end': '192.168.128.14'}], 'host_routes': [], 'dns_nameservers': [], 'description': '', 'router:external': False, 'service_types': [], 'tags': [], 'created_at': '2025-04-16T15:27:51Z', 'updated_at': '2025-04-16T15:27:51Z', 'revision_number': 0, 'project_id': '9b8ecb5aa37d4511ac72be21b68950ee'}, Router: {'id': '9efae8f1-e480-4d83-946b-d229e69a3f81', 'name': 'tempest-ImagesOneServerTestJSON-261211985-router', 'tenant_id': '9b8ecb5aa37d4511ac72be21b68950ee', 'admin_state_up': True, 'status': 'ACTIVE', 'external_gateway_info': {'network_id': '6e591f55-58c6-49e5-a636-294c47b4ec97', 'external_fixed_ips': [{'subnet_id': 'deb8c1ec-487d-41b0-bff2-b54652457803', 'ip_address': '10.180.180.131'}], 'enable_snat': True}, 'description': '', 'availability_zones': [], 'distributed': False, 'ha': False, 'availability_zone_hints': [], 'routes': [], 'flavor_id': None, 'tags': [], 'created_at': '2025-04-16T15:27:52Z', 'updated_at': '2025-04-16T15:27:53Z', 'revision_number': 2, 'project_id': '9b8ecb5aa37d4511ac72be21b68950ee'}
2025-04-16 15:27:58.873 71203 WARNING tempest.lib.common.ssh [-] Failed to establish authenticated ssh connection to cirros@10.180.180.133 ([Errno None] Unable to connect to port 22 on 10.180.180.133). Number attempts: 1. Retry after 2 seconds.: paramiko.ssh_exception.NoValidConnectionsError: [Errno None] Unable to connect to port 22 on 10.180.180.133
2025-04-16 15:27:58.900 71201 INFO tempest.lib.common.rest_client [req-34f01b4c-cc8f-4fac-b845-1c57507e04a8 req-34f01b4c-cc8f-4fac-b845-1c57507e04a8 ] Request (ServersTestMultiNic:test_verify_duplicate_network_nics): 201 POST http://10.180.1.21:9696/networking/v2.0/networks 0.190s
2025-04-16 15:27:58.931 71241 INFO tempest.lib.common.rest_client [req-96f094e4-fade-4aab-896b-d4c680bfd7d0 req-96f094e4-fade-4aab-896b-d4c680bfd7d0 ] Request (ServerActionsTestOtherB:setUpClass): 200 GET http://10.180.1.21/compute/v2.1/servers/f9dd3645-c5f2-495a-9e1b-bd9a1c7df5b8 1.565s
2025-04-16 15:27:58.961 71197 INFO tempest.lib.common.rest_client [req-17545dea-6d5b-4d55-b764-f147f2b7f083 req-17545dea-6d5b-4d55-b764-f147f2b7f083 ] Request (ImagesNegativeTestJSON:test_create_image_from_deleted_server): 200 GET http://10.180.1.21/compute/v2.1/servers/61b1debe-9779-4eeb-abee-5fcc87cf6aaf 1.693s
2025-04-16 15:27:58.970 71249 INFO tempest.lib.common.rest_client [req-79325f26-16d5-4553-9664-6ad7e9d51641 req-79325f26-16d5-4553-9664-6ad7e9d51641 ] Request (ImagesOneServerTestJSON:setUpClass): 201 POST http://10.180.1.21/identity/v3/auth/tokens 0.102s
2025-04-16 15:27:58.973 71221 INFO tempest.lib.common.rest_client [req-eef9791b-4763-485c-9ec0-f739861d2b22 req-eef9791b-4763-485c-9ec0-f739861d2b22 ] Request (QuotaClassesAdmin257Test:tearDownClass): 204 DELETE http://10.180.1.21/identity/v3/users/39249029a4094dd0a08f65e156b688b6 0.130s
2025-04-16 15:27:58.974 71221 INFO tempest.lib.common.dynamic_creds [-] Deleting project and security group for project: 3013a6e40df2429ca0735e3656539b45
2025-04-16 15:27:58.983 71247 WARNING tempest.lib.common.ssh [-] Failed to establish authenticated ssh connection to cirros@10.180.180.209 ([Errno None] Unable to connect to port 22 on 10.180.180.209). Number attempts: 5. Retry after 6 seconds.: paramiko.ssh_exception.NoValidConnectionsError: [Errno None] Unable to connect to port 22 on 10.180.180.209
2025-04-16 15:27:58.993 71199 INFO tempest.lib.common.rest_client [req-797c231d-b9d6-4262-8c9d-554809b7584e req-797c231d-b9d6-4262-8c9d-554809b7584e ] Request (FlavorsAdminTestJSON:test_list_non_public_flavor): 200 POST http://10.180.1.21/compute/v2.1/flavors 1.601s
2025-04-16 15:27:59.036 71249 INFO tempest.lib.common.rest_client [req-46289e77-d582-4d99-a429-a86e262a53da req-46289e77-d582-4d99-a429-a86e262a53da ] Request (ImagesOneServerTestJSON:setUpClass): 201 POST http://10.180.1.21/identity/v3/auth/tokens 0.061s
2025-04-16 15:27:59.037 71249 INFO tempest.lib.common.fixed_network [-] (ImagesOneServerTestJSON:setUpClass) Found network {'id': '10b2d96b-9b0d-490b-a9aa-103a34d3a299', 'name': 'tempest-ImagesOneServerTestJSON-261211985-network', 'tenant_id': '9b8ecb5aa37d4511ac72be21b68950ee', 'admin_state_up': True, 'mtu': 8950, 'status': 'ACTIVE', 'subnets': [], 'shared': False, 'project_id': '9b8ecb5aa37d4511ac72be21b68950ee', 'port_security_enabled': True, 'router:external': False, 'provider:network_type': 'vlan', 'provider:physical_network': 'default', 'provider:segmentation_id': 501, 'availability_zone_hints': [], 'availability_zones': [], 'ipv4_address_scope': None, 'ipv6_address_scope': None, 'description': '', 'tags': [], 'created_at': '2025-04-16T15:27:50Z', 'updated_at': '2025-04-16T15:27:50Z', 'revision_number': 1} available for tenant
2025-04-16 15:27:59.098 71221 INFO tempest.lib.common.rest_client [req-c2a32d45-c528-4370-8c19-3001feb2ab3a req-c2a32d45-c528-4370-8c19-3001feb2ab3a ] Request (QuotaClassesAdmin257Test:tearDownClass): 201 POST http://10.180.1.21/identity/v3/auth/tokens 0.124s
2025-04-16 15:27:59.174 71237 INFO tempest.lib.common.rest_client [req-b17a3ecb-8e90-48e5-8ea1-5cfe4fdd3602 req-b17a3ecb-8e90-48e5-8ea1-5cfe4fdd3602 ] Request (ServersTestBootFromVolume:setUpClass): 200 GET http://10.180.1.21/compute/v2.1/servers/c0f9bf3b-4cd3-4429-b73d-627c4f7d99f7/os-interface 1.303s
2025-04-16 15:27:59.197 71209 INFO tempest.lib.common.rest_client [req-3e8c387a-5ae3-42f1-94bc-c6911d29be63 req-3e8c387a-5ae3-42f1-94bc-c6911d29be63 ] Request (FlavorsV255TestJSON:test_crud_flavor): 200 GET http://10.180.1.21/compute/v2.1/flavors/1454906787 1.824s
2025-04-16 15:27:59.297 71195 INFO tempest.lib.common.rest_client [req-c6b545e1-fd2e-4fb1-b3d1-025f402f5fbb req-c6b545e1-fd2e-4fb1-b3d1-025f402f5fbb ] Request (ServersAdmin275Test:tearDownClass): 200 GET http://10.180.1.21/compute/v2.1/servers/31674a28-a0b2-4b40-8c6e-ce45218a4d4b 1.305s
2025-04-16 15:27:59.422 71231 INFO tempest.lib.common.rest_client [req-c3b5d0b0-ad95-4ccf-85d5-5297b0863170 req-c3b5d0b0-ad95-4ccf-85d5-5297b0863170 ] Request (ImagesTestJSON:test_create_image_from_suspended_server): 200 GET http://10.180.1.21/compute/v2.1/servers/d1437bf9-19f4-40b1-b6ac-60a56bb5fff2 1.377s
2025-04-16 15:27:59.545 71243 INFO tempest.lib.common.rest_client [req-6fbabc8d-dbcb-4827-ba5a-69f7a0eaa3e6 req-6fbabc8d-dbcb-4827-ba5a-69f7a0eaa3e6 ] Request (DeleteServersAdminTestJSON:test_delete_server_while_in_error_state): 200 GET http://10.180.1.21/compute/v2.1/servers/f17585da-df68-4dc5-b7f5-2bd51aa0c645 1.469s
2025-04-16 15:27:59.560 71201 INFO tempest.lib.common.rest_client [req-6938df01-a313-4cc8-b8c2-aed7dc217eaf req-6938df01-a313-4cc8-b8c2-aed7dc217eaf ] Request (ServersTestMultiNic:test_verify_duplicate_network_nics): 201 POST http://10.180.1.21:9696/networking/v2.0/subnets 0.659s
2025-04-16 15:27:59.581 71221 INFO tempest.lib.common.rest_client [req-23d4ad60-6de5-4652-b9fd-5dbef8e968db req-23d4ad60-6de5-4652-b9fd-5dbef8e968db ] Request (QuotaClassesAdmin257Test:tearDownClass): 200 GET http://10.180.1.21:9696/networking/v2.0/security-groups?tenant_id=3013a6e40df2429ca0735e3656539b45&name=default 0.482s
2025-04-16 15:27:59.584 71205 INFO tempest.lib.common.rest_client [req-326b2acc-b6a4-418f-8677-7c3c878d52f6 req-326b2acc-b6a4-418f-8677-7c3c878d52f6 ] Request (FlavorsV2TestJSON:test_list_flavors): 200 GET http://10.180.1.21/compute/v2.1/flavors 1.433s
2025-04-16 15:27:59.634 71213 INFO tempest.lib.common.rest_client [req-7e3456aa-dcd6-4a5a-b43b-9ededac65bc0 req-7e3456aa-dcd6-4a5a-b43b-9ededac65bc0 ] Request (ListImageFiltersTestJSON:setUpClass): 200 GET http://10.180.1.21/compute/v2.1/images/c7a1a5b5-2cd1-4e65-9244-025acc57c353 1.300s
2025-04-16 15:27:59.665 71219 INFO tempest.lib.common.rest_client [req-3e46e833-b32e-44bf-9d78-9a8eecd0a1e3 req-3e46e833-b32e-44bf-9d78-9a8eecd0a1e3 ] Request (MigrationsAdminTest:test_list_migrations_in_flavor_resize_situation): 200 GET http://10.180.1.21/compute/v2.1/servers/2f666dec-7728-444d-aad8-e2506e890556 1.775s
2025-04-16 15:27:59.690 71201 INFO tempest.lib.common.rest_client [req-396b9ca9-7d57-437c-a822-0649619b57cb req-396b9ca9-7d57-437c-a822-0649619b57cb ] Request (ServersTestMultiNic:test_verify_duplicate_network_nics): 201 POST http://10.180.1.21/identity/v3/auth/tokens 0.126s
2025-04-16 15:27:59.690 71201 INFO tempest.lib.common.fixed_network [-] (ServersTestMultiNic:test_verify_duplicate_network_nics) Found network {'id': 'f485bad3-112e-4e6e-8912-0ccdd0181452', 'name': 'tempest-ServersTestMultiNic-554026910-network', 'tenant_id': '109dc2d4dcce42c38aa7dcfe870c7414', 'admin_state_up': True, 'mtu': 8950, 'status': 'ACTIVE', 'subnets': [], 'shared': False, 'project_id': '109dc2d4dcce42c38aa7dcfe870c7414', 'port_security_enabled': True, 'router:external': False, 'provider:network_type': 'vlan', 'provider:physical_network': 'default', 'provider:segmentation_id': 961, 'availability_zone_hints': [], 'availability_zones': [], 'ipv4_address_scope': None, 'ipv6_address_scope': None, 'description': '', 'tags': [], 'created_at': '2025-04-16T15:27:47Z', 'updated_at': '2025-04-16T15:27:47Z', 'revision_number': 1} available for tenant
2025-04-16 15:27:59.798 71221 INFO tempest.lib.common.rest_client [req-ca60fabb-db30-4c11-907e-f08f39f92f81 req-ca60fabb-db30-4c11-907e-f08f39f92f81 ] Request (QuotaClassesAdmin257Test:tearDownClass): 204 DELETE http://10.180.1.21:9696/networking/v2.0/security-groups/6b4e503f-f855-4c0b-aa80-e6b6205dd69b 0.217s
2025-04-16 15:27:59.815 71253 INFO tempest.lib.common.rest_client [req-9ed7740c-5c0f-4191-8970-8ecaadd89496 req-9ed7740c-5c0f-4191-8970-8ecaadd89496 ] Request (FloatingIPsAssociationTestJSON:test_associate_already_associated_floating_ip): 200 GET http://10.180.1.21/compute/v2.1/servers/f450c3bd-3616-4627-8312-f6548d55260a 1.479s
2025-04-16 15:27:59.879 71221 INFO tempest.lib.common.rest_client [req-5043794e-5d50-4f26-8124-5e6d0ca15cf0 req-5043794e-5d50-4f26-8124-5e6d0ca15cf0 ] Request (QuotaClassesAdmin257Test:tearDownClass): 204 DELETE http://10.180.1.21/identity/v3/projects/3013a6e40df2429ca0735e3656539b45 0.080s
2025-04-16 15:27:59.879 71221 INFO tempest.lib.common.dynamic_creds [-] Deleting project and security group for project: 603c1c4e147244ee80e09bcf66410f42
2025-04-16 15:27:59.880 71235 INFO tempest.lib.common.rest_client [req-7c2f1720-0e14-40ac-81ea-6a3c904d0eef req-7c2f1720-0e14-40ac-81ea-6a3c904d0eef ] Request (ServerExternalEventsTest:tearDownClass): 200 GET http://10.180.1.21/compute/v2.1/servers/4826f4bc-3d8d-4c51-8a9b-c4be817b5507 1.414s
2025-04-16 15:27:59.948 71193 INFO tempest.lib.common.rest_client [req-83868405-5cf2-4e86-8283-35f72dca5e79 req-83868405-5cf2-4e86-8283-35f72dca5e79 ] Request (ServersNegativeTestMultiTenantJSON:setUpClass): 200 GET http://10.180.1.21/compute/v2.1/servers/051c137c-ed83-4dc6-a3e0-7866c30605c5 1.459s
2025-04-16 15:27:59.953 71191 INFO tempest.lib.common.rest_client [req-447d0ae9-9471-4a77-a8ca-c5295f673c60 req-447d0ae9-9471-4a77-a8ca-c5295f673c60 ] Request (ServerDiskConfigTestJSON:test_rebuild_server_with_auto_disk_config): 200 GET http://10.180.1.21/compute/v2.1/servers/9a32e74a-03be-4858-ac7b-a6f91f8bdf2f 1.580s
2025-04-16 15:28:00.009 71221 INFO tempest.lib.common.rest_client [req-27667159-1c68-47af-9169-122ac83eb99c req-27667159-1c68-47af-9169-122ac83eb99c ] Request (QuotaClassesAdmin257Test:tearDownClass): 200 GET http://10.180.1.21:9696/networking/v2.0/security-groups?tenant_id=603c1c4e147244ee80e09bcf66410f42&name=default 0.129s
2025-04-16 15:28:00.062 71224 INFO tempest.lib.common.rest_client [req-4a62441c-af88-4611-a340-5998583a6766 req-4a62441c-af88-4611-a340-5998583a6766 ] Request (ImagesOneServerNegativeTestJSON:setUpClass): 200 GET http://10.180.1.21/compute/v2.1/servers/2b45d5ab-8870-4d3c-b645-d7587fb9466f 1.487s
2025-04-16 15:28:00.143 71221 INFO tempest.lib.common.rest_client [req-5d20f96b-872d-481d-9b9b-05750709f2d1 req-5d20f96b-872d-481d-9b9b-05750709f2d1 ] Request (QuotaClassesAdmin257Test:tearDownClass): 204 DELETE http://10.180.1.21:9696/networking/v2.0/security-groups/476c66a4-ec8c-47b4-824d-3d5bc0580e5b 0.133s
2025-04-16 15:28:00.267 71207 INFO tempest.lib.common.rest_client [req-ebc79eee-edaf-40ca-a77e-3c869e73ecbd req-ebc79eee-edaf-40ca-a77e-3c869e73ecbd ] Request (ServerActionsTestJSON:setUpClass): 201 POST http://10.180.1.21:9696/networking/v2.0/floatingips 2.371s
2025-04-16 15:28:00.274 71221 INFO tempest.lib.common.rest_client [req-435ad683-173f-41f2-a7cf-65a36140dffb req-435ad683-173f-41f2-a7cf-65a36140dffb ] Request (QuotaClassesAdmin257Test:tearDownClass): 204 DELETE http://10.180.1.21/identity/v3/projects/603c1c4e147244ee80e09bcf66410f42 0.130s
2025-04-16 15:28:00.382 71221 INFO tempest.lib.common.rest_client [req-a36464e4-7222-4b4a-8a54-04cab2615575 req-a36464e4-7222-4b4a-8a54-04cab2615575 ] Request (TenantUsagesTestJSON:setUpClass): 201 POST http://10.180.1.21/identity/v3/auth/tokens 0.104s
2025-04-16 15:28:00.391 71207 INFO tempest.lib.common.rest_client [req-f38b8e8f-c936-4a87-9318-b4f8bf966de0 req-f38b8e8f-c936-4a87-9318-b4f8bf966de0 ] Request (ServerActionsTestJSON:setUpClass): 201 POST http://10.180.1.21/identity/v3/auth/tokens 0.118s
2025-04-16 15:28:00.391 71207 INFO tempest.lib.common.fixed_network [-] (ServerActionsTestJSON:setUpClass) Found network {'id': 'c713104d-514e-4edf-85dd-bac1af9ade6d', 'name': 'tempest-ServerActionsTestJSON-1149693635-network', 'tenant_id': '4ed8456a435748c4834d12cc500928ab', 'admin_state_up': True, 'mtu': 8950, 'status': 'ACTIVE', 'subnets': [], 'shared': False, 'project_id': '4ed8456a435748c4834d12cc500928ab', 'port_security_enabled': True, 'router:external': False, 'provider:network_type': 'vlan', 'provider:physical_network': 'default', 'provider:segmentation_id': 583, 'availability_zone_hints': [], 'availability_zones': [], 'ipv4_address_scope': None, 'ipv6_address_scope': None, 'description': '', 'tags': [], 'created_at': '2025-04-16T15:27:45Z', 'updated_at': '2025-04-16T15:27:45Z', 'revision_number': 1} available for tenant
2025-04-16 15:28:00.424 71221 INFO tempest.lib.common.rest_client [req-055fb6ee-d7ca-4b06-80e7-3961702f28d3 req-055fb6ee-d7ca-4b06-80e7-3961702f28d3 ] Request (TenantUsagesTestJSON:setUpClass): 201 POST http://10.180.1.21/identity/v3/auth/tokens 0.038s
2025-04-16 15:28:00.432 71225 INFO tempest.lib.common.rest_client [req-cd0d4765-ad8b-40ab-bea8-414af6cc5eba req-cd0d4765-ad8b-40ab-bea8-414af6cc5eba ] Request (ServersAdminTestJSON:setUpClass): 202 POST http://10.180.1.21/compute/v2.1/servers 1.893s
2025-04-16 15:28:00.478 71211 INFO tempest.lib.common.rest_client [req-b482a000-a07b-4a8b-abed-0f70a40d3d6e req-b482a000-a07b-4a8b-abed-0f70a40d3d6e ] Request (SecurityGroupsTestJSON:test_security_groups_create_list_delete): 202 DELETE http://10.180.1.21/compute/v2.1/os-security-groups/f788d206-8796-41be-965d-2364d0c6cb9b 1.867s
2025-04-16 15:28:00.484 71221 INFO tempest.lib.common.rest_client [req-165f50ec-19dd-4610-b584-6ffd25677324 req-165f50ec-19dd-4610-b584-6ffd25677324 ] Request (TenantUsagesTestJSON:setUpClass): 200 GET http://10.180.1.21/identity/v3/domains?name=Default 0.059s
2025-04-16 15:28:00.546 71221 INFO tempest.lib.common.rest_client [req-1177598f-f6f4-4653-a108-da396acdad4f req-1177598f-f6f4-4653-a108-da396acdad4f ] Request (TenantUsagesTestJSON:setUpClass): 201 POST http://10.180.1.21/identity/v3/projects 0.061s
2025-04-16 15:28:00.549 71225 INFO tempest.lib.common.rest_client [req-2751bfc7-651f-4640-a3f9-65c97adf1ab5 req-2751bfc7-651f-4640-a3f9-65c97adf1ab5 ] Request (ServersAdminTestJSON:setUpClass): 201 POST http://10.180.1.21/identity/v3/auth/tokens 0.110s
2025-04-16 15:28:00.549 71225 INFO tempest.lib.common.fixed_network [-] (ServersAdminTestJSON:setUpClass) Found network {'id': '39598f82-7dda-4887-9817-8857863dc385', 'name': 'tempest-ServersAdminTestJSON-506866939-network', 'tenant_id': 'c5d3cd1f729e4c2a8012e75154c856f8', 'admin_state_up': True, 'mtu': 8950, 'status': 'ACTIVE', 'subnets': [], 'shared': False, 'project_id': 'c5d3cd1f729e4c2a8012e75154c856f8', 'port_security_enabled': True, 'router:external': False, 'provider:network_type': 'vlan', 'provider:physical_network': 'default', 'provider:segmentation_id': 93, 'availability_zone_hints': [], 'availability_zones': [], 'ipv4_address_scope': None, 'ipv6_address_scope': None, 'description': '', 'tags': [], 'created_at': '2025-04-16T15:27:41Z', 'updated_at': '2025-04-16T15:27:41Z', 'revision_number': 1} available for tenant
2025-04-16 15:28:00.573 71239 INFO tempest.lib.common.rest_client [req-2301f780-f1fc-4c8e-b918-7457c809420a req-2301f780-f1fc-4c8e-b918-7457c809420a ] Request (AttachVolumeNegativeTest:test_attach_attached_volume_to_different_server): 200 GET http://10.180.1.21/compute/v2.1/servers/af4c024d-a139-46db-8e67-5760f1be1fe8 1.578s
2025-04-16 15:28:00.584 71239 INFO tempest.common.waiters [-] State transition "BUILD/None" ==> "BUILD/networking" after 23 second wait
2025-04-16 15:28:00.602 71199 INFO tempest.lib.common.rest_client [req-1c2026cf-86c6-46f1-b08e-2aed42402cc8 req-1c2026cf-86c6-46f1-b08e-2aed42402cc8 ] Request (FlavorsAdminTestJSON:test_list_non_public_flavor): 200 GET http://10.180.1.21/compute/v2.1/flavors/detail 1.606s
2025-04-16 15:28:00.616 71221 INFO tempest.lib.common.rest_client [req-ab428f10-29d5-462d-a9bf-ebdb98189e81 req-ab428f10-29d5-462d-a9bf-ebdb98189e81 ] Request (TenantUsagesTestJSON:setUpClass): 201 POST http://10.180.1.21/identity/v3/users 0.069s
2025-04-16 15:28:00.646 71221 INFO tempest.lib.common.rest_client [req-ed1e2549-16ac-4450-9852-ea17d78abebf req-ed1e2549-16ac-4450-9852-ea17d78abebf ] Request (TenantUsagesTestJSON:setUpClass): 200 GET http://10.180.1.21/identity/v3/roles 0.029s
2025-04-16 15:28:00.692 71221 INFO tempest.lib.common.rest_client [req-4b37cd68-0a0a-40f9-8bb9-c5b914452ff8 req-4b37cd68-0a0a-40f9-8bb9-c5b914452ff8 ] Request (TenantUsagesTestJSON:setUpClass): 204 PUT http://10.180.1.21/identity/v3/projects/6737d07567de46d996c48adfae3f8825/users/b261c4c30f7b4769b1ad8d43f9478b2f/roles/75911c2eb97f430ab83f57a4aeac3e5b 0.045s
2025-04-16 15:28:00.692 71221 INFO tempest.lib.common.dynamic_creds [-] Dynamic test user b261c4c30f7b4769b1ad8d43f9478b2f is created with scope project and roles: ['member']
2025-04-16 15:28:00.692 71221 INFO tempest.lib.common.dynamic_creds [-] Acquired dynamic creds: credentials: Credentials: {'domain_id': 'default', 'domain_name': 'Default', 'username': 'tempest-TenantUsagesTestJSON-1750000300-project-member', 'project_domain_id': 'default', 'project_domain_name': 'Default', 'project_id': '6737d07567de46d996c48adfae3f8825', 'project_name': 'tempest-TenantUsagesTestJSON-1750000300', 'tenant_id': '6737d07567de46d996c48adfae3f8825', 'tenant_name': 'tempest-TenantUsagesTestJSON-1750000300', 'user_domain_id': 'default', 'user_domain_name': 'Default', 'user_id': 'b261c4c30f7b4769b1ad8d43f9478b2f', 'system': None}, Network: None, Subnet: None, Router: None
2025-04-16 15:28:00.692 71221 INFO tempest.lib.common.dynamic_creds [-] Created isolated network resources for: credentials: Credentials: {'domain_id': 'default', 'domain_name': 'Default', 'username': 'tempest-TenantUsagesTestJSON-1750000300-project-member', 'project_domain_id': 'default', 'project_domain_name': 'Default', 'project_id': '6737d07567de46d996c48adfae3f8825', 'project_name': 'tempest-TenantUsagesTestJSON-1750000300', 'tenant_id': '6737d07567de46d996c48adfae3f8825', 'tenant_name': 'tempest-TenantUsagesTestJSON-1750000300', 'user_domain_id': 'default', 'user_domain_name': 'Default', 'user_id': 'b261c4c30f7b4769b1ad8d43f9478b2f', 'system': None}, Network: None, Subnet: None, Router: None
2025-04-16 15:28:00.779 71221 INFO tempest.lib.common.rest_client [req-9d625492-cd36-4bf3-b931-4fd34b807a6c req-9d625492-cd36-4bf3-b931-4fd34b807a6c ] Request (TenantUsagesTestJSON:setUpClass): 201 POST http://10.180.1.21/identity/v3/auth/tokens 0.084s
