2025-04-16 15:28:27.543 71224 INFO tempest.lib.common.rest_client [req-d316d4a1-d923-41e8-be9d-bee2e280907a req-d316d4a1-d923-41e8-be9d-bee2e280907a ] Request (ImagesOneServerNegativeTestJSON:test_create_second_image_when_first_image_is_being_saved): 204 DELETE http://10.180.1.21/compute/v2.1/images/a5903fe8-8862-48dd-b41a-c303d3febc3a 0.457s
2025-04-16 15:28:27.604 71199 INFO tempest.lib.common.rest_client [req-483d9874-a6c0-4783-9b33-71bc793b8d9a req-483d9874-a6c0-4783-9b33-71bc793b8d9a ] Request (FloatingIPsAssociationNegativeTestJSON:setUpClass): 200 GET http://10.180.1.21/compute/v2.1/servers/f58ffc5d-fd70-490d-8389-6319b1b27eff 0.280s
2025-04-16 15:28:27.620 71251 INFO tempest.lib.common.rest_client [req-24c52229-0abb-4197-baa2-6c6fdd3fd15b req-24c52229-0abb-4197-baa2-6c6fdd3fd15b ] Request (ServerAddressesTestJSON:setUpClass): 200 GET http://10.180.1.21/compute/v2.1/servers/b0535c7e-465f-4e80-9b9b-b455b9c3a98c 0.390s
2025-04-16 15:28:27.688 71245 INFO tempest.lib.common.rest_client [req-8b056a82-6b63-4d90-9024-6e8ba0944437 req-8b056a82-6b63-4d90-9024-6e8ba0944437 ] Request (DeleteServersTestJSON:test_delete_server_while_in_attached_volume): 200 GET http://10.180.1.21/compute/v2.1/servers/a2fc32ff-5e81-4cd9-ad18-0d70707b1ab7 0.287s
2025-04-16 15:28:27.802 71235 INFO tempest.lib.common.rest_client [req-4108f23b-6bfc-4a54-8abf-3e138c57f912 req-4108f23b-6bfc-4a54-8abf-3e138c57f912 ] Request (ServerShowV247Test:test_update_rebuild_list_server): 202 POST http://10.180.1.21/compute/v2.1/servers 0.332s
2025-04-16 15:28:27.873 71197 INFO tempest.lib.common.rest_client [req-55fb019b-fdd7-4a6e-9361-28b5df28ca95 req-55fb019b-fdd7-4a6e-9361-28b5df28ca95 ] Request (ImagesNegativeTestJSON:test_create_image_from_deleted_server): 200 GET http://10.180.1.21/compute/v2.1/servers/61b1debe-9779-4eeb-abee-5fcc87cf6aaf 0.376s
2025-04-16 15:28:27.928 71225 INFO tempest.lib.common.rest_client [req-51ee2020-14eb-4eb3-b7bb-a50f222e0e51 req-51ee2020-14eb-4eb3-b7bb-a50f222e0e51 ] Request (ServersAdminTestJSON:setUpClass): 200 GET http://10.180.1.21/compute/v2.1/servers/b206dfbe-342b-4b0a-9f43-b603205d8db7 0.429s
2025-04-16 15:28:27.947 71205 INFO tempest.lib.common.rest_client [req-7150a6a1-aa6a-4477-b5d1-3ed0f3049469 req-7150a6a1-aa6a-4477-b5d1-3ed0f3049469 ] Request (InstanceActionsTestJSON:setUpClass): 202 POST http://10.180.1.21/compute/v2.1/servers 0.590s
2025-04-16 15:28:28.015 71195 INFO tempest.lib.common.rest_client [req-1b949b18-ea59-4c30-826a-cfaf1940e954 req-1b949b18-ea59-4c30-826a-cfaf1940e954 ] Request (ServersAdmin275Test:tearDownClass): 200 GET http://10.180.1.21/compute/v2.1/servers/31674a28-a0b2-4b40-8c6e-ce45218a4d4b 0.415s
2025-04-16 15:28:28.048 71224 INFO tempest.lib.common.rest_client [req-4d4a7491-63ed-4afd-8ad1-8120b57987c4 req-4d4a7491-63ed-4afd-8ad1-8120b57987c4 ] Request (ImagesOneServerNegativeTestJSON:tearDown): 200 GET http://10.180.1.21/compute/v2.1/servers/2b45d5ab-8870-4d3c-b645-d7587fb9466f 0.504s
2025-04-16 15:28:28.077 71211 INFO tempest.lib.common.rest_client [req-71391083-3593-4d44-96af-c3f4dd9df3ef req-71391083-3593-4d44-96af-c3f4dd9df3ef ] Request (SecurityGroupsTestJSON:test_server_security_groups): 200 GET http://10.180.1.21/compute/v2.1/servers/9e03ec3e-a5fe-47e0-9fee-3d86fa604b12 0.417s
2025-04-16 15:28:28.124 71243 INFO tempest.lib.common.rest_client [req-24d932f7-3074-4523-b833-ccdcd9edc723 req-24d932f7-3074-4523-b833-ccdcd9edc723 ] Request (DeleteServersAdminTestJSON:test_delete_server_while_in_error_state): 200 GET http://10.180.1.21/compute/v2.1/servers/f17585da-df68-4dc5-b7f5-2bd51aa0c645 0.410s
2025-04-16 15:28:28.132 71243 INFO tempest.common.waiters [-] State transition "BUILD/None" ==> "BUILD/networking" after 29 second wait
2025-04-16 15:28:28.138 71219 INFO tempest.lib.common.rest_client [req-ce7615f7-d347-4b1c-b6e3-5e770810e937 req-ce7615f7-d347-4b1c-b6e3-5e770810e937 ] Request (MigrationsAdminTest:test_list_migrations_in_flavor_resize_situation): 200 GET http://10.180.1.21/compute/v2.1/servers/2f666dec-7728-444d-aad8-e2506e890556 0.477s
2025-04-16 15:28:28.179 71247 INFO tempest.lib.common.rest_client [req-341adece-4612-4186-a6df-4c747a5949f0 req-341adece-4612-4186-a6df-4c747a5949f0 ] Request (VolumesAssistedSnapshotsTest:tearDownClass): 200 GET http://10.180.1.21/compute/v2.1/servers/d42d1d63-4a32-4ce8-adef-ae483488c5aa 0.460s
2025-04-16 15:28:28.188 71247 INFO tempest.common.waiters [-] State transition "ACTIVE/deleting" ==> "DELETED/None" after 5 second wait
2025-04-16 15:28:28.205 71235 INFO tempest.lib.common.rest_client [req-e4830cd7-b3dd-4e66-8a4f-a269cba124a7 req-e4830cd7-b3dd-4e66-8a4f-a269cba124a7 ] Request (ServerShowV247Test:test_update_rebuild_list_server): 200 PUT http://10.180.1.21/compute/v2.1/servers/76832b17-5bf1-4966-b42f-ad77fb4af035 0.401s
2025-04-16 15:28:28.211 71229 INFO tempest.lib.common.rest_client [req-4c121c5e-4c26-4669-b067-9a44b5c1c76a req-4c121c5e-4c26-4669-b067-9a44b5c1c76a ] Request (ServersTestJSON:setUpClass): 200 GET http://10.180.1.21/compute/v2.1/servers/12220b63-b805-43a1-b4fc-08a6cc4e0978 0.421s
2025-04-16 15:28:28.241 71205 INFO tempest.lib.common.rest_client [req-0fd7d2de-705e-4117-89d5-598a53e06a17 req-0fd7d2de-705e-4117-89d5-598a53e06a17 ] Request (InstanceActionsTestJSON:setUpClass): 200 GET http://10.180.1.21/compute/v2.1/servers/3eb38467-b7d0-45bb-ab62-098e3e381853 0.292s
2025-04-16 15:28:28.296 71221 INFO tempest.lib.common.rest_client [req-9342848e-610b-4af7-a829-0e69d4c60935 req-9342848e-610b-4af7-a829-0e69d4c60935 ] Request (TenantUsagesTestJSON:setUpClass): 200 GET http://10.180.1.21/compute/v2.1/servers/73ca3686-48f5-4044-8dc4-676d48e964a8 0.288s
2025-04-16 15:28:28.323 71231 INFO tempest.lib.common.rest_client [req-98ed0475-79dc-41d8-866e-0305cc765585 req-98ed0475-79dc-41d8-866e-0305cc765585 ] Request (ImagesTestJSON:test_create_image_from_suspended_server): 200 GET http://10.180.1.21/compute/v2.1/servers/d1437bf9-19f4-40b1-b6ac-60a56bb5fff2 0.321s
2025-04-16 15:28:28.330 71231 INFO tempest.common.waiters [-] State transition "BUILD/spawning" ==> "ACTIVE/None" after 34 second wait
2025-04-16 15:28:28.351 71233 INFO tempest.lib.common.rest_client [req-87b8ea6c-2c7d-4668-b1b0-2836d4341579 req-87b8ea6c-2c7d-4668-b1b0-2836d4341579 ] Request (AttachInterfacesTestJSON:test_create_list_show_delete_interfaces_by_fixed_ip): 200 GET http://10.180.1.21/compute/v2.1/servers/dc670653-4db2-4482-9b29-b3d9853a3593 0.293s
2025-04-16 15:28:28.396 71209 INFO tempest.lib.common.rest_client [req-47669f19-978c-4e1a-85ba-361c96b81065 req-47669f19-978c-4e1a-85ba-361c96b81065 ] Request (ServersTestFqdnHostnames:test_create_server_with_fqdn_name): 200 GET http://10.180.1.21/compute/v2.1/servers/2b60c927-0466-46f5-8695-78c19010f1c9 0.322s
2025-04-16 15:28:28.408 71253 INFO tempest.lib.common.rest_client [req-5ca4238f-583b-409a-9af1-c043e0eab2f3 req-5ca4238f-583b-409a-9af1-c043e0eab2f3 ] Request (FloatingIPsAssociationTestJSON:tearDownClass): 200 GET http://10.180.1.21/compute/v2.1/servers/f450c3bd-3616-4627-8312-f6548d55260a 0.272s
2025-04-16 15:28:28.461 71235 INFO tempest.lib.common.rest_client [req-57ea007a-e3ac-4edd-ae95-12cab924df12 req-57ea007a-e3ac-4edd-ae95-12cab924df12 ] Request (ServerShowV247Test:test_update_rebuild_list_server): 200 GET http://10.180.1.21/compute/v2.1/servers/76832b17-5bf1-4966-b42f-ad77fb4af035 0.245s
2025-04-16 15:28:28.499 71227 INFO tempest.lib.common.rest_client [req-931f95ae-bf7e-4534-a974-e33841c845df req-931f95ae-bf7e-4534-a974-e33841c845df ] Request (ServersListShow298Test:tearDownClass): 200 GET http://10.180.1.21/compute/v2.1/servers/95f3eafa-1f2e-4980-9a33-d115bd946af5 0.322s
2025-04-16 15:28:28.513 71227 INFO tempest.common.waiters [-] State transition "ACTIVE/deleting" ==> "DELETED/None" after 5 second wait
2025-04-16 15:28:28.528 71249 INFO tempest.lib.common.rest_client [req-ef085dda-a3ba-4116-b3b3-55a8f8d179d5 req-ef085dda-a3ba-4116-b3b3-55a8f8d179d5 ] Request (ImagesOneServerTestJSON:setUpClass): 200 GET http://10.180.1.21/compute/v2.1/servers/4d388e5d-4fb7-429f-bfe1-ad7ee7baacd7 0.312s
2025-04-16 15:28:28.585 71193 INFO tempest.lib.common.rest_client [req-f0071f7b-5338-4c36-b9b8-2222fe5e7d14 req-f0071f7b-5338-4c36-b9b8-2222fe5e7d14 ] Request (ServersNegativeTestMultiTenantJSON:tearDownClass): 200 GET http://10.180.1.21/compute/v2.1/servers/051c137c-ed83-4dc6-a3e0-7866c30605c5 0.366s
2025-04-16 15:28:28.592 71213 INFO tempest.lib.common.rest_client [req-8f5f27eb-c0fa-4998-9648-f649c8189c0f req-8f5f27eb-c0fa-4998-9648-f649c8189c0f ] Request (ListImageFiltersTestJSON:setUpClass): 200 GET http://10.180.1.21/compute/v2.1/servers/dc8a589e-3d62-4aab-9b44-85cb242b6a7c 0.322s
2025-04-16 15:28:28.640 71191 INFO tempest.lib.common.rest_client [req-dffcb52c-e266-482b-89c3-db6fb23743f6 req-dffcb52c-e266-482b-89c3-db6fb23743f6 ] Request (ServerDiskConfigTestJSON:test_rebuild_server_with_manual_disk_config): 200 GET http://10.180.1.21/compute/v2.1/servers/9c9d1dea-cafa-4e05-8f35-7a5eda4037db 0.323s
2025-04-16 15:28:28.689 71207 INFO tempest.lib.common.rest_client [req-032de56a-52ad-47ed-9827-46c352b7defe req-032de56a-52ad-47ed-9827-46c352b7defe ] Request (ServerActionsTestJSON:setUpClass): 200 GET http://10.180.1.21/compute/v2.1/servers/f66bd22b-1de2-43cc-b2a5-154fedcd3692 0.360s
2025-04-16 15:28:28.770 71231 INFO tempest.lib.common.rest_client [req-6c10e51b-609e-4493-8af4-f00064808eb6 req-6c10e51b-609e-4493-8af4-f00064808eb6 ] Request (ImagesTestJSON:test_create_image_from_suspended_server): 202 POST http://10.180.1.21/compute/v2.1/servers/d1437bf9-19f4-40b1-b6ac-60a56bb5fff2/action 0.439s
2025-04-16 15:28:28.861 71201 INFO tempest.lib.common.rest_client [req-34ebbb89-d374-4a33-be22-a822f6f2b4eb req-34ebbb89-d374-4a33-be22-a822f6f2b4eb ] Request (ServersTestMultiNic:test_verify_duplicate_network_nics): 200 GET http://10.180.1.21/compute/v2.1/servers/c10d4e2a-98bb-4195-841e-e22b89a22496 0.584s
2025-04-16 15:28:28.899 71217 INFO tempest.lib.common.rest_client [req-13ec01cd-c496-4b43-aa30-8c3edb1fe5af req-13ec01cd-c496-4b43-aa30-8c3edb1fe5af ] Request (InstanceActionsNegativeTestJSON:setUpClass): 200 GET http://10.180.1.21/compute/v2.1/servers/259f5513-b60b-4dd9-97ce-829ca51896d4 0.429s
2025-04-16 15:28:28.908 71199 INFO tempest.lib.common.rest_client [req-7c3b0a83-adba-4003-88f8-0f9ced976ee2 req-7c3b0a83-adba-4003-88f8-0f9ced976ee2 ] Request (FloatingIPsAssociationNegativeTestJSON:setUpClass): 200 GET http://10.180.1.21/compute/v2.1/servers/f58ffc5d-fd70-490d-8389-6319b1b27eff 0.297s
2025-04-16 15:28:28.962 71245 INFO tempest.lib.common.rest_client [req-2ebd604a-0dbe-417c-8e8b-527e9f5ecb7e req-2ebd604a-0dbe-417c-8e8b-527e9f5ecb7e ] Request (DeleteServersTestJSON:test_delete_server_while_in_attached_volume): 200 GET http://10.180.1.21/compute/v2.1/servers/a2fc32ff-5e81-4cd9-ad18-0d70707b1ab7 0.266s
2025-04-16 15:28:29.054 71251 INFO tempest.lib.common.rest_client [req-f3d32f88-ca6b-45d5-9ad9-23f2d2270e24 req-f3d32f88-ca6b-45d5-9ad9-23f2d2270e24 ] Request (ServerAddressesTestJSON:setUpClass): 200 GET http://10.180.1.21/compute/v2.1/servers/b0535c7e-465f-4e80-9b9b-b455b9c3a98c 0.424s
2025-04-16 15:28:29.118 71197 INFO tempest.lib.common.rest_client [req-3e89bd70-6201-47cb-9dfd-3833905df04a req-3e89bd70-6201-47cb-9dfd-3833905df04a ] Request (ImagesNegativeTestJSON:test_create_image_from_deleted_server): 200 GET http://10.180.1.21/compute/v2.1/servers/61b1debe-9779-4eeb-abee-5fcc87cf6aaf 0.231s
2025-04-16 15:28:29.141 71231 INFO tempest.lib.common.rest_client [req-c75ff697-a031-4969-94c3-ed1906d9aace req-c75ff697-a031-4969-94c3-ed1906d9aace ] Request (ImagesTestJSON:test_create_image_from_suspended_server): 200 GET http://10.180.1.21/compute/v2.1/servers/d1437bf9-19f4-40b1-b6ac-60a56bb5fff2 0.371s
2025-04-16 15:28:29.169 71225 INFO tempest.lib.common.rest_client [req-c724e431-16f3-4381-8b04-f40e7fb6688f req-c724e431-16f3-4381-8b04-f40e7fb6688f ] Request (ServersAdminTestJSON:setUpClass): 200 GET http://10.180.1.21/compute/v2.1/servers/b206dfbe-342b-4b0a-9f43-b603205d8db7 0.230s
2025-04-16 15:28:29.208 71195 INFO tempest.lib.common.rest_client [req-ae8494e6-bd5e-472c-97fc-94caf1398b09 req-ae8494e6-bd5e-472c-97fc-94caf1398b09 ] Request (ServersAdmin275Test:tearDownClass): 200 GET http://10.180.1.21/compute/v2.1/servers/31674a28-a0b2-4b40-8c6e-ce45218a4d4b 0.180s
2025-04-16 15:28:29.253 71211 INFO tempest.lib.common.rest_client [req-1be623e5-bcf6-4168-b706-09496a4a6c54 req-1be623e5-bcf6-4168-b706-09496a4a6c54 ] Request (SecurityGroupsTestJSON:test_server_security_groups): 200 GET http://10.180.1.21/compute/v2.1/servers/9e03ec3e-a5fe-47e0-9fee-3d86fa604b12 0.167s
2025-04-16 15:28:29.279 71224 INFO tempest.lib.common.rest_client [req-3a9285bb-5b75-4dc5-86b8-dc57b29e3eb8 req-3a9285bb-5b75-4dc5-86b8-dc57b29e3eb8 ] Request (ImagesOneServerNegativeTestJSON:tearDown): 200 GET http://10.180.1.21/compute/v2.1/servers/2b45d5ab-8870-4d3c-b645-d7587fb9466f 0.220s
2025-04-16 15:28:29.285 71224 INFO tempest.common.waiters [-] State transition "ACTIVE/image_snapshot" ==> "ACTIVE/image_pending_upload" after 1 second wait
2025-04-16 15:28:29.343 71243 INFO tempest.lib.common.rest_client [req-7de542f1-3716-47f0-bc71-37a23493997e req-7de542f1-3716-47f0-bc71-37a23493997e ] Request (DeleteServersAdminTestJSON:test_delete_server_while_in_error_state): 200 GET http://10.180.1.21/compute/v2.1/servers/f17585da-df68-4dc5-b7f5-2bd51aa0c645 0.210s
2025-04-16 15:28:29.350 71243 INFO tempest.common.waiters [-] State transition "BUILD/networking" ==> "BUILD/spawning" after 30 second wait
2025-04-16 15:28:29.401 71219 INFO tempest.lib.common.rest_client [req-adf23b4b-1181-4037-8528-2ec0abe18999 req-adf23b4b-1181-4037-8528-2ec0abe18999 ] Request (MigrationsAdminTest:test_list_migrations_in_flavor_resize_situation): 200 GET http://10.180.1.21/compute/v2.1/servers/2f666dec-7728-444d-aad8-e2506e890556 0.254s
2025-04-16 15:28:29.407 71247 INFO tempest.lib.common.rest_client [req-ec801663-466a-4269-915c-42241290a057 req-ec801663-466a-4269-915c-42241290a057 ] Request (VolumesAssistedSnapshotsTest:tearDownClass): 200 GET http://10.180.1.21/compute/v2.1/servers/d42d1d63-4a32-4ce8-adef-ae483488c5aa 0.217s
2025-04-16 15:28:29.460 71229 INFO tempest.lib.common.rest_client [req-5cb1b917-d136-485f-9670-fd60eb3715b6 req-5cb1b917-d136-485f-9670-fd60eb3715b6 ] Request (ServersTestJSON:setUpClass): 200 GET http://10.180.1.21/compute/v2.1/servers/12220b63-b805-43a1-b4fc-08a6cc4e0978 0.239s
2025-04-16 15:28:29.466 71205 INFO tempest.lib.common.rest_client [req-7a8fc9c1-c827-4ed9-952e-3e3b9d123bd9 req-7a8fc9c1-c827-4ed9-952e-3e3b9d123bd9 ] Request (InstanceActionsTestJSON:setUpClass): 200 GET http://10.180.1.21/compute/v2.1/servers/3eb38467-b7d0-45bb-ab62-098e3e381853 0.217s
2025-04-16 15:28:29.512 71221 INFO tempest.lib.common.rest_client [req-5adee56c-2ba3-4482-8bf1-9399d9ddfe84 req-5adee56c-2ba3-4482-8bf1-9399d9ddfe84 ] Request (TenantUsagesTestJSON:setUpClass): 200 GET http://10.180.1.21/compute/v2.1/servers/73ca3686-48f5-4044-8dc4-676d48e964a8 0.208s
2025-04-16 15:28:29.518 71233 INFO tempest.lib.common.rest_client [req-96009064-16c7-49f8-ac42-01e86428c758 req-96009064-16c7-49f8-ac42-01e86428c758 ] Request (AttachInterfacesTestJSON:test_create_list_show_delete_interfaces_by_fixed_ip): 200 GET http://10.180.1.21/compute/v2.1/servers/dc670653-4db2-4482-9b29-b3d9853a3593 0.156s
2025-04-16 15:28:29.580 71253 INFO tempest.lib.common.rest_client [req-9f657cb0-c938-4fe2-a250-074b0c43a54d req-9f657cb0-c938-4fe2-a250-074b0c43a54d ] Request (FloatingIPsAssociationTestJSON:tearDownClass): 200 GET http://10.180.1.21/compute/v2.1/servers/f450c3bd-3616-4627-8312-f6548d55260a 0.162s
2025-04-16 15:28:29.580 71209 INFO tempest.lib.common.rest_client [req-baadf053-1e0f-4329-bfa2-2e51cce943ac req-baadf053-1e0f-4329-bfa2-2e51cce943ac ] Request (ServersTestFqdnHostnames:test_create_server_with_fqdn_name): 200 GET http://10.180.1.21/compute/v2.1/servers/2b60c927-0466-46f5-8695-78c19010f1c9 0.176s
2025-04-16 15:28:29.631 71235 INFO tempest.lib.common.rest_client [req-000d96b0-ce60-4919-a561-11b32a8d9fe6 req-000d96b0-ce60-4919-a561-11b32a8d9fe6 ] Request (ServerShowV247Test:test_update_rebuild_list_server): 200 GET http://10.180.1.21/compute/v2.1/servers/76832b17-5bf1-4966-b42f-ad77fb4af035 0.160s
2025-04-16 15:28:29.650 71227 INFO tempest.lib.common.rest_client [req-2d3076c8-d27e-4693-9c1c-703a21c54489 req-2d3076c8-d27e-4693-9c1c-703a21c54489 ] Request (ServersListShow298Test:tearDownClass): 200 GET http://10.180.1.21/compute/v2.1/servers/95f3eafa-1f2e-4980-9a33-d115bd946af5 0.135s
2025-04-16 15:28:29.679 71249 INFO tempest.lib.common.rest_client [req-3f26b1f6-aeb2-493a-b22f-95678af44946 req-3f26b1f6-aeb2-493a-b22f-95678af44946 ] Request (ImagesOneServerTestJSON:setUpClass): 200 GET http://10.180.1.21/compute/v2.1/servers/4d388e5d-4fb7-429f-bfe1-ad7ee7baacd7 0.140s
2025-04-16 15:28:29.704 71193 INFO tempest.lib.common.rest_client [req-1089d125-0012-4799-8717-bfef5edca52c req-1089d125-0012-4799-8717-bfef5edca52c ] Request (ServersNegativeTestMultiTenantJSON:tearDownClass): 200 GET http://10.180.1.21/compute/v2.1/servers/051c137c-ed83-4dc6-a3e0-7866c30605c5 0.110s
2025-04-16 15:28:29.732 71213 INFO tempest.lib.common.rest_client [req-11b4b55f-2dcb-415e-a155-0326579a9c7b req-11b4b55f-2dcb-415e-a155-0326579a9c7b ] Request (ListImageFiltersTestJSON:setUpClass): 200 GET http://10.180.1.21/compute/v2.1/servers/dc8a589e-3d62-4aab-9b44-85cb242b6a7c 0.130s
2025-04-16 15:28:29.758 71191 INFO tempest.lib.common.rest_client [req-cc1e3384-fd5d-436c-9167-3a59dd3f6eb7 req-cc1e3384-fd5d-436c-9167-3a59dd3f6eb7 ] Request (ServerDiskConfigTestJSON:test_rebuild_server_with_manual_disk_config): 200 GET http://10.180.1.21/compute/v2.1/servers/9c9d1dea-cafa-4e05-8f35-7a5eda4037db 0.109s
2025-04-16 15:28:29.781 71207 INFO tempest.lib.common.rest_client [req-bed24896-e5f0-41f0-b891-a0d0a0177274 req-bed24896-e5f0-41f0-b891-a0d0a0177274 ] Request (ServerActionsTestJSON:setUpClass): 200 GET http://10.180.1.21/compute/v2.1/servers/f66bd22b-1de2-43cc-b2a5-154fedcd3692 0.083s
2025-04-16 15:28:29.922 71201 INFO tempest.lib.common.rest_client [req-d372e185-c102-43ff-ae8b-f473f088e42f req-d372e185-c102-43ff-ae8b-f473f088e42f ] Request (ServersTestMultiNic:test_verify_duplicate_network_nics): 200 GET http://10.180.1.21/compute/v2.1/servers/c10d4e2a-98bb-4195-841e-e22b89a22496 0.053s
2025-04-16 15:28:29.970 71199 INFO tempest.lib.common.rest_client [req-d1cec144-b376-46a0-9a6e-ce66a32df5b7 req-d1cec144-b376-46a0-9a6e-ce66a32df5b7 ] Request (FloatingIPsAssociationNegativeTestJSON:setUpClass): 200 GET http://10.180.1.21/compute/v2.1/servers/f58ffc5d-fd70-490d-8389-6319b1b27eff 0.053s
2025-04-16 15:28:30.024 71217 INFO tempest.lib.common.rest_client [req-3a2cfea3-9779-439c-a786-4b0f201fe62f req-3a2cfea3-9779-439c-a786-4b0f201fe62f ] Request (InstanceActionsNegativeTestJSON:setUpClass): 200 GET http://10.180.1.21/compute/v2.1/servers/259f5513-b60b-4dd9-97ce-829ca51896d4 0.114s
2025-04-16 15:28:30.028 71245 INFO tempest.lib.common.rest_client [req-6e4a744d-d74f-48ac-b307-12ecc4576296 req-6e4a744d-d74f-48ac-b307-12ecc4576296 ] Request (DeleteServersTestJSON:test_delete_server_while_in_attached_volume): 200 GET http://10.180.1.21/compute/v2.1/servers/a2fc32ff-5e81-4cd9-ad18-0d70707b1ab7 0.054s
2025-04-16 15:28:30.168 71251 INFO tempest.lib.common.rest_client [req-47d65d2e-45c6-42a2-babc-dd2d3ba32174 req-47d65d2e-45c6-42a2-babc-dd2d3ba32174 ] Request (ServerAddressesTestJSON:setUpClass): 200 GET http://10.180.1.21/compute/v2.1/servers/b0535c7e-465f-4e80-9b9b-b455b9c3a98c 0.105s
2025-04-16 15:28:30.195 71197 INFO tempest.lib.common.rest_client [req-55d741b2-bea2-4bba-a288-217e09ec87ef req-55d741b2-bea2-4bba-a288-217e09ec87ef ] Request (ImagesNegativeTestJSON:test_create_image_from_deleted_server): 200 GET http://10.180.1.21/compute/v2.1/servers/61b1debe-9779-4eeb-abee-5fcc87cf6aaf 0.064s
2025-04-16 15:28:30.268 71225 INFO tempest.lib.common.rest_client [req-f1d07dc1-430f-4596-8b3b-aec0e2bd6627 req-f1d07dc1-430f-4596-8b3b-aec0e2bd6627 ] Request (ServersAdminTestJSON:setUpClass): 200 GET http://10.180.1.21/compute/v2.1/servers/b206dfbe-342b-4b0a-9f43-b603205d8db7 0.081s
2025-04-16 15:28:30.289 71231 INFO tempest.lib.common.rest_client [req-ec5895bd-267e-4a10-aa1f-1840bd8d0a3c req-ec5895bd-267e-4a10-aa1f-1840bd8d0a3c ] Request (ImagesTestJSON:test_create_image_from_suspended_server): 200 GET http://10.180.1.21/compute/v2.1/servers/d1437bf9-19f4-40b1-b6ac-60a56bb5fff2 0.139s
2025-04-16 15:28:30.293 71195 INFO tempest.lib.common.rest_client [req-f1fbf6e1-d32b-4545-8757-e2e73a81abb5 req-f1fbf6e1-d32b-4545-8757-e2e73a81abb5 ] Request (ServersAdmin275Test:tearDownClass): 404 GET http://10.180.1.21/compute/v2.1/servers/31674a28-a0b2-4b40-8c6e-ce45218a4d4b 0.073s
2025-04-16 15:28:30.342 71211 INFO tempest.lib.common.rest_client [req-42fd0a85-2341-4345-bc2d-85054be325df req-42fd0a85-2341-4345-bc2d-85054be325df ] Request (SecurityGroupsTestJSON:test_server_security_groups): 200 GET http://10.180.1.21/compute/v2.1/servers/9e03ec3e-a5fe-47e0-9fee-3d86fa604b12 0.081s
2025-04-16 15:28:30.400 71224 INFO tempest.lib.common.rest_client [req-381106c8-1e1b-4c11-8f1f-ac02813b5fac req-381106c8-1e1b-4c11-8f1f-ac02813b5fac ] Request (ImagesOneServerNegativeTestJSON:tearDown): 200 GET http://10.180.1.21/compute/v2.1/servers/2b45d5ab-8870-4d3c-b645-d7587fb9466f 0.112s
2025-04-16 15:28:30.412 71224 INFO tempest.common.waiters [-] State transition "ACTIVE/image_pending_upload" ==> "ACTIVE/image_uploading" after 2 second wait
2025-04-16 15:28:30.435 71195 INFO tempest.lib.common.rest_client [req-468d499f-a3b1-4f3d-b2b9-b4baea37dff2 req-468d499f-a3b1-4f3d-b2b9-b4baea37dff2 ] Request (ServersAdmin275Test:tearDownClass): 204 DELETE http://10.180.1.21/identity/v3/users/1d82a06bda9a4716bd559fb77c873c45 0.142s
2025-04-16 15:28:30.484 71243 INFO tempest.lib.common.rest_client [req-c50ab32a-7560-4006-9af5-da82712f38c5 req-c50ab32a-7560-4006-9af5-da82712f38c5 ] Request (DeleteServersAdminTestJSON:test_delete_server_while_in_error_state): 200 GET http://10.180.1.21/compute/v2.1/servers/f17585da-df68-4dc5-b7f5-2bd51aa0c645 0.133s
2025-04-16 15:28:30.525 71219 INFO tempest.lib.common.rest_client [req-29b4608a-87f7-455d-b18e-26c4acbaf9a8 req-29b4608a-87f7-455d-b18e-26c4acbaf9a8 ] Request (MigrationsAdminTest:test_list_migrations_in_flavor_resize_situation): 200 GET http://10.180.1.21/compute/v2.1/servers/2f666dec-7728-444d-aad8-e2506e890556 0.114s
2025-04-16 15:28:30.551 71247 INFO tempest.lib.common.rest_client [req-b1041ff5-8541-467c-bb65-34e052d73b7b req-b1041ff5-8541-467c-bb65-34e052d73b7b ] Request (VolumesAssistedSnapshotsTest:tearDownClass): 200 GET http://10.180.1.21/compute/v2.1/servers/d42d1d63-4a32-4ce8-adef-ae483488c5aa 0.136s
2025-04-16 15:28:30.557 71195 INFO tempest.lib.common.rest_client [req-49ac8caf-2a20-402a-86e7-298379af9962 req-49ac8caf-2a20-402a-86e7-298379af9962 ] Request (ServersAdmin275Test:tearDownClass): 204 DELETE http://10.180.1.21/identity/v3/users/822f2cdb9f284810b834c1750df1dd5c 0.121s
2025-04-16 15:28:30.557 71195 INFO tempest.lib.common.dynamic_creds [-] Deleting project and security group for project: ebe5eeabb61649b697a657491b6ba50b
2025-04-16 15:28:30.585 71229 INFO tempest.lib.common.rest_client [req-81497085-02bd-483a-ad32-31ac6b419966 req-81497085-02bd-483a-ad32-31ac6b419966 ] Request (ServersTestJSON:setUpClass): 200 GET http://10.180.1.21/compute/v2.1/servers/12220b63-b805-43a1-b4fc-08a6cc4e0978 0.117s
2025-04-16 15:28:30.616 71205 INFO tempest.lib.common.rest_client [req-c7c9d603-ed26-463e-ba2d-c0b984bc4404 req-c7c9d603-ed26-463e-ba2d-c0b984bc4404 ] Request (InstanceActionsTestJSON:setUpClass): 200 GET http://10.180.1.21/compute/v2.1/servers/3eb38467-b7d0-45bb-ab62-098e3e381853 0.141s
2025-04-16 15:28:30.642 71195 INFO tempest.lib.common.rest_client [req-2121abfa-ae69-4282-914c-31b61905d917 req-2121abfa-ae69-4282-914c-31b61905d917 ] Request (ServersAdmin275Test:tearDownClass): 201 POST http://10.180.1.21/identity/v3/auth/tokens 0.085s
2025-04-16 15:28:30.646 71221 INFO tempest.lib.common.rest_client [req-0d557fd3-873e-4a33-a2bb-f3cd6ccf2b7c req-0d557fd3-873e-4a33-a2bb-f3cd6ccf2b7c ] Request (TenantUsagesTestJSON:setUpClass): 200 GET http://10.180.1.21/compute/v2.1/servers/73ca3686-48f5-4044-8dc4-676d48e964a8 0.119s
2025-04-16 15:28:30.668 71233 INFO tempest.lib.common.rest_client [req-37d62574-7977-4481-a212-2f493f4d48ad req-37d62574-7977-4481-a212-2f493f4d48ad ] Request (AttachInterfacesTestJSON:test_create_list_show_delete_interfaces_by_fixed_ip): 200 GET http://10.180.1.21/compute/v2.1/servers/dc670653-4db2-4482-9b29-b3d9853a3593 0.139s
2025-04-16 15:28:30.703 71209 INFO tempest.lib.common.rest_client [req-7552acfe-dd3d-4330-b0d6-38a1f9acd019 req-7552acfe-dd3d-4330-b0d6-38a1f9acd019 ] Request (ServersTestFqdnHostnames:test_create_server_with_fqdn_name): 200 GET http://10.180.1.21/compute/v2.1/servers/2b60c927-0466-46f5-8695-78c19010f1c9 0.114s
2025-04-16 15:28:30.729 71253 INFO tempest.lib.common.rest_client [req-8a34bd57-1601-4b8f-aa9c-dbe77dd514e5 req-8a34bd57-1601-4b8f-aa9c-dbe77dd514e5 ] Request (FloatingIPsAssociationTestJSON:tearDownClass): 200 GET http://10.180.1.21/compute/v2.1/servers/f450c3bd-3616-4627-8312-f6548d55260a 0.139s
2025-04-16 15:28:30.757 71235 INFO tempest.lib.common.rest_client [req-e80c2c4e-23eb-4117-bc03-972db88521a3 req-e80c2c4e-23eb-4117-bc03-972db88521a3 ] Request (ServerShowV247Test:test_update_rebuild_list_server): 200 GET http://10.180.1.21/compute/v2.1/servers/76832b17-5bf1-4966-b42f-ad77fb4af035 0.117s
2025-04-16 15:28:30.810 71227 INFO tempest.lib.common.rest_client [req-5037f197-248d-4778-ad56-a0a40d9cdf79 req-5037f197-248d-4778-ad56-a0a40d9cdf79 ] Request (ServersListShow298Test:tearDownClass): 200 GET http://10.180.1.21/compute/v2.1/servers/95f3eafa-1f2e-4980-9a33-d115bd946af5 0.149s
2025-04-16 15:28:30.819 71249 INFO tempest.lib.common.rest_client [req-d1291c0e-6254-47ae-a6fa-5be7ed48a158 req-d1291c0e-6254-47ae-a6fa-5be7ed48a158 ] Request (ImagesOneServerTestJSON:setUpClass): 200 GET http://10.180.1.21/compute/v2.1/servers/4d388e5d-4fb7-429f-bfe1-ad7ee7baacd7 0.127s
2025-04-16 15:28:30.832 71195 INFO tempest.lib.common.rest_client [req-3521fd6b-7528-482d-b2e2-b761e8c477b1 req-3521fd6b-7528-482d-b2e2-b761e8c477b1 ] Request (ServersAdmin275Test:tearDownClass): 200 GET http://10.180.1.21:9696/networking/v2.0/security-groups?tenant_id=ebe5eeabb61649b697a657491b6ba50b&name=default 0.189s
2025-04-16 15:28:30.868 71193 INFO tempest.lib.common.rest_client [req-a81a7454-0c04-474b-b406-9852757f08c1 req-a81a7454-0c04-474b-b406-9852757f08c1 ] Request (ServersNegativeTestMultiTenantJSON:tearDownClass): 200 GET http://10.180.1.21/compute/v2.1/servers/051c137c-ed83-4dc6-a3e0-7866c30605c5 0.157s
2025-04-16 15:28:30.871 71213 INFO tempest.lib.common.rest_client [req-a9ef3aeb-86bd-4d30-9ad4-e0382cd430c9 req-a9ef3aeb-86bd-4d30-9ad4-e0382cd430c9 ] Request (ListImageFiltersTestJSON:setUpClass): 200 GET http://10.180.1.21/compute/v2.1/servers/dc8a589e-3d62-4aab-9b44-85cb242b6a7c 0.131s
2025-04-16 15:28:30.923 71207 INFO tempest.lib.common.rest_client [req-4c76cb07-2b72-41bf-b8ba-c86da855945b req-4c76cb07-2b72-41bf-b8ba-c86da855945b ] Request (ServerActionsTestJSON:setUpClass): 200 GET http://10.180.1.21/compute/v2.1/servers/f66bd22b-1de2-43cc-b2a5-154fedcd3692 0.134s
2025-04-16 15:28:30.937 71195 INFO tempest.lib.common.rest_client [req-b5b3056b-3816-44de-8a61-1283432d4735 req-b5b3056b-3816-44de-8a61-1283432d4735 ] Request (ServersAdmin275Test:tearDownClass): 204 DELETE http://10.180.1.21:9696/networking/v2.0/security-groups/95b97c15-92f7-4896-9448-dad925949c22 0.105s
2025-04-16 15:28:30.938 71191 INFO tempest.lib.common.rest_client [req-d73f3b3a-fced-4f4e-964b-6321256cffae req-d73f3b3a-fced-4f4e-964b-6321256cffae ] Request (ServerDiskConfigTestJSON:test_rebuild_server_with_manual_disk_config): 200 GET http://10.180.1.21/compute/v2.1/servers/9c9d1dea-cafa-4e05-8f35-7a5eda4037db 0.171s
2025-04-16 15:28:30.993 71201 INFO tempest.lib.common.rest_client [req-bb096410-5b67-4126-8198-f0e2427c54d6 req-bb096410-5b67-4126-8198-f0e2427c54d6 ] Request (ServersTestMultiNic:test_verify_duplicate_network_nics): 200 GET http://10.180.1.21/compute/v2.1/servers/c10d4e2a-98bb-4195-841e-e22b89a22496 0.063s
2025-04-16 15:28:31.018 71195 INFO tempest.lib.common.rest_client [req-d0ac1c45-d975-4db8-aea8-b3997345b75c req-d0ac1c45-d975-4db8-aea8-b3997345b75c ] Request (ServersAdmin275Test:tearDownClass): 204 DELETE http://10.180.1.21/identity/v3/projects/ebe5eeabb61649b697a657491b6ba50b 0.080s
2025-04-16 15:28:31.018 71195 INFO tempest.lib.common.dynamic_creds [-] Deleting project and security group for project: ddebfddc577f4e8fab2ce52b01daa26e
2025-04-16 15:28:31.034 71199 INFO tempest.lib.common.rest_client [req-69addd7f-0324-465b-9708-0ab8d33841b3 req-69addd7f-0324-465b-9708-0ab8d33841b3 ] Request (FloatingIPsAssociationNegativeTestJSON:setUpClass): 200 GET http://10.180.1.21/compute/v2.1/servers/f58ffc5d-fd70-490d-8389-6319b1b27eff 0.057s
2025-04-16 15:28:31.095 71245 INFO tempest.lib.common.rest_client [req-cad5a04a-2834-4185-a398-d1ce501e2ca1 req-cad5a04a-2834-4185-a398-d1ce501e2ca1 ] Request (DeleteServersTestJSON:test_delete_server_while_in_attached_volume): 200 GET http://10.180.1.21/compute/v2.1/servers/a2fc32ff-5e81-4cd9-ad18-0d70707b1ab7 0.060s
2025-04-16 15:28:31.120 71195 INFO tempest.lib.common.rest_client [req-752e2f85-d489-4362-ad75-5c22d437ae0b req-752e2f85-d489-4362-ad75-5c22d437ae0b ] Request (ServersAdmin275Test:tearDownClass): 200 GET http://10.180.1.21:9696/networking/v2.0/security-groups?tenant_id=ddebfddc577f4e8fab2ce52b01daa26e&name=default 0.102s
2025-04-16 15:28:31.126 71217 INFO tempest.lib.common.rest_client [req-62cb3592-45df-49eb-8b23-6935accb22a3 req-62cb3592-45df-49eb-8b23-6935accb22a3 ] Request (InstanceActionsNegativeTestJSON:setUpClass): 200 GET http://10.180.1.21/compute/v2.1/servers/259f5513-b60b-4dd9-97ce-829ca51896d4 0.090s
2025-04-16 15:28:31.192 71195 INFO tempest.lib.common.rest_client [req-664b257d-1abc-4fe8-95b1-2ba21dcb33dd req-664b257d-1abc-4fe8-95b1-2ba21dcb33dd ] Request (ServersAdmin275Test:tearDownClass): 204 DELETE http://10.180.1.21:9696/networking/v2.0/security-groups/a3d7c334-1f8b-423e-a448-1122080678ad 0.071s
2025-04-16 15:28:31.264 71197 INFO tempest.lib.common.rest_client [req-33048e53-3ed2-4d34-aaaf-ca6f2d321754 req-33048e53-3ed2-4d34-aaaf-ca6f2d321754 ] Request (ImagesNegativeTestJSON:test_create_image_from_deleted_server): 200 GET http://10.180.1.21/compute/v2.1/servers/61b1debe-9779-4eeb-abee-5fcc87cf6aaf 0.062s
2025-04-16 15:28:31.270 71251 INFO tempest.lib.common.rest_client [req-fa5a36a5-4c45-45b7-bc4b-354bc28ab15d req-fa5a36a5-4c45-45b7-bc4b-354bc28ab15d ] Request (ServerAddressesTestJSON:setUpClass): 200 GET http://10.180.1.21/compute/v2.1/servers/b0535c7e-465f-4e80-9b9b-b455b9c3a98c 0.092s
2025-04-16 15:28:31.281 71195 INFO tempest.lib.common.rest_client [req-f23243b1-08b7-484d-994f-60768a9f7952 req-f23243b1-08b7-484d-994f-60768a9f7952 ] Request (ServersAdmin275Test:tearDownClass): 204 DELETE http://10.180.1.21/identity/v3/projects/ddebfddc577f4e8fab2ce52b01daa26e 0.089s
2025-04-16 15:28:31.328 71225 INFO tempest.lib.common.rest_client [req-892bed1c-e476-49b2-84bb-8bd0610021e0 req-892bed1c-e476-49b2-84bb-8bd0610021e0 ] Request (ServersAdminTestJSON:setUpClass): 200 GET http://10.180.1.21/compute/v2.1/servers/b206dfbe-342b-4b0a-9f43-b603205d8db7 0.052s
2025-04-16 15:28:31.338 71195 INFO tempest.lib.common.rest_client [req-583a2316-8cf1-48b2-b41c-4b0344018941 req-583a2316-8cf1-48b2-b41c-4b0344018941 ] Request (ServersAdminNegativeTestJSON:setUpClass): 201 POST http://10.180.1.21/identity/v3/auth/tokens 0.055s
2025-04-16 15:28:31.368 71195 INFO tempest.lib.common.rest_client [req-f9faf519-7e3e-4f78-b41e-af5e268af723 req-f9faf519-7e3e-4f78-b41e-af5e268af723 ] Request (ServersAdminNegativeTestJSON:setUpClass): 201 POST http://10.180.1.21/identity/v3/auth/tokens 0.027s
2025-04-16 15:28:31.392 71195 INFO tempest.lib.common.rest_client [req-165d48e8-ec62-40c5-8de7-40795c745fd9 req-165d48e8-ec62-40c5-8de7-40795c745fd9 ] Request (ServersAdminNegativeTestJSON:setUpClass): 200 GET http://10.180.1.21/identity/v3/domains?name=Default 0.024s
2025-04-16 15:28:31.396 71231 INFO tempest.lib.common.rest_client [req-9f40488d-7e4a-449b-9fa5-34fb795d5cbb req-9f40488d-7e4a-449b-9fa5-34fb795d5cbb ] Request (ImagesTestJSON:test_create_image_from_suspended_server): 200 GET http://10.180.1.21/compute/v2.1/servers/d1437bf9-19f4-40b1-b6ac-60a56bb5fff2 0.095s
2025-04-16 15:28:31.403 71231 INFO tempest.common.waiters [-] State transition "ACTIVE/suspending" ==> "SUSPENDED/None" after 2 second wait
2025-04-16 15:28:31.406 71211 INFO tempest.lib.common.rest_client [req-daf3f410-fa1f-4f0f-8c98-d6de81aa3665 req-daf3f410-fa1f-4f0f-8c98-d6de81aa3665 ] Request (SecurityGroupsTestJSON:test_server_security_groups): 200 GET http://10.180.1.21/compute/v2.1/servers/9e03ec3e-a5fe-47e0-9fee-3d86fa604b12 0.053s
2025-04-16 15:28:31.424 71195 INFO tempest.lib.common.rest_client [req-6b18d9dc-fd59-490b-b9b3-ab0ac120092f req-6b18d9dc-fd59-490b-b9b3-ab0ac120092f ] Request (ServersAdminNegativeTestJSON:setUpClass): 201 POST http://10.180.1.21/identity/v3/projects 0.032s
2025-04-16 15:28:31.502 71195 INFO tempest.lib.common.rest_client [req-3eaca621-4d04-4247-8685-6e5af8d3450f req-3eaca621-4d04-4247-8685-6e5af8d3450f ] Request (ServersAdminNegativeTestJSON:setUpClass): 201 POST http://10.180.1.21/identity/v3/users 0.077s
2025-04-16 15:28:31.523 71195 INFO tempest.lib.common.rest_client [req-7f62e383-8c9f-4842-aff2-29f9ab05016c req-7f62e383-8c9f-4842-aff2-29f9ab05016c ] Request (ServersAdminNegativeTestJSON:setUpClass): 200 GET http://10.180.1.21/identity/v3/roles 0.021s
2025-04-16 15:28:31.548 71195 INFO tempest.lib.common.rest_client [req-3f38e9e8-8330-4238-8615-db11173c55a6 req-3f38e9e8-8330-4238-8615-db11173c55a6 ] Request (ServersAdminNegativeTestJSON:setUpClass): 204 PUT http://10.180.1.21/identity/v3/projects/30dfcfcbb20b423da281cf15a19c5284/users/e63b94072e81466e9114622724a0dbbc/roles/75911c2eb97f430ab83f57a4aeac3e5b 0.024s
2025-04-16 15:28:31.548 71195 INFO tempest.lib.common.dynamic_creds [-] Dynamic test user e63b94072e81466e9114622724a0dbbc is created with scope project and roles: ['member']
2025-04-16 15:28:31.548 71195 INFO tempest.lib.common.dynamic_creds [-] Acquired dynamic creds: credentials: Credentials: {'domain_id': 'default', 'domain_name': 'Default', 'username': 'tempest-ServersAdminNegativeTestJSON-1005031161-project-member', 'project_domain_id': 'default', 'project_domain_name': 'Default', 'project_id': '30dfcfcbb20b423da281cf15a19c5284', 'project_name': 'tempest-ServersAdminNegativeTestJSON-1005031161', 'tenant_id': '30dfcfcbb20b423da281cf15a19c5284', 'tenant_name': 'tempest-ServersAdminNegativeTestJSON-1005031161', 'user_domain_id': 'default', 'user_domain_name': 'Default', 'user_id': 'e63b94072e81466e9114622724a0dbbc', 'system': None}, Network: None, Subnet: None, Router: None
2025-04-16 15:28:31.548 71195 INFO tempest.lib.common.dynamic_creds [-] Created isolated network resources for: credentials: Credentials: {'domain_id': 'default', 'domain_name': 'Default', 'username': 'tempest-ServersAdminNegativeTestJSON-1005031161-project-member', 'project_domain_id': 'default', 'project_domain_name': 'Default', 'project_id': '30dfcfcbb20b423da281cf15a19c5284', 'project_name': 'tempest-ServersAdminNegativeTestJSON-1005031161', 'tenant_id': '30dfcfcbb20b423da281cf15a19c5284', 'tenant_name': 'tempest-ServersAdminNegativeTestJSON-1005031161', 'user_domain_id': 'default', 'user_domain_name': 'Default', 'user_id': 'e63b94072e81466e9114622724a0dbbc', 'system': None}, Network: None, Subnet: None, Router: None
2025-04-16 15:28:31.553 71224 INFO tempest.lib.common.rest_client [req-43431f7e-6cb1-4fb6-beb1-684c4ff0ab4b req-43431f7e-6cb1-4fb6-beb1-684c4ff0ab4b ] Request (ImagesOneServerNegativeTestJSON:tearDown): 200 GET http://10.180.1.21/compute/v2.1/servers/2b45d5ab-8870-4d3c-b645-d7587fb9466f 0.140s
2025-04-16 15:28:31.616 71195 INFO tempest.lib.common.rest_client [req-5c893359-11b7-4cf2-853c-2d0758771a83 req-5c893359-11b7-4cf2-853c-2d0758771a83 ] Request (ServersAdminNegativeTestJSON:setUpClass): 201 POST http://10.180.1.21/identity/v3/auth/tokens 0.065s
2025-04-16 15:28:31.685 71195 INFO tempest.lib.common.rest_client [req-b6df3450-aaaf-4b94-b7a8-9898d7a15546 req-b6df3450-aaaf-4b94-b7a8-9898d7a15546 ] Request (ServersAdminNegativeTestJSON:setUpClass): 201 POST http://10.180.1.21/identity/v3/projects 0.068s
2025-04-16 15:28:31.719 71243 INFO tempest.lib.common.rest_client [req-db4eba04-b771-419c-8de1-4972dd4f8f4d req-db4eba04-b771-419c-8de1-4972dd4f8f4d ] Request (DeleteServersAdminTestJSON:test_delete_server_while_in_error_state): 200 GET http://10.180.1.21/compute/v2.1/servers/f17585da-df68-4dc5-b7f5-2bd51aa0c645 0.227s
2025-04-16 15:28:31.741 71195 INFO tempest.lib.common.rest_client [req-06c45555-5612-42ef-a732-7f4ff6b7ac65 req-06c45555-5612-42ef-a732-7f4ff6b7ac65 ] Request (ServersAdminNegativeTestJSON:setUpClass): 201 POST http://10.180.1.21/identity/v3/users 0.055s
2025-04-16 15:28:31.759 71195 INFO tempest.lib.common.rest_client [req-0d8a78f0-a357-456e-89a4-9fe4512a412b req-0d8a78f0-a357-456e-89a4-9fe4512a412b ] Request (ServersAdminNegativeTestJSON:setUpClass): 200 GET http://10.180.1.21/identity/v3/roles 0.018s
2025-04-16 15:28:31.791 71195 INFO tempest.lib.common.rest_client [req-5a8c7fb9-4a5a-4555-80aa-5bddd67e43b7 req-5a8c7fb9-4a5a-4555-80aa-5bddd67e43b7 ] Request (ServersAdminNegativeTestJSON:setUpClass): 204 PUT http://10.180.1.21/identity/v3/projects/fb51afa32f5f4a06932514683dc3bff8/users/aa975e8c3e874afb9bf72756196d1d52/roles/767b4b38d1b244f0aeea22e08a6e5330 0.030s
2025-04-16 15:28:31.832 71231 INFO tempest.lib.common.rest_client [req-dca18e6b-748b-4c64-bdc9-36079cbcec28 req-dca18e6b-748b-4c64-bdc9-36079cbcec28 ] Request (ImagesTestJSON:test_create_image_from_suspended_server): 202 POST http://10.180.1.21/compute/v2.1/servers/d1437bf9-19f4-40b1-b6ac-60a56bb5fff2/action 0.428s
2025-04-16 15:28:31.848 71195 INFO tempest.lib.common.rest_client [req-d8383c46-242e-4de5-88b9-548d225ce112 req-d8383c46-242e-4de5-88b9-548d225ce112 ] Request (ServersAdminNegativeTestJSON:setUpClass): 200 GET http://10.180.1.21/identity/v3/roles 0.056s
2025-04-16 15:28:31.849 71219 INFO tempest.lib.common.rest_client [req-babe9591-c4c0-48f1-9d4a-4345509f62bd req-babe9591-c4c0-48f1-9d4a-4345509f62bd ] Request (MigrationsAdminTest:test_list_migrations_in_flavor_resize_situation): 200 GET http://10.180.1.21/compute/v2.1/servers/2f666dec-7728-444d-aad8-e2506e890556 0.316s
2025-04-16 15:28:31.868 71195 INFO tempest.lib.common.rest_client [req-160d86d8-c2a4-414f-b201-6bbf40b3c801 req-160d86d8-c2a4-414f-b201-6bbf40b3c801 ] Request (ServersAdminNegativeTestJSON:setUpClass): 204 PUT http://10.180.1.21/identity/v3/projects/fb51afa32f5f4a06932514683dc3bff8/users/aa975e8c3e874afb9bf72756196d1d52/roles/767b4b38d1b244f0aeea22e08a6e5330 0.019s
2025-04-16 15:28:31.868 71195 INFO tempest.lib.common.dynamic_creds [-] Dynamic test user aa975e8c3e874afb9bf72756196d1d52 is created with scope project and roles: ['admin']
2025-04-16 15:28:31.868 71195 INFO tempest.lib.common.dynamic_creds [-] Acquired dynamic creds: credentials: Credentials: {'domain_id': 'default', 'domain_name': 'Default', 'username': 'tempest-ServersAdminNegativeTestJSON-1779449521-project-admin', 'project_domain_id': 'default', 'project_domain_name': 'Default', 'project_id': 'fb51afa32f5f4a06932514683dc3bff8', 'project_name': 'tempest-ServersAdminNegativeTestJSON-1779449521', 'tenant_id': 'fb51afa32f5f4a06932514683dc3bff8', 'tenant_name': 'tempest-ServersAdminNegativeTestJSON-1779449521', 'user_domain_id': 'default', 'user_domain_name': 'Default', 'user_id': 'aa975e8c3e874afb9bf72756196d1d52', 'system': None}, Network: None, Subnet: None, Router: None
2025-04-16 15:28:31.868 71195 INFO tempest.lib.common.dynamic_creds [-] Created isolated network resources for: credentials: Credentials: {'domain_id': 'default', 'domain_name': 'Default', 'username': 'tempest-ServersAdminNegativeTestJSON-1779449521-project-admin', 'project_domain_id': 'default', 'project_domain_name': 'Default', 'project_id': 'fb51afa32f5f4a06932514683dc3bff8', 'project_name': 'tempest-ServersAdminNegativeTestJSON-1779449521', 'tenant_id': 'fb51afa32f5f4a06932514683dc3bff8', 'tenant_name': 'tempest-ServersAdminNegativeTestJSON-1779449521', 'user_domain_id': 'default', 'user_domain_name': 'Default', 'user_id': 'aa975e8c3e874afb9bf72756196d1d52', 'system': None}, Network: None, Subnet: None, Router: None
2025-04-16 15:28:31.895 71247 INFO tempest.lib.common.rest_client [req-0496a0fe-f5c5-4baf-b850-186a9531cd66 req-0496a0fe-f5c5-4baf-b850-186a9531cd66 ] Request (VolumesAssistedSnapshotsTest:tearDownClass): 200 GET http://10.180.1.21/compute/v2.1/servers/d42d1d63-4a32-4ce8-adef-ae483488c5aa 0.336s
2025-04-16 15:28:31.900 71229 INFO tempest.lib.common.rest_client [req-fb4afd41-bb77-4010-9478-5c6a8e229f79 req-fb4afd41-bb77-4010-9478-5c6a8e229f79 ] Request (ServersTestJSON:setUpClass): 200 GET http://10.180.1.21/compute/v2.1/servers/12220b63-b805-43a1-b4fc-08a6cc4e0978 0.305s
2025-04-16 15:28:31.934 71195 INFO tempest.lib.common.rest_client [req-50a3401c-2c77-40f0-a2b7-4369386842d0 req-50a3401c-2c77-40f0-a2b7-4369386842d0 ] Request (ServersAdminNegativeTestJSON:setUpClass): 201 POST http://10.180.1.21/identity/v3/auth/tokens 0.063s
2025-04-16 15:28:31.935 71195 WARNING tempest.lib.common.rest_client [-] Deprecated: "tenant_id" property is deprecated for removal, use "project_id" instead
2025-04-16 15:28:31.944 71205 INFO tempest.lib.common.rest_client [req-1e11660a-b8cb-4ab3-a7c0-e81836bb7e9a req-1e11660a-b8cb-4ab3-a7c0-e81836bb7e9a ] Request (InstanceActionsTestJSON:setUpClass): 200 GET http://10.180.1.21/compute/v2.1/servers/3eb38467-b7d0-45bb-ab62-098e3e381853 0.319s
2025-04-16 15:28:31.951 71221 INFO tempest.lib.common.rest_client [req-7fea4471-0936-4be5-b0d4-89d1b9183fae req-7fea4471-0936-4be5-b0d4-89d1b9183fae ] Request (TenantUsagesTestJSON:setUpClass): 200 GET http://10.180.1.21/compute/v2.1/servers/73ca3686-48f5-4044-8dc4-676d48e964a8 0.296s
2025-04-16 15:28:31.992 71233 INFO tempest.lib.common.rest_client [req-590c9a2f-5235-414f-92a2-6d7d932688d0 req-590c9a2f-5235-414f-92a2-6d7d932688d0 ] Request (AttachInterfacesTestJSON:test_create_list_show_delete_interfaces_by_fixed_ip): 200 GET http://10.180.1.21/compute/v2.1/servers/dc670653-4db2-4482-9b29-b3d9853a3593 0.316s
2025-04-16 15:28:31.993 71195 INFO tempest.lib.common.rest_client [req-9600c63d-8b74-4272-9804-2faf89db1e62 req-9600c63d-8b74-4272-9804-2faf89db1e62 ] Request (ServersAdminNegativeTestJSON:setUpClass): 201 POST http://10.180.1.21/identity/v3/auth/tokens 0.054s
2025-04-16 15:28:31.994 71195 INFO tempest.lib.common.fixed_network [-] (ServersAdminNegativeTestJSON:setUpClass) Found network None available for tenant
2025-04-16 15:28:32.001 71209 INFO tempest.lib.common.rest_client [req-61265e54-36e5-43e2-a34f-3f6eaa55f357 req-61265e54-36e5-43e2-a34f-3f6eaa55f357 ] Request (ServersTestFqdnHostnames:test_create_server_with_fqdn_name): 200 GET http://10.180.1.21/compute/v2.1/servers/2b60c927-0466-46f5-8695-78c19010f1c9 0.281s
2025-04-16 15:28:32.046 71253 INFO tempest.lib.common.rest_client [req-7436bfc0-4fea-4f4e-a884-1f88d023f818 req-7436bfc0-4fea-4f4e-a884-1f88d023f818 ] Request (FloatingIPsAssociationTestJSON:tearDownClass): 200 GET http://10.180.1.21/compute/v2.1/servers/f450c3bd-3616-4627-8312-f6548d55260a 0.308s
2025-04-16 15:28:32.055 71235 INFO tempest.lib.common.rest_client [req-6244819b-1b9f-4de8-9a40-e2ca844bdf67 req-6244819b-1b9f-4de8-9a40-e2ca844bdf67 ] Request (ServerShowV247Test:test_update_rebuild_list_server): 200 GET http://10.180.1.21/compute/v2.1/servers/76832b17-5bf1-4966-b42f-ad77fb4af035 0.288s
2025-04-16 15:28:32.094 71249 INFO tempest.lib.common.rest_client [req-f0e3f6b9-ffac-461f-bc9d-369c0ff6250b req-f0e3f6b9-ffac-461f-bc9d-369c0ff6250b ] Request (ImagesOneServerTestJSON:setUpClass): 200 GET http://10.180.1.21/compute/v2.1/servers/4d388e5d-4fb7-429f-bfe1-ad7ee7baacd7 0.267s
2025-04-16 15:28:32.126 71227 INFO tempest.lib.common.rest_client [req-07c2b488-1b29-488a-9bbf-6ba33b456493 req-07c2b488-1b29-488a-9bbf-6ba33b456493 ] Request (ServersListShow298Test:tearDownClass): 200 GET http://10.180.1.21/compute/v2.1/servers/95f3eafa-1f2e-4980-9a33-d115bd946af5 0.298s
2025-04-16 15:28:32.132 71231 INFO tempest.lib.common.rest_client [req-8dafb2b4-7c52-4dfc-abc7-b196a01e6645 req-8dafb2b4-7c52-4dfc-abc7-b196a01e6645 ] Request (ImagesTestJSON:test_create_image_from_suspended_server): 200 GET http://10.180.1.21/compute/v2.1/images/bab0db9e-7b39-4d2e-bf97-2964f55d0d6d 0.298s
2025-04-16 15:28:32.191 71193 INFO tempest.lib.common.rest_client [req-4e6ad177-9664-4d43-9018-30c41794bfdd req-4e6ad177-9664-4d43-9018-30c41794bfdd ] Request (ServersNegativeTestMultiTenantJSON:tearDownClass): 200 GET http://10.180.1.21/compute/v2.1/servers/051c137c-ed83-4dc6-a3e0-7866c30605c5 0.313s
2025-04-16 15:28:32.193 71213 INFO tempest.lib.common.rest_client [req-ee18d8d0-e98e-420d-8115-330ddcb40003 req-ee18d8d0-e98e-420d-8115-330ddcb40003 ] Request (ListImageFiltersTestJSON:setUpClass): 200 GET http://10.180.1.21/compute/v2.1/servers/dc8a589e-3d62-4aab-9b44-85cb242b6a7c 0.314s
2025-04-16 15:28:32.248 71207 INFO tempest.lib.common.rest_client [req-963ae0d0-1197-4961-98e9-54171fed7e86 req-963ae0d0-1197-4961-98e9-54171fed7e86 ] Request (ServerActionsTestJSON:setUpClass): 200 GET http://10.180.1.21/compute/v2.1/servers/f66bd22b-1de2-43cc-b2a5-154fedcd3692 0.310s
2025-04-16 15:28:32.248 71191 INFO tempest.lib.common.rest_client [req-fd304cf0-7545-4b09-8f01-d934f878b63e req-fd304cf0-7545-4b09-8f01-d934f878b63e ] Request (ServerDiskConfigTestJSON:test_rebuild_server_with_manual_disk_config): 200 GET http://10.180.1.21/compute/v2.1/servers/9c9d1dea-cafa-4e05-8f35-7a5eda4037db 0.296s
2025-04-16 15:28:32.300 71201 INFO tempest.lib.common.rest_client [req-87fd264b-b37c-417d-97de-73d31d2ca7b9 req-87fd264b-b37c-417d-97de-73d31d2ca7b9 ] Request (ServersTestMultiNic:test_verify_duplicate_network_nics): 200 GET http://10.180.1.21/compute/v2.1/servers/c10d4e2a-98bb-4195-841e-e22b89a22496 0.299s
2025-04-16 15:28:32.357 71199 INFO tempest.lib.common.rest_client [req-a5d818f4-1b60-4769-ac81-3d8722867aa0 req-a5d818f4-1b60-4769-ac81-3d8722867aa0 ] Request (FloatingIPsAssociationNegativeTestJSON:setUpClass): 200 GET http://10.180.1.21/compute/v2.1/servers/f58ffc5d-fd70-490d-8389-6319b1b27eff 0.314s
2025-04-16 15:28:32.415 71245 INFO tempest.lib.common.rest_client [req-31121650-c976-46e1-9d76-323c6917d974 req-31121650-c976-46e1-9d76-323c6917d974 ] Request (DeleteServersTestJSON:test_delete_server_while_in_attached_volume): 200 GET http://10.180.1.21/compute/v2.1/servers/a2fc32ff-5e81-4cd9-ad18-0d70707b1ab7 0.312s
2025-04-16 15:28:32.524 71195 INFO tempest.lib.common.rest_client [req-bedfdf75-b335-411c-9c29-0981b13c97f8 req-bedfdf75-b335-411c-9c29-0981b13c97f8 ] Request (ServersAdminNegativeTestJSON:setUpClass): 202 POST http://10.180.1.21/compute/v2.1/servers 0.530s
2025-04-16 15:28:32.527 71217 INFO tempest.lib.common.rest_client [req-280ed4db-6493-45b1-873f-e2305f05af03 req-280ed4db-6493-45b1-873f-e2305f05af03 ] Request (InstanceActionsNegativeTestJSON:setUpClass): 200 GET http://10.180.1.21/compute/v2.1/servers/259f5513-b60b-4dd9-97ce-829ca51896d4 0.391s
2025-04-16 15:28:32.547 71197 INFO tempest.lib.common.rest_client [req-c8c1d7f1-a5d4-45d2-bcb2-66560be955f1 req-c8c1d7f1-a5d4-45d2-bcb2-66560be955f1 ] Request (ImagesNegativeTestJSON:test_create_image_from_deleted_server): 404 GET http://10.180.1.21/compute/v2.1/servers/61b1debe-9779-4eeb-abee-5fcc87cf6aaf 0.275s
2025-04-16 15:28:32.569 71239 WARNING tempest.lib.common.ssh [-] Failed to establish authenticated ssh connection to cirros@10.180.180.199 ([Errno None] Unable to connect to port 22 on 10.180.180.199). Number attempts: 3. Retry after 4 seconds.: paramiko.ssh_exception.NoValidConnectionsError: [Errno None] Unable to connect to port 22 on 10.180.180.199
2025-04-16 15:28:32.599 71225 INFO tempest.lib.common.rest_client [req-31d6a376-97b5-4904-a705-a50e6242af55 req-31d6a376-97b5-4904-a705-a50e6242af55 ] Request (ServersAdminTestJSON:setUpClass): 200 GET http://10.180.1.21/compute/v2.1/servers/b206dfbe-342b-4b0a-9f43-b603205d8db7 0.261s
2025-04-16 15:28:32.648 71211 INFO tempest.lib.common.rest_client [req-2a0b982a-fc99-4dca-aca9-9fa6e1693aa4 req-2a0b982a-fc99-4dca-aca9-9fa6e1693aa4 ] Request (SecurityGroupsTestJSON:test_server_security_groups): 200 GET http://10.180.1.21/compute/v2.1/servers/9e03ec3e-a5fe-47e0-9fee-3d86fa604b12 0.229s
2025-04-16 15:28:32.667 71251 INFO tempest.lib.common.rest_client [req-9138ee2c-003f-46f2-b131-e69f70440408 req-9138ee2c-003f-46f2-b131-e69f70440408 ] Request (ServerAddressesTestJSON:setUpClass): 200 GET http://10.180.1.21/compute/v2.1/servers/b0535c7e-465f-4e80-9b9b-b455b9c3a98c 0.388s
2025-04-16 15:28:32.688 71195 INFO tempest.lib.common.rest_client [req-b9a55bea-3034-4244-bf04-09b0a7d0feff req-b9a55bea-3034-4244-bf04-09b0a7d0feff ] Request (ServersAdminNegativeTestJSON:setUpClass): 200 GET http://10.180.1.21/compute/v2.1/servers/3aab379f-893b-4fc8-a5bf-1189ae26ca2f 0.162s
2025-04-16 15:28:32.691 71197 INFO tempest.lib.common.rest_client [req-bb9345fd-dd03-429c-8766-d14f3d5c3d5f req-bb9345fd-dd03-429c-8766-d14f3d5c3d5f ] Request (ImagesNegativeTestJSON:test_create_image_from_deleted_server): 404 POST http://10.180.1.21/compute/v2.1/servers/61b1debe-9779-4eeb-abee-5fcc87cf6aaf/action 0.143s
2025-04-16 15:28:32.701 71197 INFO tempest.lib.common.rest_client [req-f4cfa853-2e01-4f78-b2b7-443ff96f858b req-f4cfa853-2e01-4f78-b2b7-443ff96f858b ] Request (ImagesNegativeTestJSON:test_create_image_from_invalid_server): 404 POST http://10.180.1.21/compute/v2.1/servers/tempest-invalid-1157494232/action 0.008s
