2025-04-16 15:26:50.807 71243 INFO tempest.lib.common.rest_client [req-28b3540e-1a20-4682-80f2-ddeafde135e6 req-28b3540e-1a20-4682-80f2-ddeafde135e6 ] Request (DeleteServersAdminTestJSON:setUpClass): 201 POST http://10.180.1.21/identity/v3/auth/tokens 0.101s
2025-04-16 15:26:50.858 71225 INFO tempest.lib.common.rest_client [req-db380b79-f2ec-45f9-93f6-a1fc46ad109c req-db380b79-f2ec-45f9-93f6-a1fc46ad109c ] Request (ServerDiagnosticsTest:test_get_server_diagnostics): 202 POST http://10.180.1.21/compute/v2.1/servers 2.212s
2025-04-16 15:26:50.887 71219 INFO tempest.lib.common.rest_client [req-12586644-2982-4b09-8f96-ab424fa04c14 req-12586644-2982-4b09-8f96-ab424fa04c14 ] Request (MigrationsAdminTest:test_list_migrations_in_flavor_resize_situation): 201 POST http://10.180.1.21/identity/v3/auth/tokens 0.088s
2025-04-16 15:26:50.887 71219 INFO tempest.lib.common.fixed_network [-] (MigrationsAdminTest:test_list_migrations_in_flavor_resize_situation) Found network None available for tenant
2025-04-16 15:26:50.931 71224 INFO tempest.lib.common.rest_client [req-752bb437-5dbe-4609-9704-9a9c7f142ca9 req-752bb437-5dbe-4609-9704-9a9c7f142ca9 ] Request (FlavorsV261TestJSON:test_crud_flavor): 200 POST http://10.180.1.21/compute/v2.1/flavors 2.160s
2025-04-16 15:26:50.947 71243 INFO tempest.lib.common.rest_client [req-27e83bf1-8e65-4a10-92e0-53c7e1784745 req-27e83bf1-8e65-4a10-92e0-53c7e1784745 ] Request (DeleteServersAdminTestJSON:setUpClass): 201 POST http://10.180.1.21/identity/v3/projects 0.138s
2025-04-16 15:26:50.974 71247 INFO tempest.lib.common.rest_client [req-df1b1183-0437-4164-967d-93d1b373e2e3 req-df1b1183-0437-4164-967d-93d1b373e2e3 ] Request (VolumesAssistedSnapshotsTest:setUpClass): 201 POST http://10.180.1.21:9696/networking/v2.0/networks 0.321s
2025-04-16 15:26:51.000 71213 INFO tempest.lib.common.rest_client [req-e1c109e8-6ae8-4778-8256-944aed387206 req-e1c109e8-6ae8-4778-8256-944aed387206 ] Request (HostsAdminNegativeTestJSON:setUpClass): 200 GET http://10.180.1.21/compute/v2.1/os-hosts 2.192s
2025-04-16 15:26:51.101 71243 INFO tempest.lib.common.rest_client [req-1574d70c-a163-4173-b6b2-167578e8760c req-1574d70c-a163-4173-b6b2-167578e8760c ] Request (DeleteServersAdminTestJSON:setUpClass): 201 POST http://10.180.1.21/identity/v3/users 0.153s
2025-04-16 15:26:51.122 71215 INFO tempest.lib.common.rest_client [req-20b02503-5158-4d3a-bd8f-89c6c96e0ae5 req-20b02503-5158-4d3a-bd8f-89c6c96e0ae5 ] Request (ServerAddressesNegativeTestJSON:setUpClass): 201 POST http://10.180.1.21:9696/networking/v2.0/routers 0.947s
2025-04-16 15:26:51.128 71243 INFO tempest.lib.common.rest_client [req-bc491d80-2f5b-40f9-a5f2-8b3d18d7229d req-bc491d80-2f5b-40f9-a5f2-8b3d18d7229d ] Request (DeleteServersAdminTestJSON:setUpClass): 200 GET http://10.180.1.21/identity/v3/roles 0.026s
2025-04-16 15:26:51.170 71243 INFO tempest.lib.common.rest_client [req-eb8f8de3-dc1a-4b72-a0f5-f920389445e9 req-eb8f8de3-dc1a-4b72-a0f5-f920389445e9 ] Request (DeleteServersAdminTestJSON:setUpClass): 204 PUT http://10.180.1.21/identity/v3/projects/7968b5d4a4e04fd0b78fc2ef04a44cd4/users/842a182c3b704f11a5723ba0a5a85b00/roles/767b4b38d1b244f0aeea22e08a6e5330 0.041s
2025-04-16 15:26:51.176 71233 INFO tempest.lib.common.rest_client [req-38bdca9d-2fa7-4280-8219-3386ef75aceb req-38bdca9d-2fa7-4280-8219-3386ef75aceb ] Request (FlavorMetadataValidation:test_flavor_update_with_custom_namespace): 200 POST http://10.180.1.21/compute/v2.1/flavors 2.295s
2025-04-16 15:26:51.221 71243 INFO tempest.lib.common.rest_client [req-5143bacd-f835-475f-94b8-b7d8d9d2b628 req-5143bacd-f835-475f-94b8-b7d8d9d2b628 ] Request (DeleteServersAdminTestJSON:setUpClass): 200 GET http://10.180.1.21/identity/v3/roles 0.051s
2025-04-16 15:26:51.239 71205 INFO tempest.lib.common.rest_client [req-81da4675-94c9-4c5c-828a-59876cfcdb8a req-81da4675-94c9-4c5c-828a-59876cfcdb8a ] Request (ServerDiagnosticsV248Test:test_get_server_diagnostics): 202 POST http://10.180.1.21/compute/v2.1/servers 2.422s
2025-04-16 15:26:51.245 71243 INFO tempest.lib.common.rest_client [req-3d152d36-5a2c-4632-b67e-c0be839771a1 req-3d152d36-5a2c-4632-b67e-c0be839771a1 ] Request (DeleteServersAdminTestJSON:setUpClass): 204 PUT http://10.180.1.21/identity/v3/projects/7968b5d4a4e04fd0b78fc2ef04a44cd4/users/842a182c3b704f11a5723ba0a5a85b00/roles/767b4b38d1b244f0aeea22e08a6e5330 0.023s
2025-04-16 15:26:51.245 71243 INFO tempest.lib.common.dynamic_creds [-] Dynamic test user 842a182c3b704f11a5723ba0a5a85b00 is created with scope project and roles: ['admin']
2025-04-16 15:26:51.245 71243 INFO tempest.lib.common.dynamic_creds [-] Acquired dynamic creds: credentials: Credentials: {'domain_id': 'default', 'domain_name': 'Default', 'username': 'tempest-DeleteServersAdminTestJSON-912023521-project-admin', 'project_domain_id': 'default', 'project_domain_name': 'Default', 'project_id': '7968b5d4a4e04fd0b78fc2ef04a44cd4', 'project_name': 'tempest-DeleteServersAdminTestJSON-912023521', 'tenant_id': '7968b5d4a4e04fd0b78fc2ef04a44cd4', 'tenant_name': 'tempest-DeleteServersAdminTestJSON-912023521', 'user_domain_id': 'default', 'user_domain_name': 'Default', 'user_id': '842a182c3b704f11a5723ba0a5a85b00', 'system': None}, Network: None, Subnet: None, Router: None
2025-04-16 15:26:51.245 71243 INFO tempest.lib.common.dynamic_creds [-] Created isolated network resources for: credentials: Credentials: {'domain_id': 'default', 'domain_name': 'Default', 'username': 'tempest-DeleteServersAdminTestJSON-912023521-project-admin', 'project_domain_id': 'default', 'project_domain_name': 'Default', 'project_id': '7968b5d4a4e04fd0b78fc2ef04a44cd4', 'project_name': 'tempest-DeleteServersAdminTestJSON-912023521', 'tenant_id': '7968b5d4a4e04fd0b78fc2ef04a44cd4', 'tenant_name': 'tempest-DeleteServersAdminTestJSON-912023521', 'user_domain_id': 'default', 'user_domain_name': 'Default', 'user_id': '842a182c3b704f11a5723ba0a5a85b00', 'system': None}, Network: None, Subnet: None, Router: None
2025-04-16 15:26:51.392 71239 INFO tempest.lib.common.rest_client [req-f6cdf88d-7d75-4bdd-8f00-989d71993fb3 req-f6cdf88d-7d75-4bdd-8f00-989d71993fb3 ] Request (FlavorsAccessTestJSON:test_flavor_access_add_remove): 200 POST http://10.180.1.21/compute/v2.1/flavors 2.413s
2025-04-16 15:26:51.393 71247 INFO tempest.lib.common.rest_client [req-efbcf15f-2668-4258-b9b2-64b3f3522966 req-efbcf15f-2668-4258-b9b2-64b3f3522966 ] Request (VolumesAssistedSnapshotsTest:setUpClass): 201 POST http://10.180.1.21:9696/networking/v2.0/subnets 0.418s
2025-04-16 15:26:51.397 71243 INFO tempest.lib.common.rest_client [req-b677dd18-b349-41ee-9088-22dde7527267 req-b677dd18-b349-41ee-9088-22dde7527267 ] Request (DeleteServersAdminTestJSON:setUpClass): 201 POST http://10.180.1.21/identity/v3/auth/tokens 0.148s
2025-04-16 15:26:51.419 71199 INFO tempest.lib.common.rest_client [req-d254f92e-d9b2-4887-b928-463e76c56197 req-d254f92e-d9b2-4887-b928-463e76c56197 ] Request (FlavorsAdminTestJSON:_run_cleanups): 202 DELETE http://10.180.1.21/compute/v2.1/flavors/1523331973 2.406s
2025-04-16 15:26:51.473 71227 INFO tempest.lib.common.rest_client [req-b017ce19-7c36-4bce-8c0d-0cc2361e3e03 req-b017ce19-7c36-4bce-8c0d-0cc2361e3e03 ] Request (NetworksTest:test_get_network): 200 GET http://10.180.1.21/compute/v2.1/os-networks 2.590s
2025-04-16 15:26:51.489 71243 INFO tempest.lib.common.rest_client [req-9ec865e5-6495-4a17-a231-81eb8d6d5f14 req-9ec865e5-6495-4a17-a231-81eb8d6d5f14 ] Request (DeleteServersAdminTestJSON:test_admin_delete_servers_of_others): 201 POST http://10.180.1.21/identity/v3/auth/tokens 0.085s
2025-04-16 15:26:51.490 71243 INFO tempest.lib.common.fixed_network [-] (DeleteServersAdminTestJSON:test_admin_delete_servers_of_others) Found network None available for tenant
2025-04-16 15:26:51.545 71203 INFO tempest.lib.common.rest_client [req-a3206620-06dc-414d-b2f4-f8cfd6470c62 req-a3206620-06dc-414d-b2f4-f8cfd6470c62 ] Request (ServersWithSpecificFlavorTestJSON:setUpClass): 201 POST http://10.180.1.21:9696/networking/v2.0/routers 1.041s
2025-04-16 15:26:51.642 71207 INFO tempest.lib.common.rest_client [req-6b19ecfb-62c4-4699-9e09-a57aa0f73929 req-6b19ecfb-62c4-4699-9e09-a57aa0f73929 ] Request (QuotasAdminTestV257:test_get_updated_quotas): 200 PUT http://10.180.1.21/compute/v2.1/os-quota-sets/18d1b2f0493449818c16bef569a50bf3 2.227s
2025-04-16 15:26:51.726 71221 INFO tempest.lib.common.rest_client [req-bf85f5e3-78f9-46ef-9337-6f1ca28289db req-bf85f5e3-78f9-46ef-9337-6f1ca28289db ] Request (FlavorsAccessNegativeTestJSON:test_add_flavor_access_duplicate): 200 POST http://10.180.1.21/compute/v2.1/flavors 2.184s
2025-04-16 15:26:51.970 71249 INFO tempest.lib.common.rest_client [req-3d323919-effa-4e60-90b6-4d082955064e req-3d323919-effa-4e60-90b6-4d082955064e ] Request (ServerDiagnosticsNegativeTest:test_get_server_diagnostics_by_non_admin): 202 POST http://10.180.1.21/compute/v2.1/servers 2.874s
2025-04-16 15:26:52.117 71215 INFO tempest.lib.common.rest_client [req-302321f2-0324-46c4-84b6-2535f0d018ab req-302321f2-0324-46c4-84b6-2535f0d018ab ] Request (ServerAddressesNegativeTestJSON:setUpClass): 200 PUT http://10.180.1.21:9696/networking/v2.0/routers/883e9cdd-bbda-41de-938e-d74b89c0db4f/add_router_interface 0.995s
2025-04-16 15:26:52.117 71215 INFO tempest.lib.common.dynamic_creds [-] Created isolated network resources for: credentials: Credentials: {'domain_id': 'default', 'domain_name': 'Default', 'username': 'tempest-ServerAddressesNegativeTestJSON-1371776961-project-member', 'project_domain_id': 'default', 'project_domain_name': 'Default', 'project_id': 'c080ef645cfb4139978e93af9296804b', 'project_name': 'tempest-ServerAddressesNegativeTestJSON-1371776961', 'tenant_id': 'c080ef645cfb4139978e93af9296804b', 'tenant_name': 'tempest-ServerAddressesNegativeTestJSON-1371776961', 'user_domain_id': 'default', 'user_domain_name': 'Default', 'user_id': '158395c0d73b485f8cfa9915066aad25', 'system': None}, Network: {'id': '8f3b8f42-ff60-48cd-9348-dff994cde92f', 'name': 'tempest-ServerAddressesNegativeTestJSON-205430842-network', 'tenant_id': 'c080ef645cfb4139978e93af9296804b', 'admin_state_up': True, 'mtu': 8950, 'status': 'ACTIVE', 'subnets': [], 'shared': False, 'project_id': 'c080ef645cfb4139978e93af9296804b', 'port_security_enabled': True, 'router:external': False, 'provider:network_type': 'vlan', 'provider:physical_network': 'default', 'provider:segmentation_id': 933, 'availability_zone_hints': [], 'availability_zones': [], 'ipv4_address_scope': None, 'ipv6_address_scope': None, 'description': '', 'tags': [], 'created_at': '2025-04-16T15:26:49Z', 'updated_at': '2025-04-16T15:26:49Z', 'revision_number': 1}, Subnet: {'id': 'c7c8cdba-526c-484a-8d45-780411968c99', 'name': 'tempest-ServerAddressesNegativeTestJSON-205430842-subnet', 'tenant_id': 'c080ef645cfb4139978e93af9296804b', 'network_id': '8f3b8f42-ff60-48cd-9348-dff994cde92f', 'ip_version': 4, 'subnetpool_id': None, 'enable_dhcp': True, 'ipv6_ra_mode': None, 'ipv6_address_mode': None, 'gateway_ip': '192.168.128.1', 'cidr': '192.168.128.0/28', 'allocation_pools': [{'start': '192.168.128.2', 'end': '192.168.128.14'}], 'host_routes': [], 'dns_nameservers': [], 'description': '', 'router:external': False, 'service_types': [], 'tags': [], 'created_at': '2025-04-16T15:26:50Z', 'updated_at': '2025-04-16T15:26:50Z', 'revision_number': 0, 'project_id': 'c080ef645cfb4139978e93af9296804b'}, Router: {'id': '883e9cdd-bbda-41de-938e-d74b89c0db4f', 'name': 'tempest-ServerAddressesNegativeTestJSON-205430842-router', 'tenant_id': 'c080ef645cfb4139978e93af9296804b', 'admin_state_up': True, 'status': 'ACTIVE', 'external_gateway_info': {'network_id': '6e591f55-58c6-49e5-a636-294c47b4ec97', 'external_fixed_ips': [{'subnet_id': 'deb8c1ec-487d-41b0-bff2-b54652457803', 'ip_address': '10.180.180.169'}], 'enable_snat': True}, 'description': '', 'availability_zones': [], 'distributed': False, 'ha': False, 'availability_zone_hints': [], 'routes': [], 'flavor_id': None, 'tags': [], 'created_at': '2025-04-16T15:26:50Z', 'updated_at': '2025-04-16T15:26:50Z', 'revision_number': 2, 'project_id': 'c080ef645cfb4139978e93af9296804b'}
2025-04-16 15:26:52.141 71197 INFO tempest.lib.common.rest_client [req-f8b980ee-b4b8-491f-823d-174bbf1daa52 req-f8b980ee-b4b8-491f-823d-174bbf1daa52 ] Request (SecurityGroupsTestAdminJSON:test_list_security_groups_list_all_tenants_filter): 200 POST http://10.180.1.21/compute/v2.1/os-security-groups 2.430s
2025-04-16 15:26:52.163 71217 INFO tempest.lib.common.rest_client [req-e7c33d1c-77e2-4b32-8643-e75042958d15 req-e7c33d1c-77e2-4b32-8643-e75042958d15 ] Request (ImagesMetadataNegativeTestJSON:test_list_nonexistent_image_metadata): 404 GET http://10.180.1.21/compute/v2.1/images/fc9e1fb0-d350-499f-8bb0-f4d679905ba6/metadata 2.407s
2025-04-16 15:26:52.228 71215 INFO tempest.lib.common.rest_client [req-d9260fc3-6762-4bd2-a4b0-4dbe945037f1 req-d9260fc3-6762-4bd2-a4b0-4dbe945037f1 ] Request (ServerAddressesNegativeTestJSON:setUpClass): 201 POST http://10.180.1.21/identity/v3/auth/tokens 0.104s
2025-04-16 15:26:52.262 71215 INFO tempest.lib.common.rest_client [req-3aa0ccfa-3693-4e88-8bda-d9dc3bd5ad50 req-3aa0ccfa-3693-4e88-8bda-d9dc3bd5ad50 ] Request (ServerAddressesNegativeTestJSON:setUpClass): 201 POST http://10.180.1.21/identity/v3/auth/tokens 0.029s
2025-04-16 15:26:52.263 71215 INFO tempest.lib.common.fixed_network [-] (ServerAddressesNegativeTestJSON:setUpClass) Found network {'id': '8f3b8f42-ff60-48cd-9348-dff994cde92f', 'name': 'tempest-ServerAddressesNegativeTestJSON-205430842-network', 'tenant_id': 'c080ef645cfb4139978e93af9296804b', 'admin_state_up': True, 'mtu': 8950, 'status': 'ACTIVE', 'subnets': [], 'shared': False, 'project_id': 'c080ef645cfb4139978e93af9296804b', 'port_security_enabled': True, 'router:external': False, 'provider:network_type': 'vlan', 'provider:physical_network': 'default', 'provider:segmentation_id': 933, 'availability_zone_hints': [], 'availability_zones': [], 'ipv4_address_scope': None, 'ipv6_address_scope': None, 'description': '', 'tags': [], 'created_at': '2025-04-16T15:26:49Z', 'updated_at': '2025-04-16T15:26:49Z', 'revision_number': 1} available for tenant
2025-04-16 15:26:52.561 71253 INFO tempest.lib.common.rest_client [req-d674fbb4-4169-469b-9771-8f0f7a2cbb94 req-d674fbb4-4169-469b-9771-8f0f7a2cbb94 ] Request (FloatingIPsAssociationTestJSON:setUpClass): 202 POST http://10.180.1.21/compute/v2.1/servers 2.988s
2025-04-16 15:26:52.786 71231 INFO tempest.lib.common.rest_client [req-cc85a840-053a-4b5b-a3aa-daa1fa091f67 req-cc85a840-053a-4b5b-a3aa-daa1fa091f67 ] Request (ImagesTestJSON:test_create_image_from_stopped_server): 202 POST http://10.180.1.21/compute/v2.1/servers 3.002s
2025-04-16 15:26:52.899 71211 INFO tempest.lib.common.rest_client [req-931cd701-3dd6-49b5-aabc-bd60b9ea6438 req-931cd701-3dd6-49b5-aabc-bd60b9ea6438 ] Request (SecurityGroupsTestJSON:test_list_security_groups_by_server): 200 POST http://10.180.1.21/compute/v2.1/os-security-groups 3.019s
2025-04-16 15:26:52.924 71193 INFO tempest.lib.common.rest_client [req-5f5cd3a7-0f0d-4eb4-b987-ad4d34e52433 req-5f5cd3a7-0f0d-4eb4-b987-ad4d34e52433 ] Request (AZAdminV2TestJSON:test_get_availability_zone_list_detail): 200 GET http://10.180.1.21/compute/v2.1/os-availability-zone/detail 3.000s
2025-04-16 15:26:52.949 71209 INFO tempest.lib.common.rest_client [req-eff25fec-e0d1-45de-bce9-7c423dfa6244 req-eff25fec-e0d1-45de-bce9-7c423dfa6244 ] Request (AggregatesAdminNegativeTestJSON:test_aggregate_add_existent_host): 200 POST http://10.180.1.21/compute/v2.1/os-aggregates 2.943s
2025-04-16 15:26:52.955 71229 INFO tempest.lib.common.rest_client [req-0136b94e-a236-4823-8390-395f4633addd req-0136b94e-a236-4823-8390-395f4633addd ] Request (FlavorsExtraSpecsNegativeTestJSON:test_flavor_non_admin_set_keys): 403 POST http://10.180.1.21/compute/v2.1/flavors/1098955354/os-extra_specs 2.944s
2025-04-16 15:26:52.967 71247 INFO tempest.lib.common.rest_client [req-7f3078ec-1e92-4b00-af77-3e56398776d7 req-7f3078ec-1e92-4b00-af77-3e56398776d7 ] Request (VolumesAssistedSnapshotsTest:setUpClass): 201 POST http://10.180.1.21:9696/networking/v2.0/routers 1.574s
2025-04-16 15:26:52.975 71211 INFO tempest.lib.common.rest_client [req-79881849-5cce-49e8-9d33-02f428707d3b req-79881849-5cce-49e8-9d33-02f428707d3b ] Request (SecurityGroupsTestJSON:test_list_security_groups_by_server): 201 POST http://10.180.1.21/identity/v3/auth/tokens 0.069s
2025-04-16 15:26:52.976 71211 INFO tempest.lib.common.fixed_network [-] (SecurityGroupsTestJSON:test_list_security_groups_by_server) Found network {'id': '4e9b4e3e-6135-4c82-841a-24bfeb41a588', 'name': 'tempest-SecurityGroupsTestJSON-368301848-network', 'tenant_id': 'd270b71881b54159b601fad12884d65e', 'admin_state_up': True, 'mtu': 8950, 'status': 'ACTIVE', 'subnets': [], 'shared': False, 'project_id': 'd270b71881b54159b601fad12884d65e', 'port_security_enabled': True, 'router:external': False, 'provider:network_type': 'vlan', 'provider:physical_network': 'default', 'provider:segmentation_id': 879, 'availability_zone_hints': [], 'availability_zones': [], 'ipv4_address_scope': None, 'ipv6_address_scope': None, 'description': '', 'tags': [], 'created_at': '2025-04-16T15:26:43Z', 'updated_at': '2025-04-16T15:26:43Z', 'revision_number': 1} available for tenant
2025-04-16 15:26:52.985 71251 INFO tempest.lib.common.rest_client [req-68dd64d6-e65b-4e24-b44c-61c671e6a1b8 req-68dd64d6-e65b-4e24-b44c-61c671e6a1b8 ] Request (HypervisorAdminNegativeTestJSON:test_show_hypervisor_with_non_admin_user): 200 GET http://10.180.1.21/compute/v2.1/os-hypervisors 2.963s
2025-04-16 15:26:53.005 71191 INFO tempest.lib.common.rest_client [req-eedfed50-249e-4b4f-a9c8-93f88fb947f8 req-eedfed50-249e-4b4f-a9c8-93f88fb947f8 ] Request (KeyPairsV2TestJSON:_run_cleanups): 202 DELETE http://10.180.1.21/compute/v2.1/os-keypairs/tempest-keypair-1578179479 2.929s
2025-04-16 15:26:53.044 71245 INFO tempest.lib.common.rest_client [req-ad4be102-89a0-4fd4-bc75-ff92fab1292d req-ad4be102-89a0-4fd4-bc75-ff92fab1292d ] Request (HypervisorAdminV253TestBase:test_list_show_detail_hypervisors): 200 GET http://10.180.1.21/compute/v2.1/os-hypervisors?with_servers=True 2.742s
2025-04-16 15:26:53.095 71193 INFO tempest.lib.common.rest_client [req-39c26bc6-072e-4d3e-afb1-11dd845f28a3 req-39c26bc6-072e-4d3e-afb1-11dd845f28a3 ] Request (AZAdminV2TestJSON:tearDownClass): 204 DELETE http://10.180.1.21/identity/v3/users/c7595508fffe4a57b8fd51bd8d35c187 0.167s
2025-04-16 15:26:53.193 71193 INFO tempest.lib.common.rest_client [req-1538a705-b9ff-44cd-8efb-3fe17e3cd04b req-1538a705-b9ff-44cd-8efb-3fe17e3cd04b ] Request (AZAdminV2TestJSON:tearDownClass): 204 DELETE http://10.180.1.21/identity/v3/users/275fccb0005145d0a185afc58d4a4e71 0.097s
2025-04-16 15:26:53.194 71193 INFO tempest.lib.common.dynamic_creds [-] Deleting project and security group for project: ce5a0c3d8015438faa80179a53cbda3e
2025-04-16 15:26:53.250 71201 INFO tempest.lib.common.rest_client [req-4bf2ac13-4ffe-4ed5-a92e-ef1d7474e68e req-4bf2ac13-4ffe-4ed5-a92e-ef1d7474e68e ] Request (QuotasAdminNegativeTest:test_create_server_when_cpu_quota_is_full): 200 PUT http://10.180.1.21/compute/v2.1/os-quota-sets/983f6027097643719099cd7eaabff43e 2.937s
2025-04-16 15:26:53.299 71193 INFO tempest.lib.common.rest_client [req-c5b436b8-0c4e-4476-a225-9f777a16816a req-c5b436b8-0c4e-4476-a225-9f777a16816a ] Request (AZAdminV2TestJSON:tearDownClass): 201 POST http://10.180.1.21/identity/v3/auth/tokens 0.106s
2025-04-16 15:26:53.364 71201 INFO tempest.lib.common.rest_client [req-61229a60-c730-4948-8bbb-ee9dc8467bd0 req-61229a60-c730-4948-8bbb-ee9dc8467bd0 ] Request (QuotasAdminNegativeTest:test_create_server_when_cpu_quota_is_full): 201 POST http://10.180.1.21/identity/v3/auth/tokens 0.106s
2025-04-16 15:26:53.365 71201 INFO tempest.lib.common.fixed_network [-] (QuotasAdminNegativeTest:test_create_server_when_cpu_quota_is_full) Found network None available for tenant
2025-04-16 15:26:53.406 71235 INFO tempest.lib.common.rest_client [req-b90028c0-c36c-49eb-ae20-c7f8332d48f2 req-b90028c0-c36c-49eb-ae20-c7f8332d48f2 ] Request (HypervisorAdminNegativeUnderV252Test:test_search_hypervisor_with_non_admin_user): 403 GET http://10.180.1.21/compute/v2.1/os-hypervisors/domain-c8.fc996f14-c53b-4953-92e3-bdfa48f5cc28/search 2.934s
2025-04-16 15:26:53.515 71237 INFO tempest.lib.common.rest_client [req-41f08d5f-12b4-4d61-beca-3bd58a34a37b req-41f08d5f-12b4-4d61-beca-3bd58a34a37b ] Request (ServersTestBootFromVolume:setUpClass): 200 POST http://10.180.1.21/compute/v2.1/os-keypairs 2.992s
2025-04-16 15:26:53.547 71195 INFO tempest.lib.common.rest_client [req-43192c62-05c6-4081-95e8-4f5c9016377b req-43192c62-05c6-4081-95e8-4f5c9016377b ] Request (HypervisorAdminV228Test:test_get_list_hypervisor_details): 200 GET http://10.180.1.21/compute/v2.1/os-hypervisors/1 2.926s
2025-04-16 15:26:53.593 71203 INFO tempest.lib.common.rest_client [req-cfb0aa7e-f5bc-479f-889b-8afe0c78eaa7 req-cfb0aa7e-f5bc-479f-889b-8afe0c78eaa7 ] Request (ServersWithSpecificFlavorTestJSON:setUpClass): 200 PUT http://10.180.1.21:9696/networking/v2.0/routers/2a8860bc-3788-494f-8aa6-da990433564c/add_router_interface 2.048s
2025-04-16 15:26:53.594 71203 INFO tempest.lib.common.dynamic_creds [-] Created isolated network resources for: credentials: Credentials: {'domain_id': 'default', 'domain_name': 'Default', 'username': 'tempest-ServersWithSpecificFlavorTestJSON-704940328-project-admin', 'project_domain_id': 'default', 'project_domain_name': 'Default', 'project_id': 'ca092d8f5cba4c858d89dd8b937c3eda', 'project_name': 'tempest-ServersWithSpecificFlavorTestJSON-704940328', 'tenant_id': 'ca092d8f5cba4c858d89dd8b937c3eda', 'tenant_name': 'tempest-ServersWithSpecificFlavorTestJSON-704940328', 'user_domain_id': 'default', 'user_domain_name': 'Default', 'user_id': 'b1c8aeb8525a4f158b70941f4b847c7c', 'system': None}, Network: {'id': 'a1271b7f-2702-4ef0-9775-a6a663c5555a', 'name': 'tempest-ServersWithSpecificFlavorTestJSON-1692676743-network', 'tenant_id': 'ca092d8f5cba4c858d89dd8b937c3eda', 'admin_state_up': True, 'mtu': 8950, 'status': 'ACTIVE', 'subnets': [], 'shared': False, 'project_id': 'ca092d8f5cba4c858d89dd8b937c3eda', 'port_security_enabled': True, 'router:external': False, 'provider:network_type': 'vlan', 'provider:physical_network': 'default', 'provider:segmentation_id': 50, 'availability_zone_hints': [], 'availability_zones': [], 'ipv4_address_scope': None, 'ipv6_address_scope': None, 'description': '', 'tags': [], 'created_at': '2025-04-16T15:26:49Z', 'updated_at': '2025-04-16T15:26:49Z', 'revision_number': 1}, Subnet: {'id': 'c6525e0f-5503-4456-96ad-6382fef411a0', 'name': 'tempest-ServersWithSpecificFlavorTestJSON-1692676743-subnet', 'tenant_id': 'ca092d8f5cba4c858d89dd8b937c3eda', 'network_id': 'a1271b7f-2702-4ef0-9775-a6a663c5555a', 'ip_version': 4, 'subnetpool_id': None, 'enable_dhcp': True, 'ipv6_ra_mode': None, 'ipv6_address_mode': None, 'gateway_ip': '192.168.128.1', 'cidr': '192.168.128.0/28', 'allocation_pools': [{'start': '192.168.128.2', 'end': '192.168.128.14'}], 'host_routes': [], 'dns_nameservers': [], 'description': '', 'router:external': False, 'service_types': [], 'tags': [], 'created_at': '2025-04-16T15:26:50Z', 'updated_at': '2025-04-16T15:26:50Z', 'revision_number': 0, 'project_id': 'ca092d8f5cba4c858d89dd8b937c3eda'}, Router: {'id': '2a8860bc-3788-494f-8aa6-da990433564c', 'name': 'tempest-ServersWithSpecificFlavorTestJSON-1692676743-router', 'tenant_id': 'ca092d8f5cba4c858d89dd8b937c3eda', 'admin_state_up': True, 'status': 'ACTIVE', 'external_gateway_info': {'network_id': '6e591f55-58c6-49e5-a636-294c47b4ec97', 'external_fixed_ips': [{'subnet_id': 'deb8c1ec-487d-41b0-bff2-b54652457803', 'ip_address': '10.180.180.135'}], 'enable_snat': True}, 'description': '', 'availability_zones': [], 'distributed': False, 'ha': False, 'availability_zone_hints': [], 'routes': [], 'flavor_id': None, 'tags': [], 'created_at': '2025-04-16T15:26:50Z', 'updated_at': '2025-04-16T15:26:50Z', 'revision_number': 2, 'project_id': 'ca092d8f5cba4c858d89dd8b937c3eda'}
2025-04-16 15:26:53.659 71195 INFO tempest.lib.common.rest_client [req-9d9d0103-3aff-4405-80d0-e5b544ba86fd req-9d9d0103-3aff-4405-80d0-e5b544ba86fd ] Request (HypervisorAdminV228Test:tearDownClass): 204 DELETE http://10.180.1.21/identity/v3/users/e1f0d6206f7e4988a9988c266bba0b37 0.097s
2025-04-16 15:26:53.679 71225 INFO tempest.lib.common.rest_client [req-b4d3c491-2b97-45c2-a49b-dc8f8650ed8a req-b4d3c491-2b97-45c2-a49b-dc8f8650ed8a ] Request (ServerDiagnosticsTest:test_get_server_diagnostics): 200 GET http://10.180.1.21/compute/v2.1/servers/8afde6a3-9518-41ff-9744-a824adda19ed 2.820s
2025-04-16 15:26:53.705 71203 INFO tempest.lib.common.rest_client [req-0b878670-d19e-4672-8b87-30c0de0109a0 req-0b878670-d19e-4672-8b87-30c0de0109a0 ] Request (ServersWithSpecificFlavorTestJSON:setUpClass): 201 POST http://10.180.1.21/identity/v3/auth/tokens 0.106s
2025-04-16 15:26:53.711 71193 INFO tempest.lib.common.rest_client [req-73710aed-ee21-4a98-8e29-aae33214522b req-73710aed-ee21-4a98-8e29-aae33214522b ] Request (AZAdminV2TestJSON:tearDownClass): 200 GET http://10.180.1.21:9696/networking/v2.0/security-groups?tenant_id=ce5a0c3d8015438faa80179a53cbda3e&name=default 0.411s
2025-04-16 15:26:53.758 71237 INFO tempest.lib.common.rest_client [req-1d93a31b-e6c8-4ade-bfe8-448ee9016d21 req-1d93a31b-e6c8-4ade-bfe8-448ee9016d21 ] Request (ServersTestBootFromVolume:setUpClass): 201 POST http://10.180.1.21:9696/networking/v2.0/security-groups 0.240s
2025-04-16 15:26:53.771 71195 INFO tempest.lib.common.rest_client [req-32ea8c05-7f83-4e0e-8e3f-c0a9eb7fe6cb req-32ea8c05-7f83-4e0e-8e3f-c0a9eb7fe6cb ] Request (HypervisorAdminV228Test:tearDownClass): 204 DELETE http://10.180.1.21/identity/v3/users/17a24d861da644f8817faf3f23836a8a 0.111s
2025-04-16 15:26:53.771 71195 INFO tempest.lib.common.dynamic_creds [-] Deleting project and security group for project: a0696b342e5440a9b412cc9b43ef7680
2025-04-16 15:26:53.831 71195 INFO tempest.lib.common.rest_client [req-1053cec5-3389-44f9-bb9f-c023e593078f req-1053cec5-3389-44f9-bb9f-c023e593078f ] Request (HypervisorAdminV228Test:tearDownClass): 201 POST http://10.180.1.21/identity/v3/auth/tokens 0.059s
2025-04-16 15:26:53.843 71241 INFO tempest.lib.common.rest_client [req-0ec7656b-1062-4637-ad99-e7f21106d7a4 req-0ec7656b-1062-4637-ad99-e7f21106d7a4 ] Request (FloatingIPsTestJSON:test_allocate_floating_ip): 200 POST http://10.180.1.21/compute/v2.1/os-floating-ips 3.967s
2025-04-16 15:26:53.952 71193 INFO tempest.lib.common.rest_client [req-dcf3f1cc-5c1c-4be0-b17f-5cbdd1b4741b req-dcf3f1cc-5c1c-4be0-b17f-5cbdd1b4741b ] Request (AZAdminV2TestJSON:tearDownClass): 204 DELETE http://10.180.1.21:9696/networking/v2.0/security-groups/78bbcb9f-2cf6-402e-8e91-84fb1564576d 0.241s
2025-04-16 15:26:53.966 71224 INFO tempest.lib.common.rest_client [req-7878394e-5ab3-43a0-a093-dd39bc66677d req-7878394e-5ab3-43a0-a093-dd39bc66677d ] Request (FlavorsV261TestJSON:test_crud_flavor): 200 GET http://10.180.1.21/compute/v2.1/flavors/2021947749 3.031s
2025-04-16 15:26:54.017 71237 INFO tempest.lib.common.rest_client [req-3619e156-dcf0-411e-8a2d-49e13a4bb1c6 req-3619e156-dcf0-411e-8a2d-49e13a4bb1c6 ] Request (ServersTestBootFromVolume:setUpClass): 201 POST http://10.180.1.21:9696/networking/v2.0/security-group-rules 0.259s
2025-04-16 15:26:54.036 71193 INFO tempest.lib.common.rest_client [req-25a4c315-c171-46e6-b4f8-e01dbbfc6706 req-25a4c315-c171-46e6-b4f8-e01dbbfc6706 ] Request (AZAdminV2TestJSON:tearDownClass): 204 DELETE http://10.180.1.21/identity/v3/projects/ce5a0c3d8015438faa80179a53cbda3e 0.084s
2025-04-16 15:26:54.036 71193 INFO tempest.lib.common.dynamic_creds [-] Deleting project and security group for project: 91f2df31609b476f9efe6f1a9822e005
2025-04-16 15:26:54.039 71213 INFO tempest.lib.common.rest_client [req-2c477a91-3132-4a9e-980c-f11c54e78c4c req-2c477a91-3132-4a9e-980c-f11c54e78c4c ] Request (HostsAdminNegativeTestJSON:test_list_hosts_with_non_admin_user): 403 GET http://10.180.1.21/compute/v2.1/os-hosts 3.038s
2025-04-16 15:26:54.149 71233 INFO tempest.lib.common.rest_client [req-7e421ee4-7643-4e2e-aa0c-bcc4d66d9670 req-7e421ee4-7643-4e2e-aa0c-bcc4d66d9670 ] Request (FlavorMetadataValidation:test_flavor_update_with_custom_namespace): 200 POST http://10.180.1.21/compute/v2.1/flavors/1756989858/os-extra_specs 2.970s
2025-04-16 15:26:54.178 71193 INFO tempest.lib.common.rest_client [req-165cfdb4-410a-40ae-a50f-f236cf0c164d req-165cfdb4-410a-40ae-a50f-f236cf0c164d ] Request (AZAdminV2TestJSON:tearDownClass): 200 GET http://10.180.1.21:9696/networking/v2.0/security-groups?tenant_id=91f2df31609b476f9efe6f1a9822e005&name=default 0.139s
2025-04-16 15:26:54.180 71237 INFO tempest.lib.common.rest_client [req-0307162a-3560-45fd-9b69-dcd8b5e9c338 req-0307162a-3560-45fd-9b69-dcd8b5e9c338 ] Request (ServersTestBootFromVolume:setUpClass): 201 POST http://10.180.1.21:9696/networking/v2.0/security-group-rules 0.162s
2025-04-16 15:26:54.185 71195 INFO tempest.lib.common.rest_client [req-f8c7466d-b32a-4bca-87a9-fb8dfda41b51 req-f8c7466d-b32a-4bca-87a9-fb8dfda41b51 ] Request (HypervisorAdminV228Test:tearDownClass): 200 GET http://10.180.1.21:9696/networking/v2.0/security-groups?tenant_id=a0696b342e5440a9b412cc9b43ef7680&name=default 0.354s
2025-04-16 15:26:54.212 71219 INFO tempest.lib.common.rest_client [req-831fc06d-f3f0-4f08-8b83-88dd75703bed req-831fc06d-f3f0-4f08-8b83-88dd75703bed ] Request (MigrationsAdminTest:test_list_migrations_in_flavor_resize_situation): 202 POST http://10.180.1.21/compute/v2.1/servers 3.324s
2025-04-16 15:26:54.255 71193 INFO tempest.lib.common.rest_client [req-73578573-aa15-4abd-8d82-888935e53e4f req-73578573-aa15-4abd-8d82-888935e53e4f ] Request (AZAdminV2TestJSON:tearDownClass): 204 DELETE http://10.180.1.21:9696/networking/v2.0/security-groups/39d9db31-cd02-4cc3-8d4b-7d8ffe110e3d 0.077s
2025-04-16 15:26:54.380 71195 INFO tempest.lib.common.rest_client [req-7bc3b6b6-812f-40bd-9088-6b3cb6825cea req-7bc3b6b6-812f-40bd-9088-6b3cb6825cea ] Request (HypervisorAdminV228Test:tearDownClass): 204 DELETE http://10.180.1.21:9696/networking/v2.0/security-groups/a73b0d73-0bda-47f0-a3b8-dae82865bee6 0.194s
2025-04-16 15:26:54.386 71239 INFO tempest.lib.common.rest_client [req-0b3ddedb-7426-47e9-b067-6f3492b8afde req-0b3ddedb-7426-47e9-b067-6f3492b8afde ] Request (FlavorsAccessTestJSON:test_flavor_access_add_remove): 200 POST http://10.180.1.21/compute/v2.1/flavors/1947450863/action 2.991s
2025-04-16 15:26:54.404 71193 INFO tempest.lib.common.rest_client [req-4676587d-e0f2-4d08-9e95-951b313e8762 req-4676587d-e0f2-4d08-9e95-951b313e8762 ] Request (AZAdminV2TestJSON:tearDownClass): 204 DELETE http://10.180.1.21/identity/v3/projects/91f2df31609b476f9efe6f1a9822e005 0.148s
2025-04-16 15:26:54.411 71199 INFO tempest.lib.common.rest_client [req-01070346-e8d2-4d79-afb5-3472e7822a9c req-01070346-e8d2-4d79-afb5-3472e7822a9c ] Request (FlavorsAdminTestJSON:_run_cleanups): 200 GET http://10.180.1.21/compute/v2.1/flavors/detail 2.992s
2025-04-16 15:26:54.475 71193 INFO tempest.lib.common.rest_client [req-ec959fdc-c493-4d55-b0d5-a0628988a356 req-ec959fdc-c493-4d55-b0d5-a0628988a356 ] Request (ServicesAdminTestJSON:setUpClass): 201 POST http://10.180.1.21/identity/v3/auth/tokens 0.070s
2025-04-16 15:26:54.476 71205 INFO tempest.lib.common.rest_client [req-c3ebab95-86d9-49f8-bfac-d56442c573bf req-c3ebab95-86d9-49f8-bfac-d56442c573bf ] Request (ServerDiagnosticsV248Test:test_get_server_diagnostics): 200 GET http://10.180.1.21/compute/v2.1/servers/3aa4f084-ef8d-405a-a02e-16b977a8ba80 3.235s
2025-04-16 15:26:54.511 71227 INFO tempest.lib.common.rest_client [req-9f768195-3545-4f62-b155-064daca08969 req-9f768195-3545-4f62-b155-064daca08969 ] Request (NetworksTest:test_get_network): 200 GET http://10.180.1.21/compute/v2.1/os-networks/6e591f55-58c6-49e5-a636-294c47b4ec97 3.038s
2025-04-16 15:26:54.531 71195 INFO tempest.lib.common.rest_client [req-60c1c81a-6b6f-4a80-b52b-82db7f03fc0c req-60c1c81a-6b6f-4a80-b52b-82db7f03fc0c ] Request (HypervisorAdminV228Test:tearDownClass): 204 DELETE http://10.180.1.21/identity/v3/projects/a0696b342e5440a9b412cc9b43ef7680 0.151s
2025-04-16 15:26:54.532 71195 INFO tempest.lib.common.dynamic_creds [-] Deleting project and security group for project: 59e9c63a23944c04bbca98a1b6f5da51
2025-04-16 15:26:54.581 71193 INFO tempest.lib.common.rest_client [req-c29106d2-a240-4d75-855e-7df7b0ed9471 req-c29106d2-a240-4d75-855e-7df7b0ed9471 ] Request (ServicesAdminTestJSON:setUpClass): 201 POST http://10.180.1.21/identity/v3/auth/tokens 0.103s
2025-04-16 15:26:54.595 71247 INFO tempest.lib.common.rest_client [req-12876688-2126-4b23-b215-8d8438c0449d req-12876688-2126-4b23-b215-8d8438c0449d ] Request (VolumesAssistedSnapshotsTest:setUpClass): 200 PUT http://10.180.1.21:9696/networking/v2.0/routers/cf1239a1-ddfc-424b-b28b-0df0fb5c306f/add_router_interface 1.627s
2025-04-16 15:26:54.595 71247 INFO tempest.lib.common.dynamic_creds [-] Created isolated network resources for: credentials: Credentials: {'domain_id': 'default', 'domain_name': 'Default', 'username': 'tempest-VolumesAssistedSnapshotsTest-1658899545-project-admin', 'project_domain_id': 'default', 'project_domain_name': 'Default', 'project_id': 'da33fe32136946a887e785c806192be0', 'project_name': 'tempest-VolumesAssistedSnapshotsTest-1658899545', 'tenant_id': 'da33fe32136946a887e785c806192be0', 'tenant_name': 'tempest-VolumesAssistedSnapshotsTest-1658899545', 'user_domain_id': 'default', 'user_domain_name': 'Default', 'user_id': '9ddc52c86ab443ae8df5deef75256997', 'system': None}, Network: {'id': '121a9e3b-5356-42ca-9242-4cb9c2b077b8', 'name': 'tempest-VolumesAssistedSnapshotsTest-2038064966-network', 'tenant_id': 'da33fe32136946a887e785c806192be0', 'admin_state_up': True, 'mtu': 8950, 'status': 'ACTIVE', 'subnets': [], 'shared': False, 'project_id': 'da33fe32136946a887e785c806192be0', 'port_security_enabled': True, 'router:external': False, 'provider:network_type': 'vlan', 'provider:physical_network': 'default', 'provider:segmentation_id': 3, 'availability_zone_hints': [], 'availability_zones': [], 'ipv4_address_scope': None, 'ipv6_address_scope': None, 'description': '', 'tags': [], 'created_at': '2025-04-16T15:26:50Z', 'updated_at': '2025-04-16T15:26:50Z', 'revision_number': 1}, Subnet: {'id': '4811ba5b-67c2-40cc-b673-6a62b280c4d1', 'name': 'tempest-VolumesAssistedSnapshotsTest-2038064966-subnet', 'tenant_id': 'da33fe32136946a887e785c806192be0', 'network_id': '121a9e3b-5356-42ca-9242-4cb9c2b077b8', 'ip_version': 4, 'subnetpool_id': None, 'enable_dhcp': True, 'ipv6_ra_mode': None, 'ipv6_address_mode': None, 'gateway_ip': '192.168.128.1', 'cidr': '192.168.128.0/28', 'allocation_pools': [{'start': '192.168.128.2', 'end': '192.168.128.14'}], 'host_routes': [], 'dns_nameservers': [], 'description': '', 'router:external': False, 'service_types': [], 'tags': [], 'created_at': '2025-04-16T15:26:51Z', 'updated_at': '2025-04-16T15:26:51Z', 'revision_number': 0, 'project_id': 'da33fe32136946a887e785c806192be0'}, Router: {'id': 'cf1239a1-ddfc-424b-b28b-0df0fb5c306f', 'name': 'tempest-VolumesAssistedSnapshotsTest-2038064966-router', 'tenant_id': 'da33fe32136946a887e785c806192be0', 'admin_state_up': True, 'status': 'ACTIVE', 'external_gateway_info': {'network_id': '6e591f55-58c6-49e5-a636-294c47b4ec97', 'external_fixed_ips': [{'subnet_id': 'deb8c1ec-487d-41b0-bff2-b54652457803', 'ip_address': '10.180.180.223'}], 'enable_snat': True}, 'description': '', 'availability_zones': [], 'distributed': False, 'ha': False, 'availability_zone_hints': [], 'routes': [], 'flavor_id': None, 'tags': [], 'created_at': '2025-04-16T15:26:51Z', 'updated_at': '2025-04-16T15:26:52Z', 'revision_number': 2, 'project_id': 'da33fe32136946a887e785c806192be0'}
2025-04-16 15:26:54.621 71193 INFO tempest.lib.common.rest_client [req-a3a83b4b-7808-4e77-8a8f-e5c27f680d0f req-a3a83b4b-7808-4e77-8a8f-e5c27f680d0f ] Request (ServicesAdminTestJSON:setUpClass): 200 GET http://10.180.1.21/identity/v3/domains?name=Default 0.039s
2025-04-16 15:26:54.648 71195 INFO tempest.lib.common.rest_client [req-e1e9c5b9-d334-4f47-8023-b0d53c9696bb req-e1e9c5b9-d334-4f47-8023-b0d53c9696bb ] Request (HypervisorAdminV228Test:tearDownClass): 200 GET http://10.180.1.21:9696/networking/v2.0/security-groups?tenant_id=59e9c63a23944c04bbca98a1b6f5da51&name=default 0.116s
2025-04-16 15:26:54.698 71247 INFO tempest.lib.common.rest_client [req-2994e7f6-8006-4d68-9b0f-a5e3cf8cc266 req-2994e7f6-8006-4d68-9b0f-a5e3cf8cc266 ] Request (VolumesAssistedSnapshotsTest:setUpClass): 201 POST http://10.180.1.21/identity/v3/auth/tokens 0.101s
2025-04-16 15:26:54.700 71207 INFO tempest.lib.common.rest_client [req-84564eae-243d-421a-9596-bde959a30787 req-84564eae-243d-421a-9596-bde959a30787 ] Request (QuotasAdminTestV257:test_get_updated_quotas): 200 GET http://10.180.1.21/compute/v2.1/os-quota-sets/18d1b2f0493449818c16bef569a50bf3/detail 3.056s
2025-04-16 15:26:54.702 71193 INFO tempest.lib.common.rest_client [req-3fd2dce7-98c9-4b1d-9c33-fea0f602abb6 req-3fd2dce7-98c9-4b1d-9c33-fea0f602abb6 ] Request (ServicesAdminTestJSON:setUpClass): 201 POST http://10.180.1.21/identity/v3/projects 0.080s
2025-04-16 15:26:54.752 71195 INFO tempest.lib.common.rest_client [req-4a29b610-d26c-4afe-99b8-b494e0f03eb6 req-4a29b610-d26c-4afe-99b8-b494e0f03eb6 ] Request (HypervisorAdminV228Test:tearDownClass): 204 DELETE http://10.180.1.21:9696/networking/v2.0/security-groups/4ec36661-6474-4115-8514-ec331ce82042 0.102s
2025-04-16 15:26:54.764 71193 INFO tempest.lib.common.rest_client [req-e34192c6-b8db-47c6-9de9-256f01bf5086 req-e34192c6-b8db-47c6-9de9-256f01bf5086 ] Request (ServicesAdminTestJSON:setUpClass): 201 POST http://10.180.1.21/identity/v3/users 0.061s
2025-04-16 15:26:54.777 71247 INFO tempest.lib.common.rest_client [req-90a6ad9e-ab14-4fd6-8288-e37a7628d19d req-90a6ad9e-ab14-4fd6-8288-e37a7628d19d ] Request (VolumesAssistedSnapshotsTest:setUpClass): 201 POST http://10.180.1.21/identity/v3/projects 0.078s
2025-04-16 15:26:54.812 71237 INFO tempest.lib.common.rest_client [req-aa41c1ae-fa45-4dab-8c70-3012eddf38ad req-aa41c1ae-fa45-4dab-8c70-3012eddf38ad ] Request (ServersTestBootFromVolume:setUpClass): 201 POST http://10.180.1.21:9696/networking/v2.0/floatingips 0.632s
2025-04-16 15:26:54.843 71207 INFO tempest.lib.common.rest_client [req-08abe02d-7d35-48ac-a1ec-ff801d09a9e8 req-08abe02d-7d35-48ac-a1ec-ff801d09a9e8 ] Request (QuotasAdminTestV257:test_get_updated_quotas): 200 GET http://10.180.1.21/identity/v3/domains?name=Default 0.139s
2025-04-16 15:26:54.861 71193 INFO tempest.lib.common.rest_client [req-7071ec55-f29c-4812-a6ea-5af88d43e172 req-7071ec55-f29c-4812-a6ea-5af88d43e172 ] Request (ServicesAdminTestJSON:setUpClass): 200 GET http://10.180.1.21/identity/v3/roles 0.096s
2025-04-16 15:26:54.864 71243 INFO tempest.lib.common.rest_client [req-388a5545-fc6c-4595-bf25-d188875d1e9e req-388a5545-fc6c-4595-bf25-d188875d1e9e ] Request (DeleteServersAdminTestJSON:test_admin_delete_servers_of_others): 202 POST http://10.180.1.21/compute/v2.1/servers 3.374s
2025-04-16 15:26:54.890 71195 INFO tempest.lib.common.rest_client [req-ff2fdc48-ecc1-4a61-8851-138d73d97568 req-ff2fdc48-ecc1-4a61-8851-138d73d97568 ] Request (HypervisorAdminV228Test:tearDownClass): 204 DELETE http://10.180.1.21/identity/v3/projects/59e9c63a23944c04bbca98a1b6f5da51 0.138s
2025-04-16 15:26:54.920 71247 INFO tempest.lib.common.rest_client [req-bd28a046-a891-46a1-8c86-1e5236ea603b req-bd28a046-a891-46a1-8c86-1e5236ea603b ] Request (VolumesAssistedSnapshotsTest:setUpClass): 201 POST http://10.180.1.21/identity/v3/users 0.142s
2025-04-16 15:26:54.949 71249 INFO tempest.lib.common.rest_client [req-1794f38a-0b3c-4e48-842b-787dfffffb98 req-1794f38a-0b3c-4e48-842b-787dfffffb98 ] Request (ServerDiagnosticsNegativeTest:test_get_server_diagnostics_by_non_admin): 200 GET http://10.180.1.21/compute/v2.1/servers/6d715a3c-aa6b-4123-b61e-3588399733bd 2.977s
2025-04-16 15:26:54.976 71237 INFO tempest.lib.common.rest_client [req-e634f884-39dd-4d1b-a78c-1e39d8634fa6 req-e634f884-39dd-4d1b-a78c-1e39d8634fa6 ] Request (ServersTestBootFromVolume:setUpClass): 201 POST http://10.180.1.21/identity/v3/auth/tokens 0.161s
2025-04-16 15:26:54.976 71237 INFO tempest.lib.common.fixed_network [-] (ServersTestBootFromVolume:setUpClass) Found network {'id': '87081fc1-1f45-40e1-9b4d-c4a202717c6e', 'name': 'tempest-ServersTestBootFromVolume-1262917811-network', 'tenant_id': 'bb691f5b46d54a18b4671c902988ef85', 'admin_state_up': True, 'mtu': 8950, 'status': 'ACTIVE', 'subnets': [], 'shared': False, 'project_id': 'bb691f5b46d54a18b4671c902988ef85', 'port_security_enabled': True, 'router:external': False, 'provider:network_type': 'vlan', 'provider:physical_network': 'default', 'provider:segmentation_id': 305, 'availability_zone_hints': [], 'availability_zones': [], 'ipv4_address_scope': None, 'ipv6_address_scope': None, 'description': '', 'tags': [], 'created_at': '2025-04-16T15:26:45Z', 'updated_at': '2025-04-16T15:26:45Z', 'revision_number': 1} available for tenant
2025-04-16 15:26:55.033 71207 INFO tempest.lib.common.rest_client [req-712488ff-7c55-41c7-aba7-2d0f95a6a072 req-712488ff-7c55-41c7-aba7-2d0f95a6a072 ] Request (QuotasAdminTestV257:test_get_updated_quotas): 201 POST http://10.180.1.21/identity/v3/users 0.190s
2025-04-16 15:26:55.037 71221 INFO tempest.lib.common.rest_client [req-cb600d6c-adb6-4f51-b469-4d8e56a105fa req-cb600d6c-adb6-4f51-b469-4d8e56a105fa ] Request (FlavorsAccessNegativeTestJSON:test_add_flavor_access_duplicate): 200 POST http://10.180.1.21/compute/v2.1/flavors/1234151490/action 3.308s
2025-04-16 15:26:55.049 71193 INFO tempest.lib.common.rest_client [req-652cdb22-d060-4c41-a066-3951fc32dc8b req-652cdb22-d060-4c41-a066-3951fc32dc8b ] Request (ServicesAdminTestJSON:setUpClass): 204 PUT http://10.180.1.21/identity/v3/projects/7366398b1ff44d8fb07adca9b8ecc6d3/users/4adba56bc1af451199a42d40ebc431be/roles/75911c2eb97f430ab83f57a4aeac3e5b 0.188s
2025-04-16 15:26:55.050 71193 INFO tempest.lib.common.dynamic_creds [-] Dynamic test user 4adba56bc1af451199a42d40ebc431be is created with scope project and roles: ['member']
2025-04-16 15:26:55.050 71193 INFO tempest.lib.common.dynamic_creds [-] Acquired dynamic creds: credentials: Credentials: {'domain_id': 'default', 'domain_name': 'Default', 'username': 'tempest-ServicesAdminTestJSON-1827325881-project-member', 'project_domain_id': 'default', 'project_domain_name': 'Default', 'project_id': '7366398b1ff44d8fb07adca9b8ecc6d3', 'project_name': 'tempest-ServicesAdminTestJSON-1827325881', 'tenant_id': '7366398b1ff44d8fb07adca9b8ecc6d3', 'tenant_name': 'tempest-ServicesAdminTestJSON-1827325881', 'user_domain_id': 'default', 'user_domain_name': 'Default', 'user_id': '4adba56bc1af451199a42d40ebc431be', 'system': None}, Network: None, Subnet: None, Router: None
2025-04-16 15:26:55.050 71193 INFO tempest.lib.common.dynamic_creds [-] Created isolated network resources for: credentials: Credentials: {'domain_id': 'default', 'domain_name': 'Default', 'username': 'tempest-ServicesAdminTestJSON-1827325881-project-member', 'project_domain_id': 'default', 'project_domain_name': 'Default', 'project_id': '7366398b1ff44d8fb07adca9b8ecc6d3', 'project_name': 'tempest-ServicesAdminTestJSON-1827325881', 'tenant_id': '7366398b1ff44d8fb07adca9b8ecc6d3', 'tenant_name': 'tempest-ServicesAdminTestJSON-1827325881', 'user_domain_id': 'default', 'user_domain_name': 'Default', 'user_id': '4adba56bc1af451199a42d40ebc431be', 'system': None}, Network: None, Subnet: None, Router: None
2025-04-16 15:26:55.071 71217 INFO tempest.lib.common.rest_client [req-a87ee16b-f4db-4d1b-aa69-f1702b8cb2ad req-a87ee16b-f4db-4d1b-aa69-f1702b8cb2ad ] Request (ImagesMetadataNegativeTestJSON:test_set_nonexistent_image_metadata): 404 PUT http://10.180.1.21/compute/v2.1/images/94e33cd7-19b6-40e5-8a7e-5d7e24262457/metadata 2.907s
2025-04-16 15:26:55.097 71195 INFO tempest.lib.common.rest_client [req-8b786111-33ca-443b-b45d-7b553d487227 req-8b786111-33ca-443b-b45d-7b553d487227 ] Request (ServersAdmin275Test:setUpClass): 201 POST http://10.180.1.21/identity/v3/auth/tokens 0.205s
2025-04-16 15:26:55.125 71247 INFO tempest.lib.common.rest_client [req-b14b0536-f6e6-4692-89b5-b47671db2c33 req-b14b0536-f6e6-4692-89b5-b47671db2c33 ] Request (VolumesAssistedSnapshotsTest:setUpClass): 200 GET http://10.180.1.21/identity/v3/roles 0.205s
2025-04-16 15:26:55.184 71207 INFO tempest.lib.common.rest_client [req-fa41dc6f-7880-49ff-88c9-4e1636ce5dc9 req-fa41dc6f-7880-49ff-88c9-4e1636ce5dc9 ] Request (QuotasAdminTestV257:test_get_updated_quotas): 200 GET http://10.180.1.21/identity/v3/domains?name=Default 0.150s
2025-04-16 15:26:55.240 71193 INFO tempest.lib.common.rest_client [req-c0e69f5f-2f09-4751-b62e-488129d4abb4 req-c0e69f5f-2f09-4751-b62e-488129d4abb4 ] Request (ServicesAdminTestJSON:setUpClass): 201 POST http://10.180.1.21/identity/v3/auth/tokens 0.186s
2025-04-16 15:26:55.263 71247 INFO tempest.lib.common.rest_client [req-388aafb6-5e18-4406-9b0e-d162e0d71391 req-388aafb6-5e18-4406-9b0e-d162e0d71391 ] Request (VolumesAssistedSnapshotsTest:setUpClass): 204 PUT http://10.180.1.21/identity/v3/projects/f2b350a80aa5465c8dfcfbb34f6c5812/users/8f209d2a76234d13837b5cec580d9250/roles/767b4b38d1b244f0aeea22e08a6e5330 0.137s
2025-04-16 15:26:55.306 71195 INFO tempest.lib.common.rest_client [req-4b669c1d-a1e0-43f3-bf6d-33d33501d844 req-4b669c1d-a1e0-43f3-bf6d-33d33501d844 ] Request (ServersAdmin275Test:setUpClass): 201 POST http://10.180.1.21/identity/v3/auth/tokens 0.204s
2025-04-16 15:26:55.333 71193 INFO tempest.lib.common.rest_client [req-527f2d79-90c4-400a-9686-799d8d3d7bc5 req-527f2d79-90c4-400a-9686-799d8d3d7bc5 ] Request (ServicesAdminTestJSON:setUpClass): 201 POST http://10.180.1.21/identity/v3/projects 0.092s
2025-04-16 15:26:55.343 71247 INFO tempest.lib.common.rest_client [req-df9cd772-6427-4ac5-8354-7d8be1e6eebd req-df9cd772-6427-4ac5-8354-7d8be1e6eebd ] Request (VolumesAssistedSnapshotsTest:setUpClass): 200 GET http://10.180.1.21/identity/v3/roles 0.079s
2025-04-16 15:26:55.406 71195 INFO tempest.lib.common.rest_client [req-ae60615b-5037-467a-bc5b-1e56f67f94a4 req-ae60615b-5037-467a-bc5b-1e56f67f94a4 ] Request (ServersAdmin275Test:setUpClass): 200 GET http://10.180.1.21/identity/v3/domains?name=Default 0.100s
2025-04-16 15:26:55.411 71197 INFO tempest.lib.common.rest_client [req-d6bd5466-ff85-4b28-8cd3-81598c65552b req-d6bd5466-ff85-4b28-8cd3-81598c65552b ] Request (SecurityGroupsTestAdminJSON:test_list_security_groups_list_all_tenants_filter): 200 POST http://10.180.1.21/compute/v2.1/os-security-groups 3.263s
2025-04-16 15:26:55.437 71193 INFO tempest.lib.common.rest_client [req-8a2e80f9-3fec-47e8-8775-54de6fc4abce req-8a2e80f9-3fec-47e8-8775-54de6fc4abce ] Request (ServicesAdminTestJSON:setUpClass): 201 POST http://10.180.1.21/identity/v3/users 0.104s
2025-04-16 15:26:55.456 71247 INFO tempest.lib.common.rest_client [req-d373f624-8922-4313-a0ef-0728e77b8e2f req-d373f624-8922-4313-a0ef-0728e77b8e2f ] Request (VolumesAssistedSnapshotsTest:setUpClass): 204 PUT http://10.180.1.21/identity/v3/projects/f2b350a80aa5465c8dfcfbb34f6c5812/users/8f209d2a76234d13837b5cec580d9250/roles/d49e115711a14ee7911932fb03fca614 0.112s
2025-04-16 15:26:55.456 71247 INFO tempest.lib.common.dynamic_creds [-] Dynamic test user 8f209d2a76234d13837b5cec580d9250 is created with scope project and roles: ['admin', 'service']
2025-04-16 15:26:55.456 71247 INFO tempest.lib.common.dynamic_creds [-] Acquired dynamic creds: credentials: Credentials: {'domain_id': 'default', 'domain_name': 'Default', 'username': 'tempest-VolumesAssistedSnapshotsTest-1601019642-project', 'project_domain_id': 'default', 'project_domain_name': 'Default', 'project_id': 'f2b350a80aa5465c8dfcfbb34f6c5812', 'project_name': 'tempest-VolumesAssistedSnapshotsTest-1601019642', 'tenant_id': 'f2b350a80aa5465c8dfcfbb34f6c5812', 'tenant_name': 'tempest-VolumesAssistedSnapshotsTest-1601019642', 'user_domain_id': 'default', 'user_domain_name': 'Default', 'user_id': '8f209d2a76234d13837b5cec580d9250', 'system': None}, Network: None, Subnet: None, Router: None
2025-04-16 15:26:55.514 71253 INFO tempest.lib.common.rest_client [req-a61c389b-d3e2-443a-a62f-5d29f6f55031 req-a61c389b-d3e2-443a-a62f-5d29f6f55031 ] Request (FloatingIPsAssociationTestJSON:setUpClass): 200 GET http://10.180.1.21/compute/v2.1/servers/acd86542-d115-4a88-b6e5-3133e456b45b 2.950s
2025-04-16 15:26:55.541 71193 INFO tempest.lib.common.rest_client [req-f03f26a2-507f-46a9-b475-a761b8eb4dcf req-f03f26a2-507f-46a9-b475-a761b8eb4dcf ] Request (ServicesAdminTestJSON:setUpClass): 200 GET http://10.180.1.21/identity/v3/roles 0.103s
2025-04-16 15:26:55.593 71193 INFO tempest.lib.common.rest_client [req-b993f2d5-3670-4bbc-a9c1-011072ca02df req-b993f2d5-3670-4bbc-a9c1-011072ca02df ] Request (ServicesAdminTestJSON:setUpClass): 204 PUT http://10.180.1.21/identity/v3/projects/82f21445dcd54750ad75298b09781676/users/f1d0571d1a2b4daba1ecdb2376efe926/roles/767b4b38d1b244f0aeea22e08a6e5330 0.051s
2025-04-16 15:26:55.602 71195 INFO tempest.lib.common.rest_client [req-1aaafad2-0018-4e90-b791-9d7df061ac3f req-1aaafad2-0018-4e90-b791-9d7df061ac3f ] Request (ServersAdmin275Test:setUpClass): 201 POST http://10.180.1.21/identity/v3/projects 0.195s
2025-04-16 15:26:55.630 71231 INFO tempest.lib.common.rest_client [req-74bfdc44-d517-43b4-ba0d-741d510ae87d req-74bfdc44-d517-43b4-ba0d-741d510ae87d ] Request (ImagesTestJSON:test_create_image_from_stopped_server): 200 GET http://10.180.1.21/compute/v2.1/servers/b57ffe91-4cba-41fc-9c3b-8db661b91780 2.840s
2025-04-16 15:26:55.660 71193 INFO tempest.lib.common.rest_client [req-c5d17520-b456-4e88-9ef9-c41cf2e8a90f req-c5d17520-b456-4e88-9ef9-c41cf2e8a90f ] Request (ServicesAdminTestJSON:setUpClass): 200 GET http://10.180.1.21/identity/v3/roles 0.067s
