2025-04-16 15:28:32.711 71197 INFO tempest.lib.common.rest_client [req-aae80ef7-49ec-43d6-a58c-63273b025a86 req-aae80ef7-49ec-43d6-a58c-63273b025a86 ] Request (ImagesNegativeTestJSON:test_create_image_specify_uuid_35_characters_or_less): 404 POST http://10.180.1.21/compute/v2.1/servers/aaaaaaaaaaaaaaaaaaaaaaaaaaaaaaaaaaa/action 0.008s
2025-04-16 15:28:32.720 71197 INFO tempest.lib.common.rest_client [req-e6d5dded-337e-4265-9a9a-d5cbc13c3af0 req-e6d5dded-337e-4265-9a9a-d5cbc13c3af0 ] Request (ImagesNegativeTestJSON:test_create_image_specify_uuid_37_characters_or_more): 404 POST http://10.180.1.21/compute/v2.1/servers/aaaaaaaaaaaaaaaaaaaaaaaaaaaaaaaaaaaaa/action 0.008s
2025-04-16 15:28:32.742 71197 INFO tempest.lib.common.rest_client [req-9d4d864f-f389-4a8b-ad73-a0e4dccdac5e req-9d4d864f-f389-4a8b-ad73-a0e4dccdac5e ] Request (ImagesNegativeTestJSON:tearDownClass): 404 DELETE http://10.180.1.21/compute/v2.1/servers/61b1debe-9779-4eeb-abee-5fcc87cf6aaf 0.020s
2025-04-16 15:28:32.827 71224 INFO tempest.lib.common.rest_client [req-1c1cf71e-4681-417b-a8a4-7144835d39ae req-1c1cf71e-4681-417b-a8a4-7144835d39ae ] Request (ImagesOneServerNegativeTestJSON:tearDown): 200 GET http://10.180.1.21/compute/v2.1/servers/2b45d5ab-8870-4d3c-b645-d7587fb9466f 0.264s
2025-04-16 15:28:32.832 71243 INFO tempest.lib.common.rest_client [req-b2b3faa1-f138-4339-bfd2-978bf872b593 req-b2b3faa1-f138-4339-bfd2-978bf872b593 ] Request (DeleteServersAdminTestJSON:test_delete_server_while_in_error_state): 200 GET http://10.180.1.21/compute/v2.1/servers/f17585da-df68-4dc5-b7f5-2bd51aa0c645 0.104s
2025-04-16 15:28:32.850 71197 INFO tempest.lib.common.rest_client [req-54b7bfb8-819b-4538-b52b-d566c3ee7979 req-54b7bfb8-819b-4538-b52b-d566c3ee7979 ] Request (ImagesNegativeTestJSON:tearDownClass): 404 GET http://10.180.1.21/compute/v2.1/servers/61b1debe-9779-4eeb-abee-5fcc87cf6aaf 0.107s
2025-04-16 15:28:32.967 71247 INFO tempest.lib.common.rest_client [req-f49e702b-fbc7-4c60-854f-92cb8eb1da20 req-f49e702b-fbc7-4c60-854f-92cb8eb1da20 ] Request (VolumesAssistedSnapshotsTest:tearDownClass): 200 GET http://10.180.1.21/compute/v2.1/servers/d42d1d63-4a32-4ce8-adef-ae483488c5aa 0.064s
2025-04-16 15:28:32.981 71219 INFO tempest.lib.common.rest_client [req-21a2ba96-7ee9-4335-be77-0cedca750b71 req-21a2ba96-7ee9-4335-be77-0cedca750b71 ] Request (MigrationsAdminTest:test_list_migrations_in_flavor_resize_situation): 200 GET http://10.180.1.21/compute/v2.1/servers/2f666dec-7728-444d-aad8-e2506e890556 0.123s
2025-04-16 15:28:33.017 71229 INFO tempest.lib.common.rest_client [req-580f1c97-5c28-4fe0-bfdb-a0a0ba70bda4 req-580f1c97-5c28-4fe0-bfdb-a0a0ba70bda4 ] Request (ServersTestJSON:setUpClass): 200 GET http://10.180.1.21/compute/v2.1/servers/12220b63-b805-43a1-b4fc-08a6cc4e0978 0.108s
2025-04-16 15:28:33.030 71205 INFO tempest.lib.common.rest_client [req-b76cbfd6-4635-47b3-ab1a-fb8aeca53339 req-b76cbfd6-4635-47b3-ab1a-fb8aeca53339 ] Request (InstanceActionsTestJSON:setUpClass): 200 GET http://10.180.1.21/compute/v2.1/servers/3eb38467-b7d0-45bb-ab62-098e3e381853 0.076s
2025-04-16 15:28:33.074 71221 INFO tempest.lib.common.rest_client [req-f3c0f865-0f12-45a8-abd3-22ca042605e9 req-f3c0f865-0f12-45a8-abd3-22ca042605e9 ] Request (TenantUsagesTestJSON:setUpClass): 200 GET http://10.180.1.21/compute/v2.1/servers/73ca3686-48f5-4044-8dc4-676d48e964a8 0.114s
2025-04-16 15:28:33.090 71233 INFO tempest.lib.common.rest_client [req-44bafd22-0a5e-40b8-b1e3-635f44868786 req-44bafd22-0a5e-40b8-b1e3-635f44868786 ] Request (AttachInterfacesTestJSON:test_create_list_show_delete_interfaces_by_fixed_ip): 200 GET http://10.180.1.21/compute/v2.1/servers/dc670653-4db2-4482-9b29-b3d9853a3593 0.089s
2025-04-16 15:28:33.128 71209 INFO tempest.lib.common.rest_client [req-dec0dd1b-3802-4d9b-b706-a9576983bf40 req-dec0dd1b-3802-4d9b-b706-a9576983bf40 ] Request (ServersTestFqdnHostnames:test_create_server_with_fqdn_name): 200 GET http://10.180.1.21/compute/v2.1/servers/2b60c927-0466-46f5-8695-78c19010f1c9 0.119s
2025-04-16 15:28:33.176 71253 INFO tempest.lib.common.rest_client [req-a52da219-a875-4304-be11-dac724608fdf req-a52da219-a875-4304-be11-dac724608fdf ] Request (FloatingIPsAssociationTestJSON:tearDownClass): 200 GET http://10.180.1.21/compute/v2.1/servers/f450c3bd-3616-4627-8312-f6548d55260a 0.122s
2025-04-16 15:28:33.182 71235 INFO tempest.lib.common.rest_client [req-72af376e-3757-4ff4-8324-475c0f50046d req-72af376e-3757-4ff4-8324-475c0f50046d ] Request (ServerShowV247Test:test_update_rebuild_list_server): 200 GET http://10.180.1.21/compute/v2.1/servers/76832b17-5bf1-4966-b42f-ad77fb4af035 0.117s
2025-04-16 15:28:33.210 71237 WARNING tempest.lib.common.ssh [-] Failed to establish authenticated ssh connection to cirros@10.180.180.145 ([Errno None] Unable to connect to port 22 on 10.180.180.145). Number attempts: 5. Retry after 6 seconds.: paramiko.ssh_exception.NoValidConnectionsError: [Errno None] Unable to connect to port 22 on 10.180.180.145
2025-04-16 15:28:33.223 71231 INFO tempest.lib.common.rest_client [req-28bb8698-490a-4266-8861-65c4153d997f req-28bb8698-490a-4266-8861-65c4153d997f ] Request (ImagesTestJSON:test_create_image_from_suspended_server): 200 GET http://10.180.1.21/compute/v2.1/images/bab0db9e-7b39-4d2e-bf97-2964f55d0d6d 0.086s
2025-04-16 15:28:33.254 71249 INFO tempest.lib.common.rest_client [req-b719a72e-4d32-40d8-a31c-f5bd78093918 req-b719a72e-4d32-40d8-a31c-f5bd78093918 ] Request (ImagesOneServerTestJSON:setUpClass): 200 GET http://10.180.1.21/compute/v2.1/servers/4d388e5d-4fb7-429f-bfe1-ad7ee7baacd7 0.152s
2025-04-16 15:28:33.295 71227 INFO tempest.lib.common.rest_client [req-33e8626a-4e4f-4464-a478-d51f4b8929b3 req-33e8626a-4e4f-4464-a478-d51f4b8929b3 ] Request (ServersListShow298Test:tearDownClass): 200 GET http://10.180.1.21/compute/v2.1/servers/95f3eafa-1f2e-4980-9a33-d115bd946af5 0.155s
2025-04-16 15:28:33.323 71193 INFO tempest.lib.common.rest_client [req-b912be05-0520-47e0-bec7-54e9103e9c3f req-b912be05-0520-47e0-bec7-54e9103e9c3f ] Request (ServersNegativeTestMultiTenantJSON:tearDownClass): 200 GET http://10.180.1.21/compute/v2.1/servers/051c137c-ed83-4dc6-a3e0-7866c30605c5 0.112s
2025-04-16 15:28:33.355 71213 INFO tempest.lib.common.rest_client [req-ddab7e11-780a-4409-b13f-6440cdf392b1 req-ddab7e11-780a-4409-b13f-6440cdf392b1 ] Request (ListImageFiltersTestJSON:setUpClass): 200 GET http://10.180.1.21/compute/v2.1/servers/dc8a589e-3d62-4aab-9b44-85cb242b6a7c 0.143s
2025-04-16 15:28:33.377 71191 INFO tempest.lib.common.rest_client [req-4a4b45bd-5351-4c2f-9e5c-4d18d7b56fd4 req-4a4b45bd-5351-4c2f-9e5c-4d18d7b56fd4 ] Request (ServerDiskConfigTestJSON:test_rebuild_server_with_manual_disk_config): 200 GET http://10.180.1.21/compute/v2.1/servers/9c9d1dea-cafa-4e05-8f35-7a5eda4037db 0.119s
2025-04-16 15:28:33.404 71207 INFO tempest.lib.common.rest_client [req-7a230fec-ac74-4230-8dea-95950be2333b req-7a230fec-ac74-4230-8dea-95950be2333b ] Request (ServerActionsTestJSON:setUpClass): 200 GET http://10.180.1.21/compute/v2.1/servers/f66bd22b-1de2-43cc-b2a5-154fedcd3692 0.146s
2025-04-16 15:28:33.451 71201 INFO tempest.lib.common.rest_client [req-87398ed3-d351-4abc-9362-540fbc2d719c req-87398ed3-d351-4abc-9362-540fbc2d719c ] Request (ServersTestMultiNic:test_verify_duplicate_network_nics): 200 GET http://10.180.1.21/compute/v2.1/servers/c10d4e2a-98bb-4195-841e-e22b89a22496 0.143s
2025-04-16 15:28:33.469 71199 INFO tempest.lib.common.rest_client [req-00d00a09-f426-4ae1-a7de-336a37957ed2 req-00d00a09-f426-4ae1-a7de-336a37957ed2 ] Request (FloatingIPsAssociationNegativeTestJSON:setUpClass): 200 GET http://10.180.1.21/compute/v2.1/servers/f58ffc5d-fd70-490d-8389-6319b1b27eff 0.104s
2025-04-16 15:28:33.519 71245 INFO tempest.lib.common.rest_client [req-3f0d93df-7135-4dc9-9d5c-386b5237f67f req-3f0d93df-7135-4dc9-9d5c-386b5237f67f ] Request (DeleteServersTestJSON:test_delete_server_while_in_attached_volume): 200 GET http://10.180.1.21/compute/v2.1/servers/a2fc32ff-5e81-4cd9-ad18-0d70707b1ab7 0.096s
2025-04-16 15:28:33.644 71217 INFO tempest.lib.common.rest_client [req-9cf71e84-7e41-43c7-bd8a-06a0f44adc38 req-9cf71e84-7e41-43c7-bd8a-06a0f44adc38 ] Request (InstanceActionsNegativeTestJSON:setUpClass): 200 GET http://10.180.1.21/compute/v2.1/servers/259f5513-b60b-4dd9-97ce-829ca51896d4 0.108s
2025-04-16 15:28:33.662 71225 INFO tempest.lib.common.rest_client [req-35ed9339-333c-45d1-aa1c-53236f1a8bcf req-35ed9339-333c-45d1-aa1c-53236f1a8bcf ] Request (ServersAdminTestJSON:setUpClass): 200 GET http://10.180.1.21/compute/v2.1/servers/b206dfbe-342b-4b0a-9f43-b603205d8db7 0.054s
2025-04-16 15:28:33.720 71211 INFO tempest.lib.common.rest_client [req-8f6b4aa4-977f-4e71-a035-629f82fcf1b0 req-8f6b4aa4-977f-4e71-a035-629f82fcf1b0 ] Request (SecurityGroupsTestJSON:test_server_security_groups): 200 GET http://10.180.1.21/compute/v2.1/servers/9e03ec3e-a5fe-47e0-9fee-3d86fa604b12 0.062s
2025-04-16 15:28:33.773 71195 INFO tempest.lib.common.rest_client [req-ac8951ab-5572-4648-9c1d-623e4df11335 req-ac8951ab-5572-4648-9c1d-623e4df11335 ] Request (ServersAdminNegativeTestJSON:setUpClass): 200 GET http://10.180.1.21/compute/v2.1/servers/3aab379f-893b-4fc8-a5bf-1189ae26ca2f 0.076s
2025-04-16 15:28:33.812 71251 INFO tempest.lib.common.rest_client [req-078a2283-e2cc-40ec-a5a3-06683e4b9c54 req-078a2283-e2cc-40ec-a5a3-06683e4b9c54 ] Request (ServerAddressesTestJSON:setUpClass): 200 GET http://10.180.1.21/compute/v2.1/servers/b0535c7e-465f-4e80-9b9b-b455b9c3a98c 0.137s
2025-04-16 15:28:33.820 71251 INFO tempest.common.waiters [-] State transition "BUILD/spawning" ==> "ACTIVE/None" after 38 second wait
2025-04-16 15:28:33.854 71251 INFO tempest.lib.common.rest_client [req-22e82bfe-cdd0-4fb0-8489-986fe679f43c req-22e82bfe-cdd0-4fb0-8489-986fe679f43c ] Request (ServerAddressesTestJSON:test_list_server_addresses): 200 GET http://10.180.1.21/compute/v2.1/servers/b0535c7e-465f-4e80-9b9b-b455b9c3a98c/ips 0.033s
2025-04-16 15:28:33.870 71197 INFO tempest.lib.common.rest_client [req-47ec1329-2dbb-4c7b-8af6-c7340d5961d7 req-47ec1329-2dbb-4c7b-8af6-c7340d5961d7 ] Request (ImagesNegativeTestJSON:tearDownClass): 200 PUT http://10.180.1.21:9696/networking/v2.0/routers/66108448-2ad7-4ec1-82d8-e9f417324eb8/remove_router_interface 1.019s
2025-04-16 15:28:33.953 71224 INFO tempest.lib.common.rest_client [req-f73f3771-84b3-4d5e-a62a-0ab3f41e5d38 req-f73f3771-84b3-4d5e-a62a-0ab3f41e5d38 ] Request (ImagesOneServerNegativeTestJSON:tearDown): 200 GET http://10.180.1.21/compute/v2.1/servers/2b45d5ab-8870-4d3c-b645-d7587fb9466f 0.114s
2025-04-16 15:28:33.970 71243 INFO tempest.lib.common.rest_client [req-fe6d723d-a9e1-497c-a879-ed458998a64d req-fe6d723d-a9e1-497c-a879-ed458998a64d ] Request (DeleteServersAdminTestJSON:test_delete_server_while_in_error_state): 200 GET http://10.180.1.21/compute/v2.1/servers/f17585da-df68-4dc5-b7f5-2bd51aa0c645 0.131s
2025-04-16 15:28:33.975 71251 INFO tempest.lib.common.rest_client [req-514563f2-c4bc-4f3d-99ce-a2f4d5d69e76 req-514563f2-c4bc-4f3d-99ce-a2f4d5d69e76 ] Request (ServerAddressesTestJSON:test_list_server_addresses_by_network): 200 GET http://10.180.1.21/compute/v2.1/servers/b0535c7e-465f-4e80-9b9b-b455b9c3a98c/ips 0.117s
2025-04-16 15:28:34.009 71251 INFO tempest.lib.common.rest_client [req-570be776-d3c6-467f-ab7a-ff2f086bdae8 req-570be776-d3c6-467f-ab7a-ff2f086bdae8 ] Request (ServerAddressesTestJSON:test_list_server_addresses_by_network): 200 GET http://10.180.1.21/compute/v2.1/servers/b0535c7e-465f-4e80-9b9b-b455b9c3a98c/ips/tempest-ServerAddressesTestJSON-172496124-network 0.032s
2025-04-16 15:28:34.040 71247 INFO tempest.lib.common.rest_client [req-798e79e1-1f74-4408-80e0-f319df372d12 req-798e79e1-1f74-4408-80e0-f319df372d12 ] Request (VolumesAssistedSnapshotsTest:tearDownClass): 200 GET http://10.180.1.21/compute/v2.1/servers/d42d1d63-4a32-4ce8-adef-ae483488c5aa 0.066s
2025-04-16 15:28:34.124 71219 INFO tempest.lib.common.rest_client [req-bf28dc92-756c-4945-8bb6-e4e621a146e2 req-bf28dc92-756c-4945-8bb6-e4e621a146e2 ] Request (MigrationsAdminTest:test_list_migrations_in_flavor_resize_situation): 200 GET http://10.180.1.21/compute/v2.1/servers/2f666dec-7728-444d-aad8-e2506e890556 0.134s
2025-04-16 15:28:34.134 71251 INFO tempest.lib.common.rest_client [req-3f0bcc2d-9a0d-4d97-a912-08f8ad7dce3f req-3f0bcc2d-9a0d-4d97-a912-08f8ad7dce3f ] Request (ServerAddressesTestJSON:tearDownClass): 204 DELETE http://10.180.1.21/compute/v2.1/servers/b0535c7e-465f-4e80-9b9b-b455b9c3a98c 0.119s
2025-04-16 15:28:34.175 71229 INFO tempest.lib.common.rest_client [req-34cc9d9b-0d5d-42bc-8064-a403373498a7 req-34cc9d9b-0d5d-42bc-8064-a403373498a7 ] Request (ServersTestJSON:setUpClass): 200 GET http://10.180.1.21/compute/v2.1/servers/12220b63-b805-43a1-b4fc-08a6cc4e0978 0.150s
2025-04-16 15:28:34.197 71205 INFO tempest.lib.common.rest_client [req-50fda692-09ff-429c-a545-aa8052bf36a5 req-50fda692-09ff-429c-a545-aa8052bf36a5 ] Request (InstanceActionsTestJSON:setUpClass): 200 GET http://10.180.1.21/compute/v2.1/servers/3eb38467-b7d0-45bb-ab62-098e3e381853 0.157s
2025-04-16 15:28:34.229 71221 INFO tempest.lib.common.rest_client [req-5ea038a3-33c3-4778-b1be-93163a6c2a42 req-5ea038a3-33c3-4778-b1be-93163a6c2a42 ] Request (TenantUsagesTestJSON:setUpClass): 200 GET http://10.180.1.21/compute/v2.1/servers/73ca3686-48f5-4044-8dc4-676d48e964a8 0.143s
2025-04-16 15:28:34.249 71233 INFO tempest.lib.common.rest_client [req-3933e81e-7a2e-41f6-a83f-3b505e3237b8 req-3933e81e-7a2e-41f6-a83f-3b505e3237b8 ] Request (AttachInterfacesTestJSON:test_create_list_show_delete_interfaces_by_fixed_ip): 200 GET http://10.180.1.21/compute/v2.1/servers/dc670653-4db2-4482-9b29-b3d9853a3593 0.151s
2025-04-16 15:28:34.297 71203 WARNING tempest.lib.common.ssh [-] Failed to establish authenticated ssh connection to cirros@10.180.180.133 ([Errno None] Unable to connect to port 22 on 10.180.180.133). Number attempts: 6. Retry after 7 seconds.: paramiko.ssh_exception.NoValidConnectionsError: [Errno None] Unable to connect to port 22 on 10.180.180.133
2025-04-16 15:28:34.312 71197 INFO tempest.lib.common.rest_client [req-da39f953-5485-44cd-911b-846f6f4a24d9 req-da39f953-5485-44cd-911b-846f6f4a24d9 ] Request (ImagesNegativeTestJSON:tearDownClass): 204 DELETE http://10.180.1.21:9696/networking/v2.0/routers/66108448-2ad7-4ec1-82d8-e9f417324eb8 0.442s
2025-04-16 15:28:34.313 71209 INFO tempest.lib.common.rest_client [req-c46b25b6-fd68-4de0-a82d-508535e09f07 req-c46b25b6-fd68-4de0-a82d-508535e09f07 ] Request (ServersTestFqdnHostnames:test_create_server_with_fqdn_name): 200 GET http://10.180.1.21/compute/v2.1/servers/2b60c927-0466-46f5-8695-78c19010f1c9 0.176s
2025-04-16 15:28:34.345 71251 INFO tempest.lib.common.rest_client [req-4d013d80-0fbb-44d3-9565-53fdc4f22e7e req-4d013d80-0fbb-44d3-9565-53fdc4f22e7e ] Request (ServerAddressesTestJSON:tearDownClass): 200 GET http://10.180.1.21/compute/v2.1/servers/b0535c7e-465f-4e80-9b9b-b455b9c3a98c 0.210s
2025-04-16 15:28:34.373 71253 INFO tempest.lib.common.rest_client [req-00933ce1-0efb-48ae-8953-b4ffe4cb1c65 req-00933ce1-0efb-48ae-8953-b4ffe4cb1c65 ] Request (FloatingIPsAssociationTestJSON:tearDownClass): 200 GET http://10.180.1.21/compute/v2.1/servers/f450c3bd-3616-4627-8312-f6548d55260a 0.188s
2025-04-16 15:28:34.405 71235 INFO tempest.lib.common.rest_client [req-8f024b15-5ada-498c-8bf1-6b0ed249925c req-8f024b15-5ada-498c-8bf1-6b0ed249925c ] Request (ServerShowV247Test:test_update_rebuild_list_server): 200 GET http://10.180.1.21/compute/v2.1/servers/76832b17-5bf1-4966-b42f-ad77fb4af035 0.208s
2025-04-16 15:28:34.407 71231 INFO tempest.lib.common.rest_client [req-3ea27f81-df43-4d85-a9b5-b31dc9505a96 req-3ea27f81-df43-4d85-a9b5-b31dc9505a96 ] Request (ImagesTestJSON:test_create_image_from_suspended_server): 200 GET http://10.180.1.21/compute/v2.1/images/bab0db9e-7b39-4d2e-bf97-2964f55d0d6d 0.180s
2025-04-16 15:28:34.458 71249 INFO tempest.lib.common.rest_client [req-46b59559-3750-4583-88c6-d6ee20a6069d req-46b59559-3750-4583-88c6-d6ee20a6069d ] Request (ImagesOneServerTestJSON:setUpClass): 200 GET http://10.180.1.21/compute/v2.1/servers/4d388e5d-4fb7-429f-bfe1-ad7ee7baacd7 0.192s
2025-04-16 15:28:34.469 71197 INFO tempest.lib.common.rest_client [req-8b7171df-3e68-4aef-9f0d-8ceeef6fecf7 req-8b7171df-3e68-4aef-9f0d-8ceeef6fecf7 ] Request (ImagesNegativeTestJSON:tearDownClass): 204 DELETE http://10.180.1.21:9696/networking/v2.0/subnets/a26fc3b5-fada-458e-8863-3a1a8d609c69 0.157s
2025-04-16 15:28:34.488 71227 INFO tempest.lib.common.rest_client [req-9a1e6db6-bdb4-415c-a86d-ed2cdbfd797b req-9a1e6db6-bdb4-415c-a86d-ed2cdbfd797b ] Request (ServersListShow298Test:tearDownClass): 200 GET http://10.180.1.21/compute/v2.1/servers/95f3eafa-1f2e-4980-9a33-d115bd946af5 0.174s
2025-04-16 15:28:34.521 71193 INFO tempest.lib.common.rest_client [req-2c70d1fe-f170-4416-beee-1deed1e490dc req-2c70d1fe-f170-4416-beee-1deed1e490dc ] Request (ServersNegativeTestMultiTenantJSON:tearDownClass): 200 GET http://10.180.1.21/compute/v2.1/servers/051c137c-ed83-4dc6-a3e0-7866c30605c5 0.189s
2025-04-16 15:28:34.550 71213 INFO tempest.lib.common.rest_client [req-38bfcbf5-fa1c-426b-b1ed-453214bee1c2 req-38bfcbf5-fa1c-426b-b1ed-453214bee1c2 ] Request (ListImageFiltersTestJSON:setUpClass): 200 GET http://10.180.1.21/compute/v2.1/servers/dc8a589e-3d62-4aab-9b44-85cb242b6a7c 0.187s
2025-04-16 15:28:34.576 71191 INFO tempest.lib.common.rest_client [req-9e8e9a88-d62e-4d79-bc2b-0882d5cc856f req-9e8e9a88-d62e-4d79-bc2b-0882d5cc856f ] Request (ServerDiskConfigTestJSON:test_rebuild_server_with_manual_disk_config): 200 GET http://10.180.1.21/compute/v2.1/servers/9c9d1dea-cafa-4e05-8f35-7a5eda4037db 0.183s
2025-04-16 15:28:34.600 71207 INFO tempest.lib.common.rest_client [req-c396b99b-89d4-4663-b534-e15f9cfb6852 req-c396b99b-89d4-4663-b534-e15f9cfb6852 ] Request (ServerActionsTestJSON:setUpClass): 200 GET http://10.180.1.21/compute/v2.1/servers/f66bd22b-1de2-43cc-b2a5-154fedcd3692 0.187s
2025-04-16 15:28:34.640 71201 INFO tempest.lib.common.rest_client [req-21464b0f-b0a3-4631-b7dd-23d095bc1e67 req-21464b0f-b0a3-4631-b7dd-23d095bc1e67 ] Request (ServersTestMultiNic:test_verify_duplicate_network_nics): 200 GET http://10.180.1.21/compute/v2.1/servers/c10d4e2a-98bb-4195-841e-e22b89a22496 0.181s
2025-04-16 15:28:34.650 71199 INFO tempest.lib.common.rest_client [req-a0cfc477-c5c3-40d4-85b0-fcf929c869ac req-a0cfc477-c5c3-40d4-85b0-fcf929c869ac ] Request (FloatingIPsAssociationNegativeTestJSON:setUpClass): 200 GET http://10.180.1.21/compute/v2.1/servers/f58ffc5d-fd70-490d-8389-6319b1b27eff 0.173s
2025-04-16 15:28:34.694 71245 INFO tempest.lib.common.rest_client [req-558ff0b8-7761-4232-9a22-6413c4de0e90 req-558ff0b8-7761-4232-9a22-6413c4de0e90 ] Request (DeleteServersTestJSON:test_delete_server_while_in_attached_volume): 200 GET http://10.180.1.21/compute/v2.1/servers/a2fc32ff-5e81-4cd9-ad18-0d70707b1ab7 0.166s
2025-04-16 15:28:34.755 71225 INFO tempest.lib.common.rest_client [req-bce73c48-7a3e-45f6-91d7-35fefc1ff3fe req-bce73c48-7a3e-45f6-91d7-35fefc1ff3fe ] Request (ServersAdminTestJSON:setUpClass): 200 GET http://10.180.1.21/compute/v2.1/servers/b206dfbe-342b-4b0a-9f43-b603205d8db7 0.085s
2025-04-16 15:28:34.779 71217 INFO tempest.lib.common.rest_client [req-454b2f0e-b507-437f-8078-09efebade705 req-454b2f0e-b507-437f-8078-09efebade705 ] Request (InstanceActionsNegativeTestJSON:setUpClass): 200 GET http://10.180.1.21/compute/v2.1/servers/259f5513-b60b-4dd9-97ce-829ca51896d4 0.127s
2025-04-16 15:28:34.797 71197 INFO tempest.lib.common.rest_client [req-4f131bf9-e0be-4816-b966-869b4b19ca12 req-4f131bf9-e0be-4816-b966-869b4b19ca12 ] Request (ImagesNegativeTestJSON:tearDownClass): 204 DELETE http://10.180.1.21:9696/networking/v2.0/networks/7efa26a0-8838-4c4f-b014-edcb5e49220d 0.327s
2025-04-16 15:28:34.812 71211 INFO tempest.lib.common.rest_client [req-23d087af-a436-490d-a92d-5543dad902f5 req-23d087af-a436-490d-a92d-5543dad902f5 ] Request (SecurityGroupsTestJSON:test_server_security_groups): 200 GET http://10.180.1.21/compute/v2.1/servers/9e03ec3e-a5fe-47e0-9fee-3d86fa604b12 0.079s
2025-04-16 15:28:34.846 71195 INFO tempest.lib.common.rest_client [req-d548d951-62dc-4de9-aa24-40e553c14837 req-d548d951-62dc-4de9-aa24-40e553c14837 ] Request (ServersAdminNegativeTestJSON:setUpClass): 200 GET http://10.180.1.21/compute/v2.1/servers/3aab379f-893b-4fc8-a5bf-1189ae26ca2f 0.064s
2025-04-16 15:28:34.919 71197 INFO tempest.lib.common.rest_client [req-e0fb2633-50eb-4b3a-9155-68bcda0eb59b req-e0fb2633-50eb-4b3a-9155-68bcda0eb59b ] Request (ImagesNegativeTestJSON:tearDownClass): 204 DELETE http://10.180.1.21/identity/v3/users/ec843299dff6417c9146ccef29d112e4 0.122s
2025-04-16 15:28:34.920 71197 INFO tempest.lib.common.dynamic_creds [-] Deleting project and security group for project: 95e60ab451ca4f4fa0e6f69e11cc0c33
2025-04-16 15:28:34.947 71197 INFO tempest.lib.common.rest_client [req-9f99389e-9cc8-4102-abf3-2a2911cc2c63 req-9f99389e-9cc8-4102-abf3-2a2911cc2c63 ] Request (ImagesNegativeTestJSON:tearDownClass): 200 GET http://10.180.1.21:9696/networking/v2.0/security-groups?tenant_id=95e60ab451ca4f4fa0e6f69e11cc0c33&name=default 0.027s
2025-04-16 15:28:35.071 71197 INFO tempest.lib.common.rest_client [req-2d359ccd-650f-455e-9139-7ce40cbaf46d req-2d359ccd-650f-455e-9139-7ce40cbaf46d ] Request (ImagesNegativeTestJSON:tearDownClass): 204 DELETE http://10.180.1.21:9696/networking/v2.0/security-groups/5968f9f0-8e46-4bce-9ef6-30af4eec9028 0.123s
2025-04-16 15:28:35.090 71224 INFO tempest.lib.common.rest_client [req-34d5e06d-d4c2-45c9-8aa2-1a8e03aa5214 req-34d5e06d-d4c2-45c9-8aa2-1a8e03aa5214 ] Request (ImagesOneServerNegativeTestJSON:tearDown): 200 GET http://10.180.1.21/compute/v2.1/servers/2b45d5ab-8870-4d3c-b645-d7587fb9466f 0.128s
2025-04-16 15:28:35.091 71243 INFO tempest.lib.common.rest_client [req-0fced022-379c-4a31-9ecc-7fcf84a6d16a req-0fced022-379c-4a31-9ecc-7fcf84a6d16a ] Request (DeleteServersAdminTestJSON:test_delete_server_while_in_error_state): 200 GET http://10.180.1.21/compute/v2.1/servers/f17585da-df68-4dc5-b7f5-2bd51aa0c645 0.110s
2025-04-16 15:28:35.098 71224 INFO tempest.common.waiters [-] State transition "ACTIVE/image_uploading" ==> "ACTIVE/None" after 7 second wait
2025-04-16 15:28:35.159 71247 INFO tempest.lib.common.rest_client [req-1c4e8f57-702b-4fd4-8d93-e279386b79b8 req-1c4e8f57-702b-4fd4-8d93-e279386b79b8 ] Request (VolumesAssistedSnapshotsTest:tearDownClass): 200 GET http://10.180.1.21/compute/v2.1/servers/d42d1d63-4a32-4ce8-adef-ae483488c5aa 0.110s
2025-04-16 15:28:35.171 71197 INFO tempest.lib.common.rest_client [req-b2d5ea49-3109-49e9-8ef0-1ddd49db074f req-b2d5ea49-3109-49e9-8ef0-1ddd49db074f ] Request (ImagesNegativeTestJSON:tearDownClass): 204 DELETE http://10.180.1.21/identity/v3/projects/95e60ab451ca4f4fa0e6f69e11cc0c33 0.099s
2025-04-16 15:28:35.187 71224 INFO tempest.lib.common.rest_client [req-687b88f1-a465-45ae-a24a-1d6ef653b7e1 req-687b88f1-a465-45ae-a24a-1d6ef653b7e1 ] Request (ImagesOneServerNegativeTestJSON:_run_cleanups): 204 DELETE http://10.180.1.21/compute/v2.1/servers/2b45d5ab-8870-4d3c-b645-d7587fb9466f 0.088s
2025-04-16 15:28:35.198 71241 WARNING tempest.lib.common.ssh [-] Failed to establish authenticated ssh connection to cirros@10.180.180.174 ([Errno None] Unable to connect to port 22 on 10.180.180.174). Number attempts: 5. Retry after 6 seconds.: paramiko.ssh_exception.NoValidConnectionsError: [Errno None] Unable to connect to port 22 on 10.180.180.174
2025-04-16 15:28:35.235 71197 INFO tempest.lib.common.rest_client [req-1bb730a7-8bae-4d52-811f-93f7f04d0cd4 req-1bb730a7-8bae-4d52-811f-93f7f04d0cd4 ] Request (MultipleCreateTestJSON:setUpClass): 201 POST http://10.180.1.21/identity/v3/auth/tokens 0.062s
2025-04-16 15:28:35.239 71229 INFO tempest.lib.common.rest_client [req-dcea3be5-fc14-460a-8e8b-73fdd412a1fa req-dcea3be5-fc14-460a-8e8b-73fdd412a1fa ] Request (ServersTestJSON:setUpClass): 200 GET http://10.180.1.21/compute/v2.1/servers/12220b63-b805-43a1-b4fc-08a6cc4e0978 0.056s
2025-04-16 15:28:35.267 71197 INFO tempest.lib.common.rest_client [req-635b1c8f-4ee7-4330-86c7-1f9891084e05 req-635b1c8f-4ee7-4330-86c7-1f9891084e05 ] Request (MultipleCreateTestJSON:setUpClass): 201 POST http://10.180.1.21/identity/v3/auth/tokens 0.028s
2025-04-16 15:28:35.288 71219 INFO tempest.lib.common.rest_client [req-ffe5d681-150f-435a-9377-d46c64f007da req-ffe5d681-150f-435a-9377-d46c64f007da ] Request (MigrationsAdminTest:test_list_migrations_in_flavor_resize_situation): 200 GET http://10.180.1.21/compute/v2.1/servers/2f666dec-7728-444d-aad8-e2506e890556 0.153s
2025-04-16 15:28:35.290 71197 INFO tempest.lib.common.rest_client [req-c17ac1da-200d-4a2a-a655-a56d183ad96b req-c17ac1da-200d-4a2a-a655-a56d183ad96b ] Request (MultipleCreateTestJSON:setUpClass): 200 GET http://10.180.1.21/identity/v3/domains?name=Default 0.023s
2025-04-16 15:28:35.323 71197 INFO tempest.lib.common.rest_client [req-fe4a5f89-6ea7-42b9-9f67-233cf96e0449 req-fe4a5f89-6ea7-42b9-9f67-233cf96e0449 ] Request (MultipleCreateTestJSON:setUpClass): 201 POST http://10.180.1.21/identity/v3/projects 0.031s
2025-04-16 15:28:35.328 71224 INFO tempest.lib.common.rest_client [req-8dc8564b-cc8f-4ac6-a1af-a077ceeadf47 req-8dc8564b-cc8f-4ac6-a1af-a077ceeadf47 ] Request (ImagesOneServerNegativeTestJSON:_run_cleanups): 200 GET http://10.180.1.21/compute/v2.1/servers/2b45d5ab-8870-4d3c-b645-d7587fb9466f 0.140s
2025-04-16 15:28:35.338 71205 INFO tempest.lib.common.rest_client [req-436f222c-d1fe-4cb9-9536-104b6a80a77e req-436f222c-d1fe-4cb9-9536-104b6a80a77e ] Request (InstanceActionsTestJSON:setUpClass): 200 GET http://10.180.1.21/compute/v2.1/servers/3eb38467-b7d0-45bb-ab62-098e3e381853 0.132s
2025-04-16 15:28:35.379 71221 INFO tempest.lib.common.rest_client [req-d256ef2d-ee7a-415e-8a2f-ced0c179d5fa req-d256ef2d-ee7a-415e-8a2f-ced0c179d5fa ] Request (TenantUsagesTestJSON:setUpClass): 200 GET http://10.180.1.21/compute/v2.1/servers/73ca3686-48f5-4044-8dc4-676d48e964a8 0.141s
2025-04-16 15:28:35.381 71197 INFO tempest.lib.common.rest_client [req-d627697d-cf31-4676-9f5b-5aa15abe014c req-d627697d-cf31-4676-9f5b-5aa15abe014c ] Request (MultipleCreateTestJSON:setUpClass): 201 POST http://10.180.1.21/identity/v3/users 0.058s
2025-04-16 15:28:35.387 71221 INFO tempest.common.waiters [-] State transition "BUILD/scheduling" ==> "BUILD/None" after 31 second wait
2025-04-16 15:28:35.389 71233 INFO tempest.lib.common.rest_client [req-e5d8e2ef-38ad-4da8-b086-59096446e70c req-e5d8e2ef-38ad-4da8-b086-59096446e70c ] Request (AttachInterfacesTestJSON:test_create_list_show_delete_interfaces_by_fixed_ip): 200 GET http://10.180.1.21/compute/v2.1/servers/dc670653-4db2-4482-9b29-b3d9853a3593 0.132s
2025-04-16 15:28:35.408 71197 INFO tempest.lib.common.rest_client [req-a1a64eb0-d1b6-4193-b42f-6fa3c6242623 req-a1a64eb0-d1b6-4193-b42f-6fa3c6242623 ] Request (MultipleCreateTestJSON:setUpClass): 200 GET http://10.180.1.21/identity/v3/roles 0.026s
2025-04-16 15:28:35.439 71197 INFO tempest.lib.common.rest_client [req-ea11a308-6aa1-44b6-8cf6-006f895a340f req-ea11a308-6aa1-44b6-8cf6-006f895a340f ] Request (MultipleCreateTestJSON:setUpClass): 204 PUT http://10.180.1.21/identity/v3/projects/e78fedb2df3a4f858aa9f3a82dbd61a0/users/40f8d25a90ab4465821d21586cf56264/roles/75911c2eb97f430ab83f57a4aeac3e5b 0.030s
2025-04-16 15:28:35.439 71197 INFO tempest.lib.common.dynamic_creds [-] Dynamic test user 40f8d25a90ab4465821d21586cf56264 is created with scope project and roles: ['member']
2025-04-16 15:28:35.439 71197 INFO tempest.lib.common.dynamic_creds [-] Acquired dynamic creds: credentials: Credentials: {'domain_id': 'default', 'domain_name': 'Default', 'username': 'tempest-MultipleCreateTestJSON-1217182839-project-member', 'project_domain_id': 'default', 'project_domain_name': 'Default', 'project_id': 'e78fedb2df3a4f858aa9f3a82dbd61a0', 'project_name': 'tempest-MultipleCreateTestJSON-1217182839', 'tenant_id': 'e78fedb2df3a4f858aa9f3a82dbd61a0', 'tenant_name': 'tempest-MultipleCreateTestJSON-1217182839', 'user_domain_id': 'default', 'user_domain_name': 'Default', 'user_id': '40f8d25a90ab4465821d21586cf56264', 'system': None}, Network: None, Subnet: None, Router: None
2025-04-16 15:28:35.445 71209 INFO tempest.lib.common.rest_client [req-72528c43-7234-4e1b-9755-b08a49f11bff req-72528c43-7234-4e1b-9755-b08a49f11bff ] Request (ServersTestFqdnHostnames:test_create_server_with_fqdn_name): 200 GET http://10.180.1.21/compute/v2.1/servers/2b60c927-0466-46f5-8695-78c19010f1c9 0.123s
2025-04-16 15:28:35.506 71251 INFO tempest.lib.common.rest_client [req-5b362bfa-8b27-4b6f-8513-b668f9355915 req-5b362bfa-8b27-4b6f-8513-b668f9355915 ] Request (ServerAddressesTestJSON:tearDownClass): 200 GET http://10.180.1.21/compute/v2.1/servers/b0535c7e-465f-4e80-9b9b-b455b9c3a98c 0.153s
2025-04-16 15:28:35.512 71197 INFO tempest.lib.common.rest_client [req-837c9030-4008-4d85-9657-ca7806126dee req-837c9030-4008-4d85-9657-ca7806126dee ] Request (MultipleCreateTestJSON:setUpClass): 201 POST http://10.180.1.21/identity/v3/auth/tokens 0.073s
2025-04-16 15:28:35.519 71253 INFO tempest.lib.common.rest_client [req-5f8b0b3d-2b9f-43b7-9633-983613828467 req-5f8b0b3d-2b9f-43b7-9633-983613828467 ] Request (FloatingIPsAssociationTestJSON:tearDownClass): 200 GET http://10.180.1.21/compute/v2.1/servers/f450c3bd-3616-4627-8312-f6548d55260a 0.137s
2025-04-16 15:28:35.539 71231 INFO tempest.lib.common.rest_client [req-63ee9429-f3a6-4a34-ad68-e605ec663811 req-63ee9429-f3a6-4a34-ad68-e605ec663811 ] Request (ImagesTestJSON:test_create_image_from_suspended_server): 200 GET http://10.180.1.21/compute/v2.1/images/bab0db9e-7b39-4d2e-bf97-2964f55d0d6d 0.126s
2025-04-16 15:28:35.584 71235 INFO tempest.lib.common.rest_client [req-9cf6d5bf-1aa0-4e9a-8211-dc88473d3779 req-9cf6d5bf-1aa0-4e9a-8211-dc88473d3779 ] Request (ServerShowV247Test:test_update_rebuild_list_server): 200 GET http://10.180.1.21/compute/v2.1/servers/76832b17-5bf1-4966-b42f-ad77fb4af035 0.169s
2025-04-16 15:28:35.594 71249 INFO tempest.lib.common.rest_client [req-6d039338-30fe-424c-bb1d-f12e990e8cd6 req-6d039338-30fe-424c-bb1d-f12e990e8cd6 ] Request (ImagesOneServerTestJSON:setUpClass): 200 GET http://10.180.1.21/compute/v2.1/servers/4d388e5d-4fb7-429f-bfe1-ad7ee7baacd7 0.128s
2025-04-16 15:28:35.658 71193 INFO tempest.lib.common.rest_client [req-cfe3c052-fe6e-4ae6-8151-4b3ddd40a326 req-cfe3c052-fe6e-4ae6-8151-4b3ddd40a326 ] Request (ServersNegativeTestMultiTenantJSON:tearDownClass): 200 GET http://10.180.1.21/compute/v2.1/servers/051c137c-ed83-4dc6-a3e0-7866c30605c5 0.129s
2025-04-16 15:28:35.659 71227 INFO tempest.lib.common.rest_client [req-8d23eded-998b-499f-804d-df71e001d4e0 req-8d23eded-998b-499f-804d-df71e001d4e0 ] Request (ServersListShow298Test:tearDownClass): 200 GET http://10.180.1.21/compute/v2.1/servers/95f3eafa-1f2e-4980-9a33-d115bd946af5 0.159s
2025-04-16 15:28:35.718 71191 INFO tempest.lib.common.rest_client [req-edbc171c-cb66-4e4d-a518-662652461350 req-edbc171c-cb66-4e4d-a518-662652461350 ] Request (ServerDiskConfigTestJSON:test_rebuild_server_with_manual_disk_config): 200 GET http://10.180.1.21/compute/v2.1/servers/9c9d1dea-cafa-4e05-8f35-7a5eda4037db 0.128s
2025-04-16 15:28:35.719 71213 INFO tempest.lib.common.rest_client [req-39931789-eebb-463f-a5e9-41ea8bef5f5a req-39931789-eebb-463f-a5e9-41ea8bef5f5a ] Request (ListImageFiltersTestJSON:setUpClass): 200 GET http://10.180.1.21/compute/v2.1/servers/dc8a589e-3d62-4aab-9b44-85cb242b6a7c 0.161s
2025-04-16 15:28:35.773 71207 INFO tempest.lib.common.rest_client [req-9d4b89e2-6ba3-4d4a-a1cb-776576cf40ca req-9d4b89e2-6ba3-4d4a-a1cb-776576cf40ca ] Request (ServerActionsTestJSON:setUpClass): 200 GET http://10.180.1.21/compute/v2.1/servers/f66bd22b-1de2-43cc-b2a5-154fedcd3692 0.165s
2025-04-16 15:28:35.785 71201 INFO tempest.lib.common.rest_client [req-8592324c-2e80-4d35-8e41-bc3b915e8d05 req-8592324c-2e80-4d35-8e41-bc3b915e8d05 ] Request (ServersTestMultiNic:test_verify_duplicate_network_nics): 200 GET http://10.180.1.21/compute/v2.1/servers/c10d4e2a-98bb-4195-841e-e22b89a22496 0.136s
2025-04-16 15:28:35.799 71197 INFO tempest.lib.common.rest_client [req-dfc9988f-e1d2-4217-8b00-338586310752 req-dfc9988f-e1d2-4217-8b00-338586310752 ] Request (MultipleCreateTestJSON:setUpClass): 201 POST http://10.180.1.21:9696/networking/v2.0/networks 0.286s
2025-04-16 15:28:35.826 71199 INFO tempest.lib.common.rest_client [req-17ae7041-b020-4e09-9dd5-2c74b2c451ca req-17ae7041-b020-4e09-9dd5-2c74b2c451ca ] Request (FloatingIPsAssociationNegativeTestJSON:setUpClass): 200 GET http://10.180.1.21/compute/v2.1/servers/f58ffc5d-fd70-490d-8389-6319b1b27eff 0.167s
2025-04-16 15:28:35.841 71245 INFO tempest.lib.common.rest_client [req-20ce44f6-be5b-4d1e-ae68-1255e23d225c req-20ce44f6-be5b-4d1e-ae68-1255e23d225c ] Request (DeleteServersTestJSON:test_delete_server_while_in_attached_volume): 200 GET http://10.180.1.21/compute/v2.1/servers/a2fc32ff-5e81-4cd9-ad18-0d70707b1ab7 0.135s
2025-04-16 15:28:35.876 71225 INFO tempest.lib.common.rest_client [req-216deed9-5f6b-4203-b695-d3facf176992 req-216deed9-5f6b-4203-b695-d3facf176992 ] Request (ServersAdminTestJSON:setUpClass): 200 GET http://10.180.1.21/compute/v2.1/servers/b206dfbe-342b-4b0a-9f43-b603205d8db7 0.111s
2025-04-16 15:28:35.935 71211 INFO tempest.lib.common.rest_client [req-2a74d706-e760-41c0-85ca-c199e9a8be2f req-2a74d706-e760-41c0-85ca-c199e9a8be2f ] Request (SecurityGroupsTestJSON:test_server_security_groups): 200 GET http://10.180.1.21/compute/v2.1/servers/9e03ec3e-a5fe-47e0-9fee-3d86fa604b12 0.114s
2025-04-16 15:28:35.986 71195 INFO tempest.lib.common.rest_client [req-5be06bbe-b53d-47e2-8579-f340de975f54 req-5be06bbe-b53d-47e2-8579-f340de975f54 ] Request (ServersAdminNegativeTestJSON:setUpClass): 200 GET http://10.180.1.21/compute/v2.1/servers/3aab379f-893b-4fc8-a5bf-1189ae26ca2f 0.130s
2025-04-16 15:28:35.999 71217 INFO tempest.lib.common.rest_client [req-131b9a70-d625-480b-aaec-a984101863e7 req-131b9a70-d625-480b-aaec-a984101863e7 ] Request (InstanceActionsNegativeTestJSON:setUpClass): 200 GET http://10.180.1.21/compute/v2.1/servers/259f5513-b60b-4dd9-97ce-829ca51896d4 0.210s
2025-04-16 15:28:36.007 71217 INFO tempest.common.waiters [-] State transition "BUILD/spawning" ==> "ACTIVE/None" after 41 second wait
2025-04-16 15:28:36.038 71197 INFO tempest.lib.common.rest_client [req-1499ff05-416d-48a8-bec3-6663cbab4deb req-1499ff05-416d-48a8-bec3-6663cbab4deb ] Request (MultipleCreateTestJSON:setUpClass): 201 POST http://10.180.1.21:9696/networking/v2.0/subnets 0.239s
2025-04-16 15:28:36.054 71217 INFO tempest.lib.common.rest_client [req-84b9908f-2284-4adf-8d22-43650512dd03 req-84b9908f-2284-4adf-8d22-43650512dd03 ] Request (InstanceActionsNegativeTestJSON:test_get_instance_action_invalid_request): 404 GET http://10.180.1.21/compute/v2.1/servers/259f5513-b60b-4dd9-97ce-829ca51896d4/os-instance-actions/999 0.043s
2025-04-16 15:28:36.073 71217 INFO tempest.lib.common.rest_client [req-e52974de-8215-43d8-964a-5c1140df50f3 req-e52974de-8215-43d8-964a-5c1140df50f3 ] Request (InstanceActionsNegativeTestJSON:test_list_instance_actions_non_existent_server): 404 GET http://10.180.1.21/compute/v2.1/servers/3eafbef0-bbdc-4585-af8b-7bcc8e8e4859/os-instance-actions 0.017s
2025-04-16 15:28:36.168 71217 INFO tempest.lib.common.rest_client [req-7e54cccb-ca93-42d8-82d3-2899c2a670a4 req-7e54cccb-ca93-42d8-82d3-2899c2a670a4 ] Request (InstanceActionsNegativeTestJSON:tearDownClass): 204 DELETE http://10.180.1.21/compute/v2.1/servers/259f5513-b60b-4dd9-97ce-829ca51896d4 0.094s
2025-04-16 15:28:36.235 71243 INFO tempest.lib.common.rest_client [req-6be7f109-2040-4332-b65b-c58a1be094de req-6be7f109-2040-4332-b65b-c58a1be094de ] Request (DeleteServersAdminTestJSON:test_delete_server_while_in_error_state): 200 GET http://10.180.1.21/compute/v2.1/servers/f17585da-df68-4dc5-b7f5-2bd51aa0c645 0.135s
2025-04-16 15:28:36.281 71217 INFO tempest.lib.common.rest_client [req-70cf0872-677f-4e11-a22a-80c4525f2d05 req-70cf0872-677f-4e11-a22a-80c4525f2d05 ] Request (InstanceActionsNegativeTestJSON:tearDownClass): 200 GET http://10.180.1.21/compute/v2.1/servers/259f5513-b60b-4dd9-97ce-829ca51896d4 0.112s
2025-04-16 15:28:36.314 71247 INFO tempest.lib.common.rest_client [req-41b11c63-e59b-4cb5-9cb3-d711f45efd18 req-41b11c63-e59b-4cb5-9cb3-d711f45efd18 ] Request (VolumesAssistedSnapshotsTest:tearDownClass): 200 GET http://10.180.1.21/compute/v2.1/servers/d42d1d63-4a32-4ce8-adef-ae483488c5aa 0.147s
2025-04-16 15:28:36.339 71229 INFO tempest.lib.common.rest_client [req-7e742335-325a-488e-9b14-638cef144a4c req-7e742335-325a-488e-9b14-638cef144a4c ] Request (ServersTestJSON:setUpClass): 200 GET http://10.180.1.21/compute/v2.1/servers/12220b63-b805-43a1-b4fc-08a6cc4e0978 0.093s
2025-04-16 15:28:36.454 71224 INFO tempest.lib.common.rest_client [req-dcf672cb-816b-461d-bae7-7cc6e5ebc827 req-dcf672cb-816b-461d-bae7-7cc6e5ebc827 ] Request (ImagesOneServerNegativeTestJSON:_run_cleanups): 200 GET http://10.180.1.21/compute/v2.1/servers/2b45d5ab-8870-4d3c-b645-d7587fb9466f 0.117s
2025-04-16 15:28:36.513 71205 INFO tempest.lib.common.rest_client [req-dd5905f2-79e4-4625-9fdc-c9af391e5961 req-dd5905f2-79e4-4625-9fdc-c9af391e5961 ] Request (InstanceActionsTestJSON:setUpClass): 200 GET http://10.180.1.21/compute/v2.1/servers/3eb38467-b7d0-45bb-ab62-098e3e381853 0.166s
2025-04-16 15:28:36.564 71221 INFO tempest.lib.common.rest_client [req-ab1bcfed-1e6d-4851-a074-1b2a27ce2630 req-ab1bcfed-1e6d-4851-a074-1b2a27ce2630 ] Request (TenantUsagesTestJSON:setUpClass): 200 GET http://10.180.1.21/compute/v2.1/servers/73ca3686-48f5-4044-8dc4-676d48e964a8 0.174s
2025-04-16 15:28:36.620 71233 INFO tempest.lib.common.rest_client [req-e9aeb18e-a3aa-4f79-a8ca-4ab0a1ddc11a req-e9aeb18e-a3aa-4f79-a8ca-4ab0a1ddc11a ] Request (AttachInterfacesTestJSON:test_create_list_show_delete_interfaces_by_fixed_ip): 200 GET http://10.180.1.21/compute/v2.1/servers/dc670653-4db2-4482-9b29-b3d9853a3593 0.223s
2025-04-16 15:28:36.668 71219 INFO tempest.lib.common.rest_client [req-83cea9f0-ce7c-42b5-b99b-0108acce4c05 req-83cea9f0-ce7c-42b5-b99b-0108acce4c05 ] Request (MigrationsAdminTest:test_list_migrations_in_flavor_resize_situation): 200 GET http://10.180.1.21/compute/v2.1/servers/2f666dec-7728-444d-aad8-e2506e890556 0.372s
2025-04-16 15:28:36.669 71209 INFO tempest.lib.common.rest_client [req-ebedd3ba-ed64-4b9e-8d98-7d0951f43227 req-ebedd3ba-ed64-4b9e-8d98-7d0951f43227 ] Request (ServersTestFqdnHostnames:test_create_server_with_fqdn_name): 200 GET http://10.180.1.21/compute/v2.1/servers/2b60c927-0466-46f5-8695-78c19010f1c9 0.216s
2025-04-16 15:28:36.738 71253 INFO tempest.lib.common.rest_client [req-15c67f7b-4fd6-4882-aa64-5df06c77e797 req-15c67f7b-4fd6-4882-aa64-5df06c77e797 ] Request (FloatingIPsAssociationTestJSON:tearDownClass): 200 GET http://10.180.1.21/compute/v2.1/servers/f450c3bd-3616-4627-8312-f6548d55260a 0.210s
2025-04-16 15:28:36.776 71231 INFO tempest.lib.common.rest_client [req-607f5cea-12cd-4ddd-9e62-5e7252634730 req-607f5cea-12cd-4ddd-9e62-5e7252634730 ] Request (ImagesTestJSON:test_create_image_from_suspended_server): 200 GET http://10.180.1.21/compute/v2.1/images/bab0db9e-7b39-4d2e-bf97-2964f55d0d6d 0.233s
2025-04-16 15:28:36.801 71251 INFO tempest.lib.common.rest_client [req-838ed5f6-dd0a-486a-ab52-78c00641080e req-838ed5f6-dd0a-486a-ab52-78c00641080e ] Request (ServerAddressesTestJSON:tearDownClass): 200 GET http://10.180.1.21/compute/v2.1/servers/b0535c7e-465f-4e80-9b9b-b455b9c3a98c 0.284s
2025-04-16 15:28:36.838 71235 INFO tempest.lib.common.rest_client [req-76922d1b-9cbb-4121-9a7f-33fa90534ef9 req-76922d1b-9cbb-4121-9a7f-33fa90534ef9 ] Request (ServerShowV247Test:test_update_rebuild_list_server): 200 GET http://10.180.1.21/compute/v2.1/servers/76832b17-5bf1-4966-b42f-ad77fb4af035 0.239s
2025-04-16 15:28:36.868 71249 INFO tempest.lib.common.rest_client [req-dbeeaa63-87a2-4787-adba-4c1a8823d998 req-dbeeaa63-87a2-4787-adba-4c1a8823d998 ] Request (ImagesOneServerTestJSON:setUpClass): 200 GET http://10.180.1.21/compute/v2.1/servers/4d388e5d-4fb7-429f-bfe1-ad7ee7baacd7 0.265s
2025-04-16 15:28:36.897 71193 INFO tempest.lib.common.rest_client [req-1d5c6766-2139-47db-85b2-fc970edf3fe5 req-1d5c6766-2139-47db-85b2-fc970edf3fe5 ] Request (ServersNegativeTestMultiTenantJSON:tearDownClass): 200 GET http://10.180.1.21/compute/v2.1/servers/051c137c-ed83-4dc6-a3e0-7866c30605c5 0.230s
2025-04-16 15:28:36.951 71191 INFO tempest.lib.common.rest_client [req-cc50fc3c-2b6b-4dcc-8b5d-b23bdadf49e5 req-cc50fc3c-2b6b-4dcc-8b5d-b23bdadf49e5 ] Request (ServerDiskConfigTestJSON:test_rebuild_server_with_manual_disk_config): 200 GET http://10.180.1.21/compute/v2.1/servers/9c9d1dea-cafa-4e05-8f35-7a5eda4037db 0.225s
2025-04-16 15:28:36.956 71227 INFO tempest.lib.common.rest_client [req-92080555-8262-4dce-aa93-d7c7aab9a278 req-92080555-8262-4dce-aa93-d7c7aab9a278 ] Request (ServersListShow298Test:tearDownClass): 200 GET http://10.180.1.21/compute/v2.1/servers/95f3eafa-1f2e-4980-9a33-d115bd946af5 0.284s
2025-04-16 15:28:36.997 71213 INFO tempest.lib.common.rest_client [req-5880d04c-8173-4181-b24b-6ff5b2ef25d0 req-5880d04c-8173-4181-b24b-6ff5b2ef25d0 ] Request (ListImageFiltersTestJSON:setUpClass): 200 GET http://10.180.1.21/compute/v2.1/servers/dc8a589e-3d62-4aab-9b44-85cb242b6a7c 0.268s
2025-04-16 15:28:37.020 71207 INFO tempest.lib.common.rest_client [req-12e38f3b-6fbe-4661-a76f-764b18e62b3d req-12e38f3b-6fbe-4661-a76f-764b18e62b3d ] Request (ServerActionsTestJSON:setUpClass): 200 GET http://10.180.1.21/compute/v2.1/servers/f66bd22b-1de2-43cc-b2a5-154fedcd3692 0.236s
2025-04-16 15:28:37.055 71201 INFO tempest.lib.common.rest_client [req-21e03f96-5845-4934-ab91-9e8bb246a59c req-21e03f96-5845-4934-ab91-9e8bb246a59c ] Request (ServersTestMultiNic:test_verify_duplicate_network_nics): 200 GET http://10.180.1.21/compute/v2.1/servers/c10d4e2a-98bb-4195-841e-e22b89a22496 0.258s
2025-04-16 15:28:37.091 71199 INFO tempest.lib.common.rest_client [req-1f8592a4-bb23-4baa-8fd8-3b0fddc1a5b5 req-1f8592a4-bb23-4baa-8fd8-3b0fddc1a5b5 ] Request (FloatingIPsAssociationNegativeTestJSON:setUpClass): 200 GET http://10.180.1.21/compute/v2.1/servers/f58ffc5d-fd70-490d-8389-6319b1b27eff 0.255s
2025-04-16 15:28:37.107 71245 INFO tempest.lib.common.rest_client [req-d3095ac4-f47f-4c4d-ba2f-ade8d24b6bf9 req-d3095ac4-f47f-4c4d-ba2f-ade8d24b6bf9 ] Request (DeleteServersTestJSON:test_delete_server_while_in_attached_volume): 200 GET http://10.180.1.21/compute/v2.1/servers/a2fc32ff-5e81-4cd9-ad18-0d70707b1ab7 0.257s
2025-04-16 15:28:37.160 71211 INFO tempest.lib.common.rest_client [req-04cd6085-e6dc-40d3-aba7-21e754a2e6a9 req-04cd6085-e6dc-40d3-aba7-21e754a2e6a9 ] Request (SecurityGroupsTestJSON:test_server_security_groups): 200 GET http://10.180.1.21/compute/v2.1/servers/9e03ec3e-a5fe-47e0-9fee-3d86fa604b12 0.211s
2025-04-16 15:28:37.168 71225 INFO tempest.lib.common.rest_client [req-3f003275-18ad-4ad5-81eb-d8a21dda6063 req-3f003275-18ad-4ad5-81eb-d8a21dda6063 ] Request (ServersAdminTestJSON:setUpClass): 200 GET http://10.180.1.21/compute/v2.1/servers/b206dfbe-342b-4b0a-9f43-b603205d8db7 0.279s
2025-04-16 15:28:37.221 71195 INFO tempest.lib.common.rest_client [req-a20d2436-c3ea-4a62-843a-0ed2168a9c80 req-a20d2436-c3ea-4a62-843a-0ed2168a9c80 ] Request (ServersAdminNegativeTestJSON:setUpClass): 200 GET http://10.180.1.21/compute/v2.1/servers/3aab379f-893b-4fc8-a5bf-1189ae26ca2f 0.222s
2025-04-16 15:28:37.295 71197 INFO tempest.lib.common.rest_client [req-e768ca5e-51bb-4312-9b39-f836a3af458e req-e768ca5e-51bb-4312-9b39-f836a3af458e ] Request (MultipleCreateTestJSON:setUpClass): 201 POST http://10.180.1.21:9696/networking/v2.0/routers 1.255s
2025-04-16 15:28:37.441 71243 INFO tempest.lib.common.rest_client [req-dfb2809a-8a69-4275-8a16-46388f47914a req-dfb2809a-8a69-4275-8a16-46388f47914a ] Request (DeleteServersAdminTestJSON:test_delete_server_while_in_error_state): 200 GET http://10.180.1.21/compute/v2.1/servers/f17585da-df68-4dc5-b7f5-2bd51aa0c645 0.191s
2025-04-16 15:28:37.492 71217 INFO tempest.lib.common.rest_client [req-3b54717a-cdd6-44ca-9628-0e681c062483 req-3b54717a-cdd6-44ca-9628-0e681c062483 ] Request (InstanceActionsNegativeTestJSON:tearDownClass): 200 GET http://10.180.1.21/compute/v2.1/servers/259f5513-b60b-4dd9-97ce-829ca51896d4 0.203s
2025-04-16 15:28:37.522 71247 INFO tempest.lib.common.rest_client [req-4689cbd5-ad1f-4efe-80a1-ce82a3e64501 req-4689cbd5-ad1f-4efe-80a1-ce82a3e64501 ] Request (VolumesAssistedSnapshotsTest:tearDownClass): 200 GET http://10.180.1.21/compute/v2.1/servers/d42d1d63-4a32-4ce8-adef-ae483488c5aa 0.198s
2025-04-16 15:28:37.600 71229 INFO tempest.lib.common.rest_client [req-80626d1f-9a9c-41ba-b1b9-d6b9559a83f5 req-80626d1f-9a9c-41ba-b1b9-d6b9559a83f5 ] Request (ServersTestJSON:setUpClass): 200 GET http://10.180.1.21/compute/v2.1/servers/12220b63-b805-43a1-b4fc-08a6cc4e0978 0.252s
2025-04-16 15:28:37.653 71224 INFO tempest.lib.common.rest_client [req-7c0a6e50-cd22-44f0-ac05-febfb9fefd1b req-7c0a6e50-cd22-44f0-ac05-febfb9fefd1b ] Request (ImagesOneServerNegativeTestJSON:_run_cleanups): 200 GET http://10.180.1.21/compute/v2.1/servers/2b45d5ab-8870-4d3c-b645-d7587fb9466f 0.190s
2025-04-16 15:28:37.676 71205 INFO tempest.lib.common.rest_client [req-f4275046-0b04-4425-9c62-a1b26697ec13 req-f4275046-0b04-4425-9c62-a1b26697ec13 ] Request (InstanceActionsTestJSON:setUpClass): 200 GET http://10.180.1.21/compute/v2.1/servers/3eb38467-b7d0-45bb-ab62-098e3e381853 0.155s
2025-04-16 15:28:37.712 71221 INFO tempest.lib.common.rest_client [req-88e49668-742c-4a53-8a33-28db659a4028 req-88e49668-742c-4a53-8a33-28db659a4028 ] Request (TenantUsagesTestJSON:setUpClass): 200 GET http://10.180.1.21/compute/v2.1/servers/73ca3686-48f5-4044-8dc4-676d48e964a8 0.140s
2025-04-16 15:28:37.737 71233 INFO tempest.lib.common.rest_client [req-c41b3d68-07de-4aa6-947b-653725c4402f req-c41b3d68-07de-4aa6-947b-653725c4402f ] Request (AttachInterfacesTestJSON:test_create_list_show_delete_interfaces_by_fixed_ip): 200 GET http://10.180.1.21/compute/v2.1/servers/dc670653-4db2-4482-9b29-b3d9853a3593 0.106s
2025-04-16 15:28:37.795 71209 INFO tempest.lib.common.rest_client [req-43e0ca30-ac5e-4aa5-b6e4-72e32dd27ff8 req-43e0ca30-ac5e-4aa5-b6e4-72e32dd27ff8 ] Request (ServersTestFqdnHostnames:test_create_server_with_fqdn_name): 200 GET http://10.180.1.21/compute/v2.1/servers/2b60c927-0466-46f5-8695-78c19010f1c9 0.110s
2025-04-16 15:28:37.830 71219 INFO tempest.lib.common.rest_client [req-ca502def-3a50-4345-aaa2-0b91b450111f req-ca502def-3a50-4345-aaa2-0b91b450111f ] Request (MigrationsAdminTest:test_list_migrations_in_flavor_resize_situation): 200 GET http://10.180.1.21/compute/v2.1/servers/2f666dec-7728-444d-aad8-e2506e890556 0.152s
2025-04-16 15:28:37.862 71253 INFO tempest.lib.common.rest_client [req-054362f1-000d-4bef-9ad6-bd8bcaa0cd22 req-054362f1-000d-4bef-9ad6-bd8bcaa0cd22 ] Request (FloatingIPsAssociationTestJSON:tearDownClass): 200 GET http://10.180.1.21/compute/v2.1/servers/f450c3bd-3616-4627-8312-f6548d55260a 0.111s
2025-04-16 15:28:37.869 71231 INFO tempest.lib.common.rest_client [req-afea5750-12be-49c7-9a3c-eaf5a43d0093 req-afea5750-12be-49c7-9a3c-eaf5a43d0093 ] Request (ImagesTestJSON:test_create_image_from_suspended_server): 200 GET http://10.180.1.21/compute/v2.1/images/bab0db9e-7b39-4d2e-bf97-2964f55d0d6d 0.089s
2025-04-16 15:28:37.918 71251 INFO tempest.lib.common.rest_client [req-d2a4ebee-2444-4107-961f-653dc1562a56 req-d2a4ebee-2444-4107-961f-653dc1562a56 ] Request (ServerAddressesTestJSON:tearDownClass): 200 GET http://10.180.1.21/compute/v2.1/servers/b0535c7e-465f-4e80-9b9b-b455b9c3a98c 0.102s
2025-04-16 15:28:37.929 71235 INFO tempest.lib.common.rest_client [req-57363df6-8f2b-4d53-95c2-7fe4a0ed15d2 req-57363df6-8f2b-4d53-95c2-7fe4a0ed15d2 ] Request (ServerShowV247Test:test_update_rebuild_list_server): 200 GET http://10.180.1.21/compute/v2.1/servers/76832b17-5bf1-4966-b42f-ad77fb4af035 0.082s
2025-04-16 15:28:37.965 71249 INFO tempest.lib.common.rest_client [req-6e737c4d-51d7-4862-83ee-31b02dfd3cfd req-6e737c4d-51d7-4862-83ee-31b02dfd3cfd ] Request (ImagesOneServerTestJSON:setUpClass): 200 GET http://10.180.1.21/compute/v2.1/servers/4d388e5d-4fb7-429f-bfe1-ad7ee7baacd7 0.087s
2025-04-16 15:28:37.984 71193 INFO tempest.lib.common.rest_client [req-27c5f7c9-8e6c-4a63-b1b4-c6004c2f2370 req-27c5f7c9-8e6c-4a63-b1b4-c6004c2f2370 ] Request (ServersNegativeTestMultiTenantJSON:tearDownClass): 200 GET http://10.180.1.21/compute/v2.1/servers/051c137c-ed83-4dc6-a3e0-7866c30605c5 0.075s
2025-04-16 15:28:38.012 71191 INFO tempest.lib.common.rest_client [req-c71227e4-dad5-4135-838f-2f30447f5c7e req-c71227e4-dad5-4135-838f-2f30447f5c7e ] Request (ServerDiskConfigTestJSON:test_rebuild_server_with_manual_disk_config): 200 GET http://10.180.1.21/compute/v2.1/servers/9c9d1dea-cafa-4e05-8f35-7a5eda4037db 0.049s
2025-04-16 15:28:38.053 71227 INFO tempest.lib.common.rest_client [req-0d58a5b2-8047-4e53-9a57-d51328d29bab req-0d58a5b2-8047-4e53-9a57-d51328d29bab ] Request (ServersListShow298Test:tearDownClass): 200 GET http://10.180.1.21/compute/v2.1/servers/95f3eafa-1f2e-4980-9a33-d115bd946af5 0.082s
2025-04-16 15:28:38.059 71213 INFO tempest.lib.common.rest_client [req-e3be17a4-d334-4047-9212-4595c05dece4 req-e3be17a4-d334-4047-9212-4595c05dece4 ] Request (ListImageFiltersTestJSON:setUpClass): 200 GET http://10.180.1.21/compute/v2.1/servers/dc8a589e-3d62-4aab-9b44-85cb242b6a7c 0.054s
2025-04-16 15:28:38.066 71213 INFO tempest.common.waiters [-] State transition "BUILD/scheduling" ==> "BUILD/None" after 33 second wait
2025-04-16 15:28:38.102 71207 INFO tempest.lib.common.rest_client [req-9e2b5587-9f08-48da-90af-1c363a522af2 req-9e2b5587-9f08-48da-90af-1c363a522af2 ] Request (ServerActionsTestJSON:setUpClass): 200 GET http://10.180.1.21/compute/v2.1/servers/f66bd22b-1de2-43cc-b2a5-154fedcd3692 0.072s
2025-04-16 15:28:38.111 71201 INFO tempest.lib.common.rest_client [req-f3cebcd8-10c9-4992-adac-14b33c6d20cf req-f3cebcd8-10c9-4992-adac-14b33c6d20cf ] Request (ServersTestMultiNic:test_verify_duplicate_network_nics): 200 GET http://10.180.1.21/compute/v2.1/servers/c10d4e2a-98bb-4195-841e-e22b89a22496 0.049s
