2025-04-16 15:28:38.161 71199 INFO tempest.lib.common.rest_client [req-d6bddf0a-5a92-4f8b-9710-5976c9962348 req-d6bddf0a-5a92-4f8b-9710-5976c9962348 ] Request (FloatingIPsAssociationNegativeTestJSON:setUpClass): 200 GET http://10.180.1.21/compute/v2.1/servers/f58ffc5d-fd70-490d-8389-6319b1b27eff 0.061s
2025-04-16 15:28:38.172 71245 INFO tempest.lib.common.rest_client [req-b2e05528-38e1-4393-aae0-338055531d9c req-b2e05528-38e1-4393-aae0-338055531d9c ] Request (DeleteServersTestJSON:test_delete_server_while_in_attached_volume): 200 GET http://10.180.1.21/compute/v2.1/servers/a2fc32ff-5e81-4cd9-ad18-0d70707b1ab7 0.051s
2025-04-16 15:28:38.231 71211 INFO tempest.lib.common.rest_client [req-e954a8d6-959d-4230-b360-7cb398658d9d req-e954a8d6-959d-4230-b360-7cb398658d9d ] Request (SecurityGroupsTestJSON:test_server_security_groups): 200 GET http://10.180.1.21/compute/v2.1/servers/9e03ec3e-a5fe-47e0-9fee-3d86fa604b12 0.063s
2025-04-16 15:28:38.235 71225 INFO tempest.lib.common.rest_client [req-a5dbab7f-8d29-456a-9f14-89757617218d req-a5dbab7f-8d29-456a-9f14-89757617218d ] Request (ServersAdminTestJSON:setUpClass): 200 GET http://10.180.1.21/compute/v2.1/servers/b206dfbe-342b-4b0a-9f43-b603205d8db7 0.058s
2025-04-16 15:28:38.292 71195 INFO tempest.lib.common.rest_client [req-737ad626-0231-4687-92a9-d581533268b5 req-737ad626-0231-4687-92a9-d581533268b5 ] Request (ServersAdminNegativeTestJSON:setUpClass): 200 GET http://10.180.1.21/compute/v2.1/servers/3aab379f-893b-4fc8-a5bf-1189ae26ca2f 0.063s
2025-04-16 15:28:38.545 71197 INFO tempest.lib.common.rest_client [req-a4c6ed98-3412-47ac-85ff-e2533dd2b678 req-a4c6ed98-3412-47ac-85ff-e2533dd2b678 ] Request (MultipleCreateTestJSON:setUpClass): 200 PUT http://10.180.1.21:9696/networking/v2.0/routers/6a8a3a81-7316-4253-9630-b4605d2962f1/add_router_interface 1.249s
2025-04-16 15:28:38.545 71197 INFO tempest.lib.common.dynamic_creds [-] Created isolated network resources for: credentials: Credentials: {'domain_id': 'default', 'domain_name': 'Default', 'username': 'tempest-MultipleCreateTestJSON-1217182839-project-member', 'project_domain_id': 'default', 'project_domain_name': 'Default', 'project_id': 'e78fedb2df3a4f858aa9f3a82dbd61a0', 'project_name': 'tempest-MultipleCreateTestJSON-1217182839', 'tenant_id': 'e78fedb2df3a4f858aa9f3a82dbd61a0', 'tenant_name': 'tempest-MultipleCreateTestJSON-1217182839', 'user_domain_id': 'default', 'user_domain_name': 'Default', 'user_id': '40f8d25a90ab4465821d21586cf56264', 'system': None}, Network: {'id': 'f6705aae-8320-42c6-abd3-da456b02d68d', 'name': 'tempest-MultipleCreateTestJSON-1713524939-network', 'tenant_id': 'e78fedb2df3a4f858aa9f3a82dbd61a0', 'admin_state_up': True, 'mtu': 8950, 'status': 'ACTIVE', 'subnets': [], 'shared': False, 'project_id': 'e78fedb2df3a4f858aa9f3a82dbd61a0', 'port_security_enabled': True, 'router:external': False, 'provider:network_type': 'vlan', 'provider:physical_network': 'default', 'provider:segmentation_id': 382, 'availability_zone_hints': [], 'availability_zones': [], 'ipv4_address_scope': None, 'ipv6_address_scope': None, 'description': '', 'tags': [], 'created_at': '2025-04-16T15:28:35Z', 'updated_at': '2025-04-16T15:28:35Z', 'revision_number': 1}, Subnet: {'id': 'a264a3e2-99af-4532-aafe-d7c4b44885bd', 'name': 'tempest-MultipleCreateTestJSON-1713524939-subnet', 'tenant_id': 'e78fedb2df3a4f858aa9f3a82dbd61a0', 'network_id': 'f6705aae-8320-42c6-abd3-da456b02d68d', 'ip_version': 4, 'subnetpool_id': None, 'enable_dhcp': True, 'ipv6_ra_mode': None, 'ipv6_address_mode': None, 'gateway_ip': '192.168.128.1', 'cidr': '192.168.128.0/28', 'allocation_pools': [{'start': '192.168.128.2', 'end': '192.168.128.14'}], 'host_routes': [], 'dns_nameservers': [], 'description': '', 'router:external': False, 'service_types': [], 'tags': [], 'created_at': '2025-04-16T15:28:35Z', 'updated_at': '2025-04-16T15:28:35Z', 'revision_number': 0, 'project_id': 'e78fedb2df3a4f858aa9f3a82dbd61a0'}, Router: {'id': '6a8a3a81-7316-4253-9630-b4605d2962f1', 'name': 'tempest-MultipleCreateTestJSON-1713524939-router', 'tenant_id': 'e78fedb2df3a4f858aa9f3a82dbd61a0', 'admin_state_up': True, 'status': 'ACTIVE', 'external_gateway_info': {'network_id': '6e591f55-58c6-49e5-a636-294c47b4ec97', 'external_fixed_ips': [{'subnet_id': 'deb8c1ec-487d-41b0-bff2-b54652457803', 'ip_address': '10.180.180.191'}], 'enable_snat': True}, 'description': '', 'availability_zones': [], 'distributed': False, 'ha': False, 'availability_zone_hints': [], 'routes': [], 'flavor_id': None, 'tags': [], 'created_at': '2025-04-16T15:28:36Z', 'updated_at': '2025-04-16T15:28:36Z', 'revision_number': 2, 'project_id': 'e78fedb2df3a4f858aa9f3a82dbd61a0'}
2025-04-16 15:28:38.573 71217 INFO tempest.lib.common.rest_client [req-95099fd5-b1fd-447d-b2d6-d48bb819daea req-95099fd5-b1fd-447d-b2d6-d48bb819daea ] Request (InstanceActionsNegativeTestJSON:tearDownClass): 200 GET http://10.180.1.21/compute/v2.1/servers/259f5513-b60b-4dd9-97ce-829ca51896d4 0.068s
2025-04-16 15:28:38.635 71247 INFO tempest.lib.common.rest_client [req-e449c8e6-abec-445c-bd09-9cd7ccbf6cc5 req-e449c8e6-abec-445c-bd09-9cd7ccbf6cc5 ] Request (VolumesAssistedSnapshotsTest:tearDownClass): 200 GET http://10.180.1.21/compute/v2.1/servers/d42d1d63-4a32-4ce8-adef-ae483488c5aa 0.103s
2025-04-16 15:28:38.667 71197 INFO tempest.lib.common.rest_client [req-476dc5c7-b3ee-49df-ae05-13db877d491d req-476dc5c7-b3ee-49df-ae05-13db877d491d ] Request (MultipleCreateTestJSON:setUpClass): 201 POST http://10.180.1.21/identity/v3/auth/tokens 0.117s
2025-04-16 15:28:38.668 71243 INFO tempest.lib.common.rest_client [req-ce638c65-8f14-4727-a993-e587fa456f1d req-ce638c65-8f14-4727-a993-e587fa456f1d ] Request (DeleteServersAdminTestJSON:test_delete_server_while_in_error_state): 200 GET http://10.180.1.21/compute/v2.1/servers/f17585da-df68-4dc5-b7f5-2bd51aa0c645 0.218s
2025-04-16 15:28:38.675 71243 INFO tempest.common.waiters [-] State transition "BUILD/spawning" ==> "ACTIVE/None" after 39 second wait
2025-04-16 15:28:38.718 71197 INFO tempest.lib.common.rest_client [req-bcba1ea0-2051-4a2a-bd0e-d89faa386c5e req-bcba1ea0-2051-4a2a-bd0e-d89faa386c5e ] Request (MultipleCreateTestJSON:test_multiple_create): 201 POST http://10.180.1.21/identity/v3/auth/tokens 0.046s
2025-04-16 15:28:38.719 71197 INFO tempest.lib.common.fixed_network [-] (MultipleCreateTestJSON:test_multiple_create) Found network {'id': 'f6705aae-8320-42c6-abd3-da456b02d68d', 'name': 'tempest-MultipleCreateTestJSON-1713524939-network', 'tenant_id': 'e78fedb2df3a4f858aa9f3a82dbd61a0', 'admin_state_up': True, 'mtu': 8950, 'status': 'ACTIVE', 'subnets': [], 'shared': False, 'project_id': 'e78fedb2df3a4f858aa9f3a82dbd61a0', 'port_security_enabled': True, 'router:external': False, 'provider:network_type': 'vlan', 'provider:physical_network': 'default', 'provider:segmentation_id': 382, 'availability_zone_hints': [], 'availability_zones': [], 'ipv4_address_scope': None, 'ipv6_address_scope': None, 'description': '', 'tags': [], 'created_at': '2025-04-16T15:28:35Z', 'updated_at': '2025-04-16T15:28:35Z', 'revision_number': 1} available for tenant
2025-04-16 15:28:38.737 71224 INFO tempest.lib.common.rest_client [req-b78df59a-d4a3-465d-85d2-1dbda049a41f req-b78df59a-d4a3-465d-85d2-1dbda049a41f ] Request (ImagesOneServerNegativeTestJSON:_run_cleanups): 200 GET http://10.180.1.21/compute/v2.1/servers/2b45d5ab-8870-4d3c-b645-d7587fb9466f 0.074s
2025-04-16 15:28:38.807 71243 INFO tempest.lib.common.rest_client [req-1177d490-5ad9-45ad-9585-4f3e3823776c req-1177d490-5ad9-45ad-9585-4f3e3823776c ] Request (DeleteServersAdminTestJSON:test_delete_server_while_in_error_state): 202 POST http://10.180.1.21/compute/v2.1/servers/f17585da-df68-4dc5-b7f5-2bd51aa0c645/action 0.131s
2025-04-16 15:28:38.873 71205 INFO tempest.lib.common.rest_client [req-f9e42e03-acfa-4170-916a-684ccb36b919 req-f9e42e03-acfa-4170-916a-684ccb36b919 ] Request (InstanceActionsTestJSON:setUpClass): 200 GET http://10.180.1.21/compute/v2.1/servers/3eb38467-b7d0-45bb-ab62-098e3e381853 0.186s
2025-04-16 15:28:38.941 71229 INFO tempest.lib.common.rest_client [req-7f31f96a-0adb-49f7-9a2e-12ede62f5d00 req-7f31f96a-0adb-49f7-9a2e-12ede62f5d00 ] Request (ServersTestJSON:setUpClass): 200 GET http://10.180.1.21/compute/v2.1/servers/12220b63-b805-43a1-b4fc-08a6cc4e0978 0.330s
2025-04-16 15:28:38.952 71229 INFO tempest.common.waiters [-] State transition "BUILD/None" ==> "BUILD/networking" after 35 second wait
2025-04-16 15:28:39.008 71221 INFO tempest.lib.common.rest_client [req-ad3ba085-6f1f-4b39-9519-16423f8f2f5c req-ad3ba085-6f1f-4b39-9519-16423f8f2f5c ] Request (TenantUsagesTestJSON:setUpClass): 200 GET http://10.180.1.21/compute/v2.1/servers/73ca3686-48f5-4044-8dc4-676d48e964a8 0.284s
2025-04-16 15:28:39.066 71233 INFO tempest.lib.common.rest_client [req-f1e95331-30c6-4d79-9f2d-518f193313d2 req-f1e95331-30c6-4d79-9f2d-518f193313d2 ] Request (AttachInterfacesTestJSON:test_create_list_show_delete_interfaces_by_fixed_ip): 200 GET http://10.180.1.21/compute/v2.1/servers/dc670653-4db2-4482-9b29-b3d9853a3593 0.317s
2025-04-16 15:28:39.128 71209 INFO tempest.lib.common.rest_client [req-2c8f903d-f4bf-40ae-8936-dc0ff9dfb5cd req-2c8f903d-f4bf-40ae-8936-dc0ff9dfb5cd ] Request (ServersTestFqdnHostnames:test_create_server_with_fqdn_name): 200 GET http://10.180.1.21/compute/v2.1/servers/2b60c927-0466-46f5-8695-78c19010f1c9 0.324s
2025-04-16 15:28:39.239 71243 INFO tempest.lib.common.rest_client [req-26fac729-dd0f-4de1-9372-94b6db0cce1c req-26fac729-dd0f-4de1-9372-94b6db0cce1c ] Request (DeleteServersAdminTestJSON:test_delete_server_while_in_error_state): 200 GET http://10.180.1.21/compute/v2.1/servers/f17585da-df68-4dc5-b7f5-2bd51aa0c645 0.431s
2025-04-16 15:28:39.354 71219 INFO tempest.lib.common.rest_client [req-3491e2da-dfdb-4819-a25d-2b3b501b91d6 req-3491e2da-dfdb-4819-a25d-2b3b501b91d6 ] Request (MigrationsAdminTest:test_list_migrations_in_flavor_resize_situation): 200 GET http://10.180.1.21/compute/v2.1/servers/2f666dec-7728-444d-aad8-e2506e890556 0.515s
2025-04-16 15:28:39.390 71197 INFO tempest.lib.common.rest_client [req-60ce2d63-d082-4c00-86ff-c1c0e8baf71e req-60ce2d63-d082-4c00-86ff-c1c0e8baf71e ] Request (MultipleCreateTestJSON:test_multiple_create): 202 POST http://10.180.1.21/compute/v2.1/servers 0.671s
2025-04-16 15:28:39.429 71253 INFO tempest.lib.common.rest_client [req-790b046c-4518-4d61-8635-36134b8a079d req-790b046c-4518-4d61-8635-36134b8a079d ] Request (FloatingIPsAssociationTestJSON:tearDownClass): 200 GET http://10.180.1.21/compute/v2.1/servers/f450c3bd-3616-4627-8312-f6548d55260a 0.558s
2025-04-16 15:28:39.429 71231 INFO tempest.lib.common.rest_client [req-4b983be8-4ad3-43bc-a909-17036c21e3bc req-4b983be8-4ad3-43bc-a909-17036c21e3bc ] Request (ImagesTestJSON:test_create_image_from_suspended_server): 200 GET http://10.180.1.21/compute/v2.1/images/bab0db9e-7b39-4d2e-bf97-2964f55d0d6d 0.556s
2025-04-16 15:28:39.503 71235 INFO tempest.lib.common.rest_client [req-b7317fce-5ea7-4ec9-96c7-8a7bca828cb6 req-b7317fce-5ea7-4ec9-96c7-8a7bca828cb6 ] Request (ServerShowV247Test:test_update_rebuild_list_server): 200 GET http://10.180.1.21/compute/v2.1/servers/76832b17-5bf1-4966-b42f-ad77fb4af035 0.565s
2025-04-16 15:28:39.510 71251 INFO tempest.lib.common.rest_client [req-a373c581-ccb9-4fdc-ad69-3afbc8e73a50 req-a373c581-ccb9-4fdc-ad69-3afbc8e73a50 ] Request (ServerAddressesTestJSON:tearDownClass): 200 GET http://10.180.1.21/compute/v2.1/servers/b0535c7e-465f-4e80-9b9b-b455b9c3a98c 0.584s
2025-04-16 15:28:39.521 71251 INFO tempest.common.waiters [-] State transition "ACTIVE/deleting" ==> "DELETED/None" after 5 second wait
2025-04-16 15:28:39.557 71249 INFO tempest.lib.common.rest_client [req-50aa1784-6a0d-417d-aede-5862eaefd348 req-50aa1784-6a0d-417d-aede-5862eaefd348 ] Request (ImagesOneServerTestJSON:setUpClass): 200 GET http://10.180.1.21/compute/v2.1/servers/4d388e5d-4fb7-429f-bfe1-ad7ee7baacd7 0.583s
2025-04-16 15:28:39.582 71193 INFO tempest.lib.common.rest_client [req-7c4ed04f-9f44-4248-a282-9976cbe5de7b req-7c4ed04f-9f44-4248-a282-9976cbe5de7b ] Request (ServersNegativeTestMultiTenantJSON:tearDownClass): 200 GET http://10.180.1.21/compute/v2.1/servers/051c137c-ed83-4dc6-a3e0-7866c30605c5 0.590s
2025-04-16 15:28:39.615 71191 INFO tempest.lib.common.rest_client [req-60f5f8ba-a4e2-4f0f-986c-4be09ec28a4f req-60f5f8ba-a4e2-4f0f-986c-4be09ec28a4f ] Request (ServerDiskConfigTestJSON:test_rebuild_server_with_manual_disk_config): 200 GET http://10.180.1.21/compute/v2.1/servers/9c9d1dea-cafa-4e05-8f35-7a5eda4037db 0.595s
2025-04-16 15:28:39.655 71227 INFO tempest.lib.common.rest_client [req-c294f29f-8073-40ab-8f32-0b6a7901b3c3 req-c294f29f-8073-40ab-8f32-0b6a7901b3c3 ] Request (ServersListShow298Test:tearDownClass): 200 GET http://10.180.1.21/compute/v2.1/servers/95f3eafa-1f2e-4980-9a33-d115bd946af5 0.591s
2025-04-16 15:28:39.665 71213 INFO tempest.lib.common.rest_client [req-37a573b0-06e0-41b7-a8c3-6f69e7708460 req-37a573b0-06e0-41b7-a8c3-6f69e7708460 ] Request (ListImageFiltersTestJSON:setUpClass): 200 GET http://10.180.1.21/compute/v2.1/servers/dc8a589e-3d62-4aab-9b44-85cb242b6a7c 0.596s
2025-04-16 15:28:39.705 71207 INFO tempest.lib.common.rest_client [req-264ed899-3959-43fd-aa7a-de770aef4c5b req-264ed899-3959-43fd-aa7a-de770aef4c5b ] Request (ServerActionsTestJSON:setUpClass): 200 GET http://10.180.1.21/compute/v2.1/servers/f66bd22b-1de2-43cc-b2a5-154fedcd3692 0.587s
2025-04-16 15:28:39.722 71201 INFO tempest.lib.common.rest_client [req-1921b366-b121-48ca-a69d-fe86bb859c12 req-1921b366-b121-48ca-a69d-fe86bb859c12 ] Request (ServersTestMultiNic:test_verify_duplicate_network_nics): 200 GET http://10.180.1.21/compute/v2.1/servers/c10d4e2a-98bb-4195-841e-e22b89a22496 0.597s
2025-04-16 15:28:39.759 71199 INFO tempest.lib.common.rest_client [req-d8dd36e0-8b16-491a-b7f2-1ad1a86a36b2 req-d8dd36e0-8b16-491a-b7f2-1ad1a86a36b2 ] Request (FloatingIPsAssociationNegativeTestJSON:setUpClass): 200 GET http://10.180.1.21/compute/v2.1/servers/f58ffc5d-fd70-490d-8389-6319b1b27eff 0.585s
2025-04-16 15:28:39.769 71245 INFO tempest.lib.common.rest_client [req-4c60dd76-4cde-4c89-9f98-403f6e96ba97 req-4c60dd76-4cde-4c89-9f98-403f6e96ba97 ] Request (DeleteServersTestJSON:test_delete_server_while_in_attached_volume): 200 GET http://10.180.1.21/compute/v2.1/servers/a2fc32ff-5e81-4cd9-ad18-0d70707b1ab7 0.586s
2025-04-16 15:28:39.809 71211 INFO tempest.lib.common.rest_client [req-a98edb4f-e028-463a-85a1-1fac84be5807 req-a98edb4f-e028-463a-85a1-1fac84be5807 ] Request (SecurityGroupsTestJSON:test_server_security_groups): 200 GET http://10.180.1.21/compute/v2.1/servers/9e03ec3e-a5fe-47e0-9fee-3d86fa604b12 0.566s
2025-04-16 15:28:39.820 71225 INFO tempest.lib.common.rest_client [req-0c2cf980-54a8-4b19-893c-74dbb7baa582 req-0c2cf980-54a8-4b19-893c-74dbb7baa582 ] Request (ServersAdminTestJSON:setUpClass): 200 GET http://10.180.1.21/compute/v2.1/servers/b206dfbe-342b-4b0a-9f43-b603205d8db7 0.577s
2025-04-16 15:28:39.884 71195 INFO tempest.lib.common.rest_client [req-478aab20-6b26-49e0-ad1e-e050934742d9 req-478aab20-6b26-49e0-ad1e-e050934742d9 ] Request (ServersAdminNegativeTestJSON:setUpClass): 200 GET http://10.180.1.21/compute/v2.1/servers/3aab379f-893b-4fc8-a5bf-1189ae26ca2f 0.578s
2025-04-16 15:28:39.897 71243 INFO tempest.lib.common.rest_client [req-49e969a9-2fcc-4669-a4fc-ed28fd381498 req-49e969a9-2fcc-4669-a4fc-ed28fd381498 ] Request (DeleteServersAdminTestJSON:test_delete_server_while_in_error_state): 204 DELETE http://10.180.1.21/compute/v2.1/servers/f17585da-df68-4dc5-b7f5-2bd51aa0c645 0.647s
2025-04-16 15:28:39.950 71197 INFO tempest.lib.common.rest_client [req-c24e8e71-abc1-4fbe-8c4c-e1d0b583d9e6 req-c24e8e71-abc1-4fbe-8c4c-e1d0b583d9e6 ] Request (MultipleCreateTestJSON:test_multiple_create): 200 GET http://10.180.1.21/compute/v2.1/servers 0.558s
2025-04-16 15:28:39.981 71217 INFO tempest.lib.common.rest_client [req-af4f6782-b4c8-46e8-a0dc-c99bbb1a393e req-af4f6782-b4c8-46e8-a0dc-c99bbb1a393e ] Request (InstanceActionsNegativeTestJSON:tearDownClass): 200 GET http://10.180.1.21/compute/v2.1/servers/259f5513-b60b-4dd9-97ce-829ca51896d4 0.394s
2025-04-16 15:28:39.988 71217 INFO tempest.common.waiters [-] State transition "ACTIVE/deleting" ==> "DELETED/None" after 3 second wait
2025-04-16 15:28:40.015 71247 INFO tempest.lib.common.rest_client [req-14ecb4dc-631e-44ca-8bd9-84f044f73811 req-14ecb4dc-631e-44ca-8bd9-84f044f73811 ] Request (VolumesAssistedSnapshotsTest:tearDownClass): 200 GET http://10.180.1.21/compute/v2.1/servers/d42d1d63-4a32-4ce8-adef-ae483488c5aa 0.366s
2025-04-16 15:28:40.047 71224 INFO tempest.lib.common.rest_client [req-e9b29060-9736-43d4-86fc-7ffd371b778a req-e9b29060-9736-43d4-86fc-7ffd371b778a ] Request (ImagesOneServerNegativeTestJSON:_run_cleanups): 200 GET http://10.180.1.21/compute/v2.1/servers/2b45d5ab-8870-4d3c-b645-d7587fb9466f 0.301s
2025-04-16 15:28:40.056 71224 INFO tempest.common.waiters [-] State transition "ACTIVE/deleting" ==> "DELETED/None" after 5 second wait
2025-04-16 15:28:40.063 71205 INFO tempest.lib.common.rest_client [req-9cf70e9d-e532-4b40-b61e-14a644ead2e1 req-9cf70e9d-e532-4b40-b61e-14a644ead2e1 ] Request (InstanceActionsTestJSON:setUpClass): 200 GET http://10.180.1.21/compute/v2.1/servers/3eb38467-b7d0-45bb-ab62-098e3e381853 0.179s
2025-04-16 15:28:40.154 71243 INFO tempest.lib.common.rest_client [req-fbab96e0-9592-48c1-a623-fcc93a0be2c1 req-fbab96e0-9592-48c1-a623-fcc93a0be2c1 ] Request (DeleteServersAdminTestJSON:test_delete_server_while_in_error_state): 200 GET http://10.180.1.21/compute/v2.1/servers/f17585da-df68-4dc5-b7f5-2bd51aa0c645 0.257s
2025-04-16 15:28:40.179 71229 INFO tempest.lib.common.rest_client [req-cc4535f0-064b-4a24-b235-082607909c72 req-cc4535f0-064b-4a24-b235-082607909c72 ] Request (ServersTestJSON:setUpClass): 200 GET http://10.180.1.21/compute/v2.1/servers/12220b63-b805-43a1-b4fc-08a6cc4e0978 0.226s
2025-04-16 15:28:40.186 71239 WARNING tempest.lib.common.ssh [-] Failed to establish authenticated ssh connection to cirros@10.180.180.199 ([Errno None] Unable to connect to port 22 on 10.180.180.199). Number attempts: 4. Retry after 5 seconds.: paramiko.ssh_exception.NoValidConnectionsError: [Errno None] Unable to connect to port 22 on 10.180.180.199
2025-04-16 15:28:40.187 71229 INFO tempest.common.waiters [-] State transition "BUILD/networking" ==> "BUILD/spawning" after 37 second wait
2025-04-16 15:28:40.208 71197 INFO tempest.lib.common.rest_client [req-5a455a52-b9da-46ec-a03d-df442aacd3fd req-5a455a52-b9da-46ec-a03d-df442aacd3fd ] Request (MultipleCreateTestJSON:test_multiple_create): 200 GET http://10.180.1.21/compute/v2.1/servers/c2741fec-4444-45f0-977f-6bdb23ab33cf 0.254s
2025-04-16 15:28:40.232 71221 INFO tempest.lib.common.rest_client [req-59ff8020-76d8-4a7c-9e45-481131f5de5b req-59ff8020-76d8-4a7c-9e45-481131f5de5b ] Request (TenantUsagesTestJSON:setUpClass): 200 GET http://10.180.1.21/compute/v2.1/servers/73ca3686-48f5-4044-8dc4-676d48e964a8 0.211s
2025-04-16 15:28:40.264 71233 INFO tempest.lib.common.rest_client [req-a1741b84-91d3-48e0-9dce-3a28a82bbc8b req-a1741b84-91d3-48e0-9dce-3a28a82bbc8b ] Request (AttachInterfacesTestJSON:test_create_list_show_delete_interfaces_by_fixed_ip): 200 GET http://10.180.1.21/compute/v2.1/servers/dc670653-4db2-4482-9b29-b3d9853a3593 0.189s
2025-04-16 15:28:40.273 71233 INFO tempest.common.waiters [-] State transition "BUILD/scheduling" ==> "BUILD/None" after 33 second wait
2025-04-16 15:28:40.282 71209 INFO tempest.lib.common.rest_client [req-65f78f0e-b9a1-478b-bf93-fa81f2277b7c req-65f78f0e-b9a1-478b-bf93-fa81f2277b7c ] Request (ServersTestFqdnHostnames:test_create_server_with_fqdn_name): 200 GET http://10.180.1.21/compute/v2.1/servers/2b60c927-0466-46f5-8695-78c19010f1c9 0.147s
2025-04-16 15:28:40.483 71231 INFO tempest.lib.common.rest_client [req-96d28314-d322-453a-8f57-5114f21bed52 req-96d28314-d322-453a-8f57-5114f21bed52 ] Request (ImagesTestJSON:test_create_image_from_suspended_server): 200 GET http://10.180.1.21/compute/v2.1/images/bab0db9e-7b39-4d2e-bf97-2964f55d0d6d 0.050s
2025-04-16 15:28:40.562 71253 INFO tempest.lib.common.rest_client [req-afb83dc8-b570-4219-b1ce-d32c4f32a326 req-afb83dc8-b570-4219-b1ce-d32c4f32a326 ] Request (FloatingIPsAssociationTestJSON:tearDownClass): 200 GET http://10.180.1.21/compute/v2.1/servers/f450c3bd-3616-4627-8312-f6548d55260a 0.123s
2025-04-16 15:28:40.623 71235 INFO tempest.lib.common.rest_client [req-98e0f622-6cff-4f62-b789-cff666b92805 req-98e0f622-6cff-4f62-b789-cff666b92805 ] Request (ServerShowV247Test:test_update_rebuild_list_server): 200 GET http://10.180.1.21/compute/v2.1/servers/76832b17-5bf1-4966-b42f-ad77fb4af035 0.105s
2025-04-16 15:28:40.640 71219 INFO tempest.lib.common.rest_client [req-4fb47959-b03e-4af7-adc6-c5badbe5689d req-4fb47959-b03e-4af7-adc6-c5badbe5689d ] Request (MigrationsAdminTest:test_list_migrations_in_flavor_resize_situation): 200 GET http://10.180.1.21/compute/v2.1/servers/2f666dec-7728-444d-aad8-e2506e890556 0.273s
2025-04-16 15:28:40.693 71251 INFO tempest.lib.common.rest_client [req-59b9e275-64ab-4d6e-a2eb-a0801aaf1c21 req-59b9e275-64ab-4d6e-a2eb-a0801aaf1c21 ] Request (ServerAddressesTestJSON:tearDownClass): 200 GET http://10.180.1.21/compute/v2.1/servers/b0535c7e-465f-4e80-9b9b-b455b9c3a98c 0.171s
2025-04-16 15:28:40.706 71249 INFO tempest.lib.common.rest_client [req-359441c2-979f-45c7-8e73-d138f7d13491 req-359441c2-979f-45c7-8e73-d138f7d13491 ] Request (ImagesOneServerTestJSON:setUpClass): 200 GET http://10.180.1.21/compute/v2.1/servers/4d388e5d-4fb7-429f-bfe1-ad7ee7baacd7 0.135s
2025-04-16 15:28:40.760 71193 INFO tempest.lib.common.rest_client [req-4a8db0ce-4553-4721-af16-0a29a015f3ed req-4a8db0ce-4553-4721-af16-0a29a015f3ed ] Request (ServersNegativeTestMultiTenantJSON:tearDownClass): 200 GET http://10.180.1.21/compute/v2.1/servers/051c137c-ed83-4dc6-a3e0-7866c30605c5 0.170s
2025-04-16 15:28:40.773 71191 INFO tempest.lib.common.rest_client [req-243c5000-b8ed-4219-a6da-3b6258cd5230 req-243c5000-b8ed-4219-a6da-3b6258cd5230 ] Request (ServerDiskConfigTestJSON:test_rebuild_server_with_manual_disk_config): 200 GET http://10.180.1.21/compute/v2.1/servers/9c9d1dea-cafa-4e05-8f35-7a5eda4037db 0.149s
2025-04-16 15:28:40.828 71227 INFO tempest.lib.common.rest_client [req-25d166cd-3206-43d1-8bf4-f7e5b993e4fd req-25d166cd-3206-43d1-8bf4-f7e5b993e4fd ] Request (ServersListShow298Test:tearDownClass): 200 GET http://10.180.1.21/compute/v2.1/servers/95f3eafa-1f2e-4980-9a33-d115bd946af5 0.161s
2025-04-16 15:28:40.828 71213 INFO tempest.lib.common.rest_client [req-ccd0287a-f527-4dd7-801c-80747eeb61b6 req-ccd0287a-f527-4dd7-801c-80747eeb61b6 ] Request (ListImageFiltersTestJSON:setUpClass): 200 GET http://10.180.1.21/compute/v2.1/servers/dc8a589e-3d62-4aab-9b44-85cb242b6a7c 0.154s
2025-04-16 15:28:40.876 71201 INFO tempest.lib.common.rest_client [req-fa45789e-f043-4a70-a5aa-1474e9ba6b07 req-fa45789e-f043-4a70-a5aa-1474e9ba6b07 ] Request (ServersTestMultiNic:test_verify_duplicate_network_nics): 200 GET http://10.180.1.21/compute/v2.1/servers/c10d4e2a-98bb-4195-841e-e22b89a22496 0.144s
2025-04-16 15:28:40.876 71207 INFO tempest.lib.common.rest_client [req-90e4b3ea-4910-4d5a-9696-bbfbad819783 req-90e4b3ea-4910-4d5a-9696-bbfbad819783 ] Request (ServerActionsTestJSON:setUpClass): 200 GET http://10.180.1.21/compute/v2.1/servers/f66bd22b-1de2-43cc-b2a5-154fedcd3692 0.162s
2025-04-16 15:28:40.925 71199 INFO tempest.lib.common.rest_client [req-df5fbd70-0eee-45e9-8bad-657e6d3d2cfd req-df5fbd70-0eee-45e9-8bad-657e6d3d2cfd ] Request (FloatingIPsAssociationNegativeTestJSON:setUpClass): 200 GET http://10.180.1.21/compute/v2.1/servers/f58ffc5d-fd70-490d-8389-6319b1b27eff 0.157s
2025-04-16 15:28:40.928 71245 INFO tempest.lib.common.rest_client [req-9b1c538a-9b7b-4699-9187-7c2c4be26c3a req-9b1c538a-9b7b-4699-9187-7c2c4be26c3a ] Request (DeleteServersTestJSON:test_delete_server_while_in_attached_volume): 200 GET http://10.180.1.21/compute/v2.1/servers/a2fc32ff-5e81-4cd9-ad18-0d70707b1ab7 0.148s
2025-04-16 15:28:40.974 71211 INFO tempest.lib.common.rest_client [req-0318a19d-1f51-4d0c-8b31-21f90f009a2b req-0318a19d-1f51-4d0c-8b31-21f90f009a2b ] Request (SecurityGroupsTestJSON:test_server_security_groups): 200 GET http://10.180.1.21/compute/v2.1/servers/9e03ec3e-a5fe-47e0-9fee-3d86fa604b12 0.156s
2025-04-16 15:28:40.976 71225 INFO tempest.lib.common.rest_client [req-ac17e713-e201-4efd-bd8e-6dd40f04be2d req-ac17e713-e201-4efd-bd8e-6dd40f04be2d ] Request (ServersAdminTestJSON:setUpClass): 200 GET http://10.180.1.21/compute/v2.1/servers/b206dfbe-342b-4b0a-9f43-b603205d8db7 0.147s
2025-04-16 15:28:41.026 71195 INFO tempest.lib.common.rest_client [req-6260d23a-5821-4c00-bed4-86cfb4c56333 req-6260d23a-5821-4c00-bed4-86cfb4c56333 ] Request (ServersAdminNegativeTestJSON:setUpClass): 200 GET http://10.180.1.21/compute/v2.1/servers/3aab379f-893b-4fc8-a5bf-1189ae26ca2f 0.132s
2025-04-16 15:28:41.059 71217 INFO tempest.lib.common.rest_client [req-1e6865de-c166-418f-90e7-e0dd71e594d9 req-1e6865de-c166-418f-90e7-e0dd71e594d9 ] Request (InstanceActionsNegativeTestJSON:tearDownClass): 200 GET http://10.180.1.21/compute/v2.1/servers/259f5513-b60b-4dd9-97ce-829ca51896d4 0.069s
2025-04-16 15:28:41.084 71247 INFO tempest.lib.common.rest_client [req-569d604b-a881-4dfd-88d5-7bf54266abf4 req-569d604b-a881-4dfd-88d5-7bf54266abf4 ] Request (VolumesAssistedSnapshotsTest:tearDownClass): 200 GET http://10.180.1.21/compute/v2.1/servers/d42d1d63-4a32-4ce8-adef-ae483488c5aa 0.061s
2025-04-16 15:28:41.118 71224 INFO tempest.lib.common.rest_client [req-d89847d8-e418-4aeb-aee4-4ed64090cdb1 req-d89847d8-e418-4aeb-aee4-4ed64090cdb1 ] Request (ImagesOneServerNegativeTestJSON:_run_cleanups): 200 GET http://10.180.1.21/compute/v2.1/servers/2b45d5ab-8870-4d3c-b645-d7587fb9466f 0.061s
2025-04-16 15:28:41.132 71205 INFO tempest.lib.common.rest_client [req-c450d0f2-86f6-44a6-bd0b-384dfdb8fd57 req-c450d0f2-86f6-44a6-bd0b-384dfdb8fd57 ] Request (InstanceActionsTestJSON:setUpClass): 200 GET http://10.180.1.21/compute/v2.1/servers/3eb38467-b7d0-45bb-ab62-098e3e381853 0.059s
2025-04-16 15:28:41.258 71243 INFO tempest.lib.common.rest_client [req-b77db8ae-9b16-4811-a150-8a848141f84c req-b77db8ae-9b16-4811-a150-8a848141f84c ] Request (DeleteServersAdminTestJSON:test_delete_server_while_in_error_state): 200 GET http://10.180.1.21/compute/v2.1/servers/f17585da-df68-4dc5-b7f5-2bd51aa0c645 0.095s
2025-04-16 15:28:41.278 71229 INFO tempest.lib.common.rest_client [req-0c9e195f-e6c8-4cad-ae40-050e47fe15d3 req-0c9e195f-e6c8-4cad-ae40-050e47fe15d3 ] Request (ServersTestJSON:setUpClass): 200 GET http://10.180.1.21/compute/v2.1/servers/12220b63-b805-43a1-b4fc-08a6cc4e0978 0.090s
2025-04-16 15:28:41.305 71197 INFO tempest.lib.common.rest_client [req-5f89917e-5fb9-4be2-960c-df07e6e218ce req-5f89917e-5fb9-4be2-960c-df07e6e218ce ] Request (MultipleCreateTestJSON:test_multiple_create): 200 GET http://10.180.1.21/compute/v2.1/servers/c2741fec-4444-45f0-977f-6bdb23ab33cf 0.088s
2025-04-16 15:28:41.324 71221 INFO tempest.lib.common.rest_client [req-e8f067e6-10cc-4fb1-a332-8e0722d50ccf req-e8f067e6-10cc-4fb1-a332-8e0722d50ccf ] Request (TenantUsagesTestJSON:setUpClass): 200 GET http://10.180.1.21/compute/v2.1/servers/73ca3686-48f5-4044-8dc4-676d48e964a8 0.084s
2025-04-16 15:28:41.358 71233 INFO tempest.lib.common.rest_client [req-8b089e9e-4778-419f-8374-b17b790d4175 req-8b089e9e-4778-419f-8374-b17b790d4175 ] Request (AttachInterfacesTestJSON:test_create_list_show_delete_interfaces_by_fixed_ip): 200 GET http://10.180.1.21/compute/v2.1/servers/dc670653-4db2-4482-9b29-b3d9853a3593 0.084s
2025-04-16 15:28:41.380 71209 INFO tempest.lib.common.rest_client [req-b63127c1-c066-4b7c-bd1c-5bf1f62e5336 req-b63127c1-c066-4b7c-bd1c-5bf1f62e5336 ] Request (ServersTestFqdnHostnames:test_create_server_with_fqdn_name): 200 GET http://10.180.1.21/compute/v2.1/servers/2b60c927-0466-46f5-8695-78c19010f1c9 0.091s
2025-04-16 15:28:41.527 71231 INFO tempest.lib.common.rest_client [req-ce67ca06-6f89-4144-aa76-f2e42cf8045a req-ce67ca06-6f89-4144-aa76-f2e42cf8045a ] Request (ImagesTestJSON:test_create_image_from_suspended_server): 200 GET http://10.180.1.21/compute/v2.1/images/bab0db9e-7b39-4d2e-bf97-2964f55d0d6d 0.039s
2025-04-16 15:28:41.651 71253 INFO tempest.lib.common.rest_client [req-a8d3ff66-e8c9-4325-ba5c-61853dbc77ce req-a8d3ff66-e8c9-4325-ba5c-61853dbc77ce ] Request (FloatingIPsAssociationTestJSON:tearDownClass): 200 GET http://10.180.1.21/compute/v2.1/servers/f450c3bd-3616-4627-8312-f6548d55260a 0.077s
2025-04-16 15:28:41.696 71235 INFO tempest.lib.common.rest_client [req-46aafc77-1f67-4e91-9c80-71fb50e4aeda req-46aafc77-1f67-4e91-9c80-71fb50e4aeda ] Request (ServerShowV247Test:test_update_rebuild_list_server): 200 GET http://10.180.1.21/compute/v2.1/servers/76832b17-5bf1-4966-b42f-ad77fb4af035 0.059s
2025-04-16 15:28:41.749 71219 INFO tempest.lib.common.rest_client [req-b095782d-6186-4a11-a5d3-31e69919df5d req-b095782d-6186-4a11-a5d3-31e69919df5d ] Request (MigrationsAdminTest:test_list_migrations_in_flavor_resize_situation): 200 GET http://10.180.1.21/compute/v2.1/servers/2f666dec-7728-444d-aad8-e2506e890556 0.100s
2025-04-16 15:28:41.759 71219 INFO tempest.common.waiters [-] State transition "VERIFY_RESIZE/None" ==> "ACTIVE/None" after 36 second wait
2025-04-16 15:28:41.762 71251 INFO tempest.lib.common.rest_client [req-024b06c4-52fb-4b77-88c1-0c41c06b4459 req-024b06c4-52fb-4b77-88c1-0c41c06b4459 ] Request (ServerAddressesTestJSON:tearDownClass): 200 GET http://10.180.1.21/compute/v2.1/servers/b0535c7e-465f-4e80-9b9b-b455b9c3a98c 0.061s
2025-04-16 15:28:41.806 71249 INFO tempest.lib.common.rest_client [req-35cefd05-28f8-47cb-b24d-d71ad194cb0c req-35cefd05-28f8-47cb-b24d-d71ad194cb0c ] Request (ImagesOneServerTestJSON:setUpClass): 200 GET http://10.180.1.21/compute/v2.1/servers/4d388e5d-4fb7-429f-bfe1-ad7ee7baacd7 0.085s
2025-04-16 15:28:41.856 71219 INFO tempest.lib.common.rest_client [req-366eaa31-fb02-4155-80bb-7472cbd072b9 req-366eaa31-fb02-4155-80bb-7472cbd072b9 ] Request (MigrationsAdminTest:test_list_migrations_in_flavor_resize_situation): 200 GET http://10.180.1.21/compute/v2.1/servers/2f666dec-7728-444d-aad8-e2506e890556 0.097s
2025-04-16 15:28:41.877 71193 INFO tempest.lib.common.rest_client [req-db97e05d-4a21-419e-865c-f037ba4b4a42 req-db97e05d-4a21-419e-865c-f037ba4b4a42 ] Request (ServersNegativeTestMultiTenantJSON:tearDownClass): 200 GET http://10.180.1.21/compute/v2.1/servers/051c137c-ed83-4dc6-a3e0-7866c30605c5 0.107s
2025-04-16 15:28:41.914 71191 INFO tempest.lib.common.rest_client [req-624fe88a-99cb-4113-9b05-533c7309dd8d req-624fe88a-99cb-4113-9b05-533c7309dd8d ] Request (ServerDiskConfigTestJSON:test_rebuild_server_with_manual_disk_config): 200 GET http://10.180.1.21/compute/v2.1/servers/9c9d1dea-cafa-4e05-8f35-7a5eda4037db 0.129s
2025-04-16 15:28:41.935 71213 INFO tempest.lib.common.rest_client [req-6aae161c-b48e-4f06-9d6d-9aa71f34fe58 req-6aae161c-b48e-4f06-9d6d-9aa71f34fe58 ] Request (ListImageFiltersTestJSON:setUpClass): 200 GET http://10.180.1.21/compute/v2.1/servers/dc8a589e-3d62-4aab-9b44-85cb242b6a7c 0.098s
2025-04-16 15:28:41.991 71219 INFO tempest.lib.common.rest_client [req-430e36b7-89ea-44db-abd3-a17df7458d86 req-430e36b7-89ea-44db-abd3-a17df7458d86 ] Request (MigrationsAdminTest:test_list_migrations_in_flavor_resize_situation): 200 POST http://10.180.1.21/compute/v2.1/os-keypairs 0.126s
2025-04-16 15:28:42.002 71227 INFO tempest.lib.common.rest_client [req-3465ed63-f012-4336-8ed2-4bebcedf3cc3 req-3465ed63-f012-4336-8ed2-4bebcedf3cc3 ] Request (ServersListShow298Test:tearDownClass): 200 GET http://10.180.1.21/compute/v2.1/servers/95f3eafa-1f2e-4980-9a33-d115bd946af5 0.163s
2025-04-16 15:28:42.052 71201 INFO tempest.lib.common.rest_client [req-f06d963d-ba3a-4afb-a0f4-19d04879be2d req-f06d963d-ba3a-4afb-a0f4-19d04879be2d ] Request (ServersTestMultiNic:test_verify_duplicate_network_nics): 200 GET http://10.180.1.21/compute/v2.1/servers/c10d4e2a-98bb-4195-841e-e22b89a22496 0.167s
2025-04-16 15:28:42.062 71207 INFO tempest.lib.common.rest_client [req-60a83394-abe2-441d-83a3-55553ad40f4d req-60a83394-abe2-441d-83a3-55553ad40f4d ] Request (ServerActionsTestJSON:setUpClass): 200 GET http://10.180.1.21/compute/v2.1/servers/f66bd22b-1de2-43cc-b2a5-154fedcd3692 0.178s
2025-04-16 15:28:42.116 71245 INFO tempest.lib.common.rest_client [req-e50aa7a6-0d34-4d5e-acaa-13cad85a2050 req-e50aa7a6-0d34-4d5e-acaa-13cad85a2050 ] Request (DeleteServersTestJSON:test_delete_server_while_in_attached_volume): 200 GET http://10.180.1.21/compute/v2.1/servers/a2fc32ff-5e81-4cd9-ad18-0d70707b1ab7 0.179s
2025-04-16 15:28:42.181 71211 INFO tempest.lib.common.rest_client [req-96d0c3d2-44b5-435b-8100-634ffddbced8 req-96d0c3d2-44b5-435b-8100-634ffddbced8 ] Request (SecurityGroupsTestJSON:test_server_security_groups): 200 GET http://10.180.1.21/compute/v2.1/servers/9e03ec3e-a5fe-47e0-9fee-3d86fa604b12 0.198s
2025-04-16 15:28:42.227 71225 INFO tempest.lib.common.rest_client [req-9e9b95f7-a9a7-419b-9a1c-c37861dd14ff req-9e9b95f7-a9a7-419b-9a1c-c37861dd14ff ] Request (ServersAdminTestJSON:setUpClass): 200 GET http://10.180.1.21/compute/v2.1/servers/b206dfbe-342b-4b0a-9f43-b603205d8db7 0.244s
2025-04-16 15:28:42.277 71195 INFO tempest.lib.common.rest_client [req-7b87f28e-7840-43fd-a5d6-4fed28a08674 req-7b87f28e-7840-43fd-a5d6-4fed28a08674 ] Request (ServersAdminNegativeTestJSON:setUpClass): 200 GET http://10.180.1.21/compute/v2.1/servers/3aab379f-893b-4fc8-a5bf-1189ae26ca2f 0.240s
2025-04-16 15:28:42.313 71199 INFO tempest.lib.common.rest_client [req-525318f6-a472-461f-8b06-4e82733f6ecf req-525318f6-a472-461f-8b06-4e82733f6ecf ] Request (FloatingIPsAssociationNegativeTestJSON:setUpClass): 200 GET http://10.180.1.21/compute/v2.1/servers/f58ffc5d-fd70-490d-8389-6319b1b27eff 0.380s
2025-04-16 15:28:42.337 71217 INFO tempest.lib.common.rest_client [req-848192a4-85ce-427a-a100-ae36e6d81f65 req-848192a4-85ce-427a-a100-ae36e6d81f65 ] Request (InstanceActionsNegativeTestJSON:tearDownClass): 200 GET http://10.180.1.21/compute/v2.1/servers/259f5513-b60b-4dd9-97ce-829ca51896d4 0.268s
2025-04-16 15:28:42.384 71247 INFO tempest.lib.common.rest_client [req-eae74863-fa89-49a1-9cc1-2090aab67291 req-eae74863-fa89-49a1-9cc1-2090aab67291 ] Request (VolumesAssistedSnapshotsTest:tearDownClass): 200 GET http://10.180.1.21/compute/v2.1/servers/d42d1d63-4a32-4ce8-adef-ae483488c5aa 0.292s
2025-04-16 15:28:42.412 71224 INFO tempest.lib.common.rest_client [req-50192f9d-4f6d-4ebd-923b-f6bc0783cbec req-50192f9d-4f6d-4ebd-923b-f6bc0783cbec ] Request (ImagesOneServerNegativeTestJSON:_run_cleanups): 200 GET http://10.180.1.21/compute/v2.1/servers/2b45d5ab-8870-4d3c-b645-d7587fb9466f 0.286s
2025-04-16 15:28:42.438 71219 INFO tempest.lib.common.rest_client [req-0401bfb2-a179-4619-9387-dcf24533e824 req-0401bfb2-a179-4619-9387-dcf24533e824 ] Request (MigrationsAdminTest:test_list_migrations_in_flavor_resize_situation): 201 POST http://10.180.1.21:9696/networking/v2.0/security-groups 0.445s
2025-04-16 15:28:42.448 71205 INFO tempest.lib.common.rest_client [req-d0966f7e-e752-4dd0-8f27-e1fe1c7954cc req-d0966f7e-e752-4dd0-8f27-e1fe1c7954cc ] Request (InstanceActionsTestJSON:setUpClass): 200 GET http://10.180.1.21/compute/v2.1/servers/3eb38467-b7d0-45bb-ab62-098e3e381853 0.308s
2025-04-16 15:28:42.555 71229 INFO tempest.lib.common.rest_client [req-059afa53-8926-4131-b52e-93286967e10d req-059afa53-8926-4131-b52e-93286967e10d ] Request (ServersTestJSON:setUpClass): 200 GET http://10.180.1.21/compute/v2.1/servers/12220b63-b805-43a1-b4fc-08a6cc4e0978 0.269s
2025-04-16 15:28:42.574 71219 INFO tempest.lib.common.rest_client [req-61fcafcc-12b4-43e1-870f-3e6756eb0440 req-61fcafcc-12b4-43e1-870f-3e6756eb0440 ] Request (MigrationsAdminTest:test_list_migrations_in_flavor_resize_situation): 201 POST http://10.180.1.21:9696/networking/v2.0/security-group-rules 0.135s
2025-04-16 15:28:42.617 71197 INFO tempest.lib.common.rest_client [req-72893cf7-c210-48b6-979e-4102ef73a7ae req-72893cf7-c210-48b6-979e-4102ef73a7ae ] Request (MultipleCreateTestJSON:test_multiple_create): 200 GET http://10.180.1.21/compute/v2.1/servers/c2741fec-4444-45f0-977f-6bdb23ab33cf 0.304s
2025-04-16 15:28:42.647 71243 INFO tempest.lib.common.rest_client [req-f5ac121c-da86-4298-bc41-3e1894b5694e req-f5ac121c-da86-4298-bc41-3e1894b5694e ] Request (DeleteServersAdminTestJSON:test_delete_server_while_in_error_state): 200 GET http://10.180.1.21/compute/v2.1/servers/f17585da-df68-4dc5-b7f5-2bd51aa0c645 0.380s
2025-04-16 15:28:42.674 71221 INFO tempest.lib.common.rest_client [req-54a04ba9-e9ae-48f4-a037-7288551a7005 req-54a04ba9-e9ae-48f4-a037-7288551a7005 ] Request (TenantUsagesTestJSON:setUpClass): 200 GET http://10.180.1.21/compute/v2.1/servers/73ca3686-48f5-4044-8dc4-676d48e964a8 0.341s
2025-04-16 15:28:42.704 71219 INFO tempest.lib.common.rest_client [req-eeb32a6b-3444-403e-b7d1-460eb0159e68 req-eeb32a6b-3444-403e-b7d1-460eb0159e68 ] Request (MigrationsAdminTest:test_list_migrations_in_flavor_resize_situation): 201 POST http://10.180.1.21:9696/networking/v2.0/security-group-rules 0.129s
2025-04-16 15:28:42.704 71233 INFO tempest.lib.common.rest_client [req-790fa6dd-c9ff-43ce-b311-911ddb0ca454 req-790fa6dd-c9ff-43ce-b311-911ddb0ca454 ] Request (AttachInterfacesTestJSON:test_create_list_show_delete_interfaces_by_fixed_ip): 200 GET http://10.180.1.21/compute/v2.1/servers/dc670653-4db2-4482-9b29-b3d9853a3593 0.333s
2025-04-16 15:28:42.722 71209 INFO tempest.lib.common.rest_client [req-f02a8d43-06b2-4122-a970-6cc3a8c18ce0 req-f02a8d43-06b2-4122-a970-6cc3a8c18ce0 ] Request (ServersTestFqdnHostnames:test_create_server_with_fqdn_name): 200 GET http://10.180.1.21/compute/v2.1/servers/2b60c927-0466-46f5-8695-78c19010f1c9 0.334s
2025-04-16 15:28:42.743 71231 INFO tempest.lib.common.rest_client [req-7776012b-23ed-4d3d-977f-cc76d248b307 req-7776012b-23ed-4d3d-977f-cc76d248b307 ] Request (ImagesTestJSON:test_create_image_from_suspended_server): 200 GET http://10.180.1.21/compute/v2.1/images/bab0db9e-7b39-4d2e-bf97-2964f55d0d6d 0.212s
2025-04-16 15:28:42.798 71235 INFO tempest.lib.common.rest_client [req-70d01afa-20e6-428c-81d7-2031dbfa29c9 req-70d01afa-20e6-428c-81d7-2031dbfa29c9 ] Request (ServerShowV247Test:test_update_rebuild_list_server): 200 GET http://10.180.1.21/compute/v2.1/servers/76832b17-5bf1-4966-b42f-ad77fb4af035 0.093s
2025-04-16 15:28:42.804 71253 INFO tempest.lib.common.rest_client [req-e578b524-60bf-445f-b389-94ac99d6dbd9 req-e578b524-60bf-445f-b389-94ac99d6dbd9 ] Request (FloatingIPsAssociationTestJSON:tearDownClass): 200 GET http://10.180.1.21/compute/v2.1/servers/f450c3bd-3616-4627-8312-f6548d55260a 0.145s
2025-04-16 15:28:42.814 71237 WARNING tempest.lib.common.ssh [-] Failed to establish authenticated ssh connection to cirros@10.180.180.145 ([Errno None] Unable to connect to port 22 on 10.180.180.145). Number attempts: 6. Retry after 7 seconds.: paramiko.ssh_exception.NoValidConnectionsError: [Errno None] Unable to connect to port 22 on 10.180.180.145
2025-04-16 15:28:42.861 71251 INFO tempest.lib.common.rest_client [req-6b801777-0c5c-4755-b27f-a7d1361c98fb req-6b801777-0c5c-4755-b27f-a7d1361c98fb ] Request (ServerAddressesTestJSON:tearDownClass): 200 GET http://10.180.1.21/compute/v2.1/servers/b0535c7e-465f-4e80-9b9b-b455b9c3a98c 0.091s
2025-04-16 15:28:42.872 71249 INFO tempest.lib.common.rest_client [req-ac6ec871-546c-4e6c-b7dc-068f3f4d7c17 req-ac6ec871-546c-4e6c-b7dc-068f3f4d7c17 ] Request (ImagesOneServerTestJSON:setUpClass): 200 GET http://10.180.1.21/compute/v2.1/servers/4d388e5d-4fb7-429f-bfe1-ad7ee7baacd7 0.058s
2025-04-16 15:28:42.952 71193 INFO tempest.lib.common.rest_client [req-6f66decf-c4c5-4843-984f-b6a6ac7cffe1 req-6f66decf-c4c5-4843-984f-b6a6ac7cffe1 ] Request (ServersNegativeTestMultiTenantJSON:tearDownClass): 200 GET http://10.180.1.21/compute/v2.1/servers/051c137c-ed83-4dc6-a3e0-7866c30605c5 0.065s
2025-04-16 15:28:42.981 71191 INFO tempest.lib.common.rest_client [req-e3fbd9ad-f09f-4cb8-8098-64e373a49c47 req-e3fbd9ad-f09f-4cb8-8098-64e373a49c47 ] Request (ServerDiskConfigTestJSON:test_rebuild_server_with_manual_disk_config): 200 GET http://10.180.1.21/compute/v2.1/servers/9c9d1dea-cafa-4e05-8f35-7a5eda4037db 0.059s
2025-04-16 15:28:43.002 71213 INFO tempest.lib.common.rest_client [req-4a46d9d2-4aae-446d-93ec-7fb46657f15a req-4a46d9d2-4aae-446d-93ec-7fb46657f15a ] Request (ListImageFiltersTestJSON:setUpClass): 200 GET http://10.180.1.21/compute/v2.1/servers/dc8a589e-3d62-4aab-9b44-85cb242b6a7c 0.056s
2025-04-16 15:28:43.106 71227 INFO tempest.lib.common.rest_client [req-59e9f272-b0e0-4a90-a8cc-8eb337817389 req-59e9f272-b0e0-4a90-a8cc-8eb337817389 ] Request (ServersListShow298Test:tearDownClass): 200 GET http://10.180.1.21/compute/v2.1/servers/95f3eafa-1f2e-4980-9a33-d115bd946af5 0.089s
2025-04-16 15:28:43.125 71201 INFO tempest.lib.common.rest_client [req-226ffd37-292e-4ada-86e3-a6571d41e41f req-226ffd37-292e-4ada-86e3-a6571d41e41f ] Request (ServersTestMultiNic:test_verify_duplicate_network_nics): 200 GET http://10.180.1.21/compute/v2.1/servers/c10d4e2a-98bb-4195-841e-e22b89a22496 0.064s
2025-04-16 15:28:43.146 71219 INFO tempest.lib.common.rest_client [req-82c93fe8-8382-40d7-803a-f8e7a22f9629 req-82c93fe8-8382-40d7-803a-f8e7a22f9629 ] Request (MigrationsAdminTest:test_list_migrations_in_flavor_resize_situation): 201 POST http://10.180.1.21:9696/networking/v2.0/floatingips 0.442s
2025-04-16 15:28:43.160 71207 INFO tempest.lib.common.rest_client [req-0a53a2b5-cadc-4cf4-917a-4a42ad883120 req-0a53a2b5-cadc-4cf4-917a-4a42ad883120 ] Request (ServerActionsTestJSON:setUpClass): 200 GET http://10.180.1.21/compute/v2.1/servers/f66bd22b-1de2-43cc-b2a5-154fedcd3692 0.088s
2025-04-16 15:28:43.176 71219 INFO tempest.lib.common.rest_client [req-f9be426c-86b5-4d6b-9f69-a9ae24055154 req-f9be426c-86b5-4d6b-9f69-a9ae24055154 ] Request (MigrationsAdminTest:test_list_migrations_in_flavor_resize_situation): 200 GET http://10.180.1.21/compute/v2.1/os-migrations 0.029s
2025-04-16 15:28:43.183 71245 INFO tempest.lib.common.rest_client [req-25108f90-ddc5-4dca-ac67-7bea47fae72c req-25108f90-ddc5-4dca-ac67-7bea47fae72c ] Request (DeleteServersTestJSON:test_delete_server_while_in_attached_volume): 200 GET http://10.180.1.21/compute/v2.1/servers/a2fc32ff-5e81-4cd9-ad18-0d70707b1ab7 0.055s
2025-04-16 15:28:43.198 71219 INFO tempest.lib.common.rest_client [req-aade4763-0d80-4efe-8ef7-5bb4c0a1029b req-aade4763-0d80-4efe-8ef7-5bb4c0a1029b ] Request (MigrationsAdminTest:test_resize_server_revert_deleted_flavor): 200 GET http://10.180.1.21/compute/v2.1/flavors/42 0.017s
2025-04-16 15:28:43.219 71219 INFO tempest.lib.common.rest_client [req-ba12ba81-0134-491e-b11e-c75f30febd73 req-ba12ba81-0134-491e-b11e-c75f30febd73 ] Request (MigrationsAdminTest:test_resize_server_revert_deleted_flavor): 200 POST http://10.180.1.21/compute/v2.1/flavors 0.019s
2025-04-16 15:28:43.236 71219 INFO tempest.lib.common.rest_client [req-8834fb43-4d80-49b0-9dc8-397e4d40fa85 req-8834fb43-4d80-49b0-9dc8-397e4d40fa85 ] Request (MigrationsAdminTest:test_resize_server_revert_deleted_flavor): 200 GET http://10.180.1.21/compute/v2.1/flavors/42/os-extra_specs 0.014s
2025-04-16 15:28:43.240 71211 INFO tempest.lib.common.rest_client [req-1b12b740-60c5-4f4c-b500-255f30ef6dcb req-1b12b740-60c5-4f4c-b500-255f30ef6dcb ] Request (SecurityGroupsTestJSON:test_server_security_groups): 200 GET http://10.180.1.21/compute/v2.1/servers/9e03ec3e-a5fe-47e0-9fee-3d86fa604b12 0.050s
2025-04-16 15:28:43.260 71219 INFO tempest.lib.common.rest_client [req-beeea0d9-eb26-48c9-8f5e-cd0b1e35ca19 req-beeea0d9-eb26-48c9-8f5e-cd0b1e35ca19 ] Request (MigrationsAdminTest:test_resize_server_revert_deleted_flavor): 200 POST http://10.180.1.21/compute/v2.1/flavors/5cf1cca0-fa14-4a61-92fd-373b65d1ab46/os-extra_specs 0.022s
2025-04-16 15:28:43.289 71225 INFO tempest.lib.common.rest_client [req-8fac5d47-5c73-4df1-99c2-df6ddcc42843 req-8fac5d47-5c73-4df1-99c2-df6ddcc42843 ] Request (ServersAdminTestJSON:setUpClass): 200 GET http://10.180.1.21/compute/v2.1/servers/b206dfbe-342b-4b0a-9f43-b603205d8db7 0.053s
2025-04-16 15:28:43.330 71219 INFO tempest.lib.common.rest_client [req-d8db2599-b1f1-4121-82cb-92ca5531037d req-d8db2599-b1f1-4121-82cb-92ca5531037d ] Request (MigrationsAdminTest:test_resize_server_revert_deleted_flavor): 201 POST http://10.180.1.21/identity/v3/auth/tokens 0.066s
2025-04-16 15:28:43.330 71219 INFO tempest.lib.common.fixed_network [-] (MigrationsAdminTest:test_resize_server_revert_deleted_flavor) Found network None available for tenant
2025-04-16 15:28:43.340 71195 INFO tempest.lib.common.rest_client [req-b5b439f2-7283-4bf0-9ea7-284204cd72eb req-b5b439f2-7283-4bf0-9ea7-284204cd72eb ] Request (ServersAdminNegativeTestJSON:setUpClass): 200 GET http://10.180.1.21/compute/v2.1/servers/3aab379f-893b-4fc8-a5bf-1189ae26ca2f 0.052s
2025-04-16 15:28:43.377 71199 INFO tempest.lib.common.rest_client [req-ef22a201-3b07-4379-8012-dc5cecb046aa req-ef22a201-3b07-4379-8012-dc5cecb046aa ] Request (FloatingIPsAssociationNegativeTestJSON:setUpClass): 200 GET http://10.180.1.21/compute/v2.1/servers/f58ffc5d-fd70-490d-8389-6319b1b27eff 0.055s
2025-04-16 15:28:43.436 71217 INFO tempest.lib.common.rest_client [req-cb407ae6-bd5e-4bec-9f6b-46707cb21f98 req-cb407ae6-bd5e-4bec-9f6b-46707cb21f98 ] Request (InstanceActionsNegativeTestJSON:tearDownClass): 200 GET http://10.180.1.21/compute/v2.1/servers/259f5513-b60b-4dd9-97ce-829ca51896d4 0.090s
2025-04-16 15:28:43.503 71247 INFO tempest.lib.common.rest_client [req-9e4fd3fc-94b2-467a-840e-5ab6c04e773a req-9e4fd3fc-94b2-467a-840e-5ab6c04e773a ] Request (VolumesAssistedSnapshotsTest:tearDownClass): 200 GET http://10.180.1.21/compute/v2.1/servers/d42d1d63-4a32-4ce8-adef-ae483488c5aa 0.111s
2025-04-16 15:28:43.558 71224 INFO tempest.lib.common.rest_client [req-3c229a56-466b-4160-8109-a5474f0d5722 req-3c229a56-466b-4160-8109-a5474f0d5722 ] Request (ImagesOneServerNegativeTestJSON:_run_cleanups): 200 GET http://10.180.1.21/compute/v2.1/servers/2b45d5ab-8870-4d3c-b645-d7587fb9466f 0.138s
2025-04-16 15:28:43.561 71219 INFO tempest.lib.common.rest_client [req-59db407b-4a07-420d-95a1-77f7c6c4e5a4 req-59db407b-4a07-420d-95a1-77f7c6c4e5a4 ] Request (MigrationsAdminTest:test_resize_server_revert_deleted_flavor): 202 POST http://10.180.1.21/compute/v2.1/servers 0.230s
2025-04-16 15:28:43.602 71219 INFO tempest.lib.common.rest_client [req-2a943ec0-d038-44bd-802b-e660c516662b req-2a943ec0-d038-44bd-802b-e660c516662b ] Request (MigrationsAdminTest:test_resize_server_revert_deleted_flavor): 200 GET http://10.180.1.21/compute/v2.1/servers/657f22ba-cbc4-4bc2-a1cd-9cf7b9b912ed 0.039s
2025-04-16 15:28:43.607 71205 INFO tempest.lib.common.rest_client [req-cb7c3ab8-e728-42d1-8665-eb0e8498bfea req-cb7c3ab8-e728-42d1-8665-eb0e8498bfea ] Request (InstanceActionsTestJSON:setUpClass): 200 GET http://10.180.1.21/compute/v2.1/servers/3eb38467-b7d0-45bb-ab62-098e3e381853 0.151s
2025-04-16 15:28:43.698 71197 INFO tempest.lib.common.rest_client [req-ae39f78b-04d0-41f8-8ceb-0e5172cbfe16 req-ae39f78b-04d0-41f8-8ceb-0e5172cbfe16 ] Request (MultipleCreateTestJSON:test_multiple_create): 200 GET http://10.180.1.21/compute/v2.1/servers/c2741fec-4444-45f0-977f-6bdb23ab33cf 0.065s
2025-04-16 15:28:43.702 71229 INFO tempest.lib.common.rest_client [req-71bc034a-5b49-47ef-993a-e2510e25a2d6 req-71bc034a-5b49-47ef-993a-e2510e25a2d6 ] Request (ServersTestJSON:setUpClass): 200 GET http://10.180.1.21/compute/v2.1/servers/12220b63-b805-43a1-b4fc-08a6cc4e0978 0.136s
2025-04-16 15:28:43.754 71221 INFO tempest.lib.common.rest_client [req-3ac954a0-05bb-41c9-88f2-4a569f040f52 req-3ac954a0-05bb-41c9-88f2-4a569f040f52 ] Request (TenantUsagesTestJSON:setUpClass): 200 GET http://10.180.1.21/compute/v2.1/servers/73ca3686-48f5-4044-8dc4-676d48e964a8 0.069s
2025-04-16 15:28:43.769 71243 INFO tempest.lib.common.rest_client [req-f0754bb1-328a-47d8-ab8c-93e8d8b56134 req-f0754bb1-328a-47d8-ab8c-93e8d8b56134 ] Request (DeleteServersAdminTestJSON:test_delete_server_while_in_error_state): 200 GET http://10.180.1.21/compute/v2.1/servers/f17585da-df68-4dc5-b7f5-2bd51aa0c645 0.109s
2025-04-16 15:28:43.776 71243 INFO tempest.common.waiters [-] State transition "ERROR/deleting" ==> "DELETED/None" after 3 second wait
2025-04-16 15:28:43.802 71233 INFO tempest.lib.common.rest_client [req-8febd914-a52e-41c9-a8e0-b02d113a12ff req-8febd914-a52e-41c9-a8e0-b02d113a12ff ] Request (AttachInterfacesTestJSON:test_create_list_show_delete_interfaces_by_fixed_ip): 200 GET http://10.180.1.21/compute/v2.1/servers/dc670653-4db2-4482-9b29-b3d9853a3593 0.088s
2025-04-16 15:28:43.825 71209 INFO tempest.lib.common.rest_client [req-4c6e93e3-778e-4c5f-af55-adb5d16d16d2 req-4c6e93e3-778e-4c5f-af55-adb5d16d16d2 ] Request (ServersTestFqdnHostnames:test_create_server_with_fqdn_name): 200 GET http://10.180.1.21/compute/v2.1/servers/2b60c927-0466-46f5-8695-78c19010f1c9 0.093s
2025-04-16 15:28:43.840 71231 INFO tempest.lib.common.rest_client [req-df1d6c6c-b226-4c5a-ba2c-52796ccaf818 req-df1d6c6c-b226-4c5a-ba2c-52796ccaf818 ] Request (ImagesTestJSON:test_create_image_from_suspended_server): 200 GET http://10.180.1.21/compute/v2.1/images/bab0db9e-7b39-4d2e-bf97-2964f55d0d6d 0.092s
2025-04-16 15:28:43.883 71235 INFO tempest.lib.common.rest_client [req-63c013ae-bcc4-4f48-b08e-5a40f555a78c req-63c013ae-bcc4-4f48-b08e-5a40f555a78c ] Request (ServerShowV247Test:test_update_rebuild_list_server): 200 GET http://10.180.1.21/compute/v2.1/servers/76832b17-5bf1-4966-b42f-ad77fb4af035 0.070s
2025-04-16 15:28:43.904 71253 INFO tempest.lib.common.rest_client [req-548a57da-eb24-48e3-999e-e69b9c18d162 req-548a57da-eb24-48e3-999e-e69b9c18d162 ] Request (FloatingIPsAssociationTestJSON:tearDownClass): 200 GET http://10.180.1.21/compute/v2.1/servers/f450c3bd-3616-4627-8312-f6548d55260a 0.088s
2025-04-16 15:28:43.939 71251 INFO tempest.lib.common.rest_client [req-ede05702-a074-4b00-8a18-a9bb3cec9629 req-ede05702-a074-4b00-8a18-a9bb3cec9629 ] Request (ServerAddressesTestJSON:tearDownClass): 200 GET http://10.180.1.21/compute/v2.1/servers/b0535c7e-465f-4e80-9b9b-b455b9c3a98c 0.066s
