2025-04-16 15:28:13.276 71221 INFO tempest.lib.common.rest_client [req-3d739eb9-06d2-404b-a396-c51c3195cf4c req-3d739eb9-06d2-404b-a396-c51c3195cf4c ] Request (TenantUsagesTestJSON:setUpClass): 200 GET http://10.180.1.21/compute/v2.1/servers/73ca3686-48f5-4044-8dc4-676d48e964a8 1.474s
2025-04-16 15:28:13.340 71235 INFO tempest.lib.common.rest_client [req-294b37b2-45b9-4084-b939-5d3e321b13ee req-294b37b2-45b9-4084-b939-5d3e321b13ee ] Request (ServerExternalEventsTest:tearDownClass): 200 GET http://10.180.1.21/compute/v2.1/servers/4826f4bc-3d8d-4c51-8a9b-c4be817b5507 1.439s
2025-04-16 15:28:13.395 71229 INFO tempest.lib.common.rest_client [req-12da58c8-7b42-44db-bb93-a313d4499e66 req-12da58c8-7b42-44db-bb93-a313d4499e66 ] Request (ServersTestJSON:setUpClass): 200 GET http://10.180.1.21/compute/v2.1/servers/12220b63-b805-43a1-b4fc-08a6cc4e0978 1.365s
2025-04-16 15:28:13.413 71191 INFO tempest.lib.common.rest_client [req-37090c07-7b30-4fa5-bad4-a1b934f98413 req-37090c07-7b30-4fa5-bad4-a1b934f98413 ] Request (ServerDiskConfigTestJSON:test_rebuild_server_with_auto_disk_config): 200 GET http://10.180.1.21/compute/v2.1/servers/9a32e74a-03be-4858-ac7b-a6f91f8bdf2f 1.456s
2025-04-16 15:28:13.539 71227 INFO tempest.lib.common.rest_client [req-c7319b6e-9677-4da2-8f71-11343c17f98e req-c7319b6e-9677-4da2-8f71-11343c17f98e ] Request (ServersListShow298Test:test_list_show_update_rebuild_server_298): 200 GET http://10.180.1.21/compute/v2.1/servers/95f3eafa-1f2e-4980-9a33-d115bd946af5 1.351s
2025-04-16 15:28:13.590 71193 INFO tempest.lib.common.rest_client [req-52c3d5d7-8dca-4bc4-9b3b-ae8107c5b592 req-52c3d5d7-8dca-4bc4-9b3b-ae8107c5b592 ] Request (ServersNegativeTestMultiTenantJSON:setUpClass): 200 GET http://10.180.1.21/compute/v2.1/servers/051c137c-ed83-4dc6-a3e0-7866c30605c5 1.404s
2025-04-16 15:28:13.751 71224 INFO tempest.lib.common.rest_client [req-46106cde-372e-4695-85bf-c46b0d4a0e45 req-46106cde-372e-4695-85bf-c46b0d4a0e45 ] Request (ImagesOneServerNegativeTestJSON:setUpClass): 200 GET http://10.180.1.21/compute/v2.1/servers/2b45d5ab-8870-4d3c-b645-d7587fb9466f 1.526s
2025-04-16 15:28:13.759 71224 INFO tempest.common.waiters [-] State transition "BUILD/None" ==> "BUILD/spawning" after 31 second wait
2025-04-16 15:28:13.799 71209 INFO tempest.lib.common.rest_client [req-2e492e2f-9f8e-40c8-a699-3fa9952ac751 req-2e492e2f-9f8e-40c8-a699-3fa9952ac751 ] Request (ServersTestFqdnHostnames:test_create_server_with_fqdn_name): 201 POST http://10.180.1.21:9696/networking/v2.0/floatingips 0.898s
2025-04-16 15:28:13.859 71209 INFO tempest.lib.common.rest_client [req-c3c20de0-26c1-463d-8bcd-8e2959b84622 req-c3c20de0-26c1-463d-8bcd-8e2959b84622 ] Request (ServersTestFqdnHostnames:test_create_server_with_fqdn_name): 201 POST http://10.180.1.21/identity/v3/auth/tokens 0.057s
2025-04-16 15:28:13.860 71209 INFO tempest.lib.common.fixed_network [-] (ServersTestFqdnHostnames:test_create_server_with_fqdn_name) Found network {'id': 'c9e6f4b1-114b-4732-a186-49e38e4e9fe4', 'name': 'tempest-ServersTestFqdnHostnames-1271875381-network', 'tenant_id': 'a1039ffce8f54e62b3337db87e0f956d', 'admin_state_up': True, 'mtu': 8950, 'status': 'ACTIVE', 'subnets': [], 'shared': False, 'project_id': 'a1039ffce8f54e62b3337db87e0f956d', 'port_security_enabled': True, 'router:external': False, 'provider:network_type': 'vlan', 'provider:physical_network': 'default', 'provider:segmentation_id': 199, 'availability_zone_hints': [], 'availability_zones': [], 'ipv4_address_scope': None, 'ipv6_address_scope': None, 'description': '', 'tags': [], 'created_at': '2025-04-16T15:28:07Z', 'updated_at': '2025-04-16T15:28:07Z', 'revision_number': 1} available for tenant
2025-04-16 15:28:13.861 71253 INFO tempest.lib.common.rest_client [req-9806a871-ee67-4696-9ec7-b0c3cea67e07 req-9806a871-ee67-4696-9ec7-b0c3cea67e07 ] Request (FloatingIPsAssociationTestJSON:test_associate_already_associated_floating_ip): 409 POST http://10.180.1.21/compute/v2.1/servers/acd86542-d115-4a88-b6e5-3133e456b45b/action 1.307s
2025-04-16 15:28:13.937 71199 INFO tempest.lib.common.rest_client [req-13ee3568-995f-4d2c-b2e6-ec6887ad0397 req-13ee3568-995f-4d2c-b2e6-ec6887ad0397 ] Request (FlavorsV2NegativeTest:test_boot_with_low_ram): 400 POST http://10.180.1.21/compute/v2.1/servers 1.171s
2025-04-16 15:28:13.944 71233 INFO tempest.lib.common.rest_client [req-bab4aff1-0bbb-4a0c-83ba-ab838fb95f55 req-bab4aff1-0bbb-4a0c-83ba-ab838fb95f55 ] Request (AttachInterfacesTestJSON:test_create_list_show_delete_interfaces_by_fixed_ip): 200 GET http://10.180.1.21/compute/v2.1/servers/dc670653-4db2-4482-9b29-b3d9853a3593 1.157s
2025-04-16 15:28:13.971 71205 INFO tempest.lib.common.rest_client [req-d722bd3a-59f8-43cf-83de-7b6a14353b3a req-d722bd3a-59f8-43cf-83de-7b6a14353b3a ] Request (FlavorsV2TestJSON:test_list_flavors_filter_by_min_ram): 200 GET http://10.180.1.21/compute/v2.1/flavors?minRam=193 1.004s
2025-04-16 15:28:13.994 71199 INFO tempest.lib.common.rest_client [req-40af7ee7-055a-4a4b-8e1a-d5d4f34e7781 req-40af7ee7-055a-4a4b-8e1a-d5d4f34e7781 ] Request (FlavorsV2NegativeTest:_run_cleanups): 204 DELETE http://10.180.1.21/image/v2/images/9fe6d261-e03b-4226-a19a-22d16fb3053c 0.057s
2025-04-16 15:28:14.028 71249 INFO tempest.lib.common.rest_client [req-3b2f0367-46d7-40d3-8f26-1ca07b7ff85c req-3b2f0367-46d7-40d3-8f26-1ca07b7ff85c ] Request (ImagesOneServerTestJSON:setUpClass): 200 GET http://10.180.1.21/compute/v2.1/servers/4d388e5d-4fb7-429f-bfe1-ad7ee7baacd7 0.777s
2025-04-16 15:28:14.079 71215 INFO tempest.lib.common.rest_client [req-4517b1d7-de08-4d04-bf56-5692efd615a6 req-4517b1d7-de08-4d04-bf56-5692efd615a6 ] Request (VolumesTestJSON:setUpClass): 200 GET http://10.180.1.21/volume/v3/volumes/b0b4e8c4-ed2b-4ad6-845a-fdcbee74f1a0 0.036s
2025-04-16 15:28:14.087 71215 INFO tempest.common.waiters [-] volume b0b4e8c4-ed2b-4ad6-845a-fdcbee74f1a0 reached available after waiting for 1.087173 seconds
2025-04-16 15:28:14.108 71191 INFO tempest.lib.common.rest_client [req-c90ee4d9-a4a5-4f59-913b-5088b980bdf5 req-c90ee4d9-a4a5-4f59-913b-5088b980bdf5 ] Request (ServerDiskConfigTestJSON:_run_cleanups): 204 DELETE http://10.180.1.21/compute/v2.1/servers/9a32e74a-03be-4858-ac7b-a6f91f8bdf2f 0.681s
2025-04-16 15:28:14.108 71219 INFO tempest.lib.common.rest_client [req-f53c732d-6d50-47cc-8ea0-e04a02e6164f req-f53c732d-6d50-47cc-8ea0-e04a02e6164f ] Request (MigrationsAdminTest:test_list_migrations_in_flavor_resize_situation): 200 GET http://10.180.1.21/compute/v2.1/servers/2f666dec-7728-444d-aad8-e2506e890556 0.734s
2025-04-16 15:28:14.116 71199 INFO tempest.lib.common.rest_client [req-4324199b-d074-4289-802b-bb02271b41e0 req-4324199b-d074-4289-802b-bb02271b41e0 ] Request (FlavorsV2NegativeTest:tearDownClass): 204 DELETE http://10.180.1.21/identity/v3/users/50a17ec7ff9845bc8e8144eaf9b85f74 0.119s
2025-04-16 15:28:14.116 71199 INFO tempest.lib.common.dynamic_creds [-] Deleting project and security group for project: d4c6137ed5ec4dd4853c8b77c085ed3c
2025-04-16 15:28:14.167 71251 INFO tempest.lib.common.rest_client [req-7a53233f-ab45-4008-aaee-58a60764ce6e req-7a53233f-ab45-4008-aaee-58a60764ce6e ] Request (ServerAddressesTestJSON:setUpClass): 200 GET http://10.180.1.21/compute/v2.1/servers/b0535c7e-465f-4e80-9b9b-b455b9c3a98c 0.532s
2025-04-16 15:28:14.169 71213 INFO tempest.lib.common.rest_client [req-5294c55c-480e-4c34-b278-a57225a6f13f req-5294c55c-480e-4c34-b278-a57225a6f13f ] Request (ListImageFiltersTestJSON:setUpClass): 200 GET http://10.180.1.21/compute/v2.1/servers/dc8a589e-3d62-4aab-9b44-85cb242b6a7c 0.615s
2025-04-16 15:28:14.175 71191 INFO tempest.lib.common.rest_client [req-323b9ecc-46d3-495e-be12-a85f16f00866 req-323b9ecc-46d3-495e-be12-a85f16f00866 ] Request (ServerDiskConfigTestJSON:test_rebuild_server_with_manual_disk_config): 201 POST http://10.180.1.21/identity/v3/auth/tokens 0.063s
2025-04-16 15:28:14.175 71191 INFO tempest.lib.common.fixed_network [-] (ServerDiskConfigTestJSON:test_rebuild_server_with_manual_disk_config) Found network {'id': '153cae53-f11d-4500-be68-95c27120dc1e', 'name': 'tempest-ServerDiskConfigTestJSON-440422048-network', 'tenant_id': '90b2304e5c5b44beb3f193f478e876ec', 'admin_state_up': True, 'mtu': 8950, 'status': 'ACTIVE', 'subnets': [], 'shared': False, 'project_id': '90b2304e5c5b44beb3f193f478e876ec', 'port_security_enabled': True, 'router:external': False, 'provider:network_type': 'vlan', 'provider:physical_network': 'default', 'provider:segmentation_id': 547, 'availability_zone_hints': [], 'availability_zones': [], 'ipv4_address_scope': None, 'ipv6_address_scope': None, 'description': '', 'tags': [], 'created_at': '2025-04-16T15:27:08Z', 'updated_at': '2025-04-16T15:27:08Z', 'revision_number': 1} available for tenant
2025-04-16 15:28:14.181 71199 INFO tempest.lib.common.rest_client [req-a7692fb5-aee5-4426-964c-d1944756e59f req-a7692fb5-aee5-4426-964c-d1944756e59f ] Request (FlavorsV2NegativeTest:tearDownClass): 201 POST http://10.180.1.21/identity/v3/auth/tokens 0.065s
2025-04-16 15:28:14.284 71247 INFO tempest.lib.common.rest_client [req-3ca2642c-191e-4e8c-bfc1-3f7a23e23dba req-3ca2642c-191e-4e8c-bfc1-3f7a23e23dba ] Request (VolumesAssistedSnapshotsTest:test_volume_assisted_snapshot_create_delete): 200 GET http://10.180.1.21/volume/v3/volumes/45520d6c-dba6-49e5-b47b-b133aad1b97a 0.039s
2025-04-16 15:28:14.309 71239 INFO tempest.lib.common.rest_client [req-e5dd9949-de68-46cf-9bbb-c71bb57663d3 req-e5dd9949-de68-46cf-9bbb-c71bb57663d3 ] Request (AttachVolumeNegativeTest:test_attach_attached_volume_to_different_server): 200 GET http://10.180.1.21/compute/v2.1/servers/af4c024d-a139-46db-8e67-5760f1be1fe8 0.499s
2025-04-16 15:28:14.316 71239 INFO tempest.common.waiters [-] State transition "BUILD/spawning" ==> "ACTIVE/None" after 37 second wait
2025-04-16 15:28:14.430 71199 INFO tempest.lib.common.rest_client [req-bce2b532-bacf-48be-aa8e-8d1bd733e5aa req-bce2b532-bacf-48be-aa8e-8d1bd733e5aa ] Request (FlavorsV2NegativeTest:tearDownClass): 200 GET http://10.180.1.21:9696/networking/v2.0/security-groups?tenant_id=d4c6137ed5ec4dd4853c8b77c085ed3c&name=default 0.249s
2025-04-16 15:28:14.584 71199 INFO tempest.lib.common.rest_client [req-52030a15-7d3a-42d1-bf0f-d9437aeabdf2 req-52030a15-7d3a-42d1-bf0f-d9437aeabdf2 ] Request (FlavorsV2NegativeTest:tearDownClass): 204 DELETE http://10.180.1.21:9696/networking/v2.0/security-groups/b2bd4a75-11ae-4efd-874c-c4f6c5cf5ed1 0.152s
2025-04-16 15:28:14.607 71209 INFO tempest.lib.common.rest_client [req-bd57d235-ab03-4195-bd02-d684168c6860 req-bd57d235-ab03-4195-bd02-d684168c6860 ] Request (ServersTestFqdnHostnames:test_create_server_with_fqdn_name): 202 POST http://10.180.1.21/compute/v2.1/servers 0.746s
2025-04-16 15:28:14.675 71201 INFO tempest.lib.common.rest_client [req-f19e7855-6433-4950-9999-a4279972512d req-f19e7855-6433-4950-9999-a4279972512d ] Request (ServersTestMultiNic:test_verify_duplicate_network_nics): 200 GET http://10.180.1.21/compute/v2.1/servers/c10d4e2a-98bb-4195-841e-e22b89a22496 0.814s
2025-04-16 15:28:14.677 71199 INFO tempest.lib.common.rest_client [req-f49b857f-817f-4e33-9125-2d21031e483a req-f49b857f-817f-4e33-9125-2d21031e483a ] Request (FlavorsV2NegativeTest:tearDownClass): 204 DELETE http://10.180.1.21/identity/v3/projects/d4c6137ed5ec4dd4853c8b77c085ed3c 0.093s
2025-04-16 15:28:14.685 71201 INFO tempest.common.waiters [-] State transition "BUILD/scheduling" ==> "BUILD/None" after 10 second wait
2025-04-16 15:28:14.727 71217 INFO tempest.lib.common.rest_client [req-6a64b0d7-8a1e-4e24-91b0-bf95505b185d req-6a64b0d7-8a1e-4e24-91b0-bf95505b185d ] Request (InstanceActionsNegativeTestJSON:setUpClass): 200 GET http://10.180.1.21/compute/v2.1/servers/259f5513-b60b-4dd9-97ce-829ca51896d4 0.815s
2025-04-16 15:28:14.770 71199 INFO tempest.lib.common.rest_client [req-865c8451-3b44-46fa-adc2-51e92a9a3aac req-865c8451-3b44-46fa-adc2-51e92a9a3aac ] Request (FloatingIPsAssociationNegativeTestJSON:setUpClass): 201 POST http://10.180.1.21/identity/v3/auth/tokens 0.090s
2025-04-16 15:28:14.774 71207 INFO tempest.lib.common.rest_client [req-5a38bbd4-d3a2-4706-b90b-a7446edc266a req-5a38bbd4-d3a2-4706-b90b-a7446edc266a ] Request (ServerActionsTestJSON:setUpClass): 200 GET http://10.180.1.21/compute/v2.1/servers/f66bd22b-1de2-43cc-b2a5-154fedcd3692 0.841s
2025-04-16 15:28:14.805 71199 INFO tempest.lib.common.rest_client [req-ff6358ea-db3c-456a-9745-ca01b6d99a52 req-ff6358ea-db3c-456a-9745-ca01b6d99a52 ] Request (FloatingIPsAssociationNegativeTestJSON:setUpClass): 201 POST http://10.180.1.21/identity/v3/auth/tokens 0.032s
2025-04-16 15:28:14.825 71245 INFO tempest.lib.common.rest_client [req-17516e7b-3727-4be6-a682-3a160297c7f8 req-17516e7b-3727-4be6-a682-3a160297c7f8 ] Request (DeleteServersTestJSON:test_delete_server_while_in_attached_volume): 200 GET http://10.180.1.21/compute/v2.1/servers/a2fc32ff-5e81-4cd9-ad18-0d70707b1ab7 0.866s
2025-04-16 15:28:14.831 71199 INFO tempest.lib.common.rest_client [req-6a5fa04f-17c9-486e-85bd-93d14ebc0bc0 req-6a5fa04f-17c9-486e-85bd-93d14ebc0bc0 ] Request (FloatingIPsAssociationNegativeTestJSON:setUpClass): 200 GET http://10.180.1.21/identity/v3/domains?name=Default 0.026s
2025-04-16 15:28:14.839 71205 INFO tempest.lib.common.rest_client [req-a83897b8-8811-40eb-8694-2c37ce997515 req-a83897b8-8811-40eb-8694-2c37ce997515 ] Request (FlavorsV2TestJSON:test_list_flavors_limit_results): 200 GET http://10.180.1.21/compute/v2.1/flavors?limit=1 0.864s
2025-04-16 15:28:14.862 71199 INFO tempest.lib.common.rest_client [req-fbc4cd3b-9124-448e-aeb7-06695aa5a0f6 req-fbc4cd3b-9124-448e-aeb7-06695aa5a0f6 ] Request (FloatingIPsAssociationNegativeTestJSON:setUpClass): 201 POST http://10.180.1.21/identity/v3/projects 0.030s
2025-04-16 15:28:14.886 71225 INFO tempest.lib.common.rest_client [req-3f3024fa-6cfe-4491-80c8-51f13ebc0a89 req-3f3024fa-6cfe-4491-80c8-51f13ebc0a89 ] Request (ServersAdminTestJSON:setUpClass): 200 GET http://10.180.1.21/compute/v2.1/servers/b206dfbe-342b-4b0a-9f43-b603205d8db7 0.861s
2025-04-16 15:28:14.921 71215 INFO tempest.lib.common.rest_client [req-c00832b7-c340-492d-ada2-9a8a5031acee req-c00832b7-c340-492d-ada2-9a8a5031acee ] Request (VolumesTestJSON:setUpClass): 200 GET http://10.180.1.21/compute/v2.1/os-volumes/b0b4e8c4-ed2b-4ad6-845a-fdcbee74f1a0 0.834s
2025-04-16 15:28:14.939 71199 INFO tempest.lib.common.rest_client [req-8145f8eb-fb60-4153-a530-e1b8f17e434e req-8145f8eb-fb60-4153-a530-e1b8f17e434e ] Request (FloatingIPsAssociationNegativeTestJSON:setUpClass): 201 POST http://10.180.1.21/identity/v3/users 0.077s
2025-04-16 15:28:14.963 71199 INFO tempest.lib.common.rest_client [req-26b97bb7-943d-4896-94fe-234c2576b136 req-26b97bb7-943d-4896-94fe-234c2576b136 ] Request (FloatingIPsAssociationNegativeTestJSON:setUpClass): 200 GET http://10.180.1.21/identity/v3/roles 0.024s
2025-04-16 15:28:14.986 71197 INFO tempest.lib.common.rest_client [req-d8dc6973-ee16-42ee-9103-04d9a90d404f req-d8dc6973-ee16-42ee-9103-04d9a90d404f ] Request (ImagesNegativeTestJSON:test_create_image_from_deleted_server): 200 GET http://10.180.1.21/compute/v2.1/servers/61b1debe-9779-4eeb-abee-5fcc87cf6aaf 0.899s
2025-04-16 15:28:14.990 71199 INFO tempest.lib.common.rest_client [req-ab7f75f2-1c01-41d9-8c08-bf6981f739cf req-ab7f75f2-1c01-41d9-8c08-bf6981f739cf ] Request (FloatingIPsAssociationNegativeTestJSON:setUpClass): 204 PUT http://10.180.1.21/identity/v3/projects/0e519597896d4ea485c93eb3244ba91c/users/e717bce9b59a456fbac8d885467f97bd/roles/75911c2eb97f430ab83f57a4aeac3e5b 0.026s
2025-04-16 15:28:14.990 71199 INFO tempest.lib.common.dynamic_creds [-] Dynamic test user e717bce9b59a456fbac8d885467f97bd is created with scope project and roles: ['member']
2025-04-16 15:28:14.990 71199 INFO tempest.lib.common.dynamic_creds [-] Acquired dynamic creds: credentials: Credentials: {'domain_id': 'default', 'domain_name': 'Default', 'username': 'tempest-FloatingIPsAssociationNegativeTestJSON-1178861389-project-member', 'project_domain_id': 'default', 'project_domain_name': 'Default', 'project_id': '0e519597896d4ea485c93eb3244ba91c', 'project_name': 'tempest-FloatingIPsAssociationNegativeTestJSON-1178861389', 'tenant_id': '0e519597896d4ea485c93eb3244ba91c', 'tenant_name': 'tempest-FloatingIPsAssociationNegativeTestJSON-1178861389', 'user_domain_id': 'default', 'user_domain_name': 'Default', 'user_id': 'e717bce9b59a456fbac8d885467f97bd', 'system': None}, Network: None, Subnet: None, Router: None
2025-04-16 15:28:15.045 71195 INFO tempest.lib.common.rest_client [req-1069f2e0-cb8b-4be5-9be3-73bf69135d2f req-1069f2e0-cb8b-4be5-9be3-73bf69135d2f ] Request (ServersAdmin275Test:tearDownClass): 200 GET http://10.180.1.21/compute/v2.1/servers/31674a28-a0b2-4b40-8c6e-ce45218a4d4b 0.885s
2025-04-16 15:28:15.058 71199 INFO tempest.lib.common.rest_client [req-5b029bd3-0daf-47d6-80d2-348565a044fe req-5b029bd3-0daf-47d6-80d2-348565a044fe ] Request (FloatingIPsAssociationNegativeTestJSON:setUpClass): 201 POST http://10.180.1.21/identity/v3/auth/tokens 0.067s
2025-04-16 15:28:15.281 71253 INFO tempest.lib.common.rest_client [req-5af41ff5-382f-40f2-8665-331273607361 req-5af41ff5-382f-40f2-8665-331273607361 ] Request (FloatingIPsAssociationTestJSON:_run_cleanups): 202 POST http://10.180.1.21/compute/v2.1/servers/f450c3bd-3616-4627-8312-f6548d55260a/action 1.417s
2025-04-16 15:28:15.330 71247 INFO tempest.lib.common.rest_client [req-e3f6178e-073f-45f7-975d-9698e928a193 req-e3f6178e-073f-45f7-975d-9698e928a193 ] Request (VolumesAssistedSnapshotsTest:test_volume_assisted_snapshot_create_delete): 200 GET http://10.180.1.21/volume/v3/volumes/45520d6c-dba6-49e5-b47b-b133aad1b97a 0.036s
2025-04-16 15:28:15.338 71247 INFO tempest.common.waiters [-] Attachment 78cb58d5-959d-487b-b332-5979c802dda0 created for volume 45520d6c-dba6-49e5-b47b-b133aad1b97a to server d42d1d63-4a32-4ce8-adef-ae483488c5aa after waiting for 8.338181 seconds
2025-04-16 15:28:15.346 71231 INFO tempest.lib.common.rest_client [req-67da5e90-5683-4190-8091-0758dbd33efe req-67da5e90-5683-4190-8091-0758dbd33efe ] Request (ImagesTestJSON:test_create_image_from_suspended_server): 200 GET http://10.180.1.21/compute/v2.1/servers/d1437bf9-19f4-40b1-b6ac-60a56bb5fff2 1.134s
2025-04-16 15:28:15.368 71247 INFO tempest.lib.common.rest_client [req-be38c646-5760-4f08-8c2b-25f0a2338f2b req-be38c646-5760-4f08-8c2b-25f0a2338f2b ] Request (VolumesAssistedSnapshotsTest:test_volume_assisted_snapshot_create_delete): 200 GET http://10.180.1.21/volume/v3/volumes/45520d6c-dba6-49e5-b47b-b133aad1b97a 0.030s
2025-04-16 15:28:15.380 71247 INFO tempest.common.waiters [-] volume 45520d6c-dba6-49e5-b47b-b133aad1b97a reached in-use after waiting for 0.380667 seconds
2025-04-16 15:28:15.401 71211 INFO tempest.lib.common.rest_client [req-1710e19f-7923-4909-9dc8-541ff9fffac7 req-1710e19f-7923-4909-9dc8-541ff9fffac7 ] Request (SecurityGroupsTestJSON:test_server_security_groups): 200 GET http://10.180.1.21/compute/v2.1/servers/9e03ec3e-a5fe-47e0-9fee-3d86fa604b12 1.185s
2025-04-16 15:28:15.416 71199 INFO tempest.lib.common.rest_client [req-efcc6d28-9e90-4dd6-ad92-384104ab485a req-efcc6d28-9e90-4dd6-ad92-384104ab485a ] Request (FloatingIPsAssociationNegativeTestJSON:setUpClass): 201 POST http://10.180.1.21:9696/networking/v2.0/networks 0.358s
2025-04-16 15:28:15.421 71191 INFO tempest.lib.common.rest_client [req-833c534f-6309-4412-97eb-9f7f0fcc1f1e req-833c534f-6309-4412-97eb-9f7f0fcc1f1e ] Request (ServerDiskConfigTestJSON:test_rebuild_server_with_manual_disk_config): 202 POST http://10.180.1.21/compute/v2.1/servers 1.245s
2025-04-16 15:28:15.472 71243 INFO tempest.lib.common.rest_client [req-ac30c468-c2db-4c80-ade6-ecf6beeab958 req-ac30c468-c2db-4c80-ade6-ecf6beeab958 ] Request (DeleteServersAdminTestJSON:test_delete_server_while_in_error_state): 200 GET http://10.180.1.21/compute/v2.1/servers/f17585da-df68-4dc5-b7f5-2bd51aa0c645 1.197s
2025-04-16 15:28:15.488 71221 INFO tempest.lib.common.rest_client [req-420b68f4-79c2-4d95-912e-edefd213ab93 req-420b68f4-79c2-4d95-912e-edefd213ab93 ] Request (TenantUsagesTestJSON:setUpClass): 200 GET http://10.180.1.21/compute/v2.1/servers/73ca3686-48f5-4044-8dc4-676d48e964a8 1.201s
2025-04-16 15:28:15.549 71239 INFO tempest.lib.common.rest_client [req-fac8adb5-bf63-441f-acb9-20c0a25c0390 req-fac8adb5-bf63-441f-acb9-20c0a25c0390 ] Request (AttachVolumeNegativeTest:test_attach_attached_volume_to_different_server): 200 GET http://10.180.1.21/compute/v2.1/servers/af4c024d-a139-46db-8e67-5760f1be1fe8/os-interface 1.232s
2025-04-16 15:28:15.566 71235 INFO tempest.lib.common.rest_client [req-29c3c12c-f8ec-4031-b682-b210751b7b51 req-29c3c12c-f8ec-4031-b682-b210751b7b51 ] Request (ServerExternalEventsTest:tearDownClass): 200 GET http://10.180.1.21/compute/v2.1/servers/4826f4bc-3d8d-4c51-8a9b-c4be817b5507 1.215s
2025-04-16 15:28:15.616 71229 INFO tempest.lib.common.rest_client [req-298e33cd-053e-4b22-8d89-d988edd8f181 req-298e33cd-053e-4b22-8d89-d988edd8f181 ] Request (ServersTestJSON:setUpClass): 200 GET http://10.180.1.21/compute/v2.1/servers/12220b63-b805-43a1-b4fc-08a6cc4e0978 1.207s
2025-04-16 15:28:15.624 71199 INFO tempest.lib.common.rest_client [req-a0023ea2-a428-42f0-8efb-e0e5328f24ba req-a0023ea2-a428-42f0-8efb-e0e5328f24ba ] Request (FloatingIPsAssociationNegativeTestJSON:setUpClass): 201 POST http://10.180.1.21:9696/networking/v2.0/subnets 0.207s
2025-04-16 15:28:15.657 71227 INFO tempest.lib.common.rest_client [req-253ed59f-b484-4804-8065-9d7388d69305 req-253ed59f-b484-4804-8065-9d7388d69305 ] Request (ServersListShow298Test:test_list_show_update_rebuild_server_298): 200 GET http://10.180.1.21/compute/v2.1/servers/95f3eafa-1f2e-4980-9a33-d115bd946af5 1.107s
2025-04-16 15:28:15.668 71227 INFO tempest.common.waiters [-] State transition "REBUILD/rebuilding" ==> "REBUILD/rebuild_spawning" after 2 second wait
2025-04-16 15:28:15.722 71209 INFO tempest.lib.common.rest_client [req-7d28a067-098e-41bb-b1cb-03cc9b6bee0c req-7d28a067-098e-41bb-b1cb-03cc9b6bee0c ] Request (ServersTestFqdnHostnames:test_create_server_with_fqdn_name): 200 GET http://10.180.1.21/compute/v2.1/servers/2b60c927-0466-46f5-8695-78c19010f1c9 1.114s
2025-04-16 15:28:15.810 71193 INFO tempest.lib.common.rest_client [req-735d4987-3a77-486b-a1e5-979fb307332e req-735d4987-3a77-486b-a1e5-979fb307332e ] Request (ServersNegativeTestMultiTenantJSON:setUpClass): 200 GET http://10.180.1.21/compute/v2.1/servers/051c137c-ed83-4dc6-a3e0-7866c30605c5 1.206s
2025-04-16 15:28:15.825 71205 INFO tempest.lib.common.rest_client [req-603b0f68-a549-4d3a-8fea-7779ea542f60 req-603b0f68-a549-4d3a-8fea-7779ea542f60 ] Request (FlavorsV2TestJSON:test_list_flavors_using_marker): 200 GET http://10.180.1.21/compute/v2.1/flavors/42 0.982s
2025-04-16 15:28:15.855 71224 INFO tempest.lib.common.rest_client [req-90a6f2ff-ff0f-460c-8318-311001e61311 req-90a6f2ff-ff0f-460c-8318-311001e61311 ] Request (ImagesOneServerNegativeTestJSON:setUpClass): 200 GET http://10.180.1.21/compute/v2.1/servers/2b45d5ab-8870-4d3c-b645-d7587fb9466f 1.095s
2025-04-16 15:28:15.891 71215 INFO tempest.lib.common.rest_client [req-c41f3aef-b030-400d-8f26-173d662baeb5 req-c41f3aef-b030-400d-8f26-173d662baeb5 ] Request (VolumesTestJSON:test_volume_list): 200 GET http://10.180.1.21/compute/v2.1/os-volumes 0.967s
2025-04-16 15:28:15.925 71233 INFO tempest.lib.common.rest_client [req-d7840e30-06f8-4ccf-a970-b0a7e4f94eae req-d7840e30-06f8-4ccf-a970-b0a7e4f94eae ] Request (AttachInterfacesTestJSON:test_create_list_show_delete_interfaces_by_fixed_ip): 200 GET http://10.180.1.21/compute/v2.1/servers/dc670653-4db2-4482-9b29-b3d9853a3593 0.973s
2025-04-16 15:28:15.951 71249 INFO tempest.lib.common.rest_client [req-7aef87c2-2f6a-46fe-a67e-c6493f2830c2 req-7aef87c2-2f6a-46fe-a67e-c6493f2830c2 ] Request (ImagesOneServerTestJSON:setUpClass): 200 GET http://10.180.1.21/compute/v2.1/servers/4d388e5d-4fb7-429f-bfe1-ad7ee7baacd7 0.915s
2025-04-16 15:28:16.024 71251 INFO tempest.lib.common.rest_client [req-97550652-c21c-4fef-829a-52f1c1694b37 req-97550652-c21c-4fef-829a-52f1c1694b37 ] Request (ServerAddressesTestJSON:setUpClass): 200 GET http://10.180.1.21/compute/v2.1/servers/b0535c7e-465f-4e80-9b9b-b455b9c3a98c 0.845s
2025-04-16 15:28:16.094 71213 INFO tempest.lib.common.rest_client [req-75c7f306-6a0b-40c2-a24d-f388d89089de req-75c7f306-6a0b-40c2-a24d-f388d89089de ] Request (ListImageFiltersTestJSON:setUpClass): 200 GET http://10.180.1.21/compute/v2.1/servers/dc8a589e-3d62-4aab-9b44-85cb242b6a7c 0.913s
2025-04-16 15:28:16.121 71203 WARNING tempest.lib.common.ssh [-] Failed to establish authenticated ssh connection to cirros@10.180.180.133 ([Errno None] Unable to connect to port 22 on 10.180.180.133). Number attempts: 4. Retry after 5 seconds.: paramiko.ssh_exception.NoValidConnectionsError: [Errno None] Unable to connect to port 22 on 10.180.180.133
2025-04-16 15:28:16.178 71219 INFO tempest.lib.common.rest_client [req-af813060-6bc0-432d-9abc-a6338e63b9e8 req-af813060-6bc0-432d-9abc-a6338e63b9e8 ] Request (MigrationsAdminTest:test_list_migrations_in_flavor_resize_situation): 200 GET http://10.180.1.21/compute/v2.1/servers/2f666dec-7728-444d-aad8-e2506e890556 1.060s
2025-04-16 15:28:16.183 71253 INFO tempest.lib.common.rest_client [req-db41fd79-22f9-4b88-9373-9ecb808a62d2 req-db41fd79-22f9-4b88-9373-9ecb808a62d2 ] Request (FloatingIPsAssociationTestJSON:_run_cleanups): 204 DELETE http://10.180.1.21/compute/v2.1/servers/f450c3bd-3616-4627-8312-f6548d55260a 0.901s
2025-04-16 15:28:16.242 71191 INFO tempest.lib.common.rest_client [req-133bf7b3-697d-4494-b8f6-bbd23e9a4406 req-133bf7b3-697d-4494-b8f6-bbd23e9a4406 ] Request (ServerDiskConfigTestJSON:test_rebuild_server_with_manual_disk_config): 200 GET http://10.180.1.21/compute/v2.1/servers/9c9d1dea-cafa-4e05-8f35-7a5eda4037db 0.817s
2025-04-16 15:28:16.309 71239 INFO tempest.lib.common.rest_client [req-7cbebe7b-867d-4f0c-acc5-3f9171b0a502 req-7cbebe7b-867d-4f0c-acc5-3f9171b0a502 ] Request (AttachVolumeNegativeTest:test_attach_attached_volume_to_different_server): 200 PUT http://10.180.1.21:9696/networking/v2.0/floatingips/1c9aff2f-48e5-4863-86b2-419c79c4a952 0.758s
2025-04-16 15:28:16.310 71239 INFO tempest.lib.common.ssh [-] Creating ssh connection to '10.180.180.199:22' as 'cirros' with public key authentication
2025-04-16 15:28:16.330 71201 INFO tempest.lib.common.rest_client [req-d93168ae-215e-4609-be5d-688d68709921 req-d93168ae-215e-4609-be5d-688d68709921 ] Request (ServersTestMultiNic:test_verify_duplicate_network_nics): 200 GET http://10.180.1.21/compute/v2.1/servers/c10d4e2a-98bb-4195-841e-e22b89a22496 0.644s
2025-04-16 15:28:16.342 71247 INFO tempest.lib.common.rest_client [req-f3920272-321d-4495-8c29-619184baf555 req-f3920272-321d-4495-8c29-619184baf555 ] Request (VolumesAssistedSnapshotsTest:test_volume_assisted_snapshot_create_delete): 200 POST http://10.180.1.21/compute/v2.1/os-assisted-volume-snapshots 0.961s
2025-04-16 15:28:16.384 71217 INFO tempest.lib.common.rest_client [req-e96ca963-7df9-449a-af38-abe1e59813d3 req-e96ca963-7df9-449a-af38-abe1e59813d3 ] Request (InstanceActionsNegativeTestJSON:setUpClass): 200 GET http://10.180.1.21/compute/v2.1/servers/259f5513-b60b-4dd9-97ce-829ca51896d4 0.642s
2025-04-16 15:28:16.407 71207 INFO tempest.lib.common.rest_client [req-3c50b4fb-0a64-41c4-b9c5-89636f16d863 req-3c50b4fb-0a64-41c4-b9c5-89636f16d863 ] Request (ServerActionsTestJSON:setUpClass): 200 GET http://10.180.1.21/compute/v2.1/servers/f66bd22b-1de2-43cc-b2a5-154fedcd3692 0.624s
2025-04-16 15:28:16.430 71205 INFO tempest.lib.common.rest_client [req-a4c08e5a-8ab8-497b-8e21-f44234cb005d req-a4c08e5a-8ab8-497b-8e21-f44234cb005d ] Request (FlavorsV2TestJSON:test_list_flavors_using_marker): 200 GET http://10.180.1.21/compute/v2.1/flavors?marker=42 0.603s
2025-04-16 15:28:16.475 71245 INFO tempest.lib.common.rest_client [req-8d003799-445b-4cae-a300-dfeb45f5bc16 req-8d003799-445b-4cae-a300-dfeb45f5bc16 ] Request (DeleteServersTestJSON:test_delete_server_while_in_attached_volume): 200 GET http://10.180.1.21/compute/v2.1/servers/a2fc32ff-5e81-4cd9-ad18-0d70707b1ab7 0.642s
2025-04-16 15:28:16.482 71225 INFO tempest.lib.common.rest_client [req-98948d72-a364-4991-95c2-01daa3bfdd74 req-98948d72-a364-4991-95c2-01daa3bfdd74 ] Request (ServersAdminTestJSON:setUpClass): 200 GET http://10.180.1.21/compute/v2.1/servers/b206dfbe-342b-4b0a-9f43-b603205d8db7 0.588s
2025-04-16 15:28:16.552 71215 INFO tempest.lib.common.rest_client [req-84f835d7-fde9-4cd5-8c89-fd6259c9ff4c req-84f835d7-fde9-4cd5-8c89-fd6259c9ff4c ] Request (VolumesTestJSON:test_volume_list_param_limit): 200 GET http://10.180.1.21/compute/v2.1/os-volumes?limit=2 0.656s
2025-04-16 15:28:16.581 71197 INFO tempest.lib.common.rest_client [req-cc50e58b-c5c2-4a58-9060-405d0f1bcb08 req-cc50e58b-c5c2-4a58-9060-405d0f1bcb08 ] Request (ImagesNegativeTestJSON:test_create_image_from_deleted_server): 200 GET http://10.180.1.21/compute/v2.1/servers/61b1debe-9779-4eeb-abee-5fcc87cf6aaf 0.587s
2025-04-16 15:28:16.634 71195 INFO tempest.lib.common.rest_client [req-32b33253-b8b0-46c5-a4e4-9a49eeca5784 req-32b33253-b8b0-46c5-a4e4-9a49eeca5784 ] Request (ServersAdmin275Test:tearDownClass): 200 GET http://10.180.1.21/compute/v2.1/servers/31674a28-a0b2-4b40-8c6e-ce45218a4d4b 0.576s
2025-04-16 15:28:16.647 71199 INFO tempest.lib.common.rest_client [req-5e0ba5f7-47fa-41ab-9e21-6d48e8977663 req-5e0ba5f7-47fa-41ab-9e21-6d48e8977663 ] Request (FloatingIPsAssociationNegativeTestJSON:setUpClass): 201 POST http://10.180.1.21:9696/networking/v2.0/routers 1.023s
2025-04-16 15:28:16.660 71247 INFO tempest.lib.common.rest_client [req-db9744eb-7513-45d7-b328-a3a6ce1be955 req-db9744eb-7513-45d7-b328-a3a6ce1be955 ] Request (VolumesAssistedSnapshotsTest:test_volume_assisted_snapshot_create_delete): 204 DELETE http://10.180.1.21/compute/v2.1/os-assisted-volume-snapshots/None?delete_info=%7B%22volume_id%22%3A+%2245520d6c-dba6-49e5-b47b-b133aad1b97a%22%7D 0.317s
2025-04-16 15:28:16.699 71247 INFO tempest.lib.common.rest_client [req-5aaf3187-569d-480c-b2bd-42d8ff7a1c37 req-5aaf3187-569d-480c-b2bd-42d8ff7a1c37 ] Request (VolumesAssistedSnapshotsTest:_run_cleanups): 200 GET http://10.180.1.21/volume/v3/volumes/45520d6c-dba6-49e5-b47b-b133aad1b97a 0.038s
2025-04-16 15:28:16.727 71231 INFO tempest.lib.common.rest_client [req-102b625e-6544-4876-9e61-8eb0eff0295d req-102b625e-6544-4876-9e61-8eb0eff0295d ] Request (ImagesTestJSON:test_create_image_from_suspended_server): 200 GET http://10.180.1.21/compute/v2.1/servers/d1437bf9-19f4-40b1-b6ac-60a56bb5fff2 0.373s
2025-04-16 15:28:16.778 71211 INFO tempest.lib.common.rest_client [req-944b5837-6818-4858-ad4c-cb05bdac1002 req-944b5837-6818-4858-ad4c-cb05bdac1002 ] Request (SecurityGroupsTestJSON:test_server_security_groups): 200 GET http://10.180.1.21/compute/v2.1/servers/9e03ec3e-a5fe-47e0-9fee-3d86fa604b12 0.363s
2025-04-16 15:28:16.803 71205 INFO tempest.lib.common.rest_client [req-3c2c3aa4-8b74-44cd-84ec-989bf9888ace req-3c2c3aa4-8b74-44cd-84ec-989bf9888ace ] Request (FlavorsV2TestJSON:test_list_flavors_with_detail): 200 GET http://10.180.1.21/compute/v2.1/flavors/detail 0.369s
2025-04-16 15:28:16.861 71243 INFO tempest.lib.common.rest_client [req-c0203602-3f7a-4ef8-b845-8abad09ac3b0 req-c0203602-3f7a-4ef8-b845-8abad09ac3b0 ] Request (DeleteServersAdminTestJSON:test_delete_server_while_in_error_state): 200 GET http://10.180.1.21/compute/v2.1/servers/f17585da-df68-4dc5-b7f5-2bd51aa0c645 0.380s
2025-04-16 15:28:16.920 71221 INFO tempest.lib.common.rest_client [req-b6c07f9b-a042-4619-ad72-56428142bcd6 req-b6c07f9b-a042-4619-ad72-56428142bcd6 ] Request (TenantUsagesTestJSON:setUpClass): 200 GET http://10.180.1.21/compute/v2.1/servers/73ca3686-48f5-4044-8dc4-676d48e964a8 0.422s
2025-04-16 15:28:16.957 71215 INFO tempest.lib.common.rest_client [req-5db178bd-015b-4cac-a7a0-0faf29ee154c req-5db178bd-015b-4cac-a7a0-0faf29ee154c ] Request (VolumesTestJSON:test_volume_list_param_offset_and_limit): 200 GET http://10.180.1.21/compute/v2.1/os-volumes 0.401s
2025-04-16 15:28:17.017 71237 WARNING tempest.lib.common.ssh [-] Failed to establish authenticated ssh connection to cirros@10.180.180.145 ([Errno None] Unable to connect to port 22 on 10.180.180.145). Number attempts: 3. Retry after 4 seconds.: paramiko.ssh_exception.NoValidConnectionsError: [Errno None] Unable to connect to port 22 on 10.180.180.145
2025-04-16 15:28:17.032 71235 INFO tempest.lib.common.rest_client [req-1e72eb38-0a64-4581-b6a6-28ec6c43f493 req-1e72eb38-0a64-4581-b6a6-28ec6c43f493 ] Request (ServerExternalEventsTest:tearDownClass): 200 GET http://10.180.1.21/compute/v2.1/servers/4826f4bc-3d8d-4c51-8a9b-c4be817b5507 0.458s
2025-04-16 15:28:17.091 71229 INFO tempest.lib.common.rest_client [req-14b75e41-7ef3-431e-9e25-cddcdf6d53dd req-14b75e41-7ef3-431e-9e25-cddcdf6d53dd ] Request (ServersTestJSON:setUpClass): 200 GET http://10.180.1.21/compute/v2.1/servers/12220b63-b805-43a1-b4fc-08a6cc4e0978 0.466s
2025-04-16 15:28:17.169 71227 INFO tempest.lib.common.rest_client [req-cc364ac2-5ded-4754-b471-36b1557a6a86 req-cc364ac2-5ded-4754-b471-36b1557a6a86 ] Request (ServersListShow298Test:test_list_show_update_rebuild_server_298): 200 GET http://10.180.1.21/compute/v2.1/servers/95f3eafa-1f2e-4980-9a33-d115bd946af5 0.500s
2025-04-16 15:28:17.337 71247 INFO tempest.lib.common.rest_client [req-c85cba24-1cd4-4baa-b554-0e724dc10879 req-c85cba24-1cd4-4baa-b554-0e724dc10879 ] Request (VolumesAssistedSnapshotsTest:_run_cleanups): 202 DELETE http://10.180.1.21/compute/v2.1/servers/d42d1d63-4a32-4ce8-adef-ae483488c5aa/os-volume_attachments/45520d6c-dba6-49e5-b47b-b133aad1b97a 0.623s
2025-04-16 15:28:17.396 71209 INFO tempest.lib.common.rest_client [req-d09df332-89ea-41f6-ace5-5f72feaeede6 req-d09df332-89ea-41f6-ace5-5f72feaeede6 ] Request (ServersTestFqdnHostnames:test_create_server_with_fqdn_name): 200 GET http://10.180.1.21/compute/v2.1/servers/2b60c927-0466-46f5-8695-78c19010f1c9 0.660s
2025-04-16 15:28:17.414 71205 INFO tempest.lib.common.rest_client [req-c61df558-60ee-4537-9208-b2498e139c12 req-c61df558-60ee-4537-9208-b2498e139c12 ] Request (FlavorsV2TestJSON:test_list_flavors_with_detail): 200 GET http://10.180.1.21/compute/v2.1/flavors/42 0.605s
2025-04-16 15:28:17.506 71205 INFO tempest.lib.common.rest_client [req-b4620b17-b5f3-4ac2-a340-173443540997 req-b4620b17-b5f3-4ac2-a340-173443540997 ] Request (FlavorsV2TestJSON:tearDownClass): 204 DELETE http://10.180.1.21/identity/v3/users/b4ac8cfbece74353a6c93d3ebd551246 0.085s
2025-04-16 15:28:17.507 71205 INFO tempest.lib.common.dynamic_creds [-] Deleting project and security group for project: b8a3075a0e214e17b52f192688cf07e8
2025-04-16 15:28:17.533 71253 INFO tempest.lib.common.rest_client [req-4ef19b33-f8c9-4ede-bbe2-4bdee0d98ae2 req-4ef19b33-f8c9-4ede-bbe2-4bdee0d98ae2 ] Request (FloatingIPsAssociationTestJSON:test_associate_disassociate_floating_ip): 202 POST http://10.180.1.21/compute/v2.1/servers/acd86542-d115-4a88-b6e5-3133e456b45b/action 1.344s
2025-04-16 15:28:17.576 71205 INFO tempest.lib.common.rest_client [req-f68de3aa-1084-4604-8d96-b8133e3df9c1 req-f68de3aa-1084-4604-8d96-b8133e3df9c1 ] Request (FlavorsV2TestJSON:tearDownClass): 201 POST http://10.180.1.21/identity/v3/auth/tokens 0.069s
2025-04-16 15:28:17.623 71193 INFO tempest.lib.common.rest_client [req-40323ac2-cffb-4b5f-8701-686c22cd46fd req-40323ac2-cffb-4b5f-8701-686c22cd46fd ] Request (ServersNegativeTestMultiTenantJSON:setUpClass): 200 GET http://10.180.1.21/compute/v2.1/servers/051c137c-ed83-4dc6-a3e0-7866c30605c5 0.803s
2025-04-16 15:28:17.634 71193 INFO tempest.common.waiters [-] State transition "BUILD/spawning" ==> "ACTIVE/None" after 38 second wait
2025-04-16 15:28:17.679 71199 INFO tempest.lib.common.rest_client [req-da8e73d5-c794-42f2-b5f4-7171965248b0 req-da8e73d5-c794-42f2-b5f4-7171965248b0 ] Request (FloatingIPsAssociationNegativeTestJSON:setUpClass): 200 PUT http://10.180.1.21:9696/networking/v2.0/routers/3c1e73b8-6e5d-4774-864f-fb84922ac160/add_router_interface 1.031s
2025-04-16 15:28:17.679 71199 INFO tempest.lib.common.dynamic_creds [-] Created isolated network resources for: credentials: Credentials: {'domain_id': 'default', 'domain_name': 'Default', 'username': 'tempest-FloatingIPsAssociationNegativeTestJSON-1178861389-project-member', 'project_domain_id': 'default', 'project_domain_name': 'Default', 'project_id': '0e519597896d4ea485c93eb3244ba91c', 'project_name': 'tempest-FloatingIPsAssociationNegativeTestJSON-1178861389', 'tenant_id': '0e519597896d4ea485c93eb3244ba91c', 'tenant_name': 'tempest-FloatingIPsAssociationNegativeTestJSON-1178861389', 'user_domain_id': 'default', 'user_domain_name': 'Default', 'user_id': 'e717bce9b59a456fbac8d885467f97bd', 'system': None}, Network: {'id': 'b8e8bed0-b9e4-4b55-a177-d0b229468e17', 'name': 'tempest-FloatingIPsAssociationNegativeTestJSON-1498969765-network', 'tenant_id': '0e519597896d4ea485c93eb3244ba91c', 'admin_state_up': True, 'mtu': 8950, 'status': 'ACTIVE', 'subnets': [], 'shared': False, 'project_id': '0e519597896d4ea485c93eb3244ba91c', 'port_security_enabled': True, 'router:external': False, 'provider:network_type': 'vlan', 'provider:physical_network': 'default', 'provider:segmentation_id': 235, 'availability_zone_hints': [], 'availability_zones': [], 'ipv4_address_scope': None, 'ipv6_address_scope': None, 'description': '', 'tags': [], 'created_at': '2025-04-16T15:28:15Z', 'updated_at': '2025-04-16T15:28:15Z', 'revision_number': 1}, Subnet: {'id': '2e36d936-ca7f-4bd0-8a1b-7591bc6d4dcd', 'name': 'tempest-FloatingIPsAssociationNegativeTestJSON-1498969765-subnet', 'tenant_id': '0e519597896d4ea485c93eb3244ba91c', 'network_id': 'b8e8bed0-b9e4-4b55-a177-d0b229468e17', 'ip_version': 4, 'subnetpool_id': None, 'enable_dhcp': True, 'ipv6_ra_mode': None, 'ipv6_address_mode': None, 'gateway_ip': '192.168.128.1', 'cidr': '192.168.128.0/28', 'allocation_pools': [{'start': '192.168.128.2', 'end': '192.168.128.14'}], 'host_routes': [], 'dns_nameservers': [], 'description': '', 'router:external': False, 'service_types': [], 'tags': [], 'created_at': '2025-04-16T15:28:15Z', 'updated_at': '2025-04-16T15:28:15Z', 'revision_number': 0, 'project_id': '0e519597896d4ea485c93eb3244ba91c'}, Router: {'id': '3c1e73b8-6e5d-4774-864f-fb84922ac160', 'name': 'tempest-FloatingIPsAssociationNegativeTestJSON-1498969765-router', 'tenant_id': '0e519597896d4ea485c93eb3244ba91c', 'admin_state_up': True, 'status': 'ACTIVE', 'external_gateway_info': {'network_id': '6e591f55-58c6-49e5-a636-294c47b4ec97', 'external_fixed_ips': [{'subnet_id': 'deb8c1ec-487d-41b0-bff2-b54652457803', 'ip_address': '10.180.180.161'}], 'enable_snat': True}, 'description': '', 'availability_zones': [], 'distributed': False, 'ha': False, 'availability_zone_hints': [], 'routes': [], 'flavor_id': None, 'tags': [], 'created_at': '2025-04-16T15:28:15Z', 'updated_at': '2025-04-16T15:28:16Z', 'revision_number': 2, 'project_id': '0e519597896d4ea485c93eb3244ba91c'}
2025-04-16 15:28:17.686 71233 INFO tempest.lib.common.rest_client [req-273327c0-7bf5-49c3-980f-706f356a442a req-273327c0-7bf5-49c3-980f-706f356a442a ] Request (AttachInterfacesTestJSON:test_create_list_show_delete_interfaces_by_fixed_ip): 200 GET http://10.180.1.21/compute/v2.1/servers/dc670653-4db2-4482-9b29-b3d9853a3593 0.753s
2025-04-16 15:28:17.707 71224 INFO tempest.lib.common.rest_client [req-0b7c3e33-8e38-4e09-93ba-81dde9516b22 req-0b7c3e33-8e38-4e09-93ba-81dde9516b22 ] Request (ImagesOneServerNegativeTestJSON:setUpClass): 200 GET http://10.180.1.21/compute/v2.1/servers/2b45d5ab-8870-4d3c-b645-d7587fb9466f 0.841s
2025-04-16 15:28:17.746 71249 INFO tempest.lib.common.rest_client [req-07b2e97c-782c-482a-9feb-3303e8e9334c req-07b2e97c-782c-482a-9feb-3303e8e9334c ] Request (ImagesOneServerTestJSON:setUpClass): 200 GET http://10.180.1.21/compute/v2.1/servers/4d388e5d-4fb7-429f-bfe1-ad7ee7baacd7 0.787s
2025-04-16 15:28:17.755 71215 INFO tempest.lib.common.rest_client [req-545c57f9-65f2-4059-acd9-3b180d8eabe2 req-545c57f9-65f2-4059-acd9-3b180d8eabe2 ] Request (VolumesTestJSON:test_volume_list_param_offset_and_limit): 200 GET http://10.180.1.21/compute/v2.1/os-volumes?offset=1&limit=1 0.791s
2025-04-16 15:28:17.777 71199 INFO tempest.lib.common.rest_client [req-23863a23-2980-4dda-8160-59301c992aff req-23863a23-2980-4dda-8160-59301c992aff ] Request (FloatingIPsAssociationNegativeTestJSON:setUpClass): 201 POST http://10.180.1.21/identity/v3/auth/tokens 0.091s
2025-04-16 15:28:17.806 71199 INFO tempest.lib.common.rest_client [req-43f5e935-db24-4ab5-83fe-bf980b72ece5 req-43f5e935-db24-4ab5-83fe-bf980b72ece5 ] Request (FloatingIPsAssociationNegativeTestJSON:setUpClass): 201 POST http://10.180.1.21/identity/v3/auth/tokens 0.026s
2025-04-16 15:28:17.807 71199 INFO tempest.lib.common.fixed_network [-] (FloatingIPsAssociationNegativeTestJSON:setUpClass) Found network {'id': 'b8e8bed0-b9e4-4b55-a177-d0b229468e17', 'name': 'tempest-FloatingIPsAssociationNegativeTestJSON-1498969765-network', 'tenant_id': '0e519597896d4ea485c93eb3244ba91c', 'admin_state_up': True, 'mtu': 8950, 'status': 'ACTIVE', 'subnets': [], 'shared': False, 'project_id': '0e519597896d4ea485c93eb3244ba91c', 'port_security_enabled': True, 'router:external': False, 'provider:network_type': 'vlan', 'provider:physical_network': 'default', 'provider:segmentation_id': 235, 'availability_zone_hints': [], 'availability_zones': [], 'ipv4_address_scope': None, 'ipv6_address_scope': None, 'description': '', 'tags': [], 'created_at': '2025-04-16T15:28:15Z', 'updated_at': '2025-04-16T15:28:15Z', 'revision_number': 1} available for tenant
2025-04-16 15:28:17.807 71251 INFO tempest.lib.common.rest_client [req-abcd72b1-b556-4942-b5ab-026f6e960485 req-abcd72b1-b556-4942-b5ab-026f6e960485 ] Request (ServerAddressesTestJSON:setUpClass): 200 GET http://10.180.1.21/compute/v2.1/servers/b0535c7e-465f-4e80-9b9b-b455b9c3a98c 0.772s
2025-04-16 15:28:17.822 71213 INFO tempest.lib.common.rest_client [req-fb7f8709-d48f-4af0-a46c-8d2e152cc945 req-fb7f8709-d48f-4af0-a46c-8d2e152cc945 ] Request (ListImageFiltersTestJSON:setUpClass): 200 GET http://10.180.1.21/compute/v2.1/servers/dc8a589e-3d62-4aab-9b44-85cb242b6a7c 0.720s
2025-04-16 15:28:17.841 71205 INFO tempest.lib.common.rest_client [req-8fa64e67-2e38-470b-826c-4b20d4e772ba req-8fa64e67-2e38-470b-826c-4b20d4e772ba ] Request (FlavorsV2TestJSON:tearDownClass): 200 GET http://10.180.1.21:9696/networking/v2.0/security-groups?tenant_id=b8a3075a0e214e17b52f192688cf07e8&name=default 0.265s
2025-04-16 15:28:17.875 71191 INFO tempest.lib.common.rest_client [req-fd6e9125-bfd4-41ed-b3a7-ef89e09f53e0 req-fd6e9125-bfd4-41ed-b3a7-ef89e09f53e0 ] Request (ServerDiskConfigTestJSON:test_rebuild_server_with_manual_disk_config): 200 GET http://10.180.1.21/compute/v2.1/servers/9c9d1dea-cafa-4e05-8f35-7a5eda4037db 0.623s
2025-04-16 15:28:17.899 71219 INFO tempest.lib.common.rest_client [req-9a34c052-0088-4780-b5b5-028d679387ac req-9a34c052-0088-4780-b5b5-028d679387ac ] Request (MigrationsAdminTest:test_list_migrations_in_flavor_resize_situation): 200 GET http://10.180.1.21/compute/v2.1/servers/2f666dec-7728-444d-aad8-e2506e890556 0.707s
2025-04-16 15:28:17.901 71247 INFO tempest.lib.common.rest_client [req-03660e9b-11fd-454a-a76f-a75817c97f11 req-03660e9b-11fd-454a-a76f-a75817c97f11 ] Request (VolumesAssistedSnapshotsTest:_run_cleanups): 200 GET http://10.180.1.21/compute/v2.1/servers/d42d1d63-4a32-4ce8-adef-ae483488c5aa/os-volume_attachments 0.564s
2025-04-16 15:28:17.947 71205 INFO tempest.lib.common.rest_client [req-b2fc0475-11f8-4a47-b537-e22252fd9553 req-b2fc0475-11f8-4a47-b537-e22252fd9553 ] Request (FlavorsV2TestJSON:tearDownClass): 204 DELETE http://10.180.1.21:9696/networking/v2.0/security-groups/c1c7de15-2969-4eb1-b292-3dab2c964fdc 0.105s
2025-04-16 15:28:17.948 71201 INFO tempest.lib.common.rest_client [req-723fe95b-64fb-484b-8096-1bae63d0c4b0 req-723fe95b-64fb-484b-8096-1bae63d0c4b0 ] Request (ServersTestMultiNic:test_verify_duplicate_network_nics): 200 GET http://10.180.1.21/compute/v2.1/servers/c10d4e2a-98bb-4195-841e-e22b89a22496 0.605s
2025-04-16 15:28:17.950 71217 INFO tempest.lib.common.rest_client [req-6fff5aec-6982-4fd7-8d73-842e8beb97ca req-6fff5aec-6982-4fd7-8d73-842e8beb97ca ] Request (InstanceActionsNegativeTestJSON:setUpClass): 200 GET http://10.180.1.21/compute/v2.1/servers/259f5513-b60b-4dd9-97ce-829ca51896d4 0.555s
2025-04-16 15:28:17.998 71207 INFO tempest.lib.common.rest_client [req-e9141a17-d029-4d46-a507-c707d14dda24 req-e9141a17-d029-4d46-a507-c707d14dda24 ] Request (ServerActionsTestJSON:setUpClass): 200 GET http://10.180.1.21/compute/v2.1/servers/f66bd22b-1de2-43cc-b2a5-154fedcd3692 0.578s
2025-04-16 15:28:17.999 71245 INFO tempest.lib.common.rest_client [req-430406e5-641c-4815-a8a6-abb09a9ccc85 req-430406e5-641c-4815-a8a6-abb09a9ccc85 ] Request (DeleteServersTestJSON:test_delete_server_while_in_attached_volume): 200 GET http://10.180.1.21/compute/v2.1/servers/a2fc32ff-5e81-4cd9-ad18-0d70707b1ab7 0.515s
2025-04-16 15:28:18.015 71205 INFO tempest.lib.common.rest_client [req-9f5613c4-32bc-47c8-9835-dbf84ed21767 req-9f5613c4-32bc-47c8-9835-dbf84ed21767 ] Request (FlavorsV2TestJSON:tearDownClass): 204 DELETE http://10.180.1.21/identity/v3/projects/b8a3075a0e214e17b52f192688cf07e8 0.067s
2025-04-16 15:28:18.043 71225 INFO tempest.lib.common.rest_client [req-8ee027fb-53de-4026-8c8a-a80b815f458b req-8ee027fb-53de-4026-8c8a-a80b815f458b ] Request (ServersAdminTestJSON:setUpClass): 200 GET http://10.180.1.21/compute/v2.1/servers/b206dfbe-342b-4b0a-9f43-b603205d8db7 0.551s
2025-04-16 15:28:18.071 71205 INFO tempest.lib.common.rest_client [req-77a1f25c-9b43-48dc-b52b-bad750c6425f req-77a1f25c-9b43-48dc-b52b-bad750c6425f ] Request (ImagesDeleteNegativeTestJSON:setUpClass): 201 POST http://10.180.1.21/identity/v3/auth/tokens 0.055s
2025-04-16 15:28:18.083 71253 INFO tempest.lib.common.rest_client [req-35ad2007-2e8c-4f1d-93f4-49a095f9c363 req-35ad2007-2e8c-4f1d-93f4-49a095f9c363 ] Request (FloatingIPsAssociationTestJSON:test_associate_disassociate_floating_ip): 200 GET http://10.180.1.21/compute/v2.1/os-floating-ips/2140887e-36b0-4f59-a6c1-3f29e1870a60 0.549s
2025-04-16 15:28:18.107 71197 INFO tempest.lib.common.rest_client [req-4ce4971c-fff4-48dc-83d5-171ac44a26a2 req-4ce4971c-fff4-48dc-83d5-171ac44a26a2 ] Request (ImagesNegativeTestJSON:test_create_image_from_deleted_server): 200 GET http://10.180.1.21/compute/v2.1/servers/61b1debe-9779-4eeb-abee-5fcc87cf6aaf 0.516s
2025-04-16 15:28:18.110 71205 INFO tempest.lib.common.rest_client [req-87ccc5f1-c949-430f-b0b2-1f004de515b7 req-87ccc5f1-c949-430f-b0b2-1f004de515b7 ] Request (ImagesDeleteNegativeTestJSON:setUpClass): 201 POST http://10.180.1.21/identity/v3/auth/tokens 0.036s
2025-04-16 15:28:18.145 71205 INFO tempest.lib.common.rest_client [req-97f0e01f-30f6-4d08-93f4-5ee93ac9876b req-97f0e01f-30f6-4d08-93f4-5ee93ac9876b ] Request (ImagesDeleteNegativeTestJSON:setUpClass): 200 GET http://10.180.1.21/identity/v3/domains?name=Default 0.034s
2025-04-16 15:28:18.167 71195 INFO tempest.lib.common.rest_client [req-0c23edb4-f2d1-48f7-a4be-c82e1aa6ced3 req-0c23edb4-f2d1-48f7-a4be-c82e1aa6ced3 ] Request (ServersAdmin275Test:tearDownClass): 200 GET http://10.180.1.21/compute/v2.1/servers/31674a28-a0b2-4b40-8c6e-ce45218a4d4b 0.521s
2025-04-16 15:28:18.186 71205 INFO tempest.lib.common.rest_client [req-3f628a35-cbe1-4672-883c-7694842a256a req-3f628a35-cbe1-4672-883c-7694842a256a ] Request (ImagesDeleteNegativeTestJSON:setUpClass): 201 POST http://10.180.1.21/identity/v3/projects 0.040s
2025-04-16 15:28:18.205 71193 INFO tempest.lib.common.rest_client [req-b07a66cd-e23b-4d81-8f48-4e1df1cdf803 req-b07a66cd-e23b-4d81-8f48-4e1df1cdf803 ] Request (ServersNegativeTestMultiTenantJSON:setUp): 200 GET http://10.180.1.21/compute/v2.1/servers/051c137c-ed83-4dc6-a3e0-7866c30605c5 0.570s
2025-04-16 15:28:18.254 71231 INFO tempest.lib.common.rest_client [req-172fda78-8706-4acf-b989-ed788c5fcfba req-172fda78-8706-4acf-b989-ed788c5fcfba ] Request (ImagesTestJSON:test_create_image_from_suspended_server): 200 GET http://10.180.1.21/compute/v2.1/servers/d1437bf9-19f4-40b1-b6ac-60a56bb5fff2 0.520s
2025-04-16 15:28:18.264 71231 INFO tempest.common.waiters [-] State transition "BUILD/None" ==> "BUILD/networking" after 24 second wait
2025-04-16 15:28:18.266 71215 INFO tempest.lib.common.rest_client [req-05e8ff36-8e91-423e-87e2-4a616e400873 req-05e8ff36-8e91-423e-87e2-4a616e400873 ] Request (VolumesTestJSON:test_volume_list_with_detail_param_limit): 200 GET http://10.180.1.21/compute/v2.1/os-volumes/detail?limit=2 0.506s
2025-04-16 15:28:18.286 71205 INFO tempest.lib.common.rest_client [req-3031f137-5074-41bf-8369-261553ddd3cd req-3031f137-5074-41bf-8369-261553ddd3cd ] Request (ImagesDeleteNegativeTestJSON:setUpClass): 201 POST http://10.180.1.21/identity/v3/users 0.098s
2025-04-16 15:28:18.311 71205 INFO tempest.lib.common.rest_client [req-e6e4f1d9-f784-499c-8447-018669e6df95 req-e6e4f1d9-f784-499c-8447-018669e6df95 ] Request (ImagesDeleteNegativeTestJSON:setUpClass): 200 GET http://10.180.1.21/identity/v3/roles 0.024s
2025-04-16 15:28:18.321 71211 INFO tempest.lib.common.rest_client [req-695da986-8fbd-468e-b773-6401ad91cce0 req-695da986-8fbd-468e-b773-6401ad91cce0 ] Request (SecurityGroupsTestJSON:test_server_security_groups): 200 GET http://10.180.1.21/compute/v2.1/servers/9e03ec3e-a5fe-47e0-9fee-3d86fa604b12 0.535s
2025-04-16 15:28:18.340 71205 INFO tempest.lib.common.rest_client [req-00e3d965-e48a-4620-86b9-ee2cf435be77 req-00e3d965-e48a-4620-86b9-ee2cf435be77 ] Request (ImagesDeleteNegativeTestJSON:setUpClass): 204 PUT http://10.180.1.21/identity/v3/projects/7d9bbc31f9934c3c9231c91e78b4cf3c/users/f4711ccf25c142fd9bf298ae5d0ae0c9/roles/75911c2eb97f430ab83f57a4aeac3e5b 0.028s
2025-04-16 15:28:18.340 71205 INFO tempest.lib.common.dynamic_creds [-] Dynamic test user f4711ccf25c142fd9bf298ae5d0ae0c9 is created with scope project and roles: ['member']
