2025-05-14 01:21:27.420 69700 INFO tempest.lib.common.rest_client [req-441e299a-ccab-4f3e-933c-fcf91db46a1c req-441e299a-ccab-4f3e-933c-fcf91db46a1c ] Request (ServerTagsTestJSON:test_update_all_tags): 200 GET http://10.180.1.21/compute/v2.1/servers/d2dd5502-8ae0-4800-9c38-71fc70e38f3d/tags 0.076s
2025-05-14 01:21:27.428 69678 INFO tempest.lib.common.rest_client [req-6802e4e8-aea2-474f-af2f-ae7c2d20f5ed req-6802e4e8-aea2-474f-af2f-ae7c2d20f5ed ] Request (VolumesAdminNegativeTest:test_update_attached_volume_with_nonexistent_volume_in_body): 200 GET http://10.180.1.21/volume/v3/volumes/e3334808-8eff-4daf-bf80-934af9bc8b34 0.035s
2025-05-14 01:21:27.484 69682 INFO tempest.lib.common.rest_client [req-cc4e83d6-a965-4454-8dbc-06ee8d1a2029 req-cc4e83d6-a965-4454-8dbc-06ee8d1a2029 ] Request (ServerShowV254Test:test_rebuild_server): 200 GET http://10.180.1.21/compute/v2.1/servers/c3c4d8dc-bc7f-4128-b323-341d335219cb 0.104s
2025-05-14 01:21:27.525 69674 INFO tempest.lib.common.rest_client [req-82208b15-3a85-413b-9505-3cb764ddf433 req-82208b15-3a85-413b-9505-3cb764ddf433 ] Request (ServersTestBootFromVolume:setUpClass): 200 GET http://10.180.1.21/compute/v2.1/servers/283fd941-f17d-4f36-b200-791f75bf7f97 0.201s
2025-05-14 01:21:27.549 69692 INFO tempest.lib.common.rest_client [req-f9893882-631f-43e9-a58a-43c18a107cc1 req-f9893882-631f-43e9-a58a-43c18a107cc1 ] Request (ServersTestMultiNic:test_verify_multiple_nics_order): 200 GET http://10.180.1.21/compute/v2.1/servers/ee7e33f7-25ba-46d1-84b8-07b05170a1b6 0.156s
2025-05-14 01:21:27.581 69700 INFO tempest.lib.common.rest_client [req-19c6d6cb-056f-4714-b966-c4c0299cbd91 req-19c6d6cb-056f-4714-b966-c4c0299cbd91 ] Request (ServerTagsTestJSON:_run_cleanups): 204 DELETE http://10.180.1.21/compute/v2.1/servers/d2dd5502-8ae0-4800-9c38-71fc70e38f3d/tags 0.160s
2025-05-14 01:21:27.603 69670 INFO tempest.lib.common.rest_client [req-e22b094b-3c92-4911-b30c-91fa1064bccb req-e22b094b-3c92-4911-b30c-91fa1064bccb ] Request (ServersWithSpecificFlavorTestJSON:test_verify_created_server_ephemeral_disk): 200 GET http://10.180.1.21/compute/v2.1/servers/57575546-660a-4ce5-b6b0-f0a0dfaa5169 0.142s
2025-05-14 01:21:27.648 69665 INFO tempest.lib.common.rest_client [req-7cb5d9fa-f946-4c16-bfba-5f29d80ea946 req-7cb5d9fa-f946-4c16-bfba-5f29d80ea946 ] Request (AttachInterfacesUnderV243Test:_run_cleanups): 200 GET http://10.180.1.21/compute/v2.1/servers/f89bfd02-b61d-4942-851d-d9678c913852 0.174s
2025-05-14 01:21:27.664 69656 INFO tempest.lib.common.rest_client [req-783fc6b3-8509-41fc-9b2a-5af8dbbe1070 req-783fc6b3-8509-41fc-9b2a-5af8dbbe1070 ] Request (MultipleCreateTestJSON:tearDownClass): 200 GET http://10.180.1.21/compute/v2.1/servers/ed59b5f6-30c7-4e93-8340-abd701b8a7e9 0.095s
2025-05-14 01:21:27.799 69706 INFO tempest.lib.common.rest_client [req-b91ce865-6e7c-4c77-b559-c4032a3f1e2e req-b91ce865-6e7c-4c77-b559-c4032a3f1e2e ] Request (ServerActionsTestOtherA:setUpClass): 200 GET http://10.180.1.21/compute/v2.1/servers/0e955a18-2f05-4164-9601-37ac243a5cbe 0.211s
2025-05-14 01:21:27.811 69700 INFO tempest.lib.common.rest_client [req-b7413005-8551-4f76-832d-772410c0de9b req-b7413005-8551-4f76-832d-772410c0de9b ] Request (ServerTagsTestJSON:tearDownClass): 204 DELETE http://10.180.1.21/compute/v2.1/servers/d2dd5502-8ae0-4800-9c38-71fc70e38f3d 0.228s
2025-05-14 01:21:27.878 69705 INFO tempest.lib.common.rest_client [req-f6ca900b-ba2b-40fb-a7ea-c8a10ef17270 req-f6ca900b-ba2b-40fb-a7ea-c8a10ef17270 ] Request (ServersAdmin275Test:test_rebuild_update_server_275): 200 GET http://10.180.1.21/compute/v2.1/servers/ed942bf3-996f-4c11-9a5e-eedb3d85b06e 0.223s
2025-05-14 01:21:27.881 69689 INFO tempest.lib.common.rest_client [req-26e502cd-5471-4a1b-b60f-4943e1f079f6 req-26e502cd-5471-4a1b-b60f-4943e1f079f6 ] Request (ServersAdminTestJSON:test_create_server_with_scheduling_hint): 200 GET http://10.180.1.21/compute/v2.1/servers/8f7563b6-b739-48f5-afcd-74ff590d32ef 0.196s
2025-05-14 01:21:27.889 69689 INFO tempest.common.waiters [-] State transition "BUILD/scheduling" ==> "BUILD/None" after 39 second wait
2025-05-14 01:21:27.949 69696 INFO tempest.lib.common.rest_client [req-6c87eab8-0692-4a1d-8bf7-10605ef94022 req-6c87eab8-0692-4a1d-8bf7-10605ef94022 ] Request (ImagesOneServerNegativeTestJSON:_run_cleanups): 200 GET http://10.180.1.21/compute/v2.1/servers/5149de8c-a780-42f3-b06e-8c51585a5329 0.248s
2025-05-14 01:21:27.956 69654 INFO tempest.lib.common.rest_client [req-b1f8df28-0538-4ec5-8969-2fcbb9a749ac req-b1f8df28-0538-4ec5-8969-2fcbb9a749ac ] Request (ServersNegativeTestMultiTenantJSON:setUpClass): 200 GET http://10.180.1.21/compute/v2.1/servers/6e9d6306-132d-4d57-8c21-507efe2dd8eb 0.190s
2025-05-14 01:21:28.046 69658 INFO tempest.lib.common.rest_client [req-dbccdde3-01f3-4f33-9189-3199582a3c9c req-dbccdde3-01f3-4f33-9189-3199582a3c9c ] Request (InstanceActionsNegativeTestJSON:setUpClass): 200 GET http://10.180.1.21/compute/v2.1/servers/a1ecf066-1131-4880-9e8b-cfc5296b0ba7 0.230s
2025-05-14 01:21:28.100 69700 INFO tempest.lib.common.rest_client [req-08581893-c805-4e1f-8e00-38c18a009ce3 req-08581893-c805-4e1f-8e00-38c18a009ce3 ] Request (ServerTagsTestJSON:tearDownClass): 200 GET http://10.180.1.21/compute/v2.1/servers/d2dd5502-8ae0-4800-9c38-71fc70e38f3d 0.288s
2025-05-14 01:21:28.106 69684 INFO tempest.lib.common.rest_client [req-fdc888c9-6532-4738-a140-dd0edb902e13 req-fdc888c9-6532-4738-a140-dd0edb902e13 ] Request (FloatingIPsAssociationTestJSON:test_associate_already_associated_floating_ip): 200 GET http://10.180.1.21/compute/v2.1/servers/ef27b1d5-1bb8-48ca-8ec1-149520bac6dd 0.241s
2025-05-14 01:21:28.169 69686 INFO tempest.lib.common.rest_client [req-4d37fcb8-169d-4b18-9502-94052131a670 req-4d37fcb8-169d-4b18-9502-94052131a670 ] Request (SecurityGroupsTestJSON:test_list_security_groups_by_server): 200 GET http://10.180.1.21/compute/v2.1/servers/23852d0d-1e37-458d-bc2f-453086768afc 0.223s
2025-05-14 01:21:28.173 69668 INFO tempest.lib.common.rest_client [req-64d17e2c-c4ca-44a1-9479-5763f82ff51a req-64d17e2c-c4ca-44a1-9479-5763f82ff51a ] Request (ServersV294TestFqdnHostnames:setUpClass): 200 GET http://10.180.1.21/compute/v2.1/servers/78a90f76-8aeb-4a74-a2a7-ee67621f8275 0.279s
2025-05-14 01:21:28.236 69680 INFO tempest.lib.common.rest_client [req-aa5af7dd-4f60-4620-a6b7-9fb7b2146f56 req-aa5af7dd-4f60-4620-a6b7-9fb7b2146f56 ] Request (ServerDiskConfigTestJSON:test_rebuild_server_with_auto_disk_config): 200 GET http://10.180.1.21/compute/v2.1/servers/e8d90ed7-91d5-4d19-a4d4-e200c43b3de2 0.233s
2025-05-14 01:21:28.252 69676 INFO tempest.lib.common.rest_client [req-276842ba-dddb-482e-92eb-801ae6f6fe30 req-276842ba-dddb-482e-92eb-801ae6f6fe30 ] Request (ServerDiagnosticsV248Test:tearDownClass): 200 GET http://10.180.1.21/compute/v2.1/servers/38c6330f-116c-4976-b127-e2b389e00475 0.229s
2025-05-14 01:21:28.301 69712 INFO tempest.lib.common.rest_client [req-ace964cd-bc4f-48ed-ba99-6e310f505160 req-ace964cd-bc4f-48ed-ba99-6e310f505160 ] Request (ServersTestJSON:test_create_server_specify_multibyte_character_name): 200 GET http://10.180.1.21/compute/v2.1/servers/6cfc2345-bf4f-401b-b09b-537b0f5671f4 0.219s
2025-05-14 01:21:28.314 69662 INFO tempest.lib.common.rest_client [req-e5f5138f-c7ac-4599-95ab-41aee6292fee req-e5f5138f-c7ac-4599-95ab-41aee6292fee ] Request (ServerShowV247Test:test_update_rebuild_list_server): 200 GET http://10.180.1.21/compute/v2.1/servers/2c5d994d-aa71-47bd-8ecd-f077dd409472 0.183s
2025-05-14 01:21:28.354 69652 INFO tempest.lib.common.rest_client [req-81a423b5-ff5f-4586-a08c-93e93164144a req-81a423b5-ff5f-4586-a08c-93e93164144a ] Request (ListImageFiltersTestJSON:setUpClass): 200 GET http://10.180.1.21/compute/v2.1/images/1a07380e-c2b2-456e-9328-fd2806e1bebf 0.088s
2025-05-14 01:21:28.357 69666 INFO tempest.lib.common.rest_client [req-ab5947db-aabd-4f08-8fe1-cb607865bea0 req-ab5947db-aabd-4f08-8fe1-cb607865bea0 ] Request (MigrationsAdminTest:test_resize_server_revert_deleted_flavor): 200 GET http://10.180.1.21/compute/v2.1/servers/a1ab1f2f-0e69-4483-9271-45a85b69608c 0.130s
2025-05-14 01:21:28.464 69678 INFO tempest.lib.common.rest_client [req-5651177c-e1a4-4cc9-a632-2475015c6b69 req-5651177c-e1a4-4cc9-a632-2475015c6b69 ] Request (VolumesAdminNegativeTest:test_update_attached_volume_with_nonexistent_volume_in_body): 200 GET http://10.180.1.21/volume/v3/volumes/e3334808-8eff-4daf-bf80-934af9bc8b34 0.028s
2025-05-14 01:21:28.485 69698 INFO tempest.lib.common.rest_client [req-ee9b0870-a4af-4702-b7b3-8884ca9cde9a req-ee9b0870-a4af-4702-b7b3-8884ca9cde9a ] Request (ServersAdminNegativeTestJSON:test_migrate_server_invalid_state): 200 GET http://10.180.1.21/compute/v2.1/servers/d9bfc0a0-60da-4491-9c2e-14dfa871b025 0.075s
2025-05-14 01:21:28.555 69682 INFO tempest.lib.common.rest_client [req-558e6991-2e54-461e-9714-3e6b8684ba7a req-558e6991-2e54-461e-9714-3e6b8684ba7a ] Request (ServerShowV254Test:test_rebuild_server): 200 GET http://10.180.1.21/compute/v2.1/servers/c3c4d8dc-bc7f-4128-b323-341d335219cb 0.059s
2025-05-14 01:21:28.557 69694 INFO tempest.lib.common.rest_client [req-85e75e38-f900-4978-92e5-77bd1c9878b6 req-85e75e38-f900-4978-92e5-77bd1c9878b6 ] Request (ServersTestManualDisk:setUpClass): 200 GET http://10.180.1.21/compute/v2.1/servers/952742cc-1231-4064-9d92-e28e196553c1 0.150s
2025-05-14 01:21:28.564 69694 INFO tempest.common.waiters [-] State transition "BUILD/networking" ==> "BUILD/block_device_mapping" after 64 second wait
2025-05-14 01:21:28.627 69692 INFO tempest.lib.common.rest_client [req-9ca4e3e7-1d6f-4ba5-af7e-a46d0c44b62c req-9ca4e3e7-1d6f-4ba5-af7e-a46d0c44b62c ] Request (ServersTestMultiNic:test_verify_multiple_nics_order): 200 GET http://10.180.1.21/compute/v2.1/servers/ee7e33f7-25ba-46d1-84b8-07b05170a1b6 0.065s
2025-05-14 01:21:28.665 69674 INFO tempest.lib.common.rest_client [req-9ed5699f-5535-4b58-bfde-3d50610f9aef req-9ed5699f-5535-4b58-bfde-3d50610f9aef ] Request (ServersTestBootFromVolume:setUpClass): 200 GET http://10.180.1.21/compute/v2.1/servers/283fd941-f17d-4f36-b200-791f75bf7f97 0.130s
2025-05-14 01:21:28.682 69670 INFO tempest.lib.common.rest_client [req-57b27e21-b91a-454e-9861-69bb8e44faa5 req-57b27e21-b91a-454e-9861-69bb8e44faa5 ] Request (ServersWithSpecificFlavorTestJSON:test_verify_created_server_ephemeral_disk): 200 GET http://10.180.1.21/compute/v2.1/servers/57575546-660a-4ce5-b6b0-f0a0dfaa5169 0.071s
2025-05-14 01:21:28.735 69665 INFO tempest.lib.common.rest_client [req-ba15e616-cb37-4f43-aa7b-518e7d58c5a5 req-ba15e616-cb37-4f43-aa7b-518e7d58c5a5 ] Request (AttachInterfacesUnderV243Test:_run_cleanups): 200 GET http://10.180.1.21/compute/v2.1/servers/f89bfd02-b61d-4942-851d-d9678c913852 0.079s
2025-05-14 01:21:28.745 69656 INFO tempest.lib.common.rest_client [req-3c87e8a1-ab26-46b3-a752-82c945610aaf req-3c87e8a1-ab26-46b3-a752-82c945610aaf ] Request (MultipleCreateTestJSON:tearDownClass): 200 GET http://10.180.1.21/compute/v2.1/servers/ed59b5f6-30c7-4e93-8340-abd701b8a7e9 0.073s
2025-05-14 01:21:28.912 69706 INFO tempest.lib.common.rest_client [req-61d68790-f974-424c-94ab-b8317033849d req-61d68790-f974-424c-94ab-b8317033849d ] Request (ServerActionsTestOtherA:setUpClass): 200 GET http://10.180.1.21/compute/v2.1/servers/0e955a18-2f05-4164-9601-37ac243a5cbe 0.102s
2025-05-14 01:21:28.963 69705 INFO tempest.lib.common.rest_client [req-39cd371b-b065-47d8-ba10-30abdff4edd9 req-39cd371b-b065-47d8-ba10-30abdff4edd9 ] Request (ServersAdmin275Test:test_rebuild_update_server_275): 200 GET http://10.180.1.21/compute/v2.1/servers/ed942bf3-996f-4c11-9a5e-eedb3d85b06e 0.074s
2025-05-14 01:21:28.977 69705 INFO tempest.common.waiters [-] State transition "REBUILD/rebuild_spawning" ==> "ACTIVE/None" after 9 second wait
2025-05-14 01:21:28.978 69689 INFO tempest.lib.common.rest_client [req-af114a6c-8875-4238-83bd-176c3aba8c8c req-af114a6c-8875-4238-83bd-176c3aba8c8c ] Request (ServersAdminTestJSON:test_create_server_with_scheduling_hint): 200 GET http://10.180.1.21/compute/v2.1/servers/8f7563b6-b739-48f5-afcd-74ff590d32ef 0.088s
2025-05-14 01:21:29.033 69696 INFO tempest.lib.common.rest_client [req-be374a40-d8fd-4b74-8acb-99e6c11d9755 req-be374a40-d8fd-4b74-8acb-99e6c11d9755 ] Request (ImagesOneServerNegativeTestJSON:_run_cleanups): 200 GET http://10.180.1.21/compute/v2.1/servers/5149de8c-a780-42f3-b06e-8c51585a5329 0.072s
2025-05-14 01:21:29.051 69654 INFO tempest.lib.common.rest_client [req-4c555a07-785a-48d3-ba19-515e101cda3a req-4c555a07-785a-48d3-ba19-515e101cda3a ] Request (ServersNegativeTestMultiTenantJSON:setUpClass): 200 GET http://10.180.1.21/compute/v2.1/servers/6e9d6306-132d-4d57-8c21-507efe2dd8eb 0.081s
2025-05-14 01:21:29.117 69658 INFO tempest.lib.common.rest_client [req-14ee0050-196d-40a9-9f1e-5327c69af4dd req-14ee0050-196d-40a9-9f1e-5327c69af4dd ] Request (InstanceActionsNegativeTestJSON:setUpClass): 200 GET http://10.180.1.21/compute/v2.1/servers/a1ecf066-1131-4880-9e8b-cfc5296b0ba7 0.062s
2025-05-14 01:21:29.262 69700 INFO tempest.lib.common.rest_client [req-41b2879c-b2fe-4802-81aa-9cfa01fab2f5 req-41b2879c-b2fe-4802-81aa-9cfa01fab2f5 ] Request (ServerTagsTestJSON:tearDownClass): 200 GET http://10.180.1.21/compute/v2.1/servers/d2dd5502-8ae0-4800-9c38-71fc70e38f3d 0.152s
2025-05-14 01:21:29.341 69684 INFO tempest.lib.common.rest_client [req-287b7b06-8a69-42d1-8bb4-fcf00cfb415e req-287b7b06-8a69-42d1-8bb4-fcf00cfb415e ] Request (FloatingIPsAssociationTestJSON:test_associate_already_associated_floating_ip): 200 GET http://10.180.1.21/compute/v2.1/servers/ef27b1d5-1bb8-48ca-8ec1-149520bac6dd 0.226s
2025-05-14 01:21:29.417 69686 INFO tempest.lib.common.rest_client [req-7829fee7-0ae5-4d74-9987-a0d92cdad95e req-7829fee7-0ae5-4d74-9987-a0d92cdad95e ] Request (SecurityGroupsTestJSON:test_list_security_groups_by_server): 200 GET http://10.180.1.21/compute/v2.1/servers/23852d0d-1e37-458d-bc2f-453086768afc 0.239s
2025-05-14 01:21:29.458 69705 INFO tempest.lib.common.rest_client [req-5fce538b-0438-4e53-8afe-029d347f937d req-5fce538b-0438-4e53-8afe-029d347f937d ] Request (ServersAdmin275Test:test_rebuild_update_server_275): 202 POST http://10.180.1.21/compute/v2.1/servers/ed942bf3-996f-4c11-9a5e-eedb3d85b06e/action 0.481s
2025-05-14 01:21:29.492 69668 INFO tempest.lib.common.rest_client [req-f3dddafe-5bb3-4cba-9996-758ce16bf48f req-f3dddafe-5bb3-4cba-9996-758ce16bf48f ] Request (ServersV294TestFqdnHostnames:setUpClass): 200 GET http://10.180.1.21/compute/v2.1/servers/78a90f76-8aeb-4a74-a2a7-ee67621f8275 0.308s
2025-05-14 01:21:29.519 69678 INFO tempest.lib.common.rest_client [req-7987682a-211a-41ae-ad69-fb308ea74a0d req-7987682a-211a-41ae-ad69-fb308ea74a0d ] Request (VolumesAdminNegativeTest:test_update_attached_volume_with_nonexistent_volume_in_body): 200 GET http://10.180.1.21/volume/v3/volumes/e3334808-8eff-4daf-bf80-934af9bc8b34 0.046s
2025-05-14 01:21:29.521 69680 INFO tempest.lib.common.rest_client [req-ee793d55-3d9a-409a-a0aa-8d100a8a2810 req-ee793d55-3d9a-409a-a0aa-8d100a8a2810 ] Request (ServerDiskConfigTestJSON:test_rebuild_server_with_auto_disk_config): 200 GET http://10.180.1.21/compute/v2.1/servers/e8d90ed7-91d5-4d19-a4d4-e200c43b3de2 0.272s
2025-05-14 01:21:29.567 69676 INFO tempest.lib.common.rest_client [req-c6f56353-a629-4ec2-ac19-d65b9317b830 req-c6f56353-a629-4ec2-ac19-d65b9317b830 ] Request (ServerDiagnosticsV248Test:tearDownClass): 200 GET http://10.180.1.21/compute/v2.1/servers/38c6330f-116c-4976-b127-e2b389e00475 0.304s
2025-05-14 01:21:29.589 69712 INFO tempest.lib.common.rest_client [req-ab57d15a-b683-4d45-8154-fce8347d906f req-ab57d15a-b683-4d45-8154-fce8347d906f ] Request (ServersTestJSON:test_create_server_specify_multibyte_character_name): 200 GET http://10.180.1.21/compute/v2.1/servers/6cfc2345-bf4f-401b-b09b-537b0f5671f4 0.279s
2025-05-14 01:21:29.626 69652 INFO tempest.lib.common.rest_client [req-ba3e7d2c-f2ae-4e20-84d4-0e0c17b31a66 req-ba3e7d2c-f2ae-4e20-84d4-0e0c17b31a66 ] Request (ListImageFiltersTestJSON:setUpClass): 200 GET http://10.180.1.21/compute/v2.1/images/1a07380e-c2b2-456e-9328-fd2806e1bebf 0.267s
2025-05-14 01:21:29.636 69662 INFO tempest.lib.common.rest_client [req-dd29935a-bd5a-4de0-aee8-9e3619dc3bf0 req-dd29935a-bd5a-4de0-aee8-9e3619dc3bf0 ] Request (ServerShowV247Test:test_update_rebuild_list_server): 200 GET http://10.180.1.21/compute/v2.1/servers/2c5d994d-aa71-47bd-8ecd-f077dd409472 0.301s
2025-05-14 01:21:29.685 69666 INFO tempest.lib.common.rest_client [req-1e8cc210-8056-4ce9-b45b-ba5485675e17 req-1e8cc210-8056-4ce9-b45b-ba5485675e17 ] Request (MigrationsAdminTest:test_resize_server_revert_deleted_flavor): 200 GET http://10.180.1.21/compute/v2.1/servers/a1ab1f2f-0e69-4483-9271-45a85b69608c 0.320s
2025-05-14 01:21:29.724 69705 INFO tempest.lib.common.rest_client [req-77cc470d-8496-42ad-b6e8-ff7555e66407 req-77cc470d-8496-42ad-b6e8-ff7555e66407 ] Request (ServersAdmin275Test:_run_cleanups): 200 GET http://10.180.1.21/compute/v2.1/servers/ed942bf3-996f-4c11-9a5e-eedb3d85b06e 0.254s
2025-05-14 01:21:29.735 69698 INFO tempest.lib.common.rest_client [req-d8536ac7-c474-438b-8f7a-712a72b714ce req-d8536ac7-c474-438b-8f7a-712a72b714ce ] Request (ServersAdminNegativeTestJSON:test_migrate_server_invalid_state): 200 GET http://10.180.1.21/compute/v2.1/servers/d9bfc0a0-60da-4491-9c2e-14dfa871b025 0.240s
2025-05-14 01:21:29.803 69682 INFO tempest.lib.common.rest_client [req-29b33f97-5671-4bf2-b8f7-33147eba45b5 req-29b33f97-5671-4bf2-b8f7-33147eba45b5 ] Request (ServerShowV254Test:test_rebuild_server): 200 GET http://10.180.1.21/compute/v2.1/servers/c3c4d8dc-bc7f-4128-b323-341d335219cb 0.238s
2025-05-14 01:21:29.848 69694 INFO tempest.lib.common.rest_client [req-a49374ef-c192-4a06-a5b3-a45bbf5dd9a1 req-a49374ef-c192-4a06-a5b3-a45bbf5dd9a1 ] Request (ServersTestManualDisk:setUpClass): 200 GET http://10.180.1.21/compute/v2.1/servers/952742cc-1231-4064-9d92-e28e196553c1 0.283s
2025-05-14 01:21:29.857 69694 INFO tempest.common.waiters [-] State transition "BUILD/block_device_mapping" ==> "BUILD/spawning" after 65 second wait
2025-05-14 01:21:29.863 69692 INFO tempest.lib.common.rest_client [req-1a0c6596-633e-4389-a04b-c624e5519b57 req-1a0c6596-633e-4389-a04b-c624e5519b57 ] Request (ServersTestMultiNic:test_verify_multiple_nics_order): 200 GET http://10.180.1.21/compute/v2.1/servers/ee7e33f7-25ba-46d1-84b8-07b05170a1b6 0.228s
2025-05-14 01:21:29.926 69670 INFO tempest.lib.common.rest_client [req-9ca39246-3f73-4b03-9261-2bbb077760d2 req-9ca39246-3f73-4b03-9261-2bbb077760d2 ] Request (ServersWithSpecificFlavorTestJSON:test_verify_created_server_ephemeral_disk): 200 GET http://10.180.1.21/compute/v2.1/servers/57575546-660a-4ce5-b6b0-f0a0dfaa5169 0.235s
2025-05-14 01:21:29.970 69674 INFO tempest.lib.common.rest_client [req-bdd660f0-fb83-4910-80da-e41a85c5c8b4 req-bdd660f0-fb83-4910-80da-e41a85c5c8b4 ] Request (ServersTestBootFromVolume:setUpClass): 200 GET http://10.180.1.21/compute/v2.1/servers/283fd941-f17d-4f36-b200-791f75bf7f97 0.296s
2025-05-14 01:21:30.000 69665 INFO tempest.lib.common.rest_client [req-eec36345-9788-4056-9b02-395875921e71 req-eec36345-9788-4056-9b02-395875921e71 ] Request (AttachInterfacesUnderV243Test:_run_cleanups): 200 GET http://10.180.1.21/compute/v2.1/servers/f89bfd02-b61d-4942-851d-d9678c913852 0.257s
2025-05-14 01:21:30.032 69656 INFO tempest.lib.common.rest_client [req-e0fc7c94-3d92-4e25-93e5-110821bc3ed1 req-e0fc7c94-3d92-4e25-93e5-110821bc3ed1 ] Request (MultipleCreateTestJSON:tearDownClass): 200 GET http://10.180.1.21/compute/v2.1/servers/ed59b5f6-30c7-4e93-8340-abd701b8a7e9 0.279s
2025-05-14 01:21:30.088 69689 INFO tempest.lib.common.rest_client [req-badad054-45b3-4370-8e35-c5f3348a404a req-badad054-45b3-4370-8e35-c5f3348a404a ] Request (ServersAdminTestJSON:test_create_server_with_scheduling_hint): 200 GET http://10.180.1.21/compute/v2.1/servers/8f7563b6-b739-48f5-afcd-74ff590d32ef 0.093s
2025-05-14 01:21:30.107 69706 INFO tempest.lib.common.rest_client [req-c8d76d50-59f6-42fb-82ef-eadd2c209313 req-c8d76d50-59f6-42fb-82ef-eadd2c209313 ] Request (ServerActionsTestOtherA:setUpClass): 200 GET http://10.180.1.21/compute/v2.1/servers/0e955a18-2f05-4164-9601-37ac243a5cbe 0.186s
2025-05-14 01:21:30.159 69654 INFO tempest.lib.common.rest_client [req-2fc9702e-72e2-4728-95b7-03be08cb60e3 req-2fc9702e-72e2-4728-95b7-03be08cb60e3 ] Request (ServersNegativeTestMultiTenantJSON:setUpClass): 200 GET http://10.180.1.21/compute/v2.1/servers/6e9d6306-132d-4d57-8c21-507efe2dd8eb 0.092s
2025-05-14 01:21:30.169 69696 INFO tempest.lib.common.rest_client [req-21217994-6e08-495a-a0df-718f79223617 req-21217994-6e08-495a-a0df-718f79223617 ] Request (ImagesOneServerNegativeTestJSON:_run_cleanups): 200 GET http://10.180.1.21/compute/v2.1/servers/5149de8c-a780-42f3-b06e-8c51585a5329 0.124s
2025-05-14 01:21:30.459 69658 INFO tempest.lib.common.rest_client [req-0045d65e-4722-4bd8-9c33-2a4aa64bb779 req-0045d65e-4722-4bd8-9c33-2a4aa64bb779 ] Request (InstanceActionsNegativeTestJSON:setUpClass): 200 GET http://10.180.1.21/compute/v2.1/servers/a1ecf066-1131-4880-9e8b-cfc5296b0ba7 0.330s
2025-05-14 01:21:30.520 69684 INFO tempest.lib.common.rest_client [req-662de1b0-9afc-4a5a-bf17-a00192337584 req-662de1b0-9afc-4a5a-bf17-a00192337584 ] Request (FloatingIPsAssociationTestJSON:test_associate_already_associated_floating_ip): 200 GET http://10.180.1.21/compute/v2.1/servers/ef27b1d5-1bb8-48ca-8ec1-149520bac6dd 0.167s
2025-05-14 01:21:30.560 69700 INFO tempest.lib.common.rest_client [req-5b309a6b-b6d0-4e6a-b364-2b385570b20e req-5b309a6b-b6d0-4e6a-b364-2b385570b20e ] Request (ServerTagsTestJSON:tearDownClass): 200 GET http://10.180.1.21/compute/v2.1/servers/d2dd5502-8ae0-4800-9c38-71fc70e38f3d 0.288s
2025-05-14 01:21:30.568 69678 INFO tempest.lib.common.rest_client [req-09fc4425-5025-4b48-9d87-5dc15cec3eda req-09fc4425-5025-4b48-9d87-5dc15cec3eda ] Request (VolumesAdminNegativeTest:test_update_attached_volume_with_nonexistent_volume_in_body): 200 GET http://10.180.1.21/volume/v3/volumes/e3334808-8eff-4daf-bf80-934af9bc8b34 0.039s
2025-05-14 01:21:30.580 69686 INFO tempest.lib.common.rest_client [req-dd906dca-9e54-40f6-8f14-8410fd8c9039 req-dd906dca-9e54-40f6-8f14-8410fd8c9039 ] Request (SecurityGroupsTestJSON:test_list_security_groups_by_server): 200 GET http://10.180.1.21/compute/v2.1/servers/23852d0d-1e37-458d-bc2f-453086768afc 0.155s
2025-05-14 01:21:30.643 69680 INFO tempest.lib.common.rest_client [req-e4aad9a8-8aed-47e7-ac89-d8038e3a3624 req-e4aad9a8-8aed-47e7-ac89-d8038e3a3624 ] Request (ServerDiskConfigTestJSON:test_rebuild_server_with_auto_disk_config): 200 GET http://10.180.1.21/compute/v2.1/servers/e8d90ed7-91d5-4d19-a4d4-e200c43b3de2 0.110s
2025-05-14 01:21:30.652 69668 INFO tempest.lib.common.rest_client [req-95eea72f-9adf-4c14-aaaf-59035a578682 req-95eea72f-9adf-4c14-aaaf-59035a578682 ] Request (ServersV294TestFqdnHostnames:setUpClass): 200 GET http://10.180.1.21/compute/v2.1/servers/78a90f76-8aeb-4a74-a2a7-ee67621f8275 0.146s
2025-05-14 01:21:30.721 69676 INFO tempest.lib.common.rest_client [req-750b2e9b-26be-4b6e-95c5-bfee1613457f req-750b2e9b-26be-4b6e-95c5-bfee1613457f ] Request (ServerDiagnosticsV248Test:tearDownClass): 200 GET http://10.180.1.21/compute/v2.1/servers/38c6330f-116c-4976-b127-e2b389e00475 0.139s
2025-05-14 01:21:30.721 69712 INFO tempest.lib.common.rest_client [req-ff28112e-0937-43eb-bea3-c04d87704b65 req-ff28112e-0937-43eb-bea3-c04d87704b65 ] Request (ServersTestJSON:test_create_server_specify_multibyte_character_name): 200 GET http://10.180.1.21/compute/v2.1/servers/6cfc2345-bf4f-401b-b09b-537b0f5671f4 0.120s
2025-05-14 01:21:30.763 69652 INFO tempest.lib.common.rest_client [req-75a49e0b-35c0-401f-b97b-12944dd445aa req-75a49e0b-35c0-401f-b97b-12944dd445aa ] Request (ListImageFiltersTestJSON:setUpClass): 200 GET http://10.180.1.21/compute/v2.1/images/1a07380e-c2b2-456e-9328-fd2806e1bebf 0.130s
2025-05-14 01:21:30.794 69662 INFO tempest.lib.common.rest_client [req-d9c37855-603c-4e26-954b-ab5911e069c9 req-d9c37855-603c-4e26-954b-ab5911e069c9 ] Request (ServerShowV247Test:test_update_rebuild_list_server): 200 GET http://10.180.1.21/compute/v2.1/servers/2c5d994d-aa71-47bd-8ecd-f077dd409472 0.144s
2025-05-14 01:21:30.819 69666 INFO tempest.lib.common.rest_client [req-cea0b77c-3a73-4ad3-af03-b8c7ae658600 req-cea0b77c-3a73-4ad3-af03-b8c7ae658600 ] Request (MigrationsAdminTest:test_resize_server_revert_deleted_flavor): 200 GET http://10.180.1.21/compute/v2.1/servers/a1ab1f2f-0e69-4483-9271-45a85b69608c 0.123s
2025-05-14 01:21:30.862 69705 INFO tempest.lib.common.rest_client [req-7f5b748a-655c-45a6-a407-f804a423c334 req-7f5b748a-655c-45a6-a407-f804a423c334 ] Request (ServersAdmin275Test:_run_cleanups): 200 GET http://10.180.1.21/compute/v2.1/servers/ed942bf3-996f-4c11-9a5e-eedb3d85b06e 0.125s
2025-05-14 01:21:30.870 69698 INFO tempest.lib.common.rest_client [req-08e24b8d-354e-4a8b-a7a8-ca558ace8fe1 req-08e24b8d-354e-4a8b-a7a8-ca558ace8fe1 ] Request (ServersAdminNegativeTestJSON:test_migrate_server_invalid_state): 200 GET http://10.180.1.21/compute/v2.1/servers/d9bfc0a0-60da-4491-9c2e-14dfa871b025 0.126s
2025-05-14 01:21:30.967 69682 INFO tempest.lib.common.rest_client [req-459d7016-d0fd-4a41-93ba-db2a32b53056 req-459d7016-d0fd-4a41-93ba-db2a32b53056 ] Request (ServerShowV254Test:test_rebuild_server): 200 GET http://10.180.1.21/compute/v2.1/servers/c3c4d8dc-bc7f-4128-b323-341d335219cb 0.153s
2025-05-14 01:21:31.033 69694 INFO tempest.lib.common.rest_client [req-203b6d19-3397-4c53-807c-e2c37a2f5615 req-203b6d19-3397-4c53-807c-e2c37a2f5615 ] Request (ServersTestManualDisk:setUpClass): 200 GET http://10.180.1.21/compute/v2.1/servers/952742cc-1231-4064-9d92-e28e196553c1 0.174s
2025-05-14 01:21:31.046 69692 INFO tempest.lib.common.rest_client [req-8e4ddf31-1b96-4763-b2d3-1e5f53e999c5 req-8e4ddf31-1b96-4763-b2d3-1e5f53e999c5 ] Request (ServersTestMultiNic:test_verify_multiple_nics_order): 200 GET http://10.180.1.21/compute/v2.1/servers/ee7e33f7-25ba-46d1-84b8-07b05170a1b6 0.174s
2025-05-14 01:21:31.101 69670 INFO tempest.lib.common.rest_client [req-b50e0bfe-a007-4ebe-8631-350f85a977fe req-b50e0bfe-a007-4ebe-8631-350f85a977fe ] Request (ServersWithSpecificFlavorTestJSON:test_verify_created_server_ephemeral_disk): 200 GET http://10.180.1.21/compute/v2.1/servers/57575546-660a-4ce5-b6b0-f0a0dfaa5169 0.165s
2025-05-14 01:21:31.175 69665 INFO tempest.lib.common.rest_client [req-51d81ad4-5da3-4bf0-a33d-107696cafc31 req-51d81ad4-5da3-4bf0-a33d-107696cafc31 ] Request (AttachInterfacesUnderV243Test:_run_cleanups): 200 GET http://10.180.1.21/compute/v2.1/servers/f89bfd02-b61d-4942-851d-d9678c913852 0.166s
2025-05-14 01:21:31.182 69674 INFO tempest.lib.common.rest_client [req-3895e445-b456-429d-b6cf-07bb61fd2cc0 req-3895e445-b456-429d-b6cf-07bb61fd2cc0 ] Request (ServersTestBootFromVolume:setUpClass): 200 GET http://10.180.1.21/compute/v2.1/servers/283fd941-f17d-4f36-b200-791f75bf7f97 0.203s
2025-05-14 01:21:31.240 69689 INFO tempest.lib.common.rest_client [req-c3b124d5-3398-45ac-a767-0e98ee6ead9e req-c3b124d5-3398-45ac-a767-0e98ee6ead9e ] Request (ServersAdminTestJSON:test_create_server_with_scheduling_hint): 200 GET http://10.180.1.21/compute/v2.1/servers/8f7563b6-b739-48f5-afcd-74ff590d32ef 0.143s
2025-05-14 01:21:31.256 69656 INFO tempest.lib.common.rest_client [req-269677f7-fcb4-4f3d-8273-9689d8647fae req-269677f7-fcb4-4f3d-8273-9689d8647fae ] Request (MultipleCreateTestJSON:tearDownClass): 200 GET http://10.180.1.21/compute/v2.1/servers/ed59b5f6-30c7-4e93-8340-abd701b8a7e9 0.215s
2025-05-14 01:21:31.319 69654 INFO tempest.lib.common.rest_client [req-5ab900b0-6399-4ec2-b6c9-5448aa9cc55a req-5ab900b0-6399-4ec2-b6c9-5448aa9cc55a ] Request (ServersNegativeTestMultiTenantJSON:setUpClass): 200 GET http://10.180.1.21/compute/v2.1/servers/6e9d6306-132d-4d57-8c21-507efe2dd8eb 0.151s
2025-05-14 01:21:31.376 69696 INFO tempest.lib.common.rest_client [req-c2abfd2c-bd3b-495a-9e39-2156b6b86ffd req-c2abfd2c-bd3b-495a-9e39-2156b6b86ffd ] Request (ImagesOneServerNegativeTestJSON:_run_cleanups): 200 GET http://10.180.1.21/compute/v2.1/servers/5149de8c-a780-42f3-b06e-8c51585a5329 0.200s
2025-05-14 01:21:31.414 69706 INFO tempest.lib.common.rest_client [req-84d923a8-c9e7-47e2-aa37-6e1e6d1addef req-84d923a8-c9e7-47e2-aa37-6e1e6d1addef ] Request (ServerActionsTestOtherA:setUpClass): 200 GET http://10.180.1.21/compute/v2.1/servers/0e955a18-2f05-4164-9601-37ac243a5cbe 0.299s
2025-05-14 01:21:31.536 69672 WARNING tempest.lib.common.ssh [-] Failed to establish authenticated ssh connection to cirros@10.180.180.217 ([Errno None] Unable to connect to port 22 on 10.180.180.217). Number attempts: 11. Retry after 12 seconds.: paramiko.ssh_exception.NoValidConnectionsError: [Errno None] Unable to connect to port 22 on 10.180.180.217
2025-05-14 01:21:31.539 69658 INFO tempest.lib.common.rest_client [req-d4c2f12d-a8ed-4df4-b6b7-1d3088922b86 req-d4c2f12d-a8ed-4df4-b6b7-1d3088922b86 ] Request (InstanceActionsNegativeTestJSON:setUpClass): 200 GET http://10.180.1.21/compute/v2.1/servers/a1ecf066-1131-4880-9e8b-cfc5296b0ba7 0.072s
2025-05-14 01:21:31.598 69684 INFO tempest.lib.common.rest_client [req-bde87033-70f5-4095-8fd8-501652e30f94 req-bde87033-70f5-4095-8fd8-501652e30f94 ] Request (FloatingIPsAssociationTestJSON:test_associate_already_associated_floating_ip): 200 GET http://10.180.1.21/compute/v2.1/servers/ef27b1d5-1bb8-48ca-8ec1-149520bac6dd 0.070s
2025-05-14 01:21:31.613 69678 INFO tempest.lib.common.rest_client [req-b868d822-5dd2-4e87-870f-ed0bfd640abc req-b868d822-5dd2-4e87-870f-ed0bfd640abc ] Request (VolumesAdminNegativeTest:test_update_attached_volume_with_nonexistent_volume_in_body): 200 GET http://10.180.1.21/volume/v3/volumes/e3334808-8eff-4daf-bf80-934af9bc8b34 0.037s
2025-05-14 01:21:31.621 69678 INFO tempest.common.waiters [-] Attachment 03a7a664-eed5-48e6-a320-7ae86f3d2442 created for volume e3334808-8eff-4daf-bf80-934af9bc8b34 to server 5e27405c-eeb5-4af1-baf5-f9386393587e after waiting for 8.621224 seconds
2025-05-14 01:21:31.637 69700 INFO tempest.lib.common.rest_client [req-43ef0b80-16a4-46e5-9d1f-fbc56e3a771f req-43ef0b80-16a4-46e5-9d1f-fbc56e3a771f ] Request (ServerTagsTestJSON:tearDownClass): 200 GET http://10.180.1.21/compute/v2.1/servers/d2dd5502-8ae0-4800-9c38-71fc70e38f3d 0.067s
2025-05-14 01:21:31.650 69678 INFO tempest.lib.common.rest_client [req-2dd1b1b3-7802-4ce2-bf3b-66952ffa131a req-2dd1b1b3-7802-4ce2-bf3b-66952ffa131a ] Request (VolumesAdminNegativeTest:test_update_attached_volume_with_nonexistent_volume_in_body): 200 GET http://10.180.1.21/volume/v3/volumes/e3334808-8eff-4daf-bf80-934af9bc8b34 0.029s
2025-05-14 01:21:31.658 69678 INFO tempest.common.waiters [-] volume e3334808-8eff-4daf-bf80-934af9bc8b34 reached in-use after waiting for 0.658165 seconds
2025-05-14 01:21:31.662 69686 INFO tempest.lib.common.rest_client [req-2ad14239-05ea-4eee-a47b-c3fa6642362a req-2ad14239-05ea-4eee-a47b-c3fa6642362a ] Request (SecurityGroupsTestJSON:test_list_security_groups_by_server): 200 GET http://10.180.1.21/compute/v2.1/servers/23852d0d-1e37-458d-bc2f-453086768afc 0.073s
2025-05-14 01:21:31.704 69680 INFO tempest.lib.common.rest_client [req-9bf684fb-261e-47aa-94d3-e933cfc86171 req-9bf684fb-261e-47aa-94d3-e933cfc86171 ] Request (ServerDiskConfigTestJSON:test_rebuild_server_with_auto_disk_config): 200 GET http://10.180.1.21/compute/v2.1/servers/e8d90ed7-91d5-4d19-a4d4-e200c43b3de2 0.052s
2025-05-14 01:21:31.764 69668 INFO tempest.lib.common.rest_client [req-4b19c7d7-634f-489d-bc15-3daddf902f0f req-4b19c7d7-634f-489d-bc15-3daddf902f0f ] Request (ServersV294TestFqdnHostnames:setUpClass): 200 GET http://10.180.1.21/compute/v2.1/servers/78a90f76-8aeb-4a74-a2a7-ee67621f8275 0.099s
2025-05-14 01:21:31.820 69678 INFO tempest.lib.common.rest_client [req-2ce4b391-4bd0-4303-8979-72e33f21ce8d req-2ce4b391-4bd0-4303-8979-72e33f21ce8d ] Request (VolumesAdminNegativeTest:test_update_attached_volume_with_nonexistent_volume_in_body): 400 PUT http://10.180.1.21/compute/v2.1/servers/5e27405c-eeb5-4af1-baf5-f9386393587e/os-volume_attachments/e3334808-8eff-4daf-bf80-934af9bc8b34 0.161s
2025-05-14 01:21:31.824 69712 INFO tempest.lib.common.rest_client [req-8869bc6f-b6a2-42de-a46a-2c7ffaf9d394 req-8869bc6f-b6a2-42de-a46a-2c7ffaf9d394 ] Request (ServersTestJSON:test_create_server_specify_multibyte_character_name): 200 GET http://10.180.1.21/compute/v2.1/servers/6cfc2345-bf4f-401b-b09b-537b0f5671f4 0.092s
2025-05-14 01:21:31.852 69678 INFO tempest.lib.common.rest_client [req-5e70d12d-5694-4262-840a-351d22ec35ca req-5e70d12d-5694-4262-840a-351d22ec35ca ] Request (VolumesAdminNegativeTest:_run_cleanups): 200 GET http://10.180.1.21/volume/v3/volumes/e3334808-8eff-4daf-bf80-934af9bc8b34 0.032s
2025-05-14 01:21:31.859 69652 INFO tempest.lib.common.rest_client [req-1814b04d-b596-4e7a-b774-c4934b0adffc req-1814b04d-b596-4e7a-b774-c4934b0adffc ] Request (ListImageFiltersTestJSON:setUpClass): 200 GET http://10.180.1.21/compute/v2.1/images/1a07380e-c2b2-456e-9328-fd2806e1bebf 0.093s
2025-05-14 01:21:31.895 69676 INFO tempest.lib.common.rest_client [req-478f0079-63b5-48cb-a62d-860ea92f5b9d req-478f0079-63b5-48cb-a62d-860ea92f5b9d ] Request (ServerDiagnosticsV248Test:tearDownClass): 200 GET http://10.180.1.21/compute/v2.1/servers/38c6330f-116c-4976-b127-e2b389e00475 0.162s
2025-05-14 01:21:31.923 69662 INFO tempest.lib.common.rest_client [req-9c3929cb-266d-49c7-8d63-b287b871fcd6 req-9c3929cb-266d-49c7-8d63-b287b871fcd6 ] Request (ServerShowV247Test:test_update_rebuild_list_server): 200 GET http://10.180.1.21/compute/v2.1/servers/2c5d994d-aa71-47bd-8ecd-f077dd409472 0.114s
2025-05-14 01:21:31.949 69666 INFO tempest.lib.common.rest_client [req-42499372-961c-4f62-a292-ba236b25e633 req-42499372-961c-4f62-a292-ba236b25e633 ] Request (MigrationsAdminTest:test_resize_server_revert_deleted_flavor): 200 GET http://10.180.1.21/compute/v2.1/servers/a1ab1f2f-0e69-4483-9271-45a85b69608c 0.122s
2025-05-14 01:21:32.005 69705 INFO tempest.lib.common.rest_client [req-367c9bf2-ecd1-4418-bd08-c6b2c994b0f3 req-367c9bf2-ecd1-4418-bd08-c6b2c994b0f3 ] Request (ServersAdmin275Test:_run_cleanups): 200 GET http://10.180.1.21/compute/v2.1/servers/ed942bf3-996f-4c11-9a5e-eedb3d85b06e 0.133s
2025-05-14 01:21:32.055 69698 INFO tempest.lib.common.rest_client [req-dec43873-f51a-41aa-a90c-58899553ce3f req-dec43873-f51a-41aa-a90c-58899553ce3f ] Request (ServersAdminNegativeTestJSON:test_migrate_server_invalid_state): 200 GET http://10.180.1.21/compute/v2.1/servers/d9bfc0a0-60da-4491-9c2e-14dfa871b025 0.178s
2025-05-14 01:21:32.069 69678 INFO tempest.lib.common.rest_client [req-2b29aee8-7d02-47f7-a61f-c173261073c4 req-2b29aee8-7d02-47f7-a61f-c173261073c4 ] Request (VolumesAdminNegativeTest:_run_cleanups): 202 DELETE http://10.180.1.21/compute/v2.1/servers/5e27405c-eeb5-4af1-baf5-f9386393587e/os-volume_attachments/e3334808-8eff-4daf-bf80-934af9bc8b34 0.209s
2025-05-14 01:21:32.114 69682 INFO tempest.lib.common.rest_client [req-a4aa8b1d-074e-4169-a99a-bf201cffb782 req-a4aa8b1d-074e-4169-a99a-bf201cffb782 ] Request (ServerShowV254Test:test_rebuild_server): 200 GET http://10.180.1.21/compute/v2.1/servers/c3c4d8dc-bc7f-4128-b323-341d335219cb 0.135s
2025-05-14 01:21:32.136 69660 WARNING tempest.lib.common.ssh [-] Failed to establish authenticated ssh connection to cirros@10.180.180.206 ([Errno None] Unable to connect to port 22 on 10.180.180.206). Number attempts: 7. Retry after 8 seconds.: paramiko.ssh_exception.NoValidConnectionsError: [Errno None] Unable to connect to port 22 on 10.180.180.206
2025-05-14 01:21:32.168 69692 INFO tempest.lib.common.rest_client [req-a2244e92-71dc-40a8-a35c-225b52cd92d8 req-a2244e92-71dc-40a8-a35c-225b52cd92d8 ] Request (ServersTestMultiNic:test_verify_multiple_nics_order): 200 GET http://10.180.1.21/compute/v2.1/servers/ee7e33f7-25ba-46d1-84b8-07b05170a1b6 0.113s
2025-05-14 01:21:32.180 69694 INFO tempest.lib.common.rest_client [req-35b7d0bf-057e-47ac-a9c5-a3eca25236bd req-35b7d0bf-057e-47ac-a9c5-a3eca25236bd ] Request (ServersTestManualDisk:setUpClass): 200 GET http://10.180.1.21/compute/v2.1/servers/952742cc-1231-4064-9d92-e28e196553c1 0.138s
2025-05-14 01:21:32.198 69678 INFO tempest.lib.common.rest_client [req-bee8f75e-52f7-4d2c-b000-eb03b554accb req-bee8f75e-52f7-4d2c-b000-eb03b554accb ] Request (VolumesAdminNegativeTest:_run_cleanups): 200 GET http://10.180.1.21/compute/v2.1/servers/5e27405c-eeb5-4af1-baf5-f9386393587e/os-volume_attachments 0.128s
2025-05-14 01:21:32.230 69670 INFO tempest.lib.common.rest_client [req-bd2c2534-8498-43b6-86eb-152253e6aced req-bd2c2534-8498-43b6-86eb-152253e6aced ] Request (ServersWithSpecificFlavorTestJSON:test_verify_created_server_ephemeral_disk): 200 GET http://10.180.1.21/compute/v2.1/servers/57575546-660a-4ce5-b6b0-f0a0dfaa5169 0.120s
2025-05-14 01:21:32.255 69665 INFO tempest.lib.common.rest_client [req-3b7b297e-f6aa-468c-962e-8345f62619af req-3b7b297e-f6aa-468c-962e-8345f62619af ] Request (AttachInterfacesUnderV243Test:_run_cleanups): 200 GET http://10.180.1.21/compute/v2.1/servers/f89bfd02-b61d-4942-851d-d9678c913852 0.069s
2025-05-14 01:21:32.316 69689 INFO tempest.lib.common.rest_client [req-da4d9f02-2e2b-4a75-8f1f-e90571d97fcc req-da4d9f02-2e2b-4a75-8f1f-e90571d97fcc ] Request (ServersAdminTestJSON:test_create_server_with_scheduling_hint): 200 GET http://10.180.1.21/compute/v2.1/servers/8f7563b6-b739-48f5-afcd-74ff590d32ef 0.067s
2025-05-14 01:21:32.384 69656 INFO tempest.lib.common.rest_client [req-b5520534-d18f-4c3d-8639-53571bf72051 req-b5520534-d18f-4c3d-8639-53571bf72051 ] Request (MultipleCreateTestJSON:tearDownClass): 200 GET http://10.180.1.21/compute/v2.1/servers/ed59b5f6-30c7-4e93-8340-abd701b8a7e9 0.119s
2025-05-14 01:21:32.406 69674 INFO tempest.lib.common.rest_client [req-5e4b3b12-9187-4944-b6e4-8dcf41094b9b req-5e4b3b12-9187-4944-b6e4-8dcf41094b9b ] Request (ServersTestBootFromVolume:setUpClass): 200 GET http://10.180.1.21/compute/v2.1/servers/283fd941-f17d-4f36-b200-791f75bf7f97 0.215s
2025-05-14 01:21:32.414 69674 INFO tempest.common.waiters [-] State transition "BUILD/spawning" ==> "ACTIVE/None" after 69 second wait
2025-05-14 01:21:32.431 69690 WARNING tempest.lib.common.ssh [-] Failed to establish authenticated ssh connection to cirros@10.180.180.179 ([Errno None] Unable to connect to port 22 on 10.180.180.179). Number attempts: 10. Retry after 11 seconds.: paramiko.ssh_exception.NoValidConnectionsError: [Errno None] Unable to connect to port 22 on 10.180.180.179
2025-05-14 01:21:32.438 69654 INFO tempest.lib.common.rest_client [req-3a09f7af-b8e2-4f5a-8393-f35e50241299 req-3a09f7af-b8e2-4f5a-8393-f35e50241299 ] Request (ServersNegativeTestMultiTenantJSON:setUpClass): 200 GET http://10.180.1.21/compute/v2.1/servers/6e9d6306-132d-4d57-8c21-507efe2dd8eb 0.110s
2025-05-14 01:21:32.459 69696 INFO tempest.lib.common.rest_client [req-d73ea128-cf9d-4ba3-9b99-922875abebde req-d73ea128-cf9d-4ba3-9b99-922875abebde ] Request (ImagesOneServerNegativeTestJSON:_run_cleanups): 200 GET http://10.180.1.21/compute/v2.1/servers/5149de8c-a780-42f3-b06e-8c51585a5329 0.074s
2025-05-14 01:21:32.497 69674 INFO tempest.lib.common.rest_client [req-e968e1d1-7f2c-4991-b71a-6c57b0ea35c4 req-e968e1d1-7f2c-4991-b71a-6c57b0ea35c4 ] Request (ServersTestBootFromVolume:setUpClass): 200 GET http://10.180.1.21/compute/v2.1/servers/283fd941-f17d-4f36-b200-791f75bf7f97/os-interface 0.082s
2025-05-14 01:21:32.553 69706 INFO tempest.lib.common.rest_client [req-58423db0-64dd-468f-ae4c-314792bf41d3 req-58423db0-64dd-468f-ae4c-314792bf41d3 ] Request (ServerActionsTestOtherA:setUpClass): 200 GET http://10.180.1.21/compute/v2.1/servers/0e955a18-2f05-4164-9601-37ac243a5cbe 0.130s
2025-05-14 01:21:32.601 69658 INFO tempest.lib.common.rest_client [req-536a3fcf-0ea1-42e4-83af-833ba32518a1 req-536a3fcf-0ea1-42e4-83af-833ba32518a1 ] Request (InstanceActionsNegativeTestJSON:setUpClass): 200 GET http://10.180.1.21/compute/v2.1/servers/a1ecf066-1131-4880-9e8b-cfc5296b0ba7 0.054s
2025-05-14 01:21:32.659 69684 INFO tempest.lib.common.rest_client [req-18f9a47e-5ec2-4890-9344-631ec4bd4c25 req-18f9a47e-5ec2-4890-9344-631ec4bd4c25 ] Request (FloatingIPsAssociationTestJSON:test_associate_already_associated_floating_ip): 200 GET http://10.180.1.21/compute/v2.1/servers/ef27b1d5-1bb8-48ca-8ec1-149520bac6dd 0.053s
2025-05-14 01:21:32.707 69700 INFO tempest.lib.common.rest_client [req-8e79105c-d1d9-44e9-a40e-9ff88c287cae req-8e79105c-d1d9-44e9-a40e-9ff88c287cae ] Request (ServerTagsTestJSON:tearDownClass): 200 GET http://10.180.1.21/compute/v2.1/servers/d2dd5502-8ae0-4800-9c38-71fc70e38f3d 0.061s
2025-05-14 01:21:32.717 69700 INFO tempest.common.waiters [-] State transition "ACTIVE/deleting" ==> "DELETED/None" after 4 second wait
2025-05-14 01:21:32.723 69686 INFO tempest.lib.common.rest_client [req-22bd1f8b-a141-4a61-8e26-c993e206797d req-22bd1f8b-a141-4a61-8e26-c993e206797d ] Request (SecurityGroupsTestJSON:test_list_security_groups_by_server): 200 GET http://10.180.1.21/compute/v2.1/servers/23852d0d-1e37-458d-bc2f-453086768afc 0.051s
2025-05-14 01:21:32.762 69680 INFO tempest.lib.common.rest_client [req-50890ff1-1d7d-41ce-b853-e6a9ab531b55 req-50890ff1-1d7d-41ce-b853-e6a9ab531b55 ] Request (ServerDiskConfigTestJSON:test_rebuild_server_with_auto_disk_config): 200 GET http://10.180.1.21/compute/v2.1/servers/e8d90ed7-91d5-4d19-a4d4-e200c43b3de2 0.051s
2025-05-14 01:21:32.835 69668 INFO tempest.lib.common.rest_client [req-b4393470-26e0-43f3-9eef-b1e2be1414f2 req-b4393470-26e0-43f3-9eef-b1e2be1414f2 ] Request (ServersV294TestFqdnHostnames:setUpClass): 200 GET http://10.180.1.21/compute/v2.1/servers/78a90f76-8aeb-4a74-a2a7-ee67621f8275 0.060s
2025-05-14 01:21:32.898 69712 INFO tempest.lib.common.rest_client [req-98d3c748-58f1-4d26-95d7-fc572561be5e req-98d3c748-58f1-4d26-95d7-fc572561be5e ] Request (ServersTestJSON:test_create_server_specify_multibyte_character_name): 200 GET http://10.180.1.21/compute/v2.1/servers/6cfc2345-bf4f-401b-b09b-537b0f5671f4 0.065s
2025-05-14 01:21:32.915 69652 INFO tempest.lib.common.rest_client [req-92c5903c-caaa-457c-9d8b-91b0913d1110 req-92c5903c-caaa-457c-9d8b-91b0913d1110 ] Request (ListImageFiltersTestJSON:setUpClass): 200 GET http://10.180.1.21/compute/v2.1/images/1a07380e-c2b2-456e-9328-fd2806e1bebf 0.050s
2025-05-14 01:21:32.988 69676 INFO tempest.lib.common.rest_client [req-1aaea492-70c6-4ab9-8901-9219736e2a41 req-1aaea492-70c6-4ab9-8901-9219736e2a41 ] Request (ServerDiagnosticsV248Test:tearDownClass): 200 GET http://10.180.1.21/compute/v2.1/servers/38c6330f-116c-4976-b127-e2b389e00475 0.083s
2025-05-14 01:21:32.993 69674 INFO tempest.lib.common.rest_client [req-be2b36cd-ed90-40d0-8caa-1e4423132d11 req-be2b36cd-ed90-40d0-8caa-1e4423132d11 ] Request (ServersTestBootFromVolume:setUpClass): 200 PUT http://10.180.1.21:9696/networking/v2.0/floatingips/c14e8778-2911-4fa4-ae19-8c4f5fb1977d 0.494s
2025-05-14 01:21:33.009 69662 INFO tempest.lib.common.rest_client [req-c47d35cb-4060-4881-bfcf-59bab10179a7 req-c47d35cb-4060-4881-bfcf-59bab10179a7 ] Request (ServerShowV247Test:test_update_rebuild_list_server): 200 GET http://10.180.1.21/compute/v2.1/servers/2c5d994d-aa71-47bd-8ecd-f077dd409472 0.077s
2025-05-14 01:21:33.020 69662 INFO tempest.common.waiters [-] State transition "BUILD/None" ==> "BUILD/networking" after 64 second wait
2025-05-14 01:21:33.043 69666 INFO tempest.lib.common.rest_client [req-e32fc36c-9e9d-442e-a9a2-944fcce356af req-e32fc36c-9e9d-442e-a9a2-944fcce356af ] Request (MigrationsAdminTest:test_resize_server_revert_deleted_flavor): 200 GET http://10.180.1.21/compute/v2.1/servers/a1ab1f2f-0e69-4483-9271-45a85b69608c 0.086s
2025-05-14 01:21:33.122 69705 INFO tempest.lib.common.rest_client [req-333b02fa-5281-40d4-9fb9-118194e9cec6 req-333b02fa-5281-40d4-9fb9-118194e9cec6 ] Request (ServersAdmin275Test:_run_cleanups): 200 GET http://10.180.1.21/compute/v2.1/servers/ed942bf3-996f-4c11-9a5e-eedb3d85b06e 0.106s
2025-05-14 01:21:33.138 69705 INFO tempest.common.waiters [-] State transition "REBUILD/rebuilding" ==> "REBUILD/rebuild_spawning" after 4 second wait
2025-05-14 01:21:33.175 69674 INFO tempest.lib.common.rest_client [req-697c6a4b-0c08-43ea-9d1a-a5340ae3ec43 req-697c6a4b-0c08-43ea-9d1a-a5340ae3ec43 ] Request (ServersTestBootFromVolume:setUpClass): 200 GET http://10.180.1.21/compute/v2.1/servers/283fd941-f17d-4f36-b200-791f75bf7f97 0.181s
2025-05-14 01:21:33.181 69698 INFO tempest.lib.common.rest_client [req-460c5a3a-9f56-472b-9aa0-d7de70994966 req-460c5a3a-9f56-472b-9aa0-d7de70994966 ] Request (ServersAdminNegativeTestJSON:test_migrate_server_invalid_state): 200 GET http://10.180.1.21/compute/v2.1/servers/d9bfc0a0-60da-4491-9c2e-14dfa871b025 0.117s
2025-05-14 01:21:33.185 69674 INFO tempest.lib.common.ssh [-] Creating ssh connection to '10.180.180.195:22' as 'cirros' with public key authentication
2025-05-14 01:21:33.251 69682 INFO tempest.lib.common.rest_client [req-64f0fa59-dadc-4925-9264-d02de2b98ad1 req-64f0fa59-dadc-4925-9264-d02de2b98ad1 ] Request (ServerShowV254Test:test_rebuild_server): 200 GET http://10.180.1.21/compute/v2.1/servers/c3c4d8dc-bc7f-4128-b323-341d335219cb 0.126s
2025-05-14 01:21:33.265 69692 INFO tempest.lib.common.rest_client [req-c0e8ab53-e89b-4357-bb87-5915f5cffeac req-c0e8ab53-e89b-4357-bb87-5915f5cffeac ] Request (ServersTestMultiNic:test_verify_multiple_nics_order): 200 GET http://10.180.1.21/compute/v2.1/servers/ee7e33f7-25ba-46d1-84b8-07b05170a1b6 0.088s
2025-05-14 01:21:33.303 69678 INFO tempest.lib.common.rest_client [req-1fbe1a92-5fcb-4735-97fe-b9b2782b4acf req-1fbe1a92-5fcb-4735-97fe-b9b2782b4acf ] Request (VolumesAdminNegativeTest:_run_cleanups): 200 GET http://10.180.1.21/compute/v2.1/servers/5e27405c-eeb5-4af1-baf5-f9386393587e/os-volume_attachments 0.102s
2025-05-14 01:21:33.359 69670 INFO tempest.lib.common.rest_client [req-09028b91-0766-4f46-a506-e4c368f51107 req-09028b91-0766-4f46-a506-e4c368f51107 ] Request (ServersWithSpecificFlavorTestJSON:test_verify_created_server_ephemeral_disk): 200 GET http://10.180.1.21/compute/v2.1/servers/57575546-660a-4ce5-b6b0-f0a0dfaa5169 0.121s
2025-05-14 01:21:33.374 69694 INFO tempest.lib.common.rest_client [req-d0c38730-ae00-4457-90a5-ea00f978f1cf req-d0c38730-ae00-4457-90a5-ea00f978f1cf ] Request (ServersTestManualDisk:setUpClass): 200 GET http://10.180.1.21/compute/v2.1/servers/952742cc-1231-4064-9d92-e28e196553c1 0.186s
2025-05-14 01:21:33.426 69689 INFO tempest.lib.common.rest_client [req-c4fc57fd-c3dc-4af8-bd0f-6da5761e8e08 req-c4fc57fd-c3dc-4af8-bd0f-6da5761e8e08 ] Request (ServersAdminTestJSON:test_create_server_with_scheduling_hint): 200 GET http://10.180.1.21/compute/v2.1/servers/8f7563b6-b739-48f5-afcd-74ff590d32ef 0.102s
2025-05-14 01:21:33.444 69665 INFO tempest.lib.common.rest_client [req-301775d8-9393-4896-9de1-f151adcd39c9 req-301775d8-9393-4896-9de1-f151adcd39c9 ] Request (AttachInterfacesUnderV243Test:_run_cleanups): 200 GET http://10.180.1.21/compute/v2.1/servers/f89bfd02-b61d-4942-851d-d9678c913852 0.181s
2025-05-14 01:21:33.502 69656 INFO tempest.lib.common.rest_client [req-dc471c9d-0d87-4e65-be75-ceb422639310 req-dc471c9d-0d87-4e65-be75-ceb422639310 ] Request (MultipleCreateTestJSON:tearDownClass): 200 GET http://10.180.1.21/compute/v2.1/servers/ed59b5f6-30c7-4e93-8340-abd701b8a7e9 0.108s
2025-05-14 01:21:33.516 69654 INFO tempest.lib.common.rest_client [req-c202d19f-61e7-40bc-bf19-002091dc573b req-c202d19f-61e7-40bc-bf19-002091dc573b ] Request (ServersNegativeTestMultiTenantJSON:setUpClass): 200 GET http://10.180.1.21/compute/v2.1/servers/6e9d6306-132d-4d57-8c21-507efe2dd8eb 0.069s
2025-05-14 01:21:33.560 69696 INFO tempest.lib.common.rest_client [req-f2904ae9-4f45-43dd-be0a-85bfb6b2395a req-f2904ae9-4f45-43dd-be0a-85bfb6b2395a ] Request (ImagesOneServerNegativeTestJSON:_run_cleanups): 200 GET http://10.180.1.21/compute/v2.1/servers/5149de8c-a780-42f3-b06e-8c51585a5329 0.092s
2025-05-14 01:21:33.568 69696 INFO tempest.common.waiters [-] State transition "BUILD/scheduling" ==> "BUILD/None" after 35 second wait
2025-05-14 01:21:33.692 69658 INFO tempest.lib.common.rest_client [req-2d47349e-8826-4a8e-abfa-e96fed35e143 req-2d47349e-8826-4a8e-abfa-e96fed35e143 ] Request (InstanceActionsNegativeTestJSON:setUpClass): 200 GET http://10.180.1.21/compute/v2.1/servers/a1ecf066-1131-4880-9e8b-cfc5296b0ba7 0.081s
2025-05-14 01:21:33.702 69706 INFO tempest.lib.common.rest_client [req-7686428e-18aa-4a9d-b26b-9e4b8db5f36d req-7686428e-18aa-4a9d-b26b-9e4b8db5f36d ] Request (ServerActionsTestOtherA:setUpClass): 200 GET http://10.180.1.21/compute/v2.1/servers/0e955a18-2f05-4164-9601-37ac243a5cbe 0.138s
2025-05-14 01:21:33.758 69684 INFO tempest.lib.common.rest_client [req-cc211a46-fbba-47e1-8c99-76d28a45fbbc req-cc211a46-fbba-47e1-8c99-76d28a45fbbc ] Request (FloatingIPsAssociationTestJSON:test_associate_already_associated_floating_ip): 200 GET http://10.180.1.21/compute/v2.1/servers/ef27b1d5-1bb8-48ca-8ec1-149520bac6dd 0.089s
2025-05-14 01:21:33.810 69700 INFO tempest.lib.common.rest_client [req-bda6f70e-89b3-46a0-9a88-29f3c4870752 req-bda6f70e-89b3-46a0-9a88-29f3c4870752 ] Request (ServerTagsTestJSON:tearDownClass): 200 GET http://10.180.1.21/compute/v2.1/servers/d2dd5502-8ae0-4800-9c38-71fc70e38f3d 0.091s
2025-05-14 01:21:33.822 69686 INFO tempest.lib.common.rest_client [req-57e1af1e-bedf-4eb0-bc2f-248615c4a1bc req-57e1af1e-bedf-4eb0-bc2f-248615c4a1bc ] Request (SecurityGroupsTestJSON:test_list_security_groups_by_server): 200 GET http://10.180.1.21/compute/v2.1/servers/23852d0d-1e37-458d-bc2f-453086768afc 0.090s
2025-05-14 01:21:33.874 69680 INFO tempest.lib.common.rest_client [req-769c69d3-53c4-4662-bc6e-086beeadf31f req-769c69d3-53c4-4662-bc6e-086beeadf31f ] Request (ServerDiskConfigTestJSON:test_rebuild_server_with_auto_disk_config): 200 GET http://10.180.1.21/compute/v2.1/servers/e8d90ed7-91d5-4d19-a4d4-e200c43b3de2 0.105s
2025-05-14 01:21:33.917 69668 INFO tempest.lib.common.rest_client [req-68f3aa28-96d0-4854-9787-49c7cb0b38ac req-68f3aa28-96d0-4854-9787-49c7cb0b38ac ] Request (ServersV294TestFqdnHostnames:setUpClass): 200 GET http://10.180.1.21/compute/v2.1/servers/78a90f76-8aeb-4a74-a2a7-ee67621f8275 0.068s
