2025-05-14 01:20:45.139 69692 INFO tempest.lib.common.rest_client [req-f87f1dc9-30d8-4758-a5fd-985ef1aab609 req-f87f1dc9-30d8-4758-a5fd-985ef1aab609 ] Request (ServersTestMultiNic:test_verify_duplicate_network_nics): 200 GET http://10.180.1.21/compute/v2.1/servers/32b4b621-d544-4e28-8efb-35718d714c4d 0.141s
2025-05-14 01:20:45.279 69706 INFO tempest.lib.common.rest_client [req-cc43e25e-eec2-4d56-866b-20f79cb07ca2 req-cc43e25e-eec2-4d56-866b-20f79cb07ca2 ] Request (ServerActionsTestOtherA:setUpClass): 200 GET http://10.180.1.21/compute/v2.1/servers/0e955a18-2f05-4164-9601-37ac243a5cbe 0.077s
2025-05-14 01:20:45.339 69680 INFO tempest.lib.common.rest_client [req-bd829d3e-046b-4279-bfc7-e9907db64bc7 req-bd829d3e-046b-4279-bfc7-e9907db64bc7 ] Request (ImagesOneServerTestJSON:tearDownClass): 200 GET http://10.180.1.21/compute/v2.1/servers/6ba85db5-0d68-4266-8760-15c9ad2f2fe0 0.156s
2025-05-14 01:20:45.347 69700 INFO tempest.lib.common.rest_client [req-eecd9ff7-7067-418e-b353-9387a1a7439a req-eecd9ff7-7067-418e-b353-9387a1a7439a ] Request (ServerTagsTestJSON:setUpClass): 200 GET http://10.180.1.21/compute/v2.1/servers/d2dd5502-8ae0-4800-9c38-71fc70e38f3d 0.078s
2025-05-14 01:20:45.407 69668 INFO tempest.lib.common.rest_client [req-eef88c13-b2fb-42c3-9076-317243727616 req-eef88c13-b2fb-42c3-9076-317243727616 ] Request (ServersV294TestFqdnHostnames:setUpClass): 200 GET http://10.180.1.21/compute/v2.1/servers/78a90f76-8aeb-4a74-a2a7-ee67621f8275 0.126s
2025-05-14 01:20:45.445 69662 INFO tempest.lib.common.rest_client [req-f3f0a4a3-5f62-45c9-9097-41ec3e51bd78 req-f3f0a4a3-5f62-45c9-9097-41ec3e51bd78 ] Request (ServerShowV247Test:test_update_rebuild_list_server): 200 GET http://10.180.1.21/compute/v2.1/servers/2c5d994d-aa71-47bd-8ecd-f077dd409472 0.118s
2025-05-14 01:20:45.481 69712 INFO tempest.lib.common.rest_client [req-f85cfec0-0ab0-4019-9f2c-26f199db190b req-f85cfec0-0ab0-4019-9f2c-26f199db190b ] Request (ServerAddressesNegativeTestJSON:tearDownClass): 200 GET http://10.180.1.21/compute/v2.1/servers/4687249d-a18e-44e7-842e-e65e00320062 0.126s
2025-05-14 01:20:45.499 69656 INFO tempest.lib.common.rest_client [req-8f96c75a-334b-4cb4-9b07-f2b88d2adfdd req-8f96c75a-334b-4cb4-9b07-f2b88d2adfdd ] Request (MultipleCreateTestJSON:test_multiple_create_with_reservation_return): 200 GET http://10.180.1.21/compute/v2.1/servers/67a00538-d67f-4697-97d6-bb1c221847bf 0.066s
2025-05-14 01:20:45.560 69694 INFO tempest.lib.common.rest_client [req-ebfee27b-9bf5-4c0d-a727-04a8668551c9 req-ebfee27b-9bf5-4c0d-a727-04a8668551c9 ] Request (ServersTestManualDisk:setUpClass): 200 GET http://10.180.1.21/compute/v2.1/servers/952742cc-1231-4064-9d92-e28e196553c1 0.073s
2025-05-14 01:20:45.600 69665 WARNING tempest.lib.common.ssh [-] Failed to establish authenticated ssh connection to cirros@10.180.180.165 ([Errno None] Unable to connect to port 22 on 10.180.180.165). Number attempts: 5. Retry after 6 seconds.: paramiko.ssh_exception.NoValidConnectionsError: [Errno None] Unable to connect to port 22 on 10.180.180.165
2025-05-14 01:20:45.641 69714 INFO tempest.lib.common.rest_client [req-fcb0d313-5384-43d8-b054-20abc65f2030 req-fcb0d313-5384-43d8-b054-20abc65f2030 ] Request (ServerDiagnosticsNegativeTest:tearDownClass): 200 GET http://10.180.1.21/compute/v2.1/servers/4a9a8f27-9e1d-41e2-b6aa-941746b393d9 0.084s
2025-05-14 01:20:45.693 69689 INFO tempest.lib.common.rest_client [req-555033ac-960a-4f22-bfcb-1a6cb98a80b2 req-555033ac-960a-4f22-bfcb-1a6cb98a80b2 ] Request (ServersAdminTestJSON:setUpClass): 200 GET http://10.180.1.21/compute/v2.1/servers/71bb33fe-516e-45d1-9097-775e783d763e 0.125s
2025-05-14 01:20:45.706 69658 INFO tempest.lib.common.rest_client [req-c441c43c-9e7c-43a9-a6e4-fb33a86b83f6 req-c441c43c-9e7c-43a9-a6e4-fb33a86b83f6 ] Request (InstanceActionsNegativeTestJSON:setUpClass): 200 GET http://10.180.1.21/compute/v2.1/servers/a1ecf066-1131-4880-9e8b-cfc5296b0ba7 0.056s
2025-05-14 01:20:45.756 69654 INFO tempest.lib.common.rest_client [req-eb731e30-6a58-44a0-95df-831359ba14ba req-eb731e30-6a58-44a0-95df-831359ba14ba ] Request (ServerMetadataTestJSON:tearDownClass): 200 GET http://10.180.1.21/compute/v2.1/servers/f35ffdf6-4113-4f4d-b574-25aef8c0ba27 0.098s
2025-05-14 01:20:45.793 69696 INFO tempest.lib.common.rest_client [req-1f7f8460-c5e8-48eb-86b7-29b5f3c0163b req-1f7f8460-c5e8-48eb-86b7-29b5f3c0163b ] Request (ImagesOneServerNegativeTestJSON:_run_cleanups): 200 GET http://10.180.1.21/compute/v2.1/servers/b1971861-5b0a-45b9-a37c-972258e7ff85 0.067s
2025-05-14 01:20:45.814 69676 INFO tempest.lib.common.rest_client [req-462b3d91-72be-4557-be9f-87cb1b53d9b0 req-462b3d91-72be-4557-be9f-87cb1b53d9b0 ] Request (ServerDiagnosticsV248Test:test_get_server_diagnostics): 200 GET http://10.180.1.21/compute/v2.1/servers/38c6330f-116c-4976-b127-e2b389e00475 0.087s
2025-05-14 01:20:45.823 69676 INFO tempest.common.waiters [-] State transition "BUILD/block_device_mapping" ==> "BUILD/spawning" after 39 second wait
2025-05-14 01:20:45.841 69674 INFO tempest.lib.common.rest_client [req-989dde62-53eb-4baa-83af-39a90b402a09 req-989dde62-53eb-4baa-83af-39a90b402a09 ] Request (ServersTestBootFromVolume:setUpClass): 200 GET http://10.180.1.21/compute/v2.1/servers/283fd941-f17d-4f36-b200-791f75bf7f97 0.054s
2025-05-14 01:20:45.864 69682 INFO tempest.lib.common.rest_client [req-682967d4-7f9c-449a-a041-562e36f9e958 req-682967d4-7f9c-449a-a041-562e36f9e958 ] Request (ServerShowV254Test:test_rebuild_server): 200 GET http://10.180.1.21/compute/v2.1/servers/c3c4d8dc-bc7f-4128-b323-341d335219cb 0.059s
2025-05-14 01:20:45.933 69686 INFO tempest.lib.common.rest_client [req-1977ee8d-cb7a-4c1c-91a1-b9e28edb9a36 req-1977ee8d-cb7a-4c1c-91a1-b9e28edb9a36 ] Request (DeleteServersAdminTestJSON:test_delete_server_while_in_error_state): 200 GET http://10.180.1.21/compute/v2.1/servers/af67629c-8b83-41b7-847c-049a305f970c 0.075s
2025-05-14 01:20:45.945 69705 INFO tempest.lib.common.rest_client [req-b1f86e0e-f79a-4773-a9bf-67e4e2556166 req-b1f86e0e-f79a-4773-a9bf-67e4e2556166 ] Request (ServersAdmin275Test:test_rebuild_update_server_275): 200 GET http://10.180.1.21/compute/v2.1/servers/ed942bf3-996f-4c11-9a5e-eedb3d85b06e 0.064s
2025-05-14 01:20:46.223 69666 INFO tempest.lib.common.rest_client [req-535d0164-49d6-4de2-b6a9-cfd6d7191668 req-535d0164-49d6-4de2-b6a9-cfd6d7191668 ] Request (MigrationsAdminTest:test_resize_server_revert_deleted_flavor): 200 GET http://10.180.1.21/compute/v2.1/servers/a1ab1f2f-0e69-4483-9271-45a85b69608c 0.305s
2025-05-14 01:20:46.243 69652 INFO tempest.lib.common.rest_client [req-66262e78-f752-4037-8e97-9b79081d0385 req-66262e78-f752-4037-8e97-9b79081d0385 ] Request (ListImageFiltersTestJSON:setUpClass): 200 GET http://10.180.1.21/compute/v2.1/servers/b08b3ed7-5812-432e-b618-f43104029336 0.304s
2025-05-14 01:20:46.308 69698 INFO tempest.lib.common.rest_client [req-18a132be-1bde-43aa-8b29-41f6e179b2cb req-18a132be-1bde-43aa-8b29-41f6e179b2cb ] Request (ServersAdminNegativeTestJSON:setUpClass): 200 GET http://10.180.1.21/compute/v2.1/servers/ad8c7bf8-0e9d-4e18-940a-f987e0ac954b 0.337s
2025-05-14 01:20:46.309 69684 INFO tempest.lib.common.rest_client [req-26938d50-c20b-4be6-9a89-308cef6b2105 req-26938d50-c20b-4be6-9a89-308cef6b2105 ] Request (FloatingIPsAssociationTestJSON:setUpClass): 200 GET http://10.180.1.21/compute/v2.1/servers/79593cb2-e266-49c8-905d-c0ff06320f3a 0.177s
2025-05-14 01:20:46.370 69706 INFO tempest.lib.common.rest_client [req-ae994089-d887-48fa-993c-f257a2e6d995 req-ae994089-d887-48fa-993c-f257a2e6d995 ] Request (ServerActionsTestOtherA:setUpClass): 200 GET http://10.180.1.21/compute/v2.1/servers/0e955a18-2f05-4164-9601-37ac243a5cbe 0.082s
2025-05-14 01:20:46.444 69680 INFO tempest.lib.common.rest_client [req-e7cad527-df27-464b-bf03-d4c080e44855 req-e7cad527-df27-464b-bf03-d4c080e44855 ] Request (ImagesOneServerTestJSON:tearDownClass): 200 GET http://10.180.1.21/compute/v2.1/servers/6ba85db5-0d68-4266-8760-15c9ad2f2fe0 0.093s
2025-05-14 01:20:46.465 69692 INFO tempest.lib.common.rest_client [req-8bfe3586-3d07-44de-945a-da2e191e2290 req-8bfe3586-3d07-44de-945a-da2e191e2290 ] Request (ServersTestMultiNic:test_verify_duplicate_network_nics): 200 GET http://10.180.1.21/compute/v2.1/servers/32b4b621-d544-4e28-8efb-35718d714c4d 0.318s
2025-05-14 01:20:46.510 69700 INFO tempest.lib.common.rest_client [req-3211ad2e-7008-4ac8-be9a-87ab1b8fe89b req-3211ad2e-7008-4ac8-be9a-87ab1b8fe89b ] Request (ServerTagsTestJSON:setUpClass): 200 GET http://10.180.1.21/compute/v2.1/servers/d2dd5502-8ae0-4800-9c38-71fc70e38f3d 0.153s
2025-05-14 01:20:46.534 69668 INFO tempest.lib.common.rest_client [req-c33d5d62-10ab-4888-ada5-ad85017114f2 req-c33d5d62-10ab-4888-ada5-ad85017114f2 ] Request (ServersV294TestFqdnHostnames:setUpClass): 200 GET http://10.180.1.21/compute/v2.1/servers/78a90f76-8aeb-4a74-a2a7-ee67621f8275 0.114s
2025-05-14 01:20:46.559 69662 INFO tempest.lib.common.rest_client [req-e4d90575-34f0-4edf-a8f1-7988cccc276e req-e4d90575-34f0-4edf-a8f1-7988cccc276e ] Request (ServerShowV247Test:test_update_rebuild_list_server): 200 GET http://10.180.1.21/compute/v2.1/servers/2c5d994d-aa71-47bd-8ecd-f077dd409472 0.102s
2025-05-14 01:20:46.596 69712 INFO tempest.lib.common.rest_client [req-df3b0abb-2ac0-45ba-89ef-e3fbb9c57ca2 req-df3b0abb-2ac0-45ba-89ef-e3fbb9c57ca2 ] Request (ServerAddressesNegativeTestJSON:tearDownClass): 200 GET http://10.180.1.21/compute/v2.1/servers/4687249d-a18e-44e7-842e-e65e00320062 0.105s
2025-05-14 01:20:46.609 69656 INFO tempest.lib.common.rest_client [req-088afe53-047a-4546-a78a-401a0f86ad38 req-088afe53-047a-4546-a78a-401a0f86ad38 ] Request (MultipleCreateTestJSON:test_multiple_create_with_reservation_return): 200 GET http://10.180.1.21/compute/v2.1/servers/67a00538-d67f-4697-97d6-bb1c221847bf 0.101s
2025-05-14 01:20:46.643 69694 INFO tempest.lib.common.rest_client [req-2185365e-140f-4871-afe0-b64a3fa6e430 req-2185365e-140f-4871-afe0-b64a3fa6e430 ] Request (ServersTestManualDisk:setUpClass): 200 GET http://10.180.1.21/compute/v2.1/servers/952742cc-1231-4064-9d92-e28e196553c1 0.074s
2025-05-14 01:20:46.714 69714 INFO tempest.lib.common.rest_client [req-768cdb1a-66f9-4aac-afcc-982eddd9a4ae req-768cdb1a-66f9-4aac-afcc-982eddd9a4ae ] Request (ServerDiagnosticsNegativeTest:tearDownClass): 200 GET http://10.180.1.21/compute/v2.1/servers/4a9a8f27-9e1d-41e2-b6aa-941746b393d9 0.064s
2025-05-14 01:20:46.779 69658 INFO tempest.lib.common.rest_client [req-ca913ef0-bf05-4122-87a8-b16ba817805e req-ca913ef0-bf05-4122-87a8-b16ba817805e ] Request (InstanceActionsNegativeTestJSON:setUpClass): 200 GET http://10.180.1.21/compute/v2.1/servers/a1ecf066-1131-4880-9e8b-cfc5296b0ba7 0.063s
2025-05-14 01:20:46.844 69689 INFO tempest.lib.common.rest_client [req-7564f580-f356-4efa-a17f-b163dd1c9934 req-7564f580-f356-4efa-a17f-b163dd1c9934 ] Request (ServersAdminTestJSON:setUpClass): 200 GET http://10.180.1.21/compute/v2.1/servers/71bb33fe-516e-45d1-9097-775e783d763e 0.144s
2025-05-14 01:20:46.848 69654 INFO tempest.lib.common.rest_client [req-14d8e0ad-fc97-44a9-8fe8-d42e7f91f417 req-14d8e0ad-fc97-44a9-8fe8-d42e7f91f417 ] Request (ServerMetadataTestJSON:tearDownClass): 200 GET http://10.180.1.21/compute/v2.1/servers/f35ffdf6-4113-4f4d-b574-25aef8c0ba27 0.083s
2025-05-14 01:20:46.864 69678 WARNING tempest.lib.common.ssh [-] Failed to establish authenticated ssh connection to cirros@10.180.180.188 ([Errno None] Unable to connect to port 22 on 10.180.180.188). Number attempts: 5. Retry after 6 seconds.: paramiko.ssh_exception.NoValidConnectionsError: [Errno None] Unable to connect to port 22 on 10.180.180.188
2025-05-14 01:20:46.903 69676 INFO tempest.lib.common.rest_client [req-656501ab-a2d4-4d51-a0e4-37e30e271d7a req-656501ab-a2d4-4d51-a0e4-37e30e271d7a ] Request (ServerDiagnosticsV248Test:test_get_server_diagnostics): 200 GET http://10.180.1.21/compute/v2.1/servers/38c6330f-116c-4976-b127-e2b389e00475 0.077s
2025-05-14 01:20:46.910 69696 INFO tempest.lib.common.rest_client [req-87e1db88-312a-417e-bee6-1f448f3fdcf7 req-87e1db88-312a-417e-bee6-1f448f3fdcf7 ] Request (ImagesOneServerNegativeTestJSON:_run_cleanups): 200 GET http://10.180.1.21/compute/v2.1/servers/b1971861-5b0a-45b9-a37c-972258e7ff85 0.105s
2025-05-14 01:20:46.954 69674 INFO tempest.lib.common.rest_client [req-adb5987e-97a3-45f6-a45b-729c0dfb3b68 req-adb5987e-97a3-45f6-a45b-729c0dfb3b68 ] Request (ServersTestBootFromVolume:setUpClass): 200 GET http://10.180.1.21/compute/v2.1/servers/283fd941-f17d-4f36-b200-791f75bf7f97 0.105s
2025-05-14 01:20:46.975 69682 INFO tempest.lib.common.rest_client [req-ccb7d21d-f825-4fd9-bd2b-c60b063de352 req-ccb7d21d-f825-4fd9-bd2b-c60b063de352 ] Request (ServerShowV254Test:test_rebuild_server): 200 GET http://10.180.1.21/compute/v2.1/servers/c3c4d8dc-bc7f-4128-b323-341d335219cb 0.100s
2025-05-14 01:20:47.012 69686 INFO tempest.lib.common.rest_client [req-0da22684-82bd-4a0d-a452-c9a44bf02c6d req-0da22684-82bd-4a0d-a452-c9a44bf02c6d ] Request (DeleteServersAdminTestJSON:test_delete_server_while_in_error_state): 200 GET http://10.180.1.21/compute/v2.1/servers/af67629c-8b83-41b7-847c-049a305f970c 0.071s
2025-05-14 01:20:47.037 69705 INFO tempest.lib.common.rest_client [req-cb3b371c-550c-4b45-a9b9-47109465efba req-cb3b371c-550c-4b45-a9b9-47109465efba ] Request (ServersAdmin275Test:test_rebuild_update_server_275): 200 GET http://10.180.1.21/compute/v2.1/servers/ed942bf3-996f-4c11-9a5e-eedb3d85b06e 0.080s
2025-05-14 01:20:47.437 69652 INFO tempest.lib.common.rest_client [req-6dc7612b-d291-4db2-97c1-7128e9c4b30d req-6dc7612b-d291-4db2-97c1-7128e9c4b30d ] Request (ListImageFiltersTestJSON:setUpClass): 200 GET http://10.180.1.21/compute/v2.1/servers/b08b3ed7-5812-432e-b618-f43104029336 0.184s
2025-05-14 01:20:47.450 69652 INFO tempest.common.waiters [-] State transition "BUILD/None" ==> "BUILD/block_device_mapping" after 40 second wait
2025-05-14 01:20:47.499 69684 INFO tempest.lib.common.rest_client [req-fc162a6f-4906-4e15-a00d-114a51297ac5 req-fc162a6f-4906-4e15-a00d-114a51297ac5 ] Request (FloatingIPsAssociationTestJSON:setUpClass): 200 GET http://10.180.1.21/compute/v2.1/servers/79593cb2-e266-49c8-905d-c0ff06320f3a 0.181s
2025-05-14 01:20:47.521 69666 INFO tempest.lib.common.rest_client [req-fd2b96b9-385f-46f1-8348-fab334dc7fc7 req-fd2b96b9-385f-46f1-8348-fab334dc7fc7 ] Request (MigrationsAdminTest:test_resize_server_revert_deleted_flavor): 200 GET http://10.180.1.21/compute/v2.1/servers/a1ab1f2f-0e69-4483-9271-45a85b69608c 0.286s
2025-05-14 01:20:47.563 69698 INFO tempest.lib.common.rest_client [req-1881e005-78f1-4c5b-8c92-4ebdf7da8d00 req-1881e005-78f1-4c5b-8c92-4ebdf7da8d00 ] Request (ServersAdminNegativeTestJSON:setUpClass): 200 GET http://10.180.1.21/compute/v2.1/servers/ad8c7bf8-0e9d-4e18-940a-f987e0ac954b 0.244s
2025-05-14 01:20:47.578 69706 INFO tempest.lib.common.rest_client [req-b88aaeab-75e7-4339-b907-629bb6f6fd83 req-b88aaeab-75e7-4339-b907-629bb6f6fd83 ] Request (ServerActionsTestOtherA:setUpClass): 200 GET http://10.180.1.21/compute/v2.1/servers/0e955a18-2f05-4164-9601-37ac243a5cbe 0.197s
2025-05-14 01:20:47.645 69680 INFO tempest.lib.common.rest_client [req-364e5883-30aa-4ded-99af-8ab81c3cb0a0 req-364e5883-30aa-4ded-99af-8ab81c3cb0a0 ] Request (ImagesOneServerTestJSON:tearDownClass): 200 GET http://10.180.1.21/compute/v2.1/servers/6ba85db5-0d68-4266-8760-15c9ad2f2fe0 0.192s
2025-05-14 01:20:47.653 69680 INFO tempest.common.waiters [-] State transition "ACTIVE/deleting" ==> "DELETED/None" after 3 second wait
2025-05-14 01:20:47.699 69700 INFO tempest.lib.common.rest_client [req-f76a6fbb-5224-4d98-b187-b88895b9dced req-f76a6fbb-5224-4d98-b187-b88895b9dced ] Request (ServerTagsTestJSON:setUpClass): 200 GET http://10.180.1.21/compute/v2.1/servers/d2dd5502-8ae0-4800-9c38-71fc70e38f3d 0.177s
2025-05-14 01:20:47.703 69692 INFO tempest.lib.common.rest_client [req-64ab797f-3711-46ec-a88a-1612ce09b9b8 req-64ab797f-3711-46ec-a88a-1612ce09b9b8 ] Request (ServersTestMultiNic:test_verify_duplicate_network_nics): 200 GET http://10.180.1.21/compute/v2.1/servers/32b4b621-d544-4e28-8efb-35718d714c4d 0.230s
2025-05-14 01:20:47.711 69692 INFO tempest.common.waiters [-] State transition "BUILD/spawning" ==> "ACTIVE/None" after 45 second wait
2025-05-14 01:20:47.756 69662 INFO tempest.lib.common.rest_client [req-1800cc5e-639e-4b62-b958-26b1d2f05851 req-1800cc5e-639e-4b62-b958-26b1d2f05851 ] Request (ServerShowV247Test:test_update_rebuild_list_server): 200 GET http://10.180.1.21/compute/v2.1/servers/2c5d994d-aa71-47bd-8ecd-f077dd409472 0.188s
2025-05-14 01:20:47.757 69668 INFO tempest.lib.common.rest_client [req-d5740496-632d-4c8d-ac33-80344187a35d req-d5740496-632d-4c8d-ac33-80344187a35d ] Request (ServersV294TestFqdnHostnames:setUpClass): 200 GET http://10.180.1.21/compute/v2.1/servers/78a90f76-8aeb-4a74-a2a7-ee67621f8275 0.212s
2025-05-14 01:20:47.817 69656 INFO tempest.lib.common.rest_client [req-6b93b8dd-1426-4f37-a756-ca447df6db45 req-6b93b8dd-1426-4f37-a756-ca447df6db45 ] Request (MultipleCreateTestJSON:test_multiple_create_with_reservation_return): 200 GET http://10.180.1.21/compute/v2.1/servers/67a00538-d67f-4697-97d6-bb1c221847bf 0.200s
2025-05-14 01:20:47.823 69712 INFO tempest.lib.common.rest_client [req-c2fd92d6-479a-4066-beca-6a618e60c992 req-c2fd92d6-479a-4066-beca-6a618e60c992 ] Request (ServerAddressesNegativeTestJSON:tearDownClass): 200 GET http://10.180.1.21/compute/v2.1/servers/4687249d-a18e-44e7-842e-e65e00320062 0.218s
2025-05-14 01:20:47.856 69692 INFO tempest.lib.common.rest_client [req-7a508a6c-db73-42e1-b48d-88e01eac85ee req-7a508a6c-db73-42e1-b48d-88e01eac85ee ] Request (ServersTestMultiNic:test_verify_duplicate_network_nics): 200 GET http://10.180.1.21/compute/v2.1/servers/32b4b621-d544-4e28-8efb-35718d714c4d/ips 0.145s
2025-05-14 01:20:47.871 69694 INFO tempest.lib.common.rest_client [req-14dbc005-cceb-4950-8f80-a15be1db3b92 req-14dbc005-cceb-4950-8f80-a15be1db3b92 ] Request (ServersTestManualDisk:setUpClass): 200 GET http://10.180.1.21/compute/v2.1/servers/952742cc-1231-4064-9d92-e28e196553c1 0.219s
2025-05-14 01:20:47.927 69658 INFO tempest.lib.common.rest_client [req-d393e043-a08e-4b44-ab4b-cd8fe3e78ee7 req-d393e043-a08e-4b44-ab4b-cd8fe3e78ee7 ] Request (InstanceActionsNegativeTestJSON:setUpClass): 200 GET http://10.180.1.21/compute/v2.1/servers/a1ecf066-1131-4880-9e8b-cfc5296b0ba7 0.135s
2025-05-14 01:20:47.940 69714 INFO tempest.lib.common.rest_client [req-6e5136e2-377d-4fe8-990d-64f8f343848a req-6e5136e2-377d-4fe8-990d-64f8f343848a ] Request (ServerDiagnosticsNegativeTest:tearDownClass): 200 GET http://10.180.1.21/compute/v2.1/servers/4a9a8f27-9e1d-41e2-b6aa-941746b393d9 0.215s
2025-05-14 01:20:48.020 69654 INFO tempest.lib.common.rest_client [req-daf11779-aa5a-47bf-9ba1-ac68ef74bde5 req-daf11779-aa5a-47bf-9ba1-ac68ef74bde5 ] Request (ServerMetadataTestJSON:tearDownClass): 200 GET http://10.180.1.21/compute/v2.1/servers/f35ffdf6-4113-4f4d-b574-25aef8c0ba27 0.162s
2025-05-14 01:20:48.038 69689 INFO tempest.lib.common.rest_client [req-6674f50e-a205-4e85-a015-b0d1caf2386f req-6674f50e-a205-4e85-a015-b0d1caf2386f ] Request (ServersAdminTestJSON:setUpClass): 200 GET http://10.180.1.21/compute/v2.1/servers/71bb33fe-516e-45d1-9097-775e783d763e 0.183s
2025-05-14 01:20:48.050 69689 INFO tempest.common.waiters [-] State transition "BUILD/spawning" ==> "ACTIVE/None" after 45 second wait
2025-05-14 01:20:48.096 69676 INFO tempest.lib.common.rest_client [req-f0865400-b7b2-4fec-8366-95b8c8c35b58 req-f0865400-b7b2-4fec-8366-95b8c8c35b58 ] Request (ServerDiagnosticsV248Test:test_get_server_diagnostics): 200 GET http://10.180.1.21/compute/v2.1/servers/38c6330f-116c-4976-b127-e2b389e00475 0.182s
2025-05-14 01:20:48.104 69692 INFO tempest.lib.common.rest_client [req-67390452-6682-4260-8e63-56abbc2c38cb req-67390452-6682-4260-8e63-56abbc2c38cb ] Request (ServersTestMultiNic:_run_cleanups): 204 DELETE http://10.180.1.21/compute/v2.1/servers/32b4b621-d544-4e28-8efb-35718d714c4d 0.244s
2025-05-14 01:20:48.176 69674 INFO tempest.lib.common.rest_client [req-40e00b2e-64ed-4d62-84ea-bbabdbc7e64a req-40e00b2e-64ed-4d62-84ea-bbabdbc7e64a ] Request (ServersTestBootFromVolume:setUpClass): 200 GET http://10.180.1.21/compute/v2.1/servers/283fd941-f17d-4f36-b200-791f75bf7f97 0.208s
2025-05-14 01:20:48.177 69696 INFO tempest.lib.common.rest_client [req-c939aa57-4bd0-40e5-b976-9649c74ebe84 req-c939aa57-4bd0-40e5-b976-9649c74ebe84 ] Request (ImagesOneServerNegativeTestJSON:_run_cleanups): 200 GET http://10.180.1.21/compute/v2.1/servers/b1971861-5b0a-45b9-a37c-972258e7ff85 0.259s
2025-05-14 01:20:48.251 69682 INFO tempest.lib.common.rest_client [req-a8eb5c91-9006-4fcf-8333-518528e3395b req-a8eb5c91-9006-4fcf-8333-518528e3395b ] Request (ServerShowV254Test:test_rebuild_server): 200 GET http://10.180.1.21/compute/v2.1/servers/c3c4d8dc-bc7f-4128-b323-341d335219cb 0.265s
2025-05-14 01:20:48.258 69686 INFO tempest.lib.common.rest_client [req-e1d164b7-7ce0-463e-b55b-cc19f6a17836 req-e1d164b7-7ce0-463e-b55b-cc19f6a17836 ] Request (DeleteServersAdminTestJSON:test_delete_server_while_in_error_state): 200 GET http://10.180.1.21/compute/v2.1/servers/af67629c-8b83-41b7-847c-049a305f970c 0.231s
2025-05-14 01:20:48.311 69705 INFO tempest.lib.common.rest_client [req-cca34209-047b-4844-aa06-ace860fc0bad req-cca34209-047b-4844-aa06-ace860fc0bad ] Request (ServersAdmin275Test:test_rebuild_update_server_275): 200 GET http://10.180.1.21/compute/v2.1/servers/ed942bf3-996f-4c11-9a5e-eedb3d85b06e 0.261s
2025-05-14 01:20:48.378 69689 INFO tempest.lib.common.rest_client [req-e30aab59-f0f7-4559-b372-a8d529234496 req-e30aab59-f0f7-4559-b372-a8d529234496 ] Request (ServersAdminTestJSON:setUpClass): 200 GET http://10.180.1.21/compute/v2.1/servers/3d5f0869-84c1-4ccf-97ac-eaff324b7257 0.328s
2025-05-14 01:20:48.454 69689 INFO tempest.lib.common.rest_client [req-c2174d2d-71d5-4b35-8acd-b6d9e92acec2 req-c2174d2d-71d5-4b35-8acd-b6d9e92acec2 ] Request (ServersAdminTestJSON:test_create_server_with_scheduling_hint): 201 POST http://10.180.1.21/identity/v3/auth/tokens 0.066s
2025-05-14 01:20:48.455 69689 INFO tempest.lib.common.fixed_network [-] (ServersAdminTestJSON:test_create_server_with_scheduling_hint) Found network {'id': '7bcf44b5-5026-4776-ba27-30a6f4884b87', 'name': 'tempest-ServersAdminTestJSON-293218281-network', 'tenant_id': '35307c25070547b19527987b14cd51da', 'admin_state_up': True, 'mtu': 8950, 'status': 'ACTIVE', 'subnets': [], 'shared': False, 'project_id': '35307c25070547b19527987b14cd51da', 'port_security_enabled': True, 'router:external': False, 'provider:network_type': 'vlan', 'provider:physical_network': 'default', 'provider:segmentation_id': 631, 'availability_zone_hints': [], 'availability_zones': [], 'ipv4_address_scope': None, 'ipv6_address_scope': None, 'description': '', 'tags': [], 'created_at': '2025-05-14T01:19:43Z', 'updated_at': '2025-05-14T01:19:43Z', 'revision_number': 1} available for tenant
2025-05-14 01:20:48.474 69692 INFO tempest.lib.common.rest_client [req-76b354f2-7716-4565-abfc-63566946ff70 req-76b354f2-7716-4565-abfc-63566946ff70 ] Request (ServersTestMultiNic:_run_cleanups): 200 GET http://10.180.1.21/compute/v2.1/servers/32b4b621-d544-4e28-8efb-35718d714c4d 0.369s
2025-05-14 01:20:48.577 69652 INFO tempest.lib.common.rest_client [req-df519ee2-fe3e-4a26-baed-196e91520edf req-df519ee2-fe3e-4a26-baed-196e91520edf ] Request (ListImageFiltersTestJSON:setUpClass): 200 GET http://10.180.1.21/compute/v2.1/servers/b08b3ed7-5812-432e-b618-f43104029336 0.125s
2025-05-14 01:20:48.588 69652 INFO tempest.common.waiters [-] State transition "BUILD/block_device_mapping" ==> "BUILD/spawning" after 41 second wait
2025-05-14 01:20:48.650 69684 INFO tempest.lib.common.rest_client [req-9413e462-b035-42ca-9608-da84adf152e0 req-9413e462-b035-42ca-9608-da84adf152e0 ] Request (FloatingIPsAssociationTestJSON:setUpClass): 200 GET http://10.180.1.21/compute/v2.1/servers/79593cb2-e266-49c8-905d-c0ff06320f3a 0.137s
2025-05-14 01:20:48.696 69666 INFO tempest.lib.common.rest_client [req-ab01f3af-6dd0-4fc0-8405-236b9c92c964 req-ab01f3af-6dd0-4fc0-8405-236b9c92c964 ] Request (MigrationsAdminTest:test_resize_server_revert_deleted_flavor): 200 GET http://10.180.1.21/compute/v2.1/servers/a1ab1f2f-0e69-4483-9271-45a85b69608c 0.165s
2025-05-14 01:20:48.755 69698 INFO tempest.lib.common.rest_client [req-867ca846-65a1-4cb3-a9a8-3162623e8b38 req-867ca846-65a1-4cb3-a9a8-3162623e8b38 ] Request (ServersAdminNegativeTestJSON:setUpClass): 200 GET http://10.180.1.21/compute/v2.1/servers/ad8c7bf8-0e9d-4e18-940a-f987e0ac954b 0.182s
2025-05-14 01:20:48.792 69689 INFO tempest.lib.common.rest_client [req-07ff9c64-b7c8-41f5-92c4-91ca59a79ce6 req-07ff9c64-b7c8-41f5-92c4-91ca59a79ce6 ] Request (ServersAdminTestJSON:test_create_server_with_scheduling_hint): 202 POST http://10.180.1.21/compute/v2.1/servers 0.336s
2025-05-14 01:20:48.807 69706 INFO tempest.lib.common.rest_client [req-81e26406-56e0-49fc-ac8a-75da8dbaa9f3 req-81e26406-56e0-49fc-ac8a-75da8dbaa9f3 ] Request (ServerActionsTestOtherA:setUpClass): 200 GET http://10.180.1.21/compute/v2.1/servers/0e955a18-2f05-4164-9601-37ac243a5cbe 0.220s
2025-05-14 01:20:48.869 69680 INFO tempest.lib.common.rest_client [req-8ae84983-18a6-4a15-b6db-dd7de21a08d0 req-8ae84983-18a6-4a15-b6db-dd7de21a08d0 ] Request (ImagesOneServerTestJSON:tearDownClass): 200 GET http://10.180.1.21/compute/v2.1/servers/6ba85db5-0d68-4266-8760-15c9ad2f2fe0 0.215s
2025-05-14 01:20:48.870 69700 INFO tempest.lib.common.rest_client [req-e3475e23-da7d-47ad-aaba-9a18efef820e req-e3475e23-da7d-47ad-aaba-9a18efef820e ] Request (ServerTagsTestJSON:setUpClass): 200 GET http://10.180.1.21/compute/v2.1/servers/d2dd5502-8ae0-4800-9c38-71fc70e38f3d 0.158s
2025-05-14 01:20:48.933 69668 INFO tempest.lib.common.rest_client [req-0994782c-9f5f-49a4-bfbc-df77d1f6690b req-0994782c-9f5f-49a4-bfbc-df77d1f6690b ] Request (ServersV294TestFqdnHostnames:setUpClass): 200 GET http://10.180.1.21/compute/v2.1/servers/78a90f76-8aeb-4a74-a2a7-ee67621f8275 0.164s
2025-05-14 01:20:48.936 69662 INFO tempest.lib.common.rest_client [req-8634434f-7cdc-4b46-b4b0-019b9734811c req-8634434f-7cdc-4b46-b4b0-019b9734811c ] Request (ServerShowV247Test:test_update_rebuild_list_server): 200 GET http://10.180.1.21/compute/v2.1/servers/2c5d994d-aa71-47bd-8ecd-f077dd409472 0.169s
2025-05-14 01:20:48.975 69689 INFO tempest.lib.common.rest_client [req-3b7ef0c1-d380-4f6f-b7f9-e987dbe1c0d1 req-3b7ef0c1-d380-4f6f-b7f9-e987dbe1c0d1 ] Request (ServersAdminTestJSON:test_create_server_with_scheduling_hint): 200 GET http://10.180.1.21/compute/v2.1/servers/8f7563b6-b739-48f5-afcd-74ff590d32ef 0.181s
2025-05-14 01:20:48.989 69656 INFO tempest.lib.common.rest_client [req-5977fbc5-629c-4991-bbb3-428e47a1a7a7 req-5977fbc5-629c-4991-bbb3-428e47a1a7a7 ] Request (MultipleCreateTestJSON:test_multiple_create_with_reservation_return): 200 GET http://10.180.1.21/compute/v2.1/servers/67a00538-d67f-4697-97d6-bb1c221847bf 0.159s
2025-05-14 01:20:49.035 69712 INFO tempest.lib.common.rest_client [req-5888f36a-d66f-4389-a432-5361e00316a7 req-5888f36a-d66f-4389-a432-5361e00316a7 ] Request (ServerAddressesNegativeTestJSON:tearDownClass): 200 GET http://10.180.1.21/compute/v2.1/servers/4687249d-a18e-44e7-842e-e65e00320062 0.204s
2025-05-14 01:20:49.041 69694 INFO tempest.lib.common.rest_client [req-8594da58-4889-421c-ba5b-7b75dd9c6d8e req-8594da58-4889-421c-ba5b-7b75dd9c6d8e ] Request (ServersTestManualDisk:setUpClass): 200 GET http://10.180.1.21/compute/v2.1/servers/952742cc-1231-4064-9d92-e28e196553c1 0.160s
2025-05-14 01:20:49.085 69658 INFO tempest.lib.common.rest_client [req-182b48d4-a177-4184-be19-3b23b1926162 req-182b48d4-a177-4184-be19-3b23b1926162 ] Request (InstanceActionsNegativeTestJSON:setUpClass): 200 GET http://10.180.1.21/compute/v2.1/servers/a1ecf066-1131-4880-9e8b-cfc5296b0ba7 0.150s
2025-05-14 01:20:49.099 69714 INFO tempest.lib.common.rest_client [req-2c342e85-ca63-4293-8916-6ddb2d5b1bf1 req-2c342e85-ca63-4293-8916-6ddb2d5b1bf1 ] Request (ServerDiagnosticsNegativeTest:tearDownClass): 200 GET http://10.180.1.21/compute/v2.1/servers/4a9a8f27-9e1d-41e2-b6aa-941746b393d9 0.150s
2025-05-14 01:20:49.147 69654 INFO tempest.lib.common.rest_client [req-1b45dad9-bcbf-4037-a858-79b423952233 req-1b45dad9-bcbf-4037-a858-79b423952233 ] Request (ServerMetadataTestJSON:tearDownClass): 200 GET http://10.180.1.21/compute/v2.1/servers/f35ffdf6-4113-4f4d-b574-25aef8c0ba27 0.117s
2025-05-14 01:20:49.170 69676 INFO tempest.lib.common.rest_client [req-276dbb1e-b212-449b-8f70-c5f5f22c75f0 req-276dbb1e-b212-449b-8f70-c5f5f22c75f0 ] Request (ServerDiagnosticsV248Test:test_get_server_diagnostics): 200 GET http://10.180.1.21/compute/v2.1/servers/38c6330f-116c-4976-b127-e2b389e00475 0.065s
2025-05-14 01:20:49.171 69660 WARNING tempest.lib.common.ssh [-] Failed to establish authenticated ssh connection to cirros@10.180.180.206 ([Errno None] Unable to connect to port 22 on 10.180.180.206). Number attempts: 1. Retry after 2 seconds.: paramiko.ssh_exception.NoValidConnectionsError: [Errno None] Unable to connect to port 22 on 10.180.180.206
2025-05-14 01:20:49.264 69674 INFO tempest.lib.common.rest_client [req-faf9bccc-94ac-4d99-bd42-7d30440f2074 req-faf9bccc-94ac-4d99-bd42-7d30440f2074 ] Request (ServersTestBootFromVolume:setUpClass): 200 GET http://10.180.1.21/compute/v2.1/servers/283fd941-f17d-4f36-b200-791f75bf7f97 0.077s
2025-05-14 01:20:49.273 69674 INFO tempest.common.waiters [-] State transition "BUILD/scheduling" ==> "BUILD/None" after 26 second wait
2025-05-14 01:20:49.274 69696 INFO tempest.lib.common.rest_client [req-a7ee611f-8d29-4dfb-9788-328c99aa739a req-a7ee611f-8d29-4dfb-9788-328c99aa739a ] Request (ImagesOneServerNegativeTestJSON:_run_cleanups): 200 GET http://10.180.1.21/compute/v2.1/servers/b1971861-5b0a-45b9-a37c-972258e7ff85 0.088s
2025-05-14 01:20:49.330 69682 INFO tempest.lib.common.rest_client [req-bd3d4f9e-559f-4d22-b869-75349addbaca req-bd3d4f9e-559f-4d22-b869-75349addbaca ] Request (ServerShowV254Test:test_rebuild_server): 200 GET http://10.180.1.21/compute/v2.1/servers/c3c4d8dc-bc7f-4128-b323-341d335219cb 0.068s
2025-05-14 01:20:49.351 69686 INFO tempest.lib.common.rest_client [req-cf460f07-9224-4ff3-98a9-6579748d3a88 req-cf460f07-9224-4ff3-98a9-6579748d3a88 ] Request (DeleteServersAdminTestJSON:test_delete_server_while_in_error_state): 200 GET http://10.180.1.21/compute/v2.1/servers/af67629c-8b83-41b7-847c-049a305f970c 0.084s
2025-05-14 01:20:49.400 69705 INFO tempest.lib.common.rest_client [req-910c3ebf-9770-41ea-932d-dcaf4d39d1b1 req-910c3ebf-9770-41ea-932d-dcaf4d39d1b1 ] Request (ServersAdmin275Test:test_rebuild_update_server_275): 200 GET http://10.180.1.21/compute/v2.1/servers/ed942bf3-996f-4c11-9a5e-eedb3d85b06e 0.078s
2025-05-14 01:20:49.593 69670 WARNING tempest.lib.common.ssh [-] Failed to establish authenticated ssh connection to cirros@10.180.180.147 ([Errno None] Unable to connect to port 22 on 10.180.180.147). Number attempts: 6. Retry after 7 seconds.: paramiko.ssh_exception.NoValidConnectionsError: [Errno None] Unable to connect to port 22 on 10.180.180.147
2025-05-14 01:20:49.641 69692 INFO tempest.lib.common.rest_client [req-f75ee516-b13a-4922-a215-254176a4555f req-f75ee516-b13a-4922-a215-254176a4555f ] Request (ServersTestMultiNic:_run_cleanups): 200 GET http://10.180.1.21/compute/v2.1/servers/32b4b621-d544-4e28-8efb-35718d714c4d 0.158s
2025-05-14 01:20:49.724 69684 INFO tempest.lib.common.rest_client [req-808f9ec7-dd26-42a7-9ddd-1859a0e59775 req-808f9ec7-dd26-42a7-9ddd-1859a0e59775 ] Request (FloatingIPsAssociationTestJSON:setUpClass): 200 GET http://10.180.1.21/compute/v2.1/servers/79593cb2-e266-49c8-905d-c0ff06320f3a 0.066s
2025-05-14 01:20:49.730 69652 INFO tempest.lib.common.rest_client [req-6a17a117-cae7-4645-b43d-1a0b24d1773e req-6a17a117-cae7-4645-b43d-1a0b24d1773e ] Request (ListImageFiltersTestJSON:setUpClass): 200 GET http://10.180.1.21/compute/v2.1/servers/b08b3ed7-5812-432e-b618-f43104029336 0.141s
2025-05-14 01:20:49.786 69666 INFO tempest.lib.common.rest_client [req-f29878ac-0de0-4731-abeb-3b7a0ae3ede5 req-f29878ac-0de0-4731-abeb-3b7a0ae3ede5 ] Request (MigrationsAdminTest:test_resize_server_revert_deleted_flavor): 200 GET http://10.180.1.21/compute/v2.1/servers/a1ab1f2f-0e69-4483-9271-45a85b69608c 0.080s
2025-05-14 01:20:49.887 69706 INFO tempest.lib.common.rest_client [req-0024113c-59d0-4800-b603-6467dc68a135 req-0024113c-59d0-4800-b603-6467dc68a135 ] Request (ServerActionsTestOtherA:setUpClass): 200 GET http://10.180.1.21/compute/v2.1/servers/0e955a18-2f05-4164-9601-37ac243a5cbe 0.071s
2025-05-14 01:20:49.901 69698 INFO tempest.lib.common.rest_client [req-1b132f9e-d6fb-4c45-b767-c97c3f6c3910 req-1b132f9e-d6fb-4c45-b767-c97c3f6c3910 ] Request (ServersAdminNegativeTestJSON:setUpClass): 200 GET http://10.180.1.21/compute/v2.1/servers/ad8c7bf8-0e9d-4e18-940a-f987e0ac954b 0.137s
2025-05-14 01:20:49.911 69698 INFO tempest.common.waiters [-] State transition "BUILD/None" ==> "BUILD/block_device_mapping" after 39 second wait
2025-05-14 01:20:49.957 69680 INFO tempest.lib.common.rest_client [req-f9a4e7fe-7aae-48f6-a246-353605e8efc6 req-f9a4e7fe-7aae-48f6-a246-353605e8efc6 ] Request (ImagesOneServerTestJSON:tearDownClass): 200 GET http://10.180.1.21/compute/v2.1/servers/6ba85db5-0d68-4266-8760-15c9ad2f2fe0 0.081s
2025-05-14 01:20:49.973 69700 INFO tempest.lib.common.rest_client [req-86cdc085-3945-4dda-9ec3-e7b49c677a46 req-86cdc085-3945-4dda-9ec3-e7b49c677a46 ] Request (ServerTagsTestJSON:setUpClass): 200 GET http://10.180.1.21/compute/v2.1/servers/d2dd5502-8ae0-4800-9c38-71fc70e38f3d 0.089s
2025-05-14 01:20:49.985 69700 INFO tempest.common.waiters [-] State transition "BUILD/scheduling" ==> "BUILD/None" after 27 second wait
2025-05-14 01:20:50.017 69668 INFO tempest.lib.common.rest_client [req-a9fa3975-c9ec-4833-888e-7bc835b6c9a9 req-a9fa3975-c9ec-4833-888e-7bc835b6c9a9 ] Request (ServersV294TestFqdnHostnames:setUpClass): 200 GET http://10.180.1.21/compute/v2.1/servers/78a90f76-8aeb-4a74-a2a7-ee67621f8275 0.072s
2025-05-14 01:20:50.052 69662 INFO tempest.lib.common.rest_client [req-9a9da6cb-1dcf-4f78-b7be-39f0a7ef2bde req-9a9da6cb-1dcf-4f78-b7be-39f0a7ef2bde ] Request (ServerShowV247Test:test_update_rebuild_list_server): 200 GET http://10.180.1.21/compute/v2.1/servers/2c5d994d-aa71-47bd-8ecd-f077dd409472 0.106s
2025-05-14 01:20:50.071 69689 INFO tempest.lib.common.rest_client [req-00df3315-e570-405c-9c07-4a42a0cd2ee7 req-00df3315-e570-405c-9c07-4a42a0cd2ee7 ] Request (ServersAdminTestJSON:test_create_server_with_scheduling_hint): 200 GET http://10.180.1.21/compute/v2.1/servers/8f7563b6-b739-48f5-afcd-74ff590d32ef 0.086s
2025-05-14 01:20:50.105 69656 INFO tempest.lib.common.rest_client [req-7e9e250e-503f-41d1-8f4a-0c58962c076a req-7e9e250e-503f-41d1-8f4a-0c58962c076a ] Request (MultipleCreateTestJSON:test_multiple_create_with_reservation_return): 200 GET http://10.180.1.21/compute/v2.1/servers/67a00538-d67f-4697-97d6-bb1c221847bf 0.107s
2025-05-14 01:20:50.138 69712 INFO tempest.lib.common.rest_client [req-201ddc41-3271-4bc2-a10f-0616cf90a315 req-201ddc41-3271-4bc2-a10f-0616cf90a315 ] Request (ServerAddressesNegativeTestJSON:tearDownClass): 200 GET http://10.180.1.21/compute/v2.1/servers/4687249d-a18e-44e7-842e-e65e00320062 0.095s
2025-05-14 01:20:50.164 69694 INFO tempest.lib.common.rest_client [req-e562804c-fccd-4611-911f-cd937bff19d9 req-e562804c-fccd-4611-911f-cd937bff19d9 ] Request (ServersTestManualDisk:setUpClass): 200 GET http://10.180.1.21/compute/v2.1/servers/952742cc-1231-4064-9d92-e28e196553c1 0.116s
2025-05-14 01:20:50.193 69658 INFO tempest.lib.common.rest_client [req-79bac01b-3d45-4747-a511-7286b5a38de0 req-79bac01b-3d45-4747-a511-7286b5a38de0 ] Request (InstanceActionsNegativeTestJSON:setUpClass): 200 GET http://10.180.1.21/compute/v2.1/servers/a1ecf066-1131-4880-9e8b-cfc5296b0ba7 0.097s
2025-05-14 01:20:50.221 69714 INFO tempest.lib.common.rest_client [req-a625b4c5-0a5b-4430-8d86-846a36a66fb1 req-a625b4c5-0a5b-4430-8d86-846a36a66fb1 ] Request (ServerDiagnosticsNegativeTest:tearDownClass): 200 GET http://10.180.1.21/compute/v2.1/servers/4a9a8f27-9e1d-41e2-b6aa-941746b393d9 0.112s
2025-05-14 01:20:50.247 69654 INFO tempest.lib.common.rest_client [req-38bd849e-9abf-444a-90c9-f1631e6fcfa7 req-38bd849e-9abf-444a-90c9-f1631e6fcfa7 ] Request (ServerMetadataTestJSON:tearDownClass): 200 GET http://10.180.1.21/compute/v2.1/servers/f35ffdf6-4113-4f4d-b574-25aef8c0ba27 0.090s
2025-05-14 01:20:50.274 69676 INFO tempest.lib.common.rest_client [req-de1545e8-3ad7-44d7-91f4-258caf6a10a3 req-de1545e8-3ad7-44d7-91f4-258caf6a10a3 ] Request (ServerDiagnosticsV248Test:test_get_server_diagnostics): 200 GET http://10.180.1.21/compute/v2.1/servers/38c6330f-116c-4976-b127-e2b389e00475 0.092s
2025-05-14 01:20:50.326 69674 INFO tempest.lib.common.rest_client [req-7f6ac726-13c1-4be2-a161-471fdd7c382e req-7f6ac726-13c1-4be2-a161-471fdd7c382e ] Request (ServersTestBootFromVolume:setUpClass): 200 GET http://10.180.1.21/compute/v2.1/servers/283fd941-f17d-4f36-b200-791f75bf7f97 0.053s
2025-05-14 01:20:50.339 69696 INFO tempest.lib.common.rest_client [req-87a6db39-753d-490f-9775-badf993d9d15 req-87a6db39-753d-490f-9775-badf993d9d15 ] Request (ImagesOneServerNegativeTestJSON:_run_cleanups): 200 GET http://10.180.1.21/compute/v2.1/servers/b1971861-5b0a-45b9-a37c-972258e7ff85 0.058s
2025-05-14 01:20:50.402 69682 INFO tempest.lib.common.rest_client [req-4a2b3d47-5c9d-4d2b-99b5-1dd1c5c55491 req-4a2b3d47-5c9d-4d2b-99b5-1dd1c5c55491 ] Request (ServerShowV254Test:test_rebuild_server): 200 GET http://10.180.1.21/compute/v2.1/servers/c3c4d8dc-bc7f-4128-b323-341d335219cb 0.061s
2025-05-14 01:20:50.441 69686 INFO tempest.lib.common.rest_client [req-154ac7a2-2739-43c1-a929-78529d51ef14 req-154ac7a2-2739-43c1-a929-78529d51ef14 ] Request (DeleteServersAdminTestJSON:test_delete_server_while_in_error_state): 200 GET http://10.180.1.21/compute/v2.1/servers/af67629c-8b83-41b7-847c-049a305f970c 0.075s
2025-05-14 01:20:50.474 69705 INFO tempest.lib.common.rest_client [req-d1fcc085-679b-49b2-960a-52c0cecfcaf6 req-d1fcc085-679b-49b2-960a-52c0cecfcaf6 ] Request (ServersAdmin275Test:test_rebuild_update_server_275): 200 GET http://10.180.1.21/compute/v2.1/servers/ed942bf3-996f-4c11-9a5e-eedb3d85b06e 0.063s
2025-05-14 01:20:50.772 69672 WARNING tempest.lib.common.ssh [-] Failed to establish authenticated ssh connection to cirros@10.180.180.217 ([Errno None] Unable to connect to port 22 on 10.180.180.217). Number attempts: 8. Retry after 9 seconds.: paramiko.ssh_exception.NoValidConnectionsError: [Errno None] Unable to connect to port 22 on 10.180.180.217
2025-05-14 01:20:50.802 69684 INFO tempest.lib.common.rest_client [req-f365af65-cdb3-452b-a8bf-cc3abc4d7c3b req-f365af65-cdb3-452b-a8bf-cc3abc4d7c3b ] Request (FloatingIPsAssociationTestJSON:setUpClass): 200 GET http://10.180.1.21/compute/v2.1/servers/79593cb2-e266-49c8-905d-c0ff06320f3a 0.067s
2025-05-14 01:20:50.803 69692 INFO tempest.lib.common.rest_client [req-20f6a5cc-181a-42fd-8667-d08e909f5c84 req-20f6a5cc-181a-42fd-8667-d08e909f5c84 ] Request (ServersTestMultiNic:_run_cleanups): 200 GET http://10.180.1.21/compute/v2.1/servers/32b4b621-d544-4e28-8efb-35718d714c4d 0.151s
2025-05-14 01:20:50.872 69666 INFO tempest.lib.common.rest_client [req-ad3e56ab-bf35-42ef-a98f-f3e4ff4c5ae9 req-ad3e56ab-bf35-42ef-a98f-f3e4ff4c5ae9 ] Request (MigrationsAdminTest:test_resize_server_revert_deleted_flavor): 200 GET http://10.180.1.21/compute/v2.1/servers/a1ab1f2f-0e69-4483-9271-45a85b69608c 0.070s
2025-05-14 01:20:50.917 69652 INFO tempest.lib.common.rest_client [req-0546e5c6-145b-4402-b70c-23c6007942e0 req-0546e5c6-145b-4402-b70c-23c6007942e0 ] Request (ListImageFiltersTestJSON:setUpClass): 200 GET http://10.180.1.21/compute/v2.1/servers/b08b3ed7-5812-432e-b618-f43104029336 0.174s
2025-05-14 01:20:50.953 69706 INFO tempest.lib.common.rest_client [req-01559c87-0d83-4b39-a89e-e46bb479505d req-01559c87-0d83-4b39-a89e-e46bb479505d ] Request (ServerActionsTestOtherA:setUpClass): 200 GET http://10.180.1.21/compute/v2.1/servers/0e955a18-2f05-4164-9601-37ac243a5cbe 0.056s
2025-05-14 01:20:51.032 69698 INFO tempest.lib.common.rest_client [req-ae9dc977-c7dd-4c7d-a60f-b9b7088710e5 req-ae9dc977-c7dd-4c7d-a60f-b9b7088710e5 ] Request (ServersAdminNegativeTestJSON:setUpClass): 200 GET http://10.180.1.21/compute/v2.1/servers/ad8c7bf8-0e9d-4e18-940a-f987e0ac954b 0.120s
2025-05-14 01:20:51.041 69698 INFO tempest.common.waiters [-] State transition "BUILD/block_device_mapping" ==> "BUILD/spawning" after 41 second wait
2025-05-14 01:20:51.047 69680 INFO tempest.lib.common.rest_client [req-a8fe87fc-e333-4200-9bc7-f42e6e665a51 req-a8fe87fc-e333-4200-9bc7-f42e6e665a51 ] Request (ImagesOneServerTestJSON:tearDownClass): 200 GET http://10.180.1.21/compute/v2.1/servers/6ba85db5-0d68-4266-8760-15c9ad2f2fe0 0.081s
2025-05-14 01:20:51.093 69700 INFO tempest.lib.common.rest_client [req-5dc3c9de-9326-4aeb-8852-2bbfdf521816 req-5dc3c9de-9326-4aeb-8852-2bbfdf521816 ] Request (ServerTagsTestJSON:setUpClass): 200 GET http://10.180.1.21/compute/v2.1/servers/d2dd5502-8ae0-4800-9c38-71fc70e38f3d 0.107s
2025-05-14 01:20:51.118 69668 INFO tempest.lib.common.rest_client [req-a94be336-8d02-4610-8fa1-2a7a2684428b req-a94be336-8d02-4610-8fa1-2a7a2684428b ] Request (ServersV294TestFqdnHostnames:setUpClass): 200 GET http://10.180.1.21/compute/v2.1/servers/78a90f76-8aeb-4a74-a2a7-ee67621f8275 0.090s
2025-05-14 01:20:51.146 69662 INFO tempest.lib.common.rest_client [req-d5ba0edc-7bed-4c5d-a6a1-c0e52c03ecb3 req-d5ba0edc-7bed-4c5d-a6a1-c0e52c03ecb3 ] Request (ServerShowV247Test:test_update_rebuild_list_server): 200 GET http://10.180.1.21/compute/v2.1/servers/2c5d994d-aa71-47bd-8ecd-f077dd409472 0.083s
2025-05-14 01:20:51.184 69689 INFO tempest.lib.common.rest_client [req-fa9c9650-691d-4be9-bc15-fdb81734df0d req-fa9c9650-691d-4be9-bc15-fdb81734df0d ] Request (ServersAdminTestJSON:test_create_server_with_scheduling_hint): 200 GET http://10.180.1.21/compute/v2.1/servers/8f7563b6-b739-48f5-afcd-74ff590d32ef 0.105s
2025-05-14 01:20:51.203 69656 INFO tempest.lib.common.rest_client [req-3e3b88ce-9c93-4c3f-a8ce-5e83a15e48e5 req-3e3b88ce-9c93-4c3f-a8ce-5e83a15e48e5 ] Request (MultipleCreateTestJSON:test_multiple_create_with_reservation_return): 200 GET http://10.180.1.21/compute/v2.1/servers/67a00538-d67f-4697-97d6-bb1c221847bf 0.088s
2025-05-14 01:20:51.212 69712 INFO tempest.lib.common.rest_client [req-1748ce0f-f890-48bc-8bca-1bdd1489f438 req-1748ce0f-f890-48bc-8bca-1bdd1489f438 ] Request (ServerAddressesNegativeTestJSON:tearDownClass): 404 GET http://10.180.1.21/compute/v2.1/servers/4687249d-a18e-44e7-842e-e65e00320062 0.063s
2025-05-14 01:20:51.273 69658 INFO tempest.lib.common.rest_client [req-5ef6a2fa-b90e-4cc6-8db9-551a04d65e9d req-5ef6a2fa-b90e-4cc6-8db9-551a04d65e9d ] Request (InstanceActionsNegativeTestJSON:setUpClass): 200 GET http://10.180.1.21/compute/v2.1/servers/a1ecf066-1131-4880-9e8b-cfc5296b0ba7 0.070s
2025-05-14 01:20:51.278 69694 INFO tempest.lib.common.rest_client [req-dc534c46-955b-49ff-a57d-2535dd800fa1 req-dc534c46-955b-49ff-a57d-2535dd800fa1 ] Request (ServersTestManualDisk:setUpClass): 200 GET http://10.180.1.21/compute/v2.1/servers/952742cc-1231-4064-9d92-e28e196553c1 0.105s
2025-05-14 01:20:51.357 69654 INFO tempest.lib.common.rest_client [req-7053d6f1-1ea3-4983-b975-1e0d00d7deb5 req-7053d6f1-1ea3-4983-b975-1e0d00d7deb5 ] Request (ServerMetadataTestJSON:tearDownClass): 200 GET http://10.180.1.21/compute/v2.1/servers/f35ffdf6-4113-4f4d-b574-25aef8c0ba27 0.101s
2025-05-14 01:20:51.361 69714 INFO tempest.lib.common.rest_client [req-0bc82f68-3c6e-49c8-a81f-e592a7472f96 req-0bc82f68-3c6e-49c8-a81f-e592a7472f96 ] Request (ServerDiagnosticsNegativeTest:tearDownClass): 200 GET http://10.180.1.21/compute/v2.1/servers/4a9a8f27-9e1d-41e2-b6aa-941746b393d9 0.133s
2025-05-14 01:20:51.424 69674 INFO tempest.lib.common.rest_client [req-d5356fc8-4a2e-433e-82fa-a732531003c6 req-d5356fc8-4a2e-433e-82fa-a732531003c6 ] Request (ServersTestBootFromVolume:setUpClass): 200 GET http://10.180.1.21/compute/v2.1/servers/283fd941-f17d-4f36-b200-791f75bf7f97 0.089s
2025-05-14 01:20:51.434 69676 INFO tempest.lib.common.rest_client [req-73503066-0a62-4076-8a7d-efe551d72933 req-73503066-0a62-4076-8a7d-efe551d72933 ] Request (ServerDiagnosticsV248Test:test_get_server_diagnostics): 200 GET http://10.180.1.21/compute/v2.1/servers/38c6330f-116c-4976-b127-e2b389e00475 0.151s
2025-05-14 01:20:51.443 69676 INFO tempest.common.waiters [-] State transition "BUILD/spawning" ==> "ACTIVE/None" after 45 second wait
2025-05-14 01:20:51.493 69682 INFO tempest.lib.common.rest_client [req-4c20218c-12eb-4b3e-9a75-9161a7df436e req-4c20218c-12eb-4b3e-9a75-9161a7df436e ] Request (ServerShowV254Test:test_rebuild_server): 200 GET http://10.180.1.21/compute/v2.1/servers/c3c4d8dc-bc7f-4128-b323-341d335219cb 0.081s
2025-05-14 01:20:51.501 69696 INFO tempest.lib.common.rest_client [req-a2a8321b-00c5-474c-b233-532e7f2b2087 req-a2a8321b-00c5-474c-b233-532e7f2b2087 ] Request (ImagesOneServerNegativeTestJSON:_run_cleanups): 200 GET http://10.180.1.21/compute/v2.1/servers/b1971861-5b0a-45b9-a37c-972258e7ff85 0.154s
2025-05-14 01:20:51.566 69686 INFO tempest.lib.common.rest_client [req-9a4b0b15-bdaa-49de-8ff8-8d5d0dfb9deb req-9a4b0b15-bdaa-49de-8ff8-8d5d0dfb9deb ] Request (DeleteServersAdminTestJSON:test_delete_server_while_in_error_state): 200 GET http://10.180.1.21/compute/v2.1/servers/af67629c-8b83-41b7-847c-049a305f970c 0.117s
2025-05-14 01:20:51.625 69705 INFO tempest.lib.common.rest_client [req-16fbb880-2b37-4d09-9497-6b32114905d4 req-16fbb880-2b37-4d09-9497-6b32114905d4 ] Request (ServersAdmin275Test:test_rebuild_update_server_275): 200 GET http://10.180.1.21/compute/v2.1/servers/ed942bf3-996f-4c11-9a5e-eedb3d85b06e 0.140s
2025-05-14 01:20:51.871 69684 INFO tempest.lib.common.rest_client [req-639eeb16-5af4-4d6e-b06d-b0ee9812f960 req-639eeb16-5af4-4d6e-b06d-b0ee9812f960 ] Request (FloatingIPsAssociationTestJSON:setUpClass): 200 GET http://10.180.1.21/compute/v2.1/servers/79593cb2-e266-49c8-905d-c0ff06320f3a 0.060s
2025-05-14 01:20:51.931 69692 INFO tempest.lib.common.rest_client [req-00e7ad5a-0c17-490d-8a16-1b5fbd726d61 req-00e7ad5a-0c17-490d-8a16-1b5fbd726d61 ] Request (ServersTestMultiNic:_run_cleanups): 200 GET http://10.180.1.21/compute/v2.1/servers/32b4b621-d544-4e28-8efb-35718d714c4d 0.118s
2025-05-14 01:20:51.987 69666 INFO tempest.lib.common.rest_client [req-8858b118-0fa5-4789-8462-ace56f3e1fc9 req-8858b118-0fa5-4789-8462-ace56f3e1fc9 ] Request (MigrationsAdminTest:test_resize_server_revert_deleted_flavor): 200 GET http://10.180.1.21/compute/v2.1/servers/a1ab1f2f-0e69-4483-9271-45a85b69608c 0.100s
2025-05-14 01:20:52.013 69712 INFO tempest.lib.common.rest_client [req-9d8a6c89-39ce-481b-ad05-09dbba59c6a5 req-9d8a6c89-39ce-481b-ad05-09dbba59c6a5 ] Request (ServerAddressesNegativeTestJSON:tearDownClass): 200 PUT http://10.180.1.21:9696/networking/v2.0/routers/8dd79df7-7ebd-4012-9295-721d4afdddd7/remove_router_interface 0.800s
2025-05-14 01:20:52.101 69676 INFO tempest.lib.common.rest_client [req-f33a6026-7349-4fe1-8630-224f51432d47 req-f33a6026-7349-4fe1-8630-224f51432d47 ] Request (ServerDiagnosticsV248Test:test_get_server_diagnostics): 200 GET http://10.180.1.21/compute/v2.1/servers/38c6330f-116c-4976-b127-e2b389e00475/diagnostics 0.657s
2025-05-14 01:20:52.114 69665 WARNING tempest.lib.common.ssh [-] Failed to establish authenticated ssh connection to cirros@10.180.180.165 ([Errno None] Unable to connect to port 22 on 10.180.180.165). Number attempts: 6. Retry after 7 seconds.: paramiko.ssh_exception.NoValidConnectionsError: [Errno None] Unable to connect to port 22 on 10.180.180.165
2025-05-14 01:20:52.118 69652 INFO tempest.lib.common.rest_client [req-7d4e4281-c079-4f0a-87ab-f4e694679011 req-7d4e4281-c079-4f0a-87ab-f4e694679011 ] Request (ListImageFiltersTestJSON:setUpClass): 200 GET http://10.180.1.21/compute/v2.1/servers/b08b3ed7-5812-432e-b618-f43104029336 0.191s
2025-05-14 01:20:52.171 69706 INFO tempest.lib.common.rest_client [req-6f7ea249-9b0a-4a16-b522-25bfe2ae0def req-6f7ea249-9b0a-4a16-b522-25bfe2ae0def ] Request (ServerActionsTestOtherA:setUpClass): 200 GET http://10.180.1.21/compute/v2.1/servers/0e955a18-2f05-4164-9601-37ac243a5cbe 0.209s
2025-05-14 01:20:52.240 69660 WARNING tempest.lib.common.ssh [-] Failed to establish authenticated ssh connection to cirros@10.180.180.206 ([Errno None] Unable to connect to port 22 on 10.180.180.206). Number attempts: 2. Retry after 3 seconds.: paramiko.ssh_exception.NoValidConnectionsError: [Errno None] Unable to connect to port 22 on 10.180.180.206
2025-05-14 01:20:52.255 69698 INFO tempest.lib.common.rest_client [req-b9addb4c-86fe-481c-9437-69d5b9a03ecf req-b9addb4c-86fe-481c-9437-69d5b9a03ecf ] Request (ServersAdminNegativeTestJSON:setUpClass): 200 GET http://10.180.1.21/compute/v2.1/servers/ad8c7bf8-0e9d-4e18-940a-f987e0ac954b 0.212s
2025-05-14 01:20:52.257 69680 INFO tempest.lib.common.rest_client [req-70583981-909f-4a93-af8c-509e8d1ea60b req-70583981-909f-4a93-af8c-509e8d1ea60b ] Request (ImagesOneServerTestJSON:tearDownClass): 200 GET http://10.180.1.21/compute/v2.1/servers/6ba85db5-0d68-4266-8760-15c9ad2f2fe0 0.195s
2025-05-14 01:20:52.330 69700 INFO tempest.lib.common.rest_client [req-d087534f-5787-45ff-b33c-e184c1994589 req-d087534f-5787-45ff-b33c-e184c1994589 ] Request (ServerTagsTestJSON:setUpClass): 200 GET http://10.180.1.21/compute/v2.1/servers/d2dd5502-8ae0-4800-9c38-71fc70e38f3d 0.225s
2025-05-14 01:20:52.350 69668 INFO tempest.lib.common.rest_client [req-67d72c5b-355b-4cb3-ad4b-956e640bc4f4 req-67d72c5b-355b-4cb3-ad4b-956e640bc4f4 ] Request (ServersV294TestFqdnHostnames:setUpClass): 200 GET http://10.180.1.21/compute/v2.1/servers/78a90f76-8aeb-4a74-a2a7-ee67621f8275 0.217s
2025-05-14 01:20:52.400 69662 INFO tempest.lib.common.rest_client [req-3d6086e2-6b5e-4ab9-9bd4-18f8c26c3c0a req-3d6086e2-6b5e-4ab9-9bd4-18f8c26c3c0a ] Request (ServerShowV247Test:test_update_rebuild_list_server): 200 GET http://10.180.1.21/compute/v2.1/servers/2c5d994d-aa71-47bd-8ecd-f077dd409472 0.242s
