2025-05-14 01:20:17.874 69662 INFO tempest.lib.common.rest_client [req-e6080637-2135-4330-9f85-2d061d0bde51 req-e6080637-2135-4330-9f85-2d061d0bde51 ] Request (TenantUsagesTestJSON:tearDownClass): 204 DELETE http://10.180.1.21:9696/networking/v2.0/security-groups/33f0ba52-3d71-4b44-8dce-e0837b83d780 0.224s
2025-05-14 01:20:17.895 69703 INFO tempest.lib.common.rest_client [req-746ac04a-3fa1-42ff-a998-fe65084d901a req-746ac04a-3fa1-42ff-a998-fe65084d901a ] Request (KeyPairsV22TestJSON:test_keypair_create_with_pub_key): 201 POST http://10.180.1.21/compute/v2.1/os-keypairs 1.487s
2025-05-14 01:20:17.904 69668 INFO tempest.lib.common.rest_client [req-d5982f85-542d-425d-879e-cc8ee991afd9 req-d5982f85-542d-425d-879e-cc8ee991afd9 ] Request (AggregatesAdminNegativeTestJSON:tearDownClass): 204 DELETE http://10.180.1.21:9696/networking/v2.0/security-groups/f5059c7b-8280-4492-bdbd-c52f52835f4a 0.214s
2025-05-14 01:20:18.048 69662 INFO tempest.lib.common.rest_client [req-e8ba6f3c-36bf-4fe8-bd82-2f6479e86889 req-e8ba6f3c-36bf-4fe8-bd82-2f6479e86889 ] Request (TenantUsagesTestJSON:tearDownClass): 204 DELETE http://10.180.1.21/identity/v3/projects/38482b91ea544dd5806d4b85942fb04d 0.173s
2025-05-14 01:20:18.060 69668 INFO tempest.lib.common.rest_client [req-08ee32b0-ee06-4ca6-a027-702ce643023c req-08ee32b0-ee06-4ca6-a027-702ce643023c ] Request (AggregatesAdminNegativeTestJSON:tearDownClass): 204 DELETE http://10.180.1.21/identity/v3/projects/852820283ab345059aca0f6fa5f66da2 0.155s
2025-05-14 01:20:18.060 69668 INFO tempest.lib.common.dynamic_creds [-] Deleting project and security group for project: 94e3f68ed73e446380cffb7278d97555
2025-05-14 01:20:18.123 69662 INFO tempest.lib.common.rest_client [req-d127bc6d-6b53-4a9b-85fb-3fefbe418754 req-d127bc6d-6b53-4a9b-85fb-3fefbe418754 ] Request (MultipleCreateNegativeTestJSON:setUpClass): 201 POST http://10.180.1.21/identity/v3/auth/tokens 0.073s
2025-05-14 01:20:18.168 69662 INFO tempest.lib.common.rest_client [req-321e9c58-1954-4978-9025-c7419ca63bf3 req-321e9c58-1954-4978-9025-c7419ca63bf3 ] Request (MultipleCreateNegativeTestJSON:setUpClass): 201 POST http://10.180.1.21/identity/v3/auth/tokens 0.041s
2025-05-14 01:20:18.208 69662 INFO tempest.lib.common.rest_client [req-f54aaee8-79b6-412e-9a4c-b17ef34ed35a req-f54aaee8-79b6-412e-9a4c-b17ef34ed35a ] Request (MultipleCreateNegativeTestJSON:setUpClass): 200 GET http://10.180.1.21/identity/v3/domains?name=Default 0.039s
2025-05-14 01:20:18.258 69662 INFO tempest.lib.common.rest_client [req-ae841a1b-893e-4553-a675-51de7e20c482 req-ae841a1b-893e-4553-a675-51de7e20c482 ] Request (MultipleCreateNegativeTestJSON:setUpClass): 201 POST http://10.180.1.21/identity/v3/projects 0.049s
2025-05-14 01:20:18.320 69690 WARNING tempest.lib.common.ssh [-] Failed to establish authenticated ssh connection to cirros@10.180.180.179 ([Errno None] Unable to connect to port 22 on 10.180.180.179). Number attempts: 3. Retry after 4 seconds.: paramiko.ssh_exception.NoValidConnectionsError: [Errno None] Unable to connect to port 22 on 10.180.180.179
2025-05-14 01:20:18.337 69662 INFO tempest.lib.common.rest_client [req-d70ce503-d529-432d-b5b7-075add02f085 req-d70ce503-d529-432d-b5b7-075add02f085 ] Request (MultipleCreateNegativeTestJSON:setUpClass): 201 POST http://10.180.1.21/identity/v3/users 0.079s
2025-05-14 01:20:18.349 69666 INFO tempest.lib.common.rest_client [req-6b5fce37-7d83-45e3-98b3-32ffbbfe849f req-6b5fce37-7d83-45e3-98b3-32ffbbfe849f ] Request (MigrationsAdminTest:test_list_migrations_in_flavor_resize_situation): 200 GET http://10.180.1.21/compute/v2.1/servers/985f141c-62c8-4ee6-8989-3afbb66f0e49 1.862s
2025-05-14 01:20:18.374 69662 INFO tempest.lib.common.rest_client [req-4664b026-163e-4e80-afd3-b57ddeda2d77 req-4664b026-163e-4e80-afd3-b57ddeda2d77 ] Request (MultipleCreateNegativeTestJSON:setUpClass): 200 GET http://10.180.1.21/identity/v3/roles 0.036s
2025-05-14 01:20:18.407 69662 INFO tempest.lib.common.rest_client [req-18dda377-bfe9-411d-8d48-ff89de8c6a68 req-18dda377-bfe9-411d-8d48-ff89de8c6a68 ] Request (MultipleCreateNegativeTestJSON:setUpClass): 204 PUT http://10.180.1.21/identity/v3/projects/37444b75ab6045649cd102832788d480/users/7215d4e53ddf4c9484423b79f2bbb92c/roles/2485731308054427812aabe23c46d02d 0.032s
2025-05-14 01:20:18.407 69662 INFO tempest.lib.common.dynamic_creds [-] Dynamic test user 7215d4e53ddf4c9484423b79f2bbb92c is created with scope project and roles: ['member']
2025-05-14 01:20:18.407 69662 INFO tempest.lib.common.dynamic_creds [-] Acquired dynamic creds: credentials: Credentials: {'domain_id': 'default', 'domain_name': 'Default', 'username': 'tempest-MultipleCreateNegativeTestJSON-1396245790-project-member', 'project_domain_id': 'default', 'project_domain_name': 'Default', 'project_id': '37444b75ab6045649cd102832788d480', 'project_name': 'tempest-MultipleCreateNegativeTestJSON-1396245790', 'tenant_id': '37444b75ab6045649cd102832788d480', 'tenant_name': 'tempest-MultipleCreateNegativeTestJSON-1396245790', 'user_domain_id': 'default', 'user_domain_name': 'Default', 'user_id': '7215d4e53ddf4c9484423b79f2bbb92c', 'system': None}, Network: None, Subnet: None, Router: None
2025-05-14 01:20:18.407 69662 INFO tempest.lib.common.dynamic_creds [-] Created isolated network resources for: credentials: Credentials: {'domain_id': 'default', 'domain_name': 'Default', 'username': 'tempest-MultipleCreateNegativeTestJSON-1396245790-project-member', 'project_domain_id': 'default', 'project_domain_name': 'Default', 'project_id': '37444b75ab6045649cd102832788d480', 'project_name': 'tempest-MultipleCreateNegativeTestJSON-1396245790', 'tenant_id': '37444b75ab6045649cd102832788d480', 'tenant_name': 'tempest-MultipleCreateNegativeTestJSON-1396245790', 'user_domain_id': 'default', 'user_domain_name': 'Default', 'user_id': '7215d4e53ddf4c9484423b79f2bbb92c', 'system': None}, Network: None, Subnet: None, Router: None
2025-05-14 01:20:18.438 69674 INFO tempest.lib.common.rest_client [req-b8cd4282-c5e2-4c2c-9a79-02909ab433ca req-b8cd4282-c5e2-4c2c-9a79-02909ab433ca ] Request (ServersTestBootFromVolume:setUpClass): 200 GET http://10.180.1.21/volume/v3/volumes/aa63395c-465a-469f-a8ab-c40ce8fb9d5f 0.032s
2025-05-14 01:20:18.454 69668 INFO tempest.lib.common.rest_client [req-ee483624-065f-4a2a-b284-1460e7675c72 req-ee483624-065f-4a2a-b284-1460e7675c72 ] Request (AggregatesAdminNegativeTestJSON:tearDownClass): 200 GET http://10.180.1.21:9696/networking/v2.0/security-groups?tenant_id=94e3f68ed73e446380cffb7278d97555&name=default 0.394s
2025-05-14 01:20:18.504 69662 INFO tempest.lib.common.rest_client [req-6704b686-af68-4176-a67c-8cf49bde57a0 req-6704b686-af68-4176-a67c-8cf49bde57a0 ] Request (MultipleCreateNegativeTestJSON:setUpClass): 201 POST http://10.180.1.21/identity/v3/auth/tokens 0.093s
2025-05-14 01:20:18.541 69662 INFO tempest.lib.common.rest_client [req-a195b867-ae0e-4b08-afab-86231124ff7d req-a195b867-ae0e-4b08-afab-86231124ff7d ] Request (MultipleCreateNegativeTestJSON:test_max_count_less_than_min_count): 201 POST http://10.180.1.21/identity/v3/auth/tokens 0.030s
2025-05-14 01:20:18.541 69662 INFO tempest.lib.common.fixed_network [-] (MultipleCreateNegativeTestJSON:test_max_count_less_than_min_count) Found network None available for tenant
2025-05-14 01:20:18.557 69706 INFO tempest.lib.common.rest_client [req-7750d8a6-d655-4a40-99a6-17f518eefbc1 req-7750d8a6-d655-4a40-99a6-17f518eefbc1 ] Request (ServerActionsTestOtherA:setUpClass): 200 PUT http://10.180.1.21:9696/networking/v2.0/routers/bf16cc07-0d8e-4571-83e0-03a7f926caf1/add_router_interface 1.764s
2025-05-14 01:20:18.557 69706 INFO tempest.lib.common.dynamic_creds [-] Created isolated network resources for: credentials: Credentials: {'domain_id': 'default', 'domain_name': 'Default', 'username': 'tempest-ServerActionsTestOtherA-1939242185-project-member', 'project_domain_id': 'default', 'project_domain_name': 'Default', 'project_id': 'e8f5a50db5c2416186264f96d78f4490', 'project_name': 'tempest-ServerActionsTestOtherA-1939242185', 'tenant_id': 'e8f5a50db5c2416186264f96d78f4490', 'tenant_name': 'tempest-ServerActionsTestOtherA-1939242185', 'user_domain_id': 'default', 'user_domain_name': 'Default', 'user_id': '182ab8b9fc314f41bea04a16afcdcc18', 'system': None}, Network: {'id': '45b13760-5635-439f-9348-893c7aecb556', 'name': 'tempest-ServerActionsTestOtherA-895336536-network', 'tenant_id': 'e8f5a50db5c2416186264f96d78f4490', 'admin_state_up': True, 'mtu': 8950, 'status': 'ACTIVE', 'subnets': [], 'shared': False, 'project_id': 'e8f5a50db5c2416186264f96d78f4490', 'port_security_enabled': True, 'router:external': False, 'provider:network_type': 'vlan', 'provider:physical_network': 'default', 'provider:segmentation_id': 916, 'availability_zone_hints': [], 'availability_zones': [], 'ipv4_address_scope': None, 'ipv6_address_scope': None, 'description': '', 'tags': [], 'created_at': '2025-05-14T01:20:14Z', 'updated_at': '2025-05-14T01:20:14Z', 'revision_number': 1}, Subnet: {'id': 'e6ce4999-a4d4-4ebc-ae54-9995a5f0bfe9', 'name': 'tempest-ServerActionsTestOtherA-895336536-subnet', 'tenant_id': 'e8f5a50db5c2416186264f96d78f4490', 'network_id': '45b13760-5635-439f-9348-893c7aecb556', 'ip_version': 4, 'subnetpool_id': None, 'enable_dhcp': True, 'ipv6_ra_mode': None, 'ipv6_address_mode': None, 'gateway_ip': '192.168.128.1', 'cidr': '192.168.128.0/28', 'allocation_pools': [{'start': '192.168.128.2', 'end': '192.168.128.14'}], 'host_routes': [], 'dns_nameservers': [], 'description': '', 'router:external': False, 'service_types': [], 'tags': [], 'created_at': '2025-05-14T01:20:14Z', 'updated_at': '2025-05-14T01:20:14Z', 'revision_number': 0, 'project_id': 'e8f5a50db5c2416186264f96d78f4490'}, Router: {'id': 'bf16cc07-0d8e-4571-83e0-03a7f926caf1', 'name': 'tempest-ServerActionsTestOtherA-895336536-router', 'tenant_id': 'e8f5a50db5c2416186264f96d78f4490', 'admin_state_up': True, 'status': 'ACTIVE', 'external_gateway_info': {'network_id': '85cc890a-4597-4c23-b142-45a306512aa0', 'external_fixed_ips': [{'subnet_id': '54f62ddf-d32c-4358-8fb2-a2dea1bf0876', 'ip_address': '10.180.180.149'}], 'enable_snat': True}, 'description': '', 'availability_zones': [], 'distributed': False, 'ha': False, 'availability_zone_hints': [], 'routes': [], 'flavor_id': None, 'tags': [], 'created_at': '2025-05-14T01:20:15Z', 'updated_at': '2025-05-14T01:20:16Z', 'revision_number': 2, 'project_id': 'e8f5a50db5c2416186264f96d78f4490'}
2025-05-14 01:20:18.603 69668 INFO tempest.lib.common.rest_client [req-d55e1e62-9e77-4f6a-9752-7fc6855156b3 req-d55e1e62-9e77-4f6a-9752-7fc6855156b3 ] Request (AggregatesAdminNegativeTestJSON:tearDownClass): 204 DELETE http://10.180.1.21:9696/networking/v2.0/security-groups/90369c22-28d9-4978-96cf-a306dd337236 0.149s
2025-05-14 01:20:18.654 69706 INFO tempest.lib.common.rest_client [req-8a4f93db-deef-4bce-bf79-f126fc40a2cb req-8a4f93db-deef-4bce-bf79-f126fc40a2cb ] Request (ServerActionsTestOtherA:setUpClass): 201 POST http://10.180.1.21/identity/v3/auth/tokens 0.093s
2025-05-14 01:20:18.702 69682 INFO tempest.lib.common.rest_client [req-9d755ea9-09c9-47f0-8adb-32e494be16fa req-9d755ea9-09c9-47f0-8adb-32e494be16fa ] Request (SecurityGroupRulesNegativeTestJSON:test_create_security_group_rule_with_invalid_to_port): 200 POST http://10.180.1.21/compute/v2.1/os-security-groups 2.215s
2025-05-14 01:20:18.711 69708 INFO tempest.lib.common.rest_client [req-89db4b92-9e84-4213-a50a-9fbca2b9e2b7 req-89db4b92-9e84-4213-a50a-9fbca2b9e2b7 ] Request (VolumesNegativeTest:test_create_volume_with_size_zero): 400 POST http://10.180.1.21/compute/v2.1/os-volumes 2.044s
2025-05-14 01:20:18.721 69684 INFO tempest.lib.common.rest_client [req-c5fa4294-95ed-49ba-b6ec-00ab369cfca2 req-c5fa4294-95ed-49ba-b6ec-00ab369cfca2 ] Request (FloatingIPsAssociationTestJSON:setUpClass): 202 POST http://10.180.1.21/compute/v2.1/servers 2.730s
2025-05-14 01:20:18.725 69668 INFO tempest.lib.common.rest_client [req-801fde1d-4053-48d7-84a4-fbb1904dfad0 req-801fde1d-4053-48d7-84a4-fbb1904dfad0 ] Request (AggregatesAdminNegativeTestJSON:tearDownClass): 204 DELETE http://10.180.1.21/identity/v3/projects/94e3f68ed73e446380cffb7278d97555 0.118s
2025-05-14 01:20:18.801 69654 INFO tempest.lib.common.rest_client [req-8b2b3c8e-f78a-4854-b356-329cd3e13d2e req-8b2b3c8e-f78a-4854-b356-329cd3e13d2e ] Request (ServerMetadataTestJSON:setUp): 200 PUT http://10.180.1.21/compute/v2.1/servers/f35ffdf6-4113-4f4d-b574-25aef8c0ba27/metadata 2.068s
2025-05-14 01:20:18.848 69668 INFO tempest.lib.common.rest_client [req-7756b25d-1efc-4e29-b4e4-9b22fb2e42d8 req-7756b25d-1efc-4e29-b4e4-9b22fb2e42d8 ] Request (FlavorsExtraSpecsTestJSON:setUpClass): 201 POST http://10.180.1.21/identity/v3/auth/tokens 0.120s
2025-05-14 01:20:18.851 69680 INFO tempest.lib.common.rest_client [req-3e8d9a61-b60e-48c2-a858-958bc606a703 req-3e8d9a61-b60e-48c2-a858-958bc606a703 ] Request (ImagesOneServerTestJSON:test_create_delete_image): 200 GET http://10.180.1.21/compute/v2.1/images/e0d14a6d-deb7-4000-91d1-f00a394a87b2 1.940s
2025-05-14 01:20:18.890 69668 INFO tempest.lib.common.rest_client [req-1cd30007-82c0-49cd-b9f1-e83c9436bc55 req-1cd30007-82c0-49cd-b9f1-e83c9436bc55 ] Request (FlavorsExtraSpecsTestJSON:setUpClass): 201 POST http://10.180.1.21/identity/v3/auth/tokens 0.039s
2025-05-14 01:20:18.926 69668 INFO tempest.lib.common.rest_client [req-632e14ed-a7a1-4919-aa1f-ba40f6419ec4 req-632e14ed-a7a1-4919-aa1f-ba40f6419ec4 ] Request (FlavorsExtraSpecsTestJSON:setUpClass): 200 GET http://10.180.1.21/identity/v3/domains?name=Default 0.036s
2025-05-14 01:20:18.963 69672 WARNING tempest.lib.common.ssh [-] Failed to establish authenticated ssh connection to cirros@10.180.180.217 ([Errno None] Unable to connect to port 22 on 10.180.180.217). Number attempts: 5. Retry after 6 seconds.: paramiko.ssh_exception.NoValidConnectionsError: [Errno None] Unable to connect to port 22 on 10.180.180.217
2025-05-14 01:20:18.965 69668 INFO tempest.lib.common.rest_client [req-66f6a89c-6c87-4e2a-89aa-a6f8b8cc006a req-66f6a89c-6c87-4e2a-89aa-a6f8b8cc006a ] Request (FlavorsExtraSpecsTestJSON:setUpClass): 201 POST http://10.180.1.21/identity/v3/projects 0.036s
2025-05-14 01:20:18.966 69656 INFO tempest.lib.common.rest_client [req-dc52c074-d4d3-4441-b84e-f1b6aca8b57a req-dc52c074-d4d3-4441-b84e-f1b6aca8b57a ] Request (MultipleCreateTestJSON:test_multiple_create_with_reservation_return): 200 GET http://10.180.1.21/compute/v2.1/servers 1.746s
2025-05-14 01:20:18.982 69665 INFO tempest.lib.common.rest_client [req-df7534c5-37eb-403e-804b-7fa0b8d1581d req-df7534c5-37eb-403e-804b-7fa0b8d1581d ] Request (AttachInterfacesUnderV243Test:test_add_remove_fixed_ip): 200 GET http://10.180.1.21/compute/v2.1/servers/f89bfd02-b61d-4942-851d-d9678c913852 2.120s
2025-05-14 01:20:19.009 69712 INFO tempest.lib.common.rest_client [req-b9a81616-cb45-47be-91e5-8a2b1b75666f req-b9a81616-cb45-47be-91e5-8a2b1b75666f ] Request (ServerAddressesNegativeTestJSON:test_list_server_addresses_by_network_neg): 404 GET http://10.180.1.21/compute/v2.1/servers/4687249d-a18e-44e7-842e-e65e00320062/ips/invalid 1.649s
2025-05-14 01:20:19.030 69668 INFO tempest.lib.common.rest_client [req-5d9a6336-280c-45d5-b750-ba35b5d121d5 req-5d9a6336-280c-45d5-b750-ba35b5d121d5 ] Request (FlavorsExtraSpecsTestJSON:setUpClass): 201 POST http://10.180.1.21/identity/v3/users 0.064s
2025-05-14 01:20:19.031 69676 INFO tempest.lib.common.rest_client [req-c5b0b288-bd6a-44f6-b5e9-01c8c96a3d0e req-c5b0b288-bd6a-44f6-b5e9-01c8c96a3d0e ] Request (ServerDiagnosticsV248Test:test_get_server_diagnostics): 200 GET http://10.180.1.21/compute/v2.1/servers/38c6330f-116c-4976-b127-e2b389e00475 1.786s
2025-05-14 01:20:19.061 69668 INFO tempest.lib.common.rest_client [req-6a71224a-4a72-4e26-af49-9cf7182dfcf9 req-6a71224a-4a72-4e26-af49-9cf7182dfcf9 ] Request (FlavorsExtraSpecsTestJSON:setUpClass): 200 GET http://10.180.1.21/identity/v3/roles 0.030s
2025-05-14 01:20:19.084 69714 INFO tempest.lib.common.rest_client [req-6a1f7ed1-335f-43c3-8477-f9a6ce4eab53 req-6a1f7ed1-335f-43c3-8477-f9a6ce4eab53 ] Request (ServerDiagnosticsNegativeTest:test_get_server_diagnostics_by_non_admin): 200 GET http://10.180.1.21/compute/v2.1/servers/4a9a8f27-9e1d-41e2-b6aa-941746b393d9 1.685s
2025-05-14 01:20:19.093 69668 INFO tempest.lib.common.rest_client [req-ce29ee2d-c64e-49d2-95da-48526b46c4a9 req-ce29ee2d-c64e-49d2-95da-48526b46c4a9 ] Request (FlavorsExtraSpecsTestJSON:setUpClass): 204 PUT http://10.180.1.21/identity/v3/projects/831ace79e3794cf1a3ef76ba03a26ff7/users/174ad41fc73a4d3fb8364ea7a4238ecb/roles/2485731308054427812aabe23c46d02d 0.031s
2025-05-14 01:20:19.093 69668 INFO tempest.lib.common.dynamic_creds [-] Dynamic test user 174ad41fc73a4d3fb8364ea7a4238ecb is created with scope project and roles: ['member']
2025-05-14 01:20:19.093 69668 INFO tempest.lib.common.dynamic_creds [-] Acquired dynamic creds: credentials: Credentials: {'domain_id': 'default', 'domain_name': 'Default', 'username': 'tempest-FlavorsExtraSpecsTestJSON-1059752051-project-member', 'project_domain_id': 'default', 'project_domain_name': 'Default', 'project_id': '831ace79e3794cf1a3ef76ba03a26ff7', 'project_name': 'tempest-FlavorsExtraSpecsTestJSON-1059752051', 'tenant_id': '831ace79e3794cf1a3ef76ba03a26ff7', 'tenant_name': 'tempest-FlavorsExtraSpecsTestJSON-1059752051', 'user_domain_id': 'default', 'user_domain_name': 'Default', 'user_id': '174ad41fc73a4d3fb8364ea7a4238ecb', 'system': None}, Network: None, Subnet: None, Router: None
2025-05-14 01:20:19.094 69668 INFO tempest.lib.common.dynamic_creds [-] Created isolated network resources for: credentials: Credentials: {'domain_id': 'default', 'domain_name': 'Default', 'username': 'tempest-FlavorsExtraSpecsTestJSON-1059752051-project-member', 'project_domain_id': 'default', 'project_domain_name': 'Default', 'project_id': '831ace79e3794cf1a3ef76ba03a26ff7', 'project_name': 'tempest-FlavorsExtraSpecsTestJSON-1059752051', 'tenant_id': '831ace79e3794cf1a3ef76ba03a26ff7', 'tenant_name': 'tempest-FlavorsExtraSpecsTestJSON-1059752051', 'user_domain_id': 'default', 'user_domain_name': 'Default', 'user_id': '174ad41fc73a4d3fb8364ea7a4238ecb', 'system': None}, Network: None, Subnet: None, Router: None
2025-05-14 01:20:19.167 69700 INFO tempest.lib.common.rest_client [req-2350b56c-a296-44b2-8721-1f73b39764e0 req-2350b56c-a296-44b2-8721-1f73b39764e0 ] Request (ServerTagsTestJSON:setUpClass): 200 PUT http://10.180.1.21:9696/networking/v2.0/routers/ffc97c86-b8b1-44a4-93da-c9972602c88c/add_router_interface 3.121s
2025-05-14 01:20:19.167 69700 INFO tempest.lib.common.dynamic_creds [-] Created isolated network resources for: credentials: Credentials: {'domain_id': 'default', 'domain_name': 'Default', 'username': 'tempest-ServerTagsTestJSON-1190719201-project-member', 'project_domain_id': 'default', 'project_domain_name': 'Default', 'project_id': '05da789c4e294f88bbe56d81a722e79b', 'project_name': 'tempest-ServerTagsTestJSON-1190719201', 'tenant_id': '05da789c4e294f88bbe56d81a722e79b', 'tenant_name': 'tempest-ServerTagsTestJSON-1190719201', 'user_domain_id': 'default', 'user_domain_name': 'Default', 'user_id': 'c825530ef3564331aaf001d952171b4d', 'system': None}, Network: {'id': '57dfdd05-1010-45dc-a649-60af3b3ef382', 'name': 'tempest-ServerTagsTestJSON-1097634937-network', 'tenant_id': '05da789c4e294f88bbe56d81a722e79b', 'admin_state_up': True, 'mtu': 8950, 'status': 'ACTIVE', 'subnets': [], 'shared': False, 'project_id': '05da789c4e294f88bbe56d81a722e79b', 'port_security_enabled': True, 'router:external': False, 'provider:network_type': 'vlan', 'provider:physical_network': 'default', 'provider:segmentation_id': 169, 'availability_zone_hints': [], 'availability_zones': [], 'ipv4_address_scope': None, 'ipv6_address_scope': None, 'description': '', 'tags': [], 'created_at': '2025-05-14T01:20:12Z', 'updated_at': '2025-05-14T01:20:12Z', 'revision_number': 1}, Subnet: {'id': 'e6d95cb4-8ef3-4e55-a6fe-4393bb73ae9f', 'name': 'tempest-ServerTagsTestJSON-1097634937-subnet', 'tenant_id': '05da789c4e294f88bbe56d81a722e79b', 'network_id': '57dfdd05-1010-45dc-a649-60af3b3ef382', 'ip_version': 4, 'subnetpool_id': None, 'enable_dhcp': True, 'ipv6_ra_mode': None, 'ipv6_address_mode': None, 'gateway_ip': '192.168.128.1', 'cidr': '192.168.128.0/28', 'allocation_pools': [{'start': '192.168.128.2', 'end': '192.168.128.14'}], 'host_routes': [], 'dns_nameservers': [], 'description': '', 'router:external': False, 'service_types': [], 'tags': [], 'created_at': '2025-05-14T01:20:13Z', 'updated_at': '2025-05-14T01:20:13Z', 'revision_number': 0, 'project_id': '05da789c4e294f88bbe56d81a722e79b'}, Router: {'id': 'ffc97c86-b8b1-44a4-93da-c9972602c88c', 'name': 'tempest-ServerTagsTestJSON-1097634937-router', 'tenant_id': '05da789c4e294f88bbe56d81a722e79b', 'admin_state_up': True, 'status': 'ACTIVE', 'external_gateway_info': {'network_id': '85cc890a-4597-4c23-b142-45a306512aa0', 'external_fixed_ips': [{'subnet_id': '54f62ddf-d32c-4358-8fb2-a2dea1bf0876', 'ip_address': '10.180.180.164'}], 'enable_snat': True}, 'description': '', 'availability_zones': [], 'distributed': False, 'ha': False, 'availability_zone_hints': [], 'routes': [], 'flavor_id': None, 'tags': [], 'created_at': '2025-05-14T01:20:13Z', 'updated_at': '2025-05-14T01:20:14Z', 'revision_number': 2, 'project_id': '05da789c4e294f88bbe56d81a722e79b'}
2025-05-14 01:20:19.198 69668 INFO tempest.lib.common.rest_client [req-f723901b-db92-4955-a4bf-2f941753c416 req-f723901b-db92-4955-a4bf-2f941753c416 ] Request (FlavorsExtraSpecsTestJSON:setUpClass): 201 POST http://10.180.1.21/identity/v3/auth/tokens 0.096s
2025-05-14 01:20:19.203 69696 INFO tempest.lib.common.rest_client [req-fdd89c21-55de-4608-be64-5b0dff506375 req-fdd89c21-55de-4608-be64-5b0dff506375 ] Request (ImagesOneServerNegativeTestJSON:test_create_second_image_when_first_image_is_being_saved): 204 DELETE http://10.180.1.21/compute/v2.1/images/4658c0fe-b120-4ab7-8704-21685e80825a 1.506s
2025-05-14 01:20:19.214 69694 INFO tempest.lib.common.rest_client [req-0bf770a1-4354-4bfe-9248-ee5daf156627 req-0bf770a1-4354-4bfe-9248-ee5daf156627 ] Request (ServersTestManualDisk:setUpClass): 200 PUT http://10.180.1.21:9696/networking/v2.0/routers/58cca577-7712-47c9-8f72-d4f1f2d43767/add_router_interface 2.957s
2025-05-14 01:20:19.214 69694 INFO tempest.lib.common.dynamic_creds [-] Created isolated network resources for: credentials: Credentials: {'domain_id': 'default', 'domain_name': 'Default', 'username': 'tempest-ServersTestManualDisk-1353619311-project-member', 'project_domain_id': 'default', 'project_domain_name': 'Default', 'project_id': '32ce742046b842e7a4a44b9803134668', 'project_name': 'tempest-ServersTestManualDisk-1353619311', 'tenant_id': '32ce742046b842e7a4a44b9803134668', 'tenant_name': 'tempest-ServersTestManualDisk-1353619311', 'user_domain_id': 'default', 'user_domain_name': 'Default', 'user_id': 'ac6c41872c7446349b1a05f36c71ddff', 'system': None}, Network: {'id': '58dbd53b-0bb0-4795-8384-4c53a2460e41', 'name': 'tempest-ServersTestManualDisk-1396162669-network', 'tenant_id': '32ce742046b842e7a4a44b9803134668', 'admin_state_up': True, 'mtu': 8950, 'status': 'ACTIVE', 'subnets': [], 'shared': False, 'project_id': '32ce742046b842e7a4a44b9803134668', 'port_security_enabled': True, 'router:external': False, 'provider:network_type': 'vlan', 'provider:physical_network': 'default', 'provider:segmentation_id': 179, 'availability_zone_hints': [], 'availability_zones': [], 'ipv4_address_scope': None, 'ipv6_address_scope': None, 'description': '', 'tags': [], 'created_at': '2025-05-14T01:20:12Z', 'updated_at': '2025-05-14T01:20:13Z', 'revision_number': 1}, Subnet: {'id': '020963d3-4a3e-4efc-b1a7-dc9a4b6944f0', 'name': 'tempest-ServersTestManualDisk-1396162669-subnet', 'tenant_id': '32ce742046b842e7a4a44b9803134668', 'network_id': '58dbd53b-0bb0-4795-8384-4c53a2460e41', 'ip_version': 4, 'subnetpool_id': None, 'enable_dhcp': True, 'ipv6_ra_mode': None, 'ipv6_address_mode': None, 'gateway_ip': '192.168.128.1', 'cidr': '192.168.128.0/28', 'allocation_pools': [{'start': '192.168.128.2', 'end': '192.168.128.14'}], 'host_routes': [], 'dns_nameservers': [], 'description': '', 'router:external': False, 'service_types': [], 'tags': [], 'created_at': '2025-05-14T01:20:13Z', 'updated_at': '2025-05-14T01:20:13Z', 'revision_number': 0, 'project_id': '32ce742046b842e7a4a44b9803134668'}, Router: {'id': '58cca577-7712-47c9-8f72-d4f1f2d43767', 'name': 'tempest-ServersTestManualDisk-1396162669-router', 'tenant_id': '32ce742046b842e7a4a44b9803134668', 'admin_state_up': True, 'status': 'ACTIVE', 'external_gateway_info': {'network_id': '85cc890a-4597-4c23-b142-45a306512aa0', 'external_fixed_ips': [{'subnet_id': '54f62ddf-d32c-4358-8fb2-a2dea1bf0876', 'ip_address': '10.180.180.191'}], 'enable_snat': True}, 'description': '', 'availability_zones': [], 'distributed': False, 'ha': False, 'availability_zone_hints': [], 'routes': [], 'flavor_id': None, 'tags': [], 'created_at': '2025-05-14T01:20:14Z', 'updated_at': '2025-05-14T01:20:15Z', 'revision_number': 2, 'project_id': '32ce742046b842e7a4a44b9803134668'}
2025-05-14 01:20:19.302 69692 INFO tempest.lib.common.rest_client [req-474d2493-8bc0-4dd7-a126-3233e91c943c req-474d2493-8bc0-4dd7-a126-3233e91c943c ] Request (ServersTestMultiNic:test_verify_duplicate_network_nics): 200 GET http://10.180.1.21/compute/v2.1/servers/32b4b621-d544-4e28-8efb-35718d714c4d 1.467s
2025-05-14 01:20:19.316 69700 INFO tempest.lib.common.rest_client [req-d509ba3d-7948-463e-b6f6-72220cd3ad56 req-d509ba3d-7948-463e-b6f6-72220cd3ad56 ] Request (ServerTagsTestJSON:setUpClass): 201 POST http://10.180.1.21/identity/v3/auth/tokens 0.142s
2025-05-14 01:20:19.328 69703 INFO tempest.lib.common.rest_client [req-71d370a2-c195-40ee-b423-02f73da6b082 req-71d370a2-c195-40ee-b423-02f73da6b082 ] Request (KeyPairsV22TestJSON:_run_cleanups): 204 DELETE http://10.180.1.21/compute/v2.1/os-keypairs/tempest-keypair-410847376 1.430s
2025-05-14 01:20:19.395 69660 INFO tempest.lib.common.rest_client [req-948c29ea-1bb2-4225-9177-4bddc19031a0 req-948c29ea-1bb2-4225-9177-4bddc19031a0 ] Request (ServerActionsTestOtherB:setUpClass): 200 GET http://10.180.1.21/compute/v2.1/servers/7db22c5e-6c21-49be-8906-ec6aff0e722c 1.021s
2025-05-14 01:20:19.408 69694 INFO tempest.lib.common.rest_client [req-5baec194-cca3-4474-ac7f-0cd27ddf963e req-5baec194-cca3-4474-ac7f-0cd27ddf963e ] Request (ServersTestManualDisk:setUpClass): 201 POST http://10.180.1.21/identity/v3/auth/tokens 0.190s
2025-05-14 01:20:19.411 69668 INFO tempest.lib.common.rest_client [req-a987ad3b-a93a-49b8-b149-12f2ab07f47e req-a987ad3b-a93a-49b8-b149-12f2ab07f47e ] Request (FlavorsExtraSpecsTestJSON:setUpClass): 201 POST http://10.180.1.21/identity/v3/projects 0.213s
2025-05-14 01:20:19.428 69705 INFO tempest.lib.common.rest_client [req-ad8e9f16-d603-4430-b579-ffce3235b84d req-ad8e9f16-d603-4430-b579-ffce3235b84d ] Request (ServersAdmin275Test:test_rebuild_update_server_275): 202 POST http://10.180.1.21/compute/v2.1/servers 1.984s
2025-05-14 01:20:19.463 69700 INFO tempest.lib.common.rest_client [req-9d293084-2c37-4571-9c4f-bc94009ef5d6 req-9d293084-2c37-4571-9c4f-bc94009ef5d6 ] Request (ServerTagsTestJSON:setUpClass): 201 POST http://10.180.1.21/identity/v3/auth/tokens 0.141s
2025-05-14 01:20:19.465 69700 INFO tempest.lib.common.fixed_network [-] (ServerTagsTestJSON:setUpClass) Found network {'id': '57dfdd05-1010-45dc-a649-60af3b3ef382', 'name': 'tempest-ServerTagsTestJSON-1097634937-network', 'tenant_id': '05da789c4e294f88bbe56d81a722e79b', 'admin_state_up': True, 'mtu': 8950, 'status': 'ACTIVE', 'subnets': [], 'shared': False, 'project_id': '05da789c4e294f88bbe56d81a722e79b', 'port_security_enabled': True, 'router:external': False, 'provider:network_type': 'vlan', 'provider:physical_network': 'default', 'provider:segmentation_id': 169, 'availability_zone_hints': [], 'availability_zones': [], 'ipv4_address_scope': None, 'ipv6_address_scope': None, 'description': '', 'tags': [], 'created_at': '2025-05-14T01:20:12Z', 'updated_at': '2025-05-14T01:20:12Z', 'revision_number': 1} available for tenant
2025-05-14 01:20:19.495 69674 INFO tempest.lib.common.rest_client [req-07da938b-5510-4c94-a84a-f35bd84da0d0 req-07da938b-5510-4c94-a84a-f35bd84da0d0 ] Request (ServersTestBootFromVolume:setUpClass): 200 GET http://10.180.1.21/volume/v3/volumes/aa63395c-465a-469f-a8ab-c40ce8fb9d5f 0.045s
2025-05-14 01:20:19.506 69689 INFO tempest.lib.common.rest_client [req-fa9a4db4-5a8b-4a46-8557-a50bf6a1010f req-fa9a4db4-5a8b-4a46-8557-a50bf6a1010f ] Request (ServersAdminTestJSON:setUpClass): 200 GET http://10.180.1.21/compute/v2.1/servers/71bb33fe-516e-45d1-9097-775e783d763e 0.954s
2025-05-14 01:20:19.555 69662 INFO tempest.lib.common.rest_client [req-e22b7783-c817-49c5-9ee4-c0edcd1127be req-e22b7783-c817-49c5-9ee4-c0edcd1127be ] Request (MultipleCreateNegativeTestJSON:test_max_count_less_than_min_count): 400 POST http://10.180.1.21/compute/v2.1/servers 1.012s
2025-05-14 01:20:19.556 69668 INFO tempest.lib.common.rest_client [req-c7578958-adc6-4de7-aa0b-f8f2fb0eb7c8 req-c7578958-adc6-4de7-aa0b-f8f2fb0eb7c8 ] Request (FlavorsExtraSpecsTestJSON:setUpClass): 201 POST http://10.180.1.21/identity/v3/users 0.144s
2025-05-14 01:20:19.603 69668 INFO tempest.lib.common.rest_client [req-87fb42ce-795c-47e6-9132-f09fa016c21e req-87fb42ce-795c-47e6-9132-f09fa016c21e ] Request (FlavorsExtraSpecsTestJSON:setUpClass): 200 GET http://10.180.1.21/identity/v3/roles 0.046s
2025-05-14 01:20:19.617 69662 INFO tempest.lib.common.rest_client [req-241cd3f2-64ab-4b23-8456-146d02bdc73c req-241cd3f2-64ab-4b23-8456-146d02bdc73c ] Request (MultipleCreateNegativeTestJSON:test_max_count_less_than_one): 201 POST http://10.180.1.21/identity/v3/auth/tokens 0.054s
2025-05-14 01:20:19.617 69662 INFO tempest.lib.common.fixed_network [-] (MultipleCreateNegativeTestJSON:test_max_count_less_than_one) Found network None available for tenant
2025-05-14 01:20:19.630 69686 INFO tempest.lib.common.rest_client [req-46f9be9d-29c6-4c35-8c04-cdb820f9460d req-46f9be9d-29c6-4c35-8c04-cdb820f9460d ] Request (DeleteServersAdminTestJSON:test_delete_server_while_in_error_state): 200 GET http://10.180.1.21/compute/v2.1/servers/af67629c-8b83-41b7-847c-049a305f970c 1.067s
2025-05-14 01:20:19.640 69686 INFO tempest.common.waiters [-] State transition "BUILD/None" ==> "BUILD/networking" after 18 second wait
2025-05-14 01:20:19.650 69698 INFO tempest.lib.common.rest_client [req-905e5d3c-6811-4da3-ac51-d25edd9a2ff1 req-905e5d3c-6811-4da3-ac51-d25edd9a2ff1 ] Request (ServersAdminNegativeTestJSON:setUpClass): 200 GET http://10.180.1.21/compute/v2.1/servers/ad8c7bf8-0e9d-4e18-940a-f987e0ac954b 0.999s
2025-05-14 01:20:19.665 69668 INFO tempest.lib.common.rest_client [req-3db8f926-3c12-46ae-8122-8839774a6223 req-3db8f926-3c12-46ae-8122-8839774a6223 ] Request (FlavorsExtraSpecsTestJSON:setUpClass): 204 PUT http://10.180.1.21/identity/v3/projects/5fda73417b504e699c30ed0cde5a6ee0/users/1e8904011b9d427f9caf182137d4193f/roles/0613f7be974e4267878aa3f642942d47 0.061s
2025-05-14 01:20:19.707 69652 INFO tempest.lib.common.rest_client [req-0687c3d3-bb04-4bbe-a6a2-41bbbc121e98 req-0687c3d3-bb04-4bbe-a6a2-41bbbc121e98 ] Request (ListImageFiltersTestJSON:setUpClass): 200 GET http://10.180.1.21/compute/v2.1/servers/b08b3ed7-5812-432e-b618-f43104029336 1.039s
2025-05-14 01:20:19.732 69668 INFO tempest.lib.common.rest_client [req-204d36ef-4b02-4119-971f-193757b14060 req-204d36ef-4b02-4119-971f-193757b14060 ] Request (FlavorsExtraSpecsTestJSON:setUpClass): 200 GET http://10.180.1.21/identity/v3/roles 0.066s
2025-05-14 01:20:19.749 69682 INFO tempest.lib.common.rest_client [req-dc5da5c3-c854-4dc6-87c6-b349a7013563 req-dc5da5c3-c854-4dc6-87c6-b349a7013563 ] Request (SecurityGroupRulesNegativeTestJSON:test_create_security_group_rule_with_invalid_to_port): 400 POST http://10.180.1.21/compute/v2.1/os-security-group-rules 1.041s
2025-05-14 01:20:19.756 69708 INFO tempest.lib.common.rest_client [req-3127aa56-1e47-4285-80b6-8f016d2bc394 req-3127aa56-1e47-4285-80b6-8f016d2bc394 ] Request (VolumesNegativeTest:test_create_volume_without_passing_size): 400 POST http://10.180.1.21/compute/v2.1/os-volumes 1.043s
2025-05-14 01:20:19.772 69668 INFO tempest.lib.common.rest_client [req-8bd8ec6e-4c20-46ec-9608-64304a4788f9 req-8bd8ec6e-4c20-46ec-9608-64304a4788f9 ] Request (FlavorsExtraSpecsTestJSON:setUpClass): 204 PUT http://10.180.1.21/identity/v3/projects/5fda73417b504e699c30ed0cde5a6ee0/users/1e8904011b9d427f9caf182137d4193f/roles/0613f7be974e4267878aa3f642942d47 0.039s
2025-05-14 01:20:19.773 69668 INFO tempest.lib.common.dynamic_creds [-] Dynamic test user 1e8904011b9d427f9caf182137d4193f is created with scope project and roles: ['admin']
2025-05-14 01:20:19.773 69668 INFO tempest.lib.common.dynamic_creds [-] Acquired dynamic creds: credentials: Credentials: {'domain_id': 'default', 'domain_name': 'Default', 'username': 'tempest-FlavorsExtraSpecsTestJSON-991908900-project-admin', 'project_domain_id': 'default', 'project_domain_name': 'Default', 'project_id': '5fda73417b504e699c30ed0cde5a6ee0', 'project_name': 'tempest-FlavorsExtraSpecsTestJSON-991908900', 'tenant_id': '5fda73417b504e699c30ed0cde5a6ee0', 'tenant_name': 'tempest-FlavorsExtraSpecsTestJSON-991908900', 'user_domain_id': 'default', 'user_domain_name': 'Default', 'user_id': '1e8904011b9d427f9caf182137d4193f', 'system': None}, Network: None, Subnet: None, Router: None
2025-05-14 01:20:19.773 69668 INFO tempest.lib.common.dynamic_creds [-] Created isolated network resources for: credentials: Credentials: {'domain_id': 'default', 'domain_name': 'Default', 'username': 'tempest-FlavorsExtraSpecsTestJSON-991908900-project-admin', 'project_domain_id': 'default', 'project_domain_name': 'Default', 'project_id': '5fda73417b504e699c30ed0cde5a6ee0', 'project_name': 'tempest-FlavorsExtraSpecsTestJSON-991908900', 'tenant_id': '5fda73417b504e699c30ed0cde5a6ee0', 'tenant_name': 'tempest-FlavorsExtraSpecsTestJSON-991908900', 'user_domain_id': 'default', 'user_domain_name': 'Default', 'user_id': '1e8904011b9d427f9caf182137d4193f', 'system': None}, Network: None, Subnet: None, Router: None
2025-05-14 01:20:19.774 69706 INFO tempest.lib.common.rest_client [req-eb7bb252-96ad-40f9-8ed4-a9be1390d612 req-eb7bb252-96ad-40f9-8ed4-a9be1390d612 ] Request (ServerActionsTestOtherA:setUpClass): 200 POST http://10.180.1.21/compute/v2.1/os-keypairs 1.118s
2025-05-14 01:20:19.820 69654 INFO tempest.lib.common.rest_client [req-1fdbe5e3-5123-4d25-a788-02bfcd413191 req-1fdbe5e3-5123-4d25-a788-02bfcd413191 ] Request (ServerMetadataTestJSON:test_get_server_metadata_item): 200 GET http://10.180.1.21/compute/v2.1/servers/f35ffdf6-4113-4f4d-b574-25aef8c0ba27/metadata/key2 1.018s
2025-05-14 01:20:19.840 69684 INFO tempest.lib.common.rest_client [req-7f38d4a4-5b46-492b-9e7a-109ab0ca8474 req-7f38d4a4-5b46-492b-9e7a-109ab0ca8474 ] Request (FloatingIPsAssociationTestJSON:setUpClass): 200 GET http://10.180.1.21/compute/v2.1/servers/79593cb2-e266-49c8-905d-c0ff06320f3a 1.116s
2025-05-14 01:20:19.907 69668 INFO tempest.lib.common.rest_client [req-ebe3e551-725d-473b-a9a3-564bed0168c8 req-ebe3e551-725d-473b-a9a3-564bed0168c8 ] Request (FlavorsExtraSpecsTestJSON:setUpClass): 201 POST http://10.180.1.21/identity/v3/auth/tokens 0.132s
2025-05-14 01:20:19.943 69658 INFO tempest.lib.common.rest_client [req-53430a78-03d3-4350-8785-7a48bbdad535 req-53430a78-03d3-4350-8785-7a48bbdad535 ] Request (InstanceActionsTestJSON:tearDownClass): 200 GET http://10.180.1.21/compute/v2.1/servers/ae9be03b-f45f-4285-ba68-d174581c0c78 1.109s
2025-05-14 01:20:20.031 69656 INFO tempest.lib.common.rest_client [req-bdc01b97-417f-47eb-88a6-75e174cc4f9b req-bdc01b97-417f-47eb-88a6-75e174cc4f9b ] Request (MultipleCreateTestJSON:test_multiple_create_with_reservation_return): 200 GET http://10.180.1.21/compute/v2.1/servers/67a00538-d67f-4697-97d6-bb1c221847bf 1.063s
2025-05-14 01:20:20.038 69712 INFO tempest.lib.common.rest_client [req-b74cfad6-72d8-4289-93ec-81331c8366c4 req-b74cfad6-72d8-4289-93ec-81331c8366c4 ] Request (ServerAddressesNegativeTestJSON:test_list_server_addresses_invalid_server_id): 404 GET http://10.180.1.21/compute/v2.1/servers/999/ips 1.027s
2025-05-14 01:20:20.109 69706 INFO tempest.lib.common.rest_client [req-fd1ec3a2-d0a7-4b2b-b331-0ed0bd38f782 req-fd1ec3a2-d0a7-4b2b-b331-0ed0bd38f782 ] Request (ServerActionsTestOtherA:setUpClass): 201 POST http://10.180.1.21:9696/networking/v2.0/security-groups 0.332s
2025-05-14 01:20:20.160 69680 INFO tempest.lib.common.rest_client [req-95130574-2133-4918-b01d-7d460ff84e54 req-95130574-2133-4918-b01d-7d460ff84e54 ] Request (ImagesOneServerTestJSON:test_create_delete_image): 200 GET http://10.180.1.21/compute/v2.1/servers/6ba85db5-0d68-4266-8760-15c9ad2f2fe0 1.301s
2025-05-14 01:20:20.206 69703 INFO tempest.lib.common.rest_client [req-85827b20-e690-45b1-8dfe-16b282e9518a req-85827b20-e690-45b1-8dfe-16b282e9518a ] Request (KeyPairsV22TestJSON:test_keypairs_create_list_delete): 201 POST http://10.180.1.21/compute/v2.1/os-keypairs 0.877s
2025-05-14 01:20:20.244 69696 INFO tempest.lib.common.rest_client [req-e2281a5c-3213-4848-ac2b-7884f284835b req-e2281a5c-3213-4848-ac2b-7884f284835b ] Request (ImagesOneServerNegativeTestJSON:tearDown): 200 GET http://10.180.1.21/compute/v2.1/servers/b1971861-5b0a-45b9-a37c-972258e7ff85 1.040s
2025-05-14 01:20:20.291 69706 INFO tempest.lib.common.rest_client [req-230d5d7f-27d6-432b-8c05-5a2a6f7e5413 req-230d5d7f-27d6-432b-8c05-5a2a6f7e5413 ] Request (ServerActionsTestOtherA:setUpClass): 201 POST http://10.180.1.21:9696/networking/v2.0/security-group-rules 0.180s
2025-05-14 01:20:20.353 69666 INFO tempest.lib.common.rest_client [req-b62f9539-7624-43f2-9fc8-919270a3c923 req-b62f9539-7624-43f2-9fc8-919270a3c923 ] Request (MigrationsAdminTest:test_list_migrations_in_flavor_resize_situation): 200 GET http://10.180.1.21/compute/v2.1/servers/985f141c-62c8-4ee6-8989-3afbb66f0e49 0.994s
2025-05-14 01:20:20.412 69706 INFO tempest.lib.common.rest_client [req-9026ba31-b2ac-4cff-aa9c-f5943e22ac27 req-9026ba31-b2ac-4cff-aa9c-f5943e22ac27 ] Request (ServerActionsTestOtherA:setUpClass): 201 POST http://10.180.1.21:9696/networking/v2.0/security-group-rules 0.121s
2025-05-14 01:20:20.420 69694 INFO tempest.lib.common.rest_client [req-236d8040-8f10-4f9e-afe3-11bc7d1a142f req-236d8040-8f10-4f9e-afe3-11bc7d1a142f ] Request (ServersTestManualDisk:setUpClass): 200 POST http://10.180.1.21/compute/v2.1/os-keypairs 1.010s
2025-05-14 01:20:20.465 69705 INFO tempest.lib.common.rest_client [req-462edd3c-e212-44b4-b08e-a1736cf55858 req-462edd3c-e212-44b4-b08e-a1736cf55858 ] Request (ServersAdmin275Test:test_rebuild_update_server_275): 200 PUT http://10.180.1.21/compute/v2.1/servers/ed942bf3-996f-4c11-9a5e-eedb3d85b06e 1.036s
2025-05-14 01:20:20.474 69662 INFO tempest.lib.common.rest_client [req-df9447d8-f6ae-440a-9c01-3ad034dd6744 req-df9447d8-f6ae-440a-9c01-3ad034dd6744 ] Request (MultipleCreateNegativeTestJSON:test_max_count_less_than_one): 400 POST http://10.180.1.21/compute/v2.1/servers 0.856s
2025-05-14 01:20:20.497 69682 INFO tempest.lib.common.rest_client [req-f590b382-ccfa-43b6-8640-212c32fbf9a8 req-f590b382-ccfa-43b6-8640-212c32fbf9a8 ] Request (SecurityGroupRulesNegativeTestJSON:test_create_security_group_rule_with_non_existent_id): 404 POST http://10.180.1.21/compute/v2.1/os-security-group-rules 0.745s
2025-05-14 01:20:20.554 69708 INFO tempest.lib.common.rest_client [req-142bf683-3e9d-4958-83e4-f7b30d9403f3 req-142bf683-3e9d-4958-83e4-f7b30d9403f3 ] Request (VolumesNegativeTest:test_delete_invalid_volume_id): 404 DELETE http://10.180.1.21/compute/v2.1/os-volumes/tempest-invalid-283969121 0.796s
2025-05-14 01:20:20.559 69674 INFO tempest.lib.common.rest_client [req-ead2b257-e6af-4bb2-860d-47138fc6d51d req-ead2b257-e6af-4bb2-860d-47138fc6d51d ] Request (ServersTestBootFromVolume:setUpClass): 200 GET http://10.180.1.21/volume/v3/volumes/aa63395c-465a-469f-a8ab-c40ce8fb9d5f 0.057s
2025-05-14 01:20:20.567 69674 INFO tempest.common.waiters [-] volume aa63395c-465a-469f-a8ab-c40ce8fb9d5f reached available after waiting for 21.567064 seconds
2025-05-14 01:20:20.573 69662 INFO tempest.lib.common.rest_client [req-d8a4df35-dfc2-402a-a055-f2cc3d321ae6 req-d8a4df35-dfc2-402a-a055-f2cc3d321ae6 ] Request (MultipleCreateNegativeTestJSON:test_max_count_non_integer): 201 POST http://10.180.1.21/identity/v3/auth/tokens 0.093s
2025-05-14 01:20:20.573 69662 INFO tempest.lib.common.fixed_network [-] (MultipleCreateNegativeTestJSON:test_max_count_non_integer) Found network None available for tenant
2025-05-14 01:20:20.606 69694 INFO tempest.lib.common.rest_client [req-e554110c-f286-4f50-a0b2-0c6ccc55f587 req-e554110c-f286-4f50-a0b2-0c6ccc55f587 ] Request (ServersTestManualDisk:setUpClass): 201 POST http://10.180.1.21:9696/networking/v2.0/security-groups 0.183s
2025-05-14 01:20:20.623 69654 INFO tempest.lib.common.rest_client [req-0af34a52-db3e-468c-b305-4bfae858d4ed req-0af34a52-db3e-468c-b305-4bfae858d4ed ] Request (ServerMetadataTestJSON:setUp): 200 PUT http://10.180.1.21/compute/v2.1/servers/f35ffdf6-4113-4f4d-b574-25aef8c0ba27/metadata 0.795s
2025-05-14 01:20:20.668 69668 INFO tempest.lib.common.rest_client [req-c39ec7eb-ab68-4700-ba00-e15dc71c94c8 req-c39ec7eb-ab68-4700-ba00-e15dc71c94c8 ] Request (FlavorsExtraSpecsTestJSON:setUpClass): 200 POST http://10.180.1.21/compute/v2.1/flavors 0.760s
2025-05-14 01:20:20.796 69665 INFO tempest.lib.common.rest_client [req-c9b474ec-21b7-4a9a-84df-1227167676f0 req-c9b474ec-21b7-4a9a-84df-1227167676f0 ] Request (AttachInterfacesUnderV243Test:test_add_remove_fixed_ip): 200 GET http://10.180.1.21/compute/v2.1/servers/f89bfd02-b61d-4942-851d-d9678c913852 0.804s
2025-05-14 01:20:20.797 69694 INFO tempest.lib.common.rest_client [req-0d3566a9-0c8b-491c-a1bf-6934a4fb859f req-0d3566a9-0c8b-491c-a1bf-6934a4fb859f ] Request (ServersTestManualDisk:setUpClass): 201 POST http://10.180.1.21:9696/networking/v2.0/security-group-rules 0.191s
2025-05-14 01:20:20.902 69712 INFO tempest.lib.common.rest_client [req-c11ac535-5d31-4d1e-b53c-2ce6ef2c17ed req-c11ac535-5d31-4d1e-b53c-2ce6ef2c17ed ] Request (ServerAddressesNegativeTestJSON:tearDownClass): 204 DELETE http://10.180.1.21/compute/v2.1/servers/4687249d-a18e-44e7-842e-e65e00320062 0.860s
2025-05-14 01:20:20.921 69694 INFO tempest.lib.common.rest_client [req-bf2e42bf-8fbd-4e34-8e03-34ef581c1b43 req-bf2e42bf-8fbd-4e34-8e03-34ef581c1b43 ] Request (ServersTestManualDisk:setUpClass): 201 POST http://10.180.1.21:9696/networking/v2.0/security-group-rules 0.123s
2025-05-14 01:20:20.940 69700 INFO tempest.lib.common.rest_client [req-42fd375e-e80b-4c63-8862-ac76e4196311 req-42fd375e-e80b-4c63-8862-ac76e4196311 ] Request (ServerTagsTestJSON:setUpClass): 202 POST http://10.180.1.21/compute/v2.1/servers 1.474s
2025-05-14 01:20:20.991 69706 INFO tempest.lib.common.rest_client [req-5409155d-b1b5-4159-9adb-c8bad13a95e4 req-5409155d-b1b5-4159-9adb-c8bad13a95e4 ] Request (ServerActionsTestOtherA:setUpClass): 201 POST http://10.180.1.21:9696/networking/v2.0/floatingips 0.579s
2025-05-14 01:20:20.994 69676 INFO tempest.lib.common.rest_client [req-921c14bb-f455-4bc8-b195-8141155b9c4b req-921c14bb-f455-4bc8-b195-8141155b9c4b ] Request (ServerDiagnosticsV248Test:test_get_server_diagnostics): 200 GET http://10.180.1.21/compute/v2.1/servers/38c6330f-116c-4976-b127-e2b389e00475 0.951s
2025-05-14 01:20:21.013 69678 WARNING tempest.lib.common.ssh [-] Failed to establish authenticated ssh connection to cirros@10.180.180.188 ([Errno None] Unable to connect to port 22 on 10.180.180.188). Number attempts: 1. Retry after 2 seconds.: paramiko.ssh_exception.NoValidConnectionsError: [Errno None] Unable to connect to port 22 on 10.180.180.188
2025-05-14 01:20:21.026 69714 INFO tempest.lib.common.rest_client [req-e57457f8-5c45-482e-81bb-7bc80b648d97 req-e57457f8-5c45-482e-81bb-7bc80b648d97 ] Request (ServerDiagnosticsNegativeTest:test_get_server_diagnostics_by_non_admin): 200 GET http://10.180.1.21/compute/v2.1/servers/4a9a8f27-9e1d-41e2-b6aa-941746b393d9 0.929s
2025-05-14 01:20:21.044 69680 INFO tempest.lib.common.rest_client [req-c988bd18-2b30-4b2a-b14f-1f79399a5a2a req-c988bd18-2b30-4b2a-b14f-1f79399a5a2a ] Request (ImagesOneServerTestJSON:test_create_delete_image): 200 GET http://10.180.1.21/compute/v2.1/images/ef45ff1f-ed61-434d-8979-a15df138f780 0.875s
2025-05-14 01:20:21.111 69703 INFO tempest.lib.common.rest_client [req-77a4158c-51b9-441f-aa51-d0658342cac6 req-77a4158c-51b9-441f-aa51-d0658342cac6 ] Request (KeyPairsV22TestJSON:test_keypairs_create_list_delete): 201 POST http://10.180.1.21/compute/v2.1/os-keypairs 0.903s
2025-05-14 01:20:21.121 69706 INFO tempest.lib.common.rest_client [req-09d08a2b-b0ac-4ba2-bb6d-58de7c994180 req-09d08a2b-b0ac-4ba2-bb6d-58de7c994180 ] Request (ServerActionsTestOtherA:setUpClass): 201 POST http://10.180.1.21/identity/v3/auth/tokens 0.121s
2025-05-14 01:20:21.122 69706 INFO tempest.lib.common.fixed_network [-] (ServerActionsTestOtherA:setUpClass) Found network {'id': '45b13760-5635-439f-9348-893c7aecb556', 'name': 'tempest-ServerActionsTestOtherA-895336536-network', 'tenant_id': 'e8f5a50db5c2416186264f96d78f4490', 'admin_state_up': True, 'mtu': 8950, 'status': 'ACTIVE', 'subnets': [], 'shared': False, 'project_id': 'e8f5a50db5c2416186264f96d78f4490', 'port_security_enabled': True, 'router:external': False, 'provider:network_type': 'vlan', 'provider:physical_network': 'default', 'provider:segmentation_id': 916, 'availability_zone_hints': [], 'availability_zones': [], 'ipv4_address_scope': None, 'ipv6_address_scope': None, 'description': '', 'tags': [], 'created_at': '2025-05-14T01:20:14Z', 'updated_at': '2025-05-14T01:20:14Z', 'revision_number': 1} available for tenant
2025-05-14 01:20:21.152 69692 INFO tempest.lib.common.rest_client [req-2fcee69a-1dce-45af-852e-77ed1c41e3a2 req-2fcee69a-1dce-45af-852e-77ed1c41e3a2 ] Request (ServersTestMultiNic:test_verify_duplicate_network_nics): 200 GET http://10.180.1.21/compute/v2.1/servers/32b4b621-d544-4e28-8efb-35718d714c4d 0.835s
2025-05-14 01:20:21.193 69660 INFO tempest.lib.common.rest_client [req-ead82fc1-7aaa-4031-9964-b91e4448b6db req-ead82fc1-7aaa-4031-9964-b91e4448b6db ] Request (ServerActionsTestOtherB:setUpClass): 200 GET http://10.180.1.21/compute/v2.1/servers/7db22c5e-6c21-49be-8906-ec6aff0e722c 0.782s
2025-05-14 01:20:21.220 69682 INFO tempest.lib.common.rest_client [req-cf87772e-f405-432a-9ad2-dca69e9247fb req-cf87772e-f405-432a-9ad2-dca69e9247fb ] Request (SecurityGroupRulesNegativeTestJSON:test_delete_security_group_rule_with_non_existent_id): 404 DELETE http://10.180.1.21/compute/v2.1/os-security-group-rules/7941059f-93b5-4d0f-89cd-43967b297cf6 0.720s
2025-05-14 01:20:21.257 69705 INFO tempest.lib.common.rest_client [req-4dcde504-6d4f-45c4-8a9c-d0b19b0d6728 req-4dcde504-6d4f-45c4-8a9c-d0b19b0d6728 ] Request (ServersAdmin275Test:test_rebuild_update_server_275): 200 GET http://10.180.1.21/compute/v2.1/servers/ed942bf3-996f-4c11-9a5e-eedb3d85b06e 0.777s
2025-05-14 01:20:21.260 69708 INFO tempest.lib.common.rest_client [req-b558196d-0264-44b6-ba80-f804cf8bb586 req-b558196d-0264-44b6-ba80-f804cf8bb586 ] Request (VolumesNegativeTest:test_delete_volume_without_passing_volume_id): 404 DELETE http://10.180.1.21/compute/v2.1/os-volumes/ 0.703s
2025-05-14 01:20:21.299 69689 INFO tempest.lib.common.rest_client [req-6c7e37b5-7e53-45ff-a35a-93ccc83c29d1 req-6c7e37b5-7e53-45ff-a35a-93ccc83c29d1 ] Request (ServersAdminTestJSON:setUpClass): 200 GET http://10.180.1.21/compute/v2.1/servers/71bb33fe-516e-45d1-9097-775e783d763e 0.778s
2025-05-14 01:20:21.304 69662 INFO tempest.lib.common.rest_client [req-7ee896bf-f0bc-470e-aadf-c33b4ec6544f req-7ee896bf-f0bc-470e-aadf-c33b4ec6544f ] Request (MultipleCreateNegativeTestJSON:test_max_count_non_integer): 400 POST http://10.180.1.21/compute/v2.1/servers 0.731s
2025-05-14 01:20:21.350 69654 INFO tempest.lib.common.rest_client [req-9f6cfcda-9122-4bcf-9491-92815df422b6 req-9f6cfcda-9122-4bcf-9491-92815df422b6 ] Request (ServerMetadataTestJSON:test_list_server_metadata): 200 GET http://10.180.1.21/compute/v2.1/servers/f35ffdf6-4113-4f4d-b574-25aef8c0ba27/metadata 0.726s
2025-05-14 01:20:21.363 69662 INFO tempest.lib.common.rest_client [req-136f6bc5-5b1c-458b-a699-f70a44b691f1 req-136f6bc5-5b1c-458b-a699-f70a44b691f1 ] Request (MultipleCreateNegativeTestJSON:test_min_count_less_than_one): 201 POST http://10.180.1.21/identity/v3/auth/tokens 0.052s
2025-05-14 01:20:21.363 69662 INFO tempest.lib.common.fixed_network [-] (MultipleCreateNegativeTestJSON:test_min_count_less_than_one) Found network None available for tenant
2025-05-14 01:20:21.523 69686 INFO tempest.lib.common.rest_client [req-77537f6d-4613-4810-8024-619a573259e9 req-77537f6d-4613-4810-8024-619a573259e9 ] Request (DeleteServersAdminTestJSON:test_delete_server_while_in_error_state): 200 GET http://10.180.1.21/compute/v2.1/servers/af67629c-8b83-41b7-847c-049a305f970c 0.883s
2025-05-14 01:20:21.536 69686 INFO tempest.common.waiters [-] State transition "BUILD/networking" ==> "BUILD/spawning" after 20 second wait
2025-05-14 01:20:21.602 69698 INFO tempest.lib.common.rest_client [req-80ed4034-a402-4c8b-b203-d92f941bb004 req-80ed4034-a402-4c8b-b203-d92f941bb004 ] Request (ServersAdminNegativeTestJSON:setUpClass): 200 GET http://10.180.1.21/compute/v2.1/servers/ad8c7bf8-0e9d-4e18-940a-f987e0ac954b 0.935s
2025-05-14 01:20:21.639 69668 INFO tempest.lib.common.rest_client [req-1abc8022-0cc5-411b-8a75-9d7d47e272e7 req-1abc8022-0cc5-411b-8a75-9d7d47e272e7 ] Request (FlavorsExtraSpecsTestJSON:test_flavor_non_admin_get_all_keys): 200 POST http://10.180.1.21/compute/v2.1/flavors/721220307/os-extra_specs 0.967s
2025-05-14 01:20:21.726 69652 INFO tempest.lib.common.rest_client [req-c4072cc0-6d13-4156-acc4-8270d326ffa2 req-c4072cc0-6d13-4156-acc4-8270d326ffa2 ] Request (ListImageFiltersTestJSON:setUpClass): 200 GET http://10.180.1.21/compute/v2.1/servers/b08b3ed7-5812-432e-b618-f43104029336 1.010s
