2025-05-14 01:21:46.793 69676 INFO tempest.lib.common.rest_client [req-c923037d-65a9-4499-b280-989ce50549d6 req-c923037d-65a9-4499-b280-989ce50549d6 ] Request (ServicesAdminNegativeTestJSON:setUpClass): 200 GET http://10.180.1.21/identity/v3/roles 0.068s
2025-05-14 01:21:46.812 69676 INFO tempest.lib.common.rest_client [req-b2f9d3e0-8557-4555-93a1-3efc54968770 req-b2f9d3e0-8557-4555-93a1-3efc54968770 ] Request (ServicesAdminNegativeTestJSON:setUpClass): 204 PUT http://10.180.1.21/identity/v3/projects/b88ed9a17e894a2a81b45f4818a1e955/users/4aac1c77e5a24925af73f84b258ff97b/roles/0613f7be974e4267878aa3f642942d47 0.018s
2025-05-14 01:21:46.812 69676 INFO tempest.lib.common.dynamic_creds [-] Dynamic test user 4aac1c77e5a24925af73f84b258ff97b is created with scope project and roles: ['admin']
2025-05-14 01:21:46.812 69676 INFO tempest.lib.common.dynamic_creds [-] Acquired dynamic creds: credentials: Credentials: {'domain_id': 'default', 'domain_name': 'Default', 'username': 'tempest-ServicesAdminNegativeTestJSON-1350223780-project-admin', 'project_domain_id': 'default', 'project_domain_name': 'Default', 'project_id': 'b88ed9a17e894a2a81b45f4818a1e955', 'project_name': 'tempest-ServicesAdminNegativeTestJSON-1350223780', 'tenant_id': 'b88ed9a17e894a2a81b45f4818a1e955', 'tenant_name': 'tempest-ServicesAdminNegativeTestJSON-1350223780', 'user_domain_id': 'default', 'user_domain_name': 'Default', 'user_id': '4aac1c77e5a24925af73f84b258ff97b', 'system': None}, Network: None, Subnet: None, Router: None
2025-05-14 01:21:46.812 69676 INFO tempest.lib.common.dynamic_creds [-] Created isolated network resources for: credentials: Credentials: {'domain_id': 'default', 'domain_name': 'Default', 'username': 'tempest-ServicesAdminNegativeTestJSON-1350223780-project-admin', 'project_domain_id': 'default', 'project_domain_name': 'Default', 'project_id': 'b88ed9a17e894a2a81b45f4818a1e955', 'project_name': 'tempest-ServicesAdminNegativeTestJSON-1350223780', 'tenant_id': 'b88ed9a17e894a2a81b45f4818a1e955', 'tenant_name': 'tempest-ServicesAdminNegativeTestJSON-1350223780', 'user_domain_id': 'default', 'user_domain_name': 'Default', 'user_id': '4aac1c77e5a24925af73f84b258ff97b', 'system': None}, Network: None, Subnet: None, Router: None
2025-05-14 01:21:46.817 69656 INFO tempest.lib.common.rest_client [req-10368bbf-93a9-4232-83a2-6d084883a4d4 req-10368bbf-93a9-4232-83a2-6d084883a4d4 ] Request (MultipleCreateTestJSON:tearDownClass): 200 GET http://10.180.1.21/compute/v2.1/servers/ed59b5f6-30c7-4e93-8340-abd701b8a7e9 0.068s
2025-05-14 01:21:46.838 69665 INFO tempest.lib.common.rest_client [req-f07becb9-1694-4977-9989-f608444d7f2e req-f07becb9-1694-4977-9989-f608444d7f2e ] Request (AttachInterfacesUnderV243Test:tearDownClass): 200 PUT http://10.180.1.21:9696/networking/v2.0/routers/c88a0ec4-760e-4142-9839-f339ff272f53/remove_router_interface 0.776s
2025-05-14 01:21:46.875 69654 INFO tempest.lib.common.rest_client [req-46987503-7798-4814-92b6-32eeb1c774c2 req-46987503-7798-4814-92b6-32eeb1c774c2 ] Request (ServersNegativeTestMultiTenantJSON:setUpClass): 200 GET http://10.180.1.21/compute/v2.1/servers/6e9d6306-132d-4d57-8c21-507efe2dd8eb 0.066s
2025-05-14 01:21:46.907 69696 INFO tempest.lib.common.rest_client [req-9b48e475-8a73-41d6-8300-c30ac7fb8701 req-9b48e475-8a73-41d6-8300-c30ac7fb8701 ] Request (ImagesOneServerNegativeTestJSON:_run_cleanups): 200 GET http://10.180.1.21/compute/v2.1/servers/5149de8c-a780-42f3-b06e-8c51585a5329 0.067s
2025-05-14 01:21:46.911 69676 INFO tempest.lib.common.rest_client [req-126a6198-0b8e-4627-b9a3-3755ba52771f req-126a6198-0b8e-4627-b9a3-3755ba52771f ] Request (ServicesAdminNegativeTestJSON:setUpClass): 201 POST http://10.180.1.21/identity/v3/auth/tokens 0.097s
2025-05-14 01:21:46.960 69674 WARNING tempest.lib.common.ssh [-] Failed to establish authenticated ssh connection to cirros@10.180.180.195 ([Errno None] Unable to connect to port 22 on 10.180.180.195). Number attempts: 3. Retry after 4 seconds.: paramiko.ssh_exception.NoValidConnectionsError: [Errno None] Unable to connect to port 22 on 10.180.180.195
2025-05-14 01:21:47.024 69690 WARNING tempest.lib.common.ssh [-] Failed to establish authenticated ssh connection to cirros@10.180.180.179 ([Errno None] Unable to connect to port 22 on 10.180.180.179). Number attempts: 11. Retry after 12 seconds.: paramiko.ssh_exception.NoValidConnectionsError: [Errno None] Unable to connect to port 22 on 10.180.180.179
2025-05-14 01:21:47.050 69676 INFO tempest.lib.common.rest_client [req-43f9a293-b951-4618-88b4-f6d4a7443a48 req-43f9a293-b951-4618-88b4-f6d4a7443a48 ] Request (ServicesAdminNegativeTestJSON:test_get_service_by_invalid_params): 200 GET http://10.180.1.21/compute/v2.1/os-services 0.137s
2025-05-14 01:21:47.078 69676 INFO tempest.lib.common.rest_client [req-03880af1-c1be-4f35-87fd-3d0a9e97ec86 req-03880af1-c1be-4f35-87fd-3d0a9e97ec86 ] Request (ServicesAdminNegativeTestJSON:test_get_service_by_invalid_params): 200 GET http://10.180.1.21/compute/v2.1/os-services?xxx=nova-compute 0.025s
2025-05-14 01:21:47.113 69676 INFO tempest.lib.common.rest_client [req-58004316-e0a0-49d6-950d-15ab5b2cdf53 req-58004316-e0a0-49d6-950d-15ab5b2cdf53 ] Request (ServicesAdminNegativeTestJSON:test_get_service_by_invalid_service_and_valid_host): 200 GET http://10.180.1.21/compute/v2.1/os-services 0.026s
2025-05-14 01:21:47.142 69676 INFO tempest.lib.common.rest_client [req-f45d6181-20ea-4994-bde6-a15e844e9907 req-f45d6181-20ea-4994-bde6-a15e844e9907 ] Request (ServicesAdminNegativeTestJSON:test_get_service_by_invalid_service_and_valid_host): 200 GET http://10.180.1.21/compute/v2.1/os-services?host=devstack&binary=xxx 0.027s
2025-05-14 01:21:47.152 69672 WARNING tempest.lib.common.ssh [-] Failed to establish authenticated ssh connection to cirros@10.180.180.217 ([Errno None] Unable to connect to port 22 on 10.180.180.217). Number attempts: 12. Retry after 13 seconds.: paramiko.ssh_exception.NoValidConnectionsError: [Errno None] Unable to connect to port 22 on 10.180.180.217
2025-05-14 01:21:47.193 69658 INFO tempest.lib.common.rest_client [req-105ad518-368b-4adb-91b5-aacbbb66b11f req-105ad518-368b-4adb-91b5-aacbbb66b11f ] Request (InstanceActionsNegativeTestJSON:setUpClass): 200 GET http://10.180.1.21/compute/v2.1/servers/a1ecf066-1131-4880-9e8b-cfc5296b0ba7 0.068s
2025-05-14 01:21:47.216 69676 INFO tempest.lib.common.rest_client [req-72c25c6e-fe9d-4ef1-992f-5a61f6231c7c req-72c25c6e-fe9d-4ef1-992f-5a61f6231c7c ] Request (ServicesAdminNegativeTestJSON:test_get_service_with_valid_service_and_invalid_host): 200 GET http://10.180.1.21/compute/v2.1/os-services 0.071s
2025-05-14 01:21:47.216 69684 INFO tempest.lib.common.rest_client [req-d430692c-7db4-4be1-b9b4-6edc5279b0a2 req-d430692c-7db4-4be1-b9b4-6edc5279b0a2 ] Request (FloatingIPsAssociationTestJSON:test_associate_already_associated_floating_ip): 200 GET http://10.180.1.21/compute/v2.1/servers/ef27b1d5-1bb8-48ca-8ec1-149520bac6dd 0.075s
2025-05-14 01:21:47.247 69676 INFO tempest.lib.common.rest_client [req-778f9c20-f32f-4e3d-aa05-6c098dc6ab10 req-778f9c20-f32f-4e3d-aa05-6c098dc6ab10 ] Request (ServicesAdminNegativeTestJSON:test_get_service_with_valid_service_and_invalid_host): 200 GET http://10.180.1.21/compute/v2.1/os-services?host=xxx&binary=nova-scheduler 0.028s
2025-05-14 01:21:47.276 69686 INFO tempest.lib.common.rest_client [req-afc87b2f-39d6-4114-b762-8d7cd4705151 req-afc87b2f-39d6-4114-b762-8d7cd4705151 ] Request (SecurityGroupsTestJSON:test_list_security_groups_by_server): 200 GET http://10.180.1.21/compute/v2.1/servers/23852d0d-1e37-458d-bc2f-453086768afc 0.084s
2025-05-14 01:21:47.282 69665 INFO tempest.lib.common.rest_client [req-690d6e71-d897-48db-83a7-55d2bd127728 req-690d6e71-d897-48db-83a7-55d2bd127728 ] Request (AttachInterfacesUnderV243Test:tearDownClass): 204 DELETE http://10.180.1.21:9696/networking/v2.0/routers/c88a0ec4-760e-4142-9839-f339ff272f53 0.444s
2025-05-14 01:21:47.318 69700 INFO tempest.lib.common.rest_client [req-ee51a270-530e-42f9-a417-62085548e0e9 req-ee51a270-530e-42f9-a417-62085548e0e9 ] Request (ServerTagsTestJSON:tearDownClass): 200 GET http://10.180.1.21/compute/v2.1/servers/d2dd5502-8ae0-4800-9c38-71fc70e38f3d 0.088s
2025-05-14 01:21:47.347 69676 INFO tempest.lib.common.rest_client [req-8bdfd601-9f03-47c5-a3ed-c8d81c3004aa req-8bdfd601-9f03-47c5-a3ed-c8d81c3004aa ] Request (ServicesAdminNegativeTestJSON:test_list_services_with_non_admin_user): 403 GET http://10.180.1.21/compute/v2.1/os-services 0.097s
2025-05-14 01:21:47.370 69678 INFO tempest.lib.common.rest_client [req-a90cb79d-1c67-4014-8e6b-b2ba777299e5 req-a90cb79d-1c67-4014-8e6b-b2ba777299e5 ] Request (VolumesAdminNegativeTest:test_update_attached_volume_with_nonexistent_volume_in_uri): 200 GET http://10.180.1.21/compute/v2.1/servers/ec8737e3-c6fb-4e50-be61-726fd118d3cc 0.118s
2025-05-14 01:21:47.408 69680 INFO tempest.lib.common.rest_client [req-85ccb253-3a2e-42e9-a1b5-3e19270a8735 req-85ccb253-3a2e-42e9-a1b5-3e19270a8735 ] Request (ServerDiskConfigTestJSON:test_rebuild_server_with_auto_disk_config): 200 GET http://10.180.1.21/compute/v2.1/servers/e8d90ed7-91d5-4d19-a4d4-e200c43b3de2 0.114s
2025-05-14 01:21:47.433 69668 INFO tempest.lib.common.rest_client [req-b6b40a54-0b0e-4984-9768-4cdbac72812a req-b6b40a54-0b0e-4984-9768-4cdbac72812a ] Request (ServersV294TestFqdnHostnames:setUpClass): 200 GET http://10.180.1.21/compute/v2.1/servers/78a90f76-8aeb-4a74-a2a7-ee67621f8275 0.110s
2025-05-14 01:21:47.468 69712 INFO tempest.lib.common.rest_client [req-759e3ab3-77df-47d7-a050-bdc63b2f16f8 req-759e3ab3-77df-47d7-a050-bdc63b2f16f8 ] Request (ServersTestJSON:test_create_server_specify_multibyte_character_name): 200 GET http://10.180.1.21/compute/v2.1/servers/6cfc2345-bf4f-401b-b09b-537b0f5671f4 0.114s
2025-05-14 01:21:47.485 69698 INFO tempest.lib.common.rest_client [req-60dbad08-a115-4878-8c88-da27db0dd9fd req-60dbad08-a115-4878-8c88-da27db0dd9fd ] Request (ServersAdminNegativeTestJSON:test_migrate_server_invalid_state): 200 GET http://10.180.1.21/compute/v2.1/servers/d9bfc0a0-60da-4491-9c2e-14dfa871b025 0.119s
2025-05-14 01:21:47.490 69665 INFO tempest.lib.common.rest_client [req-3e546baa-0955-4c08-93c7-323a532c6fd5 req-3e546baa-0955-4c08-93c7-323a532c6fd5 ] Request (AttachInterfacesUnderV243Test:tearDownClass): 204 DELETE http://10.180.1.21:9696/networking/v2.0/subnets/b9a3e801-43f0-45db-8167-9245708cc7df 0.208s
2025-05-14 01:21:47.507 69676 INFO tempest.lib.common.rest_client [req-6b66b9f2-f1db-4b9a-9fe9-a3a01ea4222f req-6b66b9f2-f1db-4b9a-9fe9-a3a01ea4222f ] Request (ServicesAdminNegativeTestJSON:tearDownClass): 204 DELETE http://10.180.1.21/identity/v3/users/89ae788cea80437796c234a8131f5047 0.158s
2025-05-14 01:21:47.532 69666 INFO tempest.lib.common.rest_client [req-0e75ce2b-c455-4598-9cf2-85c6b6c2ab4c req-0e75ce2b-c455-4598-9cf2-85c6b6c2ab4c ] Request (MigrationsAdminTest:test_resize_server_revert_deleted_flavor): 200 GET http://10.180.1.21/compute/v2.1/servers/a1ab1f2f-0e69-4483-9271-45a85b69608c 0.100s
2025-05-14 01:21:47.539 69694 WARNING tempest.lib.common.ssh [-] Failed to establish authenticated ssh connection to cirros@10.180.180.244 ([Errno None] Unable to connect to port 22 on 10.180.180.244). Number attempts: 2. Retry after 3 seconds.: paramiko.ssh_exception.NoValidConnectionsError: [Errno None] Unable to connect to port 22 on 10.180.180.244
2025-05-14 01:21:47.548 69682 INFO tempest.lib.common.rest_client [req-efead607-13d2-4c6a-8e20-654bb252fc88 req-efead607-13d2-4c6a-8e20-654bb252fc88 ] Request (ServerShowV254Test:test_rebuild_server): 200 GET http://10.180.1.21/compute/v2.1/servers/c3c4d8dc-bc7f-4128-b323-341d335219cb 0.109s
2025-05-14 01:21:47.562 69682 INFO tempest.common.waiters [-] State transition "BUILD/block_device_mapping" ==> "BUILD/spawning" after 78 second wait
2025-05-14 01:21:47.598 69692 INFO tempest.lib.common.rest_client [req-14528a76-3c1f-437b-a336-9f2aed3c0ac2 req-14528a76-3c1f-437b-a336-9f2aed3c0ac2 ] Request (ServersTestMultiNic:test_verify_multiple_nics_order): 200 GET http://10.180.1.21/compute/v2.1/servers/ee7e33f7-25ba-46d1-84b8-07b05170a1b6 0.108s
2025-05-14 01:21:47.609 69670 INFO tempest.lib.common.rest_client [req-7d5948b9-8c71-4cfb-80c0-ef44fd71beff req-7d5948b9-8c71-4cfb-80c0-ef44fd71beff ] Request (ServersWithSpecificFlavorTestJSON:test_verify_created_server_ephemeral_disk): 200 GET http://10.180.1.21/compute/v2.1/servers/57575546-660a-4ce5-b6b0-f0a0dfaa5169 0.114s
2025-05-14 01:21:47.616 69676 INFO tempest.lib.common.rest_client [req-3dcf29ef-595b-4200-a24b-05cbe0bc4d5b req-3dcf29ef-595b-4200-a24b-05cbe0bc4d5b ] Request (ServicesAdminNegativeTestJSON:tearDownClass): 204 DELETE http://10.180.1.21/identity/v3/users/4aac1c77e5a24925af73f84b258ff97b 0.109s
2025-05-14 01:21:47.616 69676 INFO tempest.lib.common.dynamic_creds [-] Deleting project and security group for project: b88ed9a17e894a2a81b45f4818a1e955
2025-05-14 01:21:47.674 69689 INFO tempest.lib.common.rest_client [req-1a4cef87-08b8-46be-87b1-cf80ccaec8fe req-1a4cef87-08b8-46be-87b1-cf80ccaec8fe ] Request (ServersAdminTestJSON:test_create_server_with_scheduling_hint): 200 GET http://10.180.1.21/compute/v2.1/servers/8f7563b6-b739-48f5-afcd-74ff590d32ef 0.127s
2025-05-14 01:21:47.675 69662 INFO tempest.lib.common.rest_client [req-8940a196-7717-4c7e-8305-dfc3755b4584 req-8940a196-7717-4c7e-8305-dfc3755b4584 ] Request (ServerShowV247Test:test_update_rebuild_list_server): 200 GET http://10.180.1.21/compute/v2.1/servers/2c5d994d-aa71-47bd-8ecd-f077dd409472 0.095s
2025-05-14 01:21:47.692 69676 INFO tempest.lib.common.rest_client [req-786590b7-aeb7-4b52-8a3e-ce471586f2dc req-786590b7-aeb7-4b52-8a3e-ce471586f2dc ] Request (ServicesAdminNegativeTestJSON:tearDownClass): 201 POST http://10.180.1.21/identity/v3/auth/tokens 0.076s
2025-05-14 01:21:47.740 69705 INFO tempest.lib.common.rest_client [req-1913635c-fa36-4a79-a4fe-a3503fcc1204 req-1913635c-fa36-4a79-a4fe-a3503fcc1204 ] Request (ServersAdmin275Test:tearDownClass): 200 GET http://10.180.1.21/compute/v2.1/servers/ed942bf3-996f-4c11-9a5e-eedb3d85b06e 0.109s
2025-05-14 01:21:47.752 69665 INFO tempest.lib.common.rest_client [req-e473b23a-ffe0-4653-84b3-1a43f5a430fa req-e473b23a-ffe0-4653-84b3-1a43f5a430fa ] Request (AttachInterfacesUnderV243Test:tearDownClass): 204 DELETE http://10.180.1.21:9696/networking/v2.0/networks/ee66aa00-4f4f-4f2f-8907-f27e74b7236f 0.261s
2025-05-14 01:21:47.837 69665 INFO tempest.lib.common.rest_client [req-14607331-04d8-40a8-b813-c62e1e9489fe req-14607331-04d8-40a8-b813-c62e1e9489fe ] Request (AttachInterfacesUnderV243Test:tearDownClass): 204 DELETE http://10.180.1.21/identity/v3/users/2cfde702f1764f778a0f92819831ba6d 0.084s
2025-05-14 01:21:47.837 69665 INFO tempest.lib.common.dynamic_creds [-] Deleting project and security group for project: 1e368e3c74eb47928df7e7daf9eb8ab3
2025-05-14 01:21:47.841 69652 INFO tempest.lib.common.rest_client [req-0380be3d-557d-4a94-a44a-72babb0a24f8 req-0380be3d-557d-4a94-a44a-72babb0a24f8 ] Request (ListImageFiltersTestJSON:setUpClass): 200 GET http://10.180.1.21/compute/v2.1/images/359afdb7-7137-4ebb-9d2e-ad717b81ad73 0.044s
2025-05-14 01:21:47.887 69665 INFO tempest.lib.common.rest_client [req-8532dce4-2012-4053-a101-35447c76132b req-8532dce4-2012-4053-a101-35447c76132b ] Request (AttachInterfacesUnderV243Test:tearDownClass): 200 GET http://10.180.1.21:9696/networking/v2.0/security-groups?tenant_id=1e368e3c74eb47928df7e7daf9eb8ab3&name=default 0.050s
2025-05-14 01:21:47.909 69656 INFO tempest.lib.common.rest_client [req-066a280e-5d3e-4231-bb01-10f0229575b4 req-066a280e-5d3e-4231-bb01-10f0229575b4 ] Request (MultipleCreateTestJSON:tearDownClass): 200 GET http://10.180.1.21/compute/v2.1/servers/ed59b5f6-30c7-4e93-8340-abd701b8a7e9 0.080s
2025-05-14 01:21:47.912 69676 INFO tempest.lib.common.rest_client [req-18fae9df-a520-4c5f-87cf-78fae31991df req-18fae9df-a520-4c5f-87cf-78fae31991df ] Request (ServicesAdminNegativeTestJSON:tearDownClass): 200 GET http://10.180.1.21:9696/networking/v2.0/security-groups?tenant_id=b88ed9a17e894a2a81b45f4818a1e955&name=default 0.219s
2025-05-14 01:21:47.951 69654 INFO tempest.lib.common.rest_client [req-92551c9c-00f1-4aa4-a862-1865429d47c0 req-92551c9c-00f1-4aa4-a862-1865429d47c0 ] Request (ServersNegativeTestMultiTenantJSON:setUpClass): 200 GET http://10.180.1.21/compute/v2.1/servers/6e9d6306-132d-4d57-8c21-507efe2dd8eb 0.068s
2025-05-14 01:21:47.970 69665 INFO tempest.lib.common.rest_client [req-50b18489-8391-4439-82a9-acd88f050740 req-50b18489-8391-4439-82a9-acd88f050740 ] Request (AttachInterfacesUnderV243Test:tearDownClass): 204 DELETE http://10.180.1.21:9696/networking/v2.0/security-groups/c94ecdc2-ee3c-469b-b7b7-cd7c1eafd816 0.082s
2025-05-14 01:21:47.981 69696 INFO tempest.lib.common.rest_client [req-331fe015-0254-4e28-ac9e-ab7c6cab10d8 req-331fe015-0254-4e28-ac9e-ab7c6cab10d8 ] Request (ImagesOneServerNegativeTestJSON:_run_cleanups): 200 GET http://10.180.1.21/compute/v2.1/servers/5149de8c-a780-42f3-b06e-8c51585a5329 0.063s
2025-05-14 01:21:48.015 69676 INFO tempest.lib.common.rest_client [req-d350e81f-b834-49b1-b689-23f47abdf2d7 req-d350e81f-b834-49b1-b689-23f47abdf2d7 ] Request (ServicesAdminNegativeTestJSON:tearDownClass): 204 DELETE http://10.180.1.21:9696/networking/v2.0/security-groups/02aff96f-23d8-46eb-b5a6-02736d314bee 0.102s
2025-05-14 01:21:48.066 69665 INFO tempest.lib.common.rest_client [req-c135bc86-fa4d-4632-b131-5c7ac2b43870 req-c135bc86-fa4d-4632-b131-5c7ac2b43870 ] Request (AttachInterfacesUnderV243Test:tearDownClass): 204 DELETE http://10.180.1.21/identity/v3/projects/1e368e3c74eb47928df7e7daf9eb8ab3 0.095s
2025-05-14 01:21:48.078 69676 INFO tempest.lib.common.rest_client [req-a1ad308c-ab42-48f2-bcb7-5c207bd10e33 req-a1ad308c-ab42-48f2-bcb7-5c207bd10e33 ] Request (ServicesAdminNegativeTestJSON:tearDownClass): 204 DELETE http://10.180.1.21/identity/v3/projects/b88ed9a17e894a2a81b45f4818a1e955 0.063s
2025-05-14 01:21:48.078 69676 INFO tempest.lib.common.dynamic_creds [-] Deleting project and security group for project: bc720f3722c249adb49a4589140fb214
2025-05-14 01:21:48.140 69665 INFO tempest.lib.common.rest_client [req-fa4c5156-69f0-4650-a379-6142eeaba94e req-fa4c5156-69f0-4650-a379-6142eeaba94e ] Request (QuotasTestJSON:setUpClass): 201 POST http://10.180.1.21/identity/v3/auth/tokens 0.071s
2025-05-14 01:21:48.170 69665 INFO tempest.lib.common.rest_client [req-1376a4a0-c534-4dc7-aa41-b6035e3940da req-1376a4a0-c534-4dc7-aa41-b6035e3940da ] Request (QuotasTestJSON:setUpClass): 201 POST http://10.180.1.21/identity/v3/auth/tokens 0.028s
2025-05-14 01:21:48.209 69665 INFO tempest.lib.common.rest_client [req-28967218-6751-4c61-aba9-92bcefd06f55 req-28967218-6751-4c61-aba9-92bcefd06f55 ] Request (QuotasTestJSON:setUpClass): 200 GET http://10.180.1.21/identity/v3/domains?name=Default 0.038s
2025-05-14 01:21:48.212 69676 INFO tempest.lib.common.rest_client [req-b21e8107-89b5-4383-b001-754a936b2e87 req-b21e8107-89b5-4383-b001-754a936b2e87 ] Request (ServicesAdminNegativeTestJSON:tearDownClass): 200 GET http://10.180.1.21:9696/networking/v2.0/security-groups?tenant_id=bc720f3722c249adb49a4589140fb214&name=default 0.130s
2025-05-14 01:21:48.229 69706 WARNING tempest.lib.common.ssh [-] Failed to establish authenticated ssh connection to cirros@10.180.180.208 ([Errno None] Unable to connect to port 22 on 10.180.180.208). Number attempts: 3. Retry after 4 seconds.: paramiko.ssh_exception.NoValidConnectionsError: [Errno None] Unable to connect to port 22 on 10.180.180.208
2025-05-14 01:21:48.308 69665 INFO tempest.lib.common.rest_client [req-1adf864e-f99c-49d6-a994-f6433b4931f2 req-1adf864e-f99c-49d6-a994-f6433b4931f2 ] Request (QuotasTestJSON:setUpClass): 201 POST http://10.180.1.21/identity/v3/projects 0.098s
2025-05-14 01:21:48.342 69658 INFO tempest.lib.common.rest_client [req-bad6e050-405c-452e-8579-25212d5b4b88 req-bad6e050-405c-452e-8579-25212d5b4b88 ] Request (InstanceActionsNegativeTestJSON:setUpClass): 200 GET http://10.180.1.21/compute/v2.1/servers/a1ecf066-1131-4880-9e8b-cfc5296b0ba7 0.135s
2025-05-14 01:21:48.343 69684 INFO tempest.lib.common.rest_client [req-83093606-26dd-4eff-b368-a749287b09e1 req-83093606-26dd-4eff-b368-a749287b09e1 ] Request (FloatingIPsAssociationTestJSON:test_associate_already_associated_floating_ip): 200 GET http://10.180.1.21/compute/v2.1/servers/ef27b1d5-1bb8-48ca-8ec1-149520bac6dd 0.116s
2025-05-14 01:21:48.352 69658 INFO tempest.common.waiters [-] State transition "BUILD/None" ==> "BUILD/networking" after 76 second wait
2025-05-14 01:21:48.409 69665 INFO tempest.lib.common.rest_client [req-c9177331-ad8b-4595-a6d7-4a5d55d5da96 req-c9177331-ad8b-4595-a6d7-4a5d55d5da96 ] Request (QuotasTestJSON:setUpClass): 201 POST http://10.180.1.21/identity/v3/users 0.100s
2025-05-14 01:21:48.431 69686 INFO tempest.lib.common.rest_client [req-58da927b-91d0-42a2-8c31-cd30d4646ce4 req-58da927b-91d0-42a2-8c31-cd30d4646ce4 ] Request (SecurityGroupsTestJSON:test_list_security_groups_by_server): 200 GET http://10.180.1.21/compute/v2.1/servers/23852d0d-1e37-458d-bc2f-453086768afc 0.144s
2025-05-14 01:21:48.438 69665 INFO tempest.lib.common.rest_client [req-bcd83073-70ff-4df2-a46c-e4211cb08b53 req-bcd83073-70ff-4df2-a46c-e4211cb08b53 ] Request (QuotasTestJSON:setUpClass): 200 GET http://10.180.1.21/identity/v3/roles 0.028s
2025-05-14 01:21:48.445 69700 INFO tempest.lib.common.rest_client [req-d24735ff-c925-4b60-907b-7603c28f2d5c req-d24735ff-c925-4b60-907b-7603c28f2d5c ] Request (ServerTagsTestJSON:tearDownClass): 200 GET http://10.180.1.21/compute/v2.1/servers/d2dd5502-8ae0-4800-9c38-71fc70e38f3d 0.116s
2025-05-14 01:21:48.452 69676 INFO tempest.lib.common.rest_client [req-7f9c0ee0-8ec8-4343-bdfe-bdd2b523e42a req-7f9c0ee0-8ec8-4343-bdfe-bdd2b523e42a ] Request (ServicesAdminNegativeTestJSON:tearDownClass): 204 DELETE http://10.180.1.21:9696/networking/v2.0/security-groups/bbb1df4b-4e00-4eb0-ab8c-6a4bb861f7af 0.239s
2025-05-14 01:21:48.476 69665 INFO tempest.lib.common.rest_client [req-91d6fdc1-97dc-4671-80b2-ee393f6ef558 req-91d6fdc1-97dc-4671-80b2-ee393f6ef558 ] Request (QuotasTestJSON:setUpClass): 204 PUT http://10.180.1.21/identity/v3/projects/949093afed454d479279680bd0c64616/users/e4b75919ff844b1ca1242056e97d83db/roles/2485731308054427812aabe23c46d02d 0.037s
2025-05-14 01:21:48.476 69665 INFO tempest.lib.common.dynamic_creds [-] Dynamic test user e4b75919ff844b1ca1242056e97d83db is created with scope project and roles: ['member']
2025-05-14 01:21:48.476 69665 INFO tempest.lib.common.dynamic_creds [-] Acquired dynamic creds: credentials: Credentials: {'domain_id': 'default', 'domain_name': 'Default', 'username': 'tempest-QuotasTestJSON-1051938730-project-member', 'project_domain_id': 'default', 'project_domain_name': 'Default', 'project_id': '949093afed454d479279680bd0c64616', 'project_name': 'tempest-QuotasTestJSON-1051938730', 'tenant_id': '949093afed454d479279680bd0c64616', 'tenant_name': 'tempest-QuotasTestJSON-1051938730', 'user_domain_id': 'default', 'user_domain_name': 'Default', 'user_id': 'e4b75919ff844b1ca1242056e97d83db', 'system': None}, Network: None, Subnet: None, Router: None
2025-05-14 01:21:48.477 69665 INFO tempest.lib.common.dynamic_creds [-] Created isolated network resources for: credentials: Credentials: {'domain_id': 'default', 'domain_name': 'Default', 'username': 'tempest-QuotasTestJSON-1051938730-project-member', 'project_domain_id': 'default', 'project_domain_name': 'Default', 'project_id': '949093afed454d479279680bd0c64616', 'project_name': 'tempest-QuotasTestJSON-1051938730', 'tenant_id': '949093afed454d479279680bd0c64616', 'tenant_name': 'tempest-QuotasTestJSON-1051938730', 'user_domain_id': 'default', 'user_domain_name': 'Default', 'user_id': 'e4b75919ff844b1ca1242056e97d83db', 'system': None}, Network: None, Subnet: None, Router: None
2025-05-14 01:21:48.494 69678 INFO tempest.lib.common.rest_client [req-78b88f26-e692-4861-a4a9-ffe30c752f35 req-78b88f26-e692-4861-a4a9-ffe30c752f35 ] Request (VolumesAdminNegativeTest:test_update_attached_volume_with_nonexistent_volume_in_uri): 200 GET http://10.180.1.21/compute/v2.1/servers/ec8737e3-c6fb-4e50-be61-726fd118d3cc 0.114s
2025-05-14 01:21:48.513 69680 INFO tempest.lib.common.rest_client [req-18407ddf-b718-4c60-a6a2-ec2364396f4e req-18407ddf-b718-4c60-a6a2-ec2364396f4e ] Request (ServerDiskConfigTestJSON:test_rebuild_server_with_auto_disk_config): 200 GET http://10.180.1.21/compute/v2.1/servers/e8d90ed7-91d5-4d19-a4d4-e200c43b3de2 0.095s
2025-05-14 01:21:48.566 69665 INFO tempest.lib.common.rest_client [req-d8c39c62-79d7-451e-bcd2-b01e74862d13 req-d8c39c62-79d7-451e-bcd2-b01e74862d13 ] Request (QuotasTestJSON:setUpClass): 201 POST http://10.180.1.21/identity/v3/auth/tokens 0.085s
2025-05-14 01:21:48.567 69665 WARNING tempest.lib.common.rest_client [-] Deprecated: "tenant_id" property is deprecated for removal, use "project_id" instead
2025-05-14 01:21:48.573 69668 INFO tempest.lib.common.rest_client [req-744514c4-abe4-4978-ae83-4933e1a5e642 req-744514c4-abe4-4978-ae83-4933e1a5e642 ] Request (ServersV294TestFqdnHostnames:setUpClass): 200 GET http://10.180.1.21/compute/v2.1/servers/78a90f76-8aeb-4a74-a2a7-ee67621f8275 0.127s
2025-05-14 01:21:48.579 69712 INFO tempest.lib.common.rest_client [req-03159fad-3f42-47e9-9e0b-8e1e077110e1 req-03159fad-3f42-47e9-9e0b-8e1e077110e1 ] Request (ServersTestJSON:test_create_server_specify_multibyte_character_name): 200 GET http://10.180.1.21/compute/v2.1/servers/6cfc2345-bf4f-401b-b09b-537b0f5671f4 0.104s
2025-05-14 01:21:48.596 69676 INFO tempest.lib.common.rest_client [req-06530c8b-5099-4a45-b140-df8432aaa170 req-06530c8b-5099-4a45-b140-df8432aaa170 ] Request (ServicesAdminNegativeTestJSON:tearDownClass): 204 DELETE http://10.180.1.21/identity/v3/projects/bc720f3722c249adb49a4589140fb214 0.143s
2025-05-14 01:21:48.641 69698 INFO tempest.lib.common.rest_client [req-4c6235b2-be7c-4303-8cd0-d5deb6fedd52 req-4c6235b2-be7c-4303-8cd0-d5deb6fedd52 ] Request (ServersAdminNegativeTestJSON:test_migrate_server_invalid_state): 200 GET http://10.180.1.21/compute/v2.1/servers/d9bfc0a0-60da-4491-9c2e-14dfa871b025 0.141s
2025-05-14 01:21:48.646 69666 INFO tempest.lib.common.rest_client [req-8f65c5a2-97e6-4fa9-9dd4-45afba18fa30 req-8f65c5a2-97e6-4fa9-9dd4-45afba18fa30 ] Request (MigrationsAdminTest:test_resize_server_revert_deleted_flavor): 200 GET http://10.180.1.21/compute/v2.1/servers/a1ab1f2f-0e69-4483-9271-45a85b69608c 0.104s
2025-05-14 01:21:48.672 69676 INFO tempest.lib.common.rest_client [req-3757a6b7-bf0f-4897-abeb-456dfd22be80 req-3757a6b7-bf0f-4897-abeb-456dfd22be80 ] Request (ImagesTestJSON:setUpClass): 201 POST http://10.180.1.21/identity/v3/auth/tokens 0.075s
2025-05-14 01:21:48.696 69682 INFO tempest.lib.common.rest_client [req-13d26be4-4800-4171-aa2c-87b4048edcb1 req-13d26be4-4800-4171-aa2c-87b4048edcb1 ] Request (ServerShowV254Test:test_rebuild_server): 200 GET http://10.180.1.21/compute/v2.1/servers/c3c4d8dc-bc7f-4128-b323-341d335219cb 0.133s
2025-05-14 01:21:48.708 69676 INFO tempest.lib.common.rest_client [req-11a05dd7-909a-4bcf-8963-491673a0477f req-11a05dd7-909a-4bcf-8963-491673a0477f ] Request (ImagesTestJSON:setUpClass): 201 POST http://10.180.1.21/identity/v3/auth/tokens 0.034s
2025-05-14 01:21:48.735 69676 INFO tempest.lib.common.rest_client [req-656064a4-70fc-4c40-9490-b11848b0048f req-656064a4-70fc-4c40-9490-b11848b0048f ] Request (ImagesTestJSON:setUpClass): 200 GET http://10.180.1.21/identity/v3/domains?name=Default 0.027s
2025-05-14 01:21:48.751 69692 INFO tempest.lib.common.rest_client [req-c97537e3-f3a9-4f1a-a829-a390c3426aae req-c97537e3-f3a9-4f1a-a829-a390c3426aae ] Request (ServersTestMultiNic:test_verify_multiple_nics_order): 200 GET http://10.180.1.21/compute/v2.1/servers/ee7e33f7-25ba-46d1-84b8-07b05170a1b6 0.145s
2025-05-14 01:21:48.768 69676 INFO tempest.lib.common.rest_client [req-1f53034b-b17c-4d1a-b596-cdcdecf7a209 req-1f53034b-b17c-4d1a-b596-cdcdecf7a209 ] Request (ImagesTestJSON:setUpClass): 201 POST http://10.180.1.21/identity/v3/projects 0.032s
2025-05-14 01:21:48.808 69670 INFO tempest.lib.common.rest_client [req-6c97ecdc-7795-4470-955b-fa91f0b222c4 req-6c97ecdc-7795-4470-955b-fa91f0b222c4 ] Request (ServersWithSpecificFlavorTestJSON:test_verify_created_server_ephemeral_disk): 200 GET http://10.180.1.21/compute/v2.1/servers/57575546-660a-4ce5-b6b0-f0a0dfaa5169 0.191s
2025-05-14 01:21:48.835 69676 INFO tempest.lib.common.rest_client [req-c023d705-1e70-4803-968b-d46c92b2a922 req-c023d705-1e70-4803-968b-d46c92b2a922 ] Request (ImagesTestJSON:setUpClass): 201 POST http://10.180.1.21/identity/v3/users 0.067s
2025-05-14 01:21:48.858 69689 INFO tempest.lib.common.rest_client [req-3ef4252f-5ca6-44a9-8739-eb727f402d9c req-3ef4252f-5ca6-44a9-8739-eb727f402d9c ] Request (ServersAdminTestJSON:test_create_server_with_scheduling_hint): 200 GET http://10.180.1.21/compute/v2.1/servers/8f7563b6-b739-48f5-afcd-74ff590d32ef 0.175s
2025-05-14 01:21:48.861 69676 INFO tempest.lib.common.rest_client [req-38e4f419-63e5-4df6-817f-38148913a766 req-38e4f419-63e5-4df6-817f-38148913a766 ] Request (ImagesTestJSON:setUpClass): 200 GET http://10.180.1.21/identity/v3/roles 0.025s
2025-05-14 01:21:48.881 69665 INFO tempest.lib.common.rest_client [req-14abe127-7cc1-48e3-8ccb-a7426967e274 req-14abe127-7cc1-48e3-8ccb-a7426967e274 ] Request (QuotasTestJSON:test_compare_tenant_quotas_with_default_quotas): 200 GET http://10.180.1.21/compute/v2.1/os-quota-sets/949093afed454d479279680bd0c64616/defaults 0.312s
2025-05-14 01:21:48.897 69676 INFO tempest.lib.common.rest_client [req-c353ba38-eca5-4c8f-ad89-d44320143396 req-c353ba38-eca5-4c8f-ad89-d44320143396 ] Request (ImagesTestJSON:setUpClass): 204 PUT http://10.180.1.21/identity/v3/projects/902a8814e6cc4ca385b72bb44b96861b/users/80a7439a584f4f14862c7a0b674b2dd9/roles/2485731308054427812aabe23c46d02d 0.036s
2025-05-14 01:21:48.898 69676 INFO tempest.lib.common.dynamic_creds [-] Dynamic test user 80a7439a584f4f14862c7a0b674b2dd9 is created with scope project and roles: ['member']
2025-05-14 01:21:48.898 69676 INFO tempest.lib.common.dynamic_creds [-] Acquired dynamic creds: credentials: Credentials: {'domain_id': 'default', 'domain_name': 'Default', 'username': 'tempest-ImagesTestJSON-208727110-project-member', 'project_domain_id': 'default', 'project_domain_name': 'Default', 'project_id': '902a8814e6cc4ca385b72bb44b96861b', 'project_name': 'tempest-ImagesTestJSON-208727110', 'tenant_id': '902a8814e6cc4ca385b72bb44b96861b', 'tenant_name': 'tempest-ImagesTestJSON-208727110', 'user_domain_id': 'default', 'user_domain_name': 'Default', 'user_id': '80a7439a584f4f14862c7a0b674b2dd9', 'system': None}, Network: None, Subnet: None, Router: None
2025-05-14 01:21:48.914 69662 INFO tempest.lib.common.rest_client [req-46c83110-389f-422e-b7f9-c56ba557cce3 req-46c83110-389f-422e-b7f9-c56ba557cce3 ] Request (ServerShowV247Test:test_update_rebuild_list_server): 200 GET http://10.180.1.21/compute/v2.1/servers/2c5d994d-aa71-47bd-8ecd-f077dd409472 0.229s
2025-05-14 01:21:48.959 69652 INFO tempest.lib.common.rest_client [req-8972125e-2b9a-42b4-8b75-a61129e4e950 req-8972125e-2b9a-42b4-8b75-a61129e4e950 ] Request (ListImageFiltersTestJSON:setUpClass): 200 GET http://10.180.1.21/compute/v2.1/images/359afdb7-7137-4ebb-9d2e-ad717b81ad73 0.114s
2025-05-14 01:21:48.961 69705 INFO tempest.lib.common.rest_client [req-ae402e04-e668-4869-9a87-235f71c5f70b req-ae402e04-e668-4869-9a87-235f71c5f70b ] Request (ServersAdmin275Test:tearDownClass): 200 GET http://10.180.1.21/compute/v2.1/servers/ed942bf3-996f-4c11-9a5e-eedb3d85b06e 0.210s
2025-05-14 01:21:48.968 69676 INFO tempest.lib.common.rest_client [req-038139ed-85cf-4d52-b93f-539c977ee3c5 req-038139ed-85cf-4d52-b93f-539c977ee3c5 ] Request (ImagesTestJSON:setUpClass): 201 POST http://10.180.1.21/identity/v3/auth/tokens 0.069s
2025-05-14 01:21:48.984 69656 INFO tempest.lib.common.rest_client [req-61b1af4f-3c53-481c-a020-e00c721c4939 req-61b1af4f-3c53-481c-a020-e00c721c4939 ] Request (MultipleCreateTestJSON:tearDownClass): 404 GET http://10.180.1.21/compute/v2.1/servers/ed59b5f6-30c7-4e93-8340-abd701b8a7e9 0.068s
2025-05-14 01:21:49.037 69654 INFO tempest.lib.common.rest_client [req-0ad7583c-b22a-4032-83a6-9977d70f8c37 req-0ad7583c-b22a-4032-83a6-9977d70f8c37 ] Request (ServersNegativeTestMultiTenantJSON:setUpClass): 200 GET http://10.180.1.21/compute/v2.1/servers/6e9d6306-132d-4d57-8c21-507efe2dd8eb 0.076s
2025-05-14 01:21:49.059 69656 INFO tempest.lib.common.rest_client [req-dc0d60e6-0b28-47e9-9c8a-b2543488ae73 req-dc0d60e6-0b28-47e9-9c8a-b2543488ae73 ] Request (MultipleCreateTestJSON:tearDownClass): 404 GET http://10.180.1.21/compute/v2.1/servers/67a00538-d67f-4697-97d6-bb1c221847bf 0.074s
2025-05-14 01:21:49.083 69665 INFO tempest.lib.common.rest_client [req-3b887713-fd93-43aa-94a8-059401f662ad req-3b887713-fd93-43aa-94a8-059401f662ad ] Request (QuotasTestJSON:test_compare_tenant_quotas_with_default_quotas): 200 GET http://10.180.1.21/compute/v2.1/os-quota-sets/949093afed454d479279680bd0c64616 0.200s
2025-05-14 01:21:49.122 69665 INFO tempest.lib.common.rest_client [req-b0857a83-3514-496c-8721-5fdf6a42be5d req-b0857a83-3514-496c-8721-5fdf6a42be5d ] Request (QuotasTestJSON:test_get_default_quotas): 200 GET http://10.180.1.21/compute/v2.1/os-quota-sets/949093afed454d479279680bd0c64616/defaults 0.035s
2025-05-14 01:21:49.143 69696 INFO tempest.lib.common.rest_client [req-24f3f7ef-8d93-4799-bfb0-6fd0cdbe33bc req-24f3f7ef-8d93-4799-bfb0-6fd0cdbe33bc ] Request (ImagesOneServerNegativeTestJSON:_run_cleanups): 200 GET http://10.180.1.21/compute/v2.1/servers/5149de8c-a780-42f3-b06e-8c51585a5329 0.155s
2025-05-14 01:21:49.181 69665 INFO tempest.lib.common.rest_client [req-91fb3699-8f18-4db3-a4b3-209487e31a39 req-91fb3699-8f18-4db3-a4b3-209487e31a39 ] Request (QuotasTestJSON:test_get_quotas): 200 GET http://10.180.1.21/compute/v2.1/os-quota-sets/949093afed454d479279680bd0c64616 0.054s
2025-05-14 01:21:49.246 69665 INFO tempest.lib.common.rest_client [req-139344f8-f2e8-4a51-b733-08677b21343b req-139344f8-f2e8-4a51-b733-08677b21343b ] Request (QuotasTestJSON:test_get_quotas): 200 GET http://10.180.1.21/compute/v2.1/os-quota-sets/949093afed454d479279680bd0c64616?user_id=e4b75919ff844b1ca1242056e97d83db 0.062s
2025-05-14 01:21:49.255 69676 INFO tempest.lib.common.rest_client [req-81ffbd4b-58e9-4b01-9ae9-a91e950a7775 req-81ffbd4b-58e9-4b01-9ae9-a91e950a7775 ] Request (ImagesTestJSON:setUpClass): 201 POST http://10.180.1.21:9696/networking/v2.0/networks 0.287s
2025-05-14 01:21:49.376 69665 INFO tempest.lib.common.rest_client [req-8c4bdd4c-f31e-4f12-a1fb-0e8372a61f12 req-8c4bdd4c-f31e-4f12-a1fb-0e8372a61f12 ] Request (QuotasTestJSON:tearDownClass): 204 DELETE http://10.180.1.21/identity/v3/users/e4b75919ff844b1ca1242056e97d83db 0.127s
2025-05-14 01:21:49.376 69665 INFO tempest.lib.common.dynamic_creds [-] Deleting project and security group for project: 949093afed454d479279680bd0c64616
2025-05-14 01:21:49.444 69684 INFO tempest.lib.common.rest_client [req-a7fefbe4-8722-4bb5-924b-195f9e63890d req-a7fefbe4-8722-4bb5-924b-195f9e63890d ] Request (FloatingIPsAssociationTestJSON:test_associate_already_associated_floating_ip): 200 GET http://10.180.1.21/compute/v2.1/servers/ef27b1d5-1bb8-48ca-8ec1-149520bac6dd 0.089s
2025-05-14 01:21:49.459 69676 INFO tempest.lib.common.rest_client [req-b6bfc019-5718-45ec-9efa-654bf551cf4c req-b6bfc019-5718-45ec-9efa-654bf551cf4c ] Request (ImagesTestJSON:setUpClass): 201 POST http://10.180.1.21:9696/networking/v2.0/subnets 0.202s
2025-05-14 01:21:49.463 69665 INFO tempest.lib.common.rest_client [req-dc63d37e-e277-4c5b-a5d2-4e9509ed066a req-dc63d37e-e277-4c5b-a5d2-4e9509ed066a ] Request (QuotasTestJSON:tearDownClass): 201 POST http://10.180.1.21/identity/v3/auth/tokens 0.086s
2025-05-14 01:21:49.525 69686 INFO tempest.lib.common.rest_client [req-f075980c-b4f7-49f4-8077-18308b43227a req-f075980c-b4f7-49f4-8077-18308b43227a ] Request (SecurityGroupsTestJSON:test_list_security_groups_by_server): 200 GET http://10.180.1.21/compute/v2.1/servers/23852d0d-1e37-458d-bc2f-453086768afc 0.082s
2025-05-14 01:21:49.620 69700 INFO tempest.lib.common.rest_client [req-079d1c9d-091c-4d93-a232-fce1f7e43e31 req-079d1c9d-091c-4d93-a232-fce1f7e43e31 ] Request (ServerTagsTestJSON:tearDownClass): 200 GET http://10.180.1.21/compute/v2.1/servers/d2dd5502-8ae0-4800-9c38-71fc70e38f3d 0.158s
2025-05-14 01:21:49.658 69658 INFO tempest.lib.common.rest_client [req-64ead7dd-2eed-409a-bed1-c2237ffa52ef req-64ead7dd-2eed-409a-bed1-c2237ffa52ef ] Request (InstanceActionsNegativeTestJSON:setUpClass): 200 GET http://10.180.1.21/compute/v2.1/servers/a1ecf066-1131-4880-9e8b-cfc5296b0ba7 0.305s
2025-05-14 01:21:49.667 69658 INFO tempest.common.waiters [-] State transition "BUILD/networking" ==> "BUILD/spawning" after 77 second wait
2025-05-14 01:21:49.718 69678 INFO tempest.lib.common.rest_client [req-464bd74b-1747-4ee1-8140-9d0e5db725b2 req-464bd74b-1747-4ee1-8140-9d0e5db725b2 ] Request (VolumesAdminNegativeTest:test_update_attached_volume_with_nonexistent_volume_in_uri): 200 GET http://10.180.1.21/compute/v2.1/servers/ec8737e3-c6fb-4e50-be61-726fd118d3cc 0.217s
2025-05-14 01:21:49.752 69680 INFO tempest.lib.common.rest_client [req-73da1082-896d-44df-ba4e-974494f34ec9 req-73da1082-896d-44df-ba4e-974494f34ec9 ] Request (ServerDiskConfigTestJSON:test_rebuild_server_with_auto_disk_config): 200 GET http://10.180.1.21/compute/v2.1/servers/e8d90ed7-91d5-4d19-a4d4-e200c43b3de2 0.227s
2025-05-14 01:21:49.806 69668 INFO tempest.lib.common.rest_client [req-b3f83efb-7048-4768-ad0c-de2799b27fda req-b3f83efb-7048-4768-ad0c-de2799b27fda ] Request (ServersV294TestFqdnHostnames:setUpClass): 200 GET http://10.180.1.21/compute/v2.1/servers/78a90f76-8aeb-4a74-a2a7-ee67621f8275 0.221s
2025-05-14 01:21:49.845 69712 INFO tempest.lib.common.rest_client [req-e1af080c-d245-47ee-83cc-508314bcf2a8 req-e1af080c-d245-47ee-83cc-508314bcf2a8 ] Request (ServersTestJSON:test_create_server_specify_multibyte_character_name): 200 GET http://10.180.1.21/compute/v2.1/servers/6cfc2345-bf4f-401b-b09b-537b0f5671f4 0.253s
2025-05-14 01:21:49.872 69665 INFO tempest.lib.common.rest_client [req-154b7607-b240-4c9a-bce3-db4ae2897a55 req-154b7607-b240-4c9a-bce3-db4ae2897a55 ] Request (QuotasTestJSON:tearDownClass): 200 GET http://10.180.1.21:9696/networking/v2.0/security-groups?tenant_id=949093afed454d479279680bd0c64616&name=default 0.408s
2025-05-14 01:21:49.893 69698 INFO tempest.lib.common.rest_client [req-482ff542-88f4-4647-8316-75f4ab49de27 req-482ff542-88f4-4647-8316-75f4ab49de27 ] Request (ServersAdminNegativeTestJSON:test_migrate_server_invalid_state): 200 GET http://10.180.1.21/compute/v2.1/servers/d9bfc0a0-60da-4491-9c2e-14dfa871b025 0.244s
2025-05-14 01:21:49.926 69666 INFO tempest.lib.common.rest_client [req-3112850c-ef83-4028-9783-46271fb18f63 req-3112850c-ef83-4028-9783-46271fb18f63 ] Request (MigrationsAdminTest:test_resize_server_revert_deleted_flavor): 200 GET http://10.180.1.21/compute/v2.1/servers/a1ab1f2f-0e69-4483-9271-45a85b69608c 0.269s
2025-05-14 01:21:49.959 69682 INFO tempest.lib.common.rest_client [req-5f6d29d3-6573-4864-9484-9dd85e903693 req-5f6d29d3-6573-4864-9484-9dd85e903693 ] Request (ServerShowV254Test:test_rebuild_server): 200 GET http://10.180.1.21/compute/v2.1/servers/c3c4d8dc-bc7f-4128-b323-341d335219cb 0.254s
2025-05-14 01:21:49.998 69692 INFO tempest.lib.common.rest_client [req-2bc898b9-ea97-4adf-98f7-76c44df28170 req-2bc898b9-ea97-4adf-98f7-76c44df28170 ] Request (ServersTestMultiNic:test_verify_multiple_nics_order): 200 GET http://10.180.1.21/compute/v2.1/servers/ee7e33f7-25ba-46d1-84b8-07b05170a1b6 0.234s
2025-05-14 01:21:50.011 69665 INFO tempest.lib.common.rest_client [req-e16c478c-f6fa-4e1f-86bd-6fbbda38ec56 req-e16c478c-f6fa-4e1f-86bd-6fbbda38ec56 ] Request (QuotasTestJSON:tearDownClass): 204 DELETE http://10.180.1.21:9696/networking/v2.0/security-groups/420fa032-d5be-42c4-b321-668c310285d3 0.138s
2025-05-14 01:21:50.025 69670 INFO tempest.lib.common.rest_client [req-05c7ce38-3278-4955-9e65-1398c1f8ad6e req-05c7ce38-3278-4955-9e65-1398c1f8ad6e ] Request (ServersWithSpecificFlavorTestJSON:test_verify_created_server_ephemeral_disk): 200 GET http://10.180.1.21/compute/v2.1/servers/57575546-660a-4ce5-b6b0-f0a0dfaa5169 0.207s
2025-05-14 01:21:50.085 69662 INFO tempest.lib.common.rest_client [req-4046acd8-5a26-4d1e-89b2-b056711cd792 req-4046acd8-5a26-4d1e-89b2-b056711cd792 ] Request (ServerShowV247Test:test_update_rebuild_list_server): 200 GET http://10.180.1.21/compute/v2.1/servers/2c5d994d-aa71-47bd-8ecd-f077dd409472 0.160s
2025-05-14 01:21:50.105 69665 INFO tempest.lib.common.rest_client [req-8d317543-a22a-4902-8637-3b28eb9984b3 req-8d317543-a22a-4902-8637-3b28eb9984b3 ] Request (QuotasTestJSON:tearDownClass): 204 DELETE http://10.180.1.21/identity/v3/projects/949093afed454d479279680bd0c64616 0.093s
2025-05-14 01:21:50.119 69652 INFO tempest.lib.common.rest_client [req-e4794c91-11f0-4a4f-8341-fdf29682986c req-e4794c91-11f0-4a4f-8341-fdf29682986c ] Request (ListImageFiltersTestJSON:setUpClass): 200 GET http://10.180.1.21/compute/v2.1/images/359afdb7-7137-4ebb-9d2e-ad717b81ad73 0.153s
2025-05-14 01:21:50.187 69660 INFO paramiko.transport [-] Connected (version 2.0, client dropbear_2020.81)
2025-05-14 01:21:50.208 69705 INFO tempest.lib.common.rest_client [req-b50ac464-ea6c-418c-a41a-2614184905d2 req-b50ac464-ea6c-418c-a41a-2614184905d2 ] Request (ServersAdmin275Test:tearDownClass): 200 GET http://10.180.1.21/compute/v2.1/servers/ed942bf3-996f-4c11-9a5e-eedb3d85b06e 0.238s
2025-05-14 01:21:50.224 69665 INFO tempest.lib.common.rest_client [req-0475d654-380c-431f-8ac9-82200975a804 req-0475d654-380c-431f-8ac9-82200975a804 ] Request (VolumesGetTestJSON:setUpClass): 201 POST http://10.180.1.21/identity/v3/auth/tokens 0.116s
2025-05-14 01:21:50.265 69665 INFO tempest.lib.common.rest_client [req-3ae8790a-ec6f-4016-a500-a8a6e124bfe7 req-3ae8790a-ec6f-4016-a500-a8a6e124bfe7 ] Request (VolumesGetTestJSON:setUpClass): 201 POST http://10.180.1.21/identity/v3/auth/tokens 0.037s
2025-05-14 01:21:50.294 69665 INFO tempest.lib.common.rest_client [req-4cd5c0ec-951b-4476-95a9-fe5df7de9e05 req-4cd5c0ec-951b-4476-95a9-fe5df7de9e05 ] Request (VolumesGetTestJSON:setUpClass): 200 GET http://10.180.1.21/identity/v3/domains?name=Default 0.028s
2025-05-14 01:21:50.299 69654 INFO tempest.lib.common.rest_client [req-dbb4ccb1-cc4d-4558-b4f7-7a731c5d26d3 req-dbb4ccb1-cc4d-4558-b4f7-7a731c5d26d3 ] Request (ServersNegativeTestMultiTenantJSON:setUpClass): 200 GET http://10.180.1.21/compute/v2.1/servers/6e9d6306-132d-4d57-8c21-507efe2dd8eb 0.252s
2025-05-14 01:21:50.303 69660 INFO paramiko.transport [-] Authentication (publickey) successful!
2025-05-14 01:21:50.304 69660 INFO tempest.lib.common.ssh [-] ssh connection to cirros@10.180.180.206 successfully created
2025-05-14 01:21:50.326 69689 INFO tempest.lib.common.rest_client [req-6e814b00-a1f4-4fd0-9528-66921b1b6ac4 req-6e814b00-a1f4-4fd0-9528-66921b1b6ac4 ] Request (ServersAdminTestJSON:test_create_server_with_scheduling_hint): 200 GET http://10.180.1.21/compute/v2.1/servers/8f7563b6-b739-48f5-afcd-74ff590d32ef 0.450s
2025-05-14 01:21:50.326 69656 INFO tempest.lib.common.rest_client [req-295f3a5a-f833-4c29-88bf-2f046dfb8c78 req-295f3a5a-f833-4c29-88bf-2f046dfb8c78 ] Request (MultipleCreateTestJSON:tearDownClass): 200 PUT http://10.180.1.21:9696/networking/v2.0/routers/4e6cec1f-b756-4d28-98c1-4e3b24852fd3/remove_router_interface 1.265s
2025-05-14 01:21:50.344 69665 INFO tempest.lib.common.rest_client [req-23b244ff-804c-4140-9657-19c8a9909ec6 req-23b244ff-804c-4140-9657-19c8a9909ec6 ] Request (VolumesGetTestJSON:setUpClass): 201 POST http://10.180.1.21/identity/v3/projects 0.049s
2025-05-14 01:21:50.357 69696 INFO tempest.lib.common.rest_client [req-63238c8c-77de-4d70-b5cb-c1df1e8a5b2d req-63238c8c-77de-4d70-b5cb-c1df1e8a5b2d ] Request (ImagesOneServerNegativeTestJSON:_run_cleanups): 200 GET http://10.180.1.21/compute/v2.1/servers/5149de8c-a780-42f3-b06e-8c51585a5329 0.204s
2025-05-14 01:21:50.424 69665 INFO tempest.lib.common.rest_client [req-dae210d8-6c5e-4389-b77c-4165f984c748 req-dae210d8-6c5e-4389-b77c-4165f984c748 ] Request (VolumesGetTestJSON:setUpClass): 201 POST http://10.180.1.21/identity/v3/users 0.079s
2025-05-14 01:21:50.456 69665 INFO tempest.lib.common.rest_client [req-89afb731-b66f-4eb9-95f6-0f207834d7af req-89afb731-b66f-4eb9-95f6-0f207834d7af ] Request (VolumesGetTestJSON:setUpClass): 200 GET http://10.180.1.21/identity/v3/roles 0.032s
2025-05-14 01:21:50.495 69665 INFO tempest.lib.common.rest_client [req-5a7ccba3-ac5d-4830-a759-61d1b26403bf req-5a7ccba3-ac5d-4830-a759-61d1b26403bf ] Request (VolumesGetTestJSON:setUpClass): 204 PUT http://10.180.1.21/identity/v3/projects/7b017c5366ec44f599c09cc0e4c6b7a6/users/881ee6c30d5841c7933724a36b52e8fb/roles/2485731308054427812aabe23c46d02d 0.038s
2025-05-14 01:21:50.495 69665 INFO tempest.lib.common.dynamic_creds [-] Dynamic test user 881ee6c30d5841c7933724a36b52e8fb is created with scope project and roles: ['member']
2025-05-14 01:21:50.495 69665 INFO tempest.lib.common.dynamic_creds [-] Acquired dynamic creds: credentials: Credentials: {'domain_id': 'default', 'domain_name': 'Default', 'username': 'tempest-VolumesGetTestJSON-1793087415-project-member', 'project_domain_id': 'default', 'project_domain_name': 'Default', 'project_id': '7b017c5366ec44f599c09cc0e4c6b7a6', 'project_name': 'tempest-VolumesGetTestJSON-1793087415', 'tenant_id': '7b017c5366ec44f599c09cc0e4c6b7a6', 'tenant_name': 'tempest-VolumesGetTestJSON-1793087415', 'user_domain_id': 'default', 'user_domain_name': 'Default', 'user_id': '881ee6c30d5841c7933724a36b52e8fb', 'system': None}, Network: None, Subnet: None, Router: None
2025-05-14 01:21:50.495 69665 INFO tempest.lib.common.dynamic_creds [-] Created isolated network resources for: credentials: Credentials: {'domain_id': 'default', 'domain_name': 'Default', 'username': 'tempest-VolumesGetTestJSON-1793087415-project-member', 'project_domain_id': 'default', 'project_domain_name': 'Default', 'project_id': '7b017c5366ec44f599c09cc0e4c6b7a6', 'project_name': 'tempest-VolumesGetTestJSON-1793087415', 'tenant_id': '7b017c5366ec44f599c09cc0e4c6b7a6', 'tenant_name': 'tempest-VolumesGetTestJSON-1793087415', 'user_domain_id': 'default', 'user_domain_name': 'Default', 'user_id': '881ee6c30d5841c7933724a36b52e8fb', 'system': None}, Network: None, Subnet: None, Router: None
2025-05-14 01:21:50.519 69660 INFO tempest.lib.common.rest_client [req-b44e6c16-c0d6-485f-bd57-831429f7fa59 req-b44e6c16-c0d6-485f-bd57-831429f7fa59 ] Request (ServerActionsTestOtherB:setUp): 200 GET http://10.180.1.21/compute/v2.1/servers/7db22c5e-6c21-49be-8906-ec6aff0e722c 0.214s
2025-05-14 01:21:50.536 69684 INFO tempest.lib.common.rest_client [req-2665646d-a331-46a3-bdd9-7a60658bc8c1 req-2665646d-a331-46a3-bdd9-7a60658bc8c1 ] Request (FloatingIPsAssociationTestJSON:test_associate_already_associated_floating_ip): 200 GET http://10.180.1.21/compute/v2.1/servers/ef27b1d5-1bb8-48ca-8ec1-149520bac6dd 0.081s
2025-05-14 01:21:50.598 69665 INFO tempest.lib.common.rest_client [req-399c59de-1a12-4bcc-bdf3-a9980d7e9f53 req-399c59de-1a12-4bcc-bdf3-a9980d7e9f53 ] Request (VolumesGetTestJSON:setUpClass): 201 POST http://10.180.1.21/identity/v3/auth/tokens 0.097s
2025-05-14 01:21:50.611 69686 INFO tempest.lib.common.rest_client [req-a2783214-e0b2-4bdc-81d1-d06dbae0d793 req-a2783214-e0b2-4bdc-81d1-d06dbae0d793 ] Request (SecurityGroupsTestJSON:test_list_security_groups_by_server): 200 GET http://10.180.1.21/compute/v2.1/servers/23852d0d-1e37-458d-bc2f-453086768afc 0.078s
2025-05-14 01:21:50.880 69676 INFO tempest.lib.common.rest_client [req-23ff2dbf-29fd-4202-887f-cae2d92092c2 req-23ff2dbf-29fd-4202-887f-cae2d92092c2 ] Request (ImagesTestJSON:setUpClass): 201 POST http://10.180.1.21:9696/networking/v2.0/routers 1.420s
2025-05-14 01:21:50.933 69665 INFO tempest.lib.common.rest_client [req-51680b03-ce3f-45b8-a675-d173ac29b4ea req-51680b03-ce3f-45b8-a675-d173ac29b4ea ] Request (VolumesGetTestJSON:test_volume_create_get_delete): 200 POST http://10.180.1.21/compute/v2.1/os-volumes 0.333s
2025-05-14 01:21:51.052 69700 INFO tempest.lib.common.rest_client [req-33cace09-f580-46df-a386-c51dd90d5377 req-33cace09-f580-46df-a386-c51dd90d5377 ] Request (ServerTagsTestJSON:tearDownClass): 200 GET http://10.180.1.21/compute/v2.1/servers/d2dd5502-8ae0-4800-9c38-71fc70e38f3d 0.418s
2025-05-14 01:21:51.090 69660 INFO tempest.lib.common.rest_client [req-352d8acd-2a94-4276-8d90-d4ffc487fa74 req-352d8acd-2a94-4276-8d90-d4ffc487fa74 ] Request (ServerActionsTestOtherB:test_create_backup): 202 POST http://10.180.1.21/compute/v2.1/servers/7db22c5e-6c21-49be-8906-ec6aff0e722c/action 0.558s
2025-05-14 01:21:51.107 69660 INFO tempest.lib.common.rest_client [req-f5072f96-7260-4285-a043-7c9ac3f5b15d req-f5072f96-7260-4285-a043-7c9ac3f5b15d ] Request (ServerActionsTestOtherB:test_create_backup): 200 GET http://10.180.1.21/image/v2/images/9fef6a5a-3075-4374-a2b1-4baa12be6715 0.016s
2025-05-14 01:21:51.154 69678 INFO tempest.lib.common.rest_client [req-0d4064ad-285e-45dc-a2ee-5e781002eccf req-0d4064ad-285e-45dc-a2ee-5e781002eccf ] Request (VolumesAdminNegativeTest:test_update_attached_volume_with_nonexistent_volume_in_uri): 200 GET http://10.180.1.21/compute/v2.1/servers/ec8737e3-c6fb-4e50-be61-726fd118d3cc 0.425s
2025-05-14 01:21:51.230 69680 INFO tempest.lib.common.rest_client [req-a8b890e2-d083-4c57-8bab-6389c479cbbb req-a8b890e2-d083-4c57-8bab-6389c479cbbb ] Request (ServerDiskConfigTestJSON:test_rebuild_server_with_auto_disk_config): 200 GET http://10.180.1.21/compute/v2.1/servers/e8d90ed7-91d5-4d19-a4d4-e200c43b3de2 0.467s
2025-05-14 01:21:51.230 69658 INFO tempest.lib.common.rest_client [req-9156f675-6ca4-4622-9008-7c5da83b9b68 req-9156f675-6ca4-4622-9008-7c5da83b9b68 ] Request (InstanceActionsNegativeTestJSON:setUpClass): 200 GET http://10.180.1.21/compute/v2.1/servers/a1ecf066-1131-4880-9e8b-cfc5296b0ba7 0.561s
