2024-10-18 17:19:17.050 62459 INFO tempest.lib.common.rest_client [req-b0fa7b02-df30-44be-b475-ef48779ef763 req-b0fa7b02-df30-44be-b475-ef48779ef763 ] Request (HypervisorAdminNegativeUnderV252Test:setUpClass): 200 GET http://10.180.1.21/identity/v3/roles 0.057s
2024-10-18 17:19:17.054 62481 INFO tempest.lib.common.rest_client [req-6a15df21-ef72-4ec2-8af6-57b72cfa4c4a req-6a15df21-ef72-4ec2-8af6-57b72cfa4c4a ] Request (TenantUsagesTestJSON:setUpClass): 201 POST http://10.180.1.21/identity/v3/projects 0.077s
2024-10-18 17:19:17.097 62491 INFO tempest.lib.common.rest_client [req-7310ee71-3cb6-4a19-8f64-b9a912a78b7b req-7310ee71-3cb6-4a19-8f64-b9a912a78b7b ] Request (ServerDiagnosticsV248Test:test_get_server_diagnostics): 200 GET http://10.180.1.21/compute/v2.1/servers/ddde9ee7-5198-42e5-86b9-f51727dfbf60 0.780s
2024-10-18 17:19:17.111 62505 INFO tempest.lib.common.rest_client [req-215b55c8-aca0-465e-b658-c0d5208645b9 req-215b55c8-aca0-465e-b658-c0d5208645b9 ] Request (AbsoluteLimitsNegativeTestJSON:setUpClass): 201 POST http://10.180.1.21/identity/v3/projects 0.077s
2024-10-18 17:19:17.113 62469 INFO tempest.lib.common.rest_client [req-c98fd1c7-28c4-4f91-9979-02afd5dab6f2 req-c98fd1c7-28c4-4f91-9979-02afd5dab6f2 ] Request (FlavorsAccessNegativeTestJSON:_run_cleanups): 200 GET http://10.180.1.21/compute/v2.1/flavors/detail 0.663s
2024-10-18 17:19:17.125 62451 INFO tempest.lib.common.rest_client [req-2ee4ad9d-3656-410c-80ea-ccaf1293c185 req-2ee4ad9d-3656-410c-80ea-ccaf1293c185 ] Request (FlavorsV255TestJSON:_run_cleanups): 200 GET http://10.180.1.21/compute/v2.1/flavors/detail 0.660s
2024-10-18 17:19:17.128 62489 INFO tempest.lib.common.rest_client [req-c8a85e18-92c0-47aa-8c48-78026c84ac5b req-c8a85e18-92c0-47aa-8c48-78026c84ac5b ] Request (SecurityGroupRulesTestJSON:test_security_group_rules_create_with_optional_group_id): 200 POST http://10.180.1.21/compute/v2.1/os-security-groups 0.832s
2024-10-18 17:19:17.135 62501 INFO tempest.lib.common.rest_client [req-176b7a44-98cf-4ef5-8024-73309797e4cf req-176b7a44-98cf-4ef5-8024-73309797e4cf ] Request (FlavorsExtraSpecsTestJSON:test_flavor_set_get_update_show_unset_keys): 200 GET http://10.180.1.21/compute/v2.1/flavors/1490089808/os-extra_specs 0.645s
2024-10-18 17:19:17.149 62487 INFO tempest.lib.common.rest_client [req-014f957e-964c-4097-8eca-7fce88c54073 req-014f957e-964c-4097-8eca-7fce88c54073 ] Request (FlavorsAdminTestJSON:_run_cleanups): 200 GET http://10.180.1.21/compute/v2.1/flavors/detail 0.643s
2024-10-18 17:19:17.172 62485 INFO tempest.lib.common.rest_client [req-e091a9ec-be66-411b-895f-3a5b6bbc54ff req-e091a9ec-be66-411b-895f-3a5b6bbc54ff ] Request (ImagesMetadataTestJSON:test_get_image_metadata_item): 200 GET http://10.180.1.21/compute/v2.1/images/97a95346-55b2-444b-a52f-1d1ba326e99e/metadata/os_distro 0.642s
2024-10-18 17:19:17.176 62459 INFO tempest.lib.common.rest_client [req-753fea0f-ffae-485f-9b88-7fd0cd766d0c req-753fea0f-ffae-485f-9b88-7fd0cd766d0c ] Request (HypervisorAdminNegativeUnderV252Test:setUpClass): 204 PUT http://10.180.1.21/identity/v3/projects/00ea6727f53c49f19737853b0a9b7a9f/users/885f4476dc0545f5a4c36b094038fe13/roles/d854c0a5b0b445b999c6378ee955cad4 0.126s
2024-10-18 17:19:17.176 62459 INFO tempest.lib.common.dynamic_creds [-] Dynamic test user 885f4476dc0545f5a4c36b094038fe13 is created with scope project and roles: ['member']
2024-10-18 17:19:17.176 62459 INFO tempest.lib.common.dynamic_creds [-] Acquired dynamic creds: credentials: Credentials: {'domain_id': 'default', 'domain_name': 'Default', 'username': 'tempest-HypervisorAdminNegativeUnderV252Test-263634514-project-member', 'project_domain_id': 'default', 'project_domain_name': 'Default', 'project_id': '00ea6727f53c49f19737853b0a9b7a9f', 'project_name': 'tempest-HypervisorAdminNegativeUnderV252Test-263634514', 'tenant_id': '00ea6727f53c49f19737853b0a9b7a9f', 'tenant_name': 'tempest-HypervisorAdminNegativeUnderV252Test-263634514', 'user_domain_id': 'default', 'user_domain_name': 'Default', 'user_id': '885f4476dc0545f5a4c36b094038fe13', 'system': None}, Network: None, Subnet: None, Router: None
2024-10-18 17:19:17.177 62459 INFO tempest.lib.common.dynamic_creds [-] Created isolated network resources for: credentials: Credentials: {'domain_id': 'default', 'domain_name': 'Default', 'username': 'tempest-HypervisorAdminNegativeUnderV252Test-263634514-project-member', 'project_domain_id': 'default', 'project_domain_name': 'Default', 'project_id': '00ea6727f53c49f19737853b0a9b7a9f', 'project_name': 'tempest-HypervisorAdminNegativeUnderV252Test-263634514', 'tenant_id': '00ea6727f53c49f19737853b0a9b7a9f', 'tenant_name': 'tempest-HypervisorAdminNegativeUnderV252Test-263634514', 'user_domain_id': 'default', 'user_domain_name': 'Default', 'user_id': '885f4476dc0545f5a4c36b094038fe13', 'system': None}, Network: None, Subnet: None, Router: None
2024-10-18 17:19:17.187 62453 INFO tempest.lib.common.rest_client [req-b7343483-0115-49b5-8813-3f013f248c27 req-b7343483-0115-49b5-8813-3f013f248c27 ] Request (QuotaClassesAdmin257Test:test_update_default_quotas): 200 GET http://10.180.1.21/compute/v2.1/os-quota-class-sets/default 0.488s
2024-10-18 17:19:17.201 62481 INFO tempest.lib.common.rest_client [req-932255d0-9236-4f54-a386-913f723b54e7 req-932255d0-9236-4f54-a386-913f723b54e7 ] Request (TenantUsagesTestJSON:setUpClass): 201 POST http://10.180.1.21/identity/v3/users 0.147s
2024-10-18 17:19:17.218 62467 INFO tempest.lib.common.rest_client [req-22827c65-17cc-46f9-8879-7ecbff0e7eb1 req-22827c65-17cc-46f9-8879-7ecbff0e7eb1 ] Request (ListImageFiltersTestJSON:setUpClass): 200 GET http://10.180.1.21/compute/v2.1/images/231c6bf5-44d4-475b-9eb3-9824e096410a 0.471s
2024-10-18 17:19:17.228 62505 INFO tempest.lib.common.rest_client [req-58aff8dd-7090-49bd-8313-8832e3c2ecaf req-58aff8dd-7090-49bd-8313-8832e3c2ecaf ] Request (AbsoluteLimitsNegativeTestJSON:setUpClass): 201 POST http://10.180.1.21/identity/v3/users 0.117s
2024-10-18 17:19:17.245 62463 INFO tempest.lib.common.rest_client [req-d05c0998-f2da-426d-be3b-7bf204356bed req-d05c0998-f2da-426d-be3b-7bf204356bed ] Request (AggregatesAdminNegativeTestJSON:test_aggregate_add_host_as_user): 200 POST http://10.180.1.21/compute/v2.1/os-aggregates 0.436s
2024-10-18 17:19:17.262 62503 INFO tempest.lib.common.rest_client [req-7ef3ba7f-77e2-447e-8944-dfe81fdc0f58 req-7ef3ba7f-77e2-447e-8944-dfe81fdc0f58 ] Request (ServersWithSpecificFlavorTestJSON:test_verify_created_server_ephemeral_disk): 200 POST http://10.180.1.21/compute/v2.1/flavors 0.425s
2024-10-18 17:19:17.266 62451 INFO tempest.lib.common.rest_client [req-3273deb8-e002-40d5-af29-f3772c00052e req-3273deb8-e002-40d5-af29-f3772c00052e ] Request (FlavorsV255TestJSON:tearDownClass): 204 DELETE http://10.180.1.21/identity/v3/users/8d66eceb3b5f4dd5be5e83a63156dde0 0.086s
2024-10-18 17:19:17.283 62461 INFO tempest.lib.common.rest_client [req-616e1de0-5cd3-47e0-89ce-86a04c7a7b53 req-616e1de0-5cd3-47e0-89ce-86a04c7a7b53 ] Request (HypervisorAdminV253TestBase:test_list_show_detail_hypervisors): 200 GET http://10.180.1.21/compute/v2.1/os-hypervisors/83e67721-2ac9-4a23-aa31-82aca86979c8 0.423s
2024-10-18 17:19:17.292 62459 INFO tempest.lib.common.rest_client [req-85ffd874-fd84-478c-9798-001165ae3128 req-85ffd874-fd84-478c-9798-001165ae3128 ] Request (HypervisorAdminNegativeUnderV252Test:setUpClass): 201 POST http://10.180.1.21/identity/v3/auth/tokens 0.110s
2024-10-18 17:19:17.316 62481 INFO tempest.lib.common.rest_client [req-a6cc10ae-d257-4557-b34e-86ab4d461e1f req-a6cc10ae-d257-4557-b34e-86ab4d461e1f ] Request (TenantUsagesTestJSON:setUpClass): 200 GET http://10.180.1.21/identity/v3/roles 0.114s
2024-10-18 17:19:17.317 62471 INFO tempest.lib.common.rest_client [req-0bab8df6-0d76-4eed-a7bc-ca47a20a4dc0 req-0bab8df6-0d76-4eed-a7bc-ca47a20a4dc0 ] Request (FloatingIPsAssociationTestJSON:setUpClass): 201 POST http://10.180.1.21:9696/networking/v2.0/networks 0.603s
2024-10-18 17:19:17.321 62475 INFO tempest.lib.common.rest_client [req-95e9b6a3-1e73-44b0-96a2-c2faf6d36176 req-95e9b6a3-1e73-44b0-96a2-c2faf6d36176 ] Request (FloatingIPsAssociationNegativeTestJSON:setUpClass): 200 GET http://10.180.1.21/compute/v2.1/servers/70adb078-edbe-4a66-b2c3-a6721bc3ffe6 0.632s
2024-10-18 17:19:17.344 62505 INFO tempest.lib.common.rest_client [req-8fad65a3-752f-43e5-8341-547e8bc6ec37 req-8fad65a3-752f-43e5-8341-547e8bc6ec37 ] Request (AbsoluteLimitsNegativeTestJSON:setUpClass): 200 GET http://10.180.1.21/identity/v3/roles 0.116s
2024-10-18 17:19:17.399 62451 INFO tempest.lib.common.rest_client [req-311045a6-8a62-4d99-9d3d-a6105c917023 req-311045a6-8a62-4d99-9d3d-a6105c917023 ] Request (FlavorsV255TestJSON:tearDownClass): 204 DELETE http://10.180.1.21/identity/v3/users/93429b5c52ba48c4a9b1f36e7a450b72 0.132s
2024-10-18 17:19:17.399 62451 INFO tempest.lib.common.dynamic_creds [-] Deleting project and security group for project: 3323165adb1e441c92b20d5e9ee986a5
2024-10-18 17:19:17.438 62497 INFO tempest.lib.common.rest_client [req-29ef6e94-e98f-4859-92ad-f0e87ec2ed8c req-29ef6e94-e98f-4859-92ad-f0e87ec2ed8c ] Request (ImagesNegativeTestJSON:setUpClass): 201 POST http://10.180.1.21:9696/networking/v2.0/networks 0.589s
2024-10-18 17:19:17.486 62461 INFO tempest.lib.common.rest_client [req-5ccb295c-5cb3-4836-bd75-05de5fd4bd42 req-5ccb295c-5cb3-4836-bd75-05de5fd4bd42 ] Request (HypervisorAdminV253TestBase:tearDownClass): 204 DELETE http://10.180.1.21/identity/v3/users/f8a1cb4b5d4c45f6ab8c3e9576ff98dc 0.197s
2024-10-18 17:19:17.505 62499 INFO tempest.lib.common.rest_client [req-b3259a0d-8b0b-4e90-8dee-88a54e09b429 req-b3259a0d-8b0b-4e90-8dee-88a54e09b429 ] Request (ServicesAdminNegativeTestJSON:test_list_services_with_non_admin_user): 403 GET http://10.180.1.21/compute/v2.1/os-services 0.620s
2024-10-18 17:19:17.527 62477 INFO tempest.lib.common.rest_client [req-9bf8f9f6-2b3e-42e9-9849-8109260e8811 req-9bf8f9f6-2b3e-42e9-9849-8109260e8811 ] Request (InstanceActionsTestJSON:setUpClass): 200 PUT http://10.180.1.21:9696/networking/v2.0/routers/4699cab1-2609-43b2-bddb-d38e05165189/add_router_interface 2.869s
2024-10-18 17:19:17.527 62477 INFO tempest.lib.common.dynamic_creds [-] Created isolated network resources for: credentials: Credentials: {'domain_id': 'default', 'domain_name': 'Default', 'username': 'tempest-InstanceActionsTestJSON-614902237-project-member', 'project_domain_id': 'default', 'project_domain_name': 'Default', 'project_id': '200f3f2b1a054e4eb1f9e05a4ba5b038', 'project_name': 'tempest-InstanceActionsTestJSON-614902237', 'tenant_id': '200f3f2b1a054e4eb1f9e05a4ba5b038', 'tenant_name': 'tempest-InstanceActionsTestJSON-614902237', 'user_domain_id': 'default', 'user_domain_name': 'Default', 'user_id': '7f3806034bf04c98acd8613f5ea5a710', 'system': None}, Network: {'id': 'dbf73ee5-c00c-452a-adb2-f537166a4d2c', 'name': 'tempest-InstanceActionsTestJSON-644919515-network', 'tenant_id': '200f3f2b1a054e4eb1f9e05a4ba5b038', 'admin_state_up': True, 'mtu': 8950, 'status': 'ACTIVE', 'subnets': [], 'shared': False, 'project_id': '200f3f2b1a054e4eb1f9e05a4ba5b038', 'port_security_enabled': True, 'router:external': False, 'provider:network_type': 'vlan', 'provider:physical_network': 'default', 'provider:segmentation_id': 511, 'is_default': False, 'availability_zone_hints': [], 'availability_zones': [], 'ipv4_address_scope': None, 'ipv6_address_scope': None, 'description': '', 'tags': [], 'created_at': '2024-10-18T17:19:13Z', 'updated_at': '2024-10-18T17:19:13Z', 'revision_number': 1}, Subnet: {'id': 'db287e4a-c4de-42e3-9ba2-7bb87f98246d', 'name': 'tempest-InstanceActionsTestJSON-644919515-subnet', 'tenant_id': '200f3f2b1a054e4eb1f9e05a4ba5b038', 'network_id': 'dbf73ee5-c00c-452a-adb2-f537166a4d2c', 'ip_version': 4, 'subnetpool_id': None, 'enable_dhcp': True, 'ipv6_ra_mode': None, 'ipv6_address_mode': None, 'gateway_ip': '192.168.128.1', 'cidr': '192.168.128.0/28', 'allocation_pools': [{'start': '192.168.128.2', 'end': '192.168.128.14'}], 'host_routes': [], 'dns_nameservers': [], 'description': '', 'router:external': False, 'service_types': [], 'tags': [], 'created_at': '2024-10-18T17:19:13Z', 'updated_at': '2024-10-18T17:19:13Z', 'revision_number': 0, 'project_id': '200f3f2b1a054e4eb1f9e05a4ba5b038'}, Router: {'id': '4699cab1-2609-43b2-bddb-d38e05165189', 'name': 'tempest-InstanceActionsTestJSON-644919515-router', 'tenant_id': '200f3f2b1a054e4eb1f9e05a4ba5b038', 'admin_state_up': True, 'status': 'ACTIVE', 'external_gateway_info': {'network_id': '646f3e98-147f-429e-9d8a-fc257dc36627', 'external_fixed_ips': [{'subnet_id': '68ecd2c3-4fe0-4e15-af52-ed04b7379387', 'ip_address': '10.180.180.239'}], 'enable_snat': True}, 'description': '', 'availability_zones': [], 'distributed': False, 'ha': False, 'availability_zone_hints': [], 'routes': [], 'flavor_id': None, 'tags': [], 'created_at': '2024-10-18T17:19:13Z', 'updated_at': '2024-10-18T17:19:14Z', 'revision_number': 2, 'project_id': '200f3f2b1a054e4eb1f9e05a4ba5b038'}
2024-10-18 17:19:17.542 62459 INFO tempest.lib.common.rest_client [req-7740d723-91b0-4029-9124-03c00df25377 req-7740d723-91b0-4029-9124-03c00df25377 ] Request (HypervisorAdminNegativeUnderV252Test:setUpClass): 201 POST http://10.180.1.21/identity/v3/projects 0.249s
2024-10-18 17:19:17.581 62507 INFO tempest.lib.common.rest_client [req-c965b4d4-6071-4b62-b4fd-dc22a4fd3ae0 req-c965b4d4-6071-4b62-b4fd-dc22a4fd3ae0 ] Request (AZV2TestJSON:tearDownClass): 200 GET http://10.180.1.21:9696/networking/v2.0/security-groups?tenant_id=48b117944ec94635a5afd21152926d55&name=default 0.563s
2024-10-18 17:19:17.599 62481 INFO tempest.lib.common.rest_client [req-99b10c20-29c5-452b-b6f3-5eef5550d8e7 req-99b10c20-29c5-452b-b6f3-5eef5550d8e7 ] Request (TenantUsagesTestJSON:setUpClass): 204 PUT http://10.180.1.21/identity/v3/projects/2c7db2f84d1e4ccd9ae56a96fc392fb1/users/e53ed8f142c54ff5a86804c2bb0cea6d/roles/d854c0a5b0b445b999c6378ee955cad4 0.282s
2024-10-18 17:19:17.599 62481 INFO tempest.lib.common.dynamic_creds [-] Dynamic test user e53ed8f142c54ff5a86804c2bb0cea6d is created with scope project and roles: ['member']
2024-10-18 17:19:17.599 62481 INFO tempest.lib.common.dynamic_creds [-] Acquired dynamic creds: credentials: Credentials: {'domain_id': 'default', 'domain_name': 'Default', 'username': 'tempest-TenantUsagesTestJSON-1062371111-project-member', 'project_domain_id': 'default', 'project_domain_name': 'Default', 'project_id': '2c7db2f84d1e4ccd9ae56a96fc392fb1', 'project_name': 'tempest-TenantUsagesTestJSON-1062371111', 'tenant_id': '2c7db2f84d1e4ccd9ae56a96fc392fb1', 'tenant_name': 'tempest-TenantUsagesTestJSON-1062371111', 'user_domain_id': 'default', 'user_domain_name': 'Default', 'user_id': 'e53ed8f142c54ff5a86804c2bb0cea6d', 'system': None}, Network: None, Subnet: None, Router: None
2024-10-18 17:19:17.600 62481 INFO tempest.lib.common.dynamic_creds [-] Created isolated network resources for: credentials: Credentials: {'domain_id': 'default', 'domain_name': 'Default', 'username': 'tempest-TenantUsagesTestJSON-1062371111-project-member', 'project_domain_id': 'default', 'project_domain_name': 'Default', 'project_id': '2c7db2f84d1e4ccd9ae56a96fc392fb1', 'project_name': 'tempest-TenantUsagesTestJSON-1062371111', 'tenant_id': '2c7db2f84d1e4ccd9ae56a96fc392fb1', 'tenant_name': 'tempest-TenantUsagesTestJSON-1062371111', 'user_domain_id': 'default', 'user_domain_name': 'Default', 'user_id': 'e53ed8f142c54ff5a86804c2bb0cea6d', 'system': None}, Network: None, Subnet: None, Router: None
2024-10-18 17:19:17.616 62505 INFO tempest.lib.common.rest_client [req-4640cb26-6a5d-4518-a92e-ac4353b6e7c4 req-4640cb26-6a5d-4518-a92e-ac4353b6e7c4 ] Request (AbsoluteLimitsNegativeTestJSON:setUpClass): 204 PUT http://10.180.1.21/identity/v3/projects/d49a784fd23341708c6c9f3eed056a66/users/37950a03ee4345218732a8cf48df34d9/roles/d854c0a5b0b445b999c6378ee955cad4 0.271s
2024-10-18 17:19:17.616 62505 INFO tempest.lib.common.dynamic_creds [-] Dynamic test user 37950a03ee4345218732a8cf48df34d9 is created with scope project and roles: ['member']
2024-10-18 17:19:17.616 62505 INFO tempest.lib.common.dynamic_creds [-] Acquired dynamic creds: credentials: Credentials: {'domain_id': 'default', 'domain_name': 'Default', 'username': 'tempest-AbsoluteLimitsNegativeTestJSON-1671548539-project-member', 'project_domain_id': 'default', 'project_domain_name': 'Default', 'project_id': 'd49a784fd23341708c6c9f3eed056a66', 'project_name': 'tempest-AbsoluteLimitsNegativeTestJSON-1671548539', 'tenant_id': 'd49a784fd23341708c6c9f3eed056a66', 'tenant_name': 'tempest-AbsoluteLimitsNegativeTestJSON-1671548539', 'user_domain_id': 'default', 'user_domain_name': 'Default', 'user_id': '37950a03ee4345218732a8cf48df34d9', 'system': None}, Network: None, Subnet: None, Router: None
2024-10-18 17:19:17.616 62505 INFO tempest.lib.common.dynamic_creds [-] Created isolated network resources for: credentials: Credentials: {'domain_id': 'default', 'domain_name': 'Default', 'username': 'tempest-AbsoluteLimitsNegativeTestJSON-1671548539-project-member', 'project_domain_id': 'default', 'project_domain_name': 'Default', 'project_id': 'd49a784fd23341708c6c9f3eed056a66', 'project_name': 'tempest-AbsoluteLimitsNegativeTestJSON-1671548539', 'tenant_id': 'd49a784fd23341708c6c9f3eed056a66', 'tenant_name': 'tempest-AbsoluteLimitsNegativeTestJSON-1671548539', 'user_domain_id': 'default', 'user_domain_name': 'Default', 'user_id': '37950a03ee4345218732a8cf48df34d9', 'system': None}, Network: None, Subnet: None, Router: None
2024-10-18 17:19:17.670 62451 INFO tempest.lib.common.rest_client [req-692be5e0-b7ed-455d-ac17-8c36f9be47e2 req-692be5e0-b7ed-455d-ac17-8c36f9be47e2 ] Request (FlavorsV255TestJSON:tearDownClass): 201 POST http://10.180.1.21/identity/v3/auth/tokens 0.271s
2024-10-18 17:19:17.722 62499 INFO tempest.lib.common.rest_client [req-769ea6b8-4325-420d-ae4b-2b96ac574ba8 req-769ea6b8-4325-420d-ae4b-2b96ac574ba8 ] Request (ServicesAdminNegativeTestJSON:tearDownClass): 204 DELETE http://10.180.1.21/identity/v3/users/c3dc13999edf4ff48fea6581ce03bce9 0.216s
2024-10-18 17:19:17.742 62461 INFO tempest.lib.common.rest_client [req-3d95ea04-dc63-4037-80aa-c24be64c8a71 req-3d95ea04-dc63-4037-80aa-c24be64c8a71 ] Request (HypervisorAdminV253TestBase:tearDownClass): 204 DELETE http://10.180.1.21/identity/v3/users/6e7e4ddfac32415d99d4c6171cd432ca 0.256s
2024-10-18 17:19:17.743 62461 INFO tempest.lib.common.dynamic_creds [-] Deleting project and security group for project: 0821ba577b22482c9abb389714151fbb
2024-10-18 17:19:17.779 62477 INFO tempest.lib.common.rest_client [req-d97e3567-ab46-4b29-8afb-6853349a80cc req-d97e3567-ab46-4b29-8afb-6853349a80cc ] Request (InstanceActionsTestJSON:setUpClass): 201 POST http://10.180.1.21/identity/v3/auth/tokens 0.248s
2024-10-18 17:19:17.782 62507 INFO tempest.lib.common.rest_client [req-a5f53850-b7e5-4ee6-a8ac-7e6171378dd0 req-a5f53850-b7e5-4ee6-a8ac-7e6171378dd0 ] Request (AZV2TestJSON:tearDownClass): 204 DELETE http://10.180.1.21:9696/networking/v2.0/security-groups/d3b990cb-bb1d-4012-bcfe-b82ef5a2495e 0.201s
2024-10-18 17:19:17.813 62459 INFO tempest.lib.common.rest_client [req-37da4ad9-e75c-49aa-b6e2-d9cf8a941afb req-37da4ad9-e75c-49aa-b6e2-d9cf8a941afb ] Request (HypervisorAdminNegativeUnderV252Test:setUpClass): 201 POST http://10.180.1.21/identity/v3/users 0.270s
2024-10-18 17:19:17.837 62493 INFO tempest.lib.common.rest_client [req-ebda6044-b58d-401c-9ca7-a95a16d61942 req-ebda6044-b58d-401c-9ca7-a95a16d61942 ] Request (SecurityGroupsTestAdminJSON:_run_cleanups): 202 DELETE http://10.180.1.21/compute/v2.1/os-security-groups/2a5e3d94-900b-40a3-86d4-9a9cc9220757 0.819s
2024-10-18 17:19:17.848 62481 INFO tempest.lib.common.rest_client [req-30d711e0-3084-42be-b6a9-94d6ca834c43 req-30d711e0-3084-42be-b6a9-94d6ca834c43 ] Request (TenantUsagesTestJSON:setUpClass): 201 POST http://10.180.1.21/identity/v3/auth/tokens 0.244s
2024-10-18 17:19:17.860 62469 INFO tempest.lib.common.rest_client [req-e19ea886-434e-4344-9f93-46e93ea3857b req-e19ea886-434e-4344-9f93-46e93ea3857b ] Request (FlavorsAccessNegativeTestJSON:test_flavor_access_list_with_public_flavor): 200 POST http://10.180.1.21/compute/v2.1/flavors 0.734s
2024-10-18 17:19:17.877 62505 INFO tempest.lib.common.rest_client [req-741123db-09a7-4884-a7dd-a991419610b5 req-741123db-09a7-4884-a7dd-a991419610b5 ] Request (AbsoluteLimitsNegativeTestJSON:setUpClass): 201 POST http://10.180.1.21/identity/v3/auth/tokens 0.258s
2024-10-18 17:19:17.888 62471 INFO tempest.lib.common.rest_client [req-44e37d89-6913-475f-a39b-80cef5d58ce9 req-44e37d89-6913-475f-a39b-80cef5d58ce9 ] Request (FloatingIPsAssociationTestJSON:setUpClass): 201 POST http://10.180.1.21:9696/networking/v2.0/subnets 0.570s
2024-10-18 17:19:17.965 62497 INFO tempest.lib.common.rest_client [req-c230cb37-980e-46f5-8e02-6a40b9da7a08 req-c230cb37-980e-46f5-8e02-6a40b9da7a08 ] Request (ImagesNegativeTestJSON:setUpClass): 201 POST http://10.180.1.21:9696/networking/v2.0/subnets 0.525s
2024-10-18 17:19:17.968 62461 INFO tempest.lib.common.rest_client [req-f8003926-9b3c-4e2e-98e3-4a57a8eb0bd8 req-f8003926-9b3c-4e2e-98e3-4a57a8eb0bd8 ] Request (HypervisorAdminV253TestBase:tearDownClass): 201 POST http://10.180.1.21/identity/v3/auth/tokens 0.225s
2024-10-18 17:19:18.041 62507 INFO tempest.lib.common.rest_client [req-3552742e-e556-4bb0-b274-71bb1ed0f205 req-3552742e-e556-4bb0-b274-71bb1ed0f205 ] Request (AZV2TestJSON:tearDownClass): 204 DELETE http://10.180.1.21/identity/v3/projects/48b117944ec94635a5afd21152926d55 0.258s
2024-10-18 17:19:18.057 62499 INFO tempest.lib.common.rest_client [req-f3fe94ab-829e-4507-be1c-987760bc3e2b req-f3fe94ab-829e-4507-be1c-987760bc3e2b ] Request (ServicesAdminNegativeTestJSON:tearDownClass): 204 DELETE http://10.180.1.21/identity/v3/users/d152133f604442a68d3a6ee22d047612 0.333s
2024-10-18 17:19:18.057 62499 INFO tempest.lib.common.dynamic_creds [-] Deleting project and security group for project: ca5ae26acae0409487b689af9eefe7c2
2024-10-18 17:19:18.095 62477 INFO tempest.lib.common.rest_client [req-04d86139-4a3e-4c10-a3c6-4118a46fa3ac req-04d86139-4a3e-4c10-a3c6-4118a46fa3ac ] Request (InstanceActionsTestJSON:setUpClass): 201 POST http://10.180.1.21/identity/v3/auth/tokens 0.309s
2024-10-18 17:19:18.096 62477 INFO tempest.lib.common.fixed_network [-] (InstanceActionsTestJSON:setUpClass) Found network {'id': 'dbf73ee5-c00c-452a-adb2-f537166a4d2c', 'name': 'tempest-InstanceActionsTestJSON-644919515-network', 'tenant_id': '200f3f2b1a054e4eb1f9e05a4ba5b038', 'admin_state_up': True, 'mtu': 8950, 'status': 'ACTIVE', 'subnets': [], 'shared': False, 'project_id': '200f3f2b1a054e4eb1f9e05a4ba5b038', 'port_security_enabled': True, 'router:external': False, 'provider:network_type': 'vlan', 'provider:physical_network': 'default', 'provider:segmentation_id': 511, 'is_default': False, 'availability_zone_hints': [], 'availability_zones': [], 'ipv4_address_scope': None, 'ipv6_address_scope': None, 'description': '', 'tags': [], 'created_at': '2024-10-18T17:19:13Z', 'updated_at': '2024-10-18T17:19:13Z', 'revision_number': 1} available for tenant
2024-10-18 17:19:18.113 62459 INFO tempest.lib.common.rest_client [req-8a5abb0e-b5c3-4bff-9836-39662896c79b req-8a5abb0e-b5c3-4bff-9836-39662896c79b ] Request (HypervisorAdminNegativeUnderV252Test:setUpClass): 200 GET http://10.180.1.21/identity/v3/roles 0.300s
2024-10-18 17:19:18.130 62481 INFO tempest.lib.common.rest_client [req-4bcfa600-725f-41c7-8404-c8731ba6ff8f req-4bcfa600-725f-41c7-8404-c8731ba6ff8f ] Request (TenantUsagesTestJSON:setUpClass): 201 POST http://10.180.1.21/identity/v3/projects 0.282s
2024-10-18 17:19:18.209 62467 INFO tempest.lib.common.rest_client [req-bd1c828d-1795-4194-84f2-409b93e084c1 req-bd1c828d-1795-4194-84f2-409b93e084c1 ] Request (ListImageFiltersTestJSON:setUpClass): 201 POST http://10.180.1.21/image/v2/images 0.988s
2024-10-18 17:19:18.220 62451 INFO tempest.lib.common.rest_client [req-2fbe3af9-3e92-4b12-9e70-fd66bbab5bc0 req-2fbe3af9-3e92-4b12-9e70-fd66bbab5bc0 ] Request (FlavorsV255TestJSON:tearDownClass): 200 GET http://10.180.1.21:9696/networking/v2.0/security-groups?tenant_id=3323165adb1e441c92b20d5e9ee986a5&name=default 0.549s
2024-10-18 17:19:18.235 62507 INFO tempest.lib.common.rest_client [req-c1fc4a68-115f-4047-85d4-6315473706bc req-c1fc4a68-115f-4047-85d4-6315473706bc ] Request (ServersTestJSON:setUpClass): 201 POST http://10.180.1.21/identity/v3/auth/tokens 0.193s
2024-10-18 17:19:18.255 62499 INFO tempest.lib.common.rest_client [req-3d45045c-a103-4a20-8df7-a2ffda80bcfa req-3d45045c-a103-4a20-8df7-a2ffda80bcfa ] Request (ServicesAdminNegativeTestJSON:tearDownClass): 201 POST http://10.180.1.21/identity/v3/auth/tokens 0.197s
2024-10-18 17:19:18.260 62489 INFO tempest.lib.common.rest_client [req-367d326f-06f2-4586-9066-279d45635e9d req-367d326f-06f2-4586-9066-279d45635e9d ] Request (SecurityGroupRulesTestJSON:test_security_group_rules_create_with_optional_group_id): 200 POST http://10.180.1.21/compute/v2.1/os-security-group-rules 1.129s
2024-10-18 17:19:18.263 62489 WARNING tempest.lib.common.rest_client [-] Deprecated: "tenant_id" property is deprecated for removal, use "project_id" instead
2024-10-18 17:19:18.282 62459 INFO tempest.lib.common.rest_client [req-62fdb059-c41f-4f86-947d-5ad7557d6d34 req-62fdb059-c41f-4f86-947d-5ad7557d6d34 ] Request (HypervisorAdminNegativeUnderV252Test:setUpClass): 204 PUT http://10.180.1.21/identity/v3/projects/70b3580285a540578bb3e15b7ccdd139/users/a23c7c5304ac466f9c0010cf610aec5d/roles/10e71c76363741bba39fa9bf5ec286e5 0.168s
2024-10-18 17:19:18.292 62501 INFO tempest.lib.common.rest_client [req-dfacac46-99e2-4bc5-8588-2ef140be4bab req-dfacac46-99e2-4bc5-8588-2ef140be4bab ] Request (FlavorsExtraSpecsTestJSON:test_flavor_set_get_update_show_unset_keys): 200 PUT http://10.180.1.21/compute/v2.1/flavors/1490089808/os-extra_specs/hw:numa_nodes 1.155s
2024-10-18 17:19:18.312 62487 INFO tempest.lib.common.rest_client [req-ec9d8748-22bf-49f0-a162-d97bada0976d req-ec9d8748-22bf-49f0-a162-d97bada0976d ] Request (FlavorsAdminTestJSON:test_create_flavor_with_int_id): 200 POST http://10.180.1.21/compute/v2.1/flavors 1.156s
2024-10-18 17:19:18.337 62481 INFO tempest.lib.common.rest_client [req-c4555276-c178-4e89-acca-bee6d3e63ae1 req-c4555276-c178-4e89-acca-bee6d3e63ae1 ] Request (TenantUsagesTestJSON:setUpClass): 201 POST http://10.180.1.21/identity/v3/users 0.207s
2024-10-18 17:19:18.353 62507 INFO tempest.lib.common.rest_client [req-8c25f81f-2bb5-427d-899b-d4b6b6af76b7 req-8c25f81f-2bb5-427d-899b-d4b6b6af76b7 ] Request (ServersTestJSON:setUpClass): 201 POST http://10.180.1.21/identity/v3/auth/tokens 0.115s
2024-10-18 17:19:18.368 62459 INFO tempest.lib.common.rest_client [req-4bb23a25-6639-4ba5-9cce-9f4c1cb052fb req-4bb23a25-6639-4ba5-9cce-9f4c1cb052fb ] Request (HypervisorAdminNegativeUnderV252Test:setUpClass): 200 GET http://10.180.1.21/identity/v3/roles 0.085s
2024-10-18 17:19:18.398 62481 INFO tempest.lib.common.rest_client [req-8f0c7a35-761e-4b95-a913-f33659b1fb8b req-8f0c7a35-761e-4b95-a913-f33659b1fb8b ] Request (TenantUsagesTestJSON:setUpClass): 200 GET http://10.180.1.21/identity/v3/roles 0.060s
2024-10-18 17:19:18.418 62507 INFO tempest.lib.common.rest_client [req-577c1fda-ca5d-4ebe-bf24-cd3e3e10f817 req-577c1fda-ca5d-4ebe-bf24-cd3e3e10f817 ] Request (ServersTestJSON:setUpClass): 200 GET http://10.180.1.21/identity/v3/domains?name=Default 0.065s
2024-10-18 17:19:18.435 62459 INFO tempest.lib.common.rest_client [req-7e58f836-eb21-495e-9c38-b040b606be4c req-7e58f836-eb21-495e-9c38-b040b606be4c ] Request (HypervisorAdminNegativeUnderV252Test:setUpClass): 204 PUT http://10.180.1.21/identity/v3/projects/70b3580285a540578bb3e15b7ccdd139/users/a23c7c5304ac466f9c0010cf610aec5d/roles/10e71c76363741bba39fa9bf5ec286e5 0.067s
2024-10-18 17:19:18.435 62459 INFO tempest.lib.common.dynamic_creds [-] Dynamic test user a23c7c5304ac466f9c0010cf610aec5d is created with scope project and roles: ['admin']
2024-10-18 17:19:18.435 62459 INFO tempest.lib.common.dynamic_creds [-] Acquired dynamic creds: credentials: Credentials: {'domain_id': 'default', 'domain_name': 'Default', 'username': 'tempest-HypervisorAdminNegativeUnderV252Test-1992077306-project-admin', 'project_domain_id': 'default', 'project_domain_name': 'Default', 'project_id': '70b3580285a540578bb3e15b7ccdd139', 'project_name': 'tempest-HypervisorAdminNegativeUnderV252Test-1992077306', 'tenant_id': '70b3580285a540578bb3e15b7ccdd139', 'tenant_name': 'tempest-HypervisorAdminNegativeUnderV252Test-1992077306', 'user_domain_id': 'default', 'user_domain_name': 'Default', 'user_id': 'a23c7c5304ac466f9c0010cf610aec5d', 'system': None}, Network: None, Subnet: None, Router: None
2024-10-18 17:19:18.436 62459 INFO tempest.lib.common.dynamic_creds [-] Created isolated network resources for: credentials: Credentials: {'domain_id': 'default', 'domain_name': 'Default', 'username': 'tempest-HypervisorAdminNegativeUnderV252Test-1992077306-project-admin', 'project_domain_id': 'default', 'project_domain_name': 'Default', 'project_id': '70b3580285a540578bb3e15b7ccdd139', 'project_name': 'tempest-HypervisorAdminNegativeUnderV252Test-1992077306', 'tenant_id': '70b3580285a540578bb3e15b7ccdd139', 'tenant_name': 'tempest-HypervisorAdminNegativeUnderV252Test-1992077306', 'user_domain_id': 'default', 'user_domain_name': 'Default', 'user_id': 'a23c7c5304ac466f9c0010cf610aec5d', 'system': None}, Network: None, Subnet: None, Router: None
2024-10-18 17:19:18.438 62451 INFO tempest.lib.common.rest_client [req-a462fbea-a72c-4d17-976f-06aca5f21634 req-a462fbea-a72c-4d17-976f-06aca5f21634 ] Request (FlavorsV255TestJSON:tearDownClass): 204 DELETE http://10.180.1.21:9696/networking/v2.0/security-groups/dc2eccca-4470-4019-91f5-ba264c622d5f 0.217s
2024-10-18 17:19:18.446 62481 INFO tempest.lib.common.rest_client [req-959a3693-c6de-455a-924b-c39a2642e0c4 req-959a3693-c6de-455a-924b-c39a2642e0c4 ] Request (TenantUsagesTestJSON:setUpClass): 204 PUT http://10.180.1.21/identity/v3/projects/abe67e8ac0874ab5b81081177dab2603/users/b95629c392894758b497d03f7d19017f/roles/10e71c76363741bba39fa9bf5ec286e5 0.047s
2024-10-18 17:19:18.453 62485 INFO tempest.lib.common.rest_client [req-cd8bd237-b074-4a6d-b1ff-424b8291b439 req-cd8bd237-b074-4a6d-b1ff-424b8291b439 ] Request (ImagesMetadataTestJSON:setUp): 200 PUT http://10.180.1.21/compute/v2.1/images/97a95346-55b2-444b-a52f-1d1ba326e99e/metadata 1.279s
2024-10-18 17:19:18.463 62461 INFO tempest.lib.common.rest_client [req-8f11e886-fcc0-4dd5-8f2e-31ffc6ecb85f req-8f11e886-fcc0-4dd5-8f2e-31ffc6ecb85f ] Request (HypervisorAdminV253TestBase:tearDownClass): 200 GET http://10.180.1.21:9696/networking/v2.0/security-groups?tenant_id=0821ba577b22482c9abb389714151fbb&name=default 0.494s
2024-10-18 17:19:18.491 62453 INFO tempest.lib.common.rest_client [req-620eb766-7d6d-450e-ac5e-9a04dd55c95d req-620eb766-7d6d-450e-ac5e-9a04dd55c95d ] Request (QuotaClassesAdmin257Test:_run_cleanups): 200 PUT http://10.180.1.21/compute/v2.1/os-quota-class-sets/default 1.302s
2024-10-18 17:19:18.528 62507 INFO tempest.lib.common.rest_client [req-b499143b-4cc0-4ab2-96f6-bff1de97d707 req-b499143b-4cc0-4ab2-96f6-bff1de97d707 ] Request (ServersTestJSON:setUpClass): 201 POST http://10.180.1.21/identity/v3/projects 0.109s
2024-10-18 17:19:18.547 62451 INFO tempest.lib.common.rest_client [req-15f86f41-1dea-4189-b38d-5c0e0fe8ada0 req-15f86f41-1dea-4189-b38d-5c0e0fe8ada0 ] Request (FlavorsV255TestJSON:tearDownClass): 204 DELETE http://10.180.1.21/identity/v3/projects/3323165adb1e441c92b20d5e9ee986a5 0.108s
2024-10-18 17:19:18.548 62451 INFO tempest.lib.common.dynamic_creds [-] Deleting project and security group for project: ce00e475e7f74c5982216659298b6c65
2024-10-18 17:19:18.589 62459 INFO tempest.lib.common.rest_client [req-03da9af1-4c5a-4211-9234-c357286e38ec req-03da9af1-4c5a-4211-9234-c357286e38ec ] Request (HypervisorAdminNegativeUnderV252Test:setUpClass): 201 POST http://10.180.1.21/identity/v3/auth/tokens 0.149s
2024-10-18 17:19:18.620 62481 INFO tempest.lib.common.rest_client [req-b784d6cc-8e71-4fd2-8cea-343e5e3567f2 req-b784d6cc-8e71-4fd2-8cea-343e5e3567f2 ] Request (TenantUsagesTestJSON:setUpClass): 200 GET http://10.180.1.21/identity/v3/roles 0.173s
2024-10-18 17:19:18.643 62507 INFO tempest.lib.common.rest_client [req-7f829b1b-16d3-4ce4-9c1a-ed6be529e847 req-7f829b1b-16d3-4ce4-9c1a-ed6be529e847 ] Request (ServersTestJSON:setUpClass): 201 POST http://10.180.1.21/identity/v3/users 0.115s
2024-10-18 17:19:18.656 62511 INFO tempest.lib.common.rest_client [req-5dc29a60-0dde-4e8d-aadf-071eb93764de req-5dc29a60-0dde-4e8d-aadf-071eb93764de ] Request (MigrationsAdminTest:test_list_migrations_in_flavor_resize_situation): 200 GET http://10.180.1.21/compute/v2.1/servers/da571582-dfe5-434b-a947-37b075b31f97 1.457s
2024-10-18 17:19:18.657 62481 INFO tempest.lib.common.rest_client [req-8510d7af-17e7-4745-9d2a-8e4ecd33496c req-8510d7af-17e7-4745-9d2a-8e4ecd33496c ] Request (TenantUsagesTestJSON:setUpClass): 204 PUT http://10.180.1.21/identity/v3/projects/abe67e8ac0874ab5b81081177dab2603/users/b95629c392894758b497d03f7d19017f/roles/10e71c76363741bba39fa9bf5ec286e5 0.037s
2024-10-18 17:19:18.657 62481 INFO tempest.lib.common.dynamic_creds [-] Dynamic test user b95629c392894758b497d03f7d19017f is created with scope project and roles: ['admin']
2024-10-18 17:19:18.658 62481 INFO tempest.lib.common.dynamic_creds [-] Acquired dynamic creds: credentials: Credentials: {'domain_id': 'default', 'domain_name': 'Default', 'username': 'tempest-TenantUsagesTestJSON-518476610-project-admin', 'project_domain_id': 'default', 'project_domain_name': 'Default', 'project_id': 'abe67e8ac0874ab5b81081177dab2603', 'project_name': 'tempest-TenantUsagesTestJSON-518476610', 'tenant_id': 'abe67e8ac0874ab5b81081177dab2603', 'tenant_name': 'tempest-TenantUsagesTestJSON-518476610', 'user_domain_id': 'default', 'user_domain_name': 'Default', 'user_id': 'b95629c392894758b497d03f7d19017f', 'system': None}, Network: None, Subnet: None, Router: None
2024-10-18 17:19:18.658 62481 INFO tempest.lib.common.dynamic_creds [-] Created isolated network resources for: credentials: Credentials: {'domain_id': 'default', 'domain_name': 'Default', 'username': 'tempest-TenantUsagesTestJSON-518476610-project-admin', 'project_domain_id': 'default', 'project_domain_name': 'Default', 'project_id': 'abe67e8ac0874ab5b81081177dab2603', 'project_name': 'tempest-TenantUsagesTestJSON-518476610', 'tenant_id': 'abe67e8ac0874ab5b81081177dab2603', 'tenant_name': 'tempest-TenantUsagesTestJSON-518476610', 'user_domain_id': 'default', 'user_domain_name': 'Default', 'user_id': 'b95629c392894758b497d03f7d19017f', 'system': None}, Network: None, Subnet: None, Router: None
2024-10-18 17:19:18.690 62453 INFO tempest.lib.common.rest_client [req-5de040a5-5042-4822-923b-47abcfbda1c0 req-5de040a5-5042-4822-923b-47abcfbda1c0 ] Request (QuotaClassesAdmin257Test:tearDownClass): 204 DELETE http://10.180.1.21/identity/v3/users/3f5fb22dfd2d44f3a8d730281a6ea03a 0.140s
2024-10-18 17:19:18.731 62507 INFO tempest.lib.common.rest_client [req-9262706a-9d3b-486b-aa41-b2357d15d5c7 req-9262706a-9d3b-486b-aa41-b2357d15d5c7 ] Request (ServersTestJSON:setUpClass): 200 GET http://10.180.1.21/identity/v3/roles 0.087s
2024-10-18 17:19:18.753 62461 INFO tempest.lib.common.rest_client [req-9addbf8a-2aa6-4651-a275-6d05b14c3033 req-9addbf8a-2aa6-4651-a275-6d05b14c3033 ] Request (HypervisorAdminV253TestBase:tearDownClass): 204 DELETE http://10.180.1.21:9696/networking/v2.0/security-groups/15660b46-47fc-4345-9b45-1c93282e6fce 0.290s
2024-10-18 17:19:18.789 62463 INFO tempest.lib.common.rest_client [req-58ea2d33-c119-4bdd-8b1e-67bcbf1e9e59 req-58ea2d33-c119-4bdd-8b1e-67bcbf1e9e59 ] Request (AggregatesAdminNegativeTestJSON:test_aggregate_add_host_as_user): 403 POST http://10.180.1.21/compute/v2.1/os-aggregates/2/action 1.541s
2024-10-18 17:19:18.796 62499 INFO tempest.lib.common.rest_client [req-41b27900-161e-4eb6-b4f7-06ba0347b993 req-41b27900-161e-4eb6-b4f7-06ba0347b993 ] Request (ServicesAdminNegativeTestJSON:tearDownClass): 200 GET http://10.180.1.21:9696/networking/v2.0/security-groups?tenant_id=ca5ae26acae0409487b689af9eefe7c2&name=default 0.541s
2024-10-18 17:19:18.808 62503 INFO tempest.lib.common.rest_client [req-7a4c9981-c026-4689-abe9-0fd4f48b5c02 req-7a4c9981-c026-4689-abe9-0fd4f48b5c02 ] Request (ServersWithSpecificFlavorTestJSON:test_verify_created_server_ephemeral_disk): 200 GET http://10.180.1.21/compute/v2.1/flavors/42/os-extra_specs 1.544s
2024-10-18 17:19:18.814 62465 INFO tempest.lib.common.rest_client [req-f04ac19c-c09b-4304-93e0-6f82ef1db797 req-f04ac19c-c09b-4304-93e0-6f82ef1db797 ] Request (VolumesAssistedSnapshotsTest:test_volume_assisted_snapshot_create_delete): 202 POST http://10.180.1.21/compute/v2.1/servers 1.847s
2024-10-18 17:19:18.814 62481 INFO tempest.lib.common.rest_client [req-c3d22103-0eca-4ff1-b9ea-8bcaa3e5b26f req-c3d22103-0eca-4ff1-b9ea-8bcaa3e5b26f ] Request (TenantUsagesTestJSON:setUpClass): 201 POST http://10.180.1.21/identity/v3/auth/tokens 0.152s
2024-10-18 17:19:18.863 62453 INFO tempest.lib.common.rest_client [req-a5d13333-ad4e-44ee-b96a-8e22185caee6 req-a5d13333-ad4e-44ee-b96a-8e22185caee6 ] Request (QuotaClassesAdmin257Test:tearDownClass): 204 DELETE http://10.180.1.21/identity/v3/users/be1b8f1156534505ad3564e382926b52 0.172s
2024-10-18 17:19:18.865 62453 INFO tempest.lib.common.dynamic_creds [-] Deleting project and security group for project: bc1daa43da7645b1af2772b0763cc575
2024-10-18 17:19:18.929 62507 INFO tempest.lib.common.rest_client [req-f76a6c19-69a7-4250-a19b-43bf3cd1af88 req-f76a6c19-69a7-4250-a19b-43bf3cd1af88 ] Request (ServersTestJSON:setUpClass): 204 PUT http://10.180.1.21/identity/v3/projects/02e2c51fbeb94fcfbf21cd0804f426a0/users/bf5777d27cff41479a2df2ea87168a70/roles/d854c0a5b0b445b999c6378ee955cad4 0.198s
2024-10-18 17:19:18.929 62507 INFO tempest.lib.common.dynamic_creds [-] Dynamic test user bf5777d27cff41479a2df2ea87168a70 is created with scope project and roles: ['member']
2024-10-18 17:19:18.930 62507 INFO tempest.lib.common.dynamic_creds [-] Acquired dynamic creds: credentials: Credentials: {'domain_id': 'default', 'domain_name': 'Default', 'username': 'tempest-ServersTestJSON-300143779-project-member', 'project_domain_id': 'default', 'project_domain_name': 'Default', 'project_id': '02e2c51fbeb94fcfbf21cd0804f426a0', 'project_name': 'tempest-ServersTestJSON-300143779', 'tenant_id': '02e2c51fbeb94fcfbf21cd0804f426a0', 'tenant_name': 'tempest-ServersTestJSON-300143779', 'user_domain_id': 'default', 'user_domain_name': 'Default', 'user_id': 'bf5777d27cff41479a2df2ea87168a70', 'system': None}, Network: None, Subnet: None, Router: None
2024-10-18 17:19:19.016 62481 INFO tempest.lib.common.rest_client [req-c5236b44-e28c-4508-b03b-5eb8f440033f req-c5236b44-e28c-4508-b03b-5eb8f440033f ] Request (TenantUsagesTestJSON:setUpClass): 201 POST http://10.180.1.21/identity/v3/auth/tokens 0.195s
2024-10-18 17:19:19.017 62481 INFO tempest.lib.common.fixed_network [-] (TenantUsagesTestJSON:setUpClass) Found network None available for tenant
2024-10-18 17:19:19.049 62499 INFO tempest.lib.common.rest_client [req-05b4aa46-87ee-4284-a3e3-2d728f57c4ff req-05b4aa46-87ee-4284-a3e3-2d728f57c4ff ] Request (ServicesAdminNegativeTestJSON:tearDownClass): 204 DELETE http://10.180.1.21:9696/networking/v2.0/security-groups/aee64f14-f620-41d7-b700-800da79f0619 0.252s
2024-10-18 17:19:19.064 62461 INFO tempest.lib.common.rest_client [req-1b48a758-b279-4a0b-a6be-e29303b7882c req-1b48a758-b279-4a0b-a6be-e29303b7882c ] Request (HypervisorAdminV253TestBase:tearDownClass): 204 DELETE http://10.180.1.21/identity/v3/projects/0821ba577b22482c9abb389714151fbb 0.310s
2024-10-18 17:19:19.064 62461 INFO tempest.lib.common.dynamic_creds [-] Deleting project and security group for project: aa02bf817957408faa93f0de12967ede
2024-10-18 17:19:19.103 62453 INFO tempest.lib.common.rest_client [req-c43f6a1a-e70c-4236-bc20-9ce094c8a5ee req-c43f6a1a-e70c-4236-bc20-9ce094c8a5ee ] Request (QuotaClassesAdmin257Test:tearDownClass): 201 POST http://10.180.1.21/identity/v3/auth/tokens 0.238s
2024-10-18 17:19:19.124 62455 INFO tempest.lib.common.rest_client [req-a370f027-2a1f-4db4-9b8d-cd335b7c36c6 req-a370f027-2a1f-4db4-9b8d-cd335b7c36c6 ] Request (DeleteServersAdminTestJSON:test_admin_delete_servers_of_others): 200 GET http://10.180.1.21/compute/v2.1/servers/3442fbd9-83cf-4835-846c-0a32b2690598 1.836s
2024-10-18 17:19:19.123 62451 INFO tempest.lib.common.rest_client [req-70c4b90f-43f0-4452-80d5-bb25cf9d97c4 req-70c4b90f-43f0-4452-80d5-bb25cf9d97c4 ] Request (FlavorsV255TestJSON:tearDownClass): 200 GET http://10.180.1.21:9696/networking/v2.0/security-groups?tenant_id=ce00e475e7f74c5982216659298b6c65&name=default 0.574s
2024-10-18 17:19:19.131 62507 INFO tempest.lib.common.rest_client [req-8544486c-eafe-43ea-874d-e42a3419c63e req-8544486c-eafe-43ea-874d-e42a3419c63e ] Request (ServersTestJSON:setUpClass): 201 POST http://10.180.1.21/identity/v3/auth/tokens 0.201s
2024-10-18 17:19:19.160 62457 INFO tempest.lib.common.rest_client [req-907ee5a8-04a7-409a-847f-28fd945e8f46 req-907ee5a8-04a7-409a-847f-28fd945e8f46 ] Request (ServerDiagnosticsNegativeTest:test_get_server_diagnostics_by_non_admin): 200 GET http://10.180.1.21/compute/v2.1/servers/38c58279-2caf-4d74-a73b-f3179e6f7f3d 1.795s
2024-10-18 17:19:19.167 62457 INFO tempest.common.waiters [-] State transition "BUILD/None" ==> "BUILD/spawning" after 8 second wait
2024-10-18 17:19:19.199 62499 INFO tempest.lib.common.rest_client [req-f4d3abb5-68ad-4dda-adbf-ed6eefe9eef6 req-f4d3abb5-68ad-4dda-adbf-ed6eefe9eef6 ] Request (ServicesAdminNegativeTestJSON:tearDownClass): 204 DELETE http://10.180.1.21/identity/v3/projects/ca5ae26acae0409487b689af9eefe7c2 0.149s
2024-10-18 17:19:19.200 62499 INFO tempest.lib.common.dynamic_creds [-] Deleting project and security group for project: 3ed0914f8e6c4a3bbefb1ee208282fea
2024-10-18 17:19:19.212 62479 INFO tempest.lib.common.rest_client [req-2b43a7f5-8908-45fe-8553-7f0a75a551da req-2b43a7f5-8908-45fe-8553-7f0a75a551da ] Request (DeleteServersTestJSON:test_delete_active_server): 200 GET http://10.180.1.21/compute/v2.1/servers/c8932fff-46b9-4d1d-ab0b-cc88823bd940 1.774s
2024-10-18 17:19:19.293 62473 INFO tempest.lib.common.rest_client [req-15a7242c-0605-45c7-9743-640021bdada8 req-15a7242c-0605-45c7-9743-640021bdada8 ] Request (ServerDiagnosticsTest:test_get_server_diagnostics): 200 GET http://10.180.1.21/compute/v2.1/servers/a22aee91-ad9b-4eb1-be66-315900bacf78 1.699s
2024-10-18 17:19:19.372 62451 INFO tempest.lib.common.rest_client [req-78bf7323-04a3-42a7-945e-8dff9fb944f5 req-78bf7323-04a3-42a7-945e-8dff9fb944f5 ] Request (FlavorsV255TestJSON:tearDownClass): 204 DELETE http://10.180.1.21:9696/networking/v2.0/security-groups/2ffe13c6-d401-478c-b7d0-b43284b70f81 0.248s
2024-10-18 17:19:19.395 62461 INFO tempest.lib.common.rest_client [req-489a1d78-893e-4681-a5ef-894f0e3137e0 req-489a1d78-893e-4681-a5ef-894f0e3137e0 ] Request (HypervisorAdminV253TestBase:tearDownClass): 200 GET http://10.180.1.21:9696/networking/v2.0/security-groups?tenant_id=aa02bf817957408faa93f0de12967ede&name=default 0.331s
2024-10-18 17:19:19.396 62513 INFO tempest.lib.common.rest_client [req-97bb966c-ea98-4cfa-934b-4b96773a654b req-97bb966c-ea98-4cfa-934b-4b96773a654b ] Request (ServersTestMultiNic:test_verify_duplicate_network_nics): 200 GET http://10.180.1.21/compute/v2.1/servers/f7fd9e57-9bf1-47d8-b77e-c99436391d1c 1.570s
2024-10-18 17:19:19.456 62451 INFO tempest.lib.common.rest_client [req-9aab8ffe-4ff7-425c-b019-a18eded3d51b req-9aab8ffe-4ff7-425c-b019-a18eded3d51b ] Request (FlavorsV255TestJSON:tearDownClass): 204 DELETE http://10.180.1.21/identity/v3/projects/ce00e475e7f74c5982216659298b6c65 0.084s
2024-10-18 17:19:19.462 62483 INFO tempest.lib.common.rest_client [req-e02a16a1-5c02-4a06-bcca-5d28ff2b4d33 req-e02a16a1-5c02-4a06-bcca-5d28ff2b4d33 ] Request (ServersAdminNegativeTestJSON:setUpClass): 200 GET http://10.180.1.21/compute/v2.1/servers/be7273d1-963e-44bf-9862-35703e37081d 1.632s
2024-10-18 17:19:19.486 62469 INFO tempest.lib.common.rest_client [req-708d32cb-6d48-4f99-95c9-6d17c698bc00 req-708d32cb-6d48-4f99-95c9-6d17c698bc00 ] Request (FlavorsAccessNegativeTestJSON:test_flavor_access_list_with_public_flavor): 404 GET http://10.180.1.21/compute/v2.1/flavors/1539156588/os-flavor-access 1.620s
2024-10-18 17:19:19.525 62451 INFO tempest.lib.common.rest_client [req-7bc31087-5f59-4ca4-ab21-534586c35318 req-7bc31087-5f59-4ca4-ab21-534586c35318 ] Request (HostsAdminTestJSON:setUpClass): 201 POST http://10.180.1.21/identity/v3/auth/tokens 0.066s
2024-10-18 17:19:19.618 62451 INFO tempest.lib.common.rest_client [req-0118d838-b27a-4e08-a465-cab3b7ae447c req-0118d838-b27a-4e08-a465-cab3b7ae447c ] Request (HostsAdminTestJSON:setUpClass): 201 POST http://10.180.1.21/identity/v3/auth/tokens 0.091s
2024-10-18 17:19:19.635 62461 INFO tempest.lib.common.rest_client [req-3762af11-84a3-4551-b81d-9219373c83f8 req-3762af11-84a3-4551-b81d-9219373c83f8 ] Request (HypervisorAdminV253TestBase:tearDownClass): 204 DELETE http://10.180.1.21:9696/networking/v2.0/security-groups/2ac03264-2f29-40f2-a718-ecfb6f981628 0.240s
2024-10-18 17:19:19.643 62451 INFO tempest.lib.common.rest_client [req-aa373a90-1ea0-44f9-a14b-3b419964cdf1 req-aa373a90-1ea0-44f9-a14b-3b419964cdf1 ] Request (HostsAdminTestJSON:setUpClass): 200 GET http://10.180.1.21/identity/v3/domains?name=Default 0.025s
2024-10-18 17:19:19.661 62499 INFO tempest.lib.common.rest_client [req-aebc3b76-1a8f-4a5a-8080-f5121d9306e0 req-aebc3b76-1a8f-4a5a-8080-f5121d9306e0 ] Request (ServicesAdminNegativeTestJSON:tearDownClass): 200 GET http://10.180.1.21:9696/networking/v2.0/security-groups?tenant_id=3ed0914f8e6c4a3bbefb1ee208282fea&name=default 0.461s
2024-10-18 17:19:19.664 62453 INFO tempest.lib.common.rest_client [req-fecc2ffc-435b-4b85-aca3-c0aa5e452968 req-fecc2ffc-435b-4b85-aca3-c0aa5e452968 ] Request (QuotaClassesAdmin257Test:tearDownClass): 200 GET http://10.180.1.21:9696/networking/v2.0/security-groups?tenant_id=bc1daa43da7645b1af2772b0763cc575&name=default 0.561s
2024-10-18 17:19:19.675 62493 INFO tempest.lib.common.rest_client [req-6fc2acaa-f9fe-4244-ab4a-ebbb17070d0d req-6fc2acaa-f9fe-4244-ab4a-ebbb17070d0d ] Request (SecurityGroupsTestAdminJSON:_run_cleanups): 202 DELETE http://10.180.1.21/compute/v2.1/os-security-groups/35486773-6c84-4853-b9c4-ad4e87c23883 1.837s
2024-10-18 17:19:19.698 62461 INFO tempest.lib.common.rest_client [req-becbca46-3b91-4a72-968c-c362b68ea901 req-becbca46-3b91-4a72-968c-c362b68ea901 ] Request (HypervisorAdminV253TestBase:tearDownClass): 204 DELETE http://10.180.1.21/identity/v3/projects/aa02bf817957408faa93f0de12967ede 0.061s
2024-10-18 17:19:19.743 62451 INFO tempest.lib.common.rest_client [req-bc9c2a87-cb91-4553-9c8a-e8fb483e07b1 req-bc9c2a87-cb91-4553-9c8a-e8fb483e07b1 ] Request (HostsAdminTestJSON:setUpClass): 201 POST http://10.180.1.21/identity/v3/projects 0.099s
2024-10-18 17:19:19.795 62491 INFO tempest.lib.common.rest_client [req-7698d5f8-8dd6-4267-9434-f34025f80dd8 req-7698d5f8-8dd6-4267-9434-f34025f80dd8 ] Request (ServerDiagnosticsV248Test:test_get_server_diagnostics): 200 GET http://10.180.1.21/compute/v2.1/servers/ddde9ee7-5198-42e5-86b9-f51727dfbf60 1.690s
2024-10-18 17:19:19.802 62461 INFO tempest.lib.common.rest_client [req-4f4f6701-7040-43d7-b2f1-9c81a9b88ce0 req-4f4f6701-7040-43d7-b2f1-9c81a9b88ce0 ] Request (SecurityGroupsNegativeTestJSON:setUpClass): 201 POST http://10.180.1.21/identity/v3/auth/tokens 0.102s
2024-10-18 17:19:19.829 62507 INFO tempest.lib.common.rest_client [req-012a996d-5233-4815-a812-c7b3c085b87b req-012a996d-5233-4815-a812-c7b3c085b87b ] Request (ServersTestJSON:setUpClass): 201 POST http://10.180.1.21:9696/networking/v2.0/networks 0.697s
2024-10-18 17:19:19.845 62451 INFO tempest.lib.common.rest_client [req-2be6e134-45e2-4106-bee6-5f3971efd293 req-2be6e134-45e2-4106-bee6-5f3971efd293 ] Request (HostsAdminTestJSON:setUpClass): 201 POST http://10.180.1.21/identity/v3/users 0.101s
2024-10-18 17:19:19.877 62451 INFO tempest.lib.common.rest_client [req-327ceef7-4e08-4a45-9c9f-3208dbd4d10a req-327ceef7-4e08-4a45-9c9f-3208dbd4d10a ] Request (HostsAdminTestJSON:setUpClass): 200 GET http://10.180.1.21/identity/v3/roles 0.031s
2024-10-18 17:19:19.882 62461 INFO tempest.lib.common.rest_client [req-51576b1a-d4fe-47d2-a75b-77bc8835cca4 req-51576b1a-d4fe-47d2-a75b-77bc8835cca4 ] Request (SecurityGroupsNegativeTestJSON:setUpClass): 201 POST http://10.180.1.21/identity/v3/auth/tokens 0.077s
2024-10-18 17:19:19.964 62451 INFO tempest.lib.common.rest_client [req-00566e85-cf30-46c7-8e07-ba98901d0bee req-00566e85-cf30-46c7-8e07-ba98901d0bee ] Request (HostsAdminTestJSON:setUpClass): 204 PUT http://10.180.1.21/identity/v3/projects/f2b9805ef7cc4c58ae06c9a6d11dd0f5/users/720ab53b56a64c079d25826bd855f15c/roles/d854c0a5b0b445b999c6378ee955cad4 0.086s
2024-10-18 17:19:19.964 62451 INFO tempest.lib.common.dynamic_creds [-] Dynamic test user 720ab53b56a64c079d25826bd855f15c is created with scope project and roles: ['member']
2024-10-18 17:19:19.964 62451 INFO tempest.lib.common.dynamic_creds [-] Acquired dynamic creds: credentials: Credentials: {'domain_id': 'default', 'domain_name': 'Default', 'username': 'tempest-HostsAdminTestJSON-139475456-project-member', 'project_domain_id': 'default', 'project_domain_name': 'Default', 'project_id': 'f2b9805ef7cc4c58ae06c9a6d11dd0f5', 'project_name': 'tempest-HostsAdminTestJSON-139475456', 'tenant_id': 'f2b9805ef7cc4c58ae06c9a6d11dd0f5', 'tenant_name': 'tempest-HostsAdminTestJSON-139475456', 'user_domain_id': 'default', 'user_domain_name': 'Default', 'user_id': '720ab53b56a64c079d25826bd855f15c', 'system': None}, Network: None, Subnet: None, Router: None
