2024-10-18 17:20:29.095 62483 INFO tempest.lib.common.rest_client [req-b7eb06a0-99b0-4d55-aa5b-637d847e0115 req-b7eb06a0-99b0-4d55-aa5b-637d847e0115 ] Request (ServersV294TestFqdnHostnames:setUpClass): 201 POST http://10.180.1.21:9696/networking/v2.0/security-group-rules 0.122s
2024-10-18 17:20:29.097 62461 INFO tempest.lib.common.rest_client [req-64fafba0-cdb5-4ccf-97b7-bdc059d870d4 req-64fafba0-cdb5-4ccf-97b7-bdc059d870d4 ] Request (AttachVolumeTestJSON:test_attach_detach_volume): 200 GET http://10.180.1.21/compute/v2.1/servers/cf7b7da2-380e-4a97-b142-0dd9e5ad3c79 0.180s
2024-10-18 17:20:29.114 62475 INFO tempest.lib.common.rest_client [req-0f7d5eaa-568c-4a01-8a8f-a9c9495e922d req-0f7d5eaa-568c-4a01-8a8f-a9c9495e922d ] Request (ServersTestManualDisk:setUpClass): 200 GET http://10.180.1.21/compute/v2.1/servers/c0c9e61b-ab2b-47dc-997b-570204ab4c3b 0.135s
2024-10-18 17:20:29.189 62455 INFO tempest.lib.common.rest_client [req-129dd955-f1b5-4edb-80a5-bf6fb9d4539f req-129dd955-f1b5-4edb-80a5-bf6fb9d4539f ] Request (DeleteServersAdminTestJSON:test_delete_server_while_in_error_state): 200 GET http://10.180.1.21/compute/v2.1/servers/a8105842-1649-495d-b0c4-18ceda62bd57 0.124s
2024-10-18 17:20:29.202 62483 INFO tempest.lib.common.rest_client [req-2133d308-8c45-4a5d-ab61-71b6366b1677 req-2133d308-8c45-4a5d-ab61-71b6366b1677 ] Request (ServersV294TestFqdnHostnames:setUpClass): 201 POST http://10.180.1.21:9696/networking/v2.0/security-group-rules 0.106s
2024-10-18 17:20:29.209 62495 INFO tempest.lib.common.rest_client [req-04b11ba3-7cc3-448c-9d26-33bbd0c3b812 req-04b11ba3-7cc3-448c-9d26-33bbd0c3b812 ] Request (ServersAdmin275Test:test_rebuild_update_server_275): 200 GET http://10.180.1.21/compute/v2.1/servers/7651f6d2-1825-46a1-9380-732b50abd3cc 0.136s
2024-10-18 17:20:29.229 62465 INFO tempest.lib.common.rest_client [req-6f110f74-540a-445e-af68-8306a193ce45 req-6f110f74-540a-445e-af68-8306a193ce45 ] Request (ServicesAdminTestJSON:tearDownClass): 200 GET http://10.180.1.21:9696/networking/v2.0/security-groups?tenant_id=82e2494945d242a09b017ee72b7c85ba&name=default 0.365s
2024-10-18 17:20:29.268 62511 INFO tempest.lib.common.rest_client [req-f9590111-2b54-4513-8bc0-a4992ac091df req-f9590111-2b54-4513-8bc0-a4992ac091df ] Request (MigrationsAdminTest:test_resize_server_revert_deleted_flavor): 200 GET http://10.180.1.21/compute/v2.1/servers/92d3557c-655f-45d9-ae7d-bbe62567e1e2 0.110s
2024-10-18 17:20:29.287 62507 INFO tempest.lib.common.rest_client [req-b92b0b18-b241-437f-aff0-3f7818dfd7f0 req-b92b0b18-b241-437f-aff0-3f7818dfd7f0 ] Request (ServersTestJSON:setUpClass): 200 GET http://10.180.1.21/compute/v2.1/servers/4c98c21e-2918-4b55-b2b5-db14630a36ef 0.128s
2024-10-18 17:20:29.306 62491 INFO tempest.lib.common.rest_client [req-b6c960a1-b848-47d8-9268-84ab5f42ee31 req-b6c960a1-b848-47d8-9268-84ab5f42ee31 ] Request (ServersNegativeTestMultiTenantJSON:setUpClass): 201 POST http://10.180.1.21:9696/networking/v2.0/networks 0.430s
2024-10-18 17:20:29.362 62479 INFO tempest.lib.common.rest_client [req-93a7975a-484f-4b68-8358-8ad740fc096c req-93a7975a-484f-4b68-8358-8ad740fc096c ] Request (DeleteServersTestJSON:test_delete_server_while_in_attached_volume): 200 GET http://10.180.1.21/compute/v2.1/servers/0d80665a-c881-454a-90c7-96348e7fab74 0.135s
2024-10-18 17:20:29.391 62503 INFO tempest.lib.common.rest_client [req-d98ef6c9-66fb-44bb-87d7-31d96fb38cde req-d98ef6c9-66fb-44bb-87d7-31d96fb38cde ] Request (ServersWithSpecificFlavorTestJSON:test_verify_created_server_ephemeral_disk): 200 GET http://10.180.1.21/compute/v2.1/servers/448b8246-8d41-4154-bb99-b3c66d8e9475 0.151s
2024-10-18 17:20:29.418 62481 INFO tempest.lib.common.rest_client [req-51b8fbdf-b6ea-4516-8751-cbe5a5f2f092 req-51b8fbdf-b6ea-4516-8751-cbe5a5f2f092 ] Request (TenantUsagesTestJSON:setUpClass): 200 GET http://10.180.1.21/compute/v2.1/servers/5e812408-6f27-4b52-9564-4063f4526340 0.126s
2024-10-18 17:20:29.453 62493 INFO tempest.lib.common.rest_client [req-d4340c44-f3fb-47ed-85e3-019bd294604c req-d4340c44-f3fb-47ed-85e3-019bd294604c ] Request (ImagesOneServerNegativeTestJSON:setUpClass): 200 GET http://10.180.1.21/compute/v2.1/servers/c46a8746-b4b2-46f8-b16a-a7ceb5ff4611 0.133s
2024-10-18 17:20:29.477 62465 INFO tempest.lib.common.rest_client [req-8daaf340-6c5d-4614-a067-d036e3506b57 req-8daaf340-6c5d-4614-a067-d036e3506b57 ] Request (ServicesAdminTestJSON:tearDownClass): 204 DELETE http://10.180.1.21:9696/networking/v2.0/security-groups/b6497dfe-8590-4349-b934-39254fee455c 0.247s
2024-10-18 17:20:29.483 62489 INFO tempest.lib.common.rest_client [req-96aa0327-94da-4eec-addd-631276493715 req-96aa0327-94da-4eec-addd-631276493715 ] Request (MultipleCreateTestJSON:test_multiple_create): 200 GET http://10.180.1.21/compute/v2.1/servers/96694bb9-fbf2-4b71-9cb5-37f81b634992 0.118s
2024-10-18 17:20:29.528 62485 INFO tempest.lib.common.rest_client [req-da6ed8dd-ecf1-4cba-aa0a-8b3e5193bd54 req-da6ed8dd-ecf1-4cba-aa0a-8b3e5193bd54 ] Request (ServerAddressesTestJSON:setUpClass): 200 GET http://10.180.1.21/compute/v2.1/servers/ae5ec212-9dbe-4a11-94a3-8aa4576ca4db 0.137s
2024-10-18 17:20:29.558 62467 INFO tempest.lib.common.rest_client [req-b252de5c-f245-4bba-bed0-52f9c35c2ee8 req-b252de5c-f245-4bba-bed0-52f9c35c2ee8 ] Request (ListImageFiltersTestJSON:setUpClass): 200 GET http://10.180.1.21/compute/v2.1/servers/7c2937c6-e6b7-4716-80fa-5538641bc8dc 0.134s
2024-10-18 17:20:29.596 62465 INFO tempest.lib.common.rest_client [req-b3753131-2fa8-484e-a057-08f531850380 req-b3753131-2fa8-484e-a057-08f531850380 ] Request (ServicesAdminTestJSON:tearDownClass): 204 DELETE http://10.180.1.21/identity/v3/projects/82e2494945d242a09b017ee72b7c85ba 0.118s
2024-10-18 17:20:29.596 62465 INFO tempest.lib.common.dynamic_creds [-] Deleting project and security group for project: 76652f0d475e4123a5750fa37529e219
2024-10-18 17:20:29.601 62497 INFO tempest.lib.common.rest_client [req-092e9bc9-87fa-409d-9f23-bcb002e27ba4 req-092e9bc9-87fa-409d-9f23-bcb002e27ba4 ] Request (ImagesNegativeTestJSON:test_create_image_from_deleted_server): 200 GET http://10.180.1.21/compute/v2.1/servers/a93e681e-1cb1-4025-8725-4c6664d78c96 0.157s
2024-10-18 17:20:29.617 62505 INFO tempest.lib.common.rest_client [req-2b70cd65-e410-4666-ac5b-edf5690cea48 req-2b70cd65-e410-4666-ac5b-edf5690cea48 ] Request (AttachVolumeShelveTestJSON:test_attach_volume_shelved_or_offload_server): 200 GET http://10.180.1.21/compute/v2.1/servers/85dbaf67-049c-4a90-a3dc-67e2decc1dbf 0.097s
2024-10-18 17:20:29.646 62491 INFO tempest.lib.common.rest_client [req-b04b618a-5b5d-4819-98a9-c8250717ead4 req-b04b618a-5b5d-4819-98a9-c8250717ead4 ] Request (ServersNegativeTestMultiTenantJSON:setUpClass): 201 POST http://10.180.1.21:9696/networking/v2.0/subnets 0.339s
2024-10-18 17:20:29.649 62471 INFO tempest.lib.common.rest_client [req-269a7f8d-2ce4-4aea-adb2-59c2730163c7 req-269a7f8d-2ce4-4aea-adb2-59c2730163c7 ] Request (FloatingIPsAssociationTestJSON:setUpClass): 200 GET http://10.180.1.21/compute/v2.1/servers/e7439426-722a-4420-8607-903cf96dff06 0.122s
2024-10-18 17:20:29.695 62483 INFO tempest.lib.common.rest_client [req-e7d17b1c-4c31-484e-853a-07e49b9a2714 req-e7d17b1c-4c31-484e-853a-07e49b9a2714 ] Request (ServersV294TestFqdnHostnames:setUpClass): 201 POST http://10.180.1.21:9696/networking/v2.0/floatingips 0.492s
2024-10-18 17:20:29.730 62465 INFO tempest.lib.common.rest_client [req-c8117270-8ef4-49e4-9826-5721fc5ca0dd req-c8117270-8ef4-49e4-9826-5721fc5ca0dd ] Request (ServicesAdminTestJSON:tearDownClass): 200 GET http://10.180.1.21:9696/networking/v2.0/security-groups?tenant_id=76652f0d475e4123a5750fa37529e219&name=default 0.134s
2024-10-18 17:20:29.758 62451 INFO tempest.lib.common.rest_client [req-02ec0277-b8fd-46b0-ad43-a2afea002779 req-02ec0277-b8fd-46b0-ad43-a2afea002779 ] Request (ServersAdminTestJSON:setUpClass): 200 GET http://10.180.1.21/compute/v2.1/servers/c979d105-12b7-485c-a136-55ffad02fe67 0.070s
2024-10-18 17:20:29.772 62483 INFO tempest.lib.common.rest_client [req-2cdf30db-4f9f-4105-bb24-9489d9eee912 req-2cdf30db-4f9f-4105-bb24-9489d9eee912 ] Request (ServersV294TestFqdnHostnames:setUpClass): 201 POST http://10.180.1.21/identity/v3/auth/tokens 0.074s
2024-10-18 17:20:29.772 62483 INFO tempest.lib.common.fixed_network [-] (ServersV294TestFqdnHostnames:setUpClass) Found network {'id': 'cdc74355-49bc-43ac-b662-a8e2503d594a', 'name': 'tempest-ServersV294TestFqdnHostnames-1922182003-network', 'tenant_id': '30d321afafe54c07a57476867e4882c8', 'admin_state_up': True, 'mtu': 8950, 'status': 'ACTIVE', 'subnets': [], 'shared': False, 'project_id': '30d321afafe54c07a57476867e4882c8', 'port_security_enabled': True, 'router:external': False, 'provider:network_type': 'vlan', 'provider:physical_network': 'default', 'provider:segmentation_id': 225, 'is_default': False, 'availability_zone_hints': [], 'availability_zones': [], 'ipv4_address_scope': None, 'ipv6_address_scope': None, 'description': '', 'tags': [], 'created_at': '2024-10-18T17:20:24Z', 'updated_at': '2024-10-18T17:20:24Z', 'revision_number': 1} available for tenant
2024-10-18 17:20:29.805 62465 INFO tempest.lib.common.rest_client [req-03c06fd5-df44-4c22-be6e-28d9d4d4a350 req-03c06fd5-df44-4c22-be6e-28d9d4d4a350 ] Request (ServicesAdminTestJSON:tearDownClass): 204 DELETE http://10.180.1.21:9696/networking/v2.0/security-groups/2017a60f-af2c-4e92-a2fe-bd3daaf4199e 0.075s
2024-10-18 17:20:29.822 62453 INFO tempest.lib.common.rest_client [req-1c752e3a-325d-40e5-a6b8-0f19f47e74c0 req-1c752e3a-325d-40e5-a6b8-0f19f47e74c0 ] Request (ServerActionsTestJSON:setUpClass): 200 GET http://10.180.1.21/compute/v2.1/servers/2d1b59b1-504c-487f-93ac-642c490d6546 0.069s
2024-10-18 17:20:29.873 62457 INFO tempest.lib.common.rest_client [req-4c2d91c2-4a61-4d42-a4b2-fd552d2037bc req-4c2d91c2-4a61-4d42-a4b2-fd552d2037bc ] Request (ServersTestBootFromVolume:setUpClass): 200 GET http://10.180.1.21/compute/v2.1/servers/66c5f446-91e5-4de1-abb6-f06a0a36020d 0.059s
2024-10-18 17:20:29.921 62465 INFO tempest.lib.common.rest_client [req-d93cf343-c48d-42ab-bf4f-f90095a5b37c req-d93cf343-c48d-42ab-bf4f-f90095a5b37c ] Request (ServicesAdminTestJSON:tearDownClass): 204 DELETE http://10.180.1.21/identity/v3/projects/76652f0d475e4123a5750fa37529e219 0.116s
2024-10-18 17:20:29.936 62509 INFO tempest.lib.common.rest_client [req-9d473e03-1462-4bb8-a7b9-d0a2d1c75d6a req-9d473e03-1462-4bb8-a7b9-d0a2d1c75d6a ] Request (ServerDiskConfigTestJSON:test_rebuild_server_with_auto_disk_config): 200 GET http://10.180.1.21/compute/v2.1/servers/30cf9ebc-daab-42d3-9e7d-cb4d2cb55bf5 0.061s
2024-10-18 17:20:29.983 62465 INFO tempest.lib.common.rest_client [req-1d6470bd-4f41-470d-a1cb-8186abc86747 req-1d6470bd-4f41-470d-a1cb-8186abc86747 ] Request (ListServerFiltersTestJSON:setUpClass): 201 POST http://10.180.1.21/identity/v3/auth/tokens 0.060s
2024-10-18 17:20:29.997 62499 INFO tempest.lib.common.rest_client [req-faf68521-7f71-4e63-8dfb-120544610063 req-faf68521-7f71-4e63-8dfb-120544610063 ] Request (ImagesOneServerTestJSON:setUpClass): 200 GET http://10.180.1.21/compute/v2.1/servers/2f9deec0-e0ad-4cb4-9868-9aa53cdf602d 0.113s
2024-10-18 17:20:30.025 62465 INFO tempest.lib.common.rest_client [req-ef3328d5-5740-4b5e-9637-ba33b45a2b23 req-ef3328d5-5740-4b5e-9637-ba33b45a2b23 ] Request (ListServerFiltersTestJSON:setUpClass): 201 POST http://10.180.1.21/identity/v3/auth/tokens 0.037s
2024-10-18 17:20:30.053 62465 INFO tempest.lib.common.rest_client [req-1fa9d5d7-ecfd-42e0-b83b-1cd3419aa7db req-1fa9d5d7-ecfd-42e0-b83b-1cd3419aa7db ] Request (ListServerFiltersTestJSON:setUpClass): 200 GET http://10.180.1.21/identity/v3/domains?name=Default 0.028s
2024-10-18 17:20:30.070 62477 INFO tempest.lib.common.rest_client [req-f6b8d6da-5808-40d2-b955-6355676a8903 req-f6b8d6da-5808-40d2-b955-6355676a8903 ] Request (InstanceActionsTestJSON:setUpClass): 200 GET http://10.180.1.21/compute/v2.1/servers/a499452b-9d48-4022-8d4c-0c66c6dde9ba 0.139s
2024-10-18 17:20:30.095 62465 INFO tempest.lib.common.rest_client [req-b4d8419f-958c-4fd9-baf7-7545e854c126 req-b4d8419f-958c-4fd9-baf7-7545e854c126 ] Request (ListServerFiltersTestJSON:setUpClass): 201 POST http://10.180.1.21/identity/v3/projects 0.040s
2024-10-18 17:20:30.149 62513 INFO tempest.lib.common.rest_client [req-d6c698a0-63fa-40ae-bd1c-5276f8e94b93 req-d6c698a0-63fa-40ae-bd1c-5276f8e94b93 ] Request (ServersTestMultiNic:test_verify_multiple_nics_order): 200 GET http://10.180.1.21/compute/v2.1/servers/b4a7ff58-0f48-4942-a270-de6910ff0c0c 0.201s
2024-10-18 17:20:30.178 62465 INFO tempest.lib.common.rest_client [req-28a8d31f-4de2-4e6a-a776-32b03e5b4c94 req-28a8d31f-4de2-4e6a-a776-32b03e5b4c94 ] Request (ListServerFiltersTestJSON:setUpClass): 201 POST http://10.180.1.21/identity/v3/users 0.082s
2024-10-18 17:20:30.201 62465 INFO tempest.lib.common.rest_client [req-5ac514ad-943d-40c6-98a1-323d69043ec7 req-5ac514ad-943d-40c6-98a1-323d69043ec7 ] Request (ListServerFiltersTestJSON:setUpClass): 200 GET http://10.180.1.21/identity/v3/roles 0.022s
2024-10-18 17:20:30.208 62459 INFO tempest.lib.common.rest_client [req-4a7f16ce-4a1c-42dd-86bd-ddb893a7fb23 req-4a7f16ce-4a1c-42dd-86bd-ddb893a7fb23 ] Request (ServersTestFqdnHostnames:test_create_server_with_fqdn_name): 200 GET http://10.180.1.21/compute/v2.1/servers/1586080c-3406-47f0-bbb9-0c50082eaf8d 0.198s
2024-10-18 17:20:30.234 62465 INFO tempest.lib.common.rest_client [req-1564322a-505e-47af-8d57-9d97e93072e2 req-1564322a-505e-47af-8d57-9d97e93072e2 ] Request (ListServerFiltersTestJSON:setUpClass): 204 PUT http://10.180.1.21/identity/v3/projects/1a5f4d9f9ef3491286397b85ff547f36/users/cce2af4737904177a83d12587d265dc9/roles/d854c0a5b0b445b999c6378ee955cad4 0.033s
2024-10-18 17:20:30.235 62465 INFO tempest.lib.common.dynamic_creds [-] Dynamic test user cce2af4737904177a83d12587d265dc9 is created with scope project and roles: ['member']
2024-10-18 17:20:30.235 62465 INFO tempest.lib.common.dynamic_creds [-] Acquired dynamic creds: credentials: Credentials: {'domain_id': 'default', 'domain_name': 'Default', 'username': 'tempest-ListServerFiltersTestJSON-1034861033-project-member', 'project_domain_id': 'default', 'project_domain_name': 'Default', 'project_id': '1a5f4d9f9ef3491286397b85ff547f36', 'project_name': 'tempest-ListServerFiltersTestJSON-1034861033', 'tenant_id': '1a5f4d9f9ef3491286397b85ff547f36', 'tenant_name': 'tempest-ListServerFiltersTestJSON-1034861033', 'user_domain_id': 'default', 'user_domain_name': 'Default', 'user_id': 'cce2af4737904177a83d12587d265dc9', 'system': None}, Network: None, Subnet: None, Router: None
2024-10-18 17:20:30.269 62473 INFO tempest.lib.common.rest_client [req-14b8823f-6c16-46cb-aebb-9bb36115f6fe req-14b8823f-6c16-46cb-aebb-9bb36115f6fe ] Request (AttachInterfacesV270Test:test_create_get_list_interfaces): 200 GET http://10.180.1.21/compute/v2.1/servers/460255fb-6589-481b-9770-0a2b548c6194 0.226s
2024-10-18 17:20:30.293 62465 INFO tempest.lib.common.rest_client [req-c23bf6f3-3b42-4d9a-a659-c2489188f532 req-c23bf6f3-3b42-4d9a-a659-c2489188f532 ] Request (ListServerFiltersTestJSON:setUpClass): 201 POST http://10.180.1.21/identity/v3/auth/tokens 0.058s
2024-10-18 17:20:30.329 62461 INFO tempest.lib.common.rest_client [req-47c30997-a942-481a-ab91-812387622727 req-47c30997-a942-481a-ab91-812387622727 ] Request (AttachVolumeTestJSON:test_attach_detach_volume): 200 GET http://10.180.1.21/compute/v2.1/servers/cf7b7da2-380e-4a97-b142-0dd9e5ad3c79 0.223s
2024-10-18 17:20:30.352 62483 INFO tempest.lib.common.rest_client [req-9562de5a-534b-4f28-93de-8ae4cfc08336 req-9562de5a-534b-4f28-93de-8ae4cfc08336 ] Request (ServersV294TestFqdnHostnames:setUpClass): 202 POST http://10.180.1.21/compute/v2.1/servers 0.579s
2024-10-18 17:20:30.381 62475 INFO tempest.lib.common.rest_client [req-2c81dad1-a62a-496a-b7a7-98935aa060ab req-2c81dad1-a62a-496a-b7a7-98935aa060ab ] Request (ServersTestManualDisk:setUpClass): 200 GET http://10.180.1.21/compute/v2.1/servers/c0c9e61b-ab2b-47dc-997b-570204ab4c3b 0.258s
2024-10-18 17:20:30.409 62455 INFO tempest.lib.common.rest_client [req-43de07d0-524c-4672-bd6b-78522beb1157 req-43de07d0-524c-4672-bd6b-78522beb1157 ] Request (DeleteServersAdminTestJSON:test_delete_server_while_in_error_state): 200 GET http://10.180.1.21/compute/v2.1/servers/a8105842-1649-495d-b0c4-18ceda62bd57 0.210s
2024-10-18 17:20:30.440 62495 INFO tempest.lib.common.rest_client [req-df09aff6-1183-47ff-85d5-0f3a98993ef6 req-df09aff6-1183-47ff-85d5-0f3a98993ef6 ] Request (ServersAdmin275Test:test_rebuild_update_server_275): 200 GET http://10.180.1.21/compute/v2.1/servers/7651f6d2-1825-46a1-9380-732b50abd3cc 0.218s
2024-10-18 17:20:30.449 62495 INFO tempest.common.waiters [-] State transition "REBUILD/rebuilding" ==> "REBUILD/rebuild_spawning" after 2 second wait
2024-10-18 17:20:30.461 62511 INFO tempest.lib.common.rest_client [req-b6c91650-47ad-4ba9-8bca-4a22973b7821 req-b6c91650-47ad-4ba9-8bca-4a22973b7821 ] Request (MigrationsAdminTest:test_resize_server_revert_deleted_flavor): 200 GET http://10.180.1.21/compute/v2.1/servers/92d3557c-655f-45d9-ae7d-bbe62567e1e2 0.183s
2024-10-18 17:20:30.493 62507 INFO tempest.lib.common.rest_client [req-c9d1f983-51a4-4b00-98ba-ffaae12d0f62 req-c9d1f983-51a4-4b00-98ba-ffaae12d0f62 ] Request (ServersTestJSON:setUpClass): 200 GET http://10.180.1.21/compute/v2.1/servers/4c98c21e-2918-4b55-b2b5-db14630a36ef 0.195s
2024-10-18 17:20:30.512 62483 INFO tempest.lib.common.rest_client [req-82c41f30-ff91-4201-9554-2fa4e42eef41 req-82c41f30-ff91-4201-9554-2fa4e42eef41 ] Request (ServersV294TestFqdnHostnames:setUpClass): 200 GET http://10.180.1.21/compute/v2.1/servers/97d1d9c9-214f-4573-9efa-3254ea3f2ee0 0.157s
2024-10-18 17:20:30.555 62465 INFO tempest.lib.common.rest_client [req-8833a40b-2b07-4352-a79a-72718f711e30 req-8833a40b-2b07-4352-a79a-72718f711e30 ] Request (ListServerFiltersTestJSON:setUpClass): 201 POST http://10.180.1.21:9696/networking/v2.0/networks 0.261s
2024-10-18 17:20:30.712 62479 INFO tempest.lib.common.rest_client [req-901e6a29-4867-4e9f-b930-95dd2b762578 req-901e6a29-4867-4e9f-b930-95dd2b762578 ] Request (DeleteServersTestJSON:test_delete_server_while_in_attached_volume): 200 GET http://10.180.1.21/compute/v2.1/servers/0d80665a-c881-454a-90c7-96348e7fab74 0.343s
2024-10-18 17:20:30.714 62465 INFO tempest.lib.common.rest_client [req-82d71b10-e369-4520-bb5e-94bf92185ee8 req-82d71b10-e369-4520-bb5e-94bf92185ee8 ] Request (ListServerFiltersTestJSON:setUpClass): 201 POST http://10.180.1.21:9696/networking/v2.0/subnets 0.159s
2024-10-18 17:20:30.714 62465 INFO tempest.lib.common.dynamic_creds [-] Created isolated network resources for: credentials: Credentials: {'domain_id': 'default', 'domain_name': 'Default', 'username': 'tempest-ListServerFiltersTestJSON-1034861033-project-member', 'project_domain_id': 'default', 'project_domain_name': 'Default', 'project_id': '1a5f4d9f9ef3491286397b85ff547f36', 'project_name': 'tempest-ListServerFiltersTestJSON-1034861033', 'tenant_id': '1a5f4d9f9ef3491286397b85ff547f36', 'tenant_name': 'tempest-ListServerFiltersTestJSON-1034861033', 'user_domain_id': 'default', 'user_domain_name': 'Default', 'user_id': 'cce2af4737904177a83d12587d265dc9', 'system': None}, Network: {'id': '7ed21226-dd3c-4e66-9d6d-ea192f410983', 'name': 'tempest-ListServerFiltersTestJSON-1174421995-network', 'tenant_id': '1a5f4d9f9ef3491286397b85ff547f36', 'admin_state_up': True, 'mtu': 8950, 'status': 'ACTIVE', 'subnets': [], 'shared': False, 'project_id': '1a5f4d9f9ef3491286397b85ff547f36', 'port_security_enabled': True, 'router:external': False, 'provider:network_type': 'vlan', 'provider:physical_network': 'default', 'provider:segmentation_id': 723, 'is_default': False, 'availability_zone_hints': [], 'availability_zones': [], 'ipv4_address_scope': None, 'ipv6_address_scope': None, 'description': '', 'tags': [], 'created_at': '2024-10-18T17:20:30Z', 'updated_at': '2024-10-18T17:20:30Z', 'revision_number': 1}, Subnet: {'id': '5547cd63-b96a-467b-b336-64db7039fc8c', 'name': 'tempest-ListServerFiltersTestJSON-1174421995-subnet', 'tenant_id': '1a5f4d9f9ef3491286397b85ff547f36', 'network_id': '7ed21226-dd3c-4e66-9d6d-ea192f410983', 'ip_version': 4, 'subnetpool_id': None, 'enable_dhcp': True, 'ipv6_ra_mode': None, 'ipv6_address_mode': None, 'gateway_ip': '192.168.128.1', 'cidr': '192.168.128.0/28', 'allocation_pools': [{'start': '192.168.128.2', 'end': '192.168.128.14'}], 'host_routes': [], 'dns_nameservers': [], 'description': '', 'router:external': False, 'service_types': [], 'tags': [], 'created_at': '2024-10-18T17:20:30Z', 'updated_at': '2024-10-18T17:20:30Z', 'revision_number': 0, 'project_id': '1a5f4d9f9ef3491286397b85ff547f36'}, Router: None
2024-10-18 17:20:30.718 62503 INFO tempest.lib.common.rest_client [req-03b03335-c29c-4dce-b802-4ed180bf4219 req-03b03335-c29c-4dce-b802-4ed180bf4219 ] Request (ServersWithSpecificFlavorTestJSON:test_verify_created_server_ephemeral_disk): 200 GET http://10.180.1.21/compute/v2.1/servers/448b8246-8d41-4154-bb99-b3c66d8e9475 0.321s
2024-10-18 17:20:30.767 62481 INFO tempest.lib.common.rest_client [req-666da038-31c2-40d9-bb89-5508d6cccab9 req-666da038-31c2-40d9-bb89-5508d6cccab9 ] Request (TenantUsagesTestJSON:setUpClass): 200 GET http://10.180.1.21/compute/v2.1/servers/5e812408-6f27-4b52-9564-4063f4526340 0.338s
2024-10-18 17:20:30.783 62493 INFO tempest.lib.common.rest_client [req-894aa919-171d-42e6-bf6a-74fa23661ef2 req-894aa919-171d-42e6-bf6a-74fa23661ef2 ] Request (ImagesOneServerNegativeTestJSON:setUpClass): 200 GET http://10.180.1.21/compute/v2.1/servers/c46a8746-b4b2-46f8-b16a-a7ceb5ff4611 0.318s
2024-10-18 17:20:30.816 62465 INFO tempest.lib.common.rest_client [req-0f7ded3d-c5b3-4114-8082-d926c013d778 req-0f7ded3d-c5b3-4114-8082-d926c013d778 ] Request (ListServerFiltersTestJSON:setUpClass): 201 POST http://10.180.1.21/identity/v3/auth/tokens 0.096s
2024-10-18 17:20:30.830 62489 INFO tempest.lib.common.rest_client [req-d7adfadf-48f2-4c89-965b-6bbf7a6f02e0 req-d7adfadf-48f2-4c89-965b-6bbf7a6f02e0 ] Request (MultipleCreateTestJSON:test_multiple_create): 200 GET http://10.180.1.21/compute/v2.1/servers/96694bb9-fbf2-4b71-9cb5-37f81b634992 0.334s
2024-10-18 17:20:30.844 62485 INFO tempest.lib.common.rest_client [req-be4e98c2-d1ce-4484-b945-181e39141f03 req-be4e98c2-d1ce-4484-b945-181e39141f03 ] Request (ServerAddressesTestJSON:setUpClass): 200 GET http://10.180.1.21/compute/v2.1/servers/ae5ec212-9dbe-4a11-94a3-8aa4576ca4db 0.306s
2024-10-18 17:20:30.850 62465 INFO tempest.lib.common.rest_client [req-ffb36aa7-f031-41f9-9c41-970ea139a625 req-ffb36aa7-f031-41f9-9c41-970ea139a625 ] Request (ListServerFiltersTestJSON:setUpClass): 201 POST http://10.180.1.21/identity/v3/auth/tokens 0.029s
2024-10-18 17:20:30.851 62465 INFO tempest.lib.common.fixed_network [-] (ListServerFiltersTestJSON:setUpClass) Found network {'id': '7ed21226-dd3c-4e66-9d6d-ea192f410983', 'name': 'tempest-ListServerFiltersTestJSON-1174421995-network', 'tenant_id': '1a5f4d9f9ef3491286397b85ff547f36', 'admin_state_up': True, 'mtu': 8950, 'status': 'ACTIVE', 'subnets': [], 'shared': False, 'project_id': '1a5f4d9f9ef3491286397b85ff547f36', 'port_security_enabled': True, 'router:external': False, 'provider:network_type': 'vlan', 'provider:physical_network': 'default', 'provider:segmentation_id': 723, 'is_default': False, 'availability_zone_hints': [], 'availability_zones': [], 'ipv4_address_scope': None, 'ipv6_address_scope': None, 'description': '', 'tags': [], 'created_at': '2024-10-18T17:20:30Z', 'updated_at': '2024-10-18T17:20:30Z', 'revision_number': 1} available for tenant
2024-10-18 17:20:30.869 62491 INFO tempest.lib.common.rest_client [req-7a1fbe53-cc87-4ff8-83c7-93f6becafccb req-7a1fbe53-cc87-4ff8-83c7-93f6becafccb ] Request (ServersNegativeTestMultiTenantJSON:setUpClass): 201 POST http://10.180.1.21:9696/networking/v2.0/routers 1.222s
2024-10-18 17:20:30.888 62467 INFO tempest.lib.common.rest_client [req-6eb33a9f-549e-45b9-be5f-0575f500cf28 req-6eb33a9f-549e-45b9-be5f-0575f500cf28 ] Request (ListImageFiltersTestJSON:setUpClass): 200 GET http://10.180.1.21/compute/v2.1/servers/7c2937c6-e6b7-4716-80fa-5538641bc8dc 0.318s
2024-10-18 17:20:30.889 62465 INFO tempest.lib.common.rest_client [req-01426697-cbdc-4b81-b2b0-bb828dd928f7 req-01426697-cbdc-4b81-b2b0-bb828dd928f7 ] Request (ListServerFiltersTestJSON:setUpClass): 201 POST http://10.180.1.21/identity/v3/auth/tokens 0.033s
2024-10-18 17:20:30.890 62465 INFO tempest.lib.common.fixed_network [-] (ListServerFiltersTestJSON:setUpClass) Found network {'id': '7ed21226-dd3c-4e66-9d6d-ea192f410983', 'name': 'tempest-ListServerFiltersTestJSON-1174421995-network', 'tenant_id': '1a5f4d9f9ef3491286397b85ff547f36', 'admin_state_up': True, 'mtu': 8950, 'status': 'ACTIVE', 'subnets': [], 'shared': False, 'project_id': '1a5f4d9f9ef3491286397b85ff547f36', 'port_security_enabled': True, 'router:external': False, 'provider:network_type': 'vlan', 'provider:physical_network': 'default', 'provider:segmentation_id': 723, 'is_default': False, 'availability_zone_hints': [], 'availability_zones': [], 'ipv4_address_scope': None, 'ipv6_address_scope': None, 'description': '', 'tags': [], 'created_at': '2024-10-18T17:20:30Z', 'updated_at': '2024-10-18T17:20:30Z', 'revision_number': 1} available for tenant
2024-10-18 17:20:30.900 62467 INFO tempest.common.waiters [-] State transition "BUILD/None" ==> "BUILD/networking" after 57 second wait
2024-10-18 17:20:30.903 62497 INFO tempest.lib.common.rest_client [req-5040c653-6215-4a24-b23f-cbfa25b81e7c req-5040c653-6215-4a24-b23f-cbfa25b81e7c ] Request (ImagesNegativeTestJSON:test_create_image_from_deleted_server): 200 GET http://10.180.1.21/compute/v2.1/servers/a93e681e-1cb1-4025-8725-4c6664d78c96 0.294s
2024-10-18 17:20:30.948 62505 INFO tempest.lib.common.rest_client [req-0cc73cee-90c9-40e6-9c25-1e77cab1e06a req-0cc73cee-90c9-40e6-9c25-1e77cab1e06a ] Request (AttachVolumeShelveTestJSON:test_attach_volume_shelved_or_offload_server): 200 GET http://10.180.1.21/compute/v2.1/servers/85dbaf67-049c-4a90-a3dc-67e2decc1dbf 0.320s
2024-10-18 17:20:30.954 62471 INFO tempest.lib.common.rest_client [req-22ac337e-c978-42a6-bd58-0116eb2c7069 req-22ac337e-c978-42a6-bd58-0116eb2c7069 ] Request (FloatingIPsAssociationTestJSON:setUpClass): 200 GET http://10.180.1.21/compute/v2.1/servers/e7439426-722a-4420-8607-903cf96dff06 0.299s
2024-10-18 17:20:30.995 62451 INFO tempest.lib.common.rest_client [req-68927f04-8272-4983-b115-67e5242ac108 req-68927f04-8272-4983-b115-67e5242ac108 ] Request (ServersAdminTestJSON:setUpClass): 200 GET http://10.180.1.21/compute/v2.1/servers/c979d105-12b7-485c-a136-55ffad02fe67 0.227s
2024-10-18 17:20:31.006 62453 INFO tempest.lib.common.rest_client [req-9ed87436-192b-47c7-83c6-2d196fafcaf1 req-9ed87436-192b-47c7-83c6-2d196fafcaf1 ] Request (ServerActionsTestJSON:setUpClass): 200 GET http://10.180.1.21/compute/v2.1/servers/2d1b59b1-504c-487f-93ac-642c490d6546 0.177s
2024-10-18 17:20:31.043 62457 INFO tempest.lib.common.rest_client [req-683baf20-2baf-4574-a5f0-29223c1770f2 req-683baf20-2baf-4574-a5f0-29223c1770f2 ] Request (ServersTestBootFromVolume:setUpClass): 200 GET http://10.180.1.21/compute/v2.1/servers/66c5f446-91e5-4de1-abb6-f06a0a36020d 0.161s
2024-10-18 17:20:31.098 62509 INFO tempest.lib.common.rest_client [req-6b341a05-c9a6-43d6-9b41-3905878956e1 req-6b341a05-c9a6-43d6-9b41-3905878956e1 ] Request (ServerDiskConfigTestJSON:test_rebuild_server_with_auto_disk_config): 200 GET http://10.180.1.21/compute/v2.1/servers/30cf9ebc-daab-42d3-9e7d-cb4d2cb55bf5 0.156s
2024-10-18 17:20:31.168 62499 INFO tempest.lib.common.rest_client [req-4087852b-f5f2-41c2-8a9d-d3c81a2df0d5 req-4087852b-f5f2-41c2-8a9d-d3c81a2df0d5 ] Request (ImagesOneServerTestJSON:setUpClass): 200 GET http://10.180.1.21/compute/v2.1/servers/2f9deec0-e0ad-4cb4-9868-9aa53cdf602d 0.165s
2024-10-18 17:20:31.228 62477 INFO tempest.lib.common.rest_client [req-7c31d1fb-79f5-4dbe-94a8-4e3804ffaa3b req-7c31d1fb-79f5-4dbe-94a8-4e3804ffaa3b ] Request (InstanceActionsTestJSON:setUpClass): 200 GET http://10.180.1.21/compute/v2.1/servers/a499452b-9d48-4022-8d4c-0c66c6dde9ba 0.149s
2024-10-18 17:20:31.237 62477 INFO tempest.common.waiters [-] State transition "BUILD/spawning" ==> "BUILD/scheduling" after 69 second wait
2024-10-18 17:20:31.281 62513 INFO tempest.lib.common.rest_client [req-2a6d2d59-9b03-44c7-9298-d1e86e0a80c7 req-2a6d2d59-9b03-44c7-9298-d1e86e0a80c7 ] Request (ServersTestMultiNic:test_verify_multiple_nics_order): 200 GET http://10.180.1.21/compute/v2.1/servers/b4a7ff58-0f48-4942-a270-de6910ff0c0c 0.124s
2024-10-18 17:20:31.330 62459 INFO tempest.lib.common.rest_client [req-5adb60b9-824d-466b-a784-c061e207f95a req-5adb60b9-824d-466b-a784-c061e207f95a ] Request (ServersTestFqdnHostnames:test_create_server_with_fqdn_name): 200 GET http://10.180.1.21/compute/v2.1/servers/1586080c-3406-47f0-bbb9-0c50082eaf8d 0.112s
2024-10-18 17:20:31.378 62465 INFO tempest.lib.common.rest_client [req-0ff58eb3-714e-4b0f-b4b5-4dc2c38cda56 req-0ff58eb3-714e-4b0f-b4b5-4dc2c38cda56 ] Request (ListServerFiltersTestJSON:setUpClass): 202 POST http://10.180.1.21/compute/v2.1/servers 0.488s
2024-10-18 17:20:31.388 62473 INFO tempest.lib.common.rest_client [req-4d561872-b4f1-4e60-a2e1-eec51a02b09c req-4d561872-b4f1-4e60-a2e1-eec51a02b09c ] Request (AttachInterfacesV270Test:test_create_get_list_interfaces): 200 GET http://10.180.1.21/compute/v2.1/servers/460255fb-6589-481b-9770-0a2b548c6194 0.111s
2024-10-18 17:20:31.425 62465 INFO tempest.lib.common.rest_client [req-cb2882ef-3bd1-4b74-8f68-dd10119292b2 req-cb2882ef-3bd1-4b74-8f68-dd10119292b2 ] Request (ListServerFiltersTestJSON:setUpClass): 201 POST http://10.180.1.21/identity/v3/auth/tokens 0.043s
2024-10-18 17:20:31.425 62465 INFO tempest.lib.common.fixed_network [-] (ListServerFiltersTestJSON:setUpClass) Found network {'id': '7ed21226-dd3c-4e66-9d6d-ea192f410983', 'name': 'tempest-ListServerFiltersTestJSON-1174421995-network', 'tenant_id': '1a5f4d9f9ef3491286397b85ff547f36', 'admin_state_up': True, 'mtu': 8950, 'status': 'ACTIVE', 'subnets': [], 'shared': False, 'project_id': '1a5f4d9f9ef3491286397b85ff547f36', 'port_security_enabled': True, 'router:external': False, 'provider:network_type': 'vlan', 'provider:physical_network': 'default', 'provider:segmentation_id': 723, 'is_default': False, 'availability_zone_hints': [], 'availability_zones': [], 'ipv4_address_scope': None, 'ipv6_address_scope': None, 'description': '', 'tags': [], 'created_at': '2024-10-18T17:20:30Z', 'updated_at': '2024-10-18T17:20:30Z', 'revision_number': 1} available for tenant
2024-10-18 17:20:31.456 62461 INFO tempest.lib.common.rest_client [req-b52d7ac1-d3f2-4e59-8d08-6ec316467be6 req-b52d7ac1-d3f2-4e59-8d08-6ec316467be6 ] Request (AttachVolumeTestJSON:test_attach_detach_volume): 200 GET http://10.180.1.21/compute/v2.1/servers/cf7b7da2-380e-4a97-b142-0dd9e5ad3c79 0.117s
2024-10-18 17:20:31.467 62475 INFO tempest.lib.common.rest_client [req-dbb3cd72-ff1b-41af-aa0d-a189e631fcd1 req-dbb3cd72-ff1b-41af-aa0d-a189e631fcd1 ] Request (ServersTestManualDisk:setUpClass): 200 GET http://10.180.1.21/compute/v2.1/servers/c0c9e61b-ab2b-47dc-997b-570204ab4c3b 0.077s
2024-10-18 17:20:31.517 62455 INFO tempest.lib.common.rest_client [req-78ed39a8-c71b-4f60-9ad7-d58a5d86c778 req-78ed39a8-c71b-4f60-9ad7-d58a5d86c778 ] Request (DeleteServersAdminTestJSON:test_delete_server_while_in_error_state): 200 GET http://10.180.1.21/compute/v2.1/servers/a8105842-1649-495d-b0c4-18ceda62bd57 0.099s
2024-10-18 17:20:31.578 62495 INFO tempest.lib.common.rest_client [req-49eb5eb2-2447-47ec-b39f-631b8a87273f req-49eb5eb2-2447-47ec-b39f-631b8a87273f ] Request (ServersAdmin275Test:test_rebuild_update_server_275): 200 GET http://10.180.1.21/compute/v2.1/servers/7651f6d2-1825-46a1-9380-732b50abd3cc 0.128s
2024-10-18 17:20:31.629 62511 INFO tempest.lib.common.rest_client [req-85640bd9-4ae8-4383-82c7-0ca940a04aea req-85640bd9-4ae8-4383-82c7-0ca940a04aea ] Request (MigrationsAdminTest:test_resize_server_revert_deleted_flavor): 200 GET http://10.180.1.21/compute/v2.1/servers/92d3557c-655f-45d9-ae7d-bbe62567e1e2 0.162s
2024-10-18 17:20:31.694 62507 INFO tempest.lib.common.rest_client [req-29e32114-3fb8-454b-8555-564f823e4e53 req-29e32114-3fb8-454b-8555-564f823e4e53 ] Request (ServersTestJSON:setUpClass): 200 GET http://10.180.1.21/compute/v2.1/servers/4c98c21e-2918-4b55-b2b5-db14630a36ef 0.193s
2024-10-18 17:20:31.760 62483 INFO tempest.lib.common.rest_client [req-aebf0d4a-b4c5-4c7d-94d1-d79dcce8bdfc req-aebf0d4a-b4c5-4c7d-94d1-d79dcce8bdfc ] Request (ServersV294TestFqdnHostnames:setUpClass): 200 GET http://10.180.1.21/compute/v2.1/servers/97d1d9c9-214f-4573-9efa-3254ea3f2ee0 0.236s
2024-10-18 17:20:31.797 62465 INFO tempest.lib.common.rest_client [req-4a25f413-9a9c-4560-9f81-bf973fd484bc req-4a25f413-9a9c-4560-9f81-bf973fd484bc ] Request (ListServerFiltersTestJSON:setUpClass): 202 POST http://10.180.1.21/compute/v2.1/servers 0.371s
2024-10-18 17:20:31.814 62479 INFO tempest.lib.common.rest_client [req-aec0c02f-1b6d-4755-aed8-2e79b02fb6e2 req-aec0c02f-1b6d-4755-aed8-2e79b02fb6e2 ] Request (DeleteServersTestJSON:test_delete_server_while_in_attached_volume): 200 GET http://10.180.1.21/compute/v2.1/servers/0d80665a-c881-454a-90c7-96348e7fab74 0.094s
2024-10-18 17:20:31.850 62465 INFO tempest.lib.common.rest_client [req-f87a16bc-49aa-4ca5-8b7f-5b039641fe3d req-f87a16bc-49aa-4ca5-8b7f-5b039641fe3d ] Request (ListServerFiltersTestJSON:setUpClass): 201 POST http://10.180.1.21/identity/v3/auth/tokens 0.045s
2024-10-18 17:20:31.850 62465 INFO tempest.lib.common.fixed_network [-] (ListServerFiltersTestJSON:setUpClass) Found network {'id': '7ed21226-dd3c-4e66-9d6d-ea192f410983', 'name': 'tempest-ListServerFiltersTestJSON-1174421995-network', 'tenant_id': '1a5f4d9f9ef3491286397b85ff547f36', 'admin_state_up': True, 'mtu': 8950, 'status': 'ACTIVE', 'subnets': [], 'shared': False, 'project_id': '1a5f4d9f9ef3491286397b85ff547f36', 'port_security_enabled': True, 'router:external': False, 'provider:network_type': 'vlan', 'provider:physical_network': 'default', 'provider:segmentation_id': 723, 'is_default': False, 'availability_zone_hints': [], 'availability_zones': [], 'ipv4_address_scope': None, 'ipv6_address_scope': None, 'description': '', 'tags': [], 'created_at': '2024-10-18T17:20:30Z', 'updated_at': '2024-10-18T17:20:30Z', 'revision_number': 1} available for tenant
2024-10-18 17:20:31.861 62503 INFO tempest.lib.common.rest_client [req-7bfd9ebf-32a6-4480-833d-0809c66ec0c5 req-7bfd9ebf-32a6-4480-833d-0809c66ec0c5 ] Request (ServersWithSpecificFlavorTestJSON:test_verify_created_server_ephemeral_disk): 200 GET http://10.180.1.21/compute/v2.1/servers/448b8246-8d41-4154-bb99-b3c66d8e9475 0.133s
2024-10-18 17:20:31.880 62481 INFO tempest.lib.common.rest_client [req-7be65db0-1afb-4654-8af7-605a1dff5c52 req-7be65db0-1afb-4654-8af7-605a1dff5c52 ] Request (TenantUsagesTestJSON:setUpClass): 200 GET http://10.180.1.21/compute/v2.1/servers/5e812408-6f27-4b52-9564-4063f4526340 0.106s
2024-10-18 17:20:31.928 62493 INFO tempest.lib.common.rest_client [req-eba4742a-095e-416a-a3b4-3722c82ceca3 req-eba4742a-095e-416a-a3b4-3722c82ceca3 ] Request (ImagesOneServerNegativeTestJSON:setUpClass): 200 GET http://10.180.1.21/compute/v2.1/servers/c46a8746-b4b2-46f8-b16a-a7ceb5ff4611 0.136s
2024-10-18 17:20:31.934 62489 INFO tempest.lib.common.rest_client [req-a68d6114-b7bf-45c3-bcf5-c2fff3dd2a43 req-a68d6114-b7bf-45c3-bcf5-c2fff3dd2a43 ] Request (MultipleCreateTestJSON:test_multiple_create): 200 GET http://10.180.1.21/compute/v2.1/servers/96694bb9-fbf2-4b71-9cb5-37f81b634992 0.092s
2024-10-18 17:20:31.992 62485 INFO tempest.lib.common.rest_client [req-7a73c599-f635-471e-9fb1-410afee3eca3 req-7a73c599-f635-471e-9fb1-410afee3eca3 ] Request (ServerAddressesTestJSON:setUpClass): 200 GET http://10.180.1.21/compute/v2.1/servers/ae5ec212-9dbe-4a11-94a3-8aa4576ca4db 0.137s
2024-10-18 17:20:32.024 62491 INFO tempest.lib.common.rest_client [req-9037eb93-296e-4f56-97be-58eb811200a1 req-9037eb93-296e-4f56-97be-58eb811200a1 ] Request (ServersNegativeTestMultiTenantJSON:setUpClass): 200 PUT http://10.180.1.21:9696/networking/v2.0/routers/6c5e7eab-58a8-4905-b46d-11bb78b2c98d/add_router_interface 1.155s
2024-10-18 17:20:32.024 62491 INFO tempest.lib.common.dynamic_creds [-] Created isolated network resources for: credentials: Credentials: {'domain_id': 'default', 'domain_name': 'Default', 'username': 'tempest-ServersNegativeTestMultiTenantJSON-922723120-project-member', 'project_domain_id': 'default', 'project_domain_name': 'Default', 'project_id': 'c55b17510015423d8218255a42c27cf4', 'project_name': 'tempest-ServersNegativeTestMultiTenantJSON-922723120', 'tenant_id': 'c55b17510015423d8218255a42c27cf4', 'tenant_name': 'tempest-ServersNegativeTestMultiTenantJSON-922723120', 'user_domain_id': 'default', 'user_domain_name': 'Default', 'user_id': 'f5a148baefea47f1bf54491d0fa899b5', 'system': None}, Network: {'id': '151a8ced-9d6d-4d38-a822-435857ae03ea', 'name': 'tempest-ServersNegativeTestMultiTenantJSON-2087232014-network', 'tenant_id': 'c55b17510015423d8218255a42c27cf4', 'admin_state_up': True, 'mtu': 8950, 'status': 'ACTIVE', 'subnets': [], 'shared': False, 'project_id': 'c55b17510015423d8218255a42c27cf4', 'port_security_enabled': True, 'router:external': False, 'provider:network_type': 'vlan', 'provider:physical_network': 'default', 'provider:segmentation_id': 37, 'is_default': False, 'availability_zone_hints': [], 'availability_zones': [], 'ipv4_address_scope': None, 'ipv6_address_scope': None, 'description': '', 'tags': [], 'created_at': '2024-10-18T17:20:29Z', 'updated_at': '2024-10-18T17:20:29Z', 'revision_number': 1}, Subnet: {'id': '4a8f1b19-a180-4af8-aafe-7525c978a8c4', 'name': 'tempest-ServersNegativeTestMultiTenantJSON-2087232014-subnet', 'tenant_id': 'c55b17510015423d8218255a42c27cf4', 'network_id': '151a8ced-9d6d-4d38-a822-435857ae03ea', 'ip_version': 4, 'subnetpool_id': None, 'enable_dhcp': True, 'ipv6_ra_mode': None, 'ipv6_address_mode': None, 'gateway_ip': '192.168.128.1', 'cidr': '192.168.128.0/28', 'allocation_pools': [{'start': '192.168.128.2', 'end': '192.168.128.14'}], 'host_routes': [], 'dns_nameservers': [], 'description': '', 'router:external': False, 'service_types': [], 'tags': [], 'created_at': '2024-10-18T17:20:29Z', 'updated_at': '2024-10-18T17:20:29Z', 'revision_number': 0, 'project_id': 'c55b17510015423d8218255a42c27cf4'}, Router: {'id': '6c5e7eab-58a8-4905-b46d-11bb78b2c98d', 'name': 'tempest-ServersNegativeTestMultiTenantJSON-2087232014-router', 'tenant_id': 'c55b17510015423d8218255a42c27cf4', 'admin_state_up': True, 'status': 'ACTIVE', 'external_gateway_info': {'network_id': '646f3e98-147f-429e-9d8a-fc257dc36627', 'external_fixed_ips': [{'subnet_id': '68ecd2c3-4fe0-4e15-af52-ed04b7379387', 'ip_address': '10.180.180.236'}], 'enable_snat': True}, 'description': '', 'availability_zones': [], 'distributed': False, 'ha': False, 'availability_zone_hints': [], 'routes': [], 'flavor_id': None, 'tags': [], 'created_at': '2024-10-18T17:20:29Z', 'updated_at': '2024-10-18T17:20:30Z', 'revision_number': 2, 'project_id': 'c55b17510015423d8218255a42c27cf4'}
2024-10-18 17:20:32.112 62491 INFO tempest.lib.common.rest_client [req-e7b7e429-3786-4d52-a26c-e4d861c99e99 req-e7b7e429-3786-4d52-a26c-e4d861c99e99 ] Request (ServersNegativeTestMultiTenantJSON:setUpClass): 201 POST http://10.180.1.21/identity/v3/auth/tokens 0.085s
2024-10-18 17:20:32.177 62491 INFO tempest.lib.common.rest_client [req-c998d6f7-1744-4308-aaa1-0a1475846bc8 req-c998d6f7-1744-4308-aaa1-0a1475846bc8 ] Request (ServersNegativeTestMultiTenantJSON:setUpClass): 201 POST http://10.180.1.21/identity/v3/auth/tokens 0.060s
2024-10-18 17:20:32.177 62491 INFO tempest.lib.common.fixed_network [-] (ServersNegativeTestMultiTenantJSON:setUpClass) Found network {'id': '8f80700b-773e-4e8d-ac9b-b48b563f2418', 'name': 'tempest-ServersNegativeTestMultiTenantJSON-1821618347-network', 'tenant_id': '4f10b977c1bd4b75a93cfc61751e6ea7', 'admin_state_up': True, 'mtu': 8950, 'status': 'ACTIVE', 'subnets': [], 'shared': False, 'project_id': '4f10b977c1bd4b75a93cfc61751e6ea7', 'port_security_enabled': True, 'router:external': False, 'provider:network_type': 'vlan', 'provider:physical_network': 'default', 'provider:segmentation_id': 992, 'is_default': False, 'availability_zone_hints': [], 'availability_zones': [], 'ipv4_address_scope': None, 'ipv6_address_scope': None, 'description': '', 'tags': [], 'created_at': '2024-10-18T17:20:24Z', 'updated_at': '2024-10-18T17:20:24Z', 'revision_number': 1} available for tenant
2024-10-18 17:20:32.203 62467 INFO tempest.lib.common.rest_client [req-5465222a-14ed-488d-ab13-1a000d1179a3 req-5465222a-14ed-488d-ab13-1a000d1179a3 ] Request (ListImageFiltersTestJSON:setUpClass): 200 GET http://10.180.1.21/compute/v2.1/servers/7c2937c6-e6b7-4716-80fa-5538641bc8dc 0.302s
2024-10-18 17:20:32.209 62467 INFO tempest.common.waiters [-] State transition "BUILD/networking" ==> "BUILD/block_device_mapping" after 59 second wait
2024-10-18 17:20:32.255 62497 INFO tempest.lib.common.rest_client [req-7c8c7577-8151-4d8b-8198-699d2cd6e008 req-7c8c7577-8151-4d8b-8198-699d2cd6e008 ] Request (ImagesNegativeTestJSON:test_create_image_from_deleted_server): 200 GET http://10.180.1.21/compute/v2.1/servers/a93e681e-1cb1-4025-8725-4c6664d78c96 0.344s
2024-10-18 17:20:32.261 62465 INFO tempest.lib.common.rest_client [req-f5616ca7-bf3a-4e15-91ee-638996f50408 req-f5616ca7-bf3a-4e15-91ee-638996f50408 ] Request (ListServerFiltersTestJSON:setUpClass): 202 POST http://10.180.1.21/compute/v2.1/servers 0.411s
2024-10-18 17:20:32.312 62505 INFO tempest.lib.common.rest_client [req-427a0044-db9a-4d26-86a4-8bebdc9668b7 req-427a0044-db9a-4d26-86a4-8bebdc9668b7 ] Request (AttachVolumeShelveTestJSON:test_attach_volume_shelved_or_offload_server): 200 GET http://10.180.1.21/compute/v2.1/servers/85dbaf67-049c-4a90-a3dc-67e2decc1dbf 0.349s
2024-10-18 17:20:32.324 62471 INFO tempest.lib.common.rest_client [req-89b34d18-6235-46c8-9d9a-5e585c8569da req-89b34d18-6235-46c8-9d9a-5e585c8569da ] Request (FloatingIPsAssociationTestJSON:setUpClass): 200 GET http://10.180.1.21/compute/v2.1/servers/e7439426-722a-4420-8607-903cf96dff06 0.359s
2024-10-18 17:20:32.381 62451 INFO tempest.lib.common.rest_client [req-ebbaa57a-34b3-452b-95f2-3514649304a0 req-ebbaa57a-34b3-452b-95f2-3514649304a0 ] Request (ServersAdminTestJSON:setUpClass): 200 GET http://10.180.1.21/compute/v2.1/servers/c979d105-12b7-485c-a136-55ffad02fe67 0.376s
2024-10-18 17:20:32.382 62453 INFO tempest.lib.common.rest_client [req-855a5160-d87b-446a-8774-068d7bf03150 req-855a5160-d87b-446a-8774-068d7bf03150 ] Request (ServerActionsTestJSON:setUpClass): 200 GET http://10.180.1.21/compute/v2.1/servers/2d1b59b1-504c-487f-93ac-642c490d6546 0.367s
2024-10-18 17:20:32.447 62509 INFO tempest.lib.common.rest_client [req-deef0915-4aef-4d1b-80f9-62b98f0488de req-deef0915-4aef-4d1b-80f9-62b98f0488de ] Request (ServerDiskConfigTestJSON:test_rebuild_server_with_auto_disk_config): 200 GET http://10.180.1.21/compute/v2.1/servers/30cf9ebc-daab-42d3-9e7d-cb4d2cb55bf5 0.339s
2024-10-18 17:20:32.451 62457 INFO tempest.lib.common.rest_client [req-69404206-4fe3-47c9-af5f-f937f35ae03a req-69404206-4fe3-47c9-af5f-f937f35ae03a ] Request (ServersTestBootFromVolume:setUpClass): 200 GET http://10.180.1.21/compute/v2.1/servers/66c5f446-91e5-4de1-abb6-f06a0a36020d 0.399s
2024-10-18 17:20:32.512 62499 INFO tempest.lib.common.rest_client [req-26728405-2aab-4b9d-a4bc-da7737ab06a0 req-26728405-2aab-4b9d-a4bc-da7737ab06a0 ] Request (ImagesOneServerTestJSON:setUpClass): 200 GET http://10.180.1.21/compute/v2.1/servers/2f9deec0-e0ad-4cb4-9868-9aa53cdf602d 0.333s
2024-10-18 17:20:32.573 62477 INFO tempest.lib.common.rest_client [req-5e180316-8808-49ea-a80c-e810f84e5396 req-5e180316-8808-49ea-a80c-e810f84e5396 ] Request (InstanceActionsTestJSON:setUpClass): 200 GET http://10.180.1.21/compute/v2.1/servers/a499452b-9d48-4022-8d4c-0c66c6dde9ba 0.335s
2024-10-18 17:20:32.579 62477 INFO tempest.common.waiters [-] State transition "BUILD/scheduling" ==> "ERROR/None" after 70 second wait
2024-10-18 17:20:32.612 62465 INFO tempest.lib.common.rest_client [req-e9d344e5-3c98-4dd7-90ca-3b8094a876dd req-e9d344e5-3c98-4dd7-90ca-3b8094a876dd ] Request (ListServerFiltersTestJSON:setUpClass): 200 GET http://10.180.1.21/compute/v2.1/servers/2fabe67e-f3af-4dc7-bf07-f320f1e6e7e3 0.348s
2024-10-18 17:20:32.664 62513 INFO tempest.lib.common.rest_client [req-6543f343-0aa4-40cf-b76d-11fa08a3434f req-6543f343-0aa4-40cf-b76d-11fa08a3434f ] Request (ServersTestMultiNic:test_verify_multiple_nics_order): 200 GET http://10.180.1.21/compute/v2.1/servers/b4a7ff58-0f48-4942-a270-de6910ff0c0c 0.375s
2024-10-18 17:20:32.722 62459 INFO tempest.lib.common.rest_client [req-dd494474-afb0-44f7-9ac3-457ccc8467e8 req-dd494474-afb0-44f7-9ac3-457ccc8467e8 ] Request (ServersTestFqdnHostnames:test_create_server_with_fqdn_name): 200 GET http://10.180.1.21/compute/v2.1/servers/1586080c-3406-47f0-bbb9-0c50082eaf8d 0.385s
2024-10-18 17:20:32.729 62459 INFO tempest.common.waiters [-] State transition "BUILD/scheduling" ==> "BUILD/None" after 50 second wait
2024-10-18 17:20:32.777 62473 INFO tempest.lib.common.rest_client [req-68c4b197-f8d1-4a6b-af4c-f2a6f4e596cb req-68c4b197-f8d1-4a6b-af4c-f2a6f4e596cb ] Request (AttachInterfacesV270Test:test_create_get_list_interfaces): 200 GET http://10.180.1.21/compute/v2.1/servers/460255fb-6589-481b-9770-0a2b548c6194 0.375s
2024-10-18 17:20:32.838 62461 INFO tempest.lib.common.rest_client [req-479beafa-e1f9-4efc-af6c-6e064eca5d90 req-479beafa-e1f9-4efc-af6c-6e064eca5d90 ] Request (AttachVolumeTestJSON:test_attach_detach_volume): 200 GET http://10.180.1.21/compute/v2.1/servers/cf7b7da2-380e-4a97-b142-0dd9e5ad3c79 0.374s
2024-10-18 17:20:32.868 62491 INFO tempest.lib.common.rest_client [req-35b49efc-51de-47b3-9768-e7a1c9548572 req-35b49efc-51de-47b3-9768-e7a1c9548572 ] Request (ServersNegativeTestMultiTenantJSON:setUpClass): 202 POST http://10.180.1.21/compute/v2.1/servers 0.690s
2024-10-18 17:20:32.894 62475 INFO tempest.lib.common.rest_client [req-b5950a9c-f09f-4a45-b6a5-5984bcc2bbf5 req-b5950a9c-f09f-4a45-b6a5-5984bcc2bbf5 ] Request (ServersTestManualDisk:setUpClass): 200 GET http://10.180.1.21/compute/v2.1/servers/c0c9e61b-ab2b-47dc-997b-570204ab4c3b 0.417s
2024-10-18 17:20:32.944 62455 INFO tempest.lib.common.rest_client [req-84edfe26-a851-451a-8947-caed8d32a548 req-84edfe26-a851-451a-8947-caed8d32a548 ] Request (DeleteServersAdminTestJSON:test_delete_server_while_in_error_state): 200 GET http://10.180.1.21/compute/v2.1/servers/a8105842-1649-495d-b0c4-18ceda62bd57 0.417s
2024-10-18 17:20:33.009 62495 INFO tempest.lib.common.rest_client [req-ba63898b-b159-47a6-8f0c-dec60ed931d9 req-ba63898b-b159-47a6-8f0c-dec60ed931d9 ] Request (ServersAdmin275Test:test_rebuild_update_server_275): 200 GET http://10.180.1.21/compute/v2.1/servers/7651f6d2-1825-46a1-9380-732b50abd3cc 0.418s
2024-10-18 17:20:33.067 62511 INFO tempest.lib.common.rest_client [req-7374dac2-fe4d-4155-ac35-76ba708d3ae2 req-7374dac2-fe4d-4155-ac35-76ba708d3ae2 ] Request (MigrationsAdminTest:test_resize_server_revert_deleted_flavor): 200 GET http://10.180.1.21/compute/v2.1/servers/92d3557c-655f-45d9-ae7d-bbe62567e1e2 0.426s
2024-10-18 17:20:33.105 62477 INFO tempest.lib.common.rest_client [req-08122791-b221-4d18-9f74-21cf9cf0a015 req-08122791-b221-4d18-9f74-21cf9cf0a015 ] Request (InstanceActionsTestJSON:setUpClass): 204 DELETE http://10.180.1.21/compute/v2.1/servers/a499452b-9d48-4022-8d4c-0c66c6dde9ba 0.525s
2024-10-18 17:20:33.136 62507 INFO tempest.lib.common.rest_client [req-8bc9cf22-e66e-4ba7-8745-1adbfa6f3c77 req-8bc9cf22-e66e-4ba7-8745-1adbfa6f3c77 ] Request (ServersTestJSON:setUpClass): 200 GET http://10.180.1.21/compute/v2.1/servers/4c98c21e-2918-4b55-b2b5-db14630a36ef 0.433s
2024-10-18 17:20:33.157 62483 INFO tempest.lib.common.rest_client [req-c06311aa-59a7-4097-95e3-314fa009bb25 req-c06311aa-59a7-4097-95e3-314fa009bb25 ] Request (ServersV294TestFqdnHostnames:setUpClass): 200 GET http://10.180.1.21/compute/v2.1/servers/97d1d9c9-214f-4573-9efa-3254ea3f2ee0 0.385s
2024-10-18 17:20:33.188 62479 INFO tempest.lib.common.rest_client [req-bb88a0b6-4726-461c-8aef-da7003b0b08e req-bb88a0b6-4726-461c-8aef-da7003b0b08e ] Request (DeleteServersTestJSON:test_delete_server_while_in_attached_volume): 200 GET http://10.180.1.21/compute/v2.1/servers/0d80665a-c881-454a-90c7-96348e7fab74 0.361s
2024-10-18 17:20:33.194 62491 INFO tempest.lib.common.rest_client [req-2058d2ed-2f36-4f2f-bd55-82fe0bc78d92 req-2058d2ed-2f36-4f2f-bd55-82fe0bc78d92 ] Request (ServersNegativeTestMultiTenantJSON:setUpClass): 200 GET http://10.180.1.21/compute/v2.1/servers/df927c0c-b742-4451-9439-60ea63287b99 0.324s
2024-10-18 17:20:33.242 62503 INFO tempest.lib.common.rest_client [req-2e01e7e2-8812-422c-9a35-5a8be8c458a3 req-2e01e7e2-8812-422c-9a35-5a8be8c458a3 ] Request (ServersWithSpecificFlavorTestJSON:test_verify_created_server_ephemeral_disk): 200 GET http://10.180.1.21/compute/v2.1/servers/448b8246-8d41-4154-bb99-b3c66d8e9475 0.371s
2024-10-18 17:20:33.248 62481 INFO tempest.lib.common.rest_client [req-0f82aa4d-f8f6-4d43-bed5-56585767b8a1 req-0f82aa4d-f8f6-4d43-bed5-56585767b8a1 ] Request (TenantUsagesTestJSON:setUpClass): 200 GET http://10.180.1.21/compute/v2.1/servers/5e812408-6f27-4b52-9564-4063f4526340 0.361s
2024-10-18 17:20:33.296 62493 INFO tempest.lib.common.rest_client [req-49766ca5-d82f-4567-a178-2cd7c031b237 req-49766ca5-d82f-4567-a178-2cd7c031b237 ] Request (ImagesOneServerNegativeTestJSON:setUpClass): 200 GET http://10.180.1.21/compute/v2.1/servers/c46a8746-b4b2-46f8-b16a-a7ceb5ff4611 0.357s
2024-10-18 17:20:33.301 62489 INFO tempest.lib.common.rest_client [req-e55d7bee-ee9c-4da6-af2a-38ce3c3a7d18 req-e55d7bee-ee9c-4da6-af2a-38ce3c3a7d18 ] Request (MultipleCreateTestJSON:test_multiple_create): 200 GET http://10.180.1.21/compute/v2.1/servers/96694bb9-fbf2-4b71-9cb5-37f81b634992 0.357s
