2024-10-18 17:20:16.912 62487 INFO tempest.lib.common.rest_client [req-293f2b7f-e6bf-4356-ab2b-0071505f603b req-293f2b7f-e6bf-4356-ab2b-0071505f603b ] Request (FloatingIPDetailsTestJSON:_run_cleanups): 202 DELETE http://10.180.1.21/compute/v2.1/os-floating-ips/e317b189-c7e5-4e71-9795-a725fbe66281 0.649s
2024-10-18 17:20:16.961 62463 INFO tempest.lib.common.rest_client [req-2262284a-7259-4dd2-872a-4462fefb99ef req-2262284a-7259-4dd2-872a-4462fefb99ef ] Request (ListImagesTestJSON:tearDownClass): 204 DELETE http://10.180.1.21/identity/v3/projects/07111cf223c24507aaf3d5af3e11a394 0.075s
2024-10-18 17:20:16.961 62511 INFO tempest.lib.common.rest_client [req-6c8c8e01-5749-4bae-81fb-2927ec56fef2 req-6c8c8e01-5749-4bae-81fb-2927ec56fef2 ] Request (MigrationsAdminTest:test_resize_server_revert_deleted_flavor): 200 GET http://10.180.1.21/compute/v2.1/servers/92d3557c-655f-45d9-ae7d-bbe62567e1e2 0.358s
2024-10-18 17:20:17.036 62479 INFO tempest.lib.common.rest_client [req-c4c5f8af-2964-4bf0-a659-2eb2fd917676 req-c4c5f8af-2964-4bf0-a659-2eb2fd917676 ] Request (DeleteServersTestJSON:test_delete_server_while_in_attached_volume): 200 GET http://10.180.1.21/compute/v2.1/servers/0d80665a-c881-454a-90c7-96348e7fab74 0.295s
2024-10-18 17:20:17.041 62483 INFO tempest.lib.common.rest_client [req-17a24fec-cade-4c20-9f5f-52bda6dcb9e3 req-17a24fec-cade-4c20-9f5f-52bda6dcb9e3 ] Request (SecurityGroupRulesNegativeTestJSON:test_create_security_group_rule_with_invalid_id): 400 POST http://10.180.1.21/compute/v2.1/os-security-group-rules 0.194s
2024-10-18 17:20:17.089 62503 INFO tempest.lib.common.rest_client [req-9aa2f630-6c92-4cfe-9c1d-bedc633c241f req-9aa2f630-6c92-4cfe-9c1d-bedc633c241f ] Request (ServersWithSpecificFlavorTestJSON:test_verify_created_server_ephemeral_disk): 200 GET http://10.180.1.21/compute/v2.1/servers/448b8246-8d41-4154-bb99-b3c66d8e9475 0.434s
2024-10-18 17:20:17.096 62503 INFO tempest.common.waiters [-] State transition "BUILD/networking" ==> "BUILD/spawning" after 47 second wait
2024-10-18 17:20:17.113 62481 INFO tempest.lib.common.rest_client [req-0d7212ea-bda5-4aa3-94d2-e89bc6380c3b req-0d7212ea-bda5-4aa3-94d2-e89bc6380c3b ] Request (TenantUsagesTestJSON:setUpClass): 200 GET http://10.180.1.21/compute/v2.1/servers/5e812408-6f27-4b52-9564-4063f4526340 0.257s
2024-10-18 17:20:17.134 62457 INFO tempest.lib.common.rest_client [req-f41f21be-f39f-406d-a4c6-56afcf6afd99 req-f41f21be-f39f-406d-a4c6-56afcf6afd99 ] Request (ServersTestBootFromVolume:setUpClass): 200 GET http://10.180.1.21/volume/v3/volumes/e5ff56ef-31a8-40b2-ac62-9668a4116b23 0.034s
2024-10-18 17:20:17.154 62493 INFO tempest.lib.common.rest_client [req-1430c2b8-4c6b-4cf7-9b33-4b791fb0c7a4 req-1430c2b8-4c6b-4cf7-9b33-4b791fb0c7a4 ] Request (ImagesOneServerNegativeTestJSON:setUpClass): 200 GET http://10.180.1.21/compute/v2.1/servers/c46a8746-b4b2-46f8-b16a-a7ceb5ff4611 0.257s
2024-10-18 17:20:17.354 62495 INFO tempest.lib.common.rest_client [req-97c3b2e0-a507-4463-8480-c70e12ce6591 req-97c3b2e0-a507-4463-8480-c70e12ce6591 ] Request (ServersAdmin275Test:test_rebuild_update_server_275): 200 GET http://10.180.1.21/compute/v2.1/servers/7651f6d2-1825-46a1-9380-732b50abd3cc 0.431s
2024-10-18 17:20:17.356 62487 INFO tempest.lib.common.rest_client [req-435ccc26-887e-43b8-ad8a-17ff00cefe45 req-435ccc26-887e-43b8-ad8a-17ff00cefe45 ] Request (FloatingIPDetailsTestJSON:test_list_floating_ips): 200 GET http://10.180.1.21/compute/v2.1/os-floating-ips 0.443s
2024-10-18 17:20:17.409 62489 INFO tempest.lib.common.rest_client [req-8cf1dd67-c62f-491f-b43c-5c47d444c894 req-8cf1dd67-c62f-491f-b43c-5c47d444c894 ] Request (MultipleCreateTestJSON:test_multiple_create): 200 GET http://10.180.1.21/compute/v2.1/servers/96694bb9-fbf2-4b71-9cb5-37f81b634992 0.446s
2024-10-18 17:20:17.409 62485 INFO tempest.lib.common.rest_client [req-e0581fbb-48e8-4496-befd-aac27661b031 req-e0581fbb-48e8-4496-befd-aac27661b031 ] Request (ServerAddressesTestJSON:setUpClass): 200 GET http://10.180.1.21/compute/v2.1/servers/ae5ec212-9dbe-4a11-94a3-8aa4576ca4db 0.432s
2024-10-18 17:20:17.455 62467 INFO tempest.lib.common.rest_client [req-80b71de3-aa88-49a4-84a2-99c721d6afe9 req-80b71de3-aa88-49a4-84a2-99c721d6afe9 ] Request (ListImageFiltersTestJSON:setUpClass): 200 GET http://10.180.1.21/compute/v2.1/servers/7c2937c6-e6b7-4716-80fa-5538641bc8dc 0.443s
2024-10-18 17:20:17.506 62505 INFO tempest.lib.common.rest_client [req-af22cc01-646d-4910-b8de-f47dfec47096 req-af22cc01-646d-4910-b8de-f47dfec47096 ] Request (AttachVolumeShelveTestJSON:test_attach_volume_shelved_or_offload_server): 200 GET http://10.180.1.21/compute/v2.1/servers/85dbaf67-049c-4a90-a3dc-67e2decc1dbf 0.398s
2024-10-18 17:20:17.557 62471 INFO tempest.lib.common.rest_client [req-581fa761-8242-4e31-b1fe-21c1adeac867 req-581fa761-8242-4e31-b1fe-21c1adeac867 ] Request (FloatingIPsAssociationTestJSON:setUpClass): 200 GET http://10.180.1.21/compute/v2.1/servers/e7439426-722a-4420-8607-903cf96dff06 0.383s
2024-10-18 17:20:17.568 62483 INFO tempest.lib.common.rest_client [req-77670edf-5ee7-4f3a-b37a-ed4cb8f9daea req-77670edf-5ee7-4f3a-b37a-ed4cb8f9daea ] Request (SecurityGroupRulesNegativeTestJSON:test_create_security_group_rule_with_invalid_ip_protocol): 200 POST http://10.180.1.21/compute/v2.1/os-security-groups 0.523s
2024-10-18 17:20:17.623 62497 INFO tempest.lib.common.rest_client [req-46b64b5c-cdb4-4b43-b795-25d1a2dc6b64 req-46b64b5c-cdb4-4b43-b795-25d1a2dc6b64 ] Request (ImagesNegativeTestJSON:test_create_image_from_deleted_server): 200 GET http://10.180.1.21/compute/v2.1/servers/a93e681e-1cb1-4025-8725-4c6664d78c96 0.380s
2024-10-18 17:20:17.668 62491 INFO tempest.lib.common.rest_client [req-33864faa-b553-4db4-888a-e5e38be2bb91 req-33864faa-b553-4db4-888a-e5e38be2bb91 ] Request (ServerDiagnosticsV248Test:tearDownClass): 200 GET http://10.180.1.21/compute/v2.1/servers/ddde9ee7-5198-42e5-86b9-f51727dfbf60 0.341s
2024-10-18 17:20:17.679 62451 INFO tempest.lib.common.rest_client [req-4499f5c7-00b7-4125-80f6-934eea00a3b3 req-4499f5c7-00b7-4125-80f6-934eea00a3b3 ] Request (ServersAdminTestJSON:setUpClass): 200 GET http://10.180.1.21/compute/v2.1/servers/c979d105-12b7-485c-a136-55ffad02fe67 0.345s
2024-10-18 17:20:17.736 62499 INFO tempest.lib.common.rest_client [req-66106099-bd4a-4ca1-a5a3-63d0a0c6454c req-66106099-bd4a-4ca1-a5a3-63d0a0c6454c ] Request (ImagesOneServerTestJSON:setUpClass): 200 GET http://10.180.1.21/compute/v2.1/servers/2f9deec0-e0ad-4cb4-9868-9aa53cdf602d 0.361s
2024-10-18 17:20:17.743 62499 INFO tempest.common.waiters [-] State transition "BUILD/None" ==> "BUILD/networking" after 46 second wait
2024-10-18 17:20:17.797 62453 INFO tempest.lib.common.rest_client [req-fe288f46-de19-429b-bb69-2f8316e733af req-fe288f46-de19-429b-bb69-2f8316e733af ] Request (ServerActionsTestJSON:setUpClass): 200 GET http://10.180.1.21/compute/v2.1/servers/2d1b59b1-504c-487f-93ac-642c490d6546 0.409s
2024-10-18 17:20:17.849 62509 INFO tempest.lib.common.rest_client [req-d9d483a4-81c3-41a7-913f-43c712bcafeb req-d9d483a4-81c3-41a7-913f-43c712bcafeb ] Request (ServerDiskConfigTestJSON:test_rebuild_server_with_auto_disk_config): 200 GET http://10.180.1.21/compute/v2.1/servers/30cf9ebc-daab-42d3-9e7d-cb4d2cb55bf5 0.411s
2024-10-18 17:20:17.902 62513 INFO tempest.lib.common.rest_client [req-0ee20be6-14e2-48e1-8215-f6a134e69116 req-0ee20be6-14e2-48e1-8215-f6a134e69116 ] Request (ServersTestMultiNic:test_verify_multiple_nics_order): 200 GET http://10.180.1.21/compute/v2.1/servers/b4a7ff58-0f48-4942-a270-de6910ff0c0c 0.407s
2024-10-18 17:20:17.949 62477 INFO tempest.lib.common.rest_client [req-7236015b-783b-417a-be7a-e27ec6f26522 req-7236015b-783b-417a-be7a-e27ec6f26522 ] Request (InstanceActionsTestJSON:setUpClass): 200 GET http://10.180.1.21/compute/v2.1/servers/a499452b-9d48-4022-8d4c-0c66c6dde9ba 0.402s
2024-10-18 17:20:17.985 62465 INFO tempest.lib.common.rest_client [req-742f32e6-1095-4867-9e61-af60286b351b req-742f32e6-1095-4867-9e61-af60286b351b ] Request (VolumesAssistedSnapshotsTest:tearDownClass): 200 PUT http://10.180.1.21:9696/networking/v2.0/routers/62f5a77e-2237-4333-8362-4dd1e67710c4/remove_router_interface 1.223s
2024-10-18 17:20:18.004 62483 INFO tempest.lib.common.rest_client [req-8caf1f06-06e3-4771-88d5-35606a63bc6c req-8caf1f06-06e3-4771-88d5-35606a63bc6c ] Request (SecurityGroupRulesNegativeTestJSON:test_create_security_group_rule_with_invalid_ip_protocol): 400 POST http://10.180.1.21/compute/v2.1/os-security-group-rules 0.433s
2024-10-18 17:20:18.036 62487 INFO tempest.lib.common.rest_client [req-99fdc225-fa39-4a59-9394-9f9bb9a0991a req-99fdc225-fa39-4a59-9394-9f9bb9a0991a ] Request (FloatingIPDetailsTestJSON:tearDownClass): 202 DELETE http://10.180.1.21/compute/v2.1/os-floating-ips/6c10cc98-35db-4609-8756-8fc08d533e16 0.671s
2024-10-18 17:20:18.070 62473 INFO tempest.lib.common.rest_client [req-a0f814bb-08b4-4145-8af9-ceaeddf83947 req-a0f814bb-08b4-4145-8af9-ceaeddf83947 ] Request (AttachInterfacesV270Test:test_create_get_list_interfaces): 200 GET http://10.180.1.21/compute/v2.1/servers/460255fb-6589-481b-9770-0a2b548c6194 0.481s
2024-10-18 17:20:18.086 62459 INFO tempest.lib.common.rest_client [req-68e3486d-3ca9-424b-a189-1f6559450ec8 req-68e3486d-3ca9-424b-a189-1f6559450ec8 ] Request (ServersTestFqdnHostnames:test_create_server_with_fqdn_name): 200 GET http://10.180.1.21/compute/v2.1/servers/1586080c-3406-47f0-bbb9-0c50082eaf8d 0.438s
2024-10-18 17:20:18.120 62461 INFO tempest.lib.common.rest_client [req-4baec944-2271-44d2-8b0d-5fb88ed61b07 req-4baec944-2271-44d2-8b0d-5fb88ed61b07 ] Request (AttachVolumeTestJSON:test_attach_detach_volume): 200 GET http://10.180.1.21/compute/v2.1/servers/cf7b7da2-380e-4a97-b142-0dd9e5ad3c79 0.411s
2024-10-18 17:20:18.133 62455 INFO tempest.lib.common.rest_client [req-6001322e-5460-4939-9b5c-a4288f7ac165 req-6001322e-5460-4939-9b5c-a4288f7ac165 ] Request (DeleteServersAdminTestJSON:test_delete_server_while_in_error_state): 200 GET http://10.180.1.21/compute/v2.1/servers/a8105842-1649-495d-b0c4-18ceda62bd57 0.375s
2024-10-18 17:20:18.170 62475 INFO tempest.lib.common.rest_client [req-29fca1ce-0af1-4fb8-ae4f-ed0fae643a3d req-29fca1ce-0af1-4fb8-ae4f-ed0fae643a3d ] Request (ServersTestManualDisk:setUpClass): 200 GET http://10.180.1.21/compute/v2.1/servers/c0c9e61b-ab2b-47dc-997b-570204ab4c3b 0.353s
2024-10-18 17:20:18.182 62457 INFO tempest.lib.common.rest_client [req-04fc2702-395b-4150-ac20-317dbf8d701e req-04fc2702-395b-4150-ac20-317dbf8d701e ] Request (ServersTestBootFromVolume:setUpClass): 200 GET http://10.180.1.21/volume/v3/volumes/e5ff56ef-31a8-40b2-ac62-9668a4116b23 0.038s
2024-10-18 17:20:18.196 62507 INFO tempest.lib.common.rest_client [req-b31a2e10-f146-4a4f-b7bc-fd28942dab32 req-b31a2e10-f146-4a4f-b7bc-fd28942dab32 ] Request (ServersTestJSON:setUpClass): 200 GET http://10.180.1.21/compute/v2.1/servers/4c98c21e-2918-4b55-b2b5-db14630a36ef 0.287s
2024-10-18 17:20:18.219 62511 INFO tempest.lib.common.rest_client [req-f728d13e-352d-486d-85e4-bd45f3d0cb07 req-f728d13e-352d-486d-85e4-bd45f3d0cb07 ] Request (MigrationsAdminTest:test_resize_server_revert_deleted_flavor): 200 GET http://10.180.1.21/compute/v2.1/servers/92d3557c-655f-45d9-ae7d-bbe62567e1e2 0.247s
2024-10-18 17:20:18.391 62483 INFO tempest.lib.common.rest_client [req-cc80327c-6e95-44b8-a09e-3def7ba9df05 req-cc80327c-6e95-44b8-a09e-3def7ba9df05 ] Request (SecurityGroupRulesNegativeTestJSON:test_create_security_group_rule_with_invalid_port_range): 200 POST http://10.180.1.21/compute/v2.1/os-security-groups 0.386s
2024-10-18 17:20:18.462 62479 INFO tempest.lib.common.rest_client [req-46e6c780-244a-4560-b4fd-d5c7e853ea3a req-46e6c780-244a-4560-b4fd-d5c7e853ea3a ] Request (DeleteServersTestJSON:test_delete_server_while_in_attached_volume): 200 GET http://10.180.1.21/compute/v2.1/servers/0d80665a-c881-454a-90c7-96348e7fab74 0.417s
2024-10-18 17:20:18.541 62503 INFO tempest.lib.common.rest_client [req-9bb5d2f6-995d-4175-89d5-0a3695684899 req-9bb5d2f6-995d-4175-89d5-0a3695684899 ] Request (ServersWithSpecificFlavorTestJSON:test_verify_created_server_ephemeral_disk): 200 GET http://10.180.1.21/compute/v2.1/servers/448b8246-8d41-4154-bb99-b3c66d8e9475 0.444s
2024-10-18 17:20:18.600 62481 INFO tempest.lib.common.rest_client [req-9e7236a9-101c-4307-9d93-66816bbb08cb req-9e7236a9-101c-4307-9d93-66816bbb08cb ] Request (TenantUsagesTestJSON:setUpClass): 200 GET http://10.180.1.21/compute/v2.1/servers/5e812408-6f27-4b52-9564-4063f4526340 0.480s
2024-10-18 17:20:18.657 62493 INFO tempest.lib.common.rest_client [req-a7079ee6-fc1e-4b17-b270-87e961e7878e req-a7079ee6-fc1e-4b17-b270-87e961e7878e ] Request (ImagesOneServerNegativeTestJSON:setUpClass): 200 GET http://10.180.1.21/compute/v2.1/servers/c46a8746-b4b2-46f8-b16a-a7ceb5ff4611 0.495s
2024-10-18 17:20:18.666 62487 INFO tempest.lib.common.rest_client [req-546e7aba-a579-4c93-a0b6-93e700c1e3a9 req-546e7aba-a579-4c93-a0b6-93e700c1e3a9 ] Request (FloatingIPDetailsTestJSON:tearDownClass): 202 DELETE http://10.180.1.21/compute/v2.1/os-floating-ips/5c417986-8c7b-4193-8fe9-c52292cee3d5 0.629s
2024-10-18 17:20:18.712 62483 INFO tempest.lib.common.rest_client [req-429b7f08-3c5d-49ef-bc42-27e677a35ad6 req-429b7f08-3c5d-49ef-bc42-27e677a35ad6 ] Request (SecurityGroupRulesNegativeTestJSON:test_create_security_group_rule_with_invalid_port_range): 400 POST http://10.180.1.21/compute/v2.1/os-security-group-rules 0.317s
2024-10-18 17:20:18.727 62495 INFO tempest.lib.common.rest_client [req-4b477964-1eba-4c7b-8597-3c6b6f9cf96a req-4b477964-1eba-4c7b-8597-3c6b6f9cf96a ] Request (ServersAdmin275Test:test_rebuild_update_server_275): 200 GET http://10.180.1.21/compute/v2.1/servers/7651f6d2-1825-46a1-9380-732b50abd3cc 0.364s
2024-10-18 17:20:18.748 62465 INFO tempest.lib.common.rest_client [req-d5ebb9c6-5d39-4651-b36c-beee31bbe0cc req-d5ebb9c6-5d39-4651-b36c-beee31bbe0cc ] Request (VolumesAssistedSnapshotsTest:tearDownClass): 204 DELETE http://10.180.1.21:9696/networking/v2.0/routers/62f5a77e-2237-4333-8362-4dd1e67710c4 0.763s
2024-10-18 17:20:18.770 62489 INFO tempest.lib.common.rest_client [req-8254045c-af83-44c1-9582-6741839db373 req-8254045c-af83-44c1-9582-6741839db373 ] Request (MultipleCreateTestJSON:test_multiple_create): 200 GET http://10.180.1.21/compute/v2.1/servers/96694bb9-fbf2-4b71-9cb5-37f81b634992 0.354s
2024-10-18 17:20:18.786 62485 INFO tempest.lib.common.rest_client [req-c246779b-f7bc-4c9c-9f25-b519f00d1c54 req-c246779b-f7bc-4c9c-9f25-b519f00d1c54 ] Request (ServerAddressesTestJSON:setUpClass): 200 GET http://10.180.1.21/compute/v2.1/servers/ae5ec212-9dbe-4a11-94a3-8aa4576ca4db 0.366s
2024-10-18 17:20:18.848 62467 INFO tempest.lib.common.rest_client [req-fe9b7815-f184-4379-9631-03e99c24ddef req-fe9b7815-f184-4379-9631-03e99c24ddef ] Request (ListImageFiltersTestJSON:setUpClass): 200 GET http://10.180.1.21/compute/v2.1/servers/7c2937c6-e6b7-4716-80fa-5538641bc8dc 0.382s
2024-10-18 17:20:18.868 62505 INFO tempest.lib.common.rest_client [req-d4d0aa51-834f-44e0-8967-2ec07717b4b5 req-d4d0aa51-834f-44e0-8967-2ec07717b4b5 ] Request (AttachVolumeShelveTestJSON:test_attach_volume_shelved_or_offload_server): 200 GET http://10.180.1.21/compute/v2.1/servers/85dbaf67-049c-4a90-a3dc-67e2decc1dbf 0.353s
2024-10-18 17:20:18.909 62471 INFO tempest.lib.common.rest_client [req-5353941d-4109-4b10-a7ea-e21383e05fca req-5353941d-4109-4b10-a7ea-e21383e05fca ] Request (FloatingIPsAssociationTestJSON:setUpClass): 200 GET http://10.180.1.21/compute/v2.1/servers/e7439426-722a-4420-8607-903cf96dff06 0.340s
2024-10-18 17:20:18.913 62497 INFO tempest.lib.common.rest_client [req-41016af9-97b7-4ff9-909c-6c9f471cb3b4 req-41016af9-97b7-4ff9-909c-6c9f471cb3b4 ] Request (ImagesNegativeTestJSON:test_create_image_from_deleted_server): 200 GET http://10.180.1.21/compute/v2.1/servers/a93e681e-1cb1-4025-8725-4c6664d78c96 0.282s
2024-10-18 17:20:18.938 62465 INFO tempest.lib.common.rest_client [req-7cfb3303-b877-41ee-8ed2-e1418b07d9b4 req-7cfb3303-b877-41ee-8ed2-e1418b07d9b4 ] Request (VolumesAssistedSnapshotsTest:tearDownClass): 204 DELETE http://10.180.1.21:9696/networking/v2.0/subnets/f7cae0cd-8244-447d-a35d-6047aacac2a3 0.190s
2024-10-18 17:20:18.984 62491 INFO tempest.lib.common.rest_client [req-1e2950d8-baf0-4d25-a59b-6bcfb797c814 req-1e2950d8-baf0-4d25-a59b-6bcfb797c814 ] Request (ServerDiagnosticsV248Test:tearDownClass): 200 GET http://10.180.1.21/compute/v2.1/servers/ddde9ee7-5198-42e5-86b9-f51727dfbf60 0.301s
2024-10-18 17:20:19.037 62451 INFO tempest.lib.common.rest_client [req-e74a1fac-fe72-48d5-a98f-fb1878a45632 req-e74a1fac-fe72-48d5-a98f-fb1878a45632 ] Request (ServersAdminTestJSON:setUpClass): 200 GET http://10.180.1.21/compute/v2.1/servers/c979d105-12b7-485c-a136-55ffad02fe67 0.349s
2024-10-18 17:20:19.220 62457 INFO tempest.lib.common.rest_client [req-883e888b-c8a0-4126-92aa-a286bee33099 req-883e888b-c8a0-4126-92aa-a286bee33099 ] Request (ServersTestBootFromVolume:setUpClass): 200 GET http://10.180.1.21/volume/v3/volumes/e5ff56ef-31a8-40b2-ac62-9668a4116b23 0.031s
2024-10-18 17:20:19.221 62483 INFO tempest.lib.common.rest_client [req-9439acfd-c3c4-49c1-a23c-18c7c2df5294 req-9439acfd-c3c4-49c1-a23c-18c7c2df5294 ] Request (SecurityGroupRulesNegativeTestJSON:test_create_security_group_rule_with_invalid_to_port): 200 POST http://10.180.1.21/compute/v2.1/os-security-groups 0.508s
2024-10-18 17:20:19.230 62457 INFO tempest.common.waiters [-] volume e5ff56ef-31a8-40b2-ac62-9668a4116b23 reached available after waiting for 19.230271 seconds
2024-10-18 17:20:19.302 62465 INFO tempest.lib.common.rest_client [req-b55207e5-a90a-4288-b7d9-860397b4bbd3 req-b55207e5-a90a-4288-b7d9-860397b4bbd3 ] Request (VolumesAssistedSnapshotsTest:tearDownClass): 204 DELETE http://10.180.1.21:9696/networking/v2.0/networks/a92a26c2-5988-47f1-b3de-e164218e5988 0.363s
2024-10-18 17:20:19.331 62487 INFO tempest.lib.common.rest_client [req-967d65f1-183d-49c9-adae-2c3e94d45cad req-967d65f1-183d-49c9-adae-2c3e94d45cad ] Request (FloatingIPDetailsTestJSON:tearDownClass): 202 DELETE http://10.180.1.21/compute/v2.1/os-floating-ips/7355420c-38e8-4645-95a5-e813b911e201 0.664s
2024-10-18 17:20:19.395 62453 INFO tempest.lib.common.rest_client [req-dd9577eb-9bfc-47cb-9038-a4beadb466a4 req-dd9577eb-9bfc-47cb-9038-a4beadb466a4 ] Request (ServerActionsTestJSON:setUpClass): 200 GET http://10.180.1.21/compute/v2.1/servers/2d1b59b1-504c-487f-93ac-642c490d6546 0.590s
2024-10-18 17:20:19.416 62499 INFO tempest.lib.common.rest_client [req-85bf7595-8f81-4ada-95fe-54ee4ee7cb20 req-85bf7595-8f81-4ada-95fe-54ee4ee7cb20 ] Request (ImagesOneServerTestJSON:setUpClass): 200 GET http://10.180.1.21/compute/v2.1/servers/2f9deec0-e0ad-4cb4-9868-9aa53cdf602d 0.672s
2024-10-18 17:20:19.423 62499 INFO tempest.common.waiters [-] State transition "BUILD/networking" ==> "BUILD/spawning" after 48 second wait
2024-10-18 17:20:19.466 62509 INFO tempest.lib.common.rest_client [req-8e0e0b10-fd1c-49d5-8a32-a1568d138b53 req-8e0e0b10-fd1c-49d5-8a32-a1568d138b53 ] Request (ServerDiskConfigTestJSON:test_rebuild_server_with_auto_disk_config): 200 GET http://10.180.1.21/compute/v2.1/servers/30cf9ebc-daab-42d3-9e7d-cb4d2cb55bf5 0.602s
2024-10-18 17:20:19.476 62513 INFO tempest.lib.common.rest_client [req-8b9494d8-ef42-454f-af61-4478437ce7db req-8b9494d8-ef42-454f-af61-4478437ce7db ] Request (ServersTestMultiNic:test_verify_multiple_nics_order): 200 GET http://10.180.1.21/compute/v2.1/servers/b4a7ff58-0f48-4942-a270-de6910ff0c0c 0.563s
2024-10-18 17:20:19.525 62477 INFO tempest.lib.common.rest_client [req-99e048ed-eaa4-480f-bf76-0c7f1b463b51 req-99e048ed-eaa4-480f-bf76-0c7f1b463b51 ] Request (InstanceActionsTestJSON:setUpClass): 200 GET http://10.180.1.21/compute/v2.1/servers/a499452b-9d48-4022-8d4c-0c66c6dde9ba 0.568s
2024-10-18 17:20:19.534 62473 INFO tempest.lib.common.rest_client [req-4ee3a604-f3a4-4b02-bf11-e230d2cfdf4a req-4ee3a604-f3a4-4b02-bf11-e230d2cfdf4a ] Request (AttachInterfacesV270Test:test_create_get_list_interfaces): 200 GET http://10.180.1.21/compute/v2.1/servers/460255fb-6589-481b-9770-0a2b548c6194 0.452s
2024-10-18 17:20:19.579 62459 INFO tempest.lib.common.rest_client [req-dfb7cf4e-0f02-41ce-9d7c-466f328e4f7e req-dfb7cf4e-0f02-41ce-9d7c-466f328e4f7e ] Request (ServersTestFqdnHostnames:test_create_server_with_fqdn_name): 200 GET http://10.180.1.21/compute/v2.1/servers/1586080c-3406-47f0-bbb9-0c50082eaf8d 0.483s
2024-10-18 17:20:19.606 62461 INFO tempest.lib.common.rest_client [req-5dd97350-bdc9-407b-beef-27e666c9c9eb req-5dd97350-bdc9-407b-beef-27e666c9c9eb ] Request (AttachVolumeTestJSON:test_attach_detach_volume): 200 GET http://10.180.1.21/compute/v2.1/servers/cf7b7da2-380e-4a97-b142-0dd9e5ad3c79 0.479s
2024-10-18 17:20:19.639 62455 INFO tempest.lib.common.rest_client [req-074c017e-cae5-4030-9f0a-533d7b7215f9 req-074c017e-cae5-4030-9f0a-533d7b7215f9 ] Request (DeleteServersAdminTestJSON:test_delete_server_while_in_error_state): 200 GET http://10.180.1.21/compute/v2.1/servers/a8105842-1649-495d-b0c4-18ceda62bd57 0.495s
2024-10-18 17:20:19.669 62475 INFO tempest.lib.common.rest_client [req-39b42077-e30e-46ec-84e2-226142304784 req-39b42077-e30e-46ec-84e2-226142304784 ] Request (ServersTestManualDisk:setUpClass): 200 GET http://10.180.1.21/compute/v2.1/servers/c0c9e61b-ab2b-47dc-997b-570204ab4c3b 0.491s
2024-10-18 17:20:19.710 62507 INFO tempest.lib.common.rest_client [req-4d4d10ec-1959-4c2e-998d-3b7bc8b30de6 req-4d4d10ec-1959-4c2e-998d-3b7bc8b30de6 ] Request (ServersTestJSON:setUpClass): 200 GET http://10.180.1.21/compute/v2.1/servers/4c98c21e-2918-4b55-b2b5-db14630a36ef 0.508s
2024-10-18 17:20:19.726 62483 INFO tempest.lib.common.rest_client [req-f04d7b6e-a128-4556-9825-221c293c7c64 req-f04d7b6e-a128-4556-9825-221c293c7c64 ] Request (SecurityGroupRulesNegativeTestJSON:test_create_security_group_rule_with_invalid_to_port): 400 POST http://10.180.1.21/compute/v2.1/os-security-group-rules 0.502s
2024-10-18 17:20:19.758 62511 INFO tempest.lib.common.rest_client [req-052f9699-1d92-4ba8-ab14-70ce9503d68b req-052f9699-1d92-4ba8-ab14-70ce9503d68b ] Request (MigrationsAdminTest:test_resize_server_revert_deleted_flavor): 200 GET http://10.180.1.21/compute/v2.1/servers/92d3557c-655f-45d9-ae7d-bbe62567e1e2 0.531s
2024-10-18 17:20:19.821 62479 INFO tempest.lib.common.rest_client [req-ed582494-c967-459d-935d-77823b57d59e req-ed582494-c967-459d-935d-77823b57d59e ] Request (DeleteServersTestJSON:test_delete_server_while_in_attached_volume): 200 GET http://10.180.1.21/compute/v2.1/servers/0d80665a-c881-454a-90c7-96348e7fab74 0.352s
2024-10-18 17:20:19.895 62503 INFO tempest.lib.common.rest_client [req-dbd8596d-3257-4894-88d1-6408a5425855 req-dbd8596d-3257-4894-88d1-6408a5425855 ] Request (ServersWithSpecificFlavorTestJSON:test_verify_created_server_ephemeral_disk): 200 GET http://10.180.1.21/compute/v2.1/servers/448b8246-8d41-4154-bb99-b3c66d8e9475 0.344s
2024-10-18 17:20:19.979 62481 INFO tempest.lib.common.rest_client [req-a0f28964-3bda-4e09-97d4-066fc0bbfc7d req-a0f28964-3bda-4e09-97d4-066fc0bbfc7d ] Request (TenantUsagesTestJSON:setUpClass): 200 GET http://10.180.1.21/compute/v2.1/servers/5e812408-6f27-4b52-9564-4063f4526340 0.369s
2024-10-18 17:20:20.053 62493 INFO tempest.lib.common.rest_client [req-254ef6a7-2c03-466f-ba58-8457be5c8396 req-254ef6a7-2c03-466f-ba58-8457be5c8396 ] Request (ImagesOneServerNegativeTestJSON:setUpClass): 200 GET http://10.180.1.21/compute/v2.1/servers/c46a8746-b4b2-46f8-b16a-a7ceb5ff4611 0.385s
2024-10-18 17:20:20.083 62483 INFO tempest.lib.common.rest_client [req-bfb3fd7f-9517-4c75-ac4b-d13809db4648 req-bfb3fd7f-9517-4c75-ac4b-d13809db4648 ] Request (SecurityGroupRulesNegativeTestJSON:test_create_security_group_rule_with_non_existent_id): 404 POST http://10.180.1.21/compute/v2.1/os-security-group-rules 0.356s
2024-10-18 17:20:20.154 62495 INFO tempest.lib.common.rest_client [req-6d565eca-c66d-42b6-859d-19a42a5174fe req-6d565eca-c66d-42b6-859d-19a42a5174fe ] Request (ServersAdmin275Test:test_rebuild_update_server_275): 200 GET http://10.180.1.21/compute/v2.1/servers/7651f6d2-1825-46a1-9380-732b50abd3cc 0.415s
2024-10-18 17:20:20.164 62495 INFO tempest.common.waiters [-] State transition "BUILD/None" ==> "BUILD/networking" after 47 second wait
2024-10-18 17:20:20.219 62489 INFO tempest.lib.common.rest_client [req-f35d828a-80fc-46ea-b40c-e0457a5cd29f req-f35d828a-80fc-46ea-b40c-e0457a5cd29f ] Request (MultipleCreateTestJSON:test_multiple_create): 200 GET http://10.180.1.21/compute/v2.1/servers/96694bb9-fbf2-4b71-9cb5-37f81b634992 0.439s
2024-10-18 17:20:20.278 62485 INFO tempest.lib.common.rest_client [req-08c77ea5-96e4-4ceb-957a-ff6c941ea62c req-08c77ea5-96e4-4ceb-957a-ff6c941ea62c ] Request (ServerAddressesTestJSON:setUpClass): 200 GET http://10.180.1.21/compute/v2.1/servers/ae5ec212-9dbe-4a11-94a3-8aa4576ca4db 0.480s
2024-10-18 17:20:20.330 62467 INFO tempest.lib.common.rest_client [req-d26acfd2-a8b9-4d95-b71e-948375a0e97a req-d26acfd2-a8b9-4d95-b71e-948375a0e97a ] Request (ListImageFiltersTestJSON:setUpClass): 200 GET http://10.180.1.21/compute/v2.1/servers/7c2937c6-e6b7-4716-80fa-5538641bc8dc 0.476s
2024-10-18 17:20:20.408 62457 INFO tempest.lib.common.rest_client [req-a8dbe924-68e7-4333-9bd5-06e7528f2492 req-a8dbe924-68e7-4333-9bd5-06e7528f2492 ] Request (ServersTestBootFromVolume:setUpClass): 202 POST http://10.180.1.21/compute/v2.1/servers 1.178s
2024-10-18 17:20:20.449 62465 INFO tempest.lib.common.rest_client [req-597f015d-a1ad-457b-a153-d70ef71d21fd req-597f015d-a1ad-457b-a153-d70ef71d21fd ] Request (VolumesAssistedSnapshotsTest:tearDownClass): 200 PUT http://10.180.1.21:9696/networking/v2.0/routers/9099dec7-d58c-4bbc-a4ea-a6ad30fadefc/remove_router_interface 1.147s
2024-10-18 17:20:20.521 62497 INFO tempest.lib.common.rest_client [req-1e2dd04a-db92-41d2-9e5c-b43d2b0ef93a req-1e2dd04a-db92-41d2-9e5c-b43d2b0ef93a ] Request (ImagesNegativeTestJSON:test_create_image_from_deleted_server): 200 GET http://10.180.1.21/compute/v2.1/servers/a93e681e-1cb1-4025-8725-4c6664d78c96 0.602s
2024-10-18 17:20:20.530 62505 INFO tempest.lib.common.rest_client [req-6c7b2e8e-29bc-4e36-8a8a-de41cd7f2ecd req-6c7b2e8e-29bc-4e36-8a8a-de41cd7f2ecd ] Request (AttachVolumeShelveTestJSON:test_attach_volume_shelved_or_offload_server): 200 GET http://10.180.1.21/compute/v2.1/servers/85dbaf67-049c-4a90-a3dc-67e2decc1dbf 0.649s
2024-10-18 17:20:20.537 62487 INFO tempest.lib.common.rest_client [req-b0bd7666-94aa-479a-b610-9c94bed320a9 req-b0bd7666-94aa-479a-b610-9c94bed320a9 ] Request (FloatingIPDetailsTestJSON:tearDownClass): 200 PUT http://10.180.1.21:9696/networking/v2.0/routers/cb4d1089-cf9e-46d6-ac03-3091a6e57a69/remove_router_interface 1.206s
2024-10-18 17:20:20.577 62471 INFO tempest.lib.common.rest_client [req-cc2e4976-d16d-4a2e-88ee-95b5abdf1212 req-cc2e4976-d16d-4a2e-88ee-95b5abdf1212 ] Request (FloatingIPsAssociationTestJSON:setUpClass): 200 GET http://10.180.1.21/compute/v2.1/servers/e7439426-722a-4420-8607-903cf96dff06 0.657s
2024-10-18 17:20:20.609 62491 INFO tempest.lib.common.rest_client [req-09de8260-3f01-4c61-80ed-59b936d32bab req-09de8260-3f01-4c61-80ed-59b936d32bab ] Request (ServerDiagnosticsV248Test:tearDownClass): 200 GET http://10.180.1.21/compute/v2.1/servers/ddde9ee7-5198-42e5-86b9-f51727dfbf60 0.611s
2024-10-18 17:20:20.631 62451 INFO tempest.lib.common.rest_client [req-d27341ff-52be-49b2-87ac-1fee750cd519 req-d27341ff-52be-49b2-87ac-1fee750cd519 ] Request (ServersAdminTestJSON:setUpClass): 200 GET http://10.180.1.21/compute/v2.1/servers/c979d105-12b7-485c-a136-55ffad02fe67 0.582s
2024-10-18 17:20:20.634 62483 INFO tempest.lib.common.rest_client [req-88dda969-a275-4eff-8325-817712bd1838 req-88dda969-a275-4eff-8325-817712bd1838 ] Request (SecurityGroupRulesNegativeTestJSON:test_delete_security_group_rule_with_non_existent_id): 404 DELETE http://10.180.1.21/compute/v2.1/os-security-group-rules/038a3430-91bc-40cb-b90f-e374fe85b427 0.549s
2024-10-18 17:20:20.692 62457 INFO tempest.lib.common.rest_client [req-3de33843-2b9b-4f70-b614-8ef7c35a9f65 req-3de33843-2b9b-4f70-b614-8ef7c35a9f65 ] Request (ServersTestBootFromVolume:setUpClass): 200 GET http://10.180.1.21/compute/v2.1/servers/66c5f446-91e5-4de1-abb6-f06a0a36020d 0.283s
2024-10-18 17:20:20.693 62453 INFO tempest.lib.common.rest_client [req-9c43a464-487b-435c-9bd1-64a8ddc29199 req-9c43a464-487b-435c-9bd1-64a8ddc29199 ] Request (ServerActionsTestJSON:setUpClass): 200 GET http://10.180.1.21/compute/v2.1/servers/2d1b59b1-504c-487f-93ac-642c490d6546 0.291s
2024-10-18 17:20:20.760 62499 INFO tempest.lib.common.rest_client [req-9a75873a-fb18-4d67-b387-90032229eba2 req-9a75873a-fb18-4d67-b387-90032229eba2 ] Request (ImagesOneServerTestJSON:setUpClass): 200 GET http://10.180.1.21/compute/v2.1/servers/2f9deec0-e0ad-4cb4-9868-9aa53cdf602d 0.336s
2024-10-18 17:20:20.770 62509 INFO tempest.lib.common.rest_client [req-ccee6e97-eb81-4337-83ed-4339aafa76d3 req-ccee6e97-eb81-4337-83ed-4339aafa76d3 ] Request (ServerDiskConfigTestJSON:test_rebuild_server_with_auto_disk_config): 200 GET http://10.180.1.21/compute/v2.1/servers/30cf9ebc-daab-42d3-9e7d-cb4d2cb55bf5 0.291s
2024-10-18 17:20:20.820 62513 INFO tempest.lib.common.rest_client [req-6fbff1ce-552b-490b-be63-dc443cf547bf req-6fbff1ce-552b-490b-be63-dc443cf547bf ] Request (ServersTestMultiNic:test_verify_multiple_nics_order): 200 GET http://10.180.1.21/compute/v2.1/servers/b4a7ff58-0f48-4942-a270-de6910ff0c0c 0.335s
2024-10-18 17:20:20.824 62477 INFO tempest.lib.common.rest_client [req-9241d99f-ba59-4349-b249-30119eaf1340 req-9241d99f-ba59-4349-b249-30119eaf1340 ] Request (InstanceActionsTestJSON:setUpClass): 200 GET http://10.180.1.21/compute/v2.1/servers/a499452b-9d48-4022-8d4c-0c66c6dde9ba 0.292s
2024-10-18 17:20:20.861 62465 INFO tempest.lib.common.rest_client [req-7e3b24cd-282f-4f46-b1ef-91d7f5ac4306 req-7e3b24cd-282f-4f46-b1ef-91d7f5ac4306 ] Request (VolumesAssistedSnapshotsTest:tearDownClass): 204 DELETE http://10.180.1.21:9696/networking/v2.0/routers/9099dec7-d58c-4bbc-a4ea-a6ad30fadefc 0.411s
2024-10-18 17:20:20.887 62473 INFO tempest.lib.common.rest_client [req-34d9504d-8ad1-4650-af7d-b6bd89d02d56 req-34d9504d-8ad1-4650-af7d-b6bd89d02d56 ] Request (AttachInterfacesV270Test:test_create_get_list_interfaces): 200 GET http://10.180.1.21/compute/v2.1/servers/460255fb-6589-481b-9770-0a2b548c6194 0.338s
2024-10-18 17:20:20.888 62459 INFO tempest.lib.common.rest_client [req-b8723203-6099-4742-a97c-c85aa5e67e6f req-b8723203-6099-4742-a97c-c85aa5e67e6f ] Request (ServersTestFqdnHostnames:test_create_server_with_fqdn_name): 200 GET http://10.180.1.21/compute/v2.1/servers/1586080c-3406-47f0-bbb9-0c50082eaf8d 0.301s
2024-10-18 17:20:20.938 62461 INFO tempest.lib.common.rest_client [req-54695d0e-2e31-43b0-b4ce-c699eb14793c req-54695d0e-2e31-43b0-b4ce-c699eb14793c ] Request (AttachVolumeTestJSON:test_attach_detach_volume): 200 GET http://10.180.1.21/compute/v2.1/servers/cf7b7da2-380e-4a97-b142-0dd9e5ad3c79 0.324s
2024-10-18 17:20:21.014 62465 INFO tempest.lib.common.rest_client [req-2561d168-5807-4516-90be-3a4c20be3c35 req-2561d168-5807-4516-90be-3a4c20be3c35 ] Request (VolumesAssistedSnapshotsTest:tearDownClass): 204 DELETE http://10.180.1.21:9696/networking/v2.0/subnets/2595f105-2ddf-4d44-84eb-7d9dbdc8c09c 0.153s
2024-10-18 17:20:21.107 62483 INFO tempest.lib.common.rest_client [req-e1ee6aa9-0e4d-4663-a240-2c0a133c04ed req-e1ee6aa9-0e4d-4663-a240-2c0a133c04ed ] Request (SecurityGroupRulesNegativeTestJSON:tearDownClass): 202 DELETE http://10.180.1.21/compute/v2.1/os-security-groups/faf6999d-a663-4232-af8e-5ce23b533294 0.469s
2024-10-18 17:20:21.173 62487 INFO tempest.lib.common.rest_client [req-bc3f1805-3461-4acb-8ed7-691ea14ced14 req-bc3f1805-3461-4acb-8ed7-691ea14ced14 ] Request (FloatingIPDetailsTestJSON:tearDownClass): 204 DELETE http://10.180.1.21:9696/networking/v2.0/routers/cb4d1089-cf9e-46d6-ac03-3091a6e57a69 0.635s
2024-10-18 17:20:21.188 62475 INFO tempest.lib.common.rest_client [req-b2d2cfc1-8956-493a-9773-89bce376667e req-b2d2cfc1-8956-493a-9773-89bce376667e ] Request (ServersTestManualDisk:setUpClass): 200 GET http://10.180.1.21/compute/v2.1/servers/c0c9e61b-ab2b-47dc-997b-570204ab4c3b 0.512s
2024-10-18 17:20:21.197 62455 INFO tempest.lib.common.rest_client [req-c82158ab-dc8c-4e46-a286-7887ec11878c req-c82158ab-dc8c-4e46-a286-7887ec11878c ] Request (DeleteServersAdminTestJSON:test_delete_server_while_in_error_state): 200 GET http://10.180.1.21/compute/v2.1/servers/a8105842-1649-495d-b0c4-18ceda62bd57 0.551s
2024-10-18 17:20:21.256 62511 INFO tempest.lib.common.rest_client [req-6d20efa9-d3b9-44a4-8bc9-e2f8da240ee9 req-6d20efa9-d3b9-44a4-8bc9-e2f8da240ee9 ] Request (MigrationsAdminTest:test_resize_server_revert_deleted_flavor): 200 GET http://10.180.1.21/compute/v2.1/servers/92d3557c-655f-45d9-ae7d-bbe62567e1e2 0.488s
2024-10-18 17:20:21.259 62507 INFO tempest.lib.common.rest_client [req-fcb45784-3bd9-4b94-a117-e2419ef0402a req-fcb45784-3bd9-4b94-a117-e2419ef0402a ] Request (ServersTestJSON:setUpClass): 200 GET http://10.180.1.21/compute/v2.1/servers/4c98c21e-2918-4b55-b2b5-db14630a36ef 0.541s
2024-10-18 17:20:21.288 62487 INFO tempest.lib.common.rest_client [req-a2126060-e99d-494d-b01d-41d8300006ca req-a2126060-e99d-494d-b01d-41d8300006ca ] Request (FloatingIPDetailsTestJSON:tearDownClass): 204 DELETE http://10.180.1.21:9696/networking/v2.0/subnets/3115f506-a1a8-49ef-b0c3-8054f7cec7d8 0.114s
2024-10-18 17:20:21.312 62503 INFO tempest.lib.common.rest_client [req-48c730e8-9677-4df5-b6e6-01cfc5925908 req-48c730e8-9677-4df5-b6e6-01cfc5925908 ] Request (ServersWithSpecificFlavorTestJSON:test_verify_created_server_ephemeral_disk): 200 GET http://10.180.1.21/compute/v2.1/servers/448b8246-8d41-4154-bb99-b3c66d8e9475 0.409s
2024-10-18 17:20:21.315 62479 INFO tempest.lib.common.rest_client [req-d8bd7d29-01eb-4635-bceb-e2479917fa58 req-d8bd7d29-01eb-4635-bceb-e2479917fa58 ] Request (DeleteServersTestJSON:test_delete_server_while_in_attached_volume): 200 GET http://10.180.1.21/compute/v2.1/servers/0d80665a-c881-454a-90c7-96348e7fab74 0.479s
2024-10-18 17:20:21.376 62481 INFO tempest.lib.common.rest_client [req-dbe933fd-561a-4da0-b727-6b9e5791a5a6 req-dbe933fd-561a-4da0-b727-6b9e5791a5a6 ] Request (TenantUsagesTestJSON:setUpClass): 200 GET http://10.180.1.21/compute/v2.1/servers/5e812408-6f27-4b52-9564-4063f4526340 0.389s
2024-10-18 17:20:21.376 62493 INFO tempest.lib.common.rest_client [req-d8d6ec5b-59ed-4a99-b7d2-c0dd321b399d req-d8d6ec5b-59ed-4a99-b7d2-c0dd321b399d ] Request (ImagesOneServerNegativeTestJSON:setUpClass): 200 GET http://10.180.1.21/compute/v2.1/servers/c46a8746-b4b2-46f8-b16a-a7ceb5ff4611 0.312s
2024-10-18 17:20:21.418 62487 INFO tempest.lib.common.rest_client [req-7d6b4b77-585e-4792-a8fa-513d1a2da1d0 req-7d6b4b77-585e-4792-a8fa-513d1a2da1d0 ] Request (FloatingIPDetailsTestJSON:tearDownClass): 204 DELETE http://10.180.1.21:9696/networking/v2.0/networks/df1022d4-10de-4e88-a80f-4e5a8b057ce7 0.130s
2024-10-18 17:20:21.436 62495 INFO tempest.lib.common.rest_client [req-496e4dfc-09f2-4e0b-8c0b-bdb5b69f3a7a req-496e4dfc-09f2-4e0b-8c0b-bdb5b69f3a7a ] Request (ServersAdmin275Test:test_rebuild_update_server_275): 200 GET http://10.180.1.21/compute/v2.1/servers/7651f6d2-1825-46a1-9380-732b50abd3cc 0.270s
2024-10-18 17:20:21.448 62495 INFO tempest.common.waiters [-] State transition "BUILD/networking" ==> "BUILD/block_device_mapping" after 48 second wait
2024-10-18 17:20:21.481 62465 INFO tempest.lib.common.rest_client [req-fd3db4e2-47af-4189-835d-70da68d37200 req-fd3db4e2-47af-4189-835d-70da68d37200 ] Request (VolumesAssistedSnapshotsTest:tearDownClass): 204 DELETE http://10.180.1.21:9696/networking/v2.0/networks/9883f58e-390e-44ba-8896-7b87d9c9985f 0.466s
2024-10-18 17:20:21.488 62489 INFO tempest.lib.common.rest_client [req-c79efb9e-730d-45cc-8482-dbbbcf21c665 req-c79efb9e-730d-45cc-8482-dbbbcf21c665 ] Request (MultipleCreateTestJSON:test_multiple_create): 200 GET http://10.180.1.21/compute/v2.1/servers/96694bb9-fbf2-4b71-9cb5-37f81b634992 0.263s
2024-10-18 17:20:21.523 62483 INFO tempest.lib.common.rest_client [req-d603e68b-60af-4a84-b642-0bfcee2f41d7 req-d603e68b-60af-4a84-b642-0bfcee2f41d7 ] Request (SecurityGroupRulesNegativeTestJSON:tearDownClass): 202 DELETE http://10.180.1.21/compute/v2.1/os-security-groups/526a49a0-075a-49ab-b8ed-11b415f6a678 0.415s
2024-10-18 17:20:21.532 62487 INFO tempest.lib.common.rest_client [req-89c86c8c-7736-4974-a2d6-e8f0b523d613 req-89c86c8c-7736-4974-a2d6-e8f0b523d613 ] Request (FloatingIPDetailsTestJSON:tearDownClass): 204 DELETE http://10.180.1.21/identity/v3/users/d3c05af4fe0c40aa9761b061f90a86c1 0.113s
2024-10-18 17:20:21.532 62487 INFO tempest.lib.common.dynamic_creds [-] Deleting project and security group for project: 63ceafb75e2e49c19d56c762fa17fe3e
2024-10-18 17:20:21.537 62485 INFO tempest.lib.common.rest_client [req-e7967039-f859-4e30-9eea-b21b6b11c88d req-e7967039-f859-4e30-9eea-b21b6b11c88d ] Request (ServerAddressesTestJSON:setUpClass): 200 GET http://10.180.1.21/compute/v2.1/servers/ae5ec212-9dbe-4a11-94a3-8aa4576ca4db 0.252s
2024-10-18 17:20:21.543 62465 INFO tempest.lib.common.rest_client [req-20867c5c-556f-46cc-82b4-f804f7e15a08 req-20867c5c-556f-46cc-82b4-f804f7e15a08 ] Request (VolumesAssistedSnapshotsTest:tearDownClass): 204 DELETE http://10.180.1.21/identity/v3/users/15e6b82bc6a84835811c4a8289c3eeeb 0.062s
2024-10-18 17:20:21.576 62467 INFO tempest.lib.common.rest_client [req-ce2b3d3b-dfd0-4313-bf34-af062372276c req-ce2b3d3b-dfd0-4313-bf34-af062372276c ] Request (ListImageFiltersTestJSON:setUpClass): 200 GET http://10.180.1.21/compute/v2.1/servers/7c2937c6-e6b7-4716-80fa-5538641bc8dc 0.235s
2024-10-18 17:20:21.582 62487 INFO tempest.lib.common.rest_client [req-f5630822-13cb-41d7-b6fd-8d7d68600ba0 req-f5630822-13cb-41d7-b6fd-8d7d68600ba0 ] Request (FloatingIPDetailsTestJSON:tearDownClass): 200 GET http://10.180.1.21:9696/networking/v2.0/security-groups?tenant_id=63ceafb75e2e49c19d56c762fa17fe3e&name=default 0.050s
2024-10-18 17:20:21.627 62497 INFO tempest.lib.common.rest_client [req-a3c9c836-24c3-4921-9747-ce26cc02143b req-a3c9c836-24c3-4921-9747-ce26cc02143b ] Request (ImagesNegativeTestJSON:test_create_image_from_deleted_server): 200 GET http://10.180.1.21/compute/v2.1/servers/a93e681e-1cb1-4025-8725-4c6664d78c96 0.092s
2024-10-18 17:20:21.671 62483 INFO tempest.lib.common.rest_client [req-5145df8a-33c0-46c6-9c5c-e172830c7a7d req-5145df8a-33c0-46c6-9c5c-e172830c7a7d ] Request (SecurityGroupRulesNegativeTestJSON:tearDownClass): 202 DELETE http://10.180.1.21/compute/v2.1/os-security-groups/ad81520c-10f2-40b0-b1da-90abe995f234 0.148s
2024-10-18 17:20:21.675 62465 INFO tempest.lib.common.rest_client [req-9937e1ee-fb49-4f77-8b1a-e27769a05dd4 req-9937e1ee-fb49-4f77-8b1a-e27769a05dd4 ] Request (VolumesAssistedSnapshotsTest:tearDownClass): 204 DELETE http://10.180.1.21/identity/v3/users/94993bfa0a4b477c9ec5cef91460fd74 0.131s
2024-10-18 17:20:21.687 62505 INFO tempest.lib.common.rest_client [req-043f74be-cdde-40ed-b543-ace56f258920 req-043f74be-cdde-40ed-b543-ace56f258920 ] Request (AttachVolumeShelveTestJSON:test_attach_volume_shelved_or_offload_server): 200 GET http://10.180.1.21/compute/v2.1/servers/85dbaf67-049c-4a90-a3dc-67e2decc1dbf 0.146s
2024-10-18 17:20:21.693 62487 INFO tempest.lib.common.rest_client [req-87d49f8b-8ca8-45d8-8bca-9778ff11f919 req-87d49f8b-8ca8-45d8-8bca-9778ff11f919 ] Request (FloatingIPDetailsTestJSON:tearDownClass): 204 DELETE http://10.180.1.21:9696/networking/v2.0/security-groups/3e39ac24-425e-40d0-8bbc-b9e4d8c8e5fd 0.110s
2024-10-18 17:20:21.733 62471 INFO tempest.lib.common.rest_client [req-422ade1d-ef45-4bd9-abf2-17ff26c6456b req-422ade1d-ef45-4bd9-abf2-17ff26c6456b ] Request (FloatingIPsAssociationTestJSON:setUpClass): 200 GET http://10.180.1.21/compute/v2.1/servers/e7439426-722a-4420-8607-903cf96dff06 0.146s
2024-10-18 17:20:21.751 62491 INFO tempest.lib.common.rest_client [req-25e40051-8014-4a3b-a10c-b44440962652 req-25e40051-8014-4a3b-a10c-b44440962652 ] Request (ServerDiagnosticsV248Test:tearDownClass): 200 GET http://10.180.1.21/compute/v2.1/servers/ddde9ee7-5198-42e5-86b9-f51727dfbf60 0.130s
2024-10-18 17:20:21.778 62465 INFO tempest.lib.common.rest_client [req-f7eb1bda-6248-40ec-9a4b-37c4554d112e req-f7eb1bda-6248-40ec-9a4b-37c4554d112e ] Request (VolumesAssistedSnapshotsTest:tearDownClass): 204 DELETE http://10.180.1.21/identity/v3/users/772c1a917ca744219f39014cb4cddb4c 0.103s
2024-10-18 17:20:21.778 62465 INFO tempest.lib.common.dynamic_creds [-] Deleting project and security group for project: 5d037080d42d42a6a590b46e8e5b1235
2024-10-18 17:20:21.788 62451 INFO tempest.lib.common.rest_client [req-e5e5608a-3f6c-4412-bb21-b97096dc4cf2 req-e5e5608a-3f6c-4412-bb21-b97096dc4cf2 ] Request (ServersAdminTestJSON:setUpClass): 200 GET http://10.180.1.21/compute/v2.1/servers/c979d105-12b7-485c-a136-55ffad02fe67 0.140s
2024-10-18 17:20:21.792 62487 INFO tempest.lib.common.rest_client [req-447abbf2-e989-41c4-b90d-cc80d8f93106 req-447abbf2-e989-41c4-b90d-cc80d8f93106 ] Request (FloatingIPDetailsTestJSON:tearDownClass): 204 DELETE http://10.180.1.21/identity/v3/projects/63ceafb75e2e49c19d56c762fa17fe3e 0.099s
2024-10-18 17:20:21.809 62465 INFO tempest.lib.common.rest_client [req-94b17444-3fd0-42d3-9dad-f9a621c78644 req-94b17444-3fd0-42d3-9dad-f9a621c78644 ] Request (VolumesAssistedSnapshotsTest:tearDownClass): 200 GET http://10.180.1.21:9696/networking/v2.0/security-groups?tenant_id=5d037080d42d42a6a590b46e8e5b1235&name=default 0.031s
2024-10-18 17:20:21.848 62453 INFO tempest.lib.common.rest_client [req-f2d068c3-0d73-4a43-aa08-00d7f4cc698e req-f2d068c3-0d73-4a43-aa08-00d7f4cc698e ] Request (ServerActionsTestJSON:setUpClass): 200 GET http://10.180.1.21/compute/v2.1/servers/2d1b59b1-504c-487f-93ac-642c490d6546 0.144s
2024-10-18 17:20:21.892 62465 INFO tempest.lib.common.rest_client [req-ec9da024-ee86-46e6-a67b-b0bd2c27b5e2 req-ec9da024-ee86-46e6-a67b-b0bd2c27b5e2 ] Request (VolumesAssistedSnapshotsTest:tearDownClass): 204 DELETE http://10.180.1.21:9696/networking/v2.0/security-groups/01810b05-2395-459a-a64e-6facb5fefe0c 0.082s
2024-10-18 17:20:21.898 62457 INFO tempest.lib.common.rest_client [req-b8c7da8c-a0ea-48a7-a6fa-25809ee8b165 req-b8c7da8c-a0ea-48a7-a6fa-25809ee8b165 ] Request (ServersTestBootFromVolume:setUpClass): 200 GET http://10.180.1.21/compute/v2.1/servers/66c5f446-91e5-4de1-abb6-f06a0a36020d 0.194s
2024-10-18 17:20:21.908 62483 INFO tempest.lib.common.rest_client [req-2ca6d940-cca9-40e0-b371-4faa3b55dc86 req-2ca6d940-cca9-40e0-b371-4faa3b55dc86 ] Request (SecurityGroupRulesNegativeTestJSON:tearDownClass): 202 DELETE http://10.180.1.21/compute/v2.1/os-security-groups/bf9e1a53-c20e-491f-be64-6f3942cffeda 0.236s
2024-10-18 17:20:21.960 62499 INFO tempest.lib.common.rest_client [req-11221024-7729-4905-9c81-313325d0b366 req-11221024-7729-4905-9c81-313325d0b366 ] Request (ImagesOneServerTestJSON:setUpClass): 200 GET http://10.180.1.21/compute/v2.1/servers/2f9deec0-e0ad-4cb4-9868-9aa53cdf602d 0.190s
2024-10-18 17:20:21.964 62509 INFO tempest.lib.common.rest_client [req-ceeacb6d-89bb-4d1f-a7f5-244f5092f805 req-ceeacb6d-89bb-4d1f-a7f5-244f5092f805 ] Request (ServerDiskConfigTestJSON:test_rebuild_server_with_auto_disk_config): 200 GET http://10.180.1.21/compute/v2.1/servers/30cf9ebc-daab-42d3-9e7d-cb4d2cb55bf5 0.186s
2024-10-18 17:20:21.997 62465 INFO tempest.lib.common.rest_client [req-6e67f655-9cdc-42a7-87e0-8ce46cb4dbd1 req-6e67f655-9cdc-42a7-87e0-8ce46cb4dbd1 ] Request (VolumesAssistedSnapshotsTest:tearDownClass): 204 DELETE http://10.180.1.21/identity/v3/projects/5d037080d42d42a6a590b46e8e5b1235 0.104s
2024-10-18 17:20:21.997 62465 INFO tempest.lib.common.dynamic_creds [-] Deleting project and security group for project: 10c4c20e32df40dfbda33c55119a7c92
2024-10-18 17:20:22.015 62513 INFO tempest.lib.common.rest_client [req-2331a85c-6d8e-4afb-b89d-0549d70f2e18 req-2331a85c-6d8e-4afb-b89d-0549d70f2e18 ] Request (ServersTestMultiNic:test_verify_multiple_nics_order): 200 GET http://10.180.1.21/compute/v2.1/servers/b4a7ff58-0f48-4942-a270-de6910ff0c0c 0.185s
2024-10-18 17:20:22.016 62477 INFO tempest.lib.common.rest_client [req-cce21c48-b90a-472e-b3fb-e60e9fab2210 req-cce21c48-b90a-472e-b3fb-e60e9fab2210 ] Request (InstanceActionsTestJSON:setUpClass): 200 GET http://10.180.1.21/compute/v2.1/servers/a499452b-9d48-4022-8d4c-0c66c6dde9ba 0.185s
2024-10-18 17:20:22.034 62465 INFO tempest.lib.common.rest_client [req-93751766-37e3-4611-9cfe-be1bdc01c020 req-93751766-37e3-4611-9cfe-be1bdc01c020 ] Request (VolumesAssistedSnapshotsTest:tearDownClass): 200 GET http://10.180.1.21:9696/networking/v2.0/security-groups?tenant_id=10c4c20e32df40dfbda33c55119a7c92&name=default 0.036s
2024-10-18 17:20:22.080 62459 INFO tempest.lib.common.rest_client [req-62c3ae1d-714d-415d-b6c9-12399531d7ee req-62c3ae1d-714d-415d-b6c9-12399531d7ee ] Request (ServersTestFqdnHostnames:test_create_server_with_fqdn_name): 200 GET http://10.180.1.21/compute/v2.1/servers/1586080c-3406-47f0-bbb9-0c50082eaf8d 0.178s
2024-10-18 17:20:22.085 62473 INFO tempest.lib.common.rest_client [req-1c124d61-5a91-470e-a345-9fd8cb27628b req-1c124d61-5a91-470e-a345-9fd8cb27628b ] Request (AttachInterfacesV270Test:test_create_get_list_interfaces): 200 GET http://10.180.1.21/compute/v2.1/servers/460255fb-6589-481b-9770-0a2b548c6194 0.183s
2024-10-18 17:20:22.139 62465 INFO tempest.lib.common.rest_client [req-e6d689d6-043e-4379-b204-808f5c4e637b req-e6d689d6-043e-4379-b204-808f5c4e637b ] Request (VolumesAssistedSnapshotsTest:tearDownClass): 204 DELETE http://10.180.1.21:9696/networking/v2.0/security-groups/6c8b6663-3ccd-41ce-9f34-4c94fe068051 0.105s
2024-10-18 17:20:22.188 62461 INFO tempest.lib.common.rest_client [req-e4680f06-0196-4390-8521-31ca82e062e0 req-e4680f06-0196-4390-8521-31ca82e062e0 ] Request (AttachVolumeTestJSON:test_attach_detach_volume): 200 GET http://10.180.1.21/compute/v2.1/servers/cf7b7da2-380e-4a97-b142-0dd9e5ad3c79 0.242s
2024-10-18 17:20:22.207 62483 INFO tempest.lib.common.rest_client [req-17826efd-2df2-4fcc-9842-52489992ab30 req-17826efd-2df2-4fcc-9842-52489992ab30 ] Request (SecurityGroupRulesNegativeTestJSON:tearDownClass): 202 DELETE http://10.180.1.21/compute/v2.1/os-security-groups/cccc16d8-faa1-4a7c-b182-5555a4906907 0.299s
2024-10-18 17:20:22.249 62475 INFO tempest.lib.common.rest_client [req-56bd64af-43b2-4be7-b524-27ec6429d401 req-56bd64af-43b2-4be7-b524-27ec6429d401 ] Request (ServersTestManualDisk:setUpClass): 200 GET http://10.180.1.21/compute/v2.1/servers/c0c9e61b-ab2b-47dc-997b-570204ab4c3b 0.053s
2024-10-18 17:20:22.273 62455 INFO tempest.lib.common.rest_client [req-6fb49563-a843-4fb2-8881-0c3cb63a4ecb req-6fb49563-a843-4fb2-8881-0c3cb63a4ecb ] Request (DeleteServersAdminTestJSON:test_delete_server_while_in_error_state): 200 GET http://10.180.1.21/compute/v2.1/servers/a8105842-1649-495d-b0c4-18ceda62bd57 0.066s
2024-10-18 17:20:22.300 62465 INFO tempest.lib.common.rest_client [req-75d6c754-9506-4c93-8517-7416421f4bb6 req-75d6c754-9506-4c93-8517-7416421f4bb6 ] Request (VolumesAssistedSnapshotsTest:tearDownClass): 204 DELETE http://10.180.1.21/identity/v3/projects/10c4c20e32df40dfbda33c55119a7c92 0.160s
2024-10-18 17:20:22.300 62465 INFO tempest.lib.common.dynamic_creds [-] Deleting project and security group for project: 069989b21cb44e86b6f9f3a06a35a874
2024-10-18 17:20:22.327 62511 INFO tempest.lib.common.rest_client [req-e1b9fa72-2fa8-4efd-9713-17adf3b13d9a req-e1b9fa72-2fa8-4efd-9713-17adf3b13d9a ] Request (MigrationsAdminTest:test_resize_server_revert_deleted_flavor): 200 GET http://10.180.1.21/compute/v2.1/servers/92d3557c-655f-45d9-ae7d-bbe62567e1e2 0.061s
2024-10-18 17:20:22.332 62507 INFO tempest.lib.common.rest_client [req-e2a98e83-84d2-4907-967e-0ab3b0737375 req-e2a98e83-84d2-4907-967e-0ab3b0737375 ] Request (ServersTestJSON:setUpClass): 200 GET http://10.180.1.21/compute/v2.1/servers/4c98c21e-2918-4b55-b2b5-db14630a36ef 0.062s
2024-10-18 17:20:22.350 62465 INFO tempest.lib.common.rest_client [req-a0299693-907e-40d2-8b5c-fb4a37b8cee4 req-a0299693-907e-40d2-8b5c-fb4a37b8cee4 ] Request (VolumesAssistedSnapshotsTest:tearDownClass): 200 GET http://10.180.1.21:9696/networking/v2.0/security-groups?tenant_id=069989b21cb44e86b6f9f3a06a35a874&name=default 0.050s
2024-10-18 17:20:22.394 62503 INFO tempest.lib.common.rest_client [req-d115262e-f7b0-4be4-ae59-f40694eb4727 req-d115262e-f7b0-4be4-ae59-f40694eb4727 ] Request (ServersWithSpecificFlavorTestJSON:test_verify_created_server_ephemeral_disk): 200 GET http://10.180.1.21/compute/v2.1/servers/448b8246-8d41-4154-bb99-b3c66d8e9475 0.071s
2024-10-18 17:20:22.400 62479 INFO tempest.lib.common.rest_client [req-ba94efa7-92c1-42c4-b3f6-747c8d969857 req-ba94efa7-92c1-42c4-b3f6-747c8d969857 ] Request (DeleteServersTestJSON:test_delete_server_while_in_attached_volume): 200 GET http://10.180.1.21/compute/v2.1/servers/0d80665a-c881-454a-90c7-96348e7fab74 0.073s
2024-10-18 17:20:22.455 62493 INFO tempest.lib.common.rest_client [req-ef7044bd-85ec-4cb2-ac5b-010e4a478a7c req-ef7044bd-85ec-4cb2-ac5b-010e4a478a7c ] Request (ImagesOneServerNegativeTestJSON:setUpClass): 200 GET http://10.180.1.21/compute/v2.1/servers/c46a8746-b4b2-46f8-b16a-a7ceb5ff4611 0.071s
2024-10-18 17:20:22.465 62481 INFO tempest.lib.common.rest_client [req-4cbe5bd0-3025-4d9e-bfb2-0313335586ff req-4cbe5bd0-3025-4d9e-bfb2-0313335586ff ] Request (TenantUsagesTestJSON:setUpClass): 200 GET http://10.180.1.21/compute/v2.1/servers/5e812408-6f27-4b52-9564-4063f4526340 0.080s
2024-10-18 17:20:22.473 62465 INFO tempest.lib.common.rest_client [req-a5337fa1-c26b-41c1-b4aa-362c6fb34d82 req-a5337fa1-c26b-41c1-b4aa-362c6fb34d82 ] Request (VolumesAssistedSnapshotsTest:tearDownClass): 204 DELETE http://10.180.1.21:9696/networking/v2.0/security-groups/b9c8f475-479d-46c1-897b-8768bb1ec449 0.122s
2024-10-18 17:20:22.510 62495 INFO tempest.lib.common.rest_client [req-19c4c422-0033-412a-bcfe-e64eb4af6816 req-19c4c422-0033-412a-bcfe-e64eb4af6816 ] Request (ServersAdmin275Test:test_rebuild_update_server_275): 200 GET http://10.180.1.21/compute/v2.1/servers/7651f6d2-1825-46a1-9380-732b50abd3cc 0.061s
