2024-10-18 17:19:06.392 62473 INFO tempest.lib.common.rest_client [req-96fd5318-0d72-4384-845b-11e961ef73ad req-96fd5318-0d72-4384-845b-11e961ef73ad ] Request (ServerDiagnosticsTest:setUpClass): 201 POST http://10.180.1.21/identity/v3/projects 0.220s
2024-10-18 17:19:06.452 62479 INFO tempest.lib.common.rest_client [req-1123af2b-e38f-4510-a6df-90b6ab4d48c9 req-1123af2b-e38f-4510-a6df-90b6ab4d48c9 ] Request (DeleteServersTestJSON:test_delete_active_server): 201 POST http://10.180.1.21/identity/v3/auth/tokens 0.239s
2024-10-18 17:19:06.453 62479 INFO tempest.lib.common.fixed_network [-] (DeleteServersTestJSON:test_delete_active_server) Found network {'id': '5b4c5906-b873-4369-855b-e0898ad84812', 'name': 'tempest-DeleteServersTestJSON-254512637-network', 'tenant_id': '812e115cc1114d0e8536924c4f5556f8', 'admin_state_up': True, 'mtu': 8950, 'status': 'ACTIVE', 'subnets': [], 'shared': False, 'project_id': '812e115cc1114d0e8536924c4f5556f8', 'port_security_enabled': True, 'router:external': False, 'provider:network_type': 'vlan', 'provider:physical_network': 'default', 'provider:segmentation_id': 732, 'is_default': False, 'availability_zone_hints': [], 'availability_zones': [], 'ipv4_address_scope': None, 'ipv6_address_scope': None, 'description': '', 'tags': [], 'created_at': '2024-10-18T17:19:03Z', 'updated_at': '2024-10-18T17:19:03Z', 'revision_number': 1} available for tenant
2024-10-18 17:19:06.476 62489 INFO tempest.lib.common.rest_client [req-f189a1b0-934b-4e13-a5df-1c70824322f5 req-f189a1b0-934b-4e13-a5df-1c70824322f5 ] Request (SecurityGroupRulesTestJSON:setUpClass): 200 PUT http://10.180.1.21:9696/networking/v2.0/routers/e6d6acc4-a77f-4248-8200-0740423f7b74/add_router_interface 1.584s
2024-10-18 17:19:06.476 62489 INFO tempest.lib.common.dynamic_creds [-] Created isolated network resources for: credentials: Credentials: {'domain_id': 'default', 'domain_name': 'Default', 'username': 'tempest-SecurityGroupRulesTestJSON-1918988294-project-member', 'project_domain_id': 'default', 'project_domain_name': 'Default', 'project_id': '463e63ed926d4f939219ea32678d1a14', 'project_name': 'tempest-SecurityGroupRulesTestJSON-1918988294', 'tenant_id': '463e63ed926d4f939219ea32678d1a14', 'tenant_name': 'tempest-SecurityGroupRulesTestJSON-1918988294', 'user_domain_id': 'default', 'user_domain_name': 'Default', 'user_id': '6a3e73b430c74b7aa5bef460d1c556ea', 'system': None}, Network: {'id': '8f1e12fb-eb3e-4650-b187-1ad3bb726a87', 'name': 'tempest-SecurityGroupRulesTestJSON-995583701-network', 'tenant_id': '463e63ed926d4f939219ea32678d1a14', 'admin_state_up': True, 'mtu': 8950, 'status': 'ACTIVE', 'subnets': [], 'shared': False, 'project_id': '463e63ed926d4f939219ea32678d1a14', 'port_security_enabled': True, 'router:external': False, 'provider:network_type': 'vlan', 'provider:physical_network': 'default', 'provider:segmentation_id': 244, 'is_default': False, 'availability_zone_hints': [], 'availability_zones': [], 'ipv4_address_scope': None, 'ipv6_address_scope': None, 'description': '', 'tags': [], 'created_at': '2024-10-18T17:19:02Z', 'updated_at': '2024-10-18T17:19:02Z', 'revision_number': 1}, Subnet: {'id': 'fdc82ed4-143f-42ba-92a8-5ffa69a52d23', 'name': 'tempest-SecurityGroupRulesTestJSON-995583701-subnet', 'tenant_id': '463e63ed926d4f939219ea32678d1a14', 'network_id': '8f1e12fb-eb3e-4650-b187-1ad3bb726a87', 'ip_version': 4, 'subnetpool_id': None, 'enable_dhcp': True, 'ipv6_ra_mode': None, 'ipv6_address_mode': None, 'gateway_ip': '192.168.128.1', 'cidr': '192.168.128.0/28', 'allocation_pools': [{'start': '192.168.128.2', 'end': '192.168.128.14'}], 'host_routes': [], 'dns_nameservers': [], 'description': '', 'router:external': False, 'service_types': [], 'tags': [], 'created_at': '2024-10-18T17:19:03Z', 'updated_at': '2024-10-18T17:19:03Z', 'revision_number': 0, 'project_id': '463e63ed926d4f939219ea32678d1a14'}, Router: {'id': 'e6d6acc4-a77f-4248-8200-0740423f7b74', 'name': 'tempest-SecurityGroupRulesTestJSON-995583701-router', 'tenant_id': '463e63ed926d4f939219ea32678d1a14', 'admin_state_up': True, 'status': 'ACTIVE', 'external_gateway_info': {'network_id': '646f3e98-147f-429e-9d8a-fc257dc36627', 'external_fixed_ips': [{'subnet_id': '68ecd2c3-4fe0-4e15-af52-ed04b7379387', 'ip_address': '10.180.180.163'}], 'enable_snat': True}, 'description': '', 'availability_zones': [], 'distributed': False, 'ha': False, 'availability_zone_hints': [], 'routes': [], 'flavor_id': None, 'tags': [], 'created_at': '2024-10-18T17:19:03Z', 'updated_at': '2024-10-18T17:19:04Z', 'revision_number': 2, 'project_id': '463e63ed926d4f939219ea32678d1a14'}
2024-10-18 17:19:06.496 62503 INFO tempest.lib.common.rest_client [req-cb271d2b-fd8d-4f8a-a733-eceba626571e req-cb271d2b-fd8d-4f8a-a733-eceba626571e ] Request (ServersWithSpecificFlavorTestJSON:setUpClass): 200 GET http://10.180.1.21/identity/v3/roles 0.265s
2024-10-18 17:19:06.521 62469 INFO tempest.lib.common.rest_client [req-7a199fea-2edd-4811-8519-2c57f48402c6 req-7a199fea-2edd-4811-8519-2c57f48402c6 ] Request (FlavorsAccessNegativeTestJSON:setUpClass): 204 PUT http://10.180.1.21/identity/v3/projects/f932796e6c8d43eb98d1244ea2ad1cf7/users/40f20605730b426786f8feba6adea0c8/roles/d854c0a5b0b445b999c6378ee955cad4 0.267s
2024-10-18 17:19:06.522 62469 INFO tempest.lib.common.dynamic_creds [-] Dynamic test user 40f20605730b426786f8feba6adea0c8 is created with scope project and roles: ['member']
2024-10-18 17:19:06.522 62469 INFO tempest.lib.common.dynamic_creds [-] Acquired dynamic creds: credentials: Credentials: {'domain_id': 'default', 'domain_name': 'Default', 'username': 'tempest-FlavorsAccessNegativeTestJSON-566061151-project-member', 'project_domain_id': 'default', 'project_domain_name': 'Default', 'project_id': 'f932796e6c8d43eb98d1244ea2ad1cf7', 'project_name': 'tempest-FlavorsAccessNegativeTestJSON-566061151', 'tenant_id': 'f932796e6c8d43eb98d1244ea2ad1cf7', 'tenant_name': 'tempest-FlavorsAccessNegativeTestJSON-566061151', 'user_domain_id': 'default', 'user_domain_name': 'Default', 'user_id': '40f20605730b426786f8feba6adea0c8', 'system': None}, Network: None, Subnet: None, Router: None
2024-10-18 17:19:06.522 62469 INFO tempest.lib.common.dynamic_creds [-] Created isolated network resources for: credentials: Credentials: {'domain_id': 'default', 'domain_name': 'Default', 'username': 'tempest-FlavorsAccessNegativeTestJSON-566061151-project-member', 'project_domain_id': 'default', 'project_domain_name': 'Default', 'project_id': 'f932796e6c8d43eb98d1244ea2ad1cf7', 'project_name': 'tempest-FlavorsAccessNegativeTestJSON-566061151', 'tenant_id': 'f932796e6c8d43eb98d1244ea2ad1cf7', 'tenant_name': 'tempest-FlavorsAccessNegativeTestJSON-566061151', 'user_domain_id': 'default', 'user_domain_name': 'Default', 'user_id': '40f20605730b426786f8feba6adea0c8', 'system': None}, Network: None, Subnet: None, Router: None
2024-10-18 17:19:06.525 62499 INFO tempest.lib.common.rest_client [req-b0b925c6-349d-4932-86c8-589ca15cdfaf req-b0b925c6-349d-4932-86c8-589ca15cdfaf ] Request (ServicesAdminNegativeTestJSON:setUpClass): 204 PUT http://10.180.1.21/identity/v3/projects/3ed0914f8e6c4a3bbefb1ee208282fea/users/d152133f604442a68d3a6ee22d047612/roles/10e71c76363741bba39fa9bf5ec286e5 0.274s
2024-10-18 17:19:06.569 62491 INFO tempest.lib.common.rest_client [req-6e4c099f-70ae-476c-8a79-021a4a928ca5 req-6e4c099f-70ae-476c-8a79-021a4a928ca5 ] Request (QuotasSecurityGroupAdminNegativeTest:tearDownClass): 201 POST http://10.180.1.21/identity/v3/auth/tokens 0.256s
2024-10-18 17:19:06.603 62465 INFO tempest.lib.common.rest_client [req-47fe7508-f0af-445d-a00d-6b920e9589e4 req-47fe7508-f0af-445d-a00d-6b920e9589e4 ] Request (VolumesAssistedSnapshotsTest:setUpClass): 201 POST http://10.180.1.21/identity/v3/users 0.233s
2024-10-18 17:19:06.620 62473 INFO tempest.lib.common.rest_client [req-cc56588b-9022-42de-ba38-d64ee9039af5 req-cc56588b-9022-42de-ba38-d64ee9039af5 ] Request (ServerDiagnosticsTest:setUpClass): 201 POST http://10.180.1.21/identity/v3/users 0.228s
2024-10-18 17:19:06.631 62513 INFO tempest.lib.common.rest_client [req-6982efe8-6df6-43da-9e20-d1076a2fffed req-6982efe8-6df6-43da-9e20-d1076a2fffed ] Request (ServersTestMultiNic:setUpClass): 201 POST http://10.180.1.21/identity/v3/auth/tokens 0.264s
2024-10-18 17:19:06.686 62489 INFO tempest.lib.common.rest_client [req-48f8ffb5-a2d2-445d-ba0c-07687d4f1b7a req-48f8ffb5-a2d2-445d-ba0c-07687d4f1b7a ] Request (SecurityGroupRulesTestJSON:setUpClass): 201 POST http://10.180.1.21/identity/v3/auth/tokens 0.203s
2024-10-18 17:19:06.691 62503 INFO tempest.lib.common.rest_client [req-8e594196-65ae-4da3-ac40-3f8ca4a07ad6 req-8e594196-65ae-4da3-ac40-3f8ca4a07ad6 ] Request (ServersWithSpecificFlavorTestJSON:setUpClass): 204 PUT http://10.180.1.21/identity/v3/projects/f5d68b76298843249a99e99b2911d6a5/users/805004dfa32a4067b1265f3513c73c9a/roles/10e71c76363741bba39fa9bf5ec286e5 0.195s
2024-10-18 17:19:06.730 62499 INFO tempest.lib.common.rest_client [req-f8addad5-7678-464f-9e0e-477c3ef4edd3 req-f8addad5-7678-464f-9e0e-477c3ef4edd3 ] Request (ServicesAdminNegativeTestJSON:setUpClass): 200 GET http://10.180.1.21/identity/v3/roles 0.204s
2024-10-18 17:19:06.745 62469 INFO tempest.lib.common.rest_client [req-f8fb8ac8-8357-41e0-8a78-e897d3dd43e4 req-f8fb8ac8-8357-41e0-8a78-e897d3dd43e4 ] Request (FlavorsAccessNegativeTestJSON:setUpClass): 201 POST http://10.180.1.21/identity/v3/auth/tokens 0.177s
2024-10-18 17:19:06.746 62469 WARNING tempest.lib.common.rest_client [-] Deprecated: "tenant_id" property is deprecated for removal, use "project_id" instead
2024-10-18 17:19:06.783 62465 INFO tempest.lib.common.rest_client [req-708d15fe-913a-42ac-9765-55d9a1c2ec19 req-708d15fe-913a-42ac-9765-55d9a1c2ec19 ] Request (VolumesAssistedSnapshotsTest:setUpClass): 200 GET http://10.180.1.21/identity/v3/roles 0.179s
2024-10-18 17:19:06.796 62473 INFO tempest.lib.common.rest_client [req-62d531ea-f641-4981-bad4-b3e730c8739a req-62d531ea-f641-4981-bad4-b3e730c8739a ] Request (ServerDiagnosticsTest:setUpClass): 200 GET http://10.180.1.21/identity/v3/roles 0.175s
2024-10-18 17:19:06.846 62503 INFO tempest.lib.common.rest_client [req-9db741c8-e651-43b0-9b57-4c42a3742710 req-9db741c8-e651-43b0-9b57-4c42a3742710 ] Request (ServersWithSpecificFlavorTestJSON:setUpClass): 200 GET http://10.180.1.21/identity/v3/roles 0.154s
2024-10-18 17:19:06.860 62499 INFO tempest.lib.common.rest_client [req-56b8251f-30f2-4ca6-acf9-c944a5ab1a9e req-56b8251f-30f2-4ca6-acf9-c944a5ab1a9e ] Request (ServicesAdminNegativeTestJSON:setUpClass): 204 PUT http://10.180.1.21/identity/v3/projects/3ed0914f8e6c4a3bbefb1ee208282fea/users/d152133f604442a68d3a6ee22d047612/roles/10e71c76363741bba39fa9bf5ec286e5 0.130s
2024-10-18 17:19:06.861 62499 INFO tempest.lib.common.dynamic_creds [-] Dynamic test user d152133f604442a68d3a6ee22d047612 is created with scope project and roles: ['admin']
2024-10-18 17:19:06.861 62499 INFO tempest.lib.common.dynamic_creds [-] Acquired dynamic creds: credentials: Credentials: {'domain_id': 'default', 'domain_name': 'Default', 'username': 'tempest-ServicesAdminNegativeTestJSON-2023022726-project-admin', 'project_domain_id': 'default', 'project_domain_name': 'Default', 'project_id': '3ed0914f8e6c4a3bbefb1ee208282fea', 'project_name': 'tempest-ServicesAdminNegativeTestJSON-2023022726', 'tenant_id': '3ed0914f8e6c4a3bbefb1ee208282fea', 'tenant_name': 'tempest-ServicesAdminNegativeTestJSON-2023022726', 'user_domain_id': 'default', 'user_domain_name': 'Default', 'user_id': 'd152133f604442a68d3a6ee22d047612', 'system': None}, Network: None, Subnet: None, Router: None
2024-10-18 17:19:06.861 62499 INFO tempest.lib.common.dynamic_creds [-] Created isolated network resources for: credentials: Credentials: {'domain_id': 'default', 'domain_name': 'Default', 'username': 'tempest-ServicesAdminNegativeTestJSON-2023022726-project-admin', 'project_domain_id': 'default', 'project_domain_name': 'Default', 'project_id': '3ed0914f8e6c4a3bbefb1ee208282fea', 'project_name': 'tempest-ServicesAdminNegativeTestJSON-2023022726', 'tenant_id': '3ed0914f8e6c4a3bbefb1ee208282fea', 'tenant_name': 'tempest-ServicesAdminNegativeTestJSON-2023022726', 'user_domain_id': 'default', 'user_domain_name': 'Default', 'user_id': 'd152133f604442a68d3a6ee22d047612', 'system': None}, Network: None, Subnet: None, Router: None
2024-10-18 17:19:06.880 62465 INFO tempest.lib.common.rest_client [req-f5d07d6d-21c2-4502-af8e-8b219cb976e8 req-f5d07d6d-21c2-4502-af8e-8b219cb976e8 ] Request (VolumesAssistedSnapshotsTest:setUpClass): 204 PUT http://10.180.1.21/identity/v3/projects/069989b21cb44e86b6f9f3a06a35a874/users/772c1a917ca744219f39014cb4cddb4c/roles/38b9359ce158462c94bca2e3e4dba523 0.096s
2024-10-18 17:19:06.896 62491 INFO tempest.lib.common.rest_client [req-a240c21f-00bc-491c-b448-e7e99f6d2c20 req-a240c21f-00bc-491c-b448-e7e99f6d2c20 ] Request (QuotasSecurityGroupAdminNegativeTest:tearDownClass): 200 GET http://10.180.1.21:9696/networking/v2.0/security-groups?tenant_id=731b1cf337874558821ce7723e45f390&name=default 0.326s
2024-10-18 17:19:06.948 62473 INFO tempest.lib.common.rest_client [req-63cd8e21-f92e-4156-9958-9c7cfbea212a req-63cd8e21-f92e-4156-9958-9c7cfbea212a ] Request (ServerDiagnosticsTest:setUpClass): 204 PUT http://10.180.1.21/identity/v3/projects/d19f2a711b1d4783bb372e9fc516ff7e/users/c454a7a4926f4b6e8bbd044b484db56e/roles/10e71c76363741bba39fa9bf5ec286e5 0.152s
2024-10-18 17:19:06.988 62467 INFO tempest.lib.common.rest_client [req-70fa8fb2-8c8e-452c-8150-bb38e946e3da req-70fa8fb2-8c8e-452c-8150-bb38e946e3da ] Request (FlavorsV2NegativeTest:test_boot_with_low_ram): 204 PUT http://10.180.1.21/image/v2/images/72586688-bc85-44ea-be88-4959a254bcf6/file 3.096s
2024-10-18 17:19:07.002 62503 INFO tempest.lib.common.rest_client [req-5e6108f6-6b2a-4e31-8db3-6f63e61fe246 req-5e6108f6-6b2a-4e31-8db3-6f63e61fe246 ] Request (ServersWithSpecificFlavorTestJSON:setUpClass): 204 PUT http://10.180.1.21/identity/v3/projects/f5d68b76298843249a99e99b2911d6a5/users/805004dfa32a4067b1265f3513c73c9a/roles/10e71c76363741bba39fa9bf5ec286e5 0.156s
2024-10-18 17:19:07.002 62503 INFO tempest.lib.common.dynamic_creds [-] Dynamic test user 805004dfa32a4067b1265f3513c73c9a is created with scope project and roles: ['admin']
2024-10-18 17:19:07.002 62503 INFO tempest.lib.common.dynamic_creds [-] Acquired dynamic creds: credentials: Credentials: {'domain_id': 'default', 'domain_name': 'Default', 'username': 'tempest-ServersWithSpecificFlavorTestJSON-400532673-project-admin', 'project_domain_id': 'default', 'project_domain_name': 'Default', 'project_id': 'f5d68b76298843249a99e99b2911d6a5', 'project_name': 'tempest-ServersWithSpecificFlavorTestJSON-400532673', 'tenant_id': 'f5d68b76298843249a99e99b2911d6a5', 'tenant_name': 'tempest-ServersWithSpecificFlavorTestJSON-400532673', 'user_domain_id': 'default', 'user_domain_name': 'Default', 'user_id': '805004dfa32a4067b1265f3513c73c9a', 'system': None}, Network: None, Subnet: None, Router: None
2024-10-18 17:19:07.018 62513 INFO tempest.lib.common.rest_client [req-411c6be7-32d0-40c6-a7b8-7fb1ba9323f4 req-411c6be7-32d0-40c6-a7b8-7fb1ba9323f4 ] Request (ServersTestMultiNic:test_verify_duplicate_network_nics): 201 POST http://10.180.1.21:9696/networking/v2.0/networks 0.385s
2024-10-18 17:19:07.030 62491 INFO tempest.lib.common.rest_client [req-70f37510-ead1-4d9f-962d-78d0c9fbf17f req-70f37510-ead1-4d9f-962d-78d0c9fbf17f ] Request (QuotasSecurityGroupAdminNegativeTest:tearDownClass): 204 DELETE http://10.180.1.21:9696/networking/v2.0/security-groups/c6981f1d-1c44-461e-ae08-6d2c61984da7 0.133s
2024-10-18 17:19:07.044 62485 INFO tempest.lib.common.rest_client [req-a3c9178d-90f7-47ff-a52e-3c51630f40e8 req-a3c9178d-90f7-47ff-a52e-3c51630f40e8 ] Request (ImagesMetadataTestJSON:setUpClass): 204 PUT http://10.180.1.21/image/v2/images/97a95346-55b2-444b-a52f-1d1ba326e99e/file 2.734s
2024-10-18 17:19:07.050 62465 INFO tempest.lib.common.rest_client [req-eeb61a9c-eb80-4050-a806-2d0277b2d216 req-eeb61a9c-eb80-4050-a806-2d0277b2d216 ] Request (VolumesAssistedSnapshotsTest:setUpClass): 200 GET http://10.180.1.21/identity/v3/roles 0.169s
2024-10-18 17:19:07.063 62473 INFO tempest.lib.common.rest_client [req-861f47b3-dec6-4668-a528-c7fccbd2d90b req-861f47b3-dec6-4668-a528-c7fccbd2d90b ] Request (ServerDiagnosticsTest:setUpClass): 200 GET http://10.180.1.21/identity/v3/roles 0.114s
2024-10-18 17:19:07.084 62499 INFO tempest.lib.common.rest_client [req-a35e4400-b39d-4e37-95d4-c03615aa7abe req-a35e4400-b39d-4e37-95d4-c03615aa7abe ] Request (ServicesAdminNegativeTestJSON:setUpClass): 201 POST http://10.180.1.21/identity/v3/auth/tokens 0.219s
2024-10-18 17:19:07.142 62467 INFO tempest.lib.common.rest_client [req-2dcca5aa-06e7-49e8-bf83-367228064cef req-2dcca5aa-06e7-49e8-bf83-367228064cef ] Request (FlavorsV2NegativeTest:test_boot_with_low_ram): 201 POST http://10.180.1.21/identity/v3/auth/tokens 0.144s
2024-10-18 17:19:07.143 62467 INFO tempest.lib.common.fixed_network [-] (FlavorsV2NegativeTest:test_boot_with_low_ram) Found network None available for tenant
2024-10-18 17:19:07.167 62497 INFO tempest.lib.common.rest_client [req-fb712470-5c1d-4ccc-b0e3-1cc03482c8c2 req-fb712470-5c1d-4ccc-b0e3-1cc03482c8c2 ] Request (ImagesDeleteNegativeTestJSON:test_delete_image_negative_image_id): 404 DELETE http://10.180.1.21/compute/v2.1/images/-1 5.399s
2024-10-18 17:19:07.188 62465 INFO tempest.lib.common.rest_client [req-29b85876-e3a0-479f-ae92-3d431ffeb9dc req-29b85876-e3a0-479f-ae92-3d431ffeb9dc ] Request (VolumesAssistedSnapshotsTest:setUpClass): 204 PUT http://10.180.1.21/identity/v3/projects/069989b21cb44e86b6f9f3a06a35a874/users/772c1a917ca744219f39014cb4cddb4c/roles/10e71c76363741bba39fa9bf5ec286e5 0.138s
2024-10-18 17:19:07.188 62465 INFO tempest.lib.common.dynamic_creds [-] Dynamic test user 772c1a917ca744219f39014cb4cddb4c is created with scope project and roles: ['service', 'admin']
2024-10-18 17:19:07.188 62465 INFO tempest.lib.common.dynamic_creds [-] Acquired dynamic creds: credentials: Credentials: {'domain_id': 'default', 'domain_name': 'Default', 'username': 'tempest-VolumesAssistedSnapshotsTest-1779993494-project', 'project_domain_id': 'default', 'project_domain_name': 'Default', 'project_id': '069989b21cb44e86b6f9f3a06a35a874', 'project_name': 'tempest-VolumesAssistedSnapshotsTest-1779993494', 'tenant_id': '069989b21cb44e86b6f9f3a06a35a874', 'tenant_name': 'tempest-VolumesAssistedSnapshotsTest-1779993494', 'user_domain_id': 'default', 'user_domain_name': 'Default', 'user_id': '772c1a917ca744219f39014cb4cddb4c', 'system': None}, Network: None, Subnet: None, Router: None
2024-10-18 17:19:07.201 62491 INFO tempest.lib.common.rest_client [req-64b46d44-7a34-4946-9959-5a06cd5b3c32 req-64b46d44-7a34-4946-9959-5a06cd5b3c32 ] Request (QuotasSecurityGroupAdminNegativeTest:tearDownClass): 204 DELETE http://10.180.1.21/identity/v3/projects/731b1cf337874558821ce7723e45f390 0.170s
2024-10-18 17:19:07.201 62491 INFO tempest.lib.common.dynamic_creds [-] Deleting project and security group for project: 27558e91dfb44d29bc2ffb0f20ed9fc2
2024-10-18 17:19:07.243 62473 INFO tempest.lib.common.rest_client [req-4e5f3012-9035-4c35-b303-6e77892c73a6 req-4e5f3012-9035-4c35-b303-6e77892c73a6 ] Request (ServerDiagnosticsTest:setUpClass): 204 PUT http://10.180.1.21/identity/v3/projects/d19f2a711b1d4783bb372e9fc516ff7e/users/c454a7a4926f4b6e8bbd044b484db56e/roles/10e71c76363741bba39fa9bf5ec286e5 0.180s
2024-10-18 17:19:07.244 62473 INFO tempest.lib.common.dynamic_creds [-] Dynamic test user c454a7a4926f4b6e8bbd044b484db56e is created with scope project and roles: ['admin']
2024-10-18 17:19:07.244 62473 INFO tempest.lib.common.dynamic_creds [-] Acquired dynamic creds: credentials: Credentials: {'domain_id': 'default', 'domain_name': 'Default', 'username': 'tempest-ServerDiagnosticsTest-613377548-project-admin', 'project_domain_id': 'default', 'project_domain_name': 'Default', 'project_id': 'd19f2a711b1d4783bb372e9fc516ff7e', 'project_name': 'tempest-ServerDiagnosticsTest-613377548', 'tenant_id': 'd19f2a711b1d4783bb372e9fc516ff7e', 'tenant_name': 'tempest-ServerDiagnosticsTest-613377548', 'user_domain_id': 'default', 'user_domain_name': 'Default', 'user_id': 'c454a7a4926f4b6e8bbd044b484db56e', 'system': None}, Network: None, Subnet: None, Router: None
2024-10-18 17:19:07.244 62473 INFO tempest.lib.common.dynamic_creds [-] Created isolated network resources for: credentials: Credentials: {'domain_id': 'default', 'domain_name': 'Default', 'username': 'tempest-ServerDiagnosticsTest-613377548-project-admin', 'project_domain_id': 'default', 'project_domain_name': 'Default', 'project_id': 'd19f2a711b1d4783bb372e9fc516ff7e', 'project_name': 'tempest-ServerDiagnosticsTest-613377548', 'tenant_id': 'd19f2a711b1d4783bb372e9fc516ff7e', 'tenant_name': 'tempest-ServerDiagnosticsTest-613377548', 'user_domain_id': 'default', 'user_domain_name': 'Default', 'user_id': 'c454a7a4926f4b6e8bbd044b484db56e', 'system': None}, Network: None, Subnet: None, Router: None
2024-10-18 17:19:07.330 62473 INFO tempest.lib.common.rest_client [req-25003c0c-8806-4fd1-bcf2-181ee37cece6 req-25003c0c-8806-4fd1-bcf2-181ee37cece6 ] Request (ServerDiagnosticsTest:setUpClass): 201 POST http://10.180.1.21/identity/v3/auth/tokens 0.081s
2024-10-18 17:19:07.330 62503 INFO tempest.lib.common.rest_client [req-c1b5f9c1-ca0b-4e6e-ba50-1bc6412daddd req-c1b5f9c1-ca0b-4e6e-ba50-1bc6412daddd ] Request (ServersWithSpecificFlavorTestJSON:setUpClass): 201 POST http://10.180.1.21:9696/networking/v2.0/networks 0.328s
2024-10-18 17:19:07.336 62505 INFO tempest.lib.common.rest_client [req-b195f8da-e1f8-4d62-a6e8-995bdd2ee3aa req-b195f8da-e1f8-4d62-a6e8-995bdd2ee3aa ] Request (HypervisorAdminNegativeTestJSON:test_get_hypervisor_uptime_with_non_admin_user): 403 GET http://10.180.1.21/compute/v2.1/os-hypervisors/1/uptime 4.326s
2024-10-18 17:19:07.398 62473 INFO tempest.lib.common.rest_client [req-4293b9a6-d911-4ccd-8c4b-fafc898bd64c req-4293b9a6-d911-4ccd-8c4b-fafc898bd64c ] Request (ServerDiagnosticsTest:test_get_server_diagnostics): 201 POST http://10.180.1.21/identity/v3/auth/tokens 0.063s
2024-10-18 17:19:07.399 62473 INFO tempest.lib.common.fixed_network [-] (ServerDiagnosticsTest:test_get_server_diagnostics) Found network None available for tenant
2024-10-18 17:19:07.424 62513 INFO tempest.lib.common.rest_client [req-e106f6bd-588d-4172-9337-ff3d33c205ef req-e106f6bd-588d-4172-9337-ff3d33c205ef ] Request (ServersTestMultiNic:test_verify_duplicate_network_nics): 201 POST http://10.180.1.21:9696/networking/v2.0/subnets 0.405s
2024-10-18 17:19:07.450 62507 INFO tempest.lib.common.rest_client [req-b7f47bdb-9df9-4251-927f-377ddc4aeeb6 req-b7f47bdb-9df9-4251-927f-377ddc4aeeb6 ] Request (TenantUsagesNegativeTestJSON:test_get_usage_tenant_with_empty_tenant_id): 404 GET http://10.180.1.21/compute/v2.1/os-simple-tenant-usage/?start=2024-10-17T17%3A19%3A03.230501&end=2024-10-19T17%3A19%3A03.230501 4.219s
2024-10-18 17:19:07.507 62507 WARNING tempest.lib.common.rest_client [-] Deprecated: "tenant_id" property is deprecated for removal, use "project_id" instead
2024-10-18 17:19:07.523 62503 INFO tempest.lib.common.rest_client [req-17e60c64-da3e-4794-978d-7c42e0d0ef8a req-17e60c64-da3e-4794-978d-7c42e0d0ef8a ] Request (ServersWithSpecificFlavorTestJSON:setUpClass): 201 POST http://10.180.1.21:9696/networking/v2.0/subnets 0.192s
2024-10-18 17:19:07.527 62491 INFO tempest.lib.common.rest_client [req-abca406b-4da4-4145-9c7a-80cf9b31ab02 req-abca406b-4da4-4145-9c7a-80cf9b31ab02 ] Request (QuotasSecurityGroupAdminNegativeTest:tearDownClass): 200 GET http://10.180.1.21:9696/networking/v2.0/security-groups?tenant_id=27558e91dfb44d29bc2ffb0f20ed9fc2&name=default 0.326s
2024-10-18 17:19:07.616 62481 INFO tempest.lib.common.rest_client [req-ea53db80-fde0-45a1-bc52-17c1b10fb8d6 req-ea53db80-fde0-45a1-bc52-17c1b10fb8d6 ] Request (QuotasAdminTestV236:test_get_updated_quotas): 200 PUT http://10.180.1.21/compute/v2.1/os-quota-sets/962f4deaab4c49c8b1c0a42aab71240d 3.422s
2024-10-18 17:19:07.672 62465 INFO tempest.lib.common.rest_client [req-197dba32-5eb0-4695-b5ad-364a9e4c2764 req-197dba32-5eb0-4695-b5ad-364a9e4c2764 ] Request (VolumesAssistedSnapshotsTest:setUpClass): 201 POST http://10.180.1.21:9696/networking/v2.0/networks 0.483s
2024-10-18 17:19:07.751 62513 INFO tempest.lib.common.rest_client [req-a723e1d0-9d52-4b71-a3b8-45721517bd51 req-a723e1d0-9d52-4b71-a3b8-45721517bd51 ] Request (ServersTestMultiNic:test_verify_duplicate_network_nics): 201 POST http://10.180.1.21:9696/networking/v2.0/networks 0.326s
2024-10-18 17:19:07.771 62491 INFO tempest.lib.common.rest_client [req-76f981c8-f9dd-421c-917a-555211f5453c req-76f981c8-f9dd-421c-917a-555211f5453c ] Request (QuotasSecurityGroupAdminNegativeTest:tearDownClass): 204 DELETE http://10.180.1.21:9696/networking/v2.0/security-groups/f700854d-772e-4442-975c-5d93a646fde3 0.243s
2024-10-18 17:19:07.858 62491 INFO tempest.lib.common.rest_client [req-778aac14-2570-4a29-9df8-b7e9a92c8bdf req-778aac14-2570-4a29-9df8-b7e9a92c8bdf ] Request (QuotasSecurityGroupAdminNegativeTest:tearDownClass): 204 DELETE http://10.180.1.21/identity/v3/projects/27558e91dfb44d29bc2ffb0f20ed9fc2 0.086s
2024-10-18 17:19:07.946 62491 INFO tempest.lib.common.rest_client [req-1ab9e62a-68ec-423e-bc08-123473cf0198 req-1ab9e62a-68ec-423e-bc08-123473cf0198 ] Request (ServerDiagnosticsV248Test:setUpClass): 201 POST http://10.180.1.21/identity/v3/auth/tokens 0.085s
2024-10-18 17:19:07.986 62491 INFO tempest.lib.common.rest_client [req-27d45968-b9c4-422d-905f-30f8c055cbb6 req-27d45968-b9c4-422d-905f-30f8c055cbb6 ] Request (ServerDiagnosticsV248Test:setUpClass): 201 POST http://10.180.1.21/identity/v3/auth/tokens 0.038s
2024-10-18 17:19:08.015 62491 INFO tempest.lib.common.rest_client [req-0ba6a866-8d2e-4148-b4b9-389efe2c9c57 req-0ba6a866-8d2e-4148-b4b9-389efe2c9c57 ] Request (ServerDiagnosticsV248Test:setUpClass): 200 GET http://10.180.1.21/identity/v3/domains?name=Default 0.028s
2024-10-18 17:19:08.026 62465 INFO tempest.lib.common.rest_client [req-89b92069-022f-410a-82f4-176431554935 req-89b92069-022f-410a-82f4-176431554935 ] Request (VolumesAssistedSnapshotsTest:setUpClass): 201 POST http://10.180.1.21:9696/networking/v2.0/subnets 0.353s
2024-10-18 17:19:08.041 62493 INFO tempest.lib.common.rest_client [req-1f195c74-e1b7-472e-b535-2800f69131fa req-1f195c74-e1b7-472e-b535-2800f69131fa ] Request (SecurityGroupsTestAdminJSON:test_list_security_groups_list_all_tenants_filter): 200 POST http://10.180.1.21/compute/v2.1/os-security-groups 3.548s
2024-10-18 17:19:08.049 62491 INFO tempest.lib.common.rest_client [req-0698e3a1-871a-47ae-9c33-0867e5321df1 req-0698e3a1-871a-47ae-9c33-0867e5321df1 ] Request (ServerDiagnosticsV248Test:setUpClass): 201 POST http://10.180.1.21/identity/v3/projects 0.033s
2024-10-18 17:19:08.124 62491 INFO tempest.lib.common.rest_client [req-749bf42a-5876-409a-974c-5a70205dd495 req-749bf42a-5876-409a-974c-5a70205dd495 ] Request (ServerDiagnosticsV248Test:setUpClass): 201 POST http://10.180.1.21/identity/v3/users 0.073s
2024-10-18 17:19:08.144 62491 INFO tempest.lib.common.rest_client [req-a424a69e-8e02-4f8b-9ac8-ce0b5602424a req-a424a69e-8e02-4f8b-9ac8-ce0b5602424a ] Request (ServerDiagnosticsV248Test:setUpClass): 200 GET http://10.180.1.21/identity/v3/roles 0.019s
2024-10-18 17:19:08.174 62491 INFO tempest.lib.common.rest_client [req-8638863d-047f-4c23-abc8-400cb5c7e184 req-8638863d-047f-4c23-abc8-400cb5c7e184 ] Request (ServerDiagnosticsV248Test:setUpClass): 204 PUT http://10.180.1.21/identity/v3/projects/e27b7d690e6c4bf99a84b03e990267ed/users/0f3e94966fc44be68e745197e1f7d5b7/roles/d854c0a5b0b445b999c6378ee955cad4 0.029s
2024-10-18 17:19:08.175 62491 INFO tempest.lib.common.dynamic_creds [-] Dynamic test user 0f3e94966fc44be68e745197e1f7d5b7 is created with scope project and roles: ['member']
2024-10-18 17:19:08.175 62491 INFO tempest.lib.common.dynamic_creds [-] Acquired dynamic creds: credentials: Credentials: {'domain_id': 'default', 'domain_name': 'Default', 'username': 'tempest-ServerDiagnosticsV248Test-1102305648-project-member', 'project_domain_id': 'default', 'project_domain_name': 'Default', 'project_id': 'e27b7d690e6c4bf99a84b03e990267ed', 'project_name': 'tempest-ServerDiagnosticsV248Test-1102305648', 'tenant_id': 'e27b7d690e6c4bf99a84b03e990267ed', 'tenant_name': 'tempest-ServerDiagnosticsV248Test-1102305648', 'user_domain_id': 'default', 'user_domain_name': 'Default', 'user_id': '0f3e94966fc44be68e745197e1f7d5b7', 'system': None}, Network: None, Subnet: None, Router: None
2024-10-18 17:19:08.175 62491 INFO tempest.lib.common.dynamic_creds [-] Created isolated network resources for: credentials: Credentials: {'domain_id': 'default', 'domain_name': 'Default', 'username': 'tempest-ServerDiagnosticsV248Test-1102305648-project-member', 'project_domain_id': 'default', 'project_domain_name': 'Default', 'project_id': 'e27b7d690e6c4bf99a84b03e990267ed', 'project_name': 'tempest-ServerDiagnosticsV248Test-1102305648', 'tenant_id': 'e27b7d690e6c4bf99a84b03e990267ed', 'tenant_name': 'tempest-ServerDiagnosticsV248Test-1102305648', 'user_domain_id': 'default', 'user_domain_name': 'Default', 'user_id': '0f3e94966fc44be68e745197e1f7d5b7', 'system': None}, Network: None, Subnet: None, Router: None
2024-10-18 17:19:08.189 62475 INFO tempest.lib.common.rest_client [req-e6a83a2e-879b-4a77-895f-a3987be6b7dc req-e6a83a2e-879b-4a77-895f-a3987be6b7dc ] Request (FloatingIPsAssociationNegativeTestJSON:setUpClass): 202 POST http://10.180.1.21/compute/v2.1/servers 5.415s
2024-10-18 17:19:08.249 62471 INFO tempest.lib.common.rest_client [req-8970434c-bb79-4058-9e96-c7865b8819cd req-8970434c-bb79-4058-9e96-c7865b8819cd ] Request (HypervisorAdminUnderV252Test:test_get_hypervisor_show_servers): 200 GET http://10.180.1.21/compute/v2.1/os-hypervisors 3.645s
2024-10-18 17:19:08.275 62491 INFO tempest.lib.common.rest_client [req-e04816ef-948a-4854-bfd1-55bc7d9a44b3 req-e04816ef-948a-4854-bfd1-55bc7d9a44b3 ] Request (ServerDiagnosticsV248Test:setUpClass): 201 POST http://10.180.1.21/identity/v3/auth/tokens 0.094s
2024-10-18 17:19:08.319 62459 INFO tempest.lib.common.rest_client [req-e2ea6b18-cc8b-49af-98ac-df50285c6c24 req-e2ea6b18-cc8b-49af-98ac-df50285c6c24 ] Request (FlavorMetadataValidation:test_flavor_update_with_custom_namespace): 200 POST http://10.180.1.21/compute/v2.1/flavors 3.324s
2024-10-18 17:19:08.350 62513 INFO tempest.lib.common.rest_client [req-42288dc8-7e8e-4184-9646-ae5ecc76d2db req-42288dc8-7e8e-4184-9646-ae5ecc76d2db ] Request (ServersTestMultiNic:test_verify_duplicate_network_nics): 201 POST http://10.180.1.21:9696/networking/v2.0/subnets 0.598s
2024-10-18 17:19:08.370 62477 INFO tempest.lib.common.rest_client [req-74faec53-16fb-47c7-8e22-577728b31cb6 req-74faec53-16fb-47c7-8e22-577728b31cb6 ] Request (AZAdminV2TestJSON:test_get_availability_zone_list): 200 GET http://10.180.1.21/compute/v2.1/os-availability-zone 3.356s
2024-10-18 17:19:08.396 62491 INFO tempest.lib.common.rest_client [req-8394d0df-d2bf-497d-b1fc-7f2a6517749a req-8394d0df-d2bf-497d-b1fc-7f2a6517749a ] Request (ServerDiagnosticsV248Test:setUpClass): 201 POST http://10.180.1.21/identity/v3/projects 0.121s
2024-10-18 17:19:08.449 62501 INFO tempest.lib.common.rest_client [req-6d9f3542-2af6-40dd-81c8-c6a51777a3e0 req-6d9f3542-2af6-40dd-81c8-c6a51777a3e0 ] Request (FlavorsExtraSpecsTestJSON:setUpClass): 200 POST http://10.180.1.21/compute/v2.1/flavors 3.335s
2024-10-18 17:19:08.473 62513 INFO tempest.lib.common.rest_client [req-a92bafeb-f2c1-43e1-9ac0-b64a8505008f req-a92bafeb-f2c1-43e1-9ac0-b64a8505008f ] Request (ServersTestMultiNic:test_verify_duplicate_network_nics): 201 POST http://10.180.1.21/identity/v3/auth/tokens 0.118s
2024-10-18 17:19:08.473 62513 INFO tempest.lib.common.fixed_network [-] (ServersTestMultiNic:test_verify_duplicate_network_nics) Found network {'id': '83d6778b-156d-420f-9508-571fa91c0b41', 'name': 'tempest-ServersTestMultiNic-2015529116-network', 'tenant_id': '235d12c7819640b483f7c061fe103609', 'admin_state_up': True, 'mtu': 8950, 'status': 'ACTIVE', 'subnets': [], 'shared': False, 'project_id': '235d12c7819640b483f7c061fe103609', 'port_security_enabled': True, 'router:external': False, 'provider:network_type': 'vlan', 'provider:physical_network': 'default', 'provider:segmentation_id': 275, 'is_default': False, 'availability_zone_hints': [], 'availability_zones': [], 'ipv4_address_scope': None, 'ipv6_address_scope': None, 'description': '', 'tags': [], 'created_at': '2024-10-18T17:19:02Z', 'updated_at': '2024-10-18T17:19:02Z', 'revision_number': 1} available for tenant
2024-10-18 17:19:08.554 62491 INFO tempest.lib.common.rest_client [req-5cc6ae83-8af8-4522-9368-53aaae2dbb40 req-5cc6ae83-8af8-4522-9368-53aaae2dbb40 ] Request (ServerDiagnosticsV248Test:setUpClass): 201 POST http://10.180.1.21/identity/v3/users 0.157s
2024-10-18 17:19:08.580 62491 INFO tempest.lib.common.rest_client [req-cbaff469-addd-48ce-bd16-c079dce63b98 req-cbaff469-addd-48ce-bd16-c079dce63b98 ] Request (ServerDiagnosticsV248Test:setUpClass): 200 GET http://10.180.1.21/identity/v3/roles 0.025s
2024-10-18 17:19:08.619 62491 INFO tempest.lib.common.rest_client [req-28561367-b1e9-4137-90d2-5fc763007f85 req-28561367-b1e9-4137-90d2-5fc763007f85 ] Request (ServerDiagnosticsV248Test:setUpClass): 204 PUT http://10.180.1.21/identity/v3/projects/0027f07b2dd74d9f81e435c2713a338b/users/48a504d9a47a4b139475d4bc1ea6f30d/roles/10e71c76363741bba39fa9bf5ec286e5 0.038s
2024-10-18 17:19:08.629 62463 INFO tempest.lib.common.rest_client [req-b53725c8-4f1d-4514-878b-440a8c20d5f3 req-b53725c8-4f1d-4514-878b-440a8c20d5f3 ] Request (AggregatesAdminNegativeTestJSON:setUpClass): 200 GET http://10.180.1.21/compute/v2.1/os-services?binary=nova-compute 3.178s
2024-10-18 17:19:08.640 62503 INFO tempest.lib.common.rest_client [req-28a0c2a9-a77d-4298-9c47-e64adb2346e7 req-28a0c2a9-a77d-4298-9c47-e64adb2346e7 ] Request (ServersWithSpecificFlavorTestJSON:setUpClass): 201 POST http://10.180.1.21:9696/networking/v2.0/routers 1.116s
2024-10-18 17:19:08.681 62491 INFO tempest.lib.common.rest_client [req-a646e205-59ba-467c-81b3-4c9777e80db8 req-a646e205-59ba-467c-81b3-4c9777e80db8 ] Request (ServerDiagnosticsV248Test:setUpClass): 200 GET http://10.180.1.21/identity/v3/roles 0.062s
2024-10-18 17:19:08.698 62491 INFO tempest.lib.common.rest_client [req-7ea0e236-1218-4697-99a0-cf7683133817 req-7ea0e236-1218-4697-99a0-cf7683133817 ] Request (ServerDiagnosticsV248Test:setUpClass): 204 PUT http://10.180.1.21/identity/v3/projects/0027f07b2dd74d9f81e435c2713a338b/users/48a504d9a47a4b139475d4bc1ea6f30d/roles/10e71c76363741bba39fa9bf5ec286e5 0.016s
2024-10-18 17:19:08.698 62491 INFO tempest.lib.common.dynamic_creds [-] Dynamic test user 48a504d9a47a4b139475d4bc1ea6f30d is created with scope project and roles: ['admin']
2024-10-18 17:19:08.698 62491 INFO tempest.lib.common.dynamic_creds [-] Acquired dynamic creds: credentials: Credentials: {'domain_id': 'default', 'domain_name': 'Default', 'username': 'tempest-ServerDiagnosticsV248Test-669425227-project-admin', 'project_domain_id': 'default', 'project_domain_name': 'Default', 'project_id': '0027f07b2dd74d9f81e435c2713a338b', 'project_name': 'tempest-ServerDiagnosticsV248Test-669425227', 'tenant_id': '0027f07b2dd74d9f81e435c2713a338b', 'tenant_name': 'tempest-ServerDiagnosticsV248Test-669425227', 'user_domain_id': 'default', 'user_domain_name': 'Default', 'user_id': '48a504d9a47a4b139475d4bc1ea6f30d', 'system': None}, Network: None, Subnet: None, Router: None
2024-10-18 17:19:08.698 62491 INFO tempest.lib.common.dynamic_creds [-] Created isolated network resources for: credentials: Credentials: {'domain_id': 'default', 'domain_name': 'Default', 'username': 'tempest-ServerDiagnosticsV248Test-669425227-project-admin', 'project_domain_id': 'default', 'project_domain_name': 'Default', 'project_id': '0027f07b2dd74d9f81e435c2713a338b', 'project_name': 'tempest-ServerDiagnosticsV248Test-669425227', 'tenant_id': '0027f07b2dd74d9f81e435c2713a338b', 'tenant_name': 'tempest-ServerDiagnosticsV248Test-669425227', 'user_domain_id': 'default', 'user_domain_name': 'Default', 'user_id': '48a504d9a47a4b139475d4bc1ea6f30d', 'system': None}, Network: None, Subnet: None, Router: None
2024-10-18 17:19:08.748 62451 INFO tempest.lib.common.rest_client [req-a4b6105f-9b9d-4254-82af-06e8a1683c50 req-a4b6105f-9b9d-4254-82af-06e8a1683c50 ] Request (FlavorsV255TestJSON:test_crud_flavor): 200 POST http://10.180.1.21/compute/v2.1/flavors 3.232s
2024-10-18 17:19:08.820 62491 INFO tempest.lib.common.rest_client [req-dbee3af7-b0ac-4930-815e-0ce6a328c026 req-dbee3af7-b0ac-4930-815e-0ce6a328c026 ] Request (ServerDiagnosticsV248Test:setUpClass): 201 POST http://10.180.1.21/identity/v3/auth/tokens 0.118s
2024-10-18 17:19:08.864 62455 INFO tempest.lib.common.rest_client [req-ec67c7df-1035-41e6-bec4-df7aea907eac req-ec67c7df-1035-41e6-bec4-df7aea907eac ] Request (DeleteServersAdminTestJSON:test_admin_delete_servers_of_others): 202 POST http://10.180.1.21/compute/v2.1/servers 3.604s
2024-10-18 17:19:08.895 62487 INFO tempest.lib.common.rest_client [req-8c227450-1cc0-48b2-8a75-d96c2a59c2ab req-8c227450-1cc0-48b2-8a75-d96c2a59c2ab ] Request (FlavorsAdminTestJSON:test_create_flavor_using_string_ram): 200 POST http://10.180.1.21/compute/v2.1/flavors 3.303s
2024-10-18 17:19:08.922 62491 INFO tempest.lib.common.rest_client [req-2a7c1db1-fd54-46d7-87e3-be7f12e0ed6b req-2a7c1db1-fd54-46d7-87e3-be7f12e0ed6b ] Request (ServerDiagnosticsV248Test:test_get_server_diagnostics): 201 POST http://10.180.1.21/identity/v3/auth/tokens 0.097s
2024-10-18 17:19:08.922 62491 INFO tempest.lib.common.fixed_network [-] (ServerDiagnosticsV248Test:test_get_server_diagnostics) Found network None available for tenant
2024-10-18 17:19:08.976 62483 INFO tempest.lib.common.rest_client [req-b2b57478-b367-4d4b-8cc7-d063451633e3 req-b2b57478-b367-4d4b-8cc7-d063451633e3 ] Request (AZAdminNegativeTestJSON:test_get_availability_zone_list_detail_with_non_admin_user): 403 GET http://10.180.1.21/compute/v2.1/os-availability-zone/detail 3.341s
2024-10-18 17:19:09.058 62461 INFO tempest.lib.common.rest_client [req-c8eb6d69-4683-4c62-b386-d4c66a607d5c req-c8eb6d69-4683-4c62-b386-d4c66a607d5c ] Request (HypervisorAdminV228Test:test_get_list_hypervisor_details): 200 GET http://10.180.1.21/compute/v2.1/os-hypervisors 3.352s
2024-10-18 17:19:09.175 62511 INFO tempest.lib.common.rest_client [req-be13e9ed-05af-4276-841a-3fd2c17e5119 req-be13e9ed-05af-4276-841a-3fd2c17e5119 ] Request (MigrationsAdminTest:test_list_migrations): 200 GET http://10.180.1.21/compute/v2.1/os-migrations 3.344s
2024-10-18 17:19:09.290 62483 INFO tempest.lib.common.rest_client [req-03585cc7-31a0-4025-ba14-2d9bdd29133f req-03585cc7-31a0-4025-ba14-2d9bdd29133f ] Request (AZAdminNegativeTestJSON:tearDownClass): 204 DELETE http://10.180.1.21/identity/v3/users/f533c0e8390d440086b93ae07ac3a685 0.260s
2024-10-18 17:19:09.307 62511 INFO tempest.lib.common.rest_client [req-304a3a8c-fea3-4fb1-b7fc-f429b98372b3 req-304a3a8c-fea3-4fb1-b7fc-f429b98372b3 ] Request (MigrationsAdminTest:test_list_migrations_in_flavor_resize_situation): 201 POST http://10.180.1.21/identity/v3/auth/tokens 0.098s
2024-10-18 17:19:09.308 62511 INFO tempest.lib.common.fixed_network [-] (MigrationsAdminTest:test_list_migrations_in_flavor_resize_situation) Found network None available for tenant
2024-10-18 17:19:09.312 62457 INFO tempest.lib.common.rest_client [req-9be3e5d1-ab9c-45e8-9742-9cffd9b5b982 req-9be3e5d1-ab9c-45e8-9742-9cffd9b5b982 ] Request (ServerDiagnosticsNegativeTest:test_get_server_diagnostics_by_non_admin): 202 POST http://10.180.1.21/compute/v2.1/servers 3.602s
2024-10-18 17:19:09.389 62483 INFO tempest.lib.common.rest_client [req-4a67581c-fa0d-4275-a11d-bac46eab3884 req-4a67581c-fa0d-4275-a11d-bac46eab3884 ] Request (AZAdminNegativeTestJSON:tearDownClass): 204 DELETE http://10.180.1.21/identity/v3/users/84cdae0951474ddcb4cf272a84d6765e 0.098s
2024-10-18 17:19:09.389 62483 INFO tempest.lib.common.dynamic_creds [-] Deleting project and security group for project: 6b3e761f49cc4a809a75c19a15297dfe
2024-10-18 17:19:09.446 62483 INFO tempest.lib.common.rest_client [req-9f38efde-22c3-4f67-9e6d-5794bbc84c58 req-9f38efde-22c3-4f67-9e6d-5794bbc84c58 ] Request (AZAdminNegativeTestJSON:tearDownClass): 201 POST http://10.180.1.21/identity/v3/auth/tokens 0.056s
2024-10-18 17:19:09.446 62465 INFO tempest.lib.common.rest_client [req-9279e695-6fb9-4452-b3e7-3b4dedd2e4ac req-9279e695-6fb9-4452-b3e7-3b4dedd2e4ac ] Request (VolumesAssistedSnapshotsTest:setUpClass): 201 POST http://10.180.1.21:9696/networking/v2.0/routers 1.420s
2024-10-18 17:19:09.611 62489 INFO tempest.lib.common.rest_client [req-91aaf77f-e585-4492-9a7c-ca4056ecf2e9 req-91aaf77f-e585-4492-9a7c-ca4056ecf2e9 ] Request (SecurityGroupRulesTestJSON:test_security_group_rules_create): 200 POST http://10.180.1.21/compute/v2.1/os-security-groups 2.924s
2024-10-18 17:19:09.642 62479 INFO tempest.lib.common.rest_client [req-403d632b-f531-440e-bb28-bc781d51f3b7 req-403d632b-f531-440e-bb28-bc781d51f3b7 ] Request (DeleteServersTestJSON:test_delete_active_server): 202 POST http://10.180.1.21/compute/v2.1/servers 3.188s
2024-10-18 17:19:09.683 62485 INFO tempest.lib.common.rest_client [req-6d6587a9-bbba-4105-8d2d-9d9f716bbac5 req-6d6587a9-bbba-4105-8d2d-9d9f716bbac5 ] Request (ImagesMetadataTestJSON:setUpClass): 200 GET http://10.180.1.21/compute/v2.1/images/97a95346-55b2-444b-a52f-1d1ba326e99e 2.638s
2024-10-18 17:19:09.753 62469 INFO tempest.lib.common.rest_client [req-c0dd6d23-0b12-43a8-8d81-880fdf494837 req-c0dd6d23-0b12-43a8-8d81-880fdf494837 ] Request (FlavorsAccessNegativeTestJSON:test_add_flavor_access_duplicate): 200 POST http://10.180.1.21/compute/v2.1/flavors 3.006s
2024-10-18 17:19:09.771 62499 INFO tempest.lib.common.rest_client [req-d36ab0bd-9944-4aa8-a7df-75e9845e86aa req-d36ab0bd-9944-4aa8-a7df-75e9845e86aa ] Request (ServicesAdminNegativeTestJSON:test_get_service_by_invalid_params): 200 GET http://10.180.1.21/compute/v2.1/os-services 2.685s
2024-10-18 17:19:09.774 62483 INFO tempest.lib.common.rest_client [req-0d847b9b-ba79-4948-bd23-18c14561d1df req-0d847b9b-ba79-4948-bd23-18c14561d1df ] Request (AZAdminNegativeTestJSON:tearDownClass): 200 GET http://10.180.1.21:9696/networking/v2.0/security-groups?tenant_id=6b3e761f49cc4a809a75c19a15297dfe&name=default 0.328s
2024-10-18 17:19:09.793 62497 INFO tempest.lib.common.rest_client [req-0f709ea6-ed53-45e2-bdd8-9cae876a9301 req-0f709ea6-ed53-45e2-bdd8-9cae876a9301 ] Request (ImagesDeleteNegativeTestJSON:test_delete_image_non_hex_string_id): 404 DELETE http://10.180.1.21/compute/v2.1/images/b26835ff-b803-4404-b2c1-fd8392f3f73j 2.625s
2024-10-18 17:19:09.803 62505 INFO tempest.lib.common.rest_client [req-705539e1-8079-4359-8124-c0b063c21993 req-705539e1-8079-4359-8124-c0b063c21993 ] Request (HypervisorAdminNegativeTestJSON:test_get_nonexistent_hypervisor_uptime): 404 GET http://10.180.1.21/compute/v2.1/os-hypervisors/3d98cf9e-9c94-460b-ba69-58d6180c8f32/uptime 2.466s
2024-10-18 17:19:09.928 62483 INFO tempest.lib.common.rest_client [req-5981c225-7b52-42c4-b4d7-8a925fb12c93 req-5981c225-7b52-42c4-b4d7-8a925fb12c93 ] Request (AZAdminNegativeTestJSON:tearDownClass): 204 DELETE http://10.180.1.21:9696/networking/v2.0/security-groups/2b8f7db3-3e00-4d5d-bcf2-cf244df183b8 0.153s
2024-10-18 17:19:09.954 62467 INFO tempest.lib.common.rest_client [req-693ab282-c0be-486f-93fb-c7405999b0b7 req-693ab282-c0be-486f-93fb-c7405999b0b7 ] Request (FlavorsV2NegativeTest:test_boot_with_low_ram): 400 POST http://10.180.1.21/compute/v2.1/servers 2.810s
2024-10-18 17:19:09.964 62507 INFO tempest.lib.common.rest_client [req-3ada7970-cc1e-496a-937f-2659860bdbcf req-3ada7970-cc1e-496a-937f-2659860bdbcf ] Request (TenantUsagesNegativeTestJSON:test_get_usage_tenant_with_invalid_date): 400 GET http://10.180.1.21/compute/v2.1/os-simple-tenant-usage/799e48c2d2c04fc59ec28f21639dcdfd?start=2024-10-19T17%3A19%3A03.230501&end=2024-10-17T17%3A19%3A03.230501 2.456s
2024-10-18 17:19:10.051 62483 INFO tempest.lib.common.rest_client [req-441fa95d-46da-4bf0-b07d-470fb1c6ba74 req-441fa95d-46da-4bf0-b07d-470fb1c6ba74 ] Request (AZAdminNegativeTestJSON:tearDownClass): 204 DELETE http://10.180.1.21/identity/v3/projects/6b3e761f49cc4a809a75c19a15297dfe 0.122s
2024-10-18 17:19:10.051 62483 INFO tempest.lib.common.dynamic_creds [-] Deleting project and security group for project: 2f7c2e08955a4183b3f374c2812ec574
2024-10-18 17:19:10.055 62467 INFO tempest.lib.common.rest_client [req-70d1a753-d705-4753-99ca-74fd62669203 req-70d1a753-d705-4753-99ca-74fd62669203 ] Request (FlavorsV2NegativeTest:_run_cleanups): 204 DELETE http://10.180.1.21/image/v2/images/72586688-bc85-44ea-be88-4959a254bcf6 0.101s
2024-10-18 17:19:10.136 62473 INFO tempest.lib.common.rest_client [req-45771a94-d8c4-4216-95fa-5abb9f66eeab req-45771a94-d8c4-4216-95fa-5abb9f66eeab ] Request (ServerDiagnosticsTest:test_get_server_diagnostics): 202 POST http://10.180.1.21/compute/v2.1/servers 2.737s
2024-10-18 17:19:10.153 62481 INFO tempest.lib.common.rest_client [req-4fbbc6e4-86e0-4feb-8af4-157ba2647d05 req-4fbbc6e4-86e0-4feb-8af4-157ba2647d05 ] Request (QuotasAdminTestV236:test_get_updated_quotas): 200 GET http://10.180.1.21/compute/v2.1/os-quota-sets/962f4deaab4c49c8b1c0a42aab71240d/detail 2.535s
2024-10-18 17:19:10.197 62481 INFO tempest.lib.common.rest_client [req-2a2986fe-03a2-487b-ae0a-c395996c9c1f req-2a2986fe-03a2-487b-ae0a-c395996c9c1f ] Request (QuotasAdminTestV236:test_get_updated_quotas): 200 GET http://10.180.1.21/identity/v3/domains?name=Default 0.035s
2024-10-18 17:19:10.238 62481 INFO tempest.lib.common.rest_client [req-7e7b51dc-e00b-4f38-8b82-f8a7c6b9bd35 req-7e7b51dc-e00b-4f38-8b82-f8a7c6b9bd35 ] Request (QuotasAdminTestV236:test_get_updated_quotas): 201 POST http://10.180.1.21/identity/v3/users 0.039s
2024-10-18 17:19:10.292 62467 INFO tempest.lib.common.rest_client [req-e75ac381-60ab-4acf-a004-de437c039e05 req-e75ac381-60ab-4acf-a004-de437c039e05 ] Request (FlavorsV2NegativeTest:tearDownClass): 204 DELETE http://10.180.1.21/identity/v3/users/e6ea546f9ad14c6fa1edc4d916feec01 0.188s
2024-10-18 17:19:10.292 62467 INFO tempest.lib.common.dynamic_creds [-] Deleting project and security group for project: a1b6dd0e30774bb9ad6891a3c360bc7b
2024-10-18 17:19:10.318 62481 INFO tempest.lib.common.rest_client [req-bb93255b-2035-4c7b-8d01-38d2a09b4f15 req-bb93255b-2035-4c7b-8d01-38d2a09b4f15 ] Request (QuotasAdminTestV236:test_get_updated_quotas): 200 GET http://10.180.1.21/identity/v3/domains?name=Default 0.079s
2024-10-18 17:19:10.340 62483 INFO tempest.lib.common.rest_client [req-48d32557-1d6e-44c9-8c53-04d70067208d req-48d32557-1d6e-44c9-8c53-04d70067208d ] Request (AZAdminNegativeTestJSON:tearDownClass): 200 GET http://10.180.1.21:9696/networking/v2.0/security-groups?tenant_id=2f7c2e08955a4183b3f374c2812ec574&name=default 0.289s
2024-10-18 17:19:10.369 62475 INFO tempest.lib.common.rest_client [req-247f56cc-05fb-443a-9a68-8bef54b2349b req-247f56cc-05fb-443a-9a68-8bef54b2349b ] Request (FloatingIPsAssociationNegativeTestJSON:setUpClass): 200 GET http://10.180.1.21/compute/v2.1/servers/70adb078-edbe-4a66-b2c3-a6721bc3ffe6 2.176s
2024-10-18 17:19:10.381 62467 INFO tempest.lib.common.rest_client [req-512573c6-f3cf-4133-8ad3-7831e83b57a9 req-512573c6-f3cf-4133-8ad3-7831e83b57a9 ] Request (FlavorsV2NegativeTest:tearDownClass): 201 POST http://10.180.1.21/identity/v3/auth/tokens 0.088s
2024-10-18 17:19:10.425 62471 INFO tempest.lib.common.rest_client [req-a5970cc1-fea5-43ca-b62a-fd0c3aa533cc req-a5970cc1-fea5-43ca-b62a-fd0c3aa533cc ] Request (HypervisorAdminUnderV252Test:test_get_hypervisor_show_servers): 200 GET http://10.180.1.21/compute/v2.1/os-hypervisors/domain-c8.fc996f14-c53b-4953-92e3-bdfa48f5cc28/servers 2.174s
2024-10-18 17:19:10.435 62493 INFO tempest.lib.common.rest_client [req-4dd48d22-2e0b-4e6a-8544-58ea3398bef7 req-4dd48d22-2e0b-4e6a-8544-58ea3398bef7 ] Request (SecurityGroupsTestAdminJSON:test_list_security_groups_list_all_tenants_filter): 200 POST http://10.180.1.21/compute/v2.1/os-security-groups 2.390s
2024-10-18 17:19:10.471 62477 INFO tempest.lib.common.rest_client [req-c80bd0a8-359f-4ef6-adcf-1fe350d9e43f req-c80bd0a8-359f-4ef6-adcf-1fe350d9e43f ] Request (AZAdminV2TestJSON:test_get_availability_zone_list_detail): 200 GET http://10.180.1.21/compute/v2.1/os-availability-zone/detail 2.054s
2024-10-18 17:19:10.502 62501 INFO tempest.lib.common.rest_client [req-e7554888-5e4d-487a-998e-3871ab608b3b req-e7554888-5e4d-487a-998e-3871ab608b3b ] Request (FlavorsExtraSpecsTestJSON:test_flavor_non_admin_get_all_keys): 200 POST http://10.180.1.21/compute/v2.1/flavors/1490089808/os-extra_specs 2.048s
2024-10-18 17:19:10.508 62483 INFO tempest.lib.common.rest_client [req-84821c3f-71f7-484f-a26c-311892fd24a2 req-84821c3f-71f7-484f-a26c-311892fd24a2 ] Request (AZAdminNegativeTestJSON:tearDownClass): 204 DELETE http://10.180.1.21:9696/networking/v2.0/security-groups/6117c895-2bb2-43da-832f-c59c003e9949 0.168s
2024-10-18 17:19:10.511 62459 INFO tempest.lib.common.rest_client [req-a06abc8b-5dff-4819-998f-b79583450c9b req-a06abc8b-5dff-4819-998f-b79583450c9b ] Request (FlavorMetadataValidation:test_flavor_update_with_custom_namespace): 200 POST http://10.180.1.21/compute/v2.1/flavors/483121919/os-extra_specs 2.188s
2024-10-18 17:19:10.543 62463 INFO tempest.lib.common.rest_client [req-f42d58e5-1432-4233-ad07-3a46ef748036 req-f42d58e5-1432-4233-ad07-3a46ef748036 ] Request (AggregatesAdminNegativeTestJSON:test_aggregate_add_existent_host): 200 POST http://10.180.1.21/compute/v2.1/os-aggregates 1.909s
2024-10-18 17:19:10.566 62477 INFO tempest.lib.common.rest_client [req-31b87086-92f2-416e-a231-4894e0a76ff6 req-31b87086-92f2-416e-a231-4894e0a76ff6 ] Request (AZAdminV2TestJSON:tearDownClass): 204 DELETE http://10.180.1.21/identity/v3/users/cfbc518a40ae4189af3a49fb4e8be29f 0.088s
