2024-10-18 17:20:07.397 62487 INFO tempest.lib.common.rest_client [req-eb6bb351-10a9-47d7-a552-612f6ddd79b5 req-eb6bb351-10a9-47d7-a552-612f6ddd79b5 ] Request (FloatingIPDetailsTestJSON:setUpClass): 200 GET http://10.180.1.21/identity/v3/roles 0.016s
2024-10-18 17:20:07.420 62487 INFO tempest.lib.common.rest_client [req-e8deca51-694a-41dc-9b03-3532a908590a req-e8deca51-694a-41dc-9b03-3532a908590a ] Request (FloatingIPDetailsTestJSON:setUpClass): 204 PUT http://10.180.1.21/identity/v3/projects/63ceafb75e2e49c19d56c762fa17fe3e/users/d3c05af4fe0c40aa9761b061f90a86c1/roles/d854c0a5b0b445b999c6378ee955cad4 0.023s
2024-10-18 17:20:07.421 62487 INFO tempest.lib.common.dynamic_creds [-] Dynamic test user d3c05af4fe0c40aa9761b061f90a86c1 is created with scope project and roles: ['member']
2024-10-18 17:20:07.421 62487 INFO tempest.lib.common.dynamic_creds [-] Acquired dynamic creds: credentials: Credentials: {'domain_id': 'default', 'domain_name': 'Default', 'username': 'tempest-FloatingIPDetailsTestJSON-1610492170-project-member', 'project_domain_id': 'default', 'project_domain_name': 'Default', 'project_id': '63ceafb75e2e49c19d56c762fa17fe3e', 'project_name': 'tempest-FloatingIPDetailsTestJSON-1610492170', 'tenant_id': '63ceafb75e2e49c19d56c762fa17fe3e', 'tenant_name': 'tempest-FloatingIPDetailsTestJSON-1610492170', 'user_domain_id': 'default', 'user_domain_name': 'Default', 'user_id': 'd3c05af4fe0c40aa9761b061f90a86c1', 'system': None}, Network: None, Subnet: None, Router: None
2024-10-18 17:20:07.422 62465 INFO tempest.lib.common.rest_client [req-698ef1cd-4834-4756-b1e4-50463f1140a2 req-698ef1cd-4834-4756-b1e4-50463f1140a2 ] Request (VolumesAssistedSnapshotsTest:test_volume_assisted_snapshot_create_delete): 200 GET http://10.180.1.21/compute/v2.1/servers/7965772b-4dd7-4807-8be4-67c6565f9304 0.511s
2024-10-18 17:20:07.439 62485 INFO tempest.lib.common.rest_client [req-acbd193a-a965-4715-b15a-a413f80b8e38 req-acbd193a-a965-4715-b15a-a413f80b8e38 ] Request (ServerAddressesTestJSON:setUpClass): 200 GET http://10.180.1.21/compute/v2.1/servers/ae5ec212-9dbe-4a11-94a3-8aa4576ca4db 0.473s
2024-10-18 17:20:07.472 62487 INFO tempest.lib.common.rest_client [req-66ed2dcc-0d5c-4d4f-9787-37c24ceb623f req-66ed2dcc-0d5c-4d4f-9787-37c24ceb623f ] Request (FloatingIPDetailsTestJSON:setUpClass): 201 POST http://10.180.1.21/identity/v3/auth/tokens 0.050s
2024-10-18 17:20:07.487 62469 INFO tempest.lib.common.rest_client [req-534b8bd2-94e8-4b7a-93fd-a546329651ba req-534b8bd2-94e8-4b7a-93fd-a546329651ba ] Request (VolumesSnapshotsTestJSON:_run_cleanups): 202 DELETE http://10.180.1.21/compute/v2.1/os-snapshots/ccf7be4c-c392-4883-aaf5-2d596a87ee62 0.404s
2024-10-18 17:20:07.533 62467 INFO tempest.lib.common.rest_client [req-fde397db-f820-4086-930c-6a0f0cc9d656 req-fde397db-f820-4086-930c-6a0f0cc9d656 ] Request (ListImageFiltersTestJSON:setUpClass): 200 GET http://10.180.1.21/compute/v2.1/servers/7c2937c6-e6b7-4716-80fa-5538641bc8dc 0.418s
2024-10-18 17:20:07.540 62467 INFO tempest.common.waiters [-] State transition "BUILD/scheduling" ==> "BUILD/None" after 34 second wait
2024-10-18 17:20:07.584 62471 INFO tempest.lib.common.rest_client [req-c9ac7eaf-b548-43e1-a8e5-4b3597a3f31d req-c9ac7eaf-b548-43e1-a8e5-4b3597a3f31d ] Request (FloatingIPsAssociationTestJSON:setUpClass): 200 GET http://10.180.1.21/compute/v2.1/servers/e7439426-722a-4420-8607-903cf96dff06 0.289s
2024-10-18 17:20:07.605 62483 INFO tempest.lib.common.rest_client [req-0c1898ce-6ffe-4af4-ac0e-727b7835b41f req-0c1898ce-6ffe-4af4-ac0e-727b7835b41f ] Request (ServersAdminNegativeTestJSON:setUpClass): 204 DELETE http://10.180.1.21/compute/v2.1/servers/be7273d1-963e-44bf-9862-35703e37081d 0.607s
2024-10-18 17:20:07.662 62505 INFO tempest.lib.common.rest_client [req-312e6754-4e26-44bb-b1d1-43d684fab048 req-312e6754-4e26-44bb-b1d1-43d684fab048 ] Request (AttachVolumeShelveTestJSON:test_attach_volume_shelved_or_offload_server): 200 GET http://10.180.1.21/compute/v2.1/servers/85dbaf67-049c-4a90-a3dc-67e2decc1dbf 0.286s
2024-10-18 17:20:07.723 62497 INFO tempest.lib.common.rest_client [req-5a9aa0e9-bf3c-4c88-87f4-15c94496ff3e req-5a9aa0e9-bf3c-4c88-87f4-15c94496ff3e ] Request (ImagesNegativeTestJSON:test_create_image_from_deleted_server): 200 GET http://10.180.1.21/compute/v2.1/servers/a93e681e-1cb1-4025-8725-4c6664d78c96 0.298s
2024-10-18 17:20:07.734 62457 INFO tempest.lib.common.rest_client [req-3453629c-ea9e-4388-8e63-d474acc17752 req-3453629c-ea9e-4388-8e63-d474acc17752 ] Request (ServersTestBootFromVolume:setUpClass): 200 GET http://10.180.1.21/volume/v3/volumes/e5ff56ef-31a8-40b2-ac62-9668a4116b23 0.031s
2024-10-18 17:20:07.750 62469 INFO tempest.lib.common.rest_client [req-1f6c26ed-642a-4a5d-aacb-f5af2f0093c5 req-1f6c26ed-642a-4a5d-aacb-f5af2f0093c5 ] Request (VolumesSnapshotsTestJSON:_run_cleanups): 404 GET http://10.180.1.21/compute/v2.1/os-snapshots/ccf7be4c-c392-4883-aaf5-2d596a87ee62 0.262s
2024-10-18 17:20:07.823 62491 INFO tempest.lib.common.rest_client [req-15082135-9eed-438c-81f4-cdf5716e5c53 req-15082135-9eed-438c-81f4-cdf5716e5c53 ] Request (ServerDiagnosticsV248Test:tearDownClass): 200 GET http://10.180.1.21/compute/v2.1/servers/ddde9ee7-5198-42e5-86b9-f51727dfbf60 0.315s
2024-10-18 17:20:07.851 62487 INFO tempest.lib.common.rest_client [req-e41bc6e5-a685-4864-83ad-924325ab0796 req-e41bc6e5-a685-4864-83ad-924325ab0796 ] Request (FloatingIPDetailsTestJSON:setUpClass): 201 POST http://10.180.1.21:9696/networking/v2.0/networks 0.379s
2024-10-18 17:20:07.883 62453 INFO tempest.lib.common.rest_client [req-cc098591-559c-445b-b7cb-b32d234a5f95 req-cc098591-559c-445b-b7cb-b32d234a5f95 ] Request (ServerActionsTestJSON:setUpClass): 200 GET http://10.180.1.21/compute/v2.1/servers/2d1b59b1-504c-487f-93ac-642c490d6546 0.328s
2024-10-18 17:20:07.937 62499 INFO tempest.lib.common.rest_client [req-e6dc28d3-5e87-4419-b0e5-f3756ae030ab req-e6dc28d3-5e87-4419-b0e5-f3756ae030ab ] Request (ImagesOneServerTestJSON:setUpClass): 200 GET http://10.180.1.21/compute/v2.1/servers/2f9deec0-e0ad-4cb4-9868-9aa53cdf602d 0.371s
2024-10-18 17:20:07.954 62483 INFO tempest.lib.common.rest_client [req-1d08b86b-1151-48c3-8efc-2c47f31d7bf2 req-1d08b86b-1151-48c3-8efc-2c47f31d7bf2 ] Request (ServersAdminNegativeTestJSON:setUpClass): 404 GET http://10.180.1.21/compute/v2.1/servers/be7273d1-963e-44bf-9862-35703e37081d 0.348s
2024-10-18 17:20:07.954 62483 INFO tempest.test [-] raised in ServersAdminNegativeTestJSON.setUpClass. Invoking tearDownClass.
2024-10-18 17:20:08.015 62509 INFO tempest.lib.common.rest_client [req-bc46ba22-4ab3-40cc-bf08-6cc8db5c9a84 req-bc46ba22-4ab3-40cc-bf08-6cc8db5c9a84 ] Request (ServerDiskConfigTestJSON:test_rebuild_server_with_auto_disk_config): 200 GET http://10.180.1.21/compute/v2.1/servers/30cf9ebc-daab-42d3-9e7d-cb4d2cb55bf5 0.408s
2024-10-18 17:20:08.061 62483 INFO tempest.lib.common.rest_client [req-fdeefbdf-5b26-44d2-9e9d-96dfcb58b20b req-fdeefbdf-5b26-44d2-9e9d-96dfcb58b20b ] Request (ServersAdminNegativeTestJSON:tearDownClass): 204 DELETE http://10.180.1.21/identity/v3/users/d6f6790551e0455e83aa2dcd864758df 0.106s
2024-10-18 17:20:08.081 62451 INFO tempest.lib.common.rest_client [req-262a2a94-d206-42d4-a279-6792f3b5d4ec req-262a2a94-d206-42d4-a279-6792f3b5d4ec ] Request (ServersAdminTestJSON:setUpClass): 200 GET http://10.180.1.21/compute/v2.1/servers/c979d105-12b7-485c-a136-55ffad02fe67 0.456s
2024-10-18 17:20:08.143 62477 INFO tempest.lib.common.rest_client [req-bd1cc383-bf70-42e5-a7bf-c50a699f4d39 req-bd1cc383-bf70-42e5-a7bf-c50a699f4d39 ] Request (InstanceActionsTestJSON:setUpClass): 200 GET http://10.180.1.21/compute/v2.1/servers/a499452b-9d48-4022-8d4c-0c66c6dde9ba 0.468s
2024-10-18 17:20:08.160 62463 INFO tempest.lib.common.rest_client [req-1b60f5aa-68e8-4f4f-a67d-24f2cb358b68 req-1b60f5aa-68e8-4f4f-a67d-24f2cb358b68 ] Request (FloatingIPsTestJSON:test_delete_floating_ip): 202 DELETE http://10.180.1.21/compute/v2.1/os-floating-ips/ffd6d19f-542b-4540-bbb8-07c1150558e2 0.785s
2024-10-18 17:20:08.163 62487 INFO tempest.lib.common.rest_client [req-74789e28-1561-4c47-bbb1-909876ba0de0 req-74789e28-1561-4c47-bbb1-909876ba0de0 ] Request (FloatingIPDetailsTestJSON:setUpClass): 201 POST http://10.180.1.21:9696/networking/v2.0/subnets 0.311s
2024-10-18 17:20:08.193 62483 INFO tempest.lib.common.rest_client [req-e109b088-099e-4e17-8f96-7d0f70917b26 req-e109b088-099e-4e17-8f96-7d0f70917b26 ] Request (ServersAdminNegativeTestJSON:tearDownClass): 204 DELETE http://10.180.1.21/identity/v3/users/74d916dbd48f439faed86ad0b4059e94 0.132s
2024-10-18 17:20:08.193 62483 INFO tempest.lib.common.dynamic_creds [-] Deleting project and security group for project: f6b2aab266654de495dda0f61637f1cf
2024-10-18 17:20:08.214 62473 INFO tempest.lib.common.rest_client [req-27cc41f0-0be5-4b55-80cf-f027596d60a2 req-27cc41f0-0be5-4b55-80cf-f027596d60a2 ] Request (AttachInterfacesV270Test:test_create_get_list_interfaces): 200 GET http://10.180.1.21/compute/v2.1/servers/460255fb-6589-481b-9770-0a2b548c6194 0.506s
2024-10-18 17:20:08.222 62513 INFO tempest.lib.common.rest_client [req-baa89371-dfc1-4666-ac90-58b4baf90b58 req-baa89371-dfc1-4666-ac90-58b4baf90b58 ] Request (ServersTestMultiNic:test_verify_multiple_nics_order): 200 GET http://10.180.1.21/compute/v2.1/servers/b4a7ff58-0f48-4942-a270-de6910ff0c0c 0.479s
2024-10-18 17:20:08.256 62483 INFO tempest.lib.common.rest_client [req-3c83b9ce-5fa1-4f47-a315-14ec0c3e89aa req-3c83b9ce-5fa1-4f47-a315-14ec0c3e89aa ] Request (ServersAdminNegativeTestJSON:tearDownClass): 201 POST http://10.180.1.21/identity/v3/auth/tokens 0.062s
2024-10-18 17:20:08.277 62469 INFO tempest.lib.common.rest_client [req-69105362-dda9-46f5-9212-d71d4815bcc6 req-69105362-dda9-46f5-9212-d71d4815bcc6 ] Request (VolumesSnapshotsTestJSON:_run_cleanups): 202 DELETE http://10.180.1.21/compute/v2.1/os-volumes/4f07b52f-0106-4ff8-b2f7-5309ccb309a6 0.527s
2024-10-18 17:20:08.293 62459 INFO tempest.lib.common.rest_client [req-b8574f9e-459f-4b74-916d-e4a0a7ce6142 req-b8574f9e-459f-4b74-916d-e4a0a7ce6142 ] Request (ServersTestFqdnHostnames:test_create_server_with_fqdn_name): 200 GET http://10.180.1.21/compute/v2.1/servers/1586080c-3406-47f0-bbb9-0c50082eaf8d 0.530s
2024-10-18 17:20:08.329 62461 INFO tempest.lib.common.rest_client [req-47835b74-4ca0-4097-a359-8a0b6f7721b8 req-47835b74-4ca0-4097-a359-8a0b6f7721b8 ] Request (AttachVolumeTestJSON:test_attach_detach_volume): 200 GET http://10.180.1.21/compute/v2.1/servers/cf7b7da2-380e-4a97-b142-0dd9e5ad3c79 0.537s
2024-10-18 17:20:08.349 62455 INFO tempest.lib.common.rest_client [req-b1d241a5-8a75-4234-905c-ff0986a8bbc8 req-b1d241a5-8a75-4234-905c-ff0986a8bbc8 ] Request (DeleteServersAdminTestJSON:test_delete_server_while_in_error_state): 200 GET http://10.180.1.21/compute/v2.1/servers/a8105842-1649-495d-b0c4-18ceda62bd57 0.544s
2024-10-18 17:20:08.404 62475 INFO tempest.lib.common.rest_client [req-91df0c69-c04e-4ec0-a3fd-a880efdc2f5f req-91df0c69-c04e-4ec0-a3fd-a880efdc2f5f ] Request (ServersTestManualDisk:setUpClass): 200 GET http://10.180.1.21/compute/v2.1/servers/c0c9e61b-ab2b-47dc-997b-570204ab4c3b 0.538s
2024-10-18 17:20:08.424 62507 INFO tempest.lib.common.rest_client [req-d290f8ff-4331-4c59-9bd2-16a182dc34fc req-d290f8ff-4331-4c59-9bd2-16a182dc34fc ] Request (ServersTestJSON:setUpClass): 200 GET http://10.180.1.21/compute/v2.1/servers/4c98c21e-2918-4b55-b2b5-db14630a36ef 0.494s
2024-10-18 17:20:08.486 62511 INFO tempest.lib.common.rest_client [req-8e178a42-8534-46d1-afc4-2207860c0978 req-8e178a42-8534-46d1-afc4-2207860c0978 ] Request (MigrationsAdminTest:test_resize_server_revert_deleted_flavor): 200 GET http://10.180.1.21/compute/v2.1/servers/92d3557c-655f-45d9-ae7d-bbe62567e1e2 0.416s
2024-10-18 17:20:08.502 62503 INFO tempest.lib.common.rest_client [req-e554a124-28cc-4075-a51c-683a93f80e4b req-e554a124-28cc-4075-a51c-683a93f80e4b ] Request (ServersWithSpecificFlavorTestJSON:test_verify_created_server_ephemeral_disk): 200 GET http://10.180.1.21/compute/v2.1/servers/448b8246-8d41-4154-bb99-b3c66d8e9475 0.346s
2024-10-18 17:20:08.521 62463 INFO tempest.lib.common.rest_client [req-ab2d491d-1385-4d8a-b3b9-6cfd4aec4452 req-ab2d491d-1385-4d8a-b3b9-6cfd4aec4452 ] Request (FloatingIPsTestJSON:test_delete_floating_ip): 404 GET http://10.180.1.21/compute/v2.1/os-floating-ips/ffd6d19f-542b-4540-bbb8-07c1150558e2 0.360s
2024-10-18 17:20:08.556 62479 INFO tempest.lib.common.rest_client [req-070d1f97-08f5-465d-8caf-6dd55c70d16f req-070d1f97-08f5-465d-8caf-6dd55c70d16f ] Request (DeleteServersTestJSON:test_delete_server_while_in_attached_volume): 200 GET http://10.180.1.21/compute/v2.1/servers/0d80665a-c881-454a-90c7-96348e7fab74 0.353s
2024-10-18 17:20:08.570 62483 INFO tempest.lib.common.rest_client [req-24f2d0fc-a8a8-4d5f-997e-64f53812f2ca req-24f2d0fc-a8a8-4d5f-997e-64f53812f2ca ] Request (ServersAdminNegativeTestJSON:tearDownClass): 200 GET http://10.180.1.21:9696/networking/v2.0/security-groups?tenant_id=f6b2aab266654de495dda0f61637f1cf&name=default 0.314s
2024-10-18 17:20:08.580 62469 INFO tempest.lib.common.rest_client [req-50020bcf-4180-4946-87e2-6d5b3b01b255 req-50020bcf-4180-4946-87e2-6d5b3b01b255 ] Request (VolumesSnapshotsTestJSON:_run_cleanups): 404 GET http://10.180.1.21/compute/v2.1/os-volumes/4f07b52f-0106-4ff8-b2f7-5309ccb309a6 0.302s
2024-10-18 17:20:08.581 62481 INFO tempest.lib.common.rest_client [req-65bcd8cb-4afb-467e-95d6-6bc83267b2cd req-65bcd8cb-4afb-467e-95d6-6bc83267b2cd ] Request (TenantUsagesTestJSON:setUpClass): 200 GET http://10.180.1.21/compute/v2.1/servers/5e812408-6f27-4b52-9564-4063f4526340 0.323s
2024-10-18 17:20:08.643 62493 INFO tempest.lib.common.rest_client [req-a5af36c4-7489-412e-afb3-3267d4a71590 req-a5af36c4-7489-412e-afb3-3267d4a71590 ] Request (ImagesOneServerNegativeTestJSON:setUpClass): 200 GET http://10.180.1.21/compute/v2.1/servers/c46a8746-b4b2-46f8-b16a-a7ceb5ff4611 0.286s
2024-10-18 17:20:08.646 62495 INFO tempest.lib.common.rest_client [req-38580afa-04f4-4328-a019-fe32e8f8ea5b req-38580afa-04f4-4328-a019-fe32e8f8ea5b ] Request (ServersAdmin275Test:test_rebuild_update_server_275): 200 GET http://10.180.1.21/compute/v2.1/servers/7651f6d2-1825-46a1-9380-732b50abd3cc 0.335s
2024-10-18 17:20:08.661 62483 INFO tempest.lib.common.rest_client [req-a20b2da5-45f3-4ef3-ae17-14309e5b2a4e req-a20b2da5-45f3-4ef3-ae17-14309e5b2a4e ] Request (ServersAdminNegativeTestJSON:tearDownClass): 204 DELETE http://10.180.1.21:9696/networking/v2.0/security-groups/6ba51abd-3779-444e-9e9e-2a83c76e2207 0.091s
2024-10-18 17:20:08.706 62465 INFO tempest.lib.common.rest_client [req-ae762cba-75d6-4cd0-ae37-7a58aae76802 req-ae762cba-75d6-4cd0-ae37-7a58aae76802 ] Request (VolumesAssistedSnapshotsTest:test_volume_assisted_snapshot_create_delete): 200 GET http://10.180.1.21/compute/v2.1/servers/7965772b-4dd7-4807-8be4-67c6565f9304 0.276s
2024-10-18 17:20:08.711 62489 INFO tempest.lib.common.rest_client [req-86cc97f6-baf1-4709-afa3-639c593cb383 req-86cc97f6-baf1-4709-afa3-639c593cb383 ] Request (MultipleCreateTestJSON:test_multiple_create): 200 GET http://10.180.1.21/compute/v2.1/servers/96694bb9-fbf2-4b71-9cb5-37f81b634992 0.307s
2024-10-18 17:20:08.724 62483 INFO tempest.lib.common.rest_client [req-c569af75-e78d-4bd8-8f07-50236eda1ad5 req-c569af75-e78d-4bd8-8f07-50236eda1ad5 ] Request (ServersAdminNegativeTestJSON:tearDownClass): 204 DELETE http://10.180.1.21/identity/v3/projects/f6b2aab266654de495dda0f61637f1cf 0.063s
2024-10-18 17:20:08.725 62483 INFO tempest.lib.common.dynamic_creds [-] Deleting project and security group for project: 8cdcf076bdbe4a6a995b222c751dfa16
2024-10-18 17:20:08.737 62463 INFO tempest.lib.common.rest_client [req-846cadc1-6ac4-4d3b-b508-1eda853213d1 req-846cadc1-6ac4-4d3b-b508-1eda853213d1 ] Request (FloatingIPsTestJSON:_run_cleanups): 404 DELETE http://10.180.1.21/compute/v2.1/os-floating-ips/ffd6d19f-542b-4540-bbb8-07c1150558e2 0.216s
2024-10-18 17:20:08.760 62483 INFO tempest.lib.common.rest_client [req-1d4c456e-8a6a-4bb8-9926-133688fc5fa3 req-1d4c456e-8a6a-4bb8-9926-133688fc5fa3 ] Request (ServersAdminNegativeTestJSON:tearDownClass): 200 GET http://10.180.1.21:9696/networking/v2.0/security-groups?tenant_id=8cdcf076bdbe4a6a995b222c751dfa16&name=default 0.035s
2024-10-18 17:20:08.764 62457 INFO tempest.lib.common.rest_client [req-5f40ee41-541a-4cb3-bce8-0978bed640a5 req-5f40ee41-541a-4cb3-bce8-0978bed640a5 ] Request (ServersTestBootFromVolume:setUpClass): 200 GET http://10.180.1.21/volume/v3/volumes/e5ff56ef-31a8-40b2-ac62-9668a4116b23 0.022s
2024-10-18 17:20:08.767 62485 INFO tempest.lib.common.rest_client [req-9c803429-c80d-40ca-bc3e-e7aa0bd370fe req-9c803429-c80d-40ca-bc3e-e7aa0bd370fe ] Request (ServerAddressesTestJSON:setUpClass): 200 GET http://10.180.1.21/compute/v2.1/servers/ae5ec212-9dbe-4a11-94a3-8aa4576ca4db 0.321s
2024-10-18 17:20:08.791 62469 INFO tempest.lib.common.rest_client [req-34c3c776-e258-4d9a-aade-8f68b12bb827 req-34c3c776-e258-4d9a-aade-8f68b12bb827 ] Request (VolumesSnapshotsTestJSON:tearDownClass): 404 DELETE http://10.180.1.21/compute/v2.1/os-volumes/4f07b52f-0106-4ff8-b2f7-5309ccb309a6 0.206s
2024-10-18 17:20:08.807 62467 INFO tempest.lib.common.rest_client [req-27143fa1-9c98-40b0-8156-30303916c9ad req-27143fa1-9c98-40b0-8156-30303916c9ad ] Request (ListImageFiltersTestJSON:setUpClass): 200 GET http://10.180.1.21/compute/v2.1/servers/7c2937c6-e6b7-4716-80fa-5538641bc8dc 0.266s
2024-10-18 17:20:08.862 62471 INFO tempest.lib.common.rest_client [req-8037ce60-5a3b-4c22-8aab-79bbadcc2578 req-8037ce60-5a3b-4c22-8aab-79bbadcc2578 ] Request (FloatingIPsAssociationTestJSON:setUpClass): 200 GET http://10.180.1.21/compute/v2.1/servers/e7439426-722a-4420-8607-903cf96dff06 0.270s
2024-10-18 17:20:08.888 62505 INFO tempest.lib.common.rest_client [req-8c3b7410-a7af-412b-8533-69bb238ad6dc req-8c3b7410-a7af-412b-8533-69bb238ad6dc ] Request (AttachVolumeShelveTestJSON:test_attach_volume_shelved_or_offload_server): 200 GET http://10.180.1.21/compute/v2.1/servers/85dbaf67-049c-4a90-a3dc-67e2decc1dbf 0.217s
2024-10-18 17:20:08.910 62469 INFO tempest.lib.common.rest_client [req-014333b1-ef55-491f-9b2a-183f1d7a6e7a req-014333b1-ef55-491f-9b2a-183f1d7a6e7a ] Request (VolumesSnapshotsTestJSON:tearDownClass): 404 GET http://10.180.1.21/compute/v2.1/os-volumes/4f07b52f-0106-4ff8-b2f7-5309ccb309a6 0.119s
2024-10-18 17:20:08.936 62497 INFO tempest.lib.common.rest_client [req-d0c7f513-c2c8-4047-90d9-2e4c8aa9b4b1 req-d0c7f513-c2c8-4047-90d9-2e4c8aa9b4b1 ] Request (ImagesNegativeTestJSON:test_create_image_from_deleted_server): 200 GET http://10.180.1.21/compute/v2.1/servers/a93e681e-1cb1-4025-8725-4c6664d78c96 0.200s
2024-10-18 17:20:09.001 62491 INFO tempest.lib.common.rest_client [req-718e7e3d-c1bd-4169-b35e-77033e8ddaff req-718e7e3d-c1bd-4169-b35e-77033e8ddaff ] Request (ServerDiagnosticsV248Test:tearDownClass): 200 GET http://10.180.1.21/compute/v2.1/servers/ddde9ee7-5198-42e5-86b9-f51727dfbf60 0.169s
2024-10-18 17:20:09.022 62469 INFO tempest.lib.common.rest_client [req-112fd6a5-51fa-4f21-8dba-ed6e766c7a8c req-112fd6a5-51fa-4f21-8dba-ed6e766c7a8c ] Request (VolumesSnapshotsTestJSON:tearDownClass): 204 DELETE http://10.180.1.21/identity/v3/users/1c8fbc67623843bc85805907544c06d6 0.111s
2024-10-18 17:20:09.022 62469 INFO tempest.lib.common.dynamic_creds [-] Deleting project and security group for project: 433af45404704dadb44f56a8a8c9d092
2024-10-18 17:20:09.026 62453 INFO tempest.lib.common.rest_client [req-66f731f4-f724-4e15-98f7-2df742d001f5 req-66f731f4-f724-4e15-98f7-2df742d001f5 ] Request (ServerActionsTestJSON:setUpClass): 200 GET http://10.180.1.21/compute/v2.1/servers/2d1b59b1-504c-487f-93ac-642c490d6546 0.134s
2024-10-18 17:20:09.071 62499 INFO tempest.lib.common.rest_client [req-4cb1435e-1bba-43e5-b8b2-e271fe47d7b7 req-4cb1435e-1bba-43e5-b8b2-e271fe47d7b7 ] Request (ImagesOneServerTestJSON:setUpClass): 200 GET http://10.180.1.21/compute/v2.1/servers/2f9deec0-e0ad-4cb4-9868-9aa53cdf602d 0.125s
2024-10-18 17:20:09.083 62483 INFO tempest.lib.common.rest_client [req-e7bc05d5-b73f-4b26-a3fe-71dd53191a9b req-e7bc05d5-b73f-4b26-a3fe-71dd53191a9b ] Request (ServersAdminNegativeTestJSON:tearDownClass): 204 DELETE http://10.180.1.21:9696/networking/v2.0/security-groups/70d9b375-3446-463f-a85a-eafb4f105dd4 0.323s
2024-10-18 17:20:09.093 62469 INFO tempest.lib.common.rest_client [req-e7ccd1d6-4fa5-4607-bcfd-eaeb6e574267 req-e7ccd1d6-4fa5-4607-bcfd-eaeb6e574267 ] Request (VolumesSnapshotsTestJSON:tearDownClass): 201 POST http://10.180.1.21/identity/v3/auth/tokens 0.071s
2024-10-18 17:20:09.102 62509 INFO tempest.lib.common.rest_client [req-2cf0331a-bb6c-46fc-bc33-b253339e0494 req-2cf0331a-bb6c-46fc-bc33-b253339e0494 ] Request (ServerDiskConfigTestJSON:test_rebuild_server_with_auto_disk_config): 200 GET http://10.180.1.21/compute/v2.1/servers/30cf9ebc-daab-42d3-9e7d-cb4d2cb55bf5 0.075s
2024-10-18 17:20:09.160 62451 INFO tempest.lib.common.rest_client [req-87316cc7-a6a2-4e27-9673-dc0f44887af4 req-87316cc7-a6a2-4e27-9673-dc0f44887af4 ] Request (ServersAdminTestJSON:setUpClass): 200 GET http://10.180.1.21/compute/v2.1/servers/c979d105-12b7-485c-a136-55ffad02fe67 0.070s
2024-10-18 17:20:09.190 62483 INFO tempest.lib.common.rest_client [req-fea7deeb-6348-4072-90d0-3964abdae2bb req-fea7deeb-6348-4072-90d0-3964abdae2bb ] Request (ServersAdminNegativeTestJSON:tearDownClass): 204 DELETE http://10.180.1.21/identity/v3/projects/8cdcf076bdbe4a6a995b222c751dfa16 0.107s
2024-10-18 17:20:09.226 62477 INFO tempest.lib.common.rest_client [req-bbf2370b-b23e-4cd5-84fa-3a5fd4096f0e req-bbf2370b-b23e-4cd5-84fa-3a5fd4096f0e ] Request (InstanceActionsTestJSON:setUpClass): 200 GET http://10.180.1.21/compute/v2.1/servers/a499452b-9d48-4022-8d4c-0c66c6dde9ba 0.074s
2024-10-18 17:20:09.249 62469 INFO tempest.lib.common.rest_client [req-421db457-8bb1-44ae-ad63-b225c93bb20d req-421db457-8bb1-44ae-ad63-b225c93bb20d ] Request (VolumesSnapshotsTestJSON:tearDownClass): 200 GET http://10.180.1.21:9696/networking/v2.0/security-groups?tenant_id=433af45404704dadb44f56a8a8c9d092&name=default 0.155s
2024-10-18 17:20:09.254 62483 INFO tempest.lib.common.rest_client [req-c5014242-7b5a-4f9d-b0e1-0c824a55f384 req-c5014242-7b5a-4f9d-b0e1-0c824a55f384 ] Request (SecurityGroupRulesNegativeTestJSON:setUpClass): 201 POST http://10.180.1.21/identity/v3/auth/tokens 0.059s
2024-10-18 17:20:09.284 62483 INFO tempest.lib.common.rest_client [req-23a4bf32-775f-433a-94de-765ade940ef0 req-23a4bf32-775f-433a-94de-765ade940ef0 ] Request (SecurityGroupRulesNegativeTestJSON:setUpClass): 201 POST http://10.180.1.21/identity/v3/auth/tokens 0.028s
2024-10-18 17:20:09.306 62513 INFO tempest.lib.common.rest_client [req-21d3c454-836f-4beb-a953-af7becbd53aa req-21d3c454-836f-4beb-a953-af7becbd53aa ] Request (ServersTestMultiNic:test_verify_multiple_nics_order): 200 GET http://10.180.1.21/compute/v2.1/servers/b4a7ff58-0f48-4942-a270-de6910ff0c0c 0.077s
2024-10-18 17:20:09.318 62483 INFO tempest.lib.common.rest_client [req-d3f5ab6e-f97c-4227-81d8-809fe0a98edb req-d3f5ab6e-f97c-4227-81d8-809fe0a98edb ] Request (SecurityGroupRulesNegativeTestJSON:setUpClass): 200 GET http://10.180.1.21/identity/v3/domains?name=Default 0.033s
2024-10-18 17:20:09.318 62473 INFO tempest.lib.common.rest_client [req-08b70d2d-437e-41cc-8c36-5a04d65e731f req-08b70d2d-437e-41cc-8c36-5a04d65e731f ] Request (AttachInterfacesV270Test:test_create_get_list_interfaces): 200 GET http://10.180.1.21/compute/v2.1/servers/460255fb-6589-481b-9770-0a2b548c6194 0.091s
2024-10-18 17:20:09.341 62469 INFO tempest.lib.common.rest_client [req-6436e8ee-eef7-42a8-943c-8360bb2ccac8 req-6436e8ee-eef7-42a8-943c-8360bb2ccac8 ] Request (VolumesSnapshotsTestJSON:tearDownClass): 204 DELETE http://10.180.1.21:9696/networking/v2.0/security-groups/e3f7c7d7-a5ad-44e1-bb8f-abcc60fe5c8d 0.089s
2024-10-18 17:20:09.363 62483 INFO tempest.lib.common.rest_client [req-cfb655a1-1ede-459b-9c00-a5c92b8011e0 req-cfb655a1-1ede-459b-9c00-a5c92b8011e0 ] Request (SecurityGroupRulesNegativeTestJSON:setUpClass): 201 POST http://10.180.1.21/identity/v3/projects 0.045s
2024-10-18 17:20:09.382 62459 INFO tempest.lib.common.rest_client [req-6346d941-49d5-4664-af70-4c79110d3e2e req-6346d941-49d5-4664-af70-4c79110d3e2e ] Request (ServersTestFqdnHostnames:test_create_server_with_fqdn_name): 200 GET http://10.180.1.21/compute/v2.1/servers/1586080c-3406-47f0-bbb9-0c50082eaf8d 0.076s
2024-10-18 17:20:09.426 62483 INFO tempest.lib.common.rest_client [req-254b02fe-ff77-4439-a7fa-3842f8d676e9 req-254b02fe-ff77-4439-a7fa-3842f8d676e9 ] Request (SecurityGroupRulesNegativeTestJSON:setUpClass): 201 POST http://10.180.1.21/identity/v3/users 0.061s
2024-10-18 17:20:09.435 62469 INFO tempest.lib.common.rest_client [req-863aedc3-c285-4952-bf37-7d6161fdd042 req-863aedc3-c285-4952-bf37-7d6161fdd042 ] Request (VolumesSnapshotsTestJSON:tearDownClass): 204 DELETE http://10.180.1.21/identity/v3/projects/433af45404704dadb44f56a8a8c9d092 0.094s
2024-10-18 17:20:09.472 62483 INFO tempest.lib.common.rest_client [req-67a60621-a2ac-41ba-b4d7-5716dfd71a15 req-67a60621-a2ac-41ba-b4d7-5716dfd71a15 ] Request (SecurityGroupRulesNegativeTestJSON:setUpClass): 200 GET http://10.180.1.21/identity/v3/roles 0.046s
2024-10-18 17:20:09.508 62483 INFO tempest.lib.common.rest_client [req-f2c8cd65-a0fc-496d-b6f9-e7f68fa24b00 req-f2c8cd65-a0fc-496d-b6f9-e7f68fa24b00 ] Request (SecurityGroupRulesNegativeTestJSON:setUpClass): 204 PUT http://10.180.1.21/identity/v3/projects/318babd6a715437f970f4cdc26224977/users/60b317994e37461cbcf5172da72ff9d7/roles/d854c0a5b0b445b999c6378ee955cad4 0.035s
2024-10-18 17:20:09.508 62483 INFO tempest.lib.common.dynamic_creds [-] Dynamic test user 60b317994e37461cbcf5172da72ff9d7 is created with scope project and roles: ['member']
2024-10-18 17:20:09.508 62483 INFO tempest.lib.common.dynamic_creds [-] Acquired dynamic creds: credentials: Credentials: {'domain_id': 'default', 'domain_name': 'Default', 'username': 'tempest-SecurityGroupRulesNegativeTestJSON-1852719095-project-member', 'project_domain_id': 'default', 'project_domain_name': 'Default', 'project_id': '318babd6a715437f970f4cdc26224977', 'project_name': 'tempest-SecurityGroupRulesNegativeTestJSON-1852719095', 'tenant_id': '318babd6a715437f970f4cdc26224977', 'tenant_name': 'tempest-SecurityGroupRulesNegativeTestJSON-1852719095', 'user_domain_id': 'default', 'user_domain_name': 'Default', 'user_id': '60b317994e37461cbcf5172da72ff9d7', 'system': None}, Network: None, Subnet: None, Router: None
2024-10-18 17:20:09.563 62461 INFO tempest.lib.common.rest_client [req-2d46115e-201b-43b1-bc76-36474b03bfbe req-2d46115e-201b-43b1-bc76-36474b03bfbe ] Request (AttachVolumeTestJSON:test_attach_detach_volume): 200 GET http://10.180.1.21/compute/v2.1/servers/cf7b7da2-380e-4a97-b142-0dd9e5ad3c79 0.226s
2024-10-18 17:20:09.573 62483 INFO tempest.lib.common.rest_client [req-8c504774-c7a4-4a34-a19d-9b58cea97d74 req-8c504774-c7a4-4a34-a19d-9b58cea97d74 ] Request (SecurityGroupRulesNegativeTestJSON:setUpClass): 201 POST http://10.180.1.21/identity/v3/auth/tokens 0.064s
2024-10-18 17:20:09.579 62455 INFO tempest.lib.common.rest_client [req-dd174a18-f6d4-4a48-890d-4bedaf99c04b req-dd174a18-f6d4-4a48-890d-4bedaf99c04b ] Request (DeleteServersAdminTestJSON:test_delete_server_while_in_error_state): 200 GET http://10.180.1.21/compute/v2.1/servers/a8105842-1649-495d-b0c4-18ceda62bd57 0.219s
2024-10-18 17:20:09.639 62475 INFO tempest.lib.common.rest_client [req-fb6271a5-b3db-4b30-8475-b81389e9bd3f req-fb6271a5-b3db-4b30-8475-b81389e9bd3f ] Request (ServersTestManualDisk:setUpClass): 200 GET http://10.180.1.21/compute/v2.1/servers/c0c9e61b-ab2b-47dc-997b-570204ab4c3b 0.225s
2024-10-18 17:20:09.652 62507 INFO tempest.lib.common.rest_client [req-083b95b0-cc66-48a1-adf7-a9ba610fb33d req-083b95b0-cc66-48a1-adf7-a9ba610fb33d ] Request (ServersTestJSON:setUpClass): 200 GET http://10.180.1.21/compute/v2.1/servers/4c98c21e-2918-4b55-b2b5-db14630a36ef 0.213s
2024-10-18 17:20:09.712 62511 INFO tempest.lib.common.rest_client [req-37df109d-b40c-4a18-9bb8-2569a73b7019 req-37df109d-b40c-4a18-9bb8-2569a73b7019 ] Request (MigrationsAdminTest:test_resize_server_revert_deleted_flavor): 200 GET http://10.180.1.21/compute/v2.1/servers/92d3557c-655f-45d9-ae7d-bbe62567e1e2 0.215s
2024-10-18 17:20:09.725 62503 INFO tempest.lib.common.rest_client [req-9b5a41cd-1f0c-44e6-a438-ddbf2905be75 req-9b5a41cd-1f0c-44e6-a438-ddbf2905be75 ] Request (ServersWithSpecificFlavorTestJSON:test_verify_created_server_ephemeral_disk): 200 GET http://10.180.1.21/compute/v2.1/servers/448b8246-8d41-4154-bb99-b3c66d8e9475 0.213s
2024-10-18 17:20:09.784 62479 INFO tempest.lib.common.rest_client [req-f0d37d82-8316-40a9-be36-b19140812fae req-f0d37d82-8316-40a9-be36-b19140812fae ] Request (DeleteServersTestJSON:test_delete_server_while_in_attached_volume): 200 GET http://10.180.1.21/compute/v2.1/servers/0d80665a-c881-454a-90c7-96348e7fab74 0.218s
2024-10-18 17:20:09.799 62481 INFO tempest.lib.common.rest_client [req-3f04702d-47bd-4f25-bff9-7185209bc77e req-3f04702d-47bd-4f25-bff9-7185209bc77e ] Request (TenantUsagesTestJSON:setUpClass): 200 GET http://10.180.1.21/compute/v2.1/servers/5e812408-6f27-4b52-9564-4063f4526340 0.212s
2024-10-18 17:20:09.802 62457 INFO tempest.lib.common.rest_client [req-ce83fe2d-7583-4857-9cfd-0307dc40f141 req-ce83fe2d-7583-4857-9cfd-0307dc40f141 ] Request (ServersTestBootFromVolume:setUpClass): 200 GET http://10.180.1.21/volume/v3/volumes/e5ff56ef-31a8-40b2-ac62-9668a4116b23 0.030s
2024-10-18 17:20:09.857 62493 INFO tempest.lib.common.rest_client [req-27dfa99a-1c56-47fa-b8f7-fea07222aa53 req-27dfa99a-1c56-47fa-b8f7-fea07222aa53 ] Request (ImagesOneServerNegativeTestJSON:setUpClass): 200 GET http://10.180.1.21/compute/v2.1/servers/c46a8746-b4b2-46f8-b16a-a7ceb5ff4611 0.204s
2024-10-18 17:20:09.884 62487 INFO tempest.lib.common.rest_client [req-71c094cf-67d0-4c83-80d7-c525d4ec7efe req-71c094cf-67d0-4c83-80d7-c525d4ec7efe ] Request (FloatingIPDetailsTestJSON:setUpClass): 201 POST http://10.180.1.21:9696/networking/v2.0/routers 1.720s
2024-10-18 17:20:09.891 62495 INFO tempest.lib.common.rest_client [req-39563309-1c25-4b4b-ba35-7f060575e5f9 req-39563309-1c25-4b4b-ba35-7f060575e5f9 ] Request (ServersAdmin275Test:test_rebuild_update_server_275): 200 GET http://10.180.1.21/compute/v2.1/servers/7651f6d2-1825-46a1-9380-732b50abd3cc 0.235s
2024-10-18 17:20:09.929 62465 INFO tempest.lib.common.rest_client [req-8fb6b5b2-4e45-4172-b73e-59f7df877272 req-8fb6b5b2-4e45-4172-b73e-59f7df877272 ] Request (VolumesAssistedSnapshotsTest:test_volume_assisted_snapshot_create_delete): 200 GET http://10.180.1.21/compute/v2.1/servers/7965772b-4dd7-4807-8be4-67c6565f9304 0.214s
2024-10-18 17:20:09.935 62465 INFO tempest.common.waiters [-] State transition "BUILD/spawning" ==> "BUILD/scheduling" after 49 second wait
2024-10-18 17:20:09.955 62489 INFO tempest.lib.common.rest_client [req-1e52ccdc-889b-47b2-88c6-08d0ec9bac5a req-1e52ccdc-889b-47b2-88c6-08d0ec9bac5a ] Request (MultipleCreateTestJSON:test_multiple_create): 200 GET http://10.180.1.21/compute/v2.1/servers/96694bb9-fbf2-4b71-9cb5-37f81b634992 0.238s
2024-10-18 17:20:09.997 62485 INFO tempest.lib.common.rest_client [req-b32a10b6-b218-470b-b4d0-bb7f92d8c227 req-b32a10b6-b218-470b-b4d0-bb7f92d8c227 ] Request (ServerAddressesTestJSON:setUpClass): 200 GET http://10.180.1.21/compute/v2.1/servers/ae5ec212-9dbe-4a11-94a3-8aa4576ca4db 0.219s
2024-10-18 17:20:10.025 62467 INFO tempest.lib.common.rest_client [req-1ac9e090-ef80-45c3-bb9e-21804c44e604 req-1ac9e090-ef80-45c3-bb9e-21804c44e604 ] Request (ListImageFiltersTestJSON:setUpClass): 200 GET http://10.180.1.21/compute/v2.1/servers/7c2937c6-e6b7-4716-80fa-5538641bc8dc 0.210s
2024-10-18 17:20:10.074 62471 INFO tempest.lib.common.rest_client [req-d674e9ae-4f95-4fc7-970c-95cf06b856e1 req-d674e9ae-4f95-4fc7-970c-95cf06b856e1 ] Request (FloatingIPsAssociationTestJSON:setUpClass): 200 GET http://10.180.1.21/compute/v2.1/servers/e7439426-722a-4420-8607-903cf96dff06 0.203s
2024-10-18 17:20:10.080 62471 INFO tempest.common.waiters [-] State transition "BUILD/None" ==> "BUILD/networking" after 42 second wait
2024-10-18 17:20:10.097 62505 INFO tempest.lib.common.rest_client [req-2b9361cb-e858-4995-91d0-acb121a860bb req-2b9361cb-e858-4995-91d0-acb121a860bb ] Request (AttachVolumeShelveTestJSON:test_attach_volume_shelved_or_offload_server): 200 GET http://10.180.1.21/compute/v2.1/servers/85dbaf67-049c-4a90-a3dc-67e2decc1dbf 0.200s
2024-10-18 17:20:10.148 62483 INFO tempest.lib.common.rest_client [req-0b0d3925-2182-4fc8-9087-37a37c29583a req-0b0d3925-2182-4fc8-9087-37a37c29583a ] Request (SecurityGroupRulesNegativeTestJSON:setUpClass): 201 POST http://10.180.1.21:9696/networking/v2.0/networks 0.572s
2024-10-18 17:20:10.158 62497 INFO tempest.lib.common.rest_client [req-37d3d76b-31b6-49ee-8bea-9f36b142d7eb req-37d3d76b-31b6-49ee-8bea-9f36b142d7eb ] Request (ImagesNegativeTestJSON:test_create_image_from_deleted_server): 200 GET http://10.180.1.21/compute/v2.1/servers/a93e681e-1cb1-4025-8725-4c6664d78c96 0.211s
2024-10-18 17:20:10.173 62491 INFO tempest.lib.common.rest_client [req-9df6ab99-057e-4351-adce-fd707d7fc93d req-9df6ab99-057e-4351-adce-fd707d7fc93d ] Request (ServerDiagnosticsV248Test:tearDownClass): 200 GET http://10.180.1.21/compute/v2.1/servers/ddde9ee7-5198-42e5-86b9-f51727dfbf60 0.161s
2024-10-18 17:20:10.243 62499 INFO tempest.lib.common.rest_client [req-a398f58d-9ca0-49d9-bb2b-c0d49dff6d67 req-a398f58d-9ca0-49d9-bb2b-c0d49dff6d67 ] Request (ImagesOneServerTestJSON:setUpClass): 200 GET http://10.180.1.21/compute/v2.1/servers/2f9deec0-e0ad-4cb4-9868-9aa53cdf602d 0.163s
2024-10-18 17:20:10.244 62453 INFO tempest.lib.common.rest_client [req-8d7a0d3d-cae1-41df-bb13-90565583a6ca req-8d7a0d3d-cae1-41df-bb13-90565583a6ca ] Request (ServerActionsTestJSON:setUpClass): 200 GET http://10.180.1.21/compute/v2.1/servers/2d1b59b1-504c-487f-93ac-642c490d6546 0.211s
2024-10-18 17:20:10.327 62451 INFO tempest.lib.common.rest_client [req-9c961a41-f1d1-417a-95cd-07af56063d95 req-9c961a41-f1d1-417a-95cd-07af56063d95 ] Request (ServersAdminTestJSON:setUpClass): 200 GET http://10.180.1.21/compute/v2.1/servers/c979d105-12b7-485c-a136-55ffad02fe67 0.158s
2024-10-18 17:20:10.334 62509 INFO tempest.lib.common.rest_client [req-454cc221-6c40-46d4-a787-06dc74f422f7 req-454cc221-6c40-46d4-a787-06dc74f422f7 ] Request (ServerDiskConfigTestJSON:test_rebuild_server_with_auto_disk_config): 200 GET http://10.180.1.21/compute/v2.1/servers/30cf9ebc-daab-42d3-9e7d-cb4d2cb55bf5 0.223s
2024-10-18 17:20:10.397 62513 INFO tempest.lib.common.rest_client [req-04081a6b-05cf-4f90-96e3-64a0e07003c1 req-04081a6b-05cf-4f90-96e3-64a0e07003c1 ] Request (ServersTestMultiNic:test_verify_multiple_nics_order): 200 GET http://10.180.1.21/compute/v2.1/servers/b4a7ff58-0f48-4942-a270-de6910ff0c0c 0.082s
2024-10-18 17:20:10.411 62477 INFO tempest.lib.common.rest_client [req-6e32a2fe-1156-4fb1-840d-ca2e2f000210 req-6e32a2fe-1156-4fb1-840d-ca2e2f000210 ] Request (InstanceActionsTestJSON:setUpClass): 200 GET http://10.180.1.21/compute/v2.1/servers/a499452b-9d48-4022-8d4c-0c66c6dde9ba 0.177s
2024-10-18 17:20:10.422 62463 INFO tempest.lib.common.rest_client [req-fe7a0d17-f0f2-4472-997e-a2cd5e4eddfe req-fe7a0d17-f0f2-4472-997e-a2cd5e4eddfe ] Request (FloatingIPsTestJSON:tearDownClass): 200 PUT http://10.180.1.21:9696/networking/v2.0/routers/f9234d48-72d6-45a1-86a5-3a0011c86f0d/remove_router_interface 1.683s
2024-10-18 17:20:10.465 62473 INFO tempest.lib.common.rest_client [req-558a1027-4359-4604-ab23-c0148019c6a4 req-558a1027-4359-4604-ab23-c0148019c6a4 ] Request (AttachInterfacesV270Test:test_create_get_list_interfaces): 200 GET http://10.180.1.21/compute/v2.1/servers/460255fb-6589-481b-9770-0a2b548c6194 0.135s
2024-10-18 17:20:10.472 62459 INFO tempest.lib.common.rest_client [req-190353a6-0053-40db-8db7-0d80ae1c4c04 req-190353a6-0053-40db-8db7-0d80ae1c4c04 ] Request (ServersTestFqdnHostnames:test_create_server_with_fqdn_name): 200 GET http://10.180.1.21/compute/v2.1/servers/1586080c-3406-47f0-bbb9-0c50082eaf8d 0.080s
2024-10-18 17:20:10.549 62483 INFO tempest.lib.common.rest_client [req-7752707c-6875-447e-89e5-3ab9a4edfa2d req-7752707c-6875-447e-89e5-3ab9a4edfa2d ] Request (SecurityGroupRulesNegativeTestJSON:setUpClass): 201 POST http://10.180.1.21:9696/networking/v2.0/subnets 0.400s
2024-10-18 17:20:10.641 62461 INFO tempest.lib.common.rest_client [req-d223aef4-de5f-4d7b-b694-bb4087c94671 req-d223aef4-de5f-4d7b-b694-bb4087c94671 ] Request (AttachVolumeTestJSON:test_attach_detach_volume): 200 GET http://10.180.1.21/compute/v2.1/servers/cf7b7da2-380e-4a97-b142-0dd9e5ad3c79 0.069s
2024-10-18 17:20:10.674 62455 INFO tempest.lib.common.rest_client [req-0a411125-6a5a-4117-b44f-51459018abad req-0a411125-6a5a-4117-b44f-51459018abad ] Request (DeleteServersAdminTestJSON:test_delete_server_while_in_error_state): 200 GET http://10.180.1.21/compute/v2.1/servers/a8105842-1649-495d-b0c4-18ceda62bd57 0.088s
2024-10-18 17:20:10.712 62475 INFO tempest.lib.common.rest_client [req-718b443d-6c29-4799-bd55-e587d6e07c72 req-718b443d-6c29-4799-bd55-e587d6e07c72 ] Request (ServersTestManualDisk:setUpClass): 200 GET http://10.180.1.21/compute/v2.1/servers/c0c9e61b-ab2b-47dc-997b-570204ab4c3b 0.066s
2024-10-18 17:20:10.747 62507 INFO tempest.lib.common.rest_client [req-9d4d71b3-533f-4e6e-aae9-76f7ab7cba97 req-9d4d71b3-533f-4e6e-aae9-76f7ab7cba97 ] Request (ServersTestJSON:setUpClass): 200 GET http://10.180.1.21/compute/v2.1/servers/4c98c21e-2918-4b55-b2b5-db14630a36ef 0.085s
2024-10-18 17:20:10.786 62511 INFO tempest.lib.common.rest_client [req-6b780d8d-d16a-432a-8f2d-c83c003f76c3 req-6b780d8d-d16a-432a-8f2d-c83c003f76c3 ] Request (MigrationsAdminTest:test_resize_server_revert_deleted_flavor): 200 GET http://10.180.1.21/compute/v2.1/servers/92d3557c-655f-45d9-ae7d-bbe62567e1e2 0.065s
2024-10-18 17:20:10.814 62503 INFO tempest.lib.common.rest_client [req-db836ac6-196b-47f5-92dc-5af955f314ac req-db836ac6-196b-47f5-92dc-5af955f314ac ] Request (ServersWithSpecificFlavorTestJSON:test_verify_created_server_ephemeral_disk): 200 GET http://10.180.1.21/compute/v2.1/servers/448b8246-8d41-4154-bb99-b3c66d8e9475 0.078s
2024-10-18 17:20:10.865 62457 INFO tempest.lib.common.rest_client [req-03cf4923-7794-4ac7-b292-41f3941f37ae req-03cf4923-7794-4ac7-b292-41f3941f37ae ] Request (ServersTestBootFromVolume:setUpClass): 200 GET http://10.180.1.21/volume/v3/volumes/e5ff56ef-31a8-40b2-ac62-9668a4116b23 0.057s
2024-10-18 17:20:10.893 62479 INFO tempest.lib.common.rest_client [req-b229ca7a-aa65-4ff0-a33d-163e9ba67025 req-b229ca7a-aa65-4ff0-a33d-163e9ba67025 ] Request (DeleteServersTestJSON:test_delete_server_while_in_attached_volume): 200 GET http://10.180.1.21/compute/v2.1/servers/0d80665a-c881-454a-90c7-96348e7fab74 0.096s
2024-10-18 17:20:10.915 62481 INFO tempest.lib.common.rest_client [req-b2a4a754-8d0c-4d23-8507-c687d682611d req-b2a4a754-8d0c-4d23-8507-c687d682611d ] Request (TenantUsagesTestJSON:setUpClass): 200 GET http://10.180.1.21/compute/v2.1/servers/5e812408-6f27-4b52-9564-4063f4526340 0.098s
2024-10-18 17:20:10.979 62493 INFO tempest.lib.common.rest_client [req-52d31f50-96a8-409a-87a1-fdea52da30bd req-52d31f50-96a8-409a-87a1-fdea52da30bd ] Request (ImagesOneServerNegativeTestJSON:setUpClass): 200 GET http://10.180.1.21/compute/v2.1/servers/c46a8746-b4b2-46f8-b16a-a7ceb5ff4611 0.115s
2024-10-18 17:20:11.017 62495 INFO tempest.lib.common.rest_client [req-bed767cd-5b9e-4437-9058-1a64e9877257 req-bed767cd-5b9e-4437-9058-1a64e9877257 ] Request (ServersAdmin275Test:test_rebuild_update_server_275): 200 GET http://10.180.1.21/compute/v2.1/servers/7651f6d2-1825-46a1-9380-732b50abd3cc 0.115s
2024-10-18 17:20:11.110 62465 INFO tempest.lib.common.rest_client [req-249124aa-3684-445d-8415-d97253190d5c req-249124aa-3684-445d-8415-d97253190d5c ] Request (VolumesAssistedSnapshotsTest:test_volume_assisted_snapshot_create_delete): 200 GET http://10.180.1.21/compute/v2.1/servers/7965772b-4dd7-4807-8be4-67c6565f9304 0.174s
2024-10-18 17:20:11.115 62489 INFO tempest.lib.common.rest_client [req-1ccf39bb-0b65-4b16-b8f3-c881337b94db req-1ccf39bb-0b65-4b16-b8f3-c881337b94db ] Request (MultipleCreateTestJSON:test_multiple_create): 200 GET http://10.180.1.21/compute/v2.1/servers/96694bb9-fbf2-4b71-9cb5-37f81b634992 0.150s
2024-10-18 17:20:11.120 62465 INFO tempest.common.waiters [-] State transition "BUILD/scheduling" ==> "ERROR/None" after 51 second wait
2024-10-18 17:20:11.204 62485 INFO tempest.lib.common.rest_client [req-1129789d-ffec-4bc3-a3e2-9854ad111564 req-1129789d-ffec-4bc3-a3e2-9854ad111564 ] Request (ServerAddressesTestJSON:setUpClass): 200 GET http://10.180.1.21/compute/v2.1/servers/ae5ec212-9dbe-4a11-94a3-8aa4576ca4db 0.199s
2024-10-18 17:20:11.210 62467 INFO tempest.lib.common.rest_client [req-6cca5de0-7ee2-4bde-a82b-ed4f236c493b req-6cca5de0-7ee2-4bde-a82b-ed4f236c493b ] Request (ListImageFiltersTestJSON:setUpClass): 200 GET http://10.180.1.21/compute/v2.1/servers/7c2937c6-e6b7-4716-80fa-5538641bc8dc 0.176s
2024-10-18 17:20:11.276 62463 INFO tempest.lib.common.rest_client [req-9b685884-bf3b-4298-ae3b-d0b03ff0b77c req-9b685884-bf3b-4298-ae3b-d0b03ff0b77c ] Request (FloatingIPsTestJSON:tearDownClass): 204 DELETE http://10.180.1.21:9696/networking/v2.0/routers/f9234d48-72d6-45a1-86a5-3a0011c86f0d 0.854s
2024-10-18 17:20:11.282 62505 INFO tempest.lib.common.rest_client [req-c7868c67-661d-46ba-874b-47386efbf1f9 req-c7868c67-661d-46ba-874b-47386efbf1f9 ] Request (AttachVolumeShelveTestJSON:test_attach_volume_shelved_or_offload_server): 200 GET http://10.180.1.21/compute/v2.1/servers/85dbaf67-049c-4a90-a3dc-67e2decc1dbf 0.175s
2024-10-18 17:20:11.309 62487 INFO tempest.lib.common.rest_client [req-ad1938f1-4969-49e1-a3bd-433aec6216a5 req-ad1938f1-4969-49e1-a3bd-433aec6216a5 ] Request (FloatingIPDetailsTestJSON:setUpClass): 200 PUT http://10.180.1.21:9696/networking/v2.0/routers/cb4d1089-cf9e-46d6-ac03-3091a6e57a69/add_router_interface 1.424s
2024-10-18 17:20:11.309 62487 INFO tempest.lib.common.dynamic_creds [-] Created isolated network resources for: credentials: Credentials: {'domain_id': 'default', 'domain_name': 'Default', 'username': 'tempest-FloatingIPDetailsTestJSON-1610492170-project-member', 'project_domain_id': 'default', 'project_domain_name': 'Default', 'project_id': '63ceafb75e2e49c19d56c762fa17fe3e', 'project_name': 'tempest-FloatingIPDetailsTestJSON-1610492170', 'tenant_id': '63ceafb75e2e49c19d56c762fa17fe3e', 'tenant_name': 'tempest-FloatingIPDetailsTestJSON-1610492170', 'user_domain_id': 'default', 'user_domain_name': 'Default', 'user_id': 'd3c05af4fe0c40aa9761b061f90a86c1', 'system': None}, Network: {'id': 'df1022d4-10de-4e88-a80f-4e5a8b057ce7', 'name': 'tempest-FloatingIPDetailsTestJSON-861260201-network', 'tenant_id': '63ceafb75e2e49c19d56c762fa17fe3e', 'admin_state_up': True, 'mtu': 8950, 'status': 'ACTIVE', 'subnets': [], 'shared': False, 'project_id': '63ceafb75e2e49c19d56c762fa17fe3e', 'port_security_enabled': True, 'router:external': False, 'provider:network_type': 'vlan', 'provider:physical_network': 'default', 'provider:segmentation_id': 314, 'is_default': False, 'availability_zone_hints': [], 'availability_zones': [], 'ipv4_address_scope': None, 'ipv6_address_scope': None, 'description': '', 'tags': [], 'created_at': '2024-10-18T17:20:07Z', 'updated_at': '2024-10-18T17:20:07Z', 'revision_number': 1}, Subnet: {'id': '3115f506-a1a8-49ef-b0c3-8054f7cec7d8', 'name': 'tempest-FloatingIPDetailsTestJSON-861260201-subnet', 'tenant_id': '63ceafb75e2e49c19d56c762fa17fe3e', 'network_id': 'df1022d4-10de-4e88-a80f-4e5a8b057ce7', 'ip_version': 4, 'subnetpool_id': None, 'enable_dhcp': True, 'ipv6_ra_mode': None, 'ipv6_address_mode': None, 'gateway_ip': '192.168.128.1', 'cidr': '192.168.128.0/28', 'allocation_pools': [{'start': '192.168.128.2', 'end': '192.168.128.14'}], 'host_routes': [], 'dns_nameservers': [], 'description': '', 'router:external': False, 'service_types': [], 'tags': [], 'created_at': '2024-10-18T17:20:07Z', 'updated_at': '2024-10-18T17:20:07Z', 'revision_number': 0, 'project_id': '63ceafb75e2e49c19d56c762fa17fe3e'}, Router: {'id': 'cb4d1089-cf9e-46d6-ac03-3091a6e57a69', 'name': 'tempest-FloatingIPDetailsTestJSON-861260201-router', 'tenant_id': '63ceafb75e2e49c19d56c762fa17fe3e', 'admin_state_up': True, 'status': 'ACTIVE', 'external_gateway_info': {'network_id': '646f3e98-147f-429e-9d8a-fc257dc36627', 'external_fixed_ips': [{'subnet_id': '68ecd2c3-4fe0-4e15-af52-ed04b7379387', 'ip_address': '10.180.180.152'}], 'enable_snat': True}, 'description': '', 'availability_zones': [], 'distributed': False, 'ha': False, 'availability_zone_hints': [], 'routes': [], 'flavor_id': None, 'tags': [], 'created_at': '2024-10-18T17:20:08Z', 'updated_at': '2024-10-18T17:20:08Z', 'revision_number': 2, 'project_id': '63ceafb75e2e49c19d56c762fa17fe3e'}
2024-10-18 17:20:11.414 62487 INFO tempest.lib.common.rest_client [req-ce75b342-9bdd-41bd-acc8-1804adafdf49 req-ce75b342-9bdd-41bd-acc8-1804adafdf49 ] Request (FloatingIPDetailsTestJSON:setUpClass): 201 POST http://10.180.1.21/identity/v3/auth/tokens 0.100s
2024-10-18 17:20:11.474 62471 INFO tempest.lib.common.rest_client [req-fd250512-600c-4f1e-9a1e-37b7754f8ba9 req-fd250512-600c-4f1e-9a1e-37b7754f8ba9 ] Request (FloatingIPsAssociationTestJSON:setUpClass): 200 GET http://10.180.1.21/compute/v2.1/servers/e7439426-722a-4420-8607-903cf96dff06 0.393s
2024-10-18 17:20:11.486 62471 INFO tempest.common.waiters [-] State transition "BUILD/networking" ==> "BUILD/spawning" after 43 second wait
2024-10-18 17:20:11.500 62463 INFO tempest.lib.common.rest_client [req-22c173a5-0888-479e-8ed9-89d55baaf85a req-22c173a5-0888-479e-8ed9-89d55baaf85a ] Request (FloatingIPsTestJSON:tearDownClass): 204 DELETE http://10.180.1.21:9696/networking/v2.0/subnets/9572bb29-fe0f-43a6-a60b-8fe080e84924 0.223s
2024-10-18 17:20:11.538 62465 INFO tempest.lib.common.rest_client [req-fba97720-9729-4f3c-893a-e82bb56d0c3b req-fba97720-9729-4f3c-893a-e82bb56d0c3b ] Request (VolumesAssistedSnapshotsTest:test_volume_assisted_snapshot_create_delete): 204 DELETE http://10.180.1.21/compute/v2.1/servers/7965772b-4dd7-4807-8be4-67c6565f9304 0.416s
2024-10-18 17:20:11.549 62497 INFO tempest.lib.common.rest_client [req-f7921a81-527f-4324-86b8-f70ad60cfa8e req-f7921a81-527f-4324-86b8-f70ad60cfa8e ] Request (ImagesNegativeTestJSON:test_create_image_from_deleted_server): 200 GET http://10.180.1.21/compute/v2.1/servers/a93e681e-1cb1-4025-8725-4c6664d78c96 0.384s
2024-10-18 17:20:11.628 62499 INFO tempest.lib.common.rest_client [req-3f0aa6de-362d-4d5c-9d4e-5ac8d0aacb4b req-3f0aa6de-362d-4d5c-9d4e-5ac8d0aacb4b ] Request (ImagesOneServerTestJSON:setUpClass): 200 GET http://10.180.1.21/compute/v2.1/servers/2f9deec0-e0ad-4cb4-9868-9aa53cdf602d 0.375s
2024-10-18 17:20:11.631 62491 INFO tempest.lib.common.rest_client [req-33ee00d7-6bf4-4cbe-a8ce-c8715d2237c5 req-33ee00d7-6bf4-4cbe-a8ce-c8715d2237c5 ] Request (ServerDiagnosticsV248Test:tearDownClass): 200 GET http://10.180.1.21/compute/v2.1/servers/ddde9ee7-5198-42e5-86b9-f51727dfbf60 0.448s
2024-10-18 17:20:11.715 62451 INFO tempest.lib.common.rest_client [req-4c437211-9122-4f2d-b631-378be5b6286a req-4c437211-9122-4f2d-b631-378be5b6286a ] Request (ServersAdminTestJSON:setUpClass): 200 GET http://10.180.1.21/compute/v2.1/servers/c979d105-12b7-485c-a136-55ffad02fe67 0.374s
2024-10-18 17:20:11.718 62453 INFO tempest.lib.common.rest_client [req-385fdd67-d649-4d31-affc-b6b3ef7f9399 req-385fdd67-d649-4d31-affc-b6b3ef7f9399 ] Request (ServerActionsTestJSON:setUpClass): 200 GET http://10.180.1.21/compute/v2.1/servers/2d1b59b1-504c-487f-93ac-642c490d6546 0.462s
2024-10-18 17:20:11.787 62509 INFO tempest.lib.common.rest_client [req-1a6267c9-cad2-4118-be65-610fed50386e req-1a6267c9-cad2-4118-be65-610fed50386e ] Request (ServerDiskConfigTestJSON:test_rebuild_server_with_auto_disk_config): 200 GET http://10.180.1.21/compute/v2.1/servers/30cf9ebc-daab-42d3-9e7d-cb4d2cb55bf5 0.441s
2024-10-18 17:20:11.901 62457 INFO tempest.lib.common.rest_client [req-3abceef0-1e98-4c0d-9b89-4a3f2bc76c1d req-3abceef0-1e98-4c0d-9b89-4a3f2bc76c1d ] Request (ServersTestBootFromVolume:setUpClass): 200 GET http://10.180.1.21/volume/v3/volumes/e5ff56ef-31a8-40b2-ac62-9668a4116b23 0.028s
2024-10-18 17:20:11.967 62463 INFO tempest.lib.common.rest_client [req-63c4b769-99a0-47a5-9867-ca1ac2188097 req-63c4b769-99a0-47a5-9867-ca1ac2188097 ] Request (FloatingIPsTestJSON:tearDownClass): 204 DELETE http://10.180.1.21:9696/networking/v2.0/networks/0dfeda37-679f-44ca-9807-66db1f565a98 0.467s
2024-10-18 17:20:11.977 62513 INFO tempest.lib.common.rest_client [req-586db83f-e5b7-4ed7-9e70-eeebd1978711 req-586db83f-e5b7-4ed7-9e70-eeebd1978711 ] Request (ServersTestMultiNic:test_verify_multiple_nics_order): 200 GET http://10.180.1.21/compute/v2.1/servers/b4a7ff58-0f48-4942-a270-de6910ff0c0c 0.568s
2024-10-18 17:20:12.079 62477 INFO tempest.lib.common.rest_client [req-68100665-8b71-406b-a911-86ffd087253d req-68100665-8b71-406b-a911-86ffd087253d ] Request (InstanceActionsTestJSON:setUpClass): 200 GET http://10.180.1.21/compute/v2.1/servers/a499452b-9d48-4022-8d4c-0c66c6dde9ba 0.658s
2024-10-18 17:20:12.114 62463 INFO tempest.lib.common.rest_client [req-8da80e31-b69e-4314-bf29-b39a62a495ac req-8da80e31-b69e-4314-bf29-b39a62a495ac ] Request (FloatingIPsTestJSON:tearDownClass): 204 DELETE http://10.180.1.21/identity/v3/users/c875dfe6450e4401bbd14619319b6e4f 0.146s
2024-10-18 17:20:12.114 62463 INFO tempest.lib.common.dynamic_creds [-] Deleting project and security group for project: fc8f6361291246b0aa25648a03f63d80
2024-10-18 17:20:12.142 62463 INFO tempest.lib.common.rest_client [req-456ba468-03d4-4a20-ad3c-fd91cdaf5786 req-456ba468-03d4-4a20-ad3c-fd91cdaf5786 ] Request (FloatingIPsTestJSON:tearDownClass): 200 GET http://10.180.1.21:9696/networking/v2.0/security-groups?tenant_id=fc8f6361291246b0aa25648a03f63d80&name=default 0.027s
