2024-10-18 17:21:10.328 62505 INFO tempest.lib.common.rest_client [req-a47d8881-12e0-49d0-af6a-f228903bc24b req-a47d8881-12e0-49d0-af6a-f228903bc24b ] Request (AttachVolumeShelveTestJSON:test_attach_volume_shelved_or_offload_server): 200 GET http://10.180.1.21/compute/v2.1/servers/85dbaf67-049c-4a90-a3dc-67e2decc1dbf 0.123s
2024-10-18 17:21:10.335 62505 INFO tempest.common.waiters [-] State transition "BUILD/None" ==> "BUILD/networking" after 80 second wait
2024-10-18 17:21:10.351 62493 INFO tempest.lib.common.rest_client [req-57a69874-f3a4-4dc6-a30a-fffa94810822 req-57a69874-f3a4-4dc6-a30a-fffa94810822 ] Request (ImagesOneServerNegativeTestJSON:setUpClass): 200 GET http://10.180.1.21/compute/v2.1/servers/c46a8746-b4b2-46f8-b16a-a7ceb5ff4611 0.093s
2024-10-18 17:21:10.372 62485 INFO tempest.lib.common.rest_client [req-506a972a-5a4e-4617-a8c2-5adcdb32bdb8 req-506a972a-5a4e-4617-a8c2-5adcdb32bdb8 ] Request (ServerAddressesTestJSON:setUpClass): 200 GET http://10.180.1.21/compute/v2.1/servers/ae5ec212-9dbe-4a11-94a3-8aa4576ca4db 0.074s
2024-10-18 17:21:10.388 62509 INFO tempest.lib.common.rest_client [req-9be4cd00-2355-461d-8f83-28de62072aae req-9be4cd00-2355-461d-8f83-28de62072aae ] Request (ServerDiskConfigTestJSON:test_rebuild_server_with_auto_disk_config): 200 GET http://10.180.1.21/compute/v2.1/servers/30cf9ebc-daab-42d3-9e7d-cb4d2cb55bf5 0.074s
2024-10-18 17:21:10.626 62465 INFO tempest.lib.common.rest_client [req-0da1548a-38a4-4ec9-ba97-a86569bdfe80 req-0da1548a-38a4-4ec9-ba97-a86569bdfe80 ] Request (ListServerFiltersTestJSON:setUpClass): 200 GET http://10.180.1.21/compute/v2.1/servers/2fabe67e-f3af-4dc7-bf07-f320f1e6e7e3 0.049s
2024-10-18 17:21:10.675 62513 INFO tempest.lib.common.rest_client [req-bea10d47-b893-47e7-9630-01451cf8db59 req-bea10d47-b893-47e7-9630-01451cf8db59 ] Request (ServersTestMultiNic:test_verify_multiple_nics_order): 200 GET http://10.180.1.21/compute/v2.1/servers/b4a7ff58-0f48-4942-a270-de6910ff0c0c 0.048s
2024-10-18 17:21:10.748 62457 INFO tempest.lib.common.rest_client [req-b28a2249-feea-4888-b81d-32e0409aaf0b req-b28a2249-feea-4888-b81d-32e0409aaf0b ] Request (ServersTestBootFromVolume:setUpClass): 200 GET http://10.180.1.21/compute/v2.1/servers/66c5f446-91e5-4de1-abb6-f06a0a36020d 0.053s
2024-10-18 17:21:10.755 62453 INFO tempest.lib.common.rest_client [req-41defd7e-a8d5-45c8-8433-149e66c80105 req-41defd7e-a8d5-45c8-8433-149e66c80105 ] Request (ServerActionsTestJSON:setUpClass): 200 GET http://10.180.1.21/compute/v2.1/servers/2d1b59b1-504c-487f-93ac-642c490d6546 0.052s
2024-10-18 17:21:10.806 62497 INFO tempest.lib.common.rest_client [req-db5562e7-7525-41e5-aa06-a1d9887055f2 req-db5562e7-7525-41e5-aa06-a1d9887055f2 ] Request (SecurityGroupsTestJSON:test_list_security_groups_by_server): 200 GET http://10.180.1.21/compute/v2.1/servers/29530178-d69c-4aed-9061-d3d1cfa954d0 0.071s
2024-10-18 17:21:10.814 62503 INFO tempest.lib.common.rest_client [req-e8d8b073-f41f-493a-a069-3c4c490f82d5 req-e8d8b073-f41f-493a-a069-3c4c490f82d5 ] Request (VolumesAdminNegativeTest:test_update_attached_volume_with_nonexistent_volume_in_body): 200 GET http://10.180.1.21/compute/v2.1/servers/6391addb-b1a5-4e15-9bd2-531eb9956b42 0.054s
2024-10-18 17:21:10.864 62473 INFO tempest.lib.common.rest_client [req-1cdf4534-fff6-4db0-9510-828ef126d3c7 req-1cdf4534-fff6-4db0-9510-828ef126d3c7 ] Request (AttachInterfacesV270Test:test_create_get_list_interfaces): 200 GET http://10.180.1.21/compute/v2.1/servers/460255fb-6589-481b-9770-0a2b548c6194 0.057s
2024-10-18 17:21:10.868 62477 INFO tempest.lib.common.rest_client [req-c6175a9f-64f9-4911-a482-ebbeefff74a4 req-c6175a9f-64f9-4911-a482-ebbeefff74a4 ] Request (InstanceActionsNegativeTestJSON:setUpClass): 200 GET http://10.180.1.21/compute/v2.1/servers/a0fda7cf-21b6-4a22-bf56-09e848b4dc9e 0.052s
2024-10-18 17:21:10.918 62499 INFO tempest.lib.common.rest_client [req-8aa37461-4b01-490b-8dbc-397f066a442f req-8aa37461-4b01-490b-8dbc-397f066a442f ] Request (AttachInterfacesUnderV243Test:test_add_remove_fixed_ip): 200 GET http://10.180.1.21/compute/v2.1/servers/e023cfb8-5f1c-41d9-9e43-d10e073234ea 0.058s
2024-10-18 17:21:10.919 62459 INFO tempest.lib.common.rest_client [req-531e8ae6-e9cd-4079-9d41-a7c0b2cc7de5 req-531e8ae6-e9cd-4079-9d41-a7c0b2cc7de5 ] Request (ServersTestFqdnHostnames:test_create_server_with_fqdn_name): 200 GET http://10.180.1.21/compute/v2.1/servers/1586080c-3406-47f0-bbb9-0c50082eaf8d 0.075s
2024-10-18 17:21:11.008 62461 INFO tempest.lib.common.rest_client [req-51a7bfbb-daaf-4c39-a9fe-033ba95a6770 req-51a7bfbb-daaf-4c39-a9fe-033ba95a6770 ] Request (AttachVolumeTestJSON:test_attach_detach_volume): 200 GET http://10.180.1.21/compute/v2.1/servers/cf7b7da2-380e-4a97-b142-0dd9e5ad3c79 0.048s
2024-10-18 17:21:11.029 62495 INFO tempest.lib.common.rest_client [req-972eb1a9-b1cb-47cf-8e87-67a7fd4213c2 req-972eb1a9-b1cb-47cf-8e87-67a7fd4213c2 ] Request (ServersAdmin275Test:tearDownClass): 200 GET http://10.180.1.21/compute/v2.1/servers/7651f6d2-1825-46a1-9380-732b50abd3cc 0.061s
2024-10-18 17:21:11.055 62511 INFO tempest.lib.common.rest_client [req-0d0938c9-4717-4581-a8cc-e3d20c9f7ec8 req-0d0938c9-4717-4581-a8cc-e3d20c9f7ec8 ] Request (MigrationsAdminTest:test_resize_server_revert_deleted_flavor): 200 GET http://10.180.1.21/compute/v2.1/servers/92d3557c-655f-45d9-ae7d-bbe62567e1e2 0.055s
2024-10-18 17:21:11.087 62491 INFO tempest.lib.common.rest_client [req-ad3fcb66-c122-4b02-a510-6768c1149d70 req-ad3fcb66-c122-4b02-a510-6768c1149d70 ] Request (ServersNegativeTestMultiTenantJSON:setUpClass): 200 GET http://10.180.1.21/compute/v2.1/servers/df927c0c-b742-4451-9439-60ea63287b99 0.077s
2024-10-18 17:21:11.105 62475 INFO tempest.lib.common.rest_client [req-0f584ea7-796b-4c1a-8697-ebf0ded21c4b req-0f584ea7-796b-4c1a-8697-ebf0ded21c4b ] Request (ServersTestManualDisk:setUpClass): 200 GET http://10.180.1.21/compute/v2.1/servers/c0c9e61b-ab2b-47dc-997b-570204ab4c3b 0.063s
2024-10-18 17:21:11.137 62455 INFO tempest.lib.common.rest_client [req-0bb861ec-ad00-427f-b881-1b2108049942 req-0bb861ec-ad00-427f-b881-1b2108049942 ] Request (DeleteServersAdminTestJSON:test_delete_server_while_in_error_state): 200 GET http://10.180.1.21/compute/v2.1/servers/a8105842-1649-495d-b0c4-18ceda62bd57 0.074s
2024-10-18 17:21:11.155 62489 INFO tempest.lib.common.rest_client [req-274d65b1-0513-4f2e-ae23-8953c5891b27 req-274d65b1-0513-4f2e-ae23-8953c5891b27 ] Request (MultipleCreateTestJSON:test_multiple_create): 200 GET http://10.180.1.21/compute/v2.1/servers/96694bb9-fbf2-4b71-9cb5-37f81b634992 0.055s
2024-10-18 17:21:11.184 62481 INFO tempest.lib.common.rest_client [req-eff9c41b-e257-476c-986b-01071d1ebcc5 req-eff9c41b-e257-476c-986b-01071d1ebcc5 ] Request (ServerShowV257Test:test_rebuild_server): 200 GET http://10.180.1.21/compute/v2.1/servers/4de32ee6-e205-435b-a75e-94c3121048e3 0.050s
2024-10-18 17:21:11.205 62479 INFO tempest.lib.common.rest_client [req-4d67a8cb-190d-4eca-a65c-209edcc23e37 req-4d67a8cb-190d-4eca-a65c-209edcc23e37 ] Request (DeleteServersTestJSON:test_delete_server_while_in_attached_volume): 200 GET http://10.180.1.21/compute/v2.1/servers/0d80665a-c881-454a-90c7-96348e7fab74 0.050s
2024-10-18 17:21:11.262 62471 INFO tempest.lib.common.rest_client [req-1c17961d-57a5-4ce0-bddf-440b95dcd56f req-1c17961d-57a5-4ce0-bddf-440b95dcd56f ] Request (AttachInterfacesTestJSON:test_create_list_show_delete_interfaces_by_fixed_ip): 200 GET http://10.180.1.21/compute/v2.1/servers/ebb09f50-50b8-49bb-b366-5b8906605699 0.045s
2024-10-18 17:21:11.291 62483 INFO tempest.lib.common.rest_client [req-03560a2f-b979-4e67-a702-0ce4be2eb0dd req-03560a2f-b979-4e67-a702-0ce4be2eb0dd ] Request (ServersV294TestFqdnHostnames:setUpClass): 200 GET http://10.180.1.21/compute/v2.1/servers/97d1d9c9-214f-4573-9efa-3254ea3f2ee0 0.047s
2024-10-18 17:21:11.358 62451 INFO tempest.lib.common.rest_client [req-f6afec7d-12d6-4efc-9d4e-8f9daca3144b req-f6afec7d-12d6-4efc-9d4e-8f9daca3144b ] Request (ServersAdminTestJSON:setUpClass): 200 GET http://10.180.1.21/compute/v2.1/servers/c979d105-12b7-485c-a136-55ffad02fe67 0.045s
2024-10-18 17:21:11.380 62505 INFO tempest.lib.common.rest_client [req-a517fa01-d29d-452d-875d-9c6da836d7ed req-a517fa01-d29d-452d-875d-9c6da836d7ed ] Request (AttachVolumeShelveTestJSON:test_attach_volume_shelved_or_offload_server): 200 GET http://10.180.1.21/compute/v2.1/servers/85dbaf67-049c-4a90-a3dc-67e2decc1dbf 0.044s
2024-10-18 17:21:11.386 62505 INFO tempest.common.waiters [-] State transition "BUILD/networking" ==> "BUILD/spawning" after 81 second wait
2024-10-18 17:21:11.401 62493 INFO tempest.lib.common.rest_client [req-bbf33667-17e9-4bb8-be6f-34f486a9600f req-bbf33667-17e9-4bb8-be6f-34f486a9600f ] Request (ImagesOneServerNegativeTestJSON:setUpClass): 200 GET http://10.180.1.21/compute/v2.1/servers/c46a8746-b4b2-46f8-b16a-a7ceb5ff4611 0.042s
2024-10-18 17:21:11.421 62485 INFO tempest.lib.common.rest_client [req-b73013f2-9f85-4198-b052-9e5f0a16e56b req-b73013f2-9f85-4198-b052-9e5f0a16e56b ] Request (ServerAddressesTestJSON:setUpClass): 200 GET http://10.180.1.21/compute/v2.1/servers/ae5ec212-9dbe-4a11-94a3-8aa4576ca4db 0.043s
2024-10-18 17:21:11.441 62509 INFO tempest.lib.common.rest_client [req-a6812d69-1421-4371-bfb0-e7fda5fc9e1f req-a6812d69-1421-4371-bfb0-e7fda5fc9e1f ] Request (ServerDiskConfigTestJSON:test_rebuild_server_with_auto_disk_config): 200 GET http://10.180.1.21/compute/v2.1/servers/30cf9ebc-daab-42d3-9e7d-cb4d2cb55bf5 0.047s
2024-10-18 17:21:11.677 62465 INFO tempest.lib.common.rest_client [req-06f131ef-9585-41b0-b629-234653c88402 req-06f131ef-9585-41b0-b629-234653c88402 ] Request (ListServerFiltersTestJSON:setUpClass): 200 GET http://10.180.1.21/compute/v2.1/servers/2fabe67e-f3af-4dc7-bf07-f320f1e6e7e3 0.043s
2024-10-18 17:21:11.730 62513 INFO tempest.lib.common.rest_client [req-66c74684-2513-41f2-ac17-cb9f0c85a290 req-66c74684-2513-41f2-ac17-cb9f0c85a290 ] Request (ServersTestMultiNic:test_verify_multiple_nics_order): 200 GET http://10.180.1.21/compute/v2.1/servers/b4a7ff58-0f48-4942-a270-de6910ff0c0c 0.046s
2024-10-18 17:21:11.802 62457 INFO tempest.lib.common.rest_client [req-767b343f-3147-4582-a879-3845f3283d6b req-767b343f-3147-4582-a879-3845f3283d6b ] Request (ServersTestBootFromVolume:setUpClass): 200 GET http://10.180.1.21/compute/v2.1/servers/66c5f446-91e5-4de1-abb6-f06a0a36020d 0.045s
2024-10-18 17:21:11.817 62453 INFO tempest.lib.common.rest_client [req-2994983a-6fe2-46a5-9674-b9b2a6657c99 req-2994983a-6fe2-46a5-9674-b9b2a6657c99 ] Request (ServerActionsTestJSON:setUpClass): 200 GET http://10.180.1.21/compute/v2.1/servers/2d1b59b1-504c-487f-93ac-642c490d6546 0.042s
2024-10-18 17:21:11.861 62497 INFO tempest.lib.common.rest_client [req-2362c513-8458-49a9-8d37-c65ad6187093 req-2362c513-8458-49a9-8d37-c65ad6187093 ] Request (SecurityGroupsTestJSON:test_list_security_groups_by_server): 200 GET http://10.180.1.21/compute/v2.1/servers/29530178-d69c-4aed-9061-d3d1cfa954d0 0.046s
2024-10-18 17:21:11.866 62503 INFO tempest.lib.common.rest_client [req-1b324bda-db0a-4a38-9f7a-8e24486ae095 req-1b324bda-db0a-4a38-9f7a-8e24486ae095 ] Request (VolumesAdminNegativeTest:test_update_attached_volume_with_nonexistent_volume_in_body): 200 GET http://10.180.1.21/compute/v2.1/servers/6391addb-b1a5-4e15-9bd2-531eb9956b42 0.044s
2024-10-18 17:21:11.917 62477 INFO tempest.lib.common.rest_client [req-a0e59605-f278-49a4-8bb0-c9c2d4598788 req-a0e59605-f278-49a4-8bb0-c9c2d4598788 ] Request (InstanceActionsNegativeTestJSON:setUpClass): 200 GET http://10.180.1.21/compute/v2.1/servers/a0fda7cf-21b6-4a22-bf56-09e848b4dc9e 0.042s
2024-10-18 17:21:11.976 62499 INFO tempest.lib.common.rest_client [req-0c3005de-e1c7-40d0-8078-222994714c60 req-0c3005de-e1c7-40d0-8078-222994714c60 ] Request (AttachInterfacesUnderV243Test:test_add_remove_fixed_ip): 200 GET http://10.180.1.21/compute/v2.1/servers/e023cfb8-5f1c-41d9-9e43-d10e073234ea 0.050s
2024-10-18 17:21:12.025 62459 INFO tempest.lib.common.rest_client [req-729c0896-9456-4826-a36b-2c466a071964 req-729c0896-9456-4826-a36b-2c466a071964 ] Request (ServersTestFqdnHostnames:test_create_server_with_fqdn_name): 200 GET http://10.180.1.21/compute/v2.1/servers/1586080c-3406-47f0-bbb9-0c50082eaf8d 0.097s
2024-10-18 17:21:12.074 62461 INFO tempest.lib.common.rest_client [req-d8367d34-c613-48af-b25a-e8240bb6437b req-d8367d34-c613-48af-b25a-e8240bb6437b ] Request (AttachVolumeTestJSON:test_attach_detach_volume): 200 GET http://10.180.1.21/compute/v2.1/servers/cf7b7da2-380e-4a97-b142-0dd9e5ad3c79 0.059s
2024-10-18 17:21:12.118 62473 INFO tempest.lib.common.rest_client [req-97a7990f-f69a-45a4-91d4-3f61d9884caa req-97a7990f-f69a-45a4-91d4-3f61d9884caa ] Request (AttachInterfacesV270Test:test_create_get_list_interfaces): 200 GET http://10.180.1.21/compute/v2.1/servers/460255fb-6589-481b-9770-0a2b548c6194 0.245s
2024-10-18 17:21:12.131 62495 INFO tempest.lib.common.rest_client [req-fbae656e-1d14-4001-b0fc-2fda66d9ecbf req-fbae656e-1d14-4001-b0fc-2fda66d9ecbf ] Request (ServersAdmin275Test:tearDownClass): 200 GET http://10.180.1.21/compute/v2.1/servers/7651f6d2-1825-46a1-9380-732b50abd3cc 0.093s
2024-10-18 17:21:12.159 62511 INFO tempest.lib.common.rest_client [req-5c4a5130-5d2a-490e-9887-7732cf94f31d req-5c4a5130-5d2a-490e-9887-7732cf94f31d ] Request (MigrationsAdminTest:test_resize_server_revert_deleted_flavor): 200 GET http://10.180.1.21/compute/v2.1/servers/92d3557c-655f-45d9-ae7d-bbe62567e1e2 0.093s
2024-10-18 17:21:12.170 62491 INFO tempest.lib.common.rest_client [req-4deb2009-e3ed-405a-afdd-33cb8daa5c3c req-4deb2009-e3ed-405a-afdd-33cb8daa5c3c ] Request (ServersNegativeTestMultiTenantJSON:setUpClass): 200 GET http://10.180.1.21/compute/v2.1/servers/df927c0c-b742-4451-9439-60ea63287b99 0.077s
2024-10-18 17:21:12.199 62475 INFO tempest.lib.common.rest_client [req-d80fb0b2-bb07-4053-b8ff-e81e4138e8b2 req-d80fb0b2-bb07-4053-b8ff-e81e4138e8b2 ] Request (ServersTestManualDisk:setUpClass): 200 GET http://10.180.1.21/compute/v2.1/servers/c0c9e61b-ab2b-47dc-997b-570204ab4c3b 0.088s
2024-10-18 17:21:12.211 62455 INFO tempest.lib.common.rest_client [req-1032feab-be37-4e22-a513-c035823caf8d req-1032feab-be37-4e22-a513-c035823caf8d ] Request (DeleteServersAdminTestJSON:test_delete_server_while_in_error_state): 200 GET http://10.180.1.21/compute/v2.1/servers/a8105842-1649-495d-b0c4-18ceda62bd57 0.068s
2024-10-18 17:21:12.241 62489 INFO tempest.lib.common.rest_client [req-ca76e1d7-44f5-4d28-a90d-b339dbac6668 req-ca76e1d7-44f5-4d28-a90d-b339dbac6668 ] Request (MultipleCreateTestJSON:test_multiple_create): 200 GET http://10.180.1.21/compute/v2.1/servers/96694bb9-fbf2-4b71-9cb5-37f81b634992 0.080s
2024-10-18 17:21:12.256 62481 INFO tempest.lib.common.rest_client [req-dc89d680-233c-4ccb-90dc-403a38f9f003 req-dc89d680-233c-4ccb-90dc-403a38f9f003 ] Request (ServerShowV257Test:test_rebuild_server): 200 GET http://10.180.1.21/compute/v2.1/servers/4de32ee6-e205-435b-a75e-94c3121048e3 0.063s
2024-10-18 17:21:12.282 62479 INFO tempest.lib.common.rest_client [req-bcb2679a-a1ed-41e8-b2f8-575f6201711e req-bcb2679a-a1ed-41e8-b2f8-575f6201711e ] Request (DeleteServersTestJSON:test_delete_server_while_in_attached_volume): 200 GET http://10.180.1.21/compute/v2.1/servers/0d80665a-c881-454a-90c7-96348e7fab74 0.070s
2024-10-18 17:21:12.312 62471 INFO tempest.lib.common.rest_client [req-b75b9049-df76-4c2b-934c-e51fd1a7b8a8 req-b75b9049-df76-4c2b-934c-e51fd1a7b8a8 ] Request (AttachInterfacesTestJSON:test_create_list_show_delete_interfaces_by_fixed_ip): 200 GET http://10.180.1.21/compute/v2.1/servers/ebb09f50-50b8-49bb-b366-5b8906605699 0.043s
2024-10-18 17:21:12.348 62483 INFO tempest.lib.common.rest_client [req-f66b8da4-9ba4-4ef9-9075-001c3cb2764f req-f66b8da4-9ba4-4ef9-9075-001c3cb2764f ] Request (ServersV294TestFqdnHostnames:setUpClass): 200 GET http://10.180.1.21/compute/v2.1/servers/97d1d9c9-214f-4573-9efa-3254ea3f2ee0 0.049s
2024-10-18 17:21:12.413 62451 INFO tempest.lib.common.rest_client [req-9a9f8510-e587-4351-9f64-c584250be9e3 req-9a9f8510-e587-4351-9f64-c584250be9e3 ] Request (ServersAdminTestJSON:setUpClass): 200 GET http://10.180.1.21/compute/v2.1/servers/c979d105-12b7-485c-a136-55ffad02fe67 0.047s
2024-10-18 17:21:12.435 62505 INFO tempest.lib.common.rest_client [req-69d19e9b-2dc3-4e54-ab39-f9ef91d02bc6 req-69d19e9b-2dc3-4e54-ab39-f9ef91d02bc6 ] Request (AttachVolumeShelveTestJSON:test_attach_volume_shelved_or_offload_server): 200 GET http://10.180.1.21/compute/v2.1/servers/85dbaf67-049c-4a90-a3dc-67e2decc1dbf 0.047s
2024-10-18 17:21:12.452 62493 INFO tempest.lib.common.rest_client [req-928ae1f8-997a-444e-9676-4e8961c4cfe3 req-928ae1f8-997a-444e-9676-4e8961c4cfe3 ] Request (ImagesOneServerNegativeTestJSON:setUpClass): 200 GET http://10.180.1.21/compute/v2.1/servers/c46a8746-b4b2-46f8-b16a-a7ceb5ff4611 0.044s
2024-10-18 17:21:12.475 62485 INFO tempest.lib.common.rest_client [req-a0fe2fb5-cd33-4c98-b2ef-23487a5baac4 req-a0fe2fb5-cd33-4c98-b2ef-23487a5baac4 ] Request (ServerAddressesTestJSON:setUpClass): 200 GET http://10.180.1.21/compute/v2.1/servers/ae5ec212-9dbe-4a11-94a3-8aa4576ca4db 0.046s
2024-10-18 17:21:12.490 62509 INFO tempest.lib.common.rest_client [req-4f7169a4-ce8e-42c6-b7c7-e7396ba62300 req-4f7169a4-ce8e-42c6-b7c7-e7396ba62300 ] Request (ServerDiskConfigTestJSON:test_rebuild_server_with_auto_disk_config): 200 GET http://10.180.1.21/compute/v2.1/servers/30cf9ebc-daab-42d3-9e7d-cb4d2cb55bf5 0.043s
2024-10-18 17:21:12.727 62465 INFO tempest.lib.common.rest_client [req-94c59052-edc0-4d18-a7f0-e9d0177762e9 req-94c59052-edc0-4d18-a7f0-e9d0177762e9 ] Request (ListServerFiltersTestJSON:setUpClass): 200 GET http://10.180.1.21/compute/v2.1/servers/2fabe67e-f3af-4dc7-bf07-f320f1e6e7e3 0.043s
2024-10-18 17:21:12.779 62513 INFO tempest.lib.common.rest_client [req-7ca28fe5-e173-491f-ba40-f4b44d5418ac req-7ca28fe5-e173-491f-ba40-f4b44d5418ac ] Request (ServersTestMultiNic:test_verify_multiple_nics_order): 200 GET http://10.180.1.21/compute/v2.1/servers/b4a7ff58-0f48-4942-a270-de6910ff0c0c 0.043s
2024-10-18 17:21:12.854 62457 INFO tempest.lib.common.rest_client [req-da42ea3a-a61c-4ba6-85ba-88e30b0c4892 req-da42ea3a-a61c-4ba6-85ba-88e30b0c4892 ] Request (ServersTestBootFromVolume:setUpClass): 200 GET http://10.180.1.21/compute/v2.1/servers/66c5f446-91e5-4de1-abb6-f06a0a36020d 0.045s
2024-10-18 17:21:12.867 62453 INFO tempest.lib.common.rest_client [req-68deb53a-ffd2-4cb5-abed-f03c01e1be3c req-68deb53a-ffd2-4cb5-abed-f03c01e1be3c ] Request (ServerActionsTestJSON:setUpClass): 200 GET http://10.180.1.21/compute/v2.1/servers/2d1b59b1-504c-487f-93ac-642c490d6546 0.044s
2024-10-18 17:21:12.910 62497 INFO tempest.lib.common.rest_client [req-d4751c89-c976-49ab-8114-d953998c7183 req-d4751c89-c976-49ab-8114-d953998c7183 ] Request (SecurityGroupsTestJSON:test_list_security_groups_by_server): 200 GET http://10.180.1.21/compute/v2.1/servers/29530178-d69c-4aed-9061-d3d1cfa954d0 0.043s
2024-10-18 17:21:12.921 62503 INFO tempest.lib.common.rest_client [req-8b1a405d-4209-46a2-a682-0cfb1a1b08e7 req-8b1a405d-4209-46a2-a682-0cfb1a1b08e7 ] Request (VolumesAdminNegativeTest:test_update_attached_volume_with_nonexistent_volume_in_body): 200 GET http://10.180.1.21/compute/v2.1/servers/6391addb-b1a5-4e15-9bd2-531eb9956b42 0.048s
2024-10-18 17:21:12.968 62477 INFO tempest.lib.common.rest_client [req-f479c776-be19-4e36-bbf9-52955be91d5b req-f479c776-be19-4e36-bbf9-52955be91d5b ] Request (InstanceActionsNegativeTestJSON:setUpClass): 200 GET http://10.180.1.21/compute/v2.1/servers/a0fda7cf-21b6-4a22-bf56-09e848b4dc9e 0.045s
2024-10-18 17:21:13.026 62499 INFO tempest.lib.common.rest_client [req-4d917667-d977-46c0-b8d5-de579beb3ae7 req-4d917667-d977-46c0-b8d5-de579beb3ae7 ] Request (AttachInterfacesUnderV243Test:test_add_remove_fixed_ip): 200 GET http://10.180.1.21/compute/v2.1/servers/e023cfb8-5f1c-41d9-9e43-d10e073234ea 0.043s
2024-10-18 17:21:13.076 62459 INFO tempest.lib.common.rest_client [req-b3cfcbd6-38dc-4454-8927-ff7090098c9e req-b3cfcbd6-38dc-4454-8927-ff7090098c9e ] Request (ServersTestFqdnHostnames:test_create_server_with_fqdn_name): 200 GET http://10.180.1.21/compute/v2.1/servers/1586080c-3406-47f0-bbb9-0c50082eaf8d 0.044s
2024-10-18 17:21:13.128 62461 INFO tempest.lib.common.rest_client [req-5894c7d1-b83a-48d2-8bdc-85837a3f37eb req-5894c7d1-b83a-48d2-8bdc-85837a3f37eb ] Request (AttachVolumeTestJSON:test_attach_detach_volume): 200 GET http://10.180.1.21/compute/v2.1/servers/cf7b7da2-380e-4a97-b142-0dd9e5ad3c79 0.043s
2024-10-18 17:21:13.175 62473 INFO tempest.lib.common.rest_client [req-39f9f8cf-c167-4cf4-ac09-2d0ba26934cd req-39f9f8cf-c167-4cf4-ac09-2d0ba26934cd ] Request (AttachInterfacesV270Test:test_create_get_list_interfaces): 200 GET http://10.180.1.21/compute/v2.1/servers/460255fb-6589-481b-9770-0a2b548c6194 0.047s
2024-10-18 17:21:13.195 62495 INFO tempest.lib.common.rest_client [req-e5c370bb-7831-4eb5-a6db-a0cdefd4199a req-e5c370bb-7831-4eb5-a6db-a0cdefd4199a ] Request (ServersAdmin275Test:tearDownClass): 200 GET http://10.180.1.21/compute/v2.1/servers/7651f6d2-1825-46a1-9380-732b50abd3cc 0.055s
2024-10-18 17:21:13.215 62511 INFO tempest.lib.common.rest_client [req-57633193-e6e8-490b-b85f-cdb82e1d08fd req-57633193-e6e8-490b-b85f-cdb82e1d08fd ] Request (MigrationsAdminTest:test_resize_server_revert_deleted_flavor): 200 GET http://10.180.1.21/compute/v2.1/servers/92d3557c-655f-45d9-ae7d-bbe62567e1e2 0.049s
2024-10-18 17:21:13.235 62491 INFO tempest.lib.common.rest_client [req-140b8319-7238-478a-90ba-12114bf2eb01 req-140b8319-7238-478a-90ba-12114bf2eb01 ] Request (ServersNegativeTestMultiTenantJSON:setUpClass): 200 GET http://10.180.1.21/compute/v2.1/servers/df927c0c-b742-4451-9439-60ea63287b99 0.058s
2024-10-18 17:21:13.256 62475 INFO tempest.lib.common.rest_client [req-328fc8aa-7141-4f8b-9477-1caa66293a8d req-328fc8aa-7141-4f8b-9477-1caa66293a8d ] Request (ServersTestManualDisk:setUpClass): 200 GET http://10.180.1.21/compute/v2.1/servers/c0c9e61b-ab2b-47dc-997b-570204ab4c3b 0.050s
2024-10-18 17:21:13.275 62455 INFO tempest.lib.common.rest_client [req-f0ad5d8d-d8f6-490b-a33c-2816b6cb0a84 req-f0ad5d8d-d8f6-490b-a33c-2816b6cb0a84 ] Request (DeleteServersAdminTestJSON:test_delete_server_while_in_error_state): 200 GET http://10.180.1.21/compute/v2.1/servers/a8105842-1649-495d-b0c4-18ceda62bd57 0.056s
2024-10-18 17:21:13.295 62489 INFO tempest.lib.common.rest_client [req-97317270-f0f2-4113-8433-3c69a0daec36 req-97317270-f0f2-4113-8433-3c69a0daec36 ] Request (MultipleCreateTestJSON:test_multiple_create): 200 GET http://10.180.1.21/compute/v2.1/servers/96694bb9-fbf2-4b71-9cb5-37f81b634992 0.045s
2024-10-18 17:21:13.316 62481 INFO tempest.lib.common.rest_client [req-27fa27c6-4432-4e0a-b4d2-d727eb664bc6 req-27fa27c6-4432-4e0a-b4d2-d727eb664bc6 ] Request (ServerShowV257Test:test_rebuild_server): 200 GET http://10.180.1.21/compute/v2.1/servers/4de32ee6-e205-435b-a75e-94c3121048e3 0.053s
2024-10-18 17:21:13.334 62479 INFO tempest.lib.common.rest_client [req-eb33fb28-6b9a-4eaa-b667-385374a142de req-eb33fb28-6b9a-4eaa-b667-385374a142de ] Request (DeleteServersTestJSON:test_delete_server_while_in_attached_volume): 200 GET http://10.180.1.21/compute/v2.1/servers/0d80665a-c881-454a-90c7-96348e7fab74 0.046s
2024-10-18 17:21:13.358 62471 INFO tempest.lib.common.rest_client [req-22b311c5-033f-40bd-932a-ca2b6a8081e8 req-22b311c5-033f-40bd-932a-ca2b6a8081e8 ] Request (AttachInterfacesTestJSON:test_create_list_show_delete_interfaces_by_fixed_ip): 200 GET http://10.180.1.21/compute/v2.1/servers/ebb09f50-50b8-49bb-b366-5b8906605699 0.040s
2024-10-18 17:21:13.405 62483 INFO tempest.lib.common.rest_client [req-4d3bda17-e8aa-48ab-bda0-aad0a8f3754c req-4d3bda17-e8aa-48ab-bda0-aad0a8f3754c ] Request (ServersV294TestFqdnHostnames:setUpClass): 200 GET http://10.180.1.21/compute/v2.1/servers/97d1d9c9-214f-4573-9efa-3254ea3f2ee0 0.047s
2024-10-18 17:21:13.467 62451 INFO tempest.lib.common.rest_client [req-a14b4e27-973c-4f68-aa29-c014dee3367c req-a14b4e27-973c-4f68-aa29-c014dee3367c ] Request (ServersAdminTestJSON:setUpClass): 200 GET http://10.180.1.21/compute/v2.1/servers/c979d105-12b7-485c-a136-55ffad02fe67 0.047s
2024-10-18 17:21:13.493 62505 INFO tempest.lib.common.rest_client [req-54177545-9dbd-4c80-a2df-01cdb72f03a2 req-54177545-9dbd-4c80-a2df-01cdb72f03a2 ] Request (AttachVolumeShelveTestJSON:test_attach_volume_shelved_or_offload_server): 200 GET http://10.180.1.21/compute/v2.1/servers/85dbaf67-049c-4a90-a3dc-67e2decc1dbf 0.050s
2024-10-18 17:21:13.509 62493 INFO tempest.lib.common.rest_client [req-45364f82-4e33-4e31-ac56-1e4a741133c9 req-45364f82-4e33-4e31-ac56-1e4a741133c9 ] Request (ImagesOneServerNegativeTestJSON:setUpClass): 200 GET http://10.180.1.21/compute/v2.1/servers/c46a8746-b4b2-46f8-b16a-a7ceb5ff4611 0.049s
2024-10-18 17:21:13.540 62485 INFO tempest.lib.common.rest_client [req-05e40ee7-8e91-45b9-a3ca-1e070f0f1bd7 req-05e40ee7-8e91-45b9-a3ca-1e070f0f1bd7 ] Request (ServerAddressesTestJSON:setUpClass): 200 GET http://10.180.1.21/compute/v2.1/servers/ae5ec212-9dbe-4a11-94a3-8aa4576ca4db 0.058s
2024-10-18 17:21:13.550 62509 INFO tempest.lib.common.rest_client [req-c16f7d28-d59d-41f2-b507-54e3935c2887 req-c16f7d28-d59d-41f2-b507-54e3935c2887 ] Request (ServerDiskConfigTestJSON:test_rebuild_server_with_auto_disk_config): 200 GET http://10.180.1.21/compute/v2.1/servers/30cf9ebc-daab-42d3-9e7d-cb4d2cb55bf5 0.053s
2024-10-18 17:21:13.779 62465 INFO tempest.lib.common.rest_client [req-df129aa6-f6f0-4248-8f01-51892164c53d req-df129aa6-f6f0-4248-8f01-51892164c53d ] Request (ListServerFiltersTestJSON:setUpClass): 200 GET http://10.180.1.21/compute/v2.1/servers/2fabe67e-f3af-4dc7-bf07-f320f1e6e7e3 0.045s
2024-10-18 17:21:13.830 62513 INFO tempest.lib.common.rest_client [req-1686ff98-36ee-418a-a5fb-bc0812d47348 req-1686ff98-36ee-418a-a5fb-bc0812d47348 ] Request (ServersTestMultiNic:test_verify_multiple_nics_order): 200 GET http://10.180.1.21/compute/v2.1/servers/b4a7ff58-0f48-4942-a270-de6910ff0c0c 0.045s
2024-10-18 17:21:13.906 62457 INFO tempest.lib.common.rest_client [req-704b5ed3-b4cd-4c08-ac05-8fde60290c9f req-704b5ed3-b4cd-4c08-ac05-8fde60290c9f ] Request (ServersTestBootFromVolume:setUpClass): 200 GET http://10.180.1.21/compute/v2.1/servers/66c5f446-91e5-4de1-abb6-f06a0a36020d 0.044s
2024-10-18 17:21:13.916 62453 INFO tempest.lib.common.rest_client [req-99f5dddc-1989-435e-ba7f-9f58b187b06c req-99f5dddc-1989-435e-ba7f-9f58b187b06c ] Request (ServerActionsTestJSON:setUpClass): 200 GET http://10.180.1.21/compute/v2.1/servers/2d1b59b1-504c-487f-93ac-642c490d6546 0.042s
2024-10-18 17:21:13.961 62497 INFO tempest.lib.common.rest_client [req-2069e059-2a50-42de-922c-ab579ee91b1e req-2069e059-2a50-42de-922c-ab579ee91b1e ] Request (SecurityGroupsTestJSON:test_list_security_groups_by_server): 200 GET http://10.180.1.21/compute/v2.1/servers/29530178-d69c-4aed-9061-d3d1cfa954d0 0.043s
2024-10-18 17:21:13.971 62503 INFO tempest.lib.common.rest_client [req-3a33a7f0-422a-4142-82ad-eee9a4497c85 req-3a33a7f0-422a-4142-82ad-eee9a4497c85 ] Request (VolumesAdminNegativeTest:test_update_attached_volume_with_nonexistent_volume_in_body): 200 GET http://10.180.1.21/compute/v2.1/servers/6391addb-b1a5-4e15-9bd2-531eb9956b42 0.043s
2024-10-18 17:21:14.017 62477 INFO tempest.lib.common.rest_client [req-59e77ace-fab4-4028-9d4e-bea43708a073 req-59e77ace-fab4-4028-9d4e-bea43708a073 ] Request (InstanceActionsNegativeTestJSON:setUpClass): 200 GET http://10.180.1.21/compute/v2.1/servers/a0fda7cf-21b6-4a22-bf56-09e848b4dc9e 0.042s
2024-10-18 17:21:14.079 62499 INFO tempest.lib.common.rest_client [req-52e1c776-fc1a-477b-bbb8-7951a5e959b3 req-52e1c776-fc1a-477b-bbb8-7951a5e959b3 ] Request (AttachInterfacesUnderV243Test:test_add_remove_fixed_ip): 200 GET http://10.180.1.21/compute/v2.1/servers/e023cfb8-5f1c-41d9-9e43-d10e073234ea 0.046s
2024-10-18 17:21:14.127 62459 INFO tempest.lib.common.rest_client [req-c8b9d7b7-0b83-4eab-9505-cc5c137d3971 req-c8b9d7b7-0b83-4eab-9505-cc5c137d3971 ] Request (ServersTestFqdnHostnames:test_create_server_with_fqdn_name): 200 GET http://10.180.1.21/compute/v2.1/servers/1586080c-3406-47f0-bbb9-0c50082eaf8d 0.043s
2024-10-18 17:21:14.178 62461 INFO tempest.lib.common.rest_client [req-89501f2e-2ca8-4a7b-8c03-ebb8acca6cee req-89501f2e-2ca8-4a7b-8c03-ebb8acca6cee ] Request (AttachVolumeTestJSON:test_attach_detach_volume): 200 GET http://10.180.1.21/compute/v2.1/servers/cf7b7da2-380e-4a97-b142-0dd9e5ad3c79 0.043s
2024-10-18 17:21:14.229 62473 INFO tempest.lib.common.rest_client [req-b1c45fcb-de2e-467f-a117-5304f0a2d8db req-b1c45fcb-de2e-467f-a117-5304f0a2d8db ] Request (AttachInterfacesV270Test:test_create_get_list_interfaces): 200 GET http://10.180.1.21/compute/v2.1/servers/460255fb-6589-481b-9770-0a2b548c6194 0.045s
2024-10-18 17:21:14.258 62495 INFO tempest.lib.common.rest_client [req-7aa5542b-5765-4222-b039-388cf292e0e1 req-7aa5542b-5765-4222-b039-388cf292e0e1 ] Request (ServersAdmin275Test:tearDownClass): 200 GET http://10.180.1.21/compute/v2.1/servers/7651f6d2-1825-46a1-9380-732b50abd3cc 0.053s
2024-10-18 17:21:14.267 62511 INFO tempest.lib.common.rest_client [req-b57fbfee-9fe6-489a-bf53-75894bfcfd99 req-b57fbfee-9fe6-489a-bf53-75894bfcfd99 ] Request (MigrationsAdminTest:test_resize_server_revert_deleted_flavor): 200 GET http://10.180.1.21/compute/v2.1/servers/92d3557c-655f-45d9-ae7d-bbe62567e1e2 0.045s
2024-10-18 17:21:14.297 62491 INFO tempest.lib.common.rest_client [req-4e97b9b1-71ac-4b6b-8c4c-499b041b4773 req-4e97b9b1-71ac-4b6b-8c4c-499b041b4773 ] Request (ServersNegativeTestMultiTenantJSON:setUpClass): 200 GET http://10.180.1.21/compute/v2.1/servers/df927c0c-b742-4451-9439-60ea63287b99 0.055s
2024-10-18 17:21:14.309 62475 INFO tempest.lib.common.rest_client [req-e105542d-5f65-409d-97d1-21a0d48476b1 req-e105542d-5f65-409d-97d1-21a0d48476b1 ] Request (ServersTestManualDisk:setUpClass): 200 GET http://10.180.1.21/compute/v2.1/servers/c0c9e61b-ab2b-47dc-997b-570204ab4c3b 0.046s
2024-10-18 17:21:14.464 62455 INFO tempest.lib.common.rest_client [req-1a73b889-3b26-4e27-bb3f-3dff049fd072 req-1a73b889-3b26-4e27-bb3f-3dff049fd072 ] Request (DeleteServersAdminTestJSON:test_delete_server_while_in_error_state): 200 GET http://10.180.1.21/compute/v2.1/servers/a8105842-1649-495d-b0c4-18ceda62bd57 0.182s
2024-10-18 17:21:14.473 62489 INFO tempest.lib.common.rest_client [req-ad1ace80-6679-4d35-81cc-cce5ab8a7bd3 req-ad1ace80-6679-4d35-81cc-cce5ab8a7bd3 ] Request (MultipleCreateTestJSON:test_multiple_create): 200 GET http://10.180.1.21/compute/v2.1/servers/96694bb9-fbf2-4b71-9cb5-37f81b634992 0.172s
2024-10-18 17:21:14.511 62481 INFO tempest.lib.common.rest_client [req-5e5e9425-1dc5-4f26-8e2b-4a3b84e70650 req-5e5e9425-1dc5-4f26-8e2b-4a3b84e70650 ] Request (ServerShowV257Test:test_rebuild_server): 200 GET http://10.180.1.21/compute/v2.1/servers/4de32ee6-e205-435b-a75e-94c3121048e3 0.186s
2024-10-18 17:21:14.514 62479 INFO tempest.lib.common.rest_client [req-765dde5f-33a3-42fa-a95c-b31b5c0a7031 req-765dde5f-33a3-42fa-a95c-b31b5c0a7031 ] Request (DeleteServersTestJSON:test_delete_server_while_in_attached_volume): 200 GET http://10.180.1.21/compute/v2.1/servers/0d80665a-c881-454a-90c7-96348e7fab74 0.172s
2024-10-18 17:21:14.560 62471 INFO tempest.lib.common.rest_client [req-1aa9a599-b9cb-4be6-af33-bb5cc39c40c4 req-1aa9a599-b9cb-4be6-af33-bb5cc39c40c4 ] Request (AttachInterfacesTestJSON:test_create_list_show_delete_interfaces_by_fixed_ip): 200 GET http://10.180.1.21/compute/v2.1/servers/ebb09f50-50b8-49bb-b366-5b8906605699 0.194s
2024-10-18 17:21:14.564 62483 INFO tempest.lib.common.rest_client [req-f255040f-5184-42c9-944e-68f880712ad0 req-f255040f-5184-42c9-944e-68f880712ad0 ] Request (ServersV294TestFqdnHostnames:setUpClass): 200 GET http://10.180.1.21/compute/v2.1/servers/97d1d9c9-214f-4573-9efa-3254ea3f2ee0 0.150s
2024-10-18 17:21:14.611 62505 INFO tempest.lib.common.rest_client [req-b6c1758b-d30c-4f91-8c06-4946e4ac9c95 req-b6c1758b-d30c-4f91-8c06-4946e4ac9c95 ] Request (AttachVolumeShelveTestJSON:test_attach_volume_shelved_or_offload_server): 200 GET http://10.180.1.21/compute/v2.1/servers/85dbaf67-049c-4a90-a3dc-67e2decc1dbf 0.110s
2024-10-18 17:21:14.615 62451 INFO tempest.lib.common.rest_client [req-2c4ba883-e14f-4a1b-86c2-f9143898cab4 req-2c4ba883-e14f-4a1b-86c2-f9143898cab4 ] Request (ServersAdminTestJSON:setUpClass): 200 GET http://10.180.1.21/compute/v2.1/servers/c979d105-12b7-485c-a136-55ffad02fe67 0.141s
2024-10-18 17:21:14.656 62493 INFO tempest.lib.common.rest_client [req-71c409b8-4c09-4573-b007-59440a3cf855 req-71c409b8-4c09-4573-b007-59440a3cf855 ] Request (ImagesOneServerNegativeTestJSON:setUpClass): 200 GET http://10.180.1.21/compute/v2.1/servers/c46a8746-b4b2-46f8-b16a-a7ceb5ff4611 0.141s
2024-10-18 17:21:14.662 62485 INFO tempest.lib.common.rest_client [req-713f90c9-2d2b-4a5e-b46a-c226104babfd req-713f90c9-2d2b-4a5e-b46a-c226104babfd ] Request (ServerAddressesTestJSON:setUpClass): 200 GET http://10.180.1.21/compute/v2.1/servers/ae5ec212-9dbe-4a11-94a3-8aa4576ca4db 0.116s
2024-10-18 17:21:14.696 62509 INFO tempest.lib.common.rest_client [req-363504c1-35bf-47e9-9dfa-b3242a41e944 req-363504c1-35bf-47e9-9dfa-b3242a41e944 ] Request (ServerDiskConfigTestJSON:test_rebuild_server_with_auto_disk_config): 200 GET http://10.180.1.21/compute/v2.1/servers/30cf9ebc-daab-42d3-9e7d-cb4d2cb55bf5 0.140s
2024-10-18 17:21:14.831 62465 INFO tempest.lib.common.rest_client [req-9443d5b5-28fd-41d9-af16-0c89c48bf6a0 req-9443d5b5-28fd-41d9-af16-0c89c48bf6a0 ] Request (ListServerFiltersTestJSON:setUpClass): 200 GET http://10.180.1.21/compute/v2.1/servers/2fabe67e-f3af-4dc7-bf07-f320f1e6e7e3 0.046s
2024-10-18 17:21:14.881 62513 INFO tempest.lib.common.rest_client [req-3a580c12-f388-4356-b804-9cd0442e694a req-3a580c12-f388-4356-b804-9cd0442e694a ] Request (ServersTestMultiNic:test_verify_multiple_nics_order): 200 GET http://10.180.1.21/compute/v2.1/servers/b4a7ff58-0f48-4942-a270-de6910ff0c0c 0.045s
2024-10-18 17:21:14.964 62457 INFO tempest.lib.common.rest_client [req-48b7906a-3202-48c2-a7a9-306dee5af201 req-48b7906a-3202-48c2-a7a9-306dee5af201 ] Request (ServersTestBootFromVolume:setUpClass): 200 GET http://10.180.1.21/compute/v2.1/servers/66c5f446-91e5-4de1-abb6-f06a0a36020d 0.051s
2024-10-18 17:21:14.970 62453 INFO tempest.lib.common.rest_client [req-89b38f32-a49c-47d8-8425-fe51de1efa95 req-89b38f32-a49c-47d8-8425-fe51de1efa95 ] Request (ServerActionsTestJSON:setUpClass): 200 GET http://10.180.1.21/compute/v2.1/servers/2d1b59b1-504c-487f-93ac-642c490d6546 0.046s
2024-10-18 17:21:15.010 62497 INFO tempest.lib.common.rest_client [req-40d64738-1be2-4f26-a00b-d2007204266e req-40d64738-1be2-4f26-a00b-d2007204266e ] Request (SecurityGroupsTestJSON:test_list_security_groups_by_server): 200 GET http://10.180.1.21/compute/v2.1/servers/29530178-d69c-4aed-9061-d3d1cfa954d0 0.043s
2024-10-18 17:21:15.020 62503 INFO tempest.lib.common.rest_client [req-b287c7d1-dcf7-4186-bf49-38fc561c04e1 req-b287c7d1-dcf7-4186-bf49-38fc561c04e1 ] Request (VolumesAdminNegativeTest:test_update_attached_volume_with_nonexistent_volume_in_body): 200 GET http://10.180.1.21/compute/v2.1/servers/6391addb-b1a5-4e15-9bd2-531eb9956b42 0.042s
2024-10-18 17:21:15.066 62477 INFO tempest.lib.common.rest_client [req-4c6877d5-f680-4944-81fd-80fafb2f5595 req-4c6877d5-f680-4944-81fd-80fafb2f5595 ] Request (InstanceActionsNegativeTestJSON:setUpClass): 200 GET http://10.180.1.21/compute/v2.1/servers/a0fda7cf-21b6-4a22-bf56-09e848b4dc9e 0.043s
2024-10-18 17:21:15.132 62499 INFO tempest.lib.common.rest_client [req-4582414e-083f-4378-bba6-992a530e17dd req-4582414e-083f-4378-bba6-992a530e17dd ] Request (AttachInterfacesUnderV243Test:test_add_remove_fixed_ip): 200 GET http://10.180.1.21/compute/v2.1/servers/e023cfb8-5f1c-41d9-9e43-d10e073234ea 0.046s
2024-10-18 17:21:15.180 62459 INFO tempest.lib.common.rest_client [req-0a0d2826-b5a6-4e2b-ace4-3847f8944331 req-0a0d2826-b5a6-4e2b-ace4-3847f8944331 ] Request (ServersTestFqdnHostnames:test_create_server_with_fqdn_name): 200 GET http://10.180.1.21/compute/v2.1/servers/1586080c-3406-47f0-bbb9-0c50082eaf8d 0.046s
2024-10-18 17:21:15.228 62461 INFO tempest.lib.common.rest_client [req-5ef8d06b-7adf-4448-9e26-2e7abd096ceb req-5ef8d06b-7adf-4448-9e26-2e7abd096ceb ] Request (AttachVolumeTestJSON:test_attach_detach_volume): 200 GET http://10.180.1.21/compute/v2.1/servers/cf7b7da2-380e-4a97-b142-0dd9e5ad3c79 0.043s
2024-10-18 17:21:15.283 62473 INFO tempest.lib.common.rest_client [req-c4fd35a7-7e68-451f-bc7b-00419f655c15 req-c4fd35a7-7e68-451f-bc7b-00419f655c15 ] Request (AttachInterfacesV270Test:test_create_get_list_interfaces): 200 GET http://10.180.1.21/compute/v2.1/servers/460255fb-6589-481b-9770-0a2b548c6194 0.045s
2024-10-18 17:21:15.326 62495 INFO tempest.lib.common.rest_client [req-1eaa65e0-5dc3-431a-bcc1-e8056488c351 req-1eaa65e0-5dc3-431a-bcc1-e8056488c351 ] Request (ServersAdmin275Test:tearDownClass): 200 GET http://10.180.1.21/compute/v2.1/servers/7651f6d2-1825-46a1-9380-732b50abd3cc 0.060s
2024-10-18 17:21:15.330 62511 INFO tempest.lib.common.rest_client [req-2f100774-f482-4d7f-ab5e-4ac2226f5f76 req-2f100774-f482-4d7f-ab5e-4ac2226f5f76 ] Request (MigrationsAdminTest:test_resize_server_revert_deleted_flavor): 200 GET http://10.180.1.21/compute/v2.1/servers/92d3557c-655f-45d9-ae7d-bbe62567e1e2 0.056s
2024-10-18 17:21:15.373 62491 INFO tempest.lib.common.rest_client [req-74f268c1-337c-4c5a-991f-747903eb7f0e req-74f268c1-337c-4c5a-991f-747903eb7f0e ] Request (ServersNegativeTestMultiTenantJSON:setUpClass): 200 GET http://10.180.1.21/compute/v2.1/servers/df927c0c-b742-4451-9439-60ea63287b99 0.070s
2024-10-18 17:21:15.380 62475 INFO tempest.lib.common.rest_client [req-1bcf186b-498a-48f8-a066-52265fea83f8 req-1bcf186b-498a-48f8-a066-52265fea83f8 ] Request (ServersTestManualDisk:setUpClass): 200 GET http://10.180.1.21/compute/v2.1/servers/c0c9e61b-ab2b-47dc-997b-570204ab4c3b 0.064s
2024-10-18 17:21:15.521 62455 INFO tempest.lib.common.rest_client [req-694edd4e-3f93-42ce-a964-3900dc14957d req-694edd4e-3f93-42ce-a964-3900dc14957d ] Request (DeleteServersAdminTestJSON:test_delete_server_while_in_error_state): 200 GET http://10.180.1.21/compute/v2.1/servers/a8105842-1649-495d-b0c4-18ceda62bd57 0.051s
2024-10-18 17:21:15.533 62489 INFO tempest.lib.common.rest_client [req-7e5f2791-937f-43c1-b87f-7b05fb9f9664 req-7e5f2791-937f-43c1-b87f-7b05fb9f9664 ] Request (MultipleCreateTestJSON:test_multiple_create): 200 GET http://10.180.1.21/compute/v2.1/servers/96694bb9-fbf2-4b71-9cb5-37f81b634992 0.053s
2024-10-18 17:21:15.568 62479 INFO tempest.lib.common.rest_client [req-6f35ca42-2c5e-4e44-86f8-45227966d8b6 req-6f35ca42-2c5e-4e44-86f8-45227966d8b6 ] Request (DeleteServersTestJSON:test_delete_server_while_in_attached_volume): 200 GET http://10.180.1.21/compute/v2.1/servers/0d80665a-c881-454a-90c7-96348e7fab74 0.047s
2024-10-18 17:21:15.593 62481 INFO tempest.lib.common.rest_client [req-536670a1-2d24-452b-aa1e-79734bda8b42 req-536670a1-2d24-452b-aa1e-79734bda8b42 ] Request (ServerShowV257Test:test_rebuild_server): 200 GET http://10.180.1.21/compute/v2.1/servers/4de32ee6-e205-435b-a75e-94c3121048e3 0.074s
2024-10-18 17:21:15.632 62471 INFO tempest.lib.common.rest_client [req-75e1aca1-049c-44fb-92c9-90bb0c025e75 req-75e1aca1-049c-44fb-92c9-90bb0c025e75 ] Request (AttachInterfacesTestJSON:test_create_list_show_delete_interfaces_by_fixed_ip): 200 GET http://10.180.1.21/compute/v2.1/servers/ebb09f50-50b8-49bb-b366-5b8906605699 0.064s
2024-10-18 17:21:15.650 62483 INFO tempest.lib.common.rest_client [req-fbc0d69c-7338-42b6-b685-a9290416033e req-fbc0d69c-7338-42b6-b685-a9290416033e ] Request (ServersV294TestFqdnHostnames:setUpClass): 200 GET http://10.180.1.21/compute/v2.1/servers/97d1d9c9-214f-4573-9efa-3254ea3f2ee0 0.077s
2024-10-18 17:21:15.688 62505 INFO tempest.lib.common.rest_client [req-9410f3f9-7a8c-4641-909b-9fef30a77891 req-9410f3f9-7a8c-4641-909b-9fef30a77891 ] Request (AttachVolumeShelveTestJSON:test_attach_volume_shelved_or_offload_server): 200 GET http://10.180.1.21/compute/v2.1/servers/85dbaf67-049c-4a90-a3dc-67e2decc1dbf 0.069s
2024-10-18 17:21:15.747 62493 INFO tempest.lib.common.rest_client [req-926b3177-0da6-4faa-b1fa-013300f6a6cb req-926b3177-0da6-4faa-b1fa-013300f6a6cb ] Request (ImagesOneServerNegativeTestJSON:setUpClass): 200 GET http://10.180.1.21/compute/v2.1/servers/c46a8746-b4b2-46f8-b16a-a7ceb5ff4611 0.084s
2024-10-18 17:21:15.754 62493 INFO tempest.common.waiters [-] State transition "BUILD/spawning" ==> "ERROR/None" after 100 second wait
2024-10-18 17:21:15.806 62451 INFO tempest.lib.common.rest_client [req-01f91a9b-4eac-42b3-9f22-0238a267b220 req-01f91a9b-4eac-42b3-9f22-0238a267b220 ] Request (ServersAdminTestJSON:setUpClass): 200 GET http://10.180.1.21/compute/v2.1/servers/c979d105-12b7-485c-a136-55ffad02fe67 0.184s
2024-10-18 17:21:15.811 62451 INFO tempest.common.waiters [-] State transition "BUILD/None" ==> "BUILD/networking" after 85 second wait
2024-10-18 17:21:15.820 62485 INFO tempest.lib.common.rest_client [req-e29047b1-5812-486c-9bd3-16c855ae895f req-e29047b1-5812-486c-9bd3-16c855ae895f ] Request (ServerAddressesTestJSON:setUpClass): 200 GET http://10.180.1.21/compute/v2.1/servers/ae5ec212-9dbe-4a11-94a3-8aa4576ca4db 0.151s
2024-10-18 17:21:15.854 62509 INFO tempest.lib.common.rest_client [req-aecb1c5d-eac2-4bf1-829c-0018a5fd8fa9 req-aecb1c5d-eac2-4bf1-829c-0018a5fd8fa9 ] Request (ServerDiskConfigTestJSON:test_rebuild_server_with_auto_disk_config): 200 GET http://10.180.1.21/compute/v2.1/servers/30cf9ebc-daab-42d3-9e7d-cb4d2cb55bf5 0.152s
2024-10-18 17:21:15.910 62465 INFO tempest.lib.common.rest_client [req-f43ad303-4fba-499e-820e-595e75e20716 req-f43ad303-4fba-499e-820e-595e75e20716 ] Request (ListServerFiltersTestJSON:setUpClass): 200 GET http://10.180.1.21/compute/v2.1/servers/2fabe67e-f3af-4dc7-bf07-f320f1e6e7e3 0.072s
2024-10-18 17:21:15.952 62513 INFO tempest.lib.common.rest_client [req-16af9f71-0713-4072-928c-f3fcfe8108d4 req-16af9f71-0713-4072-928c-f3fcfe8108d4 ] Request (ServersTestMultiNic:test_verify_multiple_nics_order): 200 GET http://10.180.1.21/compute/v2.1/servers/b4a7ff58-0f48-4942-a270-de6910ff0c0c 0.064s
2024-10-18 17:21:16.005 62493 INFO tempest.lib.common.rest_client [req-9bfc5cde-9c38-4a66-abf5-7ad7c7d9f3da req-9bfc5cde-9c38-4a66-abf5-7ad7c7d9f3da ] Request (ImagesOneServerNegativeTestJSON:setUpClass): 204 DELETE http://10.180.1.21/compute/v2.1/servers/c46a8746-b4b2-46f8-b16a-a7ceb5ff4611 0.251s
2024-10-18 17:21:16.019 62457 INFO tempest.lib.common.rest_client [req-8c433d39-814c-43b4-8f1d-4313a827e163 req-8c433d39-814c-43b4-8f1d-4313a827e163 ] Request (ServersTestBootFromVolume:setUpClass): 200 GET http://10.180.1.21/compute/v2.1/servers/66c5f446-91e5-4de1-abb6-f06a0a36020d 0.048s
2024-10-18 17:21:16.043 62493 INFO tempest.lib.common.rest_client [req-5f2dcf16-c00d-40ee-aa5c-8170a14e9cc0 req-5f2dcf16-c00d-40ee-aa5c-8170a14e9cc0 ] Request (ImagesOneServerNegativeTestJSON:setUpClass): 404 GET http://10.180.1.21/compute/v2.1/servers/c46a8746-b4b2-46f8-b16a-a7ceb5ff4611 0.038s
2024-10-18 17:21:16.044 62493 INFO tempest.test [-] raised in ImagesOneServerNegativeTestJSON.setUpClass. Invoking tearDownClass.
2024-10-18 17:21:16.060 62453 INFO tempest.lib.common.rest_client [req-91d1d99b-4709-4ea5-99db-d9a11fb5d60f req-91d1d99b-4709-4ea5-99db-d9a11fb5d60f ] Request (ServerActionsTestJSON:setUpClass): 200 GET http://10.180.1.21/compute/v2.1/servers/2d1b59b1-504c-487f-93ac-642c490d6546 0.084s
2024-10-18 17:21:16.098 62497 INFO tempest.lib.common.rest_client [req-16e5f66f-7c4b-4f1f-9c5f-adbe9bbbaab9 req-16e5f66f-7c4b-4f1f-9c5f-adbe9bbbaab9 ] Request (SecurityGroupsTestJSON:test_list_security_groups_by_server): 200 GET http://10.180.1.21/compute/v2.1/servers/29530178-d69c-4aed-9061-d3d1cfa954d0 0.082s
2024-10-18 17:21:16.113 62503 INFO tempest.lib.common.rest_client [req-2c7c75aa-6ffd-4507-b4df-0e9c9a430503 req-2c7c75aa-6ffd-4507-b4df-0e9c9a430503 ] Request (VolumesAdminNegativeTest:test_update_attached_volume_with_nonexistent_volume_in_body): 200 GET http://10.180.1.21/compute/v2.1/servers/6391addb-b1a5-4e15-9bd2-531eb9956b42 0.085s
2024-10-18 17:21:16.145 62477 INFO tempest.lib.common.rest_client [req-c0b0545e-0062-468b-8f7f-9fedb85cab6d req-c0b0545e-0062-468b-8f7f-9fedb85cab6d ] Request (InstanceActionsNegativeTestJSON:setUpClass): 200 GET http://10.180.1.21/compute/v2.1/servers/a0fda7cf-21b6-4a22-bf56-09e848b4dc9e 0.072s
2024-10-18 17:21:16.185 62499 INFO tempest.lib.common.rest_client [req-3a093358-4ccf-4756-9a3c-3d5291de82aa req-3a093358-4ccf-4756-9a3c-3d5291de82aa ] Request (AttachInterfacesUnderV243Test:test_add_remove_fixed_ip): 200 GET http://10.180.1.21/compute/v2.1/servers/e023cfb8-5f1c-41d9-9e43-d10e073234ea 0.046s
2024-10-18 17:21:16.233 62459 INFO tempest.lib.common.rest_client [req-75f26cf6-c80d-4e8a-aff8-c81ecdfe06e9 req-75f26cf6-c80d-4e8a-aff8-c81ecdfe06e9 ] Request (ServersTestFqdnHostnames:test_create_server_with_fqdn_name): 200 GET http://10.180.1.21/compute/v2.1/servers/1586080c-3406-47f0-bbb9-0c50082eaf8d 0.047s
2024-10-18 17:21:16.280 62461 INFO tempest.lib.common.rest_client [req-8de3e8c0-6df0-4426-a7c4-45415195f3ce req-8de3e8c0-6df0-4426-a7c4-45415195f3ce ] Request (AttachVolumeTestJSON:test_attach_detach_volume): 200 GET http://10.180.1.21/compute/v2.1/servers/cf7b7da2-380e-4a97-b142-0dd9e5ad3c79 0.045s
2024-10-18 17:21:16.340 62473 INFO tempest.lib.common.rest_client [req-14d4e083-5e3e-429e-8d56-c73380259fd1 req-14d4e083-5e3e-429e-8d56-c73380259fd1 ] Request (AttachInterfacesV270Test:test_create_get_list_interfaces): 200 GET http://10.180.1.21/compute/v2.1/servers/460255fb-6589-481b-9770-0a2b548c6194 0.047s
2024-10-18 17:21:16.406 62511 INFO tempest.lib.common.rest_client [req-7fe7000f-3597-44eb-89f5-532afd0a855c req-7fe7000f-3597-44eb-89f5-532afd0a855c ] Request (MigrationsAdminTest:test_resize_server_revert_deleted_flavor): 200 GET http://10.180.1.21/compute/v2.1/servers/92d3557c-655f-45d9-ae7d-bbe62567e1e2 0.069s
2024-10-18 17:21:16.410 62495 INFO tempest.lib.common.rest_client [req-c25bb377-fb7d-4e25-8746-95531b49cfb1 req-c25bb377-fb7d-4e25-8746-95531b49cfb1 ] Request (ServersAdmin275Test:tearDownClass): 200 GET http://10.180.1.21/compute/v2.1/servers/7651f6d2-1825-46a1-9380-732b50abd3cc 0.075s
2024-10-18 17:21:16.455 62491 INFO tempest.lib.common.rest_client [req-acfeaf81-10a8-47e5-8d28-05e67a3ad942 req-acfeaf81-10a8-47e5-8d28-05e67a3ad942 ] Request (ServersNegativeTestMultiTenantJSON:setUpClass): 200 GET http://10.180.1.21/compute/v2.1/servers/df927c0c-b742-4451-9439-60ea63287b99 0.069s
2024-10-18 17:21:16.461 62475 INFO tempest.lib.common.rest_client [req-5bc2a02c-102f-473e-a30b-da6641ad5c85 req-5bc2a02c-102f-473e-a30b-da6641ad5c85 ] Request (ServersTestManualDisk:setUpClass): 200 GET http://10.180.1.21/compute/v2.1/servers/c0c9e61b-ab2b-47dc-997b-570204ab4c3b 0.072s
2024-10-18 17:21:16.576 62455 INFO tempest.lib.common.rest_client [req-69f5f023-9fd0-4691-9e5f-292c912247d1 req-69f5f023-9fd0-4691-9e5f-292c912247d1 ] Request (DeleteServersAdminTestJSON:test_delete_server_while_in_error_state): 200 GET http://10.180.1.21/compute/v2.1/servers/a8105842-1649-495d-b0c4-18ceda62bd57 0.046s
2024-10-18 17:21:16.592 62489 INFO tempest.lib.common.rest_client [req-7e74ee3f-3ef2-4468-ac01-0c8c54932fc8 req-7e74ee3f-3ef2-4468-ac01-0c8c54932fc8 ] Request (MultipleCreateTestJSON:test_multiple_create): 200 GET http://10.180.1.21/compute/v2.1/servers/96694bb9-fbf2-4b71-9cb5-37f81b634992 0.052s
2024-10-18 17:21:16.628 62479 INFO tempest.lib.common.rest_client [req-3ca4796b-f604-4f3c-9795-e4c08c9ce0e3 req-3ca4796b-f604-4f3c-9795-e4c08c9ce0e3 ] Request (DeleteServersTestJSON:test_delete_server_while_in_attached_volume): 200 GET http://10.180.1.21/compute/v2.1/servers/0d80665a-c881-454a-90c7-96348e7fab74 0.053s
2024-10-18 17:21:16.659 62481 INFO tempest.lib.common.rest_client [req-ba4fd319-9234-41c7-8087-d544ce6bc9af req-ba4fd319-9234-41c7-8087-d544ce6bc9af ] Request (ServerShowV257Test:test_rebuild_server): 200 GET http://10.180.1.21/compute/v2.1/servers/4de32ee6-e205-435b-a75e-94c3121048e3 0.057s
2024-10-18 17:21:16.688 62471 INFO tempest.lib.common.rest_client [req-c6345bec-50d1-40c0-bde5-e44a442d7613 req-c6345bec-50d1-40c0-bde5-e44a442d7613 ] Request (AttachInterfacesTestJSON:test_create_list_show_delete_interfaces_by_fixed_ip): 200 GET http://10.180.1.21/compute/v2.1/servers/ebb09f50-50b8-49bb-b366-5b8906605699 0.047s
2024-10-18 17:21:16.717 62483 INFO tempest.lib.common.rest_client [req-f048512d-8683-412d-a405-fab66939faea req-f048512d-8683-412d-a405-fab66939faea ] Request (ServersV294TestFqdnHostnames:setUpClass): 200 GET http://10.180.1.21/compute/v2.1/servers/97d1d9c9-214f-4573-9efa-3254ea3f2ee0 0.058s
2024-10-18 17:21:16.742 62505 INFO tempest.lib.common.rest_client [req-4521b0a7-273f-4331-8dc1-8a7ddb807308 req-4521b0a7-273f-4331-8dc1-8a7ddb807308 ] Request (AttachVolumeShelveTestJSON:test_attach_volume_shelved_or_offload_server): 200 GET http://10.180.1.21/compute/v2.1/servers/85dbaf67-049c-4a90-a3dc-67e2decc1dbf 0.045s
2024-10-18 17:21:16.900 62485 INFO tempest.lib.common.rest_client [req-48f72360-87b8-4042-9399-d60a1be2dc72 req-48f72360-87b8-4042-9399-d60a1be2dc72 ] Request (ServerAddressesTestJSON:setUpClass): 200 GET http://10.180.1.21/compute/v2.1/servers/ae5ec212-9dbe-4a11-94a3-8aa4576ca4db 0.069s
2024-10-18 17:21:16.919 62451 INFO tempest.lib.common.rest_client [req-243406e6-8016-4766-9321-3cfef5e1696a req-243406e6-8016-4766-9321-3cfef5e1696a ] Request (ServersAdminTestJSON:setUpClass): 200 GET http://10.180.1.21/compute/v2.1/servers/c979d105-12b7-485c-a136-55ffad02fe67 0.106s
2024-10-18 17:21:16.927 62451 INFO tempest.common.waiters [-] State transition "BUILD/networking" ==> "BUILD/spawning" after 86 second wait
2024-10-18 17:21:16.951 62509 INFO tempest.lib.common.rest_client [req-2e088e72-210b-4afe-bab7-566832e43d07 req-2e088e72-210b-4afe-bab7-566832e43d07 ] Request (ServerDiskConfigTestJSON:test_rebuild_server_with_auto_disk_config): 200 GET http://10.180.1.21/compute/v2.1/servers/30cf9ebc-daab-42d3-9e7d-cb4d2cb55bf5 0.087s
