2024-08-30 23:29:53.807 62675 INFO tempest.lib.common.rest_client [req-ea9df3c9-f673-4cf0-a67f-b5cc5899ea53 req-ea9df3c9-f673-4cf0-a67f-b5cc5899ea53 ] Request (ServerShowV257Test:test_rebuild_server): 200 GET http://10.180.1.21/compute/v2.1/servers/e2675b0e-1904-4b80-86db-d443d4c92ff1 0.970s
2024-08-30 23:29:53.818 62675 INFO tempest.common.waiters [-] State transition "BUILD/scheduling" ==> "BUILD/None" after 11 second wait
2024-08-30 23:29:53.847 62653 INFO tempest.lib.common.rest_client [req-3a7ed2db-8965-494a-a324-de94b5e730c8 req-3a7ed2db-8965-494a-a324-de94b5e730c8 ] Request (ServerActionsTestJSON:setUpClass): 201 POST http://10.180.1.21:9696/networking/v2.0/security-groups 0.188s
2024-08-30 23:29:53.908 62697 INFO tempest.lib.common.rest_client [req-c3e0d501-223b-480d-9a62-532d06bbbd7d req-c3e0d501-223b-480d-9a62-532d06bbbd7d ] Request (ServerPasswordTestJSON:tearDownClass): 204 DELETE http://10.180.1.21/compute/v2.1/servers/83d6cb88-cbff-48a4-9ce9-d14cb7b38b2a 0.997s
2024-08-30 23:29:53.926 62701 INFO tempest.lib.common.rest_client [req-141632dc-551f-4c90-bf1d-77d78ef23034 req-141632dc-551f-4c90-bf1d-77d78ef23034 ] Request (ServerShowV247Test:test_update_rebuild_list_server): 202 POST http://10.180.1.21/compute/v2.1/servers/25cfd257-747f-4551-9cbd-8596bb3a6400/action 1.107s
2024-08-30 23:29:53.938 62681 INFO tempest.lib.common.rest_client [req-ea32e7ec-946f-4e31-bf8b-271990cb8265 req-ea32e7ec-946f-4e31-bf8b-271990cb8265 ] Request (QuotaClassesAdmin257Test:test_update_default_quotas): 200 GET http://10.180.1.21/compute/v2.1/os-quota-class-sets/default 0.978s
2024-08-30 23:29:53.951 62699 INFO tempest.lib.common.rest_client [req-4101d19e-3ead-4fe6-9df8-405112f2b0d8 req-4101d19e-3ead-4fe6-9df8-405112f2b0d8 ] Request (KeyPairsV22TestJSON:tearDownClass): 200 GET http://10.180.1.21:9696/networking/v2.0/security-groups?tenant_id=5418b2a139c44386834e9a14eaf3d739&name=default 0.268s
2024-08-30 23:29:53.972 62683 INFO tempest.lib.common.rest_client [req-31cf90be-23f7-410f-8ea6-1cadee66b4b5 req-31cf90be-23f7-410f-8ea6-1cadee66b4b5 ] Request (ServersAdminTestJSON:setUpClass): 200 GET http://10.180.1.21/compute/v2.1/servers/c306e9de-46ac-4518-a02b-c34f9325c4f0 1.049s
2024-08-30 23:29:54.013 62653 INFO tempest.lib.common.rest_client [req-bc4d19aa-8170-405c-b83a-3aedfe99dfdf req-bc4d19aa-8170-405c-b83a-3aedfe99dfdf ] Request (ServerActionsTestJSON:setUpClass): 201 POST http://10.180.1.21:9696/networking/v2.0/security-group-rules 0.165s
2024-08-30 23:29:54.083 62699 INFO tempest.lib.common.rest_client [req-89a294bc-c07a-4d14-b14e-69507a502845 req-89a294bc-c07a-4d14-b14e-69507a502845 ] Request (KeyPairsV22TestJSON:tearDownClass): 204 DELETE http://10.180.1.21:9696/networking/v2.0/security-groups/e6d4a540-c6f0-4ea3-8a23-d86eda134f8d 0.131s
2024-08-30 23:29:54.142 62661 INFO tempest.lib.common.rest_client [req-befa759b-19b1-47bf-845c-c776e10ce912 req-befa759b-19b1-47bf-845c-c776e10ce912 ] Request (MigrationsAdminTest:test_list_migrations_in_flavor_resize_situation): 200 GET http://10.180.1.21/compute/v2.1/servers/b8417f67-e047-4a5f-b1f2-b8c3029c3dfa 1.062s
2024-08-30 23:29:54.154 62699 INFO tempest.lib.common.rest_client [req-53ae17bc-9fbb-4cd2-a76b-1aaaffd6df68 req-53ae17bc-9fbb-4cd2-a76b-1aaaffd6df68 ] Request (KeyPairsV22TestJSON:tearDownClass): 204 DELETE http://10.180.1.21/identity/v3/projects/5418b2a139c44386834e9a14eaf3d739 0.069s
2024-08-30 23:29:54.171 62653 INFO tempest.lib.common.rest_client [req-b7cf2235-0e85-400e-a5af-2d41d43d4194 req-b7cf2235-0e85-400e-a5af-2d41d43d4194 ] Request (ServerActionsTestJSON:setUpClass): 201 POST http://10.180.1.21:9696/networking/v2.0/security-group-rules 0.158s
2024-08-30 23:29:54.223 62699 INFO tempest.lib.common.rest_client [req-3c3b7c43-cd18-4eb2-b659-0ddb3f602b15 req-3c3b7c43-cd18-4eb2-b659-0ddb3f602b15 ] Request (SecurityGroupRulesNegativeTestJSON:setUpClass): 201 POST http://10.180.1.21/identity/v3/auth/tokens 0.066s
2024-08-30 23:29:54.242 62665 INFO tempest.lib.common.rest_client [req-b8d33019-d34c-437d-8859-fc342d2dd0c2 req-b8d33019-d34c-437d-8859-fc342d2dd0c2 ] Request (ServerActionsV293TestJSON:setUpClass): 200 GET http://10.180.1.21/compute/v2.1/servers/09168014-be26-4795-a780-cbf351d5ba23/os-interface 1.129s
2024-08-30 23:29:54.256 62699 INFO tempest.lib.common.rest_client [req-7a971aee-6434-4843-8701-b8714b0658f0 req-7a971aee-6434-4843-8701-b8714b0658f0 ] Request (SecurityGroupRulesNegativeTestJSON:setUpClass): 201 POST http://10.180.1.21/identity/v3/auth/tokens 0.030s
2024-08-30 23:29:54.280 62699 INFO tempest.lib.common.rest_client [req-ef3ca015-8122-4462-9b47-f24ee42f630d req-ef3ca015-8122-4462-9b47-f24ee42f630d ] Request (SecurityGroupRulesNegativeTestJSON:setUpClass): 200 GET http://10.180.1.21/identity/v3/domains?name=Default 0.023s
2024-08-30 23:29:54.309 62699 INFO tempest.lib.common.rest_client [req-867af0db-17b9-4e2f-8343-0d064973c358 req-867af0db-17b9-4e2f-8343-0d064973c358 ] Request (SecurityGroupRulesNegativeTestJSON:setUpClass): 201 POST http://10.180.1.21/identity/v3/projects 0.029s
2024-08-30 23:29:54.316 62689 INFO tempest.lib.common.rest_client [req-052a764a-d801-4595-aeb2-6247ebbdde47 req-052a764a-d801-4595-aeb2-6247ebbdde47 ] Request (ServersAdminNegativeTestJSON:test_migrate_server_invalid_state): 200 GET http://10.180.1.21/compute/v2.1/servers/9fb0c690-6690-491f-aac9-7ab46a92abdf 1.187s
2024-08-30 23:29:54.375 62695 INFO tempest.lib.common.rest_client [req-cb202fc6-12d4-4bdd-81cf-cb09b207df14 req-cb202fc6-12d4-4bdd-81cf-cb09b207df14 ] Request (ServersTestFqdnHostnames:test_create_server_with_fqdn_name): 200 GET http://10.180.1.21/compute/v2.1/servers/f8983202-85ed-47f8-9223-158541b4af49 1.191s
2024-08-30 23:29:54.378 62699 INFO tempest.lib.common.rest_client [req-b9028e4c-2b10-4c3c-9dbf-939d5cef4da2 req-b9028e4c-2b10-4c3c-9dbf-939d5cef4da2 ] Request (SecurityGroupRulesNegativeTestJSON:setUpClass): 201 POST http://10.180.1.21/identity/v3/users 0.068s
2024-08-30 23:29:54.381 62695 INFO tempest.common.waiters [-] State transition "BUILD/scheduling" ==> "BUILD/None" after 9 second wait
2024-08-30 23:29:54.382 62645 INFO tempest.lib.common.rest_client [req-66233cb3-8dbc-4914-b3f7-963de8ec06e0 req-66233cb3-8dbc-4914-b3f7-963de8ec06e0 ] Request (AggregatesAdminNegativeTestJSON:test_aggregate_remove_host_as_user): 403 POST http://10.180.1.21/compute/v2.1/os-aggregates/7/action 1.161s
2024-08-30 23:29:54.400 62699 INFO tempest.lib.common.rest_client [req-ef356ef7-7726-42ef-8659-dd55dc4c3a8b req-ef356ef7-7726-42ef-8659-dd55dc4c3a8b ] Request (SecurityGroupRulesNegativeTestJSON:setUpClass): 200 GET http://10.180.1.21/identity/v3/roles 0.022s
2024-08-30 23:29:54.435 62699 INFO tempest.lib.common.rest_client [req-ada3dfa4-f8ea-4bfc-80e3-39b8c4208a8a req-ada3dfa4-f8ea-4bfc-80e3-39b8c4208a8a ] Request (SecurityGroupRulesNegativeTestJSON:setUpClass): 204 PUT http://10.180.1.21/identity/v3/projects/a4f062c7cb2a4109b6aced8f1dd57539/users/eeb4d3433fc84d36a0b115f043b691ec/roles/385eae4c3cda4f4dbdf0786fd097b2bd 0.034s
2024-08-30 23:29:54.435 62699 INFO tempest.lib.common.dynamic_creds [-] Dynamic test user eeb4d3433fc84d36a0b115f043b691ec is created with scope project and roles: ['member']
2024-08-30 23:29:54.435 62699 INFO tempest.lib.common.dynamic_creds [-] Acquired dynamic creds: credentials: Credentials: {'domain_id': 'default', 'domain_name': 'Default', 'username': 'tempest-SecurityGroupRulesNegativeTestJSON-1565030293-project-member', 'project_domain_id': 'default', 'project_domain_name': 'Default', 'project_id': 'a4f062c7cb2a4109b6aced8f1dd57539', 'project_name': 'tempest-SecurityGroupRulesNegativeTestJSON-1565030293', 'tenant_id': 'a4f062c7cb2a4109b6aced8f1dd57539', 'tenant_name': 'tempest-SecurityGroupRulesNegativeTestJSON-1565030293', 'user_domain_id': 'default', 'user_domain_name': 'Default', 'user_id': 'eeb4d3433fc84d36a0b115f043b691ec', 'system': None}, Network: None, Subnet: None, Router: None
2024-08-30 23:29:54.442 62691 INFO tempest.lib.common.rest_client [req-7a867205-f80b-4eaf-b2bd-ef4bba3184a5 req-7a867205-f80b-4eaf-b2bd-ef4bba3184a5 ] Request (ListServersNegativeTestJSON:setUpClass): 200 GET http://10.180.1.21/compute/v2.1/servers/1c5f5b5c-f6d7-4798-a85f-5824cd60f4bd 1.197s
2024-08-30 23:29:54.491 62673 INFO tempest.lib.common.rest_client [req-4aed9c87-8d91-4f40-a83e-8c7a13deb65b req-4aed9c87-8d91-4f40-a83e-8c7a13deb65b ] Request (ServerMetadataNegativeTestJSON:setUpClass): 202 POST http://10.180.1.21/compute/v2.1/servers 1.510s
2024-08-30 23:29:54.503 62699 INFO tempest.lib.common.rest_client [req-c3f15500-79aa-40b2-834a-eee633d349f6 req-c3f15500-79aa-40b2-834a-eee633d349f6 ] Request (SecurityGroupRulesNegativeTestJSON:setUpClass): 201 POST http://10.180.1.21/identity/v3/auth/tokens 0.067s
2024-08-30 23:29:54.519 62669 INFO tempest.lib.common.rest_client [req-53be7c62-656f-41ca-bb39-a051c14826be req-53be7c62-656f-41ca-bb39-a051c14826be ] Request (AttachInterfacesV270Test:test_create_get_list_interfaces): 200 GET http://10.180.1.21/compute/v2.1/servers/bab50898-96b1-444f-af09-08bb6c669155 1.230s
2024-08-30 23:29:54.529 62659 INFO tempest.lib.common.rest_client [req-3d7f4884-f5c8-49a7-a12f-5077cf476442 req-3d7f4884-f5c8-49a7-a12f-5077cf476442 ] Request (FlavorsAdminTestJSON:test_is_public_string_variations): 200 GET http://10.180.1.21/compute/v2.1/flavors/detail?is_public=0 1.194s
2024-08-30 23:29:54.552 62671 INFO tempest.lib.common.rest_client [req-ab313bed-3394-40db-838e-a8776e9dd1b2 req-ab313bed-3394-40db-838e-a8776e9dd1b2 ] Request (FloatingIPsAssociationTestJSON:test_associate_already_associated_floating_ip): 200 GET http://10.180.1.21/compute/v2.1/servers/f04f4bb0-ba01-49d9-ba49-c72a48f1e7bb 1.239s
2024-08-30 23:29:54.601 62688 INFO tempest.lib.common.rest_client [req-4d37ec9d-91da-4598-8fbc-7bae701e8eed req-4d37ec9d-91da-4598-8fbc-7bae701e8eed ] Request (ServersTestBootFromVolume:setUpClass): 200 GET http://10.180.1.21/compute/v2.1/servers/10c0f8ae-e35c-457d-a9b2-0a98f99be542 1.237s
2024-08-30 23:29:54.622 62663 INFO tempest.lib.common.rest_client [req-4e29ebe2-8e51-4aeb-928d-f155bbcabfae req-4e29ebe2-8e51-4aeb-928d-f155bbcabfae ] Request (ServerDiagnosticsTest:test_get_server_diagnostics): 200 GET http://10.180.1.21/compute/v2.1/servers/2ae9e9c6-8eb7-4bb9-81f2-1bafbaa498e5 1.173s
2024-08-30 23:29:54.635 62655 INFO tempest.lib.common.rest_client [req-7ffd2196-7ac8-4314-b8f1-411153da0fba req-7ffd2196-7ac8-4314-b8f1-411153da0fba ] Request (SecurityGroupsTestJSON:test_security_group_create_get_delete): 404 GET http://10.180.1.21/compute/v2.1/os-security-groups/b961cabd-d832-45d5-9c8e-de1995f0cdf1 1.164s
2024-08-30 23:29:54.669 62653 INFO tempest.lib.common.rest_client [req-90af35c6-175d-492b-80b6-095851152cec req-90af35c6-175d-492b-80b6-095851152cec ] Request (ServerActionsTestJSON:setUpClass): 201 POST http://10.180.1.21:9696/networking/v2.0/floatingips 0.497s
2024-08-30 23:29:54.690 62649 INFO tempest.lib.common.rest_client [req-0bae5d7f-5901-4d37-92ae-81b7ad4dfba3 req-0bae5d7f-5901-4d37-92ae-81b7ad4dfba3 ] Request (ServersTestJSON:setUpClass): 200 GET http://10.180.1.21/compute/v2.1/servers/d53b4dea-c5f3-4787-9b0e-0835ee59d1f4 1.016s
2024-08-30 23:29:54.737 62653 INFO tempest.lib.common.rest_client [req-bb495524-27db-41b7-8ffe-b9e597411838 req-bb495524-27db-41b7-8ffe-b9e597411838 ] Request (ServerActionsTestJSON:setUpClass): 201 POST http://10.180.1.21/identity/v3/auth/tokens 0.065s
2024-08-30 23:29:54.738 62653 INFO tempest.lib.common.fixed_network [-] (ServerActionsTestJSON:setUpClass) Found network {'id': '0aa8682b-e1d1-4705-bc0d-d2baf67d2d5d', 'name': 'tempest-ServerActionsTestJSON-475731655-network', 'tenant_id': 'af67dde5f0c34839abbafe69a71988d7', 'admin_state_up': True, 'mtu': 8950, 'status': 'ACTIVE', 'subnets': [], 'shared': False, 'project_id': 'af67dde5f0c34839abbafe69a71988d7', 'port_security_enabled': True, 'router:external': False, 'provider:network_type': 'vlan', 'provider:physical_network': 'default', 'provider:segmentation_id': 942, 'is_default': False, 'availability_zone_hints': [], 'availability_zones': [], 'ipv4_address_scope': None, 'ipv6_address_scope': None, 'description': '', 'tags': [], 'created_at': '2024-08-30T23:29:48Z', 'updated_at': '2024-08-30T23:29:48Z', 'revision_number': 1} available for tenant
2024-08-30 23:29:54.756 62667 INFO tempest.lib.common.rest_client [req-216c9af9-3e9b-428d-becb-6231bdd16da6 req-216c9af9-3e9b-428d-becb-6231bdd16da6 ] Request (TenantUsagesTestJSON:tearDownClass): 200 GET http://10.180.1.21/compute/v2.1/servers/ffe9d6c9-c232-47e8-b5c8-05db38d13811 1.005s
2024-08-30 23:29:54.812 62657 INFO tempest.lib.common.rest_client [req-800fcb5f-0c28-473a-89fa-c70ea0b400e8 req-800fcb5f-0c28-473a-89fa-c70ea0b400e8 ] Request (ServerDiagnosticsV248Test:test_get_server_diagnostics): 200 GET http://10.180.1.21/compute/v2.1/servers/5b256bda-b9e9-47f4-9fbe-20e260dc75a8 0.917s
2024-08-30 23:29:54.922 62699 INFO tempest.lib.common.rest_client [req-2aef997d-ea93-4048-8c5a-9af3dc6a8e54 req-2aef997d-ea93-4048-8c5a-9af3dc6a8e54 ] Request (SecurityGroupRulesNegativeTestJSON:setUpClass): 201 POST http://10.180.1.21:9696/networking/v2.0/networks 0.417s
2024-08-30 23:29:54.929 62697 INFO tempest.lib.common.rest_client [req-ac1a5f84-4081-47a9-9af2-75becd89ab91 req-ac1a5f84-4081-47a9-9af2-75becd89ab91 ] Request (ServerPasswordTestJSON:tearDownClass): 200 GET http://10.180.1.21/compute/v2.1/servers/83d6cb88-cbff-48a4-9ce9-d14cb7b38b2a 1.021s
2024-08-30 23:29:54.931 62665 INFO tempest.lib.common.rest_client [req-f72b1f36-fd60-49de-a567-1b11e7e5a549 req-f72b1f36-fd60-49de-a567-1b11e7e5a549 ] Request (ServerActionsV293TestJSON:setUpClass): 200 PUT http://10.180.1.21:9696/networking/v2.0/floatingips/2f587fd8-4ad7-4908-9fbb-2e6721a43b59 0.686s
2024-08-30 23:29:54.987 62701 INFO tempest.lib.common.rest_client [req-a884acfd-08da-42dc-8e2a-4d832ddbb3f1 req-a884acfd-08da-42dc-8e2a-4d832ddbb3f1 ] Request (ServerShowV247Test:test_update_rebuild_list_server): 200 GET http://10.180.1.21/compute/v2.1/servers/25cfd257-747f-4551-9cbd-8596bb3a6400 1.052s
2024-08-30 23:29:55.037 62681 INFO tempest.lib.common.rest_client [req-c26cf779-e7fe-4fda-a2f7-452adda68afc req-c26cf779-e7fe-4fda-a2f7-452adda68afc ] Request (QuotaClassesAdmin257Test:_run_cleanups): 200 PUT http://10.180.1.21/compute/v2.1/os-quota-class-sets/default 1.097s
2024-08-30 23:29:55.071 62679 INFO tempest.lib.common.rest_client [req-28993d4d-fc07-49f8-8bd3-34d4b0fac9f4 req-28993d4d-fc07-49f8-8bd3-34d4b0fac9f4 ] Request (ServersAdmin275Test:test_rebuild_update_server_275): 202 POST http://10.180.1.21/compute/v2.1/servers/78fd25f8-8e3c-4e4c-b811-b97b60658e33/action 1.457s
2024-08-30 23:29:55.135 62673 INFO tempest.lib.common.rest_client [req-2238eab3-13f7-4424-bfad-535b73865ddb req-2238eab3-13f7-4424-bfad-535b73865ddb ] Request (ServerMetadataNegativeTestJSON:setUpClass): 200 GET http://10.180.1.21/compute/v2.1/servers/89c70d54-7e8a-40b1-9be3-a16a43661d91 0.642s
2024-08-30 23:29:55.149 62699 INFO tempest.lib.common.rest_client [req-7bb0565a-2033-4925-83b1-de93407b0902 req-7bb0565a-2033-4925-83b1-de93407b0902 ] Request (SecurityGroupRulesNegativeTestJSON:setUpClass): 201 POST http://10.180.1.21:9696/networking/v2.0/subnets 0.226s
2024-08-30 23:29:55.188 62681 INFO tempest.lib.common.rest_client [req-5b63fa8a-c3d7-4763-8f6f-663a80629664 req-5b63fa8a-c3d7-4763-8f6f-663a80629664 ] Request (QuotaClassesAdmin257Test:tearDownClass): 204 DELETE http://10.180.1.21/identity/v3/users/fed6c640119d4031adc1b2b54f4dbefb 0.147s
2024-08-30 23:29:55.219 62651 INFO tempest.lib.common.rest_client [req-ba8e7a1e-4f52-4228-93f3-7b359a64aaaf req-ba8e7a1e-4f52-4228-93f3-7b359a64aaaf ] Request (QuotasAdminTestV257:test_get_updated_quotas): 200 GET http://10.180.1.21/identity/v3/domains?name=Default 0.159s
2024-08-30 23:29:55.236 62647 INFO tempest.lib.common.rest_client [req-24823324-2aea-4998-905a-fa1a31b311ea req-24823324-2aea-4998-905a-fa1a31b311ea ] Request (ServerExternalEventsTest:tearDownClass): 200 GET http://10.180.1.21/compute/v2.1/servers/e4e6dd9f-c583-4e24-bbaf-e82a2fc36c5c 0.717s
2024-08-30 23:29:55.260 62659 INFO tempest.lib.common.rest_client [req-b2b6dde3-d80c-48af-80d4-cdf51902cf8a req-b2b6dde3-d80c-48af-80d4-cdf51902cf8a ] Request (FlavorsAdminTestJSON:test_is_public_string_variations): 200 GET http://10.180.1.21/compute/v2.1/flavors/detail?is_public=t 0.726s
2024-08-30 23:29:55.346 62681 INFO tempest.lib.common.rest_client [req-1f438516-3ffc-4324-9343-630900ed2970 req-1f438516-3ffc-4324-9343-630900ed2970 ] Request (QuotaClassesAdmin257Test:tearDownClass): 204 DELETE http://10.180.1.21/identity/v3/users/8311245b297247b68c3ddf6479c9fde9 0.157s
2024-08-30 23:29:55.346 62681 INFO tempest.lib.common.dynamic_creds [-] Deleting project and security group for project: 3c6e5e2d9b2e4f9e94743dad8acfa30c
2024-08-30 23:29:55.424 62655 INFO tempest.lib.common.rest_client [req-f65b834c-8fcc-488d-8151-dd6949264bf3 req-f65b834c-8fcc-488d-8151-dd6949264bf3 ] Request (SecurityGroupsTestJSON:test_security_groups_create_list_delete): 200 POST http://10.180.1.21/compute/v2.1/os-security-groups 0.788s
2024-08-30 23:29:55.500 62677 INFO tempest.lib.common.rest_client [req-5e20891a-62b8-4fca-a742-30aee4188452 req-5e20891a-62b8-4fca-a742-30aee4188452 ] Request (InstanceActionsNegativeTestJSON:setUpClass): 200 GET http://10.180.1.21/compute/v2.1/servers/b9bf2f3f-207b-443e-8621-1337b46f0739 0.826s
2024-08-30 23:29:55.526 62681 INFO tempest.lib.common.rest_client [req-4163bd2a-480a-4846-b866-56b365e819a1 req-4163bd2a-480a-4846-b866-56b365e819a1 ] Request (QuotaClassesAdmin257Test:tearDownClass): 201 POST http://10.180.1.21/identity/v3/auth/tokens 0.179s
2024-08-30 23:29:55.543 62645 INFO tempest.lib.common.rest_client [req-90d9c649-f44f-438f-8e0b-ff8eebb1e39b req-90d9c649-f44f-438f-8e0b-ff8eebb1e39b ] Request (AggregatesAdminNegativeTestJSON:_run_cleanups): 200 POST http://10.180.1.21/compute/v2.1/os-aggregates/7/action 1.161s
2024-08-30 23:29:55.561 62651 INFO tempest.lib.common.rest_client [req-99c1296c-1a44-4830-9e19-e5b9d0a05dea req-99c1296c-1a44-4830-9e19-e5b9d0a05dea ] Request (QuotasAdminTestV257:test_get_updated_quotas): 201 POST http://10.180.1.21/identity/v3/projects 0.341s
2024-08-30 23:29:55.589 62705 INFO tempest.lib.common.rest_client [req-1096b3ee-3ec1-4cb9-a299-18cf17d5f9c1 req-1096b3ee-3ec1-4cb9-a299-18cf17d5f9c1 ] Request (ServerActionsTestOtherA:setUpClass): 200 GET http://10.180.1.21/compute/v2.1/servers/9791dbf3-e683-4f58-a953-5505be8f8ed2 0.859s
2024-08-30 23:29:55.621 62651 INFO tempest.lib.common.rest_client [req-e01404f0-fc63-4bc3-b17a-072b48d698dc req-e01404f0-fc63-4bc3-b17a-072b48d698dc ] Request (QuotasAdminTestV257:test_get_updated_quotas): 200 GET http://10.180.1.21/identity/v3/domains?name=Default 0.060s
2024-08-30 23:29:55.662 62693 INFO tempest.lib.common.rest_client [req-bb6b9e7a-0837-4658-8008-0d597d09907f req-bb6b9e7a-0837-4658-8008-0d597d09907f ] Request (DeleteServersAdminTestJSON:test_delete_server_while_in_error_state): 200 GET http://10.180.1.21/compute/v2.1/servers/206cbb28-a3e7-4c91-9693-60f9f8e20e44 0.915s
2024-08-30 23:29:55.728 62675 INFO tempest.lib.common.rest_client [req-8f7c9fea-851a-41bc-9ac6-4e7dc6c9d31b req-8f7c9fea-851a-41bc-9ac6-4e7dc6c9d31b ] Request (ServerShowV257Test:test_rebuild_server): 200 GET http://10.180.1.21/compute/v2.1/servers/e2675b0e-1904-4b80-86db-d443d4c92ff1 0.908s
2024-08-30 23:29:55.962 62681 INFO tempest.lib.common.rest_client [req-58a4bd90-6317-4988-bd48-33d11ede1629 req-58a4bd90-6317-4988-bd48-33d11ede1629 ] Request (QuotaClassesAdmin257Test:tearDownClass): 200 GET http://10.180.1.21:9696/networking/v2.0/security-groups?tenant_id=3c6e5e2d9b2e4f9e94743dad8acfa30c&name=default 0.435s
2024-08-30 23:29:55.964 62665 INFO tempest.lib.common.rest_client [req-c0ba779c-b57a-4f92-b5d9-e6597db73efb req-c0ba779c-b57a-4f92-b5d9-e6597db73efb ] Request (ServerActionsV293TestJSON:test_rebuild_volume_backed_server): 200 GET http://10.180.1.21/compute/v2.1/servers/09168014-be26-4795-a780-cbf351d5ba23 1.029s
2024-08-30 23:29:56.013 62665 INFO tempest.lib.common.rest_client [req-d1a6f211-e875-497f-b193-d8b5424df7ea req-d1a6f211-e875-497f-b193-d8b5424df7ea ] Request (ServerActionsV293TestJSON:test_rebuild_volume_backed_server): 200 GET http://10.180.1.21/volume/v3/cfbfe129a00d42b2ab60405b829574c3/volumes/06c3850f-92e0-406e-aed2-b52df3f130f3 0.032s
2024-08-30 23:29:56.021 62665 INFO tempest.lib.common.ssh [-] Creating ssh connection to '10.180.180.225:22' as 'cirros' with public key authentication
2024-08-30 23:29:56.026 62683 INFO tempest.lib.common.rest_client [req-c5102bfd-116b-4a10-a4b6-e24c569a9f40 req-c5102bfd-116b-4a10-a4b6-e24c569a9f40 ] Request (ServersAdminTestJSON:setUpClass): 200 GET http://10.180.1.21/compute/v2.1/servers/c306e9de-46ac-4518-a02b-c34f9325c4f0 1.040s
2024-08-30 23:29:56.067 62653 INFO tempest.lib.common.rest_client [req-47cf7320-008c-409d-866b-f714a12676a5 req-47cf7320-008c-409d-866b-f714a12676a5 ] Request (ServerActionsTestJSON:setUpClass): 202 POST http://10.180.1.21/compute/v2.1/servers 1.328s
2024-08-30 23:29:56.070 62699 INFO tempest.lib.common.rest_client [req-6d70c6d1-6f5f-44ba-8057-710e98aa46d7 req-6d70c6d1-6f5f-44ba-8057-710e98aa46d7 ] Request (SecurityGroupRulesNegativeTestJSON:setUpClass): 201 POST http://10.180.1.21:9696/networking/v2.0/routers 0.920s
2024-08-30 23:29:56.134 62681 INFO tempest.lib.common.rest_client [req-b7af83a2-1a40-4780-851f-d6847b66820c req-b7af83a2-1a40-4780-851f-d6847b66820c ] Request (QuotaClassesAdmin257Test:tearDownClass): 204 DELETE http://10.180.1.21:9696/networking/v2.0/security-groups/e3674fc8-d571-490f-9e43-30047d653382 0.172s
2024-08-30 23:29:56.135 62679 INFO tempest.lib.common.rest_client [req-9fa01980-378a-46f3-b194-d7fa6a84adc1 req-9fa01980-378a-46f3-b194-d7fa6a84adc1 ] Request (ServersAdmin275Test:_run_cleanups): 200 GET http://10.180.1.21/compute/v2.1/servers/78fd25f8-8e3c-4e4c-b811-b97b60658e33 1.046s
2024-08-30 23:29:56.153 62659 INFO tempest.lib.common.rest_client [req-8fe8bf0c-959f-49d1-9fbd-2a80abcd2ac1 req-8fe8bf0c-959f-49d1-9fbd-2a80abcd2ac1 ] Request (FlavorsAdminTestJSON:test_is_public_string_variations): 200 GET http://10.180.1.21/compute/v2.1/flavors/detail?is_public=true 0.889s
2024-08-30 23:29:56.205 62681 INFO tempest.lib.common.rest_client [req-2c4d4639-25e9-4fcd-af63-788f37c14cd6 req-2c4d4639-25e9-4fcd-af63-788f37c14cd6 ] Request (QuotaClassesAdmin257Test:tearDownClass): 204 DELETE http://10.180.1.21/identity/v3/projects/3c6e5e2d9b2e4f9e94743dad8acfa30c 0.070s
2024-08-30 23:29:56.205 62681 INFO tempest.lib.common.dynamic_creds [-] Deleting project and security group for project: f680604721f64825bf231f9aaf527b9d
2024-08-30 23:29:56.216 62689 INFO tempest.lib.common.rest_client [req-da2657fd-eafe-494f-b4a0-b276276abbe1 req-da2657fd-eafe-494f-b4a0-b276276abbe1 ] Request (ServersAdminNegativeTestJSON:test_migrate_server_invalid_state): 200 GET http://10.180.1.21/compute/v2.1/servers/9fb0c690-6690-491f-aac9-7ab46a92abdf 0.892s
2024-08-30 23:29:56.228 62661 INFO tempest.lib.common.rest_client [req-2de9614b-3f00-46e6-ab1d-1a8acc1fad50 req-2de9614b-3f00-46e6-ab1d-1a8acc1fad50 ] Request (MigrationsAdminTest:test_list_migrations_in_flavor_resize_situation): 200 GET http://10.180.1.21/compute/v2.1/servers/b8417f67-e047-4a5f-b1f2-b8c3029c3dfa 1.072s
2024-08-30 23:29:56.306 62695 INFO tempest.lib.common.rest_client [req-1235c52f-8edf-4318-9134-1981b8c7105c req-1235c52f-8edf-4318-9134-1981b8c7105c ] Request (ServersTestFqdnHostnames:test_create_server_with_fqdn_name): 200 GET http://10.180.1.21/compute/v2.1/servers/f8983202-85ed-47f8-9223-158541b4af49 0.924s
2024-08-30 23:29:56.373 62691 INFO tempest.lib.common.rest_client [req-d76a41f0-6034-4510-8ab1-3a50b0b2e791 req-d76a41f0-6034-4510-8ab1-3a50b0b2e791 ] Request (ListServersNegativeTestJSON:setUpClass): 200 GET http://10.180.1.21/compute/v2.1/servers/1c5f5b5c-f6d7-4798-a85f-5824cd60f4bd 0.923s
2024-08-30 23:29:56.421 62681 INFO tempest.lib.common.rest_client [req-6411e806-8e68-4e9d-bac0-2b241f669f8a req-6411e806-8e68-4e9d-bac0-2b241f669f8a ] Request (QuotaClassesAdmin257Test:tearDownClass): 200 GET http://10.180.1.21:9696/networking/v2.0/security-groups?tenant_id=f680604721f64825bf231f9aaf527b9d&name=default 0.215s
2024-08-30 23:29:56.421 62655 INFO tempest.lib.common.rest_client [req-eb548dc8-c284-4ba9-bae4-c5e5edcaa26c req-eb548dc8-c284-4ba9-bae4-c5e5edcaa26c ] Request (SecurityGroupsTestJSON:test_security_groups_create_list_delete): 200 POST http://10.180.1.21/compute/v2.1/os-security-groups 0.993s
2024-08-30 23:29:56.449 62645 INFO tempest.lib.common.rest_client [req-3d745677-3815-47d4-8a6b-fb3d36658a44 req-3d745677-3815-47d4-8a6b-fb3d36658a44 ] Request (AggregatesAdminNegativeTestJSON:_run_cleanups): 200 DELETE http://10.180.1.21/compute/v2.1/os-aggregates/7 0.905s
2024-08-30 23:29:56.459 62669 INFO tempest.lib.common.rest_client [req-6e0a5a8b-4545-4bf8-9256-fd6fd0b35301 req-6e0a5a8b-4545-4bf8-9256-fd6fd0b35301 ] Request (AttachInterfacesV270Test:test_create_get_list_interfaces): 200 GET http://10.180.1.21/compute/v2.1/servers/bab50898-96b1-444f-af09-08bb6c669155 0.924s
2024-08-30 23:29:56.510 62671 INFO tempest.lib.common.rest_client [req-441082dd-4742-4259-bd6f-49e30330dd3f req-441082dd-4742-4259-bd6f-49e30330dd3f ] Request (FloatingIPsAssociationTestJSON:test_associate_already_associated_floating_ip): 200 GET http://10.180.1.21/compute/v2.1/servers/f04f4bb0-ba01-49d9-ba49-c72a48f1e7bb 0.950s
2024-08-30 23:29:56.510 62688 INFO tempest.lib.common.rest_client [req-d5e7e5e4-5f6c-4517-b5ad-d163ab60a506 req-d5e7e5e4-5f6c-4517-b5ad-d163ab60a506 ] Request (ServersTestBootFromVolume:setUpClass): 200 GET http://10.180.1.21/compute/v2.1/servers/10c0f8ae-e35c-457d-a9b2-0a98f99be542 0.899s
2024-08-30 23:29:56.579 62663 INFO tempest.lib.common.rest_client [req-bc97ff36-b65b-4099-a539-33644a245e7f req-bc97ff36-b65b-4099-a539-33644a245e7f ] Request (ServerDiagnosticsTest:test_get_server_diagnostics): 200 GET http://10.180.1.21/compute/v2.1/servers/2ae9e9c6-8eb7-4bb9-81f2-1bafbaa498e5 0.947s
2024-08-30 23:29:56.642 62649 INFO tempest.lib.common.rest_client [req-5a8c6713-6356-452d-a07b-afde73f1887b req-5a8c6713-6356-452d-a07b-afde73f1887b ] Request (ServersTestJSON:setUpClass): 200 GET http://10.180.1.21/compute/v2.1/servers/d53b4dea-c5f3-4787-9b0e-0835ee59d1f4 0.940s
2024-08-30 23:29:56.649 62681 INFO tempest.lib.common.rest_client [req-c07d577b-283c-47bc-9f94-55c3cb2bb4be req-c07d577b-283c-47bc-9f94-55c3cb2bb4be ] Request (QuotaClassesAdmin257Test:tearDownClass): 204 DELETE http://10.180.1.21:9696/networking/v2.0/security-groups/1dfe1e15-1e76-449b-876e-f92b0276f2a5 0.228s
2024-08-30 23:29:56.710 62667 INFO tempest.lib.common.rest_client [req-a5dec764-24fb-455b-9e53-0bdbc2b9f296 req-a5dec764-24fb-455b-9e53-0bdbc2b9f296 ] Request (TenantUsagesTestJSON:tearDownClass): 200 GET http://10.180.1.21/compute/v2.1/servers/ffe9d6c9-c232-47e8-b5c8-05db38d13811 0.945s
2024-08-30 23:29:56.763 62681 INFO tempest.lib.common.rest_client [req-c78131f3-6b17-4bfe-99b8-8ce87c6d1cdb req-c78131f3-6b17-4bfe-99b8-8ce87c6d1cdb ] Request (QuotaClassesAdmin257Test:tearDownClass): 204 DELETE http://10.180.1.21/identity/v3/projects/f680604721f64825bf231f9aaf527b9d 0.113s
2024-08-30 23:29:56.778 62651 INFO tempest.lib.common.rest_client [req-e40b0a19-5c0a-4373-b821-832f42f7ebf5 req-e40b0a19-5c0a-4373-b821-832f42f7ebf5 ] Request (QuotasAdminTestV257:test_get_updated_quotas): 200 PUT http://10.180.1.21/compute/v2.1/os-quota-sets/46c33dfb2e294ae28ca6f7cdb6491b49 1.156s
2024-08-30 23:29:56.789 62657 INFO tempest.lib.common.rest_client [req-a958074a-d4c3-4ffb-a03a-a64569a26421 req-a958074a-d4c3-4ffb-a03a-a64569a26421 ] Request (ServerDiagnosticsV248Test:test_get_server_diagnostics): 200 GET http://10.180.1.21/compute/v2.1/servers/5b256bda-b9e9-47f4-9fbe-20e260dc75a8 0.967s
2024-08-30 23:29:56.831 62681 INFO tempest.lib.common.rest_client [req-2a56d853-812a-474f-8aa6-9d7002a1724e req-2a56d853-812a-474f-8aa6-9d7002a1724e ] Request (ImagesTestJSON:setUpClass): 201 POST http://10.180.1.21/identity/v3/auth/tokens 0.067s
2024-08-30 23:29:56.839 62697 INFO tempest.lib.common.rest_client [req-3e20b51e-f59d-4b9e-803a-5057f6776b56 req-3e20b51e-f59d-4b9e-803a-5057f6776b56 ] Request (ServerPasswordTestJSON:tearDownClass): 200 GET http://10.180.1.21/compute/v2.1/servers/83d6cb88-cbff-48a4-9ce9-d14cb7b38b2a 0.897s
2024-08-30 23:29:56.849 62701 INFO tempest.lib.common.rest_client [req-8d0226da-deda-4b0b-aad5-9209a231c7d5 req-8d0226da-deda-4b0b-aad5-9209a231c7d5 ] Request (ServerShowV247Test:test_update_rebuild_list_server): 200 GET http://10.180.1.21/compute/v2.1/servers/25cfd257-747f-4551-9cbd-8596bb3a6400 0.853s
2024-08-30 23:29:56.861 62701 INFO tempest.common.waiters [-] State transition "REBUILD/rebuilding" ==> "REBUILD/rebuild_spawning" after 2 second wait
2024-08-30 23:29:56.863 62681 INFO tempest.lib.common.rest_client [req-d7c5f815-14f0-4f18-860f-af620a4a5f05 req-d7c5f815-14f0-4f18-860f-af620a4a5f05 ] Request (ImagesTestJSON:setUpClass): 201 POST http://10.180.1.21/identity/v3/auth/tokens 0.030s
2024-08-30 23:29:56.884 62681 INFO tempest.lib.common.rest_client [req-fe7ecdd7-b712-4743-88bf-d461e5d86245 req-fe7ecdd7-b712-4743-88bf-d461e5d86245 ] Request (ImagesTestJSON:setUpClass): 200 GET http://10.180.1.21/identity/v3/domains?name=Default 0.020s
2024-08-30 23:29:56.894 62653 INFO tempest.lib.common.rest_client [req-aa15d1a5-a6e8-4af2-b03c-61a0ca2b586f req-aa15d1a5-a6e8-4af2-b03c-61a0ca2b586f ] Request (ServerActionsTestJSON:setUpClass): 200 GET http://10.180.1.21/compute/v2.1/servers/23989fe1-1099-4fa0-a005-6880bd6bea98 0.825s
2024-08-30 23:29:56.896 62673 INFO tempest.lib.common.rest_client [req-33022684-2472-4310-b061-c1021c98e76d req-33022684-2472-4310-b061-c1021c98e76d ] Request (ServerMetadataNegativeTestJSON:setUpClass): 200 GET http://10.180.1.21/compute/v2.1/servers/89c70d54-7e8a-40b1-9be3-a16a43661d91 0.749s
2024-08-30 23:29:56.910 62681 INFO tempest.lib.common.rest_client [req-229a2eb2-a7fb-4df6-870f-21c3d2637cad req-229a2eb2-a7fb-4df6-870f-21c3d2637cad ] Request (ImagesTestJSON:setUpClass): 201 POST http://10.180.1.21/identity/v3/projects 0.025s
2024-08-30 23:29:56.911 62659 INFO tempest.lib.common.rest_client [req-7b5b8fba-a1e3-4530-b886-7b885004e521 req-7b5b8fba-a1e3-4530-b886-7b885004e521 ] Request (FlavorsAdminTestJSON:test_is_public_string_variations): 200 GET http://10.180.1.21/compute/v2.1/flavors/detail?is_public=yes 0.753s
2024-08-30 23:29:56.971 62647 INFO tempest.lib.common.rest_client [req-125718b9-259d-4bbb-9cd9-524ec6b349f1 req-125718b9-259d-4bbb-9cd9-524ec6b349f1 ] Request (ServerExternalEventsTest:tearDownClass): 200 GET http://10.180.1.21/compute/v2.1/servers/e4e6dd9f-c583-4e24-bbaf-e82a2fc36c5c 0.719s
2024-08-30 23:29:56.980 62681 INFO tempest.lib.common.rest_client [req-35bac905-cc72-49ac-9641-d8f1bf6e0b73 req-35bac905-cc72-49ac-9641-d8f1bf6e0b73 ] Request (ImagesTestJSON:setUpClass): 201 POST http://10.180.1.21/identity/v3/users 0.069s
2024-08-30 23:29:56.994 62645 INFO tempest.lib.common.rest_client [req-506d71f2-be80-43b1-a51f-eafacca89c14 req-506d71f2-be80-43b1-a51f-eafacca89c14 ] Request (AggregatesAdminNegativeTestJSON:test_aggregate_remove_nonexistent_host): 200 POST http://10.180.1.21/compute/v2.1/os-aggregates 0.543s
2024-08-30 23:29:57.005 62681 INFO tempest.lib.common.rest_client [req-0c5ea534-e747-486e-8153-75dbdf5a4381 req-0c5ea534-e747-486e-8153-75dbdf5a4381 ] Request (ImagesTestJSON:setUpClass): 200 GET http://10.180.1.21/identity/v3/roles 0.025s
2024-08-30 23:29:57.035 62681 INFO tempest.lib.common.rest_client [req-ccde86e1-6282-4608-bc4d-dd1280c2f7d1 req-ccde86e1-6282-4608-bc4d-dd1280c2f7d1 ] Request (ImagesTestJSON:setUpClass): 204 PUT http://10.180.1.21/identity/v3/projects/a5065ab1726c4544baba51b0df7b2dba/users/17ed819a8c384047a76ed0a91c1cc4e5/roles/385eae4c3cda4f4dbdf0786fd097b2bd 0.030s
2024-08-30 23:29:57.036 62681 INFO tempest.lib.common.dynamic_creds [-] Dynamic test user 17ed819a8c384047a76ed0a91c1cc4e5 is created with scope project and roles: ['member']
2024-08-30 23:29:57.036 62681 INFO tempest.lib.common.dynamic_creds [-] Acquired dynamic creds: credentials: Credentials: {'domain_id': 'default', 'domain_name': 'Default', 'username': 'tempest-ImagesTestJSON-1432097026-project-member', 'project_domain_id': 'default', 'project_domain_name': 'Default', 'project_id': 'a5065ab1726c4544baba51b0df7b2dba', 'project_name': 'tempest-ImagesTestJSON-1432097026', 'tenant_id': 'a5065ab1726c4544baba51b0df7b2dba', 'tenant_name': 'tempest-ImagesTestJSON-1432097026', 'user_domain_id': 'default', 'user_domain_name': 'Default', 'user_id': '17ed819a8c384047a76ed0a91c1cc4e5', 'system': None}, Network: None, Subnet: None, Router: None
2024-08-30 23:29:57.040 62655 INFO tempest.lib.common.rest_client [req-90de55cc-370b-4489-b358-aa2026b78601 req-90de55cc-370b-4489-b358-aa2026b78601 ] Request (SecurityGroupsTestJSON:test_security_groups_create_list_delete): 200 POST http://10.180.1.21/compute/v2.1/os-security-groups 0.614s
2024-08-30 23:29:57.054 62677 INFO tempest.lib.common.rest_client [req-bb5c8695-994b-4f79-a0e6-e0a65eb8f9f1 req-bb5c8695-994b-4f79-a0e6-e0a65eb8f9f1 ] Request (InstanceActionsNegativeTestJSON:setUpClass): 200 GET http://10.180.1.21/compute/v2.1/servers/b9bf2f3f-207b-443e-8621-1337b46f0739 0.545s
2024-08-30 23:29:57.093 62705 INFO tempest.lib.common.rest_client [req-d9789502-34d6-4145-9f2f-ead5c7bdf038 req-d9789502-34d6-4145-9f2f-ead5c7bdf038 ] Request (ServerActionsTestOtherA:setUpClass): 200 GET http://10.180.1.21/compute/v2.1/servers/9791dbf3-e683-4f58-a953-5505be8f8ed2 0.497s
2024-08-30 23:29:57.094 62681 INFO tempest.lib.common.rest_client [req-a4006b60-02bb-4d44-8eb9-6f22406869db req-a4006b60-02bb-4d44-8eb9-6f22406869db ] Request (ImagesTestJSON:setUpClass): 201 POST http://10.180.1.21/identity/v3/auth/tokens 0.058s
2024-08-30 23:29:57.111 62693 INFO tempest.lib.common.rest_client [req-a635331e-381f-46aa-b9e0-a591ed90079b req-a635331e-381f-46aa-b9e0-a591ed90079b ] Request (DeleteServersAdminTestJSON:test_delete_server_while_in_error_state): 200 GET http://10.180.1.21/compute/v2.1/servers/206cbb28-a3e7-4c91-9693-60f9f8e20e44 0.432s
2024-08-30 23:29:57.156 62675 INFO tempest.lib.common.rest_client [req-9ed96b6a-cdc7-4917-a90b-b2ad184dc3d1 req-9ed96b6a-cdc7-4917-a90b-b2ad184dc3d1 ] Request (ServerShowV257Test:test_rebuild_server): 200 GET http://10.180.1.21/compute/v2.1/servers/e2675b0e-1904-4b80-86db-d443d4c92ff1 0.419s
2024-08-30 23:29:57.169 62659 INFO tempest.lib.common.rest_client [req-a4d25d83-8780-4862-9ca4-1853720248c9 req-a4d25d83-8780-4862-9ca4-1853720248c9 ] Request (FlavorsAdminTestJSON:test_is_public_string_variations): 200 GET http://10.180.1.21/compute/v2.1/flavors/detail?is_public=1 0.252s
2024-08-30 23:29:57.190 62699 INFO tempest.lib.common.rest_client [req-0bd24014-09c2-4f72-9b07-d168c868b5f1 req-0bd24014-09c2-4f72-9b07-d168c868b5f1 ] Request (SecurityGroupRulesNegativeTestJSON:setUpClass): 200 PUT http://10.180.1.21:9696/networking/v2.0/routers/0cfdae1d-ece9-4d57-92b5-766cfbc18f15/add_router_interface 1.119s
2024-08-30 23:29:57.190 62699 INFO tempest.lib.common.dynamic_creds [-] Created isolated network resources for: credentials: Credentials: {'domain_id': 'default', 'domain_name': 'Default', 'username': 'tempest-SecurityGroupRulesNegativeTestJSON-1565030293-project-member', 'project_domain_id': 'default', 'project_domain_name': 'Default', 'project_id': 'a4f062c7cb2a4109b6aced8f1dd57539', 'project_name': 'tempest-SecurityGroupRulesNegativeTestJSON-1565030293', 'tenant_id': 'a4f062c7cb2a4109b6aced8f1dd57539', 'tenant_name': 'tempest-SecurityGroupRulesNegativeTestJSON-1565030293', 'user_domain_id': 'default', 'user_domain_name': 'Default', 'user_id': 'eeb4d3433fc84d36a0b115f043b691ec', 'system': None}, Network: {'id': 'cdd5a655-c686-4147-a07a-12ac70b1296d', 'name': 'tempest-SecurityGroupRulesNegativeTestJSON-322229140-network', 'tenant_id': 'a4f062c7cb2a4109b6aced8f1dd57539', 'admin_state_up': True, 'mtu': 8950, 'status': 'ACTIVE', 'subnets': [], 'shared': False, 'project_id': 'a4f062c7cb2a4109b6aced8f1dd57539', 'port_security_enabled': True, 'router:external': False, 'provider:network_type': 'vlan', 'provider:physical_network': 'default', 'provider:segmentation_id': 713, 'is_default': False, 'availability_zone_hints': [], 'availability_zones': [], 'ipv4_address_scope': None, 'ipv6_address_scope': None, 'description': '', 'tags': [], 'created_at': '2024-08-30T23:29:54Z', 'updated_at': '2024-08-30T23:29:54Z', 'revision_number': 1}, Subnet: {'id': 'b865689e-cf35-4bc6-8fcf-428a0d235f95', 'name': 'tempest-SecurityGroupRulesNegativeTestJSON-322229140-subnet', 'tenant_id': 'a4f062c7cb2a4109b6aced8f1dd57539', 'network_id': 'cdd5a655-c686-4147-a07a-12ac70b1296d', 'ip_version': 4, 'subnetpool_id': None, 'enable_dhcp': True, 'ipv6_ra_mode': None, 'ipv6_address_mode': None, 'gateway_ip': '192.168.128.1', 'cidr': '192.168.128.0/28', 'allocation_pools': [{'start': '192.168.128.2', 'end': '192.168.128.14'}], 'host_routes': [], 'dns_nameservers': [], 'description': '', 'router:external': False, 'service_types': [], 'tags': [], 'created_at': '2024-08-30T23:29:55Z', 'updated_at': '2024-08-30T23:29:55Z', 'revision_number': 0, 'project_id': 'a4f062c7cb2a4109b6aced8f1dd57539'}, Router: {'id': '0cfdae1d-ece9-4d57-92b5-766cfbc18f15', 'name': 'tempest-SecurityGroupRulesNegativeTestJSON-322229140-router', 'tenant_id': 'a4f062c7cb2a4109b6aced8f1dd57539', 'admin_state_up': True, 'status': 'ACTIVE', 'external_gateway_info': {'network_id': 'f3dd8165-3eef-4c2e-b6ab-5b4143ad2f1b', 'external_fixed_ips': [{'subnet_id': '26fa452c-15c6-42b6-a888-4cfa1273bdea', 'ip_address': '10.180.180.180'}], 'enable_snat': True}, 'description': '', 'availability_zones': [], 'distributed': False, 'ha': False, 'availability_zone_hints': [], 'routes': [], 'flavor_id': None, 'tags': [], 'created_at': '2024-08-30T23:29:55Z', 'updated_at': '2024-08-30T23:29:55Z', 'revision_number': 2, 'project_id': 'a4f062c7cb2a4109b6aced8f1dd57539'}
2024-08-30 23:29:57.208 62645 INFO tempest.lib.common.rest_client [req-724ef31d-8f5d-4d0e-a3ff-73902f1db8ce req-724ef31d-8f5d-4d0e-a3ff-73902f1db8ce ] Request (AggregatesAdminNegativeTestJSON:test_aggregate_remove_nonexistent_host): 404 POST http://10.180.1.21/compute/v2.1/os-aggregates/8/action 0.210s
2024-08-30 23:29:57.275 62683 INFO tempest.lib.common.rest_client [req-401c1425-96bf-4e8f-938e-ba8a5477fff9 req-401c1425-96bf-4e8f-938e-ba8a5477fff9 ] Request (ServersAdminTestJSON:setUpClass): 200 GET http://10.180.1.21/compute/v2.1/servers/c306e9de-46ac-4518-a02b-c34f9325c4f0 0.241s
2024-08-30 23:29:57.299 62651 INFO tempest.lib.common.rest_client [req-dd4ce46b-ec34-4562-b384-86f0ff8d08b9 req-dd4ce46b-ec34-4562-b384-86f0ff8d08b9 ] Request (QuotasAdminTestV257:test_get_updated_quotas): 200 GET http://10.180.1.21/compute/v2.1/os-quota-sets/46c33dfb2e294ae28ca6f7cdb6491b49/detail 0.519s
2024-08-30 23:29:57.313 62699 INFO tempest.lib.common.rest_client [req-3cbdb8ea-c851-44bc-a73f-43acb1f1d1e7 req-3cbdb8ea-c851-44bc-a73f-43acb1f1d1e7 ] Request (SecurityGroupRulesNegativeTestJSON:setUpClass): 201 POST http://10.180.1.21/identity/v3/auth/tokens 0.120s
2024-08-30 23:29:57.332 62651 INFO tempest.lib.common.rest_client [req-891210c3-1eef-4193-ab28-c7dddef5b76c req-891210c3-1eef-4193-ab28-c7dddef5b76c ] Request (QuotasAdminTestV257:test_get_updated_quotas): 200 GET http://10.180.1.21/identity/v3/domains?name=Default 0.030s
2024-08-30 23:29:57.376 62651 INFO tempest.lib.common.rest_client [req-61acaafe-ab4a-40b4-b0ab-8ac65d6a0c6d req-61acaafe-ab4a-40b4-b0ab-8ac65d6a0c6d ] Request (QuotasAdminTestV257:test_get_updated_quotas): 201 POST http://10.180.1.21/identity/v3/users 0.043s
2024-08-30 23:29:57.402 62679 INFO tempest.lib.common.rest_client [req-ef9629fb-e1be-4340-8c05-0dca372f9d2f req-ef9629fb-e1be-4340-8c05-0dca372f9d2f ] Request (ServersAdmin275Test:_run_cleanups): 200 GET http://10.180.1.21/compute/v2.1/servers/78fd25f8-8e3c-4e4c-b811-b97b60658e33 0.254s
2024-08-30 23:29:57.413 62651 INFO tempest.lib.common.rest_client [req-dcdce759-b7e2-4bad-b3d4-e4db29dfa055 req-dcdce759-b7e2-4bad-b3d4-e4db29dfa055 ] Request (QuotasAdminTestV257:test_get_updated_quotas): 200 GET http://10.180.1.21/identity/v3/domains?name=Default 0.036s
2024-08-30 23:29:57.416 62679 INFO tempest.common.waiters [-] State transition "REBUILD/rebuilding" ==> "REBUILD/rebuild_block_device_mapping" after 1 second wait
2024-08-30 23:29:57.416 62659 INFO tempest.lib.common.rest_client [req-cbc809d9-9874-4de2-9900-559c093fbc8a req-cbc809d9-9874-4de2-9900-559c093fbc8a ] Request (FlavorsAdminTestJSON:_run_cleanups): 202 DELETE http://10.180.1.21/compute/v2.1/flavors/2036399400 0.241s
2024-08-30 23:29:57.435 62645 INFO tempest.lib.common.rest_client [req-0244d3d6-6c87-4ecb-b586-a60380380a2c req-0244d3d6-6c87-4ecb-b586-a60380380a2c ] Request (AggregatesAdminNegativeTestJSON:_run_cleanups): 200 DELETE http://10.180.1.21/compute/v2.1/os-aggregates/8 0.227s
2024-08-30 23:29:57.495 62689 INFO tempest.lib.common.rest_client [req-e4308128-678b-4865-8fd2-62a13e0bc4bd req-e4308128-678b-4865-8fd2-62a13e0bc4bd ] Request (ServersAdminNegativeTestJSON:test_migrate_server_invalid_state): 200 GET http://10.180.1.21/compute/v2.1/servers/9fb0c690-6690-491f-aac9-7ab46a92abdf 0.269s
2024-08-30 23:29:57.518 62645 INFO tempest.lib.common.rest_client [req-a54c51af-9b8a-4406-b98e-b1760241ea26 req-a54c51af-9b8a-4406-b98e-b1760241ea26 ] Request (AggregatesAdminNegativeTestJSON:tearDownClass): 204 DELETE http://10.180.1.21/identity/v3/users/441714bfbbbc41cd93e284010820762f 0.081s
2024-08-30 23:29:57.530 62681 INFO tempest.lib.common.rest_client [req-8b067451-dbae-4605-ac06-cd99a807c438 req-8b067451-dbae-4605-ac06-cd99a807c438 ] Request (ImagesTestJSON:setUpClass): 201 POST http://10.180.1.21:9696/networking/v2.0/networks 0.435s
2024-08-30 23:29:57.587 62655 INFO tempest.lib.common.rest_client [req-9524cab7-2e51-4740-b02a-44eac8b2209e req-9524cab7-2e51-4740-b02a-44eac8b2209e ] Request (SecurityGroupsTestJSON:test_security_groups_create_list_delete): 200 GET http://10.180.1.21/compute/v2.1/os-security-groups 0.545s
2024-08-30 23:29:57.633 62645 INFO tempest.lib.common.rest_client [req-bfe42263-5832-4458-b53a-7e0e9c9da4ff req-bfe42263-5832-4458-b53a-7e0e9c9da4ff ] Request (AggregatesAdminNegativeTestJSON:tearDownClass): 204 DELETE http://10.180.1.21/identity/v3/users/1a4c962272764b01b14f7704e89d83fa 0.114s
2024-08-30 23:29:57.633 62645 INFO tempest.lib.common.dynamic_creds [-] Deleting project and security group for project: 7a69275be31f491991eac18f3eb0d884
2024-08-30 23:29:57.671 62661 INFO tempest.lib.common.rest_client [req-f881e853-fa3f-4044-8fc6-4879ce6f6b1a req-f881e853-fa3f-4044-8fc6-4879ce6f6b1a ] Request (MigrationsAdminTest:test_list_migrations_in_flavor_resize_situation): 200 GET http://10.180.1.21/compute/v2.1/servers/b8417f67-e047-4a5f-b1f2-b8c3029c3dfa 0.432s
2024-08-30 23:29:57.685 62661 INFO tempest.common.waiters [-] State transition "RESIZE/resize_migrating" ==> "RESIZE/resize_migrated" after 25 second wait
2024-08-30 23:29:57.687 62645 INFO tempest.lib.common.rest_client [req-59bcd7c3-292d-4866-ac0f-b11e6bbe95c5 req-59bcd7c3-292d-4866-ac0f-b11e6bbe95c5 ] Request (AggregatesAdminNegativeTestJSON:tearDownClass): 201 POST http://10.180.1.21/identity/v3/auth/tokens 0.054s
2024-08-30 23:29:57.717 62695 INFO tempest.lib.common.rest_client [req-77bca9b6-0716-4987-8fc7-7d463dd8d506 req-77bca9b6-0716-4987-8fc7-7d463dd8d506 ] Request (ServersTestFqdnHostnames:test_create_server_with_fqdn_name): 200 GET http://10.180.1.21/compute/v2.1/servers/f8983202-85ed-47f8-9223-158541b4af49 0.400s
2024-08-30 23:29:57.730 62681 INFO tempest.lib.common.rest_client [req-54add7a6-d8ee-4b6b-b02a-f599638be391 req-54add7a6-d8ee-4b6b-b02a-f599638be391 ] Request (ImagesTestJSON:setUpClass): 201 POST http://10.180.1.21:9696/networking/v2.0/subnets 0.199s
2024-08-30 23:29:57.773 62691 INFO tempest.lib.common.rest_client [req-91dc8eb4-12c1-46b6-b6a8-1d1f3a093cce req-91dc8eb4-12c1-46b6-b6a8-1d1f3a093cce ] Request (ListServersNegativeTestJSON:setUpClass): 200 GET http://10.180.1.21/compute/v2.1/servers/1c5f5b5c-f6d7-4798-a85f-5824cd60f4bd 0.390s
2024-08-30 23:29:57.884 62645 INFO tempest.lib.common.rest_client [req-38ead7c9-8d11-4ea3-8334-c2a85fcdd7a7 req-38ead7c9-8d11-4ea3-8334-c2a85fcdd7a7 ] Request (AggregatesAdminNegativeTestJSON:tearDownClass): 200 GET http://10.180.1.21:9696/networking/v2.0/security-groups?tenant_id=7a69275be31f491991eac18f3eb0d884&name=default 0.196s
2024-08-30 23:29:57.908 62651 INFO tempest.lib.common.rest_client [req-964e46f6-7148-406c-85ab-240c2b429791 req-964e46f6-7148-406c-85ab-240c2b429791 ] Request (QuotasAdminTestV257:test_get_updated_quotas): 200 PUT http://10.180.1.21/compute/v2.1/os-quota-sets/46c33dfb2e294ae28ca6f7cdb6491b49?user_id=d279539dcc4a486389cffbf2969af8b8 0.494s
2024-08-30 23:29:57.924 62659 INFO tempest.lib.common.rest_client [req-106b3511-4a5e-419e-9ace-cfcf0ede140d req-106b3511-4a5e-419e-9ace-cfcf0ede140d ] Request (FlavorsAdminTestJSON:_run_cleanups): 200 GET http://10.180.1.21/compute/v2.1/flavors/detail 0.507s
2024-08-30 23:29:57.983 62669 INFO tempest.lib.common.rest_client [req-972b5ed3-4d38-4c6d-98a1-74f3d0044708 req-972b5ed3-4d38-4c6d-98a1-74f3d0044708 ] Request (AttachInterfacesV270Test:test_create_get_list_interfaces): 200 GET http://10.180.1.21/compute/v2.1/servers/bab50898-96b1-444f-af09-08bb6c669155 0.514s
2024-08-30 23:29:58.019 62645 INFO tempest.lib.common.rest_client [req-791647b7-7482-4487-9264-bb38840e24b8 req-791647b7-7482-4487-9264-bb38840e24b8 ] Request (AggregatesAdminNegativeTestJSON:tearDownClass): 204 DELETE http://10.180.1.21:9696/networking/v2.0/security-groups/8e3644a4-ab5c-442d-be73-d1d22de83cfb 0.135s
2024-08-30 23:29:58.037 62688 INFO tempest.lib.common.rest_client [req-e13ded60-27ad-4456-bed8-6b8369429813 req-e13ded60-27ad-4456-bed8-6b8369429813 ] Request (ServersTestBootFromVolume:setUpClass): 200 GET http://10.180.1.21/compute/v2.1/servers/10c0f8ae-e35c-457d-a9b2-0a98f99be542 0.514s
2024-08-30 23:29:58.090 62645 INFO tempest.lib.common.rest_client [req-f71d9055-95b8-42c7-b15a-0e1adada52df req-f71d9055-95b8-42c7-b15a-0e1adada52df ] Request (AggregatesAdminNegativeTestJSON:tearDownClass): 204 DELETE http://10.180.1.21/identity/v3/projects/7a69275be31f491991eac18f3eb0d884 0.070s
2024-08-30 23:29:58.090 62645 INFO tempest.lib.common.dynamic_creds [-] Deleting project and security group for project: fcdc492209f3445da1a1f470a73b6323
2024-08-30 23:29:58.091 62671 INFO tempest.lib.common.rest_client [req-0cbc39a8-28f8-4018-8ef8-0d72693c9c40 req-0cbc39a8-28f8-4018-8ef8-0d72693c9c40 ] Request (FloatingIPsAssociationTestJSON:test_associate_already_associated_floating_ip): 200 GET http://10.180.1.21/compute/v2.1/servers/f04f4bb0-ba01-49d9-ba49-c72a48f1e7bb 0.568s
2024-08-30 23:29:58.105 62699 INFO tempest.lib.common.rest_client [req-50938613-2405-4033-aead-310c4d905931 req-50938613-2405-4033-aead-310c4d905931 ] Request (SecurityGroupRulesNegativeTestJSON:test_create_security_group_rule_duplicate): 200 POST http://10.180.1.21/compute/v2.1/os-security-groups 0.790s
2024-08-30 23:29:58.148 62663 INFO tempest.lib.common.rest_client [req-454bbfb9-101f-410b-bcb3-633f810bc4c8 req-454bbfb9-101f-410b-bcb3-633f810bc4c8 ] Request (ServerDiagnosticsTest:test_get_server_diagnostics): 200 GET http://10.180.1.21/compute/v2.1/servers/2ae9e9c6-8eb7-4bb9-81f2-1bafbaa498e5 0.559s
2024-08-30 23:29:58.217 62649 INFO tempest.lib.common.rest_client [req-a742997a-638a-4310-8329-cd3aae902e49 req-a742997a-638a-4310-8329-cd3aae902e49 ] Request (ServersTestJSON:setUpClass): 200 GET http://10.180.1.21/compute/v2.1/servers/d53b4dea-c5f3-4787-9b0e-0835ee59d1f4 0.565s
2024-08-30 23:29:58.246 62645 INFO tempest.lib.common.rest_client [req-bddc0d73-fa95-4d75-8d52-57dd5a0f9ff1 req-bddc0d73-fa95-4d75-8d52-57dd5a0f9ff1 ] Request (AggregatesAdminNegativeTestJSON:tearDownClass): 200 GET http://10.180.1.21:9696/networking/v2.0/security-groups?tenant_id=fcdc492209f3445da1a1f470a73b6323&name=default 0.155s
2024-08-30 23:29:58.298 62667 INFO tempest.lib.common.rest_client [req-5b86c757-e771-456f-bc74-8868f448a6e8 req-5b86c757-e771-456f-bc74-8868f448a6e8 ] Request (TenantUsagesTestJSON:tearDownClass): 200 GET http://10.180.1.21/compute/v2.1/servers/ffe9d6c9-c232-47e8-b5c8-05db38d13811 0.577s
2024-08-30 23:29:58.351 62655 INFO tempest.lib.common.rest_client [req-0ec2bafe-f3f8-4e66-8f1b-5d92a6997ba2 req-0ec2bafe-f3f8-4e66-8f1b-5d92a6997ba2 ] Request (SecurityGroupsTestJSON:test_security_groups_create_list_delete): 202 DELETE http://10.180.1.21/compute/v2.1/os-security-groups/b7968b1f-7e6b-45aa-b92e-8291422596d7 0.760s
2024-08-30 23:29:58.377 62645 INFO tempest.lib.common.rest_client [req-7b98482c-48bc-4b65-baf8-beb684867d5d req-7b98482c-48bc-4b65-baf8-beb684867d5d ] Request (AggregatesAdminNegativeTestJSON:tearDownClass): 204 DELETE http://10.180.1.21:9696/networking/v2.0/security-groups/01986d96-a33a-4ac3-9c2f-fb875d6f9aaa 0.131s
2024-08-30 23:29:58.381 62657 INFO tempest.lib.common.rest_client [req-961c1b7c-aeee-4e66-9b5b-d3ebd846c248 req-961c1b7c-aeee-4e66-9b5b-d3ebd846c248 ] Request (ServerDiagnosticsV248Test:test_get_server_diagnostics): 200 GET http://10.180.1.21/compute/v2.1/servers/5b256bda-b9e9-47f4-9fbe-20e260dc75a8 0.581s
2024-08-30 23:29:58.433 62701 INFO tempest.lib.common.rest_client [req-b04cce38-42c7-44e7-800a-bf9d5424507b req-b04cce38-42c7-44e7-800a-bf9d5424507b ] Request (ServerShowV247Test:test_update_rebuild_list_server): 200 GET http://10.180.1.21/compute/v2.1/servers/25cfd257-747f-4551-9cbd-8596bb3a6400 0.570s
2024-08-30 23:29:58.438 62697 INFO tempest.lib.common.rest_client [req-d66955a5-be06-466e-84c1-829abeb5e5c4 req-d66955a5-be06-466e-84c1-829abeb5e5c4 ] Request (ServerPasswordTestJSON:tearDownClass): 200 GET http://10.180.1.21/compute/v2.1/servers/83d6cb88-cbff-48a4-9ce9-d14cb7b38b2a 0.591s
2024-08-30 23:29:58.451 62697 INFO tempest.common.waiters [-] State transition "ACTIVE/deleting" ==> "DELETED/None" after 4 second wait
