2024-08-30 23:29:28.930 62659 INFO tempest.lib.common.rest_client [req-799ff571-b267-4318-94ad-75f90234f52c req-799ff571-b267-4318-94ad-75f90234f52c ] Request (FlavorsAdminTestJSON:test_create_flavor_with_uuid_id): 200 POST http://10.180.1.21/compute/v2.1/flavors 2.321s
2024-08-30 23:29:28.994 62691 INFO tempest.lib.common.rest_client [req-e063bc27-8362-412b-875f-24b00d53e741 req-e063bc27-8362-412b-875f-24b00d53e741 ] Request (AZV2TestJSON:test_get_availability_zone_list_with_non_admin_user): 200 GET http://10.180.1.21/compute/v2.1/os-availability-zone 2.411s
2024-08-30 23:29:29.010 62681 INFO tempest.lib.common.rest_client [req-63247c89-0837-4235-9ad0-000a11ec3130 req-63247c89-0837-4235-9ad0-000a11ec3130 ] Request (FlavorsAccessNegativeTestJSON:_run_cleanups): 202 DELETE http://10.180.1.21/compute/v2.1/flavors/1767907950 2.095s
2024-08-30 23:29:29.040 62695 INFO tempest.lib.common.rest_client [req-3ff005a3-d2fe-42b8-a37b-8b92dfbee49d req-3ff005a3-d2fe-42b8-a37b-8b92dfbee49d ] Request (QuotasAdminNegativeTest:tearDownClass): 204 DELETE http://10.180.1.21/identity/v3/users/9c9bfd9a8ae64e4f99efd42084c9fb27 0.133s
2024-08-30 23:29:29.084 62701 INFO tempest.lib.common.rest_client [req-6789dc50-1dce-4ab5-bfd2-d30a86d8c6bc req-6789dc50-1dce-4ab5-bfd2-d30a86d8c6bc ] Request (ServerShowV247Test:test_update_rebuild_list_server): 200 PUT http://10.180.1.21/compute/v2.1/servers/25cfd257-747f-4551-9cbd-8596bb3a6400 2.154s
2024-08-30 23:29:29.098 62663 INFO tempest.lib.common.rest_client [req-3fd02687-dc1d-41ae-b451-c29c5388d868 req-3fd02687-dc1d-41ae-b451-c29c5388d868 ] Request (FlavorsExtraSpecsTestJSON:tearDownClass): 200 GET http://10.180.1.21/compute/v2.1/flavors/detail 2.147s
2024-08-30 23:29:29.112 62691 INFO tempest.lib.common.rest_client [req-9b4818ae-2782-40eb-98e6-f055daeaf45c req-9b4818ae-2782-40eb-98e6-f055daeaf45c ] Request (AZV2TestJSON:tearDownClass): 204 DELETE http://10.180.1.21/identity/v3/users/6651ab01b9834ab8a19674c120c9fac9 0.115s
2024-08-30 23:29:29.112 62691 INFO tempest.lib.common.dynamic_creds [-] Deleting project and security group for project: 53a22b6c5966474fb03b506519f31d02
2024-08-30 23:29:29.125 62661 INFO tempest.lib.common.rest_client [req-d4c864b7-17c6-4510-ae87-612448009f00 req-d4c864b7-17c6-4510-ae87-612448009f00 ] Request (MigrationsAdminTest:test_list_migrations_in_flavor_resize_situation): 202 POST http://10.180.1.21/compute/v2.1/servers/b8417f67-e047-4a5f-b1f2-b8c3029c3dfa/action 2.326s
2024-08-30 23:29:29.130 62653 INFO tempest.lib.common.rest_client [req-7f4e3cb2-5e58-4b38-800b-0a5aab2a61fe req-7f4e3cb2-5e58-4b38-800b-0a5aab2a61fe ] Request (KeyPairsV2TestJSON:test_keypair_create_delete): 200 POST http://10.180.1.21/compute/v2.1/os-keypairs 2.174s
2024-08-30 23:29:29.135 62695 INFO tempest.lib.common.rest_client [req-07d38c4d-c877-4b01-8f6f-67c069103d0d req-07d38c4d-c877-4b01-8f6f-67c069103d0d ] Request (QuotasAdminNegativeTest:tearDownClass): 204 DELETE http://10.180.1.21/identity/v3/users/0ae7cbc0910b4c64bc8c253e0e1943ab 0.094s
2024-08-30 23:29:29.135 62695 INFO tempest.lib.common.dynamic_creds [-] Deleting project and security group for project: 07597e99e6d5444a89a571ff9fc974cc
2024-08-30 23:29:29.209 62691 INFO tempest.lib.common.rest_client [req-74843a0e-1255-4d11-a801-ca577f2f7367 req-74843a0e-1255-4d11-a801-ca577f2f7367 ] Request (AZV2TestJSON:tearDownClass): 201 POST http://10.180.1.21/identity/v3/auth/tokens 0.096s
2024-08-30 23:29:29.258 62663 INFO tempest.lib.common.rest_client [req-84392137-0d31-4b15-8079-2c7b4f2e46f2 req-84392137-0d31-4b15-8079-2c7b4f2e46f2 ] Request (FlavorsExtraSpecsTestJSON:tearDownClass): 204 DELETE http://10.180.1.21/identity/v3/users/08762d0e805343509bac38f7205c46e7 0.153s
2024-08-30 23:29:29.307 62695 INFO tempest.lib.common.rest_client [req-29a79d71-60c1-45b9-81e9-3444c9d00755 req-29a79d71-60c1-45b9-81e9-3444c9d00755 ] Request (QuotasAdminNegativeTest:tearDownClass): 201 POST http://10.180.1.21/identity/v3/auth/tokens 0.172s
2024-08-30 23:29:29.343 62685 INFO tempest.lib.common.rest_client [req-470bcd42-717d-44ae-a9db-cdb8e8aced10 req-470bcd42-717d-44ae-a9db-cdb8e8aced10 ] Request (VolumesNegativeTest:test_create_volume_with_invalid_size): 400 POST http://10.180.1.21/compute/v2.1/os-volumes 2.322s
2024-08-30 23:29:29.409 62647 INFO tempest.lib.common.rest_client [req-a3e68b36-8ce2-4102-b096-ee7d1b96763b req-a3e68b36-8ce2-4102-b096-ee7d1b96763b ] Request (ServerExternalEventsTest:test_create_server_external_events): 200 GET http://10.180.1.21/compute/v2.1/servers/e4e6dd9f-c583-4e24-bbaf-e82a2fc36c5c 2.413s
2024-08-30 23:29:29.418 62647 INFO tempest.common.waiters [-] State transition "BUILD/spawning" ==> "ACTIVE/None" after 22 second wait
2024-08-30 23:29:29.451 62671 INFO tempest.lib.common.rest_client [req-324d1330-df92-49c8-94f4-73f6e9114d9f req-324d1330-df92-49c8-94f4-73f6e9114d9f ] Request (FloatingIPsAssociationTestJSON:setUpClass): 200 GET http://10.180.1.21/compute/v2.1/servers/f871f1a0-e195-4a7b-9d9b-a7cd6320815b 2.375s
2024-08-30 23:29:29.455 62663 INFO tempest.lib.common.rest_client [req-3881a21c-0c22-450c-9901-07f0962b5206 req-3881a21c-0c22-450c-9901-07f0962b5206 ] Request (FlavorsExtraSpecsTestJSON:tearDownClass): 204 DELETE http://10.180.1.21/identity/v3/users/7f56e7c41f1b485993934e68f7e98277 0.197s
2024-08-30 23:29:29.455 62663 INFO tempest.lib.common.dynamic_creds [-] Deleting project and security group for project: ae5a28df07ac44d795491e0ff62a574d
2024-08-30 23:29:29.549 62697 INFO tempest.lib.common.rest_client [req-64884b6e-7747-49b7-85bf-f32ea09848f5 req-64884b6e-7747-49b7-85bf-f32ea09848f5 ] Request (ServerPasswordTestJSON:setUpClass): 200 GET http://10.180.1.21/compute/v2.1/servers/83d6cb88-cbff-48a4-9ce9-d14cb7b38b2a 1.940s
2024-08-30 23:29:29.559 62677 INFO tempest.lib.common.rest_client [req-3177d173-ec17-478b-b5b5-e4d8163217b3 req-3177d173-ec17-478b-b5b5-e4d8163217b3 ] Request (InstanceActionsNegativeTestJSON:setUpClass): 201 POST http://10.180.1.21:9696/networking/v2.0/routers 1.142s
2024-08-30 23:29:29.559 62697 INFO tempest.common.waiters [-] State transition "BUILD/scheduling" ==> "BUILD/None" after 3 second wait
2024-08-30 23:29:29.589 62663 INFO tempest.lib.common.rest_client [req-7016f5e2-b8bc-4754-942a-692db7e71ab8 req-7016f5e2-b8bc-4754-942a-692db7e71ab8 ] Request (FlavorsExtraSpecsTestJSON:tearDownClass): 201 POST http://10.180.1.21/identity/v3/auth/tokens 0.133s
2024-08-30 23:29:29.683 62688 INFO tempest.lib.common.rest_client [req-cf9b1414-dedb-4019-9597-fd426ffff084 req-cf9b1414-dedb-4019-9597-fd426ffff084 ] Request (ServersTestBootFromVolume:setUpClass): 200 GET http://10.180.1.21/volume/v3/6d5103987a6a4989a4dabd9660c524cb/volumes/69ed6d6f-b6bb-4fa9-ad66-b25b9ad9220e 0.044s
2024-08-30 23:29:29.700 62651 INFO tempest.lib.common.rest_client [req-ac7178bc-95c6-49fb-81be-72e0466fa65f req-ac7178bc-95c6-49fb-81be-72e0466fa65f ] Request (QuotasAdminTestJSON:test_delete_quota): 200 GET http://10.180.1.21/compute/v2.1/os-quota-sets/6429a3ee521b4c0881175430bf54ef7e 1.828s
2024-08-30 23:29:29.744 62699 INFO tempest.lib.common.rest_client [req-6ff89f19-982c-4404-9674-0348abc6408a req-6ff89f19-982c-4404-9674-0348abc6408a ] Request (KeyPairsV22TestJSON:test_keypair_create_with_pub_key): 201 POST http://10.180.1.21/compute/v2.1/os-keypairs 1.633s
2024-08-30 23:29:29.848 62695 INFO tempest.lib.common.rest_client [req-c8c52f8a-1250-4130-8a62-59015481d50f req-c8c52f8a-1250-4130-8a62-59015481d50f ] Request (QuotasAdminNegativeTest:tearDownClass): 200 GET http://10.180.1.21:9696/networking/v2.0/security-groups?tenant_id=07597e99e6d5444a89a571ff9fc974cc&name=default 0.540s
2024-08-30 23:29:29.891 62691 INFO tempest.lib.common.rest_client [req-386bfef5-e7db-4689-a2de-d1c643907e59 req-386bfef5-e7db-4689-a2de-d1c643907e59 ] Request (AZV2TestJSON:tearDownClass): 200 GET http://10.180.1.21:9696/networking/v2.0/security-groups?tenant_id=53a22b6c5966474fb03b506519f31d02&name=default 0.682s
2024-08-30 23:29:30.137 62689 INFO tempest.lib.common.rest_client [req-f77567d2-e35e-45fb-b5e5-275ff102f118 req-f77567d2-e35e-45fb-b5e5-275ff102f118 ] Request (ServersAdminNegativeTestJSON:setUpClass): 200 GET http://10.180.1.21/compute/v2.1/servers/c573bb0f-9980-45bd-a93c-d64c0872d223 1.931s
2024-08-30 23:29:30.307 62663 INFO tempest.lib.common.rest_client [req-6fcffff1-d08e-486f-9b9c-5eb595d46abf req-6fcffff1-d08e-486f-9b9c-5eb595d46abf ] Request (FlavorsExtraSpecsTestJSON:tearDownClass): 200 GET http://10.180.1.21:9696/networking/v2.0/security-groups?tenant_id=ae5a28df07ac44d795491e0ff62a574d&name=default 0.717s
2024-08-30 23:29:30.382 62695 INFO tempest.lib.common.rest_client [req-42ab6e5f-046e-47a6-9d8b-70e448e7a52e req-42ab6e5f-046e-47a6-9d8b-70e448e7a52e ] Request (QuotasAdminNegativeTest:tearDownClass): 204 DELETE http://10.180.1.21:9696/networking/v2.0/security-groups/5d625628-dbaf-4264-a591-90df9e2df55c 0.533s
2024-08-30 23:29:30.393 62691 INFO tempest.lib.common.rest_client [req-592e0981-4dec-4025-836e-4ddf9dc86bb6 req-592e0981-4dec-4025-836e-4ddf9dc86bb6 ] Request (AZV2TestJSON:tearDownClass): 204 DELETE http://10.180.1.21:9696/networking/v2.0/security-groups/cc6048e1-b7d6-44d8-a71f-e3486890ec85 0.502s
2024-08-30 23:29:30.396 62705 INFO tempest.lib.common.rest_client [req-ad043f29-259a-4a18-a4f3-f3ffa4d8451e req-ad043f29-259a-4a18-a4f3-f3ffa4d8451e ] Request (FloatingIPDetailsTestJSON:tearDownClass): 200 PUT http://10.180.1.21:9696/networking/v2.0/routers/549561f2-754b-4b0c-b5ab-8fcdf04d1dc8/remove_router_interface 1.861s
2024-08-30 23:29:30.464 62673 INFO tempest.lib.common.rest_client [req-f883893f-a63f-4cb7-961c-a2c2fd153cb8 req-f883893f-a63f-4cb7-961c-a2c2fd153cb8 ] Request (SecurityGroupsTestAdminJSON:test_list_security_groups_list_all_tenants_filter): 200 POST http://10.180.1.21/compute/v2.1/os-security-groups 3.264s
2024-08-30 23:29:30.479 62695 INFO tempest.lib.common.rest_client [req-1b841777-bc72-4992-8d9c-150dd0f3e79e req-1b841777-bc72-4992-8d9c-150dd0f3e79e ] Request (QuotasAdminNegativeTest:tearDownClass): 204 DELETE http://10.180.1.21/identity/v3/projects/07597e99e6d5444a89a571ff9fc974cc 0.094s
2024-08-30 23:29:30.479 62691 INFO tempest.lib.common.rest_client [req-fc31d56d-4315-4d91-a599-7b8bb2c9d1ac req-fc31d56d-4315-4d91-a599-7b8bb2c9d1ac ] Request (AZV2TestJSON:tearDownClass): 204 DELETE http://10.180.1.21/identity/v3/projects/53a22b6c5966474fb03b506519f31d02 0.085s
2024-08-30 23:29:30.479 62695 INFO tempest.lib.common.dynamic_creds [-] Deleting project and security group for project: b29336c9cc01445291fa35bb3eca4cd8
2024-08-30 23:29:30.579 62691 INFO tempest.lib.common.rest_client [req-826bbd14-6cd1-4a67-816e-e3dc0fc5fcd2 req-826bbd14-6cd1-4a67-816e-e3dc0fc5fcd2 ] Request (ListServersNegativeTestJSON:setUpClass): 201 POST http://10.180.1.21/identity/v3/auth/tokens 0.098s
2024-08-30 23:29:30.625 62691 INFO tempest.lib.common.rest_client [req-5ec91a01-f590-472e-876c-6ed8a4407d3e req-5ec91a01-f590-472e-876c-6ed8a4407d3e ] Request (ListServersNegativeTestJSON:setUpClass): 201 POST http://10.180.1.21/identity/v3/auth/tokens 0.043s
2024-08-30 23:29:30.652 62691 INFO tempest.lib.common.rest_client [req-2a7a8dd2-44a0-40e4-a144-12c55d528b79 req-2a7a8dd2-44a0-40e4-a144-12c55d528b79 ] Request (ListServersNegativeTestJSON:setUpClass): 200 GET http://10.180.1.21/identity/v3/domains?name=Default 0.026s
2024-08-30 23:29:30.678 62663 INFO tempest.lib.common.rest_client [req-cc038a4a-79d5-4f67-a926-64ccba048fd3 req-cc038a4a-79d5-4f67-a926-64ccba048fd3 ] Request (FlavorsExtraSpecsTestJSON:tearDownClass): 204 DELETE http://10.180.1.21:9696/networking/v2.0/security-groups/941d880d-6368-48fa-8d0f-c47707ff38b1 0.370s
2024-08-30 23:29:30.691 62695 INFO tempest.lib.common.rest_client [req-efc374c3-62bc-4c95-8126-858fe4b493a9 req-efc374c3-62bc-4c95-8126-858fe4b493a9 ] Request (QuotasAdminNegativeTest:tearDownClass): 200 GET http://10.180.1.21:9696/networking/v2.0/security-groups?tenant_id=b29336c9cc01445291fa35bb3eca4cd8&name=default 0.210s
2024-08-30 23:29:30.694 62691 INFO tempest.lib.common.rest_client [req-09a07334-e16d-4da7-8e0c-43cca2063391 req-09a07334-e16d-4da7-8e0c-43cca2063391 ] Request (ListServersNegativeTestJSON:setUpClass): 201 POST http://10.180.1.21/identity/v3/projects 0.042s
2024-08-30 23:29:30.727 62683 INFO tempest.lib.common.rest_client [req-2e813ea5-82ca-4e31-8567-d97696a0b949 req-2e813ea5-82ca-4e31-8567-d97696a0b949 ] Request (ServersAdminTestJSON:setUpClass): 202 POST http://10.180.1.21/compute/v2.1/servers 2.506s
2024-08-30 23:29:30.741 62669 INFO tempest.lib.common.rest_client [req-2afd26e0-af7a-4de0-a3a2-d3e022a3d005 req-2afd26e0-af7a-4de0-a3a2-d3e022a3d005 ] Request (AttachInterfacesV270Test:setUpClass): 201 POST http://10.180.1.21:9696/networking/v2.0/routers 1.974s
2024-08-30 23:29:30.754 62688 INFO tempest.lib.common.rest_client [req-0e6a6b2d-c409-44a8-9c9a-915e2d31e584 req-0e6a6b2d-c409-44a8-9c9a-915e2d31e584 ] Request (ServersTestBootFromVolume:setUpClass): 200 GET http://10.180.1.21/volume/v3/6d5103987a6a4989a4dabd9660c524cb/volumes/69ed6d6f-b6bb-4fa9-ad66-b25b9ad9220e 0.061s
2024-08-30 23:29:30.783 62691 INFO tempest.lib.common.rest_client [req-dfa8016a-a267-4f3f-ba39-3b12bb7c898a req-dfa8016a-a267-4f3f-ba39-3b12bb7c898a ] Request (ListServersNegativeTestJSON:setUpClass): 201 POST http://10.180.1.21/identity/v3/users 0.087s
2024-08-30 23:29:30.807 62691 INFO tempest.lib.common.rest_client [req-8820f5be-a203-4f74-8cb8-419cd716120c req-8820f5be-a203-4f74-8cb8-419cd716120c ] Request (ListServersNegativeTestJSON:setUpClass): 200 GET http://10.180.1.21/identity/v3/roles 0.023s
2024-08-30 23:29:30.846 62663 INFO tempest.lib.common.rest_client [req-92730666-1ab9-44b5-958a-4d4d619d2e59 req-92730666-1ab9-44b5-958a-4d4d619d2e59 ] Request (FlavorsExtraSpecsTestJSON:tearDownClass): 204 DELETE http://10.180.1.21/identity/v3/projects/ae5a28df07ac44d795491e0ff62a574d 0.168s
2024-08-30 23:29:30.846 62663 INFO tempest.lib.common.dynamic_creds [-] Deleting project and security group for project: 70d152c85f7847b7a44646ef92c228ca
2024-08-30 23:29:30.868 62691 INFO tempest.lib.common.rest_client [req-739f4da7-be3e-4889-918e-ededcc73cb10 req-739f4da7-be3e-4889-918e-ededcc73cb10 ] Request (ListServersNegativeTestJSON:setUpClass): 204 PUT http://10.180.1.21/identity/v3/projects/863cfaabb0c443709f2e413eb6e8b388/users/e1a210d5c67b42f4b2db9c4adb54b306/roles/385eae4c3cda4f4dbdf0786fd097b2bd 0.061s
2024-08-30 23:29:30.868 62691 INFO tempest.lib.common.dynamic_creds [-] Dynamic test user e1a210d5c67b42f4b2db9c4adb54b306 is created with scope project and roles: ['member']
2024-08-30 23:29:30.869 62691 INFO tempest.lib.common.dynamic_creds [-] Acquired dynamic creds: credentials: Credentials: {'domain_id': 'default', 'domain_name': 'Default', 'username': 'tempest-ListServersNegativeTestJSON-1625391965-project-member', 'project_domain_id': 'default', 'project_domain_name': 'Default', 'project_id': '863cfaabb0c443709f2e413eb6e8b388', 'project_name': 'tempest-ListServersNegativeTestJSON-1625391965', 'tenant_id': '863cfaabb0c443709f2e413eb6e8b388', 'tenant_name': 'tempest-ListServersNegativeTestJSON-1625391965', 'user_domain_id': 'default', 'user_domain_name': 'Default', 'user_id': 'e1a210d5c67b42f4b2db9c4adb54b306', 'system': None}, Network: None, Subnet: None, Router: None
2024-08-30 23:29:30.951 62695 INFO tempest.lib.common.rest_client [req-2e2e62c6-fb86-4023-a53a-2ba294696264 req-2e2e62c6-fb86-4023-a53a-2ba294696264 ] Request (QuotasAdminNegativeTest:tearDownClass): 204 DELETE http://10.180.1.21:9696/networking/v2.0/security-groups/56875e2f-c037-4aad-a54f-ae06760abed0 0.259s
2024-08-30 23:29:30.951 62675 INFO tempest.lib.common.rest_client [req-248f29fe-86d7-470b-8bd4-fb9fd3621b46 req-248f29fe-86d7-470b-8bd4-fb9fd3621b46 ] Request (SecurityGroupsNegativeTestJSON:test_delete_the_default_security_group): 400 DELETE http://10.180.1.21/compute/v2.1/os-security-groups/e295352e-3424-4ce0-a4b2-98868db785b3 2.313s
2024-08-30 23:29:30.961 62645 INFO tempest.lib.common.rest_client [req-03489737-5168-4b8e-9ebe-3dd1fb3b3a13 req-03489737-5168-4b8e-9ebe-3dd1fb3b3a13 ] Request (AggregatesAdminNegativeTestJSON:test_aggregate_create_aggregate_name_length_less_than_1): 400 POST http://10.180.1.21/compute/v2.1/os-aggregates 2.310s
2024-08-30 23:29:30.965 62691 INFO tempest.lib.common.rest_client [req-3919b44a-0da2-40ef-b6ce-be9b0575ab00 req-3919b44a-0da2-40ef-b6ce-be9b0575ab00 ] Request (ListServersNegativeTestJSON:setUpClass): 201 POST http://10.180.1.21/identity/v3/auth/tokens 0.096s
2024-08-30 23:29:30.966 62657 INFO tempest.lib.common.rest_client [req-41db191d-c4f0-454e-bea9-72029d666c89 req-41db191d-c4f0-454e-bea9-72029d666c89 ] Request (HostsAdminNegativeTestJSON:test_update_host_without_param): 400 PUT http://10.180.1.21/compute/v2.1/os-hosts/devstack 2.306s
2024-08-30 23:29:31.063 62695 INFO tempest.lib.common.rest_client [req-ef906895-0cb1-47ff-82ca-8a48b546b4f7 req-ef906895-0cb1-47ff-82ca-8a48b546b4f7 ] Request (QuotasAdminNegativeTest:tearDownClass): 204 DELETE http://10.180.1.21/identity/v3/projects/b29336c9cc01445291fa35bb3eca4cd8 0.112s
2024-08-30 23:29:31.152 62695 INFO tempest.lib.common.rest_client [req-887ea853-9eba-4df2-b510-8ef7a839ee5c req-887ea853-9eba-4df2-b510-8ef7a839ee5c ] Request (ServersTestFqdnHostnames:setUpClass): 201 POST http://10.180.1.21/identity/v3/auth/tokens 0.087s
2024-08-30 23:29:31.227 62695 INFO tempest.lib.common.rest_client [req-f1e2a31f-487a-43ee-b368-0243a47328f1 req-f1e2a31f-487a-43ee-b368-0243a47328f1 ] Request (ServersTestFqdnHostnames:setUpClass): 201 POST http://10.180.1.21/identity/v3/auth/tokens 0.072s
2024-08-30 23:29:31.292 62695 INFO tempest.lib.common.rest_client [req-dd39be3d-c1bf-469d-ac0e-9038d84fea21 req-dd39be3d-c1bf-469d-ac0e-9038d84fea21 ] Request (ServersTestFqdnHostnames:setUpClass): 200 GET http://10.180.1.21/identity/v3/domains?name=Default 0.064s
2024-08-30 23:29:31.311 62703 INFO tempest.lib.common.rest_client [req-aa8e3edf-459e-4a15-982c-8e500de9a3cb req-aa8e3edf-459e-4a15-982c-8e500de9a3cb ] Request (VolumesAssistedSnapshotsTest:test_volume_assisted_snapshot_create_delete): 200 GET http://10.180.1.21/compute/v2.1/servers/56ccb179-2f4b-4b89-a5ae-2a2b445e2972 2.584s
2024-08-30 23:29:31.330 62695 INFO tempest.lib.common.rest_client [req-1e20b8d0-0f7d-4251-8496-d57885a12d55 req-1e20b8d0-0f7d-4251-8496-d57885a12d55 ] Request (ServersTestFqdnHostnames:setUpClass): 201 POST http://10.180.1.21/identity/v3/projects 0.037s
2024-08-30 23:29:31.407 62655 INFO tempest.lib.common.rest_client [req-a8bf3b8b-ff6b-4b31-bdf2-f8f33a8f5a3f req-a8bf3b8b-ff6b-4b31-bdf2-f8f33a8f5a3f ] Request (SecurityGroupsTestJSON:test_list_security_groups_by_server): 200 GET http://10.180.1.21/compute/v2.1/servers/5b04cbc2-d917-4e7b-a268-8ee86ff166d0 2.607s
2024-08-30 23:29:31.414 62695 INFO tempest.lib.common.rest_client [req-9310e98a-885e-4e40-ac88-bb68f91cfac2 req-9310e98a-885e-4e40-ac88-bb68f91cfac2 ] Request (ServersTestFqdnHostnames:setUpClass): 201 POST http://10.180.1.21/identity/v3/users 0.083s
2024-08-30 23:29:31.424 62655 INFO tempest.common.waiters [-] State transition "BUILD/None" ==> "BUILD/networking" after 9 second wait
2024-08-30 23:29:31.435 62663 INFO tempest.lib.common.rest_client [req-0d40f52e-277c-433e-94f5-db502aeca7c3 req-0d40f52e-277c-433e-94f5-db502aeca7c3 ] Request (FlavorsExtraSpecsTestJSON:tearDownClass): 200 GET http://10.180.1.21:9696/networking/v2.0/security-groups?tenant_id=70d152c85f7847b7a44646ef92c228ca&name=default 0.589s
2024-08-30 23:29:31.439 62695 INFO tempest.lib.common.rest_client [req-f4db808c-ef9a-4aaf-9dfb-9b487c422a91 req-f4db808c-ef9a-4aaf-9dfb-9b487c422a91 ] Request (ServersTestFqdnHostnames:setUpClass): 200 GET http://10.180.1.21/identity/v3/roles 0.024s
2024-08-30 23:29:31.470 62695 INFO tempest.lib.common.rest_client [req-266e5709-9b54-4a36-ad37-d523d38ef10f req-266e5709-9b54-4a36-ad37-d523d38ef10f ] Request (ServersTestFqdnHostnames:setUpClass): 204 PUT http://10.180.1.21/identity/v3/projects/47f9009f4f1845cbbf4b7693ad03a1e0/users/dc59e97ec49b4143a5e9e697232f38b6/roles/385eae4c3cda4f4dbdf0786fd097b2bd 0.030s
2024-08-30 23:29:31.470 62695 INFO tempest.lib.common.dynamic_creds [-] Dynamic test user dc59e97ec49b4143a5e9e697232f38b6 is created with scope project and roles: ['member']
2024-08-30 23:29:31.470 62695 INFO tempest.lib.common.dynamic_creds [-] Acquired dynamic creds: credentials: Credentials: {'domain_id': 'default', 'domain_name': 'Default', 'username': 'tempest-ServersTestFqdnHostnames-1113602628-project-member', 'project_domain_id': 'default', 'project_domain_name': 'Default', 'project_id': '47f9009f4f1845cbbf4b7693ad03a1e0', 'project_name': 'tempest-ServersTestFqdnHostnames-1113602628', 'tenant_id': '47f9009f4f1845cbbf4b7693ad03a1e0', 'tenant_name': 'tempest-ServersTestFqdnHostnames-1113602628', 'user_domain_id': 'default', 'user_domain_name': 'Default', 'user_id': 'dc59e97ec49b4143a5e9e697232f38b6', 'system': None}, Network: None, Subnet: None, Router: None
2024-08-30 23:29:31.538 62695 INFO tempest.lib.common.rest_client [req-d73088fe-c617-493a-9d35-67b650d7d26a req-d73088fe-c617-493a-9d35-67b650d7d26a ] Request (ServersTestFqdnHostnames:setUpClass): 201 POST http://10.180.1.21/identity/v3/auth/tokens 0.067s
2024-08-30 23:29:31.764 62693 INFO tempest.lib.common.rest_client [req-f7ed87a1-386b-479d-aa3c-6f303be05fb7 req-f7ed87a1-386b-479d-aa3c-6f303be05fb7 ] Request (DeleteServersAdminTestJSON:test_admin_delete_servers_of_others): 200 GET http://10.180.1.21/compute/v2.1/servers/949d346a-b3da-411d-a0cb-c0ffb46a18a3 2.852s
2024-08-30 23:29:31.785 62659 INFO tempest.lib.common.rest_client [req-e7e15afc-7128-4e6e-be2d-b7b4064dc4e1 req-e7e15afc-7128-4e6e-be2d-b7b4064dc4e1 ] Request (FlavorsAdminTestJSON:_run_cleanups): 202 DELETE http://10.180.1.21/compute/v2.1/flavors/bdd25aca-5d87-441f-af31-db2cf32e93c2 2.852s
2024-08-30 23:29:31.811 62688 INFO tempest.lib.common.rest_client [req-bff42acd-2be7-4ec3-b398-cab2afc608ff req-bff42acd-2be7-4ec3-b398-cab2afc608ff ] Request (ServersTestBootFromVolume:setUpClass): 200 GET http://10.180.1.21/volume/v3/6d5103987a6a4989a4dabd9660c524cb/volumes/69ed6d6f-b6bb-4fa9-ad66-b25b9ad9220e 0.042s
2024-08-30 23:29:31.837 62681 INFO tempest.lib.common.rest_client [req-a868328a-c030-43e8-8c80-f3f6bfb38836 req-a868328a-c030-43e8-8c80-f3f6bfb38836 ] Request (FlavorsAccessNegativeTestJSON:_run_cleanups): 200 GET http://10.180.1.21/compute/v2.1/flavors/detail 2.826s
2024-08-30 23:29:31.865 62649 INFO tempest.lib.common.rest_client [req-628735d3-637f-44f4-a548-b8efeb1c24f0 req-628735d3-637f-44f4-a548-b8efeb1c24f0 ] Request (ServersTestJSON:setUpClass): 202 POST http://10.180.1.21/compute/v2.1/servers 3.499s
2024-08-30 23:29:31.998 62705 INFO tempest.lib.common.rest_client [req-94e0f5c9-b9b7-4b96-b047-fc95c66e7849 req-94e0f5c9-b9b7-4b96-b047-fc95c66e7849 ] Request (FloatingIPDetailsTestJSON:tearDownClass): 204 DELETE http://10.180.1.21:9696/networking/v2.0/routers/549561f2-754b-4b0c-b5ab-8fcdf04d1dc8 1.602s
2024-08-30 23:29:32.020 62701 INFO tempest.lib.common.rest_client [req-b341947a-ed65-4953-83e4-628ecaafaa63 req-b341947a-ed65-4953-83e4-628ecaafaa63 ] Request (ServerShowV247Test:test_update_rebuild_list_server): 200 GET http://10.180.1.21/compute/v2.1/servers/25cfd257-747f-4551-9cbd-8596bb3a6400 2.927s
2024-08-30 23:29:32.036 62653 INFO tempest.lib.common.rest_client [req-9e414ca6-d54d-48b1-bacf-c983a75c1b58 req-9e414ca6-d54d-48b1-bacf-c983a75c1b58 ] Request (KeyPairsV2TestJSON:_run_cleanups): 202 DELETE http://10.180.1.21/compute/v2.1/os-keypairs/tempest-keypair-1760612721 2.904s
2024-08-30 23:29:32.062 62691 INFO tempest.lib.common.rest_client [req-526712ec-9897-4e29-bc90-825d9d763e9d req-526712ec-9897-4e29-bc90-825d9d763e9d ] Request (ListServersNegativeTestJSON:setUpClass): 201 POST http://10.180.1.21:9696/networking/v2.0/networks 1.096s
2024-08-30 23:29:32.123 62663 INFO tempest.lib.common.rest_client [req-ec9ee998-7841-4a9e-806b-f4d4ab718cfe req-ec9ee998-7841-4a9e-806b-f4d4ab718cfe ] Request (FlavorsExtraSpecsTestJSON:tearDownClass): 204 DELETE http://10.180.1.21:9696/networking/v2.0/security-groups/c4268061-2baa-4b67-b991-410fbd45154e 0.687s
2024-08-30 23:29:32.128 62665 INFO tempest.lib.common.rest_client [req-f4851848-41b7-4abf-9e6e-fd27a92b90d0 req-f4851848-41b7-4abf-9e6e-fd27a92b90d0 ] Request (ServerActionsV293TestJSON:setUpClass): 200 GET http://10.180.1.21/compute/v2.1/servers/09168014-be26-4795-a780-cbf351d5ba23 2.878s
2024-08-30 23:29:32.132 62685 INFO tempest.lib.common.rest_client [req-e92232b9-4859-48b7-afab-f741aea69737 req-e92232b9-4859-48b7-afab-f741aea69737 ] Request (VolumesNegativeTest:test_create_volume_with_size_zero): 400 POST http://10.180.1.21/compute/v2.1/os-volumes 2.788s
2024-08-30 23:29:32.254 62663 INFO tempest.lib.common.rest_client [req-09293cd3-c8ad-4141-9a36-f828d6ef06d6 req-09293cd3-c8ad-4141-9a36-f828d6ef06d6 ] Request (FlavorsExtraSpecsTestJSON:tearDownClass): 204 DELETE http://10.180.1.21/identity/v3/projects/70d152c85f7847b7a44646ef92c228ca 0.130s
2024-08-30 23:29:32.275 62661 INFO tempest.lib.common.rest_client [req-0e2ea9a2-6e2d-4180-978c-499f3ddd7f1c req-0e2ea9a2-6e2d-4180-978c-499f3ddd7f1c ] Request (MigrationsAdminTest:test_list_migrations_in_flavor_resize_situation): 200 GET http://10.180.1.21/compute/v2.1/servers/b8417f67-e047-4a5f-b1f2-b8c3029c3dfa 3.149s
2024-08-30 23:29:32.352 62663 INFO tempest.lib.common.rest_client [req-9c3e4e07-c242-40a1-b18e-2aea01831148 req-9c3e4e07-c242-40a1-b18e-2aea01831148 ] Request (HostsAdminTestJSON:setUpClass): 201 POST http://10.180.1.21/identity/v3/auth/tokens 0.095s
2024-08-30 23:29:32.395 62647 INFO tempest.lib.common.rest_client [req-a345ef53-b3a2-4af1-9c10-b6414e124dcf req-a345ef53-b3a2-4af1-9c10-b6414e124dcf ] Request (ServerExternalEventsTest:test_create_server_external_events): 200 POST http://10.180.1.21/compute/v2.1/os-server-external-events 2.976s
2024-08-30 23:29:32.403 62679 INFO tempest.lib.common.rest_client [req-045483ba-40d7-4d06-8545-ce2299e6e228 req-045483ba-40d7-4d06-8545-ce2299e6e228 ] Request (ServersAdmin275Test:test_rebuild_update_server_275): 200 GET http://10.180.1.21/compute/v2.1/servers/78fd25f8-8e3c-4e4c-b811-b97b60658e33 2.739s
2024-08-30 23:29:32.416 62663 INFO tempest.lib.common.rest_client [req-ce9c0871-3069-4000-92f9-d3b618ab2e9e req-ce9c0871-3069-4000-92f9-d3b618ab2e9e ] Request (HostsAdminTestJSON:setUpClass): 201 POST http://10.180.1.21/identity/v3/auth/tokens 0.062s
2024-08-30 23:29:32.424 62679 INFO tempest.common.waiters [-] State transition "BUILD/networking" ==> "BUILD/spawning" after 10 second wait
2024-08-30 23:29:32.433 62699 INFO tempest.lib.common.rest_client [req-16061172-f9ec-427a-96d1-482b4c45e51c req-16061172-f9ec-427a-96d1-482b4c45e51c ] Request (KeyPairsV22TestJSON:_run_cleanups): 204 DELETE http://10.180.1.21/compute/v2.1/os-keypairs/tempest-keypair-1814223963 2.687s
2024-08-30 23:29:32.454 62663 INFO tempest.lib.common.rest_client [req-40cacb92-8ffd-465c-ac82-b37112de3e24 req-40cacb92-8ffd-465c-ac82-b37112de3e24 ] Request (HostsAdminTestJSON:setUpClass): 200 GET http://10.180.1.21/identity/v3/domains?name=Default 0.037s
2024-08-30 23:29:32.487 62705 INFO tempest.lib.common.rest_client [req-f9ef5c1d-0678-442d-a59f-aeb373fd13db req-f9ef5c1d-0678-442d-a59f-aeb373fd13db ] Request (FloatingIPDetailsTestJSON:tearDownClass): 204 DELETE http://10.180.1.21:9696/networking/v2.0/subnets/f1ec4697-7802-445c-898f-9c546deae9a4 0.489s
2024-08-30 23:29:32.502 62663 INFO tempest.lib.common.rest_client [req-0f5d7e65-e29d-48c1-9180-777f381acbf8 req-0f5d7e65-e29d-48c1-9180-777f381acbf8 ] Request (HostsAdminTestJSON:setUpClass): 201 POST http://10.180.1.21/identity/v3/projects 0.048s
2024-08-30 23:29:32.568 62663 INFO tempest.lib.common.rest_client [req-6cde373e-2b72-44b0-8f6b-e64df7dbc286 req-6cde373e-2b72-44b0-8f6b-e64df7dbc286 ] Request (HostsAdminTestJSON:setUpClass): 201 POST http://10.180.1.21/identity/v3/users 0.065s
2024-08-30 23:29:32.594 62663 INFO tempest.lib.common.rest_client [req-1c514053-9d37-47d9-9937-3bda8d6ab9a6 req-1c514053-9d37-47d9-9937-3bda8d6ab9a6 ] Request (HostsAdminTestJSON:setUpClass): 200 GET http://10.180.1.21/identity/v3/roles 0.025s
2024-08-30 23:29:32.601 62691 INFO tempest.lib.common.rest_client [req-96cf4277-7f39-4b28-a26c-a97fc3da2ccb req-96cf4277-7f39-4b28-a26c-a97fc3da2ccb ] Request (ListServersNegativeTestJSON:setUpClass): 201 POST http://10.180.1.21:9696/networking/v2.0/subnets 0.537s
2024-08-30 23:29:32.616 62651 INFO tempest.lib.common.rest_client [req-f127a0e5-2e25-4a5e-8485-3fa721d5cd8e req-f127a0e5-2e25-4a5e-8485-3fa721d5cd8e ] Request (QuotasAdminTestJSON:test_delete_quota): 200 PUT http://10.180.1.21/compute/v2.1/os-quota-sets/6429a3ee521b4c0881175430bf54ef7e 2.913s
2024-08-30 23:29:32.617 62695 INFO tempest.lib.common.rest_client [req-3f5fda94-e367-4f2c-bf7f-672ae776c9da req-3f5fda94-e367-4f2c-bf7f-672ae776c9da ] Request (ServersTestFqdnHostnames:setUpClass): 201 POST http://10.180.1.21:9696/networking/v2.0/networks 1.079s
2024-08-30 23:29:32.632 62663 INFO tempest.lib.common.rest_client [req-ebed918e-bf7c-418b-a60d-3df0035aa8ac req-ebed918e-bf7c-418b-a60d-3df0035aa8ac ] Request (HostsAdminTestJSON:setUpClass): 204 PUT http://10.180.1.21/identity/v3/projects/20e00c166fc24ad8b71b0e2f38547ad2/users/6b3795fa75c54d2bbcbfa80b4315ba23/roles/385eae4c3cda4f4dbdf0786fd097b2bd 0.038s
2024-08-30 23:29:32.632 62663 INFO tempest.lib.common.dynamic_creds [-] Dynamic test user 6b3795fa75c54d2bbcbfa80b4315ba23 is created with scope project and roles: ['member']
2024-08-30 23:29:32.632 62663 INFO tempest.lib.common.dynamic_creds [-] Acquired dynamic creds: credentials: Credentials: {'domain_id': 'default', 'domain_name': 'Default', 'username': 'tempest-HostsAdminTestJSON-642574833-project-member', 'project_domain_id': 'default', 'project_domain_name': 'Default', 'project_id': '20e00c166fc24ad8b71b0e2f38547ad2', 'project_name': 'tempest-HostsAdminTestJSON-642574833', 'tenant_id': '20e00c166fc24ad8b71b0e2f38547ad2', 'tenant_name': 'tempest-HostsAdminTestJSON-642574833', 'user_domain_id': 'default', 'user_domain_name': 'Default', 'user_id': '6b3795fa75c54d2bbcbfa80b4315ba23', 'system': None}, Network: None, Subnet: None, Router: None
2024-08-30 23:29:32.633 62663 INFO tempest.lib.common.dynamic_creds [-] Created isolated network resources for: credentials: Credentials: {'domain_id': 'default', 'domain_name': 'Default', 'username': 'tempest-HostsAdminTestJSON-642574833-project-member', 'project_domain_id': 'default', 'project_domain_name': 'Default', 'project_id': '20e00c166fc24ad8b71b0e2f38547ad2', 'project_name': 'tempest-HostsAdminTestJSON-642574833', 'tenant_id': '20e00c166fc24ad8b71b0e2f38547ad2', 'tenant_name': 'tempest-HostsAdminTestJSON-642574833', 'user_domain_id': 'default', 'user_domain_name': 'Default', 'user_id': '6b3795fa75c54d2bbcbfa80b4315ba23', 'system': None}, Network: None, Subnet: None, Router: None
2024-08-30 23:29:32.660 62667 INFO tempest.lib.common.rest_client [req-d1fa8d86-5666-4629-b513-6eeb57cf4077 req-d1fa8d86-5666-4629-b513-6eeb57cf4077 ] Request (TenantUsagesTestJSON:setUpClass): 200 GET http://10.180.1.21/compute/v2.1/servers/ffe9d6c9-c232-47e8-b5c8-05db38d13811 2.753s
2024-08-30 23:29:32.730 62671 INFO tempest.lib.common.rest_client [req-7e5723ca-cb01-4548-9263-94f8688b7040 req-7e5723ca-cb01-4548-9263-94f8688b7040 ] Request (FloatingIPsAssociationTestJSON:setUpClass): 200 GET http://10.180.1.21/compute/v2.1/servers/f871f1a0-e195-4a7b-9d9b-a7cd6320815b 2.268s
2024-08-30 23:29:32.730 62663 INFO tempest.lib.common.rest_client [req-30fddbbf-670d-40af-a59f-622ad73d0d0d req-30fddbbf-670d-40af-a59f-622ad73d0d0d ] Request (HostsAdminTestJSON:setUpClass): 201 POST http://10.180.1.21/identity/v3/auth/tokens 0.094s
2024-08-30 23:29:32.813 62697 INFO tempest.lib.common.rest_client [req-b3d71d21-8691-4a93-b3c2-b1fd92b3e57b req-b3d71d21-8691-4a93-b3c2-b1fd92b3e57b ] Request (ServerPasswordTestJSON:setUpClass): 200 GET http://10.180.1.21/compute/v2.1/servers/83d6cb88-cbff-48a4-9ce9-d14cb7b38b2a 2.253s
2024-08-30 23:29:32.837 62663 INFO tempest.lib.common.rest_client [req-9ce469fc-095f-49f1-bf3e-45552ea72106 req-9ce469fc-095f-49f1-bf3e-45552ea72106 ] Request (HostsAdminTestJSON:setUpClass): 201 POST http://10.180.1.21/identity/v3/projects 0.106s
2024-08-30 23:29:32.856 62688 INFO tempest.lib.common.rest_client [req-954d34d7-75f3-4f8e-9c62-36c091ecc61a req-954d34d7-75f3-4f8e-9c62-36c091ecc61a ] Request (ServersTestBootFromVolume:setUpClass): 200 GET http://10.180.1.21/volume/v3/6d5103987a6a4989a4dabd9660c524cb/volumes/69ed6d6f-b6bb-4fa9-ad66-b25b9ad9220e 0.036s
2024-08-30 23:29:32.906 62663 INFO tempest.lib.common.rest_client [req-d0e4fdac-da94-4303-b1cf-399cc8fe4612 req-d0e4fdac-da94-4303-b1cf-399cc8fe4612 ] Request (HostsAdminTestJSON:setUpClass): 201 POST http://10.180.1.21/identity/v3/users 0.068s
2024-08-30 23:29:32.909 62683 INFO tempest.lib.common.rest_client [req-3fa41fe9-bc00-462f-ba67-cfe79c5c4816 req-3fa41fe9-bc00-462f-ba67-cfe79c5c4816 ] Request (ServersAdminTestJSON:setUpClass): 200 GET http://10.180.1.21/compute/v2.1/servers/c306e9de-46ac-4518-a02b-c34f9325c4f0 2.180s
2024-08-30 23:29:32.933 62663 INFO tempest.lib.common.rest_client [req-4ebb6b3c-b286-4b6f-bd8d-657f69f0203e req-4ebb6b3c-b286-4b6f-bd8d-657f69f0203e ] Request (HostsAdminTestJSON:setUpClass): 200 GET http://10.180.1.21/identity/v3/roles 0.027s
2024-08-30 23:29:32.968 62663 INFO tempest.lib.common.rest_client [req-8edc67b9-0400-4561-853c-f20df5179352 req-8edc67b9-0400-4561-853c-f20df5179352 ] Request (HostsAdminTestJSON:setUpClass): 204 PUT http://10.180.1.21/identity/v3/projects/1621848c21d742a7aac6736ed140d6f9/users/5b19047813bb4279a34cb12721e1fece/roles/f45e3c31b6994a7b9c88f17b68e8ddac 0.035s
2024-08-30 23:29:32.968 62675 INFO tempest.lib.common.rest_client [req-1119fe4e-4e2c-43aa-83be-575749c00089 req-1119fe4e-4e2c-43aa-83be-575749c00089 ] Request (SecurityGroupsNegativeTestJSON:test_security_group_get_nonexistent_group): 404 GET http://10.180.1.21/compute/v2.1/os-security-groups/10611c5f-72d9-4ea5-90bc-f38ddcb4ec3f 2.014s
2024-08-30 23:29:32.977 62645 INFO tempest.lib.common.rest_client [req-6f301a68-e8b5-4ec7-ac4c-c326cfc809c1 req-6f301a68-e8b5-4ec7-ac4c-c326cfc809c1 ] Request (AggregatesAdminNegativeTestJSON:test_aggregate_create_as_user): 403 POST http://10.180.1.21/compute/v2.1/os-aggregates 2.015s
2024-08-30 23:29:32.989 62657 INFO tempest.lib.common.rest_client [req-418ee743-40ba-4564-82ed-3490e8db1074 req-418ee743-40ba-4564-82ed-3490e8db1074 ] Request (HostsAdminNegativeTestJSON:test_update_nonexistent_host): 404 PUT http://10.180.1.21/compute/v2.1/os-hosts/nonexistent_hostname 2.022s
2024-08-30 23:29:33.025 62673 INFO tempest.lib.common.rest_client [req-75c81fca-666a-456e-9fc9-3ccb207cc51a req-75c81fca-666a-456e-9fc9-3ccb207cc51a ] Request (SecurityGroupsTestAdminJSON:test_list_security_groups_list_all_tenants_filter): 200 POST http://10.180.1.21/compute/v2.1/os-security-groups 2.559s
2024-08-30 23:29:33.046 62663 INFO tempest.lib.common.rest_client [req-de744f4f-ea7c-466e-a53f-b14c1645cf58 req-de744f4f-ea7c-466e-a53f-b14c1645cf58 ] Request (HostsAdminTestJSON:setUpClass): 200 GET http://10.180.1.21/identity/v3/roles 0.077s
2024-08-30 23:29:33.059 62659 INFO tempest.lib.common.rest_client [req-02b98ac9-fcba-4d8e-b964-bc3bac7fcb90 req-02b98ac9-fcba-4d8e-b964-bc3bac7fcb90 ] Request (FlavorsAdminTestJSON:_run_cleanups): 200 GET http://10.180.1.21/compute/v2.1/flavors/detail 1.273s
2024-08-30 23:29:33.072 62663 INFO tempest.lib.common.rest_client [req-ba451521-d876-4156-9d90-22a1c507e2ae req-ba451521-d876-4156-9d90-22a1c507e2ae ] Request (HostsAdminTestJSON:setUpClass): 204 PUT http://10.180.1.21/identity/v3/projects/1621848c21d742a7aac6736ed140d6f9/users/5b19047813bb4279a34cb12721e1fece/roles/f45e3c31b6994a7b9c88f17b68e8ddac 0.025s
2024-08-30 23:29:33.072 62663 INFO tempest.lib.common.dynamic_creds [-] Dynamic test user 5b19047813bb4279a34cb12721e1fece is created with scope project and roles: ['admin']
2024-08-30 23:29:33.073 62663 INFO tempest.lib.common.dynamic_creds [-] Acquired dynamic creds: credentials: Credentials: {'domain_id': 'default', 'domain_name': 'Default', 'username': 'tempest-HostsAdminTestJSON-842100142-project-admin', 'project_domain_id': 'default', 'project_domain_name': 'Default', 'project_id': '1621848c21d742a7aac6736ed140d6f9', 'project_name': 'tempest-HostsAdminTestJSON-842100142', 'tenant_id': '1621848c21d742a7aac6736ed140d6f9', 'tenant_name': 'tempest-HostsAdminTestJSON-842100142', 'user_domain_id': 'default', 'user_domain_name': 'Default', 'user_id': '5b19047813bb4279a34cb12721e1fece', 'system': None}, Network: None, Subnet: None, Router: None
2024-08-30 23:29:33.073 62663 INFO tempest.lib.common.dynamic_creds [-] Created isolated network resources for: credentials: Credentials: {'domain_id': 'default', 'domain_name': 'Default', 'username': 'tempest-HostsAdminTestJSON-842100142-project-admin', 'project_domain_id': 'default', 'project_domain_name': 'Default', 'project_id': '1621848c21d742a7aac6736ed140d6f9', 'project_name': 'tempest-HostsAdminTestJSON-842100142', 'tenant_id': '1621848c21d742a7aac6736ed140d6f9', 'tenant_name': 'tempest-HostsAdminTestJSON-842100142', 'user_domain_id': 'default', 'user_domain_name': 'Default', 'user_id': '5b19047813bb4279a34cb12721e1fece', 'system': None}, Network: None, Subnet: None, Router: None
2024-08-30 23:29:33.078 62681 INFO tempest.lib.common.rest_client [req-c8204b3c-3e24-4bd9-9708-ced5bb04abd2 req-c8204b3c-3e24-4bd9-9708-ced5bb04abd2 ] Request (FlavorsAccessNegativeTestJSON:test_flavor_non_admin_remove): 200 POST http://10.180.1.21/compute/v2.1/flavors 1.231s
2024-08-30 23:29:33.127 62657 INFO tempest.lib.common.rest_client [req-9066a4a7-4d58-435c-9973-05b41b548524 req-9066a4a7-4d58-435c-9973-05b41b548524 ] Request (HostsAdminNegativeTestJSON:tearDownClass): 204 DELETE http://10.180.1.21/identity/v3/users/ca0a31d6fed24b08af81ec5e117a701d 0.137s
2024-08-30 23:29:33.187 62649 INFO tempest.lib.common.rest_client [req-d099296f-a163-478d-ae1a-5c3d2eb3dbac req-d099296f-a163-478d-ae1a-5c3d2eb3dbac ] Request (ServersTestJSON:setUpClass): 200 GET http://10.180.1.21/compute/v2.1/servers/d53b4dea-c5f3-4787-9b0e-0835ee59d1f4 1.320s
2024-08-30 23:29:33.196 62663 INFO tempest.lib.common.rest_client [req-b55e74fb-9fb2-481b-b973-dc726e31a903 req-b55e74fb-9fb2-481b-b973-dc726e31a903 ] Request (HostsAdminTestJSON:setUpClass): 201 POST http://10.180.1.21/identity/v3/auth/tokens 0.120s
2024-08-30 23:29:33.269 62653 INFO tempest.lib.common.rest_client [req-dca13427-f6e2-4214-a242-bdb848cd8b07 req-dca13427-f6e2-4214-a242-bdb848cd8b07 ] Request (KeyPairsV2TestJSON:test_keypair_create_with_pub_key): 200 POST http://10.180.1.21/compute/v2.1/os-keypairs 1.229s
2024-08-30 23:29:33.275 62685 INFO tempest.lib.common.rest_client [req-c7ccada5-5d76-48a6-8229-732c264f4e22 req-c7ccada5-5d76-48a6-8229-732c264f4e22 ] Request (VolumesNegativeTest:test_create_volume_without_passing_size): 400 POST http://10.180.1.21/compute/v2.1/os-volumes 1.141s
2024-08-30 23:29:33.298 62657 INFO tempest.lib.common.rest_client [req-f0396d83-4a00-428b-9cee-eb7249e164d7 req-f0396d83-4a00-428b-9cee-eb7249e164d7 ] Request (HostsAdminNegativeTestJSON:tearDownClass): 204 DELETE http://10.180.1.21/identity/v3/users/c384ae218a754be4a9b4bd40337f1a70 0.170s
2024-08-30 23:29:33.298 62657 INFO tempest.lib.common.dynamic_creds [-] Deleting project and security group for project: 22a65530261f45c6bc5265a33dde485b
2024-08-30 23:29:33.302 62695 INFO tempest.lib.common.rest_client [req-4706a2fc-c07b-4eb8-ae1a-7e910d52949b req-4706a2fc-c07b-4eb8-ae1a-7e910d52949b ] Request (ServersTestFqdnHostnames:setUpClass): 201 POST http://10.180.1.21:9696/networking/v2.0/subnets 0.684s
2024-08-30 23:29:33.366 62689 INFO tempest.lib.common.rest_client [req-09928a75-a46f-4d0c-bf2b-1d89f1965e9e req-09928a75-a46f-4d0c-bf2b-1d89f1965e9e ] Request (ServersAdminNegativeTestJSON:setUpClass): 200 GET http://10.180.1.21/compute/v2.1/servers/c573bb0f-9980-45bd-a93c-d64c0872d223 2.222s
2024-08-30 23:29:33.368 62657 INFO tempest.lib.common.rest_client [req-f1c93239-e420-4953-990f-030ad858292b req-f1c93239-e420-4953-990f-030ad858292b ] Request (HostsAdminNegativeTestJSON:tearDownClass): 201 POST http://10.180.1.21/identity/v3/auth/tokens 0.069s
2024-08-30 23:29:33.498 62705 INFO tempest.lib.common.rest_client [req-a2250cbe-46c5-4b5c-8308-1038984bc7f8 req-a2250cbe-46c5-4b5c-8308-1038984bc7f8 ] Request (FloatingIPDetailsTestJSON:tearDownClass): 204 DELETE http://10.180.1.21:9696/networking/v2.0/networks/966df723-670b-4bc2-a828-71e3916abc90 1.009s
2024-08-30 23:29:33.549 62647 INFO tempest.lib.common.rest_client [req-07e609ee-f934-41ea-b3f1-33cd72966623 req-07e609ee-f934-41ea-b3f1-33cd72966623 ] Request (ServerExternalEventsTest:tearDownClass): 204 DELETE http://10.180.1.21/compute/v2.1/servers/e4e6dd9f-c583-4e24-bbaf-e82a2fc36c5c 1.143s
2024-08-30 23:29:33.585 62705 INFO tempest.lib.common.rest_client [req-f911349d-e5f7-468c-aa85-0649eca96d45 req-f911349d-e5f7-468c-aa85-0649eca96d45 ] Request (FloatingIPDetailsTestJSON:tearDownClass): 204 DELETE http://10.180.1.21/identity/v3/users/f1224e74759846d3aeb73e2fcebcdc3a 0.087s
2024-08-30 23:29:33.586 62705 INFO tempest.lib.common.dynamic_creds [-] Deleting project and security group for project: 90d02e855512489580b02643f3c886b0
2024-08-30 23:29:33.656 62677 INFO tempest.lib.common.rest_client [req-91d9e8dc-85ad-45c1-81a4-7b0e40596e6d req-91d9e8dc-85ad-45c1-81a4-7b0e40596e6d ] Request (InstanceActionsNegativeTestJSON:setUpClass): 200 PUT http://10.180.1.21:9696/networking/v2.0/routers/f0379318-778e-447e-a135-a9cc33bed356/add_router_interface 4.096s
2024-08-30 23:29:33.656 62677 INFO tempest.lib.common.dynamic_creds [-] Created isolated network resources for: credentials: Credentials: {'domain_id': 'default', 'domain_name': 'Default', 'username': 'tempest-InstanceActionsNegativeTestJSON-627637526-project-member', 'project_domain_id': 'default', 'project_domain_name': 'Default', 'project_id': '5d73b48956754beba08541b71e5d5b32', 'project_name': 'tempest-InstanceActionsNegativeTestJSON-627637526', 'tenant_id': '5d73b48956754beba08541b71e5d5b32', 'tenant_name': 'tempest-InstanceActionsNegativeTestJSON-627637526', 'user_domain_id': 'default', 'user_domain_name': 'Default', 'user_id': '5b449febd56b4568841f4c2dab41589f', 'system': None}, Network: {'id': '94fa7d7e-3c40-434a-b45d-b5577cc4512c', 'name': 'tempest-InstanceActionsNegativeTestJSON-855292269-network', 'tenant_id': '5d73b48956754beba08541b71e5d5b32', 'admin_state_up': True, 'mtu': 8950, 'status': 'ACTIVE', 'subnets': [], 'shared': False, 'project_id': '5d73b48956754beba08541b71e5d5b32', 'port_security_enabled': True, 'router:external': False, 'provider:network_type': 'vlan', 'provider:physical_network': 'default', 'provider:segmentation_id': 460, 'is_default': False, 'availability_zone_hints': [], 'availability_zones': [], 'ipv4_address_scope': None, 'ipv6_address_scope': None, 'description': '', 'tags': [], 'created_at': '2024-08-30T23:29:27Z', 'updated_at': '2024-08-30T23:29:27Z', 'revision_number': 1}, Subnet: {'id': '1833b3e5-f8b5-44a1-ad0f-098de57353df', 'name': 'tempest-InstanceActionsNegativeTestJSON-855292269-subnet', 'tenant_id': '5d73b48956754beba08541b71e5d5b32', 'network_id': '94fa7d7e-3c40-434a-b45d-b5577cc4512c', 'ip_version': 4, 'subnetpool_id': None, 'enable_dhcp': True, 'ipv6_ra_mode': None, 'ipv6_address_mode': None, 'gateway_ip': '192.168.128.1', 'cidr': '192.168.128.0/28', 'allocation_pools': [{'start': '192.168.128.2', 'end': '192.168.128.14'}], 'host_routes': [], 'dns_nameservers': [], 'description': '', 'router:external': False, 'service_types': [], 'tags': [], 'created_at': '2024-08-30T23:29:27Z', 'updated_at': '2024-08-30T23:29:27Z', 'revision_number': 0, 'project_id': '5d73b48956754beba08541b71e5d5b32'}, Router: {'id': 'f0379318-778e-447e-a135-a9cc33bed356', 'name': 'tempest-InstanceActionsNegativeTestJSON-855292269-router', 'tenant_id': '5d73b48956754beba08541b71e5d5b32', 'admin_state_up': True, 'status': 'ACTIVE', 'external_gateway_info': {'network_id': 'f3dd8165-3eef-4c2e-b6ab-5b4143ad2f1b', 'external_fixed_ips': [{'subnet_id': '26fa452c-15c6-42b6-a888-4cfa1273bdea', 'ip_address': '10.180.180.197'}], 'enable_snat': True}, 'description': '', 'availability_zones': [], 'distributed': False, 'ha': False, 'availability_zone_hints': [], 'routes': [], 'flavor_id': None, 'tags': [], 'created_at': '2024-08-30T23:29:28Z', 'updated_at': '2024-08-30T23:29:29Z', 'revision_number': 2, 'project_id': '5d73b48956754beba08541b71e5d5b32'}
2024-08-30 23:29:33.695 62705 INFO tempest.lib.common.rest_client [req-2acf7010-0e81-4678-b3d8-99654a39691b req-2acf7010-0e81-4678-b3d8-99654a39691b ] Request (FloatingIPDetailsTestJSON:tearDownClass): 200 GET http://10.180.1.21:9696/networking/v2.0/security-groups?tenant_id=90d02e855512489580b02643f3c886b0&name=default 0.109s
2024-08-30 23:29:33.758 62677 INFO tempest.lib.common.rest_client [req-8534d789-1c4d-42f8-adca-c4a17293ad6f req-8534d789-1c4d-42f8-adca-c4a17293ad6f ] Request (InstanceActionsNegativeTestJSON:setUpClass): 201 POST http://10.180.1.21/identity/v3/auth/tokens 0.099s
2024-08-30 23:29:33.791 62677 INFO tempest.lib.common.rest_client [req-b315be87-5cc8-4fec-b2c8-15c159114aa4 req-b315be87-5cc8-4fec-b2c8-15c159114aa4 ] Request (InstanceActionsNegativeTestJSON:setUpClass): 201 POST http://10.180.1.21/identity/v3/auth/tokens 0.029s
2024-08-30 23:29:33.792 62677 INFO tempest.lib.common.fixed_network [-] (InstanceActionsNegativeTestJSON:setUpClass) Found network {'id': '94fa7d7e-3c40-434a-b45d-b5577cc4512c', 'name': 'tempest-InstanceActionsNegativeTestJSON-855292269-network', 'tenant_id': '5d73b48956754beba08541b71e5d5b32', 'admin_state_up': True, 'mtu': 8950, 'status': 'ACTIVE', 'subnets': [], 'shared': False, 'project_id': '5d73b48956754beba08541b71e5d5b32', 'port_security_enabled': True, 'router:external': False, 'provider:network_type': 'vlan', 'provider:physical_network': 'default', 'provider:segmentation_id': 460, 'is_default': False, 'availability_zone_hints': [], 'availability_zones': [], 'ipv4_address_scope': None, 'ipv6_address_scope': None, 'description': '', 'tags': [], 'created_at': '2024-08-30T23:29:27Z', 'updated_at': '2024-08-30T23:29:27Z', 'revision_number': 1} available for tenant
2024-08-30 23:29:33.816 62703 INFO tempest.lib.common.rest_client [req-d3499ec8-884b-4a88-bddc-3294ea198652 req-d3499ec8-884b-4a88-bddc-3294ea198652 ] Request (VolumesAssistedSnapshotsTest:test_volume_assisted_snapshot_create_delete): 200 GET http://10.180.1.21/compute/v2.1/servers/56ccb179-2f4b-4b89-a5ae-2a2b445e2972 1.493s
2024-08-30 23:29:33.822 62703 INFO tempest.common.waiters [-] State transition "BUILD/spawning" ==> "ACTIVE/None" after 18 second wait
2024-08-30 23:29:33.852 62655 INFO tempest.lib.common.rest_client [req-233d6f0b-3cdf-40d1-bce7-b77ac562cfdc req-233d6f0b-3cdf-40d1-bce7-b77ac562cfdc ] Request (SecurityGroupsTestJSON:test_list_security_groups_by_server): 200 GET http://10.180.1.21/compute/v2.1/servers/5b04cbc2-d917-4e7b-a268-8ee86ff166d0 1.427s
2024-08-30 23:29:33.861 62655 INFO tempest.common.waiters [-] State transition "BUILD/networking" ==> "BUILD/spawning" after 11 second wait
2024-08-30 23:29:33.865 62699 INFO tempest.lib.common.rest_client [req-55199ce2-8e7d-45ae-b712-4221826a2c0e req-55199ce2-8e7d-45ae-b712-4221826a2c0e ] Request (KeyPairsV22TestJSON:test_keypairs_create_list_delete): 201 POST http://10.180.1.21/compute/v2.1/os-keypairs 1.428s
2024-08-30 23:29:33.866 62651 INFO tempest.lib.common.rest_client [req-2a693cf7-ad08-49d8-80d2-483a3094d76f req-2a693cf7-ad08-49d8-80d2-483a3094d76f ] Request (QuotasAdminTestJSON:test_delete_quota): 202 DELETE http://10.180.1.21/compute/v2.1/os-quota-sets/6429a3ee521b4c0881175430bf54ef7e 1.248s
2024-08-30 23:29:33.906 62688 INFO tempest.lib.common.rest_client [req-971f046a-819a-44d4-b29e-fc770076d6ed req-971f046a-819a-44d4-b29e-fc770076d6ed ] Request (ServersTestBootFromVolume:setUpClass): 200 GET http://10.180.1.21/volume/v3/6d5103987a6a4989a4dabd9660c524cb/volumes/69ed6d6f-b6bb-4fa9-ad66-b25b9ad9220e 0.041s
2024-08-30 23:29:33.913 62657 INFO tempest.lib.common.rest_client [req-69a02e83-f877-45ea-8624-f19bf4676650 req-69a02e83-f877-45ea-8624-f19bf4676650 ] Request (HostsAdminNegativeTestJSON:tearDownClass): 200 GET http://10.180.1.21:9696/networking/v2.0/security-groups?tenant_id=22a65530261f45c6bc5265a33dde485b&name=default 0.545s
2024-08-30 23:29:33.915 62675 INFO tempest.lib.common.rest_client [req-d0cbaf00-eee6-46ec-9edc-7dd557a27a09 req-d0cbaf00-eee6-46ec-9edc-7dd557a27a09 ] Request (SecurityGroupsNegativeTestJSON:test_update_non_existent_security_group): 404 PUT http://10.180.1.21/compute/v2.1/os-security-groups/baa7120e-59a5-4d53-a25a-357eced15a04 0.943s
2024-08-30 23:29:33.937 62645 INFO tempest.lib.common.rest_client [req-0709dfbe-fc48-4fcf-bf12-a854aaee761b req-0709dfbe-fc48-4fcf-bf12-a854aaee761b ] Request (AggregatesAdminNegativeTestJSON:test_aggregate_create_with_existent_aggregate_name): 200 POST http://10.180.1.21/compute/v2.1/os-aggregates 0.959s
2024-08-30 23:29:33.950 62693 INFO tempest.lib.common.rest_client [req-bc70e38c-1b97-463e-b451-94a1f8702c0c req-bc70e38c-1b97-463e-b451-94a1f8702c0c ] Request (DeleteServersAdminTestJSON:test_admin_delete_servers_of_others): 200 GET http://10.180.1.21/compute/v2.1/servers/949d346a-b3da-411d-a0cb-c0ffb46a18a3 1.179s
2024-08-30 23:29:33.959 62693 INFO tempest.common.waiters [-] State transition "ACTIVE/deleting" ==> "DELETED/None" after 2 second wait
2024-08-30 23:29:34.021 62705 INFO tempest.lib.common.rest_client [req-487c947f-3c69-4578-aec2-583600f5ed86 req-487c947f-3c69-4578-aec2-583600f5ed86 ] Request (FloatingIPDetailsTestJSON:tearDownClass): 204 DELETE http://10.180.1.21:9696/networking/v2.0/security-groups/e9fd84b9-f74c-46cf-8cbd-c12d08c0a64e 0.325s
