2024-08-30 23:29:49.129 62683 INFO tempest.lib.common.rest_client [req-80724b4b-8c40-493a-9fec-c09165aa8326 req-80724b4b-8c40-493a-9fec-c09165aa8326 ] Request (ServersAdminTestJSON:setUpClass): 200 GET http://10.180.1.21/compute/v2.1/servers/c306e9de-46ac-4518-a02b-c34f9325c4f0 0.929s
2024-08-30 23:29:49.138 62681 INFO tempest.lib.common.rest_client [req-0c730e1b-e5fc-4551-9076-9f0a000c3944 req-0c730e1b-e5fc-4551-9076-9f0a000c3944 ] Request (FlavorsAccessNegativeTestJSON:tearDownClass): 204 DELETE http://10.180.1.21/identity/v3/projects/e2d2bec321d44e68b6b49ddae47b5e38 0.075s
2024-08-30 23:29:49.138 62681 INFO tempest.lib.common.dynamic_creds [-] Deleting project and security group for project: 0f946726d1f1424c80dceec8fff86f7c
2024-08-30 23:29:49.154 62661 INFO tempest.lib.common.rest_client [req-db2b41c5-cdac-45c2-8728-2fa613244762 req-db2b41c5-cdac-45c2-8728-2fa613244762 ] Request (MigrationsAdminTest:test_list_migrations_in_flavor_resize_situation): 200 GET http://10.180.1.21/compute/v2.1/servers/b8417f67-e047-4a5f-b1f2-b8c3029c3dfa 1.094s
2024-08-30 23:29:49.177 62689 INFO tempest.lib.common.rest_client [req-9718faad-89e4-41e0-b62d-0f93aec16556 req-9718faad-89e4-41e0-b62d-0f93aec16556 ] Request (ServersAdminNegativeTestJSON:test_migrate_server_invalid_state): 200 GET http://10.180.1.21/compute/v2.1/servers/9fb0c690-6690-491f-aac9-7ab46a92abdf 0.912s
2024-08-30 23:29:49.237 62691 INFO tempest.lib.common.rest_client [req-767dcf6c-81b0-4e6c-98f9-91c938734425 req-767dcf6c-81b0-4e6c-98f9-91c938734425 ] Request (ListServersNegativeTestJSON:setUpClass): 200 GET http://10.180.1.21/compute/v2.1/servers/1c5f5b5c-f6d7-4798-a85f-5824cd60f4bd 0.898s
2024-08-30 23:29:49.238 62695 INFO tempest.lib.common.rest_client [req-5135f901-e979-4257-b798-32ed96dd8ef1 req-5135f901-e979-4257-b798-32ed96dd8ef1 ] Request (ServersTestFqdnHostnames:test_create_server_with_fqdn_name): 200 GET http://10.180.1.21/compute/v2.1/servers/f8983202-85ed-47f8-9223-158541b4af49 0.812s
2024-08-30 23:29:49.246 62691 INFO tempest.common.waiters [-] State transition "BUILD/scheduling" ==> "BUILD/None" after 6 second wait
2024-08-30 23:29:49.303 62669 INFO tempest.lib.common.rest_client [req-6b6fce22-2fae-4738-b4d1-b5340cdefdb3 req-6b6fce22-2fae-4738-b4d1-b5340cdefdb3 ] Request (AttachInterfacesV270Test:test_create_get_list_interfaces): 200 GET http://10.180.1.21/compute/v2.1/servers/bab50898-96b1-444f-af09-08bb6c669155 0.810s
2024-08-30 23:29:49.404 62681 INFO tempest.lib.common.rest_client [req-3a2bbff1-22cf-49f9-8576-7e7095e1a7cd req-3a2bbff1-22cf-49f9-8576-7e7095e1a7cd ] Request (FlavorsAccessNegativeTestJSON:tearDownClass): 200 GET http://10.180.1.21:9696/networking/v2.0/security-groups?tenant_id=0f946726d1f1424c80dceec8fff86f7c&name=default 0.265s
2024-08-30 23:29:49.569 62673 INFO tempest.lib.common.rest_client [req-30a3babe-e45b-4ed2-b3d2-d5cfb322f438 req-30a3babe-e45b-4ed2-b3d2-d5cfb322f438 ] Request (ServerMetadataNegativeTestJSON:setUpClass): 201 POST http://10.180.1.21:9696/networking/v2.0/networks 0.659s
2024-08-30 23:29:49.597 62651 INFO tempest.lib.common.rest_client [req-95d96827-2200-4b53-992a-bdf41b5dc10f req-95d96827-2200-4b53-992a-bdf41b5dc10f ] Request (QuotasAdminTestJSON:_run_cleanups): 200 PUT http://10.180.1.21/compute/v2.1/os-quota-sets/f9682eb704804fe6af299362af55b8f3 0.988s
2024-08-30 23:29:49.605 62681 INFO tempest.lib.common.rest_client [req-423e77dc-318a-4699-aa31-5989f1ea6ea5 req-423e77dc-318a-4699-aa31-5989f1ea6ea5 ] Request (FlavorsAccessNegativeTestJSON:tearDownClass): 204 DELETE http://10.180.1.21:9696/networking/v2.0/security-groups/e12c6b54-0550-4023-8965-5da5e78d4bd9 0.200s
2024-08-30 23:29:49.733 62681 INFO tempest.lib.common.rest_client [req-18d83518-b52e-47fb-ba74-c17c6978d585 req-18d83518-b52e-47fb-ba74-c17c6978d585 ] Request (FlavorsAccessNegativeTestJSON:tearDownClass): 204 DELETE http://10.180.1.21/identity/v3/projects/0f946726d1f1424c80dceec8fff86f7c 0.127s
2024-08-30 23:29:49.746 62651 INFO tempest.lib.common.rest_client [req-694e35c8-53f2-46a9-b070-93f8d6f35548 req-694e35c8-53f2-46a9-b070-93f8d6f35548 ] Request (QuotasAdminTestJSON:tearDownClass): 204 DELETE http://10.180.1.21/identity/v3/users/7e8723fb058c4b6d91b50919412de18b 0.146s
2024-08-30 23:29:49.815 62681 INFO tempest.lib.common.rest_client [req-e46a5d1c-fbbd-42e9-ab10-c63316d11c14 req-e46a5d1c-fbbd-42e9-ab10-c63316d11c14 ] Request (QuotaClassesAdmin257Test:setUpClass): 201 POST http://10.180.1.21/identity/v3/auth/tokens 0.080s
2024-08-30 23:29:49.818 62673 INFO tempest.lib.common.rest_client [req-a01c598f-791e-45d3-ac7b-ce1c9afa2eb0 req-a01c598f-791e-45d3-ac7b-ce1c9afa2eb0 ] Request (ServerMetadataNegativeTestJSON:setUpClass): 201 POST http://10.180.1.21:9696/networking/v2.0/subnets 0.248s
2024-08-30 23:29:49.872 62705 INFO tempest.lib.common.rest_client [req-226f6744-fd8f-45cc-84d4-b59993f59dfe req-226f6744-fd8f-45cc-84d4-b59993f59dfe ] Request (ServerActionsTestOtherA:setUpClass): 202 POST http://10.180.1.21/compute/v2.1/servers 1.369s
2024-08-30 23:29:49.877 62651 INFO tempest.lib.common.rest_client [req-51937000-134b-4272-8d77-899efdd00a29 req-51937000-134b-4272-8d77-899efdd00a29 ] Request (QuotasAdminTestJSON:tearDownClass): 204 DELETE http://10.180.1.21/identity/v3/users/bc72abe929914f6695c88e06d38b7100 0.130s
2024-08-30 23:29:49.878 62651 INFO tempest.lib.common.dynamic_creds [-] Deleting project and security group for project: f9682eb704804fe6af299362af55b8f3
2024-08-30 23:29:49.888 62681 INFO tempest.lib.common.rest_client [req-f2980dbf-38bd-4128-a83c-be0b2f42d9b1 req-f2980dbf-38bd-4128-a83c-be0b2f42d9b1 ] Request (QuotaClassesAdmin257Test:setUpClass): 201 POST http://10.180.1.21/identity/v3/auth/tokens 0.070s
2024-08-30 23:29:49.944 62681 INFO tempest.lib.common.rest_client [req-01d00dbf-6f5a-451b-a071-1048384ed67c req-01d00dbf-6f5a-451b-a071-1048384ed67c ] Request (QuotaClassesAdmin257Test:setUpClass): 200 GET http://10.180.1.21/identity/v3/domains?name=Default 0.055s
2024-08-30 23:29:49.945 62651 INFO tempest.lib.common.rest_client [req-de4fc622-5142-431d-8bbe-5b81f4e80196 req-de4fc622-5142-431d-8bbe-5b81f4e80196 ] Request (QuotasAdminTestJSON:tearDownClass): 201 POST http://10.180.1.21/identity/v3/auth/tokens 0.067s
2024-08-30 23:29:49.973 62681 INFO tempest.lib.common.rest_client [req-bc65803f-9183-4473-b67d-1b61d916ee17 req-bc65803f-9183-4473-b67d-1b61d916ee17 ] Request (QuotaClassesAdmin257Test:setUpClass): 201 POST http://10.180.1.21/identity/v3/projects 0.029s
2024-08-30 23:29:50.029 62681 INFO tempest.lib.common.rest_client [req-bf73f49e-7332-4ec0-ba2c-b260ab8395cb req-bf73f49e-7332-4ec0-ba2c-b260ab8395cb ] Request (QuotaClassesAdmin257Test:setUpClass): 201 POST http://10.180.1.21/identity/v3/users 0.055s
2024-08-30 23:29:50.052 62681 INFO tempest.lib.common.rest_client [req-6a125cdc-6901-4318-96ac-17c4de1e0268 req-6a125cdc-6901-4318-96ac-17c4de1e0268 ] Request (QuotaClassesAdmin257Test:setUpClass): 200 GET http://10.180.1.21/identity/v3/roles 0.022s
2024-08-30 23:29:50.081 62681 INFO tempest.lib.common.rest_client [req-707286ca-5f65-40a7-91d3-56db085be8cc req-707286ca-5f65-40a7-91d3-56db085be8cc ] Request (QuotaClassesAdmin257Test:setUpClass): 204 PUT http://10.180.1.21/identity/v3/projects/3c6e5e2d9b2e4f9e94743dad8acfa30c/users/fed6c640119d4031adc1b2b54f4dbefb/roles/385eae4c3cda4f4dbdf0786fd097b2bd 0.029s
2024-08-30 23:29:50.081 62681 INFO tempest.lib.common.dynamic_creds [-] Dynamic test user fed6c640119d4031adc1b2b54f4dbefb is created with scope project and roles: ['member']
2024-08-30 23:29:50.082 62681 INFO tempest.lib.common.dynamic_creds [-] Acquired dynamic creds: credentials: Credentials: {'domain_id': 'default', 'domain_name': 'Default', 'username': 'tempest-QuotaClassesAdmin257Test-406269317-project-member', 'project_domain_id': 'default', 'project_domain_name': 'Default', 'project_id': '3c6e5e2d9b2e4f9e94743dad8acfa30c', 'project_name': 'tempest-QuotaClassesAdmin257Test-406269317', 'tenant_id': '3c6e5e2d9b2e4f9e94743dad8acfa30c', 'tenant_name': 'tempest-QuotaClassesAdmin257Test-406269317', 'user_domain_id': 'default', 'user_domain_name': 'Default', 'user_id': 'fed6c640119d4031adc1b2b54f4dbefb', 'system': None}, Network: None, Subnet: None, Router: None
2024-08-30 23:29:50.082 62681 INFO tempest.lib.common.dynamic_creds [-] Created isolated network resources for: credentials: Credentials: {'domain_id': 'default', 'domain_name': 'Default', 'username': 'tempest-QuotaClassesAdmin257Test-406269317-project-member', 'project_domain_id': 'default', 'project_domain_name': 'Default', 'project_id': '3c6e5e2d9b2e4f9e94743dad8acfa30c', 'project_name': 'tempest-QuotaClassesAdmin257Test-406269317', 'tenant_id': '3c6e5e2d9b2e4f9e94743dad8acfa30c', 'tenant_name': 'tempest-QuotaClassesAdmin257Test-406269317', 'user_domain_id': 'default', 'user_domain_name': 'Default', 'user_id': 'fed6c640119d4031adc1b2b54f4dbefb', 'system': None}, Network: None, Subnet: None, Router: None
2024-08-30 23:29:50.084 62699 INFO tempest.lib.common.rest_client [req-d0159298-b794-4cd6-8c2a-cefac45b7a62 req-d0159298-b794-4cd6-8c2a-cefac45b7a62 ] Request (KeyPairsV22TestJSON:test_keypairsv22_create_list_show_with_type): 201 POST http://10.180.1.21/compute/v2.1/os-keypairs 1.379s
2024-08-30 23:29:50.164 62681 INFO tempest.lib.common.rest_client [req-ba036490-171b-4df8-a93e-58766ccaf7f4 req-ba036490-171b-4df8-a93e-58766ccaf7f4 ] Request (QuotaClassesAdmin257Test:setUpClass): 201 POST http://10.180.1.21/identity/v3/auth/tokens 0.077s
2024-08-30 23:29:50.248 62681 INFO tempest.lib.common.rest_client [req-eb57818f-5d62-4fde-929f-646ab9088dd7 req-eb57818f-5d62-4fde-929f-646ab9088dd7 ] Request (QuotaClassesAdmin257Test:setUpClass): 201 POST http://10.180.1.21/identity/v3/projects 0.083s
2024-08-30 23:29:50.266 62653 INFO tempest.lib.common.rest_client [req-1c1e43b7-90ec-45aa-86e6-d7749c7e7708 req-1c1e43b7-90ec-45aa-86e6-d7749c7e7708 ] Request (ServerActionsTestJSON:setUpClass): 201 POST http://10.180.1.21:9696/networking/v2.0/routers 1.382s
2024-08-30 23:29:50.315 62681 INFO tempest.lib.common.rest_client [req-04ae4d9b-0650-4574-adbe-87ae7d48d1f0 req-04ae4d9b-0650-4574-adbe-87ae7d48d1f0 ] Request (QuotaClassesAdmin257Test:setUpClass): 201 POST http://10.180.1.21/identity/v3/users 0.066s
2024-08-30 23:29:50.321 62697 INFO tempest.lib.common.rest_client [req-8465e42f-cf94-417a-8b7f-5713fbf540b0 req-8465e42f-cf94-417a-8b7f-5713fbf540b0 ] Request (ServerPasswordTestJSON:setUpClass): 200 GET http://10.180.1.21/compute/v2.1/servers/83d6cb88-cbff-48a4-9ce9-d14cb7b38b2a 1.473s
2024-08-30 23:29:50.326 62651 INFO tempest.lib.common.rest_client [req-3c397c46-311b-4c76-abae-ddc7f7223878 req-3c397c46-311b-4c76-abae-ddc7f7223878 ] Request (QuotasAdminTestJSON:tearDownClass): 200 GET http://10.180.1.21:9696/networking/v2.0/security-groups?tenant_id=f9682eb704804fe6af299362af55b8f3&name=default 0.380s
2024-08-30 23:29:50.329 62697 INFO tempest.common.waiters [-] State transition "BUILD/spawning" ==> "ACTIVE/None" after 24 second wait
2024-08-30 23:29:50.345 62681 INFO tempest.lib.common.rest_client [req-1d3b35db-b8e3-4237-bfcd-5039043dbb0c req-1d3b35db-b8e3-4237-bfcd-5039043dbb0c ] Request (QuotaClassesAdmin257Test:setUpClass): 200 GET http://10.180.1.21/identity/v3/roles 0.030s
2024-08-30 23:29:50.372 62681 INFO tempest.lib.common.rest_client [req-797b25e3-9b04-4af5-afd6-0c0493506d94 req-797b25e3-9b04-4af5-afd6-0c0493506d94 ] Request (QuotaClassesAdmin257Test:setUpClass): 204 PUT http://10.180.1.21/identity/v3/projects/f680604721f64825bf231f9aaf527b9d/users/8311245b297247b68c3ddf6479c9fde9/roles/f45e3c31b6994a7b9c88f17b68e8ddac 0.026s
2024-08-30 23:29:50.439 62681 INFO tempest.lib.common.rest_client [req-c603629d-fe3a-4738-a33c-e4e2a0c3c9d1 req-c603629d-fe3a-4738-a33c-e4e2a0c3c9d1 ] Request (QuotaClassesAdmin257Test:setUpClass): 200 GET http://10.180.1.21/identity/v3/roles 0.067s
2024-08-30 23:29:50.467 62681 INFO tempest.lib.common.rest_client [req-03525b2d-67df-430a-ba1f-db13b7fcd11b req-03525b2d-67df-430a-ba1f-db13b7fcd11b ] Request (QuotaClassesAdmin257Test:setUpClass): 204 PUT http://10.180.1.21/identity/v3/projects/f680604721f64825bf231f9aaf527b9d/users/8311245b297247b68c3ddf6479c9fde9/roles/f45e3c31b6994a7b9c88f17b68e8ddac 0.027s
2024-08-30 23:29:50.467 62681 INFO tempest.lib.common.dynamic_creds [-] Dynamic test user 8311245b297247b68c3ddf6479c9fde9 is created with scope project and roles: ['admin']
2024-08-30 23:29:50.467 62681 INFO tempest.lib.common.dynamic_creds [-] Acquired dynamic creds: credentials: Credentials: {'domain_id': 'default', 'domain_name': 'Default', 'username': 'tempest-QuotaClassesAdmin257Test-1766674084-project-admin', 'project_domain_id': 'default', 'project_domain_name': 'Default', 'project_id': 'f680604721f64825bf231f9aaf527b9d', 'project_name': 'tempest-QuotaClassesAdmin257Test-1766674084', 'tenant_id': 'f680604721f64825bf231f9aaf527b9d', 'tenant_name': 'tempest-QuotaClassesAdmin257Test-1766674084', 'user_domain_id': 'default', 'user_domain_name': 'Default', 'user_id': '8311245b297247b68c3ddf6479c9fde9', 'system': None}, Network: None, Subnet: None, Router: None
2024-08-30 23:29:50.467 62681 INFO tempest.lib.common.dynamic_creds [-] Created isolated network resources for: credentials: Credentials: {'domain_id': 'default', 'domain_name': 'Default', 'username': 'tempest-QuotaClassesAdmin257Test-1766674084-project-admin', 'project_domain_id': 'default', 'project_domain_name': 'Default', 'project_id': 'f680604721f64825bf231f9aaf527b9d', 'project_name': 'tempest-QuotaClassesAdmin257Test-1766674084', 'tenant_id': 'f680604721f64825bf231f9aaf527b9d', 'tenant_name': 'tempest-QuotaClassesAdmin257Test-1766674084', 'user_domain_id': 'default', 'user_domain_name': 'Default', 'user_id': '8311245b297247b68c3ddf6479c9fde9', 'system': None}, Network: None, Subnet: None, Router: None
2024-08-30 23:29:50.485 62688 INFO tempest.lib.common.rest_client [req-6135c1e1-5120-40cf-926a-d08a221bc3cb req-6135c1e1-5120-40cf-926a-d08a221bc3cb ] Request (ServersTestBootFromVolume:setUpClass): 202 POST http://10.180.1.21/compute/v2.1/servers 1.856s
2024-08-30 23:29:50.542 62651 INFO tempest.lib.common.rest_client [req-0f27bc76-3dcf-4b0d-b392-8f169633c65c req-0f27bc76-3dcf-4b0d-b392-8f169633c65c ] Request (QuotasAdminTestJSON:tearDownClass): 204 DELETE http://10.180.1.21:9696/networking/v2.0/security-groups/407ac15b-b85a-4ef7-9edd-63873c4aa316 0.216s
2024-08-30 23:29:50.593 62681 INFO tempest.lib.common.rest_client [req-5efbb7fc-0ce3-4d06-9d97-01dd9e2140dc req-5efbb7fc-0ce3-4d06-9d97-01dd9e2140dc ] Request (QuotaClassesAdmin257Test:setUpClass): 201 POST http://10.180.1.21/identity/v3/auth/tokens 0.122s
2024-08-30 23:29:50.683 62651 INFO tempest.lib.common.rest_client [req-f400c6ad-c6e0-4627-9cbf-76b258aaa0e3 req-f400c6ad-c6e0-4627-9cbf-76b258aaa0e3 ] Request (QuotasAdminTestJSON:tearDownClass): 204 DELETE http://10.180.1.21/identity/v3/projects/f9682eb704804fe6af299362af55b8f3 0.140s
2024-08-30 23:29:50.684 62651 INFO tempest.lib.common.dynamic_creds [-] Deleting project and security group for project: dd7f8dc6a9d64f309e24678a21fc4475
2024-08-30 23:29:50.768 62663 INFO tempest.lib.common.rest_client [req-6fe8ab2a-23a8-4b79-87f1-7602c3315778 req-6fe8ab2a-23a8-4b79-87f1-7602c3315778 ] Request (ServerDiagnosticsTest:test_get_server_diagnostics): 202 POST http://10.180.1.21/compute/v2.1/servers 1.867s
2024-08-30 23:29:50.811 62673 INFO tempest.lib.common.rest_client [req-92573892-46d9-4e9a-9a0f-2119ee8d6faa req-92573892-46d9-4e9a-9a0f-2119ee8d6faa ] Request (ServerMetadataNegativeTestJSON:setUpClass): 201 POST http://10.180.1.21:9696/networking/v2.0/routers 0.992s
2024-08-30 23:29:50.837 62649 INFO tempest.lib.common.rest_client [req-14aed910-e5c3-4aa9-90fc-e7e27c2f7c09 req-14aed910-e5c3-4aa9-90fc-e7e27c2f7c09 ] Request (ServersTestJSON:setUpClass): 200 GET http://10.180.1.21/compute/v2.1/servers/d53b4dea-c5f3-4787-9b0e-0835ee59d1f4 1.925s
2024-08-30 23:29:50.968 62655 INFO tempest.lib.common.rest_client [req-b1090968-4d5a-406b-b569-fdd9386f105f req-b1090968-4d5a-406b-b569-fdd9386f105f ] Request (SecurityGroupsTestJSON:test_security_group_create_get_delete): 200 POST http://10.180.1.21/compute/v2.1/os-security-groups 1.963s
2024-08-30 23:29:50.982 62645 INFO tempest.lib.common.rest_client [req-17d966fa-60ea-48d5-90b7-c4eafc5e49b2 req-17d966fa-60ea-48d5-90b7-c4eafc5e49b2 ] Request (AggregatesAdminNegativeTestJSON:test_aggregate_list_as_user): 403 GET http://10.180.1.21/compute/v2.1/os-aggregates 1.970s
2024-08-30 23:29:51.003 62659 INFO tempest.lib.common.rest_client [req-5f3e27fc-a758-428e-8214-29ae9bae4bad req-5f3e27fc-a758-428e-8214-29ae9bae4bad ] Request (FlavorsAdminTestJSON:test_is_public_string_variations): 200 GET http://10.180.1.21/compute/v2.1/flavors/detail?is_public=f 1.976s
2024-08-30 23:29:51.080 62651 INFO tempest.lib.common.rest_client [req-51ccd9e8-1ebc-444c-913f-f48dbf096316 req-51ccd9e8-1ebc-444c-913f-f48dbf096316 ] Request (QuotasAdminTestJSON:tearDownClass): 200 GET http://10.180.1.21:9696/networking/v2.0/security-groups?tenant_id=dd7f8dc6a9d64f309e24678a21fc4475&name=default 0.396s
2024-08-30 23:29:51.083 62667 INFO tempest.lib.common.rest_client [req-05c0919c-793b-44e9-8b7c-0f99b547b146 req-05c0919c-793b-44e9-8b7c-0f99b547b146 ] Request (TenantUsagesTestJSON:tearDownClass): 200 GET http://10.180.1.21/compute/v2.1/servers/ffe9d6c9-c232-47e8-b5c8-05db38d13811 1.978s
2024-08-30 23:29:51.090 62667 INFO tempest.common.waiters [-] State transition "ACTIVE/deleting" ==> "DELETED/None" after 3 second wait
2024-08-30 23:29:51.105 62693 INFO tempest.lib.common.rest_client [req-6ced211e-c5f8-4471-b2fb-3115a4f6c20f req-6ced211e-c5f8-4471-b2fb-3115a4f6c20f ] Request (DeleteServersAdminTestJSON:test_admin_delete_servers_of_others): 404 GET http://10.180.1.21/compute/v2.1/servers/949d346a-b3da-411d-a0cb-c0ffb46a18a3 1.912s
2024-08-30 23:29:51.170 62701 INFO tempest.lib.common.rest_client [req-63fc7b35-23e0-4103-959c-3ff9e4a37442 req-63fc7b35-23e0-4103-959c-3ff9e4a37442 ] Request (ServerShowV247Test:test_update_rebuild_list_server): 200 GET http://10.180.1.21/compute/v2.1/servers/25cfd257-747f-4551-9cbd-8596bb3a6400 1.886s
2024-08-30 23:29:51.221 62693 INFO tempest.lib.common.rest_client [req-9ec7ed8c-23f9-4e5c-b447-316cecc0bb7c req-9ec7ed8c-23f9-4e5c-b447-316cecc0bb7c ] Request (DeleteServersAdminTestJSON:test_delete_server_while_in_error_state): 201 POST http://10.180.1.21/identity/v3/auth/tokens 0.102s
2024-08-30 23:29:51.221 62693 INFO tempest.lib.common.fixed_network [-] (DeleteServersAdminTestJSON:test_delete_server_while_in_error_state) Found network None available for tenant
2024-08-30 23:29:51.255 62657 INFO tempest.lib.common.rest_client [req-12bfc6fc-ad84-49ca-beb3-b41af0d51749 req-12bfc6fc-ad84-49ca-beb3-b41af0d51749 ] Request (ServerDiagnosticsV248Test:test_get_server_diagnostics): 200 GET http://10.180.1.21/compute/v2.1/servers/5b256bda-b9e9-47f4-9fbe-20e260dc75a8 1.892s
2024-08-30 23:29:51.474 62665 INFO tempest.lib.common.rest_client [req-df7c8f98-5d44-43b9-ab3b-d608464627d4 req-df7c8f98-5d44-43b9-ab3b-d608464627d4 ] Request (ServerActionsV293TestJSON:setUpClass): 200 GET http://10.180.1.21/compute/v2.1/servers/09168014-be26-4795-a780-cbf351d5ba23 1.894s
2024-08-30 23:29:51.572 62647 INFO tempest.lib.common.rest_client [req-1879a57e-6a3f-4554-9f75-45f859a177b3 req-1879a57e-6a3f-4554-9f75-45f859a177b3 ] Request (ServerExternalEventsTest:tearDownClass): 200 GET http://10.180.1.21/compute/v2.1/servers/e4e6dd9f-c583-4e24-bbaf-e82a2fc36c5c 1.888s
2024-08-30 23:29:51.635 62679 INFO tempest.lib.common.rest_client [req-00030351-0e62-4298-bfb6-375ea973cf42 req-00030351-0e62-4298-bfb6-375ea973cf42 ] Request (ServersAdmin275Test:test_rebuild_update_server_275): 200 GET http://10.180.1.21/compute/v2.1/servers/78fd25f8-8e3c-4e4c-b811-b97b60658e33 1.937s
2024-08-30 23:29:51.692 62677 INFO tempest.lib.common.rest_client [req-ef02d2b1-d30e-446d-beac-57ca14f9215e req-ef02d2b1-d30e-446d-beac-57ca14f9215e ] Request (InstanceActionsNegativeTestJSON:setUpClass): 200 GET http://10.180.1.21/compute/v2.1/servers/b9bf2f3f-207b-443e-8621-1337b46f0739 1.911s
2024-08-30 23:29:51.704 62651 INFO tempest.lib.common.rest_client [req-80fcc6d1-2811-48b1-83c2-07f43e5ea78d req-80fcc6d1-2811-48b1-83c2-07f43e5ea78d ] Request (QuotasAdminTestJSON:tearDownClass): 204 DELETE http://10.180.1.21:9696/networking/v2.0/security-groups/7d1f986c-5a0d-4dcb-b563-92a609edea9e 0.624s
2024-08-30 23:29:51.752 62705 INFO tempest.lib.common.rest_client [req-4a80a8dd-a270-4d5a-bd8a-c4fc77d6061c req-4a80a8dd-a270-4d5a-bd8a-c4fc77d6061c ] Request (ServerActionsTestOtherA:setUpClass): 200 GET http://10.180.1.21/compute/v2.1/servers/9791dbf3-e683-4f58-a953-5505be8f8ed2 1.877s
2024-08-30 23:29:51.770 62699 INFO tempest.lib.common.rest_client [req-22211fe0-8b60-4836-9e35-dff9c8935df3 req-22211fe0-8b60-4836-9e35-dff9c8935df3 ] Request (KeyPairsV22TestJSON:test_keypairsv22_create_list_show_with_type): 200 GET http://10.180.1.21/compute/v2.1/os-keypairs/tempest-keypair-1374406652 1.685s
2024-08-30 23:29:51.823 62675 INFO tempest.lib.common.rest_client [req-7d293f22-9779-471b-8b64-360c86238b2f req-7d293f22-9779-471b-8b64-360c86238b2f ] Request (ServerShowV257Test:test_rebuild_server): 200 GET http://10.180.1.21/compute/v2.1/servers/e2675b0e-1904-4b80-86db-d443d4c92ff1 1.729s
2024-08-30 23:29:51.853 62651 INFO tempest.lib.common.rest_client [req-bda0e0c6-2935-48ad-9210-b3cdaa8c942e req-bda0e0c6-2935-48ad-9210-b3cdaa8c942e ] Request (QuotasAdminTestJSON:tearDownClass): 204 DELETE http://10.180.1.21/identity/v3/projects/dd7f8dc6a9d64f309e24678a21fc4475 0.148s
2024-08-30 23:29:51.915 62683 INFO tempest.lib.common.rest_client [req-a9619bfe-9a7f-473f-b825-05dadb45bc1d req-a9619bfe-9a7f-473f-b825-05dadb45bc1d ] Request (ServersAdminTestJSON:setUpClass): 200 GET http://10.180.1.21/compute/v2.1/servers/c306e9de-46ac-4518-a02b-c34f9325c4f0 1.776s
2024-08-30 23:29:51.943 62651 INFO tempest.lib.common.rest_client [req-5ecad70b-6c9b-4ada-9bf1-9db197a55778 req-5ecad70b-6c9b-4ada-9bf1-9db197a55778 ] Request (QuotasAdminTestV257:setUpClass): 201 POST http://10.180.1.21/identity/v3/auth/tokens 0.086s
2024-08-30 23:29:51.980 62651 INFO tempest.lib.common.rest_client [req-3b3ab52d-0c82-4731-a45a-d155b88a18ff req-3b3ab52d-0c82-4731-a45a-d155b88a18ff ] Request (QuotasAdminTestV257:setUpClass): 201 POST http://10.180.1.21/identity/v3/auth/tokens 0.034s
2024-08-30 23:29:52.002 62651 INFO tempest.lib.common.rest_client [req-5a325817-33ec-425f-9cfd-d7ef23563e5f req-5a325817-33ec-425f-9cfd-d7ef23563e5f ] Request (QuotasAdminTestV257:setUpClass): 200 GET http://10.180.1.21/identity/v3/domains?name=Default 0.021s
2024-08-30 23:29:52.035 62651 INFO tempest.lib.common.rest_client [req-54dd8acb-9bbe-44f9-85f8-edd12821b418 req-54dd8acb-9bbe-44f9-85f8-edd12821b418 ] Request (QuotasAdminTestV257:setUpClass): 201 POST http://10.180.1.21/identity/v3/projects 0.032s
2024-08-30 23:29:52.072 62661 INFO tempest.lib.common.rest_client [req-d701d244-f996-42b1-bcc2-2131377fc340 req-d701d244-f996-42b1-bcc2-2131377fc340 ] Request (MigrationsAdminTest:test_list_migrations_in_flavor_resize_situation): 200 GET http://10.180.1.21/compute/v2.1/servers/b8417f67-e047-4a5f-b1f2-b8c3029c3dfa 1.910s
2024-08-30 23:29:52.079 62661 INFO tempest.common.waiters [-] State transition "RESIZE/resize_prep" ==> "RESIZE/resize_migrating" after 20 second wait
2024-08-30 23:29:52.107 62651 INFO tempest.lib.common.rest_client [req-137a7879-36e7-4345-9e1c-ffc3de040eaf req-137a7879-36e7-4345-9e1c-ffc3de040eaf ] Request (QuotasAdminTestV257:setUpClass): 201 POST http://10.180.1.21/identity/v3/users 0.071s
2024-08-30 23:29:52.121 62689 INFO tempest.lib.common.rest_client [req-a621c233-beeb-465f-bd96-07400641f83b req-a621c233-beeb-465f-bd96-07400641f83b ] Request (ServersAdminNegativeTestJSON:test_migrate_server_invalid_state): 200 GET http://10.180.1.21/compute/v2.1/servers/9fb0c690-6690-491f-aac9-7ab46a92abdf 1.935s
2024-08-30 23:29:52.128 62651 INFO tempest.lib.common.rest_client [req-75e3e04d-e536-480b-b225-b8381903c1a4 req-75e3e04d-e536-480b-b225-b8381903c1a4 ] Request (QuotasAdminTestV257:setUpClass): 200 GET http://10.180.1.21/identity/v3/roles 0.021s
2024-08-30 23:29:52.161 62651 INFO tempest.lib.common.rest_client [req-8a0211b9-47e0-43c4-ad49-2c522bdd3712 req-8a0211b9-47e0-43c4-ad49-2c522bdd3712 ] Request (QuotasAdminTestV257:setUpClass): 204 PUT http://10.180.1.21/identity/v3/projects/1f280e31b7744a7db31fceb1e6239b99/users/f513931d8fe84acda29d4ff4a15ab746/roles/385eae4c3cda4f4dbdf0786fd097b2bd 0.033s
2024-08-30 23:29:52.161 62651 INFO tempest.lib.common.dynamic_creds [-] Dynamic test user f513931d8fe84acda29d4ff4a15ab746 is created with scope project and roles: ['member']
2024-08-30 23:29:52.162 62651 INFO tempest.lib.common.dynamic_creds [-] Acquired dynamic creds: credentials: Credentials: {'domain_id': 'default', 'domain_name': 'Default', 'username': 'tempest-QuotasAdminTestV257-608551667-project-member', 'project_domain_id': 'default', 'project_domain_name': 'Default', 'project_id': '1f280e31b7744a7db31fceb1e6239b99', 'project_name': 'tempest-QuotasAdminTestV257-608551667', 'tenant_id': '1f280e31b7744a7db31fceb1e6239b99', 'tenant_name': 'tempest-QuotasAdminTestV257-608551667', 'user_domain_id': 'default', 'user_domain_name': 'Default', 'user_id': 'f513931d8fe84acda29d4ff4a15ab746', 'system': None}, Network: None, Subnet: None, Router: None
2024-08-30 23:29:52.162 62651 INFO tempest.lib.common.dynamic_creds [-] Created isolated network resources for: credentials: Credentials: {'domain_id': 'default', 'domain_name': 'Default', 'username': 'tempest-QuotasAdminTestV257-608551667-project-member', 'project_domain_id': 'default', 'project_domain_name': 'Default', 'project_id': '1f280e31b7744a7db31fceb1e6239b99', 'project_name': 'tempest-QuotasAdminTestV257-608551667', 'tenant_id': '1f280e31b7744a7db31fceb1e6239b99', 'tenant_name': 'tempest-QuotasAdminTestV257-608551667', 'user_domain_id': 'default', 'user_domain_name': 'Default', 'user_id': 'f513931d8fe84acda29d4ff4a15ab746', 'system': None}, Network: None, Subnet: None, Router: None
2024-08-30 23:29:52.172 62695 INFO tempest.lib.common.rest_client [req-fb5bb6fc-4277-4253-bfaa-5b549a12f588 req-fb5bb6fc-4277-4253-bfaa-5b549a12f588 ] Request (ServersTestFqdnHostnames:test_create_server_with_fqdn_name): 200 GET http://10.180.1.21/compute/v2.1/servers/f8983202-85ed-47f8-9223-158541b4af49 1.924s
2024-08-30 23:29:52.179 62671 INFO tempest.lib.common.rest_client [req-079d6b11-3631-4469-9ffb-aac32306b966 req-079d6b11-3631-4469-9ffb-aac32306b966 ] Request (FloatingIPsAssociationTestJSON:setUpClass): 200 POST http://10.180.1.21/compute/v2.1/os-floating-ips 3.281s
2024-08-30 23:29:52.235 62691 INFO tempest.lib.common.rest_client [req-4cb8b234-477c-4248-b6f0-eafdc858b3fc req-4cb8b234-477c-4248-b6f0-eafdc858b3fc ] Request (ListServersNegativeTestJSON:setUpClass): 200 GET http://10.180.1.21/compute/v2.1/servers/1c5f5b5c-f6d7-4798-a85f-5824cd60f4bd 1.985s
2024-08-30 23:29:52.260 62671 INFO tempest.lib.common.rest_client [req-d2dabf51-02e9-4c1b-b937-d52a615eeebe req-d2dabf51-02e9-4c1b-b937-d52a615eeebe ] Request (FloatingIPsAssociationTestJSON:test_associate_already_associated_floating_ip): 201 POST http://10.180.1.21/identity/v3/auth/tokens 0.075s
2024-08-30 23:29:52.261 62671 INFO tempest.lib.common.fixed_network [-] (FloatingIPsAssociationTestJSON:test_associate_already_associated_floating_ip) Found network {'id': 'f2d5a52c-c828-4bb2-96b6-d234e38e4fbd', 'name': 'tempest-FloatingIPsAssociationTestJSON-268376530-network', 'tenant_id': '8ac357e4eece400984438c66c8e45bfc', 'admin_state_up': True, 'mtu': 8950, 'status': 'ACTIVE', 'subnets': [], 'shared': False, 'project_id': '8ac357e4eece400984438c66c8e45bfc', 'port_security_enabled': True, 'router:external': False, 'provider:network_type': 'vlan', 'provider:physical_network': 'default', 'provider:segmentation_id': 210, 'is_default': False, 'availability_zone_hints': [], 'availability_zones': [], 'ipv4_address_scope': None, 'ipv6_address_scope': None, 'description': '', 'tags': [], 'created_at': '2024-08-30T23:29:12Z', 'updated_at': '2024-08-30T23:29:12Z', 'revision_number': 1} available for tenant
2024-08-30 23:29:52.273 62651 INFO tempest.lib.common.rest_client [req-1809447a-2034-4bc2-834f-b9cc9af44b5e req-1809447a-2034-4bc2-834f-b9cc9af44b5e ] Request (QuotasAdminTestV257:setUpClass): 201 POST http://10.180.1.21/identity/v3/auth/tokens 0.108s
2024-08-30 23:29:52.275 62669 INFO tempest.lib.common.rest_client [req-e9c29f8e-925c-4b84-a4ac-ff653fc34916 req-e9c29f8e-925c-4b84-a4ac-ff653fc34916 ] Request (AttachInterfacesV270Test:test_create_get_list_interfaces): 200 GET http://10.180.1.21/compute/v2.1/servers/bab50898-96b1-444f-af09-08bb6c669155 1.963s
2024-08-30 23:29:52.324 62697 INFO tempest.lib.common.rest_client [req-255395af-d17b-4aac-8fb6-c8ca6fbc6703 req-255395af-d17b-4aac-8fb6-c8ca6fbc6703 ] Request (ServerPasswordTestJSON:test_delete_server_password): 204 DELETE http://10.180.1.21/compute/v2.1/servers/83d6cb88-cbff-48a4-9ce9-d14cb7b38b2a/os-server-password 1.993s
2024-08-30 23:29:52.353 62688 INFO tempest.lib.common.rest_client [req-9b830357-0f2b-4f95-85c9-5084924098ac req-9b830357-0f2b-4f95-85c9-5084924098ac ] Request (ServersTestBootFromVolume:setUpClass): 200 GET http://10.180.1.21/compute/v2.1/servers/10c0f8ae-e35c-457d-a9b2-0a98f99be542 1.865s
2024-08-30 23:29:52.390 62651 INFO tempest.lib.common.rest_client [req-91f16434-6721-46b9-bc16-ec515314c0d9 req-91f16434-6721-46b9-bc16-ec515314c0d9 ] Request (QuotasAdminTestV257:setUpClass): 201 POST http://10.180.1.21/identity/v3/projects 0.116s
2024-08-30 23:29:52.434 62663 INFO tempest.lib.common.rest_client [req-f2464f6e-7123-4849-999b-07e50e6b83c9 req-f2464f6e-7123-4849-999b-07e50e6b83c9 ] Request (ServerDiagnosticsTest:test_get_server_diagnostics): 200 GET http://10.180.1.21/compute/v2.1/servers/2ae9e9c6-8eb7-4bb9-81f2-1bafbaa498e5 1.664s
2024-08-30 23:29:52.469 62653 INFO tempest.lib.common.rest_client [req-22747070-0f8b-46a5-afba-57f205b0f531 req-22747070-0f8b-46a5-afba-57f205b0f531 ] Request (ServerActionsTestJSON:setUpClass): 200 PUT http://10.180.1.21:9696/networking/v2.0/routers/0a33a197-8824-4335-aef9-1fff3a055f62/add_router_interface 2.203s
2024-08-30 23:29:52.470 62653 INFO tempest.lib.common.dynamic_creds [-] Created isolated network resources for: credentials: Credentials: {'domain_id': 'default', 'domain_name': 'Default', 'username': 'tempest-ServerActionsTestJSON-1299217993-project-member', 'project_domain_id': 'default', 'project_domain_name': 'Default', 'project_id': 'af67dde5f0c34839abbafe69a71988d7', 'project_name': 'tempest-ServerActionsTestJSON-1299217993', 'tenant_id': 'af67dde5f0c34839abbafe69a71988d7', 'tenant_name': 'tempest-ServerActionsTestJSON-1299217993', 'user_domain_id': 'default', 'user_domain_name': 'Default', 'user_id': '5dde79ab34a94834823dc0f10ed8cda3', 'system': None}, Network: {'id': '0aa8682b-e1d1-4705-bc0d-d2baf67d2d5d', 'name': 'tempest-ServerActionsTestJSON-475731655-network', 'tenant_id': 'af67dde5f0c34839abbafe69a71988d7', 'admin_state_up': True, 'mtu': 8950, 'status': 'ACTIVE', 'subnets': [], 'shared': False, 'project_id': 'af67dde5f0c34839abbafe69a71988d7', 'port_security_enabled': True, 'router:external': False, 'provider:network_type': 'vlan', 'provider:physical_network': 'default', 'provider:segmentation_id': 942, 'is_default': False, 'availability_zone_hints': [], 'availability_zones': [], 'ipv4_address_scope': None, 'ipv6_address_scope': None, 'description': '', 'tags': [], 'created_at': '2024-08-30T23:29:48Z', 'updated_at': '2024-08-30T23:29:48Z', 'revision_number': 1}, Subnet: {'id': '0293cceb-f8a7-4287-bc3f-0a017e31d95d', 'name': 'tempest-ServerActionsTestJSON-475731655-subnet', 'tenant_id': 'af67dde5f0c34839abbafe69a71988d7', 'network_id': '0aa8682b-e1d1-4705-bc0d-d2baf67d2d5d', 'ip_version': 4, 'subnetpool_id': None, 'enable_dhcp': True, 'ipv6_ra_mode': None, 'ipv6_address_mode': None, 'gateway_ip': '192.168.128.1', 'cidr': '192.168.128.0/28', 'allocation_pools': [{'start': '192.168.128.2', 'end': '192.168.128.14'}], 'host_routes': [], 'dns_nameservers': [], 'description': '', 'router:external': False, 'service_types': [], 'tags': [], 'created_at': '2024-08-30T23:29:48Z', 'updated_at': '2024-08-30T23:29:48Z', 'revision_number': 0, 'project_id': 'af67dde5f0c34839abbafe69a71988d7'}, Router: {'id': '0a33a197-8824-4335-aef9-1fff3a055f62', 'name': 'tempest-ServerActionsTestJSON-475731655-router', 'tenant_id': 'af67dde5f0c34839abbafe69a71988d7', 'admin_state_up': True, 'status': 'ACTIVE', 'external_gateway_info': {'network_id': 'f3dd8165-3eef-4c2e-b6ab-5b4143ad2f1b', 'external_fixed_ips': [{'subnet_id': '26fa452c-15c6-42b6-a888-4cfa1273bdea', 'ip_address': '10.180.180.169'}], 'enable_snat': True}, 'description': '', 'availability_zones': [], 'distributed': False, 'ha': False, 'availability_zone_hints': [], 'routes': [], 'flavor_id': None, 'tags': [], 'created_at': '2024-08-30T23:29:48Z', 'updated_at': '2024-08-30T23:29:49Z', 'revision_number': 2, 'project_id': 'af67dde5f0c34839abbafe69a71988d7'}
2024-08-30 23:29:52.487 62681 INFO tempest.lib.common.rest_client [req-b0c4bfe4-0738-48da-a654-14a132feed4e req-b0c4bfe4-0738-48da-a654-14a132feed4e ] Request (QuotaClassesAdmin257Test:test_update_default_quotas): 200 GET http://10.180.1.21/compute/v2.1/os-quota-class-sets/default 1.892s
2024-08-30 23:29:52.510 62651 INFO tempest.lib.common.rest_client [req-21ff8a39-8c4b-4a70-a565-7b7f991b80d6 req-21ff8a39-8c4b-4a70-a565-7b7f991b80d6 ] Request (QuotasAdminTestV257:setUpClass): 201 POST http://10.180.1.21/identity/v3/users 0.117s
2024-08-30 23:29:52.527 62645 INFO tempest.lib.common.rest_client [req-373dc58f-eb50-4c2e-822d-8a8246bfce60 req-373dc58f-eb50-4c2e-822d-8a8246bfce60 ] Request (AggregatesAdminNegativeTestJSON:test_aggregate_remove_host_as_user): 200 POST http://10.180.1.21/compute/v2.1/os-aggregates 1.544s
2024-08-30 23:29:52.542 62655 INFO tempest.lib.common.rest_client [req-7f5952b5-3a56-4a65-8309-12312a4c38a2 req-7f5952b5-3a56-4a65-8309-12312a4c38a2 ] Request (SecurityGroupsTestJSON:test_security_group_create_get_delete): 200 GET http://10.180.1.21/compute/v2.1/os-security-groups/b961cabd-d832-45d5-9c8e-de1995f0cdf1 1.568s
2024-08-30 23:29:52.542 62659 INFO tempest.lib.common.rest_client [req-f3eaa179-afb6-451f-a0ee-7cec4ccdd3c4 req-f3eaa179-afb6-451f-a0ee-7cec4ccdd3c4 ] Request (FlavorsAdminTestJSON:test_is_public_string_variations): 200 GET http://10.180.1.21/compute/v2.1/flavors/detail?is_public=false 1.533s
2024-08-30 23:29:52.553 62651 INFO tempest.lib.common.rest_client [req-84a1437e-baf6-4354-b17b-682fd9aafc5e req-84a1437e-baf6-4354-b17b-682fd9aafc5e ] Request (QuotasAdminTestV257:setUpClass): 200 GET http://10.180.1.21/identity/v3/roles 0.040s
2024-08-30 23:29:52.559 62699 INFO tempest.lib.common.rest_client [req-dc62fe35-4abe-48e8-8772-8cce4d96dd3d req-dc62fe35-4abe-48e8-8772-8cce4d96dd3d ] Request (KeyPairsV22TestJSON:test_keypairsv22_create_list_show_with_type): 200 GET http://10.180.1.21/compute/v2.1/os-keypairs 0.787s
2024-08-30 23:29:52.590 62651 INFO tempest.lib.common.rest_client [req-8e1394c7-7cf7-4fa1-8743-c6bd20954075 req-8e1394c7-7cf7-4fa1-8743-c6bd20954075 ] Request (QuotasAdminTestV257:setUpClass): 204 PUT http://10.180.1.21/identity/v3/projects/403dba93bca64639b4db3ed105d4adf1/users/874680ad507e432fa59a4c72dca4cedd/roles/f45e3c31b6994a7b9c88f17b68e8ddac 0.036s
2024-08-30 23:29:52.615 62653 INFO tempest.lib.common.rest_client [req-8f2b24c9-5c4d-46d1-961c-f5691ea622b5 req-8f2b24c9-5c4d-46d1-961c-f5691ea622b5 ] Request (ServerActionsTestJSON:setUpClass): 201 POST http://10.180.1.21/identity/v3/auth/tokens 0.142s
2024-08-30 23:29:52.661 62651 INFO tempest.lib.common.rest_client [req-e324cf34-50f4-4dfc-8d2d-d1e768abb66d req-e324cf34-50f4-4dfc-8d2d-d1e768abb66d ] Request (QuotasAdminTestV257:setUpClass): 200 GET http://10.180.1.21/identity/v3/roles 0.071s
2024-08-30 23:29:52.665 62649 INFO tempest.lib.common.rest_client [req-91dd935d-5e80-491a-8eca-81103265653e req-91dd935d-5e80-491a-8eca-81103265653e ] Request (ServersTestJSON:setUpClass): 200 GET http://10.180.1.21/compute/v2.1/servers/d53b4dea-c5f3-4787-9b0e-0835ee59d1f4 0.816s
2024-08-30 23:29:52.696 62651 INFO tempest.lib.common.rest_client [req-eebbda00-8aff-42d1-a487-e55836026e66 req-eebbda00-8aff-42d1-a487-e55836026e66 ] Request (QuotasAdminTestV257:setUpClass): 204 PUT http://10.180.1.21/identity/v3/projects/403dba93bca64639b4db3ed105d4adf1/users/874680ad507e432fa59a4c72dca4cedd/roles/f45e3c31b6994a7b9c88f17b68e8ddac 0.034s
2024-08-30 23:29:52.696 62651 INFO tempest.lib.common.dynamic_creds [-] Dynamic test user 874680ad507e432fa59a4c72dca4cedd is created with scope project and roles: ['admin']
2024-08-30 23:29:52.696 62651 INFO tempest.lib.common.dynamic_creds [-] Acquired dynamic creds: credentials: Credentials: {'domain_id': 'default', 'domain_name': 'Default', 'username': 'tempest-QuotasAdminTestV257-1117069027-project-admin', 'project_domain_id': 'default', 'project_domain_name': 'Default', 'project_id': '403dba93bca64639b4db3ed105d4adf1', 'project_name': 'tempest-QuotasAdminTestV257-1117069027', 'tenant_id': '403dba93bca64639b4db3ed105d4adf1', 'tenant_name': 'tempest-QuotasAdminTestV257-1117069027', 'user_domain_id': 'default', 'user_domain_name': 'Default', 'user_id': '874680ad507e432fa59a4c72dca4cedd', 'system': None}, Network: None, Subnet: None, Router: None
2024-08-30 23:29:52.696 62651 INFO tempest.lib.common.dynamic_creds [-] Created isolated network resources for: credentials: Credentials: {'domain_id': 'default', 'domain_name': 'Default', 'username': 'tempest-QuotasAdminTestV257-1117069027-project-admin', 'project_domain_id': 'default', 'project_domain_name': 'Default', 'project_id': '403dba93bca64639b4db3ed105d4adf1', 'project_name': 'tempest-QuotasAdminTestV257-1117069027', 'tenant_id': '403dba93bca64639b4db3ed105d4adf1', 'tenant_name': 'tempest-QuotasAdminTestV257-1117069027', 'user_domain_id': 'default', 'user_domain_name': 'Default', 'user_id': '874680ad507e432fa59a4c72dca4cedd', 'system': None}, Network: None, Subnet: None, Router: None
2024-08-30 23:29:52.741 62667 INFO tempest.lib.common.rest_client [req-1272d134-639e-4e53-9264-5b4933616137 req-1272d134-639e-4e53-9264-5b4933616137 ] Request (TenantUsagesTestJSON:tearDownClass): 200 GET http://10.180.1.21/compute/v2.1/servers/ffe9d6c9-c232-47e8-b5c8-05db38d13811 0.650s
2024-08-30 23:29:52.793 62651 INFO tempest.lib.common.rest_client [req-ec79d440-46d3-479d-bfa7-0e3b40bf18a9 req-ec79d440-46d3-479d-bfa7-0e3b40bf18a9 ] Request (QuotasAdminTestV257:setUpClass): 201 POST http://10.180.1.21/identity/v3/auth/tokens 0.094s
2024-08-30 23:29:52.796 62693 INFO tempest.lib.common.rest_client [req-d93fd730-f22b-4f80-9c7b-958b2c99d12e req-d93fd730-f22b-4f80-9c7b-958b2c99d12e ] Request (DeleteServersAdminTestJSON:test_delete_server_while_in_error_state): 202 POST http://10.180.1.21/compute/v2.1/servers 1.574s
2024-08-30 23:29:52.806 62701 INFO tempest.lib.common.rest_client [req-edee5986-4a7b-4b2a-95e0-248ac80cfea0 req-edee5986-4a7b-4b2a-95e0-248ac80cfea0 ] Request (ServerShowV247Test:test_update_rebuild_list_server): 200 GET http://10.180.1.21/compute/v2.1/servers/25cfd257-747f-4551-9cbd-8596bb3a6400 0.616s
2024-08-30 23:29:52.819 62701 INFO tempest.common.waiters [-] State transition "BUILD/spawning" ==> "ACTIVE/None" after 20 second wait
2024-08-30 23:29:52.841 62673 INFO tempest.lib.common.rest_client [req-2d339658-c6b6-4bfd-8bd5-1497c5f8daca req-2d339658-c6b6-4bfd-8bd5-1497c5f8daca ] Request (ServerMetadataNegativeTestJSON:setUpClass): 200 PUT http://10.180.1.21:9696/networking/v2.0/routers/dfb0655f-da23-46d7-bdc6-9dcd9e49b254/add_router_interface 2.030s
2024-08-30 23:29:52.842 62673 INFO tempest.lib.common.dynamic_creds [-] Created isolated network resources for: credentials: Credentials: {'domain_id': 'default', 'domain_name': 'Default', 'username': 'tempest-ServerMetadataNegativeTestJSON-1703905495-project-member', 'project_domain_id': 'default', 'project_domain_name': 'Default', 'project_id': '0e2145858c544e3691fd79a47e592f12', 'project_name': 'tempest-ServerMetadataNegativeTestJSON-1703905495', 'tenant_id': '0e2145858c544e3691fd79a47e592f12', 'tenant_name': 'tempest-ServerMetadataNegativeTestJSON-1703905495', 'user_domain_id': 'default', 'user_domain_name': 'Default', 'user_id': 'b11efde031b84565b3060be686434a67', 'system': None}, Network: {'id': '7f0ba5c5-fa06-4d7b-804b-0ab9febdc234', 'name': 'tempest-ServerMetadataNegativeTestJSON-135451851-network', 'tenant_id': '0e2145858c544e3691fd79a47e592f12', 'admin_state_up': True, 'mtu': 8950, 'status': 'ACTIVE', 'subnets': [], 'shared': False, 'project_id': '0e2145858c544e3691fd79a47e592f12', 'port_security_enabled': True, 'router:external': False, 'provider:network_type': 'vlan', 'provider:physical_network': 'default', 'provider:segmentation_id': 466, 'is_default': False, 'availability_zone_hints': [], 'availability_zones': [], 'ipv4_address_scope': None, 'ipv6_address_scope': None, 'description': '', 'tags': [], 'created_at': '2024-08-30T23:29:49Z', 'updated_at': '2024-08-30T23:29:49Z', 'revision_number': 1}, Subnet: {'id': '223968f7-6583-45d7-a8fc-8a3cb7dfda6d', 'name': 'tempest-ServerMetadataNegativeTestJSON-135451851-subnet', 'tenant_id': '0e2145858c544e3691fd79a47e592f12', 'network_id': '7f0ba5c5-fa06-4d7b-804b-0ab9febdc234', 'ip_version': 4, 'subnetpool_id': None, 'enable_dhcp': True, 'ipv6_ra_mode': None, 'ipv6_address_mode': None, 'gateway_ip': '192.168.128.1', 'cidr': '192.168.128.0/28', 'allocation_pools': [{'start': '192.168.128.2', 'end': '192.168.128.14'}], 'host_routes': [], 'dns_nameservers': [], 'description': '', 'router:external': False, 'service_types': [], 'tags': [], 'created_at': '2024-08-30T23:29:49Z', 'updated_at': '2024-08-30T23:29:49Z', 'revision_number': 0, 'project_id': '0e2145858c544e3691fd79a47e592f12'}, Router: {'id': 'dfb0655f-da23-46d7-bdc6-9dcd9e49b254', 'name': 'tempest-ServerMetadataNegativeTestJSON-135451851-router', 'tenant_id': '0e2145858c544e3691fd79a47e592f12', 'admin_state_up': True, 'status': 'ACTIVE', 'external_gateway_info': {'network_id': 'f3dd8165-3eef-4c2e-b6ab-5b4143ad2f1b', 'external_fixed_ips': [{'subnet_id': '26fa452c-15c6-42b6-a888-4cfa1273bdea', 'ip_address': '10.180.180.165'}], 'enable_snat': True}, 'description': '', 'availability_zones': [], 'distributed': False, 'ha': False, 'availability_zone_hints': [], 'routes': [], 'flavor_id': None, 'tags': [], 'created_at': '2024-08-30T23:29:49Z', 'updated_at': '2024-08-30T23:29:50Z', 'revision_number': 2, 'project_id': '0e2145858c544e3691fd79a47e592f12'}
2024-08-30 23:29:52.882 62657 INFO tempest.lib.common.rest_client [req-7bd910d7-1cd9-4fb8-b080-942f6fcaab30 req-7bd910d7-1cd9-4fb8-b080-942f6fcaab30 ] Request (ServerDiagnosticsV248Test:test_get_server_diagnostics): 200 GET http://10.180.1.21/compute/v2.1/servers/5b256bda-b9e9-47f4-9fbe-20e260dc75a8 0.617s
2024-08-30 23:29:52.892 62703 WARNING tempest.lib.common.ssh [-] Failed to establish authenticated ssh connection to cirros@10.180.180.146 ([Errno None] Unable to connect to port 22 on 10.180.180.146). Number attempts: 3. Retry after 4 seconds.: paramiko.ssh_exception.NoValidConnectionsError: [Errno None] Unable to connect to port 22 on 10.180.180.146
2024-08-30 23:29:52.908 62697 INFO tempest.lib.common.rest_client [req-210dd50f-fd41-45f1-8a5b-3786a7e215de req-210dd50f-fd41-45f1-8a5b-3786a7e215de ] Request (ServerPasswordTestJSON:test_get_server_password): 200 GET http://10.180.1.21/compute/v2.1/servers/83d6cb88-cbff-48a4-9ce9-d14cb7b38b2a/os-server-password 0.583s
2024-08-30 23:29:52.945 62673 INFO tempest.lib.common.rest_client [req-f53da627-434e-4f74-b4c9-068d175bbf45 req-f53da627-434e-4f74-b4c9-068d175bbf45 ] Request (ServerMetadataNegativeTestJSON:setUpClass): 201 POST http://10.180.1.21/identity/v3/auth/tokens 0.100s
2024-08-30 23:29:52.946 62673 WARNING tempest.lib.common.rest_client [-] Deprecated: "tenant_id" property is deprecated for removal, use "project_id" instead
2024-08-30 23:29:52.958 62681 INFO tempest.lib.common.rest_client [req-9d0bfd3a-731d-4285-95e0-7eadd777adf7 req-9d0bfd3a-731d-4285-95e0-7eadd777adf7 ] Request (QuotaClassesAdmin257Test:test_update_default_quotas): 200 PUT http://10.180.1.21/compute/v2.1/os-quota-class-sets/default 0.469s
2024-08-30 23:29:52.979 62673 INFO tempest.lib.common.rest_client [req-3a017d84-cb5a-4fea-974a-a0e94dd193ac req-3a017d84-cb5a-4fea-974a-a0e94dd193ac ] Request (ServerMetadataNegativeTestJSON:setUpClass): 201 POST http://10.180.1.21/identity/v3/auth/tokens 0.029s
2024-08-30 23:29:52.980 62673 INFO tempest.lib.common.fixed_network [-] (ServerMetadataNegativeTestJSON:setUpClass) Found network {'id': '7f0ba5c5-fa06-4d7b-804b-0ab9febdc234', 'name': 'tempest-ServerMetadataNegativeTestJSON-135451851-network', 'tenant_id': '0e2145858c544e3691fd79a47e592f12', 'admin_state_up': True, 'mtu': 8950, 'status': 'ACTIVE', 'subnets': [], 'shared': False, 'project_id': '0e2145858c544e3691fd79a47e592f12', 'port_security_enabled': True, 'router:external': False, 'provider:network_type': 'vlan', 'provider:physical_network': 'default', 'provider:segmentation_id': 466, 'is_default': False, 'availability_zone_hints': [], 'availability_zones': [], 'ipv4_address_scope': None, 'ipv6_address_scope': None, 'description': '', 'tags': [], 'created_at': '2024-08-30T23:29:49Z', 'updated_at': '2024-08-30T23:29:49Z', 'revision_number': 1} available for tenant
2024-08-30 23:29:53.104 62665 INFO tempest.lib.common.rest_client [req-a3e92bde-eea7-4852-a45c-f32f56e6a3c8 req-a3e92bde-eea7-4852-a45c-f32f56e6a3c8 ] Request (ServerActionsV293TestJSON:setUpClass): 200 GET http://10.180.1.21/compute/v2.1/servers/09168014-be26-4795-a780-cbf351d5ba23 0.612s
2024-08-30 23:29:53.113 62665 INFO tempest.common.waiters [-] State transition "BUILD/spawning" ==> "ACTIVE/None" after 25 second wait
2024-08-30 23:29:53.218 62645 INFO tempest.lib.common.rest_client [req-0566f708-3f80-45d5-b4ab-269d75387717 req-0566f708-3f80-45d5-b4ab-269d75387717 ] Request (AggregatesAdminNegativeTestJSON:test_aggregate_remove_host_as_user): 200 POST http://10.180.1.21/compute/v2.1/os-aggregates/7/action 0.689s
2024-08-30 23:29:53.309 62671 INFO tempest.lib.common.rest_client [req-c250f252-437c-431e-b11a-0be8033bf482 req-c250f252-437c-431e-b11a-0be8033bf482 ] Request (FloatingIPsAssociationTestJSON:test_associate_already_associated_floating_ip): 202 POST http://10.180.1.21/compute/v2.1/servers 1.047s
2024-08-30 23:29:53.332 62659 INFO tempest.lib.common.rest_client [req-ea4fd5b1-bf14-4a5a-a7ed-fdd439297b8d req-ea4fd5b1-bf14-4a5a-a7ed-fdd439297b8d ] Request (FlavorsAdminTestJSON:test_is_public_string_variations): 200 GET http://10.180.1.21/compute/v2.1/flavors/detail?is_public=no 0.785s
2024-08-30 23:29:53.377 62699 INFO tempest.lib.common.rest_client [req-5233bb51-a2fb-4f17-8823-d515446cee49 req-5233bb51-a2fb-4f17-8823-d515446cee49 ] Request (KeyPairsV22TestJSON:_run_cleanups): 204 DELETE http://10.180.1.21/compute/v2.1/os-keypairs/tempest-keypair-1374406652 0.816s
2024-08-30 23:29:53.470 62655 INFO tempest.lib.common.rest_client [req-d8308e24-17ff-4fe1-aff0-e8d1b40cf26a req-d8308e24-17ff-4fe1-aff0-e8d1b40cf26a ] Request (SecurityGroupsTestJSON:test_security_group_create_get_delete): 202 DELETE http://10.180.1.21/compute/v2.1/os-security-groups/b961cabd-d832-45d5-9c8e-de1995f0cdf1 0.926s
2024-08-30 23:29:53.505 62647 INFO tempest.lib.common.rest_client [req-432ad9d8-d905-4251-8177-5f3be3320cd4 req-432ad9d8-d905-4251-8177-5f3be3320cd4 ] Request (ServerExternalEventsTest:tearDownClass): 200 GET http://10.180.1.21/compute/v2.1/servers/e4e6dd9f-c583-4e24-bbaf-e82a2fc36c5c 0.920s
2024-08-30 23:29:53.597 62679 INFO tempest.lib.common.rest_client [req-3135fa06-0b3f-4647-96dd-7212801278f4 req-3135fa06-0b3f-4647-96dd-7212801278f4 ] Request (ServersAdmin275Test:test_rebuild_update_server_275): 200 GET http://10.180.1.21/compute/v2.1/servers/78fd25f8-8e3c-4e4c-b811-b97b60658e33 0.946s
2024-08-30 23:29:53.603 62699 INFO tempest.lib.common.rest_client [req-5e283f2c-b5a0-41ac-8555-39667f7d1d22 req-5e283f2c-b5a0-41ac-8555-39667f7d1d22 ] Request (KeyPairsV22TestJSON:tearDownClass): 204 DELETE http://10.180.1.21/identity/v3/users/2c5682773c1a4ece82f33ba04bbde6ce 0.225s
2024-08-30 23:29:53.603 62699 INFO tempest.lib.common.dynamic_creds [-] Deleting project and security group for project: 5418b2a139c44386834e9a14eaf3d739
2024-08-30 23:29:53.614 62679 INFO tempest.common.waiters [-] State transition "REBUILD/rebuild_spawning" ==> "ACTIVE/None" after 9 second wait
2024-08-30 23:29:53.658 62653 INFO tempest.lib.common.rest_client [req-a94ea547-5fb4-4f31-be8d-0b630630e6ce req-a94ea547-5fb4-4f31-be8d-0b630630e6ce ] Request (ServerActionsTestJSON:setUpClass): 200 POST http://10.180.1.21/compute/v2.1/os-keypairs 1.041s
2024-08-30 23:29:53.666 62677 INFO tempest.lib.common.rest_client [req-eef8a467-b29b-4485-8d1e-e546157ddd5b req-eef8a467-b29b-4485-8d1e-e546157ddd5b ] Request (InstanceActionsNegativeTestJSON:setUpClass): 200 GET http://10.180.1.21/compute/v2.1/servers/b9bf2f3f-207b-443e-8621-1337b46f0739 0.963s
2024-08-30 23:29:53.683 62699 INFO tempest.lib.common.rest_client [req-dbc96d60-c9c9-4aff-9014-6b47041eef0c req-dbc96d60-c9c9-4aff-9014-6b47041eef0c ] Request (KeyPairsV22TestJSON:tearDownClass): 201 POST http://10.180.1.21/identity/v3/auth/tokens 0.079s
2024-08-30 23:29:53.721 62705 INFO tempest.lib.common.rest_client [req-d6ded616-5af5-4102-b68d-eebeaada99a5 req-d6ded616-5af5-4102-b68d-eebeaada99a5 ] Request (ServerActionsTestOtherA:setUpClass): 200 GET http://10.180.1.21/compute/v2.1/servers/9791dbf3-e683-4f58-a953-5505be8f8ed2 0.949s
2024-08-30 23:29:53.737 62693 INFO tempest.lib.common.rest_client [req-d5029f75-fcad-42f6-95d4-792691200451 req-d5029f75-fcad-42f6-95d4-792691200451 ] Request (DeleteServersAdminTestJSON:test_delete_server_while_in_error_state): 200 GET http://10.180.1.21/compute/v2.1/servers/206cbb28-a3e7-4c91-9693-60f9f8e20e44 0.939s
