2024-12-11 21:33:36.350 67462 INFO tempest.lib.common.rest_client [req-cf435d7d-62c3-42e7-801a-39ea1480e888 req-cf435d7d-62c3-42e7-801a-39ea1480e888 ] Request (ListServersNegativeTestJSON:setUpClass): 200 GET http://10.180.1.21/compute/v2.1/servers/b5e259ea-d103-41c6-84b3-748813bb514d 0.318s
2024-12-11 21:33:36.412 67510 INFO tempest.lib.common.rest_client [req-60abab24-6bd4-42d5-9866-592412f85c32 req-60abab24-6bd4-42d5-9866-592412f85c32 ] Request (ImagesTestJSON:test_create_image_from_stopped_server): 200 GET http://10.180.1.21/compute/v2.1/servers/594ff846-8e3e-4882-8ddc-41f824a77a5c 0.210s
2024-12-11 21:33:36.440 67450 INFO tempest.lib.common.rest_client [req-ec32fef8-8626-4b9b-b963-4f02c3517ba5 req-ec32fef8-8626-4b9b-b963-4f02c3517ba5 ] Request (ServerAddressesTestJSON:setUpClass): 201 POST http://10.180.1.21:9696/networking/v2.0/networks 0.353s
2024-12-11 21:33:36.534 67492 INFO tempest.lib.common.rest_client [req-233928f0-a44c-44cf-a49b-937abc8cdc6c req-233928f0-a44c-44cf-a49b-937abc8cdc6c ] Request (ServersAdminNegativeTestJSON:tearDownClass): 200 GET http://10.180.1.21/compute/v2.1/servers/201a2d1e-9e2c-4c07-92be-200408874ad4 0.372s
2024-12-11 21:33:36.551 67501 INFO tempest.lib.common.rest_client [req-c00def46-634c-4d89-a104-bb388e27183e req-c00def46-634c-4d89-a104-bb388e27183e ] Request (DeleteServersTestJSON:test_delete_active_server): 200 GET http://10.180.1.21/compute/v2.1/servers/855005ae-3b0e-4ad7-80cf-266075fc6d0f 0.303s
2024-12-11 21:33:36.606 67496 INFO tempest.lib.common.rest_client [req-4786cfa6-0982-4e10-8781-0e29e0ff4239 req-4786cfa6-0982-4e10-8781-0e29e0ff4239 ] Request (MultipleCreateTestJSON:test_multiple_create_with_reservation_return): 200 GET http://10.180.1.21/compute/v2.1/servers/dcf8063b-56eb-439c-bee5-139a1e157714 0.337s
2024-12-11 21:33:36.628 67448 INFO tempest.lib.common.rest_client [req-200a5334-cd1b-4ca0-9bb0-baafda803ffe req-200a5334-cd1b-4ca0-9bb0-baafda803ffe ] Request (ServerActionsTestJSON:setUpClass): 200 GET http://10.180.1.21/compute/v2.1/servers/88fd17e6-bf88-4f7d-a204-6fb0f5c7e9ec 0.300s
2024-12-11 21:33:36.678 67490 INFO tempest.lib.common.rest_client [req-485c1175-bea4-4c4a-a84c-c52c4aa7842e req-485c1175-bea4-4c4a-a84c-c52c4aa7842e ] Request (ServerActionsTestOtherA:setUpClass): 200 GET http://10.180.1.21/compute/v2.1/servers/6df9af10-0053-4696-920a-10ab2af67ef5 0.283s
2024-12-11 21:33:36.694 67456 INFO tempest.lib.common.rest_client [req-a52a3318-227e-45a9-a4e2-34fd8d02f349 req-a52a3318-227e-45a9-a4e2-34fd8d02f349 ] Request (ImagesOneServerTestJSON:setUpClass): 200 GET http://10.180.1.21/compute/v2.1/servers/aae72990-b3ab-4a9c-a4fe-73dc7c5e59bf 0.249s
2024-12-11 21:33:36.708 67450 INFO tempest.lib.common.rest_client [req-4e86b3a0-43a3-4094-b25d-14a9c99c1b1a req-4e86b3a0-43a3-4094-b25d-14a9c99c1b1a ] Request (ServerAddressesTestJSON:setUpClass): 201 POST http://10.180.1.21:9696/networking/v2.0/subnets 0.268s
2024-12-11 21:33:36.766 67454 INFO tempest.lib.common.rest_client [req-9648587b-58c0-4eea-91e6-c581238a3ce0 req-9648587b-58c0-4eea-91e6-c581238a3ce0 ] Request (ServerGroupTestJSON:_run_cleanups): 200 GET http://10.180.1.21/compute/v2.1/servers/9249f27a-1985-4be1-947c-e433c7aa26f1 0.117s
2024-12-11 21:33:36.868 67486 INFO tempest.lib.common.rest_client [req-0e132a60-5c45-4568-a5c0-1b699839363b req-0e132a60-5c45-4568-a5c0-1b699839363b ] Request (ListImageFiltersTestJSON:setUpClass): 200 GET http://10.180.1.21/compute/v2.1/images/d6a027d0-1605-4385-9e91-38b4326d06e7 0.050s
2024-12-11 21:33:37.026 67466 INFO tempest.lib.common.rest_client [req-7771d8a8-f42d-41fe-a649-2eee052f6bc1 req-7771d8a8-f42d-41fe-a649-2eee052f6bc1 ] Request (VolumesAssistedSnapshotsTest:tearDownClass): 200 GET http://10.180.1.21/compute/v2.1/servers/cbcdfe1a-86a4-4a12-99b5-44d291d41769 0.146s
2024-12-11 21:33:37.056 67475 INFO tempest.lib.common.rest_client [req-1e7d0048-2f06-4126-9af6-13f3603f2ac8 req-1e7d0048-2f06-4126-9af6-13f3603f2ac8 ] Request (InstanceActionsTestJSON:setUpClass): 200 GET http://10.180.1.21/compute/v2.1/servers/be37eb1c-8582-4446-afd6-ae11a8cadf95 0.295s
2024-12-11 21:33:37.083 67488 INFO tempest.lib.common.rest_client [req-51ee3adb-0183-4d87-befb-94b6aed536df req-51ee3adb-0183-4d87-befb-94b6aed536df ] Request (MigrationsAdminTest:test_resize_server_revert_deleted_flavor): 200 GET http://10.180.1.21/compute/v2.1/servers/96627f7d-5f59-46a1-bcdd-a5d3aec1ac7f 0.154s
2024-12-11 21:33:37.090 67488 INFO tempest.common.waiters [-] State transition "BUILD/scheduling" ==> "BUILD/None" after 43 second wait
2024-12-11 21:33:37.128 67508 INFO tempest.lib.common.rest_client [req-bf2cb70b-fc77-41ea-95ae-e489f39ba23c req-bf2cb70b-fc77-41ea-95ae-e489f39ba23c ] Request (ServersTestMultiNic:test_verify_duplicate_network_nics): 200 GET http://10.180.1.21/compute/v2.1/servers/f8119ade-7018-4ad8-82fe-baa0a6753c64 0.145s
2024-12-11 21:33:37.146 67482 INFO tempest.lib.common.rest_client [req-7e506583-cf72-4b07-b131-6100ebf9c9a0 req-7e506583-cf72-4b07-b131-6100ebf9c9a0 ] Request (FloatingIPsAssociationTestJSON:test_associate_already_associated_floating_ip): 200 GET http://10.180.1.21/compute/v2.1/servers/7e66011a-4fed-471f-82ea-e1016f92ad39 0.110s
2024-12-11 21:33:37.222 67504 INFO tempest.lib.common.rest_client [req-d1f8a48e-1285-4d2f-af66-34c5a296ad5f req-d1f8a48e-1285-4d2f-af66-34c5a296ad5f ] Request (AttachVolumeTestJSON:test_attach_detach_volume): 200 GET http://10.180.1.21/compute/v2.1/servers/b523486c-adae-4322-80be-1f3bf33ca192 0.130s
2024-12-11 21:33:37.233 67480 INFO tempest.lib.common.rest_client [req-87fe6bed-3a43-45b6-89da-43185e55d8af req-87fe6bed-3a43-45b6-89da-43185e55d8af ] Request (ServersTestFqdnHostnames:tearDownClass): 200 GET http://10.180.1.21/compute/v2.1/servers/ca53accc-a15f-4503-87e5-7cbf3e2c0b43 0.135s
2024-12-11 21:33:37.298 67452 INFO tempest.lib.common.rest_client [req-e91acacd-aa8b-4ae4-b4e0-5c55fecac9f1 req-e91acacd-aa8b-4ae4-b4e0-5c55fecac9f1 ] Request (ServersAdminTestJSON:test_create_server_with_scheduling_hint): 200 GET http://10.180.1.21/compute/v2.1/servers/e6cd62ce-f6d2-4e5b-acbc-7527a94e0932 0.151s
2024-12-11 21:33:37.317 67484 INFO tempest.lib.common.rest_client [req-93e536ae-4d6d-4729-861f-277aea7a5eef req-93e536ae-4d6d-4729-861f-277aea7a5eef ] Request (ServerRescueTestJSON:tearDownClass): 200 GET http://10.180.1.21/compute/v2.1/servers/b48a8e83-e581-4886-833b-bbce155d40d9 0.113s
2024-12-11 21:33:37.382 67472 INFO tempest.lib.common.rest_client [req-6f8b3732-77d4-4677-a565-501ee6440c97 req-6f8b3732-77d4-4677-a565-501ee6440c97 ] Request (ServersWithSpecificFlavorTestJSON:test_verify_created_server_ephemeral_disk): 200 GET http://10.180.1.21/compute/v2.1/servers/195de525-1081-4db6-acf3-04a6d3eb142f 0.121s
2024-12-11 21:33:37.396 67506 INFO tempest.lib.common.rest_client [req-034d7c81-62ec-4cce-8323-886914c65acf req-034d7c81-62ec-4cce-8323-886914c65acf ] Request (ServersTestBootFromVolume:tearDownClass): 200 GET http://10.180.1.21/compute/v2.1/servers/e00c2e45-b8bc-440b-8b58-a21f127192c7 0.072s
2024-12-11 21:33:37.405 67506 INFO tempest.common.waiters [-] State transition "ACTIVE/deleting" ==> "DELETED/None" after 6 second wait
2024-12-11 21:33:37.462 67476 WARNING tempest.lib.common.ssh [-] Failed to establish authenticated ssh connection to cirros@10.180.180.207 ([Errno None] Unable to connect to port 22 on 10.180.180.207). Number attempts: 3. Retry after 4 seconds.: paramiko.ssh_exception.NoValidConnectionsError: [Errno None] Unable to connect to port 22 on 10.180.180.207
2024-12-11 21:33:37.484 67510 INFO tempest.lib.common.rest_client [req-6cb98653-9ee8-491f-a1d6-c510c9190cd2 req-6cb98653-9ee8-491f-a1d6-c510c9190cd2 ] Request (ImagesTestJSON:test_create_image_from_stopped_server): 200 GET http://10.180.1.21/compute/v2.1/servers/594ff846-8e3e-4882-8ddc-41f824a77a5c 0.058s
2024-12-11 21:33:37.520 67462 INFO tempest.lib.common.rest_client [req-13b9ddaf-19fd-45a4-9604-e0b109608877 req-13b9ddaf-19fd-45a4-9604-e0b109608877 ] Request (ListServersNegativeTestJSON:setUpClass): 200 GET http://10.180.1.21/compute/v2.1/servers/b5e259ea-d103-41c6-84b3-748813bb514d 0.161s
2024-12-11 21:33:37.583 67450 INFO tempest.lib.common.rest_client [req-82065db6-b5fd-483c-8efe-fc5e54459afa req-82065db6-b5fd-483c-8efe-fc5e54459afa ] Request (ServerAddressesTestJSON:setUpClass): 201 POST http://10.180.1.21:9696/networking/v2.0/routers 0.874s
2024-12-11 21:33:37.679 67460 INFO paramiko.transport [-] Connected (version 2.0, client dropbear_2020.81)
2024-12-11 21:33:37.686 67464 INFO paramiko.transport [-] Connected (version 2.0, client dropbear_2020.81)
2024-12-11 21:33:37.708 67501 INFO tempest.lib.common.rest_client [req-bc0e3c85-1f1e-4803-8490-e300ec774097 req-bc0e3c85-1f1e-4803-8490-e300ec774097 ] Request (DeleteServersTestJSON:test_delete_active_server): 200 GET http://10.180.1.21/compute/v2.1/servers/855005ae-3b0e-4ad7-80cf-266075fc6d0f 0.149s
2024-12-11 21:33:37.733 67492 INFO tempest.lib.common.rest_client [req-834af7a0-e3a5-44b1-92c3-6b4f744ad2f0 req-834af7a0-e3a5-44b1-92c3-6b4f744ad2f0 ] Request (ServersAdminNegativeTestJSON:tearDownClass): 200 GET http://10.180.1.21/compute/v2.1/servers/201a2d1e-9e2c-4c07-92be-200408874ad4 0.191s
2024-12-11 21:33:37.757 67464 INFO paramiko.transport [-] Authentication (publickey) successful!
2024-12-11 21:33:37.758 67464 INFO tempest.lib.common.ssh [-] ssh connection to cirros@10.180.180.157 successfully created
2024-12-11 21:33:37.781 67496 INFO tempest.lib.common.rest_client [req-cc2c6036-d343-42a5-acb9-d3040ac59ff8 req-cc2c6036-d343-42a5-acb9-d3040ac59ff8 ] Request (MultipleCreateTestJSON:test_multiple_create_with_reservation_return): 200 GET http://10.180.1.21/compute/v2.1/servers/dcf8063b-56eb-439c-bee5-139a1e157714 0.166s
2024-12-11 21:33:37.796 67460 INFO paramiko.transport [-] Authentication (publickey) successful!
2024-12-11 21:33:37.796 67460 INFO tempest.lib.common.ssh [-] ssh connection to cirros@10.180.180.130 successfully created
2024-12-11 21:33:37.812 67448 INFO tempest.lib.common.rest_client [req-d1a4c3f3-5fa6-4eb6-b402-78f8f94330a0 req-d1a4c3f3-5fa6-4eb6-b402-78f8f94330a0 ] Request (ServerActionsTestJSON:setUpClass): 200 GET http://10.180.1.21/compute/v2.1/servers/88fd17e6-bf88-4f7d-a204-6fb0f5c7e9ec 0.172s
2024-12-11 21:33:37.870 67456 INFO tempest.lib.common.rest_client [req-25b0f931-bebc-472e-a8a0-17589e0b3e50 req-25b0f931-bebc-472e-a8a0-17589e0b3e50 ] Request (ImagesOneServerTestJSON:setUpClass): 200 GET http://10.180.1.21/compute/v2.1/servers/aae72990-b3ab-4a9c-a4fe-73dc7c5e59bf 0.169s
2024-12-11 21:33:37.872 67490 INFO tempest.lib.common.rest_client [req-ba65ead7-a3b3-4e72-906a-3812237503f6 req-ba65ead7-a3b3-4e72-906a-3812237503f6 ] Request (ServerActionsTestOtherA:setUpClass): 200 GET http://10.180.1.21/compute/v2.1/servers/6df9af10-0053-4696-920a-10ab2af67ef5 0.179s
2024-12-11 21:33:37.965 67454 INFO tempest.lib.common.rest_client [req-2d7bbe23-1da8-4c31-b475-37a1c44dc2fd req-2d7bbe23-1da8-4c31-b475-37a1c44dc2fd ] Request (ServerGroupTestJSON:_run_cleanups): 200 GET http://10.180.1.21/compute/v2.1/servers/9249f27a-1985-4be1-947c-e433c7aa26f1 0.190s
2024-12-11 21:33:38.005 67464 INFO tempest.lib.common.rest_client [req-015f52b6-09f4-4cd6-95cd-da22a75f984c req-015f52b6-09f4-4cd6-95cd-da22a75f984c ] Request (AttachInterfacesTestJSON:test_create_list_show_delete_interfaces_by_fixed_ip): 200 GET http://10.180.1.21/compute/v2.1/servers/7e463dd7-84a6-4e6d-ae8f-0860e3a20f05/os-interface 0.246s
2024-12-11 21:33:38.006 67460 INFO tempest.lib.common.rest_client [req-fec01041-65e8-41f9-bc4e-8e2e5e757bec req-fec01041-65e8-41f9-bc4e-8e2e5e757bec ] Request (AttachVolumeNegativeTest:test_attach_attached_volume_to_different_server): 200 GET http://10.180.1.21/compute/v2.1/servers/44cc8606-24f5-4f6b-b96f-3559c9c3f06e/ips 0.209s
2024-12-11 21:33:38.052 67486 INFO tempest.lib.common.rest_client [req-0e038184-494e-49b0-8a4c-234dcdbc646e req-0e038184-494e-49b0-8a4c-234dcdbc646e ] Request (ListImageFiltersTestJSON:setUpClass): 200 GET http://10.180.1.21/compute/v2.1/images/d6a027d0-1605-4385-9e91-38b4326d06e7 0.177s
2024-12-11 21:33:38.089 67464 INFO tempest.lib.common.rest_client [req-4bb2a63c-2e8c-4fe2-b870-17e0c8802756 req-4bb2a63c-2e8c-4fe2-b870-17e0c8802756 ] Request (AttachInterfacesTestJSON:test_create_list_show_delete_interfaces_by_fixed_ip): 200 GET http://10.180.1.21/compute/v2.1/servers/7e463dd7-84a6-4e6d-ae8f-0860e3a20f05/os-interface/d92b8632-8794-486c-a8eb-5c8844009035 0.082s
2024-12-11 21:33:38.142 67466 INFO tempest.lib.common.rest_client [req-7a4fa7e9-9ef0-4a6e-a196-a6e9dfaaf86d req-7a4fa7e9-9ef0-4a6e-a196-a6e9dfaaf86d ] Request (VolumesAssistedSnapshotsTest:tearDownClass): 200 GET http://10.180.1.21/compute/v2.1/servers/cbcdfe1a-86a4-4a12-99b5-44d291d41769 0.107s
2024-12-11 21:33:38.182 67460 INFO tempest.lib.common.rest_client [req-8b167834-c6b1-4c46-a90f-a333431779a2 req-8b167834-c6b1-4c46-a90f-a333431779a2 ] Request (AttachVolumeNegativeTest:test_attach_attached_volume_to_different_server): 202 POST http://10.180.1.21/volume/v3/volumes 0.172s
2024-12-11 21:33:38.200 67464 INFO tempest.lib.common.rest_client [req-c24d7f9d-7114-4fdc-874c-946cbd1ae3fd req-c24d7f9d-7114-4fdc-874c-946cbd1ae3fd ] Request (AttachInterfacesTestJSON:test_create_list_show_delete_interfaces_by_fixed_ip): 200 GET http://10.180.1.21:9696/networking/v2.0/ports?network_id=78c77028-c23a-4160-8b08-d336e8101b3b 0.109s
2024-12-11 21:33:38.224 67488 INFO tempest.lib.common.rest_client [req-80ceff5f-17fa-411b-ac0c-a71464668fcf req-80ceff5f-17fa-411b-ac0c-a71464668fcf ] Request (MigrationsAdminTest:test_resize_server_revert_deleted_flavor): 200 GET http://10.180.1.21/compute/v2.1/servers/96627f7d-5f59-46a1-bcdd-a5d3aec1ac7f 0.132s
2024-12-11 21:33:38.227 67460 INFO tempest.lib.common.rest_client [req-9e076074-5aef-4c13-8f1b-b14cd458b1aa req-9e076074-5aef-4c13-8f1b-b14cd458b1aa ] Request (AttachVolumeNegativeTest:test_attach_attached_volume_to_different_server): 200 GET http://10.180.1.21/volume/v3/volumes/5d39df22-c7dc-4c2a-8bed-1f0a74a568c4 0.039s
2024-12-11 21:33:38.248 67464 INFO tempest.lib.common.rest_client [req-4dfad487-e0d6-44f4-ab05-a7e89d470499 req-4dfad487-e0d6-44f4-ab05-a7e89d470499 ] Request (AttachInterfacesTestJSON:test_create_list_show_delete_interfaces_by_fixed_ip): 200 GET http://10.180.1.21:9696/networking/v2.0/subnets/055a9410-68bf-4407-aede-9c9600d455e4 0.047s
2024-12-11 21:33:38.290 67508 INFO tempest.lib.common.rest_client [req-d4eccd19-734d-470f-911a-1d7af6726773 req-d4eccd19-734d-470f-911a-1d7af6726773 ] Request (ServersTestMultiNic:test_verify_duplicate_network_nics): 200 GET http://10.180.1.21/compute/v2.1/servers/f8119ade-7018-4ad8-82fe-baa0a6753c64 0.151s
2024-12-11 21:33:38.370 67482 INFO tempest.lib.common.rest_client [req-643949b5-c64b-44c2-8873-a1f5f7fa3a64 req-643949b5-c64b-44c2-8873-a1f5f7fa3a64 ] Request (FloatingIPsAssociationTestJSON:test_associate_already_associated_floating_ip): 200 GET http://10.180.1.21/compute/v2.1/servers/7e66011a-4fed-471f-82ea-e1016f92ad39 0.215s
2024-12-11 21:33:38.427 67475 INFO tempest.lib.common.rest_client [req-583c1d04-ca31-47e3-8bcb-2970f8eb7032 req-583c1d04-ca31-47e3-8bcb-2970f8eb7032 ] Request (InstanceActionsTestJSON:setUpClass): 200 GET http://10.180.1.21/compute/v2.1/servers/be37eb1c-8582-4446-afd6-ae11a8cadf95 0.363s
2024-12-11 21:33:38.456 67504 INFO tempest.lib.common.rest_client [req-dc384620-d6fe-447c-b583-2717bd564042 req-dc384620-d6fe-447c-b583-2717bd564042 ] Request (AttachVolumeTestJSON:test_attach_detach_volume): 200 GET http://10.180.1.21/compute/v2.1/servers/b523486c-adae-4322-80be-1f3bf33ca192 0.224s
2024-12-11 21:33:38.457 67480 INFO tempest.lib.common.rest_client [req-9082a3ee-8e42-4b5c-9618-b76eb6dd1404 req-9082a3ee-8e42-4b5c-9618-b76eb6dd1404 ] Request (ServersTestFqdnHostnames:tearDownClass): 404 GET http://10.180.1.21/compute/v2.1/servers/ca53accc-a15f-4503-87e5-7cbf3e2c0b43 0.214s
2024-12-11 21:33:38.543 67452 INFO tempest.lib.common.rest_client [req-f57c26e5-bf27-41bc-9cd0-dd93a69f4978 req-f57c26e5-bf27-41bc-9cd0-dd93a69f4978 ] Request (ServersAdminTestJSON:test_create_server_with_scheduling_hint): 200 GET http://10.180.1.21/compute/v2.1/servers/e6cd62ce-f6d2-4e5b-acbc-7527a94e0932 0.229s
2024-12-11 21:33:38.620 67484 INFO tempest.lib.common.rest_client [req-db7ce652-7889-4fb7-868f-a9c867835625 req-db7ce652-7889-4fb7-868f-a9c867835625 ] Request (ServerRescueTestJSON:tearDownClass): 200 GET http://10.180.1.21/compute/v2.1/servers/b48a8e83-e581-4886-833b-bbce155d40d9 0.294s
2024-12-11 21:33:38.687 67472 INFO tempest.lib.common.rest_client [req-703e5059-8fdb-4d8b-a58d-24eb0a29abdc req-703e5059-8fdb-4d8b-a58d-24eb0a29abdc ] Request (ServersWithSpecificFlavorTestJSON:test_verify_created_server_ephemeral_disk): 200 GET http://10.180.1.21/compute/v2.1/servers/195de525-1081-4db6-acf3-04a6d3eb142f 0.297s
2024-12-11 21:33:38.783 67506 INFO tempest.lib.common.rest_client [req-9f25f20f-1a45-4f56-853e-d69f0221ee1b req-9f25f20f-1a45-4f56-853e-d69f0221ee1b ] Request (ServersTestBootFromVolume:tearDownClass): 200 GET http://10.180.1.21/compute/v2.1/servers/e00c2e45-b8bc-440b-8b58-a21f127192c7 0.376s
2024-12-11 21:33:38.805 67480 INFO tempest.lib.common.rest_client [req-f38b7482-bb01-454f-beac-c6b23f0c29a7 req-f38b7482-bb01-454f-beac-c6b23f0c29a7 ] Request (ServersTestFqdnHostnames:tearDownClass): 202 DELETE http://10.180.1.21/compute/v2.1/os-keypairs/tempest-keypair-320780246 0.347s
2024-12-11 21:33:38.879 67510 INFO tempest.lib.common.rest_client [req-1deaf12c-8246-4018-aa47-86ef78148264 req-1deaf12c-8246-4018-aa47-86ef78148264 ] Request (ImagesTestJSON:test_create_image_from_stopped_server): 200 GET http://10.180.1.21/compute/v2.1/servers/594ff846-8e3e-4882-8ddc-41f824a77a5c 0.384s
2024-12-11 21:33:38.912 67480 INFO tempest.lib.common.rest_client [req-b3f0e1cb-7fe1-4129-bec0-39462ac65511 req-b3f0e1cb-7fe1-4129-bec0-39462ac65511 ] Request (ServersTestFqdnHostnames:tearDownClass): 204 DELETE http://10.180.1.21:9696/networking/v2.0/security-groups/9bac7cb3-a540-4035-89d3-390da7b58df6 0.107s
2024-12-11 21:33:38.933 67480 INFO tempest.lib.common.rest_client [req-20ed967d-ff10-4398-9c55-3659e4a7a8b4 req-20ed967d-ff10-4398-9c55-3659e4a7a8b4 ] Request (ServersTestFqdnHostnames:tearDownClass): 404 GET http://10.180.1.21:9696/networking/v2.0/security-groups/9bac7cb3-a540-4035-89d3-390da7b58df6 0.021s
2024-12-11 21:33:38.955 67462 INFO tempest.lib.common.rest_client [req-8d82f8f4-fdde-461b-818d-1e62d5de475d req-8d82f8f4-fdde-461b-818d-1e62d5de475d ] Request (ListServersNegativeTestJSON:setUpClass): 200 GET http://10.180.1.21/compute/v2.1/servers/b5e259ea-d103-41c6-84b3-748813bb514d 0.426s
2024-12-11 21:33:39.039 67501 INFO tempest.lib.common.rest_client [req-ab21b52a-c55e-43a9-8429-244b4b60835e req-ab21b52a-c55e-43a9-8429-244b4b60835e ] Request (DeleteServersTestJSON:test_delete_active_server): 200 GET http://10.180.1.21/compute/v2.1/servers/855005ae-3b0e-4ad7-80cf-266075fc6d0f 0.320s
2024-12-11 21:33:39.150 67480 INFO tempest.lib.common.rest_client [req-61d52234-d19b-4aa0-ad9c-d3e7eb531611 req-61d52234-d19b-4aa0-ad9c-d3e7eb531611 ] Request (ServersTestFqdnHostnames:tearDownClass): 204 DELETE http://10.180.1.21:9696/networking/v2.0/floatingips/6494f857-4b22-40c2-a6e9-1918614b2841 0.216s
2024-12-11 21:33:39.264 67460 INFO tempest.lib.common.rest_client [req-0fa61926-83b5-4729-bf0f-c10a93eb4dac req-0fa61926-83b5-4729-bf0f-c10a93eb4dac ] Request (AttachVolumeNegativeTest:test_attach_attached_volume_to_different_server): 200 GET http://10.180.1.21/volume/v3/volumes/5d39df22-c7dc-4c2a-8bed-1f0a74a568c4 0.028s
2024-12-11 21:33:39.269 67460 INFO tempest.common.waiters [-] volume 5d39df22-c7dc-4c2a-8bed-1f0a74a568c4 reached available after waiting for 1.269834 seconds
2024-12-11 21:33:39.300 67492 INFO tempest.lib.common.rest_client [req-ad4acc8d-ebfe-4455-a131-8e9ec96384f1 req-ad4acc8d-ebfe-4455-a131-8e9ec96384f1 ] Request (ServersAdminNegativeTestJSON:tearDownClass): 200 GET http://10.180.1.21/compute/v2.1/servers/201a2d1e-9e2c-4c07-92be-200408874ad4 0.555s
2024-12-11 21:33:39.308 67450 INFO tempest.lib.common.rest_client [req-92d21c27-a3c2-4b73-a8b0-a8d5c682c626 req-92d21c27-a3c2-4b73-a8b0-a8d5c682c626 ] Request (ServerAddressesTestJSON:setUpClass): 200 PUT http://10.180.1.21:9696/networking/v2.0/routers/bcfc9d0a-deb3-4b18-bb22-3dd65e897a95/add_router_interface 1.724s
2024-12-11 21:33:39.308 67450 INFO tempest.lib.common.dynamic_creds [-] Created isolated network resources for: credentials: Credentials: {'domain_id': 'default', 'domain_name': 'Default', 'username': 'tempest-ServerAddressesTestJSON-1509524884-project-member', 'project_domain_id': 'default', 'project_domain_name': 'Default', 'project_id': '2fc50868ddcf4193beb9b3a8a37f97b4', 'project_name': 'tempest-ServerAddressesTestJSON-1509524884', 'tenant_id': '2fc50868ddcf4193beb9b3a8a37f97b4', 'tenant_name': 'tempest-ServerAddressesTestJSON-1509524884', 'user_domain_id': 'default', 'user_domain_name': 'Default', 'user_id': 'acdd9325a8b0496aad20c5dbd1c37ff1', 'system': None}, Network: {'id': 'ab1c6e5a-670b-45d7-8afa-d89b7e38f1aa', 'name': 'tempest-ServerAddressesTestJSON-2086629518-network', 'tenant_id': '2fc50868ddcf4193beb9b3a8a37f97b4', 'admin_state_up': True, 'mtu': 8950, 'status': 'ACTIVE', 'subnets': [], 'shared': False, 'project_id': '2fc50868ddcf4193beb9b3a8a37f97b4', 'port_security_enabled': True, 'router:external': False, 'provider:network_type': 'vlan', 'provider:physical_network': 'default', 'provider:segmentation_id': 577, 'availability_zone_hints': [], 'availability_zones': [], 'ipv4_address_scope': None, 'ipv6_address_scope': None, 'description': '', 'tags': [], 'created_at': '2024-12-11T21:33:36Z', 'updated_at': '2024-12-11T21:33:36Z', 'revision_number': 1}, Subnet: {'id': 'f1c5de58-5fb4-4287-9a17-ae2895c505d9', 'name': 'tempest-ServerAddressesTestJSON-2086629518-subnet', 'tenant_id': '2fc50868ddcf4193beb9b3a8a37f97b4', 'network_id': 'ab1c6e5a-670b-45d7-8afa-d89b7e38f1aa', 'ip_version': 4, 'subnetpool_id': None, 'enable_dhcp': True, 'ipv6_ra_mode': None, 'ipv6_address_mode': None, 'gateway_ip': '192.168.128.1', 'cidr': '192.168.128.0/28', 'allocation_pools': [{'start': '192.168.128.2', 'end': '192.168.128.14'}], 'host_routes': [], 'dns_nameservers': [], 'description': '', 'router:external': False, 'service_types': [], 'tags': [], 'created_at': '2024-12-11T21:33:36Z', 'updated_at': '2024-12-11T21:33:36Z', 'revision_number': 0, 'project_id': '2fc50868ddcf4193beb9b3a8a37f97b4'}, Router: {'id': 'bcfc9d0a-deb3-4b18-bb22-3dd65e897a95', 'name': 'tempest-ServerAddressesTestJSON-2086629518-router', 'tenant_id': '2fc50868ddcf4193beb9b3a8a37f97b4', 'admin_state_up': True, 'status': 'ACTIVE', 'external_gateway_info': {'network_id': '4f325429-3d38-4fa4-afd7-37723ccdee92', 'external_fixed_ips': [{'subnet_id': 'abe17010-847b-40e9-974c-8a9f9c961535', 'ip_address': '10.180.180.226'}], 'enable_snat': True}, 'description': '', 'availability_zones': [], 'distributed': False, 'ha': False, 'availability_zone_hints': [], 'routes': [], 'flavor_id': None, 'tags': [], 'created_at': '2024-12-11T21:33:36Z', 'updated_at': '2024-12-11T21:33:37Z', 'revision_number': 2, 'project_id': '2fc50868ddcf4193beb9b3a8a37f97b4'}
2024-12-11 21:33:39.391 67496 INFO tempest.lib.common.rest_client [req-d2c59872-afec-486f-9e4d-5d3d84a77ae3 req-d2c59872-afec-486f-9e4d-5d3d84a77ae3 ] Request (MultipleCreateTestJSON:test_multiple_create_with_reservation_return): 200 GET http://10.180.1.21/compute/v2.1/servers/dcf8063b-56eb-439c-bee5-139a1e157714 0.602s
2024-12-11 21:33:39.431 67450 INFO tempest.lib.common.rest_client [req-a83ae87f-d0c0-4a46-a9ac-3a7b0a063f7c req-a83ae87f-d0c0-4a46-a9ac-3a7b0a063f7c ] Request (ServerAddressesTestJSON:setUpClass): 201 POST http://10.180.1.21/identity/v3/auth/tokens 0.115s
2024-12-11 21:33:39.460 67448 INFO tempest.lib.common.rest_client [req-31a8cafa-2578-4942-a796-04c9ab705ce1 req-31a8cafa-2578-4942-a796-04c9ab705ce1 ] Request (ServerActionsTestJSON:setUpClass): 200 GET http://10.180.1.21/compute/v2.1/servers/88fd17e6-bf88-4f7d-a204-6fb0f5c7e9ec 0.638s
2024-12-11 21:33:39.479 67450 INFO tempest.lib.common.rest_client [req-bd205679-ae98-466a-a173-961514e60578 req-bd205679-ae98-466a-a173-961514e60578 ] Request (ServerAddressesTestJSON:setUpClass): 201 POST http://10.180.1.21/identity/v3/auth/tokens 0.044s
2024-12-11 21:33:39.479 67450 INFO tempest.lib.common.fixed_network [-] (ServerAddressesTestJSON:setUpClass) Found network {'id': 'ab1c6e5a-670b-45d7-8afa-d89b7e38f1aa', 'name': 'tempest-ServerAddressesTestJSON-2086629518-network', 'tenant_id': '2fc50868ddcf4193beb9b3a8a37f97b4', 'admin_state_up': True, 'mtu': 8950, 'status': 'ACTIVE', 'subnets': [], 'shared': False, 'project_id': '2fc50868ddcf4193beb9b3a8a37f97b4', 'port_security_enabled': True, 'router:external': False, 'provider:network_type': 'vlan', 'provider:physical_network': 'default', 'provider:segmentation_id': 577, 'availability_zone_hints': [], 'availability_zones': [], 'ipv4_address_scope': None, 'ipv6_address_scope': None, 'description': '', 'tags': [], 'created_at': '2024-12-11T21:33:36Z', 'updated_at': '2024-12-11T21:33:36Z', 'revision_number': 1} available for tenant
2024-12-11 21:33:39.526 67490 INFO tempest.lib.common.rest_client [req-4804a3dd-70e6-4b45-9679-afc8ab6cdc05 req-4804a3dd-70e6-4b45-9679-afc8ab6cdc05 ] Request (ServerActionsTestOtherA:setUpClass): 200 GET http://10.180.1.21/compute/v2.1/servers/6df9af10-0053-4696-920a-10ab2af67ef5 0.643s
2024-12-11 21:33:39.596 67456 INFO tempest.lib.common.rest_client [req-0db07bbd-1996-4ba9-a382-ce93420f9c22 req-0db07bbd-1996-4ba9-a382-ce93420f9c22 ] Request (ImagesOneServerTestJSON:setUpClass): 200 GET http://10.180.1.21/compute/v2.1/servers/aae72990-b3ab-4a9c-a4fe-73dc7c5e59bf 0.712s
2024-12-11 21:33:39.666 67454 INFO tempest.lib.common.rest_client [req-f1d17fd7-8dc6-488a-a1e7-0d61ac7cb194 req-f1d17fd7-8dc6-488a-a1e7-0d61ac7cb194 ] Request (ServerGroupTestJSON:_run_cleanups): 200 GET http://10.180.1.21/compute/v2.1/servers/9249f27a-1985-4be1-947c-e433c7aa26f1 0.691s
2024-12-11 21:33:39.707 67486 INFO tempest.lib.common.rest_client [req-a1c595a2-671d-4713-afc4-98aba980bbc7 req-a1c595a2-671d-4713-afc4-98aba980bbc7 ] Request (ListImageFiltersTestJSON:setUpClass): 200 GET http://10.180.1.21/compute/v2.1/images/d6a027d0-1605-4385-9e91-38b4326d06e7 0.652s
2024-12-11 21:33:39.774 67466 INFO tempest.lib.common.rest_client [req-8d3f69c8-5b27-4c3a-966d-a979a94c750a req-8d3f69c8-5b27-4c3a-966d-a979a94c750a ] Request (VolumesAssistedSnapshotsTest:tearDownClass): 200 GET http://10.180.1.21/compute/v2.1/servers/cbcdfe1a-86a4-4a12-99b5-44d291d41769 0.622s
2024-12-11 21:33:39.780 67466 INFO tempest.common.waiters [-] State transition "ACTIVE/deleting" ==> "DELETED/None" after 4 second wait
2024-12-11 21:33:39.827 67488 INFO tempest.lib.common.rest_client [req-fd1b9ab3-042d-4cb6-a39b-9a7aee16d640 req-fd1b9ab3-042d-4cb6-a39b-9a7aee16d640 ] Request (MigrationsAdminTest:test_resize_server_revert_deleted_flavor): 200 GET http://10.180.1.21/compute/v2.1/servers/96627f7d-5f59-46a1-bcdd-a5d3aec1ac7f 0.593s
2024-12-11 21:33:39.969 67480 INFO tempest.lib.common.rest_client [req-5321224b-b170-4354-b4b6-8af6610546b3 req-5321224b-b170-4354-b4b6-8af6610546b3 ] Request (ServersTestFqdnHostnames:tearDownClass): 200 PUT http://10.180.1.21:9696/networking/v2.0/routers/9e2f6ef6-6b52-4b8c-a459-cbada2809283/remove_router_interface 0.818s
2024-12-11 21:33:40.291 67480 INFO tempest.lib.common.rest_client [req-bcb3e057-4716-435c-9491-0fa308697a3b req-bcb3e057-4716-435c-9491-0fa308697a3b ] Request (ServersTestFqdnHostnames:tearDownClass): 204 DELETE http://10.180.1.21:9696/networking/v2.0/routers/9e2f6ef6-6b52-4b8c-a459-cbada2809283 0.322s
2024-12-11 21:33:40.415 67480 INFO tempest.lib.common.rest_client [req-fa864dac-90db-4a17-b479-baf89c844ff2 req-fa864dac-90db-4a17-b479-baf89c844ff2 ] Request (ServersTestFqdnHostnames:tearDownClass): 204 DELETE http://10.180.1.21:9696/networking/v2.0/subnets/1101fff1-d3b2-4d26-adb4-3ae3b68a7278 0.123s
2024-12-11 21:33:40.661 67480 INFO tempest.lib.common.rest_client [req-4052e4bd-54cc-41be-9b92-2b28c3f0db65 req-4052e4bd-54cc-41be-9b92-2b28c3f0db65 ] Request (ServersTestFqdnHostnames:tearDownClass): 204 DELETE http://10.180.1.21:9696/networking/v2.0/networks/5b9593c6-3e8e-4b0f-ad69-daf3e2419d2c 0.245s
2024-12-11 21:33:40.749 67480 INFO tempest.lib.common.rest_client [req-cda88249-2e22-4f65-819e-0bda6c7ce841 req-cda88249-2e22-4f65-819e-0bda6c7ce841 ] Request (ServersTestFqdnHostnames:tearDownClass): 204 DELETE http://10.180.1.21/identity/v3/users/919325b57d54429a9bb73f64cd086373 0.088s
2024-12-11 21:33:40.750 67480 INFO tempest.lib.common.dynamic_creds [-] Deleting project and security group for project: 6e7f96aff7d240469616d256291f7081
2024-12-11 21:33:40.781 67480 INFO tempest.lib.common.rest_client [req-76136355-6969-461f-8cff-cdcbd4f75b50 req-76136355-6969-461f-8cff-cdcbd4f75b50 ] Request (ServersTestFqdnHostnames:tearDownClass): 200 GET http://10.180.1.21:9696/networking/v2.0/security-groups?tenant_id=6e7f96aff7d240469616d256291f7081&name=default 0.031s
2024-12-11 21:33:40.884 67480 INFO tempest.lib.common.rest_client [req-3ce63a21-5742-4bb1-b8b4-789da038fd21 req-3ce63a21-5742-4bb1-b8b4-789da038fd21 ] Request (ServersTestFqdnHostnames:tearDownClass): 204 DELETE http://10.180.1.21:9696/networking/v2.0/security-groups/b1635780-25e6-498a-96ba-7ac1cba4aec5 0.102s
2024-12-11 21:33:40.994 67480 INFO tempest.lib.common.rest_client [req-a22d3c9f-5eae-43b6-b91c-2a31dca30d55 req-a22d3c9f-5eae-43b6-b91c-2a31dca30d55 ] Request (ServersTestFqdnHostnames:tearDownClass): 204 DELETE http://10.180.1.21/identity/v3/projects/6e7f96aff7d240469616d256291f7081 0.109s
2024-12-11 21:33:41.056 67480 INFO tempest.lib.common.rest_client [req-abc48a23-8854-4ea5-8cf3-d7e31f30faa4 req-abc48a23-8854-4ea5-8cf3-d7e31f30faa4 ] Request (ServerDiskConfigTestJSON:setUpClass): 201 POST http://10.180.1.21/identity/v3/auth/tokens 0.061s
2024-12-11 21:33:41.094 67480 INFO tempest.lib.common.rest_client [req-eac667fa-3c8f-4f3a-95ba-215a76c5fad2 req-eac667fa-3c8f-4f3a-95ba-215a76c5fad2 ] Request (ServerDiskConfigTestJSON:setUpClass): 201 POST http://10.180.1.21/identity/v3/auth/tokens 0.036s
2024-12-11 21:33:41.133 67480 INFO tempest.lib.common.rest_client [req-72126dc7-3e47-4047-82d9-0762bcd784ac req-72126dc7-3e47-4047-82d9-0762bcd784ac ] Request (ServerDiskConfigTestJSON:setUpClass): 200 GET http://10.180.1.21/identity/v3/domains?name=Default 0.038s
2024-12-11 21:33:41.162 67480 INFO tempest.lib.common.rest_client [req-caa3b97d-4704-48a6-97f8-bfcc0d3dc5fc req-caa3b97d-4704-48a6-97f8-bfcc0d3dc5fc ] Request (ServerDiskConfigTestJSON:setUpClass): 201 POST http://10.180.1.21/identity/v3/projects 0.029s
2024-12-11 21:33:41.221 67480 INFO tempest.lib.common.rest_client [req-be9e6c3f-1104-4d8a-9d6c-099fc0deab88 req-be9e6c3f-1104-4d8a-9d6c-099fc0deab88 ] Request (ServerDiskConfigTestJSON:setUpClass): 201 POST http://10.180.1.21/identity/v3/users 0.058s
2024-12-11 21:33:41.241 67480 INFO tempest.lib.common.rest_client [req-1965207f-5713-481e-b1f5-1168a0701a42 req-1965207f-5713-481e-b1f5-1168a0701a42 ] Request (ServerDiskConfigTestJSON:setUpClass): 200 GET http://10.180.1.21/identity/v3/roles 0.019s
2024-12-11 21:33:41.276 67480 INFO tempest.lib.common.rest_client [req-ca2d6b46-5ff7-4fdf-a585-83421a1c19b1 req-ca2d6b46-5ff7-4fdf-a585-83421a1c19b1 ] Request (ServerDiskConfigTestJSON:setUpClass): 204 PUT http://10.180.1.21/identity/v3/projects/e96348bcfea1455dad72945c7c36f027/users/31b76ca90f31495287b332ebb3001dff/roles/4b176f7345fd4084860dc9343772cc62 0.035s
2024-12-11 21:33:41.276 67480 INFO tempest.lib.common.dynamic_creds [-] Dynamic test user 31b76ca90f31495287b332ebb3001dff is created with scope project and roles: ['member']
2024-12-11 21:33:41.277 67480 INFO tempest.lib.common.dynamic_creds [-] Acquired dynamic creds: credentials: Credentials: {'domain_id': 'default', 'domain_name': 'Default', 'username': 'tempest-ServerDiskConfigTestJSON-625964520-project-member', 'project_domain_id': 'default', 'project_domain_name': 'Default', 'project_id': 'e96348bcfea1455dad72945c7c36f027', 'project_name': 'tempest-ServerDiskConfigTestJSON-625964520', 'tenant_id': 'e96348bcfea1455dad72945c7c36f027', 'tenant_name': 'tempest-ServerDiskConfigTestJSON-625964520', 'user_domain_id': 'default', 'user_domain_name': 'Default', 'user_id': '31b76ca90f31495287b332ebb3001dff', 'system': None}, Network: None, Subnet: None, Router: None
2024-12-11 21:33:41.349 67480 INFO tempest.lib.common.rest_client [req-213a0e37-7bff-4a66-b3e5-bad26f4b0088 req-213a0e37-7bff-4a66-b3e5-bad26f4b0088 ] Request (ServerDiskConfigTestJSON:setUpClass): 201 POST http://10.180.1.21/identity/v3/auth/tokens 0.072s
2024-12-11 21:33:41.556 67460 INFO tempest.lib.common.rest_client [req-b9c8bc70-8b92-4326-87f5-c481bf31d3b2 req-b9c8bc70-8b92-4326-87f5-c481bf31d3b2 ] Request (AttachVolumeNegativeTest:test_attach_attached_volume_to_different_server): 200 POST http://10.180.1.21/compute/v2.1/servers/44cc8606-24f5-4f6b-b96f-3559c9c3f06e/os-volume_attachments 2.286s
2024-12-11 21:33:41.592 67460 INFO tempest.lib.common.rest_client [req-38abc5db-e6f8-4747-8c13-7e8b5a577243 req-38abc5db-e6f8-4747-8c13-7e8b5a577243 ] Request (AttachVolumeNegativeTest:test_attach_attached_volume_to_different_server): 200 GET http://10.180.1.21/volume/v3/volumes/5d39df22-c7dc-4c2a-8bed-1f0a74a568c4 0.034s
2024-12-11 21:33:41.624 67508 INFO tempest.lib.common.rest_client [req-173b9f54-79dc-461a-9b4e-33270aab61f6 req-173b9f54-79dc-461a-9b4e-33270aab61f6 ] Request (ServersTestMultiNic:test_verify_duplicate_network_nics): 200 GET http://10.180.1.21/compute/v2.1/servers/f8119ade-7018-4ad8-82fe-baa0a6753c64 2.321s
2024-12-11 21:33:41.679 67480 INFO tempest.lib.common.rest_client [req-c3b31f1a-9d80-47d1-97f7-9e6342220504 req-c3b31f1a-9d80-47d1-97f7-9e6342220504 ] Request (ServerDiskConfigTestJSON:setUpClass): 201 POST http://10.180.1.21:9696/networking/v2.0/networks 0.330s
2024-12-11 21:33:41.684 67482 INFO tempest.lib.common.rest_client [req-b3f1cf81-24aa-45b8-8014-5e280462db2d req-b3f1cf81-24aa-45b8-8014-5e280462db2d ] Request (FloatingIPsAssociationTestJSON:test_associate_already_associated_floating_ip): 200 GET http://10.180.1.21/compute/v2.1/servers/7e66011a-4fed-471f-82ea-e1016f92ad39 2.306s
2024-12-11 21:33:41.820 67475 INFO tempest.lib.common.rest_client [req-4e8a662a-4bb6-480b-8ff0-412b4952a2f9 req-4e8a662a-4bb6-480b-8ff0-412b4952a2f9 ] Request (InstanceActionsTestJSON:setUpClass): 200 GET http://10.180.1.21/compute/v2.1/servers/be37eb1c-8582-4446-afd6-ae11a8cadf95 2.383s
2024-12-11 21:33:41.882 67504 INFO tempest.lib.common.rest_client [req-b9467e5e-d908-4d9b-8988-4006c3b8b6da req-b9467e5e-d908-4d9b-8988-4006c3b8b6da ] Request (AttachVolumeTestJSON:test_attach_detach_volume): 200 GET http://10.180.1.21/compute/v2.1/servers/b523486c-adae-4322-80be-1f3bf33ca192 2.417s
2024-12-11 21:33:41.950 67480 INFO tempest.lib.common.rest_client [req-648b6043-fe66-44c3-8ebf-c26eadd16e4b req-648b6043-fe66-44c3-8ebf-c26eadd16e4b ] Request (ServerDiskConfigTestJSON:setUpClass): 201 POST http://10.180.1.21:9696/networking/v2.0/subnets 0.270s
2024-12-11 21:33:42.325 67450 INFO tempest.lib.common.rest_client [req-34daa863-46a7-4631-9097-d3515766eb1b req-34daa863-46a7-4631-9097-d3515766eb1b ] Request (ServerAddressesTestJSON:setUpClass): 202 POST http://10.180.1.21/compute/v2.1/servers 2.845s
2024-12-11 21:33:42.385 67452 INFO tempest.lib.common.rest_client [req-ecd810d3-fd4e-4021-b835-ba8402371b93 req-ecd810d3-fd4e-4021-b835-ba8402371b93 ] Request (ServersAdminTestJSON:test_create_server_with_scheduling_hint): 200 GET http://10.180.1.21/compute/v2.1/servers/e6cd62ce-f6d2-4e5b-acbc-7527a94e0932 2.828s
2024-12-11 21:33:42.456 67484 INFO tempest.lib.common.rest_client [req-206917da-5bcf-418a-b562-365b53121457 req-206917da-5bcf-418a-b562-365b53121457 ] Request (ServerRescueTestJSON:tearDownClass): 200 GET http://10.180.1.21/compute/v2.1/servers/b48a8e83-e581-4886-833b-bbce155d40d9 2.828s
2024-12-11 21:33:42.508 67472 INFO tempest.lib.common.rest_client [req-f999f843-6a05-49c1-8cae-5aa502091693 req-f999f843-6a05-49c1-8cae-5aa502091693 ] Request (ServersWithSpecificFlavorTestJSON:test_verify_created_server_ephemeral_disk): 200 GET http://10.180.1.21/compute/v2.1/servers/195de525-1081-4db6-acf3-04a6d3eb142f 2.814s
2024-12-11 21:33:42.571 67506 INFO tempest.lib.common.rest_client [req-b7660394-a6b3-46f3-bc13-fa75550aa823 req-b7660394-a6b3-46f3-bc13-fa75550aa823 ] Request (ServersTestBootFromVolume:tearDownClass): 200 GET http://10.180.1.21/compute/v2.1/servers/e00c2e45-b8bc-440b-8b58-a21f127192c7 2.780s
2024-12-11 21:33:42.638 67510 INFO tempest.lib.common.rest_client [req-1d1f8222-346e-4a2a-90a3-2c6715c73d5d req-1d1f8222-346e-4a2a-90a3-2c6715c73d5d ] Request (ImagesTestJSON:test_create_image_from_stopped_server): 200 GET http://10.180.1.21/compute/v2.1/servers/594ff846-8e3e-4882-8ddc-41f824a77a5c 2.748s
2024-12-11 21:33:42.645 67460 INFO tempest.lib.common.rest_client [req-724e84ac-20e5-4aab-9848-6f921beb0101 req-724e84ac-20e5-4aab-9848-6f921beb0101 ] Request (AttachVolumeNegativeTest:test_attach_attached_volume_to_different_server): 200 GET http://10.180.1.21/volume/v3/volumes/5d39df22-c7dc-4c2a-8bed-1f0a74a568c4 0.047s
2024-12-11 21:33:42.665 67480 INFO tempest.lib.common.rest_client [req-d7eb233d-121a-4715-9df7-15c733a0b7fd req-d7eb233d-121a-4715-9df7-15c733a0b7fd ] Request (ServerDiskConfigTestJSON:setUpClass): 201 POST http://10.180.1.21:9696/networking/v2.0/routers 0.714s
2024-12-11 21:33:42.717 67462 INFO tempest.lib.common.rest_client [req-edaef9ae-e4ce-4932-b13f-d34859952d5e req-edaef9ae-e4ce-4932-b13f-d34859952d5e ] Request (ListServersNegativeTestJSON:setUpClass): 200 GET http://10.180.1.21/compute/v2.1/servers/b5e259ea-d103-41c6-84b3-748813bb514d 2.753s
2024-12-11 21:33:42.725 67462 INFO tempest.common.waiters [-] State transition "ACTIVE/deleting" ==> "DELETED/None" after 6 second wait
2024-12-11 21:33:42.774 67501 INFO tempest.lib.common.rest_client [req-fa8bdc70-d235-49eb-80f2-5cd3e5935265 req-fa8bdc70-d235-49eb-80f2-5cd3e5935265 ] Request (DeleteServersTestJSON:test_delete_active_server): 200 GET http://10.180.1.21/compute/v2.1/servers/855005ae-3b0e-4ad7-80cf-266075fc6d0f 2.725s
2024-12-11 21:33:42.785 67501 INFO tempest.common.waiters [-] State transition "ACTIVE/deleting" ==> "DELETED/None" after 6 second wait
2024-12-11 21:33:42.836 67492 INFO tempest.lib.common.rest_client [req-9fe463f9-190f-4600-a710-8905a49be2f5 req-9fe463f9-190f-4600-a710-8905a49be2f5 ] Request (ServersAdminNegativeTestJSON:tearDownClass): 200 GET http://10.180.1.21/compute/v2.1/servers/201a2d1e-9e2c-4c07-92be-200408874ad4 2.523s
2024-12-11 21:33:42.843 67492 INFO tempest.common.waiters [-] State transition "ACTIVE/deleting" ==> "DELETED/None" after 6 second wait
2024-12-11 21:33:42.998 67496 INFO tempest.lib.common.rest_client [req-3532f37b-1a85-438f-ba5c-ce0dd9d2639d req-3532f37b-1a85-438f-ba5c-ce0dd9d2639d ] Request (MultipleCreateTestJSON:test_multiple_create_with_reservation_return): 200 GET http://10.180.1.21/compute/v2.1/servers/dcf8063b-56eb-439c-bee5-139a1e157714 2.598s
2024-12-11 21:33:43.006 67496 INFO tempest.common.waiters [-] State transition "BUILD/None" ==> "BUILD/spawning" after 97 second wait
2024-12-11 21:33:43.051 67448 INFO tempest.lib.common.rest_client [req-6a450cfb-e35f-4caf-8c35-763573f6fe95 req-6a450cfb-e35f-4caf-8c35-763573f6fe95 ] Request (ServerActionsTestJSON:setUpClass): 200 GET http://10.180.1.21/compute/v2.1/servers/88fd17e6-bf88-4f7d-a204-6fb0f5c7e9ec 2.578s
2024-12-11 21:33:43.100 67490 INFO tempest.lib.common.rest_client [req-833cfca0-c528-4a38-a2f7-67bb38dc6ea1 req-833cfca0-c528-4a38-a2f7-67bb38dc6ea1 ] Request (ServerActionsTestOtherA:setUpClass): 200 GET http://10.180.1.21/compute/v2.1/servers/6df9af10-0053-4696-920a-10ab2af67ef5 2.559s
2024-12-11 21:33:43.157 67456 INFO tempest.lib.common.rest_client [req-01406af5-8c7a-49e7-afc3-8e23ef57144b req-01406af5-8c7a-49e7-afc3-8e23ef57144b ] Request (ImagesOneServerTestJSON:setUpClass): 200 GET http://10.180.1.21/compute/v2.1/servers/aae72990-b3ab-4a9c-a4fe-73dc7c5e59bf 2.550s
2024-12-11 21:33:43.177 67454 INFO tempest.lib.common.rest_client [req-340826c6-3883-42e7-9dd9-f5dbe98da00a req-340826c6-3883-42e7-9dd9-f5dbe98da00a ] Request (ServerGroupTestJSON:_run_cleanups): 404 GET http://10.180.1.21/compute/v2.1/servers/9249f27a-1985-4be1-947c-e433c7aa26f1 2.503s
2024-12-11 21:33:43.214 67486 INFO tempest.lib.common.rest_client [req-7a592e3a-70ec-4690-8e60-3e7e0fa92b40 req-7a592e3a-70ec-4690-8e60-3e7e0fa92b40 ] Request (ListImageFiltersTestJSON:setUpClass): 200 GET http://10.180.1.21/compute/v2.1/images/d6a027d0-1605-4385-9e91-38b4326d06e7 2.503s
2024-12-11 21:33:43.282 67466 INFO tempest.lib.common.rest_client [req-bf9edc9b-a716-4dd2-ae65-b4244f272e96 req-bf9edc9b-a716-4dd2-ae65-b4244f272e96 ] Request (VolumesAssistedSnapshotsTest:tearDownClass): 200 GET http://10.180.1.21/compute/v2.1/servers/cbcdfe1a-86a4-4a12-99b5-44d291d41769 2.499s
2024-12-11 21:33:43.355 67488 INFO tempest.lib.common.rest_client [req-aba9b7c0-b4c0-4838-835e-6ac635e39144 req-aba9b7c0-b4c0-4838-835e-6ac635e39144 ] Request (MigrationsAdminTest:test_resize_server_revert_deleted_flavor): 200 GET http://10.180.1.21/compute/v2.1/servers/96627f7d-5f59-46a1-bcdd-a5d3aec1ac7f 2.520s
2024-12-11 21:33:43.444 67450 INFO tempest.lib.common.rest_client [req-95617333-bde0-4f1a-b574-09ad33232155 req-95617333-bde0-4f1a-b574-09ad33232155 ] Request (ServerAddressesTestJSON:setUpClass): 200 GET http://10.180.1.21/compute/v2.1/servers/0e2c8ced-198f-43be-9d41-703a7c590df4 1.117s
2024-12-11 21:33:43.512 67508 INFO tempest.lib.common.rest_client [req-3e7f38c9-05d0-4d86-aff5-116657415ece req-3e7f38c9-05d0-4d86-aff5-116657415ece ] Request (ServersTestMultiNic:test_verify_duplicate_network_nics): 200 GET http://10.180.1.21/compute/v2.1/servers/f8119ade-7018-4ad8-82fe-baa0a6753c64 0.878s
2024-12-11 21:33:43.583 67482 INFO tempest.lib.common.rest_client [req-2449a9b2-cce3-4b35-9cd9-3dbafdca9f2b req-2449a9b2-cce3-4b35-9cd9-3dbafdca9f2b ] Request (FloatingIPsAssociationTestJSON:test_associate_already_associated_floating_ip): 200 GET http://10.180.1.21/compute/v2.1/servers/7e66011a-4fed-471f-82ea-e1016f92ad39 0.890s
2024-12-11 21:33:43.692 67460 INFO tempest.lib.common.rest_client [req-a9cd48bc-f65c-4ddd-a52a-4d4b710f02dc req-a9cd48bc-f65c-4ddd-a52a-4d4b710f02dc ] Request (AttachVolumeNegativeTest:test_attach_attached_volume_to_different_server): 200 GET http://10.180.1.21/volume/v3/volumes/5d39df22-c7dc-4c2a-8bed-1f0a74a568c4 0.038s
2024-12-11 21:33:43.792 67475 INFO tempest.lib.common.rest_client [req-8bc096d2-69b6-4e2b-8ec5-688422b7d922 req-8bc096d2-69b6-4e2b-8ec5-688422b7d922 ] Request (InstanceActionsTestJSON:setUpClass): 200 GET http://10.180.1.21/compute/v2.1/servers/be37eb1c-8582-4446-afd6-ae11a8cadf95 0.957s
2024-12-11 21:33:43.848 67504 INFO tempest.lib.common.rest_client [req-589c9914-6505-41aa-a7e7-7da55a7b0e0f req-589c9914-6505-41aa-a7e7-7da55a7b0e0f ] Request (AttachVolumeTestJSON:test_attach_detach_volume): 200 GET http://10.180.1.21/compute/v2.1/servers/b523486c-adae-4322-80be-1f3bf33ca192 0.959s
2024-12-11 21:33:43.891 67454 INFO tempest.lib.common.rest_client [req-8662c393-aef3-426a-bded-5e8c7a46b1a4 req-8662c393-aef3-426a-bded-5e8c7a46b1a4 ] Request (ServerGroupTestJSON:test_list_server_groups): 200 GET http://10.180.1.21/compute/v2.1/os-server-groups 0.712s
2024-12-11 21:33:43.948 67452 INFO tempest.lib.common.rest_client [req-8fdadf1d-4c71-44ca-8641-13b8af52d509 req-8fdadf1d-4c71-44ca-8641-13b8af52d509 ] Request (ServersAdminTestJSON:test_create_server_with_scheduling_hint): 200 GET http://10.180.1.21/compute/v2.1/servers/e6cd62ce-f6d2-4e5b-acbc-7527a94e0932 0.552s
2024-12-11 21:33:43.951 67480 INFO tempest.lib.common.rest_client [req-5c438dd3-49c4-4449-9295-da62b1c9b94e req-5c438dd3-49c4-4449-9295-da62b1c9b94e ] Request (ServerDiskConfigTestJSON:setUpClass): 200 PUT http://10.180.1.21:9696/networking/v2.0/routers/10c86177-25ce-40b8-aba8-69d0d1a15eb7/add_router_interface 1.285s
2024-12-11 21:33:43.951 67480 INFO tempest.lib.common.dynamic_creds [-] Created isolated network resources for: credentials: Credentials: {'domain_id': 'default', 'domain_name': 'Default', 'username': 'tempest-ServerDiskConfigTestJSON-625964520-project-member', 'project_domain_id': 'default', 'project_domain_name': 'Default', 'project_id': 'e96348bcfea1455dad72945c7c36f027', 'project_name': 'tempest-ServerDiskConfigTestJSON-625964520', 'tenant_id': 'e96348bcfea1455dad72945c7c36f027', 'tenant_name': 'tempest-ServerDiskConfigTestJSON-625964520', 'user_domain_id': 'default', 'user_domain_name': 'Default', 'user_id': '31b76ca90f31495287b332ebb3001dff', 'system': None}, Network: {'id': '2413ab2b-68e9-4e73-808e-9bef6bf7b969', 'name': 'tempest-ServerDiskConfigTestJSON-1133319485-network', 'tenant_id': 'e96348bcfea1455dad72945c7c36f027', 'admin_state_up': True, 'mtu': 8950, 'status': 'ACTIVE', 'subnets': [], 'shared': False, 'project_id': 'e96348bcfea1455dad72945c7c36f027', 'port_security_enabled': True, 'router:external': False, 'provider:network_type': 'vlan', 'provider:physical_network': 'default', 'provider:segmentation_id': 454, 'availability_zone_hints': [], 'availability_zones': [], 'ipv4_address_scope': None, 'ipv6_address_scope': None, 'description': '', 'tags': [], 'created_at': '2024-12-11T21:33:41Z', 'updated_at': '2024-12-11T21:33:41Z', 'revision_number': 1}, Subnet: {'id': '2277ef1e-6b26-48b8-9bfc-b783e1d42a95', 'name': 'tempest-ServerDiskConfigTestJSON-1133319485-subnet', 'tenant_id': 'e96348bcfea1455dad72945c7c36f027', 'network_id': '2413ab2b-68e9-4e73-808e-9bef6bf7b969', 'ip_version': 4, 'subnetpool_id': None, 'enable_dhcp': True, 'ipv6_ra_mode': None, 'ipv6_address_mode': None, 'gateway_ip': '192.168.128.1', 'cidr': '192.168.128.0/28', 'allocation_pools': [{'start': '192.168.128.2', 'end': '192.168.128.14'}], 'host_routes': [], 'dns_nameservers': [], 'description': '', 'router:external': False, 'service_types': [], 'tags': [], 'created_at': '2024-12-11T21:33:41Z', 'updated_at': '2024-12-11T21:33:41Z', 'revision_number': 0, 'project_id': 'e96348bcfea1455dad72945c7c36f027'}, Router: {'id': '10c86177-25ce-40b8-aba8-69d0d1a15eb7', 'name': 'tempest-ServerDiskConfigTestJSON-1133319485-router', 'tenant_id': 'e96348bcfea1455dad72945c7c36f027', 'admin_state_up': True, 'status': 'ACTIVE', 'external_gateway_info': {'network_id': '4f325429-3d38-4fa4-afd7-37723ccdee92', 'external_fixed_ips': [{'subnet_id': 'abe17010-847b-40e9-974c-8a9f9c961535', 'ip_address': '10.180.180.155'}], 'enable_snat': True}, 'description': '', 'availability_zones': [], 'distributed': False, 'ha': False, 'availability_zone_hints': [], 'routes': [], 'flavor_id': None, 'tags': [], 'created_at': '2024-12-11T21:33:41Z', 'updated_at': '2024-12-11T21:33:42Z', 'revision_number': 2, 'project_id': 'e96348bcfea1455dad72945c7c36f027'}
2024-12-11 21:33:44.009 67484 INFO tempest.lib.common.rest_client [req-70d938a5-57b3-46fe-871a-83a9c0470998 req-70d938a5-57b3-46fe-871a-83a9c0470998 ] Request (ServerRescueTestJSON:tearDownClass): 200 GET http://10.180.1.21/compute/v2.1/servers/b48a8e83-e581-4886-833b-bbce155d40d9 0.543s
2024-12-11 21:33:44.040 67480 INFO tempest.lib.common.rest_client [req-2b96bd44-b419-421a-9541-1c912e9a7348 req-2b96bd44-b419-421a-9541-1c912e9a7348 ] Request (ServerDiskConfigTestJSON:setUpClass): 201 POST http://10.180.1.21/identity/v3/auth/tokens 0.085s
2024-12-11 21:33:44.060 67472 INFO tempest.lib.common.rest_client [req-ff1a4360-756e-4e18-ac65-99bb69a85512 req-ff1a4360-756e-4e18-ac65-99bb69a85512 ] Request (ServersWithSpecificFlavorTestJSON:test_verify_created_server_ephemeral_disk): 200 GET http://10.180.1.21/compute/v2.1/servers/195de525-1081-4db6-acf3-04a6d3eb142f 0.545s
2024-12-11 21:33:44.073 67480 INFO tempest.lib.common.rest_client [req-bd52eb1c-3a06-4edf-9385-1896ee3239df req-bd52eb1c-3a06-4edf-9385-1896ee3239df ] Request (ServerDiskConfigTestJSON:test_rebuild_server_with_auto_disk_config): 201 POST http://10.180.1.21/identity/v3/auth/tokens 0.029s
2024-12-11 21:33:44.073 67480 INFO tempest.lib.common.fixed_network [-] (ServerDiskConfigTestJSON:test_rebuild_server_with_auto_disk_config) Found network {'id': '2413ab2b-68e9-4e73-808e-9bef6bf7b969', 'name': 'tempest-ServerDiskConfigTestJSON-1133319485-network', 'tenant_id': 'e96348bcfea1455dad72945c7c36f027', 'admin_state_up': True, 'mtu': 8950, 'status': 'ACTIVE', 'subnets': [], 'shared': False, 'project_id': 'e96348bcfea1455dad72945c7c36f027', 'port_security_enabled': True, 'router:external': False, 'provider:network_type': 'vlan', 'provider:physical_network': 'default', 'provider:segmentation_id': 454, 'availability_zone_hints': [], 'availability_zones': [], 'ipv4_address_scope': None, 'ipv6_address_scope': None, 'description': '', 'tags': [], 'created_at': '2024-12-11T21:33:41Z', 'updated_at': '2024-12-11T21:33:41Z', 'revision_number': 1} available for tenant
2024-12-11 21:33:44.121 67506 INFO tempest.lib.common.rest_client [req-384ea344-db28-4847-9eda-20fb053ae4b6 req-384ea344-db28-4847-9eda-20fb053ae4b6 ] Request (ServersTestBootFromVolume:tearDownClass): 200 GET http://10.180.1.21/compute/v2.1/servers/e00c2e45-b8bc-440b-8b58-a21f127192c7 0.543s
2024-12-11 21:33:44.173 67510 INFO tempest.lib.common.rest_client [req-bf9ae542-7f86-49ed-b914-01c20353d8ac req-bf9ae542-7f86-49ed-b914-01c20353d8ac ] Request (ImagesTestJSON:test_create_image_from_stopped_server): 200 GET http://10.180.1.21/compute/v2.1/servers/594ff846-8e3e-4882-8ddc-41f824a77a5c 0.520s
2024-12-11 21:33:44.240 67462 INFO tempest.lib.common.rest_client [req-69ffc604-71b1-4e03-8efc-783d7d2dbc72 req-69ffc604-71b1-4e03-8efc-783d7d2dbc72 ] Request (ListServersNegativeTestJSON:setUpClass): 200 GET http://10.180.1.21/compute/v2.1/servers/b5e259ea-d103-41c6-84b3-748813bb514d 0.514s
