2024-12-11 21:33:25.227 67504 INFO tempest.lib.common.rest_client [req-c45298bf-5834-4e98-8d7e-aaefc0d434bb req-c45298bf-5834-4e98-8d7e-aaefc0d434bb ] Request (AttachVolumeTestJSON:test_attach_detach_volume): 200 GET http://10.180.1.21/compute/v2.1/servers/b523486c-adae-4322-80be-1f3bf33ca192 0.308s
2024-12-11 21:33:25.231 67490 INFO tempest.lib.common.rest_client [req-bce9c493-e41c-47f4-95f4-06266579b911 req-bce9c493-e41c-47f4-95f4-06266579b911 ] Request (ServerActionsTestOtherA:setUpClass): 201 POST http://10.180.1.21:9696/networking/v2.0/security-groups 0.164s
2024-12-11 21:33:25.262 67450 INFO tempest.lib.common.rest_client [req-b654778a-4fce-47aa-8f06-0e0e0f61368a req-b654778a-4fce-47aa-8f06-0e0e0f61368a ] Request (FlavorsExtraSpecsTestJSON:setUpClass): 204 PUT http://10.180.1.21/identity/v3/projects/320970357f5342859e977b120623a9cd/users/abb9c113e8ba4398a3f3d06ecb5c3e59/roles/4b176f7345fd4084860dc9343772cc62 0.044s
2024-12-11 21:33:25.262 67450 INFO tempest.lib.common.dynamic_creds [-] Dynamic test user abb9c113e8ba4398a3f3d06ecb5c3e59 is created with scope project and roles: ['member']
2024-12-11 21:33:25.263 67450 INFO tempest.lib.common.dynamic_creds [-] Acquired dynamic creds: credentials: Credentials: {'domain_id': 'default', 'domain_name': 'Default', 'username': 'tempest-FlavorsExtraSpecsTestJSON-940790635-project-member', 'project_domain_id': 'default', 'project_domain_name': 'Default', 'project_id': '320970357f5342859e977b120623a9cd', 'project_name': 'tempest-FlavorsExtraSpecsTestJSON-940790635', 'tenant_id': '320970357f5342859e977b120623a9cd', 'tenant_name': 'tempest-FlavorsExtraSpecsTestJSON-940790635', 'user_domain_id': 'default', 'user_domain_name': 'Default', 'user_id': 'abb9c113e8ba4398a3f3d06ecb5c3e59', 'system': None}, Network: None, Subnet: None, Router: None
2024-12-11 21:33:25.263 67450 INFO tempest.lib.common.dynamic_creds [-] Created isolated network resources for: credentials: Credentials: {'domain_id': 'default', 'domain_name': 'Default', 'username': 'tempest-FlavorsExtraSpecsTestJSON-940790635-project-member', 'project_domain_id': 'default', 'project_domain_name': 'Default', 'project_id': '320970357f5342859e977b120623a9cd', 'project_name': 'tempest-FlavorsExtraSpecsTestJSON-940790635', 'tenant_id': '320970357f5342859e977b120623a9cd', 'tenant_name': 'tempest-FlavorsExtraSpecsTestJSON-940790635', 'user_domain_id': 'default', 'user_domain_name': 'Default', 'user_id': 'abb9c113e8ba4398a3f3d06ecb5c3e59', 'system': None}, Network: None, Subnet: None, Router: None
2024-12-11 21:33:25.278 67484 INFO tempest.lib.common.rest_client [req-bc2c6c7f-7215-49da-9ece-92a8567ae6af req-bc2c6c7f-7215-49da-9ece-92a8567ae6af ] Request (ServerRescueTestJSON:tearDownClass): 200 GET http://10.180.1.21/compute/v2.1/servers/b48a8e83-e581-4886-833b-bbce155d40d9 0.407s
2024-12-11 21:33:25.292 67475 INFO tempest.lib.common.rest_client [req-d493662e-2b6c-456d-a022-51986f498d6b req-d493662e-2b6c-456d-a022-51986f498d6b ] Request (InstanceActionsTestJSON:setUpClass): 200 GET http://10.180.1.21/compute/v2.1/servers/be37eb1c-8582-4446-afd6-ae11a8cadf95 0.302s
2024-12-11 21:33:25.334 67510 INFO tempest.lib.common.rest_client [req-e612ab32-fb1c-474f-a0eb-8d8e7a9753b1 req-e612ab32-fb1c-474f-a0eb-8d8e7a9753b1 ] Request (ImagesTestJSON:test_create_image_from_stopped_server): 200 GET http://10.180.1.21/compute/v2.1/servers/594ff846-8e3e-4882-8ddc-41f824a77a5c 0.281s
2024-12-11 21:33:25.350 67490 INFO tempest.lib.common.rest_client [req-39a2abbd-32ff-4e88-b8cc-223e9939366d req-39a2abbd-32ff-4e88-b8cc-223e9939366d ] Request (ServerActionsTestOtherA:setUpClass): 201 POST http://10.180.1.21:9696/networking/v2.0/security-group-rules 0.118s
2024-12-11 21:33:25.352 67496 INFO tempest.lib.common.rest_client [req-59706eea-2680-45e3-9324-049fb0411655 req-59706eea-2680-45e3-9324-049fb0411655 ] Request (MultipleCreateTestJSON:test_multiple_create_with_reservation_return): 200 GET http://10.180.1.21/compute/v2.1/servers/dcf8063b-56eb-439c-bee5-139a1e157714 0.205s
2024-12-11 21:33:25.360 67450 INFO tempest.lib.common.rest_client [req-7c982663-b238-45b1-a214-c24fa1a2c35a req-7c982663-b238-45b1-a214-c24fa1a2c35a ] Request (FlavorsExtraSpecsTestJSON:setUpClass): 201 POST http://10.180.1.21/identity/v3/auth/tokens 0.093s
2024-12-11 21:33:25.409 67448 INFO tempest.lib.common.rest_client [req-c41ce89d-4e34-4574-b4ae-d9bbd415aa7b req-c41ce89d-4e34-4574-b4ae-d9bbd415aa7b ] Request (ServerActionsTestJSON:setUpClass): 200 GET http://10.180.1.21/compute/v2.1/servers/88fd17e6-bf88-4f7d-a204-6fb0f5c7e9ec 0.168s
2024-12-11 21:33:25.463 67456 INFO tempest.lib.common.rest_client [req-087cfd11-0d5a-412f-84bf-686d298fad8d req-087cfd11-0d5a-412f-84bf-686d298fad8d ] Request (ImagesOneServerTestJSON:setUpClass): 200 GET http://10.180.1.21/compute/v2.1/servers/aae72990-b3ab-4a9c-a4fe-73dc7c5e59bf 0.155s
2024-12-11 21:33:25.463 67450 INFO tempest.lib.common.rest_client [req-fdf2c2ca-de11-45c6-97cb-f97679495b5f req-fdf2c2ca-de11-45c6-97cb-f97679495b5f ] Request (FlavorsExtraSpecsTestJSON:setUpClass): 201 POST http://10.180.1.21/identity/v3/projects 0.102s
2024-12-11 21:33:25.471 67490 INFO tempest.lib.common.rest_client [req-3f7288f9-a655-4ec9-8ab2-ba338f385d45 req-3f7288f9-a655-4ec9-8ab2-ba338f385d45 ] Request (ServerActionsTestOtherA:setUpClass): 201 POST http://10.180.1.21:9696/networking/v2.0/security-group-rules 0.121s
2024-12-11 21:33:25.479 67462 INFO tempest.lib.common.rest_client [req-0e6aba13-fac4-4d05-ac0f-51ccd4a900c6 req-0e6aba13-fac4-4d05-ac0f-51ccd4a900c6 ] Request (ListServersNegativeTestJSON:setUpClass): 200 GET http://10.180.1.21/compute/v2.1/servers/36b81143-211f-4c77-854b-abe0d3f39ce4 0.270s
2024-12-11 21:33:25.534 67450 INFO tempest.lib.common.rest_client [req-669e5444-65ee-459d-853e-a06f3809b2da req-669e5444-65ee-459d-853e-a06f3809b2da ] Request (FlavorsExtraSpecsTestJSON:setUpClass): 201 POST http://10.180.1.21/identity/v3/users 0.070s
2024-12-11 21:33:25.556 67450 INFO tempest.lib.common.rest_client [req-4232e6e7-2098-4f1e-8f65-60a50380f655 req-4232e6e7-2098-4f1e-8f65-60a50380f655 ] Request (FlavorsExtraSpecsTestJSON:setUpClass): 200 GET http://10.180.1.21/identity/v3/roles 0.021s
2024-12-11 21:33:25.591 67450 INFO tempest.lib.common.rest_client [req-bef55c64-e289-403b-8243-d2a10f587f67 req-bef55c64-e289-403b-8243-d2a10f587f67 ] Request (FlavorsExtraSpecsTestJSON:setUpClass): 204 PUT http://10.180.1.21/identity/v3/projects/ba242afeaa194d57a2a76e0921b69540/users/895d092b486147ab9a3bb871ec4a4be2/roles/695bdc11e2bd44b092df03523b932b94 0.034s
2024-12-11 21:33:25.632 67466 INFO tempest.lib.common.rest_client [req-f0218a46-f9d2-40b6-a10b-87af3cc17d7c req-f0218a46-f9d2-40b6-a10b-87af3cc17d7c ] Request (VolumesAssistedSnapshotsTest:test_volume_assisted_snapshot_create_delete): 200 GET http://10.180.1.21/volume/v3/volumes/fd8f0908-509b-4986-8eae-d6db5f10b561 0.053s
2024-12-11 21:33:25.640 67466 INFO tempest.common.waiters [-] Attachment 71bc6b72-7d4c-4e64-9e3b-5d56e88566ea created for volume fd8f0908-509b-4986-8eae-d6db5f10b561 to server cbcdfe1a-86a4-4a12-99b5-44d291d41769 after waiting for 8.640394 seconds
2024-12-11 21:33:25.669 67450 INFO tempest.lib.common.rest_client [req-b6bfb16e-968f-4069-83bb-c5ba67d49153 req-b6bfb16e-968f-4069-83bb-c5ba67d49153 ] Request (FlavorsExtraSpecsTestJSON:setUpClass): 200 GET http://10.180.1.21/identity/v3/roles 0.078s
2024-12-11 21:33:25.674 67466 INFO tempest.lib.common.rest_client [req-78d50a11-9b04-43b8-80db-2a587433f5e2 req-78d50a11-9b04-43b8-80db-2a587433f5e2 ] Request (VolumesAssistedSnapshotsTest:test_volume_assisted_snapshot_create_delete): 200 GET http://10.180.1.21/volume/v3/volumes/fd8f0908-509b-4986-8eae-d6db5f10b561 0.033s
2024-12-11 21:33:25.680 67466 INFO tempest.common.waiters [-] volume fd8f0908-509b-4986-8eae-d6db5f10b561 reached in-use after waiting for 0.680964 seconds
2024-12-11 21:33:25.690 67450 INFO tempest.lib.common.rest_client [req-eddbc696-de84-4128-8593-f732657c9d8d req-eddbc696-de84-4128-8593-f732657c9d8d ] Request (FlavorsExtraSpecsTestJSON:setUpClass): 204 PUT http://10.180.1.21/identity/v3/projects/ba242afeaa194d57a2a76e0921b69540/users/895d092b486147ab9a3bb871ec4a4be2/roles/695bdc11e2bd44b092df03523b932b94 0.021s
2024-12-11 21:33:25.691 67450 INFO tempest.lib.common.dynamic_creds [-] Dynamic test user 895d092b486147ab9a3bb871ec4a4be2 is created with scope project and roles: ['admin']
2024-12-11 21:33:25.691 67450 INFO tempest.lib.common.dynamic_creds [-] Acquired dynamic creds: credentials: Credentials: {'domain_id': 'default', 'domain_name': 'Default', 'username': 'tempest-FlavorsExtraSpecsTestJSON-265063498-project-admin', 'project_domain_id': 'default', 'project_domain_name': 'Default', 'project_id': 'ba242afeaa194d57a2a76e0921b69540', 'project_name': 'tempest-FlavorsExtraSpecsTestJSON-265063498', 'tenant_id': 'ba242afeaa194d57a2a76e0921b69540', 'tenant_name': 'tempest-FlavorsExtraSpecsTestJSON-265063498', 'user_domain_id': 'default', 'user_domain_name': 'Default', 'user_id': '895d092b486147ab9a3bb871ec4a4be2', 'system': None}, Network: None, Subnet: None, Router: None
2024-12-11 21:33:25.691 67450 INFO tempest.lib.common.dynamic_creds [-] Created isolated network resources for: credentials: Credentials: {'domain_id': 'default', 'domain_name': 'Default', 'username': 'tempest-FlavorsExtraSpecsTestJSON-265063498-project-admin', 'project_domain_id': 'default', 'project_domain_name': 'Default', 'project_id': 'ba242afeaa194d57a2a76e0921b69540', 'project_name': 'tempest-FlavorsExtraSpecsTestJSON-265063498', 'tenant_id': 'ba242afeaa194d57a2a76e0921b69540', 'tenant_name': 'tempest-FlavorsExtraSpecsTestJSON-265063498', 'user_domain_id': 'default', 'user_domain_name': 'Default', 'user_id': '895d092b486147ab9a3bb871ec4a4be2', 'system': None}, Network: None, Subnet: None, Router: None
2024-12-11 21:33:25.784 67450 INFO tempest.lib.common.rest_client [req-bf719f80-0465-4844-996d-aef45be5b997 req-bf719f80-0465-4844-996d-aef45be5b997 ] Request (FlavorsExtraSpecsTestJSON:setUpClass): 201 POST http://10.180.1.21/identity/v3/auth/tokens 0.087s
2024-12-11 21:33:25.903 67466 INFO tempest.lib.common.rest_client [req-3bbd6c07-c39c-40ac-9117-43806457332e req-3bbd6c07-c39c-40ac-9117-43806457332e ] Request (VolumesAssistedSnapshotsTest:test_volume_assisted_snapshot_create_delete): 200 POST http://10.180.1.21/compute/v2.1/os-assisted-volume-snapshots 0.222s
2024-12-11 21:33:25.911 67501 INFO tempest.lib.common.rest_client [req-a798804c-bd08-4da2-8ac7-990d6d25241f req-a798804c-bd08-4da2-8ac7-990d6d25241f ] Request (DeleteServersTestJSON:test_delete_active_server): 200 GET http://10.180.1.21/compute/v2.1/servers/855005ae-3b0e-4ad7-80cf-266075fc6d0f 0.193s
2024-12-11 21:33:25.948 67490 INFO tempest.lib.common.rest_client [req-f7dde4f1-c9c7-4dd2-ab39-e7d7393e87e1 req-f7dde4f1-c9c7-4dd2-ab39-e7d7393e87e1 ] Request (ServerActionsTestOtherA:setUpClass): 201 POST http://10.180.1.21:9696/networking/v2.0/floatingips 0.476s
2024-12-11 21:33:25.959 67450 INFO tempest.lib.common.rest_client [req-cb87c481-5693-4eef-b10f-9c2e060820f6 req-cb87c481-5693-4eef-b10f-9c2e060820f6 ] Request (FlavorsExtraSpecsTestJSON:setUpClass): 200 POST http://10.180.1.21/compute/v2.1/flavors 0.173s
2024-12-11 21:33:25.995 67492 INFO tempest.lib.common.rest_client [req-34224a1e-f55a-4b29-a990-dc57b557f014 req-34224a1e-f55a-4b29-a990-dc57b557f014 ] Request (ServersAdminNegativeTestJSON:tearDownClass): 200 GET http://10.180.1.21/compute/v2.1/servers/4ebd3a28-b2b2-4dc5-adf2-3e7e084241f6 0.201s
2024-12-11 21:33:26.020 67490 INFO tempest.lib.common.rest_client [req-27cf6425-3fb1-43b5-b772-faa3405469b7 req-27cf6425-3fb1-43b5-b772-faa3405469b7 ] Request (ServerActionsTestOtherA:setUpClass): 201 POST http://10.180.1.21/identity/v3/auth/tokens 0.067s
2024-12-11 21:33:26.020 67454 INFO tempest.lib.common.rest_client [req-fc992d8a-688d-47af-a2e4-27d285077367 req-fc992d8a-688d-47af-a2e4-27d285077367 ] Request (ServerGroupTestJSON:_run_cleanups): 200 GET http://10.180.1.21/compute/v2.1/servers/9249f27a-1985-4be1-947c-e433c7aa26f1 0.217s
2024-12-11 21:33:26.021 67490 INFO tempest.lib.common.fixed_network [-] (ServerActionsTestOtherA:setUpClass) Found network {'id': '9b9f285d-f977-4e1a-9842-cbf075dd908a', 'name': 'tempest-ServerActionsTestOtherA-313256073-network', 'tenant_id': '2601d597b4d64481ace490d56d1056a6', 'admin_state_up': True, 'mtu': 8950, 'status': 'ACTIVE', 'subnets': [], 'shared': False, 'project_id': '2601d597b4d64481ace490d56d1056a6', 'port_security_enabled': True, 'router:external': False, 'provider:network_type': 'vlan', 'provider:physical_network': 'default', 'provider:segmentation_id': 73, 'availability_zone_hints': [], 'availability_zones': [], 'ipv4_address_scope': None, 'ipv6_address_scope': None, 'description': '', 'tags': [], 'created_at': '2024-12-11T21:33:21Z', 'updated_at': '2024-12-11T21:33:21Z', 'revision_number': 1} available for tenant
2024-12-11 21:33:26.042 67466 INFO tempest.lib.common.rest_client [req-652ed5c8-52b2-470b-bd17-425c80bfce96 req-652ed5c8-52b2-470b-bd17-425c80bfce96 ] Request (VolumesAssistedSnapshotsTest:test_volume_assisted_snapshot_create_delete): 204 DELETE http://10.180.1.21/compute/v2.1/os-assisted-volume-snapshots/None?delete_info=%7B%22volume_id%22%3A+%22fd8f0908-509b-4986-8eae-d6db5f10b561%22%7D 0.139s
2024-12-11 21:33:26.060 67488 INFO tempest.lib.common.rest_client [req-93f2ef05-2a9a-4ced-9b9a-04904488e4ef req-93f2ef05-2a9a-4ced-9b9a-04904488e4ef ] Request (MigrationsAdminTest:test_resize_server_revert_deleted_flavor): 200 GET http://10.180.1.21/compute/v2.1/servers/96627f7d-5f59-46a1-bcdd-a5d3aec1ac7f 0.201s
2024-12-11 21:33:26.084 67466 INFO tempest.lib.common.rest_client [req-cbb2925e-4f0d-467f-9f64-4fa0836484f8 req-cbb2925e-4f0d-467f-9f64-4fa0836484f8 ] Request (VolumesAssistedSnapshotsTest:_run_cleanups): 200 GET http://10.180.1.21/volume/v3/volumes/fd8f0908-509b-4986-8eae-d6db5f10b561 0.042s
2024-12-11 21:33:26.085 67450 INFO tempest.lib.common.rest_client [req-c8cfe2bd-9261-4b93-89e7-479e0ec06f07 req-c8cfe2bd-9261-4b93-89e7-479e0ec06f07 ] Request (FlavorsExtraSpecsTestJSON:test_flavor_non_admin_get_all_keys): 200 POST http://10.180.1.21/compute/v2.1/flavors/1219244332/os-extra_specs 0.122s
2024-12-11 21:33:26.125 67486 INFO tempest.lib.common.rest_client [req-08738454-27e5-42c7-8795-46905cb3e111 req-08738454-27e5-42c7-8795-46905cb3e111 ] Request (ListImageFiltersTestJSON:setUpClass): 200 GET http://10.180.1.21/compute/v2.1/images/d6a027d0-1605-4385-9e91-38b4326d06e7 0.143s
2024-12-11 21:33:26.128 67480 INFO tempest.lib.common.rest_client [req-d3896981-c454-4fee-b278-a5190c63c29c req-d3896981-c454-4fee-b278-a5190c63c29c ] Request (ServersTestFqdnHostnames:tearDownClass): 200 GET http://10.180.1.21/compute/v2.1/servers/ca53accc-a15f-4503-87e5-7cbf3e2c0b43 0.171s
2024-12-11 21:33:26.176 67508 INFO tempest.lib.common.rest_client [req-86295d1b-134b-4289-b54f-068fe8b7e93e req-86295d1b-134b-4289-b54f-068fe8b7e93e ] Request (ServersTestMultiNic:test_verify_duplicate_network_nics): 200 GET http://10.180.1.21/compute/v2.1/servers/f8119ade-7018-4ad8-82fe-baa0a6753c64 0.140s
2024-12-11 21:33:26.237 67450 INFO tempest.lib.common.rest_client [req-c718dc28-ed56-4463-8084-2075111b12e6 req-c718dc28-ed56-4463-8084-2075111b12e6 ] Request (FlavorsExtraSpecsTestJSON:test_flavor_non_admin_get_all_keys): 200 GET http://10.180.1.21/compute/v2.1/flavors/1219244332/os-extra_specs 0.151s
2024-12-11 21:33:26.389 67466 INFO tempest.lib.common.rest_client [req-e1532be3-4770-47bb-a626-83b3c49635d9 req-e1532be3-4770-47bb-a626-83b3c49635d9 ] Request (VolumesAssistedSnapshotsTest:_run_cleanups): 202 DELETE http://10.180.1.21/compute/v2.1/servers/cbcdfe1a-86a4-4a12-99b5-44d291d41769/os-volume_attachments/fd8f0908-509b-4986-8eae-d6db5f10b561 0.294s
2024-12-11 21:33:26.444 67470 INFO tempest.lib.common.rest_client [req-708796e4-735f-4277-a77c-2aaa7126def7 req-708796e4-735f-4277-a77c-2aaa7126def7 ] Request (ServerDiagnosticsV248Test:test_get_server_diagnostics): 200 GET http://10.180.1.21/compute/v2.1/servers/50d5eac1-0752-4089-948c-b04439df6f6c 0.335s
2024-12-11 21:33:26.456 67470 INFO tempest.common.waiters [-] State transition "BUILD/None" ==> "BUILD/networking" after 88 second wait
2024-12-11 21:33:26.469 67490 INFO tempest.lib.common.rest_client [req-64054b29-d1b1-456b-9c08-eaf4f0cc758a req-64054b29-d1b1-456b-9c08-eaf4f0cc758a ] Request (ServerActionsTestOtherA:setUpClass): 202 POST http://10.180.1.21/compute/v2.1/servers 0.448s
2024-12-11 21:33:26.511 67452 INFO tempest.lib.common.rest_client [req-83740c91-bcb9-408b-acd8-e8e307034280 req-83740c91-bcb9-408b-acd8-e8e307034280 ] Request (ServersAdminTestJSON:test_create_server_with_scheduling_hint): 200 GET http://10.180.1.21/compute/v2.1/servers/e6cd62ce-f6d2-4e5b-acbc-7527a94e0932 0.341s
2024-12-11 21:33:26.533 67482 INFO tempest.lib.common.rest_client [req-a1aea3e3-f3bf-4f15-87c5-9302205b1a7e req-a1aea3e3-f3bf-4f15-87c5-9302205b1a7e ] Request (FloatingIPsAssociationTestJSON:test_associate_already_associated_floating_ip): 200 GET http://10.180.1.21/compute/v2.1/servers/7e66011a-4fed-471f-82ea-e1016f92ad39 0.357s
2024-12-11 21:33:26.550 67450 INFO tempest.lib.common.rest_client [req-cb7538e7-f878-45c0-bbab-d7ee3bc85608 req-cb7538e7-f878-45c0-bbab-d7ee3bc85608 ] Request (FlavorsExtraSpecsTestJSON:test_flavor_non_admin_get_specific_key): 200 POST http://10.180.1.21/compute/v2.1/flavors/1219244332/os-extra_specs 0.311s
2024-12-11 21:33:26.607 67504 INFO tempest.lib.common.rest_client [req-a90d0335-5b05-4bad-9902-22be71073a1c req-a90d0335-5b05-4bad-9902-22be71073a1c ] Request (AttachVolumeTestJSON:test_attach_detach_volume): 200 GET http://10.180.1.21/compute/v2.1/servers/b523486c-adae-4322-80be-1f3bf33ca192 0.369s
2024-12-11 21:33:26.667 67475 INFO tempest.lib.common.rest_client [req-dcfaa5ba-46e1-499f-9f1a-6eb0b2f7234e req-dcfaa5ba-46e1-499f-9f1a-6eb0b2f7234e ] Request (InstanceActionsTestJSON:setUpClass): 200 GET http://10.180.1.21/compute/v2.1/servers/be37eb1c-8582-4446-afd6-ae11a8cadf95 0.366s
2024-12-11 21:33:26.681 67484 INFO tempest.lib.common.rest_client [req-6a1d0071-d352-4eff-9cc9-60af28380c25 req-6a1d0071-d352-4eff-9cc9-60af28380c25 ] Request (ServerRescueTestJSON:tearDownClass): 200 GET http://10.180.1.21/compute/v2.1/servers/b48a8e83-e581-4886-833b-bbce155d40d9 0.396s
2024-12-11 21:33:26.722 67510 INFO tempest.lib.common.rest_client [req-6a931552-1716-46bd-9943-288fe3bf2e3d req-6a931552-1716-46bd-9943-288fe3bf2e3d ] Request (ImagesTestJSON:test_create_image_from_stopped_server): 200 GET http://10.180.1.21/compute/v2.1/servers/594ff846-8e3e-4882-8ddc-41f824a77a5c 0.377s
2024-12-11 21:33:26.728 67496 INFO tempest.lib.common.rest_client [req-0b062bd1-7947-4059-925a-7b3cee9bfe85 req-0b062bd1-7947-4059-925a-7b3cee9bfe85 ] Request (MultipleCreateTestJSON:test_multiple_create_with_reservation_return): 200 GET http://10.180.1.21/compute/v2.1/servers/dcf8063b-56eb-439c-bee5-139a1e157714 0.366s
2024-12-11 21:33:26.760 67466 INFO tempest.lib.common.rest_client [req-372d84ad-5cf4-4984-883e-85a650fac469 req-372d84ad-5cf4-4984-883e-85a650fac469 ] Request (VolumesAssistedSnapshotsTest:_run_cleanups): 200 GET http://10.180.1.21/compute/v2.1/servers/cbcdfe1a-86a4-4a12-99b5-44d291d41769/os-volume_attachments 0.371s
2024-12-11 21:33:26.786 67448 INFO tempest.lib.common.rest_client [req-c3cb49f8-ca28-424f-88b9-28f998fbecc1 req-c3cb49f8-ca28-424f-88b9-28f998fbecc1 ] Request (ServerActionsTestJSON:setUpClass): 200 GET http://10.180.1.21/compute/v2.1/servers/88fd17e6-bf88-4f7d-a204-6fb0f5c7e9ec 0.367s
2024-12-11 21:33:26.813 67456 INFO tempest.lib.common.rest_client [req-2b380a91-ab9a-4b03-80d7-6b3f74d5f0f8 req-2b380a91-ab9a-4b03-80d7-6b3f74d5f0f8 ] Request (ImagesOneServerTestJSON:setUpClass): 200 GET http://10.180.1.21/compute/v2.1/servers/aae72990-b3ab-4a9c-a4fe-73dc7c5e59bf 0.341s
2024-12-11 21:33:26.826 67490 INFO tempest.lib.common.rest_client [req-f326945e-ac4f-4a6f-8677-2999413e0455 req-f326945e-ac4f-4a6f-8677-2999413e0455 ] Request (ServerActionsTestOtherA:setUpClass): 200 GET http://10.180.1.21/compute/v2.1/servers/6df9af10-0053-4696-920a-10ab2af67ef5 0.354s
2024-12-11 21:33:26.842 67450 INFO tempest.lib.common.rest_client [req-e3e0a413-22d0-4c49-84bc-d1f79692f431 req-e3e0a413-22d0-4c49-84bc-d1f79692f431 ] Request (FlavorsExtraSpecsTestJSON:test_flavor_non_admin_get_specific_key): 200 GET http://10.180.1.21/compute/v2.1/flavors/1219244332/os-extra_specs/hw:numa_nodes 0.290s
2024-12-11 21:33:26.866 67450 INFO tempest.lib.common.rest_client [req-6949fd1f-545c-4414-a1b4-9e3d615760d8 req-6949fd1f-545c-4414-a1b4-9e3d615760d8 ] Request (FlavorsExtraSpecsTestJSON:test_flavor_set_get_update_show_unset_keys): 200 POST http://10.180.1.21/compute/v2.1/flavors/1219244332/os-extra_specs 0.022s
2024-12-11 21:33:26.882 67450 INFO tempest.lib.common.rest_client [req-0cadc41c-4eb9-47b1-82b6-521b582ecc3f req-0cadc41c-4eb9-47b1-82b6-521b582ecc3f ] Request (FlavorsExtraSpecsTestJSON:test_flavor_set_get_update_show_unset_keys): 200 GET http://10.180.1.21/compute/v2.1/flavors/1219244332/os-extra_specs 0.015s
2024-12-11 21:33:26.902 67450 INFO tempest.lib.common.rest_client [req-da6af49c-7c3e-4004-8582-a88e6beefd2e req-da6af49c-7c3e-4004-8582-a88e6beefd2e ] Request (FlavorsExtraSpecsTestJSON:test_flavor_set_get_update_show_unset_keys): 200 PUT http://10.180.1.21/compute/v2.1/flavors/1219244332/os-extra_specs/hw:numa_nodes 0.019s
2024-12-11 21:33:26.913 67450 INFO tempest.lib.common.rest_client [req-b51f39df-cb75-4e82-a88c-0c37d9d2f7c7 req-b51f39df-cb75-4e82-a88c-0c37d9d2f7c7 ] Request (FlavorsExtraSpecsTestJSON:test_flavor_set_get_update_show_unset_keys): 200 GET http://10.180.1.21/compute/v2.1/flavors/1219244332/os-extra_specs 0.010s
2024-12-11 21:33:26.932 67450 INFO tempest.lib.common.rest_client [req-37eb5ef7-55d8-416f-a869-c520ce155476 req-37eb5ef7-55d8-416f-a869-c520ce155476 ] Request (FlavorsExtraSpecsTestJSON:test_flavor_set_get_update_show_unset_keys): 200 DELETE http://10.180.1.21/compute/v2.1/flavors/1219244332/os-extra_specs/hw:numa_nodes 0.018s
2024-12-11 21:33:26.944 67462 INFO tempest.lib.common.rest_client [req-5960123f-ae5d-46fd-8f38-2c5837ce1911 req-5960123f-ae5d-46fd-8f38-2c5837ce1911 ] Request (ListServersNegativeTestJSON:setUpClass): 200 GET http://10.180.1.21/compute/v2.1/servers/36b81143-211f-4c77-854b-abe0d3f39ce4 0.458s
2024-12-11 21:33:26.963 67450 INFO tempest.lib.common.rest_client [req-6fadcc32-b460-402d-9aaf-38e96b20a730 req-6fadcc32-b460-402d-9aaf-38e96b20a730 ] Request (FlavorsExtraSpecsTestJSON:test_flavor_set_get_update_show_unset_keys): 200 DELETE http://10.180.1.21/compute/v2.1/flavors/1219244332/os-extra_specs/hw:cpu_policy 0.030s
2024-12-11 21:33:26.974 67450 INFO tempest.lib.common.rest_client [req-2f510a17-9002-42a3-892a-70b92f7578e6 req-2f510a17-9002-42a3-892a-70b92f7578e6 ] Request (FlavorsExtraSpecsTestJSON:test_flavor_set_get_update_show_unset_keys): 200 GET http://10.180.1.21/compute/v2.1/flavors/1219244332/os-extra_specs 0.010s
2024-12-11 21:33:26.988 67450 INFO tempest.lib.common.rest_client [req-bd8d3a0a-9b30-44f0-b80e-574d62c8a9dd req-bd8d3a0a-9b30-44f0-b80e-574d62c8a9dd ] Request (FlavorsExtraSpecsTestJSON:tearDownClass): 202 DELETE http://10.180.1.21/compute/v2.1/flavors/1219244332 0.012s
2024-12-11 21:33:27.004 67450 INFO tempest.lib.common.rest_client [req-4602b349-c06e-4e22-b0ee-f34326a8e951 req-4602b349-c06e-4e22-b0ee-f34326a8e951 ] Request (FlavorsExtraSpecsTestJSON:tearDownClass): 200 GET http://10.180.1.21/compute/v2.1/flavors/detail 0.015s
2024-12-11 21:33:27.054 67501 INFO tempest.lib.common.rest_client [req-050ffa7f-961e-479b-a749-f834ea07a23a req-050ffa7f-961e-479b-a749-f834ea07a23a ] Request (DeleteServersTestJSON:test_delete_active_server): 200 GET http://10.180.1.21/compute/v2.1/servers/855005ae-3b0e-4ad7-80cf-266075fc6d0f 0.132s
2024-12-11 21:33:27.078 67492 INFO tempest.lib.common.rest_client [req-45fec492-4273-4d16-8d5c-27ccdab1e624 req-45fec492-4273-4d16-8d5c-27ccdab1e624 ] Request (ServersAdminNegativeTestJSON:tearDownClass): 200 GET http://10.180.1.21/compute/v2.1/servers/4ebd3a28-b2b2-4dc5-adf2-3e7e084241f6 0.072s
2024-12-11 21:33:27.112 67454 INFO tempest.lib.common.rest_client [req-466a4c8e-5a50-4f70-94ee-9650fc832377 req-466a4c8e-5a50-4f70-94ee-9650fc832377 ] Request (ServerGroupTestJSON:_run_cleanups): 200 GET http://10.180.1.21/compute/v2.1/servers/9249f27a-1985-4be1-947c-e433c7aa26f1 0.081s
2024-12-11 21:33:27.129 67450 INFO tempest.lib.common.rest_client [req-4cb26a94-e91a-4a6a-bf49-cbe7994da24b req-4cb26a94-e91a-4a6a-bf49-cbe7994da24b ] Request (FlavorsExtraSpecsTestJSON:tearDownClass): 204 DELETE http://10.180.1.21/identity/v3/users/abb9c113e8ba4398a3f3d06ecb5c3e59 0.121s
2024-12-11 21:33:27.138 67488 INFO tempest.lib.common.rest_client [req-87ee084c-ac3c-4a54-8c45-bef28f0241df req-87ee084c-ac3c-4a54-8c45-bef28f0241df ] Request (MigrationsAdminTest:test_resize_server_revert_deleted_flavor): 200 GET http://10.180.1.21/compute/v2.1/servers/96627f7d-5f59-46a1-bcdd-a5d3aec1ac7f 0.065s
2024-12-11 21:33:27.173 67486 INFO tempest.lib.common.rest_client [req-b9db9d5a-e115-4ecd-a019-5e82ee4d3725 req-b9db9d5a-e115-4ecd-a019-5e82ee4d3725 ] Request (ListImageFiltersTestJSON:setUpClass): 200 GET http://10.180.1.21/compute/v2.1/images/d6a027d0-1605-4385-9e91-38b4326d06e7 0.043s
2024-12-11 21:33:27.213 67480 INFO tempest.lib.common.rest_client [req-78090c29-3dcc-441d-8c19-81eaa1edccd6 req-78090c29-3dcc-441d-8c19-81eaa1edccd6 ] Request (ServersTestFqdnHostnames:tearDownClass): 200 GET http://10.180.1.21/compute/v2.1/servers/ca53accc-a15f-4503-87e5-7cbf3e2c0b43 0.078s
2024-12-11 21:33:27.245 67450 INFO tempest.lib.common.rest_client [req-6cb6dc5d-8cf5-4199-a008-0a5b7f3ebe6b req-6cb6dc5d-8cf5-4199-a008-0a5b7f3ebe6b ] Request (FlavorsExtraSpecsTestJSON:tearDownClass): 204 DELETE http://10.180.1.21/identity/v3/users/895d092b486147ab9a3bb871ec4a4be2 0.115s
2024-12-11 21:33:27.245 67450 INFO tempest.lib.common.dynamic_creds [-] Deleting project and security group for project: 320970357f5342859e977b120623a9cd
2024-12-11 21:33:27.250 67508 INFO tempest.lib.common.rest_client [req-30e961c7-c307-43cd-b2bb-352b74ca4c4f req-30e961c7-c307-43cd-b2bb-352b74ca4c4f ] Request (ServersTestMultiNic:test_verify_duplicate_network_nics): 200 GET http://10.180.1.21/compute/v2.1/servers/f8119ade-7018-4ad8-82fe-baa0a6753c64 0.066s
2024-12-11 21:33:27.303 67450 INFO tempest.lib.common.rest_client [req-3380f5f8-77af-41a2-b5cc-a2d9addc9811 req-3380f5f8-77af-41a2-b5cc-a2d9addc9811 ] Request (FlavorsExtraSpecsTestJSON:tearDownClass): 201 POST http://10.180.1.21/identity/v3/auth/tokens 0.057s
2024-12-11 21:33:27.471 67450 INFO tempest.lib.common.rest_client [req-e27f4827-2db3-4873-b5c1-010014319684 req-e27f4827-2db3-4873-b5c1-010014319684 ] Request (FlavorsExtraSpecsTestJSON:tearDownClass): 200 GET http://10.180.1.21:9696/networking/v2.0/security-groups?tenant_id=320970357f5342859e977b120623a9cd&name=default 0.168s
2024-12-11 21:33:27.530 67470 INFO tempest.lib.common.rest_client [req-397990b2-6a88-4695-94a0-a0a9bdbb9c34 req-397990b2-6a88-4695-94a0-a0a9bdbb9c34 ] Request (ServerDiagnosticsV248Test:test_get_server_diagnostics): 200 GET http://10.180.1.21/compute/v2.1/servers/50d5eac1-0752-4089-948c-b04439df6f6c 0.071s
2024-12-11 21:33:27.539 67470 INFO tempest.common.waiters [-] State transition "BUILD/networking" ==> "BUILD/block_device_mapping" after 89 second wait
2024-12-11 21:33:27.579 67450 INFO tempest.lib.common.rest_client [req-960291e6-998c-4145-a1ee-0dc95c276019 req-960291e6-998c-4145-a1ee-0dc95c276019 ] Request (FlavorsExtraSpecsTestJSON:tearDownClass): 204 DELETE http://10.180.1.21:9696/networking/v2.0/security-groups/d0261139-5ff9-4be6-9952-135baa776994 0.107s
2024-12-11 21:33:27.579 67452 INFO tempest.lib.common.rest_client [req-52174e16-a180-4a90-a40e-63aa2fdc59cf req-52174e16-a180-4a90-a40e-63aa2fdc59cf ] Request (ServersAdminTestJSON:test_create_server_with_scheduling_hint): 200 GET http://10.180.1.21/compute/v2.1/servers/e6cd62ce-f6d2-4e5b-acbc-7527a94e0932 0.060s
2024-12-11 21:33:27.597 67482 INFO tempest.lib.common.rest_client [req-1e77d058-5c5e-44b1-bebd-e4cfb618ac7f req-1e77d058-5c5e-44b1-bebd-e4cfb618ac7f ] Request (FloatingIPsAssociationTestJSON:test_associate_already_associated_floating_ip): 200 GET http://10.180.1.21/compute/v2.1/servers/7e66011a-4fed-471f-82ea-e1016f92ad39 0.051s
2024-12-11 21:33:27.675 67450 INFO tempest.lib.common.rest_client [req-2c637d4d-9082-4139-a678-bd22b7dc8397 req-2c637d4d-9082-4139-a678-bd22b7dc8397 ] Request (FlavorsExtraSpecsTestJSON:tearDownClass): 204 DELETE http://10.180.1.21/identity/v3/projects/320970357f5342859e977b120623a9cd 0.095s
2024-12-11 21:33:27.675 67450 INFO tempest.lib.common.dynamic_creds [-] Deleting project and security group for project: ba242afeaa194d57a2a76e0921b69540
2024-12-11 21:33:27.704 67504 INFO tempest.lib.common.rest_client [req-3092fc8c-c314-4fbf-9de8-f7be28628c1e req-3092fc8c-c314-4fbf-9de8-f7be28628c1e ] Request (AttachVolumeTestJSON:test_attach_detach_volume): 200 GET http://10.180.1.21/compute/v2.1/servers/b523486c-adae-4322-80be-1f3bf33ca192 0.088s
2024-12-11 21:33:27.749 67475 INFO tempest.lib.common.rest_client [req-fa09d64a-b430-4ae5-abf8-67b854e00936 req-fa09d64a-b430-4ae5-abf8-67b854e00936 ] Request (InstanceActionsTestJSON:setUpClass): 200 GET http://10.180.1.21/compute/v2.1/servers/be37eb1c-8582-4446-afd6-ae11a8cadf95 0.069s
2024-12-11 21:33:27.779 67484 INFO tempest.lib.common.rest_client [req-d0f60e20-ab26-432d-b0d2-c220a96e4314 req-d0f60e20-ab26-432d-b0d2-c220a96e4314 ] Request (ServerRescueTestJSON:tearDownClass): 200 GET http://10.180.1.21/compute/v2.1/servers/b48a8e83-e581-4886-833b-bbce155d40d9 0.089s
2024-12-11 21:33:27.798 67476 WARNING tempest.lib.common.ssh [-] Failed to establish authenticated ssh connection to cirros@10.180.180.207 ([Errno None] Unable to connect to port 22 on 10.180.180.207). Number attempts: 1. Retry after 2 seconds.: paramiko.ssh_exception.NoValidConnectionsError: [Errno None] Unable to connect to port 22 on 10.180.180.207
2024-12-11 21:33:27.808 67450 INFO tempest.lib.common.rest_client [req-f09ae480-d21a-4033-a71d-eb01aee4f34f req-f09ae480-d21a-4033-a71d-eb01aee4f34f ] Request (FlavorsExtraSpecsTestJSON:tearDownClass): 200 GET http://10.180.1.21:9696/networking/v2.0/security-groups?tenant_id=ba242afeaa194d57a2a76e0921b69540&name=default 0.132s
2024-12-11 21:33:27.818 67510 INFO tempest.lib.common.rest_client [req-bf51df93-68bd-4362-8321-7670e8df7367 req-bf51df93-68bd-4362-8321-7670e8df7367 ] Request (ImagesTestJSON:test_create_image_from_stopped_server): 200 GET http://10.180.1.21/compute/v2.1/servers/594ff846-8e3e-4882-8ddc-41f824a77a5c 0.088s
2024-12-11 21:33:27.851 67466 INFO tempest.lib.common.rest_client [req-1def3a16-3c6a-4979-acde-08d3dba204d5 req-1def3a16-3c6a-4979-acde-08d3dba204d5 ] Request (VolumesAssistedSnapshotsTest:_run_cleanups): 200 GET http://10.180.1.21/compute/v2.1/servers/cbcdfe1a-86a4-4a12-99b5-44d291d41769/os-volume_attachments 0.089s
2024-12-11 21:33:27.866 67496 INFO tempest.lib.common.rest_client [req-91f3ed69-4899-4876-a5ea-f46bb92f4906 req-91f3ed69-4899-4876-a5ea-f46bb92f4906 ] Request (MultipleCreateTestJSON:test_multiple_create_with_reservation_return): 200 GET http://10.180.1.21/compute/v2.1/servers/dcf8063b-56eb-439c-bee5-139a1e157714 0.127s
2024-12-11 21:33:27.894 67448 INFO tempest.lib.common.rest_client [req-e9c7b59f-8f7e-409b-a63c-0356dd9fd398 req-e9c7b59f-8f7e-409b-a63c-0356dd9fd398 ] Request (ServerActionsTestJSON:setUpClass): 200 GET http://10.180.1.21/compute/v2.1/servers/88fd17e6-bf88-4f7d-a204-6fb0f5c7e9ec 0.101s
2024-12-11 21:33:27.923 67456 INFO tempest.lib.common.rest_client [req-e8be142a-c5d8-44af-9f23-5c3e8c97c1ed req-e8be142a-c5d8-44af-9f23-5c3e8c97c1ed ] Request (ImagesOneServerTestJSON:setUpClass): 200 GET http://10.180.1.21/compute/v2.1/servers/aae72990-b3ab-4a9c-a4fe-73dc7c5e59bf 0.103s
2024-12-11 21:33:27.939 67490 INFO tempest.lib.common.rest_client [req-4ac8ec59-1efd-43ba-ba4e-1ead14bcc6f7 req-4ac8ec59-1efd-43ba-ba4e-1ead14bcc6f7 ] Request (ServerActionsTestOtherA:setUpClass): 200 GET http://10.180.1.21/compute/v2.1/servers/6df9af10-0053-4696-920a-10ab2af67ef5 0.105s
2024-12-11 21:33:28.021 67472 INFO paramiko.transport [-] Connected (version 2.0, client dropbear_2020.81)
2024-12-11 21:33:28.056 67450 INFO tempest.lib.common.rest_client [req-5778dfeb-8fdd-4d6e-8819-af55edfa584f req-5778dfeb-8fdd-4d6e-8819-af55edfa584f ] Request (FlavorsExtraSpecsTestJSON:tearDownClass): 204 DELETE http://10.180.1.21:9696/networking/v2.0/security-groups/16af9b8b-502d-4834-bc85-a4d9c58ca01b 0.247s
2024-12-11 21:33:28.124 67472 INFO paramiko.transport [-] Authentication (publickey) successful!
2024-12-11 21:33:28.124 67472 INFO tempest.lib.common.ssh [-] ssh connection to cirros@10.180.180.171 successfully created
2024-12-11 21:33:28.160 67462 INFO tempest.lib.common.rest_client [req-cdd944e5-77bf-4229-8dfc-dcf654f9f89a req-cdd944e5-77bf-4229-8dfc-dcf654f9f89a ] Request (ListServersNegativeTestJSON:setUpClass): 200 GET http://10.180.1.21/compute/v2.1/servers/36b81143-211f-4c77-854b-abe0d3f39ce4 0.205s
2024-12-11 21:33:28.175 67501 INFO tempest.lib.common.rest_client [req-6c34bc5b-75fb-4b71-93a9-2f8c90c1aec9 req-6c34bc5b-75fb-4b71-93a9-2f8c90c1aec9 ] Request (DeleteServersTestJSON:test_delete_active_server): 200 GET http://10.180.1.21/compute/v2.1/servers/855005ae-3b0e-4ad7-80cf-266075fc6d0f 0.112s
2024-12-11 21:33:28.175 67450 INFO tempest.lib.common.rest_client [req-28084381-ceac-4b92-b44d-77f8690d35f6 req-28084381-ceac-4b92-b44d-77f8690d35f6 ] Request (FlavorsExtraSpecsTestJSON:tearDownClass): 204 DELETE http://10.180.1.21/identity/v3/projects/ba242afeaa194d57a2a76e0921b69540 0.119s
2024-12-11 21:33:28.236 67492 INFO tempest.lib.common.rest_client [req-3511d52a-af4d-4199-b929-ed584bd2c493 req-3511d52a-af4d-4199-b929-ed584bd2c493 ] Request (ServersAdminNegativeTestJSON:tearDownClass): 200 GET http://10.180.1.21/compute/v2.1/servers/4ebd3a28-b2b2-4dc5-adf2-3e7e084241f6 0.147s
2024-12-11 21:33:28.249 67454 INFO tempest.lib.common.rest_client [req-dbd06222-fd57-436a-99c6-8ac464fe4799 req-dbd06222-fd57-436a-99c6-8ac464fe4799 ] Request (ServerGroupTestJSON:_run_cleanups): 200 GET http://10.180.1.21/compute/v2.1/servers/9249f27a-1985-4be1-947c-e433c7aa26f1 0.124s
2024-12-11 21:33:28.249 67450 INFO tempest.lib.common.rest_client [req-4dc549c3-6ec1-4879-9890-4366d67ddba8 req-4dc549c3-6ec1-4879-9890-4366d67ddba8 ] Request (FloatingIPDetailsNegativeTestJSON:setUpClass): 201 POST http://10.180.1.21/identity/v3/auth/tokens 0.072s
2024-12-11 21:33:28.287 67450 INFO tempest.lib.common.rest_client [req-1488d91a-fe70-461b-b600-96803b64e724 req-1488d91a-fe70-461b-b600-96803b64e724 ] Request (FloatingIPDetailsNegativeTestJSON:setUpClass): 201 POST http://10.180.1.21/identity/v3/auth/tokens 0.035s
2024-12-11 21:33:28.300 67488 INFO tempest.lib.common.rest_client [req-0fd867a5-bdc1-404d-82cd-b8e16a958bfb req-0fd867a5-bdc1-404d-82cd-b8e16a958bfb ] Request (MigrationsAdminTest:test_resize_server_revert_deleted_flavor): 200 GET http://10.180.1.21/compute/v2.1/servers/96627f7d-5f59-46a1-bcdd-a5d3aec1ac7f 0.154s
2024-12-11 21:33:28.318 67450 INFO tempest.lib.common.rest_client [req-777aacc1-5ffd-4b45-8426-7f7e2f8ddbd8 req-777aacc1-5ffd-4b45-8426-7f7e2f8ddbd8 ] Request (FloatingIPDetailsNegativeTestJSON:setUpClass): 200 GET http://10.180.1.21/identity/v3/domains?name=Default 0.031s
2024-12-11 21:33:28.335 67472 INFO tempest.lib.common.rest_client [req-de06255d-23e4-4489-921b-9d088b2b8000 req-de06255d-23e4-4489-921b-9d088b2b8000 ] Request (ServersWithSpecificFlavorTestJSON:test_verify_created_server_ephemeral_disk): 204 DELETE http://10.180.1.21/compute/v2.1/servers/cfbd0c7c-243e-497a-acb1-ab9323c23574 0.205s
2024-12-11 21:33:28.339 67486 INFO tempest.lib.common.rest_client [req-026f580d-4f64-4cf5-bf3f-07f12ec87c1f req-026f580d-4f64-4cf5-bf3f-07f12ec87c1f ] Request (ListImageFiltersTestJSON:setUpClass): 200 GET http://10.180.1.21/compute/v2.1/images/d6a027d0-1605-4385-9e91-38b4326d06e7 0.162s
2024-12-11 21:33:28.361 67450 INFO tempest.lib.common.rest_client [req-4f3a4094-637e-4c39-ae5c-eb347d5c37d9 req-4f3a4094-637e-4c39-ae5c-eb347d5c37d9 ] Request (FloatingIPDetailsNegativeTestJSON:setUpClass): 201 POST http://10.180.1.21/identity/v3/projects 0.042s
2024-12-11 21:33:28.388 67508 INFO tempest.lib.common.rest_client [req-495d2e83-ef79-44e2-ac22-a20b5ac957ad req-495d2e83-ef79-44e2-ac22-a20b5ac957ad ] Request (ServersTestMultiNic:test_verify_duplicate_network_nics): 200 GET http://10.180.1.21/compute/v2.1/servers/f8119ade-7018-4ad8-82fe-baa0a6753c64 0.130s
2024-12-11 21:33:28.396 67480 INFO tempest.lib.common.rest_client [req-3d41753e-c959-4c42-ae40-a58e716e1e60 req-3d41753e-c959-4c42-ae40-a58e716e1e60 ] Request (ServersTestFqdnHostnames:tearDownClass): 200 GET http://10.180.1.21/compute/v2.1/servers/ca53accc-a15f-4503-87e5-7cbf3e2c0b43 0.174s
2024-12-11 21:33:28.402 67472 INFO tempest.lib.common.rest_client [req-d6d082b9-bbf4-42dd-ac50-02639a7cb42e req-d6d082b9-bbf4-42dd-ac50-02639a7cb42e ] Request (ServersWithSpecificFlavorTestJSON:test_verify_created_server_ephemeral_disk): 201 POST http://10.180.1.21/identity/v3/auth/tokens 0.063s
2024-12-11 21:33:28.403 67472 INFO tempest.lib.common.fixed_network [-] (ServersWithSpecificFlavorTestJSON:test_verify_created_server_ephemeral_disk) Found network {'id': '7148c44a-bf33-4a93-a06b-2ca6d723c269', 'name': 'tempest-ServersWithSpecificFlavorTestJSON-602295530-network', 'tenant_id': 'b5c5bf80b8e64c8795da4d79d6a89150', 'admin_state_up': True, 'mtu': 8950, 'status': 'ACTIVE', 'subnets': [], 'shared': False, 'project_id': 'b5c5bf80b8e64c8795da4d79d6a89150', 'port_security_enabled': True, 'router:external': False, 'provider:network_type': 'vlan', 'provider:physical_network': 'default', 'provider:segmentation_id': 657, 'availability_zone_hints': [], 'availability_zones': [], 'ipv4_address_scope': None, 'ipv6_address_scope': None, 'description': '', 'tags': [], 'created_at': '2024-12-11T21:30:43Z', 'updated_at': '2024-12-11T21:30:43Z', 'revision_number': 1} available for tenant
2024-12-11 21:33:28.426 67450 INFO tempest.lib.common.rest_client [req-f1f84e05-f54f-4cb0-9260-bcafb33cf894 req-f1f84e05-f54f-4cb0-9260-bcafb33cf894 ] Request (FloatingIPDetailsNegativeTestJSON:setUpClass): 201 POST http://10.180.1.21/identity/v3/users 0.064s
2024-12-11 21:33:28.448 67450 INFO tempest.lib.common.rest_client [req-f48b0803-a235-490f-b245-1f1cf8e2cefd req-f48b0803-a235-490f-b245-1f1cf8e2cefd ] Request (FloatingIPDetailsNegativeTestJSON:setUpClass): 200 GET http://10.180.1.21/identity/v3/roles 0.021s
2024-12-11 21:33:28.483 67450 INFO tempest.lib.common.rest_client [req-22d8a2cb-c144-4cbe-9b1a-75693cfea857 req-22d8a2cb-c144-4cbe-9b1a-75693cfea857 ] Request (FloatingIPDetailsNegativeTestJSON:setUpClass): 204 PUT http://10.180.1.21/identity/v3/projects/dcb650bfebe94f30827c1d469917b293/users/8999f90cca1443f0908ec796aee9688b/roles/4b176f7345fd4084860dc9343772cc62 0.034s
2024-12-11 21:33:28.483 67450 INFO tempest.lib.common.dynamic_creds [-] Dynamic test user 8999f90cca1443f0908ec796aee9688b is created with scope project and roles: ['member']
2024-12-11 21:33:28.483 67450 INFO tempest.lib.common.dynamic_creds [-] Acquired dynamic creds: credentials: Credentials: {'domain_id': 'default', 'domain_name': 'Default', 'username': 'tempest-FloatingIPDetailsNegativeTestJSON-1164833888-project-member', 'project_domain_id': 'default', 'project_domain_name': 'Default', 'project_id': 'dcb650bfebe94f30827c1d469917b293', 'project_name': 'tempest-FloatingIPDetailsNegativeTestJSON-1164833888', 'tenant_id': 'dcb650bfebe94f30827c1d469917b293', 'tenant_name': 'tempest-FloatingIPDetailsNegativeTestJSON-1164833888', 'user_domain_id': 'default', 'user_domain_name': 'Default', 'user_id': '8999f90cca1443f0908ec796aee9688b', 'system': None}, Network: None, Subnet: None, Router: None
2024-12-11 21:33:28.565 67450 INFO tempest.lib.common.rest_client [req-32a17924-8196-49d7-9e80-3c096d3d7a4d req-32a17924-8196-49d7-9e80-3c096d3d7a4d ] Request (FloatingIPDetailsNegativeTestJSON:setUpClass): 201 POST http://10.180.1.21/identity/v3/auth/tokens 0.081s
2024-12-11 21:33:28.602 67470 INFO tempest.lib.common.rest_client [req-5e17f0f6-8d28-470a-bb5f-c9eb4b82ea7b req-5e17f0f6-8d28-470a-bb5f-c9eb4b82ea7b ] Request (ServerDiagnosticsV248Test:test_get_server_diagnostics): 200 GET http://10.180.1.21/compute/v2.1/servers/50d5eac1-0752-4089-948c-b04439df6f6c 0.062s
2024-12-11 21:33:28.610 67470 INFO tempest.common.waiters [-] State transition "BUILD/block_device_mapping" ==> "BUILD/spawning" after 90 second wait
2024-12-11 21:33:28.660 67452 INFO tempest.lib.common.rest_client [req-7491efed-6309-487c-b776-203c175c1371 req-7491efed-6309-487c-b776-203c175c1371 ] Request (ServersAdminTestJSON:test_create_server_with_scheduling_hint): 200 GET http://10.180.1.21/compute/v2.1/servers/e6cd62ce-f6d2-4e5b-acbc-7527a94e0932 0.072s
2024-12-11 21:33:28.668 67452 INFO tempest.common.waiters [-] State transition "BUILD/scheduling" ==> "BUILD/None" after 70 second wait
2024-12-11 21:33:28.694 67468 WARNING tempest.lib.common.ssh [-] Failed to establish authenticated ssh connection to cirros@10.180.180.225 ([Errno None] Unable to connect to port 22 on 10.180.180.225). Number attempts: 12. Retry after 13 seconds.: paramiko.ssh_exception.NoValidConnectionsError: [Errno None] Unable to connect to port 22 on 10.180.180.225
2024-12-11 21:33:28.725 67482 INFO tempest.lib.common.rest_client [req-eb8bc0f4-c0b5-44b1-b1cc-cd6431bf1973 req-eb8bc0f4-c0b5-44b1-b1cc-cd6431bf1973 ] Request (FloatingIPsAssociationTestJSON:test_associate_already_associated_floating_ip): 200 GET http://10.180.1.21/compute/v2.1/servers/7e66011a-4fed-471f-82ea-e1016f92ad39 0.122s
2024-12-11 21:33:28.807 67504 INFO tempest.lib.common.rest_client [req-66a9f89a-1b28-46cf-b0c7-dd129ad35725 req-66a9f89a-1b28-46cf-b0c7-dd129ad35725 ] Request (AttachVolumeTestJSON:test_attach_detach_volume): 200 GET http://10.180.1.21/compute/v2.1/servers/b523486c-adae-4322-80be-1f3bf33ca192 0.092s
2024-12-11 21:33:28.838 67472 INFO tempest.lib.common.rest_client [req-b1882d00-c79e-4cf0-ba53-39d1c52d442b req-b1882d00-c79e-4cf0-ba53-39d1c52d442b ] Request (ServersWithSpecificFlavorTestJSON:test_verify_created_server_ephemeral_disk): 202 POST http://10.180.1.21/compute/v2.1/servers 0.434s
2024-12-11 21:33:28.897 67475 INFO tempest.lib.common.rest_client [req-4da94521-1582-460c-a288-bd22045e9984 req-4da94521-1582-460c-a288-bd22045e9984 ] Request (InstanceActionsTestJSON:setUpClass): 200 GET http://10.180.1.21/compute/v2.1/servers/be37eb1c-8582-4446-afd6-ae11a8cadf95 0.136s
2024-12-11 21:33:28.909 67484 INFO tempest.lib.common.rest_client [req-f46be8cd-9c7c-4f2f-aa7b-1e9301bf4de8 req-f46be8cd-9c7c-4f2f-aa7b-1e9301bf4de8 ] Request (ServerRescueTestJSON:tearDownClass): 200 GET http://10.180.1.21/compute/v2.1/servers/b48a8e83-e581-4886-833b-bbce155d40d9 0.120s
2024-12-11 21:33:28.918 67484 INFO tempest.common.waiters [-] State transition "ACTIVE/deleting" ==> "DELETED/None" after 3 second wait
2024-12-11 21:33:28.956 67472 INFO tempest.lib.common.rest_client [req-6ef7f694-4b1f-4eba-bf6a-7a4b918665bf req-6ef7f694-4b1f-4eba-bf6a-7a4b918665bf ] Request (ServersWithSpecificFlavorTestJSON:test_verify_created_server_ephemeral_disk): 200 GET http://10.180.1.21/compute/v2.1/servers/195de525-1081-4db6-acf3-04a6d3eb142f 0.116s
2024-12-11 21:33:28.966 67510 INFO tempest.lib.common.rest_client [req-5a0fb31b-243e-4122-b575-d45202eae345 req-5a0fb31b-243e-4122-b575-d45202eae345 ] Request (ImagesTestJSON:test_create_image_from_stopped_server): 200 GET http://10.180.1.21/compute/v2.1/servers/594ff846-8e3e-4882-8ddc-41f824a77a5c 0.133s
2024-12-11 21:33:28.998 67466 INFO tempest.lib.common.rest_client [req-0c2197fb-8973-467a-841c-e87a3f788624 req-0c2197fb-8973-467a-841c-e87a3f788624 ] Request (VolumesAssistedSnapshotsTest:_run_cleanups): 200 GET http://10.180.1.21/compute/v2.1/servers/cbcdfe1a-86a4-4a12-99b5-44d291d41769/os-volume_attachments 0.144s
2024-12-11 21:33:29.031 67496 INFO tempest.lib.common.rest_client [req-23165c23-5c9e-4d01-b5c7-d96304dbb25a req-23165c23-5c9e-4d01-b5c7-d96304dbb25a ] Request (MultipleCreateTestJSON:test_multiple_create_with_reservation_return): 200 GET http://10.180.1.21/compute/v2.1/servers/dcf8063b-56eb-439c-bee5-139a1e157714 0.156s
2024-12-11 21:33:29.047 67448 INFO tempest.lib.common.rest_client [req-7ca87abe-e944-4351-9e08-46f4853c0a16 req-7ca87abe-e944-4351-9e08-46f4853c0a16 ] Request (ServerActionsTestJSON:setUpClass): 200 GET http://10.180.1.21/compute/v2.1/servers/88fd17e6-bf88-4f7d-a204-6fb0f5c7e9ec 0.146s
2024-12-11 21:33:29.065 67450 INFO tempest.lib.common.rest_client [req-9ec7e552-c403-491b-a977-45a35d8f31f9 req-9ec7e552-c403-491b-a977-45a35d8f31f9 ] Request (FloatingIPDetailsNegativeTestJSON:setUpClass): 201 POST http://10.180.1.21:9696/networking/v2.0/networks 0.499s
2024-12-11 21:33:29.098 67490 INFO tempest.lib.common.rest_client [req-bf98eec0-bbb9-4f8d-8759-c353e2ff6fe9 req-bf98eec0-bbb9-4f8d-8759-c353e2ff6fe9 ] Request (ServerActionsTestOtherA:setUpClass): 200 GET http://10.180.1.21/compute/v2.1/servers/6df9af10-0053-4696-920a-10ab2af67ef5 0.148s
2024-12-11 21:33:29.100 67456 INFO tempest.lib.common.rest_client [req-9421ca6c-6dbf-49d3-8962-c606bd053331 req-9421ca6c-6dbf-49d3-8962-c606bd053331 ] Request (ImagesOneServerTestJSON:setUpClass): 200 GET http://10.180.1.21/compute/v2.1/servers/aae72990-b3ab-4a9c-a4fe-73dc7c5e59bf 0.169s
2024-12-11 21:33:29.300 67501 INFO tempest.lib.common.rest_client [req-c1a86f32-4a2a-4fb4-9bdc-521c918713cf req-c1a86f32-4a2a-4fb4-9bdc-521c918713cf ] Request (DeleteServersTestJSON:test_delete_active_server): 200 GET http://10.180.1.21/compute/v2.1/servers/855005ae-3b0e-4ad7-80cf-266075fc6d0f 0.117s
2024-12-11 21:33:29.314 67462 INFO tempest.lib.common.rest_client [req-3747ba11-d9c8-47de-9280-f4231c08ac6b req-3747ba11-d9c8-47de-9280-f4231c08ac6b ] Request (ListServersNegativeTestJSON:setUpClass): 200 GET http://10.180.1.21/compute/v2.1/servers/36b81143-211f-4c77-854b-abe0d3f39ce4 0.140s
2024-12-11 21:33:29.368 67450 INFO tempest.lib.common.rest_client [req-467ec625-6d4d-45a1-97c5-d45628290d79 req-467ec625-6d4d-45a1-97c5-d45628290d79 ] Request (FloatingIPDetailsNegativeTestJSON:setUpClass): 201 POST http://10.180.1.21:9696/networking/v2.0/subnets 0.302s
2024-12-11 21:33:29.384 67454 INFO tempest.lib.common.rest_client [req-3153a0a0-76d3-472e-9004-a16732505c99 req-3153a0a0-76d3-472e-9004-a16732505c99 ] Request (ServerGroupTestJSON:_run_cleanups): 200 GET http://10.180.1.21/compute/v2.1/servers/9249f27a-1985-4be1-947c-e433c7aa26f1 0.127s
2024-12-11 21:33:29.396 67492 INFO tempest.lib.common.rest_client [req-48c5e3d4-ab8d-4c80-859c-657565119c89 req-48c5e3d4-ab8d-4c80-859c-657565119c89 ] Request (ServersAdminNegativeTestJSON:tearDownClass): 200 GET http://10.180.1.21/compute/v2.1/servers/4ebd3a28-b2b2-4dc5-adf2-3e7e084241f6 0.152s
2024-12-11 21:33:29.451 67486 INFO tempest.lib.common.rest_client [req-022b1cea-671f-41b3-bdbe-90391a874a33 req-022b1cea-671f-41b3-bdbe-90391a874a33 ] Request (ListImageFiltersTestJSON:setUpClass): 200 GET http://10.180.1.21/compute/v2.1/images/d6a027d0-1605-4385-9e91-38b4326d06e7 0.107s
2024-12-11 21:33:29.453 67488 INFO tempest.lib.common.rest_client [req-23166540-fddb-4f0c-9ca1-33567e9984c6 req-23166540-fddb-4f0c-9ca1-33567e9984c6 ] Request (MigrationsAdminTest:test_resize_server_revert_deleted_flavor): 200 GET http://10.180.1.21/compute/v2.1/servers/96627f7d-5f59-46a1-bcdd-a5d3aec1ac7f 0.143s
2024-12-11 21:33:29.532 67506 INFO paramiko.transport [-] Connected (version 2.0, client dropbear_2020.81)
2024-12-11 21:33:29.533 67508 INFO tempest.lib.common.rest_client [req-6711612f-1469-43e7-9029-c09d2b36107f req-6711612f-1469-43e7-9029-c09d2b36107f ] Request (ServersTestMultiNic:test_verify_duplicate_network_nics): 200 GET http://10.180.1.21/compute/v2.1/servers/f8119ade-7018-4ad8-82fe-baa0a6753c64 0.134s
2024-12-11 21:33:29.534 67480 INFO tempest.lib.common.rest_client [req-3a5a1a90-ce75-443b-a3ea-7e21f8bcd7e2 req-3a5a1a90-ce75-443b-a3ea-7e21f8bcd7e2 ] Request (ServersTestFqdnHostnames:tearDownClass): 200 GET http://10.180.1.21/compute/v2.1/servers/ca53accc-a15f-4503-87e5-7cbf3e2c0b43 0.129s
2024-12-11 21:33:29.644 67506 INFO paramiko.transport [-] Authentication (publickey) successful!
2024-12-11 21:33:29.645 67506 INFO tempest.lib.common.ssh [-] ssh connection to cirros@10.180.180.238 successfully created
2024-12-11 21:33:29.712 67470 INFO tempest.lib.common.rest_client [req-a6852fe4-39b7-4a54-97d6-1db89a8896f7 req-a6852fe4-39b7-4a54-97d6-1db89a8896f7 ] Request (ServerDiagnosticsV248Test:test_get_server_diagnostics): 200 GET http://10.180.1.21/compute/v2.1/servers/50d5eac1-0752-4089-948c-b04439df6f6c 0.101s
2024-12-11 21:33:29.718 67506 INFO tempest.lib.common.rest_client [req-d71b5341-8653-4ac1-bbdf-707862bf7251 req-d71b5341-8653-4ac1-bbdf-707862bf7251 ] Request (ServersTestBootFromVolume:test_list_servers): 200 GET http://10.180.1.21/compute/v2.1/servers 0.066s
2024-12-11 21:33:29.775 67452 INFO tempest.lib.common.rest_client [req-5b662280-e11c-4dc3-8bb7-e1d31a6fcb7f req-5b662280-e11c-4dc3-8bb7-e1d31a6fcb7f ] Request (ServersAdminTestJSON:test_create_server_with_scheduling_hint): 200 GET http://10.180.1.21/compute/v2.1/servers/e6cd62ce-f6d2-4e5b-acbc-7527a94e0932 0.106s
2024-12-11 21:33:29.878 67482 INFO tempest.lib.common.rest_client [req-82ec58a6-4768-4cc7-bb99-9c25a03a7d06 req-82ec58a6-4768-4cc7-bb99-9c25a03a7d06 ] Request (FloatingIPsAssociationTestJSON:test_associate_already_associated_floating_ip): 200 GET http://10.180.1.21/compute/v2.1/servers/7e66011a-4fed-471f-82ea-e1016f92ad39 0.142s
2024-12-11 21:33:29.993 67504 INFO tempest.lib.common.rest_client [req-5bc240ff-9a8e-454e-8245-c81b790d3d83 req-5bc240ff-9a8e-454e-8245-c81b790d3d83 ] Request (AttachVolumeTestJSON:test_attach_detach_volume): 200 GET http://10.180.1.21/compute/v2.1/servers/b523486c-adae-4322-80be-1f3bf33ca192 0.176s
