2024-12-11 21:31:04.238 67508 INFO tempest.lib.common.rest_client [req-558d5b5b-664c-4332-ab46-bc2d21859e3e req-558d5b5b-664c-4332-ab46-bc2d21859e3e ] Request (FlavorsExtraSpecsNegativeTestJSON:test_flavor_non_admin_unset_keys): 403 DELETE http://10.180.1.21/compute/v2.1/flavors/478138063/os-extra_specs/hw:numa_nodes 2.363s
2024-12-11 21:31:04.260 67458 INFO tempest.lib.common.rest_client [req-217f9558-5e72-4b01-be3f-1cae493c098c req-217f9558-5e72-4b01-be3f-1cae493c098c ] Request (ImagesMetadataTestJSON:setUpClass): 204 PUT http://10.180.1.21/image/v2/images/c3a1c86e-1f4a-4684-96e4-54fea07dca62/file 0.634s
2024-12-11 21:31:04.262 67498 INFO tempest.lib.common.rest_client [req-cd470624-1741-444c-b18e-a8633930bd9b req-cd470624-1741-444c-b18e-a8633930bd9b ] Request (FlavorsV261TestJSON:_run_cleanups): 202 DELETE http://10.180.1.21/compute/v2.1/flavors/1106592039 2.369s
2024-12-11 21:31:04.263 67502 INFO tempest.lib.common.rest_client [req-5919d954-d42b-40d3-8235-f61aa4945e5b req-5919d954-d42b-40d3-8235-f61aa4945e5b ] Request (MultipleCreateNegativeTestJSON:test_max_count_non_integer): 201 POST http://10.180.1.21/identity/v3/auth/tokens 0.054s
2024-12-11 21:31:04.264 67502 INFO tempest.lib.common.fixed_network [-] (MultipleCreateNegativeTestJSON:test_max_count_non_integer) Found network None available for tenant
2024-12-11 21:31:04.276 67460 INFO tempest.lib.common.rest_client [req-b627a117-e962-47a4-8113-5f86c038bbaf req-b627a117-e962-47a4-8113-5f86c038bbaf ] Request (HostsAdminNegativeTestJSON:test_show_host_detail_with_nonexistent_hostname): 404 GET http://10.180.1.21/compute/v2.1/os-hosts/nonexistent_hostname 2.371s
2024-12-11 21:31:04.284 67486 INFO tempest.lib.common.rest_client [req-8f459d57-7e30-469a-b614-68e813eb07e7 req-8f459d57-7e30-469a-b614-68e813eb07e7 ] Request (InstanceUsageAuditLogNegativeTestJSON:test_instance_usage_audit_logs_with_nonadmin_user): 403 GET http://10.180.1.21/compute/v2.1/os-instance_usage_audit_log 2.527s
2024-12-11 21:31:04.300 67470 INFO tempest.lib.common.rest_client [req-90b1ed90-263c-438e-8ee1-9712284fc1d8 req-90b1ed90-263c-438e-8ee1-9712284fc1d8 ] Request (FlavorsAccessNegativeTestJSON:_run_cleanups): 202 DELETE http://10.180.1.21/compute/v2.1/flavors/1779437965 2.251s
2024-12-11 21:31:04.317 67501 INFO tempest.lib.common.rest_client [req-e78979ff-529b-4cc0-8488-ad746cf91199 req-e78979ff-529b-4cc0-8488-ad746cf91199 ] Request (AggregatesAdminNegativeTestJSON:_run_cleanups): 200 DELETE http://10.180.1.21/compute/v2.1/os-aggregates/1 2.119s
2024-12-11 21:31:04.345 67472 INFO tempest.lib.common.rest_client [req-d384f93e-a899-404c-9a4a-c4ddcc8fd850 req-d384f93e-a899-404c-9a4a-c4ddcc8fd850 ] Request (ServersWithSpecificFlavorTestJSON:test_verify_created_server_ephemeral_disk): 200 POST http://10.180.1.21/compute/v2.1/flavors/431901221/os-extra_specs 1.518s
2024-12-11 21:31:04.415 67452 INFO tempest.lib.common.rest_client [req-d023857d-150c-4814-a6cd-afd2461e1ef1 req-d023857d-150c-4814-a6cd-afd2461e1ef1 ] Request (QuotasAdminTestV236:test_get_updated_quotas): 200 GET http://10.180.1.21/compute/v2.1/os-quota-sets/3fe0bbcee84849c5af56f95c6d3e2b31?user_id=357a5ddb231e4cc18be3a44ae0d99f73 1.936s
2024-12-11 21:31:04.419 67488 INFO tempest.lib.common.rest_client [req-f157d2b7-0381-42ea-bdf7-aceff39d2109 req-f157d2b7-0381-42ea-bdf7-aceff39d2109 ] Request (MigrationsAdminTest:test_list_migrations_in_flavor_resize_situation): 200 GET http://10.180.1.21/compute/v2.1/servers/f7c6e1f1-8fa5-40b8-abcb-56944d1c13ed 1.565s
2024-12-11 21:31:04.442 67464 INFO tempest.lib.common.rest_client [req-8289e906-b323-481e-8f68-6eff1ddbf418 req-8289e906-b323-481e-8f68-6eff1ddbf418 ] Request (HypervisorAdminTestJSON:test_get_hypervisor_list_details): 200 GET http://10.180.1.21/compute/v2.1/os-hypervisors/detail 1.342s
2024-12-11 21:31:04.542 67490 INFO tempest.lib.common.rest_client [req-df910955-2dd2-4c30-a2ac-b9896d9d9e0d req-df910955-2dd2-4c30-a2ac-b9896d9d9e0d ] Request (ServicesAdminNegativeV253TestJSON:test_disable_log_reason_with_invalid_service_id): 404 PUT http://10.180.1.21/compute/v2.1/os-services/85a784e9-967f-4148-92e3-b1ed9c178b83 1.092s
2024-12-11 21:31:04.593 67462 INFO tempest.lib.common.rest_client [req-4e500b87-9198-476e-a73c-9ca9ec28b39b req-4e500b87-9198-476e-a73c-9ca9ec28b39b ] Request (FlavorsAccessTestJSON:_run_cleanups): 202 DELETE http://10.180.1.21/compute/v2.1/flavors/1378484689 1.021s
2024-12-11 21:31:04.618 67452 INFO tempest.lib.common.rest_client [req-b4ff6453-9b0e-4e4d-a523-d05f03c23da6 req-b4ff6453-9b0e-4e4d-a523-d05f03c23da6 ] Request (QuotasAdminTestV236:_run_cleanups): 204 DELETE http://10.180.1.21/identity/v3/users/357a5ddb231e4cc18be3a44ae0d99f73 0.201s
2024-12-11 21:31:04.649 67454 INFO tempest.lib.common.rest_client [req-841e17b3-7fec-4b65-b47f-c357c366c118 req-841e17b3-7fec-4b65-b47f-c357c366c118 ] Request (NetworksTest:test_get_network): 200 GET http://10.180.1.21/compute/v2.1/os-networks 1.784s
2024-12-11 21:31:04.756 67466 INFO tempest.lib.common.rest_client [req-252e4ae2-eba2-4131-ad8a-873ca91d327c req-252e4ae2-eba2-4131-ad8a-873ca91d327c ] Request (VolumesAssistedSnapshotsTest:test_volume_assisted_snapshot_create_delete): 200 POST http://10.180.1.21/compute/v2.1/os-keypairs 1.095s
2024-12-11 21:31:04.767 67452 INFO tempest.lib.common.rest_client [req-099c432c-e4cd-48a6-a427-fea3fc4b4509 req-099c432c-e4cd-48a6-a427-fea3fc4b4509 ] Request (QuotasAdminTestV236:_run_cleanups): 204 DELETE http://10.180.1.21/identity/v3/projects/3fe0bbcee84849c5af56f95c6d3e2b31 0.148s
2024-12-11 21:31:04.867 67506 INFO tempest.lib.common.rest_client [req-82f77443-08ad-4c9e-bde1-093af82c435b req-82f77443-08ad-4c9e-bde1-093af82c435b ] Request (ServersTestBootFromVolume:setUpClass): 200 PUT http://10.180.1.21:9696/networking/v2.0/routers/cac82146-00d5-4714-a5a4-e8968ee29bc5/add_router_interface 1.922s
2024-12-11 21:31:04.867 67506 INFO tempest.lib.common.dynamic_creds [-] Created isolated network resources for: credentials: Credentials: {'domain_id': 'default', 'domain_name': 'Default', 'username': 'tempest-ServersTestBootFromVolume-143903165-project-member', 'project_domain_id': 'default', 'project_domain_name': 'Default', 'project_id': 'bf723c611d61478cbb81b2bc474a74f4', 'project_name': 'tempest-ServersTestBootFromVolume-143903165', 'tenant_id': 'bf723c611d61478cbb81b2bc474a74f4', 'tenant_name': 'tempest-ServersTestBootFromVolume-143903165', 'user_domain_id': 'default', 'user_domain_name': 'Default', 'user_id': '15eb038ed0dc4c9d9f948d154c244a32', 'system': None}, Network: {'id': 'f378570d-e12e-4a4b-b779-b22a48508774', 'name': 'tempest-ServersTestBootFromVolume-1065947988-network', 'tenant_id': 'bf723c611d61478cbb81b2bc474a74f4', 'admin_state_up': True, 'mtu': 8950, 'status': 'ACTIVE', 'subnets': [], 'shared': False, 'project_id': 'bf723c611d61478cbb81b2bc474a74f4', 'port_security_enabled': True, 'router:external': False, 'provider:network_type': 'vlan', 'provider:physical_network': 'default', 'provider:segmentation_id': 809, 'availability_zone_hints': [], 'availability_zones': [], 'ipv4_address_scope': None, 'ipv6_address_scope': None, 'description': '', 'tags': [], 'created_at': '2024-12-11T21:31:00Z', 'updated_at': '2024-12-11T21:31:00Z', 'revision_number': 1}, Subnet: {'id': '321192fb-2297-4bcf-a1a0-4a2bf37a2a81', 'name': 'tempest-ServersTestBootFromVolume-1065947988-subnet', 'tenant_id': 'bf723c611d61478cbb81b2bc474a74f4', 'network_id': 'f378570d-e12e-4a4b-b779-b22a48508774', 'ip_version': 4, 'subnetpool_id': None, 'enable_dhcp': True, 'ipv6_ra_mode': None, 'ipv6_address_mode': None, 'gateway_ip': '192.168.128.1', 'cidr': '192.168.128.0/28', 'allocation_pools': [{'start': '192.168.128.2', 'end': '192.168.128.14'}], 'host_routes': [], 'dns_nameservers': [], 'description': '', 'router:external': False, 'service_types': [], 'tags': [], 'created_at': '2024-12-11T21:31:00Z', 'updated_at': '2024-12-11T21:31:00Z', 'revision_number': 0, 'project_id': 'bf723c611d61478cbb81b2bc474a74f4'}, Router: {'id': 'cac82146-00d5-4714-a5a4-e8968ee29bc5', 'name': 'tempest-ServersTestBootFromVolume-1065947988-router', 'tenant_id': 'bf723c611d61478cbb81b2bc474a74f4', 'admin_state_up': True, 'status': 'ACTIVE', 'external_gateway_info': {'network_id': '4f325429-3d38-4fa4-afd7-37723ccdee92', 'external_fixed_ips': [{'subnet_id': 'abe17010-847b-40e9-974c-8a9f9c961535', 'ip_address': '10.180.180.215'}], 'enable_snat': True}, 'description': '', 'availability_zones': [], 'distributed': False, 'ha': False, 'availability_zone_hints': [], 'routes': [], 'flavor_id': None, 'tags': [], 'created_at': '2024-12-11T21:31:01Z', 'updated_at': '2024-12-11T21:31:02Z', 'revision_number': 2, 'project_id': 'bf723c611d61478cbb81b2bc474a74f4'}
2024-12-11 21:31:04.903 67452 INFO tempest.lib.common.rest_client [req-b68f578e-36c4-4f33-9f8d-08c8142b49c1 req-b68f578e-36c4-4f33-9f8d-08c8142b49c1 ] Request (QuotasAdminTestV236:tearDownClass): 204 DELETE http://10.180.1.21/identity/v3/users/1f98f6b748e6455b99299e51aa3ff70f 0.130s
2024-12-11 21:31:04.937 67506 INFO tempest.lib.common.rest_client [req-2e64d3e7-6058-4acb-a4b8-21066ed0a305 req-2e64d3e7-6058-4acb-a4b8-21066ed0a305 ] Request (ServersTestBootFromVolume:setUpClass): 201 POST http://10.180.1.21/identity/v3/auth/tokens 0.067s
2024-12-11 21:31:04.937 67466 INFO tempest.lib.common.rest_client [req-461799a1-643e-4691-9844-99cbdd160ec1 req-461799a1-643e-4691-9844-99cbdd160ec1 ] Request (VolumesAssistedSnapshotsTest:test_volume_assisted_snapshot_create_delete): 201 POST http://10.180.1.21:9696/networking/v2.0/security-groups 0.180s
2024-12-11 21:31:04.985 67510 INFO tempest.lib.common.rest_client [req-3da7c231-233c-4121-9873-eeb64a2d93c3 req-3da7c231-233c-4121-9873-eeb64a2d93c3 ] Request (FloatingIPsAssociationNegativeTestJSON:setUpClass): 200 GET http://10.180.1.21/compute/v2.1/servers/a43fed87-5205-4148-834e-66778a90b7bc 1.165s
2024-12-11 21:31:05.013 67452 INFO tempest.lib.common.rest_client [req-eeab2f96-1687-4ef4-8a90-acd38e271e04 req-eeab2f96-1687-4ef4-8a90-acd38e271e04 ] Request (QuotasAdminTestV236:tearDownClass): 204 DELETE http://10.180.1.21/identity/v3/users/799678c1d3834583a881294ca5527899 0.109s
2024-12-11 21:31:05.013 67452 INFO tempest.lib.common.dynamic_creds [-] Deleting project and security group for project: 8a37876b06f64ac9ab7274ad39af6165
2024-12-11 21:31:05.058 67466 INFO tempest.lib.common.rest_client [req-58cc74fb-0e85-49f3-be8f-0269ed57b1a1 req-58cc74fb-0e85-49f3-be8f-0269ed57b1a1 ] Request (VolumesAssistedSnapshotsTest:test_volume_assisted_snapshot_create_delete): 201 POST http://10.180.1.21:9696/networking/v2.0/security-group-rules 0.120s
2024-12-11 21:31:05.076 67496 INFO tempest.lib.common.rest_client [req-b7081aa9-017b-4432-9247-cee1f071de73 req-b7081aa9-017b-4432-9247-cee1f071de73 ] Request (MultipleCreateTestJSON:test_multiple_create): 200 GET http://10.180.1.21/compute/v2.1/servers/d9523239-79d1-434f-977a-e1f0e358c82b 1.174s
2024-12-11 21:31:05.094 67452 INFO tempest.lib.common.rest_client [req-ab55e3aa-9214-45e4-b69c-ddf1b5b84db6 req-ab55e3aa-9214-45e4-b69c-ddf1b5b84db6 ] Request (QuotasAdminTestV236:tearDownClass): 201 POST http://10.180.1.21/identity/v3/auth/tokens 0.080s
2024-12-11 21:31:05.106 67448 INFO tempest.lib.common.rest_client [req-b0e4a6ef-0958-4dde-9a79-1f196ae20ac6 req-b0e4a6ef-0958-4dde-9a79-1f196ae20ac6 ] Request (KeyPairsNegativeTestJSON:test_create_keypair_when_public_key_bits_exceeds_maximum): 400 POST http://10.180.1.21/compute/v2.1/os-keypairs 0.999s
2024-12-11 21:31:05.260 67504 INFO tempest.lib.common.rest_client [req-97f10ad8-e76f-4309-a1c9-9c797efb0eb9 req-97f10ad8-e76f-4309-a1c9-9c797efb0eb9 ] Request (ServersNegativeTestMultiTenantJSON:setUpClass): 202 POST http://10.180.1.21/compute/v2.1/servers 1.475s
2024-12-11 21:31:05.263 67452 INFO tempest.lib.common.rest_client [req-de8cce3c-47af-449e-86a9-13920a24cbb4 req-de8cce3c-47af-449e-86a9-13920a24cbb4 ] Request (QuotasAdminTestV236:tearDownClass): 200 GET http://10.180.1.21:9696/networking/v2.0/security-groups?tenant_id=8a37876b06f64ac9ab7274ad39af6165&name=default 0.169s
2024-12-11 21:31:05.274 67508 INFO tempest.lib.common.rest_client [req-797f65be-78b5-42b0-a021-27ba7d4565f7 req-797f65be-78b5-42b0-a021-27ba7d4565f7 ] Request (FlavorsExtraSpecsNegativeTestJSON:test_flavor_non_admin_update_specific_key): 200 POST http://10.180.1.21/compute/v2.1/flavors/478138063/os-extra_specs 1.034s
2024-12-11 21:31:05.314 67458 INFO tempest.lib.common.rest_client [req-0f5646ab-bcc9-41ba-b684-0e2536788770 req-0f5646ab-bcc9-41ba-b684-0e2536788770 ] Request (ImagesMetadataTestJSON:setUpClass): 200 GET http://10.180.1.21/compute/v2.1/images/c3a1c86e-1f4a-4684-96e4-54fea07dca62 1.054s
2024-12-11 21:31:05.318 67466 INFO tempest.lib.common.rest_client [req-f37e8e32-95b9-4476-9ea4-45b974eca3df req-f37e8e32-95b9-4476-9ea4-45b974eca3df ] Request (VolumesAssistedSnapshotsTest:test_volume_assisted_snapshot_create_delete): 201 POST http://10.180.1.21:9696/networking/v2.0/security-group-rules 0.260s
2024-12-11 21:31:05.332 67498 INFO tempest.lib.common.rest_client [req-e08c9482-a4cc-42e7-970b-9b3866cf6fbb req-e08c9482-a4cc-42e7-970b-9b3866cf6fbb ] Request (FlavorsV261TestJSON:_run_cleanups): 200 GET http://10.180.1.21/compute/v2.1/flavors/detail 1.069s
2024-12-11 21:31:05.344 67502 INFO tempest.lib.common.rest_client [req-9710d7a2-6895-45cb-aca0-162dcaaee361 req-9710d7a2-6895-45cb-aca0-162dcaaee361 ] Request (MultipleCreateNegativeTestJSON:test_max_count_non_integer): 400 POST http://10.180.1.21/compute/v2.1/servers 1.079s
2024-12-11 21:31:05.352 67460 INFO tempest.lib.common.rest_client [req-a195baa5-bbe2-4376-90dc-33ae33a970cb req-a195baa5-bbe2-4376-90dc-33ae33a970cb ] Request (HostsAdminNegativeTestJSON:test_shutdown_host_with_non_admin_user): 403 GET http://10.180.1.21/compute/v2.1/os-hosts/devstack/shutdown 1.074s
2024-12-11 21:31:05.356 67486 INFO tempest.lib.common.rest_client [req-ea49551b-e167-4fbe-af59-569a3bf501df req-ea49551b-e167-4fbe-af59-569a3bf501df ] Request (InstanceUsageAuditLogNegativeTestJSON:test_instance_usage_audit_logs_with_nonadmin_user): 403 GET http://10.180.1.21/compute/v2.1/os-instance_usage_audit_log/2024-12-11%2021%3A31%3A04 1.071s
2024-12-11 21:31:05.376 67482 INFO tempest.lib.common.rest_client [req-80e00cd3-0a6c-4740-820b-ff6234b14c4e req-80e00cd3-0a6c-4740-820b-ff6234b14c4e ] Request (SecurityGroupsTestAdminJSON:test_list_security_groups_list_all_tenants_filter): 200 GET http://10.180.1.21/compute/v2.1/os-security-groups?all_tenants=true 1.214s
2024-12-11 21:31:05.376 67470 INFO tempest.lib.common.rest_client [req-f9646191-10d3-4677-aa97-b61653eb571a req-f9646191-10d3-4677-aa97-b61653eb571a ] Request (FlavorsAccessNegativeTestJSON:_run_cleanups): 200 GET http://10.180.1.21/compute/v2.1/flavors/detail 1.076s
2024-12-11 21:31:05.406 67472 INFO tempest.lib.common.rest_client [req-1282d2f7-ad7e-4e39-9aa8-3bbb35ec8837 req-1282d2f7-ad7e-4e39-9aa8-3bbb35ec8837 ] Request (ServersWithSpecificFlavorTestJSON:test_verify_created_server_ephemeral_disk): 200 POST http://10.180.1.21/compute/v2.1/flavors 1.059s
2024-12-11 21:31:05.425 67476 INFO tempest.lib.common.rest_client [req-8c36689f-d021-4535-b438-943ec86a5ad2 req-8c36689f-d021-4535-b438-943ec86a5ad2 ] Request (HostsAdminTestJSON:test_list_hosts_with_zone): 200 GET http://10.180.1.21/compute/v2.1/os-hosts 1.088s
2024-12-11 21:31:05.450 67501 INFO tempest.lib.common.rest_client [req-498d4e20-f5e2-495f-9c2a-89b08f1f37da req-498d4e20-f5e2-495f-9c2a-89b08f1f37da ] Request (AggregatesAdminNegativeTestJSON:test_aggregate_add_host_as_user): 200 POST http://10.180.1.21/compute/v2.1/os-aggregates 1.080s
2024-12-11 21:31:05.455 67452 INFO tempest.lib.common.rest_client [req-763e1188-7d24-4863-9c7b-4f624565c887 req-763e1188-7d24-4863-9c7b-4f624565c887 ] Request (QuotasAdminTestV236:tearDownClass): 204 DELETE http://10.180.1.21:9696/networking/v2.0/security-groups/fff254e1-443c-4d99-930c-0c0631261cab 0.191s
2024-12-11 21:31:05.473 67464 INFO tempest.lib.common.rest_client [req-b64da0f3-552c-4fd9-926a-08b540ef3aaa req-b64da0f3-552c-4fd9-926a-08b540ef3aaa ] Request (HypervisorAdminTestJSON:test_get_hypervisor_show_details): 200 GET http://10.180.1.21/compute/v2.1/os-hypervisors 1.020s
2024-12-11 21:31:05.477 67490 INFO tempest.lib.common.rest_client [req-36858d5d-3409-4a09-8904-ba600d3ea583 req-36858d5d-3409-4a09-8904-ba600d3ea583 ] Request (ServicesAdminNegativeV253TestJSON:test_disable_service_with_invalid_service_id): 404 PUT http://10.180.1.21/compute/v2.1/os-services/85a784e9-967f-4148-92e3-b1ed9c178b83 0.933s
2024-12-11 21:31:05.506 67462 INFO tempest.lib.common.rest_client [req-1c4674e2-955c-4f78-848b-7315bc7cb01a req-1c4674e2-955c-4f78-848b-7315bc7cb01a ] Request (FlavorsAccessTestJSON:_run_cleanups): 200 GET http://10.180.1.21/compute/v2.1/flavors/detail 0.913s
2024-12-11 21:31:05.525 67502 INFO tempest.lib.common.rest_client [req-9c117664-a006-4687-9824-18eac49b838c req-9c117664-a006-4687-9824-18eac49b838c ] Request (MultipleCreateNegativeTestJSON:test_min_count_less_than_one): 201 POST http://10.180.1.21/identity/v3/auth/tokens 0.167s
2024-12-11 21:31:05.525 67502 INFO tempest.lib.common.fixed_network [-] (MultipleCreateNegativeTestJSON:test_min_count_less_than_one) Found network None available for tenant
2024-12-11 21:31:05.532 67486 INFO tempest.lib.common.rest_client [req-8e02b9bb-628e-41d4-ab86-f4ab86eefd8c req-8e02b9bb-628e-41d4-ab86-f4ab86eefd8c ] Request (InstanceUsageAuditLogNegativeTestJSON:tearDownClass): 204 DELETE http://10.180.1.21/identity/v3/users/55f1b6b6c9da4207a9a824242a0a6070 0.174s
2024-12-11 21:31:05.643 67452 INFO tempest.lib.common.rest_client [req-aa5002e7-bbaa-46ec-9084-140a759fb335 req-aa5002e7-bbaa-46ec-9084-140a759fb335 ] Request (QuotasAdminTestV236:tearDownClass): 204 DELETE http://10.180.1.21/identity/v3/projects/8a37876b06f64ac9ab7274ad39af6165 0.187s
2024-12-11 21:31:05.643 67452 INFO tempest.lib.common.dynamic_creds [-] Deleting project and security group for project: e1142c20df29404ab5d893cfbc89d5b4
2024-12-11 21:31:05.651 67454 INFO tempest.lib.common.rest_client [req-9e49cb9d-8d0d-448d-bb80-ee623cb5c335 req-9e49cb9d-8d0d-448d-bb80-ee623cb5c335 ] Request (NetworksTest:test_get_network): 200 GET http://10.180.1.21/compute/v2.1/os-networks/4f325429-3d38-4fa4-afd7-37723ccdee92 1.001s
2024-12-11 21:31:05.660 67498 INFO tempest.lib.common.rest_client [req-fa76fdb4-250b-4780-b6ae-2ad9fdffff50 req-fa76fdb4-250b-4780-b6ae-2ad9fdffff50 ] Request (FlavorsV261TestJSON:tearDownClass): 204 DELETE http://10.180.1.21/identity/v3/users/65b3088bdafa4be4b337831d84fe6553 0.229s
2024-12-11 21:31:05.740 67492 INFO tempest.lib.common.rest_client [req-3170c8b3-60e4-4c26-9e35-d65c552d8e43 req-3170c8b3-60e4-4c26-9e35-d65c552d8e43 ] Request (ServersAdminNegativeTestJSON:setUpClass): 200 GET http://10.180.1.21/compute/v2.1/servers/201a2d1e-9e2c-4c07-92be-200408874ad4 1.073s
2024-12-11 21:31:05.782 67498 INFO tempest.lib.common.rest_client [req-f8a56299-9f8e-4c85-b5b8-3b42b7c7b247 req-f8a56299-9f8e-4c85-b5b8-3b42b7c7b247 ] Request (FlavorsV261TestJSON:tearDownClass): 204 DELETE http://10.180.1.21/identity/v3/users/67211ca32772446cba5c9d802453b91f 0.122s
2024-12-11 21:31:05.782 67498 INFO tempest.lib.common.dynamic_creds [-] Deleting project and security group for project: a40678715ca542958c1b53d947725958
2024-12-11 21:31:05.797 67486 INFO tempest.lib.common.rest_client [req-9dcf66cc-3a54-4701-b7db-3d879cd035d0 req-9dcf66cc-3a54-4701-b7db-3d879cd035d0 ] Request (InstanceUsageAuditLogNegativeTestJSON:tearDownClass): 204 DELETE http://10.180.1.21/identity/v3/users/c33dfa18f3864393a1a20fbbc8ccc67c 0.265s
2024-12-11 21:31:05.798 67486 INFO tempest.lib.common.dynamic_creds [-] Deleting project and security group for project: d3edff98a96d49a2a4734048b6b79ea0
2024-12-11 21:31:05.838 67456 INFO tempest.lib.common.rest_client [req-d6cf3c74-13b4-41ae-83cf-3afbd6244ee6 req-d6cf3c74-13b4-41ae-83cf-3afbd6244ee6 ] Request (ServerDiagnosticsTest:test_get_server_diagnostics): 200 GET http://10.180.1.21/compute/v2.1/servers/3ce12ea9-6fde-4d6f-9b1c-d8b8a2786094 1.294s
2024-12-11 21:31:05.857 67486 INFO tempest.lib.common.rest_client [req-c77900c7-a967-41c1-a405-bd6140a1d52e req-c77900c7-a967-41c1-a405-bd6140a1d52e ] Request (InstanceUsageAuditLogNegativeTestJSON:tearDownClass): 201 POST http://10.180.1.21/identity/v3/auth/tokens 0.059s
2024-12-11 21:31:05.866 67498 INFO tempest.lib.common.rest_client [req-9ec13c2e-e5e6-400f-8a6e-44850007b13f req-9ec13c2e-e5e6-400f-8a6e-44850007b13f ] Request (FlavorsV261TestJSON:tearDownClass): 201 POST http://10.180.1.21/identity/v3/auth/tokens 0.084s
2024-12-11 21:31:05.927 67450 INFO tempest.lib.common.rest_client [req-e162ae13-aebf-46ed-98be-6e5d5b7a8279 req-e162ae13-aebf-46ed-98be-6e5d5b7a8279 ] Request (DeleteServersAdminTestJSON:test_admin_delete_servers_of_others): 200 GET http://10.180.1.21/compute/v2.1/servers/cffe6a79-ad7e-4488-b179-608a03c978aa 1.145s
2024-12-11 21:31:05.971 67478 INFO tempest.lib.common.rest_client [req-fe3c6b96-0ca8-40b0-9fab-bc6e4adc48d9 req-fe3c6b96-0ca8-40b0-9fab-bc6e4adc48d9 ] Request (QuotaClassesAdminTestJSON:test_update_default_quotas): 200 GET http://10.180.1.21/compute/v2.1/os-quota-class-sets/default 1.155s
2024-12-11 21:31:05.975 67452 INFO tempest.lib.common.rest_client [req-5c1dc70e-9fce-4e62-8aaf-34ddf0804800 req-5c1dc70e-9fce-4e62-8aaf-34ddf0804800 ] Request (QuotasAdminTestV236:tearDownClass): 200 GET http://10.180.1.21:9696/networking/v2.0/security-groups?tenant_id=e1142c20df29404ab5d893cfbc89d5b4&name=default 0.332s
2024-12-11 21:31:06.064 67506 INFO tempest.lib.common.rest_client [req-64ae858d-dc1a-4116-b354-a5eff7f128be req-64ae858d-dc1a-4116-b354-a5eff7f128be ] Request (ServersTestBootFromVolume:setUpClass): 200 POST http://10.180.1.21/compute/v2.1/os-keypairs 1.126s
2024-12-11 21:31:06.118 67480 INFO tempest.lib.common.rest_client [req-e11cb2aa-0962-47d0-a35f-538683557d60 req-e11cb2aa-0962-47d0-a35f-538683557d60 ] Request (ServersTestFqdnHostnames:test_create_server_with_fqdn_name): 200 GET http://10.180.1.21/compute/v2.1/servers/ca53accc-a15f-4503-87e5-7cbf3e2c0b43 1.063s
2024-12-11 21:31:06.124 67475 INFO tempest.lib.common.rest_client [req-43f01c1b-4ac1-4335-95f3-4bb653274f51 req-43f01c1b-4ac1-4335-95f3-4bb653274f51 ] Request (ServerDiagnosticsNegativeTest:test_get_server_diagnostics_by_non_admin): 200 GET http://10.180.1.21/compute/v2.1/servers/ca202079-2eae-441e-80f6-e403497e137d 1.239s
2024-12-11 21:31:06.130 67498 INFO tempest.lib.common.rest_client [req-e6e81983-d9af-4bd0-839e-0503440f83e7 req-e6e81983-d9af-4bd0-839e-0503440f83e7 ] Request (FlavorsV261TestJSON:tearDownClass): 200 GET http://10.180.1.21:9696/networking/v2.0/security-groups?tenant_id=a40678715ca542958c1b53d947725958&name=default 0.263s
2024-12-11 21:31:06.135 67452 INFO tempest.lib.common.rest_client [req-14f1d7fd-6985-4fab-8c9b-1c118e0ee828 req-14f1d7fd-6985-4fab-8c9b-1c118e0ee828 ] Request (QuotasAdminTestV236:tearDownClass): 204 DELETE http://10.180.1.21:9696/networking/v2.0/security-groups/fdecbbb8-145e-4da1-928e-387851e00844 0.160s
2024-12-11 21:31:06.153 67448 INFO tempest.lib.common.rest_client [req-25b23fa8-55f0-417b-a901-55dcd709d63a req-25b23fa8-55f0-417b-a901-55dcd709d63a ] Request (KeyPairsNegativeTestJSON:test_create_keypair_with_duplicate_name): 200 POST http://10.180.1.21/compute/v2.1/os-keypairs 1.045s
2024-12-11 21:31:06.184 67486 INFO tempest.lib.common.rest_client [req-57c24f76-f488-40ec-8ba4-24e19c462a48 req-57c24f76-f488-40ec-8ba4-24e19c462a48 ] Request (InstanceUsageAuditLogNegativeTestJSON:tearDownClass): 200 GET http://10.180.1.21:9696/networking/v2.0/security-groups?tenant_id=d3edff98a96d49a2a4734048b6b79ea0&name=default 0.327s
2024-12-11 21:31:06.213 67468 INFO tempest.lib.common.rest_client [req-2254e6ee-64b6-40e4-b4c9-653bfed90405 req-2254e6ee-64b6-40e4-b4c9-653bfed90405 ] Request (VolumesAdminNegativeTest:test_update_attached_volume_with_nonexistent_volume_in_body): 200 GET http://10.180.1.21/compute/v2.1/servers/47c1c242-d190-4523-8033-307c5a9b7535 1.020s
2024-12-11 21:31:06.226 67484 INFO tempest.lib.common.rest_client [req-29b30ab7-03d6-49b2-b435-2fbc7c24d07c req-29b30ab7-03d6-49b2-b435-2fbc7c24d07c ] Request (ServerRescueTestJSON:setUpClass): 200 GET http://10.180.1.21/compute/v2.1/servers/33cf00ea-3195-41cf-9b7a-a8e64496a122 1.017s
2024-12-11 21:31:06.241 67508 INFO tempest.lib.common.rest_client [req-5cebfcdc-d8b5-4ff1-a9ad-8efbc765690b req-5cebfcdc-d8b5-4ff1-a9ad-8efbc765690b ] Request (FlavorsExtraSpecsNegativeTestJSON:test_flavor_non_admin_update_specific_key): 403 PUT http://10.180.1.21/compute/v2.1/flavors/478138063/os-extra_specs/hw:numa_nodes 0.966s
2024-12-11 21:31:06.261 67452 INFO tempest.lib.common.rest_client [req-bc58561a-047c-4139-9613-591447af1888 req-bc58561a-047c-4139-9613-591447af1888 ] Request (QuotasAdminTestV236:tearDownClass): 204 DELETE http://10.180.1.21/identity/v3/projects/e1142c20df29404ab5d893cfbc89d5b4 0.125s
2024-12-11 21:31:06.266 67466 INFO tempest.lib.common.rest_client [req-460d5772-31f7-4341-b80d-69df436620a9 req-460d5772-31f7-4341-b80d-69df436620a9 ] Request (VolumesAssistedSnapshotsTest:test_volume_assisted_snapshot_create_delete): 201 POST http://10.180.1.21:9696/networking/v2.0/floatingips 0.945s
2024-12-11 21:31:06.318 67498 INFO tempest.lib.common.rest_client [req-b85bfbab-ed95-4872-82f5-db87bdbcedae req-b85bfbab-ed95-4872-82f5-db87bdbcedae ] Request (FlavorsV261TestJSON:tearDownClass): 204 DELETE http://10.180.1.21:9696/networking/v2.0/security-groups/66519618-6186-4ca7-aaf3-e77609437aaf 0.187s
2024-12-11 21:31:06.320 67504 INFO tempest.lib.common.rest_client [req-34212eb8-d891-4313-bcac-ef2523832d4d req-34212eb8-d891-4313-bcac-ef2523832d4d ] Request (ServersNegativeTestMultiTenantJSON:setUpClass): 200 GET http://10.180.1.21/compute/v2.1/servers/4d9d43a2-6ed4-4912-a1cc-1c0af360bd5d 1.058s
2024-12-11 21:31:06.336 67486 INFO tempest.lib.common.rest_client [req-2cd501dd-69c6-49b9-ab5b-1145fe3869a9 req-2cd501dd-69c6-49b9-ab5b-1145fe3869a9 ] Request (InstanceUsageAuditLogNegativeTestJSON:tearDownClass): 204 DELETE http://10.180.1.21:9696/networking/v2.0/security-groups/f289051c-4a4b-445b-84ee-8e865554fd41 0.151s
2024-12-11 21:31:06.338 67460 INFO tempest.lib.common.rest_client [req-d7a77ed4-f1ca-4698-9051-2ded8dd36a79 req-d7a77ed4-f1ca-4698-9051-2ded8dd36a79 ] Request (HostsAdminNegativeTestJSON:test_shutdown_nonexistent_host): 404 GET http://10.180.1.21/compute/v2.1/os-hosts/nonexistent_hostname/shutdown 0.984s
2024-12-11 21:31:06.381 67466 INFO tempest.lib.common.rest_client [req-1c4153f3-8846-4d64-9a20-a4f705a75b27 req-1c4153f3-8846-4d64-9a20-a4f705a75b27 ] Request (VolumesAssistedSnapshotsTest:test_volume_assisted_snapshot_create_delete): 201 POST http://10.180.1.21/identity/v3/auth/tokens 0.112s
2024-12-11 21:31:06.381 67466 INFO tempest.lib.common.fixed_network [-] (VolumesAssistedSnapshotsTest:test_volume_assisted_snapshot_create_delete) Found network {'id': 'c7fb5c0c-158e-4552-8360-a944e8eff32d', 'name': 'tempest-VolumesAssistedSnapshotsTest-951711523-network', 'tenant_id': '1f0a4db7d709461ca32a5dc0ebabdf31', 'admin_state_up': True, 'mtu': 8950, 'status': 'ACTIVE', 'subnets': [], 'shared': False, 'project_id': '1f0a4db7d709461ca32a5dc0ebabdf31', 'port_security_enabled': True, 'router:external': False, 'provider:network_type': 'vlan', 'provider:physical_network': 'default', 'provider:segmentation_id': 770, 'availability_zone_hints': [], 'availability_zones': [], 'ipv4_address_scope': None, 'ipv6_address_scope': None, 'description': '', 'tags': [], 'created_at': '2024-12-11T21:30:44Z', 'updated_at': '2024-12-11T21:30:44Z', 'revision_number': 1} available for tenant
2024-12-11 21:31:06.383 67452 INFO tempest.lib.common.rest_client [req-dd743366-e8c8-47dc-bb37-a83b00d2affd req-dd743366-e8c8-47dc-bb37-a83b00d2affd ] Request (ServersAdminTestJSON:setUpClass): 201 POST http://10.180.1.21/identity/v3/auth/tokens 0.117s
2024-12-11 21:31:06.399 67506 INFO tempest.lib.common.rest_client [req-9fe58084-89a1-42d7-8589-60b802a6b47e req-9fe58084-89a1-42d7-8589-60b802a6b47e ] Request (ServersTestBootFromVolume:setUpClass): 201 POST http://10.180.1.21:9696/networking/v2.0/security-groups 0.334s
2024-12-11 21:31:06.460 67486 INFO tempest.lib.common.rest_client [req-ff366b8a-9751-44b5-aca5-6b8fe44fbb66 req-ff366b8a-9751-44b5-aca5-6b8fe44fbb66 ] Request (InstanceUsageAuditLogNegativeTestJSON:tearDownClass): 204 DELETE http://10.180.1.21/identity/v3/projects/d3edff98a96d49a2a4734048b6b79ea0 0.124s
2024-12-11 21:31:06.461 67486 INFO tempest.lib.common.dynamic_creds [-] Deleting project and security group for project: 4bf8a761f0854b7bab7a42db72b80edd
2024-12-11 21:31:06.492 67498 INFO tempest.lib.common.rest_client [req-393fadec-d782-44e9-8639-c62f4050b4c8 req-393fadec-d782-44e9-8639-c62f4050b4c8 ] Request (FlavorsV261TestJSON:tearDownClass): 204 DELETE http://10.180.1.21/identity/v3/projects/a40678715ca542958c1b53d947725958 0.174s
2024-12-11 21:31:06.492 67498 INFO tempest.lib.common.dynamic_creds [-] Deleting project and security group for project: 5ebdbf30ac244d72bef5916231a5c29b
2024-12-11 21:31:06.530 67452 INFO tempest.lib.common.rest_client [req-ad0ace8d-80f3-43f1-b9ca-3fb1eaa06a12 req-ad0ace8d-80f3-43f1-b9ca-3fb1eaa06a12 ] Request (ServersAdminTestJSON:setUpClass): 201 POST http://10.180.1.21/identity/v3/auth/tokens 0.144s
2024-12-11 21:31:06.553 67506 INFO tempest.lib.common.rest_client [req-389acec0-7008-4b5a-b5e4-f8dc05af62a6 req-389acec0-7008-4b5a-b5e4-f8dc05af62a6 ] Request (ServersTestBootFromVolume:setUpClass): 201 POST http://10.180.1.21:9696/networking/v2.0/security-group-rules 0.152s
2024-12-11 21:31:06.561 67482 INFO tempest.lib.common.rest_client [req-6fb204f6-42d3-40a0-aee1-c9f0f885a407 req-6fb204f6-42d3-40a0-aee1-c9f0f885a407 ] Request (SecurityGroupsTestAdminJSON:_run_cleanups): 202 DELETE http://10.180.1.21/compute/v2.1/os-security-groups/971332fd-970f-4d2f-a8bd-24e61608d68a 1.177s
2024-12-11 21:31:06.566 67452 INFO tempest.lib.common.rest_client [req-7ee75531-bc54-4531-b624-33f04aaa32da req-7ee75531-bc54-4531-b624-33f04aaa32da ] Request (ServersAdminTestJSON:setUpClass): 200 GET http://10.180.1.21/identity/v3/domains?name=Default 0.035s
2024-12-11 21:31:06.583 67470 INFO tempest.lib.common.rest_client [req-a4d85161-7251-4d57-a0bb-7bd97d9ef77e req-a4d85161-7251-4d57-a0bb-7bd97d9ef77e ] Request (FlavorsAccessNegativeTestJSON:test_flavor_access_list_with_public_flavor): 200 POST http://10.180.1.21/compute/v2.1/flavors 1.186s
2024-12-11 21:31:06.599 67472 INFO tempest.lib.common.rest_client [req-f27699f5-bb5b-453f-a987-abc7e2808c30 req-f27699f5-bb5b-453f-a987-abc7e2808c30 ] Request (ServersWithSpecificFlavorTestJSON:test_verify_created_server_ephemeral_disk): 200 GET http://10.180.1.21/compute/v2.1/flavors/42/os-extra_specs 1.186s
2024-12-11 21:31:06.606 67486 INFO tempest.lib.common.rest_client [req-5895764b-a51e-4248-8137-06da348d9409 req-5895764b-a51e-4248-8137-06da348d9409 ] Request (InstanceUsageAuditLogNegativeTestJSON:tearDownClass): 200 GET http://10.180.1.21:9696/networking/v2.0/security-groups?tenant_id=4bf8a761f0854b7bab7a42db72b80edd&name=default 0.145s
2024-12-11 21:31:06.608 67452 INFO tempest.lib.common.rest_client [req-053d15ab-ace3-4494-9a0e-bb4fe53cb988 req-053d15ab-ace3-4494-9a0e-bb4fe53cb988 ] Request (ServersAdminTestJSON:setUpClass): 201 POST http://10.180.1.21/identity/v3/projects 0.042s
2024-12-11 21:31:06.613 67458 INFO tempest.lib.common.rest_client [req-4d0f7ef4-595b-474f-add6-10fb0e9f0aca req-4d0f7ef4-595b-474f-add6-10fb0e9f0aca ] Request (ImagesMetadataTestJSON:setUp): 200 PUT http://10.180.1.21/compute/v2.1/images/c3a1c86e-1f4a-4684-96e4-54fea07dca62/metadata 1.294s
2024-12-11 21:31:06.626 67476 INFO tempest.lib.common.rest_client [req-f21ae283-ea6b-4286-8964-cd01e12b0ea4 req-f21ae283-ea6b-4286-8964-cd01e12b0ea4 ] Request (HostsAdminTestJSON:test_list_hosts_with_zone): 200 GET http://10.180.1.21/compute/v2.1/os-hosts?zone=internal 1.200s
2024-12-11 21:31:06.677 67452 INFO tempest.lib.common.rest_client [req-b9e5eb14-14c7-48b1-bf7f-01bf667a8edf req-b9e5eb14-14c7-48b1-bf7f-01bf667a8edf ] Request (ServersAdminTestJSON:setUpClass): 201 POST http://10.180.1.21/identity/v3/users 0.068s
2024-12-11 21:31:06.689 67498 INFO tempest.lib.common.rest_client [req-e7245396-b3eb-43a0-bbd7-03fb4ed6b80f req-e7245396-b3eb-43a0-bbd7-03fb4ed6b80f ] Request (FlavorsV261TestJSON:tearDownClass): 200 GET http://10.180.1.21:9696/networking/v2.0/security-groups?tenant_id=5ebdbf30ac244d72bef5916231a5c29b&name=default 0.196s
2024-12-11 21:31:06.691 67488 INFO tempest.lib.common.rest_client [req-881c5fe3-6ff8-48f2-8665-0f1d0443939f req-881c5fe3-6ff8-48f2-8665-0f1d0443939f ] Request (MigrationsAdminTest:test_list_migrations_in_flavor_resize_situation): 200 GET http://10.180.1.21/compute/v2.1/servers/f7c6e1f1-8fa5-40b8-abcb-56944d1c13ed 1.256s
2024-12-11 21:31:06.693 67486 INFO tempest.lib.common.rest_client [req-bfb2d9cc-5401-4394-b3e1-e9255e770b6a req-bfb2d9cc-5401-4394-b3e1-e9255e770b6a ] Request (InstanceUsageAuditLogNegativeTestJSON:tearDownClass): 204 DELETE http://10.180.1.21:9696/networking/v2.0/security-groups/4c48aadf-51cc-4f5d-bde8-34492d1e222a 0.087s
2024-12-11 21:31:06.701 67452 INFO tempest.lib.common.rest_client [req-259552e3-64fa-4db0-93f9-8338e4c14d6c req-259552e3-64fa-4db0-93f9-8338e4c14d6c ] Request (ServersAdminTestJSON:setUpClass): 200 GET http://10.180.1.21/identity/v3/roles 0.023s
2024-12-11 21:31:06.715 67464 INFO tempest.lib.common.rest_client [req-06a6dbd0-7765-4bec-8491-4533a6936515 req-06a6dbd0-7765-4bec-8491-4533a6936515 ] Request (HypervisorAdminTestJSON:test_get_hypervisor_show_details): 200 GET http://10.180.1.21/compute/v2.1/os-hypervisors/1 1.239s
2024-12-11 21:31:06.729 67506 INFO tempest.lib.common.rest_client [req-08b49b94-1b58-4675-ab29-81adc6e2d82c req-08b49b94-1b58-4675-ab29-81adc6e2d82c ] Request (ServersTestBootFromVolume:setUpClass): 201 POST http://10.180.1.21:9696/networking/v2.0/security-group-rules 0.175s
2024-12-11 21:31:06.737 67501 INFO tempest.lib.common.rest_client [req-8a8bc4fc-4af7-4c26-82f4-a66866a52d26 req-8a8bc4fc-4af7-4c26-82f4-a66866a52d26 ] Request (AggregatesAdminNegativeTestJSON:test_aggregate_add_host_as_user): 403 POST http://10.180.1.21/compute/v2.1/os-aggregates/2/action 1.285s
2024-12-11 21:31:06.739 67490 INFO tempest.lib.common.rest_client [req-cd652849-1523-4703-904f-dfbba3895692 req-cd652849-1523-4703-904f-dfbba3895692 ] Request (ServicesAdminNegativeV253TestJSON:test_enable_service_with_invalid_service_id): 404 PUT http://10.180.1.21/compute/v2.1/os-services/85a784e9-967f-4148-92e3-b1ed9c178b83 1.260s
2024-12-11 21:31:06.744 67502 INFO tempest.lib.common.rest_client [req-39f32755-9b98-4290-aa99-1133436ce744 req-39f32755-9b98-4290-aa99-1133436ce744 ] Request (MultipleCreateNegativeTestJSON:test_min_count_less_than_one): 400 POST http://10.180.1.21/compute/v2.1/servers 1.218s
2024-12-11 21:31:06.760 67452 INFO tempest.lib.common.rest_client [req-1137fc78-b21b-40d6-9fa6-8aadd08e2ddc req-1137fc78-b21b-40d6-9fa6-8aadd08e2ddc ] Request (ServersAdminTestJSON:setUpClass): 204 PUT http://10.180.1.21/identity/v3/projects/a4ca8a73414142d497ebd3d3f043d9ae/users/38c65e6dd9e4468fb1a0235bac086151/roles/4b176f7345fd4084860dc9343772cc62 0.058s
2024-12-11 21:31:06.760 67452 INFO tempest.lib.common.dynamic_creds [-] Dynamic test user 38c65e6dd9e4468fb1a0235bac086151 is created with scope project and roles: ['member']
2024-12-11 21:31:06.760 67452 INFO tempest.lib.common.dynamic_creds [-] Acquired dynamic creds: credentials: Credentials: {'domain_id': 'default', 'domain_name': 'Default', 'username': 'tempest-ServersAdminTestJSON-1763458454-project-member', 'project_domain_id': 'default', 'project_domain_name': 'Default', 'project_id': 'a4ca8a73414142d497ebd3d3f043d9ae', 'project_name': 'tempest-ServersAdminTestJSON-1763458454', 'tenant_id': 'a4ca8a73414142d497ebd3d3f043d9ae', 'tenant_name': 'tempest-ServersAdminTestJSON-1763458454', 'user_domain_id': 'default', 'user_domain_name': 'Default', 'user_id': '38c65e6dd9e4468fb1a0235bac086151', 'system': None}, Network: None, Subnet: None, Router: None
2024-12-11 21:31:06.759 67462 INFO tempest.lib.common.rest_client [req-d3f0f9eb-1177-43ed-9987-db67531bc032 req-d3f0f9eb-1177-43ed-9987-db67531bc032 ] Request (FlavorsAccessTestJSON:test_flavor_access_list_with_private_flavor): 200 POST http://10.180.1.21/compute/v2.1/flavors 1.188s
2024-12-11 21:31:06.775 67486 INFO tempest.lib.common.rest_client [req-f03f506c-e05f-4d41-85ee-d90e715fd3f1 req-f03f506c-e05f-4d41-85ee-d90e715fd3f1 ] Request (InstanceUsageAuditLogNegativeTestJSON:tearDownClass): 204 DELETE http://10.180.1.21/identity/v3/projects/4bf8a761f0854b7bab7a42db72b80edd 0.082s
2024-12-11 21:31:06.781 67498 INFO tempest.lib.common.rest_client [req-5731e2cc-6874-44d5-a348-b070e9508a5c req-5731e2cc-6874-44d5-a348-b070e9508a5c ] Request (FlavorsV261TestJSON:tearDownClass): 204 DELETE http://10.180.1.21:9696/networking/v2.0/security-groups/2df548d5-2513-4b43-9777-fc83ebd28b8f 0.091s
2024-12-11 21:31:06.816 67502 INFO tempest.lib.common.rest_client [req-653c8569-a7c9-4b47-92a5-33ac0b40da01 req-653c8569-a7c9-4b47-92a5-33ac0b40da01 ] Request (MultipleCreateNegativeTestJSON:test_min_count_non_integer): 201 POST http://10.180.1.21/identity/v3/auth/tokens 0.064s
2024-12-11 21:31:06.816 67502 INFO tempest.lib.common.fixed_network [-] (MultipleCreateNegativeTestJSON:test_min_count_non_integer) Found network None available for tenant
2024-12-11 21:31:06.832 67452 INFO tempest.lib.common.rest_client [req-c6192d1e-edad-49e8-a96b-c11b4fd1239f req-c6192d1e-edad-49e8-a96b-c11b4fd1239f ] Request (ServersAdminTestJSON:setUpClass): 201 POST http://10.180.1.21/identity/v3/auth/tokens 0.072s
2024-12-11 21:31:06.842 67486 INFO tempest.lib.common.rest_client [req-3ebba7f9-9997-403a-b259-8085a0f3d6b9 req-3ebba7f9-9997-403a-b259-8085a0f3d6b9 ] Request (ListImageFiltersTestJSON:setUpClass): 201 POST http://10.180.1.21/identity/v3/auth/tokens 0.065s
2024-12-11 21:31:06.870 67478 INFO tempest.lib.common.rest_client [req-0ac1dccc-487e-4d1c-ac07-4eb9258128f7 req-0ac1dccc-487e-4d1c-ac07-4eb9258128f7 ] Request (QuotaClassesAdminTestJSON:test_update_default_quotas): 200 PUT http://10.180.1.21/compute/v2.1/os-quota-class-sets/default 0.897s
2024-12-11 21:31:06.880 67454 INFO tempest.lib.common.rest_client [req-49bc6999-b2c8-47f9-afa3-3d0705e648e0 req-49bc6999-b2c8-47f9-afa3-3d0705e648e0 ] Request (NetworksTest:test_list_all_networks): 200 GET http://10.180.1.21/compute/v2.1/os-networks 1.227s
2024-12-11 21:31:06.895 67498 INFO tempest.lib.common.rest_client [req-5cdd05a8-c1ae-4879-abb3-da661614d33c req-5cdd05a8-c1ae-4879-abb3-da661614d33c ] Request (FlavorsV261TestJSON:tearDownClass): 204 DELETE http://10.180.1.21/identity/v3/projects/5ebdbf30ac244d72bef5916231a5c29b 0.114s
2024-12-11 21:31:06.951 67486 INFO tempest.lib.common.rest_client [req-61e5ba8b-885c-4e7b-838b-1c09d0a3a7f8 req-61e5ba8b-885c-4e7b-838b-1c09d0a3a7f8 ] Request (ListImageFiltersTestJSON:setUpClass): 201 POST http://10.180.1.21/identity/v3/auth/tokens 0.106s
2024-12-11 21:31:06.967 67496 INFO tempest.lib.common.rest_client [req-b0dd8ef2-b628-4f48-a2c4-458be344e6d6 req-b0dd8ef2-b628-4f48-a2c4-458be344e6d6 ] Request (MultipleCreateTestJSON:test_multiple_create): 200 GET http://10.180.1.21/compute/v2.1/servers/d9523239-79d1-434f-977a-e1f0e358c82b 0.883s
2024-12-11 21:31:06.978 67496 INFO tempest.common.waiters [-] State transition "BUILD/None" ==> "BUILD/networking" after 7 second wait
2024-12-11 21:31:06.982 67498 INFO tempest.lib.common.rest_client [req-69c14de7-6e4c-42a7-b292-1144765f3fad req-69c14de7-6e4c-42a7-b292-1144765f3fad ] Request (HypervisorAdminNegativeUnderV252Test:setUpClass): 201 POST http://10.180.1.21/identity/v3/auth/tokens 0.085s
2024-12-11 21:31:07.003 67486 INFO tempest.lib.common.rest_client [req-ed7bf42a-41de-425b-b736-dab5f0c9d0e3 req-ed7bf42a-41de-425b-b736-dab5f0c9d0e3 ] Request (ListImageFiltersTestJSON:setUpClass): 200 GET http://10.180.1.21/identity/v3/domains?name=Default 0.052s
2024-12-11 21:31:07.005 67448 INFO tempest.lib.common.rest_client [req-59caa8e6-05c1-4ff3-86a2-6c871317f293 req-59caa8e6-05c1-4ff3-86a2-6c871317f293 ] Request (KeyPairsNegativeTestJSON:test_create_keypair_with_duplicate_name): 409 POST http://10.180.1.21/compute/v2.1/os-keypairs 0.850s
2024-12-11 21:31:07.014 67510 INFO tempest.lib.common.rest_client [req-f298411c-0b72-45ac-b3ee-b11822551929 req-f298411c-0b72-45ac-b3ee-b11822551929 ] Request (FloatingIPsAssociationNegativeTestJSON:setUpClass): 200 GET http://10.180.1.21/compute/v2.1/servers/a43fed87-5205-4148-834e-66778a90b7bc 1.022s
2024-12-11 21:31:07.027 67508 INFO tempest.lib.common.rest_client [req-e8233607-2261-4475-af5a-e9fea536daea req-e8233607-2261-4475-af5a-e9fea536daea ] Request (FlavorsExtraSpecsNegativeTestJSON:test_flavor_unset_nonexistent_key): 404 DELETE http://10.180.1.21/compute/v2.1/flavors/478138063/os-extra_specs/hw:cpu_thread_policy 0.784s
2024-12-11 21:31:07.029 67454 INFO tempest.lib.common.rest_client [req-c1182ee9-f837-4085-90b8-bd6fa34f803b req-c1182ee9-f837-4085-90b8-bd6fa34f803b ] Request (NetworksTest:tearDownClass): 204 DELETE http://10.180.1.21/identity/v3/users/8981eeb570ac4f478bc8d356dece8b35 0.147s
2024-12-11 21:31:07.034 67460 INFO tempest.lib.common.rest_client [req-b2a89245-29a5-4583-8e92-003d1c5c22e4 req-b2a89245-29a5-4583-8e92-003d1c5c22e4 ] Request (HostsAdminNegativeTestJSON:test_startup_host_with_non_admin_user): 403 GET http://10.180.1.21/compute/v2.1/os-hosts/devstack/startup 0.693s
2024-12-11 21:31:07.065 67498 INFO tempest.lib.common.rest_client [req-dece3efd-e0c1-4a7b-bbca-958a8f3f098c req-dece3efd-e0c1-4a7b-bbca-958a8f3f098c ] Request (HypervisorAdminNegativeUnderV252Test:setUpClass): 201 POST http://10.180.1.21/identity/v3/auth/tokens 0.080s
2024-12-11 21:31:07.104 67486 INFO tempest.lib.common.rest_client [req-d9348bc4-8972-4714-97a9-b1e394212bac req-d9348bc4-8972-4714-97a9-b1e394212bac ] Request (ListImageFiltersTestJSON:setUpClass): 201 POST http://10.180.1.21/identity/v3/projects 0.101s
2024-12-11 21:31:07.124 67454 INFO tempest.lib.common.rest_client [req-83f8bd5f-425e-42fb-866b-128824c670fd req-83f8bd5f-425e-42fb-866b-128824c670fd ] Request (NetworksTest:tearDownClass): 204 DELETE http://10.180.1.21/identity/v3/users/4e4671a7eda34da5b52a8646186e921f 0.094s
2024-12-11 21:31:07.124 67454 INFO tempest.lib.common.dynamic_creds [-] Deleting project and security group for project: 0c758121029c4bdebc09397c8eb80ce5
2024-12-11 21:31:07.177 67498 INFO tempest.lib.common.rest_client [req-0fb7772d-9362-45be-9bc8-bc02276b67a2 req-0fb7772d-9362-45be-9bc8-bc02276b67a2 ] Request (HypervisorAdminNegativeUnderV252Test:setUpClass): 200 GET http://10.180.1.21/identity/v3/domains?name=Default 0.112s
2024-12-11 21:31:07.184 67486 INFO tempest.lib.common.rest_client [req-9fc3f502-19b4-4a17-9baa-cbe10cd8e063 req-9fc3f502-19b4-4a17-9baa-cbe10cd8e063 ] Request (ListImageFiltersTestJSON:setUpClass): 201 POST http://10.180.1.21/identity/v3/users 0.079s
2024-12-11 21:31:07.199 67454 INFO tempest.lib.common.rest_client [req-1721b6f9-79ac-48c7-afa9-6c78edf5bcc4 req-1721b6f9-79ac-48c7-afa9-6c78edf5bcc4 ] Request (NetworksTest:tearDownClass): 201 POST http://10.180.1.21/identity/v3/auth/tokens 0.074s
2024-12-11 21:31:07.210 67486 INFO tempest.lib.common.rest_client [req-3e4e9818-7a90-49be-8d95-9aec6e02d6f3 req-3e4e9818-7a90-49be-8d95-9aec6e02d6f3 ] Request (ListImageFiltersTestJSON:setUpClass): 200 GET http://10.180.1.21/identity/v3/roles 0.026s
2024-12-11 21:31:07.216 67498 INFO tempest.lib.common.rest_client [req-725a8c0d-657b-49f2-a89a-5284159e49c0 req-725a8c0d-657b-49f2-a89a-5284159e49c0 ] Request (HypervisorAdminNegativeUnderV252Test:setUpClass): 201 POST http://10.180.1.21/identity/v3/projects 0.038s
2024-12-11 21:31:07.267 67486 INFO tempest.lib.common.rest_client [req-5e79b807-4575-4e37-90f0-bc9dd170c9cc req-5e79b807-4575-4e37-90f0-bc9dd170c9cc ] Request (ListImageFiltersTestJSON:setUpClass): 204 PUT http://10.180.1.21/identity/v3/projects/a884a9d1a3ae410b858851431c166183/users/a258c38635014fdf9c6e3907bda2fd03/roles/4b176f7345fd4084860dc9343772cc62 0.056s
2024-12-11 21:31:07.267 67486 INFO tempest.lib.common.dynamic_creds [-] Dynamic test user a258c38635014fdf9c6e3907bda2fd03 is created with scope project and roles: ['member']
2024-12-11 21:31:07.267 67486 INFO tempest.lib.common.dynamic_creds [-] Acquired dynamic creds: credentials: Credentials: {'domain_id': 'default', 'domain_name': 'Default', 'username': 'tempest-ListImageFiltersTestJSON-1665464411-project-member', 'project_domain_id': 'default', 'project_domain_name': 'Default', 'project_id': 'a884a9d1a3ae410b858851431c166183', 'project_name': 'tempest-ListImageFiltersTestJSON-1665464411', 'tenant_id': 'a884a9d1a3ae410b858851431c166183', 'tenant_name': 'tempest-ListImageFiltersTestJSON-1665464411', 'user_domain_id': 'default', 'user_domain_name': 'Default', 'user_id': 'a258c38635014fdf9c6e3907bda2fd03', 'system': None}, Network: None, Subnet: None, Router: None
2024-12-11 21:31:07.268 67486 INFO tempest.lib.common.dynamic_creds [-] Created isolated network resources for: credentials: Credentials: {'domain_id': 'default', 'domain_name': 'Default', 'username': 'tempest-ListImageFiltersTestJSON-1665464411-project-member', 'project_domain_id': 'default', 'project_domain_name': 'Default', 'project_id': 'a884a9d1a3ae410b858851431c166183', 'project_name': 'tempest-ListImageFiltersTestJSON-1665464411', 'tenant_id': 'a884a9d1a3ae410b858851431c166183', 'tenant_name': 'tempest-ListImageFiltersTestJSON-1665464411', 'user_domain_id': 'default', 'user_domain_name': 'Default', 'user_id': 'a258c38635014fdf9c6e3907bda2fd03', 'system': None}, Network: None, Subnet: None, Router: None
2024-12-11 21:31:07.286 67482 INFO tempest.lib.common.rest_client [req-ea6eabcb-d566-4b76-b784-f11f06cc22b6 req-ea6eabcb-d566-4b76-b784-f11f06cc22b6 ] Request (SecurityGroupsTestAdminJSON:_run_cleanups): 202 DELETE http://10.180.1.21/compute/v2.1/os-security-groups/a6997b42-470e-41db-bcc4-09dd3c49a802 0.724s
2024-12-11 21:31:07.299 67470 INFO tempest.lib.common.rest_client [req-b6c98be9-f4ef-4d93-a238-c2f4c54bc107 req-b6c98be9-f4ef-4d93-a238-c2f4c54bc107 ] Request (FlavorsAccessNegativeTestJSON:test_flavor_access_list_with_public_flavor): 404 GET http://10.180.1.21/compute/v2.1/flavors/2084700921/os-flavor-access 0.714s
2024-12-11 21:31:07.312 67498 INFO tempest.lib.common.rest_client [req-9b2916e7-30cb-4281-bfb1-c669dcd11707 req-9b2916e7-30cb-4281-bfb1-c669dcd11707 ] Request (HypervisorAdminNegativeUnderV252Test:setUpClass): 201 POST http://10.180.1.21/identity/v3/users 0.096s
2024-12-11 21:31:07.325 67472 INFO tempest.lib.common.rest_client [req-3a964791-9869-4564-8a09-31a873233f48 req-3a964791-9869-4564-8a09-31a873233f48 ] Request (ServersWithSpecificFlavorTestJSON:test_verify_created_server_ephemeral_disk): 200 POST http://10.180.1.21/compute/v2.1/flavors/318065608/os-extra_specs 0.725s
2024-12-11 21:31:07.335 67498 INFO tempest.lib.common.rest_client [req-ce3846cc-a2c5-40f3-9ebd-e080d88568f0 req-ce3846cc-a2c5-40f3-9ebd-e080d88568f0 ] Request (HypervisorAdminNegativeUnderV252Test:setUpClass): 200 GET http://10.180.1.21/identity/v3/roles 0.022s
2024-12-11 21:31:07.347 67486 INFO tempest.lib.common.rest_client [req-26823f52-f5a7-4d2a-ad8d-0bde53f0303e req-26823f52-f5a7-4d2a-ad8d-0bde53f0303e ] Request (ListImageFiltersTestJSON:setUpClass): 201 POST http://10.180.1.21/identity/v3/auth/tokens 0.077s
2024-12-11 21:31:07.381 67498 INFO tempest.lib.common.rest_client [req-c2500f7f-c3d8-40a7-803a-51dad09b68c7 req-c2500f7f-c3d8-40a7-803a-51dad09b68c7 ] Request (HypervisorAdminNegativeUnderV252Test:setUpClass): 204 PUT http://10.180.1.21/identity/v3/projects/491b31ce6e6a4ea097e8a85ae95547d4/users/382f1d9809214c8cae979eb4c85b7302/roles/4b176f7345fd4084860dc9343772cc62 0.046s
2024-12-11 21:31:07.382 67498 INFO tempest.lib.common.dynamic_creds [-] Dynamic test user 382f1d9809214c8cae979eb4c85b7302 is created with scope project and roles: ['member']
2024-12-11 21:31:07.382 67498 INFO tempest.lib.common.dynamic_creds [-] Acquired dynamic creds: credentials: Credentials: {'domain_id': 'default', 'domain_name': 'Default', 'username': 'tempest-HypervisorAdminNegativeUnderV252Test-1640738957-project-member', 'project_domain_id': 'default', 'project_domain_name': 'Default', 'project_id': '491b31ce6e6a4ea097e8a85ae95547d4', 'project_name': 'tempest-HypervisorAdminNegativeUnderV252Test-1640738957', 'tenant_id': '491b31ce6e6a4ea097e8a85ae95547d4', 'tenant_name': 'tempest-HypervisorAdminNegativeUnderV252Test-1640738957', 'user_domain_id': 'default', 'user_domain_name': 'Default', 'user_id': '382f1d9809214c8cae979eb4c85b7302', 'system': None}, Network: None, Subnet: None, Router: None
2024-12-11 21:31:07.382 67498 INFO tempest.lib.common.dynamic_creds [-] Created isolated network resources for: credentials: Credentials: {'domain_id': 'default', 'domain_name': 'Default', 'username': 'tempest-HypervisorAdminNegativeUnderV252Test-1640738957-project-member', 'project_domain_id': 'default', 'project_domain_name': 'Default', 'project_id': '491b31ce6e6a4ea097e8a85ae95547d4', 'project_name': 'tempest-HypervisorAdminNegativeUnderV252Test-1640738957', 'tenant_id': '491b31ce6e6a4ea097e8a85ae95547d4', 'tenant_name': 'tempest-HypervisorAdminNegativeUnderV252Test-1640738957', 'user_domain_id': 'default', 'user_domain_name': 'Default', 'user_id': '382f1d9809214c8cae979eb4c85b7302', 'system': None}, Network: None, Subnet: None, Router: None
2024-12-11 21:31:07.451 67506 INFO tempest.lib.common.rest_client [req-596a8c1a-f701-4c41-b04d-511c70925a0c req-596a8c1a-f701-4c41-b04d-511c70925a0c ] Request (ServersTestBootFromVolume:setUpClass): 201 POST http://10.180.1.21:9696/networking/v2.0/floatingips 0.721s
