2024-12-11 21:31:07.491 67458 INFO tempest.lib.common.rest_client [req-c4805ab9-c4a6-4149-a09d-bc0bc7a7b8d9 req-c4805ab9-c4a6-4149-a09d-bc0bc7a7b8d9 ] Request (ImagesMetadataTestJSON:test_delete_image_metadata_item): 204 DELETE http://10.180.1.21/compute/v2.1/images/c3a1c86e-1f4a-4684-96e4-54fea07dca62/metadata/os_version 0.877s
2024-12-11 21:31:07.501 67498 INFO tempest.lib.common.rest_client [req-27711983-e518-4aa2-998f-231ad66888ec req-27711983-e518-4aa2-998f-231ad66888ec ] Request (HypervisorAdminNegativeUnderV252Test:setUpClass): 201 POST http://10.180.1.21/identity/v3/auth/tokens 0.116s
2024-12-11 21:31:07.516 67476 INFO tempest.lib.common.rest_client [req-4cda25dc-50da-4bd3-8791-77dba3def2c1 req-4cda25dc-50da-4bd3-8791-77dba3def2c1 ] Request (HostsAdminTestJSON:test_show_host_detail): 200 GET http://10.180.1.21/compute/v2.1/os-hosts 0.887s
2024-12-11 21:31:07.534 67464 INFO tempest.lib.common.rest_client [req-8c2ac0c6-d831-4b35-a4ed-897af5a85d21 req-8c2ac0c6-d831-4b35-a4ed-897af5a85d21 ] Request (HypervisorAdminTestJSON:test_get_hypervisor_stats): 200 GET http://10.180.1.21/compute/v2.1/os-hypervisors/statistics 0.814s
2024-12-11 21:31:07.534 67454 INFO tempest.lib.common.rest_client [req-863d5a79-6014-4181-a252-9b5ff36b4ebc req-863d5a79-6014-4181-a252-9b5ff36b4ebc ] Request (NetworksTest:tearDownClass): 200 GET http://10.180.1.21:9696/networking/v2.0/security-groups?tenant_id=0c758121029c4bdebc09397c8eb80ce5&name=default 0.335s
2024-12-11 21:31:07.559 67506 INFO tempest.lib.common.rest_client [req-ffbdd9cf-2812-4c9d-a486-68388989ecc7 req-ffbdd9cf-2812-4c9d-a486-68388989ecc7 ] Request (ServersTestBootFromVolume:setUpClass): 201 POST http://10.180.1.21/identity/v3/auth/tokens 0.102s
2024-12-11 21:31:07.562 67506 INFO tempest.lib.common.fixed_network [-] (ServersTestBootFromVolume:setUpClass) Found network {'id': 'f378570d-e12e-4a4b-b779-b22a48508774', 'name': 'tempest-ServersTestBootFromVolume-1065947988-network', 'tenant_id': 'bf723c611d61478cbb81b2bc474a74f4', 'admin_state_up': True, 'mtu': 8950, 'status': 'ACTIVE', 'subnets': [], 'shared': False, 'project_id': 'bf723c611d61478cbb81b2bc474a74f4', 'port_security_enabled': True, 'router:external': False, 'provider:network_type': 'vlan', 'provider:physical_network': 'default', 'provider:segmentation_id': 809, 'availability_zone_hints': [], 'availability_zones': [], 'ipv4_address_scope': None, 'ipv6_address_scope': None, 'description': '', 'tags': [], 'created_at': '2024-12-11T21:31:00Z', 'updated_at': '2024-12-11T21:31:00Z', 'revision_number': 1} available for tenant
2024-12-11 21:31:07.579 67501 INFO tempest.lib.common.rest_client [req-e6cbc772-1f4d-45e2-8173-8deda94e9536 req-e6cbc772-1f4d-45e2-8173-8deda94e9536 ] Request (AggregatesAdminNegativeTestJSON:_run_cleanups): 200 DELETE http://10.180.1.21/compute/v2.1/os-aggregates/2 0.841s
2024-12-11 21:31:07.605 67490 INFO tempest.lib.common.rest_client [req-0e6433d6-ccc9-4ad3-8340-15d2c40ad32f req-0e6433d6-ccc9-4ad3-8340-15d2c40ad32f ] Request (ServicesAdminNegativeV253TestJSON:test_get_service_by_invalid_params): 200 GET http://10.180.1.21/compute/v2.1/os-services 0.865s
2024-12-11 21:31:07.623 67498 INFO tempest.lib.common.rest_client [req-3c4539e4-2464-4008-a4d6-ec33731c5fcc req-3c4539e4-2464-4008-a4d6-ec33731c5fcc ] Request (HypervisorAdminNegativeUnderV252Test:setUpClass): 201 POST http://10.180.1.21/identity/v3/projects 0.120s
2024-12-11 21:31:07.658 67452 INFO tempest.lib.common.rest_client [req-984648df-3934-4ec0-b499-97691d7a7eaf req-984648df-3934-4ec0-b499-97691d7a7eaf ] Request (ServersAdminTestJSON:setUpClass): 201 POST http://10.180.1.21:9696/networking/v2.0/networks 0.825s
2024-12-11 21:31:07.680 67464 INFO tempest.lib.common.rest_client [req-d5cedb08-1647-42a4-a50b-d6900c3ea0ab req-d5cedb08-1647-42a4-a50b-d6900c3ea0ab ] Request (HypervisorAdminTestJSON:tearDownClass): 204 DELETE http://10.180.1.21/identity/v3/users/9e57d36febd1456e86ff3023f6ed259d 0.141s
2024-12-11 21:31:07.700 67492 INFO tempest.lib.common.rest_client [req-0040c864-3435-4002-836e-e78b173c93f3 req-0040c864-3435-4002-836e-e78b173c93f3 ] Request (ServersAdminNegativeTestJSON:setUpClass): 200 GET http://10.180.1.21/compute/v2.1/servers/201a2d1e-9e2c-4c07-92be-200408874ad4 0.948s
2024-12-11 21:31:07.720 67462 INFO tempest.lib.common.rest_client [req-39039ddd-6ef9-4f7c-ac09-2683fd428694 req-39039ddd-6ef9-4f7c-ac09-2683fd428694 ] Request (FlavorsAccessTestJSON:test_flavor_access_list_with_private_flavor): 200 GET http://10.180.1.21/compute/v2.1/flavors/1496208143/os-flavor-access 0.957s
2024-12-11 21:31:07.725 67502 INFO tempest.lib.common.rest_client [req-12c31313-395c-4276-9f34-88d995be304e req-12c31313-395c-4276-9f34-88d995be304e ] Request (MultipleCreateNegativeTestJSON:test_min_count_non_integer): 400 POST http://10.180.1.21/compute/v2.1/servers 0.908s
2024-12-11 21:31:07.757 67498 INFO tempest.lib.common.rest_client [req-ecf3b6f3-a49d-469c-b7fd-5149f7deee29 req-ecf3b6f3-a49d-469c-b7fd-5149f7deee29 ] Request (HypervisorAdminNegativeUnderV252Test:setUpClass): 201 POST http://10.180.1.21/identity/v3/users 0.134s
2024-12-11 21:31:07.793 67464 INFO tempest.lib.common.rest_client [req-ca335a1e-cea2-47f9-9c30-17338d895a51 req-ca335a1e-cea2-47f9-9c30-17338d895a51 ] Request (HypervisorAdminTestJSON:tearDownClass): 204 DELETE http://10.180.1.21/identity/v3/users/0b0a408baf29474a91491debe1269125 0.112s
2024-12-11 21:31:07.793 67464 INFO tempest.lib.common.dynamic_creds [-] Deleting project and security group for project: 59c5b9800c144d8980fd687a2ec7c1c9
2024-12-11 21:31:07.883 67502 INFO tempest.lib.common.rest_client [req-4d58390b-6965-477d-a171-c419e552a00b req-4d58390b-6965-477d-a171-c419e552a00b ] Request (MultipleCreateNegativeTestJSON:tearDownClass): 204 DELETE http://10.180.1.21/identity/v3/users/6b82eb39f5e8419e9960e2f27a095bca 0.156s
2024-12-11 21:31:07.883 67502 INFO tempest.lib.common.dynamic_creds [-] Deleting project and security group for project: 485cf36a0d3046648baf738e07f96906
2024-12-11 21:31:07.935 67464 INFO tempest.lib.common.rest_client [req-b7c80d65-65e1-4e29-bbc1-6fe3222741b8 req-b7c80d65-65e1-4e29-bbc1-6fe3222741b8 ] Request (HypervisorAdminTestJSON:tearDownClass): 201 POST http://10.180.1.21/identity/v3/auth/tokens 0.141s
2024-12-11 21:31:07.938 67498 INFO tempest.lib.common.rest_client [req-3e14104e-e9cf-44e0-8b8f-5054d23b3a2e req-3e14104e-e9cf-44e0-8b8f-5054d23b3a2e ] Request (HypervisorAdminNegativeUnderV252Test:setUpClass): 200 GET http://10.180.1.21/identity/v3/roles 0.181s
2024-12-11 21:31:07.959 67466 INFO tempest.lib.common.rest_client [req-f9d79845-1ca0-4245-9db4-334081cdbf9b req-f9d79845-1ca0-4245-9db4-334081cdbf9b ] Request (VolumesAssistedSnapshotsTest:test_volume_assisted_snapshot_create_delete): 202 POST http://10.180.1.21/compute/v2.1/servers 1.577s
2024-12-11 21:31:07.964 67502 INFO tempest.lib.common.rest_client [req-2cfdad74-2793-4fde-9e48-ba6520208523 req-2cfdad74-2793-4fde-9e48-ba6520208523 ] Request (MultipleCreateNegativeTestJSON:tearDownClass): 201 POST http://10.180.1.21/identity/v3/auth/tokens 0.081s
2024-12-11 21:31:07.978 67478 INFO tempest.lib.common.rest_client [req-6b6ae835-0154-4ba3-9e6b-a607d4b3fecc req-6b6ae835-0154-4ba3-9e6b-a607d4b3fecc ] Request (QuotaClassesAdminTestJSON:test_update_default_quotas): 200 GET http://10.180.1.21/compute/v2.1/os-quota-class-sets/default 1.105s
2024-12-11 21:31:08.030 67454 INFO tempest.lib.common.rest_client [req-a344ee41-2311-436c-beff-9fc5dfd44724 req-a344ee41-2311-436c-beff-9fc5dfd44724 ] Request (NetworksTest:tearDownClass): 204 DELETE http://10.180.1.21:9696/networking/v2.0/security-groups/196ba30c-2360-4d30-a02f-edd1ec6d1b46 0.495s
2024-12-11 21:31:08.082 67498 INFO tempest.lib.common.rest_client [req-0d7d4c60-9c17-467e-b87e-53d1587c4482 req-0d7d4c60-9c17-467e-b87e-53d1587c4482 ] Request (HypervisorAdminNegativeUnderV252Test:setUpClass): 204 PUT http://10.180.1.21/identity/v3/projects/342fb25ff3ca4b2fbd6d58ba101c4793/users/b71d40c33bf04b23b9a8d1bdcf4f5dac/roles/695bdc11e2bd44b092df03523b932b94 0.143s
2024-12-11 21:31:08.103 67456 INFO tempest.lib.common.rest_client [req-ea92d185-4bac-464b-bab7-f021b0e30480 req-ea92d185-4bac-464b-bab7-f021b0e30480 ] Request (ServerDiagnosticsTest:test_get_server_diagnostics): 200 GET http://10.180.1.21/compute/v2.1/servers/3ce12ea9-6fde-4d6f-9b1c-d8b8a2786094 1.252s
2024-12-11 21:31:08.112 67452 INFO tempest.lib.common.rest_client [req-c361f756-7730-442f-b006-b4750557e649 req-c361f756-7730-442f-b006-b4750557e649 ] Request (ServersAdminTestJSON:setUpClass): 201 POST http://10.180.1.21:9696/networking/v2.0/subnets 0.453s
2024-12-11 21:31:08.131 67448 INFO tempest.lib.common.rest_client [req-1c1e1579-ab66-47fd-bd7f-86e4298ef425 req-1c1e1579-ab66-47fd-bd7f-86e4298ef425 ] Request (KeyPairsNegativeTestJSON:test_create_keypair_with_duplicate_name): 202 DELETE http://10.180.1.21/compute/v2.1/os-keypairs/tempest-keypair-179983070 1.126s
2024-12-11 21:31:08.139 67508 INFO tempest.lib.common.rest_client [req-fc05140f-eb5c-40ca-94ba-4cd1cd46b6f3 req-fc05140f-eb5c-40ca-94ba-4cd1cd46b6f3 ] Request (FlavorsExtraSpecsNegativeTestJSON:test_flavor_update_mismatch_key): 400 PUT http://10.180.1.21/compute/v2.1/flavors/478138063/os-extra_specs/hw:numa_nodes 1.109s
2024-12-11 21:31:08.151 67460 INFO tempest.lib.common.rest_client [req-4dc3ffc0-15b2-4d01-baa3-f32c1b5b0dd1 req-4dc3ffc0-15b2-4d01-baa3-f32c1b5b0dd1 ] Request (HostsAdminNegativeTestJSON:test_startup_nonexistent_host): 404 GET http://10.180.1.21/compute/v2.1/os-hosts/nonexistent_hostname/startup 1.116s
2024-12-11 21:31:08.174 67450 INFO tempest.lib.common.rest_client [req-140d2255-b197-4651-ae9b-66e04aa939d8 req-140d2255-b197-4651-ae9b-66e04aa939d8 ] Request (DeleteServersAdminTestJSON:test_admin_delete_servers_of_others): 200 GET http://10.180.1.21/compute/v2.1/servers/cffe6a79-ad7e-4488-b179-608a03c978aa 1.240s
2024-12-11 21:31:08.213 67454 INFO tempest.lib.common.rest_client [req-fd5e69b8-d18b-4956-8c84-cacd99f6f4c6 req-fd5e69b8-d18b-4956-8c84-cacd99f6f4c6 ] Request (NetworksTest:tearDownClass): 204 DELETE http://10.180.1.21/identity/v3/projects/0c758121029c4bdebc09397c8eb80ce5 0.182s
2024-12-11 21:31:08.213 67454 INFO tempest.lib.common.dynamic_creds [-] Deleting project and security group for project: 6157caaffd0047248a465675b8d08c99
2024-12-11 21:31:08.263 67480 INFO tempest.lib.common.rest_client [req-5fb39d76-067c-4d0d-8a7c-3f3862e0268a req-5fb39d76-067c-4d0d-8a7c-3f3862e0268a ] Request (ServersTestFqdnHostnames:test_create_server_with_fqdn_name): 200 GET http://10.180.1.21/compute/v2.1/servers/ca53accc-a15f-4503-87e5-7cbf3e2c0b43 1.136s
2024-12-11 21:31:08.266 67498 INFO tempest.lib.common.rest_client [req-74575cb2-1393-4b84-a981-69873b0e6431 req-74575cb2-1393-4b84-a981-69873b0e6431 ] Request (HypervisorAdminNegativeUnderV252Test:setUpClass): 200 GET http://10.180.1.21/identity/v3/roles 0.183s
2024-12-11 21:31:08.288 67498 INFO tempest.lib.common.rest_client [req-8f5daff3-e524-4e44-bffb-b0277657b47f req-8f5daff3-e524-4e44-bffb-b0277657b47f ] Request (HypervisorAdminNegativeUnderV252Test:setUpClass): 204 PUT http://10.180.1.21/identity/v3/projects/342fb25ff3ca4b2fbd6d58ba101c4793/users/b71d40c33bf04b23b9a8d1bdcf4f5dac/roles/695bdc11e2bd44b092df03523b932b94 0.022s
2024-12-11 21:31:08.288 67498 INFO tempest.lib.common.dynamic_creds [-] Dynamic test user b71d40c33bf04b23b9a8d1bdcf4f5dac is created with scope project and roles: ['admin']
2024-12-11 21:31:08.288 67498 INFO tempest.lib.common.dynamic_creds [-] Acquired dynamic creds: credentials: Credentials: {'domain_id': 'default', 'domain_name': 'Default', 'username': 'tempest-HypervisorAdminNegativeUnderV252Test-388652953-project-admin', 'project_domain_id': 'default', 'project_domain_name': 'Default', 'project_id': '342fb25ff3ca4b2fbd6d58ba101c4793', 'project_name': 'tempest-HypervisorAdminNegativeUnderV252Test-388652953', 'tenant_id': '342fb25ff3ca4b2fbd6d58ba101c4793', 'tenant_name': 'tempest-HypervisorAdminNegativeUnderV252Test-388652953', 'user_domain_id': 'default', 'user_domain_name': 'Default', 'user_id': 'b71d40c33bf04b23b9a8d1bdcf4f5dac', 'system': None}, Network: None, Subnet: None, Router: None
2024-12-11 21:31:08.289 67498 INFO tempest.lib.common.dynamic_creds [-] Created isolated network resources for: credentials: Credentials: {'domain_id': 'default', 'domain_name': 'Default', 'username': 'tempest-HypervisorAdminNegativeUnderV252Test-388652953-project-admin', 'project_domain_id': 'default', 'project_domain_name': 'Default', 'project_id': '342fb25ff3ca4b2fbd6d58ba101c4793', 'project_name': 'tempest-HypervisorAdminNegativeUnderV252Test-388652953', 'tenant_id': '342fb25ff3ca4b2fbd6d58ba101c4793', 'tenant_name': 'tempest-HypervisorAdminNegativeUnderV252Test-388652953', 'user_domain_id': 'default', 'user_domain_name': 'Default', 'user_id': 'b71d40c33bf04b23b9a8d1bdcf4f5dac', 'system': None}, Network: None, Subnet: None, Router: None
2024-12-11 21:31:08.350 67468 INFO tempest.lib.common.rest_client [req-4ed6181e-5c6c-437d-87c5-e3060b556ca2 req-4ed6181e-5c6c-437d-87c5-e3060b556ca2 ] Request (VolumesAdminNegativeTest:test_update_attached_volume_with_nonexistent_volume_in_body): 200 GET http://10.180.1.21/compute/v2.1/servers/47c1c242-d190-4523-8033-307c5a9b7535 1.116s
2024-12-11 21:31:08.399 67475 INFO tempest.lib.common.rest_client [req-1fc0bc71-3219-4da5-9523-23c1be757c26 req-1fc0bc71-3219-4da5-9523-23c1be757c26 ] Request (ServerDiagnosticsNegativeTest:test_get_server_diagnostics_by_non_admin): 200 GET http://10.180.1.21/compute/v2.1/servers/ca202079-2eae-441e-80f6-e403497e137d 1.266s
2024-12-11 21:31:08.415 67502 INFO tempest.lib.common.rest_client [req-6a7e3bfb-9473-41ac-b237-fe9946a3f4d3 req-6a7e3bfb-9473-41ac-b237-fe9946a3f4d3 ] Request (MultipleCreateNegativeTestJSON:tearDownClass): 200 GET http://10.180.1.21:9696/networking/v2.0/security-groups?tenant_id=485cf36a0d3046648baf738e07f96906&name=default 0.449s
2024-12-11 21:31:08.417 67486 INFO tempest.lib.common.rest_client [req-714805ca-9df8-4d0b-bedf-05e55f93def2 req-714805ca-9df8-4d0b-bedf-05e55f93def2 ] Request (ListImageFiltersTestJSON:setUpClass): 201 POST http://10.180.1.21/image/v2/images 1.068s
2024-12-11 21:31:08.438 67498 INFO tempest.lib.common.rest_client [req-918d2bbd-7aea-421f-b58f-61ca813a6b7d req-918d2bbd-7aea-421f-b58f-61ca813a6b7d ] Request (HypervisorAdminNegativeUnderV252Test:setUpClass): 201 POST http://10.180.1.21/identity/v3/auth/tokens 0.145s
2024-12-11 21:31:08.439 67484 INFO tempest.lib.common.rest_client [req-00180adc-13c4-4cf2-9d68-297d3fec325a req-00180adc-13c4-4cf2-9d68-297d3fec325a ] Request (ServerRescueTestJSON:setUpClass): 200 GET http://10.180.1.21/compute/v2.1/servers/33cf00ea-3195-41cf-9b7a-a8e64496a122 1.201s
2024-12-11 21:31:08.456 67470 INFO tempest.lib.common.rest_client [req-208d2b85-fd0f-4471-a2e6-38fbb6fc0d0b req-208d2b85-fd0f-4471-a2e6-38fbb6fc0d0b ] Request (FlavorsAccessNegativeTestJSON:_run_cleanups): 202 DELETE http://10.180.1.21/compute/v2.1/flavors/2084700921 1.156s
2024-12-11 21:31:08.466 67454 INFO tempest.lib.common.rest_client [req-7a869dc8-141e-4dbb-9253-9aeb481fe597 req-7a869dc8-141e-4dbb-9253-9aeb481fe597 ] Request (NetworksTest:tearDownClass): 200 GET http://10.180.1.21:9696/networking/v2.0/security-groups?tenant_id=6157caaffd0047248a465675b8d08c99&name=default 0.253s
2024-12-11 21:31:08.491 67472 INFO tempest.lib.common.rest_client [req-9ef1d3fb-5f85-4518-bb10-5e50e592f05b req-9ef1d3fb-5f85-4518-bb10-5e50e592f05b ] Request (ValidationResourcesFixture:setUp): 200 POST http://10.180.1.21/compute/v2.1/os-keypairs 1.163s
2024-12-11 21:31:08.575 67464 INFO tempest.lib.common.rest_client [req-065eefab-58ef-4a52-9509-5162fc1de2cc req-065eefab-58ef-4a52-9509-5162fc1de2cc ] Request (HypervisorAdminTestJSON:tearDownClass): 200 GET http://10.180.1.21:9696/networking/v2.0/security-groups?tenant_id=59c5b9800c144d8980fd687a2ec7c1c9&name=default 0.640s
2024-12-11 21:31:08.581 67504 INFO tempest.lib.common.rest_client [req-eb0cb544-7d03-419d-843d-2d0cc8f5381e req-eb0cb544-7d03-419d-843d-2d0cc8f5381e ] Request (ServersNegativeTestMultiTenantJSON:setUpClass): 200 GET http://10.180.1.21/compute/v2.1/servers/4d9d43a2-6ed4-4912-a1cc-1c0af360bd5d 1.242s
2024-12-11 21:31:08.614 67482 INFO tempest.lib.common.rest_client [req-3b3d7928-f284-42fc-be01-c5aa7be39edf req-3b3d7928-f284-42fc-be01-c5aa7be39edf ] Request (SecurityGroupsTestAdminJSON:_run_cleanups): 202 DELETE http://10.180.1.21/compute/v2.1/os-security-groups/4a807982-ab37-4a6a-b0eb-e925c39f70ea 1.327s
2024-12-11 21:31:08.624 67458 INFO tempest.lib.common.rest_client [req-bf912c64-8e3f-4d0a-be14-3a5d58867f7e req-bf912c64-8e3f-4d0a-be14-3a5d58867f7e ] Request (ImagesMetadataTestJSON:test_delete_image_metadata_item): 200 GET http://10.180.1.21/compute/v2.1/images/c3a1c86e-1f4a-4684-96e4-54fea07dca62/metadata 1.130s
2024-12-11 21:31:08.630 67506 INFO tempest.lib.common.rest_client [req-799c4ed1-21ad-4e0b-98d9-e42176dc9287 req-799c4ed1-21ad-4e0b-98d9-e42176dc9287 ] Request (ServersTestBootFromVolume:setUpClass): 202 POST http://10.180.1.21/volume/v3/volumes 1.067s
2024-12-11 21:31:08.657 67501 INFO tempest.lib.common.rest_client [req-148a1125-a7dd-4d5a-8991-a1dff747694d req-148a1125-a7dd-4d5a-8991-a1dff747694d ] Request (AggregatesAdminNegativeTestJSON:test_aggregate_add_non_exist_host): 200 POST http://10.180.1.21/compute/v2.1/os-aggregates 1.076s
2024-12-11 21:31:08.661 67476 INFO tempest.lib.common.rest_client [req-6da627e7-571b-4e04-bd75-33b973896fe1 req-6da627e7-571b-4e04-bd75-33b973896fe1 ] Request (HostsAdminTestJSON:test_show_host_detail): 200 GET http://10.180.1.21/compute/v2.1/os-hosts/cpu-1 1.143s
2024-12-11 21:31:08.669 67454 INFO tempest.lib.common.rest_client [req-698dc782-9780-4ea7-9aee-bb6a9ad23b47 req-698dc782-9780-4ea7-9aee-bb6a9ad23b47 ] Request (NetworksTest:tearDownClass): 204 DELETE http://10.180.1.21:9696/networking/v2.0/security-groups/f63a5430-9eae-487d-b464-d1e81df5223f 0.203s
2024-12-11 21:31:08.680 67490 INFO tempest.lib.common.rest_client [req-4ce41fef-614e-4c6f-9e50-4353959d4549 req-4ce41fef-614e-4c6f-9e50-4353959d4549 ] Request (ServicesAdminNegativeV253TestJSON:test_get_service_by_invalid_params): 200 GET http://10.180.1.21/compute/v2.1/os-services?xxx=nova-compute 1.073s
2024-12-11 21:31:08.701 67506 INFO tempest.lib.common.rest_client [req-900c96fc-602c-45e5-9ba6-01ac49bec0f3 req-900c96fc-602c-45e5-9ba6-01ac49bec0f3 ] Request (ServersTestBootFromVolume:setUpClass): 200 GET http://10.180.1.21/volume/v3/volumes/1df79e64-d8fc-4b30-b6ec-f4af9b5b9bc8 0.062s
2024-12-11 21:31:08.702 67462 INFO tempest.lib.common.rest_client [req-9b521055-b28a-42a1-8303-2e98420ffdb8 req-9b521055-b28a-42a1-8303-2e98420ffdb8 ] Request (FlavorsAccessTestJSON:_run_cleanups): 202 DELETE http://10.180.1.21/compute/v2.1/flavors/1496208143 0.981s
2024-12-11 21:31:08.736 67472 INFO tempest.lib.common.rest_client [req-6838fd2d-0e28-4315-9348-87977cfbe2fe req-6838fd2d-0e28-4315-9348-87977cfbe2fe ] Request (ValidationResourcesFixture:setUp): 201 POST http://10.180.1.21:9696/networking/v2.0/security-groups 0.244s
2024-12-11 21:31:08.739 67502 INFO tempest.lib.common.rest_client [req-02bbca53-52a1-45bb-930b-9a60da94e18c req-02bbca53-52a1-45bb-930b-9a60da94e18c ] Request (MultipleCreateNegativeTestJSON:tearDownClass): 204 DELETE http://10.180.1.21:9696/networking/v2.0/security-groups/07b49380-3106-4ca2-9efc-fb556b641469 0.324s
2024-12-11 21:31:08.751 67488 INFO tempest.lib.common.rest_client [req-0d40485b-1902-487a-8d1e-a1b5866711f9 req-0d40485b-1902-487a-8d1e-a1b5866711f9 ] Request (MigrationsAdminTest:test_list_migrations_in_flavor_resize_situation): 200 GET http://10.180.1.21/compute/v2.1/servers/f7c6e1f1-8fa5-40b8-abcb-56944d1c13ed 1.048s
2024-12-11 21:31:08.776 67466 INFO tempest.lib.common.rest_client [req-4ab0f14e-6477-4046-8fce-6ed62e0b3bde req-4ab0f14e-6477-4046-8fce-6ed62e0b3bde ] Request (VolumesAssistedSnapshotsTest:test_volume_assisted_snapshot_create_delete): 200 GET http://10.180.1.21/compute/v2.1/servers/cbcdfe1a-86a4-4a12-99b5-44d291d41769 0.816s
2024-12-11 21:31:08.782 67464 INFO tempest.lib.common.rest_client [req-fd20706f-d7af-491d-a96c-951f9c18c4ec req-fd20706f-d7af-491d-a96c-951f9c18c4ec ] Request (HypervisorAdminTestJSON:tearDownClass): 204 DELETE http://10.180.1.21:9696/networking/v2.0/security-groups/5175dae8-8ee2-422a-9e9c-1ae89ae9bbe5 0.206s
2024-12-11 21:31:08.808 67476 INFO tempest.lib.common.rest_client [req-60368011-e3b0-4d6a-99d6-3d6cafe7acae req-60368011-e3b0-4d6a-99d6-3d6cafe7acae ] Request (HostsAdminTestJSON:tearDownClass): 204 DELETE http://10.180.1.21/identity/v3/users/d3fe5a0360254bc6ac9d5fc738ad8c15 0.143s
2024-12-11 21:31:08.822 67454 INFO tempest.lib.common.rest_client [req-3a511c9a-18ba-464f-9bef-d3b9a455e4b2 req-3a511c9a-18ba-464f-9bef-d3b9a455e4b2 ] Request (NetworksTest:tearDownClass): 204 DELETE http://10.180.1.21/identity/v3/projects/6157caaffd0047248a465675b8d08c99 0.152s
2024-12-11 21:31:08.824 67454 INFO tempest.test [-] raised in TestMultiAttachVolumeSwap.setUpClass. Invoking tearDownClass.
2024-12-11 21:31:08.832 67478 INFO tempest.lib.common.rest_client [req-58f532ce-26de-4b29-ad79-27670e25e3ea req-58f532ce-26de-4b29-ad79-27670e25e3ea ] Request (QuotaClassesAdminTestJSON:_run_cleanups): 200 PUT http://10.180.1.21/compute/v2.1/os-quota-class-sets/default 0.850s
2024-12-11 21:31:08.882 67472 INFO tempest.lib.common.rest_client [req-aaadbc3a-b593-4d54-8026-67b60fc68e5d req-aaadbc3a-b593-4d54-8026-67b60fc68e5d ] Request (ValidationResourcesFixture:setUp): 201 POST http://10.180.1.21:9696/networking/v2.0/security-group-rules 0.145s
2024-12-11 21:31:08.906 67502 INFO tempest.lib.common.rest_client [req-7d4b9861-4c21-4e6d-ac1e-f29769755395 req-7d4b9861-4c21-4e6d-ac1e-f29769755395 ] Request (MultipleCreateNegativeTestJSON:tearDownClass): 204 DELETE http://10.180.1.21/identity/v3/projects/485cf36a0d3046648baf738e07f96906 0.167s
2024-12-11 21:31:08.935 67496 INFO tempest.lib.common.rest_client [req-fb4a1010-f43c-4d72-87ca-e27314c25e60 req-fb4a1010-f43c-4d72-87ca-e27314c25e60 ] Request (MultipleCreateTestJSON:test_multiple_create): 200 GET http://10.180.1.21/compute/v2.1/servers/d9523239-79d1-434f-977a-e1f0e358c82b 0.957s
2024-12-11 21:31:08.944 67496 INFO tempest.common.waiters [-] State transition "BUILD/networking" ==> "BUILD/spawning" after 9 second wait
2024-12-11 21:31:08.944 67448 INFO tempest.lib.common.rest_client [req-aa1c6da7-4fcd-48e2-b9f9-077d59bf63b7 req-aa1c6da7-4fcd-48e2-b9f9-077d59bf63b7 ] Request (KeyPairsNegativeTestJSON:test_create_keypair_with_empty_name_string): 400 POST http://10.180.1.21/compute/v2.1/os-keypairs 0.811s
2024-12-11 21:31:08.951 67464 INFO tempest.lib.common.rest_client [req-7dff5243-05f1-4b88-b574-a4e8ebd69cbc req-7dff5243-05f1-4b88-b574-a4e8ebd69cbc ] Request (HypervisorAdminTestJSON:tearDownClass): 204 DELETE http://10.180.1.21/identity/v3/projects/59c5b9800c144d8980fd687a2ec7c1c9 0.169s
2024-12-11 21:31:08.951 67464 INFO tempest.lib.common.dynamic_creds [-] Deleting project and security group for project: ed5c31e04da84bd98136e693bd55cbc0
2024-12-11 21:31:08.951 67508 INFO tempest.lib.common.rest_client [req-17c98a3c-bbf0-40c2-a5e6-b24753545e1c req-17c98a3c-bbf0-40c2-a5e6-b24753545e1c ] Request (FlavorsExtraSpecsNegativeTestJSON:test_flavor_update_more_key): 400 PUT http://10.180.1.21/compute/v2.1/flavors/478138063/os-extra_specs/hw:numa_nodes 0.810s
2024-12-11 21:31:08.958 67460 INFO tempest.lib.common.rest_client [req-38191f01-de85-4454-ba27-72480afb1436 req-38191f01-de85-4454-ba27-72480afb1436 ] Request (HostsAdminNegativeTestJSON:test_update_host_with_invalid_maintenance_mode): 400 PUT http://10.180.1.21/compute/v2.1/os-hosts/devstack 0.806s
2024-12-11 21:31:09.028 67454 INFO tempest.lib.common.rest_client [req-7112cc77-849b-472b-897d-99511161204c req-7112cc77-849b-472b-897d-99511161204c ] Request (ServerGroupTestJSON:setUpClass): 201 POST http://10.180.1.21/identity/v3/auth/tokens 0.201s
2024-12-11 21:31:09.050 67464 INFO tempest.lib.common.rest_client [req-3abc5da1-9df8-4ddd-855e-4e4d490a5e78 req-3abc5da1-9df8-4ddd-855e-4e4d490a5e78 ] Request (HypervisorAdminTestJSON:tearDownClass): 200 GET http://10.180.1.21:9696/networking/v2.0/security-groups?tenant_id=ed5c31e04da84bd98136e693bd55cbc0&name=default 0.099s
2024-12-11 21:31:09.063 67476 INFO tempest.lib.common.rest_client [req-a58dba44-5b6e-44e9-b4e4-558d5a22301c req-a58dba44-5b6e-44e9-b4e4-558d5a22301c ] Request (HostsAdminTestJSON:tearDownClass): 204 DELETE http://10.180.1.21/identity/v3/users/3ece5b83d9934a139195f9cceff183cd 0.254s
2024-12-11 21:31:09.063 67476 INFO tempest.lib.common.dynamic_creds [-] Deleting project and security group for project: fed55966451b40a8b27c6a8cfbb2a969
2024-12-11 21:31:09.122 67510 INFO tempest.lib.common.rest_client [req-5ec2dabf-7905-4e94-a89f-f934175943ce req-5ec2dabf-7905-4e94-a89f-f934175943ce ] Request (FloatingIPsAssociationNegativeTestJSON:setUpClass): 200 GET http://10.180.1.21/compute/v2.1/servers/a43fed87-5205-4148-834e-66778a90b7bc 1.097s
2024-12-11 21:31:09.133 67478 INFO tempest.lib.common.rest_client [req-8e7157a6-2754-4376-9039-68b6eab9ecbb req-8e7157a6-2754-4376-9039-68b6eab9ecbb ] Request (QuotaClassesAdminTestJSON:tearDownClass): 204 DELETE http://10.180.1.21/identity/v3/users/e72fa892339e481bbb33ed2530fa7776 0.297s
2024-12-11 21:31:09.140 67464 INFO tempest.lib.common.rest_client [req-aecbffe2-04ec-4688-8c5b-52c36c8e54b3 req-aecbffe2-04ec-4688-8c5b-52c36c8e54b3 ] Request (HypervisorAdminTestJSON:tearDownClass): 204 DELETE http://10.180.1.21:9696/networking/v2.0/security-groups/395a9e81-c7ee-4111-8231-d831de90cadd 0.089s
2024-12-11 21:31:09.145 67470 INFO tempest.lib.common.rest_client [req-8cc3174d-8689-4129-b34f-a1829b42704e req-8cc3174d-8689-4129-b34f-a1829b42704e ] Request (FlavorsAccessNegativeTestJSON:_run_cleanups): 200 GET http://10.180.1.21/compute/v2.1/flavors/detail 0.689s
2024-12-11 21:31:09.151 67472 INFO tempest.lib.common.rest_client [req-08137cd1-383d-46ce-a205-84a472919ebb req-08137cd1-383d-46ce-a205-84a472919ebb ] Request (ValidationResourcesFixture:setUp): 201 POST http://10.180.1.21:9696/networking/v2.0/security-group-rules 0.268s
2024-12-11 21:31:09.160 67494 INFO tempest.lib.common.rest_client [req-3a8aa11d-2104-4856-8e96-2c2ca475c72a req-3a8aa11d-2104-4856-8e96-2c2ca475c72a ] Request (QuotasAdminTestJSON:test_delete_quota): 200 GET http://10.180.1.21/identity/v3/domains?name=Default 0.288s
2024-12-11 21:31:09.183 67502 INFO tempest.lib.common.rest_client [req-2ed30f08-bf2a-4c5d-b93b-6fb8ed72d955 req-2ed30f08-bf2a-4c5d-b93b-6fb8ed72d955 ] Request (ServerShowV247Test:setUpClass): 201 POST http://10.180.1.21/identity/v3/auth/tokens 0.276s
2024-12-11 21:31:09.283 67454 INFO tempest.lib.common.rest_client [req-e149a37c-8696-4fee-99d0-6e602be41f6b req-e149a37c-8696-4fee-99d0-6e602be41f6b ] Request (ServerGroupTestJSON:setUpClass): 201 POST http://10.180.1.21/identity/v3/auth/tokens 0.252s
2024-12-11 21:31:09.317 67476 INFO tempest.lib.common.rest_client [req-585ff26b-269a-4e71-81c2-dbe109652779 req-585ff26b-269a-4e71-81c2-dbe109652779 ] Request (HostsAdminTestJSON:tearDownClass): 201 POST http://10.180.1.21/identity/v3/auth/tokens 0.254s
2024-12-11 21:31:09.347 67498 INFO tempest.lib.common.rest_client [req-dbe1f246-eebb-4ff7-8b8e-f89da071d96d req-dbe1f246-eebb-4ff7-8b8e-f89da071d96d ] Request (HypervisorAdminNegativeUnderV252Test:test_search_hypervisor_with_non_admin_user): 200 GET http://10.180.1.21/compute/v2.1/os-hypervisors 0.907s
2024-12-11 21:31:09.405 67482 INFO tempest.lib.common.rest_client [req-f0b9af02-9716-418e-b55b-74df34ba7367 req-f0b9af02-9716-418e-b55b-74df34ba7367 ] Request (SecurityGroupsTestAdminJSON:_run_cleanups): 202 DELETE http://10.180.1.21/compute/v2.1/os-security-groups/ac1c28d1-b505-45b2-bf1a-943f45b498b5 0.791s
2024-12-11 21:31:09.429 67464 INFO tempest.lib.common.rest_client [req-9b076ee5-9b70-4bd7-b025-7ffdb605b379 req-9b076ee5-9b70-4bd7-b025-7ffdb605b379 ] Request (HypervisorAdminTestJSON:tearDownClass): 204 DELETE http://10.180.1.21/identity/v3/projects/ed5c31e04da84bd98136e693bd55cbc0 0.288s
2024-12-11 21:31:09.443 67478 INFO tempest.lib.common.rest_client [req-991267e7-5287-4ca5-a83f-52167c01e87f req-991267e7-5287-4ca5-a83f-52167c01e87f ] Request (QuotaClassesAdminTestJSON:tearDownClass): 204 DELETE http://10.180.1.21/identity/v3/users/7c0130f9a2d94d83a8283e77891f3344 0.309s
2024-12-11 21:31:09.443 67478 INFO tempest.lib.common.dynamic_creds [-] Deleting project and security group for project: a2a8466839314f40bbe93ddfbc8b1b63
2024-12-11 21:31:09.456 67501 INFO tempest.lib.common.rest_client [req-d4b3bda0-4943-4fa2-bbab-ab4e7e097ad3 req-d4b3bda0-4943-4fa2-bbab-ab4e7e097ad3 ] Request (AggregatesAdminNegativeTestJSON:test_aggregate_add_non_exist_host): 404 POST http://10.180.1.21/compute/v2.1/os-aggregates/3/action 0.794s
2024-12-11 21:31:09.474 67490 INFO tempest.lib.common.rest_client [req-4f37a686-5e19-4df6-8c59-fc2064e3e142 req-4f37a686-5e19-4df6-8c59-fc2064e3e142 ] Request (ServicesAdminNegativeV253TestJSON:test_get_service_by_invalid_service_and_valid_host): 200 GET http://10.180.1.21/compute/v2.1/os-services 0.790s
2024-12-11 21:31:09.491 67462 INFO tempest.lib.common.rest_client [req-e17be315-94a1-49ff-ad88-e97198e1ab7f req-e17be315-94a1-49ff-ad88-e97198e1ab7f ] Request (FlavorsAccessTestJSON:_run_cleanups): 200 GET http://10.180.1.21/compute/v2.1/flavors/detail 0.788s
2024-12-11 21:31:09.519 67502 INFO tempest.lib.common.rest_client [req-7b9fc29c-c353-465b-a0c3-ad192eb83078 req-7b9fc29c-c353-465b-a0c3-ad192eb83078 ] Request (ServerShowV247Test:setUpClass): 201 POST http://10.180.1.21/identity/v3/auth/tokens 0.333s
2024-12-11 21:31:09.548 67454 INFO tempest.lib.common.rest_client [req-e7388d96-ddd5-47d9-bd98-1226921834b3 req-e7388d96-ddd5-47d9-bd98-1226921834b3 ] Request (ServerGroupTestJSON:setUpClass): 200 GET http://10.180.1.21/identity/v3/domains?name=Default 0.264s
2024-12-11 21:31:09.594 67492 INFO tempest.lib.common.rest_client [req-4f85f1bb-4860-47b9-b02d-4eb5a61b36a1 req-4f85f1bb-4860-47b9-b02d-4eb5a61b36a1 ] Request (ServersAdminNegativeTestJSON:setUpClass): 200 GET http://10.180.1.21/compute/v2.1/servers/201a2d1e-9e2c-4c07-92be-200408874ad4 0.887s
2024-12-11 21:31:09.611 67494 INFO tempest.lib.common.rest_client [req-18fdaded-6739-4e3b-9f9b-2c17fe0a673d req-18fdaded-6739-4e3b-9f9b-2c17fe0a673d ] Request (QuotasAdminTestJSON:test_delete_quota): 201 POST http://10.180.1.21/identity/v3/projects 0.450s
2024-12-11 21:31:09.638 67448 INFO tempest.lib.common.rest_client [req-cd57dd34-c150-4e4f-b3a4-88617db66031 req-cd57dd34-c150-4e4f-b3a4-88617db66031 ] Request (KeyPairsNegativeTestJSON:test_create_keypair_with_empty_public_key): 400 POST http://10.180.1.21/compute/v2.1/os-keypairs 0.692s
2024-12-11 21:31:09.650 67472 INFO tempest.lib.common.rest_client [req-f0e3e056-e226-4a36-859b-6cdb3771a9f4 req-f0e3e056-e226-4a36-859b-6cdb3771a9f4 ] Request (ValidationResourcesFixture:setUp): 201 POST http://10.180.1.21:9696/networking/v2.0/floatingips 0.498s
2024-12-11 21:31:09.664 67508 INFO tempest.lib.common.rest_client [req-2ffc784d-399e-4b1e-b8dc-0099d9846058 req-2ffc784d-399e-4b1e-b8dc-0099d9846058 ] Request (FlavorsExtraSpecsNegativeTestJSON:tearDownClass): 202 DELETE http://10.180.1.21/compute/v2.1/flavors/478138063 0.710s
2024-12-11 21:31:09.667 67458 INFO tempest.lib.common.rest_client [req-3ddacc03-a277-4006-a8f5-42ce7d1158a2 req-3ddacc03-a277-4006-a8f5-42ce7d1158a2 ] Request (ImagesMetadataTestJSON:setUp): 200 PUT http://10.180.1.21/compute/v2.1/images/c3a1c86e-1f4a-4684-96e4-54fea07dca62/metadata 1.038s
2024-12-11 21:31:09.669 67460 INFO tempest.lib.common.rest_client [req-cb53a2c5-4bd7-4adc-a014-4644144b481a req-cb53a2c5-4bd7-4adc-a014-4644144b481a ] Request (HostsAdminNegativeTestJSON:test_update_host_with_invalid_status): 400 PUT http://10.180.1.21/compute/v2.1/os-hosts/devstack 0.710s
2024-12-11 21:31:09.741 67470 INFO tempest.lib.common.rest_client [req-cdcd5c22-bf49-44c8-af61-95fc5746d3c3 req-cdcd5c22-bf49-44c8-af61-95fc5746d3c3 ] Request (FlavorsAccessNegativeTestJSON:test_flavor_non_admin_add): 200 POST http://10.180.1.21/compute/v2.1/flavors 0.591s
2024-12-11 21:31:09.749 67506 INFO tempest.lib.common.rest_client [req-9fa3b2e0-1f9b-45db-ad1e-fb982ea5ba29 req-9fa3b2e0-1f9b-45db-ad1e-fb982ea5ba29 ] Request (ServersTestBootFromVolume:setUpClass): 200 GET http://10.180.1.21/volume/v3/volumes/1df79e64-d8fc-4b30-b6ec-f4af9b5b9bc8 0.035s
2024-12-11 21:31:09.782 67482 INFO tempest.lib.common.rest_client [req-d93f8d6c-5745-45b1-a459-54dd2a25de6d req-d93f8d6c-5745-45b1-a459-54dd2a25de6d ] Request (SecurityGroupsTestAdminJSON:tearDownClass): 204 DELETE http://10.180.1.21/identity/v3/users/442f2dc212bc4fb5b775191241c24808 0.371s
2024-12-11 21:31:09.844 67464 INFO tempest.lib.common.rest_client [req-1fbd0af5-9026-4eb3-9da7-0a896f0b353d req-1fbd0af5-9026-4eb3-9da7-0a896f0b353d ] Request (ServicesAdminNegativeTestJSON:setUpClass): 201 POST http://10.180.1.21/identity/v3/auth/tokens 0.412s
2024-12-11 21:31:09.850 67478 INFO tempest.lib.common.rest_client [req-12cc1416-adb6-4422-a291-e0b5c215f599 req-12cc1416-adb6-4422-a291-e0b5c215f599 ] Request (QuotaClassesAdminTestJSON:tearDownClass): 201 POST http://10.180.1.21/identity/v3/auth/tokens 0.406s
2024-12-11 21:31:09.868 67450 INFO tempest.lib.common.rest_client [req-f6c70d49-37c9-46b8-8999-aa7a435aaf1f req-f6c70d49-37c9-46b8-8999-aa7a435aaf1f ] Request (DeleteServersAdminTestJSON:test_admin_delete_servers_of_others): 200 GET http://10.180.1.21/compute/v2.1/servers/cffe6a79-ad7e-4488-b179-608a03c978aa 0.683s
2024-12-11 21:31:09.880 67502 INFO tempest.lib.common.rest_client [req-d78ce98b-a5c2-41c7-a975-1d538fb6177a req-d78ce98b-a5c2-41c7-a975-1d538fb6177a ] Request (ServerShowV247Test:setUpClass): 200 GET http://10.180.1.21/identity/v3/domains?name=Default 0.360s
2024-12-11 21:31:09.915 67462 INFO tempest.lib.common.rest_client [req-14861890-7fc6-4e32-b1a3-d8d8978d4bf2 req-14861890-7fc6-4e32-b1a3-d8d8978d4bf2 ] Request (FlavorsAccessTestJSON:tearDownClass): 204 DELETE http://10.180.1.21/identity/v3/users/efe671a749244a5cb25c20ac2a9f1897 0.412s
2024-12-11 21:31:09.919 67480 INFO tempest.lib.common.rest_client [req-c7c01f4c-c58d-4590-98d9-994c3d5a15c5 req-c7c01f4c-c58d-4590-98d9-994c3d5a15c5 ] Request (ServersTestFqdnHostnames:test_create_server_with_fqdn_name): 200 GET http://10.180.1.21/compute/v2.1/servers/ca53accc-a15f-4503-87e5-7cbf3e2c0b43 0.650s
2024-12-11 21:31:09.927 67480 INFO tempest.common.waiters [-] State transition "BUILD/None" ==> "BUILD/networking" after 10 second wait
2024-12-11 21:31:09.948 67454 INFO tempest.lib.common.rest_client [req-5c380b37-23fc-48df-97b0-8629b4eb0c8e req-5c380b37-23fc-48df-97b0-8629b4eb0c8e ] Request (ServerGroupTestJSON:setUpClass): 201 POST http://10.180.1.21/identity/v3/projects 0.400s
2024-12-11 21:31:10.004 67472 INFO tempest.lib.common.rest_client [req-b90a02fa-6e85-46f0-8001-ce5d4fc045e8 req-b90a02fa-6e85-46f0-8001-ce5d4fc045e8 ] Request (ServersWithSpecificFlavorTestJSON:test_verify_created_server_ephemeral_disk): 201 POST http://10.180.1.21/identity/v3/auth/tokens 0.347s
2024-12-11 21:31:10.004 67472 INFO tempest.lib.common.fixed_network [-] (ServersWithSpecificFlavorTestJSON:test_verify_created_server_ephemeral_disk) Found network {'id': '7148c44a-bf33-4a93-a06b-2ca6d723c269', 'name': 'tempest-ServersWithSpecificFlavorTestJSON-602295530-network', 'tenant_id': 'b5c5bf80b8e64c8795da4d79d6a89150', 'admin_state_up': True, 'mtu': 8950, 'status': 'ACTIVE', 'subnets': [], 'shared': False, 'project_id': 'b5c5bf80b8e64c8795da4d79d6a89150', 'port_security_enabled': True, 'router:external': False, 'provider:network_type': 'vlan', 'provider:physical_network': 'default', 'provider:segmentation_id': 657, 'availability_zone_hints': [], 'availability_zones': [], 'ipv4_address_scope': None, 'ipv6_address_scope': None, 'description': '', 'tags': [], 'created_at': '2024-12-11T21:30:43Z', 'updated_at': '2024-12-11T21:30:43Z', 'revision_number': 1} available for tenant
2024-12-11 21:31:10.020 67494 INFO tempest.lib.common.rest_client [req-cff7b7fc-8103-4388-8db6-f76b6c725cbe req-cff7b7fc-8103-4388-8db6-f76b6c725cbe ] Request (QuotasAdminTestJSON:test_delete_quota): 200 GET http://10.180.1.21/identity/v3/domains?name=Default 0.409s
2024-12-11 21:31:10.109 67482 INFO tempest.lib.common.rest_client [req-c42aa7cf-8190-4328-8414-7dfa9cfd788e req-c42aa7cf-8190-4328-8414-7dfa9cfd788e ] Request (SecurityGroupsTestAdminJSON:tearDownClass): 204 DELETE http://10.180.1.21/identity/v3/users/cfa20732d3b44334a2b576d0f465238b 0.326s
2024-12-11 21:31:10.109 67482 INFO tempest.lib.common.dynamic_creds [-] Deleting project and security group for project: 395c357b1a2d445ead57b0e8fb25fee7
2024-12-11 21:31:10.156 67464 INFO tempest.lib.common.rest_client [req-4e2f6b7a-ae63-46ec-9b29-61027a5b133d req-4e2f6b7a-ae63-46ec-9b29-61027a5b133d ] Request (ServicesAdminNegativeTestJSON:setUpClass): 201 POST http://10.180.1.21/identity/v3/auth/tokens 0.308s
2024-12-11 21:31:10.187 67502 INFO tempest.lib.common.rest_client [req-224a8f93-f06c-470b-8b40-23ed7ed55bef req-224a8f93-f06c-470b-8b40-23ed7ed55bef ] Request (ServerShowV247Test:setUpClass): 201 POST http://10.180.1.21/identity/v3/projects 0.306s
2024-12-11 21:31:10.231 67452 INFO tempest.lib.common.rest_client [req-7ead54ab-2483-4577-a3c2-0a57da371a4f req-7ead54ab-2483-4577-a3c2-0a57da371a4f ] Request (ServersAdminTestJSON:setUpClass): 201 POST http://10.180.1.21:9696/networking/v2.0/routers 2.119s
2024-12-11 21:31:10.236 67456 INFO tempest.lib.common.rest_client [req-a32decf7-75c5-4c6b-aeb5-3a2a6cd112fe req-a32decf7-75c5-4c6b-aeb5-3a2a6cd112fe ] Request (ServerDiagnosticsTest:test_get_server_diagnostics): 200 GET http://10.180.1.21/compute/v2.1/servers/3ce12ea9-6fde-4d6f-9b1c-d8b8a2786094 1.117s
2024-12-11 21:31:10.290 67462 INFO tempest.lib.common.rest_client [req-d762f51b-232c-45bb-98fd-1b80e3b9a43f req-d762f51b-232c-45bb-98fd-1b80e3b9a43f ] Request (FlavorsAccessTestJSON:tearDownClass): 204 DELETE http://10.180.1.21/identity/v3/users/eb842242593e4e6cb3b65d6d8267e21f 0.374s
2024-12-11 21:31:10.290 67462 INFO tempest.lib.common.dynamic_creds [-] Deleting project and security group for project: cad81ce68d124811824cf9c80aca0543
2024-12-11 21:31:10.308 67476 INFO tempest.lib.common.rest_client [req-4f3a83e2-1749-416f-9d34-41e837616839 req-4f3a83e2-1749-416f-9d34-41e837616839 ] Request (HostsAdminTestJSON:tearDownClass): 200 GET http://10.180.1.21:9696/networking/v2.0/security-groups?tenant_id=fed55966451b40a8b27c6a8cfbb2a969&name=default 0.990s
2024-12-11 21:31:10.328 67468 INFO tempest.lib.common.rest_client [req-e63b2332-2797-4f1f-b5ce-aee188170102 req-e63b2332-2797-4f1f-b5ce-aee188170102 ] Request (VolumesAdminNegativeTest:test_update_attached_volume_with_nonexistent_volume_in_body): 200 GET http://10.180.1.21/compute/v2.1/servers/47c1c242-d190-4523-8033-307c5a9b7535 0.969s
2024-12-11 21:31:10.335 67498 INFO tempest.lib.common.rest_client [req-ce186021-0b61-413c-acba-e59d267339a3 req-ce186021-0b61-413c-acba-e59d267339a3 ] Request (HypervisorAdminNegativeUnderV252Test:test_search_hypervisor_with_non_admin_user): 403 GET http://10.180.1.21/compute/v2.1/os-hypervisors/domain-c8.fc996f14-c53b-4953-92e3-bdfa48f5cc28/search 0.986s
2024-12-11 21:31:10.383 67454 INFO tempest.lib.common.rest_client [req-871fb9cc-442a-444d-95f2-2348a71f593e req-871fb9cc-442a-444d-95f2-2348a71f593e ] Request (ServerGroupTestJSON:setUpClass): 201 POST http://10.180.1.21/identity/v3/users 0.433s
2024-12-11 21:31:10.409 67482 INFO tempest.lib.common.rest_client [req-d2337e42-26ba-4fa9-8f15-045e65860ffe req-d2337e42-26ba-4fa9-8f15-045e65860ffe ] Request (SecurityGroupsTestAdminJSON:tearDownClass): 201 POST http://10.180.1.21/identity/v3/auth/tokens 0.299s
2024-12-11 21:31:10.425 67484 INFO tempest.lib.common.rest_client [req-3e846c07-996f-4f6e-b9ab-bb5718239a94 req-3e846c07-996f-4f6e-b9ab-bb5718239a94 ] Request (ServerRescueTestJSON:setUpClass): 200 GET http://10.180.1.21/compute/v2.1/servers/33cf00ea-3195-41cf-9b7a-a8e64496a122 0.979s
2024-12-11 21:31:10.444 67464 INFO tempest.lib.common.rest_client [req-1c26380f-f342-4ac3-aa74-1b8fee663250 req-1c26380f-f342-4ac3-aa74-1b8fee663250 ] Request (ServicesAdminNegativeTestJSON:setUpClass): 200 GET http://10.180.1.21/identity/v3/domains?name=Default 0.288s
2024-12-11 21:31:10.450 67501 INFO tempest.lib.common.rest_client [req-01f9e6fb-73c6-4144-8c77-35b67ec353e2 req-01f9e6fb-73c6-4144-8c77-35b67ec353e2 ] Request (AggregatesAdminNegativeTestJSON:_run_cleanups): 200 DELETE http://10.180.1.21/compute/v2.1/os-aggregates/3 0.994s
2024-12-11 21:31:10.455 67502 INFO tempest.lib.common.rest_client [req-530b88dd-84d5-47ec-9837-95d79545418b req-530b88dd-84d5-47ec-9837-95d79545418b ] Request (ServerShowV247Test:setUpClass): 201 POST http://10.180.1.21/identity/v3/users 0.267s
2024-12-11 21:31:10.470 67454 INFO tempest.lib.common.rest_client [req-194c61d8-14da-4f67-b9e6-d485a049fb67 req-194c61d8-14da-4f67-b9e6-d485a049fb67 ] Request (ServerGroupTestJSON:setUpClass): 200 GET http://10.180.1.21/identity/v3/roles 0.086s
2024-12-11 21:31:10.470 67462 INFO tempest.lib.common.rest_client [req-7a7b2794-1624-40bd-b3f2-851ece8a0bb7 req-7a7b2794-1624-40bd-b3f2-851ece8a0bb7 ] Request (FlavorsAccessTestJSON:tearDownClass): 201 POST http://10.180.1.21/identity/v3/auth/tokens 0.179s
2024-12-11 21:31:10.477 67490 INFO tempest.lib.common.rest_client [req-570d611f-41b8-4192-8224-4dee5ae6fadf req-570d611f-41b8-4192-8224-4dee5ae6fadf ] Request (ServicesAdminNegativeV253TestJSON:test_get_service_by_invalid_service_and_valid_host): 200 GET http://10.180.1.21/compute/v2.1/os-services?host=devstack&binary=xxx 1.000s
2024-12-11 21:31:10.477 67478 INFO tempest.lib.common.rest_client [req-bedda71a-f52a-4d8f-96fe-a24b930e67e0 req-bedda71a-f52a-4d8f-96fe-a24b930e67e0 ] Request (QuotaClassesAdminTestJSON:tearDownClass): 200 GET http://10.180.1.21:9696/networking/v2.0/security-groups?tenant_id=a2a8466839314f40bbe93ddfbc8b1b63&name=default 0.627s
2024-12-11 21:31:10.549 67475 INFO tempest.lib.common.rest_client [req-8e850c3b-1363-4aea-8a42-81c59faeb8cb req-8e850c3b-1363-4aea-8a42-81c59faeb8cb ] Request (ServerDiagnosticsNegativeTest:test_get_server_diagnostics_by_non_admin): 200 GET http://10.180.1.21/compute/v2.1/servers/ca202079-2eae-441e-80f6-e403497e137d 1.137s
2024-12-11 21:31:10.554 67448 INFO tempest.lib.common.rest_client [req-93fb0ade-b8b8-4d12-acd5-37dec82cf2d4 req-93fb0ade-b8b8-4d12-acd5-37dec82cf2d4 ] Request (KeyPairsNegativeTestJSON:test_create_keypair_with_long_keynames): 400 POST http://10.180.1.21/compute/v2.1/os-keypairs 0.914s
2024-12-11 21:31:10.554 67502 INFO tempest.lib.common.rest_client [req-13dc393c-ad4e-4220-a7d0-9ac1082570c8 req-13dc393c-ad4e-4220-a7d0-9ac1082570c8 ] Request (ServerShowV247Test:setUpClass): 200 GET http://10.180.1.21/identity/v3/roles 0.099s
2024-12-11 21:31:10.565 67464 INFO tempest.lib.common.rest_client [req-05ebcec9-32ee-4066-bdc6-3a6817204c95 req-05ebcec9-32ee-4066-bdc6-3a6817204c95 ] Request (ServicesAdminNegativeTestJSON:setUpClass): 201 POST http://10.180.1.21/identity/v3/projects 0.120s
2024-12-11 21:31:10.569 67504 INFO tempest.lib.common.rest_client [req-2382fda1-bd23-4059-b5d3-2ea14c33275d req-2382fda1-bd23-4059-b5d3-2ea14c33275d ] Request (ServersNegativeTestMultiTenantJSON:setUpClass): 200 GET http://10.180.1.21/compute/v2.1/servers/4d9d43a2-6ed4-4912-a1cc-1c0af360bd5d 0.978s
2024-12-11 21:31:10.580 67508 INFO tempest.lib.common.rest_client [req-5b5210a6-8952-4e2c-b89c-8a08ca738585 req-5b5210a6-8952-4e2c-b89c-8a08ca738585 ] Request (FlavorsExtraSpecsNegativeTestJSON:tearDownClass): 200 GET http://10.180.1.21/compute/v2.1/flavors/detail 0.915s
2024-12-11 21:31:10.589 67460 INFO tempest.lib.common.rest_client [req-9e62fe61-0699-41e0-90d4-c6246b75db7d req-9e62fe61-0699-41e0-90d4-c6246b75db7d ] Request (HostsAdminNegativeTestJSON:test_update_host_with_non_admin_user): 403 PUT http://10.180.1.21/compute/v2.1/os-hosts/devstack 0.917s
2024-12-11 21:31:10.596 67454 INFO tempest.lib.common.rest_client [req-cab8b3a0-21d8-48d8-b5e1-70cf2f4d210c req-cab8b3a0-21d8-48d8-b5e1-70cf2f4d210c ] Request (ServerGroupTestJSON:setUpClass): 204 PUT http://10.180.1.21/identity/v3/projects/1bda622ab1474b76a46a5ba68977188b/users/1819eca41829451e9a866d7e34cbe801/roles/4b176f7345fd4084860dc9343772cc62 0.125s
2024-12-11 21:31:10.596 67454 INFO tempest.lib.common.dynamic_creds [-] Dynamic test user 1819eca41829451e9a866d7e34cbe801 is created with scope project and roles: ['member']
2024-12-11 21:31:10.596 67454 INFO tempest.lib.common.dynamic_creds [-] Acquired dynamic creds: credentials: Credentials: {'domain_id': 'default', 'domain_name': 'Default', 'username': 'tempest-ServerGroupTestJSON-1005911884-project-member', 'project_domain_id': 'default', 'project_domain_name': 'Default', 'project_id': '1bda622ab1474b76a46a5ba68977188b', 'project_name': 'tempest-ServerGroupTestJSON-1005911884', 'tenant_id': '1bda622ab1474b76a46a5ba68977188b', 'tenant_name': 'tempest-ServerGroupTestJSON-1005911884', 'user_domain_id': 'default', 'user_domain_name': 'Default', 'user_id': '1819eca41829451e9a866d7e34cbe801', 'system': None}, Network: None, Subnet: None, Router: None
2024-12-11 21:31:10.607 67458 INFO tempest.lib.common.rest_client [req-a11aafc2-ad45-4910-9c26-14b2fcebd3db req-a11aafc2-ad45-4910-9c26-14b2fcebd3db ] Request (ImagesMetadataTestJSON:test_get_image_metadata_item): 200 GET http://10.180.1.21/compute/v2.1/images/c3a1c86e-1f4a-4684-96e4-54fea07dca62/metadata/os_distro 0.939s
2024-12-11 21:31:10.657 67502 INFO tempest.lib.common.rest_client [req-227c0400-cf3b-453e-a6e3-8a9c28a42761 req-227c0400-cf3b-453e-a6e3-8a9c28a42761 ] Request (ServerShowV247Test:setUpClass): 204 PUT http://10.180.1.21/identity/v3/projects/8cce5d6d9b0e401caf02074dc66c16a6/users/d18e652f854d486a956d2fcb10669359/roles/4b176f7345fd4084860dc9343772cc62 0.102s
2024-12-11 21:31:10.657 67502 INFO tempest.lib.common.dynamic_creds [-] Dynamic test user d18e652f854d486a956d2fcb10669359 is created with scope project and roles: ['member']
2024-12-11 21:31:10.657 67502 INFO tempest.lib.common.dynamic_creds [-] Acquired dynamic creds: credentials: Credentials: {'domain_id': 'default', 'domain_name': 'Default', 'username': 'tempest-ServerShowV247Test-1597920850-project-member', 'project_domain_id': 'default', 'project_domain_name': 'Default', 'project_id': '8cce5d6d9b0e401caf02074dc66c16a6', 'project_name': 'tempest-ServerShowV247Test-1597920850', 'tenant_id': '8cce5d6d9b0e401caf02074dc66c16a6', 'tenant_name': 'tempest-ServerShowV247Test-1597920850', 'user_domain_id': 'default', 'user_domain_name': 'Default', 'user_id': 'd18e652f854d486a956d2fcb10669359', 'system': None}, Network: None, Subnet: None, Router: None
2024-12-11 21:31:10.657 67502 INFO tempest.lib.common.dynamic_creds [-] Created isolated network resources for: credentials: Credentials: {'domain_id': 'default', 'domain_name': 'Default', 'username': 'tempest-ServerShowV247Test-1597920850-project-member', 'project_domain_id': 'default', 'project_domain_name': 'Default', 'project_id': '8cce5d6d9b0e401caf02074dc66c16a6', 'project_name': 'tempest-ServerShowV247Test-1597920850', 'tenant_id': '8cce5d6d9b0e401caf02074dc66c16a6', 'tenant_name': 'tempest-ServerShowV247Test-1597920850', 'user_domain_id': 'default', 'user_domain_name': 'Default', 'user_id': 'd18e652f854d486a956d2fcb10669359', 'system': None}, Network: None, Subnet: None, Router: None
2024-12-11 21:31:10.712 67464 INFO tempest.lib.common.rest_client [req-b2462ec1-66db-4411-9656-3065021f202c req-b2462ec1-66db-4411-9656-3065021f202c ] Request (ServicesAdminNegativeTestJSON:setUpClass): 201 POST http://10.180.1.21/identity/v3/users 0.146s
2024-12-11 21:31:10.777 67476 INFO tempest.lib.common.rest_client [req-e233626d-681a-4f79-b8a4-14eef105409e req-e233626d-681a-4f79-b8a4-14eef105409e ] Request (HostsAdminTestJSON:tearDownClass): 204 DELETE http://10.180.1.21:9696/networking/v2.0/security-groups/ed508b4b-7a28-410f-9d50-35598d27956e 0.469s
2024-12-11 21:31:10.787 67508 INFO tempest.lib.common.rest_client [req-8a2500b2-0595-4f7c-907a-588458ffde8f req-8a2500b2-0595-4f7c-907a-588458ffde8f ] Request (FlavorsExtraSpecsNegativeTestJSON:tearDownClass): 204 DELETE http://10.180.1.21/identity/v3/users/f30ef4953ba74c00bee7e36a2632bf64 0.199s
2024-12-11 21:31:10.802 67482 INFO tempest.lib.common.rest_client [req-7022455a-49e6-4812-bfc1-51c36d8d67c9 req-7022455a-49e6-4812-bfc1-51c36d8d67c9 ] Request (SecurityGroupsTestAdminJSON:tearDownClass): 200 GET http://10.180.1.21:9696/networking/v2.0/security-groups?tenant_id=395c357b1a2d445ead57b0e8fb25fee7&name=default 0.393s
2024-12-11 21:31:10.807 67506 INFO tempest.lib.common.rest_client [req-3e72499f-a8c2-4b7b-b754-b3bee5a4f282 req-3e72499f-a8c2-4b7b-b754-b3bee5a4f282 ] Request (ServersTestBootFromVolume:setUpClass): 200 GET http://10.180.1.21/volume/v3/volumes/1df79e64-d8fc-4b30-b6ec-f4af9b5b9bc8 0.047s
2024-12-11 21:31:10.815 67488 INFO tempest.lib.common.rest_client [req-addae1ba-a3b2-433c-bbc9-00242b6361cd req-addae1ba-a3b2-433c-bbc9-00242b6361cd ] Request (MigrationsAdminTest:test_list_migrations_in_flavor_resize_situation): 200 GET http://10.180.1.21/compute/v2.1/servers/f7c6e1f1-8fa5-40b8-abcb-56944d1c13ed 1.055s
2024-12-11 21:31:10.859 67454 INFO tempest.lib.common.rest_client [req-03b2816d-344b-4e7d-b8e2-39e97a2c38e2 req-03b2816d-344b-4e7d-b8e2-39e97a2c38e2 ] Request (ServerGroupTestJSON:setUpClass): 201 POST http://10.180.1.21/identity/v3/auth/tokens 0.263s
2024-12-11 21:31:10.887 67466 INFO tempest.lib.common.rest_client [req-dd0107ef-db90-4212-bc02-d02e5c8986b6 req-dd0107ef-db90-4212-bc02-d02e5c8986b6 ] Request (VolumesAssistedSnapshotsTest:test_volume_assisted_snapshot_create_delete): 200 GET http://10.180.1.21/compute/v2.1/servers/cbcdfe1a-86a4-4a12-99b5-44d291d41769 1.093s
2024-12-11 21:31:10.952 67502 INFO tempest.lib.common.rest_client [req-89e2b4ce-f145-4ff6-98d9-66816898b664 req-89e2b4ce-f145-4ff6-98d9-66816898b664 ] Request (ServerShowV247Test:setUpClass): 201 POST http://10.180.1.21/identity/v3/auth/tokens 0.291s
