2024-12-12 00:11:37.006 66559 INFO tempest.lib.common.rest_client [req-60d59a8a-961e-4f5a-a829-2376bf44d4f7 req-60d59a8a-961e-4f5a-a829-2376bf44d4f7 ] Request (TenantUsagesTestJSON:setUpClass): 200 GET http://10.180.1.21/compute/v2.1/servers/7c8474fd-2ca5-4ecc-b2e6-4248baafd639 0.287s
2024-12-12 00:11:37.037 66607 INFO tempest.lib.common.rest_client [req-4be046da-bb51-4d9a-aed8-6b0199535af9 req-4be046da-bb51-4d9a-aed8-6b0199535af9 ] Request (AttachVolumeTestJSON:test_attach_detach_volume): 200 GET http://10.180.1.21/compute/v2.1/servers/29aaac3b-1f0e-40fe-9805-a0e6e6ae597d 0.266s
2024-12-12 00:11:37.103 66557 INFO tempest.lib.common.rest_client [req-c6c036d8-2e7e-406a-ac0c-f5b4933be949 req-c6c036d8-2e7e-406a-ac0c-f5b4933be949 ] Request (VolumesAssistedSnapshotsTest:test_volume_assisted_snapshot_create_delete): 200 GET http://10.180.1.21/compute/v2.1/servers/e8864d73-35e6-490b-a07c-e8cac8baf880 0.277s
2024-12-12 00:11:37.110 66555 INFO tempest.lib.common.rest_client [req-8f889593-1361-47ed-9fe2-43abbb276fce req-8f889593-1361-47ed-9fe2-43abbb276fce ] Request (AttachInterfacesUnderV243Test:test_add_remove_fixed_ip): 200 PUT http://10.180.1.21:9696/networking/v2.0/floatingips/5c288d98-e400-4ee6-a322-6ca17c8c9787 0.726s
2024-12-12 00:11:37.185 66573 INFO tempest.lib.common.rest_client [req-cd70a727-66e2-4a88-8ecb-eaa710eb7182 req-cd70a727-66e2-4a88-8ecb-eaa710eb7182 ] Request (ListServerFiltersTestJSON:tearDownClass): 200 GET http://10.180.1.21/compute/v2.1/servers/0e8254af-403d-4f5d-ac58-f3b4efc0c3d6 0.335s
2024-12-12 00:11:37.219 66575 INFO tempest.lib.common.rest_client [req-27e99c6c-e705-43cf-ab17-b57a4712e46e req-27e99c6c-e705-43cf-ab17-b57a4712e46e ] Request (ServerRescueNegativeTestJSON:setUpClass): 200 GET http://10.180.1.21/compute/v2.1/servers/2f589dc1-9244-475f-86d0-4b69b511508b 0.429s
2024-12-12 00:11:37.252 66581 INFO tempest.lib.common.rest_client [req-7d82141e-1402-4050-82b4-b6236fe0af44 req-7d82141e-1402-4050-82b4-b6236fe0af44 ] Request (ServersAdminNegativeTestJSON:tearDownClass): 200 GET http://10.180.1.21/compute/v2.1/servers/9a7bfafe-8598-4c6f-9714-0567fcbb8ea6 0.373s
2024-12-12 00:11:37.293 66594 INFO tempest.lib.common.rest_client [req-bfe35e8c-a58c-4db1-9649-19a89d70c033 req-bfe35e8c-a58c-4db1-9649-19a89d70c033 ] Request (InstanceActionsV221TestJSON:test_get_list_deleted_instance_actions): 200 GET http://10.180.1.21/compute/v2.1/servers/f2240974-0fa4-4f59-ae0c-b9da52f9600e 0.383s
2024-12-12 00:11:37.321 66549 INFO tempest.lib.common.rest_client [req-b3171de2-0657-41a2-8a08-40d112cd88ff req-b3171de2-0657-41a2-8a08-40d112cd88ff ] Request (ImagesTestJSON:test_create_image_from_suspended_server): 200 GET http://10.180.1.21/compute/v2.1/servers/f99e55bd-1e99-4e41-9dd7-fc12b75f4f6b 0.256s
2024-12-12 00:11:37.397 66591 INFO tempest.lib.common.rest_client [req-a132fb11-6371-42d3-91c8-c60496de534d req-a132fb11-6371-42d3-91c8-c60496de534d ] Request (ServersWithSpecificFlavorTestJSON:test_verify_created_server_ephemeral_disk): 200 GET http://10.180.1.21/compute/v2.1/servers/7a92bac8-9cee-41ed-81e3-08b48432fe7c 0.259s
2024-12-12 00:11:37.460 66547 INFO tempest.lib.common.rest_client [req-8815c809-074b-46f1-bd62-68eb99cf150e req-8815c809-074b-46f1-bd62-68eb99cf150e ] Request (ServersAdminTestJSON:test_inject_network_info): 200 GET http://10.180.1.21/compute/v2.1/servers/61f05e69-5e90-47da-9f47-3651b580a23c 0.245s
2024-12-12 00:11:37.518 66599 INFO tempest.lib.common.rest_client [req-1f1f05b0-88b0-444a-aefe-b3327092591e req-1f1f05b0-88b0-444a-aefe-b3327092591e ] Request (ListImageFiltersTestJSON:setUpClass): 200 GET http://10.180.1.21/compute/v2.1/servers/06716b84-3761-40b0-b76a-0c6ebf0d6aa7 0.243s
2024-12-12 00:11:37.597 66577 INFO tempest.lib.common.rest_client [req-b777d069-f666-46f9-9431-1621f29fb5e5 req-b777d069-f666-46f9-9431-1621f29fb5e5 ] Request (FloatingIPsAssociationTestJSON:tearDownClass): 200 GET http://10.180.1.21/compute/v2.1/servers/5b6b4ed4-67c3-4f0c-ac2a-d5c8981a9e07 0.205s
2024-12-12 00:11:37.606 66555 INFO tempest.lib.common.rest_client [req-5f612d3e-8346-4178-aa84-3fde817700f9 req-5f612d3e-8346-4178-aa84-3fde817700f9 ] Request (AttachInterfacesUnderV243Test:test_add_remove_fixed_ip): 200 GET http://10.180.1.21/compute/v2.1/servers/d2e7c558-02af-477c-b996-239ef14ed75b 0.494s
2024-12-12 00:11:37.618 66555 INFO tempest.lib.common.ssh [-] Creating ssh connection to '10.180.180.154:22' as 'cirros' with public key authentication
2024-12-12 00:11:37.666 66579 INFO tempest.lib.common.rest_client [req-6c08b6bb-6de4-42aa-8518-8c5c33db87b2 req-6c08b6bb-6de4-42aa-8518-8c5c33db87b2 ] Request (ServerShowV254Test:test_rebuild_server): 200 GET http://10.180.1.21/compute/v2.1/servers/85e8da3c-d9d5-4569-b454-bcbb3d7a9bb5 0.208s
2024-12-12 00:11:37.691 66595 INFO tempest.lib.common.rest_client [req-b3ed9bde-7964-41d1-a026-fe5f71c4018a req-b3ed9bde-7964-41d1-a026-fe5f71c4018a ] Request (ServerShowV247Test:tearDownClass): 200 GET http://10.180.1.21/compute/v2.1/servers/7f8392fa-1c11-4180-bda9-057b5cfa058c 0.175s
2024-12-12 00:11:37.757 66585 INFO tempest.lib.common.rest_client [req-fde411ad-e149-4f07-bb77-fc26b3f43f83 req-fde411ad-e149-4f07-bb77-fc26b3f43f83 ] Request (AttachInterfacesV270Test:tearDownClass): 200 GET http://10.180.1.21/compute/v2.1/servers/cfae9bf8-012a-4286-b978-bba8a913bba2 0.129s
2024-12-12 00:11:37.831 66567 INFO tempest.lib.common.rest_client [req-da250344-ea5b-4ff1-aa01-fad4f832f8df req-da250344-ea5b-4ff1-aa01-fad4f832f8df ] Request (ImagesOneServerNegativeTestJSON:_run_cleanups): 200 GET http://10.180.1.21/compute/v2.1/servers/9dfb7d7f-6656-46fd-969e-c692db1ce507 0.109s
2024-12-12 00:11:37.943 66597 INFO tempest.lib.common.rest_client [req-c37ff367-668f-432f-9176-e641014675ae req-c37ff367-668f-432f-9176-e641014675ae ] Request (ServersTestJSON:setUpClass): 200 GET http://10.180.1.21/compute/v2.1/servers/1f3792c0-9f86-4d76-a1a6-28d492869046 0.311s
2024-12-12 00:11:37.949 66597 INFO tempest.common.waiters [-] State transition "BUILD/networking" ==> "BUILD/spawning" after 73 second wait
2024-12-12 00:11:38.018 66565 INFO tempest.lib.common.rest_client [req-bc137377-a4ad-4301-955c-cb0f4e0011dc req-bc137377-a4ad-4301-955c-cb0f4e0011dc ] Request (MultipleCreateTestJSON:test_multiple_create_with_reservation_return): 200 GET http://10.180.1.21/compute/v2.1/servers/10f10329-9a7d-4e1b-8fb4-90350169e518 0.064s
2024-12-12 00:11:38.043 66587 INFO tempest.lib.common.rest_client [req-6172412b-5104-42fe-bdbf-c92ec1fe98d3 req-6172412b-5104-42fe-bdbf-c92ec1fe98d3 ] Request (FloatingIPsAssociationNegativeTestJSON:tearDownClass): 200 GET http://10.180.1.21/compute/v2.1/servers/e3f3fc2c-0060-4521-8aa3-da37209aee81 0.067s
2024-12-12 00:11:38.083 66559 INFO tempest.lib.common.rest_client [req-c71feca3-f396-4bce-b564-7a8d50abed22 req-c71feca3-f396-4bce-b564-7a8d50abed22 ] Request (TenantUsagesTestJSON:setUpClass): 200 GET http://10.180.1.21/compute/v2.1/servers/7c8474fd-2ca5-4ecc-b2e6-4248baafd639 0.063s
2024-12-12 00:11:38.114 66607 INFO tempest.lib.common.rest_client [req-f3511c31-6668-485f-8a09-b4e2a5862b13 req-f3511c31-6668-485f-8a09-b4e2a5862b13 ] Request (AttachVolumeTestJSON:test_attach_detach_volume): 200 GET http://10.180.1.21/compute/v2.1/servers/29aaac3b-1f0e-40fe-9805-a0e6e6ae597d 0.065s
2024-12-12 00:11:38.178 66557 INFO tempest.lib.common.rest_client [req-dd0467b6-a0bd-4095-bcb3-8ae3acd659d5 req-dd0467b6-a0bd-4095-bcb3-8ae3acd659d5 ] Request (VolumesAssistedSnapshotsTest:test_volume_assisted_snapshot_create_delete): 200 GET http://10.180.1.21/compute/v2.1/servers/e8864d73-35e6-490b-a07c-e8cac8baf880 0.060s
2024-12-12 00:11:38.281 66573 INFO tempest.lib.common.rest_client [req-26115c1e-17d1-4929-83a3-4833346333ca req-26115c1e-17d1-4929-83a3-4833346333ca ] Request (ListServerFiltersTestJSON:tearDownClass): 200 GET http://10.180.1.21/compute/v2.1/servers/0e8254af-403d-4f5d-ac58-f3b4efc0c3d6 0.088s
2024-12-12 00:11:38.352 66581 INFO tempest.lib.common.rest_client [req-85872b1a-a45d-4abf-86e7-777d97bd74b3 req-85872b1a-a45d-4abf-86e7-777d97bd74b3 ] Request (ServersAdminNegativeTestJSON:tearDownClass): 200 GET http://10.180.1.21/compute/v2.1/servers/9a7bfafe-8598-4c6f-9714-0567fcbb8ea6 0.090s
2024-12-12 00:11:38.373 66575 INFO tempest.lib.common.rest_client [req-868381f6-908b-47e8-94a5-1fc3188fa50a req-868381f6-908b-47e8-94a5-1fc3188fa50a ] Request (ServerRescueNegativeTestJSON:setUpClass): 200 GET http://10.180.1.21/compute/v2.1/servers/2f589dc1-9244-475f-86d0-4b69b511508b 0.140s
2024-12-12 00:11:38.409 66594 INFO tempest.lib.common.rest_client [req-7c477a2f-71a7-42a5-bbdf-3a1cd6a1bf08 req-7c477a2f-71a7-42a5-bbdf-3a1cd6a1bf08 ] Request (InstanceActionsV221TestJSON:test_get_list_deleted_instance_actions): 200 GET http://10.180.1.21/compute/v2.1/servers/f2240974-0fa4-4f59-ae0c-b9da52f9600e 0.106s
2024-12-12 00:11:38.423 66553 INFO tempest.lib.common.rest_client [req-dd7562ac-92ee-4e78-91fb-e0c52bf6d490 req-dd7562ac-92ee-4e78-91fb-e0c52bf6d490 ] Request (DeleteServersTestJSON:setUpClass): 200 PUT http://10.180.1.21:9696/networking/v2.0/routers/73713c02-0029-4699-86d9-ec10481fc04d/add_router_interface 1.893s
2024-12-12 00:11:38.423 66553 INFO tempest.lib.common.dynamic_creds [-] Created isolated network resources for: credentials: Credentials: {'domain_id': 'default', 'domain_name': 'Default', 'username': 'tempest-DeleteServersTestJSON-956550704-project-member', 'project_domain_id': 'default', 'project_domain_name': 'Default', 'project_id': '6c87f1997d5c4739850790da5dd969fe', 'project_name': 'tempest-DeleteServersTestJSON-956550704', 'tenant_id': '6c87f1997d5c4739850790da5dd969fe', 'tenant_name': 'tempest-DeleteServersTestJSON-956550704', 'user_domain_id': 'default', 'user_domain_name': 'Default', 'user_id': '98769d9ddf744118910ce61bcf47f145', 'system': None}, Network: {'id': 'a6c771f9-7caf-4225-bef3-42410b82f9ef', 'name': 'tempest-DeleteServersTestJSON-106368522-network', 'tenant_id': '6c87f1997d5c4739850790da5dd969fe', 'admin_state_up': True, 'mtu': 8950, 'status': 'ACTIVE', 'subnets': [], 'shared': False, 'project_id': '6c87f1997d5c4739850790da5dd969fe', 'port_security_enabled': True, 'router:external': False, 'provider:network_type': 'vlan', 'provider:physical_network': 'default', 'provider:segmentation_id': 343, 'availability_zone_hints': [], 'availability_zones': [], 'ipv4_address_scope': None, 'ipv6_address_scope': None, 'description': '', 'tags': [], 'created_at': '2024-12-12T00:11:35Z', 'updated_at': '2024-12-12T00:11:35Z', 'revision_number': 1}, Subnet: {'id': '07d662f9-14aa-49f7-a4ba-488a3e0ae532', 'name': 'tempest-DeleteServersTestJSON-106368522-subnet', 'tenant_id': '6c87f1997d5c4739850790da5dd969fe', 'network_id': 'a6c771f9-7caf-4225-bef3-42410b82f9ef', 'ip_version': 4, 'subnetpool_id': None, 'enable_dhcp': True, 'ipv6_ra_mode': None, 'ipv6_address_mode': None, 'gateway_ip': '192.168.128.1', 'cidr': '192.168.128.0/28', 'allocation_pools': [{'start': '192.168.128.2', 'end': '192.168.128.14'}], 'host_routes': [], 'dns_nameservers': [], 'description': '', 'router:external': False, 'service_types': [], 'tags': [], 'created_at': '2024-12-12T00:11:35Z', 'updated_at': '2024-12-12T00:11:35Z', 'revision_number': 0, 'project_id': '6c87f1997d5c4739850790da5dd969fe'}, Router: {'id': '73713c02-0029-4699-86d9-ec10481fc04d', 'name': 'tempest-DeleteServersTestJSON-106368522-router', 'tenant_id': '6c87f1997d5c4739850790da5dd969fe', 'admin_state_up': True, 'status': 'ACTIVE', 'external_gateway_info': {'network_id': '97501185-f222-495f-bcd2-08b561f0f514', 'external_fixed_ips': [{'subnet_id': '7224b45e-e2c4-4054-b75b-2a3853b158c9', 'ip_address': '10.180.180.136'}], 'enable_snat': True}, 'description': '', 'availability_zones': [], 'distributed': False, 'ha': False, 'availability_zone_hints': [], 'routes': [], 'flavor_id': None, 'tags': [], 'created_at': '2024-12-12T00:11:35Z', 'updated_at': '2024-12-12T00:11:36Z', 'revision_number': 2, 'project_id': '6c87f1997d5c4739850790da5dd969fe'}
2024-12-12 00:11:38.429 66549 INFO tempest.lib.common.rest_client [req-510ba8df-5f13-4cbd-abc3-e2d119dc5cb4 req-510ba8df-5f13-4cbd-abc3-e2d119dc5cb4 ] Request (ImagesTestJSON:test_create_image_from_suspended_server): 200 GET http://10.180.1.21/compute/v2.1/servers/f99e55bd-1e99-4e41-9dd7-fc12b75f4f6b 0.098s
2024-12-12 00:11:38.465 66591 INFO tempest.lib.common.rest_client [req-70aa6850-f8dc-4380-ae40-f531ec1e1a5b req-70aa6850-f8dc-4380-ae40-f531ec1e1a5b ] Request (ServersWithSpecificFlavorTestJSON:test_verify_created_server_ephemeral_disk): 200 GET http://10.180.1.21/compute/v2.1/servers/7a92bac8-9cee-41ed-81e3-08b48432fe7c 0.061s
2024-12-12 00:11:38.504 66553 INFO tempest.lib.common.rest_client [req-87b33b95-fb00-404d-bc87-06e71ddbbf39 req-87b33b95-fb00-404d-bc87-06e71ddbbf39 ] Request (DeleteServersTestJSON:setUpClass): 201 POST http://10.180.1.21/identity/v3/auth/tokens 0.077s
2024-12-12 00:11:38.520 66547 INFO tempest.lib.common.rest_client [req-26ea60c2-12d8-4fa4-bdf6-73b773ba4e64 req-26ea60c2-12d8-4fa4-bdf6-73b773ba4e64 ] Request (ServersAdminTestJSON:test_inject_network_info): 200 GET http://10.180.1.21/compute/v2.1/servers/61f05e69-5e90-47da-9f47-3651b580a23c 0.053s
2024-12-12 00:11:38.535 66553 INFO tempest.lib.common.rest_client [req-2161b8ea-4c0a-43e8-a199-af658f783c15 req-2161b8ea-4c0a-43e8-a199-af658f783c15 ] Request (DeleteServersTestJSON:test_delete_active_server): 201 POST http://10.180.1.21/identity/v3/auth/tokens 0.023s
2024-12-12 00:11:38.535 66553 INFO tempest.lib.common.fixed_network [-] (DeleteServersTestJSON:test_delete_active_server) Found network {'id': 'a6c771f9-7caf-4225-bef3-42410b82f9ef', 'name': 'tempest-DeleteServersTestJSON-106368522-network', 'tenant_id': '6c87f1997d5c4739850790da5dd969fe', 'admin_state_up': True, 'mtu': 8950, 'status': 'ACTIVE', 'subnets': [], 'shared': False, 'project_id': '6c87f1997d5c4739850790da5dd969fe', 'port_security_enabled': True, 'router:external': False, 'provider:network_type': 'vlan', 'provider:physical_network': 'default', 'provider:segmentation_id': 343, 'availability_zone_hints': [], 'availability_zones': [], 'ipv4_address_scope': None, 'ipv6_address_scope': None, 'description': '', 'tags': [], 'created_at': '2024-12-12T00:11:35Z', 'updated_at': '2024-12-12T00:11:35Z', 'revision_number': 1} available for tenant
2024-12-12 00:11:38.574 66599 INFO tempest.lib.common.rest_client [req-45548d39-ace6-406f-9373-eae2e6a20d1a req-45548d39-ace6-406f-9373-eae2e6a20d1a ] Request (ListImageFiltersTestJSON:setUpClass): 200 GET http://10.180.1.21/compute/v2.1/servers/06716b84-3761-40b0-b76a-0c6ebf0d6aa7 0.047s
2024-12-12 00:11:38.689 66577 INFO tempest.lib.common.rest_client [req-f8f1392f-3973-4aa9-9c58-187629425d3d req-f8f1392f-3973-4aa9-9c58-187629425d3d ] Request (FloatingIPsAssociationTestJSON:tearDownClass): 200 GET http://10.180.1.21/compute/v2.1/servers/5b6b4ed4-67c3-4f0c-ac2a-d5c8981a9e07 0.085s
2024-12-12 00:11:38.763 66579 INFO tempest.lib.common.rest_client [req-aedac46a-1efd-4349-a96d-27540f2367f5 req-aedac46a-1efd-4349-a96d-27540f2367f5 ] Request (ServerShowV254Test:test_rebuild_server): 200 GET http://10.180.1.21/compute/v2.1/servers/85e8da3c-d9d5-4569-b454-bcbb3d7a9bb5 0.082s
2024-12-12 00:11:38.787 66595 INFO tempest.lib.common.rest_client [req-3beab8ba-ff0e-4155-8458-5c65b32c8c07 req-3beab8ba-ff0e-4155-8458-5c65b32c8c07 ] Request (ServerShowV247Test:tearDownClass): 404 GET http://10.180.1.21/compute/v2.1/servers/7f8392fa-1c11-4180-bda9-057b5cfa058c 0.085s
2024-12-12 00:11:38.865 66585 INFO tempest.lib.common.rest_client [req-3bd07908-30d7-47c0-a961-9035454fd26c req-3bd07908-30d7-47c0-a961-9035454fd26c ] Request (AttachInterfacesV270Test:tearDownClass): 200 GET http://10.180.1.21/compute/v2.1/servers/cfae9bf8-012a-4286-b978-bba8a913bba2 0.097s
2024-12-12 00:11:38.889 66595 INFO tempest.lib.common.rest_client [req-694e4d66-ed4b-4678-8429-d9f5a95c1422 req-694e4d66-ed4b-4678-8429-d9f5a95c1422 ] Request (ServerShowV247Test:tearDownClass): 204 DELETE http://10.180.1.21/identity/v3/users/616d4fac643d4a4eae7d8826cc48c425 0.101s
2024-12-12 00:11:38.921 66567 INFO tempest.lib.common.rest_client [req-0287a507-2917-447a-9237-3fd116f45337 req-0287a507-2917-447a-9237-3fd116f45337 ] Request (ImagesOneServerNegativeTestJSON:_run_cleanups): 200 GET http://10.180.1.21/compute/v2.1/servers/9dfb7d7f-6656-46fd-969e-c692db1ce507 0.081s
2024-12-12 00:11:38.988 66553 INFO tempest.lib.common.rest_client [req-78d917d1-46cd-4606-bfd5-d3dcbf750932 req-78d917d1-46cd-4606-bfd5-d3dcbf750932 ] Request (DeleteServersTestJSON:test_delete_active_server): 202 POST http://10.180.1.21/compute/v2.1/servers 0.453s
2024-12-12 00:11:39.006 66595 INFO tempest.lib.common.rest_client [req-eb072cbe-f998-4aad-9d4f-b54f257640dc req-eb072cbe-f998-4aad-9d4f-b54f257640dc ] Request (ServerShowV247Test:tearDownClass): 204 DELETE http://10.180.1.21/identity/v3/users/06a8078ed06d48ccaaedb8eaabb27a95 0.116s
2024-12-12 00:11:39.007 66595 INFO tempest.lib.common.dynamic_creds [-] Deleting project and security group for project: dbb449c4d9a643598262907eba359cfd
2024-12-12 00:11:39.049 66553 INFO tempest.lib.common.rest_client [req-6ca79acf-e0b6-41a8-822a-a0ffa75751f0 req-6ca79acf-e0b6-41a8-822a-a0ffa75751f0 ] Request (DeleteServersTestJSON:test_delete_active_server): 200 GET http://10.180.1.21/compute/v2.1/servers/d8c7d102-46e6-40fe-a864-a72590af4982 0.059s
2024-12-12 00:11:39.085 66595 INFO tempest.lib.common.rest_client [req-858e2f58-9f39-46b3-854c-599cd0b22480 req-858e2f58-9f39-46b3-854c-599cd0b22480 ] Request (ServerShowV247Test:tearDownClass): 201 POST http://10.180.1.21/identity/v3/auth/tokens 0.078s
2024-12-12 00:11:39.119 66565 INFO tempest.lib.common.rest_client [req-b6941d79-f34b-4836-93c8-8386649d0dab req-b6941d79-f34b-4836-93c8-8386649d0dab ] Request (MultipleCreateTestJSON:test_multiple_create_with_reservation_return): 200 GET http://10.180.1.21/compute/v2.1/servers/10f10329-9a7d-4e1b-8fb4-90350169e518 0.091s
2024-12-12 00:11:39.124 66597 INFO tempest.lib.common.rest_client [req-5eda1dc5-c377-4b3f-8656-b55734bf1fcc req-5eda1dc5-c377-4b3f-8656-b55734bf1fcc ] Request (ServersTestJSON:setUpClass): 200 GET http://10.180.1.21/compute/v2.1/servers/1f3792c0-9f86-4d76-a1a6-28d492869046 0.173s
2024-12-12 00:11:39.153 66561 WARNING tempest.lib.common.ssh [-] Failed to establish authenticated ssh connection to cirros@10.180.180.194 ([Errno None] Unable to connect to port 22 on 10.180.180.194). Number attempts: 12. Retry after 13 seconds.: paramiko.ssh_exception.NoValidConnectionsError: [Errno None] Unable to connect to port 22 on 10.180.180.194
2024-12-12 00:11:39.205 66587 INFO tempest.lib.common.rest_client [req-059dafc0-2b2e-4d1d-aeaa-430ec66d39d6 req-059dafc0-2b2e-4d1d-aeaa-430ec66d39d6 ] Request (FloatingIPsAssociationNegativeTestJSON:tearDownClass): 200 GET http://10.180.1.21/compute/v2.1/servers/e3f3fc2c-0060-4521-8aa3-da37209aee81 0.151s
2024-12-12 00:11:39.205 66559 INFO tempest.lib.common.rest_client [req-672eefce-9e15-4e82-a628-054455925c9d req-672eefce-9e15-4e82-a628-054455925c9d ] Request (TenantUsagesTestJSON:setUpClass): 200 GET http://10.180.1.21/compute/v2.1/servers/7c8474fd-2ca5-4ecc-b2e6-4248baafd639 0.113s
2024-12-12 00:11:39.257 66607 INFO tempest.lib.common.rest_client [req-a38706d1-7a83-40e9-b797-64facbdae168 req-a38706d1-7a83-40e9-b797-64facbdae168 ] Request (AttachVolumeTestJSON:test_attach_detach_volume): 200 GET http://10.180.1.21/compute/v2.1/servers/29aaac3b-1f0e-40fe-9805-a0e6e6ae597d 0.134s
2024-12-12 00:11:39.266 66595 INFO tempest.lib.common.rest_client [req-8516735b-0ec7-4f3e-a596-3eb92a85aa0c req-8516735b-0ec7-4f3e-a596-3eb92a85aa0c ] Request (ServerShowV247Test:tearDownClass): 200 GET http://10.180.1.21:9696/networking/v2.0/security-groups?tenant_id=dbb449c4d9a643598262907eba359cfd&name=default 0.181s
2024-12-12 00:11:39.281 66557 INFO tempest.lib.common.rest_client [req-78fa19d1-eae1-4481-bf92-6f06712518cc req-78fa19d1-eae1-4481-bf92-6f06712518cc ] Request (VolumesAssistedSnapshotsTest:test_volume_assisted_snapshot_create_delete): 200 GET http://10.180.1.21/compute/v2.1/servers/e8864d73-35e6-490b-a07c-e8cac8baf880 0.095s
2024-12-12 00:11:39.354 66573 INFO tempest.lib.common.rest_client [req-49432f0c-2caa-4f29-b4e5-83f07c3c1de8 req-49432f0c-2caa-4f29-b4e5-83f07c3c1de8 ] Request (ListServerFiltersTestJSON:tearDownClass): 200 GET http://10.180.1.21/compute/v2.1/servers/0e8254af-403d-4f5d-ac58-f3b4efc0c3d6 0.065s
2024-12-12 00:11:39.359 66595 INFO tempest.lib.common.rest_client [req-69406dc9-509c-4f90-a74a-cd6c84fe8af4 req-69406dc9-509c-4f90-a74a-cd6c84fe8af4 ] Request (ServerShowV247Test:tearDownClass): 204 DELETE http://10.180.1.21:9696/networking/v2.0/security-groups/bb85b63b-ecaf-4bbc-afbd-c03b8c310d2a 0.092s
2024-12-12 00:11:39.419 66595 INFO tempest.lib.common.rest_client [req-cc150a36-1b61-40f4-a591-6ef749801359 req-cc150a36-1b61-40f4-a591-6ef749801359 ] Request (ServerShowV247Test:tearDownClass): 204 DELETE http://10.180.1.21/identity/v3/projects/dbb449c4d9a643598262907eba359cfd 0.060s
2024-12-12 00:11:39.430 66581 INFO tempest.lib.common.rest_client [req-bbcc7b7a-8338-4f54-aacb-0041532987d4 req-bbcc7b7a-8338-4f54-aacb-0041532987d4 ] Request (ServersAdminNegativeTestJSON:tearDownClass): 200 GET http://10.180.1.21/compute/v2.1/servers/9a7bfafe-8598-4c6f-9714-0567fcbb8ea6 0.070s
2024-12-12 00:11:39.442 66563 WARNING tempest.lib.common.ssh [-] Failed to establish authenticated ssh connection to cirros@10.180.180.229 ([Errno None] Unable to connect to port 22 on 10.180.180.229). Number attempts: 4. Retry after 5 seconds.: paramiko.ssh_exception.NoValidConnectionsError: [Errno None] Unable to connect to port 22 on 10.180.180.229
2024-12-12 00:11:39.490 66594 INFO tempest.lib.common.rest_client [req-c8344328-ca74-463e-b0f7-53865c381f50 req-c8344328-ca74-463e-b0f7-53865c381f50 ] Request (InstanceActionsV221TestJSON:test_get_list_deleted_instance_actions): 200 GET http://10.180.1.21/compute/v2.1/servers/f2240974-0fa4-4f59-ae0c-b9da52f9600e 0.064s
2024-12-12 00:11:39.503 66575 INFO tempest.lib.common.rest_client [req-d44f5cbf-1572-47e5-b2e2-53a9e69470d1 req-d44f5cbf-1572-47e5-b2e2-53a9e69470d1 ] Request (ServerRescueNegativeTestJSON:setUpClass): 200 GET http://10.180.1.21/compute/v2.1/servers/2f589dc1-9244-475f-86d0-4b69b511508b 0.122s
2024-12-12 00:11:39.557 66549 INFO tempest.lib.common.rest_client [req-66965683-e866-46fc-9f42-0f966970b9f4 req-66965683-e866-46fc-9f42-0f966970b9f4 ] Request (ImagesTestJSON:test_create_image_from_suspended_server): 200 GET http://10.180.1.21/compute/v2.1/servers/f99e55bd-1e99-4e41-9dd7-fc12b75f4f6b 0.119s
2024-12-12 00:11:39.557 66591 INFO tempest.lib.common.rest_client [req-cd954ce3-dc70-4d25-a0da-7db53143707d req-cd954ce3-dc70-4d25-a0da-7db53143707d ] Request (ServersWithSpecificFlavorTestJSON:test_verify_created_server_ephemeral_disk): 200 GET http://10.180.1.21/compute/v2.1/servers/7a92bac8-9cee-41ed-81e3-08b48432fe7c 0.085s
2024-12-12 00:11:39.603 66547 INFO tempest.lib.common.rest_client [req-0b49132f-f208-4e44-8520-ebcfbe0621a8 req-0b49132f-f208-4e44-8520-ebcfbe0621a8 ] Request (ServersAdminTestJSON:test_inject_network_info): 200 GET http://10.180.1.21/compute/v2.1/servers/61f05e69-5e90-47da-9f47-3651b580a23c 0.075s
2024-12-12 00:11:39.635 66599 INFO tempest.lib.common.rest_client [req-a4ff1a4a-03f6-408c-908d-5383202f9438 req-a4ff1a4a-03f6-408c-908d-5383202f9438 ] Request (ListImageFiltersTestJSON:setUpClass): 200 GET http://10.180.1.21/compute/v2.1/servers/06716b84-3761-40b0-b76a-0c6ebf0d6aa7 0.051s
2024-12-12 00:11:39.757 66577 INFO tempest.lib.common.rest_client [req-92ba0111-30d7-46a0-a1c2-fe25f7e36632 req-92ba0111-30d7-46a0-a1c2-fe25f7e36632 ] Request (FloatingIPsAssociationTestJSON:tearDownClass): 200 GET http://10.180.1.21/compute/v2.1/servers/5b6b4ed4-67c3-4f0c-ac2a-d5c8981a9e07 0.058s
2024-12-12 00:11:39.829 66579 INFO tempest.lib.common.rest_client [req-07c56a10-2470-4b20-bae9-ad919901186f req-07c56a10-2470-4b20-bae9-ad919901186f ] Request (ServerShowV254Test:test_rebuild_server): 200 GET http://10.180.1.21/compute/v2.1/servers/85e8da3c-d9d5-4569-b454-bcbb3d7a9bb5 0.054s
2024-12-12 00:11:39.937 66585 INFO tempest.lib.common.rest_client [req-98848e3c-5dde-4bae-b389-81cff78dedf5 req-98848e3c-5dde-4bae-b389-81cff78dedf5 ] Request (AttachInterfacesV270Test:tearDownClass): 200 GET http://10.180.1.21/compute/v2.1/servers/cfae9bf8-012a-4286-b978-bba8a913bba2 0.058s
2024-12-12 00:11:39.992 66567 INFO tempest.lib.common.rest_client [req-ace4adb7-1a2b-41b3-b27a-cc10a4bd0de2 req-ace4adb7-1a2b-41b3-b27a-cc10a4bd0de2 ] Request (ImagesOneServerNegativeTestJSON:_run_cleanups): 200 GET http://10.180.1.21/compute/v2.1/servers/9dfb7d7f-6656-46fd-969e-c692db1ce507 0.060s
2024-12-12 00:11:40.114 66553 INFO tempest.lib.common.rest_client [req-e638b71e-92d8-4990-94b6-6af06eccf77d req-e638b71e-92d8-4990-94b6-6af06eccf77d ] Request (DeleteServersTestJSON:test_delete_active_server): 200 GET http://10.180.1.21/compute/v2.1/servers/d8c7d102-46e6-40fe-a864-a72590af4982 0.049s
2024-12-12 00:11:40.190 66565 INFO tempest.lib.common.rest_client [req-d698a4f5-73ac-4549-8ef0-6694e617b0c1 req-d698a4f5-73ac-4549-8ef0-6694e617b0c1 ] Request (MultipleCreateTestJSON:test_multiple_create_with_reservation_return): 200 GET http://10.180.1.21/compute/v2.1/servers/10f10329-9a7d-4e1b-8fb4-90350169e518 0.059s
2024-12-12 00:11:40.241 66597 INFO tempest.lib.common.rest_client [req-70430541-444b-4857-964b-cc10d31ee155 req-70430541-444b-4857-964b-cc10d31ee155 ] Request (ServersTestJSON:setUpClass): 200 GET http://10.180.1.21/compute/v2.1/servers/1f3792c0-9f86-4d76-a1a6-28d492869046 0.105s
2024-12-12 00:11:40.275 66559 INFO tempest.lib.common.rest_client [req-50de1c90-b7f9-4308-b2c9-564e6073da4a req-50de1c90-b7f9-4308-b2c9-564e6073da4a ] Request (TenantUsagesTestJSON:setUpClass): 200 GET http://10.180.1.21/compute/v2.1/servers/7c8474fd-2ca5-4ecc-b2e6-4248baafd639 0.058s
2024-12-12 00:11:40.303 66587 INFO tempest.lib.common.rest_client [req-b7318173-9b77-4890-bf6d-b5a97ae0a563 req-b7318173-9b77-4890-bf6d-b5a97ae0a563 ] Request (FloatingIPsAssociationNegativeTestJSON:tearDownClass): 200 GET http://10.180.1.21/compute/v2.1/servers/e3f3fc2c-0060-4521-8aa3-da37209aee81 0.085s
2024-12-12 00:11:40.325 66607 INFO tempest.lib.common.rest_client [req-d2c63b6e-8d0b-4ee5-831f-194d47df4a8c req-d2c63b6e-8d0b-4ee5-831f-194d47df4a8c ] Request (AttachVolumeTestJSON:test_attach_detach_volume): 200 GET http://10.180.1.21/compute/v2.1/servers/29aaac3b-1f0e-40fe-9805-a0e6e6ae597d 0.062s
2024-12-12 00:11:40.354 66557 INFO tempest.lib.common.rest_client [req-69462b82-a81b-4427-8c9f-495ff13d1187 req-69462b82-a81b-4427-8c9f-495ff13d1187 ] Request (VolumesAssistedSnapshotsTest:test_volume_assisted_snapshot_create_delete): 200 GET http://10.180.1.21/compute/v2.1/servers/e8864d73-35e6-490b-a07c-e8cac8baf880 0.065s
2024-12-12 00:11:40.426 66573 INFO tempest.lib.common.rest_client [req-42d47586-a6da-4e1c-8197-980816bbbae5 req-42d47586-a6da-4e1c-8197-980816bbbae5 ] Request (ListServerFiltersTestJSON:tearDownClass): 200 GET http://10.180.1.21/compute/v2.1/servers/0e8254af-403d-4f5d-ac58-f3b4efc0c3d6 0.064s
2024-12-12 00:11:40.503 66581 INFO tempest.lib.common.rest_client [req-e9861c91-c6b1-41b9-ad09-7c68effb8a13 req-e9861c91-c6b1-41b9-ad09-7c68effb8a13 ] Request (ServersAdminNegativeTestJSON:tearDownClass): 200 GET http://10.180.1.21/compute/v2.1/servers/9a7bfafe-8598-4c6f-9714-0567fcbb8ea6 0.064s
2024-12-12 00:11:40.583 66594 INFO tempest.lib.common.rest_client [req-1b47d8c9-5e06-4ab1-b0c4-4703598b96a0 req-1b47d8c9-5e06-4ab1-b0c4-4703598b96a0 ] Request (InstanceActionsV221TestJSON:test_get_list_deleted_instance_actions): 200 GET http://10.180.1.21/compute/v2.1/servers/f2240974-0fa4-4f59-ae0c-b9da52f9600e 0.077s
2024-12-12 00:11:40.634 66549 INFO tempest.lib.common.rest_client [req-0233225b-ac21-45fb-bb19-4e79373bf9d0 req-0233225b-ac21-45fb-bb19-4e79373bf9d0 ] Request (ImagesTestJSON:test_create_image_from_suspended_server): 200 GET http://10.180.1.21/compute/v2.1/servers/f99e55bd-1e99-4e41-9dd7-fc12b75f4f6b 0.070s
2024-12-12 00:11:40.661 66575 INFO tempest.lib.common.rest_client [req-20410466-9b41-47fe-94f0-325489bd7eba req-20410466-9b41-47fe-94f0-325489bd7eba ] Request (ServerRescueNegativeTestJSON:setUpClass): 200 GET http://10.180.1.21/compute/v2.1/servers/2f589dc1-9244-475f-86d0-4b69b511508b 0.148s
2024-12-12 00:11:40.683 66591 INFO tempest.lib.common.rest_client [req-010b932d-6196-434d-868e-f14d345849bf req-010b932d-6196-434d-868e-f14d345849bf ] Request (ServersWithSpecificFlavorTestJSON:test_verify_created_server_ephemeral_disk): 200 GET http://10.180.1.21/compute/v2.1/servers/7a92bac8-9cee-41ed-81e3-08b48432fe7c 0.118s
2024-12-12 00:11:40.710 66547 INFO tempest.lib.common.rest_client [req-c06b8de5-93e9-4549-8923-d56df3542465 req-c06b8de5-93e9-4549-8923-d56df3542465 ] Request (ServersAdminTestJSON:test_inject_network_info): 200 GET http://10.180.1.21/compute/v2.1/servers/61f05e69-5e90-47da-9f47-3651b580a23c 0.099s
2024-12-12 00:11:40.725 66599 INFO tempest.lib.common.rest_client [req-180ddd09-9b43-437d-b4ad-fe546cef817a req-180ddd09-9b43-437d-b4ad-fe546cef817a ] Request (ListImageFiltersTestJSON:setUpClass): 200 GET http://10.180.1.21/compute/v2.1/servers/06716b84-3761-40b0-b76a-0c6ebf0d6aa7 0.082s
2024-12-12 00:11:40.784 66577 INFO tempest.lib.common.rest_client [req-8d250fb5-4e4e-4776-9320-6375df4c5d27 req-8d250fb5-4e4e-4776-9320-6375df4c5d27 ] Request (FloatingIPsAssociationTestJSON:tearDownClass): 404 GET http://10.180.1.21/compute/v2.1/servers/5b6b4ed4-67c3-4f0c-ac2a-d5c8981a9e07 0.021s
2024-12-12 00:11:40.893 66579 INFO tempest.lib.common.rest_client [req-707ace65-1375-4117-8f26-a81f6b0d509b req-707ace65-1375-4117-8f26-a81f6b0d509b ] Request (ServerShowV254Test:test_rebuild_server): 200 GET http://10.180.1.21/compute/v2.1/servers/85e8da3c-d9d5-4569-b454-bcbb3d7a9bb5 0.056s
2024-12-12 00:11:41.011 66585 INFO tempest.lib.common.rest_client [req-bb7f0afd-15da-4568-87c4-094e3ad98158 req-bb7f0afd-15da-4568-87c4-094e3ad98158 ] Request (AttachInterfacesV270Test:tearDownClass): 200 GET http://10.180.1.21/compute/v2.1/servers/cfae9bf8-012a-4286-b978-bba8a913bba2 0.065s
2024-12-12 00:11:41.052 66567 INFO tempest.lib.common.rest_client [req-9f7f2185-d768-4fcc-9765-e0ddceb07bc0 req-9f7f2185-d768-4fcc-9765-e0ddceb07bc0 ] Request (ImagesOneServerNegativeTestJSON:_run_cleanups): 200 GET http://10.180.1.21/compute/v2.1/servers/9dfb7d7f-6656-46fd-969e-c692db1ce507 0.053s
2024-12-12 00:11:41.173 66553 INFO tempest.lib.common.rest_client [req-b5699e63-d967-4607-a341-7b961f544a80 req-b5699e63-d967-4607-a341-7b961f544a80 ] Request (DeleteServersTestJSON:test_delete_active_server): 200 GET http://10.180.1.21/compute/v2.1/servers/d8c7d102-46e6-40fe-a864-a72590af4982 0.052s
2024-12-12 00:11:41.249 66565 INFO tempest.lib.common.rest_client [req-a65993e4-79f4-40b5-868c-17248e81428c req-a65993e4-79f4-40b5-868c-17248e81428c ] Request (MultipleCreateTestJSON:test_multiple_create_with_reservation_return): 200 GET http://10.180.1.21/compute/v2.1/servers/10f10329-9a7d-4e1b-8fb4-90350169e518 0.052s
2024-12-12 00:11:41.337 66559 INFO tempest.lib.common.rest_client [req-95738c57-4c70-416b-b523-ca02669e6ae0 req-95738c57-4c70-416b-b523-ca02669e6ae0 ] Request (TenantUsagesTestJSON:setUpClass): 200 GET http://10.180.1.21/compute/v2.1/servers/7c8474fd-2ca5-4ecc-b2e6-4248baafd639 0.054s
2024-12-12 00:11:41.360 66597 INFO tempest.lib.common.rest_client [req-dbcb2ce6-fc24-4b71-b126-c8ba999bd928 req-dbcb2ce6-fc24-4b71-b126-c8ba999bd928 ] Request (ServersTestJSON:setUpClass): 200 GET http://10.180.1.21/compute/v2.1/servers/1f3792c0-9f86-4d76-a1a6-28d492869046 0.111s
2024-12-12 00:11:41.401 66587 INFO tempest.lib.common.rest_client [req-597fd690-45e3-4881-b587-3c7bec4d0851 req-597fd690-45e3-4881-b587-3c7bec4d0851 ] Request (FloatingIPsAssociationNegativeTestJSON:tearDownClass): 200 GET http://10.180.1.21/compute/v2.1/servers/e3f3fc2c-0060-4521-8aa3-da37209aee81 0.091s
2024-12-12 00:11:41.407 66607 INFO tempest.lib.common.rest_client [req-01a9ee3c-d771-4bde-995b-bae1973a836d req-01a9ee3c-d771-4bde-995b-bae1973a836d ] Request (AttachVolumeTestJSON:test_attach_detach_volume): 200 GET http://10.180.1.21/compute/v2.1/servers/29aaac3b-1f0e-40fe-9805-a0e6e6ae597d 0.074s
2024-12-12 00:11:41.414 66577 INFO tempest.lib.common.rest_client [req-f0320b0b-0c81-49e1-9bcf-f6f91b557155 req-f0320b0b-0c81-49e1-9bcf-f6f91b557155 ] Request (FloatingIPsAssociationTestJSON:tearDownClass): 200 PUT http://10.180.1.21:9696/networking/v2.0/routers/044eaf74-ef71-46e3-b73a-0a3c7f3fd9d8/remove_router_interface 0.630s
2024-12-12 00:11:41.464 66557 INFO tempest.lib.common.rest_client [req-2c9acef0-0287-44a4-88cf-edad397be5d1 req-2c9acef0-0287-44a4-88cf-edad397be5d1 ] Request (VolumesAssistedSnapshotsTest:test_volume_assisted_snapshot_create_delete): 200 GET http://10.180.1.21/compute/v2.1/servers/e8864d73-35e6-490b-a07c-e8cac8baf880 0.102s
2024-12-12 00:11:41.504 66573 INFO tempest.lib.common.rest_client [req-dad9a588-8f8b-44b3-9ae0-9c455196be10 req-dad9a588-8f8b-44b3-9ae0-9c455196be10 ] Request (ListServerFiltersTestJSON:tearDownClass): 200 GET http://10.180.1.21/compute/v2.1/servers/0e8254af-403d-4f5d-ac58-f3b4efc0c3d6 0.067s
2024-12-12 00:11:41.574 66581 INFO tempest.lib.common.rest_client [req-148a450f-a223-4602-8b10-d57cc3448df8 req-148a450f-a223-4602-8b10-d57cc3448df8 ] Request (ServersAdminNegativeTestJSON:tearDownClass): 200 GET http://10.180.1.21/compute/v2.1/servers/9a7bfafe-8598-4c6f-9714-0567fcbb8ea6 0.064s
2024-12-12 00:11:41.669 66594 INFO tempest.lib.common.rest_client [req-a1ef6a81-00a8-4479-af03-41e9539aa5fd req-a1ef6a81-00a8-4479-af03-41e9539aa5fd ] Request (InstanceActionsV221TestJSON:test_get_list_deleted_instance_actions): 200 GET http://10.180.1.21/compute/v2.1/servers/f2240974-0fa4-4f59-ae0c-b9da52f9600e 0.073s
2024-12-12 00:11:41.702 66549 INFO tempest.lib.common.rest_client [req-d73ff094-0082-4b03-aa57-850cce02c1f1 req-d73ff094-0082-4b03-aa57-850cce02c1f1 ] Request (ImagesTestJSON:test_create_image_from_suspended_server): 200 GET http://10.180.1.21/compute/v2.1/servers/f99e55bd-1e99-4e41-9dd7-fc12b75f4f6b 0.059s
2024-12-12 00:11:41.713 66555 WARNING tempest.lib.common.ssh [-] Failed to establish authenticated ssh connection to cirros@10.180.180.154 ([Errno None] Unable to connect to port 22 on 10.180.180.154). Number attempts: 1. Retry after 2 seconds.: paramiko.ssh_exception.NoValidConnectionsError: [Errno None] Unable to connect to port 22 on 10.180.180.154
2024-12-12 00:11:41.753 66577 INFO tempest.lib.common.rest_client [req-93c9042a-50e9-40ba-9943-07f8a4657b5a req-93c9042a-50e9-40ba-9943-07f8a4657b5a ] Request (FloatingIPsAssociationTestJSON:tearDownClass): 204 DELETE http://10.180.1.21:9696/networking/v2.0/routers/044eaf74-ef71-46e3-b73a-0a3c7f3fd9d8 0.339s
2024-12-12 00:11:41.757 66591 INFO tempest.lib.common.rest_client [req-52a2ccc1-2be9-4510-a02f-2edc35ae536e req-52a2ccc1-2be9-4510-a02f-2edc35ae536e ] Request (ServersWithSpecificFlavorTestJSON:test_verify_created_server_ephemeral_disk): 200 GET http://10.180.1.21/compute/v2.1/servers/7a92bac8-9cee-41ed-81e3-08b48432fe7c 0.065s
2024-12-12 00:11:41.774 66575 INFO tempest.lib.common.rest_client [req-a838f33d-cd81-48ab-af9e-2ff4469db2a3 req-a838f33d-cd81-48ab-af9e-2ff4469db2a3 ] Request (ServerRescueNegativeTestJSON:setUpClass): 200 GET http://10.180.1.21/compute/v2.1/servers/2f589dc1-9244-475f-86d0-4b69b511508b 0.105s
2024-12-12 00:11:41.807 66547 INFO tempest.lib.common.rest_client [req-bc4f4690-ac3e-40b7-beae-eda9ef110bfd req-bc4f4690-ac3e-40b7-beae-eda9ef110bfd ] Request (ServersAdminTestJSON:test_inject_network_info): 200 GET http://10.180.1.21/compute/v2.1/servers/61f05e69-5e90-47da-9f47-3651b580a23c 0.089s
2024-12-12 00:11:41.829 66599 INFO tempest.lib.common.rest_client [req-dd86f2f5-5f40-4d02-afab-ec583b659787 req-dd86f2f5-5f40-4d02-afab-ec583b659787 ] Request (ListImageFiltersTestJSON:setUpClass): 200 GET http://10.180.1.21/compute/v2.1/servers/06716b84-3761-40b0-b76a-0c6ebf0d6aa7 0.097s
2024-12-12 00:11:41.862 66577 INFO tempest.lib.common.rest_client [req-a0591f1a-aa70-46b9-b3de-e4596f3c2a89 req-a0591f1a-aa70-46b9-b3de-e4596f3c2a89 ] Request (FloatingIPsAssociationTestJSON:tearDownClass): 204 DELETE http://10.180.1.21:9696/networking/v2.0/subnets/47eb1bea-eb12-41a8-85ac-ce6f7833e330 0.108s
2024-12-12 00:11:41.960 66579 INFO tempest.lib.common.rest_client [req-1fe5c7fc-ca91-485a-8197-ea63ec0e42f9 req-1fe5c7fc-ca91-485a-8197-ea63ec0e42f9 ] Request (ServerShowV254Test:test_rebuild_server): 200 GET http://10.180.1.21/compute/v2.1/servers/85e8da3c-d9d5-4569-b454-bcbb3d7a9bb5 0.058s
2024-12-12 00:11:42.085 66585 INFO tempest.lib.common.rest_client [req-d8e03283-c1b2-4d23-a2fc-7c64327af5b9 req-d8e03283-c1b2-4d23-a2fc-7c64327af5b9 ] Request (AttachInterfacesV270Test:tearDownClass): 200 GET http://10.180.1.21/compute/v2.1/servers/cfae9bf8-012a-4286-b978-bba8a913bba2 0.066s
2024-12-12 00:11:42.097 66577 INFO tempest.lib.common.rest_client [req-2574f132-614d-4a49-bc59-4e253973ba31 req-2574f132-614d-4a49-bc59-4e253973ba31 ] Request (FloatingIPsAssociationTestJSON:tearDownClass): 204 DELETE http://10.180.1.21:9696/networking/v2.0/networks/d1ee3096-25f7-46c0-bd21-c55342ebaad9 0.235s
2024-12-12 00:11:42.115 66567 INFO tempest.lib.common.rest_client [req-616981ed-9be1-48f4-b06c-dcb4c1c888ae req-616981ed-9be1-48f4-b06c-dcb4c1c888ae ] Request (ImagesOneServerNegativeTestJSON:_run_cleanups): 200 GET http://10.180.1.21/compute/v2.1/servers/9dfb7d7f-6656-46fd-969e-c692db1ce507 0.057s
2024-12-12 00:11:42.200 66577 INFO tempest.lib.common.rest_client [req-8cdd3dcd-57d7-499b-9504-18b46741bcfc req-8cdd3dcd-57d7-499b-9504-18b46741bcfc ] Request (FloatingIPsAssociationTestJSON:tearDownClass): 204 DELETE http://10.180.1.21/identity/v3/users/ae6e5adfb79a4911a67c14a7f7b41a17 0.102s
2024-12-12 00:11:42.200 66577 INFO tempest.lib.common.dynamic_creds [-] Deleting project and security group for project: c6486285375a44318c14aee23e914dcf
2024-12-12 00:11:42.226 66577 INFO tempest.lib.common.rest_client [req-c640bcef-03c0-4599-a45f-c81c443d2894 req-c640bcef-03c0-4599-a45f-c81c443d2894 ] Request (FloatingIPsAssociationTestJSON:tearDownClass): 200 GET http://10.180.1.21:9696/networking/v2.0/security-groups?tenant_id=c6486285375a44318c14aee23e914dcf&name=default 0.026s
2024-12-12 00:11:42.229 66553 INFO tempest.lib.common.rest_client [req-1ac36559-fb6a-4296-b451-f993d19e731d req-1ac36559-fb6a-4296-b451-f993d19e731d ] Request (DeleteServersTestJSON:test_delete_active_server): 200 GET http://10.180.1.21/compute/v2.1/servers/d8c7d102-46e6-40fe-a864-a72590af4982 0.048s
2024-12-12 00:11:42.292 66577 INFO tempest.lib.common.rest_client [req-8370c4a1-851b-4648-93ed-f11d869fa960 req-8370c4a1-851b-4648-93ed-f11d869fa960 ] Request (FloatingIPsAssociationTestJSON:tearDownClass): 204 DELETE http://10.180.1.21:9696/networking/v2.0/security-groups/76c91c0b-f9fc-4eea-b8e3-7711c1f8595a 0.065s
2024-12-12 00:11:42.306 66565 INFO tempest.lib.common.rest_client [req-ea4cbb6d-4685-4075-95b2-7a754b46fd37 req-ea4cbb6d-4685-4075-95b2-7a754b46fd37 ] Request (MultipleCreateTestJSON:test_multiple_create_with_reservation_return): 200 GET http://10.180.1.21/compute/v2.1/servers/10f10329-9a7d-4e1b-8fb4-90350169e518 0.050s
2024-12-12 00:11:42.378 66577 INFO tempest.lib.common.rest_client [req-67ad7345-0d60-4659-9503-575f3ba922d4 req-67ad7345-0d60-4659-9503-575f3ba922d4 ] Request (FloatingIPsAssociationTestJSON:tearDownClass): 204 DELETE http://10.180.1.21/identity/v3/projects/c6486285375a44318c14aee23e914dcf 0.085s
2024-12-12 00:11:42.392 66559 INFO tempest.lib.common.rest_client [req-75e608f8-0a0a-4ee8-b82c-e114f9bc2987 req-75e608f8-0a0a-4ee8-b82c-e114f9bc2987 ] Request (TenantUsagesTestJSON:setUpClass): 200 GET http://10.180.1.21/compute/v2.1/servers/7c8474fd-2ca5-4ecc-b2e6-4248baafd639 0.047s
2024-12-12 00:11:42.437 66577 INFO tempest.lib.common.rest_client [req-f6eab07c-6764-48e7-9fbb-987298edd48e req-f6eab07c-6764-48e7-9fbb-987298edd48e ] Request (ImagesMetadataTestJSON:setUpClass): 201 POST http://10.180.1.21/identity/v3/auth/tokens 0.057s
2024-12-12 00:11:42.465 66597 INFO tempest.lib.common.rest_client [req-355c89f9-dc1b-469f-862e-1058f8d56596 req-355c89f9-dc1b-469f-862e-1058f8d56596 ] Request (ServersTestJSON:setUpClass): 200 GET http://10.180.1.21/compute/v2.1/servers/1f3792c0-9f86-4d76-a1a6-28d492869046 0.096s
2024-12-12 00:11:42.467 66577 INFO tempest.lib.common.rest_client [req-4514b28d-2c40-4077-8c69-36b561f63fa2 req-4514b28d-2c40-4077-8c69-36b561f63fa2 ] Request (ImagesMetadataTestJSON:setUpClass): 201 POST http://10.180.1.21/identity/v3/auth/tokens 0.028s
2024-12-12 00:11:42.476 66587 INFO tempest.lib.common.rest_client [req-5cd4c918-aa76-44ec-b5dc-49b6f0d4ffe7 req-5cd4c918-aa76-44ec-b5dc-49b6f0d4ffe7 ] Request (FloatingIPsAssociationNegativeTestJSON:tearDownClass): 200 GET http://10.180.1.21/compute/v2.1/servers/e3f3fc2c-0060-4521-8aa3-da37209aee81 0.063s
2024-12-12 00:11:42.491 66577 INFO tempest.lib.common.rest_client [req-2de1ce9d-c94f-4507-842a-e62c52ed823d req-2de1ce9d-c94f-4507-842a-e62c52ed823d ] Request (ImagesMetadataTestJSON:setUpClass): 200 GET http://10.180.1.21/identity/v3/domains?name=Default 0.023s
2024-12-12 00:11:42.514 66607 INFO tempest.lib.common.rest_client [req-9a7f907d-7a1b-41b9-9c5a-6ea6799b117f req-9a7f907d-7a1b-41b9-9c5a-6ea6799b117f ] Request (AttachVolumeTestJSON:test_attach_detach_volume): 200 GET http://10.180.1.21/compute/v2.1/servers/29aaac3b-1f0e-40fe-9805-a0e6e6ae597d 0.096s
2024-12-12 00:11:42.516 66577 INFO tempest.lib.common.rest_client [req-60410748-c28d-42e9-966b-612cb9c4fd5d req-60410748-c28d-42e9-966b-612cb9c4fd5d ] Request (ImagesMetadataTestJSON:setUpClass): 201 POST http://10.180.1.21/identity/v3/projects 0.025s
2024-12-12 00:11:42.521 66557 INFO tempest.lib.common.rest_client [req-08b56a10-f7a4-4e69-b28a-78b7108fe767 req-08b56a10-f7a4-4e69-b28a-78b7108fe767 ] Request (VolumesAssistedSnapshotsTest:test_volume_assisted_snapshot_create_delete): 200 GET http://10.180.1.21/compute/v2.1/servers/e8864d73-35e6-490b-a07c-e8cac8baf880 0.049s
2024-12-12 00:11:42.530 66545 WARNING tempest.lib.common.ssh [-] Failed to establish authenticated ssh connection to cirros@10.180.180.148 ([Errno None] Unable to connect to port 22 on 10.180.180.148). Number attempts: 3. Retry after 4 seconds.: paramiko.ssh_exception.NoValidConnectionsError: [Errno None] Unable to connect to port 22 on 10.180.180.148
2024-12-12 00:11:42.533 66573 INFO tempest.lib.common.rest_client [req-2eb44e01-bab1-4e61-89cc-f5af271ae88e req-2eb44e01-bab1-4e61-89cc-f5af271ae88e ] Request (ListServerFiltersTestJSON:tearDownClass): 404 GET http://10.180.1.21/compute/v2.1/servers/0e8254af-403d-4f5d-ac58-f3b4efc0c3d6 0.021s
2024-12-12 00:11:42.567 66577 INFO tempest.lib.common.rest_client [req-f9da2b50-252f-4c4a-b57d-70fadd4adfb9 req-f9da2b50-252f-4c4a-b57d-70fadd4adfb9 ] Request (ImagesMetadataTestJSON:setUpClass): 201 POST http://10.180.1.21/identity/v3/users 0.050s
2024-12-12 00:11:42.587 66577 INFO tempest.lib.common.rest_client [req-79e1faf9-a818-47fc-bff1-7dd21e847f77 req-79e1faf9-a818-47fc-bff1-7dd21e847f77 ] Request (ImagesMetadataTestJSON:setUpClass): 200 GET http://10.180.1.21/identity/v3/roles 0.019s
2024-12-12 00:11:42.621 66577 INFO tempest.lib.common.rest_client [req-c1dd2944-a8b4-460d-9631-cbe831c38065 req-c1dd2944-a8b4-460d-9631-cbe831c38065 ] Request (ImagesMetadataTestJSON:setUpClass): 204 PUT http://10.180.1.21/identity/v3/projects/00b0985ade7e498baa3cb27ade52f195/users/f6e104e327924818a17c24abe4975ea4/roles/1c56ce6e3f204ed28d22ade9103b0462 0.034s
2024-12-12 00:11:42.622 66577 INFO tempest.lib.common.dynamic_creds [-] Dynamic test user f6e104e327924818a17c24abe4975ea4 is created with scope project and roles: ['member']
2024-12-12 00:11:42.622 66577 INFO tempest.lib.common.dynamic_creds [-] Acquired dynamic creds: credentials: Credentials: {'domain_id': 'default', 'domain_name': 'Default', 'username': 'tempest-ImagesMetadataTestJSON-704004810-project-member', 'project_domain_id': 'default', 'project_domain_name': 'Default', 'project_id': '00b0985ade7e498baa3cb27ade52f195', 'project_name': 'tempest-ImagesMetadataTestJSON-704004810', 'tenant_id': '00b0985ade7e498baa3cb27ade52f195', 'tenant_name': 'tempest-ImagesMetadataTestJSON-704004810', 'user_domain_id': 'default', 'user_domain_name': 'Default', 'user_id': 'f6e104e327924818a17c24abe4975ea4', 'system': None}, Network: None, Subnet: None, Router: None
2024-12-12 00:11:42.622 66577 INFO tempest.lib.common.dynamic_creds [-] Created isolated network resources for: credentials: Credentials: {'domain_id': 'default', 'domain_name': 'Default', 'username': 'tempest-ImagesMetadataTestJSON-704004810-project-member', 'project_domain_id': 'default', 'project_domain_name': 'Default', 'project_id': '00b0985ade7e498baa3cb27ade52f195', 'project_name': 'tempest-ImagesMetadataTestJSON-704004810', 'tenant_id': '00b0985ade7e498baa3cb27ade52f195', 'tenant_name': 'tempest-ImagesMetadataTestJSON-704004810', 'user_domain_id': 'default', 'user_domain_name': 'Default', 'user_id': 'f6e104e327924818a17c24abe4975ea4', 'system': None}, Network: None, Subnet: None, Router: None
2024-12-12 00:11:42.626 66573 INFO tempest.lib.common.rest_client [req-4ce40252-4061-4490-9ad4-4e5b005240c1 req-4ce40252-4061-4490-9ad4-4e5b005240c1 ] Request (ListServerFiltersTestJSON:tearDownClass): 204 DELETE http://10.180.1.21/compute/v2.1/servers/98334a1b-1a73-408f-93a4-6dc72764ebfc 0.092s
2024-12-12 00:11:42.657 66581 INFO tempest.lib.common.rest_client [req-5b09f0e7-9c5c-436a-a388-e68fca0d1837 req-5b09f0e7-9c5c-436a-a388-e68fca0d1837 ] Request (ServersAdminNegativeTestJSON:tearDownClass): 200 GET http://10.180.1.21/compute/v2.1/servers/9a7bfafe-8598-4c6f-9714-0567fcbb8ea6 0.073s
2024-12-12 00:11:42.712 66577 INFO tempest.lib.common.rest_client [req-df751fe8-364a-4d24-9790-680fd5fa1ddb req-df751fe8-364a-4d24-9790-680fd5fa1ddb ] Request (ImagesMetadataTestJSON:setUpClass): 201 POST http://10.180.1.21/identity/v3/auth/tokens 0.087s
2024-12-12 00:11:42.753 66594 INFO tempest.lib.common.rest_client [req-cce3b322-80bd-4475-9857-f75e0e93bed9 req-cce3b322-80bd-4475-9857-f75e0e93bed9 ] Request (InstanceActionsV221TestJSON:test_get_list_deleted_instance_actions): 200 GET http://10.180.1.21/compute/v2.1/servers/f2240974-0fa4-4f59-ae0c-b9da52f9600e 0.073s
2024-12-12 00:11:42.779 66573 INFO tempest.lib.common.rest_client [req-41907a35-2dc8-4d42-a1c7-26e09b4f3c77 req-41907a35-2dc8-4d42-a1c7-26e09b4f3c77 ] Request (ListServerFiltersTestJSON:tearDownClass): 200 GET http://10.180.1.21/compute/v2.1/servers/98334a1b-1a73-408f-93a4-6dc72764ebfc 0.153s
2024-12-12 00:11:42.802 66549 INFO tempest.lib.common.rest_client [req-675be6b9-dc63-4ff2-972c-8a14b2ef20bb req-675be6b9-dc63-4ff2-972c-8a14b2ef20bb ] Request (ImagesTestJSON:test_create_image_from_suspended_server): 200 GET http://10.180.1.21/compute/v2.1/servers/f99e55bd-1e99-4e41-9dd7-fc12b75f4f6b 0.092s
2024-12-12 00:11:42.834 66591 INFO tempest.lib.common.rest_client [req-ecf61f30-3bdc-4755-8910-63a2953ae4c2 req-ecf61f30-3bdc-4755-8910-63a2953ae4c2 ] Request (ServersWithSpecificFlavorTestJSON:test_verify_created_server_ephemeral_disk): 200 GET http://10.180.1.21/compute/v2.1/servers/7a92bac8-9cee-41ed-81e3-08b48432fe7c 0.070s
2024-12-12 00:11:42.890 66547 INFO tempest.lib.common.rest_client [req-dcd8331f-73f6-4d8e-be44-42c414ace5d9 req-dcd8331f-73f6-4d8e-be44-42c414ace5d9 ] Request (ServersAdminTestJSON:test_inject_network_info): 200 GET http://10.180.1.21/compute/v2.1/servers/61f05e69-5e90-47da-9f47-3651b580a23c 0.076s
2024-12-12 00:11:42.913 66575 INFO tempest.lib.common.rest_client [req-d65ff229-3b11-4b97-b41f-d49a45afbf73 req-d65ff229-3b11-4b97-b41f-d49a45afbf73 ] Request (ServerRescueNegativeTestJSON:setUpClass): 200 GET http://10.180.1.21/compute/v2.1/servers/2f589dc1-9244-475f-86d0-4b69b511508b 0.132s
2024-12-12 00:11:42.938 66599 INFO tempest.lib.common.rest_client [req-8273cd09-905b-41dc-ba72-29c921152504 req-8273cd09-905b-41dc-ba72-29c921152504 ] Request (ListImageFiltersTestJSON:setUpClass): 200 GET http://10.180.1.21/compute/v2.1/servers/06716b84-3761-40b0-b76a-0c6ebf0d6aa7 0.102s
2024-12-12 00:11:43.029 66579 INFO tempest.lib.common.rest_client [req-3abfb196-011c-4d1f-9e8e-ae24d0f200c2 req-3abfb196-011c-4d1f-9e8e-ae24d0f200c2 ] Request (ServerShowV254Test:test_rebuild_server): 200 GET http://10.180.1.21/compute/v2.1/servers/85e8da3c-d9d5-4569-b454-bcbb3d7a9bb5 0.060s
2024-12-12 00:11:43.079 66577 INFO tempest.lib.common.rest_client [req-11071b76-3e96-46b1-a98a-696b69f6ac1f req-11071b76-3e96-46b1-a98a-696b69f6ac1f ] Request (ImagesMetadataTestJSON:setUpClass): 201 POST http://10.180.1.21/image/v2/images 0.366s
2024-12-12 00:11:43.169 66585 INFO tempest.lib.common.rest_client [req-0c0f4c91-0158-4c11-9925-ae8d0a9aa725 req-0c0f4c91-0158-4c11-9925-ae8d0a9aa725 ] Request (AttachInterfacesV270Test:tearDownClass): 200 GET http://10.180.1.21/compute/v2.1/servers/cfae9bf8-012a-4286-b978-bba8a913bba2 0.074s
2024-12-12 00:11:43.185 66567 INFO tempest.lib.common.rest_client [req-2012f7ff-07af-42f4-99d7-467fff5def26 req-2012f7ff-07af-42f4-99d7-467fff5def26 ] Request (ImagesOneServerNegativeTestJSON:_run_cleanups): 200 GET http://10.180.1.21/compute/v2.1/servers/9dfb7d7f-6656-46fd-969e-c692db1ce507 0.062s
2024-12-12 00:11:43.284 66553 INFO tempest.lib.common.rest_client [req-0e70f793-63c1-418a-a464-ab44fbda9f9f req-0e70f793-63c1-418a-a464-ab44fbda9f9f ] Request (DeleteServersTestJSON:test_delete_active_server): 200 GET http://10.180.1.21/compute/v2.1/servers/d8c7d102-46e6-40fe-a864-a72590af4982 0.048s
2024-12-12 00:11:43.365 66565 INFO tempest.lib.common.rest_client [req-a215d812-c8c1-412b-baef-69c617586558 req-a215d812-c8c1-412b-baef-69c617586558 ] Request (MultipleCreateTestJSON:test_multiple_create_with_reservation_return): 200 GET http://10.180.1.21/compute/v2.1/servers/10f10329-9a7d-4e1b-8fb4-90350169e518 0.052s
