2024-12-12 00:09:43.270 66585 INFO tempest.lib.common.rest_client [req-197eaf2d-4019-4556-ae1d-7e7f975197f3 req-197eaf2d-4019-4556-ae1d-7e7f975197f3 ] Request (SecurityGroupsTestAdminJSON:_run_cleanups): 202 DELETE http://10.180.1.21/compute/v2.1/os-security-groups/a298b60c-bf74-49e9-be6d-944e74163f8f 0.884s
2024-12-12 00:09:43.272 66565 INFO tempest.lib.common.rest_client [req-0596238d-decc-429f-b3b7-5f5a12383f11 req-0596238d-decc-429f-b3b7-5f5a12383f11 ] Request (MultipleCreateTestJSON:setUpClass): 200 PUT http://10.180.1.21:9696/networking/v2.0/routers/9275bbc5-0bdd-424a-9eed-32663ef4d443/add_router_interface 2.359s
2024-12-12 00:09:43.273 66565 INFO tempest.lib.common.dynamic_creds [-] Created isolated network resources for: credentials: Credentials: {'domain_id': 'default', 'domain_name': 'Default', 'username': 'tempest-MultipleCreateTestJSON-201506034-project-member', 'project_domain_id': 'default', 'project_domain_name': 'Default', 'project_id': '8f95b8120cae4ff68fff82bf8e933c24', 'project_name': 'tempest-MultipleCreateTestJSON-201506034', 'tenant_id': '8f95b8120cae4ff68fff82bf8e933c24', 'tenant_name': 'tempest-MultipleCreateTestJSON-201506034', 'user_domain_id': 'default', 'user_domain_name': 'Default', 'user_id': '62d1b3275d194480ab34f8d437934dcb', 'system': None}, Network: {'id': '3a7138ad-f305-45b5-8c9a-79f27e75698d', 'name': 'tempest-MultipleCreateTestJSON-350116646-network', 'tenant_id': '8f95b8120cae4ff68fff82bf8e933c24', 'admin_state_up': True, 'mtu': 8950, 'status': 'ACTIVE', 'subnets': [], 'shared': False, 'project_id': '8f95b8120cae4ff68fff82bf8e933c24', 'port_security_enabled': True, 'router:external': False, 'provider:network_type': 'vlan', 'provider:physical_network': 'default', 'provider:segmentation_id': 875, 'availability_zone_hints': [], 'availability_zones': [], 'ipv4_address_scope': None, 'ipv6_address_scope': None, 'description': '', 'tags': [], 'created_at': '2024-12-12T00:09:38Z', 'updated_at': '2024-12-12T00:09:38Z', 'revision_number': 1}, Subnet: {'id': 'cb03ec92-9730-411c-9012-46c4fb74aec2', 'name': 'tempest-MultipleCreateTestJSON-350116646-subnet', 'tenant_id': '8f95b8120cae4ff68fff82bf8e933c24', 'network_id': '3a7138ad-f305-45b5-8c9a-79f27e75698d', 'ip_version': 4, 'subnetpool_id': None, 'enable_dhcp': True, 'ipv6_ra_mode': None, 'ipv6_address_mode': None, 'gateway_ip': '192.168.128.1', 'cidr': '192.168.128.0/28', 'allocation_pools': [{'start': '192.168.128.2', 'end': '192.168.128.14'}], 'host_routes': [], 'dns_nameservers': [], 'description': '', 'router:external': False, 'service_types': [], 'tags': [], 'created_at': '2024-12-12T00:09:39Z', 'updated_at': '2024-12-12T00:09:39Z', 'revision_number': 0, 'project_id': '8f95b8120cae4ff68fff82bf8e933c24'}, Router: {'id': '9275bbc5-0bdd-424a-9eed-32663ef4d443', 'name': 'tempest-MultipleCreateTestJSON-350116646-router', 'tenant_id': '8f95b8120cae4ff68fff82bf8e933c24', 'admin_state_up': True, 'status': 'ACTIVE', 'external_gateway_info': {'network_id': '97501185-f222-495f-bcd2-08b561f0f514', 'external_fixed_ips': [{'subnet_id': '7224b45e-e2c4-4054-b75b-2a3853b158c9', 'ip_address': '10.180.180.180'}], 'enable_snat': True}, 'description': '', 'availability_zones': [], 'distributed': False, 'ha': False, 'availability_zone_hints': [], 'routes': [], 'flavor_id': None, 'tags': [], 'created_at': '2024-12-12T00:09:39Z', 'updated_at': '2024-12-12T00:09:40Z', 'revision_number': 2, 'project_id': '8f95b8120cae4ff68fff82bf8e933c24'}
2024-12-12 00:09:43.278 66551 INFO tempest.lib.common.rest_client [req-ded5f0c0-e86d-4030-a20e-9b9c4557f62b req-ded5f0c0-e86d-4030-a20e-9b9c4557f62b ] Request (ImagesNegativeTestJSON:setUpClass): 201 POST http://10.180.1.21/identity/v3/users 0.098s
2024-12-12 00:09:43.287 66571 INFO tempest.lib.common.rest_client [req-34d8890d-bfc7-4b91-9538-f4c08cf3a055 req-34d8890d-bfc7-4b91-9538-f4c08cf3a055 ] Request (ServerTagsTestJSON:setUpClass): 201 POST http://10.180.1.21/identity/v3/projects 0.041s
2024-12-12 00:09:43.307 66594 INFO tempest.lib.common.rest_client [req-8784cb79-5de1-4354-a366-8b4c85ec03b0 req-8784cb79-5de1-4354-a366-8b4c85ec03b0 ] Request (SecurityGroupRulesTestJSON:tearDownClass): 202 DELETE http://10.180.1.21/compute/v2.1/os-security-groups/9d3d4183-7798-4e0b-8b6b-54098ecbdaec 0.820s
2024-12-12 00:09:43.353 66551 INFO tempest.lib.common.rest_client [req-9d55923d-432b-4e63-bca8-d52f4d13049a req-9d55923d-432b-4e63-bca8-d52f4d13049a ] Request (ImagesNegativeTestJSON:setUpClass): 200 GET http://10.180.1.21/identity/v3/roles 0.075s
2024-12-12 00:09:43.414 66577 INFO tempest.lib.common.rest_client [req-8ed11365-5de0-461d-bc16-a79656d2d99b req-8ed11365-5de0-461d-bc16-a79656d2d99b ] Request (FloatingIPsAssociationTestJSON:test_associate_already_associated_floating_ip): 200 GET http://10.180.1.21/compute/v2.1/servers/b6bdc187-a266-4f7d-a9e4-85cb100cf4bf 0.916s
2024-12-12 00:09:43.434 66563 INFO tempest.lib.common.rest_client [req-57394db9-bff8-4452-b604-cbcd4757b15d req-57394db9-bff8-4452-b604-cbcd4757b15d ] Request (KeyPairsV22TestJSON:_run_cleanups): 204 DELETE http://10.180.1.21/compute/v2.1/os-keypairs/tempest-KeyPairsV22TestJSON-keypair-1359783374 0.927s
2024-12-12 00:09:43.453 66555 INFO tempest.lib.common.rest_client [req-8a4451cc-4fe4-4306-bd26-c97d2b6cb6a1 req-8a4451cc-4fe4-4306-bd26-c97d2b6cb6a1 ] Request (FlavorsAccessNegativeTestJSON:test_remove_flavor_access_not_found): 200 POST http://10.180.1.21/compute/v2.1/flavors 0.921s
2024-12-12 00:09:43.464 66565 INFO tempest.lib.common.rest_client [req-bf99b5a9-6281-4eb2-bb6b-b2258dfd8c6f req-bf99b5a9-6281-4eb2-bb6b-b2258dfd8c6f ] Request (MultipleCreateTestJSON:setUpClass): 201 POST http://10.180.1.21/identity/v3/auth/tokens 0.181s
2024-12-12 00:09:43.469 66597 INFO tempest.lib.common.rest_client [req-8b1d0f8e-7822-4328-9175-11bb6c88592d req-8b1d0f8e-7822-4328-9175-11bb6c88592d ] Request (FlavorsAdminTestJSON:test_create_server_with_non_public_flavor): 200 POST http://10.180.1.21/compute/v2.1/flavors 0.927s
2024-12-12 00:09:43.489 66567 INFO tempest.lib.common.rest_client [req-2eec699b-046d-4d04-b151-729482399e4c req-2eec699b-046d-4d04-b151-729482399e4c ] Request (ServicesAdminNegativeTestJSON:test_list_services_with_non_admin_user): 403 GET http://10.180.1.21/compute/v2.1/os-services 1.002s
2024-12-12 00:09:43.508 66557 INFO tempest.lib.common.rest_client [req-98f5aa07-6617-41af-ab60-4de1be22974a req-98f5aa07-6617-41af-ab60-4de1be22974a ] Request (AggregatesAdminNegativeTestJSON:test_aggregate_delete_with_invalid_id): 404 DELETE http://10.180.1.21/compute/v2.1/os-aggregates/-1 0.853s
2024-12-12 00:09:43.509 66571 INFO tempest.lib.common.rest_client [req-03fdbef7-b267-4cec-861b-3409bb64ec38 req-03fdbef7-b267-4cec-861b-3409bb64ec38 ] Request (ServerTagsTestJSON:setUpClass): 201 POST http://10.180.1.21/identity/v3/users 0.222s
2024-12-12 00:09:43.537 66551 INFO tempest.lib.common.rest_client [req-571d4600-46ba-4f7a-a0d4-9a07570c191c req-571d4600-46ba-4f7a-a0d4-9a07570c191c ] Request (ImagesNegativeTestJSON:setUpClass): 204 PUT http://10.180.1.21/identity/v3/projects/10ccf8b9c79d4833b636182bd8406921/users/7f11db7435d34e32bb68fb1eed112ec1/roles/1c56ce6e3f204ed28d22ade9103b0462 0.181s
2024-12-12 00:09:43.539 66551 INFO tempest.lib.common.dynamic_creds [-] Dynamic test user 7f11db7435d34e32bb68fb1eed112ec1 is created with scope project and roles: ['member']
2024-12-12 00:09:43.539 66551 INFO tempest.lib.common.dynamic_creds [-] Acquired dynamic creds: credentials: Credentials: {'domain_id': 'default', 'domain_name': 'Default', 'username': 'tempest-ImagesNegativeTestJSON-497998007-project-member', 'project_domain_id': 'default', 'project_domain_name': 'Default', 'project_id': '10ccf8b9c79d4833b636182bd8406921', 'project_name': 'tempest-ImagesNegativeTestJSON-497998007', 'tenant_id': '10ccf8b9c79d4833b636182bd8406921', 'tenant_name': 'tempest-ImagesNegativeTestJSON-497998007', 'user_domain_id': 'default', 'user_domain_name': 'Default', 'user_id': '7f11db7435d34e32bb68fb1eed112ec1', 'system': None}, Network: None, Subnet: None, Router: None
2024-12-12 00:09:43.560 66587 INFO tempest.lib.common.rest_client [req-02dfdb12-2206-422e-9832-39f814588154 req-02dfdb12-2206-422e-9832-39f814588154 ] Request (ServerDiagnosticsNegativeTest:tearDownClass): 200 GET http://10.180.1.21/compute/v2.1/servers/5bffec39-0b09-49a0-a862-560720db45cd 0.976s
2024-12-12 00:09:43.576 66589 INFO tempest.lib.common.rest_client [req-2f0a8809-4acb-4f26-86ce-b1ff90b34b04 req-2f0a8809-4acb-4f26-86ce-b1ff90b34b04 ] Request (FlavorsV2TestJSON:test_list_flavors_with_detail): 200 GET http://10.180.1.21/compute/v2.1/flavors/detail 0.875s
2024-12-12 00:09:43.593 66559 INFO tempest.lib.common.rest_client [req-d5f4bb95-d383-4dc8-b8a6-e071dca2f555 req-d5f4bb95-d383-4dc8-b8a6-e071dca2f555 ] Request (QuotaClassesAdmin257Test:test_update_default_quotas): 200 GET http://10.180.1.21/compute/v2.1/os-quota-class-sets/default 0.853s
2024-12-12 00:09:43.616 66565 INFO tempest.lib.common.rest_client [req-1d6237e4-1918-4560-9b6e-0c7756ce85cc req-1d6237e4-1918-4560-9b6e-0c7756ce85cc ] Request (MultipleCreateTestJSON:test_multiple_create): 201 POST http://10.180.1.21/identity/v3/auth/tokens 0.144s
2024-12-12 00:09:43.616 66565 INFO tempest.lib.common.fixed_network [-] (MultipleCreateTestJSON:test_multiple_create) Found network {'id': '3a7138ad-f305-45b5-8c9a-79f27e75698d', 'name': 'tempest-MultipleCreateTestJSON-350116646-network', 'tenant_id': '8f95b8120cae4ff68fff82bf8e933c24', 'admin_state_up': True, 'mtu': 8950, 'status': 'ACTIVE', 'subnets': [], 'shared': False, 'project_id': '8f95b8120cae4ff68fff82bf8e933c24', 'port_security_enabled': True, 'router:external': False, 'provider:network_type': 'vlan', 'provider:physical_network': 'default', 'provider:segmentation_id': 875, 'availability_zone_hints': [], 'availability_zones': [], 'ipv4_address_scope': None, 'ipv6_address_scope': None, 'description': '', 'tags': [], 'created_at': '2024-12-12T00:09:38Z', 'updated_at': '2024-12-12T00:09:38Z', 'revision_number': 1} available for tenant
2024-12-12 00:09:43.670 66581 INFO tempest.lib.common.rest_client [req-6e4c379b-3c6c-457d-947c-2528fd178553 req-6e4c379b-3c6c-457d-947c-2528fd178553 ] Request (ServersAdminNegativeTestJSON:test_migrate_server_invalid_state): 200 GET http://10.180.1.21/compute/v2.1/servers/d38bbd59-b40c-4965-b823-caefc93e2568 0.914s
2024-12-12 00:09:43.679 66571 INFO tempest.lib.common.rest_client [req-959945a1-a24c-4573-b1c0-f6fc09749f28 req-959945a1-a24c-4573-b1c0-f6fc09749f28 ] Request (ServerTagsTestJSON:setUpClass): 200 GET http://10.180.1.21/identity/v3/roles 0.169s
2024-12-12 00:09:43.687 66573 INFO tempest.lib.common.rest_client [req-fa413990-8c06-4ac1-82df-7c2ed909977c req-fa413990-8c06-4ac1-82df-7c2ed909977c ] Request (ListServerFiltersTestJSON:setUpClass): 200 GET http://10.180.1.21/compute/v2.1/servers/82ea280a-4e1b-4fac-a634-7f79ce731564 1.030s
2024-12-12 00:09:43.691 66575 INFO tempest.lib.common.rest_client [req-21a3cb2d-3fb8-4d1c-8daa-148aec756969 req-21a3cb2d-3fb8-4d1c-8daa-148aec756969 ] Request (KeyPairsV210TestJSON:tearDownClass): 200 GET http://10.180.1.21:9696/networking/v2.0/security-groups?tenant_id=ae861522c9bd4b379f67e7ae0e2e19a5&name=default 0.542s
2024-12-12 00:09:43.721 66567 INFO tempest.lib.common.rest_client [req-0cee1900-c839-4a6e-9e35-3407c49e9e37 req-0cee1900-c839-4a6e-9e35-3407c49e9e37 ] Request (ServicesAdminNegativeTestJSON:tearDownClass): 204 DELETE http://10.180.1.21/identity/v3/users/5af1b4f4b4af46ceb1df93bb3bb3f2da 0.230s
2024-12-12 00:09:43.741 66551 INFO tempest.lib.common.rest_client [req-819553e5-ea53-4042-a46b-54a4dd33c5a1 req-819553e5-ea53-4042-a46b-54a4dd33c5a1 ] Request (ImagesNegativeTestJSON:setUpClass): 201 POST http://10.180.1.21/identity/v3/auth/tokens 0.201s
2024-12-12 00:09:43.775 66553 INFO tempest.lib.common.rest_client [req-ab670ab4-8e30-4450-8a1f-aee78ebd49a8 req-ab670ab4-8e30-4450-8a1f-aee78ebd49a8 ] Request (ImagesOneServerTestJSON:setUpClass): 200 GET http://10.180.1.21/compute/v2.1/servers/35a2e221-e1c5-49d9-af93-5e5f28c62b8f 0.792s
2024-12-12 00:09:43.783 66571 INFO tempest.lib.common.rest_client [req-9b4dd134-b4cb-4849-8819-55212a5b4a7f req-9b4dd134-b4cb-4849-8819-55212a5b4a7f ] Request (ServerTagsTestJSON:setUpClass): 204 PUT http://10.180.1.21/identity/v3/projects/5151f26885ad4289a37a8d1ee35d5b7c/users/a25fb102ce7045dd9766a80cac4f30b1/roles/1c56ce6e3f204ed28d22ade9103b0462 0.103s
2024-12-12 00:09:43.783 66571 INFO tempest.lib.common.dynamic_creds [-] Dynamic test user a25fb102ce7045dd9766a80cac4f30b1 is created with scope project and roles: ['member']
2024-12-12 00:09:43.783 66571 INFO tempest.lib.common.dynamic_creds [-] Acquired dynamic creds: credentials: Credentials: {'domain_id': 'default', 'domain_name': 'Default', 'username': 'tempest-ServerTagsTestJSON-1878572358-project-member', 'project_domain_id': 'default', 'project_domain_name': 'Default', 'project_id': '5151f26885ad4289a37a8d1ee35d5b7c', 'project_name': 'tempest-ServerTagsTestJSON-1878572358', 'tenant_id': '5151f26885ad4289a37a8d1ee35d5b7c', 'tenant_name': 'tempest-ServerTagsTestJSON-1878572358', 'user_domain_id': 'default', 'user_domain_name': 'Default', 'user_id': 'a25fb102ce7045dd9766a80cac4f30b1', 'system': None}, Network: None, Subnet: None, Router: None
2024-12-12 00:09:43.834 66567 INFO tempest.lib.common.rest_client [req-83b3af5b-bf00-4dc5-b017-403aee8ab116 req-83b3af5b-bf00-4dc5-b017-403aee8ab116 ] Request (ServicesAdminNegativeTestJSON:tearDownClass): 204 DELETE http://10.180.1.21/identity/v3/users/7ef86c7002a644cf9ed87b61bd3d8550 0.113s
2024-12-12 00:09:43.835 66567 INFO tempest.lib.common.dynamic_creds [-] Deleting project and security group for project: c7931a4946844fd79f5b39b2f28df50e
2024-12-12 00:09:43.895 66571 INFO tempest.lib.common.rest_client [req-7608c5c9-a052-44d4-a576-e8e91dafe382 req-7608c5c9-a052-44d4-a576-e8e91dafe382 ] Request (ServerTagsTestJSON:setUpClass): 201 POST http://10.180.1.21/identity/v3/auth/tokens 0.111s
2024-12-12 00:09:43.899 66575 INFO tempest.lib.common.rest_client [req-bf38ada9-78f7-4b20-a095-1d0c4a92e61d req-bf38ada9-78f7-4b20-a095-1d0c4a92e61d ] Request (KeyPairsV210TestJSON:tearDownClass): 204 DELETE http://10.180.1.21:9696/networking/v2.0/security-groups/6b7e567c-c187-4c42-9f5c-014ab1ad8998 0.207s
2024-12-12 00:09:43.907 66567 INFO tempest.lib.common.rest_client [req-12400799-0071-4247-bad7-78924dcfab4a req-12400799-0071-4247-bad7-78924dcfab4a ] Request (ServicesAdminNegativeTestJSON:tearDownClass): 201 POST http://10.180.1.21/identity/v3/auth/tokens 0.072s
2024-12-12 00:09:43.928 66549 INFO tempest.lib.common.rest_client [req-1b46e479-fdf4-4055-a528-032a328038f3 req-1b46e479-fdf4-4055-a528-032a328038f3 ] Request (ImagesTestJSON:setUpClass): 201 POST http://10.180.1.21:9696/networking/v2.0/routers 1.578s
2024-12-12 00:09:43.940 66607 INFO tempest.lib.common.rest_client [req-1d6fea5b-25a5-4735-a49f-7897341ffe1d req-1d6fea5b-25a5-4735-a49f-7897341ffe1d ] Request (ServerAddressesTestJSON:setUpClass): 200 GET http://10.180.1.21/compute/v2.1/servers/8c6e22d6-353f-4be5-8400-7fe38a9bee25 0.874s
2024-12-12 00:09:43.956 66591 INFO tempest.lib.common.rest_client [req-c601a684-6d49-466a-9252-40d0c197c9fc req-c601a684-6d49-466a-9252-40d0c197c9fc ] Request (ServersWithSpecificFlavorTestJSON:test_verify_created_server_ephemeral_disk): 200 GET http://10.180.1.21/compute/v2.1/servers/aa639aa3-d21c-4923-bc39-56e648c566fb 1.114s
2024-12-12 00:09:43.966 66591 INFO tempest.common.waiters [-] State transition "BUILD/networking" ==> "BUILD/spawning" after 10 second wait
2024-12-12 00:09:43.980 66575 INFO tempest.lib.common.rest_client [req-d21e9708-fcb3-4ef9-905e-7b0e62d13e27 req-d21e9708-fcb3-4ef9-905e-7b0e62d13e27 ] Request (KeyPairsV210TestJSON:tearDownClass): 204 DELETE http://10.180.1.21/identity/v3/projects/ae861522c9bd4b379f67e7ae0e2e19a5 0.080s
2024-12-12 00:09:43.981 66575 INFO tempest.lib.common.dynamic_creds [-] Deleting project and security group for project: 6feea9f24a994137b4116fa5aab82582
2024-12-12 00:09:44.164 66569 INFO tempest.lib.common.rest_client [req-b2a3b5d6-39f7-4d12-87fe-494598630245 req-b2a3b5d6-39f7-4d12-87fe-494598630245 ] Request (ServersTestBootFromVolume:setUpClass): 200 GET http://10.180.1.21/volume/v3/volumes/ea89af57-65c0-4ea1-9faf-5585daa59ceb 0.027s
2024-12-12 00:09:44.164 66605 INFO tempest.lib.common.rest_client [req-3c36b1c8-6575-4df6-9c23-c9a5610d3afb req-3c36b1c8-6575-4df6-9c23-c9a5610d3afb ] Request (VolumesTestJSON:setUpClass): 200 GET http://10.180.1.21/volume/v3/volumes/824d5995-0dea-4690-ac34-d068333c4c2f 0.035s
2024-12-12 00:09:44.169 66605 INFO tempest.common.waiters [-] volume 824d5995-0dea-4690-ac34-d068333c4c2f reached available after waiting for 1.169935 seconds
2024-12-12 00:09:44.183 66585 INFO tempest.lib.common.rest_client [req-8e944933-c25b-45a8-9066-05b342c55bac req-8e944933-c25b-45a8-9066-05b342c55bac ] Request (SecurityGroupsTestAdminJSON:_run_cleanups): 202 DELETE http://10.180.1.21/compute/v2.1/os-security-groups/2b75fd31-190e-43e2-9311-d5dcd6bb1850 0.912s
2024-12-12 00:09:44.218 66594 INFO tempest.lib.common.rest_client [req-bedffc7f-ba37-4ba2-971a-9f6ad09958c9 req-bedffc7f-ba37-4ba2-971a-9f6ad09958c9 ] Request (SecurityGroupRulesTestJSON:tearDownClass): 202 DELETE http://10.180.1.21/compute/v2.1/os-security-groups/5e770be1-aad8-4be2-a3b5-c90c140e60f7 0.910s
2024-12-12 00:09:44.237 66563 INFO tempest.lib.common.rest_client [req-f06f8b93-6b83-45bc-b234-0d4b2cbb3c8c req-f06f8b93-6b83-45bc-b234-0d4b2cbb3c8c ] Request (KeyPairsV22TestJSON:_run_cleanups): 204 DELETE http://10.180.1.21/compute/v2.1/os-keypairs/tempest-KeyPairsV22TestJSON-keypair-1198006737 0.803s
2024-12-12 00:09:44.246 66551 INFO tempest.lib.common.rest_client [req-8ff70473-2410-4d80-bea0-152f55ca6efb req-8ff70473-2410-4d80-bea0-152f55ca6efb ] Request (ImagesNegativeTestJSON:setUpClass): 201 POST http://10.180.1.21:9696/networking/v2.0/networks 0.504s
2024-12-12 00:09:44.247 66599 INFO tempest.lib.common.rest_client [req-1902e5c2-25b3-4c04-8580-5a340ff2bb15 req-1902e5c2-25b3-4c04-8580-5a340ff2bb15 ] Request (ServersAdmin275Test:test_rebuild_update_server_275): 200 GET http://10.180.1.21/compute/v2.1/servers/f4cf1732-6b6a-47be-acf4-b127bc4b9baf 0.924s
2024-12-12 00:09:44.254 66585 INFO tempest.lib.common.rest_client [req-2af1e676-8166-4d92-be48-b9563049cb3f req-2af1e676-8166-4d92-be48-b9563049cb3f ] Request (SecurityGroupsTestAdminJSON:tearDownClass): 204 DELETE http://10.180.1.21/identity/v3/users/1533938e6455443cae192a0e6dc19d5c 0.069s
2024-12-12 00:09:44.313 66579 INFO tempest.lib.common.rest_client [req-ac14c472-a721-453d-9037-93606920948c req-ac14c472-a721-453d-9037-93606920948c ] Request (ServerDiagnosticsV248Test:test_get_server_diagnostics): 200 GET http://10.180.1.21/compute/v2.1/servers/30fbab3d-8141-4d7e-987f-e4f4fc4a1808 0.848s
2024-12-12 00:09:44.330 66597 INFO tempest.lib.common.rest_client [req-9bd03e5c-9896-4bc5-8580-28b65a6bb7f7 req-9bd03e5c-9896-4bc5-8580-28b65a6bb7f7 ] Request (FlavorsAdminTestJSON:test_create_server_with_non_public_flavor): 400 POST http://10.180.1.21/compute/v2.1/servers 0.857s
2024-12-12 00:09:44.364 66585 INFO tempest.lib.common.rest_client [req-9143894d-4c00-4428-a69b-73de2334ac3c req-9143894d-4c00-4428-a69b-73de2334ac3c ] Request (SecurityGroupsTestAdminJSON:tearDownClass): 204 DELETE http://10.180.1.21/identity/v3/users/52eb1549fbf34161bbc66088ee421e2b 0.109s
2024-12-12 00:09:44.364 66585 INFO tempest.lib.common.dynamic_creds [-] Deleting project and security group for project: 5dd8315153714f09a516d3c4bae00e2f
2024-12-12 00:09:44.365 66557 INFO tempest.lib.common.rest_client [req-4f73a595-c5fe-47bd-bac1-867dadd1c970 req-4f73a595-c5fe-47bd-bac1-867dadd1c970 ] Request (AggregatesAdminNegativeTestJSON:test_aggregate_get_details_as_user): 200 POST http://10.180.1.21/compute/v2.1/os-aggregates 0.855s
2024-12-12 00:09:44.378 66589 INFO tempest.lib.common.rest_client [req-ab1f3da9-55ef-4131-a69e-3d5a71bd177f req-ab1f3da9-55ef-4131-a69e-3d5a71bd177f ] Request (FlavorsV2TestJSON:test_list_flavors_with_detail): 200 GET http://10.180.1.21/compute/v2.1/flavors/42 0.792s
2024-12-12 00:09:44.426 66559 INFO tempest.lib.common.rest_client [req-cfc2f6d9-2b6d-4907-ac0e-558ddedaec50 req-cfc2f6d9-2b6d-4907-ac0e-558ddedaec50 ] Request (QuotaClassesAdmin257Test:_run_cleanups): 200 PUT http://10.180.1.21/compute/v2.1/os-quota-class-sets/default 0.830s
2024-12-12 00:09:44.430 66585 INFO tempest.lib.common.rest_client [req-f2a5b36d-d737-424b-9566-76d939cdd053 req-f2a5b36d-d737-424b-9566-76d939cdd053 ] Request (SecurityGroupsTestAdminJSON:tearDownClass): 201 POST http://10.180.1.21/identity/v3/auth/tokens 0.066s
2024-12-12 00:09:44.442 66555 INFO tempest.lib.common.rest_client [req-95057a65-e45f-4105-92b3-c44cccc6687f req-95057a65-e45f-4105-92b3-c44cccc6687f ] Request (FlavorsAccessNegativeTestJSON:test_remove_flavor_access_not_found): 404 POST http://10.180.1.21/compute/v2.1/flavors/1056139806/action 0.986s
2024-12-12 00:09:44.449 66551 INFO tempest.lib.common.rest_client [req-77d2dbdd-aeda-4f90-9317-9bcb6b98ca9d req-77d2dbdd-aeda-4f90-9317-9bcb6b98ca9d ] Request (ImagesNegativeTestJSON:setUpClass): 201 POST http://10.180.1.21:9696/networking/v2.0/subnets 0.202s
2024-12-12 00:09:44.514 66589 INFO tempest.lib.common.rest_client [req-49cb2edd-4ede-4957-a175-dae54bb78292 req-49cb2edd-4ede-4957-a175-dae54bb78292 ] Request (FlavorsV2TestJSON:tearDownClass): 204 DELETE http://10.180.1.21/identity/v3/users/95af0ce5e9de40a998934f72b419a940 0.130s
2024-12-12 00:09:44.514 66589 INFO tempest.lib.common.dynamic_creds [-] Deleting project and security group for project: 34853f8895c24b6bb01f16a707c7b8e8
2024-12-12 00:09:44.528 66595 INFO tempest.lib.common.rest_client [req-6538a14e-d1a2-4549-970f-0f8d2d69682a req-6538a14e-d1a2-4549-970f-0f8d2d69682a ] Request (ServerShowV247Test:test_update_rebuild_list_server): 200 GET http://10.180.1.21/compute/v2.1/servers/8b41bff7-137f-489c-bb88-7487eb8e97cb 0.899s
2024-12-12 00:09:44.608 66547 INFO tempest.lib.common.rest_client [req-28b1e9c3-5813-4fee-af46-c8bd04c4e85c req-28b1e9c3-5813-4fee-af46-c8bd04c4e85c ] Request (ServersAdminTestJSON:setUpClass): 200 GET http://10.180.1.21/compute/v2.1/servers/f93669f2-c59d-4f3f-85a2-a60d714326ac 0.792s
2024-12-12 00:09:44.617 66547 INFO tempest.common.waiters [-] State transition "BUILD/None" ==> "BUILD/networking" after 9 second wait
2024-12-12 00:09:44.635 66575 INFO tempest.lib.common.rest_client [req-3a4225ae-a468-4fea-96e6-70276fce0a5f req-3a4225ae-a468-4fea-96e6-70276fce0a5f ] Request (KeyPairsV210TestJSON:tearDownClass): 200 GET http://10.180.1.21:9696/networking/v2.0/security-groups?tenant_id=6feea9f24a994137b4116fa5aab82582&name=default 0.654s
2024-12-12 00:09:44.651 66567 INFO tempest.lib.common.rest_client [req-9e408a73-5d35-4a94-aa88-8a67ad35d8df req-9e408a73-5d35-4a94-aa88-8a67ad35d8df ] Request (ServicesAdminNegativeTestJSON:tearDownClass): 200 GET http://10.180.1.21:9696/networking/v2.0/security-groups?tenant_id=c7931a4946844fd79f5b39b2f28df50e&name=default 0.743s
2024-12-12 00:09:44.659 66589 INFO tempest.lib.common.rest_client [req-fc0614d7-1336-4565-afa6-2dd5586dd045 req-fc0614d7-1336-4565-afa6-2dd5586dd045 ] Request (FlavorsV2TestJSON:tearDownClass): 201 POST http://10.180.1.21/identity/v3/auth/tokens 0.144s
2024-12-12 00:09:44.659 66605 INFO tempest.lib.common.rest_client [req-af0f8fcf-e790-4e4f-81d1-86052730927c req-af0f8fcf-e790-4e4f-81d1-86052730927c ] Request (VolumesTestJSON:setUpClass): 200 GET http://10.180.1.21/compute/v2.1/os-volumes/824d5995-0dea-4690-ac34-d068333c4c2f 0.489s
2024-12-12 00:09:44.738 66559 INFO tempest.lib.common.rest_client [req-208a0770-1767-43e9-8ae5-b75bb2489d1c req-208a0770-1767-43e9-8ae5-b75bb2489d1c ] Request (QuotaClassesAdmin257Test:tearDownClass): 204 DELETE http://10.180.1.21/identity/v3/users/f602c23249624a68afab91c9084d69f8 0.249s
2024-12-12 00:09:44.775 66585 INFO tempest.lib.common.rest_client [req-1dd05b58-9087-48d9-8a7f-9b8cfbf5a35b req-1dd05b58-9087-48d9-8a7f-9b8cfbf5a35b ] Request (SecurityGroupsTestAdminJSON:tearDownClass): 200 GET http://10.180.1.21:9696/networking/v2.0/security-groups?tenant_id=5dd8315153714f09a516d3c4bae00e2f&name=default 0.345s
2024-12-12 00:09:44.815 66605 INFO tempest.lib.common.rest_client [req-4f6e26e5-eb52-43ba-9f84-7a7ba801e902 req-4f6e26e5-eb52-43ba-9f84-7a7ba801e902 ] Request (VolumesTestJSON:setUpClass): 202 POST http://10.180.1.21/volume/v3/volumes 0.152s
2024-12-12 00:09:44.851 66605 INFO tempest.lib.common.rest_client [req-87ab0fa5-08d6-4806-a5d7-d1f49e26d9ec req-87ab0fa5-08d6-4806-a5d7-d1f49e26d9ec ] Request (VolumesTestJSON:setUpClass): 200 GET http://10.180.1.21/volume/v3/volumes/fdf62152-034b-463e-8cd7-e9481dc73b37 0.031s
2024-12-12 00:09:44.851 66559 INFO tempest.lib.common.rest_client [req-4497f1fe-738d-4bd2-80c2-dce4232682b9 req-4497f1fe-738d-4bd2-80c2-dce4232682b9 ] Request (QuotaClassesAdmin257Test:tearDownClass): 204 DELETE http://10.180.1.21/identity/v3/users/d0855ff3edaa44e691f4bceb32a43cf5 0.113s
2024-12-12 00:09:44.852 66559 INFO tempest.lib.common.dynamic_creds [-] Deleting project and security group for project: 3dc20cb22d804d099b6e33402bcca0a6
2024-12-12 00:09:44.926 66559 INFO tempest.lib.common.rest_client [req-c4ce4aae-f68e-4526-986d-c8e959b2a12e req-c4ce4aae-f68e-4526-986d-c8e959b2a12e ] Request (QuotaClassesAdmin257Test:tearDownClass): 201 POST http://10.180.1.21/identity/v3/auth/tokens 0.074s
2024-12-12 00:09:45.108 66571 INFO tempest.lib.common.rest_client [req-0569132e-8e11-4019-aceb-c2ab61f6f98e req-0569132e-8e11-4019-aceb-c2ab61f6f98e ] Request (ServerTagsTestJSON:setUpClass): 201 POST http://10.180.1.21:9696/networking/v2.0/networks 1.213s
2024-12-12 00:09:45.172 66561 WARNING tempest.lib.common.ssh [-] Failed to establish authenticated ssh connection to cirros@10.180.180.194 ([Errno None] Unable to connect to port 22 on 10.180.180.194). Number attempts: 1. Retry after 2 seconds.: paramiko.ssh_exception.NoValidConnectionsError: [Errno None] Unable to connect to port 22 on 10.180.180.194
2024-12-12 00:09:45.195 66575 INFO tempest.lib.common.rest_client [req-56072310-3de4-48ba-855f-d7810bb81317 req-56072310-3de4-48ba-855f-d7810bb81317 ] Request (KeyPairsV210TestJSON:tearDownClass): 204 DELETE http://10.180.1.21:9696/networking/v2.0/security-groups/3e163141-dfea-4596-abbb-1a1768b83f9a 0.559s
2024-12-12 00:09:45.207 66569 INFO tempest.lib.common.rest_client [req-245dcaff-03f4-4a85-ab3b-68d05804ad32 req-245dcaff-03f4-4a85-ab3b-68d05804ad32 ] Request (ServersTestBootFromVolume:setUpClass): 200 GET http://10.180.1.21/volume/v3/volumes/ea89af57-65c0-4ea1-9faf-5585daa59ceb 0.036s
2024-12-12 00:09:45.219 66589 INFO tempest.lib.common.rest_client [req-9503f557-d96d-41e0-b5cb-d6209c76ca1f req-9503f557-d96d-41e0-b5cb-d6209c76ca1f ] Request (FlavorsV2TestJSON:tearDownClass): 200 GET http://10.180.1.21:9696/networking/v2.0/security-groups?tenant_id=34853f8895c24b6bb01f16a707c7b8e8&name=default 0.559s
2024-12-12 00:09:45.224 66585 INFO tempest.lib.common.rest_client [req-b2ed2a51-d7c8-4d39-a461-b4274c72530d req-b2ed2a51-d7c8-4d39-a461-b4274c72530d ] Request (SecurityGroupsTestAdminJSON:tearDownClass): 204 DELETE http://10.180.1.21:9696/networking/v2.0/security-groups/c8c60dc5-2b09-4c08-a4ab-0cf96eba8b16 0.448s
2024-12-12 00:09:45.261 66567 INFO tempest.lib.common.rest_client [req-266edb77-a332-4a12-94e5-317d39d6fef0 req-266edb77-a332-4a12-94e5-317d39d6fef0 ] Request (ServicesAdminNegativeTestJSON:tearDownClass): 204 DELETE http://10.180.1.21:9696/networking/v2.0/security-groups/7bbd3f85-14c4-43b6-b6b1-a2ce755b77eb 0.610s
2024-12-12 00:09:45.289 66575 INFO tempest.lib.common.rest_client [req-8ff0feba-1aaa-4aaf-872c-ca208d993193 req-8ff0feba-1aaa-4aaf-872c-ca208d993193 ] Request (KeyPairsV210TestJSON:tearDownClass): 204 DELETE http://10.180.1.21/identity/v3/projects/6feea9f24a994137b4116fa5aab82582 0.092s
2024-12-12 00:09:45.299 66585 INFO tempest.lib.common.rest_client [req-f3300898-79f5-4a13-902f-cc95065be505 req-f3300898-79f5-4a13-902f-cc95065be505 ] Request (SecurityGroupsTestAdminJSON:tearDownClass): 204 DELETE http://10.180.1.21/identity/v3/projects/5dd8315153714f09a516d3c4bae00e2f 0.075s
2024-12-12 00:09:45.300 66585 INFO tempest.lib.common.dynamic_creds [-] Deleting project and security group for project: 25407229003a4889bd71a5f5538273e7
2024-12-12 00:09:45.318 66594 INFO tempest.lib.common.rest_client [req-59b25177-8345-4350-8f28-79e4a8f16193 req-59b25177-8345-4350-8f28-79e4a8f16193 ] Request (SecurityGroupRulesTestJSON:tearDownClass): 202 DELETE http://10.180.1.21/compute/v2.1/os-security-groups/9acfbe58-b572-4a6d-b6c8-5aee8003fa00 1.099s
2024-12-12 00:09:45.336 66563 INFO tempest.lib.common.rest_client [req-8c8d7c7f-d691-4ce0-860f-b6785f19a4eb req-8c8d7c7f-d691-4ce0-860f-b6785f19a4eb ] Request (KeyPairsV22TestJSON:_run_cleanups): 204 DELETE http://10.180.1.21/compute/v2.1/os-keypairs/tempest-KeyPairsV22TestJSON-keypair-1987014138 1.098s
2024-12-12 00:09:45.355 66597 INFO tempest.lib.common.rest_client [req-8393cc75-899c-44d0-abd0-b04e0395ef4d req-8393cc75-899c-44d0-abd0-b04e0395ef4d ] Request (FlavorsAdminTestJSON:_run_cleanups): 202 DELETE http://10.180.1.21/compute/v2.1/flavors/305187263 1.024s
2024-12-12 00:09:45.360 66557 INFO tempest.lib.common.rest_client [req-1f1c6d4a-d513-4235-aebf-0dfd2b2a8196 req-1f1c6d4a-d513-4235-aebf-0dfd2b2a8196 ] Request (AggregatesAdminNegativeTestJSON:test_aggregate_get_details_as_user): 403 GET http://10.180.1.21/compute/v2.1/os-aggregates/6 0.993s
2024-12-12 00:09:45.377 66575 INFO tempest.lib.common.rest_client [req-de06ab8d-d338-4fff-bd89-1d506dddd935 req-de06ab8d-d338-4fff-bd89-1d506dddd935 ] Request (QuotasAdminTestV236:setUpClass): 201 POST http://10.180.1.21/identity/v3/auth/tokens 0.086s
2024-12-12 00:09:45.414 66589 INFO tempest.lib.common.rest_client [req-e1d7722e-03df-4ec1-b496-01efc3f9e6b6 req-e1d7722e-03df-4ec1-b496-01efc3f9e6b6 ] Request (FlavorsV2TestJSON:tearDownClass): 204 DELETE http://10.180.1.21:9696/networking/v2.0/security-groups/8ec6582d-f34a-48c1-8cc6-69c6cdc6e2b7 0.193s
2024-12-12 00:09:45.434 66567 INFO tempest.lib.common.rest_client [req-7c80f5fd-c442-47c9-867f-edb0e1b5c66b req-7c80f5fd-c442-47c9-867f-edb0e1b5c66b ] Request (ServicesAdminNegativeTestJSON:tearDownClass): 204 DELETE http://10.180.1.21/identity/v3/projects/c7931a4946844fd79f5b39b2f28df50e 0.173s
2024-12-12 00:09:45.435 66567 INFO tempest.lib.common.dynamic_creds [-] Deleting project and security group for project: 06ec1550e38b4b36af2972a7c96c7652
2024-12-12 00:09:45.446 66575 INFO tempest.lib.common.rest_client [req-e655848d-8278-4fd8-8f21-339a1ff6d0cf req-e655848d-8278-4fd8-8f21-339a1ff6d0cf ] Request (QuotasAdminTestV236:setUpClass): 201 POST http://10.180.1.21/identity/v3/auth/tokens 0.066s
2024-12-12 00:09:45.466 66577 INFO tempest.lib.common.rest_client [req-ec2c2b3f-df47-4193-8885-200bf7c6d444 req-ec2c2b3f-df47-4193-8885-200bf7c6d444 ] Request (FloatingIPsAssociationTestJSON:test_associate_already_associated_floating_ip): 200 GET http://10.180.1.21/compute/v2.1/servers/b6bdc187-a266-4f7d-a9e4-85cb100cf4bf 1.041s
2024-12-12 00:09:45.471 66575 INFO tempest.lib.common.rest_client [req-af3efaed-1fc6-4a3e-86ac-337adfc3198a req-af3efaed-1fc6-4a3e-86ac-337adfc3198a ] Request (QuotasAdminTestV236:setUpClass): 200 GET http://10.180.1.21/identity/v3/domains?name=Default 0.024s
2024-12-12 00:09:45.477 66577 INFO tempest.common.waiters [-] State transition "BUILD/scheduling" ==> "BUILD/None" after 6 second wait
2024-12-12 00:09:45.497 66555 INFO tempest.lib.common.rest_client [req-da44553e-ac96-4d2c-afcf-fdcd2a5aa687 req-da44553e-ac96-4d2c-afcf-fdcd2a5aa687 ] Request (FlavorsAccessNegativeTestJSON:_run_cleanups): 202 DELETE http://10.180.1.21/compute/v2.1/flavors/1056139806 1.054s
2024-12-12 00:09:45.501 66575 INFO tempest.lib.common.rest_client [req-9028dd81-be82-46b8-910b-88aaeed86729 req-9028dd81-be82-46b8-910b-88aaeed86729 ] Request (QuotasAdminTestV236:setUpClass): 201 POST http://10.180.1.21/identity/v3/projects 0.030s
2024-12-12 00:09:45.537 66585 INFO tempest.lib.common.rest_client [req-959f2e40-0370-4978-83a5-f51e2a078d09 req-959f2e40-0370-4978-83a5-f51e2a078d09 ] Request (SecurityGroupsTestAdminJSON:tearDownClass): 200 GET http://10.180.1.21:9696/networking/v2.0/security-groups?tenant_id=25407229003a4889bd71a5f5538273e7&name=default 0.236s
2024-12-12 00:09:45.586 66589 INFO tempest.lib.common.rest_client [req-4e6d04e2-ba7f-434f-ab4e-9d2c0b68faf4 req-4e6d04e2-ba7f-434f-ab4e-9d2c0b68faf4 ] Request (FlavorsV2TestJSON:tearDownClass): 204 DELETE http://10.180.1.21/identity/v3/projects/34853f8895c24b6bb01f16a707c7b8e8 0.172s
2024-12-12 00:09:45.622 66559 INFO tempest.lib.common.rest_client [req-5607b24f-c359-44ad-84ba-02e1ccad79b2 req-5607b24f-c359-44ad-84ba-02e1ccad79b2 ] Request (QuotaClassesAdmin257Test:tearDownClass): 200 GET http://10.180.1.21:9696/networking/v2.0/security-groups?tenant_id=3dc20cb22d804d099b6e33402bcca0a6&name=default 0.695s
2024-12-12 00:09:45.653 66545 INFO tempest.lib.common.rest_client [req-7c99a59b-ff01-4631-83af-42fe84d2c7ed req-7c99a59b-ff01-4631-83af-42fe84d2c7ed ] Request (QuotaClassesAdminTestJSON:test_update_default_quotas): 200 GET http://10.180.1.21/compute/v2.1/os-quota-class-sets/default 1.131s
2024-12-12 00:09:45.659 66575 INFO tempest.lib.common.rest_client [req-78eb5bde-8ed4-45e6-9d76-8ecd37ed3f92 req-78eb5bde-8ed4-45e6-9d76-8ecd37ed3f92 ] Request (QuotasAdminTestV236:setUpClass): 201 POST http://10.180.1.21/identity/v3/users 0.157s
2024-12-12 00:09:45.677 66589 INFO tempest.lib.common.rest_client [req-17f4fe9d-c814-4313-afd4-481ce8d4305d req-17f4fe9d-c814-4313-afd4-481ce8d4305d ] Request (ServerAddressesNegativeTestJSON:setUpClass): 201 POST http://10.180.1.21/identity/v3/auth/tokens 0.088s
2024-12-12 00:09:45.692 66575 INFO tempest.lib.common.rest_client [req-08920721-7dd4-4b43-93f5-c7a25dc4bdb9 req-08920721-7dd4-4b43-93f5-c7a25dc4bdb9 ] Request (QuotasAdminTestV236:setUpClass): 200 GET http://10.180.1.21/identity/v3/roles 0.032s
2024-12-12 00:09:45.732 66589 INFO tempest.lib.common.rest_client [req-155f834a-cafc-4400-a1c5-a8694c4bcb03 req-155f834a-cafc-4400-a1c5-a8694c4bcb03 ] Request (ServerAddressesNegativeTestJSON:setUpClass): 201 POST http://10.180.1.21/identity/v3/auth/tokens 0.049s
2024-12-12 00:09:45.752 66575 INFO tempest.lib.common.rest_client [req-de361008-80c2-49fc-8a57-d5ca6e581e55 req-de361008-80c2-49fc-8a57-d5ca6e581e55 ] Request (QuotasAdminTestV236:setUpClass): 204 PUT http://10.180.1.21/identity/v3/projects/01dc999f440f4b72b35ff32e9a5e5812/users/208e3a343766438caf2b96e6bc2bfbf7/roles/1c56ce6e3f204ed28d22ade9103b0462 0.059s
2024-12-12 00:09:45.752 66575 INFO tempest.lib.common.dynamic_creds [-] Dynamic test user 208e3a343766438caf2b96e6bc2bfbf7 is created with scope project and roles: ['member']
2024-12-12 00:09:45.753 66575 INFO tempest.lib.common.dynamic_creds [-] Acquired dynamic creds: credentials: Credentials: {'domain_id': 'default', 'domain_name': 'Default', 'username': 'tempest-QuotasAdminTestV236-1983612875-project-member', 'project_domain_id': 'default', 'project_domain_name': 'Default', 'project_id': '01dc999f440f4b72b35ff32e9a5e5812', 'project_name': 'tempest-QuotasAdminTestV236-1983612875', 'tenant_id': '01dc999f440f4b72b35ff32e9a5e5812', 'tenant_name': 'tempest-QuotasAdminTestV236-1983612875', 'user_domain_id': 'default', 'user_domain_name': 'Default', 'user_id': '208e3a343766438caf2b96e6bc2bfbf7', 'system': None}, Network: None, Subnet: None, Router: None
2024-12-12 00:09:45.753 66575 INFO tempest.lib.common.dynamic_creds [-] Created isolated network resources for: credentials: Credentials: {'domain_id': 'default', 'domain_name': 'Default', 'username': 'tempest-QuotasAdminTestV236-1983612875-project-member', 'project_domain_id': 'default', 'project_domain_name': 'Default', 'project_id': '01dc999f440f4b72b35ff32e9a5e5812', 'project_name': 'tempest-QuotasAdminTestV236-1983612875', 'tenant_id': '01dc999f440f4b72b35ff32e9a5e5812', 'tenant_name': 'tempest-QuotasAdminTestV236-1983612875', 'user_domain_id': 'default', 'user_domain_name': 'Default', 'user_id': '208e3a343766438caf2b96e6bc2bfbf7', 'system': None}, Network: None, Subnet: None, Router: None
2024-12-12 00:09:45.776 66567 INFO tempest.lib.common.rest_client [req-adbc3b89-e696-4d3d-a302-3eefb35a4fb3 req-adbc3b89-e696-4d3d-a302-3eefb35a4fb3 ] Request (ServicesAdminNegativeTestJSON:tearDownClass): 200 GET http://10.180.1.21:9696/networking/v2.0/security-groups?tenant_id=06ec1550e38b4b36af2972a7c96c7652&name=default 0.341s
2024-12-12 00:09:45.811 66587 INFO tempest.lib.common.rest_client [req-19017e69-9ecb-4b72-a995-40891c178274 req-19017e69-9ecb-4b72-a995-40891c178274 ] Request (ServerDiagnosticsNegativeTest:tearDownClass): 200 GET http://10.180.1.21/compute/v2.1/servers/5bffec39-0b09-49a0-a862-560720db45cd 1.240s
2024-12-12 00:09:45.855 66565 INFO tempest.lib.common.rest_client [req-774cd18a-89fc-4eff-b72a-f38dc7e63a72 req-774cd18a-89fc-4eff-b72a-f38dc7e63a72 ] Request (MultipleCreateTestJSON:test_multiple_create): 202 POST http://10.180.1.21/compute/v2.1/servers 2.238s
2024-12-12 00:09:45.884 66589 INFO tempest.lib.common.rest_client [req-c6d3ea8c-d35a-4e64-a260-e6984392ca5d req-c6d3ea8c-d35a-4e64-a260-e6984392ca5d ] Request (ServerAddressesNegativeTestJSON:setUpClass): 200 GET http://10.180.1.21/identity/v3/domains?name=Default 0.152s
2024-12-12 00:09:45.901 66605 INFO tempest.lib.common.rest_client [req-3695d08b-5065-4e3c-89d6-17cf6b44d36c req-3695d08b-5065-4e3c-89d6-17cf6b44d36c ] Request (VolumesTestJSON:setUpClass): 200 GET http://10.180.1.21/volume/v3/volumes/fdf62152-034b-463e-8cd7-e9481dc73b37 0.041s
2024-12-12 00:09:45.901 66575 INFO tempest.lib.common.rest_client [req-fbba32b4-7201-433b-b621-6ffc34695812 req-fbba32b4-7201-433b-b621-6ffc34695812 ] Request (QuotasAdminTestV236:setUpClass): 201 POST http://10.180.1.21/identity/v3/auth/tokens 0.143s
2024-12-12 00:09:45.911 66605 INFO tempest.common.waiters [-] volume fdf62152-034b-463e-8cd7-e9481dc73b37 reached available after waiting for 1.911029 seconds
2024-12-12 00:09:45.916 66585 INFO tempest.lib.common.rest_client [req-0bbdc4e3-7384-41f2-8739-7bc2bb43d6e3 req-0bbdc4e3-7384-41f2-8739-7bc2bb43d6e3 ] Request (SecurityGroupsTestAdminJSON:tearDownClass): 204 DELETE http://10.180.1.21:9696/networking/v2.0/security-groups/0dcbbf15-1f34-40f0-9151-e3b86674af92 0.379s
2024-12-12 00:09:45.939 66581 INFO tempest.lib.common.rest_client [req-68d98578-e80d-47de-b7df-902ec18f7bae req-68d98578-e80d-47de-b7df-902ec18f7bae ] Request (ServersAdminNegativeTestJSON:test_migrate_server_invalid_state): 200 GET http://10.180.1.21/compute/v2.1/servers/d38bbd59-b40c-4965-b823-caefc93e2568 1.257s
2024-12-12 00:09:45.953 66589 INFO tempest.lib.common.rest_client [req-8be3605f-c953-4239-a491-c1d9337e2a7e req-8be3605f-c953-4239-a491-c1d9337e2a7e ] Request (ServerAddressesNegativeTestJSON:setUpClass): 201 POST http://10.180.1.21/identity/v3/projects 0.068s
2024-12-12 00:09:46.003 66559 INFO tempest.lib.common.rest_client [req-9b9aa22c-a20f-4f05-bfc7-3fbb26189710 req-9b9aa22c-a20f-4f05-bfc7-3fbb26189710 ] Request (QuotaClassesAdmin257Test:tearDownClass): 204 DELETE http://10.180.1.21:9696/networking/v2.0/security-groups/80c13caf-77e0-4a3c-a0a8-f6672bafdda0 0.381s
2024-12-12 00:09:46.039 66553 INFO tempest.lib.common.rest_client [req-b4c6e134-206e-42b1-be86-964f9bb1a279 req-b4c6e134-206e-42b1-be86-964f9bb1a279 ] Request (ImagesOneServerTestJSON:setUpClass): 200 GET http://10.180.1.21/compute/v2.1/servers/35a2e221-e1c5-49d9-af93-5e5f28c62b8f 1.251s
2024-12-12 00:09:46.046 66575 INFO tempest.lib.common.rest_client [req-a302de17-60ea-4171-bcc4-f9169c10982e req-a302de17-60ea-4171-bcc4-f9169c10982e ] Request (QuotasAdminTestV236:setUpClass): 201 POST http://10.180.1.21/identity/v3/projects 0.144s
2024-12-12 00:09:46.048 66553 INFO tempest.common.waiters [-] State transition "BUILD/scheduling" ==> "BUILD/None" after 7 second wait
2024-12-12 00:09:46.067 66567 INFO tempest.lib.common.rest_client [req-6cb69658-03cd-42e1-98d7-23d236d79fee req-6cb69658-03cd-42e1-98d7-23d236d79fee ] Request (ServicesAdminNegativeTestJSON:tearDownClass): 204 DELETE http://10.180.1.21:9696/networking/v2.0/security-groups/f619408c-aba9-4978-baf5-4466f8e813d6 0.290s
2024-12-12 00:09:46.102 66571 INFO tempest.lib.common.rest_client [req-51456909-f0ed-41fc-99ce-df597b01564b req-51456909-f0ed-41fc-99ce-df597b01564b ] Request (ServerTagsTestJSON:setUpClass): 201 POST http://10.180.1.21:9696/networking/v2.0/subnets 0.993s
2024-12-12 00:09:46.140 66589 INFO tempest.lib.common.rest_client [req-a8a0e7fd-6c44-4b6c-ac9b-b72a8fc59020 req-a8a0e7fd-6c44-4b6c-ac9b-b72a8fc59020 ] Request (ServerAddressesNegativeTestJSON:setUpClass): 201 POST http://10.180.1.21/identity/v3/users 0.187s
2024-12-12 00:09:46.146 66573 INFO tempest.lib.common.rest_client [req-66f40a37-0cdf-4a0c-ae32-4e82c6d0a34f req-66f40a37-0cdf-4a0c-ae32-4e82c6d0a34f ] Request (ListServerFiltersTestJSON:setUpClass): 200 GET http://10.180.1.21/compute/v2.1/servers/82ea280a-4e1b-4fac-a634-7f79ce731564 1.447s
2024-12-12 00:09:46.157 66573 INFO tempest.common.waiters [-] State transition "BUILD/spawning" ==> "ACTIVE/None" after 18 second wait
2024-12-12 00:09:46.163 66585 INFO tempest.lib.common.rest_client [req-077411b6-e965-4182-972a-c10476b70bf0 req-077411b6-e965-4182-972a-c10476b70bf0 ] Request (SecurityGroupsTestAdminJSON:tearDownClass): 204 DELETE http://10.180.1.21/identity/v3/projects/25407229003a4889bd71a5f5538273e7 0.247s
2024-12-12 00:09:46.245 66559 INFO tempest.lib.common.rest_client [req-2a8bb532-9895-4555-84a2-68f1b5ff85dd req-2a8bb532-9895-4555-84a2-68f1b5ff85dd ] Request (QuotaClassesAdmin257Test:tearDownClass): 204 DELETE http://10.180.1.21/identity/v3/projects/3dc20cb22d804d099b6e33402bcca0a6 0.241s
2024-12-12 00:09:46.246 66559 INFO tempest.lib.common.dynamic_creds [-] Deleting project and security group for project: f39def272c9947e3b33f58d5dd2fb73c
2024-12-12 00:09:46.247 66569 INFO tempest.lib.common.rest_client [req-c78f71f1-aa28-4ed6-b503-41b1f74f0c12 req-c78f71f1-aa28-4ed6-b503-41b1f74f0c12 ] Request (ServersTestBootFromVolume:setUpClass): 200 GET http://10.180.1.21/volume/v3/volumes/ea89af57-65c0-4ea1-9faf-5585daa59ceb 0.033s
2024-12-12 00:09:46.279 66575 INFO tempest.lib.common.rest_client [req-9eed5865-0467-49a8-827b-717004da5656 req-9eed5865-0467-49a8-827b-717004da5656 ] Request (QuotasAdminTestV236:setUpClass): 201 POST http://10.180.1.21/identity/v3/users 0.232s
2024-12-12 00:09:46.355 66567 INFO tempest.lib.common.rest_client [req-b1ed4475-6da6-4c0b-9fee-e96b740d4a35 req-b1ed4475-6da6-4c0b-9fee-e96b740d4a35 ] Request (ServicesAdminNegativeTestJSON:tearDownClass): 204 DELETE http://10.180.1.21/identity/v3/projects/06ec1550e38b4b36af2972a7c96c7652 0.288s
2024-12-12 00:09:46.412 66585 INFO tempest.lib.common.rest_client [req-afea146b-ad24-4f10-814d-78c54078ddf7 req-afea146b-ad24-4f10-814d-78c54078ddf7 ] Request (AttachInterfacesV270Test:setUpClass): 201 POST http://10.180.1.21/identity/v3/auth/tokens 0.246s
2024-12-12 00:09:46.415 66589 INFO tempest.lib.common.rest_client [req-b7120cd0-7778-45c7-8b48-3f8da78c0583 req-b7120cd0-7778-45c7-8b48-3f8da78c0583 ] Request (ServerAddressesNegativeTestJSON:setUpClass): 200 GET http://10.180.1.21/identity/v3/roles 0.273s
2024-12-12 00:09:46.435 66575 INFO tempest.lib.common.rest_client [req-f3fcb3bf-1736-48e1-863a-cde48260ff25 req-f3fcb3bf-1736-48e1-863a-cde48260ff25 ] Request (QuotasAdminTestV236:setUpClass): 200 GET http://10.180.1.21/identity/v3/roles 0.156s
2024-12-12 00:09:46.441 66567 INFO tempest.lib.common.rest_client [req-cdded779-188c-4233-9340-e1b1e16206cd req-cdded779-188c-4233-9340-e1b1e16206cd ] Request (ImagesOneServerNegativeTestJSON:setUpClass): 201 POST http://10.180.1.21/identity/v3/auth/tokens 0.084s
2024-12-12 00:09:46.447 66559 INFO tempest.lib.common.rest_client [req-3ed423a1-237b-4452-adb0-c4f1c2be9457 req-3ed423a1-237b-4452-adb0-c4f1c2be9457 ] Request (QuotaClassesAdmin257Test:tearDownClass): 200 GET http://10.180.1.21:9696/networking/v2.0/security-groups?tenant_id=f39def272c9947e3b33f58d5dd2fb73c&name=default 0.201s
2024-12-12 00:09:46.470 66585 INFO tempest.lib.common.rest_client [req-a7cb7011-17c1-4960-81f0-e85af5e2bc42 req-a7cb7011-17c1-4960-81f0-e85af5e2bc42 ] Request (AttachInterfacesV270Test:setUpClass): 201 POST http://10.180.1.21/identity/v3/auth/tokens 0.055s
2024-12-12 00:09:46.487 66589 INFO tempest.lib.common.rest_client [req-b8adab98-a2cb-495e-8248-8a6ae40f8c92 req-b8adab98-a2cb-495e-8248-8a6ae40f8c92 ] Request (ServerAddressesNegativeTestJSON:setUpClass): 204 PUT http://10.180.1.21/identity/v3/projects/4a033eda5a6b49fe8bd4cd2c076cb4b9/users/40b60becd85b4459a6f6abc0aa553551/roles/1c56ce6e3f204ed28d22ade9103b0462 0.072s
2024-12-12 00:09:46.487 66589 INFO tempest.lib.common.dynamic_creds [-] Dynamic test user 40b60becd85b4459a6f6abc0aa553551 is created with scope project and roles: ['member']
2024-12-12 00:09:46.488 66589 INFO tempest.lib.common.dynamic_creds [-] Acquired dynamic creds: credentials: Credentials: {'domain_id': 'default', 'domain_name': 'Default', 'username': 'tempest-ServerAddressesNegativeTestJSON-229864423-project-member', 'project_domain_id': 'default', 'project_domain_name': 'Default', 'project_id': '4a033eda5a6b49fe8bd4cd2c076cb4b9', 'project_name': 'tempest-ServerAddressesNegativeTestJSON-229864423', 'tenant_id': '4a033eda5a6b49fe8bd4cd2c076cb4b9', 'tenant_name': 'tempest-ServerAddressesNegativeTestJSON-229864423', 'user_domain_id': 'default', 'user_domain_name': 'Default', 'user_id': '40b60becd85b4459a6f6abc0aa553551', 'system': None}, Network: None, Subnet: None, Router: None
2024-12-12 00:09:46.499 66575 INFO tempest.lib.common.rest_client [req-56d0f9bc-5879-4cb3-bc9e-06d402eed03d req-56d0f9bc-5879-4cb3-bc9e-06d402eed03d ] Request (QuotasAdminTestV236:setUpClass): 204 PUT http://10.180.1.21/identity/v3/projects/713b906e436d4a93917ab95cead3cbad/users/168c0164b38f4e61bf14e5dfff357195/roles/62815a92bb024bff803e7593510beda0 0.063s
2024-12-12 00:09:46.569 66585 INFO tempest.lib.common.rest_client [req-69ff6df9-a604-4855-839a-eb92b2918533 req-69ff6df9-a604-4855-839a-eb92b2918533 ] Request (AttachInterfacesV270Test:setUpClass): 200 GET http://10.180.1.21/identity/v3/domains?name=Default 0.099s
2024-12-12 00:09:46.585 66567 INFO tempest.lib.common.rest_client [req-0e8184cc-db44-4eae-9684-3e7c48715d00 req-0e8184cc-db44-4eae-9684-3e7c48715d00 ] Request (ImagesOneServerNegativeTestJSON:setUpClass): 201 POST http://10.180.1.21/identity/v3/auth/tokens 0.136s
2024-12-12 00:09:46.591 66549 INFO tempest.lib.common.rest_client [req-4706fc59-ca40-4399-8b67-9b6335036c91 req-4706fc59-ca40-4399-8b67-9b6335036c91 ] Request (ImagesTestJSON:setUpClass): 200 PUT http://10.180.1.21:9696/networking/v2.0/routers/2b1c2701-ade4-4291-992f-19b2f91e657c/add_router_interface 2.662s
2024-12-12 00:09:46.592 66549 INFO tempest.lib.common.dynamic_creds [-] Created isolated network resources for: credentials: Credentials: {'domain_id': 'default', 'domain_name': 'Default', 'username': 'tempest-ImagesTestJSON-1792439270-project-member', 'project_domain_id': 'default', 'project_domain_name': 'Default', 'project_id': '105f108590e14c649fff545b5b96f4fd', 'project_name': 'tempest-ImagesTestJSON-1792439270', 'tenant_id': '105f108590e14c649fff545b5b96f4fd', 'tenant_name': 'tempest-ImagesTestJSON-1792439270', 'user_domain_id': 'default', 'user_domain_name': 'Default', 'user_id': '2c0deb1ab43142f29a15397a2e23d048', 'system': None}, Network: {'id': '1859ce31-1c7e-4823-afd1-1a9356170c68', 'name': 'tempest-ImagesTestJSON-415255835-network', 'tenant_id': '105f108590e14c649fff545b5b96f4fd', 'admin_state_up': True, 'mtu': 8950, 'status': 'ACTIVE', 'subnets': [], 'shared': False, 'project_id': '105f108590e14c649fff545b5b96f4fd', 'port_security_enabled': True, 'router:external': False, 'provider:network_type': 'vlan', 'provider:physical_network': 'default', 'provider:segmentation_id': 385, 'availability_zone_hints': [], 'availability_zones': [], 'ipv4_address_scope': None, 'ipv6_address_scope': None, 'description': '', 'tags': [], 'created_at': '2024-12-12T00:09:41Z', 'updated_at': '2024-12-12T00:09:41Z', 'revision_number': 1}, Subnet: {'id': 'dedd1c3a-b128-4f2c-a438-07234d8f4065', 'name': 'tempest-ImagesTestJSON-415255835-subnet', 'tenant_id': '105f108590e14c649fff545b5b96f4fd', 'network_id': '1859ce31-1c7e-4823-afd1-1a9356170c68', 'ip_version': 4, 'subnetpool_id': None, 'enable_dhcp': True, 'ipv6_ra_mode': None, 'ipv6_address_mode': None, 'gateway_ip': '192.168.128.1', 'cidr': '192.168.128.0/28', 'allocation_pools': [{'start': '192.168.128.2', 'end': '192.168.128.14'}], 'host_routes': [], 'dns_nameservers': [], 'description': '', 'router:external': False, 'service_types': [], 'tags': [], 'created_at': '2024-12-12T00:09:41Z', 'updated_at': '2024-12-12T00:09:41Z', 'revision_number': 0, 'project_id': '105f108590e14c649fff545b5b96f4fd'}, Router: {'id': '2b1c2701-ade4-4291-992f-19b2f91e657c', 'name': 'tempest-ImagesTestJSON-415255835-router', 'tenant_id': '105f108590e14c649fff545b5b96f4fd', 'admin_state_up': True, 'status': 'ACTIVE', 'external_gateway_info': {'network_id': '97501185-f222-495f-bcd2-08b561f0f514', 'external_fixed_ips': [{'subnet_id': '7224b45e-e2c4-4054-b75b-2a3853b158c9', 'ip_address': '10.180.180.247'}], 'enable_snat': True}, 'description': '', 'availability_zones': [], 'distributed': False, 'ha': False, 'availability_zone_hints': [], 'routes': [], 'flavor_id': None, 'tags': [], 'created_at': '2024-12-12T00:09:42Z', 'updated_at': '2024-12-12T00:09:43Z', 'revision_number': 2, 'project_id': '105f108590e14c649fff545b5b96f4fd'}
2024-12-12 00:09:46.601 66589 INFO tempest.lib.common.rest_client [req-9d13b5fc-b281-46db-8219-1f45732afd2c req-9d13b5fc-b281-46db-8219-1f45732afd2c ] Request (ServerAddressesNegativeTestJSON:setUpClass): 201 POST http://10.180.1.21/identity/v3/auth/tokens 0.113s
