2024-12-12 00:09:22.478 66585 INFO tempest.lib.common.rest_client [req-694c06ed-3473-4a64-931c-2a1cf576768f req-694c06ed-3473-4a64-931c-2a1cf576768f ] Request (InstanceUsageAuditLogTestJSON:tearDownClass): 204 DELETE http://10.180.1.21/identity/v3/users/f7ebe5d26c814067b1bd6d972656d5fd 0.106s
2024-12-12 00:09:22.483 66557 INFO tempest.lib.common.rest_client [req-de6412a6-6ee7-4232-bea4-23c8d65bdf3c req-de6412a6-6ee7-4232-bea4-23c8d65bdf3c ] Request (AggregatesAdminNegativeTestJSON:_run_cleanups): 200 DELETE http://10.180.1.21/compute/v2.1/os-aggregates/2 0.983s
2024-12-12 00:09:22.508 66567 INFO tempest.lib.common.rest_client [req-b8743853-8641-4fd0-8e9f-11faa75cbd89 req-b8743853-8641-4fd0-8e9f-11faa75cbd89 ] Request (HostsAdminTestJSON:test_show_host_detail): 200 GET http://10.180.1.21/compute/v2.1/os-hosts 0.985s
2024-12-12 00:09:22.520 66575 INFO tempest.lib.common.rest_client [req-90f44495-a4b9-41ef-bcb2-2210ef24e36a req-90f44495-a4b9-41ef-bcb2-2210ef24e36a ] Request (FlavorsAccessTestJSON:test_flavor_access_list_with_private_flavor): 200 GET http://10.180.1.21/compute/v2.1/flavors/1356099070/os-flavor-access 0.975s
2024-12-12 00:09:22.609 66585 INFO tempest.lib.common.rest_client [req-32d46576-2ba5-433b-bf80-23cdad93803e req-32d46576-2ba5-433b-bf80-23cdad93803e ] Request (InstanceUsageAuditLogTestJSON:tearDownClass): 204 DELETE http://10.180.1.21/identity/v3/users/5c4dc5d7dd4140b682a9e9163345d707 0.130s
2024-12-12 00:09:22.610 66585 INFO tempest.lib.common.dynamic_creds [-] Deleting project and security group for project: e4d459fdcc8e4554a3e9d2904a81e8f0
2024-12-12 00:09:22.689 66585 INFO tempest.lib.common.rest_client [req-4e09dfe2-82da-4125-b244-7d4308d4cbfa req-4e09dfe2-82da-4125-b244-7d4308d4cbfa ] Request (InstanceUsageAuditLogTestJSON:tearDownClass): 201 POST http://10.180.1.21/identity/v3/auth/tokens 0.078s
2024-12-12 00:09:22.768 66549 INFO tempest.lib.common.rest_client [req-9829aefb-21be-43ce-93d8-c3a70c0c67f8 req-9829aefb-21be-43ce-93d8-c3a70c0c67f8 ] Request (ServerDiagnosticsTest:test_get_server_diagnostics): 200 GET http://10.180.1.21/compute/v2.1/servers/5c9ca73a-bc48-4a75-89c8-03def719e488/diagnostics 1.631s
2024-12-12 00:09:22.774 66563 INFO tempest.lib.common.rest_client [req-dc41900b-1694-417e-a4d6-6ac7fb0d2c68 req-dc41900b-1694-417e-a4d6-6ac7fb0d2c68 ] Request (FloatingIPDetailsTestJSON:tearDownClass): 204 DELETE http://10.180.1.21:9696/networking/v2.0/networks/997359ef-08a5-4fc4-a6ef-66ba73173679 0.749s
2024-12-12 00:09:22.783 66577 INFO tempest.lib.common.rest_client [req-9f52d064-a0d0-4c7e-bf12-787b1210aeff req-9f52d064-a0d0-4c7e-bf12-787b1210aeff ] Request (FloatingIPsAssociationTestJSON:setUpClass): 200 GET http://10.180.1.21/compute/v2.1/servers/5b6b4ed4-67c3-4f0c-ac2a-d5c8981a9e07 1.122s
2024-12-12 00:09:22.872 66563 INFO tempest.lib.common.rest_client [req-03b68b9e-130d-4e76-891d-11572d9c45ff req-03b68b9e-130d-4e76-891d-11572d9c45ff ] Request (FloatingIPDetailsTestJSON:tearDownClass): 204 DELETE http://10.180.1.21/identity/v3/users/66b88f499775487abbbd5ac6147be155 0.097s
2024-12-12 00:09:22.872 66563 INFO tempest.lib.common.dynamic_creds [-] Deleting project and security group for project: 3e19ab08a6a9498c843d9f02f9a2c035
2024-12-12 00:09:22.979 66599 INFO tempest.lib.common.rest_client [req-dfa665c9-4b3c-486d-b099-8cc15a6b1e70 req-dfa665c9-4b3c-486d-b099-8cc15a6b1e70 ] Request (QuotasAdminNegativeTest:test_create_server_when_memory_quota_is_full): 200 GET http://10.180.1.21/compute/v2.1/os-quota-sets/d49eac58c0514f5394e9ac754c38be48 1.266s
2024-12-12 00:09:22.987 66563 INFO tempest.lib.common.rest_client [req-721b599c-35d1-433e-8b4e-75b8ab6c9f07 req-721b599c-35d1-433e-8b4e-75b8ab6c9f07 ] Request (FloatingIPDetailsTestJSON:tearDownClass): 200 GET http://10.180.1.21:9696/networking/v2.0/security-groups?tenant_id=3e19ab08a6a9498c843d9f02f9a2c035&name=default 0.115s
2024-12-12 00:09:22.989 66547 INFO tempest.lib.common.rest_client [req-f8d58cd5-3d01-4e34-bb1f-6a1a63c5a933 req-f8d58cd5-3d01-4e34-bb1f-6a1a63c5a933 ] Request (ServersAdminTestJSON:setUpClass): 201 POST http://10.180.1.21:9696/networking/v2.0/routers 1.990s
2024-12-12 00:09:22.995 66565 INFO tempest.lib.common.rest_client [req-204756d0-b5bb-4077-86ac-a69ac4cfb9db req-204756d0-b5bb-4077-86ac-a69ac4cfb9db ] Request (FlavorsExtraSpecsTestJSON:test_flavor_set_get_update_show_unset_keys): 200 GET http://10.180.1.21/compute/v2.1/flavors/586901131/os-extra_specs 1.248s
2024-12-12 00:09:22.999 66551 INFO tempest.lib.common.rest_client [req-ae985096-7a41-453f-97f0-010c7da677d8 req-ae985096-7a41-453f-97f0-010c7da677d8 ] Request (QuotasAdminTestJSON:test_delete_quota): 200 GET http://10.180.1.21/compute/v2.1/os-quota-sets/020432bb37694429a7fa254ba4e64c75 1.278s
2024-12-12 00:09:23.065 66551 INFO tempest.lib.common.rest_client [req-de87e62d-ad02-4a55-9488-1c10b1352807 req-de87e62d-ad02-4a55-9488-1c10b1352807 ] Request (QuotasAdminTestJSON:_run_cleanups): 204 DELETE http://10.180.1.21/identity/v3/projects/020432bb37694429a7fa254ba4e64c75 0.064s
2024-12-12 00:09:23.244 66601 INFO tempest.lib.common.rest_client [req-d399e1ee-060a-4cc8-8f1d-ce20953cf8c9 req-d399e1ee-060a-4cc8-8f1d-ce20953cf8c9 ] Request (AttachInterfacesTestJSON:test_create_list_show_delete_interfaces_by_fixed_ip): 200 GET http://10.180.1.21/compute/v2.1/servers/8adc8b4b-1087-4a11-9ee8-d897f1aa83f3 1.211s
2024-12-12 00:09:23.308 66563 INFO tempest.lib.common.rest_client [req-d92a8e98-c604-4874-b5e2-ba1e45418993 req-d92a8e98-c604-4874-b5e2-ba1e45418993 ] Request (FloatingIPDetailsTestJSON:tearDownClass): 204 DELETE http://10.180.1.21:9696/networking/v2.0/security-groups/20e063cb-5afe-4b58-88fa-07b0230c910c 0.320s
2024-12-12 00:09:23.361 66583 INFO tempest.lib.common.rest_client [req-a35c4194-36af-47f5-905d-e6b5198d6c1d req-a35c4194-36af-47f5-905d-e6b5198d6c1d ] Request (ServersTestManualDisk:setUpClass): 200 GET http://10.180.1.21/compute/v2.1/servers/c7603ce8-8471-4813-9faf-3667a205893c 1.517s
2024-12-12 00:09:23.362 66585 INFO tempest.lib.common.rest_client [req-c3eeb476-f36f-4186-98a3-6f1a9b419f97 req-c3eeb476-f36f-4186-98a3-6f1a9b419f97 ] Request (InstanceUsageAuditLogTestJSON:tearDownClass): 200 GET http://10.180.1.21:9696/networking/v2.0/security-groups?tenant_id=e4d459fdcc8e4554a3e9d2904a81e8f0&name=default 0.673s
2024-12-12 00:09:23.488 66563 INFO tempest.lib.common.rest_client [req-381f2c08-3407-42cc-8c61-31d34f974b43 req-381f2c08-3407-42cc-8c61-31d34f974b43 ] Request (FloatingIPDetailsTestJSON:tearDownClass): 204 DELETE http://10.180.1.21/identity/v3/projects/3e19ab08a6a9498c843d9f02f9a2c035 0.179s
2024-12-12 00:09:23.543 66594 INFO tempest.lib.common.rest_client [req-f3240df7-eebf-4f68-9953-d1538cf87911 req-f3240df7-eebf-4f68-9953-d1538cf87911 ] Request (SecurityGroupRulesTestJSON:test_security_group_rules_delete_when_peer_group_deleted): 200 POST http://10.180.1.21/compute/v2.1/os-security-groups 1.488s
2024-12-12 00:09:23.561 66563 INFO tempest.lib.common.rest_client [req-3db4604c-02e7-4878-bd51-14a3bc3f79f0 req-3db4604c-02e7-4878-bd51-14a3bc3f79f0 ] Request (KeyPairsV22TestJSON:setUpClass): 201 POST http://10.180.1.21/identity/v3/auth/tokens 0.072s
2024-12-12 00:09:23.638 66585 INFO tempest.lib.common.rest_client [req-64d99684-ba2e-45e8-ba2e-e019d3d62d06 req-64d99684-ba2e-45e8-ba2e-e019d3d62d06 ] Request (InstanceUsageAuditLogTestJSON:tearDownClass): 204 DELETE http://10.180.1.21:9696/networking/v2.0/security-groups/b5d5f921-a78e-4720-8a00-af91d7031b71 0.275s
2024-12-12 00:09:23.661 66563 INFO tempest.lib.common.rest_client [req-b201deaf-6114-4113-a9cc-d7de7c3134e8 req-b201deaf-6114-4113-a9cc-d7de7c3134e8 ] Request (KeyPairsV22TestJSON:setUpClass): 201 POST http://10.180.1.21/identity/v3/auth/tokens 0.042s
2024-12-12 00:09:23.691 66563 INFO tempest.lib.common.rest_client [req-0ec27886-febb-4cfa-ae6f-997a7bb61a15 req-0ec27886-febb-4cfa-ae6f-997a7bb61a15 ] Request (KeyPairsV22TestJSON:setUpClass): 200 GET http://10.180.1.21/identity/v3/domains?name=Default 0.027s
2024-12-12 00:09:23.731 66563 INFO tempest.lib.common.rest_client [req-078cd850-e2ce-4d4c-bb9f-f904077a574a req-078cd850-e2ce-4d4c-bb9f-f904077a574a ] Request (KeyPairsV22TestJSON:setUpClass): 201 POST http://10.180.1.21/identity/v3/projects 0.039s
2024-12-12 00:09:23.742 66585 INFO tempest.lib.common.rest_client [req-c0a07d81-15db-4b4e-b2f9-baff08248c10 req-c0a07d81-15db-4b4e-b2f9-baff08248c10 ] Request (InstanceUsageAuditLogTestJSON:tearDownClass): 204 DELETE http://10.180.1.21/identity/v3/projects/e4d459fdcc8e4554a3e9d2904a81e8f0 0.103s
2024-12-12 00:09:23.742 66585 INFO tempest.lib.common.dynamic_creds [-] Deleting project and security group for project: e7a2beb926914defbcb3b85f616e7b21
2024-12-12 00:09:23.756 66581 INFO tempest.lib.common.rest_client [req-912f5b8c-8f09-4649-91b1-d948c9b0e6d8 req-912f5b8c-8f09-4649-91b1-d948c9b0e6d8 ] Request (ServersAdminNegativeTestJSON:setUpClass): 200 GET http://10.180.1.21/compute/v2.1/servers/9a7bfafe-8598-4c6f-9714-0567fcbb8ea6 1.637s
2024-12-12 00:09:23.763 66579 INFO tempest.lib.common.rest_client [req-50c5ff62-8d78-4ebc-8e93-b900fc31d959 req-50c5ff62-8d78-4ebc-8e93-b900fc31d959 ] Request (HypervisorAdminNegativeTestJSON:test_get_hypervisor_uptime_with_non_admin_user): 403 GET http://10.180.1.21/compute/v2.1/os-hypervisors/1/uptime 1.625s
2024-12-12 00:09:23.765 66581 INFO tempest.common.waiters [-] State transition "BUILD/networking" ==> "BUILD/spawning" after 5 second wait
2024-12-12 00:09:23.815 66563 INFO tempest.lib.common.rest_client [req-2ba56dd5-e041-4ef9-b006-27475e277356 req-2ba56dd5-e041-4ef9-b006-27475e277356 ] Request (KeyPairsV22TestJSON:setUpClass): 201 POST http://10.180.1.21/identity/v3/users 0.083s
2024-12-12 00:09:23.856 66553 INFO tempest.lib.common.rest_client [req-26ea35db-00b8-4aeb-ad8d-94021982ab9e req-26ea35db-00b8-4aeb-ad8d-94021982ab9e ] Request (FloatingIPsTestJSON:tearDownClass): 200 PUT http://10.180.1.21:9696/networking/v2.0/routers/d9e62b5b-0164-48b1-9adc-c745913b5224/remove_router_interface 2.509s
2024-12-12 00:09:23.881 66563 INFO tempest.lib.common.rest_client [req-c2990984-803d-413e-9143-f399bf028710 req-c2990984-803d-413e-9143-f399bf028710 ] Request (KeyPairsV22TestJSON:setUpClass): 200 GET http://10.180.1.21/identity/v3/roles 0.065s
2024-12-12 00:09:23.923 66563 INFO tempest.lib.common.rest_client [req-2c7e1209-4b28-4b61-a0a3-d3af835d0d9e req-2c7e1209-4b28-4b61-a0a3-d3af835d0d9e ] Request (KeyPairsV22TestJSON:setUpClass): 204 PUT http://10.180.1.21/identity/v3/projects/c9baf66d113b42a1bd870b5478a83c06/users/1f4a90d5bb03413d94a885fe3cbb8907/roles/1c56ce6e3f204ed28d22ade9103b0462 0.042s
2024-12-12 00:09:23.924 66563 INFO tempest.lib.common.dynamic_creds [-] Dynamic test user 1f4a90d5bb03413d94a885fe3cbb8907 is created with scope project and roles: ['member']
2024-12-12 00:09:23.924 66563 INFO tempest.lib.common.dynamic_creds [-] Acquired dynamic creds: credentials: Credentials: {'domain_id': 'default', 'domain_name': 'Default', 'username': 'tempest-KeyPairsV22TestJSON-1089798773-project-member', 'project_domain_id': 'default', 'project_domain_name': 'Default', 'project_id': 'c9baf66d113b42a1bd870b5478a83c06', 'project_name': 'tempest-KeyPairsV22TestJSON-1089798773', 'tenant_id': 'c9baf66d113b42a1bd870b5478a83c06', 'tenant_name': 'tempest-KeyPairsV22TestJSON-1089798773', 'user_domain_id': 'default', 'user_domain_name': 'Default', 'user_id': '1f4a90d5bb03413d94a885fe3cbb8907', 'system': None}, Network: None, Subnet: None, Router: None
2024-12-12 00:09:23.924 66563 INFO tempest.lib.common.dynamic_creds [-] Created isolated network resources for: credentials: Credentials: {'domain_id': 'default', 'domain_name': 'Default', 'username': 'tempest-KeyPairsV22TestJSON-1089798773-project-member', 'project_domain_id': 'default', 'project_domain_name': 'Default', 'project_id': 'c9baf66d113b42a1bd870b5478a83c06', 'project_name': 'tempest-KeyPairsV22TestJSON-1089798773', 'tenant_id': 'c9baf66d113b42a1bd870b5478a83c06', 'tenant_name': 'tempest-KeyPairsV22TestJSON-1089798773', 'user_domain_id': 'default', 'user_domain_name': 'Default', 'user_id': '1f4a90d5bb03413d94a885fe3cbb8907', 'system': None}, Network: None, Subnet: None, Router: None
2024-12-12 00:09:24.018 66563 INFO tempest.lib.common.rest_client [req-a500c188-6f96-4874-9dff-0acb32f6f693 req-a500c188-6f96-4874-9dff-0acb32f6f693 ] Request (KeyPairsV22TestJSON:setUpClass): 201 POST http://10.180.1.21/identity/v3/auth/tokens 0.091s
2024-12-12 00:09:24.051 66595 INFO tempest.lib.common.rest_client [req-32fc840c-cb00-4560-babc-211fc5ac45b5 req-32fc840c-cb00-4560-babc-211fc5ac45b5 ] Request (SecurityGroupsNegativeTestJSON:tearDownClass): 200 PUT http://10.180.1.21:9696/networking/v2.0/routers/b018a34a-57e2-430b-8ae6-a4574cc49968/remove_router_interface 2.641s
2024-12-12 00:09:24.095 66573 INFO tempest.lib.common.rest_client [req-c2f097e4-a57a-48a8-ab98-4c67c487fdaf req-c2f097e4-a57a-48a8-ab98-4c67c487fdaf ] Request (ListServerFiltersTestJSON:setUpClass): 202 POST http://10.180.1.21/compute/v2.1/servers 2.003s
2024-12-12 00:09:24.137 66587 INFO tempest.lib.common.rest_client [req-33effe60-8615-42dd-a67f-259da67d971a req-33effe60-8615-42dd-a67f-259da67d971a ] Request (ServerDiagnosticsNegativeTest:test_get_server_diagnostics_by_non_admin): 200 GET http://10.180.1.21/compute/v2.1/servers/5bffec39-0b09-49a0-a862-560720db45cd 1.843s
2024-12-12 00:09:24.183 66585 INFO tempest.lib.common.rest_client [req-7bab4207-92b1-4bc9-bef8-78427ff8b4df req-7bab4207-92b1-4bc9-bef8-78427ff8b4df ] Request (InstanceUsageAuditLogTestJSON:tearDownClass): 200 GET http://10.180.1.21:9696/networking/v2.0/security-groups?tenant_id=e7a2beb926914defbcb3b85f616e7b21&name=default 0.440s
2024-12-12 00:09:24.184 66607 INFO tempest.lib.common.rest_client [req-4d798007-3791-4b3f-9646-6c757b3acc16 req-4d798007-3791-4b3f-9646-6c757b3acc16 ] Request (ServerAddressesTestJSON:setUpClass): 200 GET http://10.180.1.21/compute/v2.1/servers/8c6e22d6-353f-4be5-8400-7fe38a9bee25 1.815s
2024-12-12 00:09:24.186 66605 INFO tempest.lib.common.rest_client [req-10ce5688-6fb8-43c0-98cc-f42f4466b14b req-10ce5688-6fb8-43c0-98cc-f42f4466b14b ] Request (ServicesAdminNegativeV253TestJSON:test_get_service_by_invalid_params): 200 GET http://10.180.1.21/compute/v2.1/os-services 1.801s
2024-12-12 00:09:24.197 66607 INFO tempest.common.waiters [-] State transition "BUILD/scheduling" ==> "BUILD/None" after 3 second wait
2024-12-12 00:09:24.213 66555 INFO tempest.lib.common.rest_client [req-f017feae-3896-4a7c-845c-9d11809487f9 req-f017feae-3896-4a7c-845c-9d11809487f9 ] Request (FlavorsAccessNegativeTestJSON:_run_cleanups): 202 DELETE http://10.180.1.21/compute/v2.1/flavors/158190856 1.804s
2024-12-12 00:09:24.218 66573 INFO tempest.lib.common.rest_client [req-4a683853-272c-4c51-b874-2ac01015a6f6 req-4a683853-272c-4c51-b874-2ac01015a6f6 ] Request (ListServerFiltersTestJSON:setUpClass): 201 POST http://10.180.1.21/identity/v3/auth/tokens 0.117s
2024-12-12 00:09:24.218 66573 INFO tempest.lib.common.fixed_network [-] (ListServerFiltersTestJSON:setUpClass) Found network {'id': 'd3852c70-9b8b-4c78-a2f1-f7f9e42d51cd', 'name': 'tempest-ListServerFiltersTestJSON-733437359-network', 'tenant_id': '557d744dc35943aab165225698db81bf', 'admin_state_up': True, 'mtu': 8950, 'status': 'ACTIVE', 'subnets': [], 'shared': False, 'project_id': '557d744dc35943aab165225698db81bf', 'port_security_enabled': True, 'router:external': False, 'provider:network_type': 'vlan', 'provider:physical_network': 'default', 'provider:segmentation_id': 337, 'availability_zone_hints': [], 'availability_zones': [], 'ipv4_address_scope': None, 'ipv6_address_scope': None, 'description': '', 'tags': [], 'created_at': '2024-12-12T00:09:19Z', 'updated_at': '2024-12-12T00:09:19Z', 'revision_number': 1} available for tenant
2024-12-12 00:09:24.226 66591 INFO tempest.lib.common.rest_client [req-bab919d9-efb6-44c0-a545-157609c1684b req-bab919d9-efb6-44c0-a545-157609c1684b ] Request (ServersWithSpecificFlavorTestJSON:test_verify_created_server_ephemeral_disk): 200 POST http://10.180.1.21/compute/v2.1/flavors/244876146/os-extra_specs 1.826s
2024-12-12 00:09:24.232 66571 INFO tempest.lib.common.rest_client [req-a190dc1f-86c3-4c80-998b-4908a5645854 req-a190dc1f-86c3-4c80-998b-4908a5645854 ] Request (HostsAdminNegativeTestJSON:test_startup_nonexistent_host): 404 GET http://10.180.1.21/compute/v2.1/os-hosts/nonexistent_hostname/startup 1.814s
2024-12-12 00:09:24.248 66545 INFO tempest.lib.common.rest_client [req-063414cc-61d3-4be1-b92a-7bf347cfd1c2 req-063414cc-61d3-4be1-b92a-7bf347cfd1c2 ] Request (FlavorsExtraSpecsNegativeTestJSON:tearDownClass): 202 DELETE http://10.180.1.21/compute/v2.1/flavors/1552663673 1.825s
2024-12-12 00:09:24.252 66597 INFO tempest.lib.common.rest_client [req-69ddf69f-e056-4962-93b5-7014f8e42ddd req-69ddf69f-e056-4962-93b5-7014f8e42ddd ] Request (FlavorsAdminTestJSON:_run_cleanups): 200 GET http://10.180.1.21/compute/v2.1/flavors/detail 1.815s
2024-12-12 00:09:24.260 66589 INFO tempest.lib.common.rest_client [req-dc862fa7-c3e4-41af-9b12-b4328fd457e5 req-dc862fa7-c3e4-41af-9b12-b4328fd457e5 ] Request (FlavorsV2TestJSON:test_list_flavors_detailed_filter_by_min_ram): 200 GET http://10.180.1.21/compute/v2.1/flavors/42 1.794s
2024-12-12 00:09:24.292 66557 INFO tempest.lib.common.rest_client [req-1e8e786e-4ed2-47ce-b495-76860a363d94 req-1e8e786e-4ed2-47ce-b495-76860a363d94 ] Request (AggregatesAdminNegativeTestJSON:test_aggregate_add_non_exist_host): 200 POST http://10.180.1.21/compute/v2.1/os-aggregates 1.807s
2024-12-12 00:09:24.300 66567 INFO tempest.lib.common.rest_client [req-8025304b-38d3-46f7-95b3-ddc097215c22 req-8025304b-38d3-46f7-95b3-ddc097215c22 ] Request (HostsAdminTestJSON:test_show_host_detail): 200 GET http://10.180.1.21/compute/v2.1/os-hosts/cpu-1 1.790s
2024-12-12 00:09:24.313 66575 INFO tempest.lib.common.rest_client [req-f57c0e30-c937-4b49-b329-fd6dd600565c req-f57c0e30-c937-4b49-b329-fd6dd600565c ] Request (FlavorsAccessTestJSON:_run_cleanups): 202 DELETE http://10.180.1.21/compute/v2.1/flavors/1356099070 1.791s
2024-12-12 00:09:24.391 66569 INFO tempest.lib.common.rest_client [req-7a32583e-c374-4fa8-8789-562b7261b860 req-7a32583e-c374-4fa8-8789-562b7261b860 ] Request (FloatingIPsNegativeTestJSON:tearDownClass): 200 PUT http://10.180.1.21:9696/networking/v2.0/routers/6a240df8-3053-4d27-9050-15a1edbeb3e6/remove_router_interface 2.269s
2024-12-12 00:09:24.465 66549 INFO tempest.lib.common.rest_client [req-b0329bbc-51b8-4b46-983b-219c9c7c65a1 req-b0329bbc-51b8-4b46-983b-219c9c7c65a1 ] Request (ServerDiagnosticsTest:tearDownClass): 204 DELETE http://10.180.1.21/compute/v2.1/servers/5c9ca73a-bc48-4a75-89c8-03def719e488 1.690s
2024-12-12 00:09:24.467 66567 INFO tempest.lib.common.rest_client [req-2b3ca565-791a-427d-bdda-822ea7494020 req-2b3ca565-791a-427d-bdda-822ea7494020 ] Request (HostsAdminTestJSON:tearDownClass): 204 DELETE http://10.180.1.21/identity/v3/users/81c24a56c141487da7c1e7130e4c8125 0.165s
2024-12-12 00:09:24.489 66585 INFO tempest.lib.common.rest_client [req-b1e16f12-67ae-4c9f-8f81-fe87bf8338ce req-b1e16f12-67ae-4c9f-8f81-fe87bf8338ce ] Request (InstanceUsageAuditLogTestJSON:tearDownClass): 204 DELETE http://10.180.1.21:9696/networking/v2.0/security-groups/18a14b93-2356-45a6-ab03-6bc9caa929e4 0.305s
2024-12-12 00:09:24.498 66565 INFO tempest.lib.common.rest_client [req-640f5d46-3262-4564-8ae2-562ec6e54f0d req-640f5d46-3262-4564-8ae2-562ec6e54f0d ] Request (FlavorsExtraSpecsTestJSON:test_flavor_set_get_update_show_unset_keys): 200 PUT http://10.180.1.21/compute/v2.1/flavors/586901131/os-extra_specs/hw:numa_nodes 1.501s
2024-12-12 00:09:24.566 66599 INFO tempest.lib.common.rest_client [req-82b216e4-799e-4df4-9f98-96db4ffc2add req-82b216e4-799e-4df4-9f98-96db4ffc2add ] Request (QuotasAdminNegativeTest:test_create_server_when_memory_quota_is_full): 200 PUT http://10.180.1.21/compute/v2.1/os-quota-sets/d49eac58c0514f5394e9ac754c38be48 1.584s
2024-12-12 00:09:24.624 66585 INFO tempest.lib.common.rest_client [req-7537ff8e-30ee-40e7-b0fe-f9bf4ca533ad req-7537ff8e-30ee-40e7-b0fe-f9bf4ca533ad ] Request (InstanceUsageAuditLogTestJSON:tearDownClass): 204 DELETE http://10.180.1.21/identity/v3/projects/e7a2beb926914defbcb3b85f616e7b21 0.134s
2024-12-12 00:09:24.644 66567 INFO tempest.lib.common.rest_client [req-02c20066-0920-4761-8706-851dc9961e28 req-02c20066-0920-4761-8706-851dc9961e28 ] Request (HostsAdminTestJSON:tearDownClass): 204 DELETE http://10.180.1.21/identity/v3/users/6cf9d7fd206e43e4a8dd52c6d0414aa4 0.176s
2024-12-12 00:09:24.644 66567 INFO tempest.lib.common.dynamic_creds [-] Deleting project and security group for project: 46d148f64f8d40af9652b6ef3557550a
2024-12-12 00:09:24.720 66599 INFO tempest.lib.common.rest_client [req-333f6a74-aeb3-470f-80ab-73651860a652 req-333f6a74-aeb3-470f-80ab-73651860a652 ] Request (QuotasAdminNegativeTest:test_create_server_when_memory_quota_is_full): 201 POST http://10.180.1.21/identity/v3/auth/tokens 0.145s
2024-12-12 00:09:24.720 66599 INFO tempest.lib.common.fixed_network [-] (QuotasAdminNegativeTest:test_create_server_when_memory_quota_is_full) Found network None available for tenant
2024-12-12 00:09:24.739 66585 INFO tempest.lib.common.rest_client [req-bdd313e5-107a-4986-ac84-a321a586165c req-bdd313e5-107a-4986-ac84-a321a586165c ] Request (SecurityGroupsTestAdminJSON:setUpClass): 201 POST http://10.180.1.21/identity/v3/auth/tokens 0.114s
2024-12-12 00:09:24.789 66567 INFO tempest.lib.common.rest_client [req-66c62531-b813-4496-8fd9-606d044c1fba req-66c62531-b813-4496-8fd9-606d044c1fba ] Request (HostsAdminTestJSON:tearDownClass): 201 POST http://10.180.1.21/identity/v3/auth/tokens 0.145s
2024-12-12 00:09:24.832 66585 INFO tempest.lib.common.rest_client [req-ddb892d4-5801-4f8f-9df7-339668cfc7e6 req-ddb892d4-5801-4f8f-9df7-339668cfc7e6 ] Request (SecurityGroupsTestAdminJSON:setUpClass): 201 POST http://10.180.1.21/identity/v3/auth/tokens 0.090s
2024-12-12 00:09:24.858 66585 INFO tempest.lib.common.rest_client [req-43be6282-c1ea-414f-a234-57e783e4a9b7 req-43be6282-c1ea-414f-a234-57e783e4a9b7 ] Request (SecurityGroupsTestAdminJSON:setUpClass): 200 GET http://10.180.1.21/identity/v3/domains?name=Default 0.026s
2024-12-12 00:09:24.862 66551 INFO tempest.lib.common.rest_client [req-bb22a09d-a484-4f3c-8284-7aa7c7f187c3 req-bb22a09d-a484-4f3c-8284-7aa7c7f187c3 ] Request (QuotasAdminTestJSON:test_get_default_quotas): 200 GET http://10.180.1.21/compute/v2.1/os-quota-sets/3b739ff30c6840dba22e05e565ec4ac2/defaults 1.795s
2024-12-12 00:09:24.892 66551 INFO tempest.lib.common.rest_client [req-7d0b3fb6-065d-48f8-840d-e08272bbab8c req-7d0b3fb6-065d-48f8-840d-e08272bbab8c ] Request (QuotasAdminTestJSON:test_get_updated_quotas): 200 GET http://10.180.1.21/identity/v3/domains?name=Default 0.026s
2024-12-12 00:09:24.892 66585 INFO tempest.lib.common.rest_client [req-0a092766-92e0-4feb-a79d-e058b45225e6 req-0a092766-92e0-4feb-a79d-e058b45225e6 ] Request (SecurityGroupsTestAdminJSON:setUpClass): 201 POST http://10.180.1.21/identity/v3/projects 0.033s
2024-12-12 00:09:24.917 66561 INFO tempest.lib.common.rest_client [req-d3c2cc11-0ef2-4541-822b-c046513869ca req-d3c2cc11-0ef2-4541-822b-c046513869ca ] Request (ServersTestFqdnHostnames:test_create_server_with_fqdn_name): 200 GET http://10.180.1.21/compute/v2.1/servers/deef59c8-f710-434d-bddc-f63bb3d518b1 1.551s
2024-12-12 00:09:24.923 66579 INFO tempest.lib.common.rest_client [req-10e046e8-6015-4699-8e5b-e68bc91a434a req-10e046e8-6015-4699-8e5b-e68bc91a434a ] Request (HypervisorAdminNegativeTestJSON:test_get_nonexistent_hypervisor_uptime): 404 GET http://10.180.1.21/compute/v2.1/os-hypervisors/2ab382c4-41e6-4312-bf70-ae92085b0528/uptime 1.156s
2024-12-12 00:09:24.927 66561 INFO tempest.common.waiters [-] State transition "BUILD/None" ==> "BUILD/spawning" after 4 second wait
2024-12-12 00:09:24.957 66551 INFO tempest.lib.common.rest_client [req-d8f058ad-bd7c-4d37-9f72-32fe8b747565 req-d8f058ad-bd7c-4d37-9f72-32fe8b747565 ] Request (QuotasAdminTestJSON:test_get_updated_quotas): 201 POST http://10.180.1.21/identity/v3/projects 0.065s
2024-12-12 00:09:24.972 66585 INFO tempest.lib.common.rest_client [req-feb7a0c0-6e4b-424a-9d3e-3966e7fa9d36 req-feb7a0c0-6e4b-424a-9d3e-3966e7fa9d36 ] Request (SecurityGroupsTestAdminJSON:setUpClass): 201 POST http://10.180.1.21/identity/v3/users 0.080s
2024-12-12 00:09:25.015 66551 INFO tempest.lib.common.rest_client [req-57f184a1-1fe6-45f0-98af-b93aa0eba6f4 req-57f184a1-1fe6-45f0-98af-b93aa0eba6f4 ] Request (QuotasAdminTestJSON:test_get_updated_quotas): 200 GET http://10.180.1.21/identity/v3/domains?name=Default 0.057s
2024-12-12 00:09:25.072 66585 INFO tempest.lib.common.rest_client [req-bbf1c3eb-150b-4be9-b187-03700683bdb3 req-bbf1c3eb-150b-4be9-b187-03700683bdb3 ] Request (SecurityGroupsTestAdminJSON:setUpClass): 200 GET http://10.180.1.21/identity/v3/roles 0.099s
2024-12-12 00:09:25.112 66585 INFO tempest.lib.common.rest_client [req-5451a87d-9641-4bb8-8cff-0e05cc922c76 req-5451a87d-9641-4bb8-8cff-0e05cc922c76 ] Request (SecurityGroupsTestAdminJSON:setUpClass): 204 PUT http://10.180.1.21/identity/v3/projects/5dd8315153714f09a516d3c4bae00e2f/users/1533938e6455443cae192a0e6dc19d5c/roles/1c56ce6e3f204ed28d22ade9103b0462 0.038s
2024-12-12 00:09:25.112 66585 INFO tempest.lib.common.dynamic_creds [-] Dynamic test user 1533938e6455443cae192a0e6dc19d5c is created with scope project and roles: ['member']
2024-12-12 00:09:25.112 66585 INFO tempest.lib.common.dynamic_creds [-] Acquired dynamic creds: credentials: Credentials: {'domain_id': 'default', 'domain_name': 'Default', 'username': 'tempest-SecurityGroupsTestAdminJSON-2104113546-project-member', 'project_domain_id': 'default', 'project_domain_name': 'Default', 'project_id': '5dd8315153714f09a516d3c4bae00e2f', 'project_name': 'tempest-SecurityGroupsTestAdminJSON-2104113546', 'tenant_id': '5dd8315153714f09a516d3c4bae00e2f', 'tenant_name': 'tempest-SecurityGroupsTestAdminJSON-2104113546', 'user_domain_id': 'default', 'user_domain_name': 'Default', 'user_id': '1533938e6455443cae192a0e6dc19d5c', 'system': None}, Network: None, Subnet: None, Router: None
2024-12-12 00:09:25.112 66585 INFO tempest.lib.common.dynamic_creds [-] Created isolated network resources for: credentials: Credentials: {'domain_id': 'default', 'domain_name': 'Default', 'username': 'tempest-SecurityGroupsTestAdminJSON-2104113546-project-member', 'project_domain_id': 'default', 'project_domain_name': 'Default', 'project_id': '5dd8315153714f09a516d3c4bae00e2f', 'project_name': 'tempest-SecurityGroupsTestAdminJSON-2104113546', 'tenant_id': '5dd8315153714f09a516d3c4bae00e2f', 'tenant_name': 'tempest-SecurityGroupsTestAdminJSON-2104113546', 'user_domain_id': 'default', 'user_domain_name': 'Default', 'user_id': '1533938e6455443cae192a0e6dc19d5c', 'system': None}, Network: None, Subnet: None, Router: None
2024-12-12 00:09:25.159 66577 INFO tempest.lib.common.rest_client [req-c7121011-0891-49b0-85e9-13d7ef39d97b req-c7121011-0891-49b0-85e9-13d7ef39d97b ] Request (FloatingIPsAssociationTestJSON:setUpClass): 200 GET http://10.180.1.21/compute/v2.1/servers/5b6b4ed4-67c3-4f0c-ac2a-d5c8981a9e07 1.361s
2024-12-12 00:09:25.193 66585 INFO tempest.lib.common.rest_client [req-32e0eae5-5ec0-4a90-b96c-44fd3ffe911f req-32e0eae5-5ec0-4a90-b96c-44fd3ffe911f ] Request (SecurityGroupsTestAdminJSON:setUpClass): 201 POST http://10.180.1.21/identity/v3/auth/tokens 0.076s
2024-12-12 00:09:25.257 66585 INFO tempest.lib.common.rest_client [req-1b81cafe-15ef-4c93-bdea-d5c843433472 req-1b81cafe-15ef-4c93-bdea-d5c843433472 ] Request (SecurityGroupsTestAdminJSON:setUpClass): 201 POST http://10.180.1.21/identity/v3/projects 0.063s
2024-12-12 00:09:25.264 66569 INFO tempest.lib.common.rest_client [req-d8319420-9123-4f0d-b248-e05d6817f97f req-d8319420-9123-4f0d-b248-e05d6817f97f ] Request (FloatingIPsNegativeTestJSON:tearDownClass): 204 DELETE http://10.180.1.21:9696/networking/v2.0/routers/6a240df8-3053-4d27-9050-15a1edbeb3e6 0.873s
2024-12-12 00:09:25.274 66594 INFO tempest.lib.common.rest_client [req-81650716-6fa5-419a-88b8-f71659ae9a43 req-81650716-6fa5-419a-88b8-f71659ae9a43 ] Request (SecurityGroupRulesTestJSON:test_security_group_rules_delete_when_peer_group_deleted): 200 POST http://10.180.1.21/compute/v2.1/os-security-group-rules 1.729s
2024-12-12 00:09:25.304 66553 INFO tempest.lib.common.rest_client [req-0c6aac4f-7d80-4e66-9297-d13dccefd27b req-0c6aac4f-7d80-4e66-9297-d13dccefd27b ] Request (FloatingIPsTestJSON:tearDownClass): 204 DELETE http://10.180.1.21:9696/networking/v2.0/routers/d9e62b5b-0164-48b1-9adc-c745913b5224 1.448s
2024-12-12 00:09:25.330 66563 INFO tempest.lib.common.rest_client [req-efcc9d3d-5d6e-4612-bb2f-5c9ea5f29e2c req-efcc9d3d-5d6e-4612-bb2f-5c9ea5f29e2c ] Request (KeyPairsV22TestJSON:test_get_keypair_detail): 201 POST http://10.180.1.21/compute/v2.1/os-keypairs 1.310s
2024-12-12 00:09:25.332 66605 INFO tempest.lib.common.rest_client [req-200a2d5c-009a-4630-aaed-087108ed3ad2 req-200a2d5c-009a-4630-aaed-087108ed3ad2 ] Request (ServicesAdminNegativeV253TestJSON:test_get_service_by_invalid_params): 200 GET http://10.180.1.21/compute/v2.1/os-services?xxx=nova-compute 1.143s
2024-12-12 00:09:25.349 66555 INFO tempest.lib.common.rest_client [req-1eec6d66-bb03-4c7a-aa54-049fe096a50d req-1eec6d66-bb03-4c7a-aa54-049fe096a50d ] Request (FlavorsAccessNegativeTestJSON:_run_cleanups): 200 GET http://10.180.1.21/compute/v2.1/flavors/detail 1.135s
2024-12-12 00:09:25.369 66585 INFO tempest.lib.common.rest_client [req-c1294179-acf6-42ac-8967-bdcbe3f57f8a req-c1294179-acf6-42ac-8967-bdcbe3f57f8a ] Request (SecurityGroupsTestAdminJSON:setUpClass): 201 POST http://10.180.1.21/identity/v3/users 0.111s
2024-12-12 00:09:25.389 66591 INFO tempest.lib.common.rest_client [req-5c1003c2-3358-4050-8b92-a23a7c290803 req-5c1003c2-3358-4050-8b92-a23a7c290803 ] Request (ValidationResourcesFixture:setUp): 200 POST http://10.180.1.21/compute/v2.1/os-keypairs 1.162s
2024-12-12 00:09:25.395 66585 INFO tempest.lib.common.rest_client [req-7dbe97d1-504f-4ccf-baa3-f6ec49054091 req-7dbe97d1-504f-4ccf-baa3-f6ec49054091 ] Request (SecurityGroupsTestAdminJSON:setUpClass): 200 GET http://10.180.1.21/identity/v3/roles 0.025s
2024-12-12 00:09:25.397 66571 INFO tempest.lib.common.rest_client [req-f9826f6b-8cf3-4f0d-8ce2-caf5034e4329 req-f9826f6b-8cf3-4f0d-8ce2-caf5034e4329 ] Request (HostsAdminNegativeTestJSON:test_update_host_with_invalid_maintenance_mode): 400 PUT http://10.180.1.21/compute/v2.1/os-hosts/devstack 1.157s
2024-12-12 00:09:25.409 66545 INFO tempest.lib.common.rest_client [req-4eb4cb9c-ae2c-45f3-9c67-75fafddce26e req-4eb4cb9c-ae2c-45f3-9c67-75fafddce26e ] Request (FlavorsExtraSpecsNegativeTestJSON:tearDownClass): 200 GET http://10.180.1.21/compute/v2.1/flavors/detail 1.161s
2024-12-12 00:09:25.426 66585 INFO tempest.lib.common.rest_client [req-5941ad6f-01ca-4d43-9341-57ad1b3182ff req-5941ad6f-01ca-4d43-9341-57ad1b3182ff ] Request (SecurityGroupsTestAdminJSON:setUpClass): 204 PUT http://10.180.1.21/identity/v3/projects/25407229003a4889bd71a5f5538273e7/users/52eb1549fbf34161bbc66088ee421e2b/roles/62815a92bb024bff803e7593510beda0 0.030s
2024-12-12 00:09:25.487 66585 INFO tempest.lib.common.rest_client [req-71aa2c13-86b5-4ac4-8898-62c4c51b1f32 req-71aa2c13-86b5-4ac4-8898-62c4c51b1f32 ] Request (SecurityGroupsTestAdminJSON:setUpClass): 200 GET http://10.180.1.21/identity/v3/roles 0.060s
2024-12-12 00:09:25.511 66585 INFO tempest.lib.common.rest_client [req-74baf8e8-6c75-4843-9bcd-4c1aa25307d3 req-74baf8e8-6c75-4843-9bcd-4c1aa25307d3 ] Request (SecurityGroupsTestAdminJSON:setUpClass): 204 PUT http://10.180.1.21/identity/v3/projects/25407229003a4889bd71a5f5538273e7/users/52eb1549fbf34161bbc66088ee421e2b/roles/62815a92bb024bff803e7593510beda0 0.023s
2024-12-12 00:09:25.511 66585 INFO tempest.lib.common.dynamic_creds [-] Dynamic test user 52eb1549fbf34161bbc66088ee421e2b is created with scope project and roles: ['admin']
2024-12-12 00:09:25.511 66585 INFO tempest.lib.common.dynamic_creds [-] Acquired dynamic creds: credentials: Credentials: {'domain_id': 'default', 'domain_name': 'Default', 'username': 'tempest-SecurityGroupsTestAdminJSON-1207139683-project-admin', 'project_domain_id': 'default', 'project_domain_name': 'Default', 'project_id': '25407229003a4889bd71a5f5538273e7', 'project_name': 'tempest-SecurityGroupsTestAdminJSON-1207139683', 'tenant_id': '25407229003a4889bd71a5f5538273e7', 'tenant_name': 'tempest-SecurityGroupsTestAdminJSON-1207139683', 'user_domain_id': 'default', 'user_domain_name': 'Default', 'user_id': '52eb1549fbf34161bbc66088ee421e2b', 'system': None}, Network: None, Subnet: None, Router: None
2024-12-12 00:09:25.511 66585 INFO tempest.lib.common.dynamic_creds [-] Created isolated network resources for: credentials: Credentials: {'domain_id': 'default', 'domain_name': 'Default', 'username': 'tempest-SecurityGroupsTestAdminJSON-1207139683-project-admin', 'project_domain_id': 'default', 'project_domain_name': 'Default', 'project_id': '25407229003a4889bd71a5f5538273e7', 'project_name': 'tempest-SecurityGroupsTestAdminJSON-1207139683', 'tenant_id': '25407229003a4889bd71a5f5538273e7', 'tenant_name': 'tempest-SecurityGroupsTestAdminJSON-1207139683', 'user_domain_id': 'default', 'user_domain_name': 'Default', 'user_id': '52eb1549fbf34161bbc66088ee421e2b', 'system': None}, Network: None, Subnet: None, Router: None
2024-12-12 00:09:25.518 66569 INFO tempest.lib.common.rest_client [req-d5bd4861-48bf-4b9a-a5b9-2c0baece9965 req-d5bd4861-48bf-4b9a-a5b9-2c0baece9965 ] Request (FloatingIPsNegativeTestJSON:tearDownClass): 204 DELETE http://10.180.1.21:9696/networking/v2.0/subnets/5f80daf0-9cea-44b6-9f4d-957ea18cb2e9 0.253s
2024-12-12 00:09:25.541 66545 INFO tempest.lib.common.rest_client [req-5d13bf40-85c6-4384-a607-d26a10606178 req-5d13bf40-85c6-4384-a607-d26a10606178 ] Request (FlavorsExtraSpecsNegativeTestJSON:tearDownClass): 204 DELETE http://10.180.1.21/identity/v3/users/23537d07d8dd4e3b918e3af6d1c3a6a7 0.127s
2024-12-12 00:09:25.619 66585 INFO tempest.lib.common.rest_client [req-d18b171e-c760-421c-a2fb-309e013f5a69 req-d18b171e-c760-421c-a2fb-309e013f5a69 ] Request (SecurityGroupsTestAdminJSON:setUpClass): 201 POST http://10.180.1.21/identity/v3/auth/tokens 0.103s
2024-12-12 00:09:25.698 66567 INFO tempest.lib.common.rest_client [req-657efb6a-8645-47be-bace-8b6cb055db63 req-657efb6a-8645-47be-bace-8b6cb055db63 ] Request (HostsAdminTestJSON:tearDownClass): 200 GET http://10.180.1.21:9696/networking/v2.0/security-groups?tenant_id=46d148f64f8d40af9652b6ef3557550a&name=default 0.908s
2024-12-12 00:09:25.707 66545 INFO tempest.lib.common.rest_client [req-69f0e36c-950d-4747-9c2e-208d7f6e3a22 req-69f0e36c-950d-4747-9c2e-208d7f6e3a22 ] Request (FlavorsExtraSpecsNegativeTestJSON:tearDownClass): 204 DELETE http://10.180.1.21/identity/v3/users/9bed335886144137af6c089ef863f15a 0.166s
2024-12-12 00:09:25.707 66545 INFO tempest.lib.common.dynamic_creds [-] Deleting project and security group for project: f9cd960a83244887968ef14fbb973ad6
2024-12-12 00:09:25.770 66595 INFO tempest.lib.common.rest_client [req-405c004c-a258-41c7-86a4-e0bfbd5f545b req-405c004c-a258-41c7-86a4-e0bfbd5f545b ] Request (SecurityGroupsNegativeTestJSON:tearDownClass): 204 DELETE http://10.180.1.21:9696/networking/v2.0/routers/b018a34a-57e2-430b-8ae6-a4574cc49968 1.716s
2024-12-12 00:09:25.796 66545 INFO tempest.lib.common.rest_client [req-c355ff8b-26f3-4a28-af17-5bcfa592a92e req-c355ff8b-26f3-4a28-af17-5bcfa592a92e ] Request (FlavorsExtraSpecsNegativeTestJSON:tearDownClass): 201 POST http://10.180.1.21/identity/v3/auth/tokens 0.088s
2024-12-12 00:09:25.830 66553 INFO tempest.lib.common.rest_client [req-b27e6e07-c1ea-4f86-881e-11a39bcb6ce0 req-b27e6e07-c1ea-4f86-881e-11a39bcb6ce0 ] Request (FloatingIPsTestJSON:tearDownClass): 204 DELETE http://10.180.1.21:9696/networking/v2.0/subnets/aba069f0-cbf5-4fcd-83a7-f82f1899d825 0.526s
2024-12-12 00:09:25.964 66591 INFO tempest.lib.common.rest_client [req-ba2dff72-2fc2-4555-9b02-a510a5c1507c req-ba2dff72-2fc2-4555-9b02-a510a5c1507c ] Request (ValidationResourcesFixture:setUp): 201 POST http://10.180.1.21:9696/networking/v2.0/security-groups 0.573s
2024-12-12 00:09:25.981 66601 INFO tempest.lib.common.rest_client [req-03c38148-5990-4032-9111-a7a5f67d4662 req-03c38148-5990-4032-9111-a7a5f67d4662 ] Request (AttachInterfacesTestJSON:test_create_list_show_delete_interfaces_by_fixed_ip): 200 GET http://10.180.1.21/compute/v2.1/servers/8adc8b4b-1087-4a11-9ee8-d897f1aa83f3 1.727s
2024-12-12 00:09:26.007 66597 INFO tempest.lib.common.rest_client [req-3b5af128-6e2c-468f-a6ec-8c0ce255e124 req-3b5af128-6e2c-468f-a6ec-8c0ce255e124 ] Request (FlavorsAdminTestJSON:test_create_flavor_with_none_id): 200 POST http://10.180.1.21/compute/v2.1/flavors 1.746s
2024-12-12 00:09:26.032 66589 INFO tempest.lib.common.rest_client [req-03c0f104-c1bb-4bcb-96f5-69bc5ff81a59 req-03c0f104-c1bb-4bcb-96f5-69bc5ff81a59 ] Request (FlavorsV2TestJSON:test_list_flavors_detailed_filter_by_min_ram): 200 GET http://10.180.1.21/compute/v2.1/flavors/detail?minRam=193 1.769s
2024-12-12 00:09:26.068 66557 INFO tempest.lib.common.rest_client [req-98a0870d-6d69-482b-bfc2-af1729fcd771 req-98a0870d-6d69-482b-bfc2-af1729fcd771 ] Request (AggregatesAdminNegativeTestJSON:test_aggregate_add_non_exist_host): 404 POST http://10.180.1.21/compute/v2.1/os-aggregates/3/action 1.772s
2024-12-12 00:09:26.075 66567 INFO tempest.lib.common.rest_client [req-69d53479-ca91-433d-901c-79fa01fbd14d req-69d53479-ca91-433d-901c-79fa01fbd14d ] Request (HostsAdminTestJSON:tearDownClass): 204 DELETE http://10.180.1.21:9696/networking/v2.0/security-groups/65b1c695-3774-4a69-92da-e2a0ae3aaa1c 0.376s
2024-12-12 00:09:26.083 66575 INFO tempest.lib.common.rest_client [req-96790813-4bb1-479e-b527-408906a7392d req-96790813-4bb1-479e-b527-408906a7392d ] Request (FlavorsAccessTestJSON:_run_cleanups): 200 GET http://10.180.1.21/compute/v2.1/flavors/detail 1.770s
2024-12-12 00:09:26.131 66573 INFO tempest.lib.common.rest_client [req-5c90b698-a771-457a-89c2-d8b021308a02 req-5c90b698-a771-457a-89c2-d8b021308a02 ] Request (ListServerFiltersTestJSON:setUpClass): 202 POST http://10.180.1.21/compute/v2.1/servers 1.911s
2024-12-12 00:09:26.153 66567 INFO tempest.lib.common.rest_client [req-374d7ee5-55b3-4a97-99a7-797af483d6f8 req-374d7ee5-55b3-4a97-99a7-797af483d6f8 ] Request (HostsAdminTestJSON:tearDownClass): 204 DELETE http://10.180.1.21/identity/v3/projects/46d148f64f8d40af9652b6ef3557550a 0.077s
2024-12-12 00:09:26.154 66567 INFO tempest.lib.common.dynamic_creds [-] Deleting project and security group for project: 4fa0ea4727f84da5b6fd6d527656936a
2024-12-12 00:09:26.186 66575 INFO tempest.lib.common.rest_client [req-9c88766e-0b76-4ddc-befd-5ed75406007a req-9c88766e-0b76-4ddc-befd-5ed75406007a ] Request (FlavorsAccessTestJSON:tearDownClass): 204 DELETE http://10.180.1.21/identity/v3/users/6f0f628285904611bca2364a5ba30950 0.097s
2024-12-12 00:09:26.214 66595 INFO tempest.lib.common.rest_client [req-df8fd5ef-8ecb-443e-bd51-91b9f53483e1 req-df8fd5ef-8ecb-443e-bd51-91b9f53483e1 ] Request (SecurityGroupsNegativeTestJSON:tearDownClass): 204 DELETE http://10.180.1.21:9696/networking/v2.0/subnets/b163b293-dbf9-46bc-9c96-a0a207af7a98 0.443s
2024-12-12 00:09:26.269 66569 INFO tempest.lib.common.rest_client [req-02da692f-1919-4234-ad0a-5df840122637 req-02da692f-1919-4234-ad0a-5df840122637 ] Request (FloatingIPsNegativeTestJSON:tearDownClass): 204 DELETE http://10.180.1.21:9696/networking/v2.0/networks/c15f0763-7c80-442f-b792-05d956cd2da9 0.749s
2024-12-12 00:09:26.331 66575 INFO tempest.lib.common.rest_client [req-e09589ac-4400-4243-814c-1913d596a788 req-e09589ac-4400-4243-814c-1913d596a788 ] Request (FlavorsAccessTestJSON:tearDownClass): 204 DELETE http://10.180.1.21/identity/v3/users/102915147c034164976f1cd671058cc5 0.144s
2024-12-12 00:09:26.331 66575 INFO tempest.lib.common.dynamic_creds [-] Deleting project and security group for project: f52f8024e1e14b45908e22357206c333
2024-12-12 00:09:26.349 66569 INFO tempest.lib.common.rest_client [req-c0bfcdd7-9ce5-4bc2-b33d-adc61f74daf2 req-c0bfcdd7-9ce5-4bc2-b33d-adc61f74daf2 ] Request (FloatingIPsNegativeTestJSON:tearDownClass): 204 DELETE http://10.180.1.21/identity/v3/users/5cfd8460111049809f223014cac1b61a 0.080s
2024-12-12 00:09:26.350 66569 INFO tempest.lib.common.dynamic_creds [-] Deleting project and security group for project: 1f282c2377134ab8b5b32f384cb9bf70
2024-12-12 00:09:26.390 66575 INFO tempest.lib.common.rest_client [req-59ba45bd-7d15-407d-8144-7bef371283e9 req-59ba45bd-7d15-407d-8144-7bef371283e9 ] Request (FlavorsAccessTestJSON:tearDownClass): 201 POST http://10.180.1.21/identity/v3/auth/tokens 0.059s
2024-12-12 00:09:26.444 66545 INFO tempest.lib.common.rest_client [req-668dbfd6-a6a8-4d33-99f1-7a8554ee3dc3 req-668dbfd6-a6a8-4d33-99f1-7a8554ee3dc3 ] Request (FlavorsExtraSpecsNegativeTestJSON:tearDownClass): 200 GET http://10.180.1.21:9696/networking/v2.0/security-groups?tenant_id=f9cd960a83244887968ef14fbb973ad6&name=default 0.647s
2024-12-12 00:09:26.539 66569 INFO tempest.lib.common.rest_client [req-5e8e58c3-ecf2-4366-a841-02d3ffce2db9 req-5e8e58c3-ecf2-4366-a841-02d3ffce2db9 ] Request (FloatingIPsNegativeTestJSON:tearDownClass): 200 GET http://10.180.1.21:9696/networking/v2.0/security-groups?tenant_id=1f282c2377134ab8b5b32f384cb9bf70&name=default 0.189s
2024-12-12 00:09:26.551 66591 INFO tempest.lib.common.rest_client [req-4d8a8d3e-7092-4b84-acfb-726b33c75727 req-4d8a8d3e-7092-4b84-acfb-726b33c75727 ] Request (ValidationResourcesFixture:setUp): 201 POST http://10.180.1.21:9696/networking/v2.0/security-group-rules 0.586s
2024-12-12 00:09:26.577 66583 INFO tempest.lib.common.rest_client [req-537bf016-5a6d-41b3-a49f-4f899f87a696 req-537bf016-5a6d-41b3-a49f-4f899f87a696 ] Request (ServersTestManualDisk:setUpClass): 200 GET http://10.180.1.21/compute/v2.1/servers/c7603ce8-8471-4813-9faf-3667a205893c 2.205s
2024-12-12 00:09:26.586 66583 INFO tempest.common.waiters [-] State transition "BUILD/spawning" ==> "ACTIVE/None" after 12 second wait
2024-12-12 00:09:26.588 66565 INFO tempest.lib.common.rest_client [req-b84a8e45-26e4-48c2-9988-80e03799e01a req-b84a8e45-26e4-48c2-9988-80e03799e01a ] Request (FlavorsExtraSpecsTestJSON:test_flavor_set_get_update_show_unset_keys): 200 GET http://10.180.1.21/compute/v2.1/flavors/586901131/os-extra_specs 2.090s
2024-12-12 00:09:26.892 66549 INFO tempest.lib.common.rest_client [req-5e56ff51-aed9-49dd-8583-718fca15e832 req-5e56ff51-aed9-49dd-8583-718fca15e832 ] Request (ServerDiagnosticsTest:tearDownClass): 200 GET http://10.180.1.21/compute/v2.1/servers/5c9ca73a-bc48-4a75-89c8-03def719e488 2.426s
2024-12-12 00:09:26.941 66567 INFO tempest.lib.common.rest_client [req-2caef497-04e8-4e57-9347-9a8af9a35fe9 req-2caef497-04e8-4e57-9347-9a8af9a35fe9 ] Request (HostsAdminTestJSON:tearDownClass): 200 GET http://10.180.1.21:9696/networking/v2.0/security-groups?tenant_id=4fa0ea4727f84da5b6fd6d527656936a&name=default 0.786s
2024-12-12 00:09:27.009 66545 INFO tempest.lib.common.rest_client [req-b90225c0-2bd1-4c95-b06c-0452944e6296 req-b90225c0-2bd1-4c95-b06c-0452944e6296 ] Request (FlavorsExtraSpecsNegativeTestJSON:tearDownClass): 204 DELETE http://10.180.1.21:9696/networking/v2.0/security-groups/ce21824d-0da1-4e15-90ba-28baf6f94ffb 0.564s
2024-12-12 00:09:27.096 66575 INFO tempest.lib.common.rest_client [req-477f40e0-6873-423d-b068-29f123cb0c97 req-477f40e0-6873-423d-b068-29f123cb0c97 ] Request (FlavorsAccessTestJSON:tearDownClass): 200 GET http://10.180.1.21:9696/networking/v2.0/security-groups?tenant_id=f52f8024e1e14b45908e22357206c333&name=default 0.706s
2024-12-12 00:09:27.100 66545 INFO tempest.lib.common.rest_client [req-b2f311fb-3069-44b7-bb79-05ed3d949802 req-b2f311fb-3069-44b7-bb79-05ed3d949802 ] Request (FlavorsExtraSpecsNegativeTestJSON:tearDownClass): 204 DELETE http://10.180.1.21/identity/v3/projects/f9cd960a83244887968ef14fbb973ad6 0.090s
2024-12-12 00:09:27.100 66545 INFO tempest.lib.common.dynamic_creds [-] Deleting project and security group for project: 3a80a4712fd74f758cd86c7eb5ed2105
2024-12-12 00:09:27.148 66599 INFO tempest.lib.common.rest_client [req-e90dcee0-357e-4a4a-8595-bca070a989b3 req-e90dcee0-357e-4a4a-8595-bca070a989b3 ] Request (QuotasAdminNegativeTest:test_create_server_when_memory_quota_is_full): 403 POST http://10.180.1.21/compute/v2.1/servers 2.428s
2024-12-12 00:09:27.160 66591 INFO tempest.lib.common.rest_client [req-20beb9a9-b60f-4107-90ca-242459db95f9 req-20beb9a9-b60f-4107-90ca-242459db95f9 ] Request (ValidationResourcesFixture:setUp): 201 POST http://10.180.1.21:9696/networking/v2.0/security-group-rules 0.608s
2024-12-12 00:09:27.164 66579 INFO tempest.lib.common.rest_client [req-61c4e3d1-30ec-4244-82cf-f1ea8b5ac916 req-61c4e3d1-30ec-4244-82cf-f1ea8b5ac916 ] Request (HypervisorAdminNegativeTestJSON:test_show_hypervisor_with_non_admin_user): 200 GET http://10.180.1.21/compute/v2.1/os-hypervisors 2.239s
2024-12-12 00:09:27.167 66569 INFO tempest.lib.common.rest_client [req-0151aa08-cff1-4a00-b411-85f7c034d445 req-0151aa08-cff1-4a00-b411-85f7c034d445 ] Request (FloatingIPsNegativeTestJSON:tearDownClass): 204 DELETE http://10.180.1.21:9696/networking/v2.0/security-groups/a492e12c-0776-45ea-bc0e-b951cb69f0cb 0.628s
2024-12-12 00:09:27.225 66581 INFO tempest.lib.common.rest_client [req-21f0cf98-01f4-4c01-98e8-b61c69276ade req-21f0cf98-01f4-4c01-98e8-b61c69276ade ] Request (ServersAdminNegativeTestJSON:setUpClass): 200 GET http://10.180.1.21/compute/v2.1/servers/9a7bfafe-8598-4c6f-9714-0567fcbb8ea6 2.457s
2024-12-12 00:09:27.253 66553 INFO tempest.lib.common.rest_client [req-4388e7a9-e2c8-4423-884d-846a92e8cb78 req-4388e7a9-e2c8-4423-884d-846a92e8cb78 ] Request (FloatingIPsTestJSON:tearDownClass): 204 DELETE http://10.180.1.21:9696/networking/v2.0/networks/4403cb68-9d4d-4085-8edd-793f1e686788 1.422s
2024-12-12 00:09:27.286 66569 INFO tempest.lib.common.rest_client [req-e8249934-1f81-42bc-ba8f-2364490e34c0 req-e8249934-1f81-42bc-ba8f-2364490e34c0 ] Request (FloatingIPsNegativeTestJSON:tearDownClass): 204 DELETE http://10.180.1.21/identity/v3/projects/1f282c2377134ab8b5b32f384cb9bf70 0.119s
2024-12-12 00:09:27.348 66567 INFO tempest.lib.common.rest_client [req-b0c562e8-860e-4183-b9cd-1e27b67ef95e req-b0c562e8-860e-4183-b9cd-1e27b67ef95e ] Request (HostsAdminTestJSON:tearDownClass): 204 DELETE http://10.180.1.21:9696/networking/v2.0/security-groups/5d53c44b-3fc3-43ed-a066-ac34b00d5cb8 0.406s
2024-12-12 00:09:27.362 66569 INFO tempest.lib.common.rest_client [req-26102c06-eb10-4798-8eeb-564244c08db1 req-26102c06-eb10-4798-8eeb-564244c08db1 ] Request (ServersTestBootFromVolume:setUpClass): 201 POST http://10.180.1.21/identity/v3/auth/tokens 0.073s
2024-12-12 00:09:27.396 66551 INFO tempest.lib.common.rest_client [req-82de2463-1143-4fba-86d1-a44d5138814a req-82de2463-1143-4fba-86d1-a44d5138814a ] Request (QuotasAdminTestJSON:test_get_updated_quotas): 200 PUT http://10.180.1.21/compute/v2.1/os-quota-sets/3bdc466332834cd691dba5898ae0abdd 2.380s
2024-12-12 00:09:27.427 66567 INFO tempest.lib.common.rest_client [req-aad5e805-a01b-4b8c-a8b8-510aed893e40 req-aad5e805-a01b-4b8c-a8b8-510aed893e40 ] Request (HostsAdminTestJSON:tearDownClass): 204 DELETE http://10.180.1.21/identity/v3/projects/4fa0ea4727f84da5b6fd6d527656936a 0.078s
2024-12-12 00:09:27.427 66553 INFO tempest.lib.common.rest_client [req-2dd68ded-2726-4eae-b1e0-3a1a848ff695 req-2dd68ded-2726-4eae-b1e0-3a1a848ff695 ] Request (FloatingIPsTestJSON:tearDownClass): 204 DELETE http://10.180.1.21/identity/v3/users/896892d1577a488588681581a66b01cd 0.173s
2024-12-12 00:09:27.428 66553 INFO tempest.lib.common.dynamic_creds [-] Deleting project and security group for project: 656777b5d3a7483e8a7bbd386adaeb0f
2024-12-12 00:09:27.458 66575 INFO tempest.lib.common.rest_client [req-b8e7c20a-6cfd-47b7-874a-f411a764ca05 req-b8e7c20a-6cfd-47b7-874a-f411a764ca05 ] Request (FlavorsAccessTestJSON:tearDownClass): 204 DELETE http://10.180.1.21:9696/networking/v2.0/security-groups/4f6fd1fc-111d-482b-9330-af67b589eedd 0.361s
2024-12-12 00:09:27.471 66587 INFO tempest.lib.common.rest_client [req-a8c1ab66-b391-43e4-a9c4-8324fd324eac req-a8c1ab66-b391-43e4-a9c4-8324fd324eac ] Request (ServerDiagnosticsNegativeTest:test_get_server_diagnostics_by_non_admin): 200 GET http://10.180.1.21/compute/v2.1/servers/5bffec39-0b09-49a0-a862-560720db45cd 2.322s
2024-12-12 00:09:27.476 66545 INFO tempest.lib.common.rest_client [req-5df47b67-ab45-4b9c-9271-4558170c2dff req-5df47b67-ab45-4b9c-9271-4558170c2dff ] Request (FlavorsExtraSpecsNegativeTestJSON:tearDownClass): 200 GET http://10.180.1.21:9696/networking/v2.0/security-groups?tenant_id=3a80a4712fd74f758cd86c7eb5ed2105&name=default 0.375s
2024-12-12 00:09:27.478 66587 INFO tempest.common.waiters [-] State transition "BUILD/spawning" ==> "ACTIVE/None" after 19 second wait
2024-12-12 00:09:27.483 66569 INFO tempest.lib.common.rest_client [req-a2ab2771-6392-41e6-b6b2-b65451f10ab5 req-a2ab2771-6392-41e6-b6b2-b65451f10ab5 ] Request (ServersTestBootFromVolume:setUpClass): 201 POST http://10.180.1.21/identity/v3/auth/tokens 0.117s
2024-12-12 00:09:27.485 66567 INFO tempest.lib.common.rest_client [req-ace9e312-6de7-45f4-bca0-0a45354f52a6 req-ace9e312-6de7-45f4-bca0-0a45354f52a6 ] Request (QuotasSecurityGroupAdminNegativeTest:setUpClass): 201 POST http://10.180.1.21/identity/v3/auth/tokens 0.057s
2024-12-12 00:09:27.500 66547 INFO tempest.lib.common.rest_client [req-ef0f06d3-41c4-423e-8ccf-ad716b06b0cb req-ef0f06d3-41c4-423e-8ccf-ad716b06b0cb ] Request (ServersAdminTestJSON:setUpClass): 200 PUT http://10.180.1.21:9696/networking/v2.0/routers/89d29f0c-0e3d-47ef-a35f-7caccbf4ff00/add_router_interface 4.510s
