2024-12-12 00:10:38.696 66549 INFO tempest.lib.common.rest_client [req-5020d858-0a0a-4a45-9e05-544759e0509a req-5020d858-0a0a-4a45-9e05-544759e0509a ] Request (ImagesTestJSON:test_create_image_from_stopped_server): 200 GET http://10.180.1.21/compute/v2.1/images/eda5f6cb-607d-4d11-8755-4520d23c5b9b 0.055s
2024-12-12 00:10:38.809 66589 INFO tempest.lib.common.rest_client [req-464df817-026b-46b2-b91d-2928299f76aa req-464df817-026b-46b2-b91d-2928299f76aa ] Request (ServerAddressesNegativeTestJSON:setUpClass): 200 GET http://10.180.1.21/compute/v2.1/servers/e34ebddc-2192-4975-81d7-0f5c200f114e 0.193s
2024-12-12 00:10:38.876 66577 INFO tempest.lib.common.rest_client [req-f2f87e9a-28f1-40f3-bd19-269c70572729 req-f2f87e9a-28f1-40f3-bd19-269c70572729 ] Request (FloatingIPsAssociationTestJSON:tearDownClass): 200 GET http://10.180.1.21/compute/v2.1/servers/b6bdc187-a266-4f7d-a9e4-85cb100cf4bf 0.160s
2024-12-12 00:10:38.908 66567 INFO tempest.lib.common.rest_client [req-5375289e-f0d6-4025-998d-bd768abd0058 req-5375289e-f0d6-4025-998d-bd768abd0058 ] Request (ImagesOneServerNegativeTestJSON:setUpClass): 200 GET http://10.180.1.21/compute/v2.1/servers/9dfb7d7f-6656-46fd-969e-c692db1ce507 0.192s
2024-12-12 00:10:38.915 66567 INFO tempest.common.waiters [-] State transition "BUILD/networking" ==> "BUILD/spawning" after 38 second wait
2024-12-12 00:10:38.924 66547 INFO tempest.lib.common.rest_client [req-73f61b39-70da-451b-a032-f9a4b2eb6bdc req-73f61b39-70da-451b-a032-f9a4b2eb6bdc ] Request (ServersAdminTestJSON:test_create_server_with_scheduling_hint): 200 GET http://10.180.1.21/compute/v2.1/servers/9cfd3e8c-b6a5-4406-b165-1ce46ba3f0f1 0.094s
2024-12-12 00:10:38.957 66587 INFO tempest.lib.common.rest_client [req-4a9b3aef-feb8-4ccf-acf7-c0f3d5fe27a9 req-4a9b3aef-feb8-4ccf-acf7-c0f3d5fe27a9 ] Request (FloatingIPsAssociationNegativeTestJSON:setUpClass): 200 GET http://10.180.1.21/compute/v2.1/servers/e3f3fc2c-0060-4521-8aa3-da37209aee81 0.074s
2024-12-12 00:10:39.072 66571 INFO tempest.lib.common.rest_client [req-585323b2-33dc-4351-a622-e8a386e3e294 req-585323b2-33dc-4351-a622-e8a386e3e294 ] Request (ServerTagsTestJSON:setUpClass): 200 GET http://10.180.1.21/compute/v2.1/servers/2b548b58-d5b9-4b6f-bef9-ea3b29f09f7b 0.101s
2024-12-12 00:10:39.103 66559 INFO tempest.lib.common.rest_client [req-b88f71bd-1b4b-4f9c-9017-e5eb0e5bfa1c req-b88f71bd-1b4b-4f9c-9017-e5eb0e5bfa1c ] Request (ServerExternalEventsTest:tearDownClass): 200 GET http://10.180.1.21/compute/v2.1/servers/a1d1337f-3c41-4c1c-812b-aa10f2a680a8 0.052s
2024-12-12 00:10:39.152 66569 INFO tempest.lib.common.rest_client [req-6d08c7d0-b3eb-4f51-9917-ef1cecf3f58d req-6d08c7d0-b3eb-4f51-9917-ef1cecf3f58d ] Request (ServersTestBootFromVolume:setUpClass): 200 GET http://10.180.1.21/compute/v2.1/servers/cb7f5d2b-18a2-4b35-9f81-8f8e7bb768a9 0.051s
2024-12-12 00:10:39.197 66551 INFO tempest.lib.common.rest_client [req-111f3679-27ea-46fb-a036-eb6b8cc93416 req-111f3679-27ea-46fb-a036-eb6b8cc93416 ] Request (ImagesNegativeTestJSON:test_create_image_from_deleted_server): 200 GET http://10.180.1.21/compute/v2.1/servers/c70cf2f1-77a9-4eff-981f-9d72caa82c7b 0.107s
2024-12-12 00:10:39.204 66551 INFO tempest.common.waiters [-] State transition "BUILD/spawning" ==> "ACTIVE/None" after 44 second wait
2024-12-12 00:10:39.228 66599 INFO tempest.lib.common.rest_client [req-236c345d-54f2-4700-a577-2fef19a507f6 req-236c345d-54f2-4700-a577-2fef19a507f6 ] Request (ServersAdmin275Test:tearDownClass): 200 GET http://10.180.1.21/compute/v2.1/servers/f4cf1732-6b6a-47be-acf4-b127bc4b9baf 0.067s
2024-12-12 00:10:39.253 66563 INFO tempest.lib.common.rest_client [req-f63bafac-b407-489e-a2b9-736cd5b63a2b req-f63bafac-b407-489e-a2b9-736cd5b63a2b ] Request (ServersV294TestFqdnHostnames:setUpClass): 200 GET http://10.180.1.21/compute/v2.1/servers/3455a540-7fbc-46ba-b7d6-84a345c0463e 0.086s
2024-12-12 00:10:39.301 66597 INFO tempest.lib.common.rest_client [req-ddf62f34-4937-4f6b-a204-ce37dcc41265 req-ddf62f34-4937-4f6b-a204-ce37dcc41265 ] Request (ServersTestJSON:setUpClass): 200 GET http://10.180.1.21/compute/v2.1/servers/1f3792c0-9f86-4d76-a1a6-28d492869046 0.080s
2024-12-12 00:10:39.317 66551 INFO tempest.lib.common.rest_client [req-1b2c3ea3-845b-4f4d-a08c-e73450ec8e2a req-1b2c3ea3-845b-4f4d-a08c-e73450ec8e2a ] Request (ImagesNegativeTestJSON:test_create_image_from_deleted_server): 204 DELETE http://10.180.1.21/compute/v2.1/servers/c70cf2f1-77a9-4eff-981f-9d72caa82c7b 0.112s
2024-12-12 00:10:39.369 66573 INFO tempest.lib.common.rest_client [req-7dc1d25d-b3e2-41fc-b225-d429ae7e78d1 req-7dc1d25d-b3e2-41fc-b225-d429ae7e78d1 ] Request (ListServerFiltersTestJSON:tearDownClass): 200 GET http://10.180.1.21/compute/v2.1/servers/82ea280a-4e1b-4fac-a634-7f79ce731564 0.131s
2024-12-12 00:10:39.379 66594 INFO tempest.lib.common.rest_client [req-0bf359a2-5042-408e-bf95-d7f85c14e47a req-0bf359a2-5042-408e-bf95-d7f85c14e47a ] Request (InstanceActionsV221TestJSON:test_get_list_deleted_instance_actions): 200 GET http://10.180.1.21/compute/v2.1/servers/f2240974-0fa4-4f59-ae0c-b9da52f9600e 0.107s
2024-12-12 00:10:39.445 66575 INFO tempest.lib.common.rest_client [req-18192a95-b8bd-46f0-81b5-c06b30444d40 req-18192a95-b8bd-46f0-81b5-c06b30444d40 ] Request (ServerRescueNegativeTestJSON:setUpClass): 200 GET http://10.180.1.21/compute/v2.1/servers/2f589dc1-9244-475f-86d0-4b69b511508b 0.118s
2024-12-12 00:10:39.514 66607 INFO tempest.lib.common.rest_client [req-b5ebf188-c7c3-4f88-aca5-b743c73fe59f req-b5ebf188-c7c3-4f88-aca5-b743c73fe59f ] Request (AttachVolumeTestJSON:test_attach_detach_volume): 200 GET http://10.180.1.21/compute/v2.1/servers/29aaac3b-1f0e-40fe-9805-a0e6e6ae597d 0.164s
2024-12-12 00:10:39.527 66551 INFO tempest.lib.common.rest_client [req-5fe61d20-d6ca-4a5b-a076-1dc6eaa03c8a req-5fe61d20-d6ca-4a5b-a076-1dc6eaa03c8a ] Request (ImagesNegativeTestJSON:test_create_image_from_deleted_server): 200 GET http://10.180.1.21/compute/v2.1/servers/c70cf2f1-77a9-4eff-981f-9d72caa82c7b 0.210s
2024-12-12 00:10:39.546 66579 INFO tempest.lib.common.rest_client [req-36176e2c-383f-4a0a-bf5a-089f828d3005 req-36176e2c-383f-4a0a-bf5a-089f828d3005 ] Request (ServerDiagnosticsV248Test:tearDownClass): 404 GET http://10.180.1.21/compute/v2.1/servers/30fbab3d-8141-4d7e-987f-e4f4fc4a1808 0.134s
2024-12-12 00:10:39.566 66545 INFO tempest.lib.common.rest_client [req-2ff75962-104c-466e-870a-b29127402bbe req-2ff75962-104c-466e-870a-b29127402bbe ] Request (ServerActionsTestJSON:setUpClass): 200 GET http://10.180.1.21/compute/v2.1/servers/6e9051e9-aa89-408f-8f62-533085dc1312 0.190s
2024-12-12 00:10:39.595 66555 INFO tempest.lib.common.rest_client [req-f1a58787-e2eb-442a-bb0d-2fb51fb36e47 req-f1a58787-e2eb-442a-bb0d-2fb51fb36e47 ] Request (AttachInterfacesUnderV243Test:test_add_remove_fixed_ip): 200 GET http://10.180.1.21/compute/v2.1/servers/d2e7c558-02af-477c-b996-239ef14ed75b 0.164s
2024-12-12 00:10:39.624 66581 INFO tempest.lib.common.rest_client [req-6454347f-76fa-4c57-ac67-02bef71b8a2e req-6454347f-76fa-4c57-ac67-02bef71b8a2e ] Request (ServersAdminNegativeTestJSON:tearDownClass): 200 GET http://10.180.1.21/compute/v2.1/servers/d38bbd59-b40c-4965-b823-caefc93e2568 0.128s
2024-12-12 00:10:39.653 66595 INFO tempest.lib.common.rest_client [req-301247c5-5392-4a71-9f81-8a00f5f18816 req-301247c5-5392-4a71-9f81-8a00f5f18816 ] Request (ServerShowV247Test:tearDownClass): 200 GET http://10.180.1.21/compute/v2.1/servers/8b41bff7-137f-489c-bb88-7487eb8e97cb 0.148s
2024-12-12 00:10:39.680 66557 INFO tempest.lib.common.rest_client [req-d335dd86-6745-422a-a5d0-c9efec98ee79 req-d335dd86-6745-422a-a5d0-c9efec98ee79 ] Request (VolumesAssistedSnapshotsTest:test_volume_assisted_snapshot_create_delete): 200 GET http://10.180.1.21/compute/v2.1/servers/e8864d73-35e6-490b-a07c-e8cac8baf880 0.131s
2024-12-12 00:10:39.683 66579 INFO tempest.lib.common.rest_client [req-5508e904-fb75-4def-83aa-4a54aeaebc46 req-5508e904-fb75-4def-83aa-4a54aeaebc46 ] Request (ServerDiagnosticsV248Test:tearDownClass): 204 DELETE http://10.180.1.21/identity/v3/users/8566480a0f1c45f69af61e33786aa276 0.136s
2024-12-12 00:10:39.708 66585 INFO tempest.lib.common.rest_client [req-a48b1bb7-507c-4d5f-9204-3a8d76a3f3a8 req-a48b1bb7-507c-4d5f-9204-3a8d76a3f3a8 ] Request (AttachInterfacesV270Test:test_create_get_list_interfaces): 200 GET http://10.180.1.21/compute/v2.1/servers/cfae9bf8-012a-4286-b978-bba8a913bba2 0.101s
2024-12-12 00:10:39.762 66565 INFO tempest.lib.common.rest_client [req-e36a19ac-1205-4396-8677-9b0334381be2 req-e36a19ac-1205-4396-8677-9b0334381be2 ] Request (MultipleCreateTestJSON:_run_cleanups): 200 GET http://10.180.1.21/compute/v2.1/servers/e3255df2-2de0-4668-ad7b-a864ea680b44 0.100s
2024-12-12 00:10:39.814 66549 INFO tempest.lib.common.rest_client [req-d929ad50-63a9-4a26-9be1-7e3d189070f9 req-d929ad50-63a9-4a26-9be1-7e3d189070f9 ] Request (ImagesTestJSON:test_create_image_from_stopped_server): 200 GET http://10.180.1.21/compute/v2.1/images/eda5f6cb-607d-4d11-8755-4520d23c5b9b 0.113s
2024-12-12 00:10:39.844 66579 INFO tempest.lib.common.rest_client [req-8265e355-f233-4a24-b74e-54be882ea000 req-8265e355-f233-4a24-b74e-54be882ea000 ] Request (ServerDiagnosticsV248Test:tearDownClass): 204 DELETE http://10.180.1.21/identity/v3/users/e408fab49bc24a93874136ebcfdfe39d 0.161s
2024-12-12 00:10:39.844 66579 INFO tempest.lib.common.dynamic_creds [-] Deleting project and security group for project: 4937a5af3a6b4d3798c5ed2322dfe2a6
2024-12-12 00:10:39.856 66553 INFO tempest.lib.common.rest_client [req-cda4b62d-7d28-4f2b-a02e-6c43d7194a1c req-cda4b62d-7d28-4f2b-a02e-6c43d7194a1c ] Request (ImagesOneServerTestJSON:test_create_delete_image): 200 GET http://10.180.1.21/compute/v2.1/servers/35a2e221-e1c5-49d9-af93-5e5f28c62b8f 0.218s
2024-12-12 00:10:39.863 66553 INFO tempest.common.waiters [-] State transition "ACTIVE/image_uploading" ==> "ACTIVE/None" after 1 second wait
2024-12-12 00:10:39.901 66553 INFO tempest.lib.common.rest_client [req-3ba7d7a5-d159-4622-8ec1-1c16ebe650f0 req-3ba7d7a5-d159-4622-8ec1-1c16ebe650f0 ] Request (ImagesOneServerTestJSON:test_create_delete_image): 200 GET http://10.180.1.21/compute/v2.1/images/a5a2dbb7-f75e-42d0-a67b-cb3f946c1f36 0.037s
2024-12-12 00:10:39.914 66579 INFO tempest.lib.common.rest_client [req-067133b7-cf12-47c9-9616-52c8a98169f7 req-067133b7-cf12-47c9-9616-52c8a98169f7 ] Request (ServerDiagnosticsV248Test:tearDownClass): 201 POST http://10.180.1.21/identity/v3/auth/tokens 0.070s
2024-12-12 00:10:39.941 66589 INFO tempest.lib.common.rest_client [req-bf84085b-9fb5-4896-b05b-b87287d830ae req-bf84085b-9fb5-4896-b05b-b87287d830ae ] Request (ServerAddressesNegativeTestJSON:setUpClass): 200 GET http://10.180.1.21/compute/v2.1/servers/e34ebddc-2192-4975-81d7-0f5c200f114e 0.124s
2024-12-12 00:10:39.968 66553 INFO tempest.lib.common.rest_client [req-b020d31f-873e-486f-92cc-20c61b4dd241 req-b020d31f-873e-486f-92cc-20c61b4dd241 ] Request (ImagesOneServerTestJSON:test_create_delete_image): 200 GET http://10.180.1.21/compute/v2.1/flavors/42 0.065s
2024-12-12 00:10:39.991 66577 INFO tempest.lib.common.rest_client [req-c532b549-9664-4f6a-bdda-8f6b2d775f4b req-c532b549-9664-4f6a-bdda-8f6b2d775f4b ] Request (FloatingIPsAssociationTestJSON:tearDownClass): 200 GET http://10.180.1.21/compute/v2.1/servers/b6bdc187-a266-4f7d-a9e4-85cb100cf4bf 0.106s
2024-12-12 00:10:40.051 66547 INFO tempest.lib.common.rest_client [req-1b246c66-0be8-4a4e-8f21-f4eb5862d6cd req-1b246c66-0be8-4a4e-8f21-f4eb5862d6cd ] Request (ServersAdminTestJSON:test_create_server_with_scheduling_hint): 200 GET http://10.180.1.21/compute/v2.1/servers/9cfd3e8c-b6a5-4406-b165-1ce46ba3f0f1 0.119s
2024-12-12 00:10:40.111 66587 INFO tempest.lib.common.rest_client [req-40723d7f-dc69-45d1-9c84-909e301b7116 req-40723d7f-dc69-45d1-9c84-909e301b7116 ] Request (FloatingIPsAssociationNegativeTestJSON:setUpClass): 200 GET http://10.180.1.21/compute/v2.1/servers/e3f3fc2c-0060-4521-8aa3-da37209aee81 0.144s
2024-12-12 00:10:40.139 66567 INFO tempest.lib.common.rest_client [req-bdfd9d32-c8d8-4687-b17a-8e921aba5dd4 req-bdfd9d32-c8d8-4687-b17a-8e921aba5dd4 ] Request (ImagesOneServerNegativeTestJSON:setUpClass): 200 GET http://10.180.1.21/compute/v2.1/servers/9dfb7d7f-6656-46fd-969e-c692db1ce507 0.223s
2024-12-12 00:10:40.234 66579 INFO tempest.lib.common.rest_client [req-b963dbaa-0016-413b-9861-c4cf1e7f4caf req-b963dbaa-0016-413b-9861-c4cf1e7f4caf ] Request (ServerDiagnosticsV248Test:tearDownClass): 200 GET http://10.180.1.21:9696/networking/v2.0/security-groups?tenant_id=4937a5af3a6b4d3798c5ed2322dfe2a6&name=default 0.320s
2024-12-12 00:10:40.260 66553 INFO tempest.lib.common.rest_client [req-000291b6-43e1-4d20-8936-70d1e0a41886 req-000291b6-43e1-4d20-8936-70d1e0a41886 ] Request (ImagesOneServerTestJSON:test_create_delete_image): 204 DELETE http://10.180.1.21/compute/v2.1/images/a382955a-c365-48c6-8634-872090f3a433 0.287s
2024-12-12 00:10:40.280 66571 INFO tempest.lib.common.rest_client [req-a75bfa1c-3662-4670-8a9c-190f778eb433 req-a75bfa1c-3662-4670-8a9c-190f778eb433 ] Request (ServerTagsTestJSON:setUpClass): 200 GET http://10.180.1.21/compute/v2.1/servers/2b548b58-d5b9-4b6f-bef9-ea3b29f09f7b 0.198s
2024-12-12 00:10:40.321 66559 INFO tempest.lib.common.rest_client [req-f4b4c412-af6e-4121-b607-c42d0f31cc6a req-f4b4c412-af6e-4121-b607-c42d0f31cc6a ] Request (ServerExternalEventsTest:tearDownClass): 200 GET http://10.180.1.21/compute/v2.1/servers/a1d1337f-3c41-4c1c-812b-aa10f2a680a8 0.211s
2024-12-12 00:10:40.328 66559 INFO tempest.common.waiters [-] State transition "ACTIVE/deleting" ==> "DELETED/None" after 4 second wait
2024-12-12 00:10:40.329 66569 INFO tempest.lib.common.rest_client [req-74c85bac-3848-472c-b0c6-099fd7c4cac0 req-74c85bac-3848-472c-b0c6-099fd7c4cac0 ] Request (ServersTestBootFromVolume:setUpClass): 200 GET http://10.180.1.21/compute/v2.1/servers/cb7f5d2b-18a2-4b35-9f81-8f8e7bb768a9 0.166s
2024-12-12 00:10:40.343 66579 INFO tempest.lib.common.rest_client [req-efc49b29-41fb-4393-a507-984a3d115eb2 req-efc49b29-41fb-4393-a507-984a3d115eb2 ] Request (ServerDiagnosticsV248Test:tearDownClass): 204 DELETE http://10.180.1.21:9696/networking/v2.0/security-groups/270dbb35-404b-4aeb-9ef1-6fa8818a82f8 0.108s
2024-12-12 00:10:40.346 66553 INFO tempest.lib.common.rest_client [req-c14ca7db-c6d4-47d7-bffb-d69fed25b1aa req-c14ca7db-c6d4-47d7-bffb-d69fed25b1aa ] Request (ImagesOneServerTestJSON:test_create_delete_image): 404 GET http://10.180.1.21/compute/v2.1/images/a382955a-c365-48c6-8634-872090f3a433 0.086s
2024-12-12 00:10:40.380 66599 INFO tempest.lib.common.rest_client [req-cbfda5a9-5b1d-42a4-a3be-600954b24e5a req-cbfda5a9-5b1d-42a4-a3be-600954b24e5a ] Request (ServersAdmin275Test:tearDownClass): 200 GET http://10.180.1.21/compute/v2.1/servers/f4cf1732-6b6a-47be-acf4-b127bc4b9baf 0.141s
2024-12-12 00:10:40.399 66563 INFO tempest.lib.common.rest_client [req-be2b458a-a02f-49db-913b-99de06654c41 req-be2b458a-a02f-49db-913b-99de06654c41 ] Request (ServersV294TestFqdnHostnames:setUpClass): 200 GET http://10.180.1.21/compute/v2.1/servers/3455a540-7fbc-46ba-b7d6-84a345c0463e 0.136s
2024-12-12 00:10:40.428 66579 INFO tempest.lib.common.rest_client [req-ee61f931-937e-4e19-b713-8871cb66c8df req-ee61f931-937e-4e19-b713-8871cb66c8df ] Request (ServerDiagnosticsV248Test:tearDownClass): 204 DELETE http://10.180.1.21/identity/v3/projects/4937a5af3a6b4d3798c5ed2322dfe2a6 0.085s
2024-12-12 00:10:40.428 66579 INFO tempest.lib.common.dynamic_creds [-] Deleting project and security group for project: 8f2879b14cc04456a3cbaeec8201fbdb
2024-12-12 00:10:40.448 66597 INFO tempest.lib.common.rest_client [req-f95ef9a6-0b61-4357-be62-c248881501d1 req-f95ef9a6-0b61-4357-be62-c248881501d1 ] Request (ServersTestJSON:setUpClass): 200 GET http://10.180.1.21/compute/v2.1/servers/1f3792c0-9f86-4d76-a1a6-28d492869046 0.139s
2024-12-12 00:10:40.503 66573 INFO tempest.lib.common.rest_client [req-f3c542e6-5ef8-41ba-be96-39ae22b0b7f5 req-f3c542e6-5ef8-41ba-be96-39ae22b0b7f5 ] Request (ListServerFiltersTestJSON:tearDownClass): 200 GET http://10.180.1.21/compute/v2.1/servers/82ea280a-4e1b-4fac-a634-7f79ce731564 0.125s
2024-12-12 00:10:40.536 66579 INFO tempest.lib.common.rest_client [req-51f75d03-c1c4-447d-b7a0-07d9a69cdc07 req-51f75d03-c1c4-447d-b7a0-07d9a69cdc07 ] Request (ServerDiagnosticsV248Test:tearDownClass): 200 GET http://10.180.1.21:9696/networking/v2.0/security-groups?tenant_id=8f2879b14cc04456a3cbaeec8201fbdb&name=default 0.106s
2024-12-12 00:10:40.567 66594 INFO tempest.lib.common.rest_client [req-322553ca-aefc-4a8f-ab03-936f67292775 req-322553ca-aefc-4a8f-ab03-936f67292775 ] Request (InstanceActionsV221TestJSON:test_get_list_deleted_instance_actions): 200 GET http://10.180.1.21/compute/v2.1/servers/f2240974-0fa4-4f59-ae0c-b9da52f9600e 0.180s
2024-12-12 00:10:40.613 66575 INFO tempest.lib.common.rest_client [req-9d5d1e06-fb3e-4000-b8ec-6d091b4f43d0 req-9d5d1e06-fb3e-4000-b8ec-6d091b4f43d0 ] Request (ServerRescueNegativeTestJSON:setUpClass): 200 GET http://10.180.1.21/compute/v2.1/servers/2f589dc1-9244-475f-86d0-4b69b511508b 0.160s
2024-12-12 00:10:40.622 66579 INFO tempest.lib.common.rest_client [req-7e193f94-a683-46ea-90f6-11c6ab71e93a req-7e193f94-a683-46ea-90f6-11c6ab71e93a ] Request (ServerDiagnosticsV248Test:tearDownClass): 204 DELETE http://10.180.1.21:9696/networking/v2.0/security-groups/ef6234e8-6d38-4716-96c1-5efff9ed510e 0.086s
2024-12-12 00:10:40.658 66607 INFO tempest.lib.common.rest_client [req-3a1bbd99-b2b3-4507-8b37-cd2c43975e51 req-3a1bbd99-b2b3-4507-8b37-cd2c43975e51 ] Request (AttachVolumeTestJSON:test_attach_detach_volume): 200 GET http://10.180.1.21/compute/v2.1/servers/29aaac3b-1f0e-40fe-9805-a0e6e6ae597d 0.137s
2024-12-12 00:10:40.731 66579 INFO tempest.lib.common.rest_client [req-23eb7d1e-80c6-49d3-b824-ed45ad0b7053 req-23eb7d1e-80c6-49d3-b824-ed45ad0b7053 ] Request (ServerDiagnosticsV248Test:tearDownClass): 204 DELETE http://10.180.1.21/identity/v3/projects/8f2879b14cc04456a3cbaeec8201fbdb 0.108s
2024-12-12 00:10:40.773 66551 INFO tempest.lib.common.rest_client [req-55d0d26a-3df8-437d-bf12-318eff86657d req-55d0d26a-3df8-437d-bf12-318eff86657d ] Request (ImagesNegativeTestJSON:test_create_image_from_deleted_server): 200 GET http://10.180.1.21/compute/v2.1/servers/c70cf2f1-77a9-4eff-981f-9d72caa82c7b 0.239s
2024-12-12 00:10:40.786 66579 INFO tempest.lib.common.rest_client [req-9dd5c3d1-d074-429c-b6be-1b9a38ddef94 req-9dd5c3d1-d074-429c-b6be-1b9a38ddef94 ] Request (ServerShowV254Test:setUpClass): 201 POST http://10.180.1.21/identity/v3/auth/tokens 0.054s
2024-12-12 00:10:40.819 66579 INFO tempest.lib.common.rest_client [req-70c9f2c2-92a0-46e3-9e0d-520138c03b50 req-70c9f2c2-92a0-46e3-9e0d-520138c03b50 ] Request (ServerShowV254Test:setUpClass): 201 POST http://10.180.1.21/identity/v3/auth/tokens 0.030s
2024-12-12 00:10:40.843 66545 INFO tempest.lib.common.rest_client [req-bc5fad18-e381-48a6-8a4b-89ed2b1936c0 req-bc5fad18-e381-48a6-8a4b-89ed2b1936c0 ] Request (ServerActionsTestJSON:setUpClass): 200 GET http://10.180.1.21/compute/v2.1/servers/6e9051e9-aa89-408f-8f62-533085dc1312 0.268s
2024-12-12 00:10:40.848 66579 INFO tempest.lib.common.rest_client [req-d03ecf15-7ee5-467c-8517-0491fcd9ace8 req-d03ecf15-7ee5-467c-8517-0491fcd9ace8 ] Request (ServerShowV254Test:setUpClass): 200 GET http://10.180.1.21/identity/v3/domains?name=Default 0.024s
2024-12-12 00:10:40.882 66579 INFO tempest.lib.common.rest_client [req-30859b25-a5e3-4ad1-a8bd-19e019441213 req-30859b25-a5e3-4ad1-a8bd-19e019441213 ] Request (ServerShowV254Test:setUpClass): 201 POST http://10.180.1.21/identity/v3/projects 0.034s
2024-12-12 00:10:40.892 66555 INFO tempest.lib.common.rest_client [req-b61e6b63-40d4-4fb0-b837-f65376d1c675 req-b61e6b63-40d4-4fb0-b837-f65376d1c675 ] Request (AttachInterfacesUnderV243Test:test_add_remove_fixed_ip): 200 GET http://10.180.1.21/compute/v2.1/servers/d2e7c558-02af-477c-b996-239ef14ed75b 0.289s
2024-12-12 00:10:40.939 66553 INFO tempest.lib.common.rest_client [req-5c5282ee-e6f2-4de0-b63d-85eca9d10fec req-5c5282ee-e6f2-4de0-b63d-85eca9d10fec ] Request (ImagesOneServerTestJSON:test_create_image_specify_multibyte_character_image_name): 202 POST http://10.180.1.21/compute/v2.1/servers/35a2e221-e1c5-49d9-af93-5e5f28c62b8f/action 0.591s
2024-12-12 00:10:40.949 66579 INFO tempest.lib.common.rest_client [req-b3abb74d-eb58-4d06-acb1-e3d9a3918921 req-b3abb74d-eb58-4d06-acb1-e3d9a3918921 ] Request (ServerShowV254Test:setUpClass): 201 POST http://10.180.1.21/identity/v3/users 0.066s
2024-12-12 00:10:40.953 66581 INFO tempest.lib.common.rest_client [req-93f87185-2b79-4ae9-9a83-8ec4532f9d20 req-93f87185-2b79-4ae9-9a83-8ec4532f9d20 ] Request (ServersAdminNegativeTestJSON:tearDownClass): 200 GET http://10.180.1.21/compute/v2.1/servers/d38bbd59-b40c-4965-b823-caefc93e2568 0.323s
2024-12-12 00:10:40.967 66579 INFO tempest.lib.common.rest_client [req-7413ba41-758b-4239-8eee-ad75261535b9 req-7413ba41-758b-4239-8eee-ad75261535b9 ] Request (ServerShowV254Test:setUpClass): 200 GET http://10.180.1.21/identity/v3/roles 0.017s
2024-12-12 00:10:41.002 66579 INFO tempest.lib.common.rest_client [req-b0a36c28-5dd0-4c57-9e0b-04cb4ff1a2ad req-b0a36c28-5dd0-4c57-9e0b-04cb4ff1a2ad ] Request (ServerShowV254Test:setUpClass): 204 PUT http://10.180.1.21/identity/v3/projects/cd98ccb13a0a47efb0d3f071ba6710d4/users/c11e7ddaa2ce407bbd645a0a406ac2e4/roles/1c56ce6e3f204ed28d22ade9103b0462 0.035s
2024-12-12 00:10:41.002 66579 INFO tempest.lib.common.dynamic_creds [-] Dynamic test user c11e7ddaa2ce407bbd645a0a406ac2e4 is created with scope project and roles: ['member']
2024-12-12 00:10:41.002 66579 INFO tempest.lib.common.dynamic_creds [-] Acquired dynamic creds: credentials: Credentials: {'domain_id': 'default', 'domain_name': 'Default', 'username': 'tempest-ServerShowV254Test-23581617-project-member', 'project_domain_id': 'default', 'project_domain_name': 'Default', 'project_id': 'cd98ccb13a0a47efb0d3f071ba6710d4', 'project_name': 'tempest-ServerShowV254Test-23581617', 'tenant_id': 'cd98ccb13a0a47efb0d3f071ba6710d4', 'tenant_name': 'tempest-ServerShowV254Test-23581617', 'user_domain_id': 'default', 'user_domain_name': 'Default', 'user_id': 'c11e7ddaa2ce407bbd645a0a406ac2e4', 'system': None}, Network: None, Subnet: None, Router: None
2024-12-12 00:10:41.002 66579 INFO tempest.lib.common.dynamic_creds [-] Created isolated network resources for: credentials: Credentials: {'domain_id': 'default', 'domain_name': 'Default', 'username': 'tempest-ServerShowV254Test-23581617-project-member', 'project_domain_id': 'default', 'project_domain_name': 'Default', 'project_id': 'cd98ccb13a0a47efb0d3f071ba6710d4', 'project_name': 'tempest-ServerShowV254Test-23581617', 'tenant_id': 'cd98ccb13a0a47efb0d3f071ba6710d4', 'tenant_name': 'tempest-ServerShowV254Test-23581617', 'user_domain_id': 'default', 'user_domain_name': 'Default', 'user_id': 'c11e7ddaa2ce407bbd645a0a406ac2e4', 'system': None}, Network: None, Subnet: None, Router: None
2024-12-12 00:10:41.006 66557 INFO tempest.lib.common.rest_client [req-a8c7be9c-307a-4773-9c2b-3c8d41368f0d req-a8c7be9c-307a-4773-9c2b-3c8d41368f0d ] Request (VolumesAssistedSnapshotsTest:test_volume_assisted_snapshot_create_delete): 200 GET http://10.180.1.21/compute/v2.1/servers/e8864d73-35e6-490b-a07c-e8cac8baf880 0.317s
2024-12-12 00:10:41.009 66595 INFO tempest.lib.common.rest_client [req-325613a0-ef63-46e6-8f63-c7a8a052d385 req-325613a0-ef63-46e6-8f63-c7a8a052d385 ] Request (ServerShowV247Test:tearDownClass): 200 GET http://10.180.1.21/compute/v2.1/servers/8b41bff7-137f-489c-bb88-7487eb8e97cb 0.346s
2024-12-12 00:10:41.061 66585 INFO tempest.lib.common.rest_client [req-a37133a2-a1d8-45b4-81a6-3009c9ed978c req-a37133a2-a1d8-45b4-81a6-3009c9ed978c ] Request (AttachInterfacesV270Test:test_create_get_list_interfaces): 200 GET http://10.180.1.21/compute/v2.1/servers/cfae9bf8-012a-4286-b978-bba8a913bba2 0.344s
2024-12-12 00:10:41.074 66565 INFO tempest.lib.common.rest_client [req-f1fbcdce-68dd-47c6-9e5a-54f675acaec8 req-f1fbcdce-68dd-47c6-9e5a-54f675acaec8 ] Request (MultipleCreateTestJSON:_run_cleanups): 200 GET http://10.180.1.21/compute/v2.1/servers/e3255df2-2de0-4668-ad7b-a864ea680b44 0.305s
2024-12-12 00:10:41.104 66579 INFO tempest.lib.common.rest_client [req-d68a4415-ca20-4f3e-b655-b131eca2260f req-d68a4415-ca20-4f3e-b655-b131eca2260f ] Request (ServerShowV254Test:setUpClass): 201 POST http://10.180.1.21/identity/v3/auth/tokens 0.097s
2024-12-12 00:10:41.110 66549 INFO tempest.lib.common.rest_client [req-1f24907c-518f-4b13-8c90-99ce347e8432 req-1f24907c-518f-4b13-8c90-99ce347e8432 ] Request (ImagesTestJSON:test_create_image_from_stopped_server): 200 GET http://10.180.1.21/compute/v2.1/images/eda5f6cb-607d-4d11-8755-4520d23c5b9b 0.289s
2024-12-12 00:10:41.116 66553 INFO tempest.lib.common.rest_client [req-41e958c0-fe4e-4c68-87d1-dd1a2140a96b req-41e958c0-fe4e-4c68-87d1-dd1a2140a96b ] Request (ImagesOneServerTestJSON:test_create_image_specify_multibyte_character_image_name): 200 GET http://10.180.1.21/compute/v2.1/images/c6e80714-1db7-4d68-ac41-54718eff899f 0.176s
2024-12-12 00:10:41.142 66579 INFO tempest.lib.common.rest_client [req-afd23c1b-6af8-467c-9ee4-1bf226179ed0 req-afd23c1b-6af8-467c-9ee4-1bf226179ed0 ] Request (ServerShowV254Test:test_rebuild_server): 201 POST http://10.180.1.21/identity/v3/auth/tokens 0.034s
2024-12-12 00:10:41.143 66579 INFO tempest.lib.common.fixed_network [-] (ServerShowV254Test:test_rebuild_server) Found network None available for tenant
2024-12-12 00:10:41.184 66577 INFO tempest.lib.common.rest_client [req-80848e4a-b737-48df-b50b-b46f9e856462 req-80848e4a-b737-48df-b50b-b46f9e856462 ] Request (FloatingIPsAssociationTestJSON:tearDownClass): 200 GET http://10.180.1.21/compute/v2.1/servers/b6bdc187-a266-4f7d-a9e4-85cb100cf4bf 0.186s
2024-12-12 00:10:41.229 66589 INFO tempest.lib.common.rest_client [req-e528d1dd-fa7b-4a7a-a513-21e90408b9aa req-e528d1dd-fa7b-4a7a-a513-21e90408b9aa ] Request (ServerAddressesNegativeTestJSON:setUpClass): 200 GET http://10.180.1.21/compute/v2.1/servers/e34ebddc-2192-4975-81d7-0f5c200f114e 0.281s
2024-12-12 00:10:41.236 66547 INFO tempest.lib.common.rest_client [req-943621fc-2c6e-406a-a967-2eea989d6777 req-943621fc-2c6e-406a-a967-2eea989d6777 ] Request (ServersAdminTestJSON:test_create_server_with_scheduling_hint): 200 GET http://10.180.1.21/compute/v2.1/servers/9cfd3e8c-b6a5-4406-b165-1ce46ba3f0f1 0.177s
2024-12-12 00:10:41.289 66587 INFO tempest.lib.common.rest_client [req-743ad706-89c7-4e47-94bd-c0cdbb7bf156 req-743ad706-89c7-4e47-94bd-c0cdbb7bf156 ] Request (FloatingIPsAssociationNegativeTestJSON:setUpClass): 200 GET http://10.180.1.21/compute/v2.1/servers/e3f3fc2c-0060-4521-8aa3-da37209aee81 0.170s
2024-12-12 00:10:41.380 66567 INFO tempest.lib.common.rest_client [req-e007f3ae-5e21-480f-97d6-ebb2cae3cf5c req-e007f3ae-5e21-480f-97d6-ebb2cae3cf5c ] Request (ImagesOneServerNegativeTestJSON:setUpClass): 200 GET http://10.180.1.21/compute/v2.1/servers/9dfb7d7f-6656-46fd-969e-c692db1ce507 0.227s
2024-12-12 00:10:41.498 66579 INFO tempest.lib.common.rest_client [req-86510d13-cf01-47fb-a220-92ab3f047685 req-86510d13-cf01-47fb-a220-92ab3f047685 ] Request (ServerShowV254Test:test_rebuild_server): 202 POST http://10.180.1.21/compute/v2.1/servers 0.355s
2024-12-12 00:10:41.501 66571 INFO tempest.lib.common.rest_client [req-6ddc1df3-991d-49ee-8191-0715875ad571 req-6ddc1df3-991d-49ee-8191-0715875ad571 ] Request (ServerTagsTestJSON:setUpClass): 200 GET http://10.180.1.21/compute/v2.1/servers/2b548b58-d5b9-4b6f-bef9-ea3b29f09f7b 0.211s
2024-12-12 00:10:41.563 66569 INFO tempest.lib.common.rest_client [req-f54f1133-f55e-439d-bdf8-44decf7ceeae req-f54f1133-f55e-439d-bdf8-44decf7ceeae ] Request (ServersTestBootFromVolume:setUpClass): 200 GET http://10.180.1.21/compute/v2.1/servers/cb7f5d2b-18a2-4b35-9f81-8f8e7bb768a9 0.228s
2024-12-12 00:10:41.565 66559 INFO tempest.lib.common.rest_client [req-b63dca12-d477-428a-b3ea-19d3be7fe6ae req-b63dca12-d477-428a-b3ea-19d3be7fe6ae ] Request (ServerExternalEventsTest:tearDownClass): 200 GET http://10.180.1.21/compute/v2.1/servers/a1d1337f-3c41-4c1c-812b-aa10f2a680a8 0.235s
2024-12-12 00:10:41.622 66563 INFO tempest.lib.common.rest_client [req-c136c8f7-80d0-4c35-b7ff-e2ffff8dffc5 req-c136c8f7-80d0-4c35-b7ff-e2ffff8dffc5 ] Request (ServersV294TestFqdnHostnames:setUpClass): 200 GET http://10.180.1.21/compute/v2.1/servers/3455a540-7fbc-46ba-b7d6-84a345c0463e 0.214s
2024-12-12 00:10:41.630 66599 INFO tempest.lib.common.rest_client [req-c1eb49ea-24c6-4de4-98f2-413296db5e81 req-c1eb49ea-24c6-4de4-98f2-413296db5e81 ] Request (ServersAdmin275Test:tearDownClass): 200 GET http://10.180.1.21/compute/v2.1/servers/f4cf1732-6b6a-47be-acf4-b127bc4b9baf 0.242s
2024-12-12 00:10:41.671 66579 INFO tempest.lib.common.rest_client [req-6bf3c843-579e-4f26-89fa-0b2e217676b1 req-6bf3c843-579e-4f26-89fa-0b2e217676b1 ] Request (ServerShowV254Test:test_rebuild_server): 200 GET http://10.180.1.21/compute/v2.1/servers/85e8da3c-d9d5-4569-b454-bcbb3d7a9bb5 0.171s
2024-12-12 00:10:41.677 66597 INFO tempest.lib.common.rest_client [req-222d70f1-db02-486f-8ff8-6b5816bbc176 req-222d70f1-db02-486f-8ff8-6b5816bbc176 ] Request (ServersTestJSON:setUpClass): 200 GET http://10.180.1.21/compute/v2.1/servers/1f3792c0-9f86-4d76-a1a6-28d492869046 0.220s
2024-12-12 00:10:41.747 66594 INFO tempest.lib.common.rest_client [req-bbef514d-15ff-4f43-a4d8-69893a6226b6 req-bbef514d-15ff-4f43-a4d8-69893a6226b6 ] Request (InstanceActionsV221TestJSON:test_get_list_deleted_instance_actions): 200 GET http://10.180.1.21/compute/v2.1/servers/f2240974-0fa4-4f59-ae0c-b9da52f9600e 0.171s
2024-12-12 00:10:41.752 66573 INFO tempest.lib.common.rest_client [req-9db5adf1-34e1-498b-84ae-60e323874eb2 req-9db5adf1-34e1-498b-84ae-60e323874eb2 ] Request (ListServerFiltersTestJSON:tearDownClass): 200 GET http://10.180.1.21/compute/v2.1/servers/82ea280a-4e1b-4fac-a634-7f79ce731564 0.242s
2024-12-12 00:10:41.797 66575 INFO tempest.lib.common.rest_client [req-d210f5ea-4169-47d4-9e99-c003909da5b4 req-d210f5ea-4169-47d4-9e99-c003909da5b4 ] Request (ServerRescueNegativeTestJSON:setUpClass): 200 GET http://10.180.1.21/compute/v2.1/servers/2f589dc1-9244-475f-86d0-4b69b511508b 0.175s
2024-12-12 00:10:41.802 66607 INFO tempest.lib.common.rest_client [req-dffd98a5-c9eb-4ed1-ae78-320929a5dc79 req-dffd98a5-c9eb-4ed1-ae78-320929a5dc79 ] Request (AttachVolumeTestJSON:test_attach_detach_volume): 200 GET http://10.180.1.21/compute/v2.1/servers/29aaac3b-1f0e-40fe-9805-a0e6e6ae597d 0.137s
2024-12-12 00:10:41.842 66551 INFO tempest.lib.common.rest_client [req-fb1ce8af-9ed2-4996-8e76-40f8c99984c4 req-fb1ce8af-9ed2-4996-8e76-40f8c99984c4 ] Request (ImagesNegativeTestJSON:test_create_image_from_deleted_server): 200 GET http://10.180.1.21/compute/v2.1/servers/c70cf2f1-77a9-4eff-981f-9d72caa82c7b 0.062s
2024-12-12 00:10:41.900 66545 INFO tempest.lib.common.rest_client [req-1ec8adce-860f-406e-89bb-d384765c6cd3 req-1ec8adce-860f-406e-89bb-d384765c6cd3 ] Request (ServerActionsTestJSON:setUpClass): 200 GET http://10.180.1.21/compute/v2.1/servers/6e9051e9-aa89-408f-8f62-533085dc1312 0.049s
2024-12-12 00:10:41.946 66555 INFO tempest.lib.common.rest_client [req-0c67495c-931b-4b38-b3a1-3f1adca63cbb req-0c67495c-931b-4b38-b3a1-3f1adca63cbb ] Request (AttachInterfacesUnderV243Test:test_add_remove_fixed_ip): 200 GET http://10.180.1.21/compute/v2.1/servers/d2e7c558-02af-477c-b996-239ef14ed75b 0.046s
2024-12-12 00:10:42.018 66581 INFO tempest.lib.common.rest_client [req-41274ac1-23a7-41a3-adb7-b932cfde86d2 req-41274ac1-23a7-41a3-adb7-b932cfde86d2 ] Request (ServersAdminNegativeTestJSON:tearDownClass): 200 GET http://10.180.1.21/compute/v2.1/servers/d38bbd59-b40c-4965-b823-caefc93e2568 0.058s
2024-12-12 00:10:42.097 66557 INFO tempest.lib.common.rest_client [req-60641968-80a8-43ab-9b61-e29e2691149b req-60641968-80a8-43ab-9b61-e29e2691149b ] Request (VolumesAssistedSnapshotsTest:test_volume_assisted_snapshot_create_delete): 200 GET http://10.180.1.21/compute/v2.1/servers/e8864d73-35e6-490b-a07c-e8cac8baf880 0.084s
2024-12-12 00:10:42.101 66595 INFO tempest.lib.common.rest_client [req-73466539-e084-4e1a-baae-619fc64bf746 req-73466539-e084-4e1a-baae-619fc64bf746 ] Request (ServerShowV247Test:tearDownClass): 200 GET http://10.180.1.21/compute/v2.1/servers/8b41bff7-137f-489c-bb88-7487eb8e97cb 0.083s
2024-12-12 00:10:42.168 66565 INFO tempest.lib.common.rest_client [req-49da5de8-49d3-47b8-a4aa-0f1f256404b1 req-49da5de8-49d3-47b8-a4aa-0f1f256404b1 ] Request (MultipleCreateTestJSON:_run_cleanups): 200 GET http://10.180.1.21/compute/v2.1/servers/e3255df2-2de0-4668-ad7b-a864ea680b44 0.087s
2024-12-12 00:10:42.169 66585 INFO tempest.lib.common.rest_client [req-2cfb156a-5c98-463b-9dbc-4092a3904c27 req-2cfb156a-5c98-463b-9dbc-4092a3904c27 ] Request (AttachInterfacesV270Test:test_create_get_list_interfaces): 200 GET http://10.180.1.21/compute/v2.1/servers/cfae9bf8-012a-4286-b978-bba8a913bba2 0.095s
2024-12-12 00:10:42.213 66549 INFO tempest.lib.common.rest_client [req-5cf7608e-2f01-4b03-a998-741f960931f1 req-5cf7608e-2f01-4b03-a998-741f960931f1 ] Request (ImagesTestJSON:test_create_image_from_stopped_server): 200 GET http://10.180.1.21/compute/v2.1/images/eda5f6cb-607d-4d11-8755-4520d23c5b9b 0.100s
2024-12-12 00:10:42.214 66553 INFO tempest.lib.common.rest_client [req-6ae76a72-6a75-471a-b0b5-386f47a278c1 req-6ae76a72-6a75-471a-b0b5-386f47a278c1 ] Request (ImagesOneServerTestJSON:test_create_image_specify_multibyte_character_image_name): 200 GET http://10.180.1.21/compute/v2.1/images/c6e80714-1db7-4d68-ac41-54718eff899f 0.094s
2024-12-12 00:10:42.275 66577 INFO tempest.lib.common.rest_client [req-4474e414-ae74-46b4-956b-d78602b7b3cf req-4474e414-ae74-46b4-956b-d78602b7b3cf ] Request (FloatingIPsAssociationTestJSON:tearDownClass): 200 GET http://10.180.1.21/compute/v2.1/servers/b6bdc187-a266-4f7d-a9e4-85cb100cf4bf 0.083s
2024-12-12 00:10:42.331 66547 INFO tempest.lib.common.rest_client [req-2ac7a367-92d9-4bd0-8e23-c4236a1f98df req-2ac7a367-92d9-4bd0-8e23-c4236a1f98df ] Request (ServersAdminTestJSON:test_create_server_with_scheduling_hint): 200 GET http://10.180.1.21/compute/v2.1/servers/9cfd3e8c-b6a5-4406-b165-1ce46ba3f0f1 0.084s
2024-12-12 00:10:42.365 66589 INFO tempest.lib.common.rest_client [req-1f609d3c-33e7-442a-b30e-d57aa343bc18 req-1f609d3c-33e7-442a-b30e-d57aa343bc18 ] Request (ServerAddressesNegativeTestJSON:setUpClass): 200 GET http://10.180.1.21/compute/v2.1/servers/e34ebddc-2192-4975-81d7-0f5c200f114e 0.128s
2024-12-12 00:10:42.391 66587 INFO tempest.lib.common.rest_client [req-1e570231-0519-4865-a80b-62df6941c7a5 req-1e570231-0519-4865-a80b-62df6941c7a5 ] Request (FloatingIPsAssociationNegativeTestJSON:setUpClass): 200 GET http://10.180.1.21/compute/v2.1/servers/e3f3fc2c-0060-4521-8aa3-da37209aee81 0.094s
2024-12-12 00:10:42.491 66567 INFO tempest.lib.common.rest_client [req-5a91397c-899a-406a-b808-1da48fc4213a req-5a91397c-899a-406a-b808-1da48fc4213a ] Request (ImagesOneServerNegativeTestJSON:setUpClass): 200 GET http://10.180.1.21/compute/v2.1/servers/9dfb7d7f-6656-46fd-969e-c692db1ce507 0.101s
2024-12-12 00:10:42.611 66571 INFO tempest.lib.common.rest_client [req-136a9dfc-84ef-42cd-8640-b51f6ad72765 req-136a9dfc-84ef-42cd-8640-b51f6ad72765 ] Request (ServerTagsTestJSON:setUpClass): 200 GET http://10.180.1.21/compute/v2.1/servers/2b548b58-d5b9-4b6f-bef9-ea3b29f09f7b 0.100s
2024-12-12 00:10:42.623 66569 INFO tempest.lib.common.rest_client [req-ec62ef5a-30de-42b5-8d02-ebe81b18bbd3 req-ec62ef5a-30de-42b5-8d02-ebe81b18bbd3 ] Request (ServersTestBootFromVolume:setUpClass): 200 GET http://10.180.1.21/compute/v2.1/servers/cb7f5d2b-18a2-4b35-9f81-8f8e7bb768a9 0.053s
2024-12-12 00:10:42.669 66559 INFO tempest.lib.common.rest_client [req-f2c1a6e9-8310-41e2-9983-136f001c1f3d req-f2c1a6e9-8310-41e2-9983-136f001c1f3d ] Request (ServerExternalEventsTest:tearDownClass): 200 GET http://10.180.1.21/compute/v2.1/servers/a1d1337f-3c41-4c1c-812b-aa10f2a680a8 0.097s
2024-12-12 00:10:42.688 66563 INFO tempest.lib.common.rest_client [req-9fcf30ad-7d92-4076-acb2-58c5843ada43 req-9fcf30ad-7d92-4076-acb2-58c5843ada43 ] Request (ServersV294TestFqdnHostnames:setUpClass): 200 GET http://10.180.1.21/compute/v2.1/servers/3455a540-7fbc-46ba-b7d6-84a345c0463e 0.055s
2024-12-12 00:10:42.733 66599 INFO tempest.lib.common.rest_client [req-8c1118ac-8d13-4d18-9955-0b88e90565be req-8c1118ac-8d13-4d18-9955-0b88e90565be ] Request (ServersAdmin275Test:tearDownClass): 200 GET http://10.180.1.21/compute/v2.1/servers/f4cf1732-6b6a-47be-acf4-b127bc4b9baf 0.093s
2024-12-12 00:10:42.737 66579 INFO tempest.lib.common.rest_client [req-c0cfd208-94fe-4883-86db-410408f03c49 req-c0cfd208-94fe-4883-86db-410408f03c49 ] Request (ServerShowV254Test:test_rebuild_server): 200 GET http://10.180.1.21/compute/v2.1/servers/85e8da3c-d9d5-4569-b454-bcbb3d7a9bb5 0.057s
2024-12-12 00:10:42.768 66561 WARNING tempest.lib.common.ssh [-] Failed to establish authenticated ssh connection to cirros@10.180.180.194 ([Errno None] Unable to connect to port 22 on 10.180.180.194). Number attempts: 8. Retry after 9 seconds.: paramiko.ssh_exception.NoValidConnectionsError: [Errno None] Unable to connect to port 22 on 10.180.180.194
2024-12-12 00:10:42.778 66597 INFO tempest.lib.common.rest_client [req-fa5b1c41-ffa7-41a7-a15d-5993d184b27c req-fa5b1c41-ffa7-41a7-a15d-5993d184b27c ] Request (ServersTestJSON:setUpClass): 200 GET http://10.180.1.21/compute/v2.1/servers/1f3792c0-9f86-4d76-a1a6-28d492869046 0.092s
2024-12-12 00:10:42.814 66573 INFO tempest.lib.common.rest_client [req-119049bc-9cd5-4509-a31a-ca0c65884b39 req-119049bc-9cd5-4509-a31a-ca0c65884b39 ] Request (ListServerFiltersTestJSON:tearDownClass): 200 GET http://10.180.1.21/compute/v2.1/servers/82ea280a-4e1b-4fac-a634-7f79ce731564 0.055s
2024-12-12 00:10:42.826 66594 INFO tempest.lib.common.rest_client [req-20fd3de3-6399-4ee5-890a-f6d61d9f451e req-20fd3de3-6399-4ee5-890a-f6d61d9f451e ] Request (InstanceActionsV221TestJSON:test_get_list_deleted_instance_actions): 200 GET http://10.180.1.21/compute/v2.1/servers/f2240974-0fa4-4f59-ae0c-b9da52f9600e 0.066s
2024-12-12 00:10:42.866 66575 INFO tempest.lib.common.rest_client [req-1d24c0b1-129a-443e-aa4c-fcde42ccf25a req-1d24c0b1-129a-443e-aa4c-fcde42ccf25a ] Request (ServerRescueNegativeTestJSON:setUpClass): 200 GET http://10.180.1.21/compute/v2.1/servers/2f589dc1-9244-475f-86d0-4b69b511508b 0.062s
2024-12-12 00:10:42.880 66607 INFO tempest.lib.common.rest_client [req-a8078ea8-f097-406d-9629-4b6c4c3c9900 req-a8078ea8-f097-406d-9629-4b6c4c3c9900 ] Request (AttachVolumeTestJSON:test_attach_detach_volume): 200 GET http://10.180.1.21/compute/v2.1/servers/29aaac3b-1f0e-40fe-9805-a0e6e6ae597d 0.068s
2024-12-12 00:10:42.916 66551 INFO tempest.lib.common.rest_client [req-729d1821-4e24-4f95-8aed-899e5c759296 req-729d1821-4e24-4f95-8aed-899e5c759296 ] Request (ImagesNegativeTestJSON:test_create_image_from_deleted_server): 200 GET http://10.180.1.21/compute/v2.1/servers/c70cf2f1-77a9-4eff-981f-9d72caa82c7b 0.066s
2024-12-12 00:10:42.922 66551 INFO tempest.common.waiters [-] State transition "ACTIVE/deleting" ==> "DELETED/None" after 3 second wait
2024-12-12 00:10:42.954 66545 INFO tempest.lib.common.rest_client [req-73755daf-0c9a-4953-a2b9-696452b68b73 req-73755daf-0c9a-4953-a2b9-696452b68b73 ] Request (ServerActionsTestJSON:setUpClass): 200 GET http://10.180.1.21/compute/v2.1/servers/6e9051e9-aa89-408f-8f62-533085dc1312 0.046s
2024-12-12 00:10:42.996 66555 INFO tempest.lib.common.rest_client [req-30c0c758-101c-44c8-9085-108857f3eb6a req-30c0c758-101c-44c8-9085-108857f3eb6a ] Request (AttachInterfacesUnderV243Test:test_add_remove_fixed_ip): 200 GET http://10.180.1.21/compute/v2.1/servers/d2e7c558-02af-477c-b996-239ef14ed75b 0.044s
2024-12-12 00:10:43.078 66581 INFO tempest.lib.common.rest_client [req-b0d0c8b7-4b4a-4249-a9e0-e603b2ff346f req-b0d0c8b7-4b4a-4249-a9e0-e603b2ff346f ] Request (ServersAdminNegativeTestJSON:tearDownClass): 200 GET http://10.180.1.21/compute/v2.1/servers/d38bbd59-b40c-4965-b823-caefc93e2568 0.053s
2024-12-12 00:10:43.153 66557 INFO tempest.lib.common.rest_client [req-48907fa4-6508-4f16-be24-d4437791db94 req-48907fa4-6508-4f16-be24-d4437791db94 ] Request (VolumesAssistedSnapshotsTest:test_volume_assisted_snapshot_create_delete): 200 GET http://10.180.1.21/compute/v2.1/servers/e8864d73-35e6-490b-a07c-e8cac8baf880 0.046s
2024-12-12 00:10:43.170 66595 INFO tempest.lib.common.rest_client [req-69d6a549-e719-4e72-bf68-d5e94fa58dcb req-69d6a549-e719-4e72-bf68-d5e94fa58dcb ] Request (ServerShowV247Test:tearDownClass): 200 GET http://10.180.1.21/compute/v2.1/servers/8b41bff7-137f-489c-bb88-7487eb8e97cb 0.058s
2024-12-12 00:10:43.238 66565 INFO tempest.lib.common.rest_client [req-65d1a270-fb59-47e9-85e0-e81b1afc02a3 req-65d1a270-fb59-47e9-85e0-e81b1afc02a3 ] Request (MultipleCreateTestJSON:_run_cleanups): 200 GET http://10.180.1.21/compute/v2.1/servers/e3255df2-2de0-4668-ad7b-a864ea680b44 0.062s
2024-12-12 00:10:43.239 66585 INFO tempest.lib.common.rest_client [req-3d4f3cf5-2bee-4896-98c3-f3805ccc897d req-3d4f3cf5-2bee-4896-98c3-f3805ccc897d ] Request (AttachInterfacesV270Test:test_create_get_list_interfaces): 200 GET http://10.180.1.21/compute/v2.1/servers/cfae9bf8-012a-4286-b978-bba8a913bba2 0.058s
2024-12-12 00:10:43.265 66553 INFO tempest.lib.common.rest_client [req-c1d0b5dc-e120-4dda-993d-261c6340469a req-c1d0b5dc-e120-4dda-993d-261c6340469a ] Request (ImagesOneServerTestJSON:test_create_image_specify_multibyte_character_image_name): 200 GET http://10.180.1.21/compute/v2.1/images/c6e80714-1db7-4d68-ac41-54718eff899f 0.046s
2024-12-12 00:10:43.267 66549 INFO tempest.lib.common.rest_client [req-cc6bab1a-1f0e-44f7-9562-4a71f155eff6 req-cc6bab1a-1f0e-44f7-9562-4a71f155eff6 ] Request (ImagesTestJSON:test_create_image_from_stopped_server): 200 GET http://10.180.1.21/compute/v2.1/images/eda5f6cb-607d-4d11-8755-4520d23c5b9b 0.050s
2024-12-12 00:10:43.335 66577 INFO tempest.lib.common.rest_client [req-b4309af1-b341-47ea-9c7a-19ddf7d446ef req-b4309af1-b341-47ea-9c7a-19ddf7d446ef ] Request (FloatingIPsAssociationTestJSON:tearDownClass): 200 GET http://10.180.1.21/compute/v2.1/servers/b6bdc187-a266-4f7d-a9e4-85cb100cf4bf 0.050s
2024-12-12 00:10:43.387 66547 INFO tempest.lib.common.rest_client [req-7cb5ffa0-ebbb-405e-8272-ffdb8092b394 req-7cb5ffa0-ebbb-405e-8272-ffdb8092b394 ] Request (ServersAdminTestJSON:test_create_server_with_scheduling_hint): 200 GET http://10.180.1.21/compute/v2.1/servers/9cfd3e8c-b6a5-4406-b165-1ce46ba3f0f1 0.048s
2024-12-12 00:10:43.450 66587 INFO tempest.lib.common.rest_client [req-ef645ede-8825-4366-a72a-481cf64bd748 req-ef645ede-8825-4366-a72a-481cf64bd748 ] Request (FloatingIPsAssociationNegativeTestJSON:setUpClass): 200 GET http://10.180.1.21/compute/v2.1/servers/e3f3fc2c-0060-4521-8aa3-da37209aee81 0.051s
2024-12-12 00:10:43.497 66589 INFO tempest.lib.common.rest_client [req-28229d6c-e3e4-4a91-b8c4-13144268f544 req-28229d6c-e3e4-4a91-b8c4-13144268f544 ] Request (ServerAddressesNegativeTestJSON:setUpClass): 200 GET http://10.180.1.21/compute/v2.1/servers/e34ebddc-2192-4975-81d7-0f5c200f114e 0.123s
2024-12-12 00:10:43.503 66589 INFO tempest.common.waiters [-] State transition "BUILD/spawning" ==> "ACTIVE/None" after 46 second wait
2024-12-12 00:10:43.529 66589 INFO tempest.lib.common.rest_client [req-ed33b447-88c6-4021-a739-34429bc14a20 req-ed33b447-88c6-4021-a739-34429bc14a20 ] Request (ServerAddressesNegativeTestJSON:test_list_server_addresses_by_network_neg): 404 GET http://10.180.1.21/compute/v2.1/servers/e34ebddc-2192-4975-81d7-0f5c200f114e/ips/invalid 0.025s
2024-12-12 00:10:43.541 66589 INFO tempest.lib.common.rest_client [req-ef4ef747-1797-4004-b512-838627a07431 req-ef4ef747-1797-4004-b512-838627a07431 ] Request (ServerAddressesNegativeTestJSON:test_list_server_addresses_invalid_server_id): 404 GET http://10.180.1.21/compute/v2.1/servers/999/ips 0.009s
2024-12-12 00:10:43.601 66567 INFO tempest.lib.common.rest_client [req-a337f1b9-152f-4683-936e-ee076b9a9450 req-a337f1b9-152f-4683-936e-ee076b9a9450 ] Request (ImagesOneServerNegativeTestJSON:setUpClass): 200 GET http://10.180.1.21/compute/v2.1/servers/9dfb7d7f-6656-46fd-969e-c692db1ce507 0.103s
2024-12-12 00:10:43.628 66589 INFO tempest.lib.common.rest_client [req-64fd2836-5153-4b40-ab10-6febbe194af1 req-64fd2836-5153-4b40-ab10-6febbe194af1 ] Request (ServerAddressesNegativeTestJSON:tearDownClass): 204 DELETE http://10.180.1.21/compute/v2.1/servers/e34ebddc-2192-4975-81d7-0f5c200f114e 0.086s
2024-12-12 00:10:43.756 66589 INFO tempest.lib.common.rest_client [req-73748741-d366-4ed7-bb31-9860b17d15fb req-73748741-d366-4ed7-bb31-9860b17d15fb ] Request (ServerAddressesNegativeTestJSON:tearDownClass): 200 GET http://10.180.1.21/compute/v2.1/servers/e34ebddc-2192-4975-81d7-0f5c200f114e 0.127s
2024-12-12 00:10:43.763 66571 INFO tempest.lib.common.rest_client [req-dd9b91de-fc72-46e7-b8e3-c42d6b6a8170 req-dd9b91de-fc72-46e7-b8e3-c42d6b6a8170 ] Request (ServerTagsTestJSON:setUpClass): 200 GET http://10.180.1.21/compute/v2.1/servers/2b548b58-d5b9-4b6f-bef9-ea3b29f09f7b 0.143s
2024-12-12 00:10:43.806 66569 INFO tempest.lib.common.rest_client [req-5d45cbed-cd07-4ec3-817f-22f023688134 req-5d45cbed-cd07-4ec3-817f-22f023688134 ] Request (ServersTestBootFromVolume:setUpClass): 200 GET http://10.180.1.21/compute/v2.1/servers/cb7f5d2b-18a2-4b35-9f81-8f8e7bb768a9 0.176s
2024-12-12 00:10:43.817 66559 INFO tempest.lib.common.rest_client [req-aa5e34a5-85ce-4375-8310-281753273266 req-aa5e34a5-85ce-4375-8310-281753273266 ] Request (ServerExternalEventsTest:tearDownClass): 200 GET http://10.180.1.21/compute/v2.1/servers/a1d1337f-3c41-4c1c-812b-aa10f2a680a8 0.142s
2024-12-12 00:10:43.861 66563 INFO tempest.lib.common.rest_client [req-b46bdd37-8f12-4ccc-a899-77a2431c3ffa req-b46bdd37-8f12-4ccc-a899-77a2431c3ffa ] Request (ServersV294TestFqdnHostnames:setUpClass): 200 GET http://10.180.1.21/compute/v2.1/servers/3455a540-7fbc-46ba-b7d6-84a345c0463e 0.162s
2024-12-12 00:10:43.874 66599 INFO tempest.lib.common.rest_client [req-3105458e-4128-4861-8d70-c7f7ad506df8 req-3105458e-4128-4861-8d70-c7f7ad506df8 ] Request (ServersAdmin275Test:tearDownClass): 200 GET http://10.180.1.21/compute/v2.1/servers/f4cf1732-6b6a-47be-acf4-b127bc4b9baf 0.132s
2024-12-12 00:10:43.913 66579 INFO tempest.lib.common.rest_client [req-0bba4107-9f19-47d2-8fb3-d5378599ffe5 req-0bba4107-9f19-47d2-8fb3-d5378599ffe5 ] Request (ServerShowV254Test:test_rebuild_server): 200 GET http://10.180.1.21/compute/v2.1/servers/85e8da3c-d9d5-4569-b454-bcbb3d7a9bb5 0.167s
2024-12-12 00:10:43.928 66597 INFO tempest.lib.common.rest_client [req-9cd4b6b6-d07f-4a1f-b1f1-4bfbd7e01b5a req-9cd4b6b6-d07f-4a1f-b1f1-4bfbd7e01b5a ] Request (ServersTestJSON:setUpClass): 200 GET http://10.180.1.21/compute/v2.1/servers/1f3792c0-9f86-4d76-a1a6-28d492869046 0.142s
2024-12-12 00:10:43.975 66573 INFO tempest.lib.common.rest_client [req-8c0e5110-65d6-4a58-80b9-625d9b05b1d1 req-8c0e5110-65d6-4a58-80b9-625d9b05b1d1 ] Request (ListServerFiltersTestJSON:tearDownClass): 200 GET http://10.180.1.21/compute/v2.1/servers/82ea280a-4e1b-4fac-a634-7f79ce731564 0.154s
2024-12-12 00:10:43.983 66594 INFO tempest.lib.common.rest_client [req-9aa2bab6-38b7-49df-97a5-d8f1de5d85e9 req-9aa2bab6-38b7-49df-97a5-d8f1de5d85e9 ] Request (InstanceActionsV221TestJSON:test_get_list_deleted_instance_actions): 200 GET http://10.180.1.21/compute/v2.1/servers/f2240974-0fa4-4f59-ae0c-b9da52f9600e 0.148s
2024-12-12 00:10:44.032 66575 INFO tempest.lib.common.rest_client [req-777d2400-7c66-4024-9110-6268822f14d7 req-777d2400-7c66-4024-9110-6268822f14d7 ] Request (ServerRescueNegativeTestJSON:setUpClass): 200 GET http://10.180.1.21/compute/v2.1/servers/2f589dc1-9244-475f-86d0-4b69b511508b 0.155s
2024-12-12 00:10:44.041 66607 INFO tempest.lib.common.rest_client [req-e3f6726f-6ebd-455b-a3e6-2682e964d62b req-e3f6726f-6ebd-455b-a3e6-2682e964d62b ] Request (AttachVolumeTestJSON:test_attach_detach_volume): 200 GET http://10.180.1.21/compute/v2.1/servers/29aaac3b-1f0e-40fe-9805-a0e6e6ae597d 0.154s
2024-12-12 00:10:44.084 66545 INFO tempest.lib.common.rest_client [req-c6ea8ca9-c212-46b7-a7d6-d0ca8391fe43 req-c6ea8ca9-c212-46b7-a7d6-d0ca8391fe43 ] Request (ServerActionsTestJSON:setUpClass): 200 GET http://10.180.1.21/compute/v2.1/servers/6e9051e9-aa89-408f-8f62-533085dc1312 0.124s
2024-12-12 00:10:44.095 66551 INFO tempest.lib.common.rest_client [req-d09680a2-0ecf-49d8-aa48-af437b16e090 req-d09680a2-0ecf-49d8-aa48-af437b16e090 ] Request (ImagesNegativeTestJSON:test_create_image_from_deleted_server): 200 GET http://10.180.1.21/compute/v2.1/servers/c70cf2f1-77a9-4eff-981f-9d72caa82c7b 0.172s
2024-12-12 00:10:44.129 66555 INFO tempest.lib.common.rest_client [req-44ed2478-ef75-4efb-a4c8-686f93c19163 req-44ed2478-ef75-4efb-a4c8-686f93c19163 ] Request (AttachInterfacesUnderV243Test:test_add_remove_fixed_ip): 200 GET http://10.180.1.21/compute/v2.1/servers/d2e7c558-02af-477c-b996-239ef14ed75b 0.126s
2024-12-12 00:10:44.150 66581 INFO tempest.lib.common.rest_client [req-3b16eb04-a260-4143-b491-5bdc12f047c5 req-3b16eb04-a260-4143-b491-5bdc12f047c5 ] Request (ServersAdminNegativeTestJSON:tearDownClass): 200 GET http://10.180.1.21/compute/v2.1/servers/d38bbd59-b40c-4965-b823-caefc93e2568 0.065s
2024-12-12 00:10:44.212 66557 INFO tempest.lib.common.rest_client [req-da58c6db-8b4d-4bcf-b17d-1d58994e80d2 req-da58c6db-8b4d-4bcf-b17d-1d58994e80d2 ] Request (VolumesAssistedSnapshotsTest:test_volume_assisted_snapshot_create_delete): 200 GET http://10.180.1.21/compute/v2.1/servers/e8864d73-35e6-490b-a07c-e8cac8baf880 0.052s
2024-12-12 00:10:44.242 66595 INFO tempest.lib.common.rest_client [req-221c1dcf-c634-46c9-90c7-171aa552b00c req-221c1dcf-c634-46c9-90c7-171aa552b00c ] Request (ServerShowV247Test:tearDownClass): 200 GET http://10.180.1.21/compute/v2.1/servers/8b41bff7-137f-489c-bb88-7487eb8e97cb 0.064s
