2024-12-12 00:09:17.704 66583 INFO tempest.common.waiters [-] State transition "BUILD/None" ==> "BUILD/block_device_mapping" after 3 second wait
2024-12-12 00:09:17.740 66573 INFO tempest.lib.common.rest_client [req-c7e1f5b6-4755-41b3-90c2-e1e00aafcd27 req-c7e1f5b6-4755-41b3-90c2-e1e00aafcd27 ] Request (FlavorsV261TestJSON:tearDownClass): 204 DELETE http://10.180.1.21/identity/v3/users/570c4ffaa0514e6fbf0107ea8fd6cb76 0.133s
2024-12-12 00:09:17.740 66573 INFO tempest.lib.common.dynamic_creds [-] Deleting project and security group for project: 8e78e5ed1f4a497098feedfe46f8357a
2024-12-12 00:09:17.816 66551 INFO tempest.lib.common.rest_client [req-badae0f2-7622-4408-a9b1-c2c1ccaa3da2 req-badae0f2-7622-4408-a9b1-c2c1ccaa3da2 ] Request (QuotasAdminTestJSON:test_delete_quota): 200 GET http://10.180.1.21/compute/v2.1/os-quota-sets/020432bb37694429a7fa254ba4e64c75 3.474s
2024-12-12 00:09:18.104 66573 INFO tempest.lib.common.rest_client [req-c179d309-ca7b-46a6-b14e-bca4b986178c req-c179d309-ca7b-46a6-b14e-bca4b986178c ] Request (FlavorsV261TestJSON:tearDownClass): 201 POST http://10.180.1.21/identity/v3/auth/tokens 0.364s
2024-12-12 00:09:18.286 66573 INFO tempest.lib.common.rest_client [req-d5c61133-ffda-4b20-9535-907c108cb3e3 req-d5c61133-ffda-4b20-9535-907c108cb3e3 ] Request (FlavorsV261TestJSON:tearDownClass): 200 GET http://10.180.1.21:9696/networking/v2.0/security-groups?tenant_id=8e78e5ed1f4a497098feedfe46f8357a&name=default 0.181s
2024-12-12 00:09:18.394 66594 INFO tempest.lib.common.rest_client [req-c9d77e95-bc88-4f73-b504-e1d940b74619 req-c9d77e95-bc88-4f73-b504-e1d940b74619 ] Request (SecurityGroupRulesTestJSON:test_security_group_rules_create_with_optional_group_id): 200 POST http://10.180.1.21/compute/v2.1/os-security-groups 2.921s
2024-12-12 00:09:18.426 66565 INFO tempest.lib.common.rest_client [req-aeb54288-beb8-4456-ab83-d21fe6a2ed2b req-aeb54288-beb8-4456-ab83-d21fe6a2ed2b ] Request (FlavorsExtraSpecsTestJSON:test_flavor_non_admin_get_specific_key): 200 POST http://10.180.1.21/compute/v2.1/flavors/586901131/os-extra_specs 2.826s
2024-12-12 00:09:18.430 66573 INFO tempest.lib.common.rest_client [req-5b98ce03-0415-457d-b2f8-a749c6a53fe4 req-5b98ce03-0415-457d-b2f8-a749c6a53fe4 ] Request (FlavorsV261TestJSON:tearDownClass): 204 DELETE http://10.180.1.21:9696/networking/v2.0/security-groups/f0ab0df3-b2ec-4e43-ad82-9ba7511820cb 0.143s
2024-12-12 00:09:18.495 66585 INFO tempest.lib.common.rest_client [req-832049c2-cfe7-4d65-90a3-e3f999236db6 req-832049c2-cfe7-4d65-90a3-e3f999236db6 ] Request (HypervisorAdminNegativeUnderV252Test:tearDownClass): 200 GET http://10.180.1.21:9696/networking/v2.0/security-groups?tenant_id=94b6dd54630e4ae7b7b85b8a00457015&name=default 0.825s
2024-12-12 00:09:18.512 66601 INFO tempest.lib.common.rest_client [req-e9642a50-d918-4b8f-bb53-cce317a92ef7 req-e9642a50-d918-4b8f-bb53-cce317a92ef7 ] Request (AttachInterfacesTestJSON:test_create_list_show_delete_interfaces_by_fixed_ip): 200 GET http://10.180.1.21/compute/v2.1/servers/8adc8b4b-1087-4a11-9ee8-d897f1aa83f3 2.921s
2024-12-12 00:09:18.521 66601 INFO tempest.common.waiters [-] State transition "BUILD/networking" ==> "BUILD/spawning" after 7 second wait
2024-12-12 00:09:18.526 66573 INFO tempest.lib.common.rest_client [req-96bf21d6-e5a7-4cb0-9403-dafe5841a184 req-96bf21d6-e5a7-4cb0-9403-dafe5841a184 ] Request (FlavorsV261TestJSON:tearDownClass): 204 DELETE http://10.180.1.21/identity/v3/projects/8e78e5ed1f4a497098feedfe46f8357a 0.093s
2024-12-12 00:09:18.526 66573 INFO tempest.lib.common.dynamic_creds [-] Deleting project and security group for project: 4b6f9e7226f547e6b57882b480aeb803
2024-12-12 00:09:18.653 66573 INFO tempest.lib.common.rest_client [req-8ae8fb44-68ac-4719-b0fc-40f3dec29382 req-8ae8fb44-68ac-4719-b0fc-40f3dec29382 ] Request (FlavorsV261TestJSON:tearDownClass): 200 GET http://10.180.1.21:9696/networking/v2.0/security-groups?tenant_id=4b6f9e7226f547e6b57882b480aeb803&name=default 0.126s
2024-12-12 00:09:18.680 66549 INFO tempest.lib.common.rest_client [req-cfcf014c-9c3a-4e88-946e-15b5a57a4234 req-cfcf014c-9c3a-4e88-946e-15b5a57a4234 ] Request (ServerDiagnosticsTest:test_get_server_diagnostics): 200 GET http://10.180.1.21/compute/v2.1/servers/5c9ca73a-bc48-4a75-89c8-03def719e488 2.780s
2024-12-12 00:09:18.748 66573 INFO tempest.lib.common.rest_client [req-38349233-ff92-43e0-a8a5-5265a71ba18a req-38349233-ff92-43e0-a8a5-5265a71ba18a ] Request (FlavorsV261TestJSON:tearDownClass): 204 DELETE http://10.180.1.21:9696/networking/v2.0/security-groups/db3cadbc-8db9-46ec-8e15-6c6804cb0b2a 0.095s
2024-12-12 00:09:18.766 66581 INFO tempest.lib.common.rest_client [req-5803fe59-d102-4fa8-8b30-937c62b57252 req-5803fe59-d102-4fa8-8b30-937c62b57252 ] Request (ServersAdminNegativeTestJSON:setUpClass): 200 GET http://10.180.1.21/compute/v2.1/servers/9a7bfafe-8598-4c6f-9714-0567fcbb8ea6 2.671s
2024-12-12 00:09:18.779 66587 INFO tempest.lib.common.rest_client [req-716b9b0b-476a-41a3-971d-5d2f8e2578d1 req-716b9b0b-476a-41a3-971d-5d2f8e2578d1 ] Request (ServerDiagnosticsNegativeTest:test_get_server_diagnostics_by_non_admin): 200 GET http://10.180.1.21/compute/v2.1/servers/5bffec39-0b09-49a0-a862-560720db45cd 2.788s
2024-12-12 00:09:18.779 66579 INFO tempest.lib.common.rest_client [req-76dee131-a373-405b-9821-7553007dc08e req-76dee131-a373-405b-9821-7553007dc08e ] Request (HypervisorAdminNegativeTestJSON:test_get_hypervisor_list_with_non_admin_user): 403 GET http://10.180.1.21/compute/v2.1/os-hypervisors 2.539s
2024-12-12 00:09:18.795 66585 INFO tempest.lib.common.rest_client [req-090aafea-68f0-4b57-ae3c-fc007f2dc3d0 req-090aafea-68f0-4b57-ae3c-fc007f2dc3d0 ] Request (HypervisorAdminNegativeUnderV252Test:tearDownClass): 204 DELETE http://10.180.1.21:9696/networking/v2.0/security-groups/4df4a452-ca82-4e13-b186-506564f54f45 0.299s
2024-12-12 00:09:18.906 66569 INFO tempest.lib.common.rest_client [req-611882b4-511b-4e3f-9ca2-faabe793b495 req-611882b4-511b-4e3f-9ca2-faabe793b495 ] Request (FloatingIPsNegativeTestJSON:setUpClass): 200 GET http://10.180.1.21/compute/v2.1/os-floating-ips 2.631s
2024-12-12 00:09:18.933 66573 INFO tempest.lib.common.rest_client [req-e09631d1-e20c-491a-8ff1-ec854bd7c966 req-e09631d1-e20c-491a-8ff1-ec854bd7c966 ] Request (FlavorsV261TestJSON:tearDownClass): 204 DELETE http://10.180.1.21/identity/v3/projects/4b6f9e7226f547e6b57882b480aeb803 0.184s
2024-12-12 00:09:18.934 66573 INFO tempest.test [-] raised in TestMultiAttachVolumeSwap.setUpClass. Invoking tearDownClass.
2024-12-12 00:09:18.938 66585 INFO tempest.lib.common.rest_client [req-8ddb2d65-433c-4ea4-9193-e20d802646d0 req-8ddb2d65-433c-4ea4-9193-e20d802646d0 ] Request (HypervisorAdminNegativeUnderV252Test:tearDownClass): 204 DELETE http://10.180.1.21/identity/v3/projects/94b6dd54630e4ae7b7b85b8a00457015 0.143s
2024-12-12 00:09:18.939 66585 INFO tempest.lib.common.dynamic_creds [-] Deleting project and security group for project: e6c143cf1fbf48b9a9b8594294e1b695
2024-12-12 00:09:18.998 66573 INFO tempest.lib.common.rest_client [req-38b76ae4-a46e-4165-b8cf-1c5191a01b67 req-38b76ae4-a46e-4165-b8cf-1c5191a01b67 ] Request (ListServerFiltersTestJSON:setUpClass): 201 POST http://10.180.1.21/identity/v3/auth/tokens 0.060s
2024-12-12 00:09:19.029 66573 INFO tempest.lib.common.rest_client [req-2d8ad2e2-7a80-4fa8-bca3-8f89505a01da req-2d8ad2e2-7a80-4fa8-bca3-8f89505a01da ] Request (ListServerFiltersTestJSON:setUpClass): 201 POST http://10.180.1.21/identity/v3/auth/tokens 0.028s
2024-12-12 00:09:19.057 66573 INFO tempest.lib.common.rest_client [req-f37b5034-d91e-4ed2-b673-33ecdb9f8b5c req-f37b5034-d91e-4ed2-b673-33ecdb9f8b5c ] Request (ListServerFiltersTestJSON:setUpClass): 200 GET http://10.180.1.21/identity/v3/domains?name=Default 0.028s
2024-12-12 00:09:19.092 66573 INFO tempest.lib.common.rest_client [req-e6997f9d-bb07-4e0f-bd1c-0ee18f7accea req-e6997f9d-bb07-4e0f-bd1c-0ee18f7accea ] Request (ListServerFiltersTestJSON:setUpClass): 201 POST http://10.180.1.21/identity/v3/projects 0.035s
2024-12-12 00:09:19.103 66585 INFO tempest.lib.common.rest_client [req-9d16e1dd-6450-4f75-8ada-315e85d1695e req-9d16e1dd-6450-4f75-8ada-315e85d1695e ] Request (HypervisorAdminNegativeUnderV252Test:tearDownClass): 200 GET http://10.180.1.21:9696/networking/v2.0/security-groups?tenant_id=e6c143cf1fbf48b9a9b8594294e1b695&name=default 0.163s
2024-12-12 00:09:19.165 66573 INFO tempest.lib.common.rest_client [req-b093ee59-73dd-4940-ad64-271ca5c39e81 req-b093ee59-73dd-4940-ad64-271ca5c39e81 ] Request (ListServerFiltersTestJSON:setUpClass): 201 POST http://10.180.1.21/identity/v3/users 0.072s
2024-12-12 00:09:19.189 66573 INFO tempest.lib.common.rest_client [req-889ed17d-b7ed-4bec-9999-7e5c3a38f13c req-889ed17d-b7ed-4bec-9999-7e5c3a38f13c ] Request (ListServerFiltersTestJSON:setUpClass): 200 GET http://10.180.1.21/identity/v3/roles 0.024s
2024-12-12 00:09:19.234 66573 INFO tempest.lib.common.rest_client [req-b9f0a20c-ecaa-46e4-be0c-2d05f730cd9d req-b9f0a20c-ecaa-46e4-be0c-2d05f730cd9d ] Request (ListServerFiltersTestJSON:setUpClass): 204 PUT http://10.180.1.21/identity/v3/projects/557d744dc35943aab165225698db81bf/users/b254a8715dfc48a7bab5ad253e09507c/roles/1c56ce6e3f204ed28d22ade9103b0462 0.044s
2024-12-12 00:09:19.235 66573 INFO tempest.lib.common.dynamic_creds [-] Dynamic test user b254a8715dfc48a7bab5ad253e09507c is created with scope project and roles: ['member']
2024-12-12 00:09:19.235 66573 INFO tempest.lib.common.dynamic_creds [-] Acquired dynamic creds: credentials: Credentials: {'domain_id': 'default', 'domain_name': 'Default', 'username': 'tempest-ListServerFiltersTestJSON-329634414-project-member', 'project_domain_id': 'default', 'project_domain_name': 'Default', 'project_id': '557d744dc35943aab165225698db81bf', 'project_name': 'tempest-ListServerFiltersTestJSON-329634414', 'tenant_id': '557d744dc35943aab165225698db81bf', 'tenant_name': 'tempest-ListServerFiltersTestJSON-329634414', 'user_domain_id': 'default', 'user_domain_name': 'Default', 'user_id': 'b254a8715dfc48a7bab5ad253e09507c', 'system': None}, Network: None, Subnet: None, Router: None
2024-12-12 00:09:19.237 66585 INFO tempest.lib.common.rest_client [req-545c20ba-ad5f-494d-a6a1-06162ec2cebf req-545c20ba-ad5f-494d-a6a1-06162ec2cebf ] Request (HypervisorAdminNegativeUnderV252Test:tearDownClass): 204 DELETE http://10.180.1.21:9696/networking/v2.0/security-groups/5a1bda95-4de9-4b5a-9e3c-71c413f0f3de 0.133s
2024-12-12 00:09:19.332 66573 INFO tempest.lib.common.rest_client [req-75492745-ea3a-42aa-b89f-435a7164835d req-75492745-ea3a-42aa-b89f-435a7164835d ] Request (ListServerFiltersTestJSON:setUpClass): 201 POST http://10.180.1.21/identity/v3/auth/tokens 0.097s
2024-12-12 00:09:19.371 66585 INFO tempest.lib.common.rest_client [req-f2cd5deb-c2a7-4d52-93a3-4bca8bbab7f3 req-f2cd5deb-c2a7-4d52-93a3-4bca8bbab7f3 ] Request (HypervisorAdminNegativeUnderV252Test:tearDownClass): 204 DELETE http://10.180.1.21/identity/v3/projects/e6c143cf1fbf48b9a9b8594294e1b695 0.134s
2024-12-12 00:09:19.431 66585 INFO tempest.lib.common.rest_client [req-05718afc-ef96-46a4-adb1-e8f8d60f8c3e req-05718afc-ef96-46a4-adb1-e8f8d60f8c3e ] Request (InstanceUsageAuditLogTestJSON:setUpClass): 201 POST http://10.180.1.21/identity/v3/auth/tokens 0.058s
2024-12-12 00:09:19.459 66585 INFO tempest.lib.common.rest_client [req-d3e2f521-65f3-4620-b988-3b51304c77b1 req-d3e2f521-65f3-4620-b988-3b51304c77b1 ] Request (InstanceUsageAuditLogTestJSON:setUpClass): 201 POST http://10.180.1.21/identity/v3/auth/tokens 0.025s
2024-12-12 00:09:19.486 66585 INFO tempest.lib.common.rest_client [req-c423ef72-23d2-4c02-b555-6709efd7e56b req-c423ef72-23d2-4c02-b555-6709efd7e56b ] Request (InstanceUsageAuditLogTestJSON:setUpClass): 200 GET http://10.180.1.21/identity/v3/domains?name=Default 0.026s
2024-12-12 00:09:19.522 66585 INFO tempest.lib.common.rest_client [req-77c3b202-a72a-49c0-bdb0-ec18afe2c8a7 req-77c3b202-a72a-49c0-bdb0-ec18afe2c8a7 ] Request (InstanceUsageAuditLogTestJSON:setUpClass): 201 POST http://10.180.1.21/identity/v3/projects 0.036s
2024-12-12 00:09:19.591 66585 INFO tempest.lib.common.rest_client [req-3883c3c4-8381-4f4e-bc65-f3fa6ec1f558 req-3883c3c4-8381-4f4e-bc65-f3fa6ec1f558 ] Request (InstanceUsageAuditLogTestJSON:setUpClass): 201 POST http://10.180.1.21/identity/v3/users 0.068s
2024-12-12 00:09:19.611 66585 INFO tempest.lib.common.rest_client [req-8df92316-c128-4ec1-88c2-cea05f4b3fd1 req-8df92316-c128-4ec1-88c2-cea05f4b3fd1 ] Request (InstanceUsageAuditLogTestJSON:setUpClass): 200 GET http://10.180.1.21/identity/v3/roles 0.020s
2024-12-12 00:09:19.638 66585 INFO tempest.lib.common.rest_client [req-33f830f5-6590-418d-af36-0f695a71564e req-33f830f5-6590-418d-af36-0f695a71564e ] Request (InstanceUsageAuditLogTestJSON:setUpClass): 204 PUT http://10.180.1.21/identity/v3/projects/e7a2beb926914defbcb3b85f616e7b21/users/f7ebe5d26c814067b1bd6d972656d5fd/roles/1c56ce6e3f204ed28d22ade9103b0462 0.027s
2024-12-12 00:09:19.639 66585 INFO tempest.lib.common.dynamic_creds [-] Dynamic test user f7ebe5d26c814067b1bd6d972656d5fd is created with scope project and roles: ['member']
2024-12-12 00:09:19.639 66585 INFO tempest.lib.common.dynamic_creds [-] Acquired dynamic creds: credentials: Credentials: {'domain_id': 'default', 'domain_name': 'Default', 'username': 'tempest-InstanceUsageAuditLogTestJSON-1113666817-project-member', 'project_domain_id': 'default', 'project_domain_name': 'Default', 'project_id': 'e7a2beb926914defbcb3b85f616e7b21', 'project_name': 'tempest-InstanceUsageAuditLogTestJSON-1113666817', 'tenant_id': 'e7a2beb926914defbcb3b85f616e7b21', 'tenant_name': 'tempest-InstanceUsageAuditLogTestJSON-1113666817', 'user_domain_id': 'default', 'user_domain_name': 'Default', 'user_id': 'f7ebe5d26c814067b1bd6d972656d5fd', 'system': None}, Network: None, Subnet: None, Router: None
2024-12-12 00:09:19.639 66585 INFO tempest.lib.common.dynamic_creds [-] Created isolated network resources for: credentials: Credentials: {'domain_id': 'default', 'domain_name': 'Default', 'username': 'tempest-InstanceUsageAuditLogTestJSON-1113666817-project-member', 'project_domain_id': 'default', 'project_domain_name': 'Default', 'project_id': 'e7a2beb926914defbcb3b85f616e7b21', 'project_name': 'tempest-InstanceUsageAuditLogTestJSON-1113666817', 'tenant_id': 'e7a2beb926914defbcb3b85f616e7b21', 'tenant_name': 'tempest-InstanceUsageAuditLogTestJSON-1113666817', 'user_domain_id': 'default', 'user_domain_name': 'Default', 'user_id': 'f7ebe5d26c814067b1bd6d972656d5fd', 'system': None}, Network: None, Subnet: None, Router: None
2024-12-12 00:09:19.711 66585 INFO tempest.lib.common.rest_client [req-80e77a14-0b53-4d46-9fc6-48153c8ca756 req-80e77a14-0b53-4d46-9fc6-48153c8ca756 ] Request (InstanceUsageAuditLogTestJSON:setUpClass): 201 POST http://10.180.1.21/identity/v3/auth/tokens 0.068s
2024-12-12 00:09:19.734 66573 INFO tempest.lib.common.rest_client [req-d74c403b-5e8c-47d8-8198-e8bc1aef0749 req-d74c403b-5e8c-47d8-8198-e8bc1aef0749 ] Request (ListServerFiltersTestJSON:setUpClass): 201 POST http://10.180.1.21:9696/networking/v2.0/networks 0.402s
2024-12-12 00:09:19.775 66585 INFO tempest.lib.common.rest_client [req-20daf37c-af0c-42e5-b19b-c50af81d514c req-20daf37c-af0c-42e5-b19b-c50af81d514c ] Request (InstanceUsageAuditLogTestJSON:setUpClass): 201 POST http://10.180.1.21/identity/v3/projects 0.063s
2024-12-12 00:09:19.830 66585 INFO tempest.lib.common.rest_client [req-4af2a631-5dff-4a0d-a712-6bc644aafe08 req-4af2a631-5dff-4a0d-a712-6bc644aafe08 ] Request (InstanceUsageAuditLogTestJSON:setUpClass): 201 POST http://10.180.1.21/identity/v3/users 0.054s
2024-12-12 00:09:19.846 66585 INFO tempest.lib.common.rest_client [req-bd24e3d5-6121-47ff-b3a1-92b9fb90a657 req-bd24e3d5-6121-47ff-b3a1-92b9fb90a657 ] Request (InstanceUsageAuditLogTestJSON:setUpClass): 200 GET http://10.180.1.21/identity/v3/roles 0.015s
2024-12-12 00:09:19.871 66585 INFO tempest.lib.common.rest_client [req-2cacffa5-9248-47c7-a760-cf081de489cd req-2cacffa5-9248-47c7-a760-cf081de489cd ] Request (InstanceUsageAuditLogTestJSON:setUpClass): 204 PUT http://10.180.1.21/identity/v3/projects/e4d459fdcc8e4554a3e9d2904a81e8f0/users/5c4dc5d7dd4140b682a9e9163345d707/roles/62815a92bb024bff803e7593510beda0 0.025s
2024-12-12 00:09:19.897 66563 INFO tempest.lib.common.rest_client [req-928f5d19-65f6-4c74-bf90-9adf4351980f req-928f5d19-65f6-4c74-bf90-9adf4351980f ] Request (FloatingIPDetailsTestJSON:tearDownClass): 202 DELETE http://10.180.1.21/compute/v2.1/os-floating-ips/64b58b83-99d1-4b3a-b258-5bb56060b1e6 3.569s
2024-12-12 00:09:19.923 66585 INFO tempest.lib.common.rest_client [req-7e888c38-594f-408d-acbe-71a8360e3d3f req-7e888c38-594f-408d-acbe-71a8360e3d3f ] Request (InstanceUsageAuditLogTestJSON:setUpClass): 200 GET http://10.180.1.21/identity/v3/roles 0.051s
2024-12-12 00:09:19.940 66585 INFO tempest.lib.common.rest_client [req-323c3dbf-dae3-442f-b9cf-96f296e49e90 req-323c3dbf-dae3-442f-b9cf-96f296e49e90 ] Request (InstanceUsageAuditLogTestJSON:setUpClass): 204 PUT http://10.180.1.21/identity/v3/projects/e4d459fdcc8e4554a3e9d2904a81e8f0/users/5c4dc5d7dd4140b682a9e9163345d707/roles/62815a92bb024bff803e7593510beda0 0.016s
2024-12-12 00:09:19.940 66585 INFO tempest.lib.common.dynamic_creds [-] Dynamic test user 5c4dc5d7dd4140b682a9e9163345d707 is created with scope project and roles: ['admin']
2024-12-12 00:09:19.940 66585 INFO tempest.lib.common.dynamic_creds [-] Acquired dynamic creds: credentials: Credentials: {'domain_id': 'default', 'domain_name': 'Default', 'username': 'tempest-InstanceUsageAuditLogTestJSON-712028151-project-admin', 'project_domain_id': 'default', 'project_domain_name': 'Default', 'project_id': 'e4d459fdcc8e4554a3e9d2904a81e8f0', 'project_name': 'tempest-InstanceUsageAuditLogTestJSON-712028151', 'tenant_id': 'e4d459fdcc8e4554a3e9d2904a81e8f0', 'tenant_name': 'tempest-InstanceUsageAuditLogTestJSON-712028151', 'user_domain_id': 'default', 'user_domain_name': 'Default', 'user_id': '5c4dc5d7dd4140b682a9e9163345d707', 'system': None}, Network: None, Subnet: None, Router: None
2024-12-12 00:09:19.940 66585 INFO tempest.lib.common.dynamic_creds [-] Created isolated network resources for: credentials: Credentials: {'domain_id': 'default', 'domain_name': 'Default', 'username': 'tempest-InstanceUsageAuditLogTestJSON-712028151-project-admin', 'project_domain_id': 'default', 'project_domain_name': 'Default', 'project_id': 'e4d459fdcc8e4554a3e9d2904a81e8f0', 'project_name': 'tempest-InstanceUsageAuditLogTestJSON-712028151', 'tenant_id': 'e4d459fdcc8e4554a3e9d2904a81e8f0', 'tenant_name': 'tempest-InstanceUsageAuditLogTestJSON-712028151', 'user_domain_id': 'default', 'user_domain_name': 'Default', 'user_id': '5c4dc5d7dd4140b682a9e9163345d707', 'system': None}, Network: None, Subnet: None, Router: None
2024-12-12 00:09:19.990 66573 INFO tempest.lib.common.rest_client [req-7570bb8b-063b-4e90-9ee4-579bd3ec56d3 req-7570bb8b-063b-4e90-9ee4-579bd3ec56d3 ] Request (ListServerFiltersTestJSON:setUpClass): 201 POST http://10.180.1.21:9696/networking/v2.0/subnets 0.254s
2024-12-12 00:09:19.990 66573 INFO tempest.lib.common.dynamic_creds [-] Created isolated network resources for: credentials: Credentials: {'domain_id': 'default', 'domain_name': 'Default', 'username': 'tempest-ListServerFiltersTestJSON-329634414-project-member', 'project_domain_id': 'default', 'project_domain_name': 'Default', 'project_id': '557d744dc35943aab165225698db81bf', 'project_name': 'tempest-ListServerFiltersTestJSON-329634414', 'tenant_id': '557d744dc35943aab165225698db81bf', 'tenant_name': 'tempest-ListServerFiltersTestJSON-329634414', 'user_domain_id': 'default', 'user_domain_name': 'Default', 'user_id': 'b254a8715dfc48a7bab5ad253e09507c', 'system': None}, Network: {'id': 'd3852c70-9b8b-4c78-a2f1-f7f9e42d51cd', 'name': 'tempest-ListServerFiltersTestJSON-733437359-network', 'tenant_id': '557d744dc35943aab165225698db81bf', 'admin_state_up': True, 'mtu': 8950, 'status': 'ACTIVE', 'subnets': [], 'shared': False, 'project_id': '557d744dc35943aab165225698db81bf', 'port_security_enabled': True, 'router:external': False, 'provider:network_type': 'vlan', 'provider:physical_network': 'default', 'provider:segmentation_id': 337, 'availability_zone_hints': [], 'availability_zones': [], 'ipv4_address_scope': None, 'ipv6_address_scope': None, 'description': '', 'tags': [], 'created_at': '2024-12-12T00:09:19Z', 'updated_at': '2024-12-12T00:09:19Z', 'revision_number': 1}, Subnet: {'id': '9b0715e6-ea81-42eb-a281-7978bbb7abf9', 'name': 'tempest-ListServerFiltersTestJSON-733437359-subnet', 'tenant_id': '557d744dc35943aab165225698db81bf', 'network_id': 'd3852c70-9b8b-4c78-a2f1-f7f9e42d51cd', 'ip_version': 4, 'subnetpool_id': None, 'enable_dhcp': True, 'ipv6_ra_mode': None, 'ipv6_address_mode': None, 'gateway_ip': '192.168.128.1', 'cidr': '192.168.128.0/28', 'allocation_pools': [{'start': '192.168.128.2', 'end': '192.168.128.14'}], 'host_routes': [], 'dns_nameservers': [], 'description': '', 'router:external': False, 'service_types': [], 'tags': [], 'created_at': '2024-12-12T00:09:19Z', 'updated_at': '2024-12-12T00:09:19Z', 'revision_number': 0, 'project_id': '557d744dc35943aab165225698db81bf'}, Router: None
2024-12-12 00:09:20.018 66585 INFO tempest.lib.common.rest_client [req-981bbe9a-3632-4412-b250-47368347bcc7 req-981bbe9a-3632-4412-b250-47368347bcc7 ] Request (InstanceUsageAuditLogTestJSON:setUpClass): 201 POST http://10.180.1.21/identity/v3/auth/tokens 0.072s
2024-12-12 00:09:20.025 66547 INFO tempest.lib.common.rest_client [req-aa586296-4371-4253-b2fa-9dbf61b83d59 req-aa586296-4371-4253-b2fa-9dbf61b83d59 ] Request (ServersAdminTestJSON:setUpClass): 200 PUT http://10.180.1.21:9696/networking/v2.0/routers/2e10599c-d08d-4ee2-9b62-d66b8bc4913f/add_router_interface 2.830s
2024-12-12 00:09:20.025 66547 INFO tempest.lib.common.dynamic_creds [-] Created isolated network resources for: credentials: Credentials: {'domain_id': 'default', 'domain_name': 'Default', 'username': 'tempest-ServersAdminTestJSON-245146123-project-member', 'project_domain_id': 'default', 'project_domain_name': 'Default', 'project_id': '4685480cae574a5daac6a1f077a8c319', 'project_name': 'tempest-ServersAdminTestJSON-245146123', 'tenant_id': '4685480cae574a5daac6a1f077a8c319', 'tenant_name': 'tempest-ServersAdminTestJSON-245146123', 'user_domain_id': 'default', 'user_domain_name': 'Default', 'user_id': '5b2a3e9006c44ebabc5a73be540b9045', 'system': None}, Network: {'id': 'c9a9ed37-2514-464a-a4be-9ba444a72ca3', 'name': 'tempest-ServersAdminTestJSON-1216142432-network', 'tenant_id': '4685480cae574a5daac6a1f077a8c319', 'admin_state_up': True, 'mtu': 8950, 'status': 'ACTIVE', 'subnets': [], 'shared': False, 'project_id': '4685480cae574a5daac6a1f077a8c319', 'port_security_enabled': True, 'router:external': False, 'provider:network_type': 'vlan', 'provider:physical_network': 'default', 'provider:segmentation_id': 497, 'availability_zone_hints': [], 'availability_zones': [], 'ipv4_address_scope': None, 'ipv6_address_scope': None, 'description': '', 'tags': [], 'created_at': '2024-12-12T00:09:13Z', 'updated_at': '2024-12-12T00:09:13Z', 'revision_number': 1}, Subnet: {'id': '4a50708a-9062-4db3-8967-6c9d43073bc7', 'name': 'tempest-ServersAdminTestJSON-1216142432-subnet', 'tenant_id': '4685480cae574a5daac6a1f077a8c319', 'network_id': 'c9a9ed37-2514-464a-a4be-9ba444a72ca3', 'ip_version': 4, 'subnetpool_id': None, 'enable_dhcp': True, 'ipv6_ra_mode': None, 'ipv6_address_mode': None, 'gateway_ip': '192.168.128.1', 'cidr': '192.168.128.0/28', 'allocation_pools': [{'start': '192.168.128.2', 'end': '192.168.128.14'}], 'host_routes': [], 'dns_nameservers': [], 'description': '', 'router:external': False, 'service_types': [], 'tags': [], 'created_at': '2024-12-12T00:09:14Z', 'updated_at': '2024-12-12T00:09:14Z', 'revision_number': 0, 'project_id': '4685480cae574a5daac6a1f077a8c319'}, Router: {'id': '2e10599c-d08d-4ee2-9b62-d66b8bc4913f', 'name': 'tempest-ServersAdminTestJSON-1216142432-router', 'tenant_id': '4685480cae574a5daac6a1f077a8c319', 'admin_state_up': True, 'status': 'ACTIVE', 'external_gateway_info': {'network_id': '97501185-f222-495f-bcd2-08b561f0f514', 'external_fixed_ips': [{'subnet_id': '7224b45e-e2c4-4054-b75b-2a3853b158c9', 'ip_address': '10.180.180.188'}], 'enable_snat': True}, 'description': '', 'availability_zones': [], 'distributed': False, 'ha': False, 'availability_zone_hints': [], 'routes': [], 'flavor_id': None, 'tags': [], 'created_at': '2024-12-12T00:09:14Z', 'updated_at': '2024-12-12T00:09:16Z', 'revision_number': 2, 'project_id': '4685480cae574a5daac6a1f077a8c319'}
2024-12-12 00:09:20.055 66605 INFO tempest.lib.common.rest_client [req-bfb6f8a9-c0fd-47d7-b124-84e577aa561f req-bfb6f8a9-c0fd-47d7-b124-84e577aa561f ] Request (ServicesAdminNegativeV253TestJSON:test_disable_log_reason_with_invalid_service_id): 404 PUT http://10.180.1.21/compute/v2.1/os-services/61cf8834-4f6d-499a-af4a-a66dfba33ce6 3.460s
2024-12-12 00:09:20.080 66607 INFO tempest.lib.common.rest_client [req-65415049-eeaa-4dec-b817-d178d8aee8e7 req-65415049-eeaa-4dec-b817-d178d8aee8e7 ] Request (ServerAddressesTestJSON:setUpClass): 202 POST http://10.180.1.21/compute/v2.1/servers 3.523s
2024-12-12 00:09:20.085 66553 INFO tempest.lib.common.rest_client [req-7a259c62-342d-42ab-9f1b-840d9a172a08 req-7a259c62-342d-42ab-9f1b-840d9a172a08 ] Request (FloatingIPsTestJSON:test_delete_floating_ip): 404 GET http://10.180.1.21/compute/v2.1/os-floating-ips/52d203c5-6ac3-429f-88e5-c946d5e0e682 2.929s
2024-12-12 00:09:20.096 66573 INFO tempest.lib.common.rest_client [req-fce99d84-e6f4-422d-b7d9-6947e1228986 req-fce99d84-e6f4-422d-b7d9-6947e1228986 ] Request (ListServerFiltersTestJSON:setUpClass): 201 POST http://10.180.1.21/identity/v3/auth/tokens 0.103s
2024-12-12 00:09:20.115 66547 INFO tempest.lib.common.rest_client [req-a46578f9-bae5-4c81-94a4-11623db7c0f1 req-a46578f9-bae5-4c81-94a4-11623db7c0f1 ] Request (ServersAdminTestJSON:setUpClass): 201 POST http://10.180.1.21/identity/v3/auth/tokens 0.082s
2024-12-12 00:09:20.122 66555 INFO tempest.lib.common.rest_client [req-2e3e9d62-39ce-40cd-b10d-2cf40d817d4d req-2e3e9d62-39ce-40cd-b10d-2cf40d817d4d ] Request (FlavorsAccessNegativeTestJSON:_run_cleanups): 200 GET http://10.180.1.21/compute/v2.1/flavors/detail 2.935s
2024-12-12 00:09:20.142 66573 INFO tempest.lib.common.rest_client [req-5cb2b211-7384-41a5-b56a-15eef2461eac req-5cb2b211-7384-41a5-b56a-15eef2461eac ] Request (ListServerFiltersTestJSON:setUpClass): 201 POST http://10.180.1.21/identity/v3/auth/tokens 0.038s
2024-12-12 00:09:20.142 66573 INFO tempest.lib.common.fixed_network [-] (ListServerFiltersTestJSON:setUpClass) Found network {'id': 'd3852c70-9b8b-4c78-a2f1-f7f9e42d51cd', 'name': 'tempest-ListServerFiltersTestJSON-733437359-network', 'tenant_id': '557d744dc35943aab165225698db81bf', 'admin_state_up': True, 'mtu': 8950, 'status': 'ACTIVE', 'subnets': [], 'shared': False, 'project_id': '557d744dc35943aab165225698db81bf', 'port_security_enabled': True, 'router:external': False, 'provider:network_type': 'vlan', 'provider:physical_network': 'default', 'provider:segmentation_id': 337, 'availability_zone_hints': [], 'availability_zones': [], 'ipv4_address_scope': None, 'ipv6_address_scope': None, 'description': '', 'tags': [], 'created_at': '2024-12-12T00:09:19Z', 'updated_at': '2024-12-12T00:09:19Z', 'revision_number': 1} available for tenant
2024-12-12 00:09:20.143 66561 INFO tempest.lib.common.rest_client [req-c76d5cbd-7246-45bf-9b66-6801090b1980 req-c76d5cbd-7246-45bf-9b66-6801090b1980 ] Request (ServersTestFqdnHostnames:test_create_server_with_fqdn_name): 200 GET http://10.180.1.21/compute/v2.1/servers/deef59c8-f710-434d-bddc-f63bb3d518b1 2.962s
2024-12-12 00:09:20.154 66591 INFO tempest.lib.common.rest_client [req-237fc40c-62a8-452e-a526-934784dbc352 req-237fc40c-62a8-452e-a526-934784dbc352 ] Request (ServersWithSpecificFlavorTestJSON:test_verify_created_server_ephemeral_disk): 200 POST http://10.180.1.21/compute/v2.1/flavors/1772973878/os-extra_specs 2.948s
2024-12-12 00:09:20.164 66571 INFO tempest.lib.common.rest_client [req-ff29decd-90f5-46fc-97e5-b12781014d79 req-ff29decd-90f5-46fc-97e5-b12781014d79 ] Request (HostsAdminNegativeTestJSON:test_shutdown_host_with_non_admin_user): 403 GET http://10.180.1.21/compute/v2.1/os-hosts/devstack/shutdown 2.758s
2024-12-12 00:09:20.174 66595 INFO tempest.lib.common.rest_client [req-0b5ae012-062d-489e-bfc9-f059f1f7f954 req-0b5ae012-062d-489e-bfc9-f059f1f7f954 ] Request (SecurityGroupsNegativeTestJSON:test_security_group_get_nonexistent_group): 404 GET http://10.180.1.21/compute/v2.1/os-security-groups/9689c4b3-6687-4ea4-915c-e904db90a115 2.774s
2024-12-12 00:09:20.187 66545 INFO tempest.lib.common.rest_client [req-d4ad8c71-eabf-45c9-bf9f-4198aa27fbfa req-d4ad8c71-eabf-45c9-bf9f-4198aa27fbfa ] Request (FlavorsExtraSpecsNegativeTestJSON:test_flavor_unset_nonexistent_key): 404 DELETE http://10.180.1.21/compute/v2.1/flavors/1552663673/os-extra_specs/hw:cpu_thread_policy 2.731s
2024-12-12 00:09:20.190 66547 INFO tempest.lib.common.rest_client [req-ccd24dc5-1d38-4008-9a2e-4836360184b9 req-ccd24dc5-1d38-4008-9a2e-4836360184b9 ] Request (ServersAdminTestJSON:setUpClass): 201 POST http://10.180.1.21/identity/v3/projects 0.075s
2024-12-12 00:09:20.193 66575 INFO tempest.lib.common.rest_client [req-28afb13f-d182-4422-808c-22826f248a5f req-28afb13f-d182-4422-808c-22826f248a5f ] Request (FlavorsAccessTestJSON:_run_cleanups): 200 GET http://10.180.1.21/compute/v2.1/flavors/detail 2.751s
2024-12-12 00:09:20.199 66597 INFO tempest.lib.common.rest_client [req-52f77d72-02fe-472e-9ec2-7a8368d76bce req-52f77d72-02fe-472e-9ec2-7a8368d76bce ] Request (FlavorsAdminTestJSON:_run_cleanups): 200 GET http://10.180.1.21/compute/v2.1/flavors/detail 2.733s
2024-12-12 00:09:20.207 66589 INFO tempest.lib.common.rest_client [req-598b97a9-40cb-4742-ae39-1b0e55bfd929 req-598b97a9-40cb-4742-ae39-1b0e55bfd929 ] Request (FlavorsV2TestJSON:test_list_flavors): 200 GET http://10.180.1.21/compute/v2.1/flavors/42 2.721s
2024-12-12 00:09:20.231 66573 INFO tempest.lib.common.rest_client [req-548ef989-ffec-440d-a0cc-ee1ffb2b33fb req-548ef989-ffec-440d-a0cc-ee1ffb2b33fb ] Request (ListServerFiltersTestJSON:setUpClass): 201 POST http://10.180.1.21/identity/v3/auth/tokens 0.085s
2024-12-12 00:09:20.231 66573 INFO tempest.lib.common.fixed_network [-] (ListServerFiltersTestJSON:setUpClass) Found network {'id': 'd3852c70-9b8b-4c78-a2f1-f7f9e42d51cd', 'name': 'tempest-ListServerFiltersTestJSON-733437359-network', 'tenant_id': '557d744dc35943aab165225698db81bf', 'admin_state_up': True, 'mtu': 8950, 'status': 'ACTIVE', 'subnets': [], 'shared': False, 'project_id': '557d744dc35943aab165225698db81bf', 'port_security_enabled': True, 'router:external': False, 'provider:network_type': 'vlan', 'provider:physical_network': 'default', 'provider:segmentation_id': 337, 'availability_zone_hints': [], 'availability_zones': [], 'ipv4_address_scope': None, 'ipv6_address_scope': None, 'description': '', 'tags': [], 'created_at': '2024-12-12T00:09:19Z', 'updated_at': '2024-12-12T00:09:19Z', 'revision_number': 1} available for tenant
2024-12-12 00:09:20.242 66557 INFO tempest.lib.common.rest_client [req-80698a3f-32c5-4dca-9304-8b58faf66e95 req-80698a3f-32c5-4dca-9304-8b58faf66e95 ] Request (AggregatesAdminNegativeTestJSON:test_aggregate_add_host_as_user): 200 POST http://10.180.1.21/compute/v2.1/os-aggregates 2.744s
2024-12-12 00:09:20.254 66567 INFO tempest.lib.common.rest_client [req-f34701ab-6942-43e5-a5a3-d004d54ab640 req-f34701ab-6942-43e5-a5a3-d004d54ab640 ] Request (HostsAdminTestJSON:test_list_hosts_with_zone): 200 GET http://10.180.1.21/compute/v2.1/os-hosts 2.730s
2024-12-12 00:09:20.265 66547 INFO tempest.lib.common.rest_client [req-39254891-795c-411e-abe4-f3492b3a1264 req-39254891-795c-411e-abe4-f3492b3a1264 ] Request (ServersAdminTestJSON:setUpClass): 201 POST http://10.180.1.21/identity/v3/users 0.074s
2024-12-12 00:09:20.284 66547 INFO tempest.lib.common.rest_client [req-3b7b106d-96d1-4ea8-b958-2dafd055ef08 req-3b7b106d-96d1-4ea8-b958-2dafd055ef08 ] Request (ServersAdminTestJSON:setUpClass): 200 GET http://10.180.1.21/identity/v3/roles 0.017s
2024-12-12 00:09:20.309 66547 INFO tempest.lib.common.rest_client [req-5528bee8-3b03-46b0-8e7c-e477550a0444 req-5528bee8-3b03-46b0-8e7c-e477550a0444 ] Request (ServersAdminTestJSON:setUpClass): 204 PUT http://10.180.1.21/identity/v3/projects/34b13c035f0c4a1096609c0f0279e471/users/f1413b1b2a0048c8bf39f072b3f5a9f1/roles/62815a92bb024bff803e7593510beda0 0.024s
2024-12-12 00:09:20.358 66547 INFO tempest.lib.common.rest_client [req-41e3b1f4-1514-4196-8efb-27a7e8aad467 req-41e3b1f4-1514-4196-8efb-27a7e8aad467 ] Request (ServersAdminTestJSON:setUpClass): 200 GET http://10.180.1.21/identity/v3/roles 0.048s
2024-12-12 00:09:20.375 66547 INFO tempest.lib.common.rest_client [req-62ed95bb-f509-4b90-8416-86e9048573d6 req-62ed95bb-f509-4b90-8416-86e9048573d6 ] Request (ServersAdminTestJSON:setUpClass): 204 PUT http://10.180.1.21/identity/v3/projects/34b13c035f0c4a1096609c0f0279e471/users/f1413b1b2a0048c8bf39f072b3f5a9f1/roles/62815a92bb024bff803e7593510beda0 0.016s
2024-12-12 00:09:20.375 66547 INFO tempest.lib.common.dynamic_creds [-] Dynamic test user f1413b1b2a0048c8bf39f072b3f5a9f1 is created with scope project and roles: ['admin']
2024-12-12 00:09:20.375 66547 INFO tempest.lib.common.dynamic_creds [-] Acquired dynamic creds: credentials: Credentials: {'domain_id': 'default', 'domain_name': 'Default', 'username': 'tempest-ServersAdminTestJSON-1842023207-project-admin', 'project_domain_id': 'default', 'project_domain_name': 'Default', 'project_id': '34b13c035f0c4a1096609c0f0279e471', 'project_name': 'tempest-ServersAdminTestJSON-1842023207', 'tenant_id': '34b13c035f0c4a1096609c0f0279e471', 'tenant_name': 'tempest-ServersAdminTestJSON-1842023207', 'user_domain_id': 'default', 'user_domain_name': 'Default', 'user_id': 'f1413b1b2a0048c8bf39f072b3f5a9f1', 'system': None}, Network: None, Subnet: None, Router: None
2024-12-12 00:09:20.428 66599 INFO tempest.lib.common.rest_client [req-e33174e2-9794-4011-9b78-d245d16e49aa req-e33174e2-9794-4011-9b78-d245d16e49aa ] Request (QuotasAdminNegativeTest:test_create_server_when_instances_quota_is_full): 403 POST http://10.180.1.21/compute/v2.1/servers 2.943s
2024-12-12 00:09:20.463 66551 INFO tempest.lib.common.rest_client [req-11e62a57-1f54-4a3d-81ef-0b6840da2a9d req-11e62a57-1f54-4a3d-81ef-0b6840da2a9d ] Request (QuotasAdminTestJSON:test_delete_quota): 200 PUT http://10.180.1.21/compute/v2.1/os-quota-sets/020432bb37694429a7fa254ba4e64c75 2.645s
2024-12-12 00:09:20.652 66577 INFO tempest.lib.common.rest_client [req-9c46decd-7a36-46ee-aa53-c7353015516c req-9c46decd-7a36-46ee-aa53-c7353015516c ] Request (FloatingIPsAssociationTestJSON:setUpClass): 200 GET http://10.180.1.21/compute/v2.1/servers/5b6b4ed4-67c3-4f0c-ac2a-d5c8981a9e07 2.395s
2024-12-12 00:09:20.659 66577 INFO tempest.common.waiters [-] State transition "BUILD/None" ==> "BUILD/spawning" after 3 second wait
2024-12-12 00:09:20.665 66565 INFO tempest.lib.common.rest_client [req-8c3e6fd0-580f-4c52-a1a9-9f75d5e04b2c req-8c3e6fd0-580f-4c52-a1a9-9f75d5e04b2c ] Request (FlavorsExtraSpecsTestJSON:test_flavor_non_admin_get_specific_key): 200 GET http://10.180.1.21/compute/v2.1/flavors/586901131/os-extra_specs/hw:numa_nodes 2.238s
2024-12-12 00:09:20.700 66547 INFO tempest.lib.common.rest_client [req-40b6d8c4-60c3-444e-bec2-9a2f8c7bc464 req-40b6d8c4-60c3-444e-bec2-9a2f8c7bc464 ] Request (ServersAdminTestJSON:setUpClass): 201 POST http://10.180.1.21:9696/networking/v2.0/networks 0.325s
2024-12-12 00:09:20.701 66594 INFO tempest.lib.common.rest_client [req-775aff78-a8bc-4f49-a48e-6aae055906b6 req-775aff78-a8bc-4f49-a48e-6aae055906b6 ] Request (SecurityGroupRulesTestJSON:test_security_group_rules_create_with_optional_group_id): 200 POST http://10.180.1.21/compute/v2.1/os-security-group-rules 2.299s
2024-12-12 00:09:20.703 66594 WARNING tempest.lib.common.rest_client [-] Deprecated: "tenant_id" property is deprecated for removal, use "project_id" instead
2024-12-12 00:09:20.709 66579 INFO tempest.lib.common.rest_client [req-e25d51a1-c1e7-4894-b5db-9b78fb39cfa5 req-e25d51a1-c1e7-4894-b5db-9b78fb39cfa5 ] Request (HypervisorAdminNegativeTestJSON:test_get_hypervisor_stats_with_non_admin_user): 403 GET http://10.180.1.21/compute/v2.1/os-hypervisors/statistics 1.929s
2024-12-12 00:09:20.837 66583 INFO tempest.lib.common.rest_client [req-f56081bb-2b3d-46fe-a362-1eba2579fcff req-f56081bb-2b3d-46fe-a362-1eba2579fcff ] Request (ServersTestManualDisk:setUpClass): 200 GET http://10.180.1.21/compute/v2.1/servers/c7603ce8-8471-4813-9faf-3667a205893c 2.130s
2024-12-12 00:09:20.843 66583 INFO tempest.common.waiters [-] State transition "BUILD/block_device_mapping" ==> "BUILD/spawning" after 6 second wait
2024-12-12 00:09:20.862 66569 INFO tempest.lib.common.rest_client [req-d8e77ce5-9b21-42a4-a451-5eab68177be6 req-d8e77ce5-9b21-42a4-a451-5eab68177be6 ] Request (FloatingIPsNegativeTestJSON:test_allocate_floating_ip_from_nonexistent_pool): 404 POST http://10.180.1.21/compute/v2.1/os-floating-ips 1.951s
2024-12-12 00:09:20.998 66547 INFO tempest.lib.common.rest_client [req-83b53641-4412-48b9-9f80-dba42413d919 req-83b53641-4412-48b9-9f80-dba42413d919 ] Request (ServersAdminTestJSON:setUpClass): 201 POST http://10.180.1.21:9696/networking/v2.0/subnets 0.297s
2024-12-12 00:09:21.024 66601 INFO tempest.lib.common.rest_client [req-e0d0d016-dadf-4ad3-a143-62b0c22e1a36 req-e0d0d016-dadf-4ad3-a143-62b0c22e1a36 ] Request (AttachInterfacesTestJSON:test_create_list_show_delete_interfaces_by_fixed_ip): 200 GET http://10.180.1.21/compute/v2.1/servers/8adc8b4b-1087-4a11-9ee8-d897f1aa83f3 1.502s
2024-12-12 00:09:21.073 66563 INFO tempest.lib.common.rest_client [req-b34ce210-a346-4e37-88a5-34e9db8bf8bf req-b34ce210-a346-4e37-88a5-34e9db8bf8bf ] Request (FloatingIPDetailsTestJSON:tearDownClass): 200 PUT http://10.180.1.21:9696/networking/v2.0/routers/9beec8ec-9011-40bc-a0fe-debce13d9ccd/remove_router_interface 1.176s
2024-12-12 00:09:21.102 66581 INFO tempest.lib.common.rest_client [req-32a5dc7d-ea79-42b9-9159-bc0f4b11c097 req-32a5dc7d-ea79-42b9-9159-bc0f4b11c097 ] Request (ServersAdminNegativeTestJSON:setUpClass): 200 GET http://10.180.1.21/compute/v2.1/servers/9a7bfafe-8598-4c6f-9714-0567fcbb8ea6 1.320s
2024-12-12 00:09:21.117 66581 INFO tempest.common.waiters [-] State transition "BUILD/None" ==> "BUILD/networking" after 3 second wait
2024-12-12 00:09:21.128 66549 INFO tempest.lib.common.rest_client [req-ed1c87b0-ca80-46ae-915c-9c5384293c3f req-ed1c87b0-ca80-46ae-915c-9c5384293c3f ] Request (ServerDiagnosticsTest:test_get_server_diagnostics): 200 GET http://10.180.1.21/compute/v2.1/servers/5c9ca73a-bc48-4a75-89c8-03def719e488 1.441s
2024-12-12 00:09:21.136 66549 INFO tempest.common.waiters [-] State transition "BUILD/spawning" ==> "ACTIVE/None" after 24 second wait
2024-12-12 00:09:21.246 66585 INFO tempest.lib.common.rest_client [req-899afe79-211c-4932-b721-c010cbcb9c90 req-899afe79-211c-4932-b721-c010cbcb9c90 ] Request (InstanceUsageAuditLogTestJSON:test_get_instance_usage_audit_log): 200 GET http://10.180.1.21/compute/v2.1/os-instance_usage_audit_log/2024-12-12%2000%3A09%3A20 1.227s
2024-12-12 00:09:21.267 66605 INFO tempest.lib.common.rest_client [req-f5a22418-f66b-4919-a6fe-6aa71a0795e0 req-f5a22418-f66b-4919-a6fe-6aa71a0795e0 ] Request (ServicesAdminNegativeV253TestJSON:test_disable_service_with_invalid_service_id): 404 PUT http://10.180.1.21/compute/v2.1/os-services/61cf8834-4f6d-499a-af4a-a66dfba33ce6 1.211s
2024-12-12 00:09:21.285 66587 INFO tempest.lib.common.rest_client [req-81922210-9103-4ec9-8ea7-b7967d092b5f req-81922210-9103-4ec9-8ea7-b7967d092b5f ] Request (ServerDiagnosticsNegativeTest:test_get_server_diagnostics_by_non_admin): 200 GET http://10.180.1.21/compute/v2.1/servers/5bffec39-0b09-49a0-a862-560720db45cd 1.495s
2024-12-12 00:09:21.346 66553 INFO tempest.lib.common.rest_client [req-af9b5ef9-3bf1-431b-81b8-8cb4a666b027 req-af9b5ef9-3bf1-431b-81b8-8cb4a666b027 ] Request (FloatingIPsTestJSON:_run_cleanups): 404 DELETE http://10.180.1.21/compute/v2.1/os-floating-ips/52d203c5-6ac3-429f-88e5-c946d5e0e682 1.260s
2024-12-12 00:09:21.358 66607 INFO tempest.lib.common.rest_client [req-0e37077c-8c20-41c0-966e-625dd5681e42 req-0e37077c-8c20-41c0-966e-625dd5681e42 ] Request (ServerAddressesTestJSON:setUpClass): 200 GET http://10.180.1.21/compute/v2.1/servers/8c6e22d6-353f-4be5-8400-7fe38a9bee25 1.277s
2024-12-12 00:09:21.373 66591 INFO tempest.lib.common.rest_client [req-555681d6-d3a9-40d5-bda6-08c54925ddde req-555681d6-d3a9-40d5-bda6-08c54925ddde ] Request (ServersWithSpecificFlavorTestJSON:test_verify_created_server_ephemeral_disk): 200 POST http://10.180.1.21/compute/v2.1/flavors 1.218s
2024-12-12 00:09:21.377 66555 INFO tempest.lib.common.rest_client [req-30378c98-1d63-4fc3-8ea5-34e0544334ec req-30378c98-1d63-4fc3-8ea5-34e0544334ec ] Request (FlavorsAccessNegativeTestJSON:test_flavor_access_list_with_public_flavor): 200 POST http://10.180.1.21/compute/v2.1/flavors 1.238s
2024-12-12 00:09:21.388 66571 INFO tempest.lib.common.rest_client [req-6f11b925-61d5-49ba-8afc-39d940cf4ed4 req-6f11b925-61d5-49ba-8afc-39d940cf4ed4 ] Request (HostsAdminNegativeTestJSON:test_shutdown_nonexistent_host): 404 GET http://10.180.1.21/compute/v2.1/os-hosts/nonexistent_hostname/shutdown 1.222s
2024-12-12 00:09:21.395 66545 INFO tempest.lib.common.rest_client [req-dc9eb9a9-3f25-4cbd-847a-4c5785cb9e14 req-dc9eb9a9-3f25-4cbd-847a-4c5785cb9e14 ] Request (FlavorsExtraSpecsNegativeTestJSON:test_flavor_update_mismatch_key): 400 PUT http://10.180.1.21/compute/v2.1/flavors/1552663673/os-extra_specs/hw:numa_nodes 1.206s
2024-12-12 00:09:21.406 66595 INFO tempest.lib.common.rest_client [req-3f223281-80ae-474f-8b6d-0f2249538cf9 req-3f223281-80ae-474f-8b6d-0f2249538cf9 ] Request (SecurityGroupsNegativeTestJSON:test_update_non_existent_security_group): 404 PUT http://10.180.1.21/compute/v2.1/os-security-groups/17c1330f-7d73-4287-a513-4900a815037b 1.230s
2024-12-12 00:09:21.416 66597 INFO tempest.lib.common.rest_client [req-5f8dd378-58c0-41e8-84c4-13f7ab02dcd5 req-5f8dd378-58c0-41e8-84c4-13f7ab02dcd5 ] Request (FlavorsAdminTestJSON:test_create_flavor_with_int_id): 200 POST http://10.180.1.21/compute/v2.1/flavors 1.208s
2024-12-12 00:09:21.422 66589 INFO tempest.lib.common.rest_client [req-3bf0a8bb-4f41-45d6-b6c1-e6e335f26bd7 req-3bf0a8bb-4f41-45d6-b6c1-e6e335f26bd7 ] Request (FlavorsV2TestJSON:test_list_flavors_detailed_filter_by_min_disk): 200 GET http://10.180.1.21/compute/v2.1/flavors/42 1.204s
2024-12-12 00:09:21.499 66557 INFO tempest.lib.common.rest_client [req-1f9d3fb5-7909-4712-9174-58383977e323 req-1f9d3fb5-7909-4712-9174-58383977e323 ] Request (AggregatesAdminNegativeTestJSON:test_aggregate_add_host_as_user): 403 POST http://10.180.1.21/compute/v2.1/os-aggregates/2/action 1.255s
2024-12-12 00:09:21.519 66567 INFO tempest.lib.common.rest_client [req-e6071a05-fbd4-4f76-9ff3-96b27d29d958 req-e6071a05-fbd4-4f76-9ff3-96b27d29d958 ] Request (HostsAdminTestJSON:test_list_hosts_with_zone): 200 GET http://10.180.1.21/compute/v2.1/os-hosts?zone=internal 1.263s
2024-12-12 00:09:21.543 66575 INFO tempest.lib.common.rest_client [req-b026726d-a7f8-466c-96d0-41dc26f62ee1 req-b026726d-a7f8-466c-96d0-41dc26f62ee1 ] Request (FlavorsAccessTestJSON:test_flavor_access_list_with_private_flavor): 200 POST http://10.180.1.21/compute/v2.1/flavors 1.262s
2024-12-12 00:09:21.710 66599 INFO tempest.lib.common.rest_client [req-3e5df5e6-9a62-4f83-91ec-e341a6e18687 req-3e5df5e6-9a62-4f83-91ec-e341a6e18687 ] Request (QuotasAdminNegativeTest:_run_cleanups): 200 PUT http://10.180.1.21/compute/v2.1/os-quota-sets/d49eac58c0514f5394e9ac754c38be48 1.282s
2024-12-12 00:09:21.720 66551 INFO tempest.lib.common.rest_client [req-82304475-5069-40e6-8180-59ef94c645d1 req-82304475-5069-40e6-8180-59ef94c645d1 ] Request (QuotasAdminTestJSON:test_delete_quota): 202 DELETE http://10.180.1.21/compute/v2.1/os-quota-sets/020432bb37694429a7fa254ba4e64c75 1.255s
2024-12-12 00:09:21.745 66565 INFO tempest.lib.common.rest_client [req-7d815d29-43e5-488d-b868-1cf97eecfd6a req-7d815d29-43e5-488d-b868-1cf97eecfd6a ] Request (FlavorsExtraSpecsTestJSON:test_flavor_set_get_update_show_unset_keys): 200 POST http://10.180.1.21/compute/v2.1/flavors/586901131/os-extra_specs 1.076s
2024-12-12 00:09:21.767 66563 INFO tempest.lib.common.rest_client [req-7be46185-962e-4a81-9945-8fff53f92e77 req-7be46185-962e-4a81-9945-8fff53f92e77 ] Request (FloatingIPDetailsTestJSON:tearDownClass): 204 DELETE http://10.180.1.21:9696/networking/v2.0/routers/9beec8ec-9011-40bc-a0fe-debce13d9ccd 0.693s
2024-12-12 00:09:22.025 66563 INFO tempest.lib.common.rest_client [req-e0110dde-6467-473a-a47e-367c68e42c44 req-e0110dde-6467-473a-a47e-367c68e42c44 ] Request (FloatingIPDetailsTestJSON:tearDownClass): 204 DELETE http://10.180.1.21:9696/networking/v2.0/subnets/dbf4f945-3717-4a23-ba92-27d3078f30cc 0.257s
2024-12-12 00:09:22.037 66573 INFO tempest.lib.common.rest_client [req-b9fe2cae-2ff4-40d1-a2df-a0a83b0cb51a req-b9fe2cae-2ff4-40d1-a2df-a0a83b0cb51a ] Request (ListServerFiltersTestJSON:setUpClass): 202 POST http://10.180.1.21/compute/v2.1/servers 1.805s
2024-12-12 00:09:22.052 66594 INFO tempest.lib.common.rest_client [req-3c60c501-8fc8-4fd1-8dec-ca6e393b7e59 req-3c60c501-8fc8-4fd1-8dec-ca6e393b7e59 ] Request (SecurityGroupRulesTestJSON:test_security_group_rules_delete_when_peer_group_deleted): 200 POST http://10.180.1.21/compute/v2.1/os-security-groups 1.345s
2024-12-12 00:09:22.091 66573 INFO tempest.lib.common.rest_client [req-bb7bb474-5aa0-4564-bbcf-b2342d437433 req-bb7bb474-5aa0-4564-bbcf-b2342d437433 ] Request (ListServerFiltersTestJSON:setUpClass): 201 POST http://10.180.1.21/identity/v3/auth/tokens 0.046s
2024-12-12 00:09:22.091 66573 INFO tempest.lib.common.fixed_network [-] (ListServerFiltersTestJSON:setUpClass) Found network {'id': 'd3852c70-9b8b-4c78-a2f1-f7f9e42d51cd', 'name': 'tempest-ListServerFiltersTestJSON-733437359-network', 'tenant_id': '557d744dc35943aab165225698db81bf', 'admin_state_up': True, 'mtu': 8950, 'status': 'ACTIVE', 'subnets': [], 'shared': False, 'project_id': '557d744dc35943aab165225698db81bf', 'port_security_enabled': True, 'router:external': False, 'provider:network_type': 'vlan', 'provider:physical_network': 'default', 'provider:segmentation_id': 337, 'availability_zone_hints': [], 'availability_zones': [], 'ipv4_address_scope': None, 'ipv6_address_scope': None, 'description': '', 'tags': [], 'created_at': '2024-12-12T00:09:19Z', 'updated_at': '2024-12-12T00:09:19Z', 'revision_number': 1} available for tenant
2024-12-12 00:09:22.120 66569 INFO tempest.lib.common.rest_client [req-7c020503-c852-4730-9cab-7e7ed6ec89be req-7c020503-c852-4730-9cab-7e7ed6ec89be ] Request (FloatingIPsNegativeTestJSON:test_delete_nonexistent_floating_ip): 404 DELETE http://10.180.1.21/compute/v2.1/os-floating-ips/c785d35f-1b0c-43e0-bb49-367a0e04dc9b 1.257s
2024-12-12 00:09:22.137 66579 INFO tempest.lib.common.rest_client [req-10d0acf7-739c-4115-9332-4ef36cc51dab req-10d0acf7-739c-4115-9332-4ef36cc51dab ] Request (HypervisorAdminNegativeTestJSON:test_get_hypervisor_uptime_with_non_admin_user): 200 GET http://10.180.1.21/compute/v2.1/os-hypervisors 1.426s
2024-12-12 00:09:22.356 66561 INFO tempest.lib.common.rest_client [req-2bacb26a-b0c8-48f2-98f3-ecb04af961f5 req-2bacb26a-b0c8-48f2-98f3-ecb04af961f5 ] Request (ServersTestFqdnHostnames:test_create_server_with_fqdn_name): 200 GET http://10.180.1.21/compute/v2.1/servers/deef59c8-f710-434d-bddc-f63bb3d518b1 1.204s
2024-12-12 00:09:22.368 66585 INFO tempest.lib.common.rest_client [req-02a5fe0f-6867-4b25-adae-2b12745578d2 req-02a5fe0f-6867-4b25-adae-2b12745578d2 ] Request (InstanceUsageAuditLogTestJSON:test_list_instance_usage_audit_logs): 200 GET http://10.180.1.21/compute/v2.1/os-instance_usage_audit_log 1.118s
2024-12-12 00:09:22.384 66605 INFO tempest.lib.common.rest_client [req-61cb4d84-6078-4096-9395-43c629ed8fe1 req-61cb4d84-6078-4096-9395-43c629ed8fe1 ] Request (ServicesAdminNegativeV253TestJSON:test_enable_service_with_invalid_service_id): 404 PUT http://10.180.1.21/compute/v2.1/os-services/61cf8834-4f6d-499a-af4a-a66dfba33ce6 1.109s
2024-12-12 00:09:22.398 66591 INFO tempest.lib.common.rest_client [req-84cbc7a4-2c09-4121-bcd2-97f8403c3e0a req-84cbc7a4-2c09-4121-bcd2-97f8403c3e0a ] Request (ServersWithSpecificFlavorTestJSON:test_verify_created_server_ephemeral_disk): 200 GET http://10.180.1.21/compute/v2.1/flavors/42/os-extra_specs 1.023s
2024-12-12 00:09:22.409 66555 INFO tempest.lib.common.rest_client [req-b0656a40-e63b-4f53-b25d-03c23e2aa84d req-b0656a40-e63b-4f53-b25d-03c23e2aa84d ] Request (FlavorsAccessNegativeTestJSON:test_flavor_access_list_with_public_flavor): 404 GET http://10.180.1.21/compute/v2.1/flavors/158190856/os-flavor-access 1.029s
2024-12-12 00:09:22.414 66571 INFO tempest.lib.common.rest_client [req-94f34002-81f9-4126-8035-c85912131a98 req-94f34002-81f9-4126-8035-c85912131a98 ] Request (HostsAdminNegativeTestJSON:test_startup_host_with_non_admin_user): 403 GET http://10.180.1.21/compute/v2.1/os-hosts/devstack/startup 1.025s
2024-12-12 00:09:22.421 66545 INFO tempest.lib.common.rest_client [req-619cfa9e-5922-4919-a96f-fa644859442f req-619cfa9e-5922-4919-a96f-fa644859442f ] Request (FlavorsExtraSpecsNegativeTestJSON:test_flavor_update_more_key): 400 PUT http://10.180.1.21/compute/v2.1/flavors/1552663673/os-extra_specs/hw:numa_nodes 1.025s
2024-12-12 00:09:22.436 66597 INFO tempest.lib.common.rest_client [req-a65f4b21-09bb-46d9-8370-748ef15f7d76 req-a65f4b21-09bb-46d9-8370-748ef15f7d76 ] Request (FlavorsAdminTestJSON:_run_cleanups): 202 DELETE http://10.180.1.21/compute/v2.1/flavors/653373265 1.017s
2024-12-12 00:09:22.459 66589 INFO tempest.lib.common.rest_client [req-8e594fe6-a644-430f-954b-5b2883d02111 req-8e594fe6-a644-430f-954b-5b2883d02111 ] Request (FlavorsV2TestJSON:test_list_flavors_detailed_filter_by_min_disk): 200 GET http://10.180.1.21/compute/v2.1/flavors/detail?minDisk=2 1.035s
