2024-12-12 00:10:44.308 66585 INFO tempest.lib.common.rest_client [req-11f4ca5c-1dda-4504-a5fc-7b351eecd88b req-11f4ca5c-1dda-4504-a5fc-7b351eecd88b ] Request (AttachInterfacesV270Test:test_create_get_list_interfaces): 200 GET http://10.180.1.21/compute/v2.1/servers/cfae9bf8-012a-4286-b978-bba8a913bba2 0.060s
2024-12-12 00:10:44.321 66565 INFO tempest.lib.common.rest_client [req-53238087-9801-417f-96be-0500da63a108 req-53238087-9801-417f-96be-0500da63a108 ] Request (MultipleCreateTestJSON:_run_cleanups): 200 GET http://10.180.1.21/compute/v2.1/servers/e3255df2-2de0-4668-ad7b-a864ea680b44 0.074s
2024-12-12 00:10:44.352 66553 INFO tempest.lib.common.rest_client [req-a62132fd-0e0f-4fb1-86c8-d0ade40f751e req-a62132fd-0e0f-4fb1-86c8-d0ade40f751e ] Request (ImagesOneServerTestJSON:test_create_image_specify_multibyte_character_image_name): 200 GET http://10.180.1.21/compute/v2.1/images/c6e80714-1db7-4d68-ac41-54718eff899f 0.083s
2024-12-12 00:10:44.355 66549 INFO tempest.lib.common.rest_client [req-dc0857a4-389b-4465-997b-b6ac9e254f76 req-dc0857a4-389b-4465-997b-b6ac9e254f76 ] Request (ImagesTestJSON:test_create_image_from_stopped_server): 200 GET http://10.180.1.21/compute/v2.1/images/eda5f6cb-607d-4d11-8755-4520d23c5b9b 0.085s
2024-12-12 00:10:44.409 66577 INFO tempest.lib.common.rest_client [req-90a5a76b-1f52-4d89-82c8-b6cf5b06142e req-90a5a76b-1f52-4d89-82c8-b6cf5b06142e ] Request (FloatingIPsAssociationTestJSON:tearDownClass): 200 GET http://10.180.1.21/compute/v2.1/servers/b6bdc187-a266-4f7d-a9e4-85cb100cf4bf 0.063s
2024-12-12 00:10:44.455 66547 INFO tempest.lib.common.rest_client [req-73aad294-759e-452b-b470-3c1cf7ded05b req-73aad294-759e-452b-b470-3c1cf7ded05b ] Request (ServersAdminTestJSON:test_create_server_with_scheduling_hint): 200 GET http://10.180.1.21/compute/v2.1/servers/9cfd3e8c-b6a5-4406-b165-1ce46ba3f0f1 0.058s
2024-12-12 00:10:44.510 66587 INFO tempest.lib.common.rest_client [req-72a9c98c-037e-4d9b-9c3e-8ed543183b2a req-72a9c98c-037e-4d9b-9c3e-8ed543183b2a ] Request (FloatingIPsAssociationNegativeTestJSON:setUpClass): 200 GET http://10.180.1.21/compute/v2.1/servers/e3f3fc2c-0060-4521-8aa3-da37209aee81 0.052s
2024-12-12 00:10:44.916 66567 INFO tempest.lib.common.rest_client [req-fd249e6b-5381-4477-bd54-26965f6a34ff req-fd249e6b-5381-4477-bd54-26965f6a34ff ] Request (ImagesOneServerNegativeTestJSON:setUpClass): 200 GET http://10.180.1.21/compute/v2.1/servers/9dfb7d7f-6656-46fd-969e-c692db1ce507 0.308s
2024-12-12 00:10:44.930 66589 INFO tempest.lib.common.rest_client [req-05cf5f70-d1b8-4d28-9346-f0ab21565095 req-05cf5f70-d1b8-4d28-9346-f0ab21565095 ] Request (ServerAddressesNegativeTestJSON:tearDownClass): 200 GET http://10.180.1.21/compute/v2.1/servers/e34ebddc-2192-4975-81d7-0f5c200f114e 0.162s
2024-12-12 00:10:44.984 66569 INFO tempest.lib.common.rest_client [req-8aec45b4-3111-42d3-b421-44692d046f96 req-8aec45b4-3111-42d3-b421-44692d046f96 ] Request (ServersTestBootFromVolume:setUpClass): 200 GET http://10.180.1.21/compute/v2.1/servers/cb7f5d2b-18a2-4b35-9f81-8f8e7bb768a9 0.171s
2024-12-12 00:10:45.025 66571 INFO tempest.lib.common.rest_client [req-5b3fadc4-a5ec-4cc6-ade4-4b3d6bdf5718 req-5b3fadc4-a5ec-4cc6-ade4-4b3d6bdf5718 ] Request (ServerTagsTestJSON:setUpClass): 200 GET http://10.180.1.21/compute/v2.1/servers/2b548b58-d5b9-4b6f-bef9-ea3b29f09f7b 0.252s
2024-12-12 00:10:45.048 66559 INFO tempest.lib.common.rest_client [req-feea9683-b342-4598-9c01-a63fb1bfe453 req-feea9683-b342-4598-9c01-a63fb1bfe453 ] Request (ServerExternalEventsTest:tearDownClass): 200 GET http://10.180.1.21/compute/v2.1/servers/a1d1337f-3c41-4c1c-812b-aa10f2a680a8 0.224s
2024-12-12 00:10:45.081 66563 INFO tempest.lib.common.rest_client [req-5d280291-aeae-45fd-9e9e-a8ea5fbe9246 req-5d280291-aeae-45fd-9e9e-a8ea5fbe9246 ] Request (ServersV294TestFqdnHostnames:setUpClass): 200 GET http://10.180.1.21/compute/v2.1/servers/3455a540-7fbc-46ba-b7d6-84a345c0463e 0.207s
2024-12-12 00:10:45.115 66599 INFO tempest.lib.common.rest_client [req-921fb261-57a8-4eb1-9414-ed0743c45606 req-921fb261-57a8-4eb1-9414-ed0743c45606 ] Request (ServersAdmin275Test:tearDownClass): 200 GET http://10.180.1.21/compute/v2.1/servers/f4cf1732-6b6a-47be-acf4-b127bc4b9baf 0.231s
2024-12-12 00:10:45.141 66579 INFO tempest.lib.common.rest_client [req-4b03bc26-530d-4682-925c-e270c99bd465 req-4b03bc26-530d-4682-925c-e270c99bd465 ] Request (ServerShowV254Test:test_rebuild_server): 200 GET http://10.180.1.21/compute/v2.1/servers/85e8da3c-d9d5-4569-b454-bcbb3d7a9bb5 0.218s
2024-12-12 00:10:45.172 66597 INFO tempest.lib.common.rest_client [req-924ce7b5-2fc0-4aba-84cd-147f39534b6c req-924ce7b5-2fc0-4aba-84cd-147f39534b6c ] Request (ServersTestJSON:setUpClass): 200 GET http://10.180.1.21/compute/v2.1/servers/1f3792c0-9f86-4d76-a1a6-28d492869046 0.237s
2024-12-12 00:10:45.201 66573 INFO tempest.lib.common.rest_client [req-6f004f1c-42f6-4e04-af03-475612a0792c req-6f004f1c-42f6-4e04-af03-475612a0792c ] Request (ListServerFiltersTestJSON:tearDownClass): 200 GET http://10.180.1.21/compute/v2.1/servers/82ea280a-4e1b-4fac-a634-7f79ce731564 0.217s
2024-12-12 00:10:45.224 66594 INFO tempest.lib.common.rest_client [req-5b0617f0-e74d-4f3a-8c68-9f942666690b req-5b0617f0-e74d-4f3a-8c68-9f942666690b ] Request (InstanceActionsV221TestJSON:test_get_list_deleted_instance_actions): 200 GET http://10.180.1.21/compute/v2.1/servers/f2240974-0fa4-4f59-ae0c-b9da52f9600e 0.233s
2024-12-12 00:10:45.254 66575 INFO tempest.lib.common.rest_client [req-1420db67-dfd6-4ebe-bddf-f2da4841ef2a req-1420db67-dfd6-4ebe-bddf-f2da4841ef2a ] Request (ServerRescueNegativeTestJSON:setUpClass): 200 GET http://10.180.1.21/compute/v2.1/servers/2f589dc1-9244-475f-86d0-4b69b511508b 0.213s
2024-12-12 00:10:45.274 66607 INFO tempest.lib.common.rest_client [req-7ef6f61e-5186-413d-ae8d-daf35458dc2f req-7ef6f61e-5186-413d-ae8d-daf35458dc2f ] Request (AttachVolumeTestJSON:test_attach_detach_volume): 200 GET http://10.180.1.21/compute/v2.1/servers/29aaac3b-1f0e-40fe-9805-a0e6e6ae597d 0.226s
2024-12-12 00:10:45.307 66545 INFO tempest.lib.common.rest_client [req-444dab2c-0b7d-44ea-81df-8b070967b13f req-444dab2c-0b7d-44ea-81df-8b070967b13f ] Request (ServerActionsTestJSON:setUpClass): 200 GET http://10.180.1.21/compute/v2.1/servers/6e9051e9-aa89-408f-8f62-533085dc1312 0.215s
2024-12-12 00:10:45.313 66545 INFO tempest.common.waiters [-] State transition "BUILD/scheduling" ==> "BUILD/None" after 24 second wait
2024-12-12 00:10:45.338 66551 INFO tempest.lib.common.rest_client [req-cc23944b-a55e-486d-90cd-95b8420d27f1 req-cc23944b-a55e-486d-90cd-95b8420d27f1 ] Request (ImagesNegativeTestJSON:test_create_image_from_deleted_server): 200 GET http://10.180.1.21/compute/v2.1/servers/c70cf2f1-77a9-4eff-981f-9d72caa82c7b 0.235s
2024-12-12 00:10:45.356 66555 INFO tempest.lib.common.rest_client [req-2ef4398b-79ad-439f-83f8-a91b70ab572d req-2ef4398b-79ad-439f-83f8-a91b70ab572d ] Request (AttachInterfacesUnderV243Test:test_add_remove_fixed_ip): 200 GET http://10.180.1.21/compute/v2.1/servers/d2e7c558-02af-477c-b996-239ef14ed75b 0.220s
2024-12-12 00:10:45.396 66581 INFO tempest.lib.common.rest_client [req-af0ff5f3-ed43-4c60-b858-88a4a724e878 req-af0ff5f3-ed43-4c60-b858-88a4a724e878 ] Request (ServersAdminNegativeTestJSON:tearDownClass): 200 GET http://10.180.1.21/compute/v2.1/servers/d38bbd59-b40c-4965-b823-caefc93e2568 0.240s
2024-12-12 00:10:45.408 66557 INFO tempest.lib.common.rest_client [req-ae8db008-40cd-4979-8e4e-ebac0155aa0a req-ae8db008-40cd-4979-8e4e-ebac0155aa0a ] Request (VolumesAssistedSnapshotsTest:test_volume_assisted_snapshot_create_delete): 200 GET http://10.180.1.21/compute/v2.1/servers/e8864d73-35e6-490b-a07c-e8cac8baf880 0.189s
2024-12-12 00:10:45.473 66585 INFO tempest.lib.common.rest_client [req-86fcb7f8-75bf-422e-b577-85f914fb3035 req-86fcb7f8-75bf-422e-b577-85f914fb3035 ] Request (AttachInterfacesV270Test:test_create_get_list_interfaces): 200 GET http://10.180.1.21/compute/v2.1/servers/cfae9bf8-012a-4286-b978-bba8a913bba2 0.156s
2024-12-12 00:10:45.475 66595 INFO tempest.lib.common.rest_client [req-1aa2885e-b977-4273-81e8-4637e6f229f4 req-1aa2885e-b977-4273-81e8-4637e6f229f4 ] Request (ServerShowV247Test:tearDownClass): 200 GET http://10.180.1.21/compute/v2.1/servers/8b41bff7-137f-489c-bb88-7487eb8e97cb 0.217s
2024-12-12 00:10:45.523 66553 INFO tempest.lib.common.rest_client [req-379e1c80-3d34-4bd3-be69-464350d2673c req-379e1c80-3d34-4bd3-be69-464350d2673c ] Request (ImagesOneServerTestJSON:test_create_image_specify_multibyte_character_image_name): 200 GET http://10.180.1.21/compute/v2.1/images/c6e80714-1db7-4d68-ac41-54718eff899f 0.167s
2024-12-12 00:10:45.534 66565 INFO tempest.lib.common.rest_client [req-e0321dc2-fe68-4b5d-a2c6-5d9acc30239b req-e0321dc2-fe68-4b5d-a2c6-5d9acc30239b ] Request (MultipleCreateTestJSON:_run_cleanups): 200 GET http://10.180.1.21/compute/v2.1/servers/e3255df2-2de0-4668-ad7b-a864ea680b44 0.204s
2024-12-12 00:10:45.555 66549 INFO tempest.lib.common.rest_client [req-d69665fd-d001-44ea-a843-3366aba5697e req-d69665fd-d001-44ea-a843-3366aba5697e ] Request (ImagesTestJSON:test_create_image_from_stopped_server): 200 GET http://10.180.1.21/compute/v2.1/images/eda5f6cb-607d-4d11-8755-4520d23c5b9b 0.196s
2024-12-12 00:10:45.593 66577 INFO tempest.lib.common.rest_client [req-ec49fc83-4128-4237-b7d3-63dcd68966f4 req-ec49fc83-4128-4237-b7d3-63dcd68966f4 ] Request (FloatingIPsAssociationTestJSON:tearDownClass): 200 GET http://10.180.1.21/compute/v2.1/servers/b6bdc187-a266-4f7d-a9e4-85cb100cf4bf 0.176s
2024-12-12 00:10:45.605 66547 INFO tempest.lib.common.rest_client [req-80a037cb-99dc-4119-8617-3a0ead3ab24a req-80a037cb-99dc-4119-8617-3a0ead3ab24a ] Request (ServersAdminTestJSON:test_create_server_with_scheduling_hint): 200 GET http://10.180.1.21/compute/v2.1/servers/9cfd3e8c-b6a5-4406-b165-1ce46ba3f0f1 0.142s
2024-12-12 00:10:45.661 66587 INFO tempest.lib.common.rest_client [req-76feb0d6-f752-4415-b174-e912938008c9 req-76feb0d6-f752-4415-b174-e912938008c9 ] Request (FloatingIPsAssociationNegativeTestJSON:setUpClass): 200 GET http://10.180.1.21/compute/v2.1/servers/e3f3fc2c-0060-4521-8aa3-da37209aee81 0.144s
2024-12-12 00:10:46.004 66589 INFO tempest.lib.common.rest_client [req-1c84c749-7323-4218-94cb-d2358c84e8b4 req-1c84c749-7323-4218-94cb-d2358c84e8b4 ] Request (ServerAddressesNegativeTestJSON:tearDownClass): 200 GET http://10.180.1.21/compute/v2.1/servers/e34ebddc-2192-4975-81d7-0f5c200f114e 0.065s
2024-12-12 00:10:46.065 66569 INFO tempest.lib.common.rest_client [req-782bcc95-631d-48d2-8771-43e42036d0c1 req-782bcc95-631d-48d2-8771-43e42036d0c1 ] Request (ServersTestBootFromVolume:setUpClass): 200 GET http://10.180.1.21/compute/v2.1/servers/cb7f5d2b-18a2-4b35-9f81-8f8e7bb768a9 0.073s
2024-12-12 00:10:46.066 66567 INFO tempest.lib.common.rest_client [req-f711e431-9669-47bf-9856-71c570bfdff2 req-f711e431-9669-47bf-9856-71c570bfdff2 ] Request (ImagesOneServerNegativeTestJSON:setUpClass): 200 GET http://10.180.1.21/compute/v2.1/servers/9dfb7d7f-6656-46fd-969e-c692db1ce507 0.142s
2024-12-12 00:10:46.144 66559 INFO tempest.lib.common.rest_client [req-428d3c81-5ec1-47fb-a35b-8a4c4ed791d6 req-428d3c81-5ec1-47fb-a35b-8a4c4ed791d6 ] Request (ServerExternalEventsTest:tearDownClass): 200 GET http://10.180.1.21/compute/v2.1/servers/a1d1337f-3c41-4c1c-812b-aa10f2a680a8 0.086s
2024-12-12 00:10:46.183 66571 INFO tempest.lib.common.rest_client [req-8555bd2e-71ad-4047-869a-11bd702457a0 req-8555bd2e-71ad-4047-869a-11bd702457a0 ] Request (ServerTagsTestJSON:setUpClass): 200 GET http://10.180.1.21/compute/v2.1/servers/2b548b58-d5b9-4b6f-bef9-ea3b29f09f7b 0.148s
2024-12-12 00:10:46.199 66563 INFO tempest.lib.common.rest_client [req-197794d2-42e0-44d8-bda5-f12786bdafb2 req-197794d2-42e0-44d8-bda5-f12786bdafb2 ] Request (ServersV294TestFqdnHostnames:setUpClass): 200 GET http://10.180.1.21/compute/v2.1/servers/3455a540-7fbc-46ba-b7d6-84a345c0463e 0.108s
2024-12-12 00:10:46.252 66599 INFO tempest.lib.common.rest_client [req-85c42002-7c40-4c62-bb35-9713d3c42eee req-85c42002-7c40-4c62-bb35-9713d3c42eee ] Request (ServersAdmin275Test:tearDownClass): 200 GET http://10.180.1.21/compute/v2.1/servers/f4cf1732-6b6a-47be-acf4-b127bc4b9baf 0.128s
2024-12-12 00:10:46.253 66579 INFO tempest.lib.common.rest_client [req-db9b8ab8-f448-4fbf-b120-616ece17e64b req-db9b8ab8-f448-4fbf-b120-616ece17e64b ] Request (ServerShowV254Test:test_rebuild_server): 200 GET http://10.180.1.21/compute/v2.1/servers/85e8da3c-d9d5-4569-b454-bcbb3d7a9bb5 0.104s
2024-12-12 00:10:46.312 66597 INFO tempest.lib.common.rest_client [req-84ab2299-d803-4717-b745-6d9a40eec45b req-84ab2299-d803-4717-b745-6d9a40eec45b ] Request (ServersTestJSON:setUpClass): 200 GET http://10.180.1.21/compute/v2.1/servers/1f3792c0-9f86-4d76-a1a6-28d492869046 0.133s
2024-12-12 00:10:46.312 66573 INFO tempest.lib.common.rest_client [req-3de3055b-ab18-4014-8ff0-38af22c5b0b6 req-3de3055b-ab18-4014-8ff0-38af22c5b0b6 ] Request (ListServerFiltersTestJSON:tearDownClass): 200 GET http://10.180.1.21/compute/v2.1/servers/82ea280a-4e1b-4fac-a634-7f79ce731564 0.104s
2024-12-12 00:10:46.360 66594 INFO tempest.lib.common.rest_client [req-eabcbbd4-73c5-4f0b-a529-9d00135de073 req-eabcbbd4-73c5-4f0b-a529-9d00135de073 ] Request (InstanceActionsV221TestJSON:test_get_list_deleted_instance_actions): 200 GET http://10.180.1.21/compute/v2.1/servers/f2240974-0fa4-4f59-ae0c-b9da52f9600e 0.128s
2024-12-12 00:10:46.370 66575 INFO tempest.lib.common.rest_client [req-8da3c22f-a5b5-4f71-89e8-c8535b396d4d req-8da3c22f-a5b5-4f71-89e8-c8535b396d4d ] Request (ServerRescueNegativeTestJSON:setUpClass): 200 GET http://10.180.1.21/compute/v2.1/servers/2f589dc1-9244-475f-86d0-4b69b511508b 0.107s
2024-12-12 00:10:46.404 66607 INFO tempest.lib.common.rest_client [req-e257fd82-610e-4325-b4f9-543e147b51b7 req-e257fd82-610e-4325-b4f9-543e147b51b7 ] Request (AttachVolumeTestJSON:test_attach_detach_volume): 200 GET http://10.180.1.21/compute/v2.1/servers/29aaac3b-1f0e-40fe-9805-a0e6e6ae597d 0.123s
2024-12-12 00:10:46.414 66545 INFO tempest.lib.common.rest_client [req-58866b9f-329c-41ee-86a6-92286661cf22 req-58866b9f-329c-41ee-86a6-92286661cf22 ] Request (ServerActionsTestJSON:setUpClass): 200 GET http://10.180.1.21/compute/v2.1/servers/6e9051e9-aa89-408f-8f62-533085dc1312 0.100s
2024-12-12 00:10:46.467 66551 INFO tempest.lib.common.rest_client [req-359c884c-753f-48df-aaba-d9855ada18db req-359c884c-753f-48df-aaba-d9855ada18db ] Request (ImagesNegativeTestJSON:test_create_image_from_deleted_server): 200 GET http://10.180.1.21/compute/v2.1/servers/c70cf2f1-77a9-4eff-981f-9d72caa82c7b 0.122s
2024-12-12 00:10:46.467 66555 INFO tempest.lib.common.rest_client [req-3ae4f5e6-046b-4e27-8098-720159535182 req-3ae4f5e6-046b-4e27-8098-720159535182 ] Request (AttachInterfacesUnderV243Test:test_add_remove_fixed_ip): 200 GET http://10.180.1.21/compute/v2.1/servers/d2e7c558-02af-477c-b996-239ef14ed75b 0.102s
2024-12-12 00:10:46.520 66557 INFO tempest.lib.common.rest_client [req-1400a2ba-b886-4a67-8993-56128ef3b8d2 req-1400a2ba-b886-4a67-8993-56128ef3b8d2 ] Request (VolumesAssistedSnapshotsTest:test_volume_assisted_snapshot_create_delete): 200 GET http://10.180.1.21/compute/v2.1/servers/e8864d73-35e6-490b-a07c-e8cac8baf880 0.105s
2024-12-12 00:10:46.528 66581 INFO tempest.lib.common.rest_client [req-81c03b4e-4e22-4ffd-acc7-5b494846994e req-81c03b4e-4e22-4ffd-acc7-5b494846994e ] Request (ServersAdminNegativeTestJSON:tearDownClass): 200 GET http://10.180.1.21/compute/v2.1/servers/d38bbd59-b40c-4965-b823-caefc93e2568 0.122s
2024-12-12 00:10:46.571 66585 INFO tempest.lib.common.rest_client [req-265c82fe-6103-4e63-a6d8-fc60872afa24 req-265c82fe-6103-4e63-a6d8-fc60872afa24 ] Request (AttachInterfacesV270Test:test_create_get_list_interfaces): 200 GET http://10.180.1.21/compute/v2.1/servers/cfae9bf8-012a-4286-b978-bba8a913bba2 0.089s
2024-12-12 00:10:46.584 66595 INFO tempest.lib.common.rest_client [req-0af15b39-3f8c-447f-b645-71e8569cca3c req-0af15b39-3f8c-447f-b645-71e8569cca3c ] Request (ServerShowV247Test:tearDownClass): 200 GET http://10.180.1.21/compute/v2.1/servers/8b41bff7-137f-489c-bb88-7487eb8e97cb 0.100s
2024-12-12 00:10:46.602 66553 INFO tempest.lib.common.rest_client [req-f55d1315-ee05-4dc5-949a-5df585d7ac05 req-f55d1315-ee05-4dc5-949a-5df585d7ac05 ] Request (ImagesOneServerTestJSON:test_create_image_specify_multibyte_character_image_name): 200 GET http://10.180.1.21/compute/v2.1/images/c6e80714-1db7-4d68-ac41-54718eff899f 0.075s
2024-12-12 00:10:46.637 66549 INFO tempest.lib.common.rest_client [req-fe5c7b7e-2ade-4e0c-8943-23d35009fd3e req-fe5c7b7e-2ade-4e0c-8943-23d35009fd3e ] Request (ImagesTestJSON:test_create_image_from_stopped_server): 200 GET http://10.180.1.21/compute/v2.1/images/eda5f6cb-607d-4d11-8755-4520d23c5b9b 0.077s
2024-12-12 00:10:46.643 66565 INFO tempest.lib.common.rest_client [req-a16f7e21-9c32-4ca0-9980-bae5bf77cab1 req-a16f7e21-9c32-4ca0-9980-bae5bf77cab1 ] Request (MultipleCreateTestJSON:_run_cleanups): 200 GET http://10.180.1.21/compute/v2.1/servers/e3255df2-2de0-4668-ad7b-a864ea680b44 0.102s
2024-12-12 00:10:46.697 66547 INFO tempest.lib.common.rest_client [req-2cc07598-110a-4d7c-ad5a-f86430282a7e req-2cc07598-110a-4d7c-ad5a-f86430282a7e ] Request (ServersAdminTestJSON:test_create_server_with_scheduling_hint): 200 GET http://10.180.1.21/compute/v2.1/servers/9cfd3e8c-b6a5-4406-b165-1ce46ba3f0f1 0.085s
2024-12-12 00:10:46.698 66577 INFO tempest.lib.common.rest_client [req-a06f7694-3911-4dca-828f-13f8654f7362 req-a06f7694-3911-4dca-828f-13f8654f7362 ] Request (FloatingIPsAssociationTestJSON:tearDownClass): 200 GET http://10.180.1.21/compute/v2.1/servers/b6bdc187-a266-4f7d-a9e4-85cb100cf4bf 0.098s
2024-12-12 00:10:46.742 66587 INFO tempest.lib.common.rest_client [req-d78e6219-39a2-48cb-a00e-5739be162c25 req-d78e6219-39a2-48cb-a00e-5739be162c25 ] Request (FloatingIPsAssociationNegativeTestJSON:setUpClass): 200 GET http://10.180.1.21/compute/v2.1/servers/e3f3fc2c-0060-4521-8aa3-da37209aee81 0.073s
2024-12-12 00:10:47.062 66589 INFO tempest.lib.common.rest_client [req-754bdb44-796b-48bd-9472-668dd25d6bfd req-754bdb44-796b-48bd-9472-668dd25d6bfd ] Request (ServerAddressesNegativeTestJSON:tearDownClass): 200 GET http://10.180.1.21/compute/v2.1/servers/e34ebddc-2192-4975-81d7-0f5c200f114e 0.051s
2024-12-12 00:10:47.068 66589 INFO tempest.common.waiters [-] State transition "ACTIVE/deleting" ==> "DELETED/None" after 4 second wait
2024-12-12 00:10:47.134 66569 INFO tempest.lib.common.rest_client [req-f6d69d69-3d55-4a49-b888-9b5f592b52bb req-f6d69d69-3d55-4a49-b888-9b5f592b52bb ] Request (ServersTestBootFromVolume:setUpClass): 200 GET http://10.180.1.21/compute/v2.1/servers/cb7f5d2b-18a2-4b35-9f81-8f8e7bb768a9 0.060s
2024-12-12 00:10:47.175 66567 INFO tempest.lib.common.rest_client [req-c7486d80-d3d6-4493-8b09-3301b883e57d req-c7486d80-d3d6-4493-8b09-3301b883e57d ] Request (ImagesOneServerNegativeTestJSON:setUpClass): 200 GET http://10.180.1.21/compute/v2.1/servers/9dfb7d7f-6656-46fd-969e-c692db1ce507 0.101s
2024-12-12 00:10:47.209 66559 INFO tempest.lib.common.rest_client [req-c864a270-750d-4870-87f5-6df6ae3045de req-c864a270-750d-4870-87f5-6df6ae3045de ] Request (ServerExternalEventsTest:tearDownClass): 200 GET http://10.180.1.21/compute/v2.1/servers/a1d1337f-3c41-4c1c-812b-aa10f2a680a8 0.057s
2024-12-12 00:10:47.269 66563 INFO tempest.lib.common.rest_client [req-7449128f-2572-4976-9f8c-faaec91e2ae8 req-7449128f-2572-4976-9f8c-faaec91e2ae8 ] Request (ServersV294TestFqdnHostnames:setUpClass): 200 GET http://10.180.1.21/compute/v2.1/servers/3455a540-7fbc-46ba-b7d6-84a345c0463e 0.061s
2024-12-12 00:10:47.332 66579 INFO tempest.lib.common.rest_client [req-4634b000-712c-4f76-9012-98f022b97321 req-4634b000-712c-4f76-9012-98f022b97321 ] Request (ServerShowV254Test:test_rebuild_server): 200 GET http://10.180.1.21/compute/v2.1/servers/85e8da3c-d9d5-4569-b454-bcbb3d7a9bb5 0.070s
2024-12-12 00:10:47.348 66571 INFO tempest.lib.common.rest_client [req-29fecd41-589b-48b8-957e-b6ab23d45db9 req-29fecd41-589b-48b8-957e-b6ab23d45db9 ] Request (ServerTagsTestJSON:setUpClass): 200 GET http://10.180.1.21/compute/v2.1/servers/2b548b58-d5b9-4b6f-bef9-ea3b29f09f7b 0.156s
2024-12-12 00:10:47.357 66571 INFO tempest.common.waiters [-] State transition "BUILD/spawning" ==> "ACTIVE/None" after 49 second wait
2024-12-12 00:10:47.391 66599 INFO tempest.lib.common.rest_client [req-25fdd6e6-4ac9-45f5-ac0e-5cbc011962ed req-25fdd6e6-4ac9-45f5-ac0e-5cbc011962ed ] Request (ServersAdmin275Test:tearDownClass): 200 GET http://10.180.1.21/compute/v2.1/servers/f4cf1732-6b6a-47be-acf4-b127bc4b9baf 0.128s
2024-12-12 00:10:47.411 66573 INFO tempest.lib.common.rest_client [req-bcfe258c-7771-4f8d-a82e-ef3e7216c235 req-bcfe258c-7771-4f8d-a82e-ef3e7216c235 ] Request (ListServerFiltersTestJSON:tearDownClass): 200 GET http://10.180.1.21/compute/v2.1/servers/82ea280a-4e1b-4fac-a634-7f79ce731564 0.091s
2024-12-12 00:10:47.438 66597 INFO tempest.lib.common.rest_client [req-01f884ec-9b80-480c-99e9-4a3d16213c3e req-01f884ec-9b80-480c-99e9-4a3d16213c3e ] Request (ServersTestJSON:setUpClass): 200 GET http://10.180.1.21/compute/v2.1/servers/1f3792c0-9f86-4d76-a1a6-28d492869046 0.118s
2024-12-12 00:10:47.494 66594 INFO tempest.lib.common.rest_client [req-64a02e6b-b02d-4d09-90e7-219202f8687e req-64a02e6b-b02d-4d09-90e7-219202f8687e ] Request (InstanceActionsV221TestJSON:test_get_list_deleted_instance_actions): 200 GET http://10.180.1.21/compute/v2.1/servers/f2240974-0fa4-4f59-ae0c-b9da52f9600e 0.126s
2024-12-12 00:10:47.495 66571 INFO tempest.lib.common.rest_client [req-12ccff9c-c6ee-4fe9-9e4a-0033b6bf5114 req-12ccff9c-c6ee-4fe9-9e4a-0033b6bf5114 ] Request (ServerTagsTestJSON:test_check_tag_existence): 201 PUT http://10.180.1.21/compute/v2.1/servers/2b548b58-d5b9-4b6f-bef9-ea3b29f09f7b/tags/tempest-tag-1223123721 0.138s
2024-12-12 00:10:47.540 66575 INFO tempest.lib.common.rest_client [req-8bb1af82-b09b-4cec-b531-06fcde7a9194 req-8bb1af82-b09b-4cec-b531-06fcde7a9194 ] Request (ServerRescueNegativeTestJSON:setUpClass): 200 GET http://10.180.1.21/compute/v2.1/servers/2f589dc1-9244-475f-86d0-4b69b511508b 0.163s
2024-12-12 00:10:47.550 66607 INFO tempest.lib.common.rest_client [req-5180dbbd-a632-45fb-b9ae-3d965ac76fe6 req-5180dbbd-a632-45fb-b9ae-3d965ac76fe6 ] Request (AttachVolumeTestJSON:test_attach_detach_volume): 200 GET http://10.180.1.21/compute/v2.1/servers/29aaac3b-1f0e-40fe-9805-a0e6e6ae597d 0.137s
2024-12-12 00:10:47.587 66545 INFO tempest.lib.common.rest_client [req-01fd7964-081b-4691-b333-1920320856ea req-01fd7964-081b-4691-b333-1920320856ea ] Request (ServerActionsTestJSON:setUpClass): 200 GET http://10.180.1.21/compute/v2.1/servers/6e9051e9-aa89-408f-8f62-533085dc1312 0.165s
2024-12-12 00:10:47.600 66555 INFO tempest.lib.common.rest_client [req-ad27400f-2892-45a4-affd-674d64f39df9 req-ad27400f-2892-45a4-affd-674d64f39df9 ] Request (AttachInterfacesUnderV243Test:test_add_remove_fixed_ip): 200 GET http://10.180.1.21/compute/v2.1/servers/d2e7c558-02af-477c-b996-239ef14ed75b 0.126s
2024-12-12 00:10:47.617 66571 INFO tempest.lib.common.rest_client [req-02f1a386-c344-4eca-a3e9-4acd18fe14e8 req-02f1a386-c344-4eca-a3e9-4acd18fe14e8 ] Request (ServerTagsTestJSON:test_check_tag_existence): 204 GET http://10.180.1.21/compute/v2.1/servers/2b548b58-d5b9-4b6f-bef9-ea3b29f09f7b/tags/tempest-tag-1223123721 0.120s
2024-12-12 00:10:47.655 66551 INFO tempest.lib.common.rest_client [req-40ce8c4b-63a6-438e-b1f7-71c0df303bfd req-40ce8c4b-63a6-438e-b1f7-71c0df303bfd ] Request (ImagesNegativeTestJSON:test_create_image_from_deleted_server): 200 GET http://10.180.1.21/compute/v2.1/servers/c70cf2f1-77a9-4eff-981f-9d72caa82c7b 0.181s
2024-12-12 00:10:47.661 66557 INFO tempest.lib.common.rest_client [req-6779973b-698b-401a-a282-5412ae1c5a64 req-6779973b-698b-401a-a282-5412ae1c5a64 ] Request (VolumesAssistedSnapshotsTest:test_volume_assisted_snapshot_create_delete): 200 GET http://10.180.1.21/compute/v2.1/servers/e8864d73-35e6-490b-a07c-e8cac8baf880 0.132s
2024-12-12 00:10:47.713 66585 INFO tempest.lib.common.rest_client [req-115a07ae-18fd-434c-8ec3-b2f75a13b543 req-115a07ae-18fd-434c-8ec3-b2f75a13b543 ] Request (AttachInterfacesV270Test:test_create_get_list_interfaces): 200 GET http://10.180.1.21/compute/v2.1/servers/cfae9bf8-012a-4286-b978-bba8a913bba2 0.130s
2024-12-12 00:10:47.742 66581 INFO tempest.lib.common.rest_client [req-2302ef25-dcd4-48b7-9e63-4af8e0bf73f4 req-2302ef25-dcd4-48b7-9e63-4af8e0bf73f4 ] Request (ServersAdminNegativeTestJSON:tearDownClass): 200 GET http://10.180.1.21/compute/v2.1/servers/d38bbd59-b40c-4965-b823-caefc93e2568 0.207s
2024-12-12 00:10:47.769 66595 INFO tempest.lib.common.rest_client [req-3c531cf9-895b-46ed-8f0e-0732872f1902 req-3c531cf9-895b-46ed-8f0e-0732872f1902 ] Request (ServerShowV247Test:tearDownClass): 200 GET http://10.180.1.21/compute/v2.1/servers/8b41bff7-137f-489c-bb88-7487eb8e97cb 0.176s
2024-12-12 00:10:47.779 66553 INFO tempest.lib.common.rest_client [req-81cdbb31-3c76-4ce8-a407-997c9b57e428 req-81cdbb31-3c76-4ce8-a407-997c9b57e428 ] Request (ImagesOneServerTestJSON:test_create_image_specify_multibyte_character_image_name): 200 GET http://10.180.1.21/compute/v2.1/images/c6e80714-1db7-4d68-ac41-54718eff899f 0.170s
2024-12-12 00:10:47.813 66571 INFO tempest.lib.common.rest_client [req-f2dcd2bc-3d4b-4976-8c4c-0b942d122a15 req-f2dcd2bc-3d4b-4976-8c4c-0b942d122a15 ] Request (ServerTagsTestJSON:_run_cleanups): 204 DELETE http://10.180.1.21/compute/v2.1/servers/2b548b58-d5b9-4b6f-bef9-ea3b29f09f7b/tags 0.196s
2024-12-12 00:10:47.866 66565 INFO tempest.lib.common.rest_client [req-bbc112db-2bc6-45b6-868d-e05f36de6518 req-bbc112db-2bc6-45b6-868d-e05f36de6518 ] Request (MultipleCreateTestJSON:_run_cleanups): 200 GET http://10.180.1.21/compute/v2.1/servers/e3255df2-2de0-4668-ad7b-a864ea680b44 0.216s
2024-12-12 00:10:47.916 66577 INFO tempest.lib.common.rest_client [req-361544de-e7b3-4e9c-943b-bd2d1934fcd1 req-361544de-e7b3-4e9c-943b-bd2d1934fcd1 ] Request (FloatingIPsAssociationTestJSON:tearDownClass): 200 GET http://10.180.1.21/compute/v2.1/servers/b6bdc187-a266-4f7d-a9e4-85cb100cf4bf 0.210s
2024-12-12 00:10:47.952 66583 WARNING tempest.lib.common.ssh [-] Failed to establish authenticated ssh connection to cirros@10.180.180.242 ([Errno None] Unable to connect to port 22 on 10.180.180.242). Number attempts: 9. Retry after 10 seconds.: paramiko.ssh_exception.NoValidConnectionsError: [Errno None] Unable to connect to port 22 on 10.180.180.242
2024-12-12 00:10:47.962 66547 INFO tempest.lib.common.rest_client [req-ebfad4c7-53b8-407e-b40d-16c0a44836c1 req-ebfad4c7-53b8-407e-b40d-16c0a44836c1 ] Request (ServersAdminTestJSON:test_create_server_with_scheduling_hint): 200 GET http://10.180.1.21/compute/v2.1/servers/9cfd3e8c-b6a5-4406-b165-1ce46ba3f0f1 0.257s
2024-12-12 00:10:47.980 66549 INFO tempest.lib.common.rest_client [req-fa5a5751-5d55-4829-88b6-23811d6203a3 req-fa5a5751-5d55-4829-88b6-23811d6203a3 ] Request (ImagesTestJSON:test_create_image_from_stopped_server): 200 GET http://10.180.1.21/compute/v2.1/images/eda5f6cb-607d-4d11-8755-4520d23c5b9b 0.339s
2024-12-12 00:10:47.998 66571 INFO tempest.lib.common.rest_client [req-73cc5bd8-8746-4fbf-93eb-b536e4599b53 req-73cc5bd8-8746-4fbf-93eb-b536e4599b53 ] Request (ServerTagsTestJSON:test_create_delete_tag): 200 GET http://10.180.1.21/compute/v2.1/servers/2b548b58-d5b9-4b6f-bef9-ea3b29f09f7b/tags 0.183s
2024-12-12 00:10:48.010 66587 INFO tempest.lib.common.rest_client [req-019b111b-cf43-4f6b-82d8-c6a8c5491855 req-019b111b-cf43-4f6b-82d8-c6a8c5491855 ] Request (FloatingIPsAssociationNegativeTestJSON:setUpClass): 200 GET http://10.180.1.21/compute/v2.1/servers/e3f3fc2c-0060-4521-8aa3-da37209aee81 0.261s
2024-12-12 00:10:48.072 66571 INFO tempest.lib.common.rest_client [req-e6e85e28-65e7-4a26-a615-dba8aa0aa35d req-e6e85e28-65e7-4a26-a615-dba8aa0aa35d ] Request (ServerTagsTestJSON:test_create_delete_tag): 201 PUT http://10.180.1.21/compute/v2.1/servers/2b548b58-d5b9-4b6f-bef9-ea3b29f09f7b/tags/tempest-tag-731172248 0.073s
2024-12-12 00:10:48.090 66571 INFO tempest.lib.common.rest_client [req-ffe6a3a3-89f0-4253-aaa7-a4826a906f47 req-ffe6a3a3-89f0-4253-aaa7-a4826a906f47 ] Request (ServerTagsTestJSON:test_create_delete_tag): 200 GET http://10.180.1.21/compute/v2.1/servers/2b548b58-d5b9-4b6f-bef9-ea3b29f09f7b/tags 0.017s
2024-12-12 00:10:48.154 66571 INFO tempest.lib.common.rest_client [req-fded85c5-28d0-4c77-9bc5-51bf257b327e req-fded85c5-28d0-4c77-9bc5-51bf257b327e ] Request (ServerTagsTestJSON:test_create_delete_tag): 204 DELETE http://10.180.1.21/compute/v2.1/servers/2b548b58-d5b9-4b6f-bef9-ea3b29f09f7b/tags/tempest-tag-731172248 0.062s
2024-12-12 00:10:48.353 66589 INFO tempest.lib.common.rest_client [req-589806f1-33dc-4887-8a2d-932f53beb5e0 req-589806f1-33dc-4887-8a2d-932f53beb5e0 ] Request (ServerAddressesNegativeTestJSON:tearDownClass): 200 GET http://10.180.1.21/compute/v2.1/servers/e34ebddc-2192-4975-81d7-0f5c200f114e 0.284s
2024-12-12 00:10:48.362 66569 INFO tempest.lib.common.rest_client [req-1c118976-ce7d-41c1-ae1a-170cd07eb88d req-1c118976-ce7d-41c1-ae1a-170cd07eb88d ] Request (ServersTestBootFromVolume:setUpClass): 200 GET http://10.180.1.21/compute/v2.1/servers/cb7f5d2b-18a2-4b35-9f81-8f8e7bb768a9 0.221s
2024-12-12 00:10:48.370 66571 INFO tempest.lib.common.rest_client [req-ccc01ba1-221e-42c6-9b29-1e337888477e req-ccc01ba1-221e-42c6-9b29-1e337888477e ] Request (ServerTagsTestJSON:test_create_delete_tag): 200 GET http://10.180.1.21/compute/v2.1/servers/2b548b58-d5b9-4b6f-bef9-ea3b29f09f7b/tags 0.216s
2024-12-12 00:10:48.439 66559 INFO tempest.lib.common.rest_client [req-620febc5-e73c-470f-9b52-065da55d1ff1 req-620febc5-e73c-470f-9b52-065da55d1ff1 ] Request (ServerExternalEventsTest:tearDownClass): 200 GET http://10.180.1.21/compute/v2.1/servers/a1d1337f-3c41-4c1c-812b-aa10f2a680a8 0.222s
2024-12-12 00:10:48.527 66567 INFO tempest.lib.common.rest_client [req-a7d8b395-4991-420b-bafb-cd961685f335 req-a7d8b395-4991-420b-bafb-cd961685f335 ] Request (ImagesOneServerNegativeTestJSON:setUpClass): 200 GET http://10.180.1.21/compute/v2.1/servers/9dfb7d7f-6656-46fd-969e-c692db1ce507 0.341s
2024-12-12 00:10:48.528 66601 WARNING tempest.lib.common.ssh [-] Failed to establish authenticated ssh connection to cirros@10.180.180.167 ([Errno None] Unable to connect to port 22 on 10.180.180.167). Number attempts: 9. Retry after 10 seconds.: paramiko.ssh_exception.NoValidConnectionsError: [Errno None] Unable to connect to port 22 on 10.180.180.167
2024-12-12 00:10:48.528 66563 INFO tempest.lib.common.rest_client [req-113923d4-c9e0-473d-9b67-603d5b97a6f3 req-113923d4-c9e0-473d-9b67-603d5b97a6f3 ] Request (ServersV294TestFqdnHostnames:setUpClass): 200 GET http://10.180.1.21/compute/v2.1/servers/3455a540-7fbc-46ba-b7d6-84a345c0463e 0.250s
2024-12-12 00:10:48.584 66579 INFO tempest.lib.common.rest_client [req-8bf5f686-fb11-4363-8225-b49f2d7341d9 req-8bf5f686-fb11-4363-8225-b49f2d7341d9 ] Request (ServerShowV254Test:test_rebuild_server): 200 GET http://10.180.1.21/compute/v2.1/servers/85e8da3c-d9d5-4569-b454-bcbb3d7a9bb5 0.244s
2024-12-12 00:10:48.587 66571 INFO tempest.lib.common.rest_client [req-ddc5615d-061c-4961-b9ee-8d4920fc4f2d req-ddc5615d-061c-4961-b9ee-8d4920fc4f2d ] Request (ServerTagsTestJSON:_run_cleanups): 204 DELETE http://10.180.1.21/compute/v2.1/servers/2b548b58-d5b9-4b6f-bef9-ea3b29f09f7b/tags 0.216s
2024-12-12 00:10:48.670 66573 INFO tempest.lib.common.rest_client [req-bc7b2669-283a-465b-ae86-75aaa314921a req-bc7b2669-283a-465b-ae86-75aaa314921a ] Request (ListServerFiltersTestJSON:tearDownClass): 200 GET http://10.180.1.21/compute/v2.1/servers/82ea280a-4e1b-4fac-a634-7f79ce731564 0.252s
2024-12-12 00:10:48.677 66599 INFO tempest.lib.common.rest_client [req-dd46d629-b4ec-4bf0-840e-eb3afb943509 req-dd46d629-b4ec-4bf0-840e-eb3afb943509 ] Request (ServersAdmin275Test:tearDownClass): 200 GET http://10.180.1.21/compute/v2.1/servers/f4cf1732-6b6a-47be-acf4-b127bc4b9baf 0.277s
2024-12-12 00:10:48.734 66597 INFO tempest.lib.common.rest_client [req-09538ff2-c956-4aee-8551-ca4f0e35234c req-09538ff2-c956-4aee-8551-ca4f0e35234c ] Request (ServersTestJSON:setUpClass): 200 GET http://10.180.1.21/compute/v2.1/servers/1f3792c0-9f86-4d76-a1a6-28d492869046 0.287s
2024-12-12 00:10:48.736 66594 INFO tempest.lib.common.rest_client [req-905b9578-0669-42e0-a561-182428beabbc req-905b9578-0669-42e0-a561-182428beabbc ] Request (InstanceActionsV221TestJSON:test_get_list_deleted_instance_actions): 200 GET http://10.180.1.21/compute/v2.1/servers/f2240974-0fa4-4f59-ae0c-b9da52f9600e 0.230s
2024-12-12 00:10:48.793 66575 INFO tempest.lib.common.rest_client [req-ab162fc2-efeb-41d4-8f99-60f0e6ebb4e2 req-ab162fc2-efeb-41d4-8f99-60f0e6ebb4e2 ] Request (ServerRescueNegativeTestJSON:setUpClass): 200 GET http://10.180.1.21/compute/v2.1/servers/2f589dc1-9244-475f-86d0-4b69b511508b 0.246s
2024-12-12 00:10:48.795 66607 INFO tempest.lib.common.rest_client [req-6b0030f7-a2ad-41b0-b6f8-3b5d993f3ee4 req-6b0030f7-a2ad-41b0-b6f8-3b5d993f3ee4 ] Request (AttachVolumeTestJSON:test_attach_detach_volume): 200 GET http://10.180.1.21/compute/v2.1/servers/29aaac3b-1f0e-40fe-9805-a0e6e6ae597d 0.238s
2024-12-12 00:10:48.800 66575 INFO tempest.common.waiters [-] State transition "BUILD/scheduling" ==> "BUILD/None" after 27 second wait
2024-12-12 00:10:48.846 66545 INFO tempest.lib.common.rest_client [req-83a41ffc-e179-4aca-a13e-49de1f597e42 req-83a41ffc-e179-4aca-a13e-49de1f597e42 ] Request (ServerActionsTestJSON:setUpClass): 200 GET http://10.180.1.21/compute/v2.1/servers/6e9051e9-aa89-408f-8f62-533085dc1312 0.251s
2024-12-12 00:10:48.851 66571 INFO tempest.lib.common.rest_client [req-a5011a03-5f10-4aa8-8f2f-36941ddee4f0 req-a5011a03-5f10-4aa8-8f2f-36941ddee4f0 ] Request (ServerTagsTestJSON:test_delete_all_tags): 201 PUT http://10.180.1.21/compute/v2.1/servers/2b548b58-d5b9-4b6f-bef9-ea3b29f09f7b/tags/tempest-tag-1605587488 0.262s
2024-12-12 00:10:48.907 66555 INFO tempest.lib.common.rest_client [req-8e4b5274-e492-46af-9a4f-9257eee0486e req-8e4b5274-e492-46af-9a4f-9257eee0486e ] Request (AttachInterfacesUnderV243Test:test_add_remove_fixed_ip): 200 GET http://10.180.1.21/compute/v2.1/servers/d2e7c558-02af-477c-b996-239ef14ed75b 0.298s
2024-12-12 00:10:48.910 66551 INFO tempest.lib.common.rest_client [req-3fa61bed-e97f-4f5f-a328-4780fa6f1aa0 req-3fa61bed-e97f-4f5f-a328-4780fa6f1aa0 ] Request (ImagesNegativeTestJSON:test_create_image_from_deleted_server): 200 GET http://10.180.1.21/compute/v2.1/servers/c70cf2f1-77a9-4eff-981f-9d72caa82c7b 0.248s
2024-12-12 00:10:48.959 66557 INFO tempest.lib.common.rest_client [req-3c37592d-c2c8-4626-bd89-86938897524c req-3c37592d-c2c8-4626-bd89-86938897524c ] Request (VolumesAssistedSnapshotsTest:test_volume_assisted_snapshot_create_delete): 200 GET http://10.180.1.21/compute/v2.1/servers/e8864d73-35e6-490b-a07c-e8cac8baf880 0.289s
2024-12-12 00:10:48.968 66585 INFO tempest.lib.common.rest_client [req-ead22098-f05b-4f81-8e93-556891e23a43 req-ead22098-f05b-4f81-8e93-556891e23a43 ] Request (AttachInterfacesV270Test:test_create_get_list_interfaces): 200 GET http://10.180.1.21/compute/v2.1/servers/cfae9bf8-012a-4286-b978-bba8a913bba2 0.245s
2024-12-12 00:10:49.017 66581 INFO tempest.lib.common.rest_client [req-648c136f-8be9-463b-8d07-ed8fc536d049 req-648c136f-8be9-463b-8d07-ed8fc536d049 ] Request (ServersAdminNegativeTestJSON:tearDownClass): 200 GET http://10.180.1.21/compute/v2.1/servers/d38bbd59-b40c-4965-b823-caefc93e2568 0.265s
2024-12-12 00:10:49.024 66595 INFO tempest.lib.common.rest_client [req-bd59604a-6b2b-47af-9633-f7b68877fb17 req-bd59604a-6b2b-47af-9633-f7b68877fb17 ] Request (ServerShowV247Test:tearDownClass): 200 GET http://10.180.1.21/compute/v2.1/servers/8b41bff7-137f-489c-bb88-7487eb8e97cb 0.247s
2024-12-12 00:10:49.078 66571 INFO tempest.lib.common.rest_client [req-7fbae005-b926-46b5-bdda-9ebe59c3ec4b req-7fbae005-b926-46b5-bdda-9ebe59c3ec4b ] Request (ServerTagsTestJSON:test_delete_all_tags): 201 PUT http://10.180.1.21/compute/v2.1/servers/2b548b58-d5b9-4b6f-bef9-ea3b29f09f7b/tags/tempest-tag-683947945 0.226s
2024-12-12 00:10:49.104 66591 WARNING tempest.lib.common.ssh [-] Failed to establish authenticated ssh connection to cirros@10.180.180.218 ([Errno None] Unable to connect to port 22 on 10.180.180.218). Number attempts: 7. Retry after 8 seconds.: paramiko.ssh_exception.NoValidConnectionsError: [Errno None] Unable to connect to port 22 on 10.180.180.218
2024-12-12 00:10:49.129 66565 INFO tempest.lib.common.rest_client [req-ca04ed31-5f93-4190-86e5-19c7b9e78ca6 req-ca04ed31-5f93-4190-86e5-19c7b9e78ca6 ] Request (MultipleCreateTestJSON:_run_cleanups): 200 GET http://10.180.1.21/compute/v2.1/servers/e3255df2-2de0-4668-ad7b-a864ea680b44 0.255s
2024-12-12 00:10:49.182 66577 INFO tempest.lib.common.rest_client [req-db18f81f-65a5-4fa7-b4f0-e5d0a66d23b7 req-db18f81f-65a5-4fa7-b4f0-e5d0a66d23b7 ] Request (FloatingIPsAssociationTestJSON:tearDownClass): 200 GET http://10.180.1.21/compute/v2.1/servers/b6bdc187-a266-4f7d-a9e4-85cb100cf4bf 0.259s
2024-12-12 00:10:49.234 66547 INFO tempest.lib.common.rest_client [req-05a3279b-844d-4e01-8003-f0ba1d9217f1 req-05a3279b-844d-4e01-8003-f0ba1d9217f1 ] Request (ServersAdminTestJSON:test_create_server_with_scheduling_hint): 200 GET http://10.180.1.21/compute/v2.1/servers/9cfd3e8c-b6a5-4406-b165-1ce46ba3f0f1 0.265s
2024-12-12 00:10:51.950 66553 INFO tempest.lib.common.rest_client [req-bfd7b706-21a1-401b-b75a-989cc55ed131 req-bfd7b706-21a1-401b-b75a-989cc55ed131 ] Request (ImagesOneServerTestJSON:test_create_image_specify_multibyte_character_image_name): 200 GET http://10.180.1.21/compute/v2.1/images/c6e80714-1db7-4d68-ac41-54718eff899f 3.167s
2024-12-12 00:10:51.952 66549 INFO tempest.lib.common.rest_client [req-5b1dc206-2d10-44d4-b48b-6d7308430592 req-5b1dc206-2d10-44d4-b48b-6d7308430592 ] Request (ImagesTestJSON:test_create_image_from_stopped_server): 200 GET http://10.180.1.21/compute/v2.1/images/eda5f6cb-607d-4d11-8755-4520d23c5b9b 2.968s
2024-12-12 00:10:52.001 66571 INFO tempest.lib.common.rest_client [req-2e77164a-1d37-445d-953f-d5aad8ed9aac req-2e77164a-1d37-445d-953f-d5aad8ed9aac ] Request (ServerTagsTestJSON:test_delete_all_tags): 204 DELETE http://10.180.1.21/compute/v2.1/servers/2b548b58-d5b9-4b6f-bef9-ea3b29f09f7b/tags 2.922s
2024-12-12 00:10:52.001 66587 INFO tempest.lib.common.rest_client [req-51a5a729-1a4b-4028-a5df-60a316294626 req-51a5a729-1a4b-4028-a5df-60a316294626 ] Request (FloatingIPsAssociationNegativeTestJSON:setUpClass): 200 GET http://10.180.1.21/compute/v2.1/servers/e3f3fc2c-0060-4521-8aa3-da37209aee81 2.983s
2024-12-12 00:10:52.046 66569 INFO tempest.lib.common.rest_client [req-355876ce-3a84-4f27-85d3-c162696aec77 req-355876ce-3a84-4f27-85d3-c162696aec77 ] Request (ServersTestBootFromVolume:setUpClass): 200 GET http://10.180.1.21/compute/v2.1/servers/cb7f5d2b-18a2-4b35-9f81-8f8e7bb768a9 2.677s
2024-12-12 00:10:52.061 66589 INFO tempest.lib.common.rest_client [req-0004ec25-b80e-4c87-a1ff-2b804b2c07b7 req-0004ec25-b80e-4c87-a1ff-2b804b2c07b7 ] Request (ServerAddressesNegativeTestJSON:tearDownClass): 200 GET http://10.180.1.21/compute/v2.1/servers/e34ebddc-2192-4975-81d7-0f5c200f114e 2.701s
2024-12-12 00:10:52.120 66559 INFO tempest.lib.common.rest_client [req-17855461-722e-4d29-9bd3-de5a6d4405f5 req-17855461-722e-4d29-9bd3-de5a6d4405f5 ] Request (ServerExternalEventsTest:tearDownClass): 200 GET http://10.180.1.21/compute/v2.1/servers/a1d1337f-3c41-4c1c-812b-aa10f2a680a8 2.671s
2024-12-12 00:10:52.179 66563 INFO tempest.lib.common.rest_client [req-ecd1173b-3337-4ba9-9998-01cba6baab88 req-ecd1173b-3337-4ba9-9998-01cba6baab88 ] Request (ServersV294TestFqdnHostnames:setUpClass): 200 GET http://10.180.1.21/compute/v2.1/servers/3455a540-7fbc-46ba-b7d6-84a345c0463e 2.640s
2024-12-12 00:10:52.249 66579 INFO tempest.lib.common.rest_client [req-fde40e1d-b6ee-464f-a073-a16778524fda req-fde40e1d-b6ee-464f-a073-a16778524fda ] Request (ServerShowV254Test:test_rebuild_server): 200 GET http://10.180.1.21/compute/v2.1/servers/85e8da3c-d9d5-4569-b454-bcbb3d7a9bb5 2.656s
2024-12-12 00:10:52.264 66567 INFO tempest.lib.common.rest_client [req-d89dac16-92fd-4ea7-849f-7328792823a6 req-d89dac16-92fd-4ea7-849f-7328792823a6 ] Request (ImagesOneServerNegativeTestJSON:setUpClass): 200 GET http://10.180.1.21/compute/v2.1/servers/9dfb7d7f-6656-46fd-969e-c692db1ce507 2.730s
2024-12-12 00:10:52.270 66567 INFO tempest.common.waiters [-] State transition "BUILD/spawning" ==> "ACTIVE/None" after 52 second wait
2024-12-12 00:10:52.305 66573 INFO tempest.lib.common.rest_client [req-cbc8dc3f-ebad-47fc-8aa8-2c16e45fda74 req-cbc8dc3f-ebad-47fc-8aa8-2c16e45fda74 ] Request (ListServerFiltersTestJSON:tearDownClass): 200 GET http://10.180.1.21/compute/v2.1/servers/82ea280a-4e1b-4fac-a634-7f79ce731564 2.626s
2024-12-12 00:10:52.325 66599 INFO tempest.lib.common.rest_client [req-e768fca9-f13d-4985-bd47-3cc84190e5d3 req-e768fca9-f13d-4985-bd47-3cc84190e5d3 ] Request (ServersAdmin275Test:tearDownClass): 200 GET http://10.180.1.21/compute/v2.1/servers/f4cf1732-6b6a-47be-acf4-b127bc4b9baf 2.638s
2024-12-12 00:10:52.352 66597 INFO tempest.lib.common.rest_client [req-453919f7-6f68-4812-aee7-ddbe1fe9a2f0 req-453919f7-6f68-4812-aee7-ddbe1fe9a2f0 ] Request (ServersTestJSON:setUpClass): 200 GET http://10.180.1.21/compute/v2.1/servers/1f3792c0-9f86-4d76-a1a6-28d492869046 2.609s
2024-12-12 00:10:52.371 66594 INFO tempest.lib.common.rest_client [req-789f6285-6fa4-4695-9b95-6420b4dc08da req-789f6285-6fa4-4695-9b95-6420b4dc08da ] Request (InstanceActionsV221TestJSON:test_get_list_deleted_instance_actions): 200 GET http://10.180.1.21/compute/v2.1/servers/f2240974-0fa4-4f59-ae0c-b9da52f9600e 2.627s
2024-12-12 00:10:52.396 66575 INFO tempest.lib.common.rest_client [req-c5940a5d-551f-4481-bb24-02a6f36d077f req-c5940a5d-551f-4481-bb24-02a6f36d077f ] Request (ServerRescueNegativeTestJSON:setUpClass): 200 GET http://10.180.1.21/compute/v2.1/servers/2f589dc1-9244-475f-86d0-4b69b511508b 2.595s
2024-12-12 00:10:52.418 66607 INFO tempest.lib.common.rest_client [req-824747dc-4a74-4006-beff-5714b3c7fad8 req-824747dc-4a74-4006-beff-5714b3c7fad8 ] Request (AttachVolumeTestJSON:test_attach_detach_volume): 200 GET http://10.180.1.21/compute/v2.1/servers/29aaac3b-1f0e-40fe-9805-a0e6e6ae597d 2.616s
2024-12-12 00:10:52.441 66545 INFO tempest.lib.common.rest_client [req-c7929559-c17d-4d7f-862c-bb4a89193f37 req-c7929559-c17d-4d7f-862c-bb4a89193f37 ] Request (ServerActionsTestJSON:setUpClass): 200 GET http://10.180.1.21/compute/v2.1/servers/6e9051e9-aa89-408f-8f62-533085dc1312 2.587s
2024-12-12 00:10:52.462 66555 INFO tempest.lib.common.rest_client [req-bf9f7993-8352-4c01-b172-a658ac9c3a54 req-bf9f7993-8352-4c01-b172-a658ac9c3a54 ] Request (AttachInterfacesUnderV243Test:test_add_remove_fixed_ip): 200 GET http://10.180.1.21/compute/v2.1/servers/d2e7c558-02af-477c-b996-239ef14ed75b 2.545s
2024-12-12 00:10:52.468 66555 INFO tempest.common.waiters [-] State transition "BUILD/scheduling" ==> "BUILD/None" after 29 second wait
2024-12-12 00:10:52.488 66551 INFO tempest.lib.common.rest_client [req-8f58ae4b-c6ac-4fcb-8f6e-53a6c62a0028 req-8f58ae4b-c6ac-4fcb-8f6e-53a6c62a0028 ] Request (ImagesNegativeTestJSON:test_create_image_from_deleted_server): 200 GET http://10.180.1.21/compute/v2.1/servers/c70cf2f1-77a9-4eff-981f-9d72caa82c7b 2.570s
2024-12-12 00:10:52.505 66557 INFO tempest.lib.common.rest_client [req-86333573-80bc-441f-a8e5-e5b682209c6a req-86333573-80bc-441f-a8e5-e5b682209c6a ] Request (VolumesAssistedSnapshotsTest:test_volume_assisted_snapshot_create_delete): 200 GET http://10.180.1.21/compute/v2.1/servers/e8864d73-35e6-490b-a07c-e8cac8baf880 2.538s
2024-12-12 00:10:52.534 66585 INFO tempest.lib.common.rest_client [req-e903344b-c9d7-4d64-9f6a-efd8f90c1999 req-e903344b-c9d7-4d64-9f6a-efd8f90c1999 ] Request (AttachInterfacesV270Test:test_create_get_list_interfaces): 200 GET http://10.180.1.21/compute/v2.1/servers/cfae9bf8-012a-4286-b978-bba8a913bba2 2.556s
2024-12-12 00:10:52.542 66585 INFO tempest.common.waiters [-] State transition "BUILD/None" ==> "BUILD/networking" after 52 second wait
2024-12-12 00:10:52.555 66581 INFO tempest.lib.common.rest_client [req-08287636-b397-4742-9547-746895b17aab req-08287636-b397-4742-9547-746895b17aab ] Request (ServersAdminNegativeTestJSON:tearDownClass): 200 GET http://10.180.1.21/compute/v2.1/servers/d38bbd59-b40c-4965-b823-caefc93e2568 2.531s
2024-12-12 00:10:52.588 66595 INFO tempest.lib.common.rest_client [req-66084413-0a96-4751-b9d6-dc001cfb36f2 req-66084413-0a96-4751-b9d6-dc001cfb36f2 ] Request (ServerShowV247Test:tearDownClass): 200 GET http://10.180.1.21/compute/v2.1/servers/8b41bff7-137f-489c-bb88-7487eb8e97cb 2.555s
2024-12-12 00:10:52.606 66565 INFO tempest.lib.common.rest_client [req-34a597dc-6c56-4c82-80d4-84d393e180e4 req-34a597dc-6c56-4c82-80d4-84d393e180e4 ] Request (MultipleCreateTestJSON:_run_cleanups): 200 GET http://10.180.1.21/compute/v2.1/servers/e3255df2-2de0-4668-ad7b-a864ea680b44 2.469s
2024-12-12 00:10:52.641 66577 INFO tempest.lib.common.rest_client [req-dc6aea37-cd1b-4084-b5b2-92b0bd684c14 req-dc6aea37-cd1b-4084-b5b2-92b0bd684c14 ] Request (FloatingIPsAssociationTestJSON:tearDownClass): 200 GET http://10.180.1.21/compute/v2.1/servers/b6bdc187-a266-4f7d-a9e4-85cb100cf4bf 2.445s
2024-12-12 00:10:52.653 66547 INFO tempest.lib.common.rest_client [req-d6d26362-a975-4de7-a576-c4d70228fafc req-d6d26362-a975-4de7-a576-c4d70228fafc ] Request (ServersAdminTestJSON:test_create_server_with_scheduling_hint): 200 GET http://10.180.1.21/compute/v2.1/servers/9cfd3e8c-b6a5-4406-b165-1ce46ba3f0f1 2.412s
2024-12-12 00:10:52.666 66571 INFO tempest.lib.common.rest_client [req-38fb55e3-be87-493d-ba3b-f142e6c46ebd req-38fb55e3-be87-493d-ba3b-f142e6c46ebd ] Request (ServerTagsTestJSON:test_delete_all_tags): 200 GET http://10.180.1.21/compute/v2.1/servers/2b548b58-d5b9-4b6f-bef9-ea3b29f09f7b/tags 0.665s
2024-12-12 00:10:52.682 66549 INFO tempest.lib.common.rest_client [req-e7d7b54e-85e5-48b6-bf9a-cc7ec16c5a67 req-e7d7b54e-85e5-48b6-bf9a-cc7ec16c5a67 ] Request (ImagesTestJSON:test_create_image_from_stopped_server): 200 GET http://10.180.1.21/compute/v2.1/images/eda5f6cb-607d-4d11-8755-4520d23c5b9b 0.725s
2024-12-12 00:10:52.719 66549 INFO tempest.lib.common.rest_client [req-3c097047-261d-4815-b3e6-2a12046580bb req-3c097047-261d-4815-b3e6-2a12046580bb ] Request (ImagesTestJSON:test_create_image_from_stopped_server): 200 GET http://10.180.1.21/image/v2/images/eda5f6cb-607d-4d11-8755-4520d23c5b9b/tasks 0.035s
2024-12-12 00:10:52.727 66571 INFO tempest.lib.common.rest_client [req-64b933e1-903f-40bb-8f9d-282f46759a3b req-64b933e1-903f-40bb-8f9d-282f46759a3b ] Request (ServerTagsTestJSON:_run_cleanups): 204 DELETE http://10.180.1.21/compute/v2.1/servers/2b548b58-d5b9-4b6f-bef9-ea3b29f09f7b/tags 0.059s
2024-12-12 00:10:52.793 66567 INFO tempest.lib.common.rest_client [req-2fbaf334-717f-437b-b029-d8897a00bcc2 req-2fbaf334-717f-437b-b029-d8897a00bcc2 ] Request (ImagesOneServerNegativeTestJSON:setUp): 200 GET http://10.180.1.21/compute/v2.1/servers/9dfb7d7f-6656-46fd-969e-c692db1ce507 0.522s
2024-12-12 00:10:52.876 66571 INFO tempest.lib.common.rest_client [req-d6c34ac7-6c19-4b14-abc7-0f4442a02682 req-d6c34ac7-6c19-4b14-abc7-0f4442a02682 ] Request (ServerTagsTestJSON:test_update_all_tags): 201 PUT http://10.180.1.21/compute/v2.1/servers/2b548b58-d5b9-4b6f-bef9-ea3b29f09f7b/tags/tempest-tag-1276321810 0.148s
2024-12-12 00:10:52.882 66567 INFO tempest.lib.common.rest_client [req-5f77c058-1421-435d-a9bd-d832db2e043a req-5f77c058-1421-435d-a9bd-d832db2e043a ] Request (ImagesOneServerNegativeTestJSON:test_create_image_specify_invalid_metadata): 400 POST http://10.180.1.21/compute/v2.1/servers/9dfb7d7f-6656-46fd-969e-c692db1ce507/action 0.079s
2024-12-12 00:10:52.893 66549 INFO tempest.lib.common.rest_client [req-7bc979ab-4a08-4848-b41a-ebc8b86cd98a req-7bc979ab-4a08-4848-b41a-ebc8b86cd98a ] Request (ImagesTestJSON:_run_cleanups): 204 DELETE http://10.180.1.21/compute/v2.1/images/eda5f6cb-607d-4d11-8755-4520d23c5b9b 0.173s
2024-12-12 00:10:52.934 66571 INFO tempest.lib.common.rest_client [req-c6e77186-8e8d-4dd4-b2bd-3ef68a025156 req-c6e77186-8e8d-4dd4-b2bd-3ef68a025156 ] Request (ServerTagsTestJSON:test_update_all_tags): 201 PUT http://10.180.1.21/compute/v2.1/servers/2b548b58-d5b9-4b6f-bef9-ea3b29f09f7b/tags/tempest-tag-597518050 0.057s
2024-12-12 00:10:52.998 66567 INFO tempest.lib.common.rest_client [req-3f5fa21d-9af6-4dd7-bd5a-6d2627dd9436 req-3f5fa21d-9af6-4dd7-bd5a-6d2627dd9436 ] Request (ImagesOneServerNegativeTestJSON:tearDown): 200 GET http://10.180.1.21/compute/v2.1/servers/9dfb7d7f-6656-46fd-969e-c692db1ce507 0.115s
2024-12-12 00:10:53.010 66549 INFO tempest.lib.common.rest_client [req-f63ff5db-23c6-4900-9dad-ef08dbd065a2 req-f63ff5db-23c6-4900-9dad-ef08dbd065a2 ] Request (ImagesTestJSON:_run_cleanups): 204 DELETE http://10.180.1.21/compute/v2.1/servers/84fbb408-7810-4166-a53e-242d51f60322 0.117s
2024-12-12 00:10:53.040 66553 INFO tempest.lib.common.rest_client [req-db3ccedf-906a-40e4-a902-ac1a798f6353 req-db3ccedf-906a-40e4-a902-ac1a798f6353 ] Request (ImagesOneServerTestJSON:test_create_image_specify_multibyte_character_image_name): 200 GET http://10.180.1.21/compute/v2.1/images/c6e80714-1db7-4d68-ac41-54718eff899f 0.086s
2024-12-12 00:10:53.044 66571 INFO tempest.lib.common.rest_client [req-b9a00e60-9850-4ccd-b6b9-49f2d50c239e req-b9a00e60-9850-4ccd-b6b9-49f2d50c239e ] Request (ServerTagsTestJSON:test_update_all_tags): 200 PUT http://10.180.1.21/compute/v2.1/servers/2b548b58-d5b9-4b6f-bef9-ea3b29f09f7b/tags 0.109s
2024-12-12 00:10:53.096 66587 INFO tempest.lib.common.rest_client [req-4e95e5b7-fdbb-4117-80cf-db2a74057562 req-4e95e5b7-fdbb-4117-80cf-db2a74057562 ] Request (FloatingIPsAssociationNegativeTestJSON:setUpClass): 200 GET http://10.180.1.21/compute/v2.1/servers/e3f3fc2c-0060-4521-8aa3-da37209aee81 0.088s
