2024-12-11 22:10:10.270 66145 INFO tempest.lib.common.rest_client [req-6f09c15e-00b7-4a8d-b5a2-f5cd23470853 req-6f09c15e-00b7-4a8d-b5a2-f5cd23470853 ] Request (ServerDiagnosticsTest:test_get_server_diagnostics): 200 GET http://10.180.1.21/compute/v2.1/servers/18ee140a-97bd-439a-8027-0dd0a1f0a6e2 0.055s
2024-12-11 22:10:10.282 66161 INFO tempest.lib.common.rest_client [req-8dc532f9-d909-4e2a-8c50-5451bd8d0eb4 req-8dc532f9-d909-4e2a-8c50-5451bd8d0eb4 ] Request (ServerRescueTestJSON:setUpClass): 200 GET http://10.180.1.21/compute/v2.1/servers/a226327d-11df-45e0-bef8-2337a0317c9e 0.063s
2024-12-11 22:10:10.289 66149 INFO tempest.lib.common.rest_client [req-e90619eb-b5ff-484a-b74a-a27ef3ac6180 req-e90619eb-b5ff-484a-b74a-a27ef3ac6180 ] Request (FloatingIPDetailsNegativeTestJSON:setUpClass): 200 GET http://10.180.1.21/identity/v3/domains?name=Default 0.035s
2024-12-11 22:10:10.316 66149 INFO tempest.lib.common.rest_client [req-35043da9-bf4a-425e-9ed2-51f6cebe3f40 req-35043da9-bf4a-425e-9ed2-51f6cebe3f40 ] Request (FloatingIPDetailsNegativeTestJSON:setUpClass): 201 POST http://10.180.1.21/identity/v3/projects 0.026s
2024-12-11 22:10:10.366 66175 INFO tempest.lib.common.rest_client [req-20bae17c-ac6f-4835-8cee-2a6c9468f71f req-20bae17c-ac6f-4835-8cee-2a6c9468f71f ] Request (ImagesOneServerTestJSON:setUpClass): 200 GET http://10.180.1.21/compute/v2.1/servers/fac2fc84-ccaa-44b2-b8f3-7f9b6173c8c8 0.061s
2024-12-11 22:10:10.378 66125 INFO tempest.lib.common.rest_client [req-50cef270-e10d-4115-8525-57225985af60 req-50cef270-e10d-4115-8525-57225985af60 ] Request (SecurityGroupsTestJSON:test_list_security_groups_by_server): 200 GET http://10.180.1.21/compute/v2.1/servers/84098aee-4cfa-4bb4-a0e7-390a9f7ad6ad 0.055s
2024-12-11 22:10:10.379 66149 INFO tempest.lib.common.rest_client [req-b8baf1e7-c96f-4678-be29-106c78866468 req-b8baf1e7-c96f-4678-be29-106c78866468 ] Request (FloatingIPDetailsNegativeTestJSON:setUpClass): 201 POST http://10.180.1.21/identity/v3/users 0.063s
2024-12-11 22:10:10.400 66149 INFO tempest.lib.common.rest_client [req-d4f3b18b-c738-4e13-bd8d-aefc675ae577 req-d4f3b18b-c738-4e13-bd8d-aefc675ae577 ] Request (FloatingIPDetailsNegativeTestJSON:setUpClass): 200 GET http://10.180.1.21/identity/v3/roles 0.021s
2024-12-11 22:10:10.425 66149 INFO tempest.lib.common.rest_client [req-aca06f1b-2288-44ac-acd9-6b1c563308b4 req-aca06f1b-2288-44ac-acd9-6b1c563308b4 ] Request (FloatingIPDetailsNegativeTestJSON:setUpClass): 204 PUT http://10.180.1.21/identity/v3/projects/8b258767f5e941ecb9bc89d9ee1becd7/users/256b39d7c0cd45c5a252ef0d3dcf2367/roles/455ba87016654093be473d0dc6b519c2 0.024s
2024-12-11 22:10:10.425 66149 INFO tempest.lib.common.dynamic_creds [-] Dynamic test user 256b39d7c0cd45c5a252ef0d3dcf2367 is created with scope project and roles: ['member']
2024-12-11 22:10:10.426 66149 INFO tempest.lib.common.dynamic_creds [-] Acquired dynamic creds: credentials: Credentials: {'domain_id': 'default', 'domain_name': 'Default', 'username': 'tempest-FloatingIPDetailsNegativeTestJSON-91235203-project-member', 'project_domain_id': 'default', 'project_domain_name': 'Default', 'project_id': '8b258767f5e941ecb9bc89d9ee1becd7', 'project_name': 'tempest-FloatingIPDetailsNegativeTestJSON-91235203', 'tenant_id': '8b258767f5e941ecb9bc89d9ee1becd7', 'tenant_name': 'tempest-FloatingIPDetailsNegativeTestJSON-91235203', 'user_domain_id': 'default', 'user_domain_name': 'Default', 'user_id': '256b39d7c0cd45c5a252ef0d3dcf2367', 'system': None}, Network: None, Subnet: None, Router: None
2024-12-11 22:10:10.428 66133 INFO tempest.lib.common.rest_client [req-8071eb01-c153-4969-8821-11abb89b7863 req-8071eb01-c153-4969-8821-11abb89b7863 ] Request (ImagesTestJSON:setUpClass): 201 POST http://10.180.1.21:9696/networking/v2.0/subnets 0.188s
2024-12-11 22:10:10.440 66135 INFO tempest.lib.common.rest_client [req-4d7c1274-2248-4593-bf7c-776ae6bb55e0 req-4d7c1274-2248-4593-bf7c-776ae6bb55e0 ] Request (DeleteServersAdminTestJSON:test_delete_server_while_in_error_state): 200 GET http://10.180.1.21/compute/v2.1/servers/ce74cbd8-b709-418b-a206-f51975fd0af1 0.052s
2024-12-11 22:10:10.487 66149 INFO tempest.lib.common.rest_client [req-598163c7-7b40-4c1c-92f3-4730a6804902 req-598163c7-7b40-4c1c-92f3-4730a6804902 ] Request (FloatingIPDetailsNegativeTestJSON:setUpClass): 201 POST http://10.180.1.21/identity/v3/auth/tokens 0.061s
2024-12-11 22:10:10.498 66141 INFO tempest.lib.common.rest_client [req-ed8b61cd-061b-439b-a489-3979f0ce7b3b req-ed8b61cd-061b-439b-a489-3979f0ce7b3b ] Request (InstanceActionsTestJSON:setUpClass): 200 GET http://10.180.1.21/compute/v2.1/servers/2f7b7109-0ced-4ea4-8dde-608655f2b3ab 0.062s
2024-12-11 22:10:10.546 66123 INFO tempest.lib.common.rest_client [req-7d263859-cde6-4ce6-98ef-0b44d61eb481 req-7d263859-cde6-4ce6-98ef-0b44d61eb481 ] Request (ServerDiagnosticsV248Test:tearDownClass): 200 GET http://10.180.1.21/compute/v2.1/servers/fa00f4fe-3bb2-4e17-be22-8a1fda502f65 0.075s
2024-12-11 22:10:10.567 66181 INFO tempest.lib.common.rest_client [req-bcfed26d-c6e6-41b7-997d-e0fa28a04e3e req-bcfed26d-c6e6-41b7-997d-e0fa28a04e3e ] Request (ServerRescueNegativeTestJSON:setUpClass): 200 GET http://10.180.1.21/compute/v2.1/servers/a10a4217-ae46-4f00-9ba1-cdf74f44ec7b 0.076s
2024-12-11 22:10:10.599 66129 INFO tempest.lib.common.rest_client [req-bb5da4c8-24c1-433b-aee1-f2a20ee93989 req-bb5da4c8-24c1-433b-aee1-f2a20ee93989 ] Request (ServerActionsTestOtherB:setUpClass): 200 GET http://10.180.1.21/compute/v2.1/servers/e478855d-e9c7-4abc-8e22-a4b2eb0c7310 0.056s
2024-12-11 22:10:10.728 66149 INFO tempest.lib.common.rest_client [req-db34a26c-5c6c-4c22-b1b2-f9dde3d1168f req-db34a26c-5c6c-4c22-b1b2-f9dde3d1168f ] Request (FloatingIPDetailsNegativeTestJSON:setUpClass): 201 POST http://10.180.1.21:9696/networking/v2.0/networks 0.240s
2024-12-11 22:10:10.785 66127 INFO tempest.lib.common.rest_client [req-e99bd778-862b-4874-8f86-466a02ded29e req-e99bd778-862b-4874-8f86-466a02ded29e ] Request (FloatingIPsAssociationNegativeTestJSON:tearDownClass): 200 GET http://10.180.1.21/compute/v2.1/servers/ad37d6a1-9053-4be6-adb2-0c62ac8ae9bd 0.174s
2024-12-11 22:10:10.861 66151 INFO tempest.lib.common.rest_client [req-09d23ce5-a174-4a0a-b9d9-e5218eaafb34 req-09d23ce5-a174-4a0a-b9d9-e5218eaafb34 ] Request (MigrationsAdminTest:test_list_migrations_in_flavor_resize_situation): 200 GET http://10.180.1.21/compute/v2.1/servers/868cf942-f348-488d-b00a-af4c8b5efda5 0.149s
2024-12-11 22:10:10.923 66143 INFO tempest.lib.common.rest_client [req-1d58d0b1-3582-4ee6-8ef0-b21f06b78852 req-1d58d0b1-3582-4ee6-8ef0-b21f06b78852 ] Request (ServerRescueTestJSONUnderV235:setUpClass): 200 GET http://10.180.1.21/compute/v2.1/servers/42eb98a9-e341-4a17-9d76-2a2c37efc1a1 0.143s
2024-12-11 22:10:10.934 66147 INFO tempest.lib.common.rest_client [req-972ba8f1-09bb-4e01-b76e-8776fd739a38 req-972ba8f1-09bb-4e01-b76e-8776fd739a38 ] Request (ServersNegativeTestMultiTenantJSON:setUpClass): 200 GET http://10.180.1.21/compute/v2.1/servers/b297d642-88a7-4acc-a94d-e1cb7df81982 0.069s
2024-12-11 22:10:10.974 66149 INFO tempest.lib.common.rest_client [req-a8e2d1b1-6899-4a6e-a9de-49238819d528 req-a8e2d1b1-6899-4a6e-a9de-49238819d528 ] Request (FloatingIPDetailsNegativeTestJSON:setUpClass): 201 POST http://10.180.1.21:9696/networking/v2.0/subnets 0.246s
2024-12-11 22:10:10.996 66153 INFO tempest.lib.common.rest_client [req-1321c100-5380-46fb-a87e-aaa075827e6a req-1321c100-5380-46fb-a87e-aaa075827e6a ] Request (FloatingIPsAssociationTestJSON:test_associate_already_associated_floating_ip): 200 GET http://10.180.1.21/compute/v2.1/servers/e652e59f-9432-41cf-b4a5-0f5cf649b24e 0.068s
2024-12-11 22:10:11.020 66155 INFO tempest.lib.common.rest_client [req-81958c2b-3c3a-47e2-a6a4-b5ea15034aa8 req-81958c2b-3c3a-47e2-a6a4-b5ea15034aa8 ] Request (ServersAdmin275Test:tearDownClass): 200 GET http://10.180.1.21/compute/v2.1/servers/96aff7ef-cfc3-46ef-ba3e-b4bc1141a88b 0.084s
2024-12-11 22:10:11.073 66171 INFO tempest.lib.common.rest_client [req-167e7b85-3e88-4237-9184-93f699a2b9d6 req-167e7b85-3e88-4237-9184-93f699a2b9d6 ] Request (ServersAdminNegativeTestJSON:test_migrate_server_invalid_state): 200 GET http://10.180.1.21/compute/v2.1/servers/ffe54977-81c4-4842-9773-eed704a53ada 0.096s
2024-12-11 22:10:11.079 66171 INFO tempest.common.waiters [-] State transition "BUILD/scheduling" ==> "BUILD/None" after 32 second wait
2024-12-11 22:10:11.090 66119 INFO tempest.lib.common.rest_client [req-8ebeb6a8-a16b-4e38-9993-090cfdd0552e req-8ebeb6a8-a16b-4e38-9993-090cfdd0552e ] Request (ListServersNegativeTestJSON:setUpClass): 200 GET http://10.180.1.21/compute/v2.1/servers/575ea3dc-850d-4078-8678-41b3c40a4c27 0.094s
2024-12-11 22:10:11.144 66159 INFO tempest.lib.common.rest_client [req-0b7aa6c5-f101-49a8-a82d-7f9ae3c72a7a req-0b7aa6c5-f101-49a8-a82d-7f9ae3c72a7a ] Request (ServersTestJSON:setUpClass): 200 GET http://10.180.1.21/compute/v2.1/servers/73452964-d690-451d-98c3-fba3c3301c6d 0.109s
2024-12-11 22:10:11.148 66179 INFO tempest.lib.common.rest_client [req-7ee37a28-329e-42f6-923c-05e113ae0fc0 req-7ee37a28-329e-42f6-923c-05e113ae0fc0 ] Request (ServerPasswordTestJSON:setUpClass): 200 GET http://10.180.1.21/compute/v2.1/servers/a239d78f-085a-4e5c-924d-cf338298fa73 0.090s
2024-12-11 22:10:11.243 66137 INFO tempest.lib.common.rest_client [req-f69d87e1-f74c-4f9e-903f-a74508c3ad8f req-f69d87e1-f74c-4f9e-903f-a74508c3ad8f ] Request (ServersTestMultiNic:test_verify_duplicate_network_nics): 200 GET http://10.180.1.21/compute/v2.1/servers/aae3b4a3-c954-4f73-bd12-9b19a675179c 0.067s
2024-12-11 22:10:11.307 66131 INFO tempest.lib.common.rest_client [req-5d53d3ba-5beb-40c4-b147-af133814f7d4 req-5d53d3ba-5beb-40c4-b147-af133814f7d4 ] Request (ServerActionsTestJSON:setUpClass): 200 GET http://10.180.1.21/compute/v2.1/servers/95a289ac-3178-45ea-80d2-905b9af54f3c 0.077s
2024-12-11 22:10:11.364 66145 INFO tempest.lib.common.rest_client [req-bf46f25d-651b-4377-8de0-99d5a653cc85 req-bf46f25d-651b-4377-8de0-99d5a653cc85 ] Request (ServerDiagnosticsTest:test_get_server_diagnostics): 200 GET http://10.180.1.21/compute/v2.1/servers/18ee140a-97bd-439a-8027-0dd0a1f0a6e2 0.086s
2024-12-11 22:10:11.421 66161 INFO tempest.lib.common.rest_client [req-0948f953-c6f8-4a67-a037-02d8d0478eae req-0948f953-c6f8-4a67-a037-02d8d0478eae ] Request (ServerRescueTestJSON:setUpClass): 200 GET http://10.180.1.21/compute/v2.1/servers/a226327d-11df-45e0-bef8-2337a0317c9e 0.130s
2024-12-11 22:10:11.429 66121 INFO tempest.lib.common.rest_client [req-be46e416-3b01-4beb-844e-a2758b386f13 req-be46e416-3b01-4beb-844e-a2758b386f13 ] Request (ImagesNegativeTestJSON:test_create_image_from_deleted_server): 200 GET http://10.180.1.21/compute/v2.1/servers/46a524e2-93b0-4726-812f-98e08b6ba0b4 0.301s
2024-12-11 22:10:11.478 66175 INFO tempest.lib.common.rest_client [req-ca244c0a-2f13-474f-973f-a6f8ee7d0b37 req-ca244c0a-2f13-474f-973f-a6f8ee7d0b37 ] Request (ImagesOneServerTestJSON:setUpClass): 200 GET http://10.180.1.21/compute/v2.1/servers/fac2fc84-ccaa-44b2-b8f3-7f9b6173c8c8 0.103s
2024-12-11 22:10:11.503 66125 INFO tempest.lib.common.rest_client [req-94d4f42d-8778-42dd-87fb-37537ebd7810 req-94d4f42d-8778-42dd-87fb-37537ebd7810 ] Request (SecurityGroupsTestJSON:test_list_security_groups_by_server): 200 GET http://10.180.1.21/compute/v2.1/servers/84098aee-4cfa-4bb4-a0e7-390a9f7ad6ad 0.117s
2024-12-11 22:10:11.535 66135 INFO tempest.lib.common.rest_client [req-be032bcb-53e8-441e-981b-fc6a59041659 req-be032bcb-53e8-441e-981b-fc6a59041659 ] Request (DeleteServersAdminTestJSON:test_delete_server_while_in_error_state): 200 GET http://10.180.1.21/compute/v2.1/servers/ce74cbd8-b709-418b-a206-f51975fd0af1 0.082s
2024-12-11 22:10:11.577 66141 INFO tempest.lib.common.rest_client [req-6553a880-55ea-44bc-bb30-9d09f6f9279d req-6553a880-55ea-44bc-bb30-9d09f6f9279d ] Request (InstanceActionsTestJSON:setUpClass): 200 GET http://10.180.1.21/compute/v2.1/servers/2f7b7109-0ced-4ea4-8dde-608655f2b3ab 0.072s
2024-12-11 22:10:11.625 66123 INFO tempest.lib.common.rest_client [req-e7a14cd3-bb00-47a8-bf65-0637ee37dd3b req-e7a14cd3-bb00-47a8-bf65-0637ee37dd3b ] Request (ServerDiagnosticsV248Test:tearDownClass): 200 GET http://10.180.1.21/compute/v2.1/servers/fa00f4fe-3bb2-4e17-be22-8a1fda502f65 0.069s
2024-12-11 22:10:11.653 66181 INFO tempest.lib.common.rest_client [req-54393719-486a-4430-b087-27120831f2d3 req-54393719-486a-4430-b087-27120831f2d3 ] Request (ServerRescueNegativeTestJSON:setUpClass): 200 GET http://10.180.1.21/compute/v2.1/servers/a10a4217-ae46-4f00-9ba1-cdf74f44ec7b 0.077s
2024-12-11 22:10:11.685 66129 INFO tempest.lib.common.rest_client [req-3d3e72e2-ec0a-4d92-8f93-c70385a02ced req-3d3e72e2-ec0a-4d92-8f93-c70385a02ced ] Request (ServerActionsTestOtherB:setUpClass): 200 GET http://10.180.1.21/compute/v2.1/servers/e478855d-e9c7-4abc-8e22-a4b2eb0c7310 0.077s
2024-12-11 22:10:11.736 66133 INFO tempest.lib.common.rest_client [req-8f153578-6120-4a5c-a87a-224fd2670cfe req-8f153578-6120-4a5c-a87a-224fd2670cfe ] Request (ImagesTestJSON:setUpClass): 201 POST http://10.180.1.21:9696/networking/v2.0/routers 1.308s
2024-12-11 22:10:11.854 66127 INFO tempest.lib.common.rest_client [req-20382235-8365-4dcf-81bb-f51b4709a291 req-20382235-8365-4dcf-81bb-f51b4709a291 ] Request (FloatingIPsAssociationNegativeTestJSON:tearDownClass): 200 GET http://10.180.1.21/compute/v2.1/servers/ad37d6a1-9053-4be6-adb2-0c62ac8ae9bd 0.063s
2024-12-11 22:10:11.906 66149 INFO tempest.lib.common.rest_client [req-3d46b803-92d1-42f1-82fb-23e08c45aaea req-3d46b803-92d1-42f1-82fb-23e08c45aaea ] Request (FloatingIPDetailsNegativeTestJSON:setUpClass): 201 POST http://10.180.1.21:9696/networking/v2.0/routers 0.930s
2024-12-11 22:10:12.009 66157 WARNING tempest.lib.common.ssh [-] Failed to establish authenticated ssh connection to cirros@10.180.180.194 ([Errno None] Unable to connect to port 22 on 10.180.180.194). Number attempts: 3. Retry after 4 seconds.: paramiko.ssh_exception.NoValidConnectionsError: [Errno None] Unable to connect to port 22 on 10.180.180.194
2024-12-11 22:10:12.071 66143 INFO tempest.lib.common.rest_client [req-272be2c7-15ec-4117-9a6a-dafe4c9c33e5 req-272be2c7-15ec-4117-9a6a-dafe4c9c33e5 ] Request (ServerRescueTestJSONUnderV235:setUpClass): 200 GET http://10.180.1.21/compute/v2.1/servers/42eb98a9-e341-4a17-9d76-2a2c37efc1a1 0.136s
2024-12-11 22:10:12.120 66147 INFO tempest.lib.common.rest_client [req-74987555-efd4-4725-a535-042c7c2e75be req-74987555-efd4-4725-a535-042c7c2e75be ] Request (ServersNegativeTestMultiTenantJSON:setUpClass): 200 GET http://10.180.1.21/compute/v2.1/servers/b297d642-88a7-4acc-a94d-e1cb7df81982 0.172s
2024-12-11 22:10:12.186 66153 INFO tempest.lib.common.rest_client [req-802091cb-9944-428e-b12a-f7f75430f525 req-802091cb-9944-428e-b12a-f7f75430f525 ] Request (FloatingIPsAssociationTestJSON:test_associate_already_associated_floating_ip): 200 GET http://10.180.1.21/compute/v2.1/servers/e652e59f-9432-41cf-b4a5-0f5cf649b24e 0.180s
2024-12-11 22:10:12.206 66151 INFO tempest.lib.common.rest_client [req-d4c61e3f-6f09-4345-98e1-7ffe8a437d3d req-d4c61e3f-6f09-4345-98e1-7ffe8a437d3d ] Request (MigrationsAdminTest:test_list_migrations_in_flavor_resize_situation): 200 GET http://10.180.1.21/compute/v2.1/servers/868cf942-f348-488d-b00a-af4c8b5efda5 0.334s
2024-12-11 22:10:12.216 66151 INFO tempest.common.waiters [-] State transition "RESIZE/resize_migrating" ==> "RESIZE/resize_migrated" after 49 second wait
2024-12-11 22:10:12.252 66155 INFO tempest.lib.common.rest_client [req-4b9247a3-0149-481c-b203-0ed17ae54da1 req-4b9247a3-0149-481c-b203-0ed17ae54da1 ] Request (ServersAdmin275Test:tearDownClass): 200 GET http://10.180.1.21/compute/v2.1/servers/96aff7ef-cfc3-46ef-ba3e-b4bc1141a88b 0.218s
2024-12-11 22:10:12.266 66171 INFO tempest.lib.common.rest_client [req-96719307-07b5-4791-971d-f44f0a39408c req-96719307-07b5-4791-971d-f44f0a39408c ] Request (ServersAdminNegativeTestJSON:test_migrate_server_invalid_state): 200 GET http://10.180.1.21/compute/v2.1/servers/ffe54977-81c4-4842-9773-eed704a53ada 0.185s
2024-12-11 22:10:12.316 66119 INFO tempest.lib.common.rest_client [req-1e9d72dc-ac9a-4a0d-a9e4-61b3d5d517c9 req-1e9d72dc-ac9a-4a0d-a9e4-61b3d5d517c9 ] Request (ListServersNegativeTestJSON:setUpClass): 200 GET http://10.180.1.21/compute/v2.1/servers/575ea3dc-850d-4078-8678-41b3c40a4c27 0.214s
2024-12-11 22:10:12.331 66179 INFO tempest.lib.common.rest_client [req-195d2a21-0e7f-4b1b-b16a-3621d642632c req-195d2a21-0e7f-4b1b-b16a-3621d642632c ] Request (ServerPasswordTestJSON:setUpClass): 200 GET http://10.180.1.21/compute/v2.1/servers/a239d78f-085a-4e5c-924d-cf338298fa73 0.172s
2024-12-11 22:10:12.384 66159 INFO tempest.lib.common.rest_client [req-d51e8604-8dc8-4a63-a5fe-7e5225216695 req-d51e8604-8dc8-4a63-a5fe-7e5225216695 ] Request (ServersTestJSON:setUpClass): 200 GET http://10.180.1.21/compute/v2.1/servers/73452964-d690-451d-98c3-fba3c3301c6d 0.223s
2024-12-11 22:10:12.391 66137 INFO tempest.lib.common.rest_client [req-20dda065-dd5a-4e1a-bd9d-7e1607c047bb req-20dda065-dd5a-4e1a-bd9d-7e1607c047bb ] Request (ServersTestMultiNic:test_verify_duplicate_network_nics): 200 GET http://10.180.1.21/compute/v2.1/servers/aae3b4a3-c954-4f73-bd12-9b19a675179c 0.132s
2024-12-11 22:10:12.453 66131 INFO tempest.lib.common.rest_client [req-71d76f10-aa37-4651-b81d-76d25cdf23a2 req-71d76f10-aa37-4651-b81d-76d25cdf23a2 ] Request (ServerActionsTestJSON:setUpClass): 200 GET http://10.180.1.21/compute/v2.1/servers/95a289ac-3178-45ea-80d2-905b9af54f3c 0.134s
2024-12-11 22:10:12.456 66145 INFO tempest.lib.common.rest_client [req-74dbc3da-077f-4861-b779-34fe5698e92b req-74dbc3da-077f-4861-b779-34fe5698e92b ] Request (ServerDiagnosticsTest:test_get_server_diagnostics): 200 GET http://10.180.1.21/compute/v2.1/servers/18ee140a-97bd-439a-8027-0dd0a1f0a6e2 0.076s
2024-12-11 22:10:12.515 66121 INFO tempest.lib.common.rest_client [req-211521dc-10d5-4069-92d6-f2b050d702d9 req-211521dc-10d5-4069-92d6-f2b050d702d9 ] Request (ImagesNegativeTestJSON:test_create_image_from_deleted_server): 200 GET http://10.180.1.21/compute/v2.1/servers/46a524e2-93b0-4726-812f-98e08b6ba0b4 0.077s
2024-12-11 22:10:12.534 66161 INFO tempest.lib.common.rest_client [req-615c090c-7446-4bc6-8e62-d04023668d79 req-615c090c-7446-4bc6-8e62-d04023668d79 ] Request (ServerRescueTestJSON:setUpClass): 200 GET http://10.180.1.21/compute/v2.1/servers/a226327d-11df-45e0-bef8-2337a0317c9e 0.104s
2024-12-11 22:10:12.564 66175 INFO tempest.lib.common.rest_client [req-95727cd5-0f53-4b79-af7c-2b6f16087b60 req-95727cd5-0f53-4b79-af7c-2b6f16087b60 ] Request (ImagesOneServerTestJSON:setUpClass): 200 GET http://10.180.1.21/compute/v2.1/servers/fac2fc84-ccaa-44b2-b8f3-7f9b6173c8c8 0.078s
2024-12-11 22:10:12.589 66125 INFO tempest.lib.common.rest_client [req-4aae4255-403d-4435-a359-f803efffa60c req-4aae4255-403d-4435-a359-f803efffa60c ] Request (SecurityGroupsTestJSON:test_list_security_groups_by_server): 200 GET http://10.180.1.21/compute/v2.1/servers/84098aee-4cfa-4bb4-a0e7-390a9f7ad6ad 0.077s
2024-12-11 22:10:12.620 66135 INFO tempest.lib.common.rest_client [req-9e01ca11-9948-44ec-b6d2-f9fc7349c08c req-9e01ca11-9948-44ec-b6d2-f9fc7349c08c ] Request (DeleteServersAdminTestJSON:test_delete_server_while_in_error_state): 200 GET http://10.180.1.21/compute/v2.1/servers/ce74cbd8-b709-418b-a206-f51975fd0af1 0.078s
2024-12-11 22:10:12.643 66141 INFO tempest.lib.common.rest_client [req-48f7e9b9-5f99-4267-a10e-074612665735 req-48f7e9b9-5f99-4267-a10e-074612665735 ] Request (InstanceActionsTestJSON:setUpClass): 200 GET http://10.180.1.21/compute/v2.1/servers/2f7b7109-0ced-4ea4-8dde-608655f2b3ab 0.054s
2024-12-11 22:10:12.696 66123 INFO tempest.lib.common.rest_client [req-46568418-8c97-4b3e-b796-c8221c0fd4c7 req-46568418-8c97-4b3e-b796-c8221c0fd4c7 ] Request (ServerDiagnosticsV248Test:tearDownClass): 200 GET http://10.180.1.21/compute/v2.1/servers/fa00f4fe-3bb2-4e17-be22-8a1fda502f65 0.063s
2024-12-11 22:10:12.726 66181 INFO tempest.lib.common.rest_client [req-8492cbb9-c4fd-4e3d-a11a-9d801dff7c07 req-8492cbb9-c4fd-4e3d-a11a-9d801dff7c07 ] Request (ServerRescueNegativeTestJSON:setUpClass): 200 GET http://10.180.1.21/compute/v2.1/servers/a10a4217-ae46-4f00-9ba1-cdf74f44ec7b 0.065s
2024-12-11 22:10:12.745 66129 INFO tempest.lib.common.rest_client [req-3a4b72fe-04e3-468b-9510-7e556109d804 req-3a4b72fe-04e3-468b-9510-7e556109d804 ] Request (ServerActionsTestOtherB:setUpClass): 200 GET http://10.180.1.21/compute/v2.1/servers/e478855d-e9c7-4abc-8e22-a4b2eb0c7310 0.053s
2024-12-11 22:10:12.915 66133 INFO tempest.lib.common.rest_client [req-e5e49a56-942d-4833-886d-ce1487f5ee26 req-e5e49a56-942d-4833-886d-ce1487f5ee26 ] Request (ImagesTestJSON:setUpClass): 200 PUT http://10.180.1.21:9696/networking/v2.0/routers/7fc75074-a46d-4c34-be12-08c1a1db780f/add_router_interface 1.178s
2024-12-11 22:10:12.915 66133 INFO tempest.lib.common.dynamic_creds [-] Created isolated network resources for: credentials: Credentials: {'domain_id': 'default', 'domain_name': 'Default', 'username': 'tempest-ImagesTestJSON-1000061352-project-member', 'project_domain_id': 'default', 'project_domain_name': 'Default', 'project_id': '15a9d6b8eb4e44a7a3d7fa4abe0cd5bb', 'project_name': 'tempest-ImagesTestJSON-1000061352', 'tenant_id': '15a9d6b8eb4e44a7a3d7fa4abe0cd5bb', 'tenant_name': 'tempest-ImagesTestJSON-1000061352', 'user_domain_id': 'default', 'user_domain_name': 'Default', 'user_id': '596ff35abb3949e9b3d3d9b80e6eae69', 'system': None}, Network: {'id': 'ca54620c-2118-4248-ac67-90f8579e33aa', 'name': 'tempest-ImagesTestJSON-578420006-network', 'tenant_id': '15a9d6b8eb4e44a7a3d7fa4abe0cd5bb', 'admin_state_up': True, 'mtu': 8950, 'status': 'ACTIVE', 'subnets': [], 'shared': False, 'project_id': '15a9d6b8eb4e44a7a3d7fa4abe0cd5bb', 'port_security_enabled': True, 'router:external': False, 'provider:network_type': 'vlan', 'provider:physical_network': 'default', 'provider:segmentation_id': 133, 'availability_zone_hints': [], 'availability_zones': [], 'ipv4_address_scope': None, 'ipv6_address_scope': None, 'description': '', 'tags': [], 'created_at': '2024-12-11T22:10:10Z', 'updated_at': '2024-12-11T22:10:10Z', 'revision_number': 1}, Subnet: {'id': '9d1ccd27-b555-4c28-9c5d-934004984577', 'name': 'tempest-ImagesTestJSON-578420006-subnet', 'tenant_id': '15a9d6b8eb4e44a7a3d7fa4abe0cd5bb', 'network_id': 'ca54620c-2118-4248-ac67-90f8579e33aa', 'ip_version': 4, 'subnetpool_id': None, 'enable_dhcp': True, 'ipv6_ra_mode': None, 'ipv6_address_mode': None, 'gateway_ip': '192.168.128.1', 'cidr': '192.168.128.0/28', 'allocation_pools': [{'start': '192.168.128.2', 'end': '192.168.128.14'}], 'host_routes': [], 'dns_nameservers': [], 'description': '', 'router:external': False, 'service_types': [], 'tags': [], 'created_at': '2024-12-11T22:10:10Z', 'updated_at': '2024-12-11T22:10:10Z', 'revision_number': 0, 'project_id': '15a9d6b8eb4e44a7a3d7fa4abe0cd5bb'}, Router: {'id': '7fc75074-a46d-4c34-be12-08c1a1db780f', 'name': 'tempest-ImagesTestJSON-578420006-router', 'tenant_id': '15a9d6b8eb4e44a7a3d7fa4abe0cd5bb', 'admin_state_up': True, 'status': 'ACTIVE', 'external_gateway_info': {'network_id': '496fbe0c-5932-45de-b27b-73a4576161fa', 'external_fixed_ips': [{'subnet_id': 'd766c117-b977-4bcb-aeee-8343b841a62d', 'ip_address': '10.180.180.148'}], 'enable_snat': True}, 'description': '', 'availability_zones': [], 'distributed': False, 'ha': False, 'availability_zone_hints': [], 'routes': [], 'flavor_id': None, 'tags': [], 'created_at': '2024-12-11T22:10:10Z', 'updated_at': '2024-12-11T22:10:10Z', 'revision_number': 2, 'project_id': '15a9d6b8eb4e44a7a3d7fa4abe0cd5bb'}
2024-12-11 22:10:12.949 66127 INFO tempest.lib.common.rest_client [req-9c3d3764-b3e8-4da2-87c6-87850fa36669 req-9c3d3764-b3e8-4da2-87c6-87850fa36669 ] Request (FloatingIPsAssociationNegativeTestJSON:tearDownClass): 200 GET http://10.180.1.21/compute/v2.1/servers/ad37d6a1-9053-4be6-adb2-0c62ac8ae9bd 0.088s
2024-12-11 22:10:12.960 66127 INFO tempest.common.waiters [-] State transition "ACTIVE/deleting" ==> "DELETED/None" after 3 second wait
2024-12-11 22:10:13.009 66133 INFO tempest.lib.common.rest_client [req-0edddf32-69d5-4b17-9cde-6bbdde9c18f0 req-0edddf32-69d5-4b17-9cde-6bbdde9c18f0 ] Request (ImagesTestJSON:setUpClass): 201 POST http://10.180.1.21/identity/v3/auth/tokens 0.090s
2024-12-11 22:10:13.043 66133 INFO tempest.lib.common.rest_client [req-a92890a5-98c5-4c8e-8f52-b0561fef43f1 req-a92890a5-98c5-4c8e-8f52-b0561fef43f1 ] Request (ImagesTestJSON:test_create_image_from_stopped_server): 201 POST http://10.180.1.21/identity/v3/auth/tokens 0.029s
2024-12-11 22:10:13.044 66133 INFO tempest.lib.common.fixed_network [-] (ImagesTestJSON:test_create_image_from_stopped_server) Found network {'id': 'ca54620c-2118-4248-ac67-90f8579e33aa', 'name': 'tempest-ImagesTestJSON-578420006-network', 'tenant_id': '15a9d6b8eb4e44a7a3d7fa4abe0cd5bb', 'admin_state_up': True, 'mtu': 8950, 'status': 'ACTIVE', 'subnets': [], 'shared': False, 'project_id': '15a9d6b8eb4e44a7a3d7fa4abe0cd5bb', 'port_security_enabled': True, 'router:external': False, 'provider:network_type': 'vlan', 'provider:physical_network': 'default', 'provider:segmentation_id': 133, 'availability_zone_hints': [], 'availability_zones': [], 'ipv4_address_scope': None, 'ipv6_address_scope': None, 'description': '', 'tags': [], 'created_at': '2024-12-11T22:10:10Z', 'updated_at': '2024-12-11T22:10:10Z', 'revision_number': 1} available for tenant
2024-12-11 22:10:13.166 66149 INFO tempest.lib.common.rest_client [req-3d24d5ad-4101-4fcf-ab50-b3d1e7387cca req-3d24d5ad-4101-4fcf-ab50-b3d1e7387cca ] Request (FloatingIPDetailsNegativeTestJSON:setUpClass): 200 PUT http://10.180.1.21:9696/networking/v2.0/routers/e8ba8937-2eb7-4c05-a585-b86444bdd801/add_router_interface 1.260s
2024-12-11 22:10:13.166 66149 INFO tempest.lib.common.dynamic_creds [-] Created isolated network resources for: credentials: Credentials: {'domain_id': 'default', 'domain_name': 'Default', 'username': 'tempest-FloatingIPDetailsNegativeTestJSON-91235203-project-member', 'project_domain_id': 'default', 'project_domain_name': 'Default', 'project_id': '8b258767f5e941ecb9bc89d9ee1becd7', 'project_name': 'tempest-FloatingIPDetailsNegativeTestJSON-91235203', 'tenant_id': '8b258767f5e941ecb9bc89d9ee1becd7', 'tenant_name': 'tempest-FloatingIPDetailsNegativeTestJSON-91235203', 'user_domain_id': 'default', 'user_domain_name': 'Default', 'user_id': '256b39d7c0cd45c5a252ef0d3dcf2367', 'system': None}, Network: {'id': 'ab5e903d-5cbc-4ace-a8ae-3a5795f3f46f', 'name': 'tempest-FloatingIPDetailsNegativeTestJSON-202125533-network', 'tenant_id': '8b258767f5e941ecb9bc89d9ee1becd7', 'admin_state_up': True, 'mtu': 8950, 'status': 'ACTIVE', 'subnets': [], 'shared': False, 'project_id': '8b258767f5e941ecb9bc89d9ee1becd7', 'port_security_enabled': True, 'router:external': False, 'provider:network_type': 'vlan', 'provider:physical_network': 'default', 'provider:segmentation_id': 638, 'availability_zone_hints': [], 'availability_zones': [], 'ipv4_address_scope': None, 'ipv6_address_scope': None, 'description': '', 'tags': [], 'created_at': '2024-12-11T22:10:10Z', 'updated_at': '2024-12-11T22:10:10Z', 'revision_number': 1}, Subnet: {'id': 'd56a78f2-c837-43d4-aa57-88c9985b99c7', 'name': 'tempest-FloatingIPDetailsNegativeTestJSON-202125533-subnet', 'tenant_id': '8b258767f5e941ecb9bc89d9ee1becd7', 'network_id': 'ab5e903d-5cbc-4ace-a8ae-3a5795f3f46f', 'ip_version': 4, 'subnetpool_id': None, 'enable_dhcp': True, 'ipv6_ra_mode': None, 'ipv6_address_mode': None, 'gateway_ip': '192.168.128.1', 'cidr': '192.168.128.0/28', 'allocation_pools': [{'start': '192.168.128.2', 'end': '192.168.128.14'}], 'host_routes': [], 'dns_nameservers': [], 'description': '', 'router:external': False, 'service_types': [], 'tags': [], 'created_at': '2024-12-11T22:10:10Z', 'updated_at': '2024-12-11T22:10:10Z', 'revision_number': 0, 'project_id': '8b258767f5e941ecb9bc89d9ee1becd7'}, Router: {'id': 'e8ba8937-2eb7-4c05-a585-b86444bdd801', 'name': 'tempest-FloatingIPDetailsNegativeTestJSON-202125533-router', 'tenant_id': '8b258767f5e941ecb9bc89d9ee1becd7', 'admin_state_up': True, 'status': 'ACTIVE', 'external_gateway_info': {'network_id': '496fbe0c-5932-45de-b27b-73a4576161fa', 'external_fixed_ips': [{'subnet_id': 'd766c117-b977-4bcb-aeee-8343b841a62d', 'ip_address': '10.180.180.243'}], 'enable_snat': True}, 'description': '', 'availability_zones': [], 'distributed': False, 'ha': False, 'availability_zone_hints': [], 'routes': [], 'flavor_id': None, 'tags': [], 'created_at': '2024-12-11T22:10:11Z', 'updated_at': '2024-12-11T22:10:11Z', 'revision_number': 2, 'project_id': '8b258767f5e941ecb9bc89d9ee1becd7'}
2024-12-11 22:10:13.220 66143 INFO tempest.lib.common.rest_client [req-cb2809a3-35e0-4ef1-9fe7-11a69d97a94c req-cb2809a3-35e0-4ef1-9fe7-11a69d97a94c ] Request (ServerRescueTestJSONUnderV235:setUpClass): 200 GET http://10.180.1.21/compute/v2.1/servers/42eb98a9-e341-4a17-9d76-2a2c37efc1a1 0.136s
2024-12-11 22:10:13.270 66149 INFO tempest.lib.common.rest_client [req-db4242c9-5d4f-400f-ac78-ff7023d422db req-db4242c9-5d4f-400f-ac78-ff7023d422db ] Request (FloatingIPDetailsNegativeTestJSON:setUpClass): 201 POST http://10.180.1.21/identity/v3/auth/tokens 0.100s
2024-12-11 22:10:13.286 66147 INFO tempest.lib.common.rest_client [req-48e1271c-f5cc-4968-9907-76a64afc34a5 req-48e1271c-f5cc-4968-9907-76a64afc34a5 ] Request (ServersNegativeTestMultiTenantJSON:setUpClass): 200 GET http://10.180.1.21/compute/v2.1/servers/b297d642-88a7-4acc-a94d-e1cb7df81982 0.151s
2024-12-11 22:10:13.336 66153 INFO tempest.lib.common.rest_client [req-7e654605-1169-4c4b-b4e7-3f74f1fccf65 req-7e654605-1169-4c4b-b4e7-3f74f1fccf65 ] Request (FloatingIPsAssociationTestJSON:test_associate_already_associated_floating_ip): 200 GET http://10.180.1.21/compute/v2.1/servers/e652e59f-9432-41cf-b4a5-0f5cf649b24e 0.141s
2024-12-11 22:10:13.342 66153 INFO tempest.common.waiters [-] State transition "BUILD/None" ==> "BUILD/networking" after 56 second wait
2024-12-11 22:10:13.469 66151 INFO tempest.lib.common.rest_client [req-b57ed2cd-a585-406e-bbf6-7856a80a9680 req-b57ed2cd-a585-406e-bbf6-7856a80a9680 ] Request (MigrationsAdminTest:test_list_migrations_in_flavor_resize_situation): 200 GET http://10.180.1.21/compute/v2.1/servers/868cf942-f348-488d-b00a-af4c8b5efda5 0.251s
2024-12-11 22:10:13.540 66155 INFO tempest.lib.common.rest_client [req-8093ad48-7362-4354-8ca0-e1b2b33953d1 req-8093ad48-7362-4354-8ca0-e1b2b33953d1 ] Request (ServersAdmin275Test:tearDownClass): 200 GET http://10.180.1.21/compute/v2.1/servers/96aff7ef-cfc3-46ef-ba3e-b4bc1141a88b 0.278s
2024-12-11 22:10:13.601 66133 INFO tempest.lib.common.rest_client [req-6dc31604-3590-4bc5-a5ee-337155a90760 req-6dc31604-3590-4bc5-a5ee-337155a90760 ] Request (ImagesTestJSON:test_create_image_from_stopped_server): 202 POST http://10.180.1.21/compute/v2.1/servers 0.556s
2024-12-11 22:10:13.615 66149 INFO tempest.lib.common.rest_client [req-ca0ca3f3-39b9-4fe1-ab3e-a80a29a97ed7 req-ca0ca3f3-39b9-4fe1-ab3e-a80a29a97ed7 ] Request (FloatingIPDetailsNegativeTestJSON:test_get_nonexistent_floating_ip_details): 404 GET http://10.180.1.21/compute/v2.1/os-floating-ips/89aa26a7-dcac-4155-9e2e-3df46cec84d5 0.344s
2024-12-11 22:10:13.669 66171 INFO tempest.lib.common.rest_client [req-b6142f6f-0e0a-4411-ad34-948699aeecae req-b6142f6f-0e0a-4411-ad34-948699aeecae ] Request (ServersAdminNegativeTestJSON:test_migrate_server_invalid_state): 200 GET http://10.180.1.21/compute/v2.1/servers/ffe54977-81c4-4842-9773-eed704a53ada 0.396s
2024-12-11 22:10:13.680 66119 INFO tempest.lib.common.rest_client [req-bc250c79-7075-4049-88cd-a3002b759472 req-bc250c79-7075-4049-88cd-a3002b759472 ] Request (ListServersNegativeTestJSON:setUpClass): 200 GET http://10.180.1.21/compute/v2.1/servers/575ea3dc-850d-4078-8678-41b3c40a4c27 0.357s
2024-12-11 22:10:13.731 66179 INFO tempest.lib.common.rest_client [req-6d6f2123-345f-4e2b-a3d6-227473448fe1 req-6d6f2123-345f-4e2b-a3d6-227473448fe1 ] Request (ServerPasswordTestJSON:setUpClass): 200 GET http://10.180.1.21/compute/v2.1/servers/a239d78f-085a-4e5c-924d-cf338298fa73 0.391s
2024-12-11 22:10:13.741 66159 INFO tempest.lib.common.rest_client [req-9431a797-8a27-4eb8-9aa3-b6a9c769df05 req-9431a797-8a27-4eb8-9aa3-b6a9c769df05 ] Request (ServersTestJSON:setUpClass): 200 GET http://10.180.1.21/compute/v2.1/servers/73452964-d690-451d-98c3-fba3c3301c6d 0.343s
2024-12-11 22:10:13.799 66137 INFO tempest.lib.common.rest_client [req-ea833297-d85d-49e0-aef4-ae757e24e3bd req-ea833297-d85d-49e0-aef4-ae757e24e3bd ] Request (ServersTestMultiNic:test_verify_duplicate_network_nics): 200 GET http://10.180.1.21/compute/v2.1/servers/aae3b4a3-c954-4f73-bd12-9b19a675179c 0.399s
2024-12-11 22:10:13.813 66145 INFO tempest.lib.common.rest_client [req-8306206f-acc7-42dc-b9a6-1bddccb44444 req-8306206f-acc7-42dc-b9a6-1bddccb44444 ] Request (ServerDiagnosticsTest:test_get_server_diagnostics): 200 GET http://10.180.1.21/compute/v2.1/servers/18ee140a-97bd-439a-8027-0dd0a1f0a6e2 0.346s
2024-12-11 22:10:13.863 66131 INFO tempest.lib.common.rest_client [req-336b1306-6c7b-45d3-ac16-46ee770db7fc req-336b1306-6c7b-45d3-ac16-46ee770db7fc ] Request (ServerActionsTestJSON:setUpClass): 200 GET http://10.180.1.21/compute/v2.1/servers/95a289ac-3178-45ea-80d2-905b9af54f3c 0.397s
2024-12-11 22:10:13.864 66167 WARNING tempest.lib.common.ssh [-] Failed to establish authenticated ssh connection to cirros@10.180.180.230 ([Errno None] Unable to connect to port 22 on 10.180.180.230). Number attempts: 1. Retry after 2 seconds.: paramiko.ssh_exception.NoValidConnectionsError: [Errno None] Unable to connect to port 22 on 10.180.180.230
2024-12-11 22:10:13.876 66121 INFO tempest.lib.common.rest_client [req-4456a868-4cea-4522-b34e-82f5f32ce817 req-4456a868-4cea-4522-b34e-82f5f32ce817 ] Request (ImagesNegativeTestJSON:test_create_image_from_deleted_server): 200 GET http://10.180.1.21/compute/v2.1/servers/46a524e2-93b0-4726-812f-98e08b6ba0b4 0.353s
2024-12-11 22:10:13.924 66175 INFO tempest.lib.common.rest_client [req-e21df7f3-ab10-4686-8f38-8fbf6e9e1450 req-e21df7f3-ab10-4686-8f38-8fbf6e9e1450 ] Request (ImagesOneServerTestJSON:setUpClass): 200 GET http://10.180.1.21/compute/v2.1/servers/fac2fc84-ccaa-44b2-b8f3-7f9b6173c8c8 0.348s
2024-12-11 22:10:13.933 66161 INFO tempest.lib.common.rest_client [req-4c565450-b145-437f-84ce-e8e00d5aee2c req-4c565450-b145-437f-84ce-e8e00d5aee2c ] Request (ServerRescueTestJSON:setUpClass): 200 GET http://10.180.1.21/compute/v2.1/servers/a226327d-11df-45e0-bef8-2337a0317c9e 0.391s
2024-12-11 22:10:13.976 66125 INFO tempest.lib.common.rest_client [req-ba3323bf-67e4-4fb1-a44f-768740e4021c req-ba3323bf-67e4-4fb1-a44f-768740e4021c ] Request (SecurityGroupsTestJSON:test_list_security_groups_by_server): 200 GET http://10.180.1.21/compute/v2.1/servers/84098aee-4cfa-4bb4-a0e7-390a9f7ad6ad 0.380s
2024-12-11 22:10:14.001 66133 INFO tempest.lib.common.rest_client [req-34df2f16-5172-4bae-a08e-545a9953cfd8 req-34df2f16-5172-4bae-a08e-545a9953cfd8 ] Request (ImagesTestJSON:test_create_image_from_stopped_server): 200 GET http://10.180.1.21/compute/v2.1/servers/db74146d-abc3-4d48-be1b-6ad471794dbf 0.399s
2024-12-11 22:10:14.027 66135 INFO tempest.lib.common.rest_client [req-5af7c1e8-a829-433f-9bf8-33f2e5be3b11 req-5af7c1e8-a829-433f-9bf8-33f2e5be3b11 ] Request (DeleteServersAdminTestJSON:test_delete_server_while_in_error_state): 200 GET http://10.180.1.21/compute/v2.1/servers/ce74cbd8-b709-418b-a206-f51975fd0af1 0.397s
2024-12-11 22:10:14.063 66141 INFO tempest.lib.common.rest_client [req-0deb4b3f-02ab-40be-a917-66f637abd074 req-0deb4b3f-02ab-40be-a917-66f637abd074 ] Request (InstanceActionsTestJSON:setUpClass): 200 GET http://10.180.1.21/compute/v2.1/servers/2f7b7109-0ced-4ea4-8dde-608655f2b3ab 0.411s
2024-12-11 22:10:14.084 66123 INFO tempest.lib.common.rest_client [req-caeb6846-8ef2-4f11-a727-f0ec43bd3ff6 req-caeb6846-8ef2-4f11-a727-f0ec43bd3ff6 ] Request (ServerDiagnosticsV248Test:tearDownClass): 200 GET http://10.180.1.21/compute/v2.1/servers/fa00f4fe-3bb2-4e17-be22-8a1fda502f65 0.377s
2024-12-11 22:10:14.121 66181 INFO tempest.lib.common.rest_client [req-dd72109d-e60b-4327-893d-3e3d5a8545d8 req-dd72109d-e60b-4327-893d-3e3d5a8545d8 ] Request (ServerRescueNegativeTestJSON:setUpClass): 200 GET http://10.180.1.21/compute/v2.1/servers/a10a4217-ae46-4f00-9ba1-cdf74f44ec7b 0.389s
2024-12-11 22:10:14.129 66129 INFO tempest.lib.common.rest_client [req-2bc6280d-fbec-483b-ba31-4f85dcd6cfc4 req-2bc6280d-fbec-483b-ba31-4f85dcd6cfc4 ] Request (ServerActionsTestOtherB:setUpClass): 200 GET http://10.180.1.21/compute/v2.1/servers/e478855d-e9c7-4abc-8e22-a4b2eb0c7310 0.375s
2024-12-11 22:10:14.191 66127 INFO tempest.lib.common.rest_client [req-e2f9e6c7-d801-4ca9-916b-641abe33e7cc req-e2f9e6c7-d801-4ca9-916b-641abe33e7cc ] Request (FloatingIPsAssociationNegativeTestJSON:tearDownClass): 200 GET http://10.180.1.21/compute/v2.1/servers/ad37d6a1-9053-4be6-adb2-0c62ac8ae9bd 0.231s
2024-12-11 22:10:14.359 66143 INFO tempest.lib.common.rest_client [req-564047b2-b475-4e2e-8af3-44451979d9d8 req-564047b2-b475-4e2e-8af3-44451979d9d8 ] Request (ServerRescueTestJSONUnderV235:setUpClass): 200 GET http://10.180.1.21/compute/v2.1/servers/42eb98a9-e341-4a17-9d76-2a2c37efc1a1 0.126s
2024-12-11 22:10:14.362 66147 INFO tempest.lib.common.rest_client [req-c6910ac1-6303-4882-9b6d-6e4a4e9a2da5 req-c6910ac1-6303-4882-9b6d-6e4a4e9a2da5 ] Request (ServersNegativeTestMultiTenantJSON:setUpClass): 200 GET http://10.180.1.21/compute/v2.1/servers/b297d642-88a7-4acc-a94d-e1cb7df81982 0.066s
2024-12-11 22:10:14.370 66143 INFO tempest.common.waiters [-] State transition "BUILD/spawning" ==> "ACTIVE/None" after 57 second wait
2024-12-11 22:10:14.459 66143 INFO tempest.lib.common.rest_client [req-7ecacfa9-3deb-4148-94a5-0d27c7a4e5af req-7ecacfa9-3deb-4148-94a5-0d27c7a4e5af ] Request (ServerRescueTestJSONUnderV235:setUpClass): 200 POST http://10.180.1.21/compute/v2.1/servers/42eb98a9-e341-4a17-9d76-2a2c37efc1a1/action 0.088s
2024-12-11 22:10:14.489 66153 INFO tempest.lib.common.rest_client [req-4283082b-08f0-47a9-92da-f6dba046a1a2 req-4283082b-08f0-47a9-92da-f6dba046a1a2 ] Request (FloatingIPsAssociationTestJSON:test_associate_already_associated_floating_ip): 200 GET http://10.180.1.21/compute/v2.1/servers/e652e59f-9432-41cf-b4a5-0f5cf649b24e 0.146s
2024-12-11 22:10:14.496 66153 INFO tempest.common.waiters [-] State transition "BUILD/networking" ==> "BUILD/spawning" after 57 second wait
2024-12-11 22:10:14.586 66151 INFO tempest.lib.common.rest_client [req-8572af83-61e7-47ae-859e-971033fc7821 req-8572af83-61e7-47ae-859e-971033fc7821 ] Request (MigrationsAdminTest:test_list_migrations_in_flavor_resize_situation): 200 GET http://10.180.1.21/compute/v2.1/servers/868cf942-f348-488d-b00a-af4c8b5efda5 0.109s
2024-12-11 22:10:14.595 66151 INFO tempest.common.waiters [-] State transition "RESIZE/resize_migrated" ==> "RESIZE/resize_finish" after 51 second wait
2024-12-11 22:10:14.638 66143 INFO tempest.lib.common.rest_client [req-94c9e4be-7f4d-4f2a-bb8f-6ca9a4d0dd2a req-94c9e4be-7f4d-4f2a-bb8f-6ca9a4d0dd2a ] Request (ServerRescueTestJSONUnderV235:setUpClass): 200 GET http://10.180.1.21/compute/v2.1/servers/42eb98a9-e341-4a17-9d76-2a2c37efc1a1 0.178s
2024-12-11 22:10:14.660 66155 INFO tempest.lib.common.rest_client [req-bbd7cbd7-bb9f-4cc4-ab3e-e8ce7de239c2 req-bbd7cbd7-bb9f-4cc4-ab3e-e8ce7de239c2 ] Request (ServersAdmin275Test:tearDownClass): 200 GET http://10.180.1.21/compute/v2.1/servers/96aff7ef-cfc3-46ef-ba3e-b4bc1141a88b 0.107s
2024-12-11 22:10:14.673 66149 INFO tempest.lib.common.rest_client [req-6b3348d3-e4f7-4058-b873-0f040a7052be req-6b3348d3-e4f7-4058-b873-0f040a7052be ] Request (FloatingIPDetailsNegativeTestJSON:tearDownClass): 200 PUT http://10.180.1.21:9696/networking/v2.0/routers/e8ba8937-2eb7-4c05-a585-b86444bdd801/remove_router_interface 1.055s
2024-12-11 22:10:14.733 66171 INFO tempest.lib.common.rest_client [req-a6939feb-7bdf-4235-986c-80980742c483 req-a6939feb-7bdf-4235-986c-80980742c483 ] Request (ServersAdminNegativeTestJSON:test_migrate_server_invalid_state): 200 GET http://10.180.1.21/compute/v2.1/servers/ffe54977-81c4-4842-9773-eed704a53ada 0.052s
2024-12-11 22:10:14.756 66119 INFO tempest.lib.common.rest_client [req-8c35a27a-e0ba-4939-9697-8e99213322be req-8c35a27a-e0ba-4939-9697-8e99213322be ] Request (ListServersNegativeTestJSON:setUpClass): 200 GET http://10.180.1.21/compute/v2.1/servers/575ea3dc-850d-4078-8678-41b3c40a4c27 0.065s
2024-12-11 22:10:14.797 66179 INFO tempest.lib.common.rest_client [req-b452c336-e805-4989-b66c-eb841e9f65d2 req-b452c336-e805-4989-b66c-eb841e9f65d2 ] Request (ServerPasswordTestJSON:setUpClass): 200 GET http://10.180.1.21/compute/v2.1/servers/a239d78f-085a-4e5c-924d-cf338298fa73 0.057s
2024-12-11 22:10:14.814 66159 INFO tempest.lib.common.rest_client [req-42a746bc-f579-434a-8160-324f8abee9ad req-42a746bc-f579-434a-8160-324f8abee9ad ] Request (ServersTestJSON:setUpClass): 200 GET http://10.180.1.21/compute/v2.1/servers/73452964-d690-451d-98c3-fba3c3301c6d 0.056s
2024-12-11 22:10:14.865 66145 INFO tempest.lib.common.rest_client [req-5729ad11-14b5-4262-a605-7a2a49dce878 req-5729ad11-14b5-4262-a605-7a2a49dce878 ] Request (ServerDiagnosticsTest:test_get_server_diagnostics): 200 GET http://10.180.1.21/compute/v2.1/servers/18ee140a-97bd-439a-8027-0dd0a1f0a6e2 0.046s
2024-12-11 22:10:14.876 66137 INFO tempest.lib.common.rest_client [req-50c8e982-195b-42ed-9460-c8bd08720dc5 req-50c8e982-195b-42ed-9460-c8bd08720dc5 ] Request (ServersTestMultiNic:test_verify_duplicate_network_nics): 200 GET http://10.180.1.21/compute/v2.1/servers/aae3b4a3-c954-4f73-bd12-9b19a675179c 0.064s
2024-12-11 22:10:14.929 66131 INFO tempest.lib.common.rest_client [req-3ee7ec4e-5c05-462c-b4a6-bb14f46b9122 req-3ee7ec4e-5c05-462c-b4a6-bb14f46b9122 ] Request (ServerActionsTestJSON:setUpClass): 200 GET http://10.180.1.21/compute/v2.1/servers/95a289ac-3178-45ea-80d2-905b9af54f3c 0.055s
2024-12-11 22:10:14.949 66121 INFO tempest.lib.common.rest_client [req-736cf2bd-c9b4-4342-ae3c-789ff7f3efbb req-736cf2bd-c9b4-4342-ae3c-789ff7f3efbb ] Request (ImagesNegativeTestJSON:test_create_image_from_deleted_server): 200 GET http://10.180.1.21/compute/v2.1/servers/46a524e2-93b0-4726-812f-98e08b6ba0b4 0.067s
2024-12-11 22:10:14.998 66175 INFO tempest.lib.common.rest_client [req-ce59bccd-487c-49aa-ad5a-3cb4a39599a0 req-ce59bccd-487c-49aa-ad5a-3cb4a39599a0 ] Request (ImagesOneServerTestJSON:setUpClass): 200 GET http://10.180.1.21/compute/v2.1/servers/fac2fc84-ccaa-44b2-b8f3-7f9b6173c8c8 0.061s
2024-12-11 22:10:15.005 66161 INFO tempest.lib.common.rest_client [req-41d4f99a-9203-4818-8deb-769aae1760d3 req-41d4f99a-9203-4818-8deb-769aae1760d3 ] Request (ServerRescueTestJSON:setUpClass): 200 GET http://10.180.1.21/compute/v2.1/servers/a226327d-11df-45e0-bef8-2337a0317c9e 0.065s
2024-12-11 22:10:15.049 66125 INFO tempest.lib.common.rest_client [req-8a174870-5876-44de-b160-07ac30d9c1fc req-8a174870-5876-44de-b160-07ac30d9c1fc ] Request (SecurityGroupsTestJSON:test_list_security_groups_by_server): 200 GET http://10.180.1.21/compute/v2.1/servers/84098aee-4cfa-4bb4-a0e7-390a9f7ad6ad 0.063s
2024-12-11 22:10:15.078 66133 INFO tempest.lib.common.rest_client [req-2e0ebbef-0ca1-4b9b-86e9-c5d52b9fff1f req-2e0ebbef-0ca1-4b9b-86e9-c5d52b9fff1f ] Request (ImagesTestJSON:test_create_image_from_stopped_server): 200 GET http://10.180.1.21/compute/v2.1/servers/db74146d-abc3-4d48-be1b-6ad471794dbf 0.067s
2024-12-11 22:10:15.100 66135 INFO tempest.lib.common.rest_client [req-75f2d11e-daff-4b76-9aeb-e1983e36498b req-75f2d11e-daff-4b76-9aeb-e1983e36498b ] Request (DeleteServersAdminTestJSON:test_delete_server_while_in_error_state): 200 GET http://10.180.1.21/compute/v2.1/servers/ce74cbd8-b709-418b-a206-f51975fd0af1 0.057s
2024-12-11 22:10:15.127 66149 INFO tempest.lib.common.rest_client [req-c03fa023-8135-42ce-914d-7961797c7332 req-c03fa023-8135-42ce-914d-7961797c7332 ] Request (FloatingIPDetailsNegativeTestJSON:tearDownClass): 204 DELETE http://10.180.1.21:9696/networking/v2.0/routers/e8ba8937-2eb7-4c05-a585-b86444bdd801 0.453s
2024-12-11 22:10:15.128 66141 INFO tempest.lib.common.rest_client [req-615b2094-5363-4dd4-b342-19e40540118d req-615b2094-5363-4dd4-b342-19e40540118d ] Request (InstanceActionsTestJSON:setUpClass): 200 GET http://10.180.1.21/compute/v2.1/servers/2f7b7109-0ced-4ea4-8dde-608655f2b3ab 0.053s
2024-12-11 22:10:15.165 66123 INFO tempest.lib.common.rest_client [req-9943c41c-5c71-4d92-8d36-2d4a2dadc90e req-9943c41c-5c71-4d92-8d36-2d4a2dadc90e ] Request (ServerDiagnosticsV248Test:tearDownClass): 200 GET http://10.180.1.21/compute/v2.1/servers/fa00f4fe-3bb2-4e17-be22-8a1fda502f65 0.068s
2024-12-11 22:10:15.190 66181 INFO tempest.lib.common.rest_client [req-078331ad-0171-4454-ad6a-cf240cb722af req-078331ad-0171-4454-ad6a-cf240cb722af ] Request (ServerRescueNegativeTestJSON:setUpClass): 200 GET http://10.180.1.21/compute/v2.1/servers/a10a4217-ae46-4f00-9ba1-cdf74f44ec7b 0.060s
2024-12-11 22:10:15.223 66129 INFO tempest.lib.common.rest_client [req-12bc45c7-24d7-4196-b731-df630ccb634d req-12bc45c7-24d7-4196-b731-df630ccb634d ] Request (ServerActionsTestOtherB:setUpClass): 200 GET http://10.180.1.21/compute/v2.1/servers/e478855d-e9c7-4abc-8e22-a4b2eb0c7310 0.082s
2024-12-11 22:10:15.422 66147 INFO tempest.lib.common.rest_client [req-fa437067-4ac6-418e-b718-c86bc8ce9eea req-fa437067-4ac6-418e-b718-c86bc8ce9eea ] Request (ServersNegativeTestMultiTenantJSON:setUpClass): 200 GET http://10.180.1.21/compute/v2.1/servers/b297d642-88a7-4acc-a94d-e1cb7df81982 0.053s
2024-12-11 22:10:15.444 66127 INFO tempest.lib.common.rest_client [req-8bc4c5ff-3dd7-4479-9fa9-03af278ad290 req-8bc4c5ff-3dd7-4479-9fa9-03af278ad290 ] Request (FloatingIPsAssociationNegativeTestJSON:tearDownClass): 200 GET http://10.180.1.21/compute/v2.1/servers/ad37d6a1-9053-4be6-adb2-0c62ac8ae9bd 0.244s
2024-12-11 22:10:15.526 66149 INFO tempest.lib.common.rest_client [req-f40a262b-6049-4747-9884-120fe27acafa req-f40a262b-6049-4747-9884-120fe27acafa ] Request (FloatingIPDetailsNegativeTestJSON:tearDownClass): 204 DELETE http://10.180.1.21:9696/networking/v2.0/subnets/d56a78f2-c837-43d4-aa57-88c9985b99c7 0.399s
2024-12-11 22:10:15.679 66153 INFO tempest.lib.common.rest_client [req-a70e6689-91b7-4e20-869f-7338154063c7 req-a70e6689-91b7-4e20-869f-7338154063c7 ] Request (FloatingIPsAssociationTestJSON:test_associate_already_associated_floating_ip): 200 GET http://10.180.1.21/compute/v2.1/servers/e652e59f-9432-41cf-b4a5-0f5cf649b24e 0.182s
2024-12-11 22:10:15.765 66151 INFO tempest.lib.common.rest_client [req-2fafe45f-c5ba-4c0a-9c06-daf7d48b39a1 req-2fafe45f-c5ba-4c0a-9c06-daf7d48b39a1 ] Request (MigrationsAdminTest:test_list_migrations_in_flavor_resize_situation): 200 GET http://10.180.1.21/compute/v2.1/servers/868cf942-f348-488d-b00a-af4c8b5efda5 0.169s
2024-12-11 22:10:15.793 66155 INFO tempest.lib.common.rest_client [req-8279a2bc-f3e6-4044-b3fa-79f850642904 req-8279a2bc-f3e6-4044-b3fa-79f850642904 ] Request (ServersAdmin275Test:tearDownClass): 404 GET http://10.180.1.21/compute/v2.1/servers/96aff7ef-cfc3-46ef-ba3e-b4bc1141a88b 0.123s
2024-12-11 22:10:15.847 66171 INFO tempest.lib.common.rest_client [req-ed3c7a18-3f94-451f-b5d4-a380efaa60e3 req-ed3c7a18-3f94-451f-b5d4-a380efaa60e3 ] Request (ServersAdminNegativeTestJSON:test_migrate_server_invalid_state): 200 GET http://10.180.1.21/compute/v2.1/servers/ffe54977-81c4-4842-9773-eed704a53ada 0.105s
2024-12-11 22:10:15.853 66143 INFO tempest.lib.common.rest_client [req-7f79cf46-1571-4a22-b86c-800f8377bc6b req-7f79cf46-1571-4a22-b86c-800f8377bc6b ] Request (ServerRescueTestJSONUnderV235:setUpClass): 200 GET http://10.180.1.21/compute/v2.1/servers/42eb98a9-e341-4a17-9d76-2a2c37efc1a1 0.205s
2024-12-11 22:10:15.908 66155 INFO tempest.lib.common.rest_client [req-36f4a3a4-e33c-4953-8189-7e0123799b71 req-36f4a3a4-e33c-4953-8189-7e0123799b71 ] Request (ServersAdmin275Test:tearDownClass): 204 DELETE http://10.180.1.21/identity/v3/users/ed21b9b13e0d4bc3b680dc71bc94fb31 0.114s
2024-12-11 22:10:15.912 66179 INFO tempest.lib.common.rest_client [req-4034a090-66d7-4813-9e78-8289f95c1d66 req-4034a090-66d7-4813-9e78-8289f95c1d66 ] Request (ServerPasswordTestJSON:setUpClass): 200 GET http://10.180.1.21/compute/v2.1/servers/a239d78f-085a-4e5c-924d-cf338298fa73 0.105s
2024-12-11 22:10:15.920 66119 INFO tempest.lib.common.rest_client [req-7c98451f-1273-4909-8ebf-3789a6f4894f req-7c98451f-1273-4909-8ebf-3789a6f4894f ] Request (ListServersNegativeTestJSON:setUpClass): 200 GET http://10.180.1.21/compute/v2.1/servers/575ea3dc-850d-4078-8678-41b3c40a4c27 0.150s
2024-12-11 22:10:15.989 66145 INFO tempest.lib.common.rest_client [req-3ecbecee-2f07-4e21-ad18-5c5819000d19 req-3ecbecee-2f07-4e21-ad18-5c5819000d19 ] Request (ServerDiagnosticsTest:test_get_server_diagnostics): 200 GET http://10.180.1.21/compute/v2.1/servers/18ee140a-97bd-439a-8027-0dd0a1f0a6e2 0.108s
2024-12-11 22:10:15.998 66159 INFO tempest.lib.common.rest_client [req-d0580400-7774-493a-b51a-1465e4fc9e84 req-d0580400-7774-493a-b51a-1465e4fc9e84 ] Request (ServersTestJSON:setUpClass): 200 GET http://10.180.1.21/compute/v2.1/servers/73452964-d690-451d-98c3-fba3c3301c6d 0.175s
2024-12-11 22:10:15.998 66145 INFO tempest.common.waiters [-] State transition "BUILD/scheduling" ==> "BUILD/None" after 31 second wait
2024-12-11 22:10:16.007 66149 INFO tempest.lib.common.rest_client [req-8e261a9f-91e7-4596-b263-c2c617669458 req-8e261a9f-91e7-4596-b263-c2c617669458 ] Request (FloatingIPDetailsNegativeTestJSON:tearDownClass): 204 DELETE http://10.180.1.21:9696/networking/v2.0/networks/ab5e903d-5cbc-4ace-a8ae-3a5795f3f46f 0.480s
2024-12-11 22:10:16.058 66155 INFO tempest.lib.common.rest_client [req-ca78c2ba-b6b2-4edd-bb9c-7f582122cd8d req-ca78c2ba-b6b2-4edd-bb9c-7f582122cd8d ] Request (ServersAdmin275Test:tearDownClass): 204 DELETE http://10.180.1.21/identity/v3/users/1fefe0eeca4241eab25ec07d47fd72ba 0.149s
