2024-12-11 22:10:34.644 66129 INFO tempest.lib.common.rest_client [req-cb182592-3d8a-4b1f-9514-a401732948fd req-cb182592-3d8a-4b1f-9514-a401732948fd ] Request (ServerActionsTestOtherB:setUpClass): 200 GET http://10.180.1.21/compute/v2.1/servers/e478855d-e9c7-4abc-8e22-a4b2eb0c7310 1.048s
2024-12-11 22:10:34.702 66181 INFO tempest.lib.common.rest_client [req-72e8c4cb-47f8-4268-b662-e855157ac024 req-72e8c4cb-47f8-4268-b662-e855157ac024 ] Request (ServerRescueNegativeTestJSON:setUpClass): 200 GET http://10.180.1.21/compute/v2.1/servers/a10a4217-ae46-4f00-9ba1-cdf74f44ec7b 1.104s
2024-12-11 22:10:34.842 66143 INFO tempest.lib.common.rest_client [req-5588b920-6c27-4c21-ae00-94a8daff4645 req-5588b920-6c27-4c21-ae00-94a8daff4645 ] Request (ServerRescueTestJSONUnderV235:tearDownClass): 200 GET http://10.180.1.21/compute/v2.1/servers/42eb98a9-e341-4a17-9d76-2a2c37efc1a1 1.207s
2024-12-11 22:10:34.917 66155 INFO tempest.lib.common.rest_client [req-81263452-9e8e-4233-babd-d28fe44448f6 req-81263452-9e8e-4233-babd-d28fe44448f6 ] Request (ServerMetadataNegativeTestJSON:setUpClass): 200 GET http://10.180.1.21/compute/v2.1/servers/2b6154bd-a6aa-4afc-b8f4-c9ceec3fd7b5 0.768s
2024-12-11 22:10:34.920 66139 WARNING tempest.lib.common.ssh [-] Failed to establish authenticated ssh connection to cirros@10.180.180.213 ([Errno None] Unable to connect to port 22 on 10.180.180.213). Number attempts: 6. Retry after 7 seconds.: paramiko.ssh_exception.NoValidConnectionsError: [Errno None] Unable to connect to port 22 on 10.180.180.213
2024-12-11 22:10:35.068 66123 INFO tempest.lib.common.rest_client [req-96cf7377-3a0c-4472-8289-3ee22a632c60 req-96cf7377-3a0c-4472-8289-3ee22a632c60 ] Request (ImagesMetadataTestJSON:setUp): 200 PUT http://10.180.1.21/compute/v2.1/images/50003b25-9413-4263-ad40-bafbddd73e7d/metadata 0.812s
2024-12-11 22:10:35.189 66127 INFO tempest.lib.common.rest_client [req-9a6979a7-6049-443b-9084-0f61a75bd4b1 req-9a6979a7-6049-443b-9084-0f61a75bd4b1 ] Request (FloatingIPsAssociationNegativeTestJSON:tearDownClass): 200 GET http://10.180.1.21/compute/v2.1/servers/ad37d6a1-9053-4be6-adb2-0c62ac8ae9bd 0.729s
2024-12-11 22:10:35.344 66147 INFO tempest.lib.common.rest_client [req-aeddb483-d754-4dc5-aa94-7324ce62b8eb req-aeddb483-d754-4dc5-aa94-7324ce62b8eb ] Request (ServersNegativeTestMultiTenantJSON:setUpClass): 200 GET http://10.180.1.21/compute/v2.1/servers/b297d642-88a7-4acc-a94d-e1cb7df81982 0.821s
2024-12-11 22:10:35.389 66153 INFO tempest.lib.common.rest_client [req-156eeb9a-8842-47b7-a4f8-99cb38863262 req-156eeb9a-8842-47b7-a4f8-99cb38863262 ] Request (FloatingIPsAssociationTestJSON:_run_cleanups): 202 POST http://10.180.1.21/compute/v2.1/servers/e652e59f-9432-41cf-b4a5-0f5cf649b24e/action 2.267s
2024-12-11 22:10:35.407 66171 INFO tempest.lib.common.rest_client [req-a28fedd7-8a4d-432b-b1c9-f4808c32d09c req-a28fedd7-8a4d-432b-b1c9-f4808c32d09c ] Request (ServersAdminNegativeTestJSON:test_migrate_server_invalid_state): 200 GET http://10.180.1.21/compute/v2.1/servers/ffe54977-81c4-4842-9773-eed704a53ada 0.875s
2024-12-11 22:10:35.449 66145 INFO tempest.lib.common.rest_client [req-9ca8f155-9ef9-41ca-a5d3-775c17f3f8aa req-9ca8f155-9ef9-41ca-a5d3-775c17f3f8aa ] Request (ServerDiagnosticsTest:test_get_server_diagnostics): 200 GET http://10.180.1.21/compute/v2.1/servers/18ee140a-97bd-439a-8027-0dd0a1f0a6e2 0.855s
2024-12-11 22:10:35.464 66149 INFO tempest.lib.common.rest_client [req-7136d6ee-6b46-47bc-9445-68e5f068628a req-7136d6ee-6b46-47bc-9445-68e5f068628a ] Request (AttachInterfacesTestJSON:test_create_list_show_delete_interfaces_by_fixed_ip): 200 GET http://10.180.1.21/compute/v2.1/servers/70c8de27-4696-4005-bbec-e7a33e56311b 0.793s
2024-12-11 22:10:35.507 66179 INFO tempest.lib.common.rest_client [req-795f4931-68be-439c-af04-7ecdf4de6b03 req-795f4931-68be-439c-af04-7ecdf4de6b03 ] Request (ServerPasswordTestJSON:setUpClass): 200 GET http://10.180.1.21/compute/v2.1/servers/a239d78f-085a-4e5c-924d-cf338298fa73 0.803s
2024-12-11 22:10:35.529 66119 INFO tempest.lib.common.rest_client [req-660f817d-6d42-4770-a339-5428136322c0 req-660f817d-6d42-4770-a339-5428136322c0 ] Request (ListServersNegativeTestJSON:setUpClass): 200 GET http://10.180.1.21/compute/v2.1/servers/575ea3dc-850d-4078-8678-41b3c40a4c27 0.783s
2024-12-11 22:10:35.568 66121 INFO tempest.lib.common.rest_client [req-ad8d9fc4-5300-4a2a-88f8-4b409fe4b7ef req-ad8d9fc4-5300-4a2a-88f8-4b409fe4b7ef ] Request (ServerDiskConfigTestJSON:test_rebuild_server_with_auto_disk_config): 200 GET http://10.180.1.21/compute/v2.1/servers/38d294a9-2f51-438d-b942-a88e380a981f 0.812s
2024-12-11 22:10:35.696 66137 INFO tempest.lib.common.rest_client [req-b59ffaa1-da60-4c2c-964a-70c931d34ead req-b59ffaa1-da60-4c2c-964a-70c931d34ead ] Request (ServersTestMultiNic:test_verify_duplicate_network_nics): 200 GET http://10.180.1.21/compute/v2.1/servers/aae3b4a3-c954-4f73-bd12-9b19a675179c 0.887s
2024-12-11 22:10:35.705 66137 INFO tempest.common.waiters [-] State transition "BUILD/networking" ==> "BUILD/spawning" after 61 second wait
2024-12-11 22:10:35.746 66131 INFO tempest.lib.common.rest_client [req-f274adf5-dcdf-4bad-9433-7e75c1231b81 req-f274adf5-dcdf-4bad-9433-7e75c1231b81 ] Request (ServerActionsTestJSON:setUpClass): 200 GET http://10.180.1.21/compute/v2.1/servers/95a289ac-3178-45ea-80d2-905b9af54f3c 0.684s
2024-12-11 22:10:35.774 66123 INFO tempest.lib.common.rest_client [req-49907f77-9518-4296-8b94-86315eefd9ed req-49907f77-9518-4296-8b94-86315eefd9ed ] Request (ImagesMetadataTestJSON:test_list_image_metadata): 200 GET http://10.180.1.21/compute/v2.1/images/50003b25-9413-4263-ad40-bafbddd73e7d/metadata 0.705s
2024-12-11 22:10:35.775 66151 INFO tempest.lib.common.rest_client [req-6bbe2920-29bc-4a37-ac49-258d8d3980e8 req-6bbe2920-29bc-4a37-ac49-258d8d3980e8 ] Request (MigrationsAdminTest:test_list_migrations_in_flavor_resize_situation): 200 GET http://10.180.1.21/compute/v2.1/servers/868cf942-f348-488d-b00a-af4c8b5efda5 0.772s
2024-12-11 22:10:35.824 66175 INFO tempest.lib.common.rest_client [req-0599e2b3-0cbc-49be-a075-ade3fa7bfd53 req-0599e2b3-0cbc-49be-a075-ade3fa7bfd53 ] Request (ImagesOneServerTestJSON:setUpClass): 200 GET http://10.180.1.21/compute/v2.1/servers/fac2fc84-ccaa-44b2-b8f3-7f9b6173c8c8 0.707s
2024-12-11 22:10:35.828 66133 INFO tempest.lib.common.rest_client [req-fa004779-ba07-48a0-9be8-b3703ec1d9af req-fa004779-ba07-48a0-9be8-b3703ec1d9af ] Request (ImagesTestJSON:test_create_image_from_stopped_server): 200 GET http://10.180.1.21/compute/v2.1/servers/db74146d-abc3-4d48-be1b-6ad471794dbf 0.655s
2024-12-11 22:10:35.883 66125 INFO tempest.lib.common.rest_client [req-95423326-fd0f-464c-ba84-0fb109379196 req-95423326-fd0f-464c-ba84-0fb109379196 ] Request (SecurityGroupsTestJSON:test_list_security_groups_by_server): 200 GET http://10.180.1.21/compute/v2.1/servers/84098aee-4cfa-4bb4-a0e7-390a9f7ad6ad 0.662s
2024-12-11 22:10:35.893 66135 INFO tempest.lib.common.rest_client [req-9a10377c-0f96-485f-b477-f714447e7be3 req-9a10377c-0f96-485f-b477-f714447e7be3 ] Request (DeleteServersAdminTestJSON:test_delete_server_while_in_error_state): 200 GET http://10.180.1.21/compute/v2.1/servers/ce74cbd8-b709-418b-a206-f51975fd0af1 0.574s
2024-12-11 22:10:36.004 66141 INFO tempest.lib.common.rest_client [req-cfa33cce-9e38-49cd-af07-a5041df62e62 req-cfa33cce-9e38-49cd-af07-a5041df62e62 ] Request (InstanceActionsTestJSON:setUpClass): 200 GET http://10.180.1.21/compute/v2.1/servers/2f7b7109-0ced-4ea4-8dde-608655f2b3ab 0.524s
2024-12-11 22:10:36.037 66153 INFO tempest.lib.common.rest_client [req-72d5cbe0-0847-4645-8e5c-6663f1e6b480 req-72d5cbe0-0847-4645-8e5c-6663f1e6b480 ] Request (FloatingIPsAssociationTestJSON:_run_cleanups): 204 DELETE http://10.180.1.21/compute/v2.1/servers/e652e59f-9432-41cf-b4a5-0f5cf649b24e 0.647s
2024-12-11 22:10:36.101 66129 INFO tempest.lib.common.rest_client [req-259ab99b-9f6e-4cd3-b1d5-81da0528923b req-259ab99b-9f6e-4cd3-b1d5-81da0528923b ] Request (ServerActionsTestOtherB:setUpClass): 200 GET http://10.180.1.21/compute/v2.1/servers/e478855d-e9c7-4abc-8e22-a4b2eb0c7310 0.448s
2024-12-11 22:10:36.143 66161 INFO tempest.lib.common.rest_client [req-9f9be408-f68c-4ee6-ac15-614561176f10 req-9f9be408-f68c-4ee6-ac15-614561176f10 ] Request (ServerRescueTestJSON:setUpClass): 200 GET http://10.180.1.21/compute/v2.1/servers/a226327d-11df-45e0-bef8-2337a0317c9e 0.549s
2024-12-11 22:10:36.161 66181 INFO tempest.lib.common.rest_client [req-8792bb4c-2163-4e1f-859d-49804054da8c req-8792bb4c-2163-4e1f-859d-49804054da8c ] Request (ServerRescueNegativeTestJSON:setUpClass): 200 GET http://10.180.1.21/compute/v2.1/servers/a10a4217-ae46-4f00-9ba1-cdf74f44ec7b 0.452s
2024-12-11 22:10:36.315 66123 INFO tempest.lib.common.rest_client [req-f969beb7-1dae-4795-a036-421fcacbb24d req-f969beb7-1dae-4795-a036-421fcacbb24d ] Request (ImagesMetadataTestJSON:setUp): 200 PUT http://10.180.1.21/compute/v2.1/images/50003b25-9413-4263-ad40-bafbddd73e7d/metadata 0.537s
2024-12-11 22:10:36.326 66143 INFO tempest.lib.common.rest_client [req-299b9da9-a06e-4a99-aa1e-9716f6825e64 req-299b9da9-a06e-4a99-aa1e-9716f6825e64 ] Request (ServerRescueTestJSONUnderV235:tearDownClass): 200 GET http://10.180.1.21/compute/v2.1/servers/42eb98a9-e341-4a17-9d76-2a2c37efc1a1 0.473s
2024-12-11 22:10:36.378 66155 INFO tempest.lib.common.rest_client [req-cd288396-5f07-4832-94a1-876d98a7e42e req-cd288396-5f07-4832-94a1-876d98a7e42e ] Request (ServerMetadataNegativeTestJSON:setUpClass): 200 GET http://10.180.1.21/compute/v2.1/servers/2b6154bd-a6aa-4afc-b8f4-c9ceec3fd7b5 0.454s
2024-12-11 22:10:36.450 66127 INFO tempest.lib.common.rest_client [req-152a9342-7573-4001-8c93-52f2c7ba1b97 req-152a9342-7573-4001-8c93-52f2c7ba1b97 ] Request (FloatingIPsAssociationNegativeTestJSON:tearDownClass): 200 GET http://10.180.1.21/compute/v2.1/servers/ad37d6a1-9053-4be6-adb2-0c62ac8ae9bd 0.248s
2024-12-11 22:10:36.461 66159 WARNING tempest.lib.common.ssh [-] Failed to establish authenticated ssh connection to cirros@10.180.180.220 ([Errno None] Unable to connect to port 22 on 10.180.180.220). Number attempts: 1. Retry after 2 seconds.: paramiko.ssh_exception.NoValidConnectionsError: [Errno None] Unable to connect to port 22 on 10.180.180.220
2024-12-11 22:10:36.687 66123 INFO tempest.lib.common.rest_client [req-f7483a05-d711-4ba5-bb05-d59db6793990 req-f7483a05-d711-4ba5-bb05-d59db6793990 ] Request (ImagesMetadataTestJSON:test_set_image_metadata): 200 PUT http://10.180.1.21/compute/v2.1/images/50003b25-9413-4263-ad40-bafbddd73e7d/metadata 0.371s
2024-12-11 22:10:36.815 66147 INFO tempest.lib.common.rest_client [req-0d71bf49-8d1e-44dc-9980-f5ff08ae1bbd req-0d71bf49-8d1e-44dc-9980-f5ff08ae1bbd ] Request (ServersNegativeTestMultiTenantJSON:setUpClass): 200 GET http://10.180.1.21/compute/v2.1/servers/b297d642-88a7-4acc-a94d-e1cb7df81982 0.456s
2024-12-11 22:10:36.872 66171 INFO tempest.lib.common.rest_client [req-c159dd94-bcdf-432e-8b3d-b082393d4cc6 req-c159dd94-bcdf-432e-8b3d-b082393d4cc6 ] Request (ServersAdminNegativeTestJSON:test_migrate_server_invalid_state): 200 GET http://10.180.1.21/compute/v2.1/servers/ffe54977-81c4-4842-9773-eed704a53ada 0.452s
2024-12-11 22:10:36.924 66145 INFO tempest.lib.common.rest_client [req-f25d4d49-bac7-4cb0-90d3-545c1fb86b2a req-f25d4d49-bac7-4cb0-90d3-545c1fb86b2a ] Request (ServerDiagnosticsTest:test_get_server_diagnostics): 200 GET http://10.180.1.21/compute/v2.1/servers/18ee140a-97bd-439a-8027-0dd0a1f0a6e2 0.467s
2024-12-11 22:10:36.971 66149 INFO tempest.lib.common.rest_client [req-56bf3e7a-2581-4e8a-9ebe-d8c3c24603fd req-56bf3e7a-2581-4e8a-9ebe-d8c3c24603fd ] Request (AttachInterfacesTestJSON:test_create_list_show_delete_interfaces_by_fixed_ip): 200 GET http://10.180.1.21/compute/v2.1/servers/70c8de27-4696-4005-bbec-e7a33e56311b 0.499s
2024-12-11 22:10:37.017 66179 INFO tempest.lib.common.rest_client [req-d072ee99-72bf-4784-9fe6-f35876a21e5d req-d072ee99-72bf-4784-9fe6-f35876a21e5d ] Request (ServerPasswordTestJSON:setUpClass): 200 GET http://10.180.1.21/compute/v2.1/servers/a239d78f-085a-4e5c-924d-cf338298fa73 0.498s
2024-12-11 22:10:37.079 66119 INFO tempest.lib.common.rest_client [req-ee18249f-17b6-4099-8e93-0ad838cefee4 req-ee18249f-17b6-4099-8e93-0ad838cefee4 ] Request (ListServersNegativeTestJSON:setUpClass): 200 GET http://10.180.1.21/compute/v2.1/servers/575ea3dc-850d-4078-8678-41b3c40a4c27 0.543s
2024-12-11 22:10:37.123 66121 INFO tempest.lib.common.rest_client [req-41865379-fc98-4703-b285-9f0913adc35c req-41865379-fc98-4703-b285-9f0913adc35c ] Request (ServerDiskConfigTestJSON:test_rebuild_server_with_auto_disk_config): 200 GET http://10.180.1.21/compute/v2.1/servers/38d294a9-2f51-438d-b942-a88e380a981f 0.548s
2024-12-11 22:10:37.167 66123 INFO tempest.lib.common.rest_client [req-e0dfe13c-7405-4021-a7d3-8f312da8bddb req-e0dfe13c-7405-4021-a7d3-8f312da8bddb ] Request (ImagesMetadataTestJSON:test_set_image_metadata): 200 GET http://10.180.1.21/compute/v2.1/images/50003b25-9413-4263-ad40-bafbddd73e7d/metadata 0.479s
2024-12-11 22:10:37.316 66137 INFO tempest.lib.common.rest_client [req-4bebcf37-5d66-4bbd-8b5b-6da0626ed612 req-4bebcf37-5d66-4bbd-8b5b-6da0626ed612 ] Request (ServersTestMultiNic:test_verify_duplicate_network_nics): 200 GET http://10.180.1.21/compute/v2.1/servers/aae3b4a3-c954-4f73-bd12-9b19a675179c 0.611s
2024-12-11 22:10:37.365 66131 INFO tempest.lib.common.rest_client [req-44215f80-09ff-412e-9988-ea5fb72d3812 req-44215f80-09ff-412e-9988-ea5fb72d3812 ] Request (ServerActionsTestJSON:setUpClass): 200 GET http://10.180.1.21/compute/v2.1/servers/95a289ac-3178-45ea-80d2-905b9af54f3c 0.612s
2024-12-11 22:10:37.423 66153 INFO tempest.lib.common.rest_client [req-7fbf6870-5568-4178-8aa8-306c3eca650f req-7fbf6870-5568-4178-8aa8-306c3eca650f ] Request (FloatingIPsAssociationTestJSON:test_associate_disassociate_floating_ip): 202 POST http://10.180.1.21/compute/v2.1/servers/ee99ff4d-9996-4cfa-b038-7b19aef27438/action 1.380s
2024-12-11 22:10:37.477 66151 INFO tempest.lib.common.rest_client [req-4d532c01-9943-484a-8eef-ea082add05fb req-4d532c01-9943-484a-8eef-ea082add05fb ] Request (MigrationsAdminTest:test_list_migrations_in_flavor_resize_situation): 200 GET http://10.180.1.21/compute/v2.1/servers/868cf942-f348-488d-b00a-af4c8b5efda5 0.693s
2024-12-11 22:10:37.480 66175 INFO tempest.lib.common.rest_client [req-9032aca5-0bc3-4371-8c01-1b572ed192ef req-9032aca5-0bc3-4371-8c01-1b572ed192ef ] Request (ImagesOneServerTestJSON:setUpClass): 200 GET http://10.180.1.21/compute/v2.1/servers/fac2fc84-ccaa-44b2-b8f3-7f9b6173c8c8 0.648s
2024-12-11 22:10:37.530 66133 INFO tempest.lib.common.rest_client [req-886b1815-d012-4303-bc7d-297bee155507 req-886b1815-d012-4303-bc7d-297bee155507 ] Request (ImagesTestJSON:test_create_image_from_stopped_server): 200 GET http://10.180.1.21/compute/v2.1/servers/db74146d-abc3-4d48-be1b-6ad471794dbf 0.694s
2024-12-11 22:10:37.539 66125 INFO tempest.lib.common.rest_client [req-32784eb0-d50d-40e0-b6c2-60ca32c77ddd req-32784eb0-d50d-40e0-b6c2-60ca32c77ddd ] Request (SecurityGroupsTestJSON:test_list_security_groups_by_server): 200 GET http://10.180.1.21/compute/v2.1/servers/84098aee-4cfa-4bb4-a0e7-390a9f7ad6ad 0.649s
2024-12-11 22:10:37.578 66135 INFO tempest.lib.common.rest_client [req-dfd8edce-7ed6-4203-96ce-d95c373c90a8 req-dfd8edce-7ed6-4203-96ce-d95c373c90a8 ] Request (DeleteServersAdminTestJSON:test_delete_server_while_in_error_state): 200 GET http://10.180.1.21/compute/v2.1/servers/ce74cbd8-b709-418b-a206-f51975fd0af1 0.676s
2024-12-11 22:10:37.586 66135 INFO tempest.common.waiters [-] State transition "BUILD/None" ==> "BUILD/networking" after 62 second wait
2024-12-11 22:10:37.626 66129 INFO tempest.lib.common.rest_client [req-cb32a944-543c-4022-9422-87038a9b0155 req-cb32a944-543c-4022-9422-87038a9b0155 ] Request (ServerActionsTestOtherB:setUpClass): 200 GET http://10.180.1.21/compute/v2.1/servers/e478855d-e9c7-4abc-8e22-a4b2eb0c7310 0.517s
2024-12-11 22:10:37.714 66141 INFO tempest.lib.common.rest_client [req-5ea235cd-b87e-4bd5-976f-9d65abbeeb93 req-5ea235cd-b87e-4bd5-976f-9d65abbeeb93 ] Request (InstanceActionsTestJSON:setUpClass): 200 GET http://10.180.1.21/compute/v2.1/servers/2f7b7109-0ced-4ea4-8dde-608655f2b3ab 0.701s
2024-12-11 22:10:37.757 66161 INFO tempest.lib.common.rest_client [req-fa7ed008-1f4f-4b6a-abe0-e94131adbc1e req-fa7ed008-1f4f-4b6a-abe0-e94131adbc1e ] Request (ServerRescueTestJSON:setUpClass): 200 GET http://10.180.1.21/compute/v2.1/servers/a226327d-11df-45e0-bef8-2337a0317c9e 0.606s
2024-12-11 22:10:37.764 66161 INFO tempest.common.waiters [-] State transition "BUILD/spawning" ==> "ACTIVE/None" after 76 second wait
2024-12-11 22:10:37.789 66181 INFO tempest.lib.common.rest_client [req-981625b1-7b6a-4bee-9159-77011891b71e req-981625b1-7b6a-4bee-9159-77011891b71e ] Request (ServerRescueNegativeTestJSON:setUpClass): 200 GET http://10.180.1.21/compute/v2.1/servers/a10a4217-ae46-4f00-9ba1-cdf74f44ec7b 0.621s
2024-12-11 22:10:37.799 66157 WARNING tempest.lib.common.ssh [-] Failed to establish authenticated ssh connection to cirros@10.180.180.194 ([Errno None] Unable to connect to port 22 on 10.180.180.194). Number attempts: 6. Retry after 7 seconds.: paramiko.ssh_exception.NoValidConnectionsError: [Errno None] Unable to connect to port 22 on 10.180.180.194
2024-12-11 22:10:37.869 66143 INFO tempest.lib.common.rest_client [req-c051c72c-4eba-4487-add0-03dc55e4c6c5 req-c051c72c-4eba-4487-add0-03dc55e4c6c5 ] Request (ServerRescueTestJSONUnderV235:tearDownClass): 200 GET http://10.180.1.21/compute/v2.1/servers/42eb98a9-e341-4a17-9d76-2a2c37efc1a1 0.536s
2024-12-11 22:10:37.877 66143 INFO tempest.common.waiters [-] State transition "RESCUE/deleting" ==> "DELETED/None" after 3 second wait
2024-12-11 22:10:37.926 66155 INFO tempest.lib.common.rest_client [req-00975031-96ff-4a1d-af23-ef0e5e49736b req-00975031-96ff-4a1d-af23-ef0e5e49736b ] Request (ServerMetadataNegativeTestJSON:setUpClass): 200 GET http://10.180.1.21/compute/v2.1/servers/2b6154bd-a6aa-4afc-b8f4-c9ceec3fd7b5 0.539s
2024-12-11 22:10:38.053 66123 INFO tempest.lib.common.rest_client [req-8834ef55-357c-42f0-8a0a-f657245cc13e req-8834ef55-357c-42f0-8a0a-f657245cc13e ] Request (ImagesMetadataTestJSON:setUp): 200 PUT http://10.180.1.21/compute/v2.1/images/50003b25-9413-4263-ad40-bafbddd73e7d/metadata 0.884s
2024-12-11 22:10:38.054 66153 INFO tempest.lib.common.rest_client [req-5807e2b5-5a4d-429f-823a-b057cfd11b13 req-5807e2b5-5a4d-429f-823a-b057cfd11b13 ] Request (FloatingIPsAssociationTestJSON:test_associate_disassociate_floating_ip): 200 GET http://10.180.1.21/compute/v2.1/os-floating-ips/975ba4f1-9f71-4bcd-b463-3eef91ea60ba 0.631s
2024-12-11 22:10:38.166 66127 INFO tempest.lib.common.rest_client [req-de5fd5f0-a69d-463a-b2ed-518a87894025 req-de5fd5f0-a69d-463a-b2ed-518a87894025 ] Request (FloatingIPsAssociationNegativeTestJSON:tearDownClass): 200 GET http://10.180.1.21/compute/v2.1/servers/ad37d6a1-9053-4be6-adb2-0c62ac8ae9bd 0.708s
2024-12-11 22:10:38.211 66161 INFO tempest.lib.common.rest_client [req-b432de5f-473d-4bfd-8778-0e8c71d74836 req-b432de5f-473d-4bfd-8778-0e8c71d74836 ] Request (ServerRescueTestJSON:setUpClass): 200 POST http://10.180.1.21/compute/v2.1/servers/a226327d-11df-45e0-bef8-2337a0317c9e/action 0.446s
2024-12-11 22:10:38.273 66171 INFO tempest.lib.common.rest_client [req-c5b505be-7f3f-4d5c-b26b-334d9211aa64 req-c5b505be-7f3f-4d5c-b26b-334d9211aa64 ] Request (ServersAdminNegativeTestJSON:test_migrate_server_invalid_state): 200 GET http://10.180.1.21/compute/v2.1/servers/ffe54977-81c4-4842-9773-eed704a53ada 0.393s
2024-12-11 22:10:38.328 66145 INFO tempest.lib.common.rest_client [req-c5b49cd8-9990-40c1-998e-ff676de624f6 req-c5b49cd8-9990-40c1-998e-ff676de624f6 ] Request (ServerDiagnosticsTest:test_get_server_diagnostics): 200 GET http://10.180.1.21/compute/v2.1/servers/18ee140a-97bd-439a-8027-0dd0a1f0a6e2 0.395s
2024-12-11 22:10:38.339 66147 INFO tempest.lib.common.rest_client [req-82dbbc59-0742-4ea2-a290-82eda65af781 req-82dbbc59-0742-4ea2-a290-82eda65af781 ] Request (ServersNegativeTestMultiTenantJSON:setUpClass): 200 GET http://10.180.1.21/compute/v2.1/servers/b297d642-88a7-4acc-a94d-e1cb7df81982 0.513s
2024-12-11 22:10:38.401 66149 INFO tempest.lib.common.rest_client [req-74494786-6bdc-4210-b9c9-549d81316cc9 req-74494786-6bdc-4210-b9c9-549d81316cc9 ] Request (AttachInterfacesTestJSON:test_create_list_show_delete_interfaces_by_fixed_ip): 200 GET http://10.180.1.21/compute/v2.1/servers/70c8de27-4696-4005-bbec-e7a33e56311b 0.424s
2024-12-11 22:10:38.402 66179 INFO tempest.lib.common.rest_client [req-150435ca-6a26-4cd7-8cb4-8827e377513c req-150435ca-6a26-4cd7-8cb4-8827e377513c ] Request (ServerPasswordTestJSON:setUpClass): 200 GET http://10.180.1.21/compute/v2.1/servers/a239d78f-085a-4e5c-924d-cf338298fa73 0.378s
2024-12-11 22:10:38.893 66123 INFO tempest.lib.common.rest_client [req-04c72721-e863-4ade-9daa-f8e9967cd4f2 req-04c72721-e863-4ade-9daa-f8e9967cd4f2 ] Request (ImagesMetadataTestJSON:test_set_image_metadata_item): 200 PUT http://10.180.1.21/compute/v2.1/images/50003b25-9413-4263-ad40-bafbddd73e7d/metadata/os_version 0.839s
2024-12-11 22:10:38.970 66119 INFO tempest.lib.common.rest_client [req-f76d9f0c-7660-4a37-8272-f2685ca863d3 req-f76d9f0c-7660-4a37-8272-f2685ca863d3 ] Request (ListServersNegativeTestJSON:setUpClass): 200 GET http://10.180.1.21/compute/v2.1/servers/575ea3dc-850d-4078-8678-41b3c40a4c27 0.884s
2024-12-11 22:10:39.018 66121 INFO tempest.lib.common.rest_client [req-e99f8687-866f-4d2f-8b46-f29749970734 req-e99f8687-866f-4d2f-8b46-f29749970734 ] Request (ServerDiskConfigTestJSON:test_rebuild_server_with_auto_disk_config): 200 GET http://10.180.1.21/compute/v2.1/servers/38d294a9-2f51-438d-b942-a88e380a981f 0.887s
2024-12-11 22:10:39.169 66161 INFO tempest.lib.common.rest_client [req-300daacf-0eef-42cb-af94-a14db79bfd5d req-300daacf-0eef-42cb-af94-a14db79bfd5d ] Request (ServerRescueTestJSON:setUpClass): 200 GET http://10.180.1.21/compute/v2.1/servers/a226327d-11df-45e0-bef8-2337a0317c9e 0.957s
2024-12-11 22:10:39.321 66137 INFO tempest.lib.common.rest_client [req-6e0eba70-25b7-4322-8467-4df43be0671e req-6e0eba70-25b7-4322-8467-4df43be0671e ] Request (ServersTestMultiNic:test_verify_duplicate_network_nics): 200 GET http://10.180.1.21/compute/v2.1/servers/aae3b4a3-c954-4f73-bd12-9b19a675179c 0.995s
2024-12-11 22:10:39.392 66131 INFO tempest.lib.common.rest_client [req-8befc22f-5192-429b-b98b-264ea6782733 req-8befc22f-5192-429b-b98b-264ea6782733 ] Request (ServerActionsTestJSON:setUpClass): 200 GET http://10.180.1.21/compute/v2.1/servers/95a289ac-3178-45ea-80d2-905b9af54f3c 1.019s
2024-12-11 22:10:39.514 66151 INFO tempest.lib.common.rest_client [req-e1695b09-ec57-4dca-91cd-a7f74c2a621e req-e1695b09-ec57-4dca-91cd-a7f74c2a621e ] Request (MigrationsAdminTest:test_list_migrations_in_flavor_resize_situation): 200 GET http://10.180.1.21/compute/v2.1/servers/868cf942-f348-488d-b00a-af4c8b5efda5 1.030s
2024-12-11 22:10:39.528 66159 WARNING tempest.lib.common.ssh [-] Failed to establish authenticated ssh connection to cirros@10.180.180.220 ([Errno None] Unable to connect to port 22 on 10.180.180.220). Number attempts: 2. Retry after 3 seconds.: paramiko.ssh_exception.NoValidConnectionsError: [Errno None] Unable to connect to port 22 on 10.180.180.220
2024-12-11 22:10:39.589 66175 INFO tempest.lib.common.rest_client [req-ec8a8dc8-a122-4940-9c0f-7623042f9037 req-ec8a8dc8-a122-4940-9c0f-7623042f9037 ] Request (ImagesOneServerTestJSON:setUpClass): 200 GET http://10.180.1.21/compute/v2.1/servers/fac2fc84-ccaa-44b2-b8f3-7f9b6173c8c8 1.102s
2024-12-11 22:10:39.595 66175 INFO tempest.common.waiters [-] State transition "BUILD/scheduling" ==> "BUILD/None" after 40 second wait
2024-12-11 22:10:39.635 66133 INFO tempest.lib.common.rest_client [req-ffe8bc5c-8f1b-4c0d-8ce1-cfe1341cb791 req-ffe8bc5c-8f1b-4c0d-8ce1-cfe1341cb791 ] Request (ImagesTestJSON:test_create_image_from_stopped_server): 200 GET http://10.180.1.21/compute/v2.1/servers/db74146d-abc3-4d48-be1b-6ad471794dbf 1.097s
2024-12-11 22:10:39.684 66125 INFO tempest.lib.common.rest_client [req-8dc0bd7d-654d-4d6e-86ab-3d112a1486e2 req-8dc0bd7d-654d-4d6e-86ab-3d112a1486e2 ] Request (SecurityGroupsTestJSON:test_list_security_groups_by_server): 200 GET http://10.180.1.21/compute/v2.1/servers/84098aee-4cfa-4bb4-a0e7-390a9f7ad6ad 1.138s
2024-12-11 22:10:39.721 66167 WARNING tempest.lib.common.ssh [-] Failed to establish authenticated ssh connection to cirros@10.180.180.230 ([Errno None] Unable to connect to port 22 on 10.180.180.230). Number attempts: 5. Retry after 6 seconds.: paramiko.ssh_exception.NoValidConnectionsError: [Errno None] Unable to connect to port 22 on 10.180.180.230
2024-12-11 22:10:39.787 66153 INFO tempest.lib.common.rest_client [req-eed6f7bb-d42f-49ed-8888-bc5471d9716e req-eed6f7bb-d42f-49ed-8888-bc5471d9716e ] Request (FloatingIPsAssociationTestJSON:test_associate_disassociate_floating_ip): 202 POST http://10.180.1.21/compute/v2.1/servers/ee99ff4d-9996-4cfa-b038-7b19aef27438/action 1.729s
2024-12-11 22:10:39.819 66135 INFO tempest.lib.common.rest_client [req-3d0667df-b991-4c75-965f-41e6175ac41f req-3d0667df-b991-4c75-965f-41e6175ac41f ] Request (DeleteServersAdminTestJSON:test_delete_server_while_in_error_state): 200 GET http://10.180.1.21/compute/v2.1/servers/ce74cbd8-b709-418b-a206-f51975fd0af1 1.232s
2024-12-11 22:10:39.825 66135 INFO tempest.common.waiters [-] State transition "BUILD/networking" ==> "BUILD/spawning" after 64 second wait
2024-12-11 22:10:39.837 66129 INFO tempest.lib.common.rest_client [req-c43f4a77-f1ed-450a-921a-0d8ab3bb15b6 req-c43f4a77-f1ed-450a-921a-0d8ab3bb15b6 ] Request (ServerActionsTestOtherB:setUpClass): 200 GET http://10.180.1.21/compute/v2.1/servers/e478855d-e9c7-4abc-8e22-a4b2eb0c7310 1.203s
2024-12-11 22:10:39.843 66129 INFO tempest.common.waiters [-] State transition "BUILD/scheduling" ==> "BUILD/None" after 37 second wait
2024-12-11 22:10:39.889 66181 INFO tempest.lib.common.rest_client [req-0b0c82e0-1bfd-4a1f-a260-0751378f8539 req-0b0c82e0-1bfd-4a1f-a260-0751378f8539 ] Request (ServerRescueNegativeTestJSON:setUpClass): 200 GET http://10.180.1.21/compute/v2.1/servers/a10a4217-ae46-4f00-9ba1-cdf74f44ec7b 1.092s
2024-12-11 22:10:39.951 66143 INFO tempest.lib.common.rest_client [req-1d2d5fc8-aadf-4317-99d5-60b2cbb24ee9 req-1d2d5fc8-aadf-4317-99d5-60b2cbb24ee9 ] Request (ServerRescueTestJSONUnderV235:tearDownClass): 200 GET http://10.180.1.21/compute/v2.1/servers/42eb98a9-e341-4a17-9d76-2a2c37efc1a1 1.073s
2024-12-11 22:10:40.007 66123 INFO tempest.lib.common.rest_client [req-47d769da-fb57-47f0-bd5c-f1271c965852 req-47d769da-fb57-47f0-bd5c-f1271c965852 ] Request (ImagesMetadataTestJSON:test_set_image_metadata_item): 200 GET http://10.180.1.21/compute/v2.1/images/50003b25-9413-4263-ad40-bafbddd73e7d/metadata 1.113s
2024-12-11 22:10:40.085 66155 INFO tempest.lib.common.rest_client [req-44dbd92c-b830-4a4b-b89b-0a00584b5b8f req-44dbd92c-b830-4a4b-b89b-0a00584b5b8f ] Request (ServerMetadataNegativeTestJSON:setUpClass): 200 GET http://10.180.1.21/compute/v2.1/servers/2b6154bd-a6aa-4afc-b8f4-c9ceec3fd7b5 1.151s
2024-12-11 22:10:40.173 66127 INFO tempest.lib.common.rest_client [req-e53aa963-f341-40dc-aaf5-cfa6acbf11df req-e53aa963-f341-40dc-aaf5-cfa6acbf11df ] Request (FloatingIPsAssociationNegativeTestJSON:tearDownClass): 200 GET http://10.180.1.21/compute/v2.1/servers/ad37d6a1-9053-4be6-adb2-0c62ac8ae9bd 0.996s
2024-12-11 22:10:40.205 66141 INFO tempest.lib.common.rest_client [req-5cbdc032-152d-47df-9b3d-b44cc086d823 req-5cbdc032-152d-47df-9b3d-b44cc086d823 ] Request (InstanceActionsTestJSON:setUpClass): 200 GET http://10.180.1.21/compute/v2.1/servers/2f7b7109-0ced-4ea4-8dde-608655f2b3ab 1.484s
2024-12-11 22:10:40.234 66171 INFO tempest.lib.common.rest_client [req-65619fcd-2aca-47ae-9443-ef2bb3ac2c7a req-65619fcd-2aca-47ae-9443-ef2bb3ac2c7a ] Request (ServersAdminNegativeTestJSON:test_migrate_server_invalid_state): 200 GET http://10.180.1.21/compute/v2.1/servers/ffe54977-81c4-4842-9773-eed704a53ada 0.950s
2024-12-11 22:10:40.273 66145 INFO tempest.lib.common.rest_client [req-f3483329-105e-46fd-a8ce-720db5ce1953 req-f3483329-105e-46fd-a8ce-720db5ce1953 ] Request (ServerDiagnosticsTest:test_get_server_diagnostics): 200 GET http://10.180.1.21/compute/v2.1/servers/18ee140a-97bd-439a-8027-0dd0a1f0a6e2 0.930s
2024-12-11 22:10:40.329 66149 INFO tempest.lib.common.rest_client [req-d04f2b7f-2111-465e-aff3-98d9fe1f7334 req-d04f2b7f-2111-465e-aff3-98d9fe1f7334 ] Request (AttachInterfacesTestJSON:test_create_list_show_delete_interfaces_by_fixed_ip): 200 GET http://10.180.1.21/compute/v2.1/servers/70c8de27-4696-4005-bbec-e7a33e56311b 0.915s
2024-12-11 22:10:40.384 66179 INFO tempest.lib.common.rest_client [req-c923469e-0275-4451-8ca7-c49f320a3d54 req-c923469e-0275-4451-8ca7-c49f320a3d54 ] Request (ServerPasswordTestJSON:setUpClass): 200 GET http://10.180.1.21/compute/v2.1/servers/a239d78f-085a-4e5c-924d-cf338298fa73 0.971s
2024-12-11 22:10:40.418 66147 INFO tempest.lib.common.rest_client [req-4ca76dfa-a127-4db4-aa19-8474c8784499 req-4ca76dfa-a127-4db4-aa19-8474c8784499 ] Request (ServersNegativeTestMultiTenantJSON:setUpClass): 200 GET http://10.180.1.21/compute/v2.1/servers/b297d642-88a7-4acc-a94d-e1cb7df81982 1.070s
2024-12-11 22:10:40.432 66147 INFO tempest.common.waiters [-] State transition "BUILD/spawning" ==> "ACTIVE/None" after 77 second wait
2024-12-11 22:10:40.443 66119 INFO tempest.lib.common.rest_client [req-ce2b602e-d077-4a4a-9164-367dedbd2fe7 req-ce2b602e-d077-4a4a-9164-367dedbd2fe7 ] Request (ListServersNegativeTestJSON:setUpClass): 404 GET http://10.180.1.21/compute/v2.1/servers/575ea3dc-850d-4078-8678-41b3c40a4c27 0.465s
2024-12-11 22:10:40.520 66153 INFO tempest.lib.common.rest_client [req-3a173a16-1c06-48ee-b52f-533b7a306d61 req-3a173a16-1c06-48ee-b52f-533b7a306d61 ] Request (FloatingIPsAssociationTestJSON:tearDownClass): 204 DELETE http://10.180.1.21/compute/v2.1/servers/e652e59f-9432-41cf-b4a5-0f5cf649b24e 0.731s
2024-12-11 22:10:40.572 66121 INFO tempest.lib.common.rest_client [req-ccb026aa-39da-40ec-b87b-159a141f6f72 req-ccb026aa-39da-40ec-b87b-159a141f6f72 ] Request (ServerDiskConfigTestJSON:test_rebuild_server_with_auto_disk_config): 200 GET http://10.180.1.21/compute/v2.1/servers/38d294a9-2f51-438d-b942-a88e380a981f 0.547s
2024-12-11 22:10:40.664 66123 INFO tempest.lib.common.rest_client [req-80142583-5362-4230-ae38-e749446bb7fd req-80142583-5362-4230-ae38-e749446bb7fd ] Request (ImagesMetadataTestJSON:setUp): 200 PUT http://10.180.1.21/compute/v2.1/images/50003b25-9413-4263-ad40-bafbddd73e7d/metadata 0.655s
2024-12-11 22:10:40.692 66161 INFO tempest.lib.common.rest_client [req-c74a7016-eea7-497d-bd60-d703c035b3ba req-c74a7016-eea7-497d-bd60-d703c035b3ba ] Request (ServerRescueTestJSON:setUpClass): 200 GET http://10.180.1.21/compute/v2.1/servers/a226327d-11df-45e0-bef8-2337a0317c9e 0.516s
2024-12-11 22:10:40.741 66131 INFO tempest.lib.common.rest_client [req-11d9a7a9-866a-4f7d-957f-b2ef23925e51 req-11d9a7a9-866a-4f7d-957f-b2ef23925e51 ] Request (ServerActionsTestJSON:setUpClass): 200 GET http://10.180.1.21/compute/v2.1/servers/95a289ac-3178-45ea-80d2-905b9af54f3c 0.341s
2024-12-11 22:10:40.836 66137 INFO tempest.lib.common.rest_client [req-79e49159-d1da-4885-9c66-8f8b19102cd8 req-79e49159-d1da-4885-9c66-8f8b19102cd8 ] Request (ServersTestMultiNic:test_verify_duplicate_network_nics): 200 GET http://10.180.1.21/compute/v2.1/servers/aae3b4a3-c954-4f73-bd12-9b19a675179c 0.507s
2024-12-11 22:10:40.862 66147 INFO tempest.lib.common.rest_client [req-c8d764b7-fe1e-476b-92ea-6bfc244da445 req-c8d764b7-fe1e-476b-92ea-6bfc244da445 ] Request (ServersNegativeTestMultiTenantJSON:setUp): 200 GET http://10.180.1.21/compute/v2.1/servers/b297d642-88a7-4acc-a94d-e1cb7df81982 0.427s
2024-12-11 22:10:40.891 66119 INFO tempest.lib.common.rest_client [req-629b2bd9-fbf0-4e9b-a5d9-d59e6014e553 req-629b2bd9-fbf0-4e9b-a5d9-d59e6014e553 ] Request (ListServersNegativeTestJSON:test_list_servers_by_changes_since_future_date): 200 GET http://10.180.1.21/compute/v2.1/servers?changes-since=2051-01-01T12%3A34%3A00Z&status=ACTIVE 0.447s
2024-12-11 22:10:40.972 66153 INFO tempest.lib.common.rest_client [req-9b46fba7-2214-4f9b-8d4a-5f9fe0bebfbf req-9b46fba7-2214-4f9b-8d4a-5f9fe0bebfbf ] Request (FloatingIPsAssociationTestJSON:tearDownClass): 200 GET http://10.180.1.21/compute/v2.1/servers/e652e59f-9432-41cf-b4a5-0f5cf649b24e 0.452s
2024-12-11 22:10:41.027 66175 INFO tempest.lib.common.rest_client [req-38a5203b-fcb9-4296-b455-8913c6e308a8 req-38a5203b-fcb9-4296-b455-8913c6e308a8 ] Request (ImagesOneServerTestJSON:setUpClass): 200 GET http://10.180.1.21/compute/v2.1/servers/fac2fc84-ccaa-44b2-b8f3-7f9b6173c8c8 0.431s
2024-12-11 22:10:41.044 66151 INFO tempest.lib.common.rest_client [req-cf80b210-774c-4ddb-ab95-75b37b45cab9 req-cf80b210-774c-4ddb-ab95-75b37b45cab9 ] Request (MigrationsAdminTest:test_list_migrations_in_flavor_resize_situation): 200 GET http://10.180.1.21/compute/v2.1/servers/868cf942-f348-488d-b00a-af4c8b5efda5 0.523s
2024-12-11 22:10:41.079 66133 INFO tempest.lib.common.rest_client [req-fe45d68a-0ab7-4e23-b5c9-1da032e83e20 req-fe45d68a-0ab7-4e23-b5c9-1da032e83e20 ] Request (ImagesTestJSON:test_create_image_from_stopped_server): 200 GET http://10.180.1.21/compute/v2.1/servers/db74146d-abc3-4d48-be1b-6ad471794dbf 0.436s
2024-12-11 22:10:41.137 66125 INFO tempest.lib.common.rest_client [req-85eed7f9-07cf-4542-9d25-8ded8cc80d34 req-85eed7f9-07cf-4542-9d25-8ded8cc80d34 ] Request (SecurityGroupsTestJSON:test_list_security_groups_by_server): 200 GET http://10.180.1.21/compute/v2.1/servers/84098aee-4cfa-4bb4-a0e7-390a9f7ad6ad 0.446s
2024-12-11 22:10:41.320 66123 INFO tempest.lib.common.rest_client [req-1ba7a29e-b2ab-4495-997d-7be0ef8876f1 req-1ba7a29e-b2ab-4495-997d-7be0ef8876f1 ] Request (ImagesMetadataTestJSON:test_update_image_metadata): 200 POST http://10.180.1.21/compute/v2.1/images/50003b25-9413-4263-ad40-bafbddd73e7d/metadata 0.655s
2024-12-11 22:10:41.372 66129 INFO tempest.lib.common.rest_client [req-b33e076b-925e-4245-9b75-5366e33dd44d req-b33e076b-925e-4245-9b75-5366e33dd44d ] Request (ServerActionsTestOtherB:setUpClass): 200 GET http://10.180.1.21/compute/v2.1/servers/e478855d-e9c7-4abc-8e22-a4b2eb0c7310 0.529s
2024-12-11 22:10:41.384 66135 INFO tempest.lib.common.rest_client [req-62634cc6-caf2-4a35-9351-4456c0fbc4b5 req-62634cc6-caf2-4a35-9351-4456c0fbc4b5 ] Request (DeleteServersAdminTestJSON:test_delete_server_while_in_error_state): 200 GET http://10.180.1.21/compute/v2.1/servers/ce74cbd8-b709-418b-a206-f51975fd0af1 0.558s
2024-12-11 22:10:41.389 66119 INFO tempest.lib.common.rest_client [req-cd72658f-aa79-4b7d-9465-500cf86c307d req-cd72658f-aa79-4b7d-9465-500cf86c307d ] Request (ListServersNegativeTestJSON:test_list_servers_by_changes_since_invalid_date): 400 GET http://10.180.1.21/compute/v2.1/servers?changes-since=2011%2F01%2F01 0.496s
2024-12-11 22:10:41.436 66181 INFO tempest.lib.common.rest_client [req-2171b138-1069-4156-ae8b-f6e22cefcf22 req-2171b138-1069-4156-ae8b-f6e22cefcf22 ] Request (ServerRescueNegativeTestJSON:setUpClass): 200 GET http://10.180.1.21/compute/v2.1/servers/a10a4217-ae46-4f00-9ba1-cdf74f44ec7b 0.539s
2024-12-11 22:10:41.494 66143 INFO tempest.lib.common.rest_client [req-e0b21b65-4c06-4915-b97d-fb01f5a2a445 req-e0b21b65-4c06-4915-b97d-fb01f5a2a445 ] Request (ServerRescueTestJSONUnderV235:tearDownClass): 200 GET http://10.180.1.21/compute/v2.1/servers/42eb98a9-e341-4a17-9d76-2a2c37efc1a1 0.536s
2024-12-11 22:10:41.501 66147 INFO tempest.lib.common.rest_client [req-85c599bf-3252-4f27-ba20-37ccc51aa34f req-85c599bf-3252-4f27-ba20-37ccc51aa34f ] Request (ServersNegativeTestMultiTenantJSON:test_delete_a_server_of_another_tenant): 404 DELETE http://10.180.1.21/compute/v2.1/servers/b297d642-88a7-4acc-a94d-e1cb7df81982 0.631s
2024-12-11 22:10:41.547 66155 INFO tempest.lib.common.rest_client [req-d1183843-52c6-4879-adbc-86efde7f5740 req-d1183843-52c6-4879-adbc-86efde7f5740 ] Request (ServerMetadataNegativeTestJSON:setUpClass): 200 GET http://10.180.1.21/compute/v2.1/servers/2b6154bd-a6aa-4afc-b8f4-c9ceec3fd7b5 0.453s
2024-12-11 22:10:41.549 66127 INFO tempest.lib.common.rest_client [req-dadcb20d-646d-4138-97d5-f782ad563439 req-dadcb20d-646d-4138-97d5-f782ad563439 ] Request (FloatingIPsAssociationNegativeTestJSON:tearDownClass): 200 GET http://10.180.1.21/compute/v2.1/servers/ad37d6a1-9053-4be6-adb2-0c62ac8ae9bd 0.369s
2024-12-11 22:10:41.594 66171 INFO tempest.lib.common.rest_client [req-074e3596-f000-4c33-a0f6-2e68f6915f74 req-074e3596-f000-4c33-a0f6-2e68f6915f74 ] Request (ServersAdminNegativeTestJSON:test_migrate_server_invalid_state): 200 GET http://10.180.1.21/compute/v2.1/servers/ffe54977-81c4-4842-9773-eed704a53ada 0.352s
2024-12-11 22:10:41.640 66145 INFO tempest.lib.common.rest_client [req-48a0bd73-c68d-488d-953c-008210ed1459 req-48a0bd73-c68d-488d-953c-008210ed1459 ] Request (ServerDiagnosticsTest:test_get_server_diagnostics): 200 GET http://10.180.1.21/compute/v2.1/servers/18ee140a-97bd-439a-8027-0dd0a1f0a6e2 0.360s
2024-12-11 22:10:41.667 66123 INFO tempest.lib.common.rest_client [req-f9438375-6c10-49b8-b9a3-f208488829f6 req-f9438375-6c10-49b8-b9a3-f208488829f6 ] Request (ImagesMetadataTestJSON:test_update_image_metadata): 200 GET http://10.180.1.21/compute/v2.1/images/50003b25-9413-4263-ad40-bafbddd73e7d/metadata 0.346s
2024-12-11 22:10:41.717 66141 INFO tempest.lib.common.rest_client [req-76d3bc79-c700-438e-b90c-cd5eb8fc730f req-76d3bc79-c700-438e-b90c-cd5eb8fc730f ] Request (InstanceActionsTestJSON:setUpClass): 200 GET http://10.180.1.21/compute/v2.1/servers/2f7b7109-0ced-4ea4-8dde-608655f2b3ab 0.503s
2024-12-11 22:10:41.717 66149 INFO tempest.lib.common.rest_client [req-a035495b-c4cc-40b5-8457-53f95bee6910 req-a035495b-c4cc-40b5-8457-53f95bee6910 ] Request (AttachInterfacesTestJSON:test_create_list_show_delete_interfaces_by_fixed_ip): 200 GET http://10.180.1.21/compute/v2.1/servers/70c8de27-4696-4005-bbec-e7a33e56311b 0.377s
2024-12-11 22:10:41.767 66179 INFO tempest.lib.common.rest_client [req-9f0d5e38-fd17-44fc-ad93-8661b0198454 req-9f0d5e38-fd17-44fc-ad93-8661b0198454 ] Request (ServerPasswordTestJSON:setUpClass): 200 GET http://10.180.1.21/compute/v2.1/servers/a239d78f-085a-4e5c-924d-cf338298fa73 0.377s
2024-12-11 22:10:41.769 66123 INFO tempest.lib.common.rest_client [req-dd1cd459-3979-4d2c-aa08-7e1b83c5d315 req-dd1cd459-3979-4d2c-aa08-7e1b83c5d315 ] Request (ImagesMetadataTestJSON:tearDownClass): 204 DELETE http://10.180.1.21/image/v2/images/50003b25-9413-4263-ad40-bafbddd73e7d 0.100s
2024-12-11 22:10:41.836 66119 INFO tempest.lib.common.rest_client [req-e10c3617-0c81-4cde-a5b4-b040e4b34881 req-e10c3617-0c81-4cde-a5b4-b040e4b34881 ] Request (ListServersNegativeTestJSON:test_list_servers_by_limits_greater_than_actual_count): 200 GET http://10.180.1.21/compute/v2.1/servers 0.445s
2024-12-11 22:10:41.864 66123 INFO tempest.lib.common.rest_client [req-d1bfaea0-a424-444e-9b05-e6119569a048 req-d1bfaea0-a424-444e-9b05-e6119569a048 ] Request (ImagesMetadataTestJSON:tearDownClass): 204 DELETE http://10.180.1.21/identity/v3/users/fb1c4800ed844ace894748ac0907c1e8 0.094s
2024-12-11 22:10:41.864 66147 INFO tempest.lib.common.rest_client [req-fb1a070d-93c6-4b8e-b5c9-0536563f175c req-fb1a070d-93c6-4b8e-b5c9-0536563f175c ] Request (ServersNegativeTestMultiTenantJSON:setUp): 200 GET http://10.180.1.21/compute/v2.1/servers/b297d642-88a7-4acc-a94d-e1cb7df81982 0.361s
2024-12-11 22:10:41.864 66123 INFO tempest.lib.common.dynamic_creds [-] Deleting project and security group for project: 9d5fedf91ba749b0b4e1519cad28b54a
2024-12-11 22:10:41.883 66121 INFO tempest.lib.common.rest_client [req-fe24061e-02da-4d6a-b7b3-9e388257815f req-fe24061e-02da-4d6a-b7b3-9e388257815f ] Request (ServerDiskConfigTestJSON:test_rebuild_server_with_auto_disk_config): 200 GET http://10.180.1.21/compute/v2.1/servers/38d294a9-2f51-438d-b942-a88e380a981f 0.303s
2024-12-11 22:10:41.924 66123 INFO tempest.lib.common.rest_client [req-3732f040-f37e-459b-8ce8-dc602d8498ef req-3732f040-f37e-459b-8ce8-dc602d8498ef ] Request (ImagesMetadataTestJSON:tearDownClass): 201 POST http://10.180.1.21/identity/v3/auth/tokens 0.059s
2024-12-11 22:10:41.937 66131 INFO tempest.lib.common.rest_client [req-b8d2744a-9475-49f7-8b35-1eb0c4f624f5 req-b8d2744a-9475-49f7-8b35-1eb0c4f624f5 ] Request (ServerActionsTestJSON:setUpClass): 200 GET http://10.180.1.21/compute/v2.1/servers/95a289ac-3178-45ea-80d2-905b9af54f3c 0.189s
2024-12-11 22:10:41.967 66161 INFO tempest.lib.common.rest_client [req-94d10224-8d7a-4433-99e7-07067f06315f req-94d10224-8d7a-4433-99e7-07067f06315f ] Request (ServerRescueTestJSON:setUpClass): 200 GET http://10.180.1.21/compute/v2.1/servers/a226327d-11df-45e0-bef8-2337a0317c9e 0.267s
2024-12-11 22:10:41.997 66119 INFO tempest.lib.common.rest_client [req-27210440-dd43-4d1b-be7e-3dfbfc5287cf req-27210440-dd43-4d1b-be7e-3dfbfc5287cf ] Request (ListServersNegativeTestJSON:test_list_servers_by_limits_greater_than_actual_count): 200 GET http://10.180.1.21/compute/v2.1/servers?limit=102 0.159s
2024-12-11 22:10:42.018 66147 INFO tempest.lib.common.rest_client [req-66e2142d-5406-42e7-b578-0f679f98d471 req-66e2142d-5406-42e7-b578-0f679f98d471 ] Request (ServersNegativeTestMultiTenantJSON:test_update_server_of_another_tenant): 404 PUT http://10.180.1.21/compute/v2.1/servers/b297d642-88a7-4acc-a94d-e1cb7df81982 0.148s
2024-12-11 22:10:42.089 66153 INFO tempest.lib.common.rest_client [req-a3182788-dd5e-4aa5-8773-ab330c2ba4cd req-a3182788-dd5e-4aa5-8773-ab330c2ba4cd ] Request (FloatingIPsAssociationTestJSON:tearDownClass): 200 GET http://10.180.1.21/compute/v2.1/servers/e652e59f-9432-41cf-b4a5-0f5cf649b24e 0.108s
2024-12-11 22:10:42.094 66119 INFO tempest.lib.common.rest_client [req-7d824547-5432-4b2b-a5f0-b202404abef9 req-7d824547-5432-4b2b-a5f0-b202404abef9 ] Request (ListServersNegativeTestJSON:test_list_servers_by_limits_pass_negative_value): 400 GET http://10.180.1.21/compute/v2.1/servers?limit=-1 0.094s
2024-12-11 22:10:42.106 66137 INFO tempest.lib.common.rest_client [req-9f61ab2e-550e-479d-a129-0268c10c8082 req-9f61ab2e-550e-479d-a129-0268c10c8082 ] Request (ServersTestMultiNic:test_verify_duplicate_network_nics): 200 GET http://10.180.1.21/compute/v2.1/servers/aae3b4a3-c954-4f73-bd12-9b19a675179c 0.259s
2024-12-11 22:10:42.160 66175 INFO tempest.lib.common.rest_client [req-2ef957a9-c8d7-4ccc-9f39-46f6b84590c6 req-2ef957a9-c8d7-4ccc-9f39-46f6b84590c6 ] Request (ImagesOneServerTestJSON:setUpClass): 200 GET http://10.180.1.21/compute/v2.1/servers/fac2fc84-ccaa-44b2-b8f3-7f9b6173c8c8 0.125s
2024-12-11 22:10:42.171 66147 INFO tempest.lib.common.rest_client [req-ab428bcf-5e90-48b7-9ffc-b794e214ee67 req-ab428bcf-5e90-48b7-9ffc-b794e214ee67 ] Request (ServersNegativeTestMultiTenantJSON:tearDownClass): 204 DELETE http://10.180.1.21/compute/v2.1/servers/b297d642-88a7-4acc-a94d-e1cb7df81982 0.151s
2024-12-11 22:10:42.173 66123 INFO tempest.lib.common.rest_client [req-742d56cb-6b65-41f7-b36d-195745446855 req-742d56cb-6b65-41f7-b36d-195745446855 ] Request (ImagesMetadataTestJSON:tearDownClass): 200 GET http://10.180.1.21:9696/networking/v2.0/security-groups?tenant_id=9d5fedf91ba749b0b4e1519cad28b54a&name=default 0.248s
2024-12-11 22:10:42.219 66133 INFO tempest.lib.common.rest_client [req-0d535a3b-db73-4a83-9e7d-a2e05c02fa92 req-0d535a3b-db73-4a83-9e7d-a2e05c02fa92 ] Request (ImagesTestJSON:test_create_image_from_stopped_server): 200 GET http://10.180.1.21/compute/v2.1/servers/db74146d-abc3-4d48-be1b-6ad471794dbf 0.133s
2024-12-11 22:10:42.224 66119 INFO tempest.lib.common.rest_client [req-9058964e-7b71-4b91-a9a5-e357a44ee91c req-9058964e-7b71-4b91-a9a5-e357a44ee91c ] Request (ListServersNegativeTestJSON:test_list_servers_by_limits_pass_string): 400 GET http://10.180.1.21/compute/v2.1/servers?limit=testing 0.126s
2024-12-11 22:10:42.267 66125 INFO tempest.lib.common.rest_client [req-280b70b8-98e6-4eb4-b4cb-1ba6bdc66f37 req-280b70b8-98e6-4eb4-b4cb-1ba6bdc66f37 ] Request (SecurityGroupsTestJSON:test_list_security_groups_by_server): 200 GET http://10.180.1.21/compute/v2.1/servers/84098aee-4cfa-4bb4-a0e7-390a9f7ad6ad 0.118s
2024-12-11 22:10:42.271 66151 INFO tempest.lib.common.rest_client [req-5a905fb7-a061-4d53-8857-60d0f6811f46 req-5a905fb7-a061-4d53-8857-60d0f6811f46 ] Request (MigrationsAdminTest:test_list_migrations_in_flavor_resize_situation): 200 GET http://10.180.1.21/compute/v2.1/servers/868cf942-f348-488d-b00a-af4c8b5efda5 0.221s
2024-12-11 22:10:42.287 66119 INFO tempest.lib.common.rest_client [req-3c00f28d-f8d3-4d33-87e6-8dc7925885b8 req-3c00f28d-f8d3-4d33-87e6-8dc7925885b8 ] Request (ListServersNegativeTestJSON:test_list_servers_by_non_existing_flavor): 200 GET http://10.180.1.21/compute/v2.1/servers?flavor=non_existing_flavor 0.062s
2024-12-11 22:10:42.289 66123 INFO tempest.lib.common.rest_client [req-bbfd5bcd-8707-4a30-b64e-3b80510a0903 req-bbfd5bcd-8707-4a30-b64e-3b80510a0903 ] Request (ImagesMetadataTestJSON:tearDownClass): 204 DELETE http://10.180.1.21:9696/networking/v2.0/security-groups/9e583717-54df-4249-a980-865edc4ddd2e 0.115s
2024-12-11 22:10:42.353 66119 INFO tempest.lib.common.rest_client [req-c9db10cb-9d27-4b9b-b9b1-94a96ab69081 req-c9db10cb-9d27-4b9b-b9b1-94a96ab69081 ] Request (ListServersNegativeTestJSON:test_list_servers_by_non_existing_image): 200 GET http://10.180.1.21/compute/v2.1/servers?image=non_existing_image 0.063s
2024-12-11 22:10:42.360 66147 INFO tempest.lib.common.rest_client [req-46d32147-969c-4fbd-a4f7-5f0911352f08 req-46d32147-969c-4fbd-a4f7-5f0911352f08 ] Request (ServersNegativeTestMultiTenantJSON:tearDownClass): 200 GET http://10.180.1.21/compute/v2.1/servers/b297d642-88a7-4acc-a94d-e1cb7df81982 0.188s
2024-12-11 22:10:42.380 66123 INFO tempest.lib.common.rest_client [req-00a9ecc2-68d0-4618-a68b-35a4188a0257 req-00a9ecc2-68d0-4618-a68b-35a4188a0257 ] Request (ImagesMetadataTestJSON:tearDownClass): 204 DELETE http://10.180.1.21/identity/v3/projects/9d5fedf91ba749b0b4e1519cad28b54a 0.090s
2024-12-11 22:10:42.404 66119 INFO tempest.lib.common.rest_client [req-fa6eaa81-5050-4ba3-b3c9-9286d1440a9a req-fa6eaa81-5050-4ba3-b3c9-9286d1440a9a ] Request (ListServersNegativeTestJSON:test_list_servers_by_non_existing_server_name): 200 GET http://10.180.1.21/compute/v2.1/servers?name=non_existing_server_name 0.047s
2024-12-11 22:10:42.431 66129 INFO tempest.lib.common.rest_client [req-b4f9c1ca-ef97-4850-98b1-d1b0759f802f req-b4f9c1ca-ef97-4850-98b1-d1b0759f802f ] Request (ServerActionsTestOtherB:setUpClass): 200 GET http://10.180.1.21/compute/v2.1/servers/e478855d-e9c7-4abc-8e22-a4b2eb0c7310 0.050s
2024-12-11 22:10:42.459 66123 INFO tempest.lib.common.rest_client [req-a31c8ce5-2d02-4b5f-99da-44ec0ace146e req-a31c8ce5-2d02-4b5f-99da-44ec0ace146e ] Request (ImagesOneServerNegativeTestJSON:setUpClass): 201 POST http://10.180.1.21/identity/v3/auth/tokens 0.078s
2024-12-11 22:10:42.493 66123 INFO tempest.lib.common.rest_client [req-029be0d8-5397-4958-872b-127362bc063f req-029be0d8-5397-4958-872b-127362bc063f ] Request (ImagesOneServerNegativeTestJSON:setUpClass): 201 POST http://10.180.1.21/identity/v3/auth/tokens 0.030s
2024-12-11 22:10:42.517 66123 INFO tempest.lib.common.rest_client [req-93d69b75-86cd-4d38-b280-4c332ee26daf req-93d69b75-86cd-4d38-b280-4c332ee26daf ] Request (ImagesOneServerNegativeTestJSON:setUpClass): 200 GET http://10.180.1.21/identity/v3/domains?name=Default 0.024s
2024-12-11 22:10:42.550 66123 INFO tempest.lib.common.rest_client [req-6109a6d9-7497-427e-905e-f408c3eeaf2f req-6109a6d9-7497-427e-905e-f408c3eeaf2f ] Request (ImagesOneServerNegativeTestJSON:setUpClass): 201 POST http://10.180.1.21/identity/v3/projects 0.032s
2024-12-11 22:10:42.570 66135 INFO tempest.lib.common.rest_client [req-619f418d-2063-4a29-9134-d438c0691d29 req-619f418d-2063-4a29-9134-d438c0691d29 ] Request (DeleteServersAdminTestJSON:test_delete_server_while_in_error_state): 200 GET http://10.180.1.21/compute/v2.1/servers/ce74cbd8-b709-418b-a206-f51975fd0af1 0.178s
2024-12-11 22:10:42.615 66123 INFO tempest.lib.common.rest_client [req-ec6632e5-e250-4a35-abc4-99b9be0cc3e6 req-ec6632e5-e250-4a35-abc4-99b9be0cc3e6 ] Request (ImagesOneServerNegativeTestJSON:setUpClass): 201 POST http://10.180.1.21/identity/v3/users 0.065s
2024-12-11 22:10:42.635 66123 INFO tempest.lib.common.rest_client [req-2cff64b7-89cc-4d17-9d31-061888c27bb6 req-2cff64b7-89cc-4d17-9d31-061888c27bb6 ] Request (ImagesOneServerNegativeTestJSON:setUpClass): 200 GET http://10.180.1.21/identity/v3/roles 0.020s
2024-12-11 22:10:42.645 66181 INFO tempest.lib.common.rest_client [req-c0d0a84e-498f-427d-b47d-ab94ce3f2b40 req-c0d0a84e-498f-427d-b47d-ab94ce3f2b40 ] Request (ServerRescueNegativeTestJSON:setUpClass): 200 GET http://10.180.1.21/compute/v2.1/servers/a10a4217-ae46-4f00-9ba1-cdf74f44ec7b 0.202s
2024-12-11 22:10:42.647 66119 INFO tempest.lib.common.rest_client [req-724d9146-5426-413f-8498-d060a6fa06b7 req-724d9146-5426-413f-8498-d060a6fa06b7 ] Request (ListServersNegativeTestJSON:test_list_servers_detail_server_is_deleted): 200 GET http://10.180.1.21/compute/v2.1/servers/detail 0.240s
2024-12-11 22:10:42.665 66123 INFO tempest.lib.common.rest_client [req-f63782f8-692d-4e5b-b3e5-b628e2416580 req-f63782f8-692d-4e5b-b3e5-b628e2416580 ] Request (ImagesOneServerNegativeTestJSON:setUpClass): 204 PUT http://10.180.1.21/identity/v3/projects/1965e796bcbd44a1be5a9c1b50698c0d/users/274b6e073c6e48b69d2734ca81a7c811/roles/455ba87016654093be473d0dc6b519c2 0.029s
2024-12-11 22:10:42.666 66123 INFO tempest.lib.common.dynamic_creds [-] Dynamic test user 274b6e073c6e48b69d2734ca81a7c811 is created with scope project and roles: ['member']
