2024-12-11 22:09:00.005 66166 INFO tempest.lib.common.rest_client [req-ed96454d-0309-413d-8f7c-b6ad2e05776a req-ed96454d-0309-413d-8f7c-b6ad2e05776a ] Request (ServersAaction247Test:test_create_backup): 200 GET http://10.180.1.21/compute/v2.1/servers/891fac54-2ec4-4d47-8535-a33bd9dfb804 0.745s
2024-12-11 22:09:00.024 66166 INFO tempest.common.waiters [-] State transition "BUILD/scheduling" ==> "BUILD/None" after 2 second wait
2024-12-11 22:09:00.033 66171 INFO tempest.lib.common.rest_client [req-ecd6553c-8fc8-48b4-9250-7b2c1043f0a9 req-ecd6553c-8fc8-48b4-9250-7b2c1043f0a9 ] Request (QuotaClassesAdmin257Test:tearDownClass): 204 DELETE http://10.180.1.21/identity/v3/users/d21565351ecd48f897d8e095d8442d04 0.267s
2024-12-11 22:09:00.033 66171 INFO tempest.lib.common.dynamic_creds [-] Deleting project and security group for project: e4967ace974e4893937eb395c82677ad
2024-12-11 22:09:00.034 66127 INFO tempest.lib.common.rest_client [req-6bfb9f5c-1c94-4a9c-90f0-9511dd763d81 req-6bfb9f5c-1c94-4a9c-90f0-9511dd763d81 ] Request (ServicesAdminNegativeTestJSON:tearDownClass): 204 DELETE http://10.180.1.21:9696/networking/v2.0/security-groups/dc986310-e4b6-4cfd-885e-168b335ebad0 0.517s
2024-12-11 22:09:00.049 66167 INFO tempest.lib.common.rest_client [req-4c1b387c-a99a-4c8f-918c-791149c7c6a3 req-4c1b387c-a99a-4c8f-918c-791149c7c6a3 ] Request (ServerActionsTestOtherA:setUpClass): 201 POST http://10.180.1.21/identity/v3/auth/tokens 0.075s
2024-12-11 22:09:00.103 66171 INFO tempest.lib.common.rest_client [req-9cf95b7b-cc44-49cd-8eb5-a251dc4af8ca req-9cf95b7b-cc44-49cd-8eb5-a251dc4af8ca ] Request (QuotaClassesAdmin257Test:tearDownClass): 201 POST http://10.180.1.21/identity/v3/auth/tokens 0.070s
2024-12-11 22:09:00.128 66167 INFO tempest.lib.common.rest_client [req-c30f04fe-dfa8-4f77-a78b-4e2394c09b61 req-c30f04fe-dfa8-4f77-a78b-4e2394c09b61 ] Request (ServerActionsTestOtherA:setUpClass): 200 GET http://10.180.1.21/identity/v3/domains?name=Default 0.078s
2024-12-11 22:09:00.140 66127 INFO tempest.lib.common.rest_client [req-4c351124-5a17-4e09-a973-fcd9c450084b req-4c351124-5a17-4e09-a973-fcd9c450084b ] Request (ServicesAdminNegativeTestJSON:tearDownClass): 204 DELETE http://10.180.1.21/identity/v3/projects/944ce2606af749e9b5de32af2de611ee 0.105s
2024-12-11 22:09:00.202 66167 INFO tempest.lib.common.rest_client [req-56362d75-65d8-4137-bfa9-18be7316b586 req-56362d75-65d8-4137-bfa9-18be7316b586 ] Request (ServerActionsTestOtherA:setUpClass): 201 POST http://10.180.1.21/identity/v3/projects 0.074s
2024-12-11 22:09:00.257 66175 INFO tempest.lib.common.rest_client [req-37e911ba-a56c-46f2-a940-f44d3b7a08cc req-37e911ba-a56c-46f2-a940-f44d3b7a08cc ] Request (TenantUsagesTestJSON:setUpClass): 200 GET http://10.180.1.21/compute/v2.1/servers/b182d3aa-a4de-4879-ab36-2cb51472158a 0.700s
2024-12-11 22:09:00.264 66167 INFO tempest.lib.common.rest_client [req-df9552b2-e3a4-487a-8839-f3a1e27d533d req-df9552b2-e3a4-487a-8839-f3a1e27d533d ] Request (ServerActionsTestOtherA:setUpClass): 201 POST http://10.180.1.21/identity/v3/users 0.060s
2024-12-11 22:09:00.264 66175 INFO tempest.common.waiters [-] State transition "BUILD/None" ==> "BUILD/block_device_mapping" after 9 second wait
2024-12-11 22:09:00.265 66123 INFO tempest.lib.common.rest_client [req-7b65fa20-5b53-459e-981a-504058d8b031 req-7b65fa20-5b53-459e-981a-504058d8b031 ] Request (ServerDiagnosticsV248Test:test_get_server_diagnostics): 200 GET http://10.180.1.21/compute/v2.1/servers/fa00f4fe-3bb2-4e17-be22-8a1fda502f65 0.730s
2024-12-11 22:09:00.283 66147 INFO tempest.lib.common.rest_client [req-78b598a2-f03c-47e0-a594-185a1100fabb req-78b598a2-f03c-47e0-a594-185a1100fabb ] Request (FlavorsV2TestJSON:test_list_flavors_filter_by_min_ram): 200 GET http://10.180.1.21/compute/v2.1/flavors/42 0.672s
2024-12-11 22:09:00.290 66143 INFO tempest.lib.common.rest_client [req-7a3f0657-ae19-4356-8c9b-12a240f05919 req-7a3f0657-ae19-4356-8c9b-12a240f05919 ] Request (FlavorsExtraSpecsNegativeTestJSON:test_flavor_update_more_key): 400 PUT http://10.180.1.21/compute/v2.1/flavors/1067974622/os-extra_specs/hw:numa_nodes 0.676s
2024-12-11 22:09:00.290 66127 INFO tempest.lib.common.rest_client [req-cf28edb0-17d9-4f12-8061-bffc9d9c2174 req-cf28edb0-17d9-4f12-8061-bffc9d9c2174 ] Request (FloatingIPsAssociationNegativeTestJSON:setUpClass): 201 POST http://10.180.1.21/identity/v3/auth/tokens 0.147s
2024-12-11 22:09:00.311 66167 INFO tempest.lib.common.rest_client [req-9cc8af52-b9f8-4f30-a0a7-dbb32dc53412 req-9cc8af52-b9f8-4f30-a0a7-dbb32dc53412 ] Request (ServerActionsTestOtherA:setUpClass): 200 GET http://10.180.1.21/identity/v3/roles 0.047s
2024-12-11 22:09:00.322 66173 INFO tempest.lib.common.rest_client [req-6efc74c1-c50e-40e5-84c3-0a5cd02ab8ec req-6efc74c1-c50e-40e5-84c3-0a5cd02ab8ec ] Request (FlavorsExtraSpecsTestJSON:test_flavor_set_get_update_show_unset_keys): 200 DELETE http://10.180.1.21/compute/v2.1/flavors/604117087/os-extra_specs/hw:numa_nodes 0.695s
2024-12-11 22:09:00.341 66125 INFO tempest.lib.common.rest_client [req-932fa222-e0ba-428e-9044-a5b6f6e0c2f6 req-932fa222-e0ba-428e-9044-a5b6f6e0c2f6 ] Request (FlavorsAdminTestJSON:test_create_flavor_with_none_id): 200 POST http://10.180.1.21/compute/v2.1/flavors 0.693s
2024-12-11 22:09:00.342 66139 INFO tempest.lib.common.rest_client [req-80dcebed-1f6a-4ffc-bdaf-2073bcf7818c req-80dcebed-1f6a-4ffc-bdaf-2073bcf7818c ] Request (VolumesAssistedSnapshotsTest:test_volume_assisted_snapshot_create_delete): 201 POST http://10.180.1.21:9696/networking/v2.0/security-groups 0.568s
2024-12-11 22:09:00.349 66127 INFO tempest.lib.common.rest_client [req-7acb1e19-b2ad-408a-a738-f4967b1cca8d req-7acb1e19-b2ad-408a-a738-f4967b1cca8d ] Request (FloatingIPsAssociationNegativeTestJSON:setUpClass): 201 POST http://10.180.1.21/identity/v3/auth/tokens 0.056s
2024-12-11 22:09:00.388 66127 INFO tempest.lib.common.rest_client [req-16b74c68-b93a-423b-a090-10ab3b9c9b3a req-16b74c68-b93a-423b-a090-10ab3b9c9b3a ] Request (FloatingIPsAssociationNegativeTestJSON:setUpClass): 200 GET http://10.180.1.21/identity/v3/domains?name=Default 0.038s
2024-12-11 22:09:00.406 66167 INFO tempest.lib.common.rest_client [req-e318e719-38c6-4adb-be4e-5fcb7b76e27d req-e318e719-38c6-4adb-be4e-5fcb7b76e27d ] Request (ServerActionsTestOtherA:setUpClass): 204 PUT http://10.180.1.21/identity/v3/projects/74c45615efbb425fbec8400f6d225892/users/285fedd2e7fd4d259ca7fc57c3fcbf46/roles/455ba87016654093be473d0dc6b519c2 0.093s
2024-12-11 22:09:00.406 66167 INFO tempest.lib.common.dynamic_creds [-] Dynamic test user 285fedd2e7fd4d259ca7fc57c3fcbf46 is created with scope project and roles: ['member']
2024-12-11 22:09:00.406 66167 INFO tempest.lib.common.dynamic_creds [-] Acquired dynamic creds: credentials: Credentials: {'domain_id': 'default', 'domain_name': 'Default', 'username': 'tempest-ServerActionsTestOtherA-1355844615-project-member', 'project_domain_id': 'default', 'project_domain_name': 'Default', 'project_id': '74c45615efbb425fbec8400f6d225892', 'project_name': 'tempest-ServerActionsTestOtherA-1355844615', 'tenant_id': '74c45615efbb425fbec8400f6d225892', 'tenant_name': 'tempest-ServerActionsTestOtherA-1355844615', 'user_domain_id': 'default', 'user_domain_name': 'Default', 'user_id': '285fedd2e7fd4d259ca7fc57c3fcbf46', 'system': None}, Network: None, Subnet: None, Router: None
2024-12-11 22:09:00.408 66131 INFO tempest.lib.common.rest_client [req-8625cd37-90f7-41e0-8ffa-a68e2c90fa0d req-8625cd37-90f7-41e0-8ffa-a68e2c90fa0d ] Request (AbsoluteLimitsNegativeTestJSON:test_max_metadata_exceed_limit): 200 GET http://10.180.1.21/compute/v2.1/limits 0.815s
2024-12-11 22:09:00.430 66181 INFO tempest.lib.common.rest_client [req-469e09aa-616a-4da8-89b0-68a80de8a76a req-469e09aa-616a-4da8-89b0-68a80de8a76a ] Request (InstanceActionsNegativeTestJSON:setUpClass): 200 GET http://10.180.1.21/compute/v2.1/servers/827b0887-2132-49af-bcce-cedc7237245d 0.780s
2024-12-11 22:09:00.432 66127 INFO tempest.lib.common.rest_client [req-3761ba86-1572-45ed-809c-3e4cc9fe5cd7 req-3761ba86-1572-45ed-809c-3e4cc9fe5cd7 ] Request (FloatingIPsAssociationNegativeTestJSON:setUpClass): 201 POST http://10.180.1.21/identity/v3/projects 0.043s
2024-12-11 22:09:00.433 66169 INFO tempest.lib.common.rest_client [req-5ff34e53-eba6-4d19-bc6d-1fc72193c369 req-5ff34e53-eba6-4d19-bc6d-1fc72193c369 ] Request (FlavorsAccessTestJSON:_run_cleanups): 202 DELETE http://10.180.1.21/compute/v2.1/flavors/1061709785 0.780s
2024-12-11 22:09:00.455 66171 INFO tempest.lib.common.rest_client [req-db3be8aa-6422-40c5-9215-10b57cb35ca1 req-db3be8aa-6422-40c5-9215-10b57cb35ca1 ] Request (QuotaClassesAdmin257Test:tearDownClass): 200 GET http://10.180.1.21:9696/networking/v2.0/security-groups?tenant_id=e4967ace974e4893937eb395c82677ad&name=default 0.352s
2024-12-11 22:09:00.487 66131 INFO tempest.lib.common.rest_client [req-c0a8fbd7-7ac2-403f-b382-3d66bfc471ec req-c0a8fbd7-7ac2-403f-b382-3d66bfc471ec ] Request (AbsoluteLimitsNegativeTestJSON:test_max_metadata_exceed_limit): 201 POST http://10.180.1.21/identity/v3/auth/tokens 0.070s
2024-12-11 22:09:00.488 66131 INFO tempest.lib.common.fixed_network [-] (AbsoluteLimitsNegativeTestJSON:test_max_metadata_exceed_limit) Found network None available for tenant
2024-12-11 22:09:00.513 66133 INFO tempest.lib.common.rest_client [req-9645395c-b2db-47cf-9698-20f0f19cd244 req-9645395c-b2db-47cf-9698-20f0f19cd244 ] Request (ServerExternalEventsTest:test_create_server_external_events): 200 GET http://10.180.1.21/compute/v2.1/servers/d32a3a5d-17d0-4a79-b76a-371cdd170ee0 0.769s
2024-12-11 22:09:00.517 66167 INFO tempest.lib.common.rest_client [req-5e1254bf-d082-4ccc-8905-6c60fdfd19a6 req-5e1254bf-d082-4ccc-8905-6c60fdfd19a6 ] Request (ServerActionsTestOtherA:setUpClass): 201 POST http://10.180.1.21/identity/v3/auth/tokens 0.110s
2024-12-11 22:09:00.530 66151 INFO tempest.lib.common.rest_client [req-ace81053-8bf0-4414-94a0-a4391fc17ba2 req-ace81053-8bf0-4414-94a0-a4391fc17ba2 ] Request (MigrationsAdminTest:test_list_migrations_in_flavor_resize_situation): 200 GET http://10.180.1.21/compute/v2.1/servers/868cf942-f348-488d-b00a-af4c8b5efda5 0.867s
2024-12-11 22:09:00.545 66161 INFO tempest.lib.common.rest_client [req-5b177bb7-98f1-484a-b3fd-6888f9041918 req-5b177bb7-98f1-484a-b3fd-6888f9041918 ] Request (KeyPairsNegativeTestJSON:test_keypair_delete_nonexistent_key): 404 DELETE http://10.180.1.21/compute/v2.1/os-keypairs/tempest-keypair-non-existent-94767107 0.710s
2024-12-11 22:09:00.551 66145 INFO tempest.lib.common.rest_client [req-640ccb99-a91d-489b-9eb2-26b5a9067b43 req-640ccb99-a91d-489b-9eb2-26b5a9067b43 ] Request (AggregatesAdminNegativeTestJSON:test_aggregate_add_non_exist_host): 200 POST http://10.180.1.21/compute/v2.1/os-aggregates 0.747s
2024-12-11 22:09:00.556 66127 INFO tempest.lib.common.rest_client [req-ce8d5115-85ed-4a83-97da-c5347fe0f79d req-ce8d5115-85ed-4a83-97da-c5347fe0f79d ] Request (FloatingIPsAssociationNegativeTestJSON:setUpClass): 201 POST http://10.180.1.21/identity/v3/users 0.123s
2024-12-11 22:09:00.572 66163 INFO tempest.lib.common.rest_client [req-aa4ef97d-7969-4f62-8b13-dfa772d113df req-aa4ef97d-7969-4f62-8b13-dfa772d113df ] Request (FlavorsAccessNegativeTestJSON:_run_cleanups): 200 GET http://10.180.1.21/compute/v2.1/flavors/detail 0.704s
2024-12-11 22:09:00.641 66161 INFO tempest.lib.common.rest_client [req-c4f0eeac-daea-4ace-a627-45af0652c2bf req-c4f0eeac-daea-4ace-a627-45af0652c2bf ] Request (KeyPairsNegativeTestJSON:tearDownClass): 204 DELETE http://10.180.1.21/identity/v3/users/4e5139d06f2b4cc089e13f77d186ee59 0.094s
2024-12-11 22:09:00.642 66161 INFO tempest.lib.common.dynamic_creds [-] Deleting project and security group for project: 0fe87b4593ed4bf8bc2c0bb0919ca789
2024-12-11 22:09:00.656 66155 INFO tempest.lib.common.rest_client [req-6fcdee0b-a8b9-48d5-bb56-9109cae14bfe req-6fcdee0b-a8b9-48d5-bb56-9109cae14bfe ] Request (ServersAdmin275Test:test_rebuild_update_server_275): 200 GET http://10.180.1.21/compute/v2.1/servers/96aff7ef-cfc3-46ef-ba3e-b4bc1141a88b 0.807s
2024-12-11 22:09:00.691 66139 INFO tempest.lib.common.rest_client [req-7bbc93ef-0653-4fd2-ad49-b9fdcb6f457f req-7bbc93ef-0653-4fd2-ad49-b9fdcb6f457f ] Request (VolumesAssistedSnapshotsTest:test_volume_assisted_snapshot_create_delete): 201 POST http://10.180.1.21:9696/networking/v2.0/security-group-rules 0.348s
2024-12-11 22:09:00.699 66127 INFO tempest.lib.common.rest_client [req-07f34a0e-3ba5-4dbc-9330-d789e842b0d8 req-07f34a0e-3ba5-4dbc-9330-d789e842b0d8 ] Request (FloatingIPsAssociationNegativeTestJSON:setUpClass): 200 GET http://10.180.1.21/identity/v3/roles 0.143s
2024-12-11 22:09:00.728 66161 INFO tempest.lib.common.rest_client [req-b1e8cdaa-a74d-4ec7-a7ca-63abbe132de0 req-b1e8cdaa-a74d-4ec7-a7ca-63abbe132de0 ] Request (KeyPairsNegativeTestJSON:tearDownClass): 201 POST http://10.180.1.21/identity/v3/auth/tokens 0.086s
2024-12-11 22:09:00.731 66127 INFO tempest.lib.common.rest_client [req-6a6681c2-653c-4b76-aca2-5cab111764d5 req-6a6681c2-653c-4b76-aca2-5cab111764d5 ] Request (FloatingIPsAssociationNegativeTestJSON:setUpClass): 204 PUT http://10.180.1.21/identity/v3/projects/5dcb5fd2552e42188651162384519043/users/ce1e68b6f3ce46f28171c11444a66ad9/roles/455ba87016654093be473d0dc6b519c2 0.031s
2024-12-11 22:09:00.732 66127 INFO tempest.lib.common.dynamic_creds [-] Dynamic test user ce1e68b6f3ce46f28171c11444a66ad9 is created with scope project and roles: ['member']
2024-12-11 22:09:00.732 66127 INFO tempest.lib.common.dynamic_creds [-] Acquired dynamic creds: credentials: Credentials: {'domain_id': 'default', 'domain_name': 'Default', 'username': 'tempest-FloatingIPsAssociationNegativeTestJSON-369724345-project-member', 'project_domain_id': 'default', 'project_domain_name': 'Default', 'project_id': '5dcb5fd2552e42188651162384519043', 'project_name': 'tempest-FloatingIPsAssociationNegativeTestJSON-369724345', 'tenant_id': '5dcb5fd2552e42188651162384519043', 'tenant_name': 'tempest-FloatingIPsAssociationNegativeTestJSON-369724345', 'user_domain_id': 'default', 'user_domain_name': 'Default', 'user_id': 'ce1e68b6f3ce46f28171c11444a66ad9', 'system': None}, Network: None, Subnet: None, Router: None
2024-12-11 22:09:00.739 66171 INFO tempest.lib.common.rest_client [req-58690840-dc2c-4f53-b792-3ab92345b18c req-58690840-dc2c-4f53-b792-3ab92345b18c ] Request (QuotaClassesAdmin257Test:tearDownClass): 204 DELETE http://10.180.1.21:9696/networking/v2.0/security-groups/019a06f1-5d85-41a3-8da9-107376f20d85 0.283s
2024-12-11 22:09:00.789 66127 INFO tempest.lib.common.rest_client [req-2cba65e0-9a8f-42cf-b231-78e2c5d11646 req-2cba65e0-9a8f-42cf-b231-78e2c5d11646 ] Request (FloatingIPsAssociationNegativeTestJSON:setUpClass): 201 POST http://10.180.1.21/identity/v3/auth/tokens 0.057s
2024-12-11 22:09:00.793 66153 INFO tempest.lib.common.rest_client [req-b4c4446d-3867-4f51-b44d-362169b25918 req-b4c4446d-3867-4f51-b44d-362169b25918 ] Request (FloatingIPsAssociationTestJSON:setUpClass): 200 GET http://10.180.1.21/compute/v2.1/servers/ee99ff4d-9996-4cfa-b038-7b19aef27438 0.851s
2024-12-11 22:09:00.829 66157 INFO tempest.lib.common.rest_client [req-5d56ec02-2367-43d7-8807-0ace12c8fbe6 req-5d56ec02-2367-43d7-8807-0ace12c8fbe6 ] Request (ServersWithSpecificFlavorTestJSON:test_verify_created_server_ephemeral_disk): 200 POST http://10.180.1.21/compute/v2.1/flavors/1486991589/os-extra_specs 0.834s
2024-12-11 22:09:00.864 66159 INFO tempest.lib.common.rest_client [req-e1d97e4d-7ad4-41e8-9671-9e7ed10c88c2 req-e1d97e4d-7ad4-41e8-9671-9e7ed10c88c2 ] Request (QuotasAdminNegativeTest:test_create_server_when_memory_quota_is_full): 200 GET http://10.180.1.21/compute/v2.1/os-quota-sets/96f3640d83fd4c6e96765a3e687b8ef0 0.886s
2024-12-11 22:09:00.869 66171 INFO tempest.lib.common.rest_client [req-6f64da4f-03f5-4be1-98ea-d275b7f4889a req-6f64da4f-03f5-4be1-98ea-d275b7f4889a ] Request (QuotaClassesAdmin257Test:tearDownClass): 204 DELETE http://10.180.1.21/identity/v3/projects/e4967ace974e4893937eb395c82677ad 0.130s
2024-12-11 22:09:00.869 66171 INFO tempest.lib.common.dynamic_creds [-] Deleting project and security group for project: 4c3d1b1c679a4c52b238fab71de3f760
2024-12-11 22:09:00.891 66147 INFO tempest.lib.common.rest_client [req-50957679-36a8-47ef-8ff4-70fa3fb1f592 req-50957679-36a8-47ef-8ff4-70fa3fb1f592 ] Request (FlavorsV2TestJSON:test_list_flavors_filter_by_min_ram): 200 GET http://10.180.1.21/compute/v2.1/flavors?minRam=193 0.606s
2024-12-11 22:09:00.911 66143 INFO tempest.lib.common.rest_client [req-82abeeeb-3665-45ec-afb7-17aa5f82608a req-82abeeeb-3665-45ec-afb7-17aa5f82608a ] Request (FlavorsExtraSpecsNegativeTestJSON:tearDownClass): 202 DELETE http://10.180.1.21/compute/v2.1/flavors/1067974622 0.615s
2024-12-11 22:09:00.917 66149 INFO tempest.lib.common.rest_client [req-81ef410e-bbb1-4a57-b88d-3240d990df75 req-81ef410e-bbb1-4a57-b88d-3240d990df75 ] Request (ServerDiagnosticsNegativeTest:test_get_server_diagnostics_by_non_admin): 200 GET http://10.180.1.21/compute/v2.1/servers/7339c22a-05c9-4ddd-93df-0326cbe96ca4 0.902s
2024-12-11 22:09:00.927 66149 INFO tempest.common.waiters [-] State transition "BUILD/scheduling" ==> "BUILD/None" after 1 second wait
2024-12-11 22:09:00.928 66173 INFO tempest.lib.common.rest_client [req-a854e4c8-5399-4c63-a2ac-f491a0f23cfe req-a854e4c8-5399-4c63-a2ac-f491a0f23cfe ] Request (FlavorsExtraSpecsTestJSON:test_flavor_set_get_update_show_unset_keys): 200 DELETE http://10.180.1.21/compute/v2.1/flavors/604117087/os-extra_specs/hw:cpu_policy 0.606s
2024-12-11 22:09:00.941 66125 INFO tempest.lib.common.rest_client [req-81eb5eb7-5736-401c-8633-729a1c1b7ee7 req-81eb5eb7-5736-401c-8633-729a1c1b7ee7 ] Request (FlavorsAdminTestJSON:_run_cleanups): 202 DELETE http://10.180.1.21/compute/v2.1/flavors/c620d3ab-f3da-4251-a671-77179192bd07 0.598s
2024-12-11 22:09:00.943 66169 INFO tempest.lib.common.rest_client [req-286fdc0b-ce94-4864-acb6-476eb9a8ee4d req-286fdc0b-ce94-4864-acb6-476eb9a8ee4d ] Request (FlavorsAccessTestJSON:_run_cleanups): 200 GET http://10.180.1.21/compute/v2.1/flavors/detail 0.509s
2024-12-11 22:09:00.981 66145 INFO tempest.lib.common.rest_client [req-51908f1b-d0f2-46ed-97d7-3d0d2d3ae972 req-51908f1b-d0f2-46ed-97d7-3d0d2d3ae972 ] Request (AggregatesAdminNegativeTestJSON:test_aggregate_add_non_exist_host): 404 POST http://10.180.1.21/compute/v2.1/os-aggregates/3/action 0.428s
2024-12-11 22:09:01.046 66163 INFO tempest.lib.common.rest_client [req-56e284db-911b-4535-aab8-d32646679c21 req-56e284db-911b-4535-aab8-d32646679c21 ] Request (FlavorsAccessNegativeTestJSON:test_flavor_non_admin_add): 200 POST http://10.180.1.21/compute/v2.1/flavors 0.466s
2024-12-11 22:09:01.077 66169 INFO tempest.lib.common.rest_client [req-b28caeb7-5b43-4774-bac3-34baf5cb1ed3 req-b28caeb7-5b43-4774-bac3-34baf5cb1ed3 ] Request (FlavorsAccessTestJSON:tearDownClass): 204 DELETE http://10.180.1.21/identity/v3/users/e0f1fab80faa4251bbdb1ba3715cbf92 0.124s
2024-12-11 22:09:01.102 66139 INFO tempest.lib.common.rest_client [req-7cf22e17-83a5-4328-b8cd-6eace462e43d req-7cf22e17-83a5-4328-b8cd-6eace462e43d ] Request (VolumesAssistedSnapshotsTest:test_volume_assisted_snapshot_create_delete): 201 POST http://10.180.1.21:9696/networking/v2.0/security-group-rules 0.411s
2024-12-11 22:09:01.192 66169 INFO tempest.lib.common.rest_client [req-02a613a1-7fd0-46a4-b21b-8d48ebcdf635 req-02a613a1-7fd0-46a4-b21b-8d48ebcdf635 ] Request (FlavorsAccessTestJSON:tearDownClass): 204 DELETE http://10.180.1.21/identity/v3/users/5a9c1ceaae9f4a60bc8d5db60dedd609 0.114s
2024-12-11 22:09:01.192 66169 INFO tempest.lib.common.dynamic_creds [-] Deleting project and security group for project: 42b0a853de3745e0858db84e3bc60c9c
2024-12-11 22:09:01.257 66131 INFO tempest.lib.common.rest_client [req-2c0a800a-0902-41ce-b854-ca4079b1157e req-2c0a800a-0902-41ce-b854-ca4079b1157e ] Request (AbsoluteLimitsNegativeTestJSON:test_max_metadata_exceed_limit): 403 POST http://10.180.1.21/compute/v2.1/servers 0.768s
2024-12-11 22:09:01.267 66169 INFO tempest.lib.common.rest_client [req-841e30b6-9ea7-4866-9c69-d8b6703bee57 req-841e30b6-9ea7-4866-9c69-d8b6703bee57 ] Request (FlavorsAccessTestJSON:tearDownClass): 201 POST http://10.180.1.21/identity/v3/auth/tokens 0.075s
2024-12-11 22:09:01.279 66157 INFO tempest.lib.common.rest_client [req-60799c06-b848-4497-9a73-67f032db486c req-60799c06-b848-4497-9a73-67f032db486c ] Request (ServersWithSpecificFlavorTestJSON:test_verify_created_server_ephemeral_disk): 200 POST http://10.180.1.21/compute/v2.1/flavors 0.450s
2024-12-11 22:09:01.346 66131 INFO tempest.lib.common.rest_client [req-255d3876-ea26-46b2-94a3-27a5aaa6b81b req-255d3876-ea26-46b2-94a3-27a5aaa6b81b ] Request (AbsoluteLimitsNegativeTestJSON:tearDownClass): 204 DELETE http://10.180.1.21/identity/v3/users/5db520f4473a4b60a70bbe01b3e44826 0.087s
2024-12-11 22:09:01.346 66131 INFO tempest.lib.common.dynamic_creds [-] Deleting project and security group for project: 944401f4e159427a8bd5dd5675db9239
2024-12-11 22:09:01.376 66141 INFO tempest.lib.common.rest_client [req-f06a2fa1-c68c-4290-b929-2199fe17d6ce req-f06a2fa1-c68c-4290-b929-2199fe17d6ce ] Request (QuotasAdminTestV236:test_get_updated_quotas): 200 GET http://10.180.1.21/identity/v3/domains?name=Default 0.110s
2024-12-11 22:09:01.388 66171 INFO tempest.lib.common.rest_client [req-98e38ba6-f0bd-4006-8590-17af90d182bd req-98e38ba6-f0bd-4006-8590-17af90d182bd ] Request (QuotaClassesAdmin257Test:tearDownClass): 200 GET http://10.180.1.21:9696/networking/v2.0/security-groups?tenant_id=4c3d1b1c679a4c52b238fab71de3f760&name=default 0.519s
2024-12-11 22:09:01.436 66131 INFO tempest.lib.common.rest_client [req-e87981d1-a106-4067-9a5b-20cd3aa4ec57 req-e87981d1-a106-4067-9a5b-20cd3aa4ec57 ] Request (AbsoluteLimitsNegativeTestJSON:tearDownClass): 201 POST http://10.180.1.21/identity/v3/auth/tokens 0.090s
2024-12-11 22:09:01.437 66135 INFO tempest.lib.common.rest_client [req-694684df-8abe-4c0f-95d1-dcaba3064a77 req-694684df-8abe-4c0f-95d1-dcaba3064a77 ] Request (DeleteServersAdminTestJSON:test_admin_delete_servers_of_others): 200 GET http://10.180.1.21/compute/v2.1/servers/fb7519c4-0254-4831-81f3-0eed14844f2d 0.799s
2024-12-11 22:09:01.459 66147 INFO tempest.lib.common.rest_client [req-fdd73055-976b-4a40-a92d-14ae71a2576c req-fdd73055-976b-4a40-a92d-14ae71a2576c ] Request (FlavorsV2TestJSON:test_list_flavors_limit_results): 200 GET http://10.180.1.21/compute/v2.1/flavors?limit=1 0.559s
2024-12-11 22:09:01.482 66143 INFO tempest.lib.common.rest_client [req-c67f3e6a-43aa-4332-b036-3fae1900ea5e req-c67f3e6a-43aa-4332-b036-3fae1900ea5e ] Request (FlavorsExtraSpecsNegativeTestJSON:tearDownClass): 200 GET http://10.180.1.21/compute/v2.1/flavors/detail 0.571s
2024-12-11 22:09:01.497 66173 INFO tempest.lib.common.rest_client [req-867c1c58-51b8-40a7-89c7-35d77f05c252 req-867c1c58-51b8-40a7-89c7-35d77f05c252 ] Request (FlavorsExtraSpecsTestJSON:test_flavor_set_get_update_show_unset_keys): 200 GET http://10.180.1.21/compute/v2.1/flavors/604117087/os-extra_specs 0.568s
2024-12-11 22:09:01.509 66125 INFO tempest.lib.common.rest_client [req-4918ea92-0bb3-484b-bc98-51b38d275fe0 req-4918ea92-0bb3-484b-bc98-51b38d275fe0 ] Request (FlavorsAdminTestJSON:_run_cleanups): 200 GET http://10.180.1.21/compute/v2.1/flavors/detail 0.567s
2024-12-11 22:09:01.508 66141 INFO tempest.lib.common.rest_client [req-32429761-20fa-4a57-870c-1d70f1956ebc req-32429761-20fa-4a57-870c-1d70f1956ebc ] Request (QuotasAdminTestV236:test_get_updated_quotas): 201 POST http://10.180.1.21/identity/v3/projects 0.131s
2024-12-11 22:09:01.538 66145 INFO tempest.lib.common.rest_client [req-8301e5ed-3ef8-4f8d-aeed-f94598ae4dd9 req-8301e5ed-3ef8-4f8d-aeed-f94598ae4dd9 ] Request (AggregatesAdminNegativeTestJSON:_run_cleanups): 200 DELETE http://10.180.1.21/compute/v2.1/os-aggregates/3 0.556s
2024-12-11 22:09:01.570 66161 INFO tempest.lib.common.rest_client [req-c75731de-2ccc-4ef0-828a-346572f014b2 req-c75731de-2ccc-4ef0-828a-346572f014b2 ] Request (KeyPairsNegativeTestJSON:tearDownClass): 200 GET http://10.180.1.21:9696/networking/v2.0/security-groups?tenant_id=0fe87b4593ed4bf8bc2c0bb0919ca789&name=default 0.842s
2024-12-11 22:09:01.576 66167 INFO tempest.lib.common.rest_client [req-41ac295e-fb82-43a9-864e-62b3e3d5b62e req-41ac295e-fb82-43a9-864e-62b3e3d5b62e ] Request (ServerActionsTestOtherA:setUpClass): 201 POST http://10.180.1.21:9696/networking/v2.0/networks 1.058s
2024-12-11 22:09:01.609 66159 INFO tempest.lib.common.rest_client [req-c2ac5628-ac56-41ee-99fc-61cd6d61dc29 req-c2ac5628-ac56-41ee-99fc-61cd6d61dc29 ] Request (QuotasAdminNegativeTest:test_create_server_when_memory_quota_is_full): 200 PUT http://10.180.1.21/compute/v2.1/os-quota-sets/96f3640d83fd4c6e96765a3e687b8ef0 0.743s
2024-12-11 22:09:01.641 66143 INFO tempest.lib.common.rest_client [req-c8cbb764-8b3a-4a07-a065-48a690832eca req-c8cbb764-8b3a-4a07-a065-48a690832eca ] Request (FlavorsExtraSpecsNegativeTestJSON:tearDownClass): 204 DELETE http://10.180.1.21/identity/v3/users/e9bf12406b244b3fb1faa84a89ed8745 0.151s
2024-12-11 22:09:01.651 66166 INFO tempest.lib.common.rest_client [req-9dd8817c-92fd-44c8-bb5e-75c74f27fd36 req-9dd8817c-92fd-44c8-bb5e-75c74f27fd36 ] Request (ServersAaction247Test:test_create_backup): 200 GET http://10.180.1.21/compute/v2.1/servers/891fac54-2ec4-4d47-8535-a33bd9dfb804 0.624s
2024-12-11 22:09:01.669 66141 INFO tempest.lib.common.rest_client [req-541ac220-3a29-4142-aef6-f272645cc181 req-541ac220-3a29-4142-aef6-f272645cc181 ] Request (QuotasAdminTestV236:test_get_updated_quotas): 200 GET http://10.180.1.21/identity/v3/domains?name=Default 0.158s
2024-12-11 22:09:01.726 66163 INFO tempest.lib.common.rest_client [req-29ef59ac-bf4f-4071-86ca-2d074127f968 req-29ef59ac-bf4f-4071-86ca-2d074127f968 ] Request (FlavorsAccessNegativeTestJSON:test_flavor_non_admin_add): 403 POST http://10.180.1.21/compute/v2.1/flavors/80762488/action 0.678s
2024-12-11 22:09:01.736 66159 INFO tempest.lib.common.rest_client [req-b0a6d322-0b83-40dc-b7e1-4073307f23eb req-b0a6d322-0b83-40dc-b7e1-4073307f23eb ] Request (QuotasAdminNegativeTest:test_create_server_when_memory_quota_is_full): 201 POST http://10.180.1.21/identity/v3/auth/tokens 0.120s
2024-12-11 22:09:01.737 66159 INFO tempest.lib.common.fixed_network [-] (QuotasAdminNegativeTest:test_create_server_when_memory_quota_is_full) Found network None available for tenant
2024-12-11 22:09:01.818 66143 INFO tempest.lib.common.rest_client [req-98c0a37c-993c-4b7d-bf90-497b2e694cf6 req-98c0a37c-993c-4b7d-bf90-497b2e694cf6 ] Request (FlavorsExtraSpecsNegativeTestJSON:tearDownClass): 204 DELETE http://10.180.1.21/identity/v3/users/f25df2141c4f4e30a9eceb5f40a9be90 0.176s
2024-12-11 22:09:01.818 66143 INFO tempest.lib.common.dynamic_creds [-] Deleting project and security group for project: c8e35e8663b8470c967ebc22c7a5091c
2024-12-11 22:09:01.841 66127 INFO tempest.lib.common.rest_client [req-22baf2e8-9f07-42e9-b38d-8be26ee0012f req-22baf2e8-9f07-42e9-b38d-8be26ee0012f ] Request (FloatingIPsAssociationNegativeTestJSON:setUpClass): 201 POST http://10.180.1.21:9696/networking/v2.0/networks 1.052s
2024-12-11 22:09:01.866 66123 INFO tempest.lib.common.rest_client [req-e0a90ef0-68f0-4d47-aa90-92eb029a235e req-e0a90ef0-68f0-4d47-aa90-92eb029a235e ] Request (ServerDiagnosticsV248Test:test_get_server_diagnostics): 200 GET http://10.180.1.21/compute/v2.1/servers/fa00f4fe-3bb2-4e17-be22-8a1fda502f65 0.590s
2024-12-11 22:09:01.876 66123 INFO tempest.common.waiters [-] State transition "BUILD/scheduling" ==> "BUILD/None" after 1 second wait
2024-12-11 22:09:01.877 66161 INFO tempest.lib.common.rest_client [req-317489e6-c613-4239-833a-c119780f6433 req-317489e6-c613-4239-833a-c119780f6433 ] Request (KeyPairsNegativeTestJSON:tearDownClass): 204 DELETE http://10.180.1.21:9696/networking/v2.0/security-groups/54233966-1768-4208-bcbd-75cd1d7d9807 0.306s
2024-12-11 22:09:01.882 66157 INFO tempest.lib.common.rest_client [req-7cd93d53-a35b-453b-bfb3-630198ac6e56 req-7cd93d53-a35b-453b-bfb3-630198ac6e56 ] Request (ServersWithSpecificFlavorTestJSON:test_verify_created_server_ephemeral_disk): 200 GET http://10.180.1.21/compute/v2.1/flavors/42/os-extra_specs 0.599s
2024-12-11 22:09:01.898 66143 INFO tempest.lib.common.rest_client [req-0c8856dc-4f39-42b7-89d2-952aac275cd1 req-0c8856dc-4f39-42b7-89d2-952aac275cd1 ] Request (FlavorsExtraSpecsNegativeTestJSON:tearDownClass): 201 POST http://10.180.1.21/identity/v3/auth/tokens 0.079s
2024-12-11 22:09:01.929 66175 INFO tempest.lib.common.rest_client [req-b7e4a10c-adf8-44a1-97d3-28c3528414b2 req-b7e4a10c-adf8-44a1-97d3-28c3528414b2 ] Request (TenantUsagesTestJSON:setUpClass): 200 GET http://10.180.1.21/compute/v2.1/servers/b182d3aa-a4de-4879-ab36-2cb51472158a 0.663s
2024-12-11 22:09:01.937 66175 INFO tempest.common.waiters [-] State transition "BUILD/block_device_mapping" ==> "BUILD/spawning" after 10 second wait
2024-12-11 22:09:01.941 66147 INFO tempest.lib.common.rest_client [req-8f077b05-cfb5-4b3a-b2b1-41076744324d req-8f077b05-cfb5-4b3a-b2b1-41076744324d ] Request (FlavorsV2TestJSON:test_list_flavors_using_marker): 200 GET http://10.180.1.21/compute/v2.1/flavors/42 0.479s
2024-12-11 22:09:01.958 66173 INFO tempest.lib.common.rest_client [req-7c0e2b04-d24c-4666-a9be-0358635d90e7 req-7c0e2b04-d24c-4666-a9be-0358635d90e7 ] Request (FlavorsExtraSpecsTestJSON:tearDownClass): 202 DELETE http://10.180.1.21/compute/v2.1/flavors/604117087 0.458s
2024-12-11 22:09:01.978 66125 INFO tempest.lib.common.rest_client [req-30c84a81-e006-4f2b-95bb-152fc13b57f5 req-30c84a81-e006-4f2b-95bb-152fc13b57f5 ] Request (FlavorsAdminTestJSON:test_create_flavor_with_uuid_id): 200 POST http://10.180.1.21/compute/v2.1/flavors 0.463s
2024-12-11 22:09:01.997 66161 INFO tempest.lib.common.rest_client [req-f58c50a9-c839-4fcc-ac89-01a0b8030273 req-f58c50a9-c839-4fcc-ac89-01a0b8030273 ] Request (KeyPairsNegativeTestJSON:tearDownClass): 204 DELETE http://10.180.1.21/identity/v3/projects/0fe87b4593ed4bf8bc2c0bb0919ca789 0.119s
2024-12-11 22:09:02.018 66181 INFO tempest.lib.common.rest_client [req-46850594-4f61-4ab7-8a48-e46e2be21676 req-46850594-4f61-4ab7-8a48-e46e2be21676 ] Request (InstanceActionsNegativeTestJSON:setUpClass): 200 GET http://10.180.1.21/compute/v2.1/servers/827b0887-2132-49af-bcce-cedc7237245d 0.574s
2024-12-11 22:09:02.023 66145 INFO tempest.lib.common.rest_client [req-12287661-38b5-4731-86d1-4f1943db9963 req-12287661-38b5-4731-86d1-4f1943db9963 ] Request (AggregatesAdminNegativeTestJSON:test_aggregate_create_aggregate_name_length_exceeds_255): 400 POST http://10.180.1.21/compute/v2.1/os-aggregates 0.484s
2024-12-11 22:09:02.027 66181 INFO tempest.common.waiters [-] State transition "BUILD/None" ==> "BUILD/networking" after 11 second wait
2024-12-11 22:09:02.046 66171 INFO tempest.lib.common.rest_client [req-b63338d3-2cfa-49b9-b1b9-61c61a160658 req-b63338d3-2cfa-49b9-b1b9-61c61a160658 ] Request (QuotaClassesAdmin257Test:tearDownClass): 204 DELETE http://10.180.1.21:9696/networking/v2.0/security-groups/aee8f4b4-3fb9-4176-bd27-36e71a887ecd 0.657s
2024-12-11 22:09:02.053 66133 INFO tempest.lib.common.rest_client [req-698f99b3-2ce9-4e1a-b0ee-cc58bf5a1a05 req-698f99b3-2ce9-4e1a-b0ee-cc58bf5a1a05 ] Request (ServerExternalEventsTest:test_create_server_external_events): 200 GET http://10.180.1.21/compute/v2.1/servers/d32a3a5d-17d0-4a79-b76a-371cdd170ee0 0.527s
2024-12-11 22:09:02.091 66161 INFO tempest.lib.common.rest_client [req-8a447b2e-9cb8-4689-b719-95da8b09175b req-8a447b2e-9cb8-4689-b719-95da8b09175b ] Request (MultipleCreateNegativeTestJSON:setUpClass): 201 POST http://10.180.1.21/identity/v3/auth/tokens 0.093s
2024-12-11 22:09:02.123 66161 INFO tempest.lib.common.rest_client [req-37d2b457-a216-4ad1-a462-1e3a1c126bc5 req-37d2b457-a216-4ad1-a462-1e3a1c126bc5 ] Request (MultipleCreateNegativeTestJSON:setUpClass): 201 POST http://10.180.1.21/identity/v3/auth/tokens 0.028s
2024-12-11 22:09:02.143 66151 INFO tempest.lib.common.rest_client [req-f03a31c1-dc1e-407a-aae0-38e74298c646 req-f03a31c1-dc1e-407a-aae0-38e74298c646 ] Request (MigrationsAdminTest:test_list_migrations_in_flavor_resize_situation): 200 GET http://10.180.1.21/compute/v2.1/servers/868cf942-f348-488d-b00a-af4c8b5efda5 0.600s
2024-12-11 22:09:02.152 66161 INFO tempest.lib.common.rest_client [req-083d628d-0bb9-437d-88ad-9b3ee1bb5787 req-083d628d-0bb9-437d-88ad-9b3ee1bb5787 ] Request (MultipleCreateNegativeTestJSON:setUpClass): 200 GET http://10.180.1.21/identity/v3/domains?name=Default 0.028s
2024-12-11 22:09:02.185 66171 INFO tempest.lib.common.rest_client [req-85e63d75-3742-4022-a5a3-1bd3c9ce1db9 req-85e63d75-3742-4022-a5a3-1bd3c9ce1db9 ] Request (QuotaClassesAdmin257Test:tearDownClass): 204 DELETE http://10.180.1.21/identity/v3/projects/4c3d1b1c679a4c52b238fab71de3f760 0.138s
2024-12-11 22:09:02.187 66169 INFO tempest.lib.common.rest_client [req-ff460cbf-e144-4504-9b2b-17362288231e req-ff460cbf-e144-4504-9b2b-17362288231e ] Request (FlavorsAccessTestJSON:tearDownClass): 200 GET http://10.180.1.21:9696/networking/v2.0/security-groups?tenant_id=42b0a853de3745e0858db84e3bc60c9c&name=default 0.920s
2024-12-11 22:09:02.250 66161 INFO tempest.lib.common.rest_client [req-4a34a6c3-8cc5-46a9-a6db-737630edc250 req-4a34a6c3-8cc5-46a9-a6db-737630edc250 ] Request (MultipleCreateNegativeTestJSON:setUpClass): 201 POST http://10.180.1.21/identity/v3/projects 0.095s
2024-12-11 22:09:02.282 66131 INFO tempest.lib.common.rest_client [req-97d982a5-f487-4121-b666-96c0ec15abe6 req-97d982a5-f487-4121-b666-96c0ec15abe6 ] Request (AbsoluteLimitsNegativeTestJSON:tearDownClass): 200 GET http://10.180.1.21:9696/networking/v2.0/security-groups?tenant_id=944401f4e159427a8bd5dd5675db9239&name=default 0.845s
2024-12-11 22:09:02.300 66155 INFO tempest.lib.common.rest_client [req-a58bf467-8942-48d9-b439-a76f11f21ace req-a58bf467-8942-48d9-b439-a76f11f21ace ] Request (ServersAdmin275Test:test_rebuild_update_server_275): 200 GET http://10.180.1.21/compute/v2.1/servers/96aff7ef-cfc3-46ef-ba3e-b4bc1141a88b 0.626s
2024-12-11 22:09:02.310 66171 INFO tempest.lib.common.rest_client [req-d1f9802d-8e25-4abe-ab42-3bd86fdd0e4a req-d1f9802d-8e25-4abe-ab42-3bd86fdd0e4a ] Request (ServersAdminNegativeTestJSON:setUpClass): 201 POST http://10.180.1.21/identity/v3/auth/tokens 0.124s
2024-12-11 22:09:02.319 66163 INFO tempest.lib.common.rest_client [req-8a23b130-60a6-46b1-9b12-70ce5b4e3b27 req-8a23b130-60a6-46b1-9b12-70ce5b4e3b27 ] Request (FlavorsAccessNegativeTestJSON:_run_cleanups): 202 DELETE http://10.180.1.21/compute/v2.1/flavors/80762488 0.592s
2024-12-11 22:09:02.338 66171 INFO tempest.lib.common.rest_client [req-d67d143a-7b45-4bb2-a976-f74d7187b732 req-d67d143a-7b45-4bb2-a976-f74d7187b732 ] Request (ServersAdminNegativeTestJSON:setUpClass): 201 POST http://10.180.1.21/identity/v3/auth/tokens 0.025s
2024-12-11 22:09:02.351 66161 INFO tempest.lib.common.rest_client [req-2cef1d30-1897-4427-a7b8-eba311f69e59 req-2cef1d30-1897-4427-a7b8-eba311f69e59 ] Request (MultipleCreateNegativeTestJSON:setUpClass): 201 POST http://10.180.1.21/identity/v3/users 0.100s
2024-12-11 22:09:02.375 66171 INFO tempest.lib.common.rest_client [req-94a73e89-7c4f-4219-9a0b-46348823ce6c req-94a73e89-7c4f-4219-9a0b-46348823ce6c ] Request (ServersAdminNegativeTestJSON:setUpClass): 200 GET http://10.180.1.21/identity/v3/domains?name=Default 0.036s
2024-12-11 22:09:02.391 66161 INFO tempest.lib.common.rest_client [req-cd362448-2684-4ba0-9e6d-a6b6b45cd81e req-cd362448-2684-4ba0-9e6d-a6b6b45cd81e ] Request (MultipleCreateNegativeTestJSON:setUpClass): 200 GET http://10.180.1.21/identity/v3/roles 0.039s
2024-12-11 22:09:02.412 66167 INFO tempest.lib.common.rest_client [req-b336c513-355e-4b59-98a5-8d27b7b7b48a req-b336c513-355e-4b59-98a5-8d27b7b7b48a ] Request (ServerActionsTestOtherA:setUpClass): 201 POST http://10.180.1.21:9696/networking/v2.0/subnets 0.835s
2024-12-11 22:09:02.417 66171 INFO tempest.lib.common.rest_client [req-5e9f25fc-90bf-4f4e-849e-dfc65f515c5d req-5e9f25fc-90bf-4f4e-849e-dfc65f515c5d ] Request (ServersAdminNegativeTestJSON:setUpClass): 201 POST http://10.180.1.21/identity/v3/projects 0.041s
2024-12-11 22:09:02.426 66179 INFO tempest.lib.common.rest_client [req-ed9c801b-c2a7-4797-bd1a-92ce4b4ca7e2 req-ed9c801b-c2a7-4797-bd1a-92ce4b4ca7e2 ] Request (FloatingIPsTestJSON:tearDownClass): 200 PUT http://10.180.1.21:9696/networking/v2.0/routers/8b4a1840-a529-44ce-b11d-74de683a0228/remove_router_interface 3.058s
2024-12-11 22:09:02.469 66141 INFO tempest.lib.common.rest_client [req-f4d09621-a9da-4818-9b5c-172c45850439 req-f4d09621-a9da-4818-9b5c-172c45850439 ] Request (QuotasAdminTestV236:test_get_updated_quotas): 200 PUT http://10.180.1.21/compute/v2.1/os-quota-sets/f2a44ee3dd73423794e99a1a781d8668 0.798s
2024-12-11 22:09:02.477 66171 INFO tempest.lib.common.rest_client [req-55bcf425-dee7-47ed-af41-142bb5b38878 req-55bcf425-dee7-47ed-af41-142bb5b38878 ] Request (ServersAdminNegativeTestJSON:setUpClass): 201 POST http://10.180.1.21/identity/v3/users 0.060s
2024-12-11 22:09:02.480 66161 INFO tempest.lib.common.rest_client [req-bab45d6b-cb13-4a63-b655-2c898ca016e8 req-bab45d6b-cb13-4a63-b655-2c898ca016e8 ] Request (MultipleCreateNegativeTestJSON:setUpClass): 204 PUT http://10.180.1.21/identity/v3/projects/e5375408714f45a9b3ac0fed35a2409c/users/718c4b79503e434f9220e881188fec9f/roles/455ba87016654093be473d0dc6b519c2 0.089s
2024-12-11 22:09:02.481 66161 INFO tempest.lib.common.dynamic_creds [-] Dynamic test user 718c4b79503e434f9220e881188fec9f is created with scope project and roles: ['member']
2024-12-11 22:09:02.481 66161 INFO tempest.lib.common.dynamic_creds [-] Acquired dynamic creds: credentials: Credentials: {'domain_id': 'default', 'domain_name': 'Default', 'username': 'tempest-MultipleCreateNegativeTestJSON-2032579780-project-member', 'project_domain_id': 'default', 'project_domain_name': 'Default', 'project_id': 'e5375408714f45a9b3ac0fed35a2409c', 'project_name': 'tempest-MultipleCreateNegativeTestJSON-2032579780', 'tenant_id': 'e5375408714f45a9b3ac0fed35a2409c', 'tenant_name': 'tempest-MultipleCreateNegativeTestJSON-2032579780', 'user_domain_id': 'default', 'user_domain_name': 'Default', 'user_id': '718c4b79503e434f9220e881188fec9f', 'system': None}, Network: None, Subnet: None, Router: None
2024-12-11 22:09:02.481 66161 INFO tempest.lib.common.dynamic_creds [-] Created isolated network resources for: credentials: Credentials: {'domain_id': 'default', 'domain_name': 'Default', 'username': 'tempest-MultipleCreateNegativeTestJSON-2032579780-project-member', 'project_domain_id': 'default', 'project_domain_name': 'Default', 'project_id': 'e5375408714f45a9b3ac0fed35a2409c', 'project_name': 'tempest-MultipleCreateNegativeTestJSON-2032579780', 'tenant_id': 'e5375408714f45a9b3ac0fed35a2409c', 'tenant_name': 'tempest-MultipleCreateNegativeTestJSON-2032579780', 'user_domain_id': 'default', 'user_domain_name': 'Default', 'user_id': '718c4b79503e434f9220e881188fec9f', 'system': None}, Network: None, Subnet: None, Router: None
2024-12-11 22:09:02.524 66171 INFO tempest.lib.common.rest_client [req-8e44c358-dde3-4e14-a82f-ebb48b48700f req-8e44c358-dde3-4e14-a82f-ebb48b48700f ] Request (ServersAdminNegativeTestJSON:setUpClass): 200 GET http://10.180.1.21/identity/v3/roles 0.046s
2024-12-11 22:09:02.532 66143 INFO tempest.lib.common.rest_client [req-5805208a-e249-4114-aba0-974053b1666b req-5805208a-e249-4114-aba0-974053b1666b ] Request (FlavorsExtraSpecsNegativeTestJSON:tearDownClass): 200 GET http://10.180.1.21:9696/networking/v2.0/security-groups?tenant_id=c8e35e8663b8470c967ebc22c7a5091c&name=default 0.634s
2024-12-11 22:09:02.551 66171 INFO tempest.lib.common.rest_client [req-ba0f1606-47e9-4a8a-9e73-0b171a58612e req-ba0f1606-47e9-4a8a-9e73-0b171a58612e ] Request (ServersAdminNegativeTestJSON:setUpClass): 204 PUT http://10.180.1.21/identity/v3/projects/62c36aa1e15f4bfc83e5a9e5ce22d7d5/users/f8c1c06958b6473a99b192ea353596d2/roles/455ba87016654093be473d0dc6b519c2 0.026s
2024-12-11 22:09:02.551 66171 INFO tempest.lib.common.dynamic_creds [-] Dynamic test user f8c1c06958b6473a99b192ea353596d2 is created with scope project and roles: ['member']
2024-12-11 22:09:02.552 66171 INFO tempest.lib.common.dynamic_creds [-] Acquired dynamic creds: credentials: Credentials: {'domain_id': 'default', 'domain_name': 'Default', 'username': 'tempest-ServersAdminNegativeTestJSON-1385882346-project-member', 'project_domain_id': 'default', 'project_domain_name': 'Default', 'project_id': '62c36aa1e15f4bfc83e5a9e5ce22d7d5', 'project_name': 'tempest-ServersAdminNegativeTestJSON-1385882346', 'tenant_id': '62c36aa1e15f4bfc83e5a9e5ce22d7d5', 'tenant_name': 'tempest-ServersAdminNegativeTestJSON-1385882346', 'user_domain_id': 'default', 'user_domain_name': 'Default', 'user_id': 'f8c1c06958b6473a99b192ea353596d2', 'system': None}, Network: None, Subnet: None, Router: None
2024-12-11 22:09:02.552 66171 INFO tempest.lib.common.dynamic_creds [-] Created isolated network resources for: credentials: Credentials: {'domain_id': 'default', 'domain_name': 'Default', 'username': 'tempest-ServersAdminNegativeTestJSON-1385882346-project-member', 'project_domain_id': 'default', 'project_domain_name': 'Default', 'project_id': '62c36aa1e15f4bfc83e5a9e5ce22d7d5', 'project_name': 'tempest-ServersAdminNegativeTestJSON-1385882346', 'tenant_id': '62c36aa1e15f4bfc83e5a9e5ce22d7d5', 'tenant_name': 'tempest-ServersAdminNegativeTestJSON-1385882346', 'user_domain_id': 'default', 'user_domain_name': 'Default', 'user_id': 'f8c1c06958b6473a99b192ea353596d2', 'system': None}, Network: None, Subnet: None, Router: None
2024-12-11 22:09:02.555 66161 INFO tempest.lib.common.rest_client [req-cedc8b22-d2bc-4e06-830f-79c41ed4f46f req-cedc8b22-d2bc-4e06-830f-79c41ed4f46f ] Request (MultipleCreateNegativeTestJSON:setUpClass): 201 POST http://10.180.1.21/identity/v3/auth/tokens 0.069s
2024-12-11 22:09:02.612 66121 INFO tempest.lib.common.rest_client [req-53d21a2b-8030-4475-9001-6894e09d043d req-53d21a2b-8030-4475-9001-6894e09d043d ] Request (ImagesNegativeTestJSON:setUpClass): 200 PUT http://10.180.1.21:9696/networking/v2.0/routers/a779988f-7f1f-4092-8b34-de41e8819d6c/add_router_interface 3.386s
2024-12-11 22:09:02.612 66121 INFO tempest.lib.common.dynamic_creds [-] Created isolated network resources for: credentials: Credentials: {'domain_id': 'default', 'domain_name': 'Default', 'username': 'tempest-ImagesNegativeTestJSON-1083322589-project-member', 'project_domain_id': 'default', 'project_domain_name': 'Default', 'project_id': 'f69e4f878f3d4174aaf6f125682087fb', 'project_name': 'tempest-ImagesNegativeTestJSON-1083322589', 'tenant_id': 'f69e4f878f3d4174aaf6f125682087fb', 'tenant_name': 'tempest-ImagesNegativeTestJSON-1083322589', 'user_domain_id': 'default', 'user_domain_name': 'Default', 'user_id': '328d50e2315746e28cc1d5fe53eeecf6', 'system': None}, Network: {'id': '9ec37d22-b588-4a60-ad24-d49792e54a1d', 'name': 'tempest-ImagesNegativeTestJSON-372505117-network', 'tenant_id': 'f69e4f878f3d4174aaf6f125682087fb', 'admin_state_up': True, 'mtu': 8950, 'status': 'ACTIVE', 'subnets': [], 'shared': False, 'project_id': 'f69e4f878f3d4174aaf6f125682087fb', 'port_security_enabled': True, 'router:external': False, 'provider:network_type': 'vlan', 'provider:physical_network': 'default', 'provider:segmentation_id': 199, 'availability_zone_hints': [], 'availability_zones': [], 'ipv4_address_scope': None, 'ipv6_address_scope': None, 'description': '', 'tags': [], 'created_at': '2024-12-11T22:08:56Z', 'updated_at': '2024-12-11T22:08:56Z', 'revision_number': 1}, Subnet: {'id': 'ff772992-a848-4656-94b0-17fc664c125a', 'name': 'tempest-ImagesNegativeTestJSON-372505117-subnet', 'tenant_id': 'f69e4f878f3d4174aaf6f125682087fb', 'network_id': '9ec37d22-b588-4a60-ad24-d49792e54a1d', 'ip_version': 4, 'subnetpool_id': None, 'enable_dhcp': True, 'ipv6_ra_mode': None, 'ipv6_address_mode': None, 'gateway_ip': '192.168.128.1', 'cidr': '192.168.128.0/28', 'allocation_pools': [{'start': '192.168.128.2', 'end': '192.168.128.14'}], 'host_routes': [], 'dns_nameservers': [], 'description': '', 'router:external': False, 'service_types': [], 'tags': [], 'created_at': '2024-12-11T22:08:57Z', 'updated_at': '2024-12-11T22:08:57Z', 'revision_number': 0, 'project_id': 'f69e4f878f3d4174aaf6f125682087fb'}, Router: {'id': 'a779988f-7f1f-4092-8b34-de41e8819d6c', 'name': 'tempest-ImagesNegativeTestJSON-372505117-router', 'tenant_id': 'f69e4f878f3d4174aaf6f125682087fb', 'admin_state_up': True, 'status': 'ACTIVE', 'external_gateway_info': {'network_id': '496fbe0c-5932-45de-b27b-73a4576161fa', 'external_fixed_ips': [{'subnet_id': 'd766c117-b977-4bcb-aeee-8343b841a62d', 'ip_address': '10.180.180.145'}], 'enable_snat': True}, 'description': '', 'availability_zones': [], 'distributed': False, 'ha': False, 'availability_zone_hints': [], 'routes': [], 'flavor_id': None, 'tags': [], 'created_at': '2024-12-11T22:08:57Z', 'updated_at': '2024-12-11T22:08:58Z', 'revision_number': 2, 'project_id': 'f69e4f878f3d4174aaf6f125682087fb'}
2024-12-11 22:09:02.617 66161 INFO tempest.lib.common.rest_client [req-be0dca29-1e39-4937-94d9-793845c9dc8b req-be0dca29-1e39-4937-94d9-793845c9dc8b ] Request (MultipleCreateNegativeTestJSON:test_max_count_less_than_min_count): 201 POST http://10.180.1.21/identity/v3/auth/tokens 0.057s
2024-12-11 22:09:02.618 66161 INFO tempest.lib.common.fixed_network [-] (MultipleCreateNegativeTestJSON:test_max_count_less_than_min_count) Found network None available for tenant
2024-12-11 22:09:02.636 66171 INFO tempest.lib.common.rest_client [req-b0802c73-3dfe-4aef-a89f-f2f75f1d2f45 req-b0802c73-3dfe-4aef-a89f-f2f75f1d2f45 ] Request (ServersAdminNegativeTestJSON:setUpClass): 201 POST http://10.180.1.21/identity/v3/auth/tokens 0.077s
2024-12-11 22:09:02.684 66121 INFO tempest.lib.common.rest_client [req-046c9744-7731-4639-b753-7159afc758f7 req-046c9744-7731-4639-b753-7159afc758f7 ] Request (ImagesNegativeTestJSON:setUpClass): 201 POST http://10.180.1.21/identity/v3/auth/tokens 0.069s
2024-12-11 22:09:02.696 66131 INFO tempest.lib.common.rest_client [req-e7043c1e-73c8-44bd-afac-92568b17f0c2 req-e7043c1e-73c8-44bd-afac-92568b17f0c2 ] Request (AbsoluteLimitsNegativeTestJSON:tearDownClass): 204 DELETE http://10.180.1.21:9696/networking/v2.0/security-groups/2e3c1698-54bc-413a-9198-6b21d850a98f 0.414s
2024-12-11 22:09:02.704 66171 INFO tempest.lib.common.rest_client [req-9ce87029-8d8b-4fca-b38f-f62c00b8d7a1 req-9ce87029-8d8b-4fca-b38f-f62c00b8d7a1 ] Request (ServersAdminNegativeTestJSON:setUpClass): 201 POST http://10.180.1.21/identity/v3/projects 0.067s
2024-12-11 22:09:02.741 66159 INFO tempest.lib.common.rest_client [req-ea5a6774-3940-4f31-b019-cb02b42bbe8a req-ea5a6774-3940-4f31-b019-cb02b42bbe8a ] Request (QuotasAdminNegativeTest:test_create_server_when_memory_quota_is_full): 403 POST http://10.180.1.21/compute/v2.1/servers 1.004s
2024-12-11 22:09:02.743 66127 INFO tempest.lib.common.rest_client [req-90745135-7cd8-49b8-b316-c65a8bd9e711 req-90745135-7cd8-49b8-b316-c65a8bd9e711 ] Request (FloatingIPsAssociationNegativeTestJSON:setUpClass): 201 POST http://10.180.1.21:9696/networking/v2.0/subnets 0.901s
2024-12-11 22:09:02.748 66121 INFO tempest.lib.common.rest_client [req-f46fbf00-c321-4167-9e81-407cf9f77c8c req-f46fbf00-c321-4167-9e81-407cf9f77c8c ] Request (ImagesNegativeTestJSON:test_create_image_from_deleted_server): 201 POST http://10.180.1.21/identity/v3/auth/tokens 0.059s
2024-12-11 22:09:02.749 66121 INFO tempest.lib.common.fixed_network [-] (ImagesNegativeTestJSON:test_create_image_from_deleted_server) Found network {'id': '9ec37d22-b588-4a60-ad24-d49792e54a1d', 'name': 'tempest-ImagesNegativeTestJSON-372505117-network', 'tenant_id': 'f69e4f878f3d4174aaf6f125682087fb', 'admin_state_up': True, 'mtu': 8950, 'status': 'ACTIVE', 'subnets': [], 'shared': False, 'project_id': 'f69e4f878f3d4174aaf6f125682087fb', 'port_security_enabled': True, 'router:external': False, 'provider:network_type': 'vlan', 'provider:physical_network': 'default', 'provider:segmentation_id': 199, 'availability_zone_hints': [], 'availability_zones': [], 'ipv4_address_scope': None, 'ipv6_address_scope': None, 'description': '', 'tags': [], 'created_at': '2024-12-11T22:08:56Z', 'updated_at': '2024-12-11T22:08:56Z', 'revision_number': 1} available for tenant
2024-12-11 22:09:02.766 66157 INFO tempest.lib.common.rest_client [req-008eb850-79b8-40fe-a0e9-2fef4cd4c0fd req-008eb850-79b8-40fe-a0e9-2fef4cd4c0fd ] Request (ServersWithSpecificFlavorTestJSON:test_verify_created_server_ephemeral_disk): 200 POST http://10.180.1.21/compute/v2.1/flavors/55787061/os-extra_specs 0.881s
2024-12-11 22:09:02.784 66171 INFO tempest.lib.common.rest_client [req-60189d92-bf72-4d7f-823e-c34a6f565d4d req-60189d92-bf72-4d7f-823e-c34a6f565d4d ] Request (ServersAdminNegativeTestJSON:setUpClass): 201 POST http://10.180.1.21/identity/v3/users 0.079s
2024-12-11 22:09:02.794 66169 INFO tempest.lib.common.rest_client [req-80215375-aec1-4216-8d9e-dd5bb6068ed7 req-80215375-aec1-4216-8d9e-dd5bb6068ed7 ] Request (FlavorsAccessTestJSON:tearDownClass): 204 DELETE http://10.180.1.21:9696/networking/v2.0/security-groups/d0065167-5976-4c57-909d-dd8b73fb84bc 0.605s
2024-12-11 22:09:02.800 66131 INFO tempest.lib.common.rest_client [req-1930a19c-3028-4dfc-a823-b3b6f6dcf8ca req-1930a19c-3028-4dfc-a823-b3b6f6dcf8ca ] Request (AbsoluteLimitsNegativeTestJSON:tearDownClass): 204 DELETE http://10.180.1.21/identity/v3/projects/944401f4e159427a8bd5dd5675db9239 0.102s
2024-12-11 22:09:02.841 66149 INFO tempest.lib.common.rest_client [req-332d44d2-d716-4bc9-9159-9ee2ae09dcbc req-332d44d2-d716-4bc9-9159-9ee2ae09dcbc ] Request (ServerDiagnosticsNegativeTest:test_get_server_diagnostics_by_non_admin): 200 GET http://10.180.1.21/compute/v2.1/servers/7339c22a-05c9-4ddd-93df-0326cbe96ca4 0.912s
2024-12-11 22:09:02.851 66171 INFO tempest.lib.common.rest_client [req-3893ae35-671f-44e0-b47b-fb35adf0e4c6 req-3893ae35-671f-44e0-b47b-fb35adf0e4c6 ] Request (ServersAdminNegativeTestJSON:setUpClass): 200 GET http://10.180.1.21/identity/v3/roles 0.067s
