2024-12-11 22:08:40.732 66157 INFO tempest.lib.common.rest_client [req-116d6b22-d5c1-4f0e-9189-e3f7cf1b6d83 req-116d6b22-d5c1-4f0e-9189-e3f7cf1b6d83 ] Request (AZAdminV2TestJSON:test_get_availability_zone_list): 200 GET http://10.180.1.21/compute/v2.1/os-availability-zone 0.793s
2024-12-11 22:08:40.732 66155 INFO tempest.lib.common.rest_client [req-8d671a62-c7c2-4f81-931b-43c71fa84f1f req-8d671a62-c7c2-4f81-931b-43c71fa84f1f ] Request (ServersAdmin275Test:setUpClass): 204 PUT http://10.180.1.21/identity/v3/projects/a925c3fb67004e90a3427b5419b33d72/users/ed21b9b13e0d4bc3b680dc71bc94fb31/roles/455ba87016654093be473d0dc6b519c2 0.782s
2024-12-11 22:08:40.733 66155 INFO tempest.lib.common.dynamic_creds [-] Dynamic test user ed21b9b13e0d4bc3b680dc71bc94fb31 is created with scope project and roles: ['member']
2024-12-11 22:08:40.733 66153 INFO tempest.lib.common.rest_client [req-8bae2e85-3c15-47ab-bb8d-da23df0ce92c req-8bae2e85-3c15-47ab-bb8d-da23df0ce92c ] Request (FloatingIPsAssociationTestJSON:setUpClass): 200 PUT http://10.180.1.21:9696/networking/v2.0/routers/ee5f4fdc-69ef-475f-823e-e11ca9ea5283/add_router_interface 0.917s
2024-12-11 22:08:40.733 66155 INFO tempest.lib.common.dynamic_creds [-] Acquired dynamic creds: credentials: Credentials: {'domain_id': 'default', 'domain_name': 'Default', 'username': 'tempest-ServersAdmin275Test-925415751-project-member', 'project_domain_id': 'default', 'project_domain_name': 'Default', 'project_id': 'a925c3fb67004e90a3427b5419b33d72', 'project_name': 'tempest-ServersAdmin275Test-925415751', 'tenant_id': 'a925c3fb67004e90a3427b5419b33d72', 'tenant_name': 'tempest-ServersAdmin275Test-925415751', 'user_domain_id': 'default', 'user_domain_name': 'Default', 'user_id': 'ed21b9b13e0d4bc3b680dc71bc94fb31', 'system': None}, Network: None, Subnet: None, Router: None
2024-12-11 22:08:40.733 66155 INFO tempest.lib.common.dynamic_creds [-] Created isolated network resources for: credentials: Credentials: {'domain_id': 'default', 'domain_name': 'Default', 'username': 'tempest-ServersAdmin275Test-925415751-project-member', 'project_domain_id': 'default', 'project_domain_name': 'Default', 'project_id': 'a925c3fb67004e90a3427b5419b33d72', 'project_name': 'tempest-ServersAdmin275Test-925415751', 'tenant_id': 'a925c3fb67004e90a3427b5419b33d72', 'tenant_name': 'tempest-ServersAdmin275Test-925415751', 'user_domain_id': 'default', 'user_domain_name': 'Default', 'user_id': 'ed21b9b13e0d4bc3b680dc71bc94fb31', 'system': None}, Network: None, Subnet: None, Router: None
2024-12-11 22:08:40.733 66153 INFO tempest.lib.common.dynamic_creds [-] Created isolated network resources for: credentials: Credentials: {'domain_id': 'default', 'domain_name': 'Default', 'username': 'tempest-FloatingIPsAssociationTestJSON-1336337907-project-member', 'project_domain_id': 'default', 'project_domain_name': 'Default', 'project_id': '5d188021b90b4a7cb04521e090d0c1c8', 'project_name': 'tempest-FloatingIPsAssociationTestJSON-1336337907', 'tenant_id': '5d188021b90b4a7cb04521e090d0c1c8', 'tenant_name': 'tempest-FloatingIPsAssociationTestJSON-1336337907', 'user_domain_id': 'default', 'user_domain_name': 'Default', 'user_id': '4b84719d9c5842a5a144d91691b5fc12', 'system': None}, Network: {'id': '93471a4c-8043-41bc-9a6c-49116ad50d1a', 'name': 'tempest-FloatingIPsAssociationTestJSON-2104534686-network', 'tenant_id': '5d188021b90b4a7cb04521e090d0c1c8', 'admin_state_up': True, 'mtu': 8950, 'status': 'ACTIVE', 'subnets': [], 'shared': False, 'project_id': '5d188021b90b4a7cb04521e090d0c1c8', 'port_security_enabled': True, 'router:external': False, 'provider:network_type': 'vlan', 'provider:physical_network': 'default', 'provider:segmentation_id': 566, 'availability_zone_hints': [], 'availability_zones': [], 'ipv4_address_scope': None, 'ipv6_address_scope': None, 'description': '', 'tags': [], 'created_at': '2024-12-11T22:08:38Z', 'updated_at': '2024-12-11T22:08:38Z', 'revision_number': 1}, Subnet: {'id': '3c4e93ed-104d-44fd-8f74-6c3fabdd34df', 'name': 'tempest-FloatingIPsAssociationTestJSON-2104534686-subnet', 'tenant_id': '5d188021b90b4a7cb04521e090d0c1c8', 'network_id': '93471a4c-8043-41bc-9a6c-49116ad50d1a', 'ip_version': 4, 'subnetpool_id': None, 'enable_dhcp': True, 'ipv6_ra_mode': None, 'ipv6_address_mode': None, 'gateway_ip': '192.168.128.1', 'cidr': '192.168.128.0/28', 'allocation_pools': [{'start': '192.168.128.2', 'end': '192.168.128.14'}], 'host_routes': [], 'dns_nameservers': [], 'description': '', 'router:external': False, 'service_types': [], 'tags': [], 'created_at': '2024-12-11T22:08:38Z', 'updated_at': '2024-12-11T22:08:38Z', 'revision_number': 0, 'project_id': '5d188021b90b4a7cb04521e090d0c1c8'}, Router: {'id': 'ee5f4fdc-69ef-475f-823e-e11ca9ea5283', 'name': 'tempest-FloatingIPsAssociationTestJSON-2104534686-router', 'tenant_id': '5d188021b90b4a7cb04521e090d0c1c8', 'admin_state_up': True, 'status': 'ACTIVE', 'external_gateway_info': {'network_id': '496fbe0c-5932-45de-b27b-73a4576161fa', 'external_fixed_ips': [{'subnet_id': 'd766c117-b977-4bcb-aeee-8343b841a62d', 'ip_address': '10.180.180.154'}], 'enable_snat': True}, 'description': '', 'availability_zones': [], 'distributed': False, 'ha': False, 'availability_zone_hints': [], 'routes': [], 'flavor_id': None, 'tags': [], 'created_at': '2024-12-11T22:08:39Z', 'updated_at': '2024-12-11T22:08:39Z', 'revision_number': 2, 'project_id': '5d188021b90b4a7cb04521e090d0c1c8'}
2024-12-11 22:08:40.735 66119 INFO tempest.lib.common.rest_client [req-6feaee7a-ae45-4577-9f6c-3c89c341e300 req-6feaee7a-ae45-4577-9f6c-3c89c341e300 ] Request (ImagesMetadataNegativeTestJSON:setUpClass): 204 PUT http://10.180.1.21/identity/v3/projects/3848b99113ae4646bd01d82e99a7d888/users/f47868fe90944873b2fbdf6e649f933c/roles/455ba87016654093be473d0dc6b519c2 0.767s
2024-12-11 22:08:40.736 66119 INFO tempest.lib.common.dynamic_creds [-] Dynamic test user f47868fe90944873b2fbdf6e649f933c is created with scope project and roles: ['member']
2024-12-11 22:08:40.736 66119 INFO tempest.lib.common.dynamic_creds [-] Acquired dynamic creds: credentials: Credentials: {'domain_id': 'default', 'domain_name': 'Default', 'username': 'tempest-ImagesMetadataNegativeTestJSON-1887152393-project-member', 'project_domain_id': 'default', 'project_domain_name': 'Default', 'project_id': '3848b99113ae4646bd01d82e99a7d888', 'project_name': 'tempest-ImagesMetadataNegativeTestJSON-1887152393', 'tenant_id': '3848b99113ae4646bd01d82e99a7d888', 'tenant_name': 'tempest-ImagesMetadataNegativeTestJSON-1887152393', 'user_domain_id': 'default', 'user_domain_name': 'Default', 'user_id': 'f47868fe90944873b2fbdf6e649f933c', 'system': None}, Network: None, Subnet: None, Router: None
2024-12-11 22:08:40.736 66119 INFO tempest.lib.common.dynamic_creds [-] Created isolated network resources for: credentials: Credentials: {'domain_id': 'default', 'domain_name': 'Default', 'username': 'tempest-ImagesMetadataNegativeTestJSON-1887152393-project-member', 'project_domain_id': 'default', 'project_domain_name': 'Default', 'project_id': '3848b99113ae4646bd01d82e99a7d888', 'project_name': 'tempest-ImagesMetadataNegativeTestJSON-1887152393', 'tenant_id': '3848b99113ae4646bd01d82e99a7d888', 'tenant_name': 'tempest-ImagesMetadataNegativeTestJSON-1887152393', 'user_domain_id': 'default', 'user_domain_name': 'Default', 'user_id': 'f47868fe90944873b2fbdf6e649f933c', 'system': None}, Network: None, Subnet: None, Router: None
2024-12-11 22:08:40.787 66123 INFO tempest.lib.common.rest_client [req-2e619586-b244-4cc4-8759-d4ebf3a4513b req-2e619586-b244-4cc4-8759-d4ebf3a4513b ] Request (HypervisorAdminTestJSON:setUpClass): 201 POST http://10.180.1.21/identity/v3/auth/tokens 0.789s
2024-12-11 22:08:40.817 66157 INFO tempest.lib.common.rest_client [req-95f41b83-de50-4a17-a9ae-25d8ecb35706 req-95f41b83-de50-4a17-a9ae-25d8ecb35706 ] Request (AZAdminV2TestJSON:test_get_availability_zone_list_detail): 200 GET http://10.180.1.21/compute/v2.1/os-availability-zone/detail 0.039s
2024-12-11 22:08:40.819 66145 INFO tempest.lib.common.rest_client [req-ff840db8-8b23-4f25-9e71-bf5e3bad2709 req-ff840db8-8b23-4f25-9e71-bf5e3bad2709 ] Request (AggregatesAdminNegativeTestJSON:setUpClass): 204 PUT http://10.180.1.21/identity/v3/projects/33952335dfba46f0a1982db03a29689d/users/8e8c4a485ff9415cba91aef9597e30a5/roles/455ba87016654093be473d0dc6b519c2 0.835s
2024-12-11 22:08:40.820 66145 INFO tempest.lib.common.dynamic_creds [-] Dynamic test user 8e8c4a485ff9415cba91aef9597e30a5 is created with scope project and roles: ['member']
2024-12-11 22:08:40.820 66145 INFO tempest.lib.common.dynamic_creds [-] Acquired dynamic creds: credentials: Credentials: {'domain_id': 'default', 'domain_name': 'Default', 'username': 'tempest-AggregatesAdminNegativeTestJSON-1135767580-project-member', 'project_domain_id': 'default', 'project_domain_name': 'Default', 'project_id': '33952335dfba46f0a1982db03a29689d', 'project_name': 'tempest-AggregatesAdminNegativeTestJSON-1135767580', 'tenant_id': '33952335dfba46f0a1982db03a29689d', 'tenant_name': 'tempest-AggregatesAdminNegativeTestJSON-1135767580', 'user_domain_id': 'default', 'user_domain_name': 'Default', 'user_id': '8e8c4a485ff9415cba91aef9597e30a5', 'system': None}, Network: None, Subnet: None, Router: None
2024-12-11 22:08:40.820 66145 INFO tempest.lib.common.dynamic_creds [-] Created isolated network resources for: credentials: Credentials: {'domain_id': 'default', 'domain_name': 'Default', 'username': 'tempest-AggregatesAdminNegativeTestJSON-1135767580-project-member', 'project_domain_id': 'default', 'project_domain_name': 'Default', 'project_id': '33952335dfba46f0a1982db03a29689d', 'project_name': 'tempest-AggregatesAdminNegativeTestJSON-1135767580', 'tenant_id': '33952335dfba46f0a1982db03a29689d', 'tenant_name': 'tempest-AggregatesAdminNegativeTestJSON-1135767580', 'user_domain_id': 'default', 'user_domain_name': 'Default', 'user_id': '8e8c4a485ff9415cba91aef9597e30a5', 'system': None}, Network: None, Subnet: None, Router: None
2024-12-11 22:08:40.877 66129 INFO tempest.lib.common.rest_client [req-2fc5951f-2e1a-4720-83ae-8be9f6f19845 req-2fc5951f-2e1a-4720-83ae-8be9f6f19845 ] Request (QuotasAdminTestJSON:setUpClass): 201 POST http://10.180.1.21/identity/v3/auth/tokens 0.819s
2024-12-11 22:08:40.879 66181 INFO tempest.lib.common.rest_client [req-335c4933-7eff-47a0-a752-62180e0cc865 req-335c4933-7eff-47a0-a752-62180e0cc865 ] Request (InstanceActionsNegativeTestJSON:setUpClass): 204 PUT http://10.180.1.21/identity/v3/projects/49f6b1eaa6ba4ff2bc4b783ce5d3d0e1/users/5fdb789bc0c5459b9dfbb59ada7ff909/roles/455ba87016654093be473d0dc6b519c2 0.836s
2024-12-11 22:08:40.879 66181 INFO tempest.lib.common.dynamic_creds [-] Dynamic test user 5fdb789bc0c5459b9dfbb59ada7ff909 is created with scope project and roles: ['member']
2024-12-11 22:08:40.879 66181 INFO tempest.lib.common.dynamic_creds [-] Acquired dynamic creds: credentials: Credentials: {'domain_id': 'default', 'domain_name': 'Default', 'username': 'tempest-InstanceActionsNegativeTestJSON-2065397974-project-member', 'project_domain_id': 'default', 'project_domain_name': 'Default', 'project_id': '49f6b1eaa6ba4ff2bc4b783ce5d3d0e1', 'project_name': 'tempest-InstanceActionsNegativeTestJSON-2065397974', 'tenant_id': '49f6b1eaa6ba4ff2bc4b783ce5d3d0e1', 'tenant_name': 'tempest-InstanceActionsNegativeTestJSON-2065397974', 'user_domain_id': 'default', 'user_domain_name': 'Default', 'user_id': '5fdb789bc0c5459b9dfbb59ada7ff909', 'system': None}, Network: None, Subnet: None, Router: None
2024-12-11 22:08:40.934 66173 INFO tempest.lib.common.rest_client [req-2c2bbdbc-2002-45fd-a44a-63b682526ac9 req-2c2bbdbc-2002-45fd-a44a-63b682526ac9 ] Request (FlavorsExtraSpecsTestJSON:setUpClass): 204 PUT http://10.180.1.21/identity/v3/projects/6a24f9d99b2c46a7b3ddb8226b8d8d96/users/b196a27f7f4648a7adaa0f994d04b323/roles/455ba87016654093be473d0dc6b519c2 0.830s
2024-12-11 22:08:40.934 66173 INFO tempest.lib.common.dynamic_creds [-] Dynamic test user b196a27f7f4648a7adaa0f994d04b323 is created with scope project and roles: ['member']
2024-12-11 22:08:40.934 66175 INFO tempest.lib.common.rest_client [req-47b4604a-4569-4722-9fd0-e624b7ae07b9 req-47b4604a-4569-4722-9fd0-e624b7ae07b9 ] Request (TenantUsagesTestJSON:setUpClass): 204 PUT http://10.180.1.21/identity/v3/projects/81e9cc83a10a439da4100e4e5725370f/users/645e5dfe78b5406897ac6bb33ea0bc0d/roles/455ba87016654093be473d0dc6b519c2 0.829s
2024-12-11 22:08:40.934 66175 INFO tempest.lib.common.dynamic_creds [-] Dynamic test user 645e5dfe78b5406897ac6bb33ea0bc0d is created with scope project and roles: ['member']
2024-12-11 22:08:40.934 66173 INFO tempest.lib.common.dynamic_creds [-] Acquired dynamic creds: credentials: Credentials: {'domain_id': 'default', 'domain_name': 'Default', 'username': 'tempest-FlavorsExtraSpecsTestJSON-1244130844-project-member', 'project_domain_id': 'default', 'project_domain_name': 'Default', 'project_id': '6a24f9d99b2c46a7b3ddb8226b8d8d96', 'project_name': 'tempest-FlavorsExtraSpecsTestJSON-1244130844', 'tenant_id': '6a24f9d99b2c46a7b3ddb8226b8d8d96', 'tenant_name': 'tempest-FlavorsExtraSpecsTestJSON-1244130844', 'user_domain_id': 'default', 'user_domain_name': 'Default', 'user_id': 'b196a27f7f4648a7adaa0f994d04b323', 'system': None}, Network: None, Subnet: None, Router: None
2024-12-11 22:08:40.935 66173 INFO tempest.lib.common.dynamic_creds [-] Created isolated network resources for: credentials: Credentials: {'domain_id': 'default', 'domain_name': 'Default', 'username': 'tempest-FlavorsExtraSpecsTestJSON-1244130844-project-member', 'project_domain_id': 'default', 'project_domain_name': 'Default', 'project_id': '6a24f9d99b2c46a7b3ddb8226b8d8d96', 'project_name': 'tempest-FlavorsExtraSpecsTestJSON-1244130844', 'tenant_id': '6a24f9d99b2c46a7b3ddb8226b8d8d96', 'tenant_name': 'tempest-FlavorsExtraSpecsTestJSON-1244130844', 'user_domain_id': 'default', 'user_domain_name': 'Default', 'user_id': 'b196a27f7f4648a7adaa0f994d04b323', 'system': None}, Network: None, Subnet: None, Router: None
2024-12-11 22:08:40.935 66175 INFO tempest.lib.common.dynamic_creds [-] Acquired dynamic creds: credentials: Credentials: {'domain_id': 'default', 'domain_name': 'Default', 'username': 'tempest-TenantUsagesTestJSON-1283949153-project-member', 'project_domain_id': 'default', 'project_domain_name': 'Default', 'project_id': '81e9cc83a10a439da4100e4e5725370f', 'project_name': 'tempest-TenantUsagesTestJSON-1283949153', 'tenant_id': '81e9cc83a10a439da4100e4e5725370f', 'tenant_name': 'tempest-TenantUsagesTestJSON-1283949153', 'user_domain_id': 'default', 'user_domain_name': 'Default', 'user_id': '645e5dfe78b5406897ac6bb33ea0bc0d', 'system': None}, Network: None, Subnet: None, Router: None
2024-12-11 22:08:40.935 66175 INFO tempest.lib.common.dynamic_creds [-] Created isolated network resources for: credentials: Credentials: {'domain_id': 'default', 'domain_name': 'Default', 'username': 'tempest-TenantUsagesTestJSON-1283949153-project-member', 'project_domain_id': 'default', 'project_domain_name': 'Default', 'project_id': '81e9cc83a10a439da4100e4e5725370f', 'project_name': 'tempest-TenantUsagesTestJSON-1283949153', 'tenant_id': '81e9cc83a10a439da4100e4e5725370f', 'tenant_name': 'tempest-TenantUsagesTestJSON-1283949153', 'user_domain_id': 'default', 'user_domain_name': 'Default', 'user_id': '645e5dfe78b5406897ac6bb33ea0bc0d', 'system': None}, Network: None, Subnet: None, Router: None
2024-12-11 22:08:40.992 66141 INFO tempest.lib.common.rest_client [req-461b858a-5ca6-4209-8cce-52deaf759783 req-461b858a-5ca6-4209-8cce-52deaf759783 ] Request (HypervisorAdminNegativeUnderV252Test:setUpClass): 204 PUT http://10.180.1.21/identity/v3/projects/5fe10602fb874db79dd8999ccba2b49a/users/2fce2ee24f4e484795dea0f8a88d8cd9/roles/51bfea76ecd34cddadef977ddaab8828 0.868s
2024-12-11 22:08:40.995 66143 INFO tempest.lib.common.rest_client [req-284077eb-99b9-4998-b96d-b3410321a891 req-284077eb-99b9-4998-b96d-b3410321a891 ] Request (FlavorsExtraSpecsNegativeTestJSON:setUpClass): 204 PUT http://10.180.1.21/identity/v3/projects/c8e35e8663b8470c967ebc22c7a5091c/users/e9bf12406b244b3fb1faa84a89ed8745/roles/455ba87016654093be473d0dc6b519c2 0.863s
2024-12-11 22:08:40.996 66143 INFO tempest.lib.common.dynamic_creds [-] Dynamic test user e9bf12406b244b3fb1faa84a89ed8745 is created with scope project and roles: ['member']
2024-12-11 22:08:40.996 66143 INFO tempest.lib.common.dynamic_creds [-] Acquired dynamic creds: credentials: Credentials: {'domain_id': 'default', 'domain_name': 'Default', 'username': 'tempest-FlavorsExtraSpecsNegativeTestJSON-1283037151-project-member', 'project_domain_id': 'default', 'project_domain_name': 'Default', 'project_id': 'c8e35e8663b8470c967ebc22c7a5091c', 'project_name': 'tempest-FlavorsExtraSpecsNegativeTestJSON-1283037151', 'tenant_id': 'c8e35e8663b8470c967ebc22c7a5091c', 'tenant_name': 'tempest-FlavorsExtraSpecsNegativeTestJSON-1283037151', 'user_domain_id': 'default', 'user_domain_name': 'Default', 'user_id': 'e9bf12406b244b3fb1faa84a89ed8745', 'system': None}, Network: None, Subnet: None, Router: None
2024-12-11 22:08:40.996 66143 INFO tempest.lib.common.dynamic_creds [-] Created isolated network resources for: credentials: Credentials: {'domain_id': 'default', 'domain_name': 'Default', 'username': 'tempest-FlavorsExtraSpecsNegativeTestJSON-1283037151-project-member', 'project_domain_id': 'default', 'project_domain_name': 'Default', 'project_id': 'c8e35e8663b8470c967ebc22c7a5091c', 'project_name': 'tempest-FlavorsExtraSpecsNegativeTestJSON-1283037151', 'tenant_id': 'c8e35e8663b8470c967ebc22c7a5091c', 'tenant_name': 'tempest-FlavorsExtraSpecsNegativeTestJSON-1283037151', 'user_domain_id': 'default', 'user_domain_name': 'Default', 'user_id': 'e9bf12406b244b3fb1faa84a89ed8745', 'system': None}, Network: None, Subnet: None, Router: None
2024-12-11 22:08:41.046 66137 INFO tempest.lib.common.rest_client [req-68b0670c-ff33-42bf-ad8f-d771e187f8fc req-68b0670c-ff33-42bf-ad8f-d771e187f8fc ] Request (AZAdminNegativeTestJSON:setUpClass): 201 POST http://10.180.1.21/identity/v3/auth/tokens 0.890s
2024-12-11 22:08:41.073 66121 INFO tempest.lib.common.rest_client [req-00747ef9-3ba1-4ce9-a6f9-c3c53e506521 req-00747ef9-3ba1-4ce9-a6f9-c3c53e506521 ] Request (InstanceUsageAuditLogNegativeTestJSON:setUpClass): 204 PUT http://10.180.1.21/identity/v3/projects/3b6b20a9d95a469b8bb90bdbe8715b50/users/0eeb6e1090b14dc9bd4aa1f1649ea97d/roles/455ba87016654093be473d0dc6b519c2 0.916s
2024-12-11 22:08:41.073 66121 INFO tempest.lib.common.dynamic_creds [-] Dynamic test user 0eeb6e1090b14dc9bd4aa1f1649ea97d is created with scope project and roles: ['member']
2024-12-11 22:08:41.074 66121 INFO tempest.lib.common.dynamic_creds [-] Acquired dynamic creds: credentials: Credentials: {'domain_id': 'default', 'domain_name': 'Default', 'username': 'tempest-InstanceUsageAuditLogNegativeTestJSON-953201339-project-member', 'project_domain_id': 'default', 'project_domain_name': 'Default', 'project_id': '3b6b20a9d95a469b8bb90bdbe8715b50', 'project_name': 'tempest-InstanceUsageAuditLogNegativeTestJSON-953201339', 'tenant_id': '3b6b20a9d95a469b8bb90bdbe8715b50', 'tenant_name': 'tempest-InstanceUsageAuditLogNegativeTestJSON-953201339', 'user_domain_id': 'default', 'user_domain_name': 'Default', 'user_id': '0eeb6e1090b14dc9bd4aa1f1649ea97d', 'system': None}, Network: None, Subnet: None, Router: None
2024-12-11 22:08:41.074 66121 INFO tempest.lib.common.dynamic_creds [-] Created isolated network resources for: credentials: Credentials: {'domain_id': 'default', 'domain_name': 'Default', 'username': 'tempest-InstanceUsageAuditLogNegativeTestJSON-953201339-project-member', 'project_domain_id': 'default', 'project_domain_name': 'Default', 'project_id': '3b6b20a9d95a469b8bb90bdbe8715b50', 'project_name': 'tempest-InstanceUsageAuditLogNegativeTestJSON-953201339', 'tenant_id': '3b6b20a9d95a469b8bb90bdbe8715b50', 'tenant_name': 'tempest-InstanceUsageAuditLogNegativeTestJSON-953201339', 'user_domain_id': 'default', 'user_domain_name': 'Default', 'user_id': '0eeb6e1090b14dc9bd4aa1f1649ea97d', 'system': None}, Network: None, Subnet: None, Router: None
2024-12-11 22:08:41.102 66127 INFO tempest.lib.common.rest_client [req-408f9345-8cbf-40a5-be42-1d618b406bc5 req-408f9345-8cbf-40a5-be42-1d618b406bc5 ] Request (ServicesAdminNegativeTestJSON:setUpClass): 201 POST http://10.180.1.21/identity/v3/auth/tokens 0.876s
2024-12-11 22:08:41.120 66131 INFO tempest.lib.common.rest_client [req-25becad5-515b-4dd5-9fb4-3abea67a1684 req-25becad5-515b-4dd5-9fb4-3abea67a1684 ] Request (HypervisorAdminUnderV252Test:setUpClass): 200 GET http://10.180.1.21/identity/v3/roles 0.817s
2024-12-11 22:08:41.129 66147 INFO tempest.lib.common.rest_client [req-6c7d82a5-ddad-4d20-bfea-bde3c6826555 req-6c7d82a5-ddad-4d20-bfea-bde3c6826555 ] Request (FlavorsV2TestJSON:setUpClass): 204 PUT http://10.180.1.21/identity/v3/projects/b1148ade22e64c80b993eb55564782ce/users/b54faf0e15924eafabce0a72721cae9e/roles/455ba87016654093be473d0dc6b519c2 0.856s
2024-12-11 22:08:41.129 66147 INFO tempest.lib.common.dynamic_creds [-] Dynamic test user b54faf0e15924eafabce0a72721cae9e is created with scope project and roles: ['member']
2024-12-11 22:08:41.130 66147 INFO tempest.lib.common.dynamic_creds [-] Acquired dynamic creds: credentials: Credentials: {'domain_id': 'default', 'domain_name': 'Default', 'username': 'tempest-FlavorsV2TestJSON-234756723-project-member', 'project_domain_id': 'default', 'project_domain_name': 'Default', 'project_id': 'b1148ade22e64c80b993eb55564782ce', 'project_name': 'tempest-FlavorsV2TestJSON-234756723', 'tenant_id': 'b1148ade22e64c80b993eb55564782ce', 'tenant_name': 'tempest-FlavorsV2TestJSON-234756723', 'user_domain_id': 'default', 'user_domain_name': 'Default', 'user_id': 'b54faf0e15924eafabce0a72721cae9e', 'system': None}, Network: None, Subnet: None, Router: None
2024-12-11 22:08:41.130 66147 INFO tempest.lib.common.dynamic_creds [-] Created isolated network resources for: credentials: Credentials: {'domain_id': 'default', 'domain_name': 'Default', 'username': 'tempest-FlavorsV2TestJSON-234756723-project-member', 'project_domain_id': 'default', 'project_domain_name': 'Default', 'project_id': 'b1148ade22e64c80b993eb55564782ce', 'project_name': 'tempest-FlavorsV2TestJSON-234756723', 'tenant_id': 'b1148ade22e64c80b993eb55564782ce', 'tenant_name': 'tempest-FlavorsV2TestJSON-234756723', 'user_domain_id': 'default', 'user_domain_name': 'Default', 'user_id': 'b54faf0e15924eafabce0a72721cae9e', 'system': None}, Network: None, Subnet: None, Router: None
2024-12-11 22:08:41.179 66166 INFO tempest.lib.common.rest_client [req-af061f52-3694-4a84-89a5-44e2d5ac570f req-af061f52-3694-4a84-89a5-44e2d5ac570f ] Request (FlavorMetadataValidation:tearDownClass): 201 POST http://10.180.1.21/identity/v3/auth/tokens 0.841s
2024-12-11 22:08:41.204 66163 INFO tempest.lib.common.rest_client [req-be61a025-facb-4d06-a45d-046f729c2974 req-be61a025-facb-4d06-a45d-046f729c2974 ] Request (FlavorsAccessNegativeTestJSON:setUpClass): 204 PUT http://10.180.1.21/identity/v3/projects/c23cd3aa6f7a4d64b4a893ea969ac738/users/105eda7c59de4293a4a140f514344aa4/roles/455ba87016654093be473d0dc6b519c2 0.848s
2024-12-11 22:08:41.205 66163 INFO tempest.lib.common.dynamic_creds [-] Dynamic test user 105eda7c59de4293a4a140f514344aa4 is created with scope project and roles: ['member']
2024-12-11 22:08:41.205 66163 INFO tempest.lib.common.dynamic_creds [-] Acquired dynamic creds: credentials: Credentials: {'domain_id': 'default', 'domain_name': 'Default', 'username': 'tempest-FlavorsAccessNegativeTestJSON-571347961-project-member', 'project_domain_id': 'default', 'project_domain_name': 'Default', 'project_id': 'c23cd3aa6f7a4d64b4a893ea969ac738', 'project_name': 'tempest-FlavorsAccessNegativeTestJSON-571347961', 'tenant_id': 'c23cd3aa6f7a4d64b4a893ea969ac738', 'tenant_name': 'tempest-FlavorsAccessNegativeTestJSON-571347961', 'user_domain_id': 'default', 'user_domain_name': 'Default', 'user_id': '105eda7c59de4293a4a140f514344aa4', 'system': None}, Network: None, Subnet: None, Router: None
2024-12-11 22:08:41.205 66163 INFO tempest.lib.common.dynamic_creds [-] Created isolated network resources for: credentials: Credentials: {'domain_id': 'default', 'domain_name': 'Default', 'username': 'tempest-FlavorsAccessNegativeTestJSON-571347961-project-member', 'project_domain_id': 'default', 'project_domain_name': 'Default', 'project_id': 'c23cd3aa6f7a4d64b4a893ea969ac738', 'project_name': 'tempest-FlavorsAccessNegativeTestJSON-571347961', 'tenant_id': 'c23cd3aa6f7a4d64b4a893ea969ac738', 'tenant_name': 'tempest-FlavorsAccessNegativeTestJSON-571347961', 'user_domain_id': 'default', 'user_domain_name': 'Default', 'user_id': '105eda7c59de4293a4a140f514344aa4', 'system': None}, Network: None, Subnet: None, Router: None
2024-12-11 22:08:41.215 66161 INFO tempest.lib.common.rest_client [req-0f2a0a1e-10aa-4744-962d-0af86e551709 req-0f2a0a1e-10aa-4744-962d-0af86e551709 ] Request (HypervisorAdminNegativeTestJSON:tearDownClass): 204 DELETE http://10.180.1.21/identity/v3/users/2349002a6b664c7fad3373f7f01734c0 0.890s
2024-12-11 22:08:41.256 66177 INFO tempest.lib.common.rest_client [req-23891de2-9c91-42dc-8dd5-7a70e93290b9 req-23891de2-9c91-42dc-8dd5-7a70e93290b9 ] Request (FloatingIPsNegativeTestJSON:setUpClass): 201 POST http://10.180.1.21/identity/v3/auth/tokens 0.858s
2024-12-11 22:08:41.263 66133 INFO tempest.lib.common.rest_client [req-6ac2d1d7-45a0-48d4-8494-a417e21d1c0f req-6ac2d1d7-45a0-48d4-8494-a417e21d1c0f ] Request (HypervisorAdminV253TestBase:tearDownClass): 201 POST http://10.180.1.21/identity/v3/auth/tokens 0.816s
2024-12-11 22:08:41.287 66159 INFO tempest.lib.common.rest_client [req-a6e5b456-2d4f-4cc8-8197-aa6cc0acbaae req-a6e5b456-2d4f-4cc8-8197-aa6cc0acbaae ] Request (QuotasAdminNegativeTest:setUpClass): 204 PUT http://10.180.1.21/identity/v3/projects/96f3640d83fd4c6e96765a3e687b8ef0/users/31e072087d6249e7896db4689b4044a6/roles/455ba87016654093be473d0dc6b519c2 0.803s
2024-12-11 22:08:41.287 66159 INFO tempest.lib.common.dynamic_creds [-] Dynamic test user 31e072087d6249e7896db4689b4044a6 is created with scope project and roles: ['member']
2024-12-11 22:08:41.287 66159 INFO tempest.lib.common.dynamic_creds [-] Acquired dynamic creds: credentials: Credentials: {'domain_id': 'default', 'domain_name': 'Default', 'username': 'tempest-QuotasAdminNegativeTest-1636148740-project-member', 'project_domain_id': 'default', 'project_domain_name': 'Default', 'project_id': '96f3640d83fd4c6e96765a3e687b8ef0', 'project_name': 'tempest-QuotasAdminNegativeTest-1636148740', 'tenant_id': '96f3640d83fd4c6e96765a3e687b8ef0', 'tenant_name': 'tempest-QuotasAdminNegativeTest-1636148740', 'user_domain_id': 'default', 'user_domain_name': 'Default', 'user_id': '31e072087d6249e7896db4689b4044a6', 'system': None}, Network: None, Subnet: None, Router: None
2024-12-11 22:08:41.288 66159 INFO tempest.lib.common.dynamic_creds [-] Created isolated network resources for: credentials: Credentials: {'domain_id': 'default', 'domain_name': 'Default', 'username': 'tempest-QuotasAdminNegativeTest-1636148740-project-member', 'project_domain_id': 'default', 'project_domain_name': 'Default', 'project_id': '96f3640d83fd4c6e96765a3e687b8ef0', 'project_name': 'tempest-QuotasAdminNegativeTest-1636148740', 'tenant_id': '96f3640d83fd4c6e96765a3e687b8ef0', 'tenant_name': 'tempest-QuotasAdminNegativeTest-1636148740', 'user_domain_id': 'default', 'user_domain_name': 'Default', 'user_id': '31e072087d6249e7896db4689b4044a6', 'system': None}, Network: None, Subnet: None, Router: None
2024-12-11 22:08:41.292 66169 INFO tempest.lib.common.rest_client [req-19c47489-9af6-41ff-afba-d36529c6a9b9 req-19c47489-9af6-41ff-afba-d36529c6a9b9 ] Request (FlavorsAccessTestJSON:setUpClass): 204 PUT http://10.180.1.21/identity/v3/projects/42b0a853de3745e0858db84e3bc60c9c/users/e0f1fab80faa4251bbdb1ba3715cbf92/roles/455ba87016654093be473d0dc6b519c2 0.797s
2024-12-11 22:08:41.293 66169 INFO tempest.lib.common.dynamic_creds [-] Dynamic test user e0f1fab80faa4251bbdb1ba3715cbf92 is created with scope project and roles: ['member']
2024-12-11 22:08:41.293 66169 INFO tempest.lib.common.dynamic_creds [-] Acquired dynamic creds: credentials: Credentials: {'domain_id': 'default', 'domain_name': 'Default', 'username': 'tempest-FlavorsAccessTestJSON-1710357573-project-member', 'project_domain_id': 'default', 'project_domain_name': 'Default', 'project_id': '42b0a853de3745e0858db84e3bc60c9c', 'project_name': 'tempest-FlavorsAccessTestJSON-1710357573', 'tenant_id': '42b0a853de3745e0858db84e3bc60c9c', 'tenant_name': 'tempest-FlavorsAccessTestJSON-1710357573', 'user_domain_id': 'default', 'user_domain_name': 'Default', 'user_id': 'e0f1fab80faa4251bbdb1ba3715cbf92', 'system': None}, Network: None, Subnet: None, Router: None
2024-12-11 22:08:41.293 66169 INFO tempest.lib.common.dynamic_creds [-] Created isolated network resources for: credentials: Credentials: {'domain_id': 'default', 'domain_name': 'Default', 'username': 'tempest-FlavorsAccessTestJSON-1710357573-project-member', 'project_domain_id': 'default', 'project_domain_name': 'Default', 'project_id': '42b0a853de3745e0858db84e3bc60c9c', 'project_name': 'tempest-FlavorsAccessTestJSON-1710357573', 'tenant_id': '42b0a853de3745e0858db84e3bc60c9c', 'tenant_name': 'tempest-FlavorsAccessTestJSON-1710357573', 'user_domain_id': 'default', 'user_domain_name': 'Default', 'user_id': 'e0f1fab80faa4251bbdb1ba3715cbf92', 'system': None}, Network: None, Subnet: None, Router: None
2024-12-11 22:08:41.343 66167 INFO tempest.lib.common.rest_client [req-bf63497d-4bf1-4519-8274-5110159b2d53 req-bf63497d-4bf1-4519-8274-5110159b2d53 ] Request (FlavorsV255TestJSON:setUpClass): 204 PUT http://10.180.1.21/identity/v3/projects/6ffb69934a754f08bffd5431e38a8cc6/users/3229c2930ef34a6c917db8198bdaa2b0/roles/455ba87016654093be473d0dc6b519c2 0.822s
2024-12-11 22:08:41.343 66167 INFO tempest.lib.common.dynamic_creds [-] Dynamic test user 3229c2930ef34a6c917db8198bdaa2b0 is created with scope project and roles: ['member']
2024-12-11 22:08:41.343 66167 INFO tempest.lib.common.dynamic_creds [-] Acquired dynamic creds: credentials: Credentials: {'domain_id': 'default', 'domain_name': 'Default', 'username': 'tempest-FlavorsV255TestJSON-291382116-project-member', 'project_domain_id': 'default', 'project_domain_name': 'Default', 'project_id': '6ffb69934a754f08bffd5431e38a8cc6', 'project_name': 'tempest-FlavorsV255TestJSON-291382116', 'tenant_id': '6ffb69934a754f08bffd5431e38a8cc6', 'tenant_name': 'tempest-FlavorsV255TestJSON-291382116', 'user_domain_id': 'default', 'user_domain_name': 'Default', 'user_id': '3229c2930ef34a6c917db8198bdaa2b0', 'system': None}, Network: None, Subnet: None, Router: None
2024-12-11 22:08:41.343 66167 INFO tempest.lib.common.dynamic_creds [-] Created isolated network resources for: credentials: Credentials: {'domain_id': 'default', 'domain_name': 'Default', 'username': 'tempest-FlavorsV255TestJSON-291382116-project-member', 'project_domain_id': 'default', 'project_domain_name': 'Default', 'project_id': '6ffb69934a754f08bffd5431e38a8cc6', 'project_name': 'tempest-FlavorsV255TestJSON-291382116', 'tenant_id': '6ffb69934a754f08bffd5431e38a8cc6', 'tenant_name': 'tempest-FlavorsV255TestJSON-291382116', 'user_domain_id': 'default', 'user_domain_name': 'Default', 'user_id': '3229c2930ef34a6c917db8198bdaa2b0', 'system': None}, Network: None, Subnet: None, Router: None
2024-12-11 22:08:41.349 66171 INFO tempest.lib.common.rest_client [req-7167f525-13d3-45b7-8418-a3f13c24afa2 req-7167f525-13d3-45b7-8418-a3f13c24afa2 ] Request (InstanceUsageAuditLogTestJSON:setUpClass): 204 PUT http://10.180.1.21/identity/v3/projects/a7ac4b41e5b54c309f760a5b053b46ef/users/81e260ef97314256b21893e7855ad671/roles/455ba87016654093be473d0dc6b519c2 0.847s
2024-12-11 22:08:41.350 66171 INFO tempest.lib.common.dynamic_creds [-] Dynamic test user 81e260ef97314256b21893e7855ad671 is created with scope project and roles: ['member']
2024-12-11 22:08:41.350 66171 INFO tempest.lib.common.dynamic_creds [-] Acquired dynamic creds: credentials: Credentials: {'domain_id': 'default', 'domain_name': 'Default', 'username': 'tempest-InstanceUsageAuditLogTestJSON-944184815-project-member', 'project_domain_id': 'default', 'project_domain_name': 'Default', 'project_id': 'a7ac4b41e5b54c309f760a5b053b46ef', 'project_name': 'tempest-InstanceUsageAuditLogTestJSON-944184815', 'tenant_id': 'a7ac4b41e5b54c309f760a5b053b46ef', 'tenant_name': 'tempest-InstanceUsageAuditLogTestJSON-944184815', 'user_domain_id': 'default', 'user_domain_name': 'Default', 'user_id': '81e260ef97314256b21893e7855ad671', 'system': None}, Network: None, Subnet: None, Router: None
2024-12-11 22:08:41.350 66171 INFO tempest.lib.common.dynamic_creds [-] Created isolated network resources for: credentials: Credentials: {'domain_id': 'default', 'domain_name': 'Default', 'username': 'tempest-InstanceUsageAuditLogTestJSON-944184815-project-member', 'project_domain_id': 'default', 'project_domain_name': 'Default', 'project_id': 'a7ac4b41e5b54c309f760a5b053b46ef', 'project_name': 'tempest-InstanceUsageAuditLogTestJSON-944184815', 'tenant_id': 'a7ac4b41e5b54c309f760a5b053b46ef', 'tenant_name': 'tempest-InstanceUsageAuditLogTestJSON-944184815', 'user_domain_id': 'default', 'user_domain_name': 'Default', 'user_id': '81e260ef97314256b21893e7855ad671', 'system': None}, Network: None, Subnet: None, Router: None
2024-12-11 22:08:41.395 66151 INFO tempest.lib.common.rest_client [req-02133772-fbdf-451f-afab-f77b97b2fc05 req-02133772-fbdf-451f-afab-f77b97b2fc05 ] Request (MigrationsAdminTest:setUpClass): 201 POST http://10.180.1.21/identity/v3/auth/tokens 0.869s
2024-12-11 22:08:41.398 66139 INFO tempest.lib.common.rest_client [req-7fbd8183-059d-41f7-a373-7717b353243f req-7fbd8183-059d-41f7-a373-7717b353243f ] Request (VolumesAssistedSnapshotsTest:setUpClass): 201 POST http://10.180.1.21/identity/v3/auth/tokens 0.823s
2024-12-11 22:08:41.419 66135 INFO tempest.lib.common.rest_client [req-4078c9de-e174-4a89-a3d7-f13915f56078 req-4078c9de-e174-4a89-a3d7-f13915f56078 ] Request (DeleteServersAdminTestJSON:setUpClass): 201 POST http://10.180.1.21/identity/v3/users 0.792s
2024-12-11 22:08:41.421 66149 INFO tempest.lib.common.rest_client [req-9af6e3ac-f4cf-4fd1-9c37-a09021714a98 req-9af6e3ac-f4cf-4fd1-9c37-a09021714a98 ] Request (NetworksTest:setUpClass): 201 POST http://10.180.1.21/identity/v3/projects 0.842s
2024-12-11 22:08:41.469 66125 INFO tempest.lib.common.rest_client [req-7b5882df-2433-4a9c-bd58-b02f0a9415f8 req-7b5882df-2433-4a9c-bd58-b02f0a9415f8 ] Request (FlavorsAdminTestJSON:setUpClass): 201 POST http://10.180.1.21/identity/v3/users 0.787s
2024-12-11 22:08:41.527 66155 INFO tempest.lib.common.rest_client [req-16ac6e2f-e14d-4a1e-95e9-e9ea50ad5521 req-16ac6e2f-e14d-4a1e-95e9-e9ea50ad5521 ] Request (ServersAdmin275Test:setUpClass): 201 POST http://10.180.1.21/identity/v3/auth/tokens 0.790s
2024-12-11 22:08:41.544 66153 INFO tempest.lib.common.rest_client [req-e74e035b-4ad7-4ccb-a66c-21be2921170c req-e74e035b-4ad7-4ccb-a66c-21be2921170c ] Request (FloatingIPsAssociationTestJSON:setUpClass): 201 POST http://10.180.1.21/identity/v3/auth/tokens 0.807s
2024-12-11 22:08:41.575 66123 INFO tempest.lib.common.rest_client [req-6cbf6a46-089f-4433-ac77-d372253c29b2 req-6cbf6a46-089f-4433-ac77-d372253c29b2 ] Request (HypervisorAdminTestJSON:setUpClass): 201 POST http://10.180.1.21/identity/v3/projects 0.788s
2024-12-11 22:08:41.585 66119 INFO tempest.lib.common.rest_client [req-8f726167-bdd7-4c76-a348-3d16b5440da6 req-8f726167-bdd7-4c76-a348-3d16b5440da6 ] Request (ImagesMetadataNegativeTestJSON:setUpClass): 201 POST http://10.180.1.21/identity/v3/auth/tokens 0.842s
2024-12-11 22:08:41.643 66145 INFO tempest.lib.common.rest_client [req-b22f02d0-0a0c-4fa5-9cfa-8cbaa53b300a req-b22f02d0-0a0c-4fa5-9cfa-8cbaa53b300a ] Request (AggregatesAdminNegativeTestJSON:setUpClass): 201 POST http://10.180.1.21/identity/v3/auth/tokens 0.819s
2024-12-11 22:08:41.652 66157 INFO tempest.lib.common.rest_client [req-7b4a5847-4cce-45ca-b52e-abcf8baa4307 req-7b4a5847-4cce-45ca-b52e-abcf8baa4307 ] Request (AZAdminV2TestJSON:tearDownClass): 204 DELETE http://10.180.1.21/identity/v3/users/3a0607c6a5e5464e86dc6493ee21dac7 0.831s
2024-12-11 22:08:41.672 66179 INFO tempest.lib.common.rest_client [req-22f146ce-d2f7-4ff8-9e2e-dcd07a9e2a6c req-22f146ce-d2f7-4ff8-9e2e-dcd07a9e2a6c ] Request (FloatingIPsTestJSON:setUpClass): 201 POST http://10.180.1.21:9696/networking/v2.0/networks 1.046s
2024-12-11 22:08:41.696 66129 INFO tempest.lib.common.rest_client [req-ccc4727a-337d-4a80-a314-d2206779febe req-ccc4727a-337d-4a80-a314-d2206779febe ] Request (QuotasAdminTestJSON:setUpClass): 201 POST http://10.180.1.21/identity/v3/projects 0.818s
2024-12-11 22:08:41.700 66181 INFO tempest.lib.common.rest_client [req-28df2365-9e13-48ce-a11c-08e6fb8622c9 req-28df2365-9e13-48ce-a11c-08e6fb8622c9 ] Request (InstanceActionsNegativeTestJSON:setUpClass): 201 POST http://10.180.1.21/identity/v3/auth/tokens 0.820s
2024-12-11 22:08:41.750 66175 INFO tempest.lib.common.rest_client [req-cc79cdf4-6f9e-46d8-ba01-6e5d384ddc59 req-cc79cdf4-6f9e-46d8-ba01-6e5d384ddc59 ] Request (TenantUsagesTestJSON:setUpClass): 201 POST http://10.180.1.21/identity/v3/auth/tokens 0.812s
2024-12-11 22:08:41.755 66173 INFO tempest.lib.common.rest_client [req-69f35399-d77b-416f-91f6-03c07afd2eab req-69f35399-d77b-416f-91f6-03c07afd2eab ] Request (FlavorsExtraSpecsTestJSON:setUpClass): 201 POST http://10.180.1.21/identity/v3/auth/tokens 0.816s
2024-12-11 22:08:41.799 66141 INFO tempest.lib.common.rest_client [req-24abf788-310b-42a3-b497-d9187c042c3e req-24abf788-310b-42a3-b497-d9187c042c3e ] Request (HypervisorAdminNegativeUnderV252Test:setUpClass): 200 GET http://10.180.1.21/identity/v3/roles 0.807s
2024-12-11 22:08:41.813 66179 INFO tempest.lib.common.rest_client [req-177f3772-d71a-492e-90da-1aad3377089c req-177f3772-d71a-492e-90da-1aad3377089c ] Request (FloatingIPsTestJSON:setUpClass): 201 POST http://10.180.1.21:9696/networking/v2.0/subnets 0.141s
2024-12-11 22:08:41.814 66143 INFO tempest.lib.common.rest_client [req-73d71ca6-fc1a-4215-8ad5-51af48b575fb req-73d71ca6-fc1a-4215-8ad5-51af48b575fb ] Request (FlavorsExtraSpecsNegativeTestJSON:setUpClass): 201 POST http://10.180.1.21/identity/v3/auth/tokens 0.815s
2024-12-11 22:08:41.832 66137 INFO tempest.lib.common.rest_client [req-24829f36-fa50-4d27-929c-a1ec7d737fa5 req-24829f36-fa50-4d27-929c-a1ec7d737fa5 ] Request (AZAdminNegativeTestJSON:setUpClass): 201 POST http://10.180.1.21/identity/v3/projects 0.785s
2024-12-11 22:08:41.869 66121 INFO tempest.lib.common.rest_client [req-f45afab2-a19c-41c0-af97-8f6a909e314a req-f45afab2-a19c-41c0-af97-8f6a909e314a ] Request (InstanceUsageAuditLogNegativeTestJSON:setUpClass): 201 POST http://10.180.1.21/identity/v3/auth/tokens 0.792s
2024-12-11 22:08:41.889 66127 INFO tempest.lib.common.rest_client [req-9c451e08-aa0d-4484-9808-98f58b8c4e69 req-9c451e08-aa0d-4484-9808-98f58b8c4e69 ] Request (ServicesAdminNegativeTestJSON:setUpClass): 201 POST http://10.180.1.21/identity/v3/projects 0.786s
2024-12-11 22:08:41.898 66131 INFO tempest.lib.common.rest_client [req-7eb3d692-6daf-415f-b662-e63aa51b888b req-7eb3d692-6daf-415f-b662-e63aa51b888b ] Request (HypervisorAdminUnderV252Test:setUpClass): 204 PUT http://10.180.1.21/identity/v3/projects/3bea2d7a80ec4ea9a7719931e1db4323/users/8e4feb5900d24215bfd6747dc57ab45e/roles/51bfea76ecd34cddadef977ddaab8828 0.777s
2024-12-11 22:08:41.944 66147 INFO tempest.lib.common.rest_client [req-4526fc2d-0093-403a-b758-0e897d1a7bc2 req-4526fc2d-0093-403a-b758-0e897d1a7bc2 ] Request (FlavorsV2TestJSON:setUpClass): 201 POST http://10.180.1.21/identity/v3/auth/tokens 0.810s
2024-12-11 22:08:42.001 66163 INFO tempest.lib.common.rest_client [req-95f100c6-10c5-48b6-99ec-d7be61982dbe req-95f100c6-10c5-48b6-99ec-d7be61982dbe ] Request (FlavorsAccessNegativeTestJSON:setUpClass): 201 POST http://10.180.1.21/identity/v3/auth/tokens 0.792s
2024-12-11 22:08:42.041 66161 INFO tempest.lib.common.rest_client [req-441d6142-2b4e-4fc9-8043-c098ed34a6b8 req-441d6142-2b4e-4fc9-8043-c098ed34a6b8 ] Request (HypervisorAdminNegativeTestJSON:tearDownClass): 204 DELETE http://10.180.1.21/identity/v3/users/d9c259ffbad041c2a5ad4786be4952fb 0.826s
2024-12-11 22:08:42.042 66161 INFO tempest.lib.common.dynamic_creds [-] Deleting project and security group for project: 2962cd81469e444f9c4db3a3168d1329
2024-12-11 22:08:42.078 66166 INFO tempest.lib.common.rest_client [req-a62414e2-4212-4e1a-9043-fcf6e18050b7 req-a62414e2-4212-4e1a-9043-fcf6e18050b7 ] Request (FlavorMetadataValidation:tearDownClass): 200 GET http://10.180.1.21:9696/networking/v2.0/security-groups?tenant_id=c1c8ecb73b4846709ed12cc6592cfae5&name=default 0.898s
2024-12-11 22:08:42.133 66159 INFO tempest.lib.common.rest_client [req-7140bdbe-cb27-40db-a8a9-086474416e82 req-7140bdbe-cb27-40db-a8a9-086474416e82 ] Request (QuotasAdminNegativeTest:setUpClass): 201 POST http://10.180.1.21/identity/v3/auth/tokens 0.842s
2024-12-11 22:08:42.183 66169 INFO tempest.lib.common.rest_client [req-dbc0733e-c664-4ba2-b6e8-734c740c641d req-dbc0733e-c664-4ba2-b6e8-734c740c641d ] Request (FlavorsAccessTestJSON:setUpClass): 201 POST http://10.180.1.21/identity/v3/auth/tokens 0.887s
2024-12-11 22:08:42.187 66167 INFO tempest.lib.common.rest_client [req-a96517b1-af76-455a-af5b-cba843100600 req-a96517b1-af76-455a-af5b-cba843100600 ] Request (FlavorsV255TestJSON:setUpClass): 201 POST http://10.180.1.21/identity/v3/auth/tokens 0.841s
2024-12-11 22:08:42.216 66151 INFO tempest.lib.common.rest_client [req-1d349763-bef9-4b69-b9ba-4a72ea544ce5 req-1d349763-bef9-4b69-b9ba-4a72ea544ce5 ] Request (MigrationsAdminTest:setUpClass): 201 POST http://10.180.1.21/identity/v3/projects 0.821s
2024-12-11 22:08:42.220 66166 INFO tempest.lib.common.rest_client [req-d8baebb9-1b4c-4682-b9d9-224036e4b4a9 req-d8baebb9-1b4c-4682-b9d9-224036e4b4a9 ] Request (FlavorMetadataValidation:tearDownClass): 204 DELETE http://10.180.1.21:9696/networking/v2.0/security-groups/cd17496e-b4de-4752-aad7-7c53c155106f 0.141s
2024-12-11 22:08:42.245 66171 INFO tempest.lib.common.rest_client [req-326df2f4-8fd4-46ff-a51a-e58b5eb41f76 req-326df2f4-8fd4-46ff-a51a-e58b5eb41f76 ] Request (InstanceUsageAuditLogTestJSON:setUpClass): 201 POST http://10.180.1.21/identity/v3/auth/tokens 0.891s
2024-12-11 22:08:42.270 66133 INFO tempest.lib.common.rest_client [req-b6f3f7f0-8d9e-4f55-9a51-3a3b07a5fb22 req-b6f3f7f0-8d9e-4f55-9a51-3a3b07a5fb22 ] Request (HypervisorAdminV253TestBase:tearDownClass): 200 GET http://10.180.1.21:9696/networking/v2.0/security-groups?tenant_id=bc04d91b84d94046b1698d9e3008e8ad&name=default 1.007s
2024-12-11 22:08:42.292 66135 INFO tempest.lib.common.rest_client [req-cf862cee-4844-463b-a20b-b0fa908c9d44 req-cf862cee-4844-463b-a20b-b0fa908c9d44 ] Request (DeleteServersAdminTestJSON:setUpClass): 200 GET http://10.180.1.21/identity/v3/roles 0.872s
2024-12-11 22:08:42.299 66177 INFO tempest.lib.common.rest_client [req-1500ccfc-3dc2-4d68-9aae-cb93e342dd40 req-1500ccfc-3dc2-4d68-9aae-cb93e342dd40 ] Request (FloatingIPsNegativeTestJSON:setUpClass): 201 POST http://10.180.1.21:9696/networking/v2.0/networks 1.042s
2024-12-11 22:08:42.314 66125 INFO tempest.lib.common.rest_client [req-ae0195f1-886c-4beb-a876-3035977422c6 req-ae0195f1-886c-4beb-a876-3035977422c6 ] Request (FlavorsAdminTestJSON:setUpClass): 200 GET http://10.180.1.21/identity/v3/roles 0.845s
2024-12-11 22:08:42.317 66149 INFO tempest.lib.common.rest_client [req-c2070e8f-8b0b-40bb-8824-59961194f8b2 req-c2070e8f-8b0b-40bb-8824-59961194f8b2 ] Request (NetworksTest:setUpClass): 201 POST http://10.180.1.21/identity/v3/users 0.896s
2024-12-11 22:08:42.346 66155 INFO tempest.lib.common.rest_client [req-21486114-2ca6-40a5-be64-b8a9c2f1af63 req-21486114-2ca6-40a5-be64-b8a9c2f1af63 ] Request (ServersAdmin275Test:setUpClass): 201 POST http://10.180.1.21/identity/v3/projects 0.819s
2024-12-11 22:08:42.364 66153 INFO tempest.lib.common.rest_client [req-f206172e-7466-4d6c-87f6-90ada11a3e34 req-f206172e-7466-4d6c-87f6-90ada11a3e34 ] Request (FloatingIPsAssociationTestJSON:setUpClass): 201 POST http://10.180.1.21/identity/v3/auth/tokens 0.814s
2024-12-11 22:08:42.364 66153 INFO tempest.lib.common.fixed_network [-] (FloatingIPsAssociationTestJSON:setUpClass) Found network {'id': '93471a4c-8043-41bc-9a6c-49116ad50d1a', 'name': 'tempest-FloatingIPsAssociationTestJSON-2104534686-network', 'tenant_id': '5d188021b90b4a7cb04521e090d0c1c8', 'admin_state_up': True, 'mtu': 8950, 'status': 'ACTIVE', 'subnets': [], 'shared': False, 'project_id': '5d188021b90b4a7cb04521e090d0c1c8', 'port_security_enabled': True, 'router:external': False, 'provider:network_type': 'vlan', 'provider:physical_network': 'default', 'provider:segmentation_id': 566, 'availability_zone_hints': [], 'availability_zones': [], 'ipv4_address_scope': None, 'ipv6_address_scope': None, 'description': '', 'tags': [], 'created_at': '2024-12-11T22:08:38Z', 'updated_at': '2024-12-11T22:08:38Z', 'revision_number': 1} available for tenant
2024-12-11 22:08:42.398 66123 INFO tempest.lib.common.rest_client [req-310e33ba-3c23-4256-a8e1-33dddba55115 req-310e33ba-3c23-4256-a8e1-33dddba55115 ] Request (HypervisorAdminTestJSON:setUpClass): 201 POST http://10.180.1.21/identity/v3/users 0.823s
2024-12-11 22:08:42.427 66145 INFO tempest.lib.common.rest_client [req-dd3fa2f4-98a4-4219-ae08-2dfb251d4951 req-dd3fa2f4-98a4-4219-ae08-2dfb251d4951 ] Request (AggregatesAdminNegativeTestJSON:setUpClass): 201 POST http://10.180.1.21/identity/v3/projects 0.784s
2024-12-11 22:08:42.440 66177 INFO tempest.lib.common.rest_client [req-21b7a1af-3c85-411c-949a-2e16d700669e req-21b7a1af-3c85-411c-949a-2e16d700669e ] Request (FloatingIPsNegativeTestJSON:setUpClass): 201 POST http://10.180.1.21:9696/networking/v2.0/subnets 0.141s
2024-12-11 22:08:42.467 66133 INFO tempest.lib.common.rest_client [req-e4753c48-b7e8-4fd3-a7fe-e830612921b6 req-e4753c48-b7e8-4fd3-a7fe-e830612921b6 ] Request (HypervisorAdminV253TestBase:tearDownClass): 204 DELETE http://10.180.1.21:9696/networking/v2.0/security-groups/3cbbe1c1-768a-49fc-858a-884c21fef8e0 0.196s
2024-12-11 22:08:42.506 66129 INFO tempest.lib.common.rest_client [req-bc235c19-7a69-422a-882b-e274b5fbd756 req-bc235c19-7a69-422a-882b-e274b5fbd756 ] Request (QuotasAdminTestJSON:setUpClass): 201 POST http://10.180.1.21/identity/v3/users 0.809s
2024-12-11 22:08:42.515 66157 INFO tempest.lib.common.rest_client [req-cfb84388-379b-47b8-9477-9fd03cc45b6c req-cfb84388-379b-47b8-9477-9fd03cc45b6c ] Request (AZAdminV2TestJSON:tearDownClass): 204 DELETE http://10.180.1.21/identity/v3/users/6ebdfc808b424fdcbd98185e6ad23600 0.862s
2024-12-11 22:08:42.515 66157 INFO tempest.lib.common.dynamic_creds [-] Deleting project and security group for project: 259a068fc88a400785c31e36f7cf9d55
2024-12-11 22:08:42.572 66175 INFO tempest.lib.common.rest_client [req-b2bbcac1-0c33-4f0e-a048-b7f6f012a226 req-b2bbcac1-0c33-4f0e-a048-b7f6f012a226 ] Request (TenantUsagesTestJSON:setUpClass): 201 POST http://10.180.1.21/identity/v3/projects 0.820s
2024-12-11 22:08:42.628 66141 INFO tempest.lib.common.rest_client [req-7643577a-d66e-4aab-8f07-2a17944c6bbd req-7643577a-d66e-4aab-8f07-2a17944c6bbd ] Request (HypervisorAdminNegativeUnderV252Test:setUpClass): 204 PUT http://10.180.1.21/identity/v3/projects/5fe10602fb874db79dd8999ccba2b49a/users/2fce2ee24f4e484795dea0f8a88d8cd9/roles/51bfea76ecd34cddadef977ddaab8828 0.827s
2024-12-11 22:08:42.628 66141 INFO tempest.lib.common.dynamic_creds [-] Dynamic test user 2fce2ee24f4e484795dea0f8a88d8cd9 is created with scope project and roles: ['admin']
2024-12-11 22:08:42.628 66141 INFO tempest.lib.common.dynamic_creds [-] Acquired dynamic creds: credentials: Credentials: {'domain_id': 'default', 'domain_name': 'Default', 'username': 'tempest-HypervisorAdminNegativeUnderV252Test-1973468805-project-admin', 'project_domain_id': 'default', 'project_domain_name': 'Default', 'project_id': '5fe10602fb874db79dd8999ccba2b49a', 'project_name': 'tempest-HypervisorAdminNegativeUnderV252Test-1973468805', 'tenant_id': '5fe10602fb874db79dd8999ccba2b49a', 'tenant_name': 'tempest-HypervisorAdminNegativeUnderV252Test-1973468805', 'user_domain_id': 'default', 'user_domain_name': 'Default', 'user_id': '2fce2ee24f4e484795dea0f8a88d8cd9', 'system': None}, Network: None, Subnet: None, Router: None
2024-12-11 22:08:42.628 66141 INFO tempest.lib.common.dynamic_creds [-] Created isolated network resources for: credentials: Credentials: {'domain_id': 'default', 'domain_name': 'Default', 'username': 'tempest-HypervisorAdminNegativeUnderV252Test-1973468805-project-admin', 'project_domain_id': 'default', 'project_domain_name': 'Default', 'project_id': '5fe10602fb874db79dd8999ccba2b49a', 'project_name': 'tempest-HypervisorAdminNegativeUnderV252Test-1973468805', 'tenant_id': '5fe10602fb874db79dd8999ccba2b49a', 'tenant_name': 'tempest-HypervisorAdminNegativeUnderV252Test-1973468805', 'user_domain_id': 'default', 'user_domain_name': 'Default', 'user_id': '2fce2ee24f4e484795dea0f8a88d8cd9', 'system': None}, Network: None, Subnet: None, Router: None
2024-12-11 22:08:42.630 66173 INFO tempest.lib.common.rest_client [req-c99d4da7-24cc-45cb-97e6-93d4efde958b req-c99d4da7-24cc-45cb-97e6-93d4efde958b ] Request (FlavorsExtraSpecsTestJSON:setUpClass): 201 POST http://10.180.1.21/identity/v3/projects 0.875s
2024-12-11 22:08:42.673 66139 INFO tempest.lib.common.rest_client [req-438ae93b-66bd-4910-8aaa-3bdb9ad713ff req-438ae93b-66bd-4910-8aaa-3bdb9ad713ff ] Request (VolumesAssistedSnapshotsTest:setUpClass): 201 POST http://10.180.1.21:9696/networking/v2.0/networks 1.274s
2024-12-11 22:08:42.687 66137 INFO tempest.lib.common.rest_client [req-896b5ac5-7c44-4814-9659-7cce55398fbe req-896b5ac5-7c44-4814-9659-7cce55398fbe ] Request (AZAdminNegativeTestJSON:setUpClass): 201 POST http://10.180.1.21/identity/v3/users 0.854s
