2024-12-11 22:08:53.741 66181 INFO tempest.lib.common.rest_client [req-e43b9cf5-f501-44d6-8fac-3f8e21f196c6 req-e43b9cf5-f501-44d6-8fac-3f8e21f196c6 ] Request (InstanceActionsNegativeTestJSON:setUpClass): 200 GET http://10.180.1.21/compute/v2.1/servers/827b0887-2132-49af-bcce-cedc7237245d 1.317s
2024-12-11 22:08:53.752 66171 INFO tempest.lib.common.rest_client [req-c74235a9-c524-43b0-b769-f3a2ee181ea7 req-c74235a9-c524-43b0-b769-f3a2ee181ea7 ] Request (QuotaClassesAdmin257Test:setUpClass): 200 GET http://10.180.1.21/identity/v3/roles 0.051s
2024-12-11 22:08:53.780 66171 INFO tempest.lib.common.rest_client [req-4936cf6a-8d1c-42ed-a2da-b723f21d66b4 req-4936cf6a-8d1c-42ed-a2da-b723f21d66b4 ] Request (QuotaClassesAdmin257Test:setUpClass): 204 PUT http://10.180.1.21/identity/v3/projects/e4967ace974e4893937eb395c82677ad/users/d21565351ecd48f897d8e095d8442d04/roles/51bfea76ecd34cddadef977ddaab8828 0.028s
2024-12-11 22:08:53.781 66171 INFO tempest.lib.common.dynamic_creds [-] Dynamic test user d21565351ecd48f897d8e095d8442d04 is created with scope project and roles: ['admin']
2024-12-11 22:08:53.781 66171 INFO tempest.lib.common.dynamic_creds [-] Acquired dynamic creds: credentials: Credentials: {'domain_id': 'default', 'domain_name': 'Default', 'username': 'tempest-QuotaClassesAdmin257Test-1519982181-project-admin', 'project_domain_id': 'default', 'project_domain_name': 'Default', 'project_id': 'e4967ace974e4893937eb395c82677ad', 'project_name': 'tempest-QuotaClassesAdmin257Test-1519982181', 'tenant_id': 'e4967ace974e4893937eb395c82677ad', 'tenant_name': 'tempest-QuotaClassesAdmin257Test-1519982181', 'user_domain_id': 'default', 'user_domain_name': 'Default', 'user_id': 'd21565351ecd48f897d8e095d8442d04', 'system': None}, Network: None, Subnet: None, Router: None
2024-12-11 22:08:53.781 66171 INFO tempest.lib.common.dynamic_creds [-] Created isolated network resources for: credentials: Credentials: {'domain_id': 'default', 'domain_name': 'Default', 'username': 'tempest-QuotaClassesAdmin257Test-1519982181-project-admin', 'project_domain_id': 'default', 'project_domain_name': 'Default', 'project_id': 'e4967ace974e4893937eb395c82677ad', 'project_name': 'tempest-QuotaClassesAdmin257Test-1519982181', 'tenant_id': 'e4967ace974e4893937eb395c82677ad', 'tenant_name': 'tempest-QuotaClassesAdmin257Test-1519982181', 'user_domain_id': 'default', 'user_domain_name': 'Default', 'user_id': 'd21565351ecd48f897d8e095d8442d04', 'system': None}, Network: None, Subnet: None, Router: None
2024-12-11 22:08:53.788 66149 INFO tempest.lib.common.rest_client [req-db3c70d0-2705-4b56-9240-e04bef2b9e8d req-db3c70d0-2705-4b56-9240-e04bef2b9e8d ] Request (NetworksTest:tearDownClass): 200 GET http://10.180.1.21:9696/networking/v2.0/security-groups?tenant_id=5ec435f0ac784e5c9129c28497cf3d94&name=default 0.254s
2024-12-11 22:08:53.811 66121 INFO tempest.lib.common.rest_client [req-4f2cec2d-f02f-49df-875e-007769d41730 req-4f2cec2d-f02f-49df-875e-007769d41730 ] Request (InstanceUsageAuditLogNegativeTestJSON:tearDownClass): 204 DELETE http://10.180.1.21/identity/v3/projects/830293dc231c48fb972e7d7dfeea7f37 0.070s
2024-12-11 22:08:53.812 66121 INFO tempest.lib.common.dynamic_creds [-] Deleting project and security group for project: 3b6b20a9d95a469b8bb90bdbe8715b50
2024-12-11 22:08:53.814 66177 INFO tempest.lib.common.rest_client [req-0be659d8-1e74-4a8d-b30c-c4acaf1aad3b req-0be659d8-1e74-4a8d-b30c-c4acaf1aad3b ] Request (FloatingIPsNegativeTestJSON:tearDownClass): 204 DELETE http://10.180.1.21:9696/networking/v2.0/routers/851b9848-f69d-4f63-8c4c-2a16314a03c1 0.943s
2024-12-11 22:08:53.882 66171 INFO tempest.lib.common.rest_client [req-deceae45-9945-495e-8675-b98812313f30 req-deceae45-9945-495e-8675-b98812313f30 ] Request (QuotaClassesAdmin257Test:setUpClass): 201 POST http://10.180.1.21/identity/v3/auth/tokens 0.095s
2024-12-11 22:08:53.927 66139 INFO tempest.lib.common.rest_client [req-2d866bd1-9803-4ae5-817f-dbae4a0c5c60 req-2d866bd1-9803-4ae5-817f-dbae4a0c5c60 ] Request (VolumesAssistedSnapshotsTest:setUpClass): 201 POST http://10.180.1.21:9696/networking/v2.0/routers 2.408s
2024-12-11 22:08:53.939 66169 INFO tempest.lib.common.rest_client [req-54f40306-d167-4d9a-a8b7-1f94490b05e5 req-54f40306-d167-4d9a-a8b7-1f94490b05e5 ] Request (FlavorsAccessTestJSON:test_flavor_access_add_remove): 200 POST http://10.180.1.21/compute/v2.1/flavors/726220973/action 1.271s
2024-12-11 22:08:53.963 66125 INFO tempest.lib.common.rest_client [req-99d5cd8c-85fd-45d9-8be2-9cef82d6f47d req-99d5cd8c-85fd-45d9-8be2-9cef82d6f47d ] Request (FlavorsAdminTestJSON:test_create_flavor_verify_entry_in_list_details): 200 GET http://10.180.1.21/compute/v2.1/flavors/detail 1.271s
2024-12-11 22:08:53.976 66166 INFO tempest.lib.common.rest_client [req-6233a9de-a79b-4f56-b989-bdb6765daf37 req-6233a9de-a79b-4f56-b989-bdb6765daf37 ] Request (HypervisorAdminV228Test:tearDownClass): 204 DELETE http://10.180.1.21:9696/networking/v2.0/security-groups/eaef6f6f-1acc-49bc-ba1c-8f35c0df78b7 0.580s
2024-12-11 22:08:53.993 66131 INFO tempest.lib.common.rest_client [req-339eddf1-80fc-4b04-a601-98056bf608b6 req-339eddf1-80fc-4b04-a601-98056bf608b6 ] Request (HypervisorAdminUnderV252Test:tearDownClass): 200 GET http://10.180.1.21:9696/networking/v2.0/security-groups?tenant_id=c88e5c61fd8e4c77a4c92117fd22dd0c&name=default 0.639s
2024-12-11 22:08:54.018 66145 INFO tempest.lib.common.rest_client [req-16c56c5e-57e3-4c01-81b8-ad537914fbb2 req-16c56c5e-57e3-4c01-81b8-ad537914fbb2 ] Request (AggregatesAdminNegativeTestJSON:test_aggregate_add_existent_host): 409 POST http://10.180.1.21/compute/v2.1/os-aggregates/1/action 1.310s
2024-12-11 22:08:54.023 66149 INFO tempest.lib.common.rest_client [req-ce690bc7-535a-411b-9bcf-bba8ee537be0 req-ce690bc7-535a-411b-9bcf-bba8ee537be0 ] Request (NetworksTest:tearDownClass): 204 DELETE http://10.180.1.21:9696/networking/v2.0/security-groups/e7254962-080a-4438-90a1-7a28c5a597cd 0.234s
2024-12-11 22:08:54.030 66141 INFO tempest.lib.common.rest_client [req-e268809e-6826-41ae-9450-343cae34fd82 req-e268809e-6826-41ae-9450-343cae34fd82 ] Request (HypervisorAdminNegativeUnderV252Test:test_show_servers_with_nonexistent_hypervisor): 404 GET http://10.180.1.21/compute/v2.1/os-hypervisors/d8862a18-a021-4104-864c-9d82021d65cb/servers 1.310s
2024-12-11 22:08:54.042 66119 INFO tempest.lib.common.rest_client [req-621db810-7a22-4deb-ad3b-eeb3b2a95214 req-621db810-7a22-4deb-ad3b-eeb3b2a95214 ] Request (ImagesMetadataNegativeTestJSON:tearDownClass): 200 GET http://10.180.1.21:9696/networking/v2.0/security-groups?tenant_id=3848b99113ae4646bd01d82e99a7d888&name=default 0.367s
2024-12-11 22:08:54.085 66177 INFO tempest.lib.common.rest_client [req-178bc5ca-f82c-49af-8b9b-c7c5b8cf13d6 req-178bc5ca-f82c-49af-8b9b-c7c5b8cf13d6 ] Request (FloatingIPsNegativeTestJSON:tearDownClass): 204 DELETE http://10.180.1.21:9696/networking/v2.0/subnets/d2653438-f4eb-4b79-af10-1e18336e1132 0.271s
2024-12-11 22:08:54.089 66166 INFO tempest.lib.common.rest_client [req-73c72453-c6e2-471d-a185-a7e55595cce1 req-73c72453-c6e2-471d-a185-a7e55595cce1 ] Request (HypervisorAdminV228Test:tearDownClass): 204 DELETE http://10.180.1.21/identity/v3/projects/0adc7bbf389641c191a00a1b3b5901c4 0.112s
2024-12-11 22:08:54.090 66166 INFO tempest.test [-] raised in LiveMigrationRemoteConsolesV26Test.setUpClass. Invoking tearDownClass.
2024-12-11 22:08:54.096 66149 INFO tempest.lib.common.rest_client [req-53fcfb8a-364a-434c-80b1-3e52a719771a req-53fcfb8a-364a-434c-80b1-3e52a719771a ] Request (NetworksTest:tearDownClass): 204 DELETE http://10.180.1.21/identity/v3/projects/5ec435f0ac784e5c9129c28497cf3d94 0.072s
2024-12-11 22:08:54.181 66131 INFO tempest.lib.common.rest_client [req-38951139-e729-4726-9277-949e943aa7bb req-38951139-e729-4726-9277-949e943aa7bb ] Request (HypervisorAdminUnderV252Test:tearDownClass): 204 DELETE http://10.180.1.21:9696/networking/v2.0/security-groups/b3bbd3cf-4fcf-4cc8-a165-3c5db4407985 0.188s
2024-12-11 22:08:54.190 66141 INFO tempest.lib.common.rest_client [req-fcf9b13d-e748-405b-bc85-e625ccb577eb req-fcf9b13d-e748-405b-bc85-e625ccb577eb ] Request (HypervisorAdminNegativeUnderV252Test:tearDownClass): 204 DELETE http://10.180.1.21/identity/v3/users/f30217d01368423186f144a5963ddb0a 0.155s
2024-12-11 22:08:54.198 66119 INFO tempest.lib.common.rest_client [req-f4926b3e-d949-45b6-9eb9-4cccb90906a8 req-f4926b3e-d949-45b6-9eb9-4cccb90906a8 ] Request (ImagesMetadataNegativeTestJSON:tearDownClass): 204 DELETE http://10.180.1.21:9696/networking/v2.0/security-groups/1ad7e729-0746-4c98-ae7e-1b550a5b55ce 0.156s
2024-12-11 22:08:54.237 66129 INFO tempest.lib.common.rest_client [req-9061c781-0d8c-489e-8dab-d0b901f74a8c req-9061c781-0d8c-489e-8dab-d0b901f74a8c ] Request (QuotasAdminTestJSON:test_delete_quota): 200 GET http://10.180.1.21/compute/v2.1/os-quota-sets/74ddd2ac7a7f45f7ba65bceec76edca9 1.378s
2024-12-11 22:08:54.245 66166 INFO tempest.lib.common.rest_client [req-98be4546-224e-468a-b6f1-78c5b605ff18 req-98be4546-224e-468a-b6f1-78c5b605ff18 ] Request (ServersAaction247Test:setUpClass): 201 POST http://10.180.1.21/identity/v3/auth/tokens 0.151s
2024-12-11 22:08:54.276 66149 INFO tempest.lib.common.rest_client [req-6f9ed67e-84f3-400c-837f-2e8401f86ac8 req-6f9ed67e-84f3-400c-837f-2e8401f86ac8 ] Request (ServerDiagnosticsNegativeTest:setUpClass): 201 POST http://10.180.1.21/identity/v3/auth/tokens 0.178s
2024-12-11 22:08:54.304 66131 INFO tempest.lib.common.rest_client [req-7355a52c-84d1-4c11-adb0-1667c9602e51 req-7355a52c-84d1-4c11-adb0-1667c9602e51 ] Request (HypervisorAdminUnderV252Test:tearDownClass): 204 DELETE http://10.180.1.21/identity/v3/projects/c88e5c61fd8e4c77a4c92117fd22dd0c 0.122s
2024-12-11 22:08:54.307 66121 INFO tempest.lib.common.rest_client [req-10e05375-e188-4429-836f-3c6d467704c2 req-10e05375-e188-4429-836f-3c6d467704c2 ] Request (InstanceUsageAuditLogNegativeTestJSON:tearDownClass): 200 GET http://10.180.1.21:9696/networking/v2.0/security-groups?tenant_id=3b6b20a9d95a469b8bb90bdbe8715b50&name=default 0.496s
2024-12-11 22:08:54.372 66141 INFO tempest.lib.common.rest_client [req-2fd2e113-967e-4267-a2ee-4ad89f78608b req-2fd2e113-967e-4267-a2ee-4ad89f78608b ] Request (HypervisorAdminNegativeUnderV252Test:tearDownClass): 204 DELETE http://10.180.1.21/identity/v3/users/2fce2ee24f4e484795dea0f8a88d8cd9 0.181s
2024-12-11 22:08:54.372 66141 INFO tempest.lib.common.dynamic_creds [-] Deleting project and security group for project: 5fe10602fb874db79dd8999ccba2b49a
2024-12-11 22:08:54.409 66157 INFO tempest.lib.common.rest_client [req-96cd6a08-1f25-4d5b-abd5-5a9432c97cd0 req-96cd6a08-1f25-4d5b-abd5-5a9432c97cd0 ] Request (ServersWithSpecificFlavorTestJSON:setUpClass): 201 POST http://10.180.1.21:9696/networking/v2.0/routers 2.572s
2024-12-11 22:08:54.425 66119 INFO tempest.lib.common.rest_client [req-4ffe4a04-dd24-4463-9e43-f9fadcc760b1 req-4ffe4a04-dd24-4463-9e43-f9fadcc760b1 ] Request (ImagesMetadataNegativeTestJSON:tearDownClass): 204 DELETE http://10.180.1.21/identity/v3/projects/3848b99113ae4646bd01d82e99a7d888 0.226s
2024-12-11 22:08:54.486 66166 INFO tempest.lib.common.rest_client [req-165946ea-fa42-44c7-a166-7553b66ead1f req-165946ea-fa42-44c7-a166-7553b66ead1f ] Request (ServersAaction247Test:setUpClass): 201 POST http://10.180.1.21/identity/v3/auth/tokens 0.238s
2024-12-11 22:08:54.490 66177 INFO tempest.lib.common.rest_client [req-01021f45-fd19-4ab4-a85e-ef7d20459ec0 req-01021f45-fd19-4ab4-a85e-ef7d20459ec0 ] Request (FloatingIPsNegativeTestJSON:tearDownClass): 204 DELETE http://10.180.1.21:9696/networking/v2.0/networks/e7af264b-83d4-4cee-9ea7-9f7895b07ac0 0.404s
2024-12-11 22:08:54.507 66121 INFO tempest.lib.common.rest_client [req-7cecc350-ad8d-4248-8d7f-bc7ba7ccec60 req-7cecc350-ad8d-4248-8d7f-bc7ba7ccec60 ] Request (InstanceUsageAuditLogNegativeTestJSON:tearDownClass): 204 DELETE http://10.180.1.21:9696/networking/v2.0/security-groups/8f9d4e41-6e69-4a06-8eb5-d2f367221a5c 0.199s
2024-12-11 22:08:54.516 66179 INFO tempest.lib.common.rest_client [req-2da6f80d-25e5-4750-b619-ad5b37b035f0 req-2da6f80d-25e5-4750-b619-ad5b37b035f0 ] Request (FloatingIPsTestJSON:_run_cleanups): 202 DELETE http://10.180.1.21/compute/v2.1/os-floating-ips/05bd4fe2-babb-496a-b3c7-c81e8e494fe6 2.735s
2024-12-11 22:08:54.525 66129 INFO tempest.lib.common.rest_client [req-c323086e-634e-42d1-b31f-7eb34c97d19a req-c323086e-634e-42d1-b31f-7eb34c97d19a ] Request (QuotasAdminTestJSON:_run_cleanups): 204 DELETE http://10.180.1.21/identity/v3/projects/74ddd2ac7a7f45f7ba65bceec76edca9 0.286s
2024-12-11 22:08:54.554 66161 INFO tempest.lib.common.rest_client [req-5e47db8c-e55b-4e63-b9f3-1273ed689609 req-5e47db8c-e55b-4e63-b9f3-1273ed689609 ] Request (KeyPairsNegativeTestJSON:test_create_keypair_with_duplicate_name): 409 POST http://10.180.1.21/compute/v2.1/os-keypairs 1.458s
2024-12-11 22:08:54.562 66149 INFO tempest.lib.common.rest_client [req-56af8db9-c97c-4635-9c1d-0a840f59f307 req-56af8db9-c97c-4635-9c1d-0a840f59f307 ] Request (ServerDiagnosticsNegativeTest:setUpClass): 201 POST http://10.180.1.21/identity/v3/auth/tokens 0.283s
2024-12-11 22:08:54.575 66123 INFO tempest.lib.common.rest_client [req-ba1e699f-2b95-4652-8019-b894e1fe4fc0 req-ba1e699f-2b95-4652-8019-b894e1fe4fc0 ] Request (HypervisorAdminTestJSON:test_get_hypervisor_stats): 200 GET http://10.180.1.21/compute/v2.1/os-hypervisors/statistics 1.450s
2024-12-11 22:08:54.594 66131 INFO tempest.lib.common.rest_client [req-79690d2d-0d8a-4b93-8999-f5a1a6de7a92 req-79690d2d-0d8a-4b93-8999-f5a1a6de7a92 ] Request (AbsoluteLimitsNegativeTestJSON:setUpClass): 201 POST http://10.180.1.21/identity/v3/auth/tokens 0.289s
2024-12-11 22:08:54.622 66141 INFO tempest.lib.common.rest_client [req-9247c202-46b9-4166-a0ae-62fcf837ca17 req-9247c202-46b9-4166-a0ae-62fcf837ca17 ] Request (HypervisorAdminNegativeUnderV252Test:tearDownClass): 201 POST http://10.180.1.21/identity/v3/auth/tokens 0.249s
2024-12-11 22:08:54.641 66119 INFO tempest.lib.common.rest_client [req-192e5e08-6976-41b3-bfbf-4751357dc0bc req-192e5e08-6976-41b3-bfbf-4751357dc0bc ] Request (ListServersNegativeTestJSON:setUpClass): 201 POST http://10.180.1.21/identity/v3/auth/tokens 0.214s
2024-12-11 22:08:54.668 66151 INFO tempest.lib.common.rest_client [req-21bc79d9-28b9-4ade-b7cc-a0f0f1a92ac7 req-21bc79d9-28b9-4ade-b7cc-a0f0f1a92ac7 ] Request (MigrationsAdminTest:test_list_migrations_in_flavor_resize_situation): 200 GET http://10.180.1.21/compute/v2.1/servers/868cf942-f348-488d-b00a-af4c8b5efda5 1.413s
2024-12-11 22:08:54.670 66166 INFO tempest.lib.common.rest_client [req-02dfae81-aeab-41f4-8f03-b3b1741881f5 req-02dfae81-aeab-41f4-8f03-b3b1741881f5 ] Request (ServersAaction247Test:setUpClass): 200 GET http://10.180.1.21/identity/v3/domains?name=Default 0.183s
2024-12-11 22:08:54.704 66163 INFO tempest.lib.common.rest_client [req-660b5ecb-a893-42a2-91c3-4582f15be329 req-660b5ecb-a893-42a2-91c3-4582f15be329 ] Request (FlavorsAccessNegativeTestJSON:_run_cleanups): 200 POST http://10.180.1.21/compute/v2.1/flavors/1886748125/action 1.657s
2024-12-11 22:08:54.730 66177 INFO tempest.lib.common.rest_client [req-7b82d89d-de45-401a-b236-0d684676b0e5 req-7b82d89d-de45-401a-b236-0d684676b0e5 ] Request (FloatingIPsNegativeTestJSON:tearDownClass): 204 DELETE http://10.180.1.21/identity/v3/users/4617c14db95c4fe69f51e63f9ccb5171 0.240s
2024-12-11 22:08:54.731 66177 INFO tempest.lib.common.dynamic_creds [-] Deleting project and security group for project: 9c6c695a80bf416bbe463e4c17d202fe
2024-12-11 22:08:54.743 66121 INFO tempest.lib.common.rest_client [req-380b4889-8b89-4ff7-a783-90f3c7c5dd2a req-380b4889-8b89-4ff7-a783-90f3c7c5dd2a ] Request (InstanceUsageAuditLogNegativeTestJSON:tearDownClass): 204 DELETE http://10.180.1.21/identity/v3/projects/3b6b20a9d95a469b8bb90bdbe8715b50 0.236s
2024-12-11 22:08:54.747 66133 INFO tempest.lib.common.rest_client [req-682dbd1a-eab4-464f-96f3-f6cce56e1149 req-682dbd1a-eab4-464f-96f3-f6cce56e1149 ] Request (ServerExternalEventsTest:test_create_server_external_events): 200 GET http://10.180.1.21/compute/v2.1/servers/d32a3a5d-17d0-4a79-b76a-371cdd170ee0 1.406s
2024-12-11 22:08:54.776 66177 INFO tempest.lib.common.rest_client [req-8f389ecc-6ab0-4ce2-a4fa-7dca1bceba73 req-8f389ecc-6ab0-4ce2-a4fa-7dca1bceba73 ] Request (FloatingIPsNegativeTestJSON:tearDownClass): 200 GET http://10.180.1.21:9696/networking/v2.0/security-groups?tenant_id=9c6c695a80bf416bbe463e4c17d202fe&name=default 0.044s
2024-12-11 22:08:54.794 66149 INFO tempest.lib.common.rest_client [req-3508158f-142a-47b8-8b20-449dfae2a066 req-3508158f-142a-47b8-8b20-449dfae2a066 ] Request (ServerDiagnosticsNegativeTest:setUpClass): 200 GET http://10.180.1.21/identity/v3/domains?name=Default 0.231s
2024-12-11 22:08:54.821 66131 INFO tempest.lib.common.rest_client [req-463d259b-d401-42fe-b734-ad6cab0e9a42 req-463d259b-d401-42fe-b734-ad6cab0e9a42 ] Request (AbsoluteLimitsNegativeTestJSON:setUpClass): 201 POST http://10.180.1.21/identity/v3/auth/tokens 0.224s
2024-12-11 22:08:54.852 66123 INFO tempest.lib.common.rest_client [req-38db9874-cf00-483c-a5b5-c3e13b007ffd req-38db9874-cf00-483c-a5b5-c3e13b007ffd ] Request (HypervisorAdminTestJSON:tearDownClass): 204 DELETE http://10.180.1.21/identity/v3/users/5887cf765c594cfbbbb4eef789f7fa8d 0.273s
2024-12-11 22:08:54.861 66177 INFO tempest.lib.common.rest_client [req-88235b87-0b01-4bc2-a6a2-b15dd889abb5 req-88235b87-0b01-4bc2-a6a2-b15dd889abb5 ] Request (FloatingIPsNegativeTestJSON:tearDownClass): 204 DELETE http://10.180.1.21:9696/networking/v2.0/security-groups/43c73d99-e7b0-4dca-ac37-b6a68890803a 0.084s
2024-12-11 22:08:54.993 66166 INFO tempest.lib.common.rest_client [req-6e60ca3a-9ba3-4174-ad1c-c2a2c0dcec75 req-6e60ca3a-9ba3-4174-ad1c-c2a2c0dcec75 ] Request (ServersAaction247Test:setUpClass): 201 POST http://10.180.1.21/identity/v3/projects 0.323s
2024-12-11 22:08:55.054 66119 INFO tempest.lib.common.rest_client [req-41317dda-40ee-4e2e-bb39-3f9954a8e8b9 req-41317dda-40ee-4e2e-bb39-3f9954a8e8b9 ] Request (ListServersNegativeTestJSON:setUpClass): 201 POST http://10.180.1.21/identity/v3/auth/tokens 0.362s
2024-12-11 22:08:55.072 66153 INFO tempest.lib.common.rest_client [req-e7302667-951f-4368-be45-65c3d35ab9a5 req-e7302667-951f-4368-be45-65c3d35ab9a5 ] Request (FloatingIPsAssociationTestJSON:setUpClass): 200 GET http://10.180.1.21/compute/v2.1/servers/ee99ff4d-9996-4cfa-b038-7b19aef27438 1.615s
2024-12-11 22:08:55.082 66153 INFO tempest.common.waiters [-] State transition "BUILD/networking" ==> "BUILD/spawning" after 5 second wait
2024-12-11 22:08:55.096 66127 INFO tempest.lib.common.rest_client [req-c860e6f6-6ed2-4ea5-93d5-9ad0b517013f req-c860e6f6-6ed2-4ea5-93d5-9ad0b517013f ] Request (ServicesAdminNegativeTestJSON:test_get_service_with_valid_service_and_invalid_host): 200 GET http://10.180.1.21/compute/v2.1/os-services 1.595s
2024-12-11 22:08:55.106 66149 INFO tempest.lib.common.rest_client [req-2783df59-3455-485e-85d4-ae03632e64ed req-2783df59-3455-485e-85d4-ae03632e64ed ] Request (ServerDiagnosticsNegativeTest:setUpClass): 201 POST http://10.180.1.21/identity/v3/projects 0.311s
2024-12-11 22:08:55.112 66147 INFO tempest.lib.common.rest_client [req-9a1bdf4c-c81a-4515-bd4b-ff59ce7d8053 req-9a1bdf4c-c81a-4515-bd4b-ff59ce7d8053 ] Request (FlavorsV2TestJSON:test_list_flavors_detailed_limit_results): 200 GET http://10.180.1.21/compute/v2.1/flavors/detail?limit=1 1.590s
2024-12-11 22:08:55.118 66121 INFO tempest.lib.common.rest_client [req-79009c6d-0c1e-4147-bc6d-016378bbb644 req-79009c6d-0c1e-4147-bc6d-016378bbb644 ] Request (ImagesNegativeTestJSON:setUpClass): 201 POST http://10.180.1.21/identity/v3/auth/tokens 0.373s
2024-12-11 22:08:55.123 66173 INFO tempest.lib.common.rest_client [req-089764bb-903c-4877-9dde-9c977ec1840d req-089764bb-903c-4877-9dde-9c977ec1840d ] Request (FlavorsExtraSpecsTestJSON:test_flavor_non_admin_get_specific_key): 200 GET http://10.180.1.21/compute/v2.1/flavors/604117087/os-extra_specs/hw:numa_nodes 1.586s
2024-12-11 22:08:55.129 66143 INFO tempest.lib.common.rest_client [req-518264f1-3e08-4657-944d-0d46622e9c43 req-518264f1-3e08-4657-944d-0d46622e9c43 ] Request (FlavorsExtraSpecsNegativeTestJSON:test_flavor_non_admin_unset_keys): 403 DELETE http://10.180.1.21/compute/v2.1/flavors/1067974622/os-extra_specs/hw:numa_nodes 1.564s
2024-12-11 22:08:55.147 66167 INFO tempest.lib.common.rest_client [req-a295680b-345e-4962-acb7-a3313ca78dbd req-a295680b-345e-4962-acb7-a3313ca78dbd ] Request (FlavorsV255TestJSON:test_crud_flavor): 200 GET http://10.180.1.21/compute/v2.1/flavors 1.489s
2024-12-11 22:08:55.163 66141 INFO tempest.lib.common.rest_client [req-2fff8466-710a-4d92-9a10-055e587f8d9c req-2fff8466-710a-4d92-9a10-055e587f8d9c ] Request (HypervisorAdminNegativeUnderV252Test:tearDownClass): 200 GET http://10.180.1.21:9696/networking/v2.0/security-groups?tenant_id=5fe10602fb874db79dd8999ccba2b49a&name=default 0.541s
2024-12-11 22:08:55.189 66131 INFO tempest.lib.common.rest_client [req-3bfc1739-48bb-4bef-98f9-8574b2dcda68 req-3bfc1739-48bb-4bef-98f9-8574b2dcda68 ] Request (AbsoluteLimitsNegativeTestJSON:setUpClass): 200 GET http://10.180.1.21/identity/v3/domains?name=Default 0.367s
2024-12-11 22:08:55.249 66177 INFO tempest.lib.common.rest_client [req-031ce38a-62fa-42da-bb26-670a877fdf91 req-031ce38a-62fa-42da-bb26-670a877fdf91 ] Request (FloatingIPsNegativeTestJSON:tearDownClass): 204 DELETE http://10.180.1.21/identity/v3/projects/9c6c695a80bf416bbe463e4c17d202fe 0.387s
2024-12-11 22:08:55.250 66177 INFO tempest.test [-] raised in ServerPersonalityTestJSON.setUpClass. Invoking tearDownClass.
2024-12-11 22:08:55.252 66177 INFO tempest.test [-] raised in AttachVolumeMultiAttachTest.setUpClass. Invoking tearDownClass.
2024-12-11 22:08:55.273 66155 INFO tempest.lib.common.rest_client [req-f7a6aba0-7e0b-4a20-953a-f9cf7f717698 req-f7a6aba0-7e0b-4a20-953a-f9cf7f717698 ] Request (ServersAdmin275Test:test_rebuild_update_server_275): 200 GET http://10.180.1.21/compute/v2.1/servers/96aff7ef-cfc3-46ef-ba3e-b4bc1141a88b 1.427s
2024-12-11 22:08:55.277 66123 INFO tempest.lib.common.rest_client [req-656bad78-1581-411a-b19a-446cb62db685 req-656bad78-1581-411a-b19a-446cb62db685 ] Request (HypervisorAdminTestJSON:tearDownClass): 204 DELETE http://10.180.1.21/identity/v3/users/7560f80e9c014adbbab2df6c318d9be2 0.419s
2024-12-11 22:08:55.277 66123 INFO tempest.lib.common.dynamic_creds [-] Deleting project and security group for project: abc58346551846abbd3c7c94e7a192a5
2024-12-11 22:08:55.338 66141 INFO tempest.lib.common.rest_client [req-f186f927-ef6b-43d9-9f7f-9a4fcd6b92d6 req-f186f927-ef6b-43d9-9f7f-9a4fcd6b92d6 ] Request (HypervisorAdminNegativeUnderV252Test:tearDownClass): 204 DELETE http://10.180.1.21:9696/networking/v2.0/security-groups/f555c211-ad13-46a5-9184-6b63ab2ac2a7 0.174s
2024-12-11 22:08:55.342 66166 INFO tempest.lib.common.rest_client [req-76c1ef2e-fa89-47ca-8b5c-73b3908f59a2 req-76c1ef2e-fa89-47ca-8b5c-73b3908f59a2 ] Request (ServersAaction247Test:setUpClass): 201 POST http://10.180.1.21/identity/v3/users 0.348s
2024-12-11 22:08:55.423 66119 INFO tempest.lib.common.rest_client [req-af0c95d0-63c9-4e97-9854-97e97ad2d491 req-af0c95d0-63c9-4e97-9854-97e97ad2d491 ] Request (ListServersNegativeTestJSON:setUpClass): 200 GET http://10.180.1.21/identity/v3/domains?name=Default 0.368s
2024-12-11 22:08:55.449 66149 INFO tempest.lib.common.rest_client [req-23d0ec63-1188-42e3-b4c0-2e5f62a18c83 req-23d0ec63-1188-42e3-b4c0-2e5f62a18c83 ] Request (ServerDiagnosticsNegativeTest:setUpClass): 201 POST http://10.180.1.21/identity/v3/users 0.342s
2024-12-11 22:08:55.451 66121 INFO tempest.lib.common.rest_client [req-795c3224-bb4d-4a14-b764-0ad16daa4373 req-795c3224-bb4d-4a14-b764-0ad16daa4373 ] Request (ImagesNegativeTestJSON:setUpClass): 201 POST http://10.180.1.21/identity/v3/auth/tokens 0.330s
2024-12-11 22:08:55.470 66159 INFO tempest.lib.common.rest_client [req-80f29587-fbb4-4aaa-ab6d-3c90d5ffcd18 req-80f29587-fbb4-4aaa-ab6d-3c90d5ffcd18 ] Request (QuotasAdminNegativeTest:_run_cleanups): 200 PUT http://10.180.1.21/compute/v2.1/os-quota-sets/96f3640d83fd4c6e96765a3e687b8ef0 2.023s
2024-12-11 22:08:55.473 66135 INFO tempest.lib.common.rest_client [req-cdca5033-d6a4-42a1-8799-17312f09355a req-cdca5033-d6a4-42a1-8799-17312f09355a ] Request (DeleteServersAdminTestJSON:test_admin_delete_servers_of_others): 200 GET http://10.180.1.21/compute/v2.1/servers/fb7519c4-0254-4831-81f3-0eed14844f2d 1.610s
2024-12-11 22:08:55.479 66135 INFO tempest.common.waiters [-] State transition "BUILD/None" ==> "BUILD/block_device_mapping" after 5 second wait
2024-12-11 22:08:55.481 66131 INFO tempest.lib.common.rest_client [req-ca5e4b55-afa0-42e0-8270-7ff70c1c1d57 req-ca5e4b55-afa0-42e0-8270-7ff70c1c1d57 ] Request (AbsoluteLimitsNegativeTestJSON:setUpClass): 201 POST http://10.180.1.21/identity/v3/projects 0.291s
2024-12-11 22:08:55.489 66125 INFO tempest.lib.common.rest_client [req-3aa326fd-c672-4a38-8041-5c39686752ae req-3aa326fd-c672-4a38-8041-5c39686752ae ] Request (FlavorsAdminTestJSON:_run_cleanups): 202 DELETE http://10.180.1.21/compute/v2.1/flavors/503163115 1.520s
2024-12-11 22:08:55.494 66169 INFO tempest.lib.common.rest_client [req-77f02172-9368-414d-b02d-eb3d8efdcf08 req-77f02172-9368-414d-b02d-eb3d8efdcf08 ] Request (FlavorsAccessTestJSON:test_flavor_access_add_remove): 200 GET http://10.180.1.21/compute/v2.1/flavors/detail 1.554s
2024-12-11 22:08:55.522 66123 INFO tempest.lib.common.rest_client [req-93ca9589-cdb7-4d6a-a90a-eacc09606222 req-93ca9589-cdb7-4d6a-a90a-eacc09606222 ] Request (HypervisorAdminTestJSON:tearDownClass): 201 POST http://10.180.1.21/identity/v3/auth/tokens 0.244s
2024-12-11 22:08:55.543 66166 INFO tempest.lib.common.rest_client [req-e249fadb-c90c-4574-8b42-783d0158ec19 req-e249fadb-c90c-4574-8b42-783d0158ec19 ] Request (ServersAaction247Test:setUpClass): 200 GET http://10.180.1.21/identity/v3/roles 0.200s
2024-12-11 22:08:55.574 66119 INFO tempest.lib.common.rest_client [req-2837fe3b-3c3f-45a9-915a-05621f1a1eaf req-2837fe3b-3c3f-45a9-915a-05621f1a1eaf ] Request (ListServersNegativeTestJSON:setUpClass): 201 POST http://10.180.1.21/identity/v3/projects 0.151s
2024-12-11 22:08:55.591 66141 INFO tempest.lib.common.rest_client [req-c9ff6658-6b1e-48f4-a306-fbaf40a0b6a1 req-c9ff6658-6b1e-48f4-a306-fbaf40a0b6a1 ] Request (HypervisorAdminNegativeUnderV252Test:tearDownClass): 204 DELETE http://10.180.1.21/identity/v3/projects/5fe10602fb874db79dd8999ccba2b49a 0.253s
2024-12-11 22:08:55.592 66141 INFO tempest.lib.common.dynamic_creds [-] Deleting project and security group for project: 98fc69ee07de425ea4a41db1b67510cd
2024-12-11 22:08:55.615 66149 INFO tempest.lib.common.rest_client [req-73a4a8d4-be20-4087-a676-c5532c61b6eb req-73a4a8d4-be20-4087-a676-c5532c61b6eb ] Request (ServerDiagnosticsNegativeTest:setUpClass): 200 GET http://10.180.1.21/identity/v3/roles 0.166s
2024-12-11 22:08:55.638 66131 INFO tempest.lib.common.rest_client [req-ef5c945d-fc91-4677-81d3-95ce35a6350e req-ef5c945d-fc91-4677-81d3-95ce35a6350e ] Request (AbsoluteLimitsNegativeTestJSON:setUpClass): 201 POST http://10.180.1.21/identity/v3/users 0.156s
2024-12-11 22:08:55.650 66121 INFO tempest.lib.common.rest_client [req-9baca0c2-55d3-4e53-b08b-2a62a26db521 req-9baca0c2-55d3-4e53-b08b-2a62a26db521 ] Request (ImagesNegativeTestJSON:setUpClass): 200 GET http://10.180.1.21/identity/v3/domains?name=Default 0.198s
2024-12-11 22:08:55.679 66166 INFO tempest.lib.common.rest_client [req-a88fd3d4-0793-4bab-b64d-ee642c083d5a req-a88fd3d4-0793-4bab-b64d-ee642c083d5a ] Request (ServersAaction247Test:setUpClass): 204 PUT http://10.180.1.21/identity/v3/projects/6df0446a82d94c91936c6ea7440a23d5/users/165fcff836e144d884ffd4628d47462a/roles/455ba87016654093be473d0dc6b519c2 0.136s
2024-12-11 22:08:55.680 66166 INFO tempest.lib.common.dynamic_creds [-] Dynamic test user 165fcff836e144d884ffd4628d47462a is created with scope project and roles: ['member']
2024-12-11 22:08:55.680 66166 INFO tempest.lib.common.dynamic_creds [-] Acquired dynamic creds: credentials: Credentials: {'domain_id': 'default', 'domain_name': 'Default', 'username': 'tempest-ServersAaction247Test-1583780510-project-member', 'project_domain_id': 'default', 'project_domain_name': 'Default', 'project_id': '6df0446a82d94c91936c6ea7440a23d5', 'project_name': 'tempest-ServersAaction247Test-1583780510', 'tenant_id': '6df0446a82d94c91936c6ea7440a23d5', 'tenant_name': 'tempest-ServersAaction247Test-1583780510', 'user_domain_id': 'default', 'user_domain_name': 'Default', 'user_id': '165fcff836e144d884ffd4628d47462a', 'system': None}, Network: None, Subnet: None, Router: None
2024-12-11 22:08:55.680 66166 INFO tempest.lib.common.dynamic_creds [-] Created isolated network resources for: credentials: Credentials: {'domain_id': 'default', 'domain_name': 'Default', 'username': 'tempest-ServersAaction247Test-1583780510-project-member', 'project_domain_id': 'default', 'project_domain_name': 'Default', 'project_id': '6df0446a82d94c91936c6ea7440a23d5', 'project_name': 'tempest-ServersAaction247Test-1583780510', 'tenant_id': '6df0446a82d94c91936c6ea7440a23d5', 'tenant_name': 'tempest-ServersAaction247Test-1583780510', 'user_domain_id': 'default', 'user_domain_name': 'Default', 'user_id': '165fcff836e144d884ffd4628d47462a', 'system': None}, Network: None, Subnet: None, Router: None
2024-12-11 22:08:55.750 66119 INFO tempest.lib.common.rest_client [req-d7b802f9-6623-420d-84be-e6b70a32a057 req-d7b802f9-6623-420d-84be-e6b70a32a057 ] Request (ListServersNegativeTestJSON:setUpClass): 201 POST http://10.180.1.21/identity/v3/users 0.174s
2024-12-11 22:08:55.754 66149 INFO tempest.lib.common.rest_client [req-840a561d-ec8f-4445-a74a-25a1cacaf013 req-840a561d-ec8f-4445-a74a-25a1cacaf013 ] Request (ServerDiagnosticsNegativeTest:setUpClass): 204 PUT http://10.180.1.21/identity/v3/projects/d4a984ff530a41058c97abb746a4efee/users/4db5bde91fa84db9aec4e0a6873be049/roles/455ba87016654093be473d0dc6b519c2 0.138s
2024-12-11 22:08:55.754 66149 INFO tempest.lib.common.dynamic_creds [-] Dynamic test user 4db5bde91fa84db9aec4e0a6873be049 is created with scope project and roles: ['member']
2024-12-11 22:08:55.754 66149 INFO tempest.lib.common.dynamic_creds [-] Acquired dynamic creds: credentials: Credentials: {'domain_id': 'default', 'domain_name': 'Default', 'username': 'tempest-ServerDiagnosticsNegativeTest-424824256-project-member', 'project_domain_id': 'default', 'project_domain_name': 'Default', 'project_id': 'd4a984ff530a41058c97abb746a4efee', 'project_name': 'tempest-ServerDiagnosticsNegativeTest-424824256', 'tenant_id': 'd4a984ff530a41058c97abb746a4efee', 'tenant_name': 'tempest-ServerDiagnosticsNegativeTest-424824256', 'user_domain_id': 'default', 'user_domain_name': 'Default', 'user_id': '4db5bde91fa84db9aec4e0a6873be049', 'system': None}, Network: None, Subnet: None, Router: None
2024-12-11 22:08:55.755 66149 INFO tempest.lib.common.dynamic_creds [-] Created isolated network resources for: credentials: Credentials: {'domain_id': 'default', 'domain_name': 'Default', 'username': 'tempest-ServerDiagnosticsNegativeTest-424824256-project-member', 'project_domain_id': 'default', 'project_domain_name': 'Default', 'project_id': 'd4a984ff530a41058c97abb746a4efee', 'project_name': 'tempest-ServerDiagnosticsNegativeTest-424824256', 'tenant_id': 'd4a984ff530a41058c97abb746a4efee', 'tenant_name': 'tempest-ServerDiagnosticsNegativeTest-424824256', 'user_domain_id': 'default', 'user_domain_name': 'Default', 'user_id': '4db5bde91fa84db9aec4e0a6873be049', 'system': None}, Network: None, Subnet: None, Router: None
2024-12-11 22:08:55.798 66131 INFO tempest.lib.common.rest_client [req-b56d8d82-75ef-46e3-b963-cde554c8e4fb req-b56d8d82-75ef-46e3-b963-cde554c8e4fb ] Request (AbsoluteLimitsNegativeTestJSON:setUpClass): 200 GET http://10.180.1.21/identity/v3/roles 0.158s
2024-12-11 22:08:55.819 66121 INFO tempest.lib.common.rest_client [req-7825f126-f3c7-4093-990a-3bc128fe53d8 req-7825f126-f3c7-4093-990a-3bc128fe53d8 ] Request (ImagesNegativeTestJSON:setUpClass): 201 POST http://10.180.1.21/identity/v3/projects 0.168s
2024-12-11 22:08:55.886 66141 INFO tempest.lib.common.rest_client [req-b7c22410-b56c-4c63-b61e-719f9ef9d153 req-b7c22410-b56c-4c63-b61e-719f9ef9d153 ] Request (HypervisorAdminNegativeUnderV252Test:tearDownClass): 200 GET http://10.180.1.21:9696/networking/v2.0/security-groups?tenant_id=98fc69ee07de425ea4a41db1b67510cd&name=default 0.293s
2024-12-11 22:08:55.892 66166 INFO tempest.lib.common.rest_client [req-beb15a59-7e2e-45ce-8e0a-77c20d18e6ce req-beb15a59-7e2e-45ce-8e0a-77c20d18e6ce ] Request (ServersAaction247Test:setUpClass): 201 POST http://10.180.1.21/identity/v3/auth/tokens 0.208s
2024-12-11 22:08:55.908 66119 INFO tempest.lib.common.rest_client [req-8758bf2e-7c95-4f5e-bcd8-dc270a2e6637 req-8758bf2e-7c95-4f5e-bcd8-dc270a2e6637 ] Request (ListServersNegativeTestJSON:setUpClass): 200 GET http://10.180.1.21/identity/v3/roles 0.158s
2024-12-11 22:08:55.932 66131 INFO tempest.lib.common.rest_client [req-d137c796-2ab2-495b-81f0-cd5473ea6c7f req-d137c796-2ab2-495b-81f0-cd5473ea6c7f ] Request (AbsoluteLimitsNegativeTestJSON:setUpClass): 204 PUT http://10.180.1.21/identity/v3/projects/944401f4e159427a8bd5dd5675db9239/users/5db520f4473a4b60a70bbe01b3e44826/roles/455ba87016654093be473d0dc6b519c2 0.133s
2024-12-11 22:08:55.932 66131 INFO tempest.lib.common.dynamic_creds [-] Dynamic test user 5db520f4473a4b60a70bbe01b3e44826 is created with scope project and roles: ['member']
2024-12-11 22:08:55.933 66131 INFO tempest.lib.common.dynamic_creds [-] Acquired dynamic creds: credentials: Credentials: {'domain_id': 'default', 'domain_name': 'Default', 'username': 'tempest-AbsoluteLimitsNegativeTestJSON-78665376-project-member', 'project_domain_id': 'default', 'project_domain_name': 'Default', 'project_id': '944401f4e159427a8bd5dd5675db9239', 'project_name': 'tempest-AbsoluteLimitsNegativeTestJSON-78665376', 'tenant_id': '944401f4e159427a8bd5dd5675db9239', 'tenant_name': 'tempest-AbsoluteLimitsNegativeTestJSON-78665376', 'user_domain_id': 'default', 'user_domain_name': 'Default', 'user_id': '5db520f4473a4b60a70bbe01b3e44826', 'system': None}, Network: None, Subnet: None, Router: None
2024-12-11 22:08:55.933 66131 INFO tempest.lib.common.dynamic_creds [-] Created isolated network resources for: credentials: Credentials: {'domain_id': 'default', 'domain_name': 'Default', 'username': 'tempest-AbsoluteLimitsNegativeTestJSON-78665376-project-member', 'project_domain_id': 'default', 'project_domain_name': 'Default', 'project_id': '944401f4e159427a8bd5dd5675db9239', 'project_name': 'tempest-AbsoluteLimitsNegativeTestJSON-78665376', 'tenant_id': '944401f4e159427a8bd5dd5675db9239', 'tenant_name': 'tempest-AbsoluteLimitsNegativeTestJSON-78665376', 'user_domain_id': 'default', 'user_domain_name': 'Default', 'user_id': '5db520f4473a4b60a70bbe01b3e44826', 'system': None}, Network: None, Subnet: None, Router: None
2024-12-11 22:08:55.954 66123 INFO tempest.lib.common.rest_client [req-0438d2bf-3edb-4b0d-b07f-dbee33de105a req-0438d2bf-3edb-4b0d-b07f-dbee33de105a ] Request (HypervisorAdminTestJSON:tearDownClass): 200 GET http://10.180.1.21:9696/networking/v2.0/security-groups?tenant_id=abc58346551846abbd3c7c94e7a192a5&name=default 0.431s
2024-12-11 22:08:55.956 66149 INFO tempest.lib.common.rest_client [req-314fa996-9434-4f9c-b5e4-31effabdf727 req-314fa996-9434-4f9c-b5e4-31effabdf727 ] Request (ServerDiagnosticsNegativeTest:setUpClass): 201 POST http://10.180.1.21/identity/v3/auth/tokens 0.198s
2024-12-11 22:08:55.989 66121 INFO tempest.lib.common.rest_client [req-1026dcac-08db-4f8e-ac8b-16da4437510a req-1026dcac-08db-4f8e-ac8b-16da4437510a ] Request (ImagesNegativeTestJSON:setUpClass): 201 POST http://10.180.1.21/identity/v3/users 0.169s
2024-12-11 22:08:56.037 66166 INFO tempest.lib.common.rest_client [req-ca831953-fb52-4add-ad99-575253cee8dc req-ca831953-fb52-4add-ad99-575253cee8dc ] Request (ServersAaction247Test:test_create_backup): 201 POST http://10.180.1.21/identity/v3/auth/tokens 0.139s
2024-12-11 22:08:56.037 66166 INFO tempest.lib.common.fixed_network [-] (ServersAaction247Test:test_create_backup) Found network None available for tenant
2024-12-11 22:08:56.057 66119 INFO tempest.lib.common.rest_client [req-94520cb5-b698-4f8b-89b8-129cc9bfa7b6 req-94520cb5-b698-4f8b-89b8-129cc9bfa7b6 ] Request (ListServersNegativeTestJSON:setUpClass): 204 PUT http://10.180.1.21/identity/v3/projects/9030159a6b094d47ad55301d5cb6c5b9/users/49543399d8054c18bb5e8b7e843c2e52/roles/455ba87016654093be473d0dc6b519c2 0.148s
2024-12-11 22:08:56.058 66119 INFO tempest.lib.common.dynamic_creds [-] Dynamic test user 49543399d8054c18bb5e8b7e843c2e52 is created with scope project and roles: ['member']
2024-12-11 22:08:56.058 66119 INFO tempest.lib.common.dynamic_creds [-] Acquired dynamic creds: credentials: Credentials: {'domain_id': 'default', 'domain_name': 'Default', 'username': 'tempest-ListServersNegativeTestJSON-1383705692-project-member', 'project_domain_id': 'default', 'project_domain_name': 'Default', 'project_id': '9030159a6b094d47ad55301d5cb6c5b9', 'project_name': 'tempest-ListServersNegativeTestJSON-1383705692', 'tenant_id': '9030159a6b094d47ad55301d5cb6c5b9', 'tenant_name': 'tempest-ListServersNegativeTestJSON-1383705692', 'user_domain_id': 'default', 'user_domain_name': 'Default', 'user_id': '49543399d8054c18bb5e8b7e843c2e52', 'system': None}, Network: None, Subnet: None, Router: None
2024-12-11 22:08:56.112 66123 INFO tempest.lib.common.rest_client [req-def862f9-e573-458b-98a0-ba6c89d629da req-def862f9-e573-458b-98a0-ba6c89d629da ] Request (HypervisorAdminTestJSON:tearDownClass): 204 DELETE http://10.180.1.21:9696/networking/v2.0/security-groups/25f3b1a7-b7f8-4b88-a081-d2daaabc6fc3 0.158s
2024-12-11 22:08:56.121 66131 INFO tempest.lib.common.rest_client [req-ad5d0cb6-edc7-4ca5-987c-e7eedab68a75 req-ad5d0cb6-edc7-4ca5-987c-e7eedab68a75 ] Request (AbsoluteLimitsNegativeTestJSON:setUpClass): 201 POST http://10.180.1.21/identity/v3/auth/tokens 0.185s
2024-12-11 22:08:56.138 66121 INFO tempest.lib.common.rest_client [req-90cb8ebb-c32b-4d20-ad1a-0e953a7cb0e9 req-90cb8ebb-c32b-4d20-ad1a-0e953a7cb0e9 ] Request (ImagesNegativeTestJSON:setUpClass): 200 GET http://10.180.1.21/identity/v3/roles 0.149s
2024-12-11 22:08:56.141 66149 INFO tempest.lib.common.rest_client [req-9d9f6f14-30db-432d-b467-d78e6fec6d64 req-9d9f6f14-30db-432d-b467-d78e6fec6d64 ] Request (ServerDiagnosticsNegativeTest:setUpClass): 201 POST http://10.180.1.21/identity/v3/projects 0.185s
2024-12-11 22:08:56.165 66141 INFO tempest.lib.common.rest_client [req-ab5e640b-c2df-407a-b23e-550d9638177a req-ab5e640b-c2df-407a-b23e-550d9638177a ] Request (HypervisorAdminNegativeUnderV252Test:tearDownClass): 204 DELETE http://10.180.1.21:9696/networking/v2.0/security-groups/31d0cd20-e46b-48e7-8abf-4e26179d7687 0.279s
2024-12-11 22:08:56.190 66119 INFO tempest.lib.common.rest_client [req-3bb2a83e-d350-4b09-b847-c1257c196198 req-3bb2a83e-d350-4b09-b847-c1257c196198 ] Request (ListServersNegativeTestJSON:setUpClass): 201 POST http://10.180.1.21/identity/v3/auth/tokens 0.132s
2024-12-11 22:08:56.224 66121 INFO tempest.lib.common.rest_client [req-edd011d8-bbf8-441a-beeb-dee220e6d8f5 req-edd011d8-bbf8-441a-beeb-dee220e6d8f5 ] Request (ImagesNegativeTestJSON:setUpClass): 204 PUT http://10.180.1.21/identity/v3/projects/f69e4f878f3d4174aaf6f125682087fb/users/328d50e2315746e28cc1d5fe53eeecf6/roles/455ba87016654093be473d0dc6b519c2 0.085s
2024-12-11 22:08:56.224 66121 INFO tempest.lib.common.dynamic_creds [-] Dynamic test user 328d50e2315746e28cc1d5fe53eeecf6 is created with scope project and roles: ['member']
2024-12-11 22:08:56.225 66121 INFO tempest.lib.common.dynamic_creds [-] Acquired dynamic creds: credentials: Credentials: {'domain_id': 'default', 'domain_name': 'Default', 'username': 'tempest-ImagesNegativeTestJSON-1083322589-project-member', 'project_domain_id': 'default', 'project_domain_name': 'Default', 'project_id': 'f69e4f878f3d4174aaf6f125682087fb', 'project_name': 'tempest-ImagesNegativeTestJSON-1083322589', 'tenant_id': 'f69e4f878f3d4174aaf6f125682087fb', 'tenant_name': 'tempest-ImagesNegativeTestJSON-1083322589', 'user_domain_id': 'default', 'user_domain_name': 'Default', 'user_id': '328d50e2315746e28cc1d5fe53eeecf6', 'system': None}, Network: None, Subnet: None, Router: None
2024-12-11 22:08:56.242 66123 INFO tempest.lib.common.rest_client [req-d0ffea95-ca5c-49a3-8f32-82f226e95029 req-d0ffea95-ca5c-49a3-8f32-82f226e95029 ] Request (HypervisorAdminTestJSON:tearDownClass): 204 DELETE http://10.180.1.21/identity/v3/projects/abc58346551846abbd3c7c94e7a192a5 0.129s
2024-12-11 22:08:56.242 66123 INFO tempest.lib.common.dynamic_creds [-] Deleting project and security group for project: 30ea176d7efa48c3830068688eff5077
2024-12-11 22:08:56.247 66145 INFO tempest.lib.common.rest_client [req-fe544fe2-59a2-4650-8912-6ec3e149df70 req-fe544fe2-59a2-4650-8912-6ec3e149df70 ] Request (AggregatesAdminNegativeTestJSON:_run_cleanups): 200 POST http://10.180.1.21/compute/v2.1/os-aggregates/1/action 2.229s
2024-12-11 22:08:56.287 66149 INFO tempest.lib.common.rest_client [req-6a6b09fd-5dc1-4b2b-82db-89dccdcf898b req-6a6b09fd-5dc1-4b2b-82db-89dccdcf898b ] Request (ServerDiagnosticsNegativeTest:setUpClass): 201 POST http://10.180.1.21/identity/v3/users 0.145s
2024-12-11 22:08:56.314 66179 INFO tempest.lib.common.rest_client [req-f823a377-0594-4bcb-a1aa-f1bd723d9f43 req-f823a377-0594-4bcb-a1aa-f1bd723d9f43 ] Request (FloatingIPsTestJSON:test_delete_floating_ip): 200 POST http://10.180.1.21/compute/v2.1/os-floating-ips 1.791s
2024-12-11 22:08:56.332 66161 INFO tempest.lib.common.rest_client [req-ffe9af58-8aa4-41d5-b094-6e287850d5c9 req-ffe9af58-8aa4-41d5-b094-6e287850d5c9 ] Request (KeyPairsNegativeTestJSON:test_create_keypair_with_duplicate_name): 202 DELETE http://10.180.1.21/compute/v2.1/os-keypairs/tempest-keypair-1853645281 1.775s
2024-12-11 22:08:56.348 66141 INFO tempest.lib.common.rest_client [req-86e3bad1-eda0-4fe0-9ce0-3c92b31b286c req-86e3bad1-eda0-4fe0-9ce0-3c92b31b286c ] Request (HypervisorAdminNegativeUnderV252Test:tearDownClass): 204 DELETE http://10.180.1.21/identity/v3/projects/98fc69ee07de425ea4a41db1b67510cd 0.182s
2024-12-11 22:08:56.391 66175 INFO tempest.lib.common.rest_client [req-e349cb6d-7851-4ef9-8682-7c233741751a req-e349cb6d-7851-4ef9-8682-7c233741751a ] Request (TenantUsagesTestJSON:setUpClass): 200 GET http://10.180.1.21/compute/v2.1/servers/b182d3aa-a4de-4879-ab36-2cb51472158a 1.752s
2024-12-11 22:08:56.404 66121 INFO tempest.lib.common.rest_client [req-85a09637-b823-4bef-8211-abc8755ff7f1 req-85a09637-b823-4bef-8211-abc8755ff7f1 ] Request (ImagesNegativeTestJSON:setUpClass): 201 POST http://10.180.1.21/identity/v3/auth/tokens 0.179s
2024-12-11 22:08:56.419 66163 INFO tempest.lib.common.rest_client [req-9da204fa-016b-4766-8599-f1f0a7cc58d9 req-9da204fa-016b-4766-8599-f1f0a7cc58d9 ] Request (FlavorsAccessNegativeTestJSON:_run_cleanups): 202 DELETE http://10.180.1.21/compute/v2.1/flavors/1886748125 1.713s
2024-12-11 22:08:56.423 66149 INFO tempest.lib.common.rest_client [req-521c6d27-d4ef-4a3b-bf8a-33964096e5e2 req-521c6d27-d4ef-4a3b-bf8a-33964096e5e2 ] Request (ServerDiagnosticsNegativeTest:setUpClass): 200 GET http://10.180.1.21/identity/v3/roles 0.136s
2024-12-11 22:08:56.448 66141 INFO tempest.lib.common.rest_client [req-5ac23e5e-4689-4d5d-b57b-f91c1042b709 req-5ac23e5e-4689-4d5d-b57b-f91c1042b709 ] Request (QuotasAdminTestV236:setUpClass): 201 POST http://10.180.1.21/identity/v3/auth/tokens 0.098s
2024-12-11 22:08:56.475 66181 INFO tempest.lib.common.rest_client [req-11820326-aadf-4c7b-b870-fab6bf24948f req-11820326-aadf-4c7b-b870-fab6bf24948f ] Request (InstanceActionsNegativeTestJSON:setUpClass): 200 GET http://10.180.1.21/compute/v2.1/servers/827b0887-2132-49af-bcce-cedc7237245d 1.722s
2024-12-11 22:08:56.497 66127 INFO tempest.lib.common.rest_client [req-25df0833-1b02-48a4-993f-9996f4c2ec7a req-25df0833-1b02-48a4-993f-9996f4c2ec7a ] Request (ServicesAdminNegativeTestJSON:test_get_service_with_valid_service_and_invalid_host): 200 GET http://10.180.1.21/compute/v2.1/os-services?host=xxx&binary=nova-scheduler 1.398s
2024-12-11 22:08:56.499 66149 INFO tempest.lib.common.rest_client [req-495370be-d097-4085-8e28-e1f804504b74 req-495370be-d097-4085-8e28-e1f804504b74 ] Request (ServerDiagnosticsNegativeTest:setUpClass): 204 PUT http://10.180.1.21/identity/v3/projects/23ddb61db04a45be9c51753c262b9c43/users/f7835e9623bf4faaad5d1c769406fdac/roles/51bfea76ecd34cddadef977ddaab8828 0.075s
2024-12-11 22:08:56.507 66171 INFO tempest.lib.common.rest_client [req-127f5edd-2d7b-4fc9-bb3c-7e0d3b25558f req-127f5edd-2d7b-4fc9-bb3c-7e0d3b25558f ] Request (QuotaClassesAdmin257Test:test_update_default_quotas): 200 GET http://10.180.1.21/compute/v2.1/os-quota-class-sets/default 1.966s
2024-12-11 22:08:56.512 66147 INFO tempest.lib.common.rest_client [req-dafdb2a0-6e67-48f6-9821-23ca3599b0f5 req-dafdb2a0-6e67-48f6-9821-23ca3599b0f5 ] Request (FlavorsV2TestJSON:test_list_flavors_detailed_using_marker): 200 GET http://10.180.1.21/compute/v2.1/flavors/42 1.394s
2024-12-11 22:08:56.519 66123 INFO tempest.lib.common.rest_client [req-f8655e7e-36db-4465-942b-02f361fa24dc req-f8655e7e-36db-4465-942b-02f361fa24dc ] Request (HypervisorAdminTestJSON:tearDownClass): 200 GET http://10.180.1.21:9696/networking/v2.0/security-groups?tenant_id=30ea176d7efa48c3830068688eff5077&name=default 0.276s
2024-12-11 22:08:56.528 66143 INFO tempest.lib.common.rest_client [req-04dc3007-e270-4f9e-a568-92d3c2cecdde req-04dc3007-e270-4f9e-a568-92d3c2cecdde ] Request (FlavorsExtraSpecsNegativeTestJSON:test_flavor_non_admin_update_specific_key): 200 POST http://10.180.1.21/compute/v2.1/flavors/1067974622/os-extra_specs 1.398s
2024-12-11 22:08:56.530 66173 INFO tempest.lib.common.rest_client [req-c4273df0-643f-4527-9ed4-835589b4a0f5 req-c4273df0-643f-4527-9ed4-835589b4a0f5 ] Request (FlavorsExtraSpecsTestJSON:test_flavor_set_get_update_show_unset_keys): 200 POST http://10.180.1.21/compute/v2.1/flavors/604117087/os-extra_specs 1.406s
2024-12-11 22:08:56.542 66167 INFO tempest.lib.common.rest_client [req-5a9d3752-63fb-46f3-9a8c-daabb9f02f5f req-5a9d3752-63fb-46f3-9a8c-daabb9f02f5f ] Request (FlavorsV255TestJSON:_run_cleanups): 202 DELETE http://10.180.1.21/compute/v2.1/flavors/1314119608 1.388s
2024-12-11 22:08:56.542 66141 INFO tempest.lib.common.rest_client [req-eda1012a-77d5-4098-a070-9c945cda991a req-eda1012a-77d5-4098-a070-9c945cda991a ] Request (QuotasAdminTestV236:setUpClass): 201 POST http://10.180.1.21/identity/v3/auth/tokens 0.092s
2024-12-11 22:08:56.551 66149 INFO tempest.lib.common.rest_client [req-30f3f472-481e-4b57-8678-a1e3ee343b0f req-30f3f472-481e-4b57-8678-a1e3ee343b0f ] Request (ServerDiagnosticsNegativeTest:setUpClass): 200 GET http://10.180.1.21/identity/v3/roles 0.051s
2024-12-11 22:08:56.557 66125 INFO tempest.lib.common.rest_client [req-2e501548-cfb2-4f3c-85e5-fefc6345ed39 req-2e501548-cfb2-4f3c-85e5-fefc6345ed39 ] Request (FlavorsAdminTestJSON:_run_cleanups): 200 GET http://10.180.1.21/compute/v2.1/flavors/detail 1.068s
2024-12-11 22:08:56.569 66169 INFO tempest.lib.common.rest_client [req-7c202ba4-1136-49db-a8c5-24171421d445 req-7c202ba4-1136-49db-a8c5-24171421d445 ] Request (FlavorsAccessTestJSON:_run_cleanups): 202 DELETE http://10.180.1.21/compute/v2.1/flavors/726220973 1.067s
2024-12-11 22:08:56.569 66141 INFO tempest.lib.common.rest_client [req-b7dc08eb-afb3-4294-9c8c-2c9023e37f17 req-b7dc08eb-afb3-4294-9c8c-2c9023e37f17 ] Request (QuotasAdminTestV236:setUpClass): 200 GET http://10.180.1.21/identity/v3/domains?name=Default 0.027s
2024-12-11 22:08:56.583 66149 INFO tempest.lib.common.rest_client [req-c19b3e04-5084-41cd-8830-34508b802457 req-c19b3e04-5084-41cd-8830-34508b802457 ] Request (ServerDiagnosticsNegativeTest:setUpClass): 204 PUT http://10.180.1.21/identity/v3/projects/23ddb61db04a45be9c51753c262b9c43/users/f7835e9623bf4faaad5d1c769406fdac/roles/51bfea76ecd34cddadef977ddaab8828 0.032s
2024-12-11 22:08:56.583 66149 INFO tempest.lib.common.dynamic_creds [-] Dynamic test user f7835e9623bf4faaad5d1c769406fdac is created with scope project and roles: ['admin']
2024-12-11 22:08:56.584 66149 INFO tempest.lib.common.dynamic_creds [-] Acquired dynamic creds: credentials: Credentials: {'domain_id': 'default', 'domain_name': 'Default', 'username': 'tempest-ServerDiagnosticsNegativeTest-350708292-project-admin', 'project_domain_id': 'default', 'project_domain_name': 'Default', 'project_id': '23ddb61db04a45be9c51753c262b9c43', 'project_name': 'tempest-ServerDiagnosticsNegativeTest-350708292', 'tenant_id': '23ddb61db04a45be9c51753c262b9c43', 'tenant_name': 'tempest-ServerDiagnosticsNegativeTest-350708292', 'user_domain_id': 'default', 'user_domain_name': 'Default', 'user_id': 'f7835e9623bf4faaad5d1c769406fdac', 'system': None}, Network: None, Subnet: None, Router: None
2024-12-11 22:08:56.584 66149 INFO tempest.lib.common.dynamic_creds [-] Created isolated network resources for: credentials: Credentials: {'domain_id': 'default', 'domain_name': 'Default', 'username': 'tempest-ServerDiagnosticsNegativeTest-350708292-project-admin', 'project_domain_id': 'default', 'project_domain_name': 'Default', 'project_id': '23ddb61db04a45be9c51753c262b9c43', 'project_name': 'tempest-ServerDiagnosticsNegativeTest-350708292', 'tenant_id': '23ddb61db04a45be9c51753c262b9c43', 'tenant_name': 'tempest-ServerDiagnosticsNegativeTest-350708292', 'user_domain_id': 'default', 'user_domain_name': 'Default', 'user_id': 'f7835e9623bf4faaad5d1c769406fdac', 'system': None}, Network: None, Subnet: None, Router: None
2024-12-11 22:08:56.644 66141 INFO tempest.lib.common.rest_client [req-6b59c2c7-272e-4911-aacb-cad625f8a4c6 req-6b59c2c7-272e-4911-aacb-cad625f8a4c6 ] Request (QuotasAdminTestV236:setUpClass): 201 POST http://10.180.1.21/identity/v3/projects 0.073s
