2024-12-11 22:09:41.115 66145 INFO tempest.lib.common.rest_client [req-68832fb4-8bc7-4abc-b637-260e84581f3e req-68832fb4-8bc7-4abc-b637-260e84581f3e ] Request (ServerDiagnosticsTest:setUpClass): 201 POST http://10.180.1.21/identity/v3/auth/tokens 0.091s
2024-12-11 22:09:41.125 66131 INFO tempest.lib.common.rest_client [req-dda3c62d-335a-40ad-86cb-436deae34c90 req-dda3c62d-335a-40ad-86cb-436deae34c90 ] Request (SecurityGroupRulesTestJSON:tearDownClass): 200 GET http://10.180.1.21:9696/networking/v2.0/security-groups?tenant_id=d845ca693a2249928d6ea6f1a8be834c&name=default 0.050s
2024-12-11 22:09:41.147 66171 INFO tempest.lib.common.rest_client [req-2b7f2009-6b32-4ccb-89be-b8c8d984659b req-2b7f2009-6b32-4ccb-89be-b8c8d984659b ] Request (ServersAdminNegativeTestJSON:test_migrate_server_invalid_state): 200 GET http://10.180.1.21/compute/v2.1/servers/ffe54977-81c4-4842-9773-eed704a53ada 0.268s
2024-12-11 22:09:41.153 66139 INFO tempest.lib.common.rest_client [req-df76af84-1900-424a-8a40-16548cc488e4 req-df76af84-1900-424a-8a40-16548cc488e4 ] Request (VolumesAssistedSnapshotsTest:test_volume_assisted_snapshot_create_delete): 200 GET http://10.180.1.21/compute/v2.1/servers/7d23d8f0-d7a9-4236-ad28-208e77b72138 0.331s
2024-12-11 22:09:41.164 66139 INFO tempest.common.waiters [-] State transition "BUILD/None" ==> "BUILD/networking" after 32 second wait
2024-12-11 22:09:41.183 66145 INFO tempest.lib.common.rest_client [req-34b4fa9e-2d92-4ed0-8daa-0dee04a10511 req-34b4fa9e-2d92-4ed0-8daa-0dee04a10511 ] Request (ServerDiagnosticsTest:setUpClass): 201 POST http://10.180.1.21/identity/v3/auth/tokens 0.065s
2024-12-11 22:09:41.215 66145 INFO tempest.lib.common.rest_client [req-88d12f8e-d5ce-46d4-a870-7376a4da610b req-88d12f8e-d5ce-46d4-a870-7376a4da610b ] Request (ServerDiagnosticsTest:setUpClass): 200 GET http://10.180.1.21/identity/v3/domains?name=Default 0.032s
2024-12-11 22:09:41.229 66143 INFO tempest.lib.common.rest_client [req-bb1adca0-ac7d-42a9-a5ba-92e38ab0f95a req-bb1adca0-ac7d-42a9-a5ba-92e38ab0f95a ] Request (ServerRescueTestJSONUnderV235:setUpClass): 200 GET http://10.180.1.21/compute/v2.1/servers/42eb98a9-e341-4a17-9d76-2a2c37efc1a1 0.278s
2024-12-11 22:09:41.251 66145 INFO tempest.lib.common.rest_client [req-c5815184-2c47-42bb-9d5d-ff2d1e991207 req-c5815184-2c47-42bb-9d5d-ff2d1e991207 ] Request (ServerDiagnosticsTest:setUpClass): 201 POST http://10.180.1.21/identity/v3/projects 0.035s
2024-12-11 22:09:41.321 66145 INFO tempest.lib.common.rest_client [req-37a3aff3-7960-46e1-bb1a-782454129d31 req-37a3aff3-7960-46e1-bb1a-782454129d31 ] Request (ServerDiagnosticsTest:setUpClass): 201 POST http://10.180.1.21/identity/v3/users 0.069s
2024-12-11 22:09:41.326 66163 INFO tempest.lib.common.rest_client [req-b233ec8b-fc77-4559-ae2a-ef34dd8626d2 req-b233ec8b-fc77-4559-ae2a-ef34dd8626d2 ] Request (SecurityGroupRulesNegativeTestJSON:test_create_security_group_rule_duplicate): 400 POST http://10.180.1.21/compute/v2.1/os-security-group-rules 0.359s
2024-12-11 22:09:41.345 66145 INFO tempest.lib.common.rest_client [req-dd07d1ff-102e-456a-945a-2d0e43c9b953 req-dd07d1ff-102e-456a-945a-2d0e43c9b953 ] Request (ServerDiagnosticsTest:setUpClass): 200 GET http://10.180.1.21/identity/v3/roles 0.024s
2024-12-11 22:09:41.379 66145 INFO tempest.lib.common.rest_client [req-edee46f1-9c15-4407-aa88-5df1f0a8923b req-edee46f1-9c15-4407-aa88-5df1f0a8923b ] Request (ServerDiagnosticsTest:setUpClass): 204 PUT http://10.180.1.21/identity/v3/projects/8ab9b261e66e453b88cdd769dca47239/users/ef2703b6313a4097873da475599d5739/roles/455ba87016654093be473d0dc6b519c2 0.033s
2024-12-11 22:09:41.379 66145 INFO tempest.lib.common.dynamic_creds [-] Dynamic test user ef2703b6313a4097873da475599d5739 is created with scope project and roles: ['member']
2024-12-11 22:09:41.380 66145 INFO tempest.lib.common.dynamic_creds [-] Acquired dynamic creds: credentials: Credentials: {'domain_id': 'default', 'domain_name': 'Default', 'username': 'tempest-ServerDiagnosticsTest-498192083-project-member', 'project_domain_id': 'default', 'project_domain_name': 'Default', 'project_id': '8ab9b261e66e453b88cdd769dca47239', 'project_name': 'tempest-ServerDiagnosticsTest-498192083', 'tenant_id': '8ab9b261e66e453b88cdd769dca47239', 'tenant_name': 'tempest-ServerDiagnosticsTest-498192083', 'user_domain_id': 'default', 'user_domain_name': 'Default', 'user_id': 'ef2703b6313a4097873da475599d5739', 'system': None}, Network: None, Subnet: None, Router: None
2024-12-11 22:09:41.380 66145 INFO tempest.lib.common.dynamic_creds [-] Created isolated network resources for: credentials: Credentials: {'domain_id': 'default', 'domain_name': 'Default', 'username': 'tempest-ServerDiagnosticsTest-498192083-project-member', 'project_domain_id': 'default', 'project_domain_name': 'Default', 'project_id': '8ab9b261e66e453b88cdd769dca47239', 'project_name': 'tempest-ServerDiagnosticsTest-498192083', 'tenant_id': '8ab9b261e66e453b88cdd769dca47239', 'tenant_name': 'tempest-ServerDiagnosticsTest-498192083', 'user_domain_id': 'default', 'user_domain_name': 'Default', 'user_id': 'ef2703b6313a4097873da475599d5739', 'system': None}, Network: None, Subnet: None, Router: None
2024-12-11 22:09:41.451 66145 INFO tempest.lib.common.rest_client [req-1cf61507-6f1b-4cd3-badc-082ca235ffca req-1cf61507-6f1b-4cd3-badc-082ca235ffca ] Request (ServerDiagnosticsTest:setUpClass): 201 POST http://10.180.1.21/identity/v3/auth/tokens 0.067s
2024-12-11 22:09:41.530 66145 INFO tempest.lib.common.rest_client [req-9e03acbb-8a97-4c98-af15-1eb3fe40ce85 req-9e03acbb-8a97-4c98-af15-1eb3fe40ce85 ] Request (ServerDiagnosticsTest:setUpClass): 201 POST http://10.180.1.21/identity/v3/projects 0.079s
2024-12-11 22:09:41.576 66131 INFO tempest.lib.common.rest_client [req-89233a74-314f-4e57-9d7c-e73ce26bf21f req-89233a74-314f-4e57-9d7c-e73ce26bf21f ] Request (SecurityGroupRulesTestJSON:tearDownClass): 204 DELETE http://10.180.1.21:9696/networking/v2.0/security-groups/b99a88a0-62ee-4814-9bdc-00d92a8903d7 0.451s
2024-12-11 22:09:41.582 66147 INFO tempest.lib.common.rest_client [req-60c2d6a0-fa9f-42d2-b868-f7a0de117925 req-60c2d6a0-fa9f-42d2-b868-f7a0de117925 ] Request (ServersNegativeTestMultiTenantJSON:setUpClass): 200 GET http://10.180.1.21/compute/v2.1/servers/b297d642-88a7-4acc-a94d-e1cb7df81982 0.565s
2024-12-11 22:09:41.603 66145 INFO tempest.lib.common.rest_client [req-7dd3c7cd-e5b3-4ebe-9bbb-b2e04889489f req-7dd3c7cd-e5b3-4ebe-9bbb-b2e04889489f ] Request (ServerDiagnosticsTest:setUpClass): 201 POST http://10.180.1.21/identity/v3/users 0.071s
2024-12-11 22:09:41.622 66145 INFO tempest.lib.common.rest_client [req-f6c6ebf0-7c93-46c7-917a-0f4afc59da3c req-f6c6ebf0-7c93-46c7-917a-0f4afc59da3c ] Request (ServerDiagnosticsTest:setUpClass): 200 GET http://10.180.1.21/identity/v3/roles 0.019s
2024-12-11 22:09:41.655 66145 INFO tempest.lib.common.rest_client [req-234928fa-0d85-49fd-9bcf-855636e520d7 req-234928fa-0d85-49fd-9bcf-855636e520d7 ] Request (ServerDiagnosticsTest:setUpClass): 204 PUT http://10.180.1.21/identity/v3/projects/1b7f96e2007541829fedb34b194848c2/users/e02755b7353e46cfaff5a01ab8ef1ef6/roles/51bfea76ecd34cddadef977ddaab8828 0.033s
2024-12-11 22:09:41.660 66131 INFO tempest.lib.common.rest_client [req-521f6678-4080-45b6-bcca-6df25c46d17c req-521f6678-4080-45b6-bcca-6df25c46d17c ] Request (SecurityGroupRulesTestJSON:tearDownClass): 204 DELETE http://10.180.1.21/identity/v3/projects/d845ca693a2249928d6ea6f1a8be834c 0.083s
2024-12-11 22:09:41.709 66145 INFO tempest.lib.common.rest_client [req-3d389fc3-1441-46ce-984e-7f7a6450cbda req-3d389fc3-1441-46ce-984e-7f7a6450cbda ] Request (ServerDiagnosticsTest:setUpClass): 200 GET http://10.180.1.21/identity/v3/roles 0.053s
2024-12-11 22:09:41.721 66131 INFO tempest.lib.common.rest_client [req-d3da34a5-4342-4427-a353-8d8d37abb088 req-d3da34a5-4342-4427-a353-8d8d37abb088 ] Request (ServerActionsTestJSON:setUpClass): 201 POST http://10.180.1.21/identity/v3/auth/tokens 0.059s
2024-12-11 22:09:41.733 66145 INFO tempest.lib.common.rest_client [req-e03fc7e5-d58d-40d4-b767-d4a554dede23 req-e03fc7e5-d58d-40d4-b767-d4a554dede23 ] Request (ServerDiagnosticsTest:setUpClass): 204 PUT http://10.180.1.21/identity/v3/projects/1b7f96e2007541829fedb34b194848c2/users/e02755b7353e46cfaff5a01ab8ef1ef6/roles/51bfea76ecd34cddadef977ddaab8828 0.023s
2024-12-11 22:09:41.733 66145 INFO tempest.lib.common.dynamic_creds [-] Dynamic test user e02755b7353e46cfaff5a01ab8ef1ef6 is created with scope project and roles: ['admin']
2024-12-11 22:09:41.733 66145 INFO tempest.lib.common.dynamic_creds [-] Acquired dynamic creds: credentials: Credentials: {'domain_id': 'default', 'domain_name': 'Default', 'username': 'tempest-ServerDiagnosticsTest-424522467-project-admin', 'project_domain_id': 'default', 'project_domain_name': 'Default', 'project_id': '1b7f96e2007541829fedb34b194848c2', 'project_name': 'tempest-ServerDiagnosticsTest-424522467', 'tenant_id': '1b7f96e2007541829fedb34b194848c2', 'tenant_name': 'tempest-ServerDiagnosticsTest-424522467', 'user_domain_id': 'default', 'user_domain_name': 'Default', 'user_id': 'e02755b7353e46cfaff5a01ab8ef1ef6', 'system': None}, Network: None, Subnet: None, Router: None
2024-12-11 22:09:41.733 66145 INFO tempest.lib.common.dynamic_creds [-] Created isolated network resources for: credentials: Credentials: {'domain_id': 'default', 'domain_name': 'Default', 'username': 'tempest-ServerDiagnosticsTest-424522467-project-admin', 'project_domain_id': 'default', 'project_domain_name': 'Default', 'project_id': '1b7f96e2007541829fedb34b194848c2', 'project_name': 'tempest-ServerDiagnosticsTest-424522467', 'tenant_id': '1b7f96e2007541829fedb34b194848c2', 'tenant_name': 'tempest-ServerDiagnosticsTest-424522467', 'user_domain_id': 'default', 'user_domain_name': 'Default', 'user_id': 'e02755b7353e46cfaff5a01ab8ef1ef6', 'system': None}, Network: None, Subnet: None, Router: None
2024-12-11 22:09:41.777 66151 INFO tempest.lib.common.rest_client [req-da4d61a4-c36f-47ae-9367-38b9deb89561 req-da4d61a4-c36f-47ae-9367-38b9deb89561 ] Request (MigrationsAdminTest:test_list_migrations_in_flavor_resize_situation): 200 GET http://10.180.1.21/compute/v2.1/servers/868cf942-f348-488d-b00a-af4c8b5efda5 0.735s
2024-12-11 22:09:41.796 66131 INFO tempest.lib.common.rest_client [req-36efc34a-1306-4ba2-8b5f-54ce98ce0b70 req-36efc34a-1306-4ba2-8b5f-54ce98ce0b70 ] Request (ServerActionsTestJSON:setUpClass): 201 POST http://10.180.1.21/identity/v3/auth/tokens 0.070s
2024-12-11 22:09:41.817 66145 INFO tempest.lib.common.rest_client [req-8ee546bf-16ff-4e1a-8478-841a0f269a48 req-8ee546bf-16ff-4e1a-8478-841a0f269a48 ] Request (ServerDiagnosticsTest:setUpClass): 201 POST http://10.180.1.21/identity/v3/auth/tokens 0.080s
2024-12-11 22:09:41.823 66131 INFO tempest.lib.common.rest_client [req-87705703-f011-4768-8534-24a7fd0b45e2 req-87705703-f011-4768-8534-24a7fd0b45e2 ] Request (ServerActionsTestJSON:setUpClass): 200 GET http://10.180.1.21/identity/v3/domains?name=Default 0.027s
2024-12-11 22:09:41.862 66131 INFO tempest.lib.common.rest_client [req-1993a50c-a105-48b1-8326-95e9c22f058f req-1993a50c-a105-48b1-8326-95e9c22f058f ] Request (ServerActionsTestJSON:setUpClass): 201 POST http://10.180.1.21/identity/v3/projects 0.034s
2024-12-11 22:09:41.882 66155 INFO tempest.lib.common.rest_client [req-aa56237a-ef3b-4198-829d-c3bd9c854985 req-aa56237a-ef3b-4198-829d-c3bd9c854985 ] Request (ServersAdmin275Test:tearDownClass): 200 GET http://10.180.1.21/compute/v2.1/servers/96aff7ef-cfc3-46ef-ba3e-b4bc1141a88b 0.790s
2024-12-11 22:09:41.888 66145 INFO tempest.lib.common.rest_client [req-11177b04-6d64-4650-94a5-9376e3b0904f req-11177b04-6d64-4650-94a5-9376e3b0904f ] Request (ServerDiagnosticsTest:test_get_server_diagnostics): 201 POST http://10.180.1.21/identity/v3/auth/tokens 0.066s
2024-12-11 22:09:41.888 66145 INFO tempest.lib.common.fixed_network [-] (ServerDiagnosticsTest:test_get_server_diagnostics) Found network None available for tenant
2024-12-11 22:09:41.942 66131 INFO tempest.lib.common.rest_client [req-4f73d510-1ab5-4038-9575-e56497273cd4 req-4f73d510-1ab5-4038-9575-e56497273cd4 ] Request (ServerActionsTestJSON:setUpClass): 201 POST http://10.180.1.21/identity/v3/users 0.079s
2024-12-11 22:09:41.968 66131 INFO tempest.lib.common.rest_client [req-1b51450b-4e7d-4d11-8986-3e620b77e760 req-1b51450b-4e7d-4d11-8986-3e620b77e760 ] Request (ServerActionsTestJSON:setUpClass): 200 GET http://10.180.1.21/identity/v3/roles 0.026s
2024-12-11 22:09:41.998 66131 INFO tempest.lib.common.rest_client [req-85bd2871-fef8-444d-bcf5-d44ad062f82a req-85bd2871-fef8-444d-bcf5-d44ad062f82a ] Request (ServerActionsTestJSON:setUpClass): 204 PUT http://10.180.1.21/identity/v3/projects/ce0dd059301e41abb3758625d38e435e/users/2561183ef9c54615988c33906fc5f84e/roles/455ba87016654093be473d0dc6b519c2 0.029s
2024-12-11 22:09:41.998 66131 INFO tempest.lib.common.dynamic_creds [-] Dynamic test user 2561183ef9c54615988c33906fc5f84e is created with scope project and roles: ['member']
2024-12-11 22:09:41.999 66131 INFO tempest.lib.common.dynamic_creds [-] Acquired dynamic creds: credentials: Credentials: {'domain_id': 'default', 'domain_name': 'Default', 'username': 'tempest-ServerActionsTestJSON-1490369560-project-member', 'project_domain_id': 'default', 'project_domain_name': 'Default', 'project_id': 'ce0dd059301e41abb3758625d38e435e', 'project_name': 'tempest-ServerActionsTestJSON-1490369560', 'tenant_id': 'ce0dd059301e41abb3758625d38e435e', 'tenant_name': 'tempest-ServerActionsTestJSON-1490369560', 'user_domain_id': 'default', 'user_domain_name': 'Default', 'user_id': '2561183ef9c54615988c33906fc5f84e', 'system': None}, Network: None, Subnet: None, Router: None
2024-12-11 22:09:42.015 66153 INFO tempest.lib.common.rest_client [req-29ddd310-b1db-45b7-ae97-fb0935b1d08a req-29ddd310-b1db-45b7-ae97-fb0935b1d08a ] Request (FloatingIPsAssociationTestJSON:test_associate_already_associated_floating_ip): 200 GET http://10.180.1.21/compute/v2.1/servers/e652e59f-9432-41cf-b4a5-0f5cf649b24e 0.882s
2024-12-11 22:09:42.069 66131 INFO tempest.lib.common.rest_client [req-df0999e2-a90a-4567-8111-4da109546662 req-df0999e2-a90a-4567-8111-4da109546662 ] Request (ServerActionsTestJSON:setUpClass): 201 POST http://10.180.1.21/identity/v3/auth/tokens 0.071s
2024-12-11 22:09:42.097 66159 INFO tempest.lib.common.rest_client [req-cf5967ef-7b55-440e-829a-fc9b6a67349a req-cf5967ef-7b55-440e-829a-fc9b6a67349a ] Request (ServersTestJSON:setUpClass): 200 GET http://10.180.1.21/compute/v2.1/servers/73452964-d690-451d-98c3-fba3c3301c6d 0.954s
2024-12-11 22:09:42.178 66179 INFO tempest.lib.common.rest_client [req-5416f0a4-f095-499f-b1b2-089fd14d0daa req-5416f0a4-f095-499f-b1b2-089fd14d0daa ] Request (ServerPasswordTestJSON:setUpClass): 200 GET http://10.180.1.21/compute/v2.1/servers/a239d78f-085a-4e5c-924d-cf338298fa73 0.982s
2024-12-11 22:09:42.206 66125 INFO tempest.lib.common.rest_client [req-dea821c7-aa1b-4ab2-9505-fd5db0bd3b74 req-dea821c7-aa1b-4ab2-9505-fd5db0bd3b74 ] Request (SecurityGroupsTestJSON:setUpClass): 201 POST http://10.180.1.21:9696/networking/v2.0/routers 1.607s
2024-12-11 22:09:42.271 66121 INFO tempest.lib.common.rest_client [req-20f4588a-eeff-4b32-a7b1-609c2990c8bd req-20f4588a-eeff-4b32-a7b1-609c2990c8bd ] Request (ImagesNegativeTestJSON:test_create_image_from_deleted_server): 200 GET http://10.180.1.21/compute/v2.1/servers/46a524e2-93b0-4726-812f-98e08b6ba0b4 1.003s
2024-12-11 22:09:42.376 66129 INFO tempest.lib.common.rest_client [req-2f93ff18-0b85-4f43-a629-b660e0ec8ff2 req-2f93ff18-0b85-4f43-a629-b660e0ec8ff2 ] Request (FloatingIPDetailsTestJSON:setUpClass): 200 POST http://10.180.1.21/compute/v2.1/os-floating-ips 1.450s
2024-12-11 22:09:42.439 66175 INFO tempest.lib.common.rest_client [req-a04f2cbe-582b-4fee-81fb-2373ae345580 req-a04f2cbe-582b-4fee-81fb-2373ae345580 ] Request (TenantUsagesTestJSON:tearDownClass): 200 GET http://10.180.1.21/compute/v2.1/servers/b182d3aa-a4de-4879-ab36-2cb51472158a 1.096s
2024-12-11 22:09:42.490 66161 INFO tempest.lib.common.rest_client [req-be34436c-14c5-46c5-97e7-435c9c93eb60 req-be34436c-14c5-46c5-97e7-435c9c93eb60 ] Request (ServerRescueTestJSON:setUpClass): 200 GET http://10.180.1.21/compute/v2.1/servers/a226327d-11df-45e0-bef8-2337a0317c9e 1.079s
2024-12-11 22:09:42.498 66161 INFO tempest.common.waiters [-] State transition "BUILD/scheduling" ==> "BUILD/None" after 21 second wait
2024-12-11 22:09:42.547 66149 INFO tempest.lib.common.rest_client [req-b7259d98-5453-403b-9715-fd927b920913 req-b7259d98-5453-403b-9715-fd927b920913 ] Request (ServerDiagnosticsNegativeTest:tearDownClass): 200 GET http://10.180.1.21/compute/v2.1/servers/7339c22a-05c9-4ddd-93df-0326cbe96ca4 1.065s
2024-12-11 22:09:42.582 66163 INFO tempest.lib.common.rest_client [req-51b9365f-f67f-4e32-bdfa-b2b5a0ff48a7 req-51b9365f-f67f-4e32-bdfa-b2b5a0ff48a7 ] Request (SecurityGroupRulesNegativeTestJSON:_run_cleanups): 202 DELETE http://10.180.1.21/compute/v2.1/os-security-group-rules/9614d4dd-a09a-4de9-a72d-d5add45c2e08 1.255s
2024-12-11 22:09:42.597 66137 INFO tempest.lib.common.rest_client [req-af1e9856-0c8b-4634-a93f-f3f175911831 req-af1e9856-0c8b-4634-a93f-f3f175911831 ] Request (ServersTestMultiNic:test_verify_duplicate_network_nics): 200 GET http://10.180.1.21/compute/v2.1/servers/aae3b4a3-c954-4f73-bd12-9b19a675179c 0.989s
2024-12-11 22:09:42.612 66131 INFO tempest.lib.common.rest_client [req-18155c50-0b80-4512-acde-5d7820a07e74 req-18155c50-0b80-4512-acde-5d7820a07e74 ] Request (ServerActionsTestJSON:setUpClass): 201 POST http://10.180.1.21:9696/networking/v2.0/networks 0.542s
2024-12-11 22:09:42.652 66133 INFO tempest.lib.common.rest_client [req-b5b665a2-8d3b-43a1-9cc8-a9b055215493 req-b5b665a2-8d3b-43a1-9cc8-a9b055215493 ] Request (ServerExternalEventsTest:tearDownClass): 200 GET http://10.180.1.21/compute/v2.1/servers/d32a3a5d-17d0-4a79-b76a-371cdd170ee0 0.970s
2024-12-11 22:09:42.716 66127 INFO tempest.lib.common.rest_client [req-637f9352-931b-4322-b487-7a7d6d1ccb91 req-637f9352-931b-4322-b487-7a7d6d1ccb91 ] Request (FloatingIPsAssociationNegativeTestJSON:setUpClass): 200 GET http://10.180.1.21/compute/v2.1/servers/ad37d6a1-9053-4be6-adb2-0c62ac8ae9bd 0.969s
2024-12-11 22:09:42.764 66167 INFO tempest.lib.common.rest_client [req-5817abd8-3627-4d56-bdb6-88ff677a05b9 req-5817abd8-3627-4d56-bdb6-88ff677a05b9 ] Request (ServerActionsTestOtherA:setUpClass): 200 GET http://10.180.1.21/compute/v2.1/servers/de69dbf0-86f1-4b05-a9db-8b9afaabe49c 0.955s
2024-12-11 22:09:42.805 66119 INFO tempest.lib.common.rest_client [req-d8daa434-bd18-4e9e-9b1e-a4bd5e387b2c req-d8daa434-bd18-4e9e-9b1e-a4bd5e387b2c ] Request (ListServersNegativeTestJSON:setUpClass): 200 GET http://10.180.1.21/compute/v2.1/servers/03552483-a365-4d25-94bc-ea9b38ee6cd6 1.081s
2024-12-11 22:09:42.816 66131 INFO tempest.lib.common.rest_client [req-8cab8920-726b-4efe-8dc9-703bfdc4e2b1 req-8cab8920-726b-4efe-8dc9-703bfdc4e2b1 ] Request (ServerActionsTestJSON:setUpClass): 201 POST http://10.180.1.21:9696/networking/v2.0/subnets 0.203s
2024-12-11 22:09:42.825 66123 INFO tempest.lib.common.rest_client [req-f699eb59-ef9e-4a38-913e-73d73d818ef5 req-f699eb59-ef9e-4a38-913e-73d73d818ef5 ] Request (ServerDiagnosticsV248Test:tearDownClass): 200 GET http://10.180.1.21/compute/v2.1/servers/fa00f4fe-3bb2-4e17-be22-8a1fda502f65 0.996s
2024-12-11 22:09:42.896 66181 INFO tempest.lib.common.rest_client [req-30355a8a-45d5-4da0-8a0c-22164f2b0294 req-30355a8a-45d5-4da0-8a0c-22164f2b0294 ] Request (InstanceActionsNegativeTestJSON:tearDownClass): 200 GET http://10.180.1.21/compute/v2.1/servers/827b0887-2132-49af-bcce-cedc7237245d 0.986s
2024-12-11 22:09:42.961 66135 INFO tempest.lib.common.rest_client [req-f4fa44dd-aeb7-4e0a-b053-41a1d0d27913 req-f4fa44dd-aeb7-4e0a-b053-41a1d0d27913 ] Request (DeleteServersAdminTestJSON:test_delete_server_while_in_error_state): 200 GET http://10.180.1.21/compute/v2.1/servers/ce74cbd8-b709-418b-a206-f51975fd0af1 0.955s
2024-12-11 22:09:43.015 66157 INFO tempest.lib.common.rest_client [req-8a283e2b-96d1-48d1-b046-917fbe803369 req-8a283e2b-96d1-48d1-b046-917fbe803369 ] Request (ServersWithSpecificFlavorTestJSON:test_verify_created_server_ephemeral_disk): 200 GET http://10.180.1.21/compute/v2.1/servers/b911f25d-711b-411e-bb2d-2e59386ff2ea 0.963s
2024-12-11 22:09:43.074 66166 INFO tempest.lib.common.rest_client [req-8d617d6e-1682-4491-8d47-7d4709abbdc9 req-8d617d6e-1682-4491-8d47-7d4709abbdc9 ] Request (ServersAaction247Test:tearDownClass): 200 GET http://10.180.1.21/compute/v2.1/servers/891fac54-2ec4-4d47-8535-a33bd9dfb804 0.982s
2024-12-11 22:09:43.116 66141 INFO tempest.lib.common.rest_client [req-607e7196-ff7c-4b98-8981-707a1faaa9ba req-607e7196-ff7c-4b98-8981-707a1faaa9ba ] Request (InstanceActionsTestJSON:setUpClass): 200 GET http://10.180.1.21/compute/v2.1/servers/2f7b7109-0ced-4ea4-8dde-608655f2b3ab 1.006s
2024-12-11 22:09:43.161 66171 INFO tempest.lib.common.rest_client [req-907dc951-f5d6-4554-bea3-dc2f8efef65c req-907dc951-f5d6-4554-bea3-dc2f8efef65c ] Request (ServersAdminNegativeTestJSON:test_migrate_server_invalid_state): 200 GET http://10.180.1.21/compute/v2.1/servers/ffe54977-81c4-4842-9773-eed704a53ada 1.004s
2024-12-11 22:09:43.310 66145 INFO tempest.lib.common.rest_client [req-e23743ae-c322-4f13-8faf-faf1ab7ff372 req-e23743ae-c322-4f13-8faf-faf1ab7ff372 ] Request (ServerDiagnosticsTest:test_get_server_diagnostics): 202 POST http://10.180.1.21/compute/v2.1/servers 1.421s
2024-12-11 22:09:43.318 66139 INFO tempest.lib.common.rest_client [req-fb978494-837b-4925-83f4-925b887439bd req-fb978494-837b-4925-83f4-925b887439bd ] Request (VolumesAssistedSnapshotsTest:test_volume_assisted_snapshot_create_delete): 200 GET http://10.180.1.21/compute/v2.1/servers/7d23d8f0-d7a9-4236-ad28-208e77b72138 1.153s
2024-12-11 22:09:43.326 66139 INFO tempest.common.waiters [-] State transition "BUILD/networking" ==> "BUILD/spawning" after 34 second wait
2024-12-11 22:09:43.378 66143 INFO tempest.lib.common.rest_client [req-21baea4e-0207-4296-ae13-41675564946d req-21baea4e-0207-4296-ae13-41675564946d ] Request (ServerRescueTestJSONUnderV235:setUpClass): 200 GET http://10.180.1.21/compute/v2.1/servers/42eb98a9-e341-4a17-9d76-2a2c37efc1a1 1.138s
2024-12-11 22:09:43.658 66163 INFO tempest.lib.common.rest_client [req-5a0b9e1c-8350-40ca-9c48-71907ee71be0 req-5a0b9e1c-8350-40ca-9c48-71907ee71be0 ] Request (SecurityGroupRulesNegativeTestJSON:test_create_security_group_rule_with_invalid_from_port): 200 POST http://10.180.1.21/compute/v2.1/os-security-groups 1.074s
2024-12-11 22:09:43.739 66147 INFO tempest.lib.common.rest_client [req-62a5b440-709f-4143-911e-32f9ef37dff6 req-62a5b440-709f-4143-911e-32f9ef37dff6 ] Request (ServersNegativeTestMultiTenantJSON:setUpClass): 200 GET http://10.180.1.21/compute/v2.1/servers/b297d642-88a7-4acc-a94d-e1cb7df81982 1.147s
2024-12-11 22:09:44.017 66129 INFO tempest.lib.common.rest_client [req-8499da40-02c2-4a0c-b77e-5f103d1a7223 req-8499da40-02c2-4a0c-b77e-5f103d1a7223 ] Request (FloatingIPDetailsTestJSON:setUpClass): 200 POST http://10.180.1.21/compute/v2.1/os-floating-ips 1.637s
2024-12-11 22:09:44.111 66155 INFO tempest.lib.common.rest_client [req-00ad9f52-243e-4bb0-b2bb-e92d0b6e4b64 req-00ad9f52-243e-4bb0-b2bb-e92d0b6e4b64 ] Request (ServersAdmin275Test:tearDownClass): 200 GET http://10.180.1.21/compute/v2.1/servers/96aff7ef-cfc3-46ef-ba3e-b4bc1141a88b 1.217s
2024-12-11 22:09:44.166 66153 INFO tempest.lib.common.rest_client [req-a0bcc926-c622-48f0-8128-c1349f3d699f req-a0bcc926-c622-48f0-8128-c1349f3d699f ] Request (FloatingIPsAssociationTestJSON:test_associate_already_associated_floating_ip): 200 GET http://10.180.1.21/compute/v2.1/servers/e652e59f-9432-41cf-b4a5-0f5cf649b24e 1.140s
2024-12-11 22:09:44.218 66159 INFO tempest.lib.common.rest_client [req-ea8f77d2-7af2-43e3-b1e5-aed455ea9436 req-ea8f77d2-7af2-43e3-b1e5-aed455ea9436 ] Request (ServersTestJSON:setUpClass): 200 GET http://10.180.1.21/compute/v2.1/servers/73452964-d690-451d-98c3-fba3c3301c6d 1.113s
2024-12-11 22:09:44.234 66151 INFO tempest.lib.common.rest_client [req-b70b546f-b7b8-4b42-96e7-c464c287c025 req-b70b546f-b7b8-4b42-96e7-c464c287c025 ] Request (MigrationsAdminTest:test_list_migrations_in_flavor_resize_situation): 200 GET http://10.180.1.21/compute/v2.1/servers/868cf942-f348-488d-b00a-af4c8b5efda5 1.443s
2024-12-11 22:09:44.281 66179 INFO tempest.lib.common.rest_client [req-8e62a1b9-d21f-48ac-8f6e-abc99dc187db req-8e62a1b9-d21f-48ac-8f6e-abc99dc187db ] Request (ServerPasswordTestJSON:setUpClass): 200 GET http://10.180.1.21/compute/v2.1/servers/a239d78f-085a-4e5c-924d-cf338298fa73 1.093s
2024-12-11 22:09:44.328 66121 INFO tempest.lib.common.rest_client [req-b3ec4b1b-16d8-4199-96a7-1ab335957942 req-b3ec4b1b-16d8-4199-96a7-1ab335957942 ] Request (ImagesNegativeTestJSON:test_create_image_from_deleted_server): 200 GET http://10.180.1.21/compute/v2.1/servers/46a524e2-93b0-4726-812f-98e08b6ba0b4 1.049s
2024-12-11 22:09:44.337 66145 INFO tempest.lib.common.rest_client [req-47d6dd81-1582-4a32-87b2-af58684c7591 req-47d6dd81-1582-4a32-87b2-af58684c7591 ] Request (ServerDiagnosticsTest:test_get_server_diagnostics): 200 GET http://10.180.1.21/compute/v2.1/servers/18ee140a-97bd-439a-8027-0dd0a1f0a6e2 1.025s
2024-12-11 22:09:44.392 66161 INFO tempest.lib.common.rest_client [req-4568c60d-c9d4-47ae-afba-cab0524a1aed req-4568c60d-c9d4-47ae-afba-cab0524a1aed ] Request (ServerRescueTestJSON:setUpClass): 200 GET http://10.180.1.21/compute/v2.1/servers/a226327d-11df-45e0-bef8-2337a0317c9e 0.893s
2024-12-11 22:09:44.412 66175 INFO tempest.lib.common.rest_client [req-a3ed11c6-d028-4445-9809-0d14d8dca725 req-a3ed11c6-d028-4445-9809-0d14d8dca725 ] Request (TenantUsagesTestJSON:tearDownClass): 200 GET http://10.180.1.21/compute/v2.1/servers/b182d3aa-a4de-4879-ab36-2cb51472158a 0.965s
2024-12-11 22:09:44.455 66149 INFO tempest.lib.common.rest_client [req-c717b7a3-1042-485d-9af8-ece4d24632c9 req-c717b7a3-1042-485d-9af8-ece4d24632c9 ] Request (ServerDiagnosticsNegativeTest:tearDownClass): 200 GET http://10.180.1.21/compute/v2.1/servers/7339c22a-05c9-4ddd-93df-0326cbe96ca4 0.899s
2024-12-11 22:09:44.490 66163 INFO tempest.lib.common.rest_client [req-ac432732-d3c0-4c37-be4b-74ac7bb87fc3 req-ac432732-d3c0-4c37-be4b-74ac7bb87fc3 ] Request (SecurityGroupRulesNegativeTestJSON:test_create_security_group_rule_with_invalid_from_port): 400 POST http://10.180.1.21/compute/v2.1/os-security-group-rules 0.829s
2024-12-11 22:09:44.496 66137 INFO tempest.lib.common.rest_client [req-cc29b4df-0c38-48f5-9605-704df87d074e req-cc29b4df-0c38-48f5-9605-704df87d074e ] Request (ServersTestMultiNic:test_verify_duplicate_network_nics): 200 GET http://10.180.1.21/compute/v2.1/servers/aae3b4a3-c954-4f73-bd12-9b19a675179c 0.888s
2024-12-11 22:09:44.549 66125 INFO tempest.lib.common.rest_client [req-7fd7d8e7-616f-4765-a5b3-b3c54c29e815 req-7fd7d8e7-616f-4765-a5b3-b3c54c29e815 ] Request (SecurityGroupsTestJSON:setUpClass): 200 PUT http://10.180.1.21:9696/networking/v2.0/routers/9dac952a-391b-440d-908c-dfadfdd706a7/add_router_interface 2.343s
2024-12-11 22:09:44.550 66125 INFO tempest.lib.common.dynamic_creds [-] Created isolated network resources for: credentials: Credentials: {'domain_id': 'default', 'domain_name': 'Default', 'username': 'tempest-SecurityGroupsTestJSON-2036996264-project-member', 'project_domain_id': 'default', 'project_domain_name': 'Default', 'project_id': 'a34358e29dde46139ee4aa5c8f57d0d0', 'project_name': 'tempest-SecurityGroupsTestJSON-2036996264', 'tenant_id': 'a34358e29dde46139ee4aa5c8f57d0d0', 'tenant_name': 'tempest-SecurityGroupsTestJSON-2036996264', 'user_domain_id': 'default', 'user_domain_name': 'Default', 'user_id': '64a1365de2b7431ebbc9b5066dd0f974', 'system': None}, Network: {'id': '97fee1f8-09a7-4a1a-bca0-16b26a3c0207', 'name': 'tempest-SecurityGroupsTestJSON-2039645983-network', 'tenant_id': 'a34358e29dde46139ee4aa5c8f57d0d0', 'admin_state_up': True, 'mtu': 8950, 'status': 'ACTIVE', 'subnets': [], 'shared': False, 'project_id': 'a34358e29dde46139ee4aa5c8f57d0d0', 'port_security_enabled': True, 'router:external': False, 'provider:network_type': 'vlan', 'provider:physical_network': 'default', 'provider:segmentation_id': 130, 'availability_zone_hints': [], 'availability_zones': [], 'ipv4_address_scope': None, 'ipv6_address_scope': None, 'description': '', 'tags': [], 'created_at': '2024-12-11T22:09:39Z', 'updated_at': '2024-12-11T22:09:40Z', 'revision_number': 1}, Subnet: {'id': 'fd94b0be-0285-4548-b773-4ddbb70c0ea7', 'name': 'tempest-SecurityGroupsTestJSON-2039645983-subnet', 'tenant_id': 'a34358e29dde46139ee4aa5c8f57d0d0', 'network_id': '97fee1f8-09a7-4a1a-bca0-16b26a3c0207', 'ip_version': 4, 'subnetpool_id': None, 'enable_dhcp': True, 'ipv6_ra_mode': None, 'ipv6_address_mode': None, 'gateway_ip': '192.168.128.1', 'cidr': '192.168.128.0/28', 'allocation_pools': [{'start': '192.168.128.2', 'end': '192.168.128.14'}], 'host_routes': [], 'dns_nameservers': [], 'description': '', 'router:external': False, 'service_types': [], 'tags': [], 'created_at': '2024-12-11T22:09:40Z', 'updated_at': '2024-12-11T22:09:40Z', 'revision_number': 0, 'project_id': 'a34358e29dde46139ee4aa5c8f57d0d0'}, Router: {'id': '9dac952a-391b-440d-908c-dfadfdd706a7', 'name': 'tempest-SecurityGroupsTestJSON-2039645983-router', 'tenant_id': 'a34358e29dde46139ee4aa5c8f57d0d0', 'admin_state_up': True, 'status': 'ACTIVE', 'external_gateway_info': {'network_id': '496fbe0c-5932-45de-b27b-73a4576161fa', 'external_fixed_ips': [{'subnet_id': 'd766c117-b977-4bcb-aeee-8343b841a62d', 'ip_address': '10.180.180.137'}], 'enable_snat': True}, 'description': '', 'availability_zones': [], 'distributed': False, 'ha': False, 'availability_zone_hints': [], 'routes': [], 'flavor_id': None, 'tags': [], 'created_at': '2024-12-11T22:09:40Z', 'updated_at': '2024-12-11T22:09:41Z', 'revision_number': 2, 'project_id': 'a34358e29dde46139ee4aa5c8f57d0d0'}
2024-12-11 22:09:44.560 66133 INFO tempest.lib.common.rest_client [req-ff2f21f4-8ded-42b6-851c-52f56bcd284e req-ff2f21f4-8ded-42b6-851c-52f56bcd284e ] Request (ServerExternalEventsTest:tearDownClass): 200 GET http://10.180.1.21/compute/v2.1/servers/d32a3a5d-17d0-4a79-b76a-371cdd170ee0 0.898s
2024-12-11 22:09:44.579 66127 INFO tempest.lib.common.rest_client [req-936fd433-e9bf-4de7-92cc-b4277a7956c7 req-936fd433-e9bf-4de7-92cc-b4277a7956c7 ] Request (FloatingIPsAssociationNegativeTestJSON:setUpClass): 200 GET http://10.180.1.21/compute/v2.1/servers/ad37d6a1-9053-4be6-adb2-0c62ac8ae9bd 0.855s
2024-12-11 22:09:44.589 66131 INFO tempest.lib.common.rest_client [req-bcc0dc41-7dc3-4e41-a111-5d9133d35dfa req-bcc0dc41-7dc3-4e41-a111-5d9133d35dfa ] Request (ServerActionsTestJSON:setUpClass): 201 POST http://10.180.1.21:9696/networking/v2.0/routers 1.772s
2024-12-11 22:09:44.628 66167 INFO tempest.lib.common.rest_client [req-ea9e7a68-597f-4a09-8451-7bbff6548eac req-ea9e7a68-597f-4a09-8451-7bbff6548eac ] Request (ServerActionsTestOtherA:setUpClass): 200 GET http://10.180.1.21/compute/v2.1/servers/de69dbf0-86f1-4b05-a9db-8b9afaabe49c 0.854s
2024-12-11 22:09:44.661 66125 INFO tempest.lib.common.rest_client [req-1b180377-5c44-497f-a4b6-716a71a6377c req-1b180377-5c44-497f-a4b6-716a71a6377c ] Request (SecurityGroupsTestJSON:setUpClass): 201 POST http://10.180.1.21/identity/v3/auth/tokens 0.106s
2024-12-11 22:09:44.697 66123 INFO tempest.lib.common.rest_client [req-c377c3f2-dfa6-4c04-afd8-62b340094a98 req-c377c3f2-dfa6-4c04-afd8-62b340094a98 ] Request (ServerDiagnosticsV248Test:tearDownClass): 200 GET http://10.180.1.21/compute/v2.1/servers/fa00f4fe-3bb2-4e17-be22-8a1fda502f65 0.860s
2024-12-11 22:09:44.708 66119 INFO tempest.lib.common.rest_client [req-678d93e6-85bc-402c-8a70-e11d9cb83ba0 req-678d93e6-85bc-402c-8a70-e11d9cb83ba0 ] Request (ListServersNegativeTestJSON:setUpClass): 200 GET http://10.180.1.21/compute/v2.1/servers/03552483-a365-4d25-94bc-ea9b38ee6cd6 0.893s
2024-12-11 22:09:44.769 66181 INFO tempest.lib.common.rest_client [req-9408f2c4-412e-4e09-9b18-9184f793705d req-9408f2c4-412e-4e09-9b18-9184f793705d ] Request (InstanceActionsNegativeTestJSON:tearDownClass): 200 GET http://10.180.1.21/compute/v2.1/servers/827b0887-2132-49af-bcce-cedc7237245d 0.865s
2024-12-11 22:09:44.799 66135 INFO tempest.lib.common.rest_client [req-99e4c0ec-4f61-4d1f-8e9f-67c45d76422b req-99e4c0ec-4f61-4d1f-8e9f-67c45d76422b ] Request (DeleteServersAdminTestJSON:test_delete_server_while_in_error_state): 200 GET http://10.180.1.21/compute/v2.1/servers/ce74cbd8-b709-418b-a206-f51975fd0af1 0.830s
2024-12-11 22:09:45.015 66157 INFO tempest.lib.common.rest_client [req-0534e8d5-8821-4983-8b46-9b3adcfe378b req-0534e8d5-8821-4983-8b46-9b3adcfe378b ] Request (ServersWithSpecificFlavorTestJSON:test_verify_created_server_ephemeral_disk): 200 GET http://10.180.1.21/compute/v2.1/servers/b911f25d-711b-411e-bb2d-2e59386ff2ea 0.992s
2024-12-11 22:09:45.023 66157 INFO tempest.common.waiters [-] State transition "BUILD/None" ==> "BUILD/block_device_mapping" after 33 second wait
2024-12-11 22:09:45.094 66166 INFO tempest.lib.common.rest_client [req-9cd1858c-96be-4c64-9c31-6c56d9389070 req-9cd1858c-96be-4c64-9c31-6c56d9389070 ] Request (ServersAaction247Test:tearDownClass): 200 GET http://10.180.1.21/compute/v2.1/servers/891fac54-2ec4-4d47-8535-a33bd9dfb804 1.012s
2024-12-11 22:09:45.148 66141 INFO tempest.lib.common.rest_client [req-5b434a28-a2bb-498d-a38d-e8a243700ae4 req-5b434a28-a2bb-498d-a38d-e8a243700ae4 ] Request (InstanceActionsTestJSON:setUpClass): 200 GET http://10.180.1.21/compute/v2.1/servers/2f7b7109-0ced-4ea4-8dde-608655f2b3ab 1.024s
2024-12-11 22:09:45.194 66171 INFO tempest.lib.common.rest_client [req-3c8d068c-af03-4fe4-aba1-0f54ce600d1e req-3c8d068c-af03-4fe4-aba1-0f54ce600d1e ] Request (ServersAdminNegativeTestJSON:test_migrate_server_invalid_state): 200 GET http://10.180.1.21/compute/v2.1/servers/ffe54977-81c4-4842-9773-eed704a53ada 1.023s
2024-12-11 22:09:45.339 66139 INFO tempest.lib.common.rest_client [req-2b4009e2-0857-4265-bad2-8c4f55775de2 req-2b4009e2-0857-4265-bad2-8c4f55775de2 ] Request (VolumesAssistedSnapshotsTest:test_volume_assisted_snapshot_create_delete): 200 GET http://10.180.1.21/compute/v2.1/servers/7d23d8f0-d7a9-4236-ad28-208e77b72138 1.012s
2024-12-11 22:09:45.392 66143 INFO tempest.lib.common.rest_client [req-c9165fc1-a29f-4ac5-82de-711c20a5938f req-c9165fc1-a29f-4ac5-82de-711c20a5938f ] Request (ServerRescueTestJSONUnderV235:setUpClass): 200 GET http://10.180.1.21/compute/v2.1/servers/42eb98a9-e341-4a17-9d76-2a2c37efc1a1 1.007s
2024-12-11 22:09:45.401 66163 INFO tempest.lib.common.rest_client [req-f32d8cc9-96ed-49da-bce2-3613f40cbd96 req-f32d8cc9-96ed-49da-bce2-3613f40cbd96 ] Request (SecurityGroupRulesNegativeTestJSON:test_create_security_group_rule_with_invalid_id): 400 POST http://10.180.1.21/compute/v2.1/os-security-group-rules 0.909s
2024-12-11 22:09:45.553 66125 INFO tempest.lib.common.rest_client [req-ceaa0c39-b576-4f5a-a875-af74d764ce3c req-ceaa0c39-b576-4f5a-a875-af74d764ce3c ] Request (SecurityGroupsTestJSON:test_list_security_groups_by_server): 200 POST http://10.180.1.21/compute/v2.1/os-security-groups 0.889s
2024-12-11 22:09:45.611 66147 INFO tempest.lib.common.rest_client [req-26345225-ef8a-4767-afca-5dfa98144e33 req-26345225-ef8a-4767-afca-5dfa98144e33 ] Request (ServersNegativeTestMultiTenantJSON:setUpClass): 200 GET http://10.180.1.21/compute/v2.1/servers/b297d642-88a7-4acc-a94d-e1cb7df81982 0.864s
2024-12-11 22:09:45.677 66155 INFO tempest.lib.common.rest_client [req-4b702bd5-a3a4-44cd-bef1-a4fbe176076b req-4b702bd5-a3a4-44cd-bef1-a4fbe176076b ] Request (ServersAdmin275Test:tearDownClass): 200 GET http://10.180.1.21/compute/v2.1/servers/96aff7ef-cfc3-46ef-ba3e-b4bc1141a88b 0.556s
2024-12-11 22:09:45.735 66153 INFO tempest.lib.common.rest_client [req-302fc6b7-65da-4c3f-8358-b08354744d60 req-302fc6b7-65da-4c3f-8358-b08354744d60 ] Request (FloatingIPsAssociationTestJSON:test_associate_already_associated_floating_ip): 200 GET http://10.180.1.21/compute/v2.1/servers/e652e59f-9432-41cf-b4a5-0f5cf649b24e 0.555s
2024-12-11 22:09:45.753 66129 INFO tempest.lib.common.rest_client [req-77cdfc28-b2c2-4fc2-a3c3-25d01516b001 req-77cdfc28-b2c2-4fc2-a3c3-25d01516b001 ] Request (FloatingIPDetailsTestJSON:setUpClass): 200 POST http://10.180.1.21/compute/v2.1/os-floating-ips 1.734s
2024-12-11 22:09:45.783 66159 INFO tempest.lib.common.rest_client [req-c62e60c5-b281-4724-af7e-dd6c2bd4a163 req-c62e60c5-b281-4724-af7e-dd6c2bd4a163 ] Request (ServersTestJSON:setUpClass): 200 GET http://10.180.1.21/compute/v2.1/servers/73452964-d690-451d-98c3-fba3c3301c6d 0.556s
2024-12-11 22:09:45.844 66179 INFO tempest.lib.common.rest_client [req-6cca2037-8488-4094-85fe-75eb7b3ca7bc req-6cca2037-8488-4094-85fe-75eb7b3ca7bc ] Request (ServerPasswordTestJSON:setUpClass): 200 GET http://10.180.1.21/compute/v2.1/servers/a239d78f-085a-4e5c-924d-cf338298fa73 0.556s
2024-12-11 22:09:45.909 66121 INFO tempest.lib.common.rest_client [req-3b649ce0-1747-4db8-bfea-8553fdcce7d9 req-3b649ce0-1747-4db8-bfea-8553fdcce7d9 ] Request (ImagesNegativeTestJSON:test_create_image_from_deleted_server): 200 GET http://10.180.1.21/compute/v2.1/servers/46a524e2-93b0-4726-812f-98e08b6ba0b4 0.570s
2024-12-11 22:09:45.962 66151 INFO tempest.lib.common.rest_client [req-4fb9b941-f12a-498d-b2b9-600d75f9bec9 req-4fb9b941-f12a-498d-b2b9-600d75f9bec9 ] Request (MigrationsAdminTest:test_list_migrations_in_flavor_resize_situation): 200 GET http://10.180.1.21/compute/v2.1/servers/868cf942-f348-488d-b00a-af4c8b5efda5 0.721s
2024-12-11 22:09:45.980 66145 INFO tempest.lib.common.rest_client [req-91281da0-7ccd-4455-bb2c-ee24e42df737 req-91281da0-7ccd-4455-bb2c-ee24e42df737 ] Request (ServerDiagnosticsTest:test_get_server_diagnostics): 200 GET http://10.180.1.21/compute/v2.1/servers/18ee140a-97bd-439a-8027-0dd0a1f0a6e2 0.632s
2024-12-11 22:09:46.036 66161 INFO tempest.lib.common.rest_client [req-9c71af2e-d9d2-4552-94f9-ad4ad98278ab req-9c71af2e-d9d2-4552-94f9-ad4ad98278ab ] Request (ServerRescueTestJSON:setUpClass): 200 GET http://10.180.1.21/compute/v2.1/servers/a226327d-11df-45e0-bef8-2337a0317c9e 0.635s
2024-12-11 22:09:46.053 66131 INFO tempest.lib.common.rest_client [req-f4b59bee-6827-439c-9fc9-ad394ea2c931 req-f4b59bee-6827-439c-9fc9-ad394ea2c931 ] Request (ServerActionsTestJSON:setUpClass): 200 PUT http://10.180.1.21:9696/networking/v2.0/routers/7badbf25-12c2-4031-a23b-71d14b5306d5/add_router_interface 1.463s
2024-12-11 22:09:46.053 66131 INFO tempest.lib.common.dynamic_creds [-] Created isolated network resources for: credentials: Credentials: {'domain_id': 'default', 'domain_name': 'Default', 'username': 'tempest-ServerActionsTestJSON-1490369560-project-member', 'project_domain_id': 'default', 'project_domain_name': 'Default', 'project_id': 'ce0dd059301e41abb3758625d38e435e', 'project_name': 'tempest-ServerActionsTestJSON-1490369560', 'tenant_id': 'ce0dd059301e41abb3758625d38e435e', 'tenant_name': 'tempest-ServerActionsTestJSON-1490369560', 'user_domain_id': 'default', 'user_domain_name': 'Default', 'user_id': '2561183ef9c54615988c33906fc5f84e', 'system': None}, Network: {'id': '6916575c-317f-4c93-95a6-012e37107f15', 'name': 'tempest-ServerActionsTestJSON-307053976-network', 'tenant_id': 'ce0dd059301e41abb3758625d38e435e', 'admin_state_up': True, 'mtu': 8950, 'status': 'ACTIVE', 'subnets': [], 'shared': False, 'project_id': 'ce0dd059301e41abb3758625d38e435e', 'port_security_enabled': True, 'router:external': False, 'provider:network_type': 'vlan', 'provider:physical_network': 'default', 'provider:segmentation_id': 517, 'availability_zone_hints': [], 'availability_zones': [], 'ipv4_address_scope': None, 'ipv6_address_scope': None, 'description': '', 'tags': [], 'created_at': '2024-12-11T22:09:42Z', 'updated_at': '2024-12-11T22:09:42Z', 'revision_number': 1}, Subnet: {'id': '5a7c1704-7ae9-4cfc-a03f-e89a900a4d5d', 'name': 'tempest-ServerActionsTestJSON-307053976-subnet', 'tenant_id': 'ce0dd059301e41abb3758625d38e435e', 'network_id': '6916575c-317f-4c93-95a6-012e37107f15', 'ip_version': 4, 'subnetpool_id': None, 'enable_dhcp': True, 'ipv6_ra_mode': None, 'ipv6_address_mode': None, 'gateway_ip': '192.168.128.1', 'cidr': '192.168.128.0/28', 'allocation_pools': [{'start': '192.168.128.2', 'end': '192.168.128.14'}], 'host_routes': [], 'dns_nameservers': [], 'description': '', 'router:external': False, 'service_types': [], 'tags': [], 'created_at': '2024-12-11T22:09:42Z', 'updated_at': '2024-12-11T22:09:42Z', 'revision_number': 0, 'project_id': 'ce0dd059301e41abb3758625d38e435e'}, Router: {'id': '7badbf25-12c2-4031-a23b-71d14b5306d5', 'name': 'tempest-ServerActionsTestJSON-307053976-router', 'tenant_id': 'ce0dd059301e41abb3758625d38e435e', 'admin_state_up': True, 'status': 'ACTIVE', 'external_gateway_info': {'network_id': '496fbe0c-5932-45de-b27b-73a4576161fa', 'external_fixed_ips': [{'subnet_id': 'd766c117-b977-4bcb-aeee-8343b841a62d', 'ip_address': '10.180.180.175'}], 'enable_snat': True}, 'description': '', 'availability_zones': [], 'distributed': False, 'ha': False, 'availability_zone_hints': [], 'routes': [], 'flavor_id': None, 'tags': [], 'created_at': '2024-12-11T22:09:42Z', 'updated_at': '2024-12-11T22:09:43Z', 'revision_number': 2, 'project_id': 'ce0dd059301e41abb3758625d38e435e'}
2024-12-11 22:09:46.116 66175 INFO tempest.lib.common.rest_client [req-4bbc1bb7-7e50-4fa1-8b0a-502090275226 req-4bbc1bb7-7e50-4fa1-8b0a-502090275226 ] Request (TenantUsagesTestJSON:tearDownClass): 200 GET http://10.180.1.21/compute/v2.1/servers/b182d3aa-a4de-4879-ab36-2cb51472158a 0.695s
2024-12-11 22:09:46.123 66163 INFO tempest.lib.common.rest_client [req-5c865673-ab5d-434e-86bb-4e3fffd42dee req-5c865673-ab5d-434e-86bb-4e3fffd42dee ] Request (SecurityGroupRulesNegativeTestJSON:test_create_security_group_rule_with_invalid_ip_protocol): 200 POST http://10.180.1.21/compute/v2.1/os-security-groups 0.721s
2024-12-11 22:09:46.143 66131 INFO tempest.lib.common.rest_client [req-ce24577d-9907-4246-8c4d-fa58f024a3cf req-ce24577d-9907-4246-8c4d-fa58f024a3cf ] Request (ServerActionsTestJSON:setUpClass): 201 POST http://10.180.1.21/identity/v3/auth/tokens 0.081s
2024-12-11 22:09:46.174 66137 INFO tempest.lib.common.rest_client [req-552433df-2936-4012-9041-ea6cda7b3f68 req-552433df-2936-4012-9041-ea6cda7b3f68 ] Request (ServersTestMultiNic:test_verify_duplicate_network_nics): 200 GET http://10.180.1.21/compute/v2.1/servers/aae3b4a3-c954-4f73-bd12-9b19a675179c 0.669s
2024-12-11 22:09:46.183 66149 INFO tempest.lib.common.rest_client [req-5e8a8a27-b04c-41c9-861d-59eb98870bf7 req-5e8a8a27-b04c-41c9-861d-59eb98870bf7 ] Request (ServerDiagnosticsNegativeTest:tearDownClass): 200 GET http://10.180.1.21/compute/v2.1/servers/7339c22a-05c9-4ddd-93df-0326cbe96ca4 0.718s
2024-12-11 22:09:46.248 66133 INFO tempest.lib.common.rest_client [req-6de6bae4-4fd4-44ac-a364-29e3374efcd3 req-6de6bae4-4fd4-44ac-a364-29e3374efcd3 ] Request (ServerExternalEventsTest:tearDownClass): 200 GET http://10.180.1.21/compute/v2.1/servers/d32a3a5d-17d0-4a79-b76a-371cdd170ee0 0.680s
2024-12-11 22:09:46.297 66127 INFO tempest.lib.common.rest_client [req-3f46ec1f-1afe-4d0e-b5f1-732bb7ca2220 req-3f46ec1f-1afe-4d0e-b5f1-732bb7ca2220 ] Request (FloatingIPsAssociationNegativeTestJSON:setUpClass): 200 GET http://10.180.1.21/compute/v2.1/servers/ad37d6a1-9053-4be6-adb2-0c62ac8ae9bd 0.704s
2024-12-11 22:09:46.348 66167 INFO tempest.lib.common.rest_client [req-c04fae84-a95e-4822-b12d-4a5d2ca586ef req-c04fae84-a95e-4822-b12d-4a5d2ca586ef ] Request (ServerActionsTestOtherA:setUpClass): 200 GET http://10.180.1.21/compute/v2.1/servers/de69dbf0-86f1-4b05-a9db-8b9afaabe49c 0.712s
2024-12-11 22:09:46.349 66125 INFO tempest.lib.common.rest_client [req-0e29bea9-0d39-44e2-8c2b-a0bbe5e5bf87 req-0e29bea9-0d39-44e2-8c2b-a0bbe5e5bf87 ] Request (SecurityGroupsTestJSON:test_list_security_groups_by_server): 200 POST http://10.180.1.21/compute/v2.1/os-security-groups 0.793s
2024-12-11 22:09:46.384 66125 INFO tempest.lib.common.rest_client [req-67cf6e02-a942-4681-b28d-291ba4c90364 req-67cf6e02-a942-4681-b28d-291ba4c90364 ] Request (SecurityGroupsTestJSON:test_list_security_groups_by_server): 201 POST http://10.180.1.21/identity/v3/auth/tokens 0.029s
2024-12-11 22:09:46.384 66125 INFO tempest.lib.common.fixed_network [-] (SecurityGroupsTestJSON:test_list_security_groups_by_server) Found network {'id': '97fee1f8-09a7-4a1a-bca0-16b26a3c0207', 'name': 'tempest-SecurityGroupsTestJSON-2039645983-network', 'tenant_id': 'a34358e29dde46139ee4aa5c8f57d0d0', 'admin_state_up': True, 'mtu': 8950, 'status': 'ACTIVE', 'subnets': [], 'shared': False, 'project_id': 'a34358e29dde46139ee4aa5c8f57d0d0', 'port_security_enabled': True, 'router:external': False, 'provider:network_type': 'vlan', 'provider:physical_network': 'default', 'provider:segmentation_id': 130, 'availability_zone_hints': [], 'availability_zones': [], 'ipv4_address_scope': None, 'ipv6_address_scope': None, 'description': '', 'tags': [], 'created_at': '2024-12-11T22:09:39Z', 'updated_at': '2024-12-11T22:09:40Z', 'revision_number': 1} available for tenant
2024-12-11 22:09:46.408 66123 INFO tempest.lib.common.rest_client [req-60acce32-d01a-4ff7-a37f-2b06df45e6ba req-60acce32-d01a-4ff7-a37f-2b06df45e6ba ] Request (ServerDiagnosticsV248Test:tearDownClass): 200 GET http://10.180.1.21/compute/v2.1/servers/fa00f4fe-3bb2-4e17-be22-8a1fda502f65 0.698s
2024-12-11 22:09:46.527 66119 INFO tempest.lib.common.rest_client [req-e0b8cad2-45bd-4990-8c6b-f474dd558854 req-e0b8cad2-45bd-4990-8c6b-f474dd558854 ] Request (ListServersNegativeTestJSON:setUpClass): 200 GET http://10.180.1.21/compute/v2.1/servers/03552483-a365-4d25-94bc-ea9b38ee6cd6 0.810s
2024-12-11 22:09:46.591 66181 INFO tempest.lib.common.rest_client [req-662cdd9c-92d4-46e1-a91d-7a6eebe3ba42 req-662cdd9c-92d4-46e1-a91d-7a6eebe3ba42 ] Request (InstanceActionsNegativeTestJSON:tearDownClass): 200 GET http://10.180.1.21/compute/v2.1/servers/827b0887-2132-49af-bcce-cedc7237245d 0.815s
2024-12-11 22:09:46.639 66135 INFO tempest.lib.common.rest_client [req-dc6174ab-ff90-4221-a429-499e213c2aa5 req-dc6174ab-ff90-4221-a429-499e213c2aa5 ] Request (DeleteServersAdminTestJSON:test_delete_server_while_in_error_state): 200 GET http://10.180.1.21/compute/v2.1/servers/ce74cbd8-b709-418b-a206-f51975fd0af1 0.832s
2024-12-11 22:09:46.740 66157 INFO tempest.lib.common.rest_client [req-6de15024-e12e-42a7-a6f0-195052884632 req-6de15024-e12e-42a7-a6f0-195052884632 ] Request (ServersWithSpecificFlavorTestJSON:test_verify_created_server_ephemeral_disk): 200 GET http://10.180.1.21/compute/v2.1/servers/b911f25d-711b-411e-bb2d-2e59386ff2ea 0.716s
2024-12-11 22:09:46.746 66157 INFO tempest.common.waiters [-] State transition "BUILD/block_device_mapping" ==> "BUILD/spawning" after 34 second wait
2024-12-11 22:09:46.798 66166 INFO tempest.lib.common.rest_client [req-e6c5f277-c044-40ef-96d1-e6c8d38d0b84 req-e6c5f277-c044-40ef-96d1-e6c8d38d0b84 ] Request (ServersAaction247Test:tearDownClass): 200 GET http://10.180.1.21/compute/v2.1/servers/891fac54-2ec4-4d47-8535-a33bd9dfb804 0.688s
2024-12-11 22:09:46.830 66163 INFO tempest.lib.common.rest_client [req-998d82cb-200c-4655-a6a2-c7e68ff9882b req-998d82cb-200c-4655-a6a2-c7e68ff9882b ] Request (SecurityGroupRulesNegativeTestJSON:test_create_security_group_rule_with_invalid_ip_protocol): 400 POST http://10.180.1.21/compute/v2.1/os-security-group-rules 0.703s
2024-12-11 22:09:46.896 66131 INFO tempest.lib.common.rest_client [req-80e72750-a24f-4263-9ace-d19f3786f4cd req-80e72750-a24f-4263-9ace-d19f3786f4cd ] Request (ServerActionsTestJSON:setUpClass): 200 POST http://10.180.1.21/compute/v2.1/os-keypairs 0.752s
2024-12-11 22:09:46.972 66141 INFO tempest.lib.common.rest_client [req-ac96e303-fad0-4d41-ab68-43bcf50a642f req-ac96e303-fad0-4d41-ab68-43bcf50a642f ] Request (InstanceActionsTestJSON:setUpClass): 200 GET http://10.180.1.21/compute/v2.1/servers/2f7b7109-0ced-4ea4-8dde-608655f2b3ab 0.815s
2024-12-11 22:09:47.043 66171 INFO tempest.lib.common.rest_client [req-35058543-6496-4a29-9dc0-05ea369ddafc req-35058543-6496-4a29-9dc0-05ea369ddafc ] Request (ServersAdminNegativeTestJSON:test_migrate_server_invalid_state): 200 GET http://10.180.1.21/compute/v2.1/servers/ffe54977-81c4-4842-9773-eed704a53ada 0.839s
2024-12-11 22:09:47.063 66131 INFO tempest.lib.common.rest_client [req-2c00e322-924a-4c88-8995-459b182c5f88 req-2c00e322-924a-4c88-8995-459b182c5f88 ] Request (ServerActionsTestJSON:setUpClass): 201 POST http://10.180.1.21:9696/networking/v2.0/security-groups 0.165s
2024-12-11 22:09:47.092 66129 INFO tempest.lib.common.rest_client [req-2d3122e7-147d-4f5f-9783-ca94ffc84b72 req-2d3122e7-147d-4f5f-9783-ca94ffc84b72 ] Request (FloatingIPDetailsTestJSON:test_get_floating_ip_details): 200 POST http://10.180.1.21/compute/v2.1/os-floating-ips 1.336s
2024-12-11 22:09:47.186 66139 INFO tempest.lib.common.rest_client [req-1f4349db-0ca0-44d1-aeff-ec1a35721023 req-1f4349db-0ca0-44d1-aeff-ec1a35721023 ] Request (VolumesAssistedSnapshotsTest:test_volume_assisted_snapshot_create_delete): 200 GET http://10.180.1.21/compute/v2.1/servers/7d23d8f0-d7a9-4236-ad28-208e77b72138 0.840s
2024-12-11 22:09:47.200 66131 INFO tempest.lib.common.rest_client [req-4b631ea6-1d32-47ba-b2f6-3f98e5e43963 req-4b631ea6-1d32-47ba-b2f6-3f98e5e43963 ] Request (ServerActionsTestJSON:setUpClass): 201 POST http://10.180.1.21:9696/networking/v2.0/security-group-rules 0.137s
2024-12-11 22:09:47.241 66143 INFO tempest.lib.common.rest_client [req-16be7261-86bb-4d67-879e-7ba3d8d024a2 req-16be7261-86bb-4d67-879e-7ba3d8d024a2 ] Request (ServerRescueTestJSONUnderV235:setUpClass): 200 GET http://10.180.1.21/compute/v2.1/servers/42eb98a9-e341-4a17-9d76-2a2c37efc1a1 0.837s
2024-12-11 22:09:47.288 66147 INFO tempest.lib.common.rest_client [req-d3dbca39-040b-4d0e-bfc4-74e8681a8998 req-d3dbca39-040b-4d0e-bfc4-74e8681a8998 ] Request (ServersNegativeTestMultiTenantJSON:setUpClass): 200 GET http://10.180.1.21/compute/v2.1/servers/b297d642-88a7-4acc-a94d-e1cb7df81982 0.666s
