2024-12-11 22:09:06.020 66173 INFO tempest.lib.common.dynamic_creds [-] Created isolated network resources for: credentials: Credentials: {'domain_id': 'default', 'domain_name': 'Default', 'username': 'tempest-HostsAdminTestJSON-1019556489-project-member', 'project_domain_id': 'default', 'project_domain_name': 'Default', 'project_id': 'ddc0da4e82cc4f85ba0fe18a67b4fa78', 'project_name': 'tempest-HostsAdminTestJSON-1019556489', 'tenant_id': 'ddc0da4e82cc4f85ba0fe18a67b4fa78', 'tenant_name': 'tempest-HostsAdminTestJSON-1019556489', 'user_domain_id': 'default', 'user_domain_name': 'Default', 'user_id': '1bb285cbc4d84130adc80d0829f0b715', 'system': None}, Network: None, Subnet: None, Router: None
2024-12-11 22:09:06.041 66179 INFO tempest.lib.common.rest_client [req-6c4c3dce-0fc9-4d66-9ab8-73da649cdd99 req-6c4c3dce-0fc9-4d66-9ab8-73da649cdd99 ] Request (FloatingIPsTestJSON:tearDownClass): 204 DELETE http://10.180.1.21/identity/v3/projects/5badf1cee7c14871bec4d10226318e5e 0.090s
2024-12-11 22:09:06.056 66171 INFO tempest.lib.common.rest_client [req-a63f8e52-db43-4f7f-8aea-78cdfb3bc8b5 req-a63f8e52-db43-4f7f-8aea-78cdfb3bc8b5 ] Request (ServersAdminNegativeTestJSON:setUpClass): 202 POST http://10.180.1.21/compute/v2.1/servers 2.556s
2024-12-11 22:09:06.119 66173 INFO tempest.lib.common.rest_client [req-bd8c11cf-a4be-4faa-bffe-912bf19c51e1 req-bd8c11cf-a4be-4faa-bffe-912bf19c51e1 ] Request (HostsAdminTestJSON:setUpClass): 201 POST http://10.180.1.21/identity/v3/auth/tokens 0.095s
2024-12-11 22:09:06.119 66179 INFO tempest.lib.common.rest_client [req-8b5898ba-e289-4e88-ac70-331e0a50c585 req-8b5898ba-e289-4e88-ac70-331e0a50c585 ] Request (KeyPairsV22TestJSON:setUpClass): 201 POST http://10.180.1.21/identity/v3/auth/tokens 0.076s
2024-12-11 22:09:06.125 66143 INFO tempest.lib.common.rest_client [req-979cf93d-3492-4685-9a33-42db3d6ba5de req-979cf93d-3492-4685-9a33-42db3d6ba5de ] Request (QuotasSecurityGroupAdminNegativeTest:tearDownClass): 200 GET http://10.180.1.21:9696/networking/v2.0/security-groups?tenant_id=62f854da14474b1f83de765a2c94b7d3&name=default 0.534s
2024-12-11 22:09:06.160 66173 INFO tempest.lib.common.rest_client [req-cf955409-c1d2-4b20-b7a0-793f45013ed5 req-cf955409-c1d2-4b20-b7a0-793f45013ed5 ] Request (HostsAdminTestJSON:setUpClass): 201 POST http://10.180.1.21/identity/v3/projects 0.040s
2024-12-11 22:09:06.240 66173 INFO tempest.lib.common.rest_client [req-f3d28144-42d6-4efe-9d58-552c2a66bdd2 req-f3d28144-42d6-4efe-9d58-552c2a66bdd2 ] Request (HostsAdminTestJSON:setUpClass): 201 POST http://10.180.1.21/identity/v3/users 0.079s
2024-12-11 22:09:06.259 66179 INFO tempest.lib.common.rest_client [req-cfe39c23-4c0e-4fdc-9871-7248c94684bf req-cfe39c23-4c0e-4fdc-9871-7248c94684bf ] Request (KeyPairsV22TestJSON:setUpClass): 201 POST http://10.180.1.21/identity/v3/auth/tokens 0.077s
2024-12-11 22:09:06.262 66173 INFO tempest.lib.common.rest_client [req-35ea42b4-413d-40fb-b582-fa2f467431d8 req-35ea42b4-413d-40fb-b582-fa2f467431d8 ] Request (HostsAdminTestJSON:setUpClass): 200 GET http://10.180.1.21/identity/v3/roles 0.019s
2024-12-11 22:09:06.289 66179 INFO tempest.lib.common.rest_client [req-6a942da7-1314-4042-b6a5-6f4cbc81a28a req-6a942da7-1314-4042-b6a5-6f4cbc81a28a ] Request (KeyPairsV22TestJSON:setUpClass): 200 GET http://10.180.1.21/identity/v3/domains?name=Default 0.030s
2024-12-11 22:09:06.298 66173 INFO tempest.lib.common.rest_client [req-933704c9-c0e9-4154-89d6-68dd10d9c04b req-933704c9-c0e9-4154-89d6-68dd10d9c04b ] Request (HostsAdminTestJSON:setUpClass): 204 PUT http://10.180.1.21/identity/v3/projects/b924efbbdca44384bebaed355bf285ad/users/e690b989d20844158db221272103ff77/roles/51bfea76ecd34cddadef977ddaab8828 0.035s
2024-12-11 22:09:06.335 66119 INFO tempest.lib.common.rest_client [req-0ff393c5-8921-4f27-9e77-978d0616f2c3 req-0ff393c5-8921-4f27-9e77-978d0616f2c3 ] Request (ListServersNegativeTestJSON:setUpClass): 202 POST http://10.180.1.21/compute/v2.1/servers 2.811s
2024-12-11 22:09:06.348 66161 INFO tempest.lib.common.rest_client [req-dc1e277b-ee1f-423f-a002-a7a7b61e1df6 req-dc1e277b-ee1f-423f-a002-a7a7b61e1df6 ] Request (MultipleCreateNegativeTestJSON:test_max_count_less_than_one): 400 POST http://10.180.1.21/compute/v2.1/servers 2.672s
2024-12-11 22:09:06.351 66173 INFO tempest.lib.common.rest_client [req-32ff2827-9c56-4163-85be-d74abba1d276 req-32ff2827-9c56-4163-85be-d74abba1d276 ] Request (HostsAdminTestJSON:setUpClass): 200 GET http://10.180.1.21/identity/v3/roles 0.052s
2024-12-11 22:09:06.359 66179 INFO tempest.lib.common.rest_client [req-10bf9284-3f4a-4e19-b6e9-11e3036f377f req-10bf9284-3f4a-4e19-b6e9-11e3036f377f ] Request (KeyPairsV22TestJSON:setUpClass): 201 POST http://10.180.1.21/identity/v3/projects 0.069s
2024-12-11 22:09:06.412 66173 INFO tempest.lib.common.rest_client [req-8715f8ac-c938-4845-af85-2e4cc87bd1cd req-8715f8ac-c938-4845-af85-2e4cc87bd1cd ] Request (HostsAdminTestJSON:setUpClass): 204 PUT http://10.180.1.21/identity/v3/projects/b924efbbdca44384bebaed355bf285ad/users/e690b989d20844158db221272103ff77/roles/51bfea76ecd34cddadef977ddaab8828 0.060s
2024-12-11 22:09:06.412 66173 INFO tempest.lib.common.dynamic_creds [-] Dynamic test user e690b989d20844158db221272103ff77 is created with scope project and roles: ['admin']
2024-12-11 22:09:06.412 66173 INFO tempest.lib.common.dynamic_creds [-] Acquired dynamic creds: credentials: Credentials: {'domain_id': 'default', 'domain_name': 'Default', 'username': 'tempest-HostsAdminTestJSON-129684429-project-admin', 'project_domain_id': 'default', 'project_domain_name': 'Default', 'project_id': 'b924efbbdca44384bebaed355bf285ad', 'project_name': 'tempest-HostsAdminTestJSON-129684429', 'tenant_id': 'b924efbbdca44384bebaed355bf285ad', 'tenant_name': 'tempest-HostsAdminTestJSON-129684429', 'user_domain_id': 'default', 'user_domain_name': 'Default', 'user_id': 'e690b989d20844158db221272103ff77', 'system': None}, Network: None, Subnet: None, Router: None
2024-12-11 22:09:06.412 66173 INFO tempest.lib.common.dynamic_creds [-] Created isolated network resources for: credentials: Credentials: {'domain_id': 'default', 'domain_name': 'Default', 'username': 'tempest-HostsAdminTestJSON-129684429-project-admin', 'project_domain_id': 'default', 'project_domain_name': 'Default', 'project_id': 'b924efbbdca44384bebaed355bf285ad', 'project_name': 'tempest-HostsAdminTestJSON-129684429', 'tenant_id': 'b924efbbdca44384bebaed355bf285ad', 'tenant_name': 'tempest-HostsAdminTestJSON-129684429', 'user_domain_id': 'default', 'user_domain_name': 'Default', 'user_id': 'e690b989d20844158db221272103ff77', 'system': None}, Network: None, Subnet: None, Router: None
2024-12-11 22:09:06.431 66161 INFO tempest.lib.common.rest_client [req-768c360f-1c1b-4a59-b320-a13684aa2338 req-768c360f-1c1b-4a59-b320-a13684aa2338 ] Request (MultipleCreateNegativeTestJSON:test_max_count_non_integer): 201 POST http://10.180.1.21/identity/v3/auth/tokens 0.078s
2024-12-11 22:09:06.431 66161 INFO tempest.lib.common.fixed_network [-] (MultipleCreateNegativeTestJSON:test_max_count_non_integer) Found network None available for tenant
2024-12-11 22:09:06.457 66143 INFO tempest.lib.common.rest_client [req-212409c9-1d98-4708-b7e3-8b810a8958ed req-212409c9-1d98-4708-b7e3-8b810a8958ed ] Request (QuotasSecurityGroupAdminNegativeTest:tearDownClass): 204 DELETE http://10.180.1.21:9696/networking/v2.0/security-groups/3a9e95ba-77e5-4a78-bda1-a568f478d9c9 0.331s
2024-12-11 22:09:06.468 66179 INFO tempest.lib.common.rest_client [req-03a7138d-fcf4-48c0-b48f-b652df751bd2 req-03a7138d-fcf4-48c0-b48f-b652df751bd2 ] Request (KeyPairsV22TestJSON:setUpClass): 201 POST http://10.180.1.21/identity/v3/users 0.109s
2024-12-11 22:09:06.480 66149 INFO tempest.lib.common.rest_client [req-be9d2e45-5244-4d67-8620-d6e823916b57 req-be9d2e45-5244-4d67-8620-d6e823916b57 ] Request (ServerDiagnosticsNegativeTest:test_get_server_diagnostics_by_non_admin): 200 GET http://10.180.1.21/compute/v2.1/servers/7339c22a-05c9-4ddd-93df-0326cbe96ca4 2.624s
2024-12-11 22:09:06.516 66173 INFO tempest.lib.common.rest_client [req-ebd98dd4-12da-4a4a-b3e1-df1dde53d307 req-ebd98dd4-12da-4a4a-b3e1-df1dde53d307 ] Request (HostsAdminTestJSON:setUpClass): 201 POST http://10.180.1.21/identity/v3/auth/tokens 0.096s
2024-12-11 22:09:06.552 66143 INFO tempest.lib.common.rest_client [req-75548d24-ad5b-4d59-8468-d45016ea7d27 req-75548d24-ad5b-4d59-8468-d45016ea7d27 ] Request (QuotasSecurityGroupAdminNegativeTest:tearDownClass): 204 DELETE http://10.180.1.21/identity/v3/projects/62f854da14474b1f83de765a2c94b7d3 0.094s
2024-12-11 22:09:06.552 66143 INFO tempest.lib.common.dynamic_creds [-] Deleting project and security group for project: eab657bc5d504ef3ae09e27ad04a9673
2024-12-11 22:09:06.561 66179 INFO tempest.lib.common.rest_client [req-ef427b7c-2056-4397-9f60-8bad0a2e9a99 req-ef427b7c-2056-4397-9f60-8bad0a2e9a99 ] Request (KeyPairsV22TestJSON:setUpClass): 200 GET http://10.180.1.21/identity/v3/roles 0.092s
2024-12-11 22:09:06.596 66179 INFO tempest.lib.common.rest_client [req-6fc60c42-290d-497c-a12d-10e7a34e5cfe req-6fc60c42-290d-497c-a12d-10e7a34e5cfe ] Request (KeyPairsV22TestJSON:setUpClass): 204 PUT http://10.180.1.21/identity/v3/projects/d48e63b80c4d4713bd3935e24fb5ad19/users/e19c37addcf8499fa931112bfa6f801a/roles/455ba87016654093be473d0dc6b519c2 0.035s
2024-12-11 22:09:06.596 66179 INFO tempest.lib.common.dynamic_creds [-] Dynamic test user e19c37addcf8499fa931112bfa6f801a is created with scope project and roles: ['member']
2024-12-11 22:09:06.596 66179 INFO tempest.lib.common.dynamic_creds [-] Acquired dynamic creds: credentials: Credentials: {'domain_id': 'default', 'domain_name': 'Default', 'username': 'tempest-KeyPairsV22TestJSON-1813587971-project-member', 'project_domain_id': 'default', 'project_domain_name': 'Default', 'project_id': 'd48e63b80c4d4713bd3935e24fb5ad19', 'project_name': 'tempest-KeyPairsV22TestJSON-1813587971', 'tenant_id': 'd48e63b80c4d4713bd3935e24fb5ad19', 'tenant_name': 'tempest-KeyPairsV22TestJSON-1813587971', 'user_domain_id': 'default', 'user_domain_name': 'Default', 'user_id': 'e19c37addcf8499fa931112bfa6f801a', 'system': None}, Network: None, Subnet: None, Router: None
2024-12-11 22:09:06.597 66179 INFO tempest.lib.common.dynamic_creds [-] Created isolated network resources for: credentials: Credentials: {'domain_id': 'default', 'domain_name': 'Default', 'username': 'tempest-KeyPairsV22TestJSON-1813587971-project-member', 'project_domain_id': 'default', 'project_domain_name': 'Default', 'project_id': 'd48e63b80c4d4713bd3935e24fb5ad19', 'project_name': 'tempest-KeyPairsV22TestJSON-1813587971', 'tenant_id': 'd48e63b80c4d4713bd3935e24fb5ad19', 'tenant_name': 'tempest-KeyPairsV22TestJSON-1813587971', 'user_domain_id': 'default', 'user_domain_name': 'Default', 'user_id': 'e19c37addcf8499fa931112bfa6f801a', 'system': None}, Network: None, Subnet: None, Router: None
2024-12-11 22:09:06.678 66179 INFO tempest.lib.common.rest_client [req-9cbf3367-8d41-489d-962e-640ae60b35c9 req-9cbf3367-8d41-489d-962e-640ae60b35c9 ] Request (KeyPairsV22TestJSON:setUpClass): 201 POST http://10.180.1.21/identity/v3/auth/tokens 0.077s
2024-12-11 22:09:06.709 66157 INFO tempest.lib.common.rest_client [req-05f4b936-7577-418c-9d90-91c7775f0d78 req-05f4b936-7577-418c-9d90-91c7775f0d78 ] Request (ValidationResourcesFixture:setUp): 201 POST http://10.180.1.21:9696/networking/v2.0/floatingips 1.430s
2024-12-11 22:09:06.779 66157 INFO tempest.lib.common.rest_client [req-eafb0b6d-0895-401e-874d-245496174975 req-eafb0b6d-0895-401e-874d-245496174975 ] Request (ServersWithSpecificFlavorTestJSON:test_verify_created_server_ephemeral_disk): 201 POST http://10.180.1.21/identity/v3/auth/tokens 0.066s
2024-12-11 22:09:06.780 66157 INFO tempest.lib.common.fixed_network [-] (ServersWithSpecificFlavorTestJSON:test_verify_created_server_ephemeral_disk) Found network {'id': '2e10157c-8592-41c4-8540-9696923dc9ca', 'name': 'tempest-ServersWithSpecificFlavorTestJSON-1194878546-network', 'tenant_id': '51842f3e9f83452789923afbafd40bc4', 'admin_state_up': True, 'mtu': 8950, 'status': 'ACTIVE', 'subnets': [], 'shared': False, 'project_id': '51842f3e9f83452789923afbafd40bc4', 'port_security_enabled': True, 'router:external': False, 'provider:network_type': 'vlan', 'provider:physical_network': 'default', 'provider:segmentation_id': 403, 'availability_zone_hints': [], 'availability_zones': [], 'ipv4_address_scope': None, 'ipv6_address_scope': None, 'description': '', 'tags': [], 'created_at': '2024-12-11T22:08:48Z', 'updated_at': '2024-12-11T22:08:48Z', 'revision_number': 1} available for tenant
2024-12-11 22:09:06.814 66141 INFO tempest.lib.common.rest_client [req-684d9968-b098-4220-8709-feae715a4cf8 req-684d9968-b098-4220-8709-feae715a4cf8 ] Request (QuotasAdminTestV236:test_get_updated_quotas): 200 PUT http://10.180.1.21/compute/v2.1/os-quota-sets/f2a44ee3dd73423794e99a1a781d8668?user_id=f67f5b68c68e4f4da23e1b1d15346c50 2.930s
2024-12-11 22:09:06.820 66159 INFO tempest.lib.common.rest_client [req-8e5a8d70-2082-44ca-bb7f-7775a820d8c1 req-8e5a8d70-2082-44ca-bb7f-7775a820d8c1 ] Request (QuotasAdminNegativeTest:test_update_quota_normal_user): 403 PUT http://10.180.1.21/compute/v2.1/os-quota-sets/96f3640d83fd4c6e96765a3e687b8ef0 2.872s
2024-12-11 22:09:06.836 66147 INFO tempest.lib.common.rest_client [req-c97f8880-dfe4-4818-be9d-bd3cb02dc10c req-c97f8880-dfe4-4818-be9d-bd3cb02dc10c ] Request (FlavorsV2TestJSON:test_list_flavors_with_detail): 200 GET http://10.180.1.21/compute/v2.1/flavors/42 2.810s
2024-12-11 22:09:07.028 66143 INFO tempest.lib.common.rest_client [req-5adfe915-7f7f-418a-9034-c015e8adfe24 req-5adfe915-7f7f-418a-9034-c015e8adfe24 ] Request (QuotasSecurityGroupAdminNegativeTest:tearDownClass): 200 GET http://10.180.1.21:9696/networking/v2.0/security-groups?tenant_id=eab657bc5d504ef3ae09e27ad04a9673&name=default 0.475s
2024-12-11 22:09:07.041 66159 INFO tempest.lib.common.rest_client [req-2e7aef34-e8e1-40de-81d7-0eb35570ed9d req-2e7aef34-e8e1-40de-81d7-0eb35570ed9d ] Request (QuotasAdminNegativeTest:tearDownClass): 204 DELETE http://10.180.1.21/identity/v3/users/31e072087d6249e7896db4689b4044a6 0.219s
2024-12-11 22:09:07.057 66147 INFO tempest.lib.common.rest_client [req-9b08f7be-88a3-49a7-843e-3fb6dea0ba07 req-9b08f7be-88a3-49a7-843e-3fb6dea0ba07 ] Request (FlavorsV2TestJSON:tearDownClass): 204 DELETE http://10.180.1.21/identity/v3/users/b54faf0e15924eafabce0a72721cae9e 0.214s
2024-12-11 22:09:07.057 66147 INFO tempest.lib.common.dynamic_creds [-] Deleting project and security group for project: b1148ade22e64c80b993eb55564782ce
2024-12-11 22:09:07.147 66147 INFO tempest.lib.common.rest_client [req-44947d6e-fcf2-4f41-9b20-98ee1c400865 req-44947d6e-fcf2-4f41-9b20-98ee1c400865 ] Request (FlavorsV2TestJSON:tearDownClass): 201 POST http://10.180.1.21/identity/v3/auth/tokens 0.090s
2024-12-11 22:09:07.209 66159 INFO tempest.lib.common.rest_client [req-da59bf1d-0e02-4a3a-899a-bc1b2d81d4ae req-da59bf1d-0e02-4a3a-899a-bc1b2d81d4ae ] Request (QuotasAdminNegativeTest:tearDownClass): 204 DELETE http://10.180.1.21/identity/v3/users/97fb397d77c548f7a4b3023ffaaaee0f 0.167s
2024-12-11 22:09:07.209 66159 INFO tempest.lib.common.dynamic_creds [-] Deleting project and security group for project: 96f3640d83fd4c6e96765a3e687b8ef0
2024-12-11 22:09:07.300 66159 INFO tempest.lib.common.rest_client [req-fa215553-9053-4653-8a46-4fd858954c21 req-fa215553-9053-4653-8a46-4fd858954c21 ] Request (QuotasAdminNegativeTest:tearDownClass): 201 POST http://10.180.1.21/identity/v3/auth/tokens 0.090s
2024-12-11 22:09:07.309 66153 INFO tempest.lib.common.rest_client [req-bb27e9ae-5f4e-4ab4-b25e-dfac69f23815 req-bb27e9ae-5f4e-4ab4-b25e-dfac69f23815 ] Request (FloatingIPsAssociationTestJSON:setUpClass): 200 GET http://10.180.1.21/compute/v2.1/servers/ee99ff4d-9996-4cfa-b038-7b19aef27438 3.220s
2024-12-11 22:09:07.325 66125 INFO tempest.lib.common.rest_client [req-8635fb26-848d-4477-a9ed-3b458533bd6c req-8635fb26-848d-4477-a9ed-3b458533bd6c ] Request (FlavorsAdminTestJSON:test_create_list_flavor_without_extra_data): 200 POST http://10.180.1.21/compute/v2.1/flavors 3.096s
2024-12-11 22:09:07.327 66139 INFO tempest.lib.common.rest_client [req-3842f6bd-7ae5-4bf6-840f-461b45131e60 req-3842f6bd-7ae5-4bf6-840f-461b45131e60 ] Request (VolumesAssistedSnapshotsTest:test_volume_assisted_snapshot_create_delete): 202 POST http://10.180.1.21/compute/v2.1/servers 3.663s
2024-12-11 22:09:07.364 66145 INFO tempest.lib.common.rest_client [req-92871194-da5d-44fe-b701-6c7e7df9f4b3 req-92871194-da5d-44fe-b701-6c7e7df9f4b3 ] Request (AggregatesAdminNegativeTestJSON:test_aggregate_create_with_existent_aggregate_name): 200 POST http://10.180.1.21/compute/v2.1/os-aggregates 3.130s
2024-12-11 22:09:07.373 66143 INFO tempest.lib.common.rest_client [req-79eb4caf-6f28-4619-8302-610097d4d76f req-79eb4caf-6f28-4619-8302-610097d4d76f ] Request (QuotasSecurityGroupAdminNegativeTest:tearDownClass): 204 DELETE http://10.180.1.21:9696/networking/v2.0/security-groups/10eb96f2-aab5-487a-b7f4-52ca37b07d1d 0.345s
2024-12-11 22:09:07.454 66143 INFO tempest.lib.common.rest_client [req-71379d65-f9c0-4730-8cd4-2d195941fcd0 req-71379d65-f9c0-4730-8cd4-2d195941fcd0 ] Request (QuotasSecurityGroupAdminNegativeTest:tearDownClass): 204 DELETE http://10.180.1.21/identity/v3/projects/eab657bc5d504ef3ae09e27ad04a9673 0.080s
2024-12-11 22:09:07.516 66143 INFO tempest.lib.common.rest_client [req-df90c58a-0bd7-46e8-b230-1f4d6e9d1e52 req-df90c58a-0bd7-46e8-b230-1f4d6e9d1e52 ] Request (ServerRescueTestJSONUnderV235:setUpClass): 201 POST http://10.180.1.21/identity/v3/auth/tokens 0.060s
2024-12-11 22:09:07.544 66143 INFO tempest.lib.common.rest_client [req-59012b45-7df2-483e-a049-ac56dfbe1af2 req-59012b45-7df2-483e-a049-ac56dfbe1af2 ] Request (ServerRescueTestJSONUnderV235:setUpClass): 201 POST http://10.180.1.21/identity/v3/auth/tokens 0.026s
2024-12-11 22:09:07.557 66163 INFO tempest.lib.common.rest_client [req-9ed7f050-9b31-474d-8959-dd4dcaf59946 req-9ed7f050-9b31-474d-8959-dd4dcaf59946 ] Request (FlavorsAccessNegativeTestJSON:test_flavor_non_admin_remove): 200 POST http://10.180.1.21/compute/v2.1/flavors/2085492455/action 3.001s
2024-12-11 22:09:07.570 66143 INFO tempest.lib.common.rest_client [req-d0c2884e-03fb-4ade-92b3-954997386a99 req-d0c2884e-03fb-4ade-92b3-954997386a99 ] Request (ServerRescueTestJSONUnderV235:setUpClass): 200 GET http://10.180.1.21/identity/v3/domains?name=Default 0.026s
2024-12-11 22:09:07.599 66143 INFO tempest.lib.common.rest_client [req-e5755066-1254-4a13-ac59-5df4ce677c24 req-e5755066-1254-4a13-ac59-5df4ce677c24 ] Request (ServerRescueTestJSONUnderV235:setUpClass): 201 POST http://10.180.1.21/identity/v3/projects 0.028s
2024-12-11 22:09:07.603 66147 INFO tempest.lib.common.rest_client [req-a80c2cde-3dfd-40f9-b3f1-14d86edb976c req-a80c2cde-3dfd-40f9-b3f1-14d86edb976c ] Request (FlavorsV2TestJSON:tearDownClass): 200 GET http://10.180.1.21:9696/networking/v2.0/security-groups?tenant_id=b1148ade22e64c80b993eb55564782ce&name=default 0.455s
2024-12-11 22:09:07.651 66166 INFO tempest.lib.common.rest_client [req-4c97b9d4-2e74-40a2-9ac8-fd3e12e5e57b req-4c97b9d4-2e74-40a2-9ac8-fd3e12e5e57b ] Request (ServersAaction247Test:test_create_backup): 200 GET http://10.180.1.21/compute/v2.1/servers/891fac54-2ec4-4d47-8535-a33bd9dfb804 3.077s
2024-12-11 22:09:07.660 66143 INFO tempest.lib.common.rest_client [req-5456272a-86f6-4efe-99d8-bfcd02c129a5 req-5456272a-86f6-4efe-99d8-bfcd02c129a5 ] Request (ServerRescueTestJSONUnderV235:setUpClass): 201 POST http://10.180.1.21/identity/v3/users 0.058s
2024-12-11 22:09:07.681 66143 INFO tempest.lib.common.rest_client [req-a916a3f7-ff89-4f0e-99b6-019c7e62cc69 req-a916a3f7-ff89-4f0e-99b6-019c7e62cc69 ] Request (ServerRescueTestJSONUnderV235:setUpClass): 200 GET http://10.180.1.21/identity/v3/roles 0.021s
2024-12-11 22:09:07.727 66143 INFO tempest.lib.common.rest_client [req-9b0e93d4-ad7f-4477-96db-49a14927a04a req-9b0e93d4-ad7f-4477-96db-49a14927a04a ] Request (ServerRescueTestJSONUnderV235:setUpClass): 204 PUT http://10.180.1.21/identity/v3/projects/eb642c0539ac42a595c2c9817f39a178/users/77d5728705c24b55a68eeecf33e90376/roles/455ba87016654093be473d0dc6b519c2 0.043s
2024-12-11 22:09:07.727 66143 INFO tempest.lib.common.dynamic_creds [-] Dynamic test user 77d5728705c24b55a68eeecf33e90376 is created with scope project and roles: ['member']
2024-12-11 22:09:07.727 66143 INFO tempest.lib.common.dynamic_creds [-] Acquired dynamic creds: credentials: Credentials: {'domain_id': 'default', 'domain_name': 'Default', 'username': 'tempest-ServerRescueTestJSONUnderV235-163328728-project-member', 'project_domain_id': 'default', 'project_domain_name': 'Default', 'project_id': 'eb642c0539ac42a595c2c9817f39a178', 'project_name': 'tempest-ServerRescueTestJSONUnderV235-163328728', 'tenant_id': 'eb642c0539ac42a595c2c9817f39a178', 'tenant_name': 'tempest-ServerRescueTestJSONUnderV235-163328728', 'user_domain_id': 'default', 'user_domain_name': 'Default', 'user_id': '77d5728705c24b55a68eeecf33e90376', 'system': None}, Network: None, Subnet: None, Router: None
2024-12-11 22:09:07.731 66121 INFO tempest.lib.common.rest_client [req-7e3e680b-b565-4f4d-b1fc-e386331ff156 req-7e3e680b-b565-4f4d-b1fc-e386331ff156 ] Request (ImagesNegativeTestJSON:test_create_image_from_deleted_server): 200 GET http://10.180.1.21/compute/v2.1/servers/46a524e2-93b0-4726-812f-98e08b6ba0b4 2.821s
2024-12-11 22:09:07.747 66159 INFO tempest.lib.common.rest_client [req-a8bf192b-32c9-4842-96d7-5e1f6b36c45d req-a8bf192b-32c9-4842-96d7-5e1f6b36c45d ] Request (QuotasAdminNegativeTest:tearDownClass): 200 GET http://10.180.1.21:9696/networking/v2.0/security-groups?tenant_id=96f3640d83fd4c6e96765a3e687b8ef0&name=default 0.447s
2024-12-11 22:09:07.790 66135 INFO tempest.lib.common.rest_client [req-bc8ce00d-31f7-4b01-9a86-c3376946cf15 req-bc8ce00d-31f7-4b01-9a86-c3376946cf15 ] Request (DeleteServersAdminTestJSON:test_admin_delete_servers_of_others): 200 GET http://10.180.1.21/compute/v2.1/servers/fb7519c4-0254-4831-81f3-0eed14844f2d 3.517s
2024-12-11 22:09:07.798 66135 INFO tempest.common.waiters [-] State transition "BUILD/spawning" ==> "ACTIVE/None" after 17 second wait
2024-12-11 22:09:07.802 66143 INFO tempest.lib.common.rest_client [req-0448f4a7-ae9d-4f41-9321-4c9266fc817f req-0448f4a7-ae9d-4f41-9321-4c9266fc817f ] Request (ServerRescueTestJSONUnderV235:setUpClass): 201 POST http://10.180.1.21/identity/v3/auth/tokens 0.074s
2024-12-11 22:09:07.889 66123 INFO tempest.lib.common.rest_client [req-b897f755-4a48-498e-b06d-a4acd6a3232b req-b897f755-4a48-498e-b06d-a4acd6a3232b ] Request (ServerDiagnosticsV248Test:test_get_server_diagnostics): 200 GET http://10.180.1.21/compute/v2.1/servers/fa00f4fe-3bb2-4e17-be22-8a1fda502f65 2.670s
2024-12-11 22:09:07.911 66169 INFO tempest.lib.common.rest_client [req-476a43b3-f193-4ef5-b5d5-6c2b7b9aaaf4 req-476a43b3-f193-4ef5-b5d5-6c2b7b9aaaf4 ] Request (FlavorsV261TestJSON:test_crud_flavor): 200 POST http://10.180.1.21/compute/v2.1/flavors 2.942s
2024-12-11 22:09:07.976 66147 INFO tempest.lib.common.rest_client [req-f078a124-9803-456b-9fa7-6296be7d0d10 req-f078a124-9803-456b-9fa7-6296be7d0d10 ] Request (FlavorsV2TestJSON:tearDownClass): 204 DELETE http://10.180.1.21:9696/networking/v2.0/security-groups/82a63b67-2f96-4231-9f93-ee71f44f9c26 0.373s
2024-12-11 22:09:08.037 66159 INFO tempest.lib.common.rest_client [req-6d68635c-f9d9-4a2c-948c-92e8823a06d4 req-6d68635c-f9d9-4a2c-948c-92e8823a06d4 ] Request (QuotasAdminNegativeTest:tearDownClass): 204 DELETE http://10.180.1.21:9696/networking/v2.0/security-groups/c0a0dcec-355a-4027-8caa-1740398aed2f 0.290s
2024-12-11 22:09:08.054 66147 INFO tempest.lib.common.rest_client [req-ee4c49f7-a563-45ac-8160-cd2479348f79 req-ee4c49f7-a563-45ac-8160-cd2479348f79 ] Request (FlavorsV2TestJSON:tearDownClass): 204 DELETE http://10.180.1.21/identity/v3/projects/b1148ade22e64c80b993eb55564782ce 0.078s
2024-12-11 22:09:08.111 66175 INFO tempest.lib.common.rest_client [req-1923131e-a480-4cfc-9201-f56dfae86864 req-1923131e-a480-4cfc-9201-f56dfae86864 ] Request (TenantUsagesTestJSON:setUpClass): 200 GET http://10.180.1.21/compute/v2.1/servers/b182d3aa-a4de-4879-ab36-2cb51472158a 2.573s
2024-12-11 22:09:08.122 66147 INFO tempest.lib.common.rest_client [req-4465af35-e2d6-423c-9309-978dbb0171f6 req-4465af35-e2d6-423c-9309-978dbb0171f6 ] Request (ListImageFiltersNegativeTestJSON:setUpClass): 201 POST http://10.180.1.21/identity/v3/auth/tokens 0.066s
2024-12-11 22:09:08.161 66159 INFO tempest.lib.common.rest_client [req-7c9e20e5-8542-4cdf-bbf7-99693ee18511 req-7c9e20e5-8542-4cdf-bbf7-99693ee18511 ] Request (QuotasAdminNegativeTest:tearDownClass): 204 DELETE http://10.180.1.21/identity/v3/projects/96f3640d83fd4c6e96765a3e687b8ef0 0.123s
2024-12-11 22:09:08.161 66159 INFO tempest.lib.common.dynamic_creds [-] Deleting project and security group for project: ccb86d8bbb3141438510694ca2ecfb80
2024-12-11 22:09:08.176 66131 INFO tempest.lib.common.rest_client [req-391e7c1b-e633-4443-881f-ed45171cff6a req-391e7c1b-e633-4443-881f-ed45171cff6a ] Request (SecurityGroupRulesTestJSON:setUpClass): 201 POST http://10.180.1.21:9696/networking/v2.0/routers 2.583s
2024-12-11 22:09:08.240 66147 INFO tempest.lib.common.rest_client [req-e0b68892-2e3f-4e60-8665-36375e9ee0b6 req-e0b68892-2e3f-4e60-8665-36375e9ee0b6 ] Request (ListImageFiltersNegativeTestJSON:setUpClass): 201 POST http://10.180.1.21/identity/v3/auth/tokens 0.070s
2024-12-11 22:09:08.246 66133 INFO tempest.lib.common.rest_client [req-8a569699-cf41-4521-80a0-78b38bea9c6e req-8a569699-cf41-4521-80a0-78b38bea9c6e ] Request (ServerExternalEventsTest:test_create_server_external_events): 200 GET http://10.180.1.21/compute/v2.1/servers/d32a3a5d-17d0-4a79-b76a-371cdd170ee0 2.240s
2024-12-11 22:09:08.256 66133 INFO tempest.common.waiters [-] State transition "BUILD/None" ==> "BUILD/spawning" after 16 second wait
2024-12-11 22:09:08.283 66147 INFO tempest.lib.common.rest_client [req-ab1fb251-e50f-45e8-8ff0-59d82cc088bd req-ab1fb251-e50f-45e8-8ff0-59d82cc088bd ] Request (ListImageFiltersNegativeTestJSON:setUpClass): 200 GET http://10.180.1.21/identity/v3/domains?name=Default 0.042s
2024-12-11 22:09:08.312 66147 INFO tempest.lib.common.rest_client [req-0d9bae33-25fe-4912-ac83-fab1ffb262a4 req-0d9bae33-25fe-4912-ac83-fab1ffb262a4 ] Request (ListImageFiltersNegativeTestJSON:setUpClass): 201 POST http://10.180.1.21/identity/v3/projects 0.029s
2024-12-11 22:09:08.322 66171 INFO tempest.lib.common.rest_client [req-a7460e2c-55fa-4047-aecd-901db0704519 req-a7460e2c-55fa-4047-aecd-901db0704519 ] Request (ServersAdminNegativeTestJSON:setUpClass): 200 GET http://10.180.1.21/compute/v2.1/servers/e2d4c71b-1164-4c7d-9ffb-7f5489f92d32 2.264s
2024-12-11 22:09:08.374 66147 INFO tempest.lib.common.rest_client [req-cd99d15b-4ef8-4af7-bd90-4bcb85b28838 req-cd99d15b-4ef8-4af7-bd90-4bcb85b28838 ] Request (ListImageFiltersNegativeTestJSON:setUpClass): 201 POST http://10.180.1.21/identity/v3/users 0.061s
2024-12-11 22:09:08.392 66147 INFO tempest.lib.common.rest_client [req-ddcce73f-dfe4-48af-8b5e-6829ba66fd5c req-ddcce73f-dfe4-48af-8b5e-6829ba66fd5c ] Request (ListImageFiltersNegativeTestJSON:setUpClass): 200 GET http://10.180.1.21/identity/v3/roles 0.017s
2024-12-11 22:09:08.416 66147 INFO tempest.lib.common.rest_client [req-d5d9347e-f68a-43f0-959e-b25d1a269353 req-d5d9347e-f68a-43f0-959e-b25d1a269353 ] Request (ListImageFiltersNegativeTestJSON:setUpClass): 204 PUT http://10.180.1.21/identity/v3/projects/e28d6c34a95d448693688753b43a68cf/users/681ae23ca7604b098f9ecdceac600437/roles/455ba87016654093be473d0dc6b519c2 0.023s
2024-12-11 22:09:08.416 66147 INFO tempest.lib.common.dynamic_creds [-] Dynamic test user 681ae23ca7604b098f9ecdceac600437 is created with scope project and roles: ['member']
2024-12-11 22:09:08.417 66147 INFO tempest.lib.common.dynamic_creds [-] Acquired dynamic creds: credentials: Credentials: {'domain_id': 'default', 'domain_name': 'Default', 'username': 'tempest-ListImageFiltersNegativeTestJSON-828181121-project-member', 'project_domain_id': 'default', 'project_domain_name': 'Default', 'project_id': 'e28d6c34a95d448693688753b43a68cf', 'project_name': 'tempest-ListImageFiltersNegativeTestJSON-828181121', 'tenant_id': 'e28d6c34a95d448693688753b43a68cf', 'tenant_name': 'tempest-ListImageFiltersNegativeTestJSON-828181121', 'user_domain_id': 'default', 'user_domain_name': 'Default', 'user_id': '681ae23ca7604b098f9ecdceac600437', 'system': None}, Network: None, Subnet: None, Router: None
2024-12-11 22:09:08.417 66147 INFO tempest.lib.common.dynamic_creds [-] Created isolated network resources for: credentials: Credentials: {'domain_id': 'default', 'domain_name': 'Default', 'username': 'tempest-ListImageFiltersNegativeTestJSON-828181121-project-member', 'project_domain_id': 'default', 'project_domain_name': 'Default', 'project_id': 'e28d6c34a95d448693688753b43a68cf', 'project_name': 'tempest-ListImageFiltersNegativeTestJSON-828181121', 'tenant_id': 'e28d6c34a95d448693688753b43a68cf', 'tenant_name': 'tempest-ListImageFiltersNegativeTestJSON-828181121', 'user_domain_id': 'default', 'user_domain_name': 'Default', 'user_id': '681ae23ca7604b098f9ecdceac600437', 'system': None}, Network: None, Subnet: None, Router: None
2024-12-11 22:09:08.442 66159 INFO tempest.lib.common.rest_client [req-502154d6-f9bd-46ae-8ad3-bb86cd31d37c req-502154d6-f9bd-46ae-8ad3-bb86cd31d37c ] Request (QuotasAdminNegativeTest:tearDownClass): 200 GET http://10.180.1.21:9696/networking/v2.0/security-groups?tenant_id=ccb86d8bbb3141438510694ca2ecfb80&name=default 0.281s
2024-12-11 22:09:08.489 66147 INFO tempest.lib.common.rest_client [req-f47ba25a-c64f-446a-8c40-55e5ff2635d1 req-f47ba25a-c64f-446a-8c40-55e5ff2635d1 ] Request (ListImageFiltersNegativeTestJSON:setUpClass): 201 POST http://10.180.1.21/identity/v3/auth/tokens 0.068s
2024-12-11 22:09:08.513 66143 INFO tempest.lib.common.rest_client [req-1cffb25f-bbe1-4f49-a246-44e37682ce8f req-1cffb25f-bbe1-4f49-a246-44e37682ce8f ] Request (ServerRescueTestJSONUnderV235:setUpClass): 201 POST http://10.180.1.21:9696/networking/v2.0/networks 0.711s
2024-12-11 22:09:08.520 66151 INFO tempest.lib.common.rest_client [req-f00a395c-0ce2-4856-9e1b-69b99580a8ef req-f00a395c-0ce2-4856-9e1b-69b99580a8ef ] Request (MigrationsAdminTest:test_list_migrations_in_flavor_resize_situation): 200 GET http://10.180.1.21/compute/v2.1/servers/868cf942-f348-488d-b00a-af4c8b5efda5 2.425s
2024-12-11 22:09:08.592 66155 INFO tempest.lib.common.rest_client [req-38d117d2-a395-4557-b73c-d067a243b019 req-38d117d2-a395-4557-b73c-d067a243b019 ] Request (ServersAdmin275Test:test_rebuild_update_server_275): 200 GET http://10.180.1.21/compute/v2.1/servers/96aff7ef-cfc3-46ef-ba3e-b4bc1141a88b 2.461s
2024-12-11 22:09:08.602 66155 INFO tempest.common.waiters [-] State transition "BUILD/spawning" ==> "ACTIVE/None" after 16 second wait
2024-12-11 22:09:08.637 66159 INFO tempest.lib.common.rest_client [req-f8e68f53-e5f6-4f5c-ae65-3779bc6dee4a req-f8e68f53-e5f6-4f5c-ae65-3779bc6dee4a ] Request (QuotasAdminNegativeTest:tearDownClass): 204 DELETE http://10.180.1.21:9696/networking/v2.0/security-groups/5163feaa-38d3-42a2-b0a9-6f6afd367689 0.194s
2024-12-11 22:09:08.682 66181 INFO tempest.lib.common.rest_client [req-410be7c4-69dc-4656-a925-2b149751bcc9 req-410be7c4-69dc-4656-a925-2b149751bcc9 ] Request (InstanceActionsNegativeTestJSON:setUpClass): 200 GET http://10.180.1.21/compute/v2.1/servers/827b0887-2132-49af-bcce-cedc7237245d 2.667s
2024-12-11 22:09:08.688 66161 INFO tempest.lib.common.rest_client [req-6ea43ee7-ef8a-4fac-aff5-65204cb7b61c req-6ea43ee7-ef8a-4fac-aff5-65204cb7b61c ] Request (MultipleCreateNegativeTestJSON:test_max_count_non_integer): 400 POST http://10.180.1.21/compute/v2.1/servers 2.256s
2024-12-11 22:09:08.705 66119 INFO tempest.lib.common.rest_client [req-f44ae77c-2470-4045-ae76-8078bb4315f0 req-f44ae77c-2470-4045-ae76-8078bb4315f0 ] Request (ListServersNegativeTestJSON:setUpClass): 200 GET http://10.180.1.21/compute/v2.1/servers 2.368s
2024-12-11 22:09:08.755 66159 INFO tempest.lib.common.rest_client [req-bfb7130c-1194-4ab2-8ac8-719013fc9da0 req-bfb7130c-1194-4ab2-8ac8-719013fc9da0 ] Request (QuotasAdminNegativeTest:tearDownClass): 204 DELETE http://10.180.1.21/identity/v3/projects/ccb86d8bbb3141438510694ca2ecfb80 0.117s
2024-12-11 22:09:08.760 66143 INFO tempest.lib.common.rest_client [req-7192e17c-720b-41f5-92cc-681fe9cb006b req-7192e17c-720b-41f5-92cc-681fe9cb006b ] Request (ServerRescueTestJSONUnderV235:setUpClass): 201 POST http://10.180.1.21:9696/networking/v2.0/subnets 0.247s
2024-12-11 22:09:08.815 66161 INFO tempest.lib.common.rest_client [req-283400b1-6d65-4f7d-bd5f-e5fce9dfde32 req-283400b1-6d65-4f7d-bd5f-e5fce9dfde32 ] Request (MultipleCreateNegativeTestJSON:test_min_count_less_than_one): 201 POST http://10.180.1.21/identity/v3/auth/tokens 0.123s
2024-12-11 22:09:08.816 66161 INFO tempest.lib.common.fixed_network [-] (MultipleCreateNegativeTestJSON:test_min_count_less_than_one) Found network None available for tenant
2024-12-11 22:09:08.893 66173 INFO tempest.lib.common.rest_client [req-db0dbaa4-54f5-4cfe-bb1d-3d3891529ee1 req-db0dbaa4-54f5-4cfe-bb1d-3d3891529ee1 ] Request (HostsAdminTestJSON:test_list_hosts): 200 GET http://10.180.1.21/compute/v2.1/os-hosts 2.375s
2024-12-11 22:09:08.923 66179 INFO tempest.lib.common.rest_client [req-6dba63a2-1e8b-4dee-b2eb-afefb649b1f3 req-6dba63a2-1e8b-4dee-b2eb-afefb649b1f3 ] Request (KeyPairsV22TestJSON:test_get_keypair_detail): 201 POST http://10.180.1.21/compute/v2.1/os-keypairs 2.243s
2024-12-11 22:09:08.954 66159 INFO tempest.lib.common.rest_client [req-94d46cc1-09fa-414a-b8ce-f903f7d30d63 req-94d46cc1-09fa-414a-b8ce-f903f7d30d63 ] Request (ServersTestJSON:setUpClass): 201 POST http://10.180.1.21/identity/v3/auth/tokens 0.197s
2024-12-11 22:09:08.981 66159 INFO tempest.lib.common.rest_client [req-63fa0e4a-0f99-4343-a0a3-a3b664067fda req-63fa0e4a-0f99-4343-a0a3-a3b664067fda ] Request (ServersTestJSON:setUpClass): 201 POST http://10.180.1.21/identity/v3/auth/tokens 0.025s
2024-12-11 22:09:09.002 66159 INFO tempest.lib.common.rest_client [req-5988cf2d-5759-4005-9910-ab86139dfe74 req-5988cf2d-5759-4005-9910-ab86139dfe74 ] Request (ServersTestJSON:setUpClass): 200 GET http://10.180.1.21/identity/v3/domains?name=Default 0.021s
2024-12-11 22:09:09.017 66141 INFO tempest.lib.common.rest_client [req-adfe8945-681d-4a5f-abdf-608b6e6fa543 req-adfe8945-681d-4a5f-abdf-608b6e6fa543 ] Request (QuotasAdminTestV236:test_get_updated_quotas): 200 GET http://10.180.1.21/compute/v2.1/os-quota-sets/f2a44ee3dd73423794e99a1a781d8668?user_id=f67f5b68c68e4f4da23e1b1d15346c50 2.199s
2024-12-11 22:09:09.023 66125 INFO tempest.lib.common.rest_client [req-4d8d0059-8c02-4453-9790-215795a8a433 req-4d8d0059-8c02-4453-9790-215795a8a433 ] Request (FlavorsAdminTestJSON:test_create_list_flavor_without_extra_data): 200 GET http://10.180.1.21/compute/v2.1/flavors/1715252081 1.695s
2024-12-11 22:09:09.034 66159 INFO tempest.lib.common.rest_client [req-f137bc8b-a0b5-452b-a575-2d649bcebc99 req-f137bc8b-a0b5-452b-a575-2d649bcebc99 ] Request (ServersTestJSON:setUpClass): 201 POST http://10.180.1.21/identity/v3/projects 0.031s
2024-12-11 22:09:09.082 66141 INFO tempest.lib.common.rest_client [req-0115605e-a603-4d30-a86e-c7ec3f8177dc req-0115605e-a603-4d30-a86e-c7ec3f8177dc ] Request (QuotasAdminTestV236:_run_cleanups): 204 DELETE http://10.180.1.21/identity/v3/users/f67f5b68c68e4f4da23e1b1d15346c50 0.063s
2024-12-11 22:09:09.091 66139 INFO tempest.lib.common.rest_client [req-cd49ebe3-ebdf-48e4-82c1-9e24c4ca9771 req-cd49ebe3-ebdf-48e4-82c1-9e24c4ca9771 ] Request (VolumesAssistedSnapshotsTest:test_volume_assisted_snapshot_create_delete): 200 GET http://10.180.1.21/compute/v2.1/servers/7d23d8f0-d7a9-4236-ad28-208e77b72138 1.759s
2024-12-11 22:09:09.106 66145 INFO tempest.lib.common.rest_client [req-39f46433-6946-4240-8643-9bee75ab433a req-39f46433-6946-4240-8643-9bee75ab433a ] Request (AggregatesAdminNegativeTestJSON:test_aggregate_create_with_existent_aggregate_name): 409 POST http://10.180.1.21/compute/v2.1/os-aggregates 1.739s
2024-12-11 22:09:09.121 66159 INFO tempest.lib.common.rest_client [req-3becd7b4-15f5-4b64-8fb6-f3d097c81847 req-3becd7b4-15f5-4b64-8fb6-f3d097c81847 ] Request (ServersTestJSON:setUpClass): 201 POST http://10.180.1.21/identity/v3/users 0.086s
2024-12-11 22:09:09.163 66149 INFO tempest.lib.common.rest_client [req-382c77cf-900f-471d-a763-a6169017a98d req-382c77cf-900f-471d-a763-a6169017a98d ] Request (ServerDiagnosticsNegativeTest:test_get_server_diagnostics_by_non_admin): 200 GET http://10.180.1.21/compute/v2.1/servers/7339c22a-05c9-4ddd-93df-0326cbe96ca4 1.675s
2024-12-11 22:09:09.174 66163 INFO tempest.lib.common.rest_client [req-c284895e-170e-4fd5-b88f-73a4b18c7e7f req-c284895e-170e-4fd5-b88f-73a4b18c7e7f ] Request (FlavorsAccessNegativeTestJSON:test_flavor_non_admin_remove): 403 POST http://10.180.1.21/compute/v2.1/flavors/2085492455/action 1.616s
2024-12-11 22:09:09.180 66141 INFO tempest.lib.common.rest_client [req-d96d4abf-ef8a-4d98-9cf6-78b7d8e5bb3b req-d96d4abf-ef8a-4d98-9cf6-78b7d8e5bb3b ] Request (QuotasAdminTestV236:_run_cleanups): 204 DELETE http://10.180.1.21/identity/v3/projects/f2a44ee3dd73423794e99a1a781d8668 0.098s
2024-12-11 22:09:09.200 66159 INFO tempest.lib.common.rest_client [req-7cba993b-97ed-46d1-be7f-c9a9caffdde3 req-7cba993b-97ed-46d1-be7f-c9a9caffdde3 ] Request (ServersTestJSON:setUpClass): 200 GET http://10.180.1.21/identity/v3/roles 0.079s
2024-12-11 22:09:09.254 66167 INFO tempest.lib.common.rest_client [req-67ab018c-8e09-4c3b-8652-e2cafe1aa817 req-67ab018c-8e09-4c3b-8652-e2cafe1aa817 ] Request (ServerActionsTestOtherA:setUpClass): 200 PUT http://10.180.1.21:9696/networking/v2.0/routers/e28b2613-6cf4-433c-ab57-e7406de9e092/add_router_interface 3.960s
2024-12-11 22:09:09.254 66167 INFO tempest.lib.common.dynamic_creds [-] Created isolated network resources for: credentials: Credentials: {'domain_id': 'default', 'domain_name': 'Default', 'username': 'tempest-ServerActionsTestOtherA-1355844615-project-member', 'project_domain_id': 'default', 'project_domain_name': 'Default', 'project_id': '74c45615efbb425fbec8400f6d225892', 'project_name': 'tempest-ServerActionsTestOtherA-1355844615', 'tenant_id': '74c45615efbb425fbec8400f6d225892', 'tenant_name': 'tempest-ServerActionsTestOtherA-1355844615', 'user_domain_id': 'default', 'user_domain_name': 'Default', 'user_id': '285fedd2e7fd4d259ca7fc57c3fcbf46', 'system': None}, Network: {'id': 'cb7330fa-d489-4cd9-9416-e91de8e96ac9', 'name': 'tempest-ServerActionsTestOtherA-1048162462-network', 'tenant_id': '74c45615efbb425fbec8400f6d225892', 'admin_state_up': True, 'mtu': 8950, 'status': 'ACTIVE', 'subnets': [], 'shared': False, 'project_id': '74c45615efbb425fbec8400f6d225892', 'port_security_enabled': True, 'router:external': False, 'provider:network_type': 'vlan', 'provider:physical_network': 'default', 'provider:segmentation_id': 911, 'availability_zone_hints': [], 'availability_zones': [], 'ipv4_address_scope': None, 'ipv6_address_scope': None, 'description': '', 'tags': [], 'created_at': '2024-12-11T22:09:01Z', 'updated_at': '2024-12-11T22:09:01Z', 'revision_number': 1}, Subnet: {'id': '1324d39b-6614-417c-9ca3-71547b0c31e7', 'name': 'tempest-ServerActionsTestOtherA-1048162462-subnet', 'tenant_id': '74c45615efbb425fbec8400f6d225892', 'network_id': 'cb7330fa-d489-4cd9-9416-e91de8e96ac9', 'ip_version': 4, 'subnetpool_id': None, 'enable_dhcp': True, 'ipv6_ra_mode': None, 'ipv6_address_mode': None, 'gateway_ip': '192.168.128.1', 'cidr': '192.168.128.0/28', 'allocation_pools': [{'start': '192.168.128.2', 'end': '192.168.128.14'}], 'host_routes': [], 'dns_nameservers': [], 'description': '', 'router:external': False, 'service_types': [], 'tags': [], 'created_at': '2024-12-11T22:09:01Z', 'updated_at': '2024-12-11T22:09:01Z', 'revision_number': 0, 'project_id': '74c45615efbb425fbec8400f6d225892'}, Router: {'id': 'e28b2613-6cf4-433c-ab57-e7406de9e092', 'name': 'tempest-ServerActionsTestOtherA-1048162462-router', 'tenant_id': '74c45615efbb425fbec8400f6d225892', 'admin_state_up': True, 'status': 'ACTIVE', 'external_gateway_info': {'network_id': '496fbe0c-5932-45de-b27b-73a4576161fa', 'external_fixed_ips': [{'subnet_id': 'd766c117-b977-4bcb-aeee-8343b841a62d', 'ip_address': '10.180.180.253'}], 'enable_snat': True}, 'description': '', 'availability_zones': [], 'distributed': False, 'ha': False, 'availability_zone_hints': [], 'routes': [], 'flavor_id': None, 'tags': [], 'created_at': '2024-12-11T22:09:02Z', 'updated_at': '2024-12-11T22:09:03Z', 'revision_number': 2, 'project_id': '74c45615efbb425fbec8400f6d225892'}
2024-12-11 22:09:09.323 66141 INFO tempest.lib.common.rest_client [req-11851d36-9e39-4337-bd40-3299d9bbf1fb req-11851d36-9e39-4337-bd40-3299d9bbf1fb ] Request (QuotasAdminTestV236:tearDownClass): 204 DELETE http://10.180.1.21/identity/v3/users/f828ddeefc3d404a82827e0fd271165a 0.139s
2024-12-11 22:09:09.324 66127 INFO tempest.lib.common.rest_client [req-78de4343-0619-45c9-be7e-f1fb6e8dfa88 req-78de4343-0619-45c9-be7e-f1fb6e8dfa88 ] Request (FloatingIPsAssociationNegativeTestJSON:setUpClass): 200 PUT http://10.180.1.21:9696/networking/v2.0/routers/784d8851-7b66-4c8f-a42b-072282f66d9f/add_router_interface 3.869s
2024-12-11 22:09:09.324 66127 INFO tempest.lib.common.dynamic_creds [-] Created isolated network resources for: credentials: Credentials: {'domain_id': 'default', 'domain_name': 'Default', 'username': 'tempest-FloatingIPsAssociationNegativeTestJSON-369724345-project-member', 'project_domain_id': 'default', 'project_domain_name': 'Default', 'project_id': '5dcb5fd2552e42188651162384519043', 'project_name': 'tempest-FloatingIPsAssociationNegativeTestJSON-369724345', 'tenant_id': '5dcb5fd2552e42188651162384519043', 'tenant_name': 'tempest-FloatingIPsAssociationNegativeTestJSON-369724345', 'user_domain_id': 'default', 'user_domain_name': 'Default', 'user_id': 'ce1e68b6f3ce46f28171c11444a66ad9', 'system': None}, Network: {'id': '7f060c55-84d7-4d5f-bbf9-b1153e0421dd', 'name': 'tempest-FloatingIPsAssociationNegativeTestJSON-523269330-network', 'tenant_id': '5dcb5fd2552e42188651162384519043', 'admin_state_up': True, 'mtu': 8950, 'status': 'ACTIVE', 'subnets': [], 'shared': False, 'project_id': '5dcb5fd2552e42188651162384519043', 'port_security_enabled': True, 'router:external': False, 'provider:network_type': 'vlan', 'provider:physical_network': 'default', 'provider:segmentation_id': 475, 'availability_zone_hints': [], 'availability_zones': [], 'ipv4_address_scope': None, 'ipv6_address_scope': None, 'description': '', 'tags': [], 'created_at': '2024-12-11T22:09:01Z', 'updated_at': '2024-12-11T22:09:01Z', 'revision_number': 1}, Subnet: {'id': 'b5010a78-c304-43dd-b160-e6b671119d89', 'name': 'tempest-FloatingIPsAssociationNegativeTestJSON-523269330-subnet', 'tenant_id': '5dcb5fd2552e42188651162384519043', 'network_id': '7f060c55-84d7-4d5f-bbf9-b1153e0421dd', 'ip_version': 4, 'subnetpool_id': None, 'enable_dhcp': True, 'ipv6_ra_mode': None, 'ipv6_address_mode': None, 'gateway_ip': '192.168.128.1', 'cidr': '192.168.128.0/28', 'allocation_pools': [{'start': '192.168.128.2', 'end': '192.168.128.14'}], 'host_routes': [], 'dns_nameservers': [], 'description': '', 'router:external': False, 'service_types': [], 'tags': [], 'created_at': '2024-12-11T22:09:01Z', 'updated_at': '2024-12-11T22:09:01Z', 'revision_number': 0, 'project_id': '5dcb5fd2552e42188651162384519043'}, Router: {'id': '784d8851-7b66-4c8f-a42b-072282f66d9f', 'name': 'tempest-FloatingIPsAssociationNegativeTestJSON-523269330-router', 'tenant_id': '5dcb5fd2552e42188651162384519043', 'admin_state_up': True, 'status': 'ACTIVE', 'external_gateway_info': {'network_id': '496fbe0c-5932-45de-b27b-73a4576161fa', 'external_fixed_ips': [{'subnet_id': 'd766c117-b977-4bcb-aeee-8343b841a62d', 'ip_address': '10.180.180.133'}], 'enable_snat': True}, 'description': '', 'availability_zones': [], 'distributed': False, 'ha': False, 'availability_zone_hints': [], 'routes': [], 'flavor_id': None, 'tags': [], 'created_at': '2024-12-11T22:09:02Z', 'updated_at': '2024-12-11T22:09:04Z', 'revision_number': 2, 'project_id': '5dcb5fd2552e42188651162384519043'}
2024-12-11 22:09:09.378 66159 INFO tempest.lib.common.rest_client [req-3cdaef7c-1766-453a-ab42-5322de3b348c req-3cdaef7c-1766-453a-ab42-5322de3b348c ] Request (ServersTestJSON:setUpClass): 204 PUT http://10.180.1.21/identity/v3/projects/a1af268219a1496fb491ea6353ff551d/users/4f2e7f5f0ed14887a563bcd3ee3a323d/roles/455ba87016654093be473d0dc6b519c2 0.177s
2024-12-11 22:09:09.379 66159 INFO tempest.lib.common.dynamic_creds [-] Dynamic test user 4f2e7f5f0ed14887a563bcd3ee3a323d is created with scope project and roles: ['member']
2024-12-11 22:09:09.379 66159 INFO tempest.lib.common.dynamic_creds [-] Acquired dynamic creds: credentials: Credentials: {'domain_id': 'default', 'domain_name': 'Default', 'username': 'tempest-ServersTestJSON-507876772-project-member', 'project_domain_id': 'default', 'project_domain_name': 'Default', 'project_id': 'a1af268219a1496fb491ea6353ff551d', 'project_name': 'tempest-ServersTestJSON-507876772', 'tenant_id': 'a1af268219a1496fb491ea6353ff551d', 'tenant_name': 'tempest-ServersTestJSON-507876772', 'user_domain_id': 'default', 'user_domain_name': 'Default', 'user_id': '4f2e7f5f0ed14887a563bcd3ee3a323d', 'system': None}, Network: None, Subnet: None, Router: None
2024-12-11 22:09:09.416 66167 INFO tempest.lib.common.rest_client [req-ae2a0699-6b1b-4ac7-8f3a-c4241e1a4917 req-ae2a0699-6b1b-4ac7-8f3a-c4241e1a4917 ] Request (ServerActionsTestOtherA:setUpClass): 201 POST http://10.180.1.21/identity/v3/auth/tokens 0.155s
2024-12-11 22:09:09.497 66127 INFO tempest.lib.common.rest_client [req-a6309490-280f-49fe-8e5e-1c00c960a83b req-a6309490-280f-49fe-8e5e-1c00c960a83b ] Request (FloatingIPsAssociationNegativeTestJSON:setUpClass): 201 POST http://10.180.1.21/identity/v3/auth/tokens 0.166s
2024-12-11 22:09:09.527 66141 INFO tempest.lib.common.rest_client [req-fb7d7473-59ad-4f61-9cb5-e03bd9f767c1 req-fb7d7473-59ad-4f61-9cb5-e03bd9f767c1 ] Request (QuotasAdminTestV236:tearDownClass): 204 DELETE http://10.180.1.21/identity/v3/users/8137c698163e4e17bef2cb78d2a89b73 0.203s
2024-12-11 22:09:09.527 66141 INFO tempest.lib.common.dynamic_creds [-] Deleting project and security group for project: 88bf34e77b0140ec96625d750700b0ce
2024-12-11 22:09:09.578 66159 INFO tempest.lib.common.rest_client [req-11a1278d-bb4b-4f8b-9336-8e80d2f01691 req-11a1278d-bb4b-4f8b-9336-8e80d2f01691 ] Request (ServersTestJSON:setUpClass): 201 POST http://10.180.1.21/identity/v3/auth/tokens 0.199s
2024-12-11 22:09:09.591 66143 INFO tempest.lib.common.rest_client [req-87eb20f9-6602-4b99-9890-b6da9f9c07fa req-87eb20f9-6602-4b99-9890-b6da9f9c07fa ] Request (ServerRescueTestJSONUnderV235:setUpClass): 201 POST http://10.180.1.21:9696/networking/v2.0/routers 0.830s
2024-12-11 22:09:09.595 66127 INFO tempest.lib.common.rest_client [req-382e39b0-f6cb-4b5e-b6cd-aca0d074a024 req-382e39b0-f6cb-4b5e-b6cd-aca0d074a024 ] Request (FloatingIPsAssociationNegativeTestJSON:setUpClass): 201 POST http://10.180.1.21/identity/v3/auth/tokens 0.092s
2024-12-11 22:09:09.595 66127 INFO tempest.lib.common.fixed_network [-] (FloatingIPsAssociationNegativeTestJSON:setUpClass) Found network {'id': '7f060c55-84d7-4d5f-bbf9-b1153e0421dd', 'name': 'tempest-FloatingIPsAssociationNegativeTestJSON-523269330-network', 'tenant_id': '5dcb5fd2552e42188651162384519043', 'admin_state_up': True, 'mtu': 8950, 'status': 'ACTIVE', 'subnets': [], 'shared': False, 'project_id': '5dcb5fd2552e42188651162384519043', 'port_security_enabled': True, 'router:external': False, 'provider:network_type': 'vlan', 'provider:physical_network': 'default', 'provider:segmentation_id': 475, 'availability_zone_hints': [], 'availability_zones': [], 'ipv4_address_scope': None, 'ipv6_address_scope': None, 'description': '', 'tags': [], 'created_at': '2024-12-11T22:09:01Z', 'updated_at': '2024-12-11T22:09:01Z', 'revision_number': 1} available for tenant
2024-12-11 22:09:09.647 66135 INFO tempest.lib.common.rest_client [req-bb9b1548-d30d-4d1e-95a2-1445adb2cd14 req-bb9b1548-d30d-4d1e-95a2-1445adb2cd14 ] Request (DeleteServersAdminTestJSON:test_admin_delete_servers_of_others): 204 DELETE http://10.180.1.21/compute/v2.1/servers/fb7519c4-0254-4831-81f3-0eed14844f2d 1.848s
2024-12-11 22:09:09.648 66141 INFO tempest.lib.common.rest_client [req-97e6876d-56bc-4a30-91e8-c2f70cdafe5e req-97e6876d-56bc-4a30-91e8-c2f70cdafe5e ] Request (QuotasAdminTestV236:tearDownClass): 201 POST http://10.180.1.21/identity/v3/auth/tokens 0.120s
2024-12-11 22:09:09.774 66169 INFO tempest.lib.common.rest_client [req-49ee4dcc-379b-4d6f-acbc-999f83e43abd req-49ee4dcc-379b-4d6f-acbc-999f83e43abd ] Request (FlavorsV261TestJSON:test_crud_flavor): 200 GET http://10.180.1.21/compute/v2.1/flavors/727377106 1.859s
2024-12-11 22:09:09.784 66157 INFO tempest.lib.common.rest_client [req-8f754ebe-9bea-4171-b7b9-dbd38d70dcf7 req-8f754ebe-9bea-4171-b7b9-dbd38d70dcf7 ] Request (ServersWithSpecificFlavorTestJSON:test_verify_created_server_ephemeral_disk): 202 POST http://10.180.1.21/compute/v2.1/servers 3.004s
2024-12-11 22:09:09.920 66147 INFO tempest.lib.common.rest_client [req-129f1635-7815-4b5e-8dee-cd30776ac60d req-129f1635-7815-4b5e-8dee-cd30776ac60d ] Request (ListImageFiltersNegativeTestJSON:test_get_nonexistent_image): 404 GET http://10.180.1.21/compute/v2.1/images/32fc12b7-5506-45ca-a626-05a2eb35e205 1.430s
2024-12-11 22:09:09.930 66141 INFO tempest.lib.common.rest_client [req-507d055f-46e2-4729-8604-4da939ad3c26 req-507d055f-46e2-4729-8604-4da939ad3c26 ] Request (QuotasAdminTestV236:tearDownClass): 200 GET http://10.180.1.21:9696/networking/v2.0/security-groups?tenant_id=88bf34e77b0140ec96625d750700b0ce&name=default 0.281s
