2024-12-11 22:09:15.894 66175 INFO tempest.lib.common.rest_client [req-0a80eb99-0cf4-4f3b-93d7-b1e9e0e86a71 req-0a80eb99-0cf4-4f3b-93d7-b1e9e0e86a71 ] Request (TenantUsagesTestJSON:test_get_usage_tenant): 200 GET http://10.180.1.21/compute/v2.1/os-simple-tenant-usage/81e9cc83a10a439da4100e4e5725370f?start=2024-12-10T22%3A09%3A14.074797&end=2024-12-12T22%3A09%3A14.074797 1.819s
2024-12-11 22:09:15.916 66169 INFO tempest.lib.common.rest_client [req-c8acb2fe-5927-4d4f-a0e9-b7663dc7489a req-c8acb2fe-5927-4d4f-a0e9-b7663dc7489a ] Request (FlavorsV261TestJSON:test_crud_flavor): 200 GET http://10.180.1.21/compute/v2.1/flavors 1.824s
2024-12-11 22:09:15.917 66159 INFO tempest.lib.common.rest_client [req-355ede58-6a08-4a05-84ff-2e957a403ffe req-355ede58-6a08-4a05-84ff-2e957a403ffe ] Request (ServersTestJSON:setUpClass): 200 PUT http://10.180.1.21:9696/networking/v2.0/routers/7a37312f-9599-46f2-bf42-739b36cec119/add_router_interface 2.377s
2024-12-11 22:09:15.917 66159 INFO tempest.lib.common.dynamic_creds [-] Created isolated network resources for: credentials: Credentials: {'domain_id': 'default', 'domain_name': 'Default', 'username': 'tempest-ServersTestJSON-507876772-project-member', 'project_domain_id': 'default', 'project_domain_name': 'Default', 'project_id': 'a1af268219a1496fb491ea6353ff551d', 'project_name': 'tempest-ServersTestJSON-507876772', 'tenant_id': 'a1af268219a1496fb491ea6353ff551d', 'tenant_name': 'tempest-ServersTestJSON-507876772', 'user_domain_id': 'default', 'user_domain_name': 'Default', 'user_id': '4f2e7f5f0ed14887a563bcd3ee3a323d', 'system': None}, Network: {'id': 'ac7c30e4-6546-4d38-864a-242d0169a576', 'name': 'tempest-ServersTestJSON-108451886-network', 'tenant_id': 'a1af268219a1496fb491ea6353ff551d', 'admin_state_up': True, 'mtu': 8950, 'status': 'ACTIVE', 'subnets': [], 'shared': False, 'project_id': 'a1af268219a1496fb491ea6353ff551d', 'port_security_enabled': True, 'router:external': False, 'provider:network_type': 'vlan', 'provider:physical_network': 'default', 'provider:segmentation_id': 973, 'availability_zone_hints': [], 'availability_zones': [], 'ipv4_address_scope': None, 'ipv6_address_scope': None, 'description': '', 'tags': [], 'created_at': '2024-12-11T22:09:10Z', 'updated_at': '2024-12-11T22:09:10Z', 'revision_number': 1}, Subnet: {'id': 'b32cd675-6ac4-44e9-a045-6e307c6127da', 'name': 'tempest-ServersTestJSON-108451886-subnet', 'tenant_id': 'a1af268219a1496fb491ea6353ff551d', 'network_id': 'ac7c30e4-6546-4d38-864a-242d0169a576', 'ip_version': 4, 'subnetpool_id': None, 'enable_dhcp': True, 'ipv6_ra_mode': None, 'ipv6_address_mode': None, 'gateway_ip': '192.168.128.1', 'cidr': '192.168.128.0/28', 'allocation_pools': [{'start': '192.168.128.2', 'end': '192.168.128.14'}], 'host_routes': [], 'dns_nameservers': [], 'description': '', 'router:external': False, 'service_types': [], 'tags': [], 'created_at': '2024-12-11T22:09:10Z', 'updated_at': '2024-12-11T22:09:10Z', 'revision_number': 0, 'project_id': 'a1af268219a1496fb491ea6353ff551d'}, Router: {'id': '7a37312f-9599-46f2-bf42-739b36cec119', 'name': 'tempest-ServersTestJSON-108451886-router', 'tenant_id': 'a1af268219a1496fb491ea6353ff551d', 'admin_state_up': True, 'status': 'ACTIVE', 'external_gateway_info': {'network_id': '496fbe0c-5932-45de-b27b-73a4576161fa', 'external_fixed_ips': [{'subnet_id': 'd766c117-b977-4bcb-aeee-8343b841a62d', 'ip_address': '10.180.180.174'}], 'enable_snat': True}, 'description': '', 'availability_zones': [], 'distributed': False, 'ha': False, 'availability_zone_hints': [], 'routes': [], 'flavor_id': None, 'tags': [], 'created_at': '2024-12-11T22:09:11Z', 'updated_at': '2024-12-11T22:09:12Z', 'revision_number': 2, 'project_id': 'a1af268219a1496fb491ea6353ff551d'}
2024-12-11 22:09:15.948 66173 INFO tempest.lib.common.rest_client [req-2cad159a-564d-4225-a117-9fc721c469de req-2cad159a-564d-4225-a117-9fc721c469de ] Request (HostsAdminTestJSON:test_list_hosts_with_zone): 200 GET http://10.180.1.21/compute/v2.1/os-hosts?zone=internal 1.676s
2024-12-11 22:09:15.975 66179 INFO tempest.lib.common.rest_client [req-107700c7-c7d3-4617-ae26-0bf2f9c9c7d5 req-107700c7-c7d3-4617-ae26-0bf2f9c9c7d5 ] Request (KeyPairsV22TestJSON:_run_cleanups): 204 DELETE http://10.180.1.21/compute/v2.1/os-keypairs/tempest-keypair-817421325 1.674s
2024-12-11 22:09:15.996 66145 INFO tempest.lib.common.rest_client [req-c5026b5f-9830-4f18-9a39-c4201a9dfe0e req-c5026b5f-9830-4f18-9a39-c4201a9dfe0e ] Request (AggregatesAdminNegativeTestJSON:_run_cleanups): 200 DELETE http://10.180.1.21/compute/v2.1/os-aggregates/5 1.692s
2024-12-11 22:09:16.012 66125 INFO tempest.lib.common.rest_client [req-8d832233-69c3-40fc-a265-5a83be181bf1 req-8d832233-69c3-40fc-a265-5a83be181bf1 ] Request (FlavorsAdminTestJSON:test_create_server_with_non_public_flavor): 200 POST http://10.180.1.21/compute/v2.1/flavors 1.688s
2024-12-11 22:09:16.045 66159 INFO tempest.lib.common.rest_client [req-81405385-cf49-49a1-875d-0edd1d7205ee req-81405385-cf49-49a1-875d-0edd1d7205ee ] Request (ServersTestJSON:setUpClass): 201 POST http://10.180.1.21/identity/v3/auth/tokens 0.124s
2024-12-11 22:09:16.120 66166 INFO tempest.lib.common.rest_client [req-fd7b3366-135f-4e08-b1ba-5d5c2260bd7a req-fd7b3366-135f-4e08-b1ba-5d5c2260bd7a ] Request (ServersAaction247Test:test_create_backup): 200 GET http://10.180.1.21/compute/v2.1/servers/891fac54-2ec4-4d47-8535-a33bd9dfb804 1.492s
2024-12-11 22:09:16.145 66147 INFO tempest.lib.common.rest_client [req-b7eae3f0-c531-4a8f-954a-b1f53a7dfa55 req-b7eae3f0-c531-4a8f-954a-b1f53a7dfa55 ] Request (ServersNegativeTestMultiTenantJSON:setUpClass): 200 PUT http://10.180.1.21:9696/networking/v2.0/routers/08af2c43-c59f-4da3-bef6-0ad273e7c7e8/add_router_interface 2.259s
2024-12-11 22:09:16.145 66147 INFO tempest.lib.common.dynamic_creds [-] Created isolated network resources for: credentials: Credentials: {'domain_id': 'default', 'domain_name': 'Default', 'username': 'tempest-ServersNegativeTestMultiTenantJSON-502871563-project-member', 'project_domain_id': 'default', 'project_domain_name': 'Default', 'project_id': '3b47a7c40d404f5780750a1d97276600', 'project_name': 'tempest-ServersNegativeTestMultiTenantJSON-502871563', 'tenant_id': '3b47a7c40d404f5780750a1d97276600', 'tenant_name': 'tempest-ServersNegativeTestMultiTenantJSON-502871563', 'user_domain_id': 'default', 'user_domain_name': 'Default', 'user_id': '1dd7d1d4d1e44b36b35692e763f3374b', 'system': None}, Network: {'id': '730326a2-16a7-44c2-84df-589271e97270', 'name': 'tempest-ServersNegativeTestMultiTenantJSON-262903296-network', 'tenant_id': '3b47a7c40d404f5780750a1d97276600', 'admin_state_up': True, 'mtu': 8950, 'status': 'ACTIVE', 'subnets': [], 'shared': False, 'project_id': '3b47a7c40d404f5780750a1d97276600', 'port_security_enabled': True, 'router:external': False, 'provider:network_type': 'vlan', 'provider:physical_network': 'default', 'provider:segmentation_id': 576, 'availability_zone_hints': [], 'availability_zones': [], 'ipv4_address_scope': None, 'ipv6_address_scope': None, 'description': '', 'tags': [], 'created_at': '2024-12-11T22:09:11Z', 'updated_at': '2024-12-11T22:09:11Z', 'revision_number': 1}, Subnet: {'id': 'ae4f9f67-fe2d-46aa-8647-44029170a2a4', 'name': 'tempest-ServersNegativeTestMultiTenantJSON-262903296-subnet', 'tenant_id': '3b47a7c40d404f5780750a1d97276600', 'network_id': '730326a2-16a7-44c2-84df-589271e97270', 'ip_version': 4, 'subnetpool_id': None, 'enable_dhcp': True, 'ipv6_ra_mode': None, 'ipv6_address_mode': None, 'gateway_ip': '192.168.128.1', 'cidr': '192.168.128.0/28', 'allocation_pools': [{'start': '192.168.128.2', 'end': '192.168.128.14'}], 'host_routes': [], 'dns_nameservers': [], 'description': '', 'router:external': False, 'service_types': [], 'tags': [], 'created_at': '2024-12-11T22:09:12Z', 'updated_at': '2024-12-11T22:09:12Z', 'revision_number': 0, 'project_id': '3b47a7c40d404f5780750a1d97276600'}, Router: {'id': '08af2c43-c59f-4da3-bef6-0ad273e7c7e8', 'name': 'tempest-ServersNegativeTestMultiTenantJSON-262903296-router', 'tenant_id': '3b47a7c40d404f5780750a1d97276600', 'admin_state_up': True, 'status': 'ACTIVE', 'external_gateway_info': {'network_id': '496fbe0c-5932-45de-b27b-73a4576161fa', 'external_fixed_ips': [{'subnet_id': 'd766c117-b977-4bcb-aeee-8343b841a62d', 'ip_address': '10.180.180.228'}], 'enable_snat': True}, 'description': '', 'availability_zones': [], 'distributed': False, 'ha': False, 'availability_zone_hints': [], 'routes': [], 'flavor_id': None, 'tags': [], 'created_at': '2024-12-11T22:09:12Z', 'updated_at': '2024-12-11T22:09:13Z', 'revision_number': 2, 'project_id': '3b47a7c40d404f5780750a1d97276600'}
2024-12-11 22:09:16.181 66121 INFO tempest.lib.common.rest_client [req-3aaa4a39-48a8-4d9a-a2d3-0c0e454dc8b6 req-3aaa4a39-48a8-4d9a-a2d3-0c0e454dc8b6 ] Request (ImagesNegativeTestJSON:test_create_image_from_deleted_server): 200 GET http://10.180.1.21/compute/v2.1/servers/46a524e2-93b0-4726-812f-98e08b6ba0b4 1.462s
2024-12-11 22:09:16.246 66147 INFO tempest.lib.common.rest_client [req-fe2b2298-512a-49a8-8065-811023db0248 req-fe2b2298-512a-49a8-8065-811023db0248 ] Request (ServersNegativeTestMultiTenantJSON:setUpClass): 201 POST http://10.180.1.21/identity/v3/auth/tokens 0.096s
2024-12-11 22:09:16.246 66123 INFO tempest.lib.common.rest_client [req-b0934346-93eb-404d-82af-f2fbc6280b59 req-b0934346-93eb-404d-82af-f2fbc6280b59 ] Request (ServerDiagnosticsV248Test:test_get_server_diagnostics): 200 GET http://10.180.1.21/compute/v2.1/servers/fa00f4fe-3bb2-4e17-be22-8a1fda502f65 1.461s
2024-12-11 22:09:16.259 66123 INFO tempest.common.waiters [-] State transition "BUILD/block_device_mapping" ==> "BUILD/spawning" after 16 second wait
2024-12-11 22:09:16.312 66119 INFO tempest.lib.common.rest_client [req-0afb891c-c8af-4f6a-beb8-828774f60648 req-0afb891c-c8af-4f6a-beb8-828774f60648 ] Request (ListServersNegativeTestJSON:setUpClass): 200 GET http://10.180.1.21/compute/v2.1/servers/03552483-a365-4d25-94bc-ea9b38ee6cd6 1.435s
2024-12-11 22:09:16.312 66147 INFO tempest.lib.common.rest_client [req-229fd477-d0f3-4edd-81cd-6bf2926397fb req-229fd477-d0f3-4edd-81cd-6bf2926397fb ] Request (ServersNegativeTestMultiTenantJSON:setUpClass): 201 POST http://10.180.1.21/identity/v3/projects 0.065s
2024-12-11 22:09:16.330 66153 INFO tempest.lib.common.rest_client [req-6239ec75-b3cc-4ff2-a290-55e8cc4fdd20 req-6239ec75-b3cc-4ff2-a290-55e8cc4fdd20 ] Request (FloatingIPsAssociationTestJSON:test_associate_already_associated_floating_ip): 202 POST http://10.180.1.21/compute/v2.1/servers 2.615s
2024-12-11 22:09:16.345 66163 INFO tempest.lib.common.rest_client [req-0cd7ddb0-c18d-4063-9be3-8c3932499a76 req-0cd7ddb0-c18d-4063-9be3-8c3932499a76 ] Request (FlavorsAccessNegativeTestJSON:test_remove_flavor_access_not_found): 200 POST http://10.180.1.21/compute/v2.1/flavors 1.394s
2024-12-11 22:09:16.399 66147 INFO tempest.lib.common.rest_client [req-a9b2b583-119d-4a01-9b42-f200bbdd2a29 req-a9b2b583-119d-4a01-9b42-f200bbdd2a29 ] Request (ServersNegativeTestMultiTenantJSON:setUpClass): 201 POST http://10.180.1.21/identity/v3/users 0.086s
2024-12-11 22:09:16.417 66171 INFO tempest.lib.common.rest_client [req-605b1d97-9aa9-4bcf-9cbb-0c6ce1f9fac9 req-605b1d97-9aa9-4bcf-9cbb-0c6ce1f9fac9 ] Request (ServersAdminNegativeTestJSON:setUpClass): 200 GET http://10.180.1.21/compute/v2.1/servers/e2d4c71b-1164-4c7d-9ffb-7f5489f92d32 1.343s
2024-12-11 22:09:16.429 66147 INFO tempest.lib.common.rest_client [req-aeb1e4c8-9df3-40e5-8216-c793bd50b0d4 req-aeb1e4c8-9df3-40e5-8216-c793bd50b0d4 ] Request (ServersNegativeTestMultiTenantJSON:setUpClass): 200 GET http://10.180.1.21/identity/v3/roles 0.030s
2024-12-11 22:09:16.481 66147 INFO tempest.lib.common.rest_client [req-76713a67-d0b8-40e2-b38b-b9692162e5de req-76713a67-d0b8-40e2-b38b-b9692162e5de ] Request (ServersNegativeTestMultiTenantJSON:setUpClass): 204 PUT http://10.180.1.21/identity/v3/projects/87bfaf4293654d7c8747b1a8ec26fc9d/users/ac0b199acbfa4751b80807785cc36567/roles/455ba87016654093be473d0dc6b519c2 0.051s
2024-12-11 22:09:16.481 66147 INFO tempest.lib.common.dynamic_creds [-] Dynamic test user ac0b199acbfa4751b80807785cc36567 is created with scope project and roles: ['member']
2024-12-11 22:09:16.481 66147 INFO tempest.lib.common.dynamic_creds [-] Acquired dynamic creds: credentials: Credentials: {'domain_id': 'default', 'domain_name': 'Default', 'username': 'tempest-ServersNegativeTestMultiTenantJSON-1140359096-project-member', 'project_domain_id': 'default', 'project_domain_name': 'Default', 'project_id': '87bfaf4293654d7c8747b1a8ec26fc9d', 'project_name': 'tempest-ServersNegativeTestMultiTenantJSON-1140359096', 'tenant_id': '87bfaf4293654d7c8747b1a8ec26fc9d', 'tenant_name': 'tempest-ServersNegativeTestMultiTenantJSON-1140359096', 'user_domain_id': 'default', 'user_domain_name': 'Default', 'user_id': 'ac0b199acbfa4751b80807785cc36567', 'system': None}, Network: None, Subnet: None, Router: None
2024-12-11 22:09:16.482 66167 INFO tempest.lib.common.rest_client [req-1304cf7f-090d-489f-a040-9df664f0901e req-1304cf7f-090d-489f-a040-9df664f0901e ] Request (ServerActionsTestOtherA:setUpClass): 200 GET http://10.180.1.21/compute/v2.1/servers/de69dbf0-86f1-4b05-a9db-8b9afaabe49c 1.371s
2024-12-11 22:09:16.500 66131 INFO tempest.lib.common.rest_client [req-f97ec26e-315f-424f-9bf1-7ce73db9aaf5 req-f97ec26e-315f-424f-9bf1-7ce73db9aaf5 ] Request (SecurityGroupRulesTestJSON:test_security_group_rules_create_with_optional_cidr): 200 POST http://10.180.1.21/compute/v2.1/os-security-groups 1.572s
2024-12-11 22:09:16.557 66127 INFO tempest.lib.common.rest_client [req-6a08c607-4a77-4ba4-990f-ffab4bb0d150 req-6a08c607-4a77-4ba4-990f-ffab4bb0d150 ] Request (FloatingIPsAssociationNegativeTestJSON:setUpClass): 200 GET http://10.180.1.21/compute/v2.1/servers/ad37d6a1-9053-4be6-adb2-0c62ac8ae9bd 1.408s
2024-12-11 22:09:16.657 66135 INFO tempest.lib.common.rest_client [req-3ba637c0-8678-4ebd-9610-342a59de4052 req-3ba637c0-8678-4ebd-9610-342a59de4052 ] Request (DeleteServersAdminTestJSON:test_admin_delete_servers_of_others): 200 GET http://10.180.1.21/compute/v2.1/servers/fb7519c4-0254-4831-81f3-0eed14844f2d 1.273s
2024-12-11 22:09:16.716 66151 INFO tempest.lib.common.rest_client [req-63d95b0e-7110-416d-b26d-c4b0b0d9245d req-63d95b0e-7110-416d-b26d-c4b0b0d9245d ] Request (MigrationsAdminTest:test_list_migrations_in_flavor_resize_situation): 200 GET http://10.180.1.21/compute/v2.1/servers/868cf942-f348-488d-b00a-af4c8b5efda5 1.470s
2024-12-11 22:09:16.749 66161 INFO tempest.lib.common.rest_client [req-5e2ca7fc-e52d-48f6-b720-d143caa4d4fb req-5e2ca7fc-e52d-48f6-b720-d143caa4d4fb ] Request (ServerRescueTestJSON:setUpClass): 201 POST http://10.180.1.21:9696/networking/v2.0/routers 1.711s
2024-12-11 22:09:16.875 66181 INFO tempest.lib.common.rest_client [req-521a54ea-ccad-4ca4-b176-cefd0748db97 req-521a54ea-ccad-4ca4-b176-cefd0748db97 ] Request (InstanceActionsNegativeTestJSON:setUpClass): 200 GET http://10.180.1.21/compute/v2.1/servers/827b0887-2132-49af-bcce-cedc7237245d 1.372s
2024-12-11 22:09:16.890 66133 INFO tempest.lib.common.rest_client [req-ea419f27-7274-46c0-98e1-94499e02f171 req-ea419f27-7274-46c0-98e1-94499e02f171 ] Request (ServerExternalEventsTest:test_create_server_external_events): 200 GET http://10.180.1.21/compute/v2.1/servers/d32a3a5d-17d0-4a79-b76a-371cdd170ee0 1.461s
2024-12-11 22:09:16.933 66181 INFO tempest.common.waiters [-] State transition "BUILD/spawning" ==> "ACTIVE/None" after 25 second wait
2024-12-11 22:09:16.951 66157 INFO tempest.lib.common.rest_client [req-0049445f-9c9c-40bc-9e12-5b5befec7909 req-0049445f-9c9c-40bc-9e12-5b5befec7909 ] Request (ServersWithSpecificFlavorTestJSON:test_verify_created_server_ephemeral_disk): 200 GET http://10.180.1.21/compute/v2.1/servers/b911f25d-711b-411e-bb2d-2e59386ff2ea 1.437s
2024-12-11 22:09:16.978 66139 INFO tempest.lib.common.rest_client [req-75d467d7-1629-46d7-b345-677781b20f6c req-75d467d7-1629-46d7-b345-677781b20f6c ] Request (VolumesAssistedSnapshotsTest:test_volume_assisted_snapshot_create_delete): 200 GET http://10.180.1.21/compute/v2.1/servers/7d23d8f0-d7a9-4236-ad28-208e77b72138 1.426s
2024-12-11 22:09:17.056 66143 INFO tempest.lib.common.rest_client [req-d8fc85d5-f15e-4a08-9dab-27554f0ed7f9 req-d8fc85d5-f15e-4a08-9dab-27554f0ed7f9 ] Request (ServerRescueTestJSONUnderV235:setUpClass): 200 GET http://10.180.1.21/compute/v2.1/servers/42eb98a9-e341-4a17-9d76-2a2c37efc1a1 1.296s
2024-12-11 22:09:17.061 66147 INFO tempest.lib.common.rest_client [req-3979b2af-60e9-48cb-9fca-188526b2a701 req-3979b2af-60e9-48cb-9fca-188526b2a701 ] Request (ServersNegativeTestMultiTenantJSON:setUpClass): 201 POST http://10.180.1.21:9696/networking/v2.0/networks 0.579s
2024-12-11 22:09:17.077 66141 INFO tempest.lib.common.rest_client [req-837cf81a-d6f2-47e6-af20-ecfea79bd6ca req-837cf81a-d6f2-47e6-af20-ecfea79bd6ca ] Request (KeyPairsV2TestJSON:_run_cleanups): 202 DELETE http://10.180.1.21/compute/v2.1/os-keypairs/tempest-keypair-1985535324 1.307s
2024-12-11 22:09:17.117 66175 INFO tempest.lib.common.rest_client [req-06ce7ce6-89a0-40c5-8973-ef3e9dd6e220 req-06ce7ce6-89a0-40c5-8973-ef3e9dd6e220 ] Request (TenantUsagesTestJSON:test_get_usage_tenant_with_non_admin_user): 200 GET http://10.180.1.21/compute/v2.1/os-simple-tenant-usage/81e9cc83a10a439da4100e4e5725370f?start=2024-12-10T22%3A09%3A14.074797&end=2024-12-12T22%3A09%3A14.074797 1.218s
2024-12-11 22:09:17.135 66169 INFO tempest.lib.common.rest_client [req-0e55c60b-2ece-47c5-9ff8-904891b6c3e3 req-0e55c60b-2ece-47c5-9ff8-904891b6c3e3 ] Request (FlavorsV261TestJSON:_run_cleanups): 202 DELETE http://10.180.1.21/compute/v2.1/flavors/727377106 1.209s
2024-12-11 22:09:17.156 66129 INFO tempest.lib.common.rest_client [req-a9b07251-6bbe-4764-953d-c190180acf97 req-a9b07251-6bbe-4764-953d-c190180acf97 ] Request (QuotasAdminTestJSON:test_get_updated_quotas): 200 PUT http://10.180.1.21/compute/v2.1/os-quota-sets/34a343f819c449a6b7529935922f77de?user_id=7fa0e3969ee94d9d836b8f761bb1505d 1.445s
2024-12-11 22:09:17.158 66173 INFO tempest.lib.common.rest_client [req-6eba6627-a46f-4e11-a394-c554fa31bd08 req-6eba6627-a46f-4e11-a394-c554fa31bd08 ] Request (HostsAdminTestJSON:test_show_host_detail): 200 GET http://10.180.1.21/compute/v2.1/os-hosts 1.208s
2024-12-11 22:09:17.176 66145 INFO tempest.lib.common.rest_client [req-11dd4ae3-f7e4-4778-b617-f8342769522f req-11dd4ae3-f7e4-4778-b617-f8342769522f ] Request (AggregatesAdminNegativeTestJSON:test_aggregate_delete_with_invalid_id): 404 DELETE http://10.180.1.21/compute/v2.1/os-aggregates/-1 1.178s
2024-12-11 22:09:17.190 66125 INFO tempest.lib.common.rest_client [req-9ce7ce68-7760-433f-80c2-ddcc8b076156 req-9ce7ce68-7760-433f-80c2-ddcc8b076156 ] Request (FlavorsAdminTestJSON:test_create_server_with_non_public_flavor): 400 POST http://10.180.1.21/compute/v2.1/servers 1.173s
2024-12-11 22:09:17.199 66179 INFO tempest.lib.common.rest_client [req-6da80544-cfe4-4d9f-965c-9e461e70421a req-6da80544-cfe4-4d9f-965c-9e461e70421a ] Request (KeyPairsV22TestJSON:test_keypair_create_with_pub_key): 201 POST http://10.180.1.21/compute/v2.1/os-keypairs 1.222s
2024-12-11 22:09:17.275 66155 INFO tempest.lib.common.rest_client [req-be8736b5-3a73-42d6-a792-8594ae9a07f7 req-be8736b5-3a73-42d6-a792-8594ae9a07f7 ] Request (ServersAdmin275Test:test_rebuild_update_server_275): 200 GET http://10.180.1.21/compute/v2.1/servers/96aff7ef-cfc3-46ef-ba3e-b4bc1141a88b 1.015s
2024-12-11 22:09:17.321 66159 INFO tempest.lib.common.rest_client [req-b1dc772f-e5ca-4f4a-a6eb-137002cc7b48 req-b1dc772f-e5ca-4f4a-a6eb-137002cc7b48 ] Request (ServersTestJSON:setUpClass): 200 POST http://10.180.1.21/compute/v2.1/os-keypairs 1.274s
2024-12-11 22:09:17.339 66153 INFO tempest.lib.common.rest_client [req-d3b77670-4663-4275-8d48-44ed6a0e08c1 req-d3b77670-4663-4275-8d48-44ed6a0e08c1 ] Request (FloatingIPsAssociationTestJSON:test_associate_already_associated_floating_ip): 200 GET http://10.180.1.21/compute/v2.1/servers/e652e59f-9432-41cf-b4a5-0f5cf649b24e 1.007s
2024-12-11 22:09:17.389 66147 INFO tempest.lib.common.rest_client [req-56dd2306-37c5-4491-bf22-c7bcbc25e1fb req-56dd2306-37c5-4491-bf22-c7bcbc25e1fb ] Request (ServersNegativeTestMultiTenantJSON:setUpClass): 201 POST http://10.180.1.21:9696/networking/v2.0/subnets 0.327s
2024-12-11 22:09:17.419 66163 INFO tempest.lib.common.rest_client [req-650b7a0e-8d1b-4ac3-9672-f7891dd564ea req-650b7a0e-8d1b-4ac3-9672-f7891dd564ea ] Request (FlavorsAccessNegativeTestJSON:test_remove_flavor_access_not_found): 404 POST http://10.180.1.21/compute/v2.1/flavors/59807833/action 1.068s
2024-12-11 22:09:17.459 66149 INFO tempest.lib.common.rest_client [req-935af066-3715-43a2-a941-06752e33453b req-935af066-3715-43a2-a941-06752e33453b ] Request (ServerDiagnosticsNegativeTest:test_get_server_diagnostics_by_non_admin): 200 GET http://10.180.1.21/compute/v2.1/servers/7339c22a-05c9-4ddd-93df-0326cbe96ca4 0.958s
2024-12-11 22:09:17.513 66181 INFO tempest.lib.common.rest_client [req-d157a99c-3b65-43b7-a0af-5120445ec75f req-d157a99c-3b65-43b7-a0af-5120445ec75f ] Request (InstanceActionsNegativeTestJSON:test_get_instance_action_invalid_request): 404 GET http://10.180.1.21/compute/v2.1/servers/827b0887-2132-49af-bcce-cedc7237245d/os-instance-actions/999 0.579s
2024-12-11 22:09:17.545 66141 INFO tempest.lib.common.rest_client [req-5ac48f6c-6724-4887-b4af-d1b3d8e9217f req-5ac48f6c-6724-4887-b4af-d1b3d8e9217f ] Request (KeyPairsV2TestJSON:test_keypair_create_delete): 200 POST http://10.180.1.21/compute/v2.1/os-keypairs 0.463s
2024-12-11 22:09:17.586 66175 INFO tempest.lib.common.rest_client [req-67954787-81e1-4576-962f-dc9091bbf786 req-67954787-81e1-4576-962f-dc9091bbf786 ] Request (TenantUsagesTestJSON:test_list_usage_all_tenants): 200 GET http://10.180.1.21/compute/v2.1/os-simple-tenant-usage?start=2024-12-10T22%3A09%3A14.074797&end=2024-12-12T22%3A09%3A14.074797&detailed=1 0.466s
2024-12-11 22:09:17.649 66166 INFO tempest.lib.common.rest_client [req-731690b8-431b-447e-93e4-9e9b23fe4de5 req-731690b8-431b-447e-93e4-9e9b23fe4de5 ] Request (ServersAaction247Test:test_create_backup): 200 GET http://10.180.1.21/compute/v2.1/servers/891fac54-2ec4-4d47-8535-a33bd9dfb804 0.515s
2024-12-11 22:09:17.656 66166 INFO tempest.common.waiters [-] State transition "BUILD/spawning" ==> "ACTIVE/None" after 19 second wait
2024-12-11 22:09:17.657 66159 INFO tempest.lib.common.rest_client [req-aaaf9516-33a4-4938-bee6-0202a44924a3 req-aaaf9516-33a4-4938-bee6-0202a44924a3 ] Request (ServersTestJSON:setUpClass): 201 POST http://10.180.1.21:9696/networking/v2.0/security-groups 0.334s
2024-12-11 22:09:17.668 66169 INFO tempest.lib.common.rest_client [req-7532cfa3-6559-4bb5-90cc-3c788aadafc9 req-7532cfa3-6559-4bb5-90cc-3c788aadafc9 ] Request (FlavorsV261TestJSON:_run_cleanups): 200 GET http://10.180.1.21/compute/v2.1/flavors/detail 0.533s
2024-12-11 22:09:17.725 66129 INFO tempest.lib.common.rest_client [req-5cd7cb24-2eef-4a00-894b-1277b50df082 req-5cd7cb24-2eef-4a00-894b-1277b50df082 ] Request (QuotasAdminTestJSON:test_get_updated_quotas): 200 GET http://10.180.1.21/compute/v2.1/os-quota-sets/34a343f819c449a6b7529935922f77de?user_id=7fa0e3969ee94d9d836b8f761bb1505d 0.567s
2024-12-11 22:09:17.792 66173 INFO tempest.lib.common.rest_client [req-a1ea1c66-7305-47ee-b26b-237a0329a020 req-a1ea1c66-7305-47ee-b26b-237a0329a020 ] Request (HostsAdminTestJSON:test_show_host_detail): 200 GET http://10.180.1.21/compute/v2.1/os-hosts/cpu-1 0.633s
2024-12-11 22:09:17.796 66159 INFO tempest.lib.common.rest_client [req-0e526407-c4db-47b4-a2c5-5b05bbbd01f0 req-0e526407-c4db-47b4-a2c5-5b05bbbd01f0 ] Request (ServersTestJSON:setUpClass): 201 POST http://10.180.1.21:9696/networking/v2.0/security-group-rules 0.137s
2024-12-11 22:09:17.811 66131 INFO tempest.lib.common.rest_client [req-e63853a9-811d-4e47-b2f9-74e4d61eab3f req-e63853a9-811d-4e47-b2f9-74e4d61eab3f ] Request (SecurityGroupRulesTestJSON:test_security_group_rules_create_with_optional_cidr): 200 POST http://10.180.1.21/compute/v2.1/os-security-group-rules 1.308s
2024-12-11 22:09:17.832 66145 INFO tempest.lib.common.rest_client [req-d9e51d0d-2235-4a19-87af-7293c736cb83 req-d9e51d0d-2235-4a19-87af-7293c736cb83 ] Request (AggregatesAdminNegativeTestJSON:test_aggregate_get_details_as_user): 200 POST http://10.180.1.21/compute/v2.1/os-aggregates 0.655s
2024-12-11 22:09:17.858 66125 INFO tempest.lib.common.rest_client [req-9c928ad0-809e-437b-8bd4-f5076e100c9e req-9c928ad0-809e-437b-8bd4-f5076e100c9e ] Request (FlavorsAdminTestJSON:_run_cleanups): 202 DELETE http://10.180.1.21/compute/v2.1/flavors/1559693136 0.667s
2024-12-11 22:09:17.877 66129 INFO tempest.lib.common.rest_client [req-65425783-8c4e-4474-a2f9-7d7fb8327503 req-65425783-8c4e-4474-a2f9-7d7fb8327503 ] Request (QuotasAdminTestJSON:_run_cleanups): 204 DELETE http://10.180.1.21/identity/v3/users/7fa0e3969ee94d9d836b8f761bb1505d 0.150s
2024-12-11 22:09:17.880 66169 INFO tempest.lib.common.rest_client [req-b9b92fec-f9ce-434c-8e96-9bd78c9af042 req-b9b92fec-f9ce-434c-8e96-9bd78c9af042 ] Request (FlavorsV261TestJSON:tearDownClass): 204 DELETE http://10.180.1.21/identity/v3/users/8a37ee66f3944bc59a60860032030011 0.203s
2024-12-11 22:09:17.886 66179 INFO tempest.lib.common.rest_client [req-00865fb8-77f6-4a84-bda4-84ab008b29e4 req-00865fb8-77f6-4a84-bda4-84ab008b29e4 ] Request (KeyPairsV22TestJSON:_run_cleanups): 204 DELETE http://10.180.1.21/compute/v2.1/os-keypairs/tempest-keypair-631324279 0.685s
2024-12-11 22:09:17.944 66121 INFO tempest.lib.common.rest_client [req-152a9fff-607f-4abd-a788-97105efc244f req-152a9fff-607f-4abd-a788-97105efc244f ] Request (ImagesNegativeTestJSON:test_create_image_from_deleted_server): 200 GET http://10.180.1.21/compute/v2.1/servers/46a524e2-93b0-4726-812f-98e08b6ba0b4 0.751s
2024-12-11 22:09:17.997 66123 INFO tempest.lib.common.rest_client [req-31cd6bb1-e268-4280-8792-157c86eda699 req-31cd6bb1-e268-4280-8792-157c86eda699 ] Request (ServerDiagnosticsV248Test:test_get_server_diagnostics): 200 GET http://10.180.1.21/compute/v2.1/servers/fa00f4fe-3bb2-4e17-be22-8a1fda502f65 0.737s
2024-12-11 22:09:18.002 66129 INFO tempest.lib.common.rest_client [req-8484f1cf-34b3-4241-9730-749b9efc39bf req-8484f1cf-34b3-4241-9730-749b9efc39bf ] Request (QuotasAdminTestJSON:_run_cleanups): 204 DELETE http://10.180.1.21/identity/v3/projects/34a343f819c449a6b7529935922f77de 0.125s
2024-12-11 22:09:18.009 66119 INFO tempest.lib.common.rest_client [req-6eb8abab-2f7d-4f1d-9454-4a2f5b22f51e req-6eb8abab-2f7d-4f1d-9454-4a2f5b22f51e ] Request (ListServersNegativeTestJSON:setUpClass): 200 GET http://10.180.1.21/compute/v2.1/servers/03552483-a365-4d25-94bc-ea9b38ee6cd6 0.687s
2024-12-11 22:09:18.018 66119 INFO tempest.common.waiters [-] State transition "BUILD/scheduling" ==> "BUILD/None" after 8 second wait
2024-12-11 22:09:18.028 66159 INFO tempest.lib.common.rest_client [req-7669c6e6-bd36-4a8f-82a5-a1e83aa671a1 req-7669c6e6-bd36-4a8f-82a5-a1e83aa671a1 ] Request (ServersTestJSON:setUpClass): 201 POST http://10.180.1.21:9696/networking/v2.0/security-group-rules 0.231s
2024-12-11 22:09:18.029 66163 INFO tempest.lib.common.rest_client [req-c784233e-98bd-4841-98b9-cd0a56e69e2d req-c784233e-98bd-4841-98b9-cd0a56e69e2d ] Request (FlavorsAccessNegativeTestJSON:_run_cleanups): 202 DELETE http://10.180.1.21/compute/v2.1/flavors/59807833 0.609s
2024-12-11 22:09:18.062 66173 INFO tempest.lib.common.rest_client [req-57101be8-f415-445b-b7d3-c62a4154d3f7 req-57101be8-f415-445b-b7d3-c62a4154d3f7 ] Request (HostsAdminTestJSON:tearDownClass): 204 DELETE http://10.180.1.21/identity/v3/users/1bb285cbc4d84130adc80d0829f0b715 0.267s
2024-12-11 22:09:18.084 66171 INFO tempest.lib.common.rest_client [req-1471d287-9455-4f72-bcde-70deca7602ec req-1471d287-9455-4f72-bcde-70deca7602ec ] Request (ServersAdminNegativeTestJSON:setUpClass): 200 GET http://10.180.1.21/compute/v2.1/servers/e2d4c71b-1164-4c7d-9ffb-7f5489f92d32 0.658s
2024-12-11 22:09:18.096 66181 INFO tempest.lib.common.rest_client [req-a989f431-3802-419d-9523-955857b0ddce req-a989f431-3802-419d-9523-955857b0ddce ] Request (InstanceActionsNegativeTestJSON:test_list_instance_actions_non_existent_server): 404 GET http://10.180.1.21/compute/v2.1/servers/5042cc92-6f74-4052-941a-adaada810e36/os-instance-actions 0.578s
2024-12-11 22:09:18.109 66167 INFO tempest.lib.common.rest_client [req-4be01964-5e15-44ac-b9f8-42963437c027 req-4be01964-5e15-44ac-b9f8-42963437c027 ] Request (ServerActionsTestOtherA:setUpClass): 200 GET http://10.180.1.21/compute/v2.1/servers/de69dbf0-86f1-4b05-a9db-8b9afaabe49c 0.615s
2024-12-11 22:09:18.114 66141 INFO tempest.lib.common.rest_client [req-73f33435-2592-435f-95dc-b78b5ae8cfe6 req-73f33435-2592-435f-95dc-b78b5ae8cfe6 ] Request (KeyPairsV2TestJSON:_run_cleanups): 202 DELETE http://10.180.1.21/compute/v2.1/os-keypairs/tempest-keypair-220719131 0.568s
2024-12-11 22:09:18.165 66173 INFO tempest.lib.common.rest_client [req-31aa4d3c-a9d3-4c0d-8d0c-0c6867816f5b req-31aa4d3c-a9d3-4c0d-8d0c-0c6867816f5b ] Request (HostsAdminTestJSON:tearDownClass): 204 DELETE http://10.180.1.21/identity/v3/users/e690b989d20844158db221272103ff77 0.103s
2024-12-11 22:09:18.166 66173 INFO tempest.lib.common.dynamic_creds [-] Deleting project and security group for project: ddc0da4e82cc4f85ba0fe18a67b4fa78
2024-12-11 22:09:18.191 66169 INFO tempest.lib.common.rest_client [req-fff84c3f-0ca1-4616-a63a-2fad944adbbc req-fff84c3f-0ca1-4616-a63a-2fad944adbbc ] Request (FlavorsV261TestJSON:tearDownClass): 204 DELETE http://10.180.1.21/identity/v3/users/ee8df0a2c45742a897436df93b35789c 0.310s
2024-12-11 22:09:18.191 66169 INFO tempest.lib.common.dynamic_creds [-] Deleting project and security group for project: 2b29bf887f1f40a68e905c60697d7e05
2024-12-11 22:09:18.214 66127 INFO tempest.lib.common.rest_client [req-291fe773-7527-4351-84dc-b8e093ecc5d6 req-291fe773-7527-4351-84dc-b8e093ecc5d6 ] Request (FloatingIPsAssociationNegativeTestJSON:setUpClass): 200 GET http://10.180.1.21/compute/v2.1/servers/ad37d6a1-9053-4be6-adb2-0c62ac8ae9bd 0.645s
2024-12-11 22:09:18.231 66173 INFO tempest.lib.common.rest_client [req-3d99f6e3-22ff-4988-96ad-8e2708337166 req-3d99f6e3-22ff-4988-96ad-8e2708337166 ] Request (HostsAdminTestJSON:tearDownClass): 201 POST http://10.180.1.21/identity/v3/auth/tokens 0.065s
2024-12-11 22:09:18.248 66175 INFO tempest.lib.common.rest_client [req-dabe1834-1192-4e52-9b8a-fc34d5505558 req-dabe1834-1192-4e52-9b8a-fc34d5505558 ] Request (TenantUsagesTestJSON:tearDownClass): 204 DELETE http://10.180.1.21/compute/v2.1/servers/b182d3aa-a4de-4879-ab36-2cb51472158a 0.657s
2024-12-11 22:09:18.294 66169 INFO tempest.lib.common.rest_client [req-0a27ed6e-47cd-46c8-8461-cd76560f892c req-0a27ed6e-47cd-46c8-8461-cd76560f892c ] Request (FlavorsV261TestJSON:tearDownClass): 201 POST http://10.180.1.21/identity/v3/auth/tokens 0.103s
2024-12-11 22:09:18.394 66135 INFO tempest.lib.common.rest_client [req-1e61d395-d5a0-47e7-b9d0-6efe7168214e req-1e61d395-d5a0-47e7-b9d0-6efe7168214e ] Request (DeleteServersAdminTestJSON:test_admin_delete_servers_of_others): 200 GET http://10.180.1.21/compute/v2.1/servers/fb7519c4-0254-4831-81f3-0eed14844f2d 0.728s
2024-12-11 22:09:18.634 66173 INFO tempest.lib.common.rest_client [req-92bf274c-dc1f-460f-920a-41411f6cd453 req-92bf274c-dc1f-460f-920a-41411f6cd453 ] Request (HostsAdminTestJSON:tearDownClass): 200 GET http://10.180.1.21:9696/networking/v2.0/security-groups?tenant_id=ddc0da4e82cc4f85ba0fe18a67b4fa78&name=default 0.400s
2024-12-11 22:09:18.765 66151 INFO tempest.lib.common.rest_client [req-942ee95b-6f61-4085-a74e-abc576bf0264 req-942ee95b-6f61-4085-a74e-abc576bf0264 ] Request (MigrationsAdminTest:test_list_migrations_in_flavor_resize_situation): 200 GET http://10.180.1.21/compute/v2.1/servers/868cf942-f348-488d-b00a-af4c8b5efda5 1.036s
2024-12-11 22:09:18.802 66166 INFO tempest.lib.common.rest_client [req-6a4166f1-2236-41b1-822b-d4abf45a7bae req-6a4166f1-2236-41b1-822b-d4abf45a7bae ] Request (ServersAaction247Test:test_create_backup): 202 POST http://10.180.1.21/compute/v2.1/servers/891fac54-2ec4-4d47-8535-a33bd9dfb804/action 1.145s
2024-12-11 22:09:18.816 66145 INFO tempest.lib.common.rest_client [req-42e0979a-3165-4d79-95d6-93c830889de1 req-42e0979a-3165-4d79-95d6-93c830889de1 ] Request (AggregatesAdminNegativeTestJSON:test_aggregate_get_details_as_user): 403 GET http://10.180.1.21/compute/v2.1/os-aggregates/6 0.980s
2024-12-11 22:09:18.828 66169 INFO tempest.lib.common.rest_client [req-6b1f0ec8-0afc-4ed5-a2f5-9c54fe0f79ae req-6b1f0ec8-0afc-4ed5-a2f5-9c54fe0f79ae ] Request (FlavorsV261TestJSON:tearDownClass): 200 GET http://10.180.1.21:9696/networking/v2.0/security-groups?tenant_id=2b29bf887f1f40a68e905c60697d7e05&name=default 0.534s
2024-12-11 22:09:18.839 66125 INFO tempest.lib.common.rest_client [req-0c1a5dae-a3aa-4e62-b127-2f71aeec2c16 req-0c1a5dae-a3aa-4e62-b127-2f71aeec2c16 ] Request (FlavorsAdminTestJSON:_run_cleanups): 200 GET http://10.180.1.21/compute/v2.1/flavors/detail 0.980s
2024-12-11 22:09:18.883 66179 INFO tempest.lib.common.rest_client [req-5194d70d-7211-4fdd-a5b1-361168b400a5 req-5194d70d-7211-4fdd-a5b1-361168b400a5 ] Request (KeyPairsV22TestJSON:test_keypairs_create_list_delete): 201 POST http://10.180.1.21/compute/v2.1/os-keypairs 0.992s
2024-12-11 22:09:18.921 66161 INFO tempest.lib.common.rest_client [req-ff783443-1668-43f6-a185-04d98964086a req-ff783443-1668-43f6-a185-04d98964086a ] Request (ServerRescueTestJSON:setUpClass): 200 PUT http://10.180.1.21:9696/networking/v2.0/routers/7aaf7b52-9bfa-426f-bbdf-9866455b4eb4/add_router_interface 2.171s
2024-12-11 22:09:18.921 66161 INFO tempest.lib.common.dynamic_creds [-] Created isolated network resources for: credentials: Credentials: {'domain_id': 'default', 'domain_name': 'Default', 'username': 'tempest-ServerRescueTestJSON-1086587932-project-member', 'project_domain_id': 'default', 'project_domain_name': 'Default', 'project_id': 'd58abb4cdcb74100b7c81076c7642b6f', 'project_name': 'tempest-ServerRescueTestJSON-1086587932', 'tenant_id': 'd58abb4cdcb74100b7c81076c7642b6f', 'tenant_name': 'tempest-ServerRescueTestJSON-1086587932', 'user_domain_id': 'default', 'user_domain_name': 'Default', 'user_id': '6a79a5afdc98410d820bebf40653a12d', 'system': None}, Network: {'id': '60ac9aa7-8f09-4ba8-b8bd-545df0c62d98', 'name': 'tempest-ServerRescueTestJSON-289553303-network', 'tenant_id': 'd58abb4cdcb74100b7c81076c7642b6f', 'admin_state_up': True, 'mtu': 8950, 'status': 'ACTIVE', 'subnets': [], 'shared': False, 'project_id': 'd58abb4cdcb74100b7c81076c7642b6f', 'port_security_enabled': True, 'router:external': False, 'provider:network_type': 'vlan', 'provider:physical_network': 'default', 'provider:segmentation_id': 429, 'availability_zone_hints': [], 'availability_zones': [], 'ipv4_address_scope': None, 'ipv6_address_scope': None, 'description': '', 'tags': [], 'created_at': '2024-12-11T22:09:14Z', 'updated_at': '2024-12-11T22:09:14Z', 'revision_number': 1}, Subnet: {'id': '02048d95-2010-482f-a4d4-909089b3887d', 'name': 'tempest-ServerRescueTestJSON-289553303-subnet', 'tenant_id': 'd58abb4cdcb74100b7c81076c7642b6f', 'network_id': '60ac9aa7-8f09-4ba8-b8bd-545df0c62d98', 'ip_version': 4, 'subnetpool_id': None, 'enable_dhcp': False, 'ipv6_ra_mode': None, 'ipv6_address_mode': None, 'gateway_ip': '192.168.128.1', 'cidr': '192.168.128.0/28', 'allocation_pools': [{'start': '192.168.128.2', 'end': '192.168.128.14'}], 'host_routes': [], 'dns_nameservers': [], 'description': '', 'router:external': False, 'service_types': [], 'tags': [], 'created_at': '2024-12-11T22:09:14Z', 'updated_at': '2024-12-11T22:09:14Z', 'revision_number': 0, 'project_id': 'd58abb4cdcb74100b7c81076c7642b6f'}, Router: {'id': '7aaf7b52-9bfa-426f-bbdf-9866455b4eb4', 'name': 'tempest-ServerRescueTestJSON-289553303-router', 'tenant_id': 'd58abb4cdcb74100b7c81076c7642b6f', 'admin_state_up': True, 'status': 'ACTIVE', 'external_gateway_info': {'network_id': '496fbe0c-5932-45de-b27b-73a4576161fa', 'external_fixed_ips': [{'subnet_id': 'd766c117-b977-4bcb-aeee-8343b841a62d', 'ip_address': '10.180.180.197'}], 'enable_snat': True}, 'description': '', 'availability_zones': [], 'distributed': False, 'ha': False, 'availability_zone_hints': [], 'routes': [], 'flavor_id': None, 'tags': [], 'created_at': '2024-12-11T22:09:15Z', 'updated_at': '2024-12-11T22:09:16Z', 'revision_number': 2, 'project_id': 'd58abb4cdcb74100b7c81076c7642b6f'}
2024-12-11 22:09:18.959 66159 INFO tempest.lib.common.rest_client [req-bb14ac3d-b2d7-4daa-bc19-fb8fbbeeda71 req-bb14ac3d-b2d7-4daa-bc19-fb8fbbeeda71 ] Request (ServersTestJSON:setUpClass): 201 POST http://10.180.1.21:9696/networking/v2.0/floatingips 0.931s
2024-12-11 22:09:18.988 66173 INFO tempest.lib.common.rest_client [req-a50aa1a0-7e21-4841-b2b8-fc8714701b0e req-a50aa1a0-7e21-4841-b2b8-fc8714701b0e ] Request (HostsAdminTestJSON:tearDownClass): 204 DELETE http://10.180.1.21:9696/networking/v2.0/security-groups/db3c54b2-21fc-465c-941c-e41e6c94820c 0.353s
2024-12-11 22:09:19.040 66133 INFO tempest.lib.common.rest_client [req-9bd79464-7b88-4181-83b5-7220796d0100 req-9bd79464-7b88-4181-83b5-7220796d0100 ] Request (ServerExternalEventsTest:test_create_server_external_events): 200 GET http://10.180.1.21/compute/v2.1/servers/d32a3a5d-17d0-4a79-b76a-371cdd170ee0 1.137s
2024-12-11 22:09:19.053 66159 INFO tempest.lib.common.rest_client [req-59b059ce-83cf-40f6-b9fe-8db60d94713b req-59b059ce-83cf-40f6-b9fe-8db60d94713b ] Request (ServersTestJSON:setUpClass): 201 POST http://10.180.1.21/identity/v3/auth/tokens 0.090s
2024-12-11 22:09:19.054 66159 INFO tempest.lib.common.fixed_network [-] (ServersTestJSON:setUpClass) Found network {'id': 'ac7c30e4-6546-4d38-864a-242d0169a576', 'name': 'tempest-ServersTestJSON-108451886-network', 'tenant_id': 'a1af268219a1496fb491ea6353ff551d', 'admin_state_up': True, 'mtu': 8950, 'status': 'ACTIVE', 'subnets': [], 'shared': False, 'project_id': 'a1af268219a1496fb491ea6353ff551d', 'port_security_enabled': True, 'router:external': False, 'provider:network_type': 'vlan', 'provider:physical_network': 'default', 'provider:segmentation_id': 973, 'availability_zone_hints': [], 'availability_zones': [], 'ipv4_address_scope': None, 'ipv6_address_scope': None, 'description': '', 'tags': [], 'created_at': '2024-12-11T22:09:10Z', 'updated_at': '2024-12-11T22:09:10Z', 'revision_number': 1} available for tenant
2024-12-11 22:09:19.061 66161 INFO tempest.lib.common.rest_client [req-93ce0852-303d-4220-a485-6a0648127714 req-93ce0852-303d-4220-a485-6a0648127714 ] Request (ServerRescueTestJSON:setUpClass): 201 POST http://10.180.1.21/identity/v3/auth/tokens 0.133s
2024-12-11 22:09:19.071 66169 INFO tempest.lib.common.rest_client [req-d1839fe8-7455-4726-ade6-0f964d168d85 req-d1839fe8-7455-4726-ade6-0f964d168d85 ] Request (FlavorsV261TestJSON:tearDownClass): 204 DELETE http://10.180.1.21:9696/networking/v2.0/security-groups/7fb1bb91-5489-465d-9f23-fc1cd5117fa6 0.242s
2024-12-11 22:09:19.083 66131 INFO tempest.lib.common.rest_client [req-027ef546-73f9-47dd-9d17-5f6b66c93e7a req-027ef546-73f9-47dd-9d17-5f6b66c93e7a ] Request (SecurityGroupRulesTestJSON:test_security_group_rules_create_with_optional_group_id): 200 POST http://10.180.1.21/compute/v2.1/os-security-groups 1.264s
2024-12-11 22:09:19.110 66161 INFO tempest.lib.common.rest_client [req-53973512-b369-4efb-a282-b6db0d7a3326 req-53973512-b369-4efb-a282-b6db0d7a3326 ] Request (ServerRescueTestJSON:setUpClass): 201 POST http://10.180.1.21/identity/v3/auth/tokens 0.043s
2024-12-11 22:09:19.111 66161 INFO tempest.lib.common.fixed_network [-] (ServerRescueTestJSON:setUpClass) Found network {'id': '60ac9aa7-8f09-4ba8-b8bd-545df0c62d98', 'name': 'tempest-ServerRescueTestJSON-289553303-network', 'tenant_id': 'd58abb4cdcb74100b7c81076c7642b6f', 'admin_state_up': True, 'mtu': 8950, 'status': 'ACTIVE', 'subnets': [], 'shared': False, 'project_id': 'd58abb4cdcb74100b7c81076c7642b6f', 'port_security_enabled': True, 'router:external': False, 'provider:network_type': 'vlan', 'provider:physical_network': 'default', 'provider:segmentation_id': 429, 'availability_zone_hints': [], 'availability_zones': [], 'ipv4_address_scope': None, 'ipv6_address_scope': None, 'description': '', 'tags': [], 'created_at': '2024-12-11T22:09:14Z', 'updated_at': '2024-12-11T22:09:14Z', 'revision_number': 1} available for tenant
2024-12-11 22:09:19.123 66157 INFO tempest.lib.common.rest_client [req-346efbed-6778-46d2-82b9-d9366b09efca req-346efbed-6778-46d2-82b9-d9366b09efca ] Request (ServersWithSpecificFlavorTestJSON:test_verify_created_server_ephemeral_disk): 200 GET http://10.180.1.21/compute/v2.1/servers/b911f25d-711b-411e-bb2d-2e59386ff2ea 1.160s
2024-12-11 22:09:19.142 66173 INFO tempest.lib.common.rest_client [req-3800eed1-36a4-4882-a0fb-2ca4665bb122 req-3800eed1-36a4-4882-a0fb-2ca4665bb122 ] Request (HostsAdminTestJSON:tearDownClass): 204 DELETE http://10.180.1.21/identity/v3/projects/ddc0da4e82cc4f85ba0fe18a67b4fa78 0.153s
2024-12-11 22:09:19.142 66173 INFO tempest.lib.common.dynamic_creds [-] Deleting project and security group for project: b924efbbdca44384bebaed355bf285ad
2024-12-11 22:09:19.146 66139 INFO tempest.lib.common.rest_client [req-321023d1-e9e2-4e21-a51b-d67bc791b308 req-321023d1-e9e2-4e21-a51b-d67bc791b308 ] Request (VolumesAssistedSnapshotsTest:test_volume_assisted_snapshot_create_delete): 200 GET http://10.180.1.21/compute/v2.1/servers/7d23d8f0-d7a9-4236-ad28-208e77b72138 1.159s
2024-12-11 22:09:19.154 66139 INFO tempest.common.waiters [-] State transition "BUILD/scheduling" ==> "BUILD/None" after 10 second wait
2024-12-11 22:09:19.170 66163 INFO tempest.lib.common.rest_client [req-bf195856-e226-4dfc-9e1d-7a8c2b60dac4 req-bf195856-e226-4dfc-9e1d-7a8c2b60dac4 ] Request (FlavorsAccessNegativeTestJSON:_run_cleanups): 200 GET http://10.180.1.21/compute/v2.1/flavors/detail 1.140s
2024-12-11 22:09:19.240 66169 INFO tempest.lib.common.rest_client [req-a1f84f30-de17-406a-9a5d-bc90c212f881 req-a1f84f30-de17-406a-9a5d-bc90c212f881 ] Request (FlavorsV261TestJSON:tearDownClass): 204 DELETE http://10.180.1.21/identity/v3/projects/2b29bf887f1f40a68e905c60697d7e05 0.169s
2024-12-11 22:09:19.241 66169 INFO tempest.lib.common.dynamic_creds [-] Deleting project and security group for project: d471e67808a549cab18bc2125435757c
2024-12-11 22:09:19.266 66147 INFO tempest.lib.common.rest_client [req-51c75424-99c3-4b3c-a22d-b4d18747ceea req-51c75424-99c3-4b3c-a22d-b4d18747ceea ] Request (ServersNegativeTestMultiTenantJSON:setUpClass): 201 POST http://10.180.1.21:9696/networking/v2.0/routers 1.877s
2024-12-11 22:09:19.267 66143 INFO tempest.lib.common.rest_client [req-90b27c51-427f-45aa-ac52-b80d1a36dfbc req-90b27c51-427f-45aa-ac52-b80d1a36dfbc ] Request (ServerRescueTestJSONUnderV235:setUpClass): 200 GET http://10.180.1.21/compute/v2.1/servers/42eb98a9-e341-4a17-9d76-2a2c37efc1a1 1.196s
2024-12-11 22:09:19.333 66173 INFO tempest.lib.common.rest_client [req-8c007864-e0a9-4c47-99ca-09b7b839f2f8 req-8c007864-e0a9-4c47-99ca-09b7b839f2f8 ] Request (HostsAdminTestJSON:tearDownClass): 200 GET http://10.180.1.21:9696/networking/v2.0/security-groups?tenant_id=b924efbbdca44384bebaed355bf285ad&name=default 0.190s
2024-12-11 22:09:19.346 66129 INFO tempest.lib.common.rest_client [req-5f667ae2-0b75-4752-a151-d515b3950347 req-5f667ae2-0b75-4752-a151-d515b3950347 ] Request (QuotasAdminTestJSON:test_update_all_quota_resources_for_tenant): 200 GET http://10.180.1.21/compute/v2.1/os-quota-sets/086e2625ffed43ff812cb4a7ac7435ee/defaults 1.342s
2024-12-11 22:09:19.364 66181 INFO tempest.lib.common.rest_client [req-56392ba0-f2fb-4a04-b18f-b79fb2bcd7ab req-56392ba0-f2fb-4a04-b18f-b79fb2bcd7ab ] Request (InstanceActionsNegativeTestJSON:tearDownClass): 204 DELETE http://10.180.1.21/compute/v2.1/servers/827b0887-2132-49af-bcce-cedc7237245d 1.266s
2024-12-11 22:09:19.401 66163 INFO tempest.lib.common.rest_client [req-2e56ca30-f221-4b42-8024-0e3994a387f5 req-2e56ca30-f221-4b42-8024-0e3994a387f5 ] Request (FlavorsAccessNegativeTestJSON:tearDownClass): 204 DELETE http://10.180.1.21/identity/v3/users/105eda7c59de4293a4a140f514344aa4 0.225s
2024-12-11 22:09:19.433 66141 INFO tempest.lib.common.rest_client [req-80d89b99-5208-4b33-a7f8-557774f5b51a req-80d89b99-5208-4b33-a7f8-557774f5b51a ] Request (KeyPairsV2TestJSON:test_keypair_create_with_pub_key): 200 POST http://10.180.1.21/compute/v2.1/os-keypairs 1.317s
2024-12-11 22:09:19.495 66169 INFO tempest.lib.common.rest_client [req-c5bb08fb-d184-459c-98a6-81d20146b825 req-c5bb08fb-d184-459c-98a6-81d20146b825 ] Request (FlavorsV261TestJSON:tearDownClass): 200 GET http://10.180.1.21:9696/networking/v2.0/security-groups?tenant_id=d471e67808a549cab18bc2125435757c&name=default 0.253s
2024-12-11 22:09:19.516 66155 INFO tempest.lib.common.rest_client [req-624d81fc-7003-4f17-b87a-c22bc75c4858 req-624d81fc-7003-4f17-b87a-c22bc75c4858 ] Request (ServersAdmin275Test:test_rebuild_update_server_275): 200 GET http://10.180.1.21/compute/v2.1/servers/96aff7ef-cfc3-46ef-ba3e-b4bc1141a88b 1.228s
2024-12-11 22:09:19.542 66163 INFO tempest.lib.common.rest_client [req-85783e2b-693d-437e-a85d-d342880fd1b9 req-85783e2b-693d-437e-a85d-d342880fd1b9 ] Request (FlavorsAccessNegativeTestJSON:tearDownClass): 204 DELETE http://10.180.1.21/identity/v3/users/f6b2011ba2694d52be075dc25ff56c9c 0.138s
2024-12-11 22:09:19.580 66153 INFO tempest.lib.common.rest_client [req-886e33fd-55a7-4f1e-8343-bdd2cdd06782 req-886e33fd-55a7-4f1e-8343-bdd2cdd06782 ] Request (FloatingIPsAssociationTestJSON:test_associate_already_associated_floating_ip): 200 GET http://10.180.1.21/compute/v2.1/servers/e652e59f-9432-41cf-b4a5-0f5cf649b24e 1.232s
2024-12-11 22:09:19.587 66173 INFO tempest.lib.common.rest_client [req-91875660-a6bc-47e4-b936-d2238d115513 req-91875660-a6bc-47e4-b936-d2238d115513 ] Request (HostsAdminTestJSON:tearDownClass): 204 DELETE http://10.180.1.21:9696/networking/v2.0/security-groups/dd729193-7810-4bbf-a532-108f7c5cd7d8 0.253s
2024-12-11 22:09:19.676 66175 INFO tempest.lib.common.rest_client [req-f04164d1-8485-4d4c-90cc-c8d94e5447e4 req-f04164d1-8485-4d4c-90cc-c8d94e5447e4 ] Request (TenantUsagesTestJSON:tearDownClass): 200 GET http://10.180.1.21/compute/v2.1/servers/b182d3aa-a4de-4879-ab36-2cb51472158a 1.427s
2024-12-11 22:09:19.681 66169 INFO tempest.lib.common.rest_client [req-89a347a1-e0c2-46a8-9262-0964f8478a2b req-89a347a1-e0c2-46a8-9262-0964f8478a2b ] Request (FlavorsV261TestJSON:tearDownClass): 204 DELETE http://10.180.1.21:9696/networking/v2.0/security-groups/cb2cd08d-95c1-40d3-8bd7-12b8c8ccb083 0.186s
2024-12-11 22:09:19.686 66163 INFO tempest.lib.common.rest_client [req-848a52f2-32dc-4b2e-82d4-f52e7522d2d4 req-848a52f2-32dc-4b2e-82d4-f52e7522d2d4 ] Request (FlavorsAccessNegativeTestJSON:tearDownClass): 204 DELETE http://10.180.1.21/identity/v3/users/3997be9d15004eed9566769a79f7d968 0.144s
2024-12-11 22:09:19.687 66163 INFO tempest.lib.common.dynamic_creds [-] Deleting project and security group for project: 10a1dc17b7794b0aa25a63d9ae6d7eb6
2024-12-11 22:09:19.760 66149 INFO tempest.lib.common.rest_client [req-3c85c184-007e-4ab6-867e-9fa8c85e7709 req-3c85c184-007e-4ab6-867e-9fa8c85e7709 ] Request (ServerDiagnosticsNegativeTest:test_get_server_diagnostics_by_non_admin): 200 GET http://10.180.1.21/compute/v2.1/servers/7339c22a-05c9-4ddd-93df-0326cbe96ca4 1.288s
2024-12-11 22:09:19.782 66169 INFO tempest.lib.common.rest_client [req-9ead424d-5960-412d-b982-214e2148cca1 req-9ead424d-5960-412d-b982-214e2148cca1 ] Request (FlavorsV261TestJSON:tearDownClass): 204 DELETE http://10.180.1.21/identity/v3/projects/d471e67808a549cab18bc2125435757c 0.100s
2024-12-11 22:09:19.788 66145 INFO tempest.lib.common.rest_client [req-59ad3701-7044-4067-8c2f-953e008e683f req-59ad3701-7044-4067-8c2f-953e008e683f ] Request (AggregatesAdminNegativeTestJSON:_run_cleanups): 200 DELETE http://10.180.1.21/compute/v2.1/os-aggregates/6 0.971s
2024-12-11 22:09:19.793 66166 INFO tempest.lib.common.rest_client [req-ecdab486-f03b-4037-a991-827121575e8d req-ecdab486-f03b-4037-a991-827121575e8d ] Request (ServersAaction247Test:tearDownClass): 204 DELETE http://10.180.1.21/compute/v2.1/servers/891fac54-2ec4-4d47-8535-a33bd9dfb804 0.984s
2024-12-11 22:09:19.809 66125 INFO tempest.lib.common.rest_client [req-e7098b89-6a62-43a5-94ed-3fad8af9bc77 req-e7098b89-6a62-43a5-94ed-3fad8af9bc77 ] Request (FlavorsAdminTestJSON:test_is_public_string_variations): 200 POST http://10.180.1.21/compute/v2.1/flavors 0.963s
2024-12-11 22:09:19.861 66179 INFO tempest.lib.common.rest_client [req-902532af-7e30-45c2-b607-07b7cf81dfbe req-902532af-7e30-45c2-b607-07b7cf81dfbe ] Request (KeyPairsV22TestJSON:test_keypairs_create_list_delete): 201 POST http://10.180.1.21/compute/v2.1/os-keypairs 0.974s
2024-12-11 22:09:19.889 66163 INFO tempest.lib.common.rest_client [req-dc5b700f-5edc-4962-a4cf-4aca526d6c0d req-dc5b700f-5edc-4962-a4cf-4aca526d6c0d ] Request (FlavorsAccessNegativeTestJSON:tearDownClass): 201 POST http://10.180.1.21/identity/v3/auth/tokens 0.202s
2024-12-11 22:09:19.929 66169 INFO tempest.lib.common.rest_client [req-e4a7f4fb-205b-444c-b339-1a3f68d3b829 req-e4a7f4fb-205b-444c-b339-1a3f68d3b829 ] Request (ServicesAdminNegativeV253TestJSON:setUpClass): 201 POST http://10.180.1.21/identity/v3/auth/tokens 0.144s
2024-12-11 22:09:19.932 66121 INFO tempest.lib.common.rest_client [req-35c98e0d-ec5f-4421-b904-83fe50069213 req-35c98e0d-ec5f-4421-b904-83fe50069213 ] Request (ImagesNegativeTestJSON:test_create_image_from_deleted_server): 200 GET http://10.180.1.21/compute/v2.1/servers/46a524e2-93b0-4726-812f-98e08b6ba0b4 0.978s
2024-12-11 22:09:19.973 66123 INFO tempest.lib.common.rest_client [req-89266f79-f8b7-40d3-9db7-b38d8f43e692 req-89266f79-f8b7-40d3-9db7-b38d8f43e692 ] Request (ServerDiagnosticsV248Test:test_get_server_diagnostics): 200 GET http://10.180.1.21/compute/v2.1/servers/fa00f4fe-3bb2-4e17-be22-8a1fda502f65 0.960s
