2024-12-11 22:11:30.491 66137 INFO tempest.lib.common.rest_client [req-8923817a-e566-4b0e-a77b-2a4c26a147ba req-8923817a-e566-4b0e-a77b-2a4c26a147ba ] Request (ServersTestMultiNic:test_verify_multiple_nics_order): 201 POST http://10.180.1.21:9696/networking/v2.0/networks 0.179s
2024-12-11 22:11:30.530 66121 INFO tempest.lib.common.rest_client [req-6cf9fb31-5c68-4808-8aa1-1192ee195b5a req-6cf9fb31-5c68-4808-8aa1-1192ee195b5a ] Request (ServerDiskConfigTestJSON:test_rebuild_server_with_auto_disk_config): 200 GET http://10.180.1.21/compute/v2.1/servers/38d294a9-2f51-438d-b942-a88e380a981f 0.078s
2024-12-11 22:11:30.625 66149 INFO tempest.lib.common.rest_client [req-1b1e0ed4-4342-4bbe-8e53-ead01ecdf9c6 req-1b1e0ed4-4342-4bbe-8e53-ead01ecdf9c6 ] Request (AttachInterfacesTestJSON:test_create_list_show_delete_interfaces_by_fixed_ip): 200 GET http://10.180.1.21/compute/v2.1/servers/70c8de27-4696-4005-bbec-e7a33e56311b 0.106s
2024-12-11 22:11:30.676 66135 INFO tempest.lib.common.rest_client [req-98d326ca-5d8c-4aa4-9a92-c32682b0c6cf req-98d326ca-5d8c-4aa4-9a92-c32682b0c6cf ] Request (ServersTestBootFromVolume:setUpClass): 201 POST http://10.180.1.21:9696/networking/v2.0/routers 1.530s
2024-12-11 22:11:30.765 66137 INFO tempest.lib.common.rest_client [req-0b49e4ff-a196-46bb-89e1-0eb4c078d09e req-0b49e4ff-a196-46bb-89e1-0eb4c078d09e ] Request (ServersTestMultiNic:test_verify_multiple_nics_order): 201 POST http://10.180.1.21:9696/networking/v2.0/subnets 0.273s
2024-12-11 22:11:30.822 66125 INFO tempest.lib.common.rest_client [req-12d2409d-7e5e-4760-9e8d-24891bbd9bec req-12d2409d-7e5e-4760-9e8d-24891bbd9bec ] Request (SecurityGroupsTestJSON:test_server_security_groups): 200 GET http://10.180.1.21/compute/v2.1/servers/879f1e09-8b21-4f89-bc00-04e3d6710662 0.078s
2024-12-11 22:11:30.908 66175 INFO tempest.lib.common.rest_client [req-7f5d69e6-000c-4613-b678-d2d37f9e83e3 req-7f5d69e6-000c-4613-b678-d2d37f9e83e3 ] Request (ImagesOneServerTestJSON:test_create_delete_image): 200 GET http://10.180.1.21/compute/v2.1/images/48904c02-82a2-4237-a426-b37b65d56dfa 0.110s
2024-12-11 22:11:30.911 66137 INFO tempest.lib.common.rest_client [req-b254ab4b-713e-42a4-bafb-b998b487d2a0 req-b254ab4b-713e-42a4-bafb-b998b487d2a0 ] Request (ServersTestMultiNic:test_verify_multiple_nics_order): 201 POST http://10.180.1.21:9696/networking/v2.0/networks 0.145s
2024-12-11 22:11:30.990 66153 INFO tempest.lib.common.rest_client [req-2de0e4d6-a86a-40ae-a542-71dc9d9f6c56 req-2de0e4d6-a86a-40ae-a542-71dc9d9f6c56 ] Request (FloatingIPsAssociationTestJSON:tearDownClass): 200 GET http://10.180.1.21/compute/v2.1/servers/ee99ff4d-9996-4cfa-b038-7b19aef27438 0.110s
2024-12-11 22:11:31.023 66129 INFO tempest.lib.common.rest_client [req-3c7696eb-2d2f-44f7-b497-0a2a2bb71487 req-3c7696eb-2d2f-44f7-b497-0a2a2bb71487 ] Request (ServerActionsTestOtherB:setUpClass): 200 GET http://10.180.1.21/compute/v2.1/servers/e478855d-e9c7-4abc-8e22-a4b2eb0c7310 0.263s
2024-12-11 22:11:31.072 66155 INFO tempest.lib.common.rest_client [req-4d86b4c8-e8c1-43c2-818f-6a45464546c2 req-4d86b4c8-e8c1-43c2-818f-6a45464546c2 ] Request (ServerMetadataNegativeTestJSON:setUpClass): 200 GET http://10.180.1.21/compute/v2.1/servers/2b6154bd-a6aa-4afc-b8f4-c9ceec3fd7b5 0.124s
2024-12-11 22:11:31.082 66155 INFO tempest.common.waiters [-] State transition "BUILD/None" ==> "BUILD/networking" after 58 second wait
2024-12-11 22:11:31.119 66123 INFO tempest.lib.common.rest_client [req-e07034eb-d54b-4d67-a81f-5862dd7734cd req-e07034eb-d54b-4d67-a81f-5862dd7734cd ] Request (ImagesOneServerNegativeTestJSON:setUpClass): 200 GET http://10.180.1.21/compute/v2.1/servers/9a3ef326-0fbf-4fd2-bb5e-3009bf661381 0.109s
2024-12-11 22:11:31.184 66151 INFO tempest.lib.common.rest_client [req-b4574fa5-5442-4ca5-bb06-6a48a5b94d3b req-b4574fa5-5442-4ca5-bb06-6a48a5b94d3b ] Request (MigrationsAdminTest:test_resize_server_revert_deleted_flavor): 200 GET http://10.180.1.21/compute/v2.1/servers/e6e5b77d-4fb8-4fad-83f4-c3beb9521ed6 0.119s
2024-12-11 22:11:31.201 66181 INFO tempest.lib.common.rest_client [req-fba835b4-2a80-421e-9ab4-4425158fe1d5 req-fba835b4-2a80-421e-9ab4-4425158fe1d5 ] Request (ServerRescueNegativeTestJSON:setUpClass): 200 GET http://10.180.1.21/compute/v2.1/servers/a10a4217-ae46-4f00-9ba1-cdf74f44ec7b 0.151s
2024-12-11 22:11:31.213 66137 INFO tempest.lib.common.rest_client [req-88f38de7-3ff2-4644-98e9-398d7a85b2cb req-88f38de7-3ff2-4644-98e9-398d7a85b2cb ] Request (ServersTestMultiNic:test_verify_multiple_nics_order): 201 POST http://10.180.1.21:9696/networking/v2.0/subnets 0.301s
2024-12-11 22:11:31.233 66179 INFO tempest.lib.common.rest_client [req-237ce1c6-da51-406c-9374-4270c19e8485 req-237ce1c6-da51-406c-9374-4270c19e8485 ] Request (ServerPasswordTestJSON:tearDownClass): 404 GET http://10.180.1.21/compute/v2.1/servers/a239d78f-085a-4e5c-924d-cf338298fa73 0.089s
2024-12-11 22:11:31.273 66119 INFO tempest.lib.common.rest_client [req-d1354c82-f958-4afc-bd92-5ef242ae8afb req-d1354c82-f958-4afc-bd92-5ef242ae8afb ] Request (ServersNegativeTestJSON:setUpClass): 200 GET http://10.180.1.21/compute/v2.1/servers/aedbd388-3ef7-410f-b0e3-5ea67ad56b65 0.161s
2024-12-11 22:11:31.295 66137 INFO tempest.lib.common.rest_client [req-46332d76-8f7e-406b-a96f-3ecfe5847b9e req-46332d76-8f7e-406b-a96f-3ecfe5847b9e ] Request (ServersTestMultiNic:test_verify_multiple_nics_order): 201 POST http://10.180.1.21/identity/v3/auth/tokens 0.079s
2024-12-11 22:11:31.296 66137 INFO tempest.lib.common.fixed_network [-] (ServersTestMultiNic:test_verify_multiple_nics_order) Found network {'id': '5caee886-6d91-40e8-9a93-fac6b1aa7e80', 'name': 'tempest-ServersTestMultiNic-788512085-network', 'tenant_id': 'ae1e8f147289480aa4ecab1500a0e3cf', 'admin_state_up': True, 'mtu': 8950, 'status': 'ACTIVE', 'subnets': [], 'shared': False, 'project_id': 'ae1e8f147289480aa4ecab1500a0e3cf', 'port_security_enabled': True, 'router:external': False, 'provider:network_type': 'vlan', 'provider:physical_network': 'default', 'provider:segmentation_id': 35, 'availability_zone_hints': [], 'availability_zones': [], 'ipv4_address_scope': None, 'ipv6_address_scope': None, 'description': '', 'tags': [], 'created_at': '2024-12-11T22:09:27Z', 'updated_at': '2024-12-11T22:09:27Z', 'revision_number': 1} available for tenant
2024-12-11 22:11:31.304 66171 INFO tempest.lib.common.rest_client [req-c608f221-0116-477a-b915-247f138b6a90 req-c608f221-0116-477a-b915-247f138b6a90 ] Request (ServersAdminNegativeTestJSON:tearDownClass): 200 GET http://10.180.1.21/compute/v2.1/servers/ffe54977-81c4-4842-9773-eed704a53ada 0.098s
2024-12-11 22:11:31.428 66145 INFO tempest.lib.common.rest_client [req-ba3a1837-5b9c-4097-9dbf-3a7b99a728f0 req-ba3a1837-5b9c-4097-9dbf-3a7b99a728f0 ] Request (ServerDiagnosticsTest:tearDownClass): 200 GET http://10.180.1.21/compute/v2.1/servers/18ee140a-97bd-439a-8027-0dd0a1f0a6e2 0.084s
2024-12-11 22:11:31.443 66131 WARNING tempest.lib.common.ssh [-] Failed to establish authenticated ssh connection to cirros@10.180.180.241 ([Errno None] Unable to connect to port 22 on 10.180.180.241). Number attempts: 4. Retry after 5 seconds.: paramiko.ssh_exception.NoValidConnectionsError: [Errno None] Unable to connect to port 22 on 10.180.180.241
2024-12-11 22:11:31.485 66157 WARNING tempest.lib.common.ssh [-] Failed to establish authenticated ssh connection to cirros@10.180.180.194 ([Errno None] Unable to connect to port 22 on 10.180.180.194). Number attempts: 11. Retry after 12 seconds.: paramiko.ssh_exception.NoValidConnectionsError: [Errno None] Unable to connect to port 22 on 10.180.180.194
2024-12-11 22:11:31.492 66127 INFO tempest.lib.common.rest_client [req-39be5da5-8026-4ca6-8730-cf025eb58b48 req-39be5da5-8026-4ca6-8730-cf025eb58b48 ] Request (ListImageFiltersTestJSON:setUpClass): 200 GET http://10.180.1.21/compute/v2.1/servers/45de6dd5-97f3-4eea-a171-0254a2b37a41 0.071s
2024-12-11 22:11:31.646 66133 INFO tempest.lib.common.rest_client [req-75e5b6a3-0d0d-41f8-8985-840fe6373760 req-75e5b6a3-0d0d-41f8-8985-840fe6373760 ] Request (ImagesTestJSON:test_create_image_from_stopped_server): 200 GET http://10.180.1.21/compute/v2.1/servers/db74146d-abc3-4d48-be1b-6ad471794dbf 0.195s
2024-12-11 22:11:31.715 66161 INFO tempest.lib.common.rest_client [req-7e6e01d5-9959-4f58-b0ea-8ac35c52a3e7 req-7e6e01d5-9959-4f58-b0ea-8ac35c52a3e7 ] Request (ServerRescueTestJSON:test_rescue_unrescue_instance): 200 GET http://10.180.1.21/compute/v2.1/servers/63fca45d-5922-4a14-9936-30070c349f8e 0.235s
2024-12-11 22:11:31.888 66121 INFO tempest.lib.common.rest_client [req-6397c277-f21d-43cb-a6f8-ae78adf3e400 req-6397c277-f21d-43cb-a6f8-ae78adf3e400 ] Request (ServerDiskConfigTestJSON:test_rebuild_server_with_auto_disk_config): 200 GET http://10.180.1.21/compute/v2.1/servers/38d294a9-2f51-438d-b942-a88e380a981f 0.350s
2024-12-11 22:11:32.195 66149 INFO tempest.lib.common.rest_client [req-035a3072-f7f6-453f-8e03-e8b5887ef9b0 req-035a3072-f7f6-453f-8e03-e8b5887ef9b0 ] Request (AttachInterfacesTestJSON:test_create_list_show_delete_interfaces_by_fixed_ip): 200 GET http://10.180.1.21/compute/v2.1/servers/70c8de27-4696-4005-bbec-e7a33e56311b 0.558s
2024-12-11 22:11:32.280 66125 INFO tempest.lib.common.rest_client [req-d555128b-7143-4a7b-a765-f995d2274eed req-d555128b-7143-4a7b-a765-f995d2274eed ] Request (SecurityGroupsTestJSON:test_server_security_groups): 200 GET http://10.180.1.21/compute/v2.1/servers/879f1e09-8b21-4f89-bc00-04e3d6710662 0.450s
2024-12-11 22:11:32.296 66137 INFO tempest.lib.common.rest_client [req-c64c1c87-ec4f-4280-a798-e827d44d8da1 req-c64c1c87-ec4f-4280-a798-e827d44d8da1 ] Request (ServersTestMultiNic:test_verify_multiple_nics_order): 202 POST http://10.180.1.21/compute/v2.1/servers 0.999s
2024-12-11 22:11:32.334 66175 INFO tempest.lib.common.rest_client [req-e8b62a7a-434f-4d75-889a-cc95d1201aee req-e8b62a7a-434f-4d75-889a-cc95d1201aee ] Request (ImagesOneServerTestJSON:test_create_delete_image): 200 GET http://10.180.1.21/compute/v2.1/images/48904c02-82a2-4237-a426-b37b65d56dfa 0.421s
2024-12-11 22:11:32.400 66153 INFO tempest.lib.common.rest_client [req-f19b6f23-6314-4c7f-b9b8-dc5c231cab05 req-f19b6f23-6314-4c7f-b9b8-dc5c231cab05 ] Request (FloatingIPsAssociationTestJSON:tearDownClass): 200 GET http://10.180.1.21/compute/v2.1/servers/ee99ff4d-9996-4cfa-b038-7b19aef27438 0.398s
2024-12-11 22:11:32.470 66179 INFO tempest.lib.common.rest_client [req-7e6e853d-8b74-4d0d-a05c-23b5acbfd273 req-7e6e853d-8b74-4d0d-a05c-23b5acbfd273 ] Request (ServerPasswordTestJSON:tearDownClass): 200 PUT http://10.180.1.21:9696/networking/v2.0/routers/47006cac-9c6b-4058-853c-e1800097cd0f/remove_router_interface 1.236s
2024-12-11 22:11:32.607 66129 INFO tempest.lib.common.rest_client [req-1541f41c-897d-4c91-99cf-e31ea57fcf85 req-1541f41c-897d-4c91-99cf-e31ea57fcf85 ] Request (ServerActionsTestOtherB:setUpClass): 200 GET http://10.180.1.21/compute/v2.1/servers/e478855d-e9c7-4abc-8e22-a4b2eb0c7310 0.572s
2024-12-11 22:11:32.617 66129 INFO tempest.common.waiters [-] State transition "BUILD/spawning" ==> "ACTIVE/None" after 90 second wait
2024-12-11 22:11:32.676 66123 INFO tempest.lib.common.rest_client [req-c5214e4f-e95f-4f4a-b1de-74310445e266 req-c5214e4f-e95f-4f4a-b1de-74310445e266 ] Request (ImagesOneServerNegativeTestJSON:setUpClass): 200 GET http://10.180.1.21/compute/v2.1/servers/9a3ef326-0fbf-4fd2-bb5e-3009bf661381 0.547s
2024-12-11 22:11:32.710 66155 INFO tempest.lib.common.rest_client [req-ff3434a3-9bb5-4543-a41d-e56c5a7dc02e req-ff3434a3-9bb5-4543-a41d-e56c5a7dc02e ] Request (ServerMetadataNegativeTestJSON:setUpClass): 200 GET http://10.180.1.21/compute/v2.1/servers/2b6154bd-a6aa-4afc-b8f4-c9ceec3fd7b5 0.626s
2024-12-11 22:11:32.722 66155 INFO tempest.common.waiters [-] State transition "BUILD/networking" ==> "BUILD/spawning" after 59 second wait
2024-12-11 22:11:32.757 66151 INFO tempest.lib.common.rest_client [req-b9529745-eb47-48f6-a1ed-ec0fa3db5e5a req-b9529745-eb47-48f6-a1ed-ec0fa3db5e5a ] Request (MigrationsAdminTest:test_resize_server_revert_deleted_flavor): 200 GET http://10.180.1.21/compute/v2.1/servers/e6e5b77d-4fb8-4fad-83f4-c3beb9521ed6 0.566s
2024-12-11 22:11:32.838 66119 INFO tempest.lib.common.rest_client [req-21a18779-5aea-42f3-8100-2ec7184c1466 req-21a18779-5aea-42f3-8100-2ec7184c1466 ] Request (ServersNegativeTestJSON:setUpClass): 200 GET http://10.180.1.21/compute/v2.1/servers/aedbd388-3ef7-410f-b0e3-5ea67ad56b65 0.554s
2024-12-11 22:11:32.905 66137 INFO tempest.lib.common.rest_client [req-f8820836-9798-49b9-bef5-19d471574083 req-f8820836-9798-49b9-bef5-19d471574083 ] Request (ServersTestMultiNic:test_verify_multiple_nics_order): 200 GET http://10.180.1.21/compute/v2.1/servers/2b166aa9-9381-42c0-a607-7d610f08a4e3 0.607s
2024-12-11 22:11:32.928 66181 INFO tempest.lib.common.rest_client [req-58aabc13-4c35-4179-8c0b-e133b1d54148 req-58aabc13-4c35-4179-8c0b-e133b1d54148 ] Request (ServerRescueNegativeTestJSON:setUpClass): 200 GET http://10.180.1.21/compute/v2.1/servers/a10a4217-ae46-4f00-9ba1-cdf74f44ec7b 0.717s
2024-12-11 22:11:32.954 66135 INFO tempest.lib.common.rest_client [req-49650ba4-f318-4806-ba53-fbc70d502198 req-49650ba4-f318-4806-ba53-fbc70d502198 ] Request (ServersTestBootFromVolume:setUpClass): 200 PUT http://10.180.1.21:9696/networking/v2.0/routers/b4799e21-2394-4fba-bf43-3913ef7103ac/add_router_interface 2.278s
2024-12-11 22:11:32.954 66135 INFO tempest.lib.common.dynamic_creds [-] Created isolated network resources for: credentials: Credentials: {'domain_id': 'default', 'domain_name': 'Default', 'username': 'tempest-ServersTestBootFromVolume-1626959145-project-member', 'project_domain_id': 'default', 'project_domain_name': 'Default', 'project_id': 'ef2b6a7e3fe1491d8be03c1f6d906b2f', 'project_name': 'tempest-ServersTestBootFromVolume-1626959145', 'tenant_id': 'ef2b6a7e3fe1491d8be03c1f6d906b2f', 'tenant_name': 'tempest-ServersTestBootFromVolume-1626959145', 'user_domain_id': 'default', 'user_domain_name': 'Default', 'user_id': 'bb9a92746e574883b54b3e5d5c0e5e14', 'system': None}, Network: {'id': '5abc1d3a-649b-4566-af47-32dd35b19f62', 'name': 'tempest-ServersTestBootFromVolume-1555036678-network', 'tenant_id': 'ef2b6a7e3fe1491d8be03c1f6d906b2f', 'admin_state_up': True, 'mtu': 8950, 'status': 'ACTIVE', 'subnets': [], 'shared': False, 'project_id': 'ef2b6a7e3fe1491d8be03c1f6d906b2f', 'port_security_enabled': True, 'router:external': False, 'provider:network_type': 'vlan', 'provider:physical_network': 'default', 'provider:segmentation_id': 26, 'availability_zone_hints': [], 'availability_zones': [], 'ipv4_address_scope': None, 'ipv6_address_scope': None, 'description': '', 'tags': [], 'created_at': '2024-12-11T22:11:28Z', 'updated_at': '2024-12-11T22:11:28Z', 'revision_number': 1}, Subnet: {'id': '131d2e89-baa0-4933-8e14-e87942e1282d', 'name': 'tempest-ServersTestBootFromVolume-1555036678-subnet', 'tenant_id': 'ef2b6a7e3fe1491d8be03c1f6d906b2f', 'network_id': '5abc1d3a-649b-4566-af47-32dd35b19f62', 'ip_version': 4, 'subnetpool_id': None, 'enable_dhcp': True, 'ipv6_ra_mode': None, 'ipv6_address_mode': None, 'gateway_ip': '192.168.128.1', 'cidr': '192.168.128.0/28', 'allocation_pools': [{'start': '192.168.128.2', 'end': '192.168.128.14'}], 'host_routes': [], 'dns_nameservers': [], 'description': '', 'router:external': False, 'service_types': [], 'tags': [], 'created_at': '2024-12-11T22:11:28Z', 'updated_at': '2024-12-11T22:11:28Z', 'revision_number': 0, 'project_id': 'ef2b6a7e3fe1491d8be03c1f6d906b2f'}, Router: {'id': 'b4799e21-2394-4fba-bf43-3913ef7103ac', 'name': 'tempest-ServersTestBootFromVolume-1555036678-router', 'tenant_id': 'ef2b6a7e3fe1491d8be03c1f6d906b2f', 'admin_state_up': True, 'status': 'ACTIVE', 'external_gateway_info': {'network_id': '496fbe0c-5932-45de-b27b-73a4576161fa', 'external_fixed_ips': [{'subnet_id': 'd766c117-b977-4bcb-aeee-8343b841a62d', 'ip_address': '10.180.180.145'}], 'enable_snat': True}, 'description': '', 'availability_zones': [], 'distributed': False, 'ha': False, 'availability_zone_hints': [], 'routes': [], 'flavor_id': None, 'tags': [], 'created_at': '2024-12-11T22:11:29Z', 'updated_at': '2024-12-11T22:11:30Z', 'revision_number': 2, 'project_id': 'ef2b6a7e3fe1491d8be03c1f6d906b2f'}
2024-12-11 22:11:33.021 66171 INFO tempest.lib.common.rest_client [req-14011086-aa3d-4486-9082-9aeb11b32725 req-14011086-aa3d-4486-9082-9aeb11b32725 ] Request (ServersAdminNegativeTestJSON:tearDownClass): 200 GET http://10.180.1.21/compute/v2.1/servers/ffe54977-81c4-4842-9773-eed704a53ada 0.707s
2024-12-11 22:11:33.036 66145 INFO tempest.lib.common.rest_client [req-57e0b377-77cd-4c68-bf2c-46f64b7d6f31 req-57e0b377-77cd-4c68-bf2c-46f64b7d6f31 ] Request (ServerDiagnosticsTest:tearDownClass): 200 GET http://10.180.1.21/compute/v2.1/servers/18ee140a-97bd-439a-8027-0dd0a1f0a6e2 0.597s
2024-12-11 22:11:33.114 66135 INFO tempest.lib.common.rest_client [req-dafe8e05-5563-46d9-9ef7-3aa7f4d45e55 req-dafe8e05-5563-46d9-9ef7-3aa7f4d45e55 ] Request (ServersTestBootFromVolume:setUpClass): 201 POST http://10.180.1.21/identity/v3/auth/tokens 0.154s
2024-12-11 22:11:33.129 66127 INFO tempest.lib.common.rest_client [req-b8c22f7f-56df-4a44-b71f-a159e6e16408 req-b8c22f7f-56df-4a44-b71f-a159e6e16408 ] Request (ListImageFiltersTestJSON:setUpClass): 200 GET http://10.180.1.21/compute/v2.1/servers/45de6dd5-97f3-4eea-a171-0254a2b37a41 0.629s
2024-12-11 22:11:33.166 66179 INFO tempest.lib.common.rest_client [req-a3004466-4173-4e3c-9919-a87337d25c3b req-a3004466-4173-4e3c-9919-a87337d25c3b ] Request (ServerPasswordTestJSON:tearDownClass): 204 DELETE http://10.180.1.21:9696/networking/v2.0/routers/47006cac-9c6b-4058-853c-e1800097cd0f 0.696s
2024-12-11 22:11:33.169 66129 INFO tempest.lib.common.rest_client [req-40871919-4c8c-4266-9464-85c4ff5b6a6a req-40871919-4c8c-4266-9464-85c4ff5b6a6a ] Request (ServerActionsTestOtherB:setUpClass): 200 GET http://10.180.1.21/compute/v2.1/servers/e478855d-e9c7-4abc-8e22-a4b2eb0c7310/os-interface 0.551s
2024-12-11 22:11:33.218 66167 WARNING tempest.lib.common.ssh [-] Failed to establish authenticated ssh connection to cirros@10.180.180.230 ([Errno None] Unable to connect to port 22 on 10.180.180.230). Number attempts: 10. Retry after 11 seconds.: paramiko.ssh_exception.NoValidConnectionsError: [Errno None] Unable to connect to port 22 on 10.180.180.230
2024-12-11 22:11:33.243 66161 INFO tempest.lib.common.rest_client [req-1cf91e9a-aef9-4918-8738-c3fa40cbd498 req-1cf91e9a-aef9-4918-8738-c3fa40cbd498 ] Request (ServerRescueTestJSON:test_rescue_unrescue_instance): 200 GET http://10.180.1.21/compute/v2.1/servers/63fca45d-5922-4a14-9936-30070c349f8e 0.517s
2024-12-11 22:11:33.327 66133 INFO tempest.lib.common.rest_client [req-c671800e-07e1-49fe-9f3c-225f4925c1bc req-c671800e-07e1-49fe-9f3c-225f4925c1bc ] Request (ImagesTestJSON:test_create_image_from_stopped_server): 200 GET http://10.180.1.21/compute/v2.1/servers/db74146d-abc3-4d48-be1b-6ad471794dbf 0.673s
2024-12-11 22:11:33.357 66121 INFO tempest.lib.common.rest_client [req-2a7ee303-ea31-4514-a993-a67f93e3a589 req-2a7ee303-ea31-4514-a993-a67f93e3a589 ] Request (ServerDiskConfigTestJSON:test_rebuild_server_with_auto_disk_config): 200 GET http://10.180.1.21/compute/v2.1/servers/38d294a9-2f51-438d-b942-a88e380a981f 0.458s
2024-12-11 22:11:33.447 66135 INFO tempest.lib.common.rest_client [req-5648e496-2df2-424b-be63-fd13d2524266 req-5648e496-2df2-424b-be63-fd13d2524266 ] Request (ServersTestBootFromVolume:setUpClass): 200 POST http://10.180.1.21/compute/v2.1/os-keypairs 0.331s
2024-12-11 22:11:33.505 66125 INFO tempest.lib.common.rest_client [req-97048d73-ab1f-4711-9051-4184408d350a req-97048d73-ab1f-4711-9051-4184408d350a ] Request (SecurityGroupsTestJSON:test_server_security_groups): 200 GET http://10.180.1.21/compute/v2.1/servers/879f1e09-8b21-4f89-bc00-04e3d6710662 0.212s
2024-12-11 22:11:33.544 66175 INFO tempest.lib.common.rest_client [req-aff91424-4ef1-4060-b660-b51db403daaf req-aff91424-4ef1-4060-b660-b51db403daaf ] Request (ImagesOneServerTestJSON:test_create_delete_image): 200 GET http://10.180.1.21/compute/v2.1/images/48904c02-82a2-4237-a426-b37b65d56dfa 0.206s
2024-12-11 22:11:33.580 66135 INFO tempest.lib.common.rest_client [req-17ca0b48-66d9-44e6-86a6-b7daf208e602 req-17ca0b48-66d9-44e6-86a6-b7daf208e602 ] Request (ServersTestBootFromVolume:setUpClass): 201 POST http://10.180.1.21:9696/networking/v2.0/security-groups 0.131s
2024-12-11 22:11:33.617 66153 INFO tempest.lib.common.rest_client [req-c5ebd6a1-2ba9-4b85-8e45-de30e56da075 req-c5ebd6a1-2ba9-4b85-8e45-de30e56da075 ] Request (FloatingIPsAssociationTestJSON:tearDownClass): 200 GET http://10.180.1.21/compute/v2.1/servers/ee99ff4d-9996-4cfa-b038-7b19aef27438 0.204s
2024-12-11 22:11:33.678 66179 INFO tempest.lib.common.rest_client [req-9a256918-d0cc-478f-a1c6-a891891dfff4 req-9a256918-d0cc-478f-a1c6-a891891dfff4 ] Request (ServerPasswordTestJSON:tearDownClass): 204 DELETE http://10.180.1.21:9696/networking/v2.0/subnets/715e61b3-269c-49fd-905c-a583ab5b3f10 0.511s
2024-12-11 22:11:33.680 66135 INFO tempest.lib.common.rest_client [req-7bbbe885-9a98-4a25-81a8-3d266a0be8d8 req-7bbbe885-9a98-4a25-81a8-3d266a0be8d8 ] Request (ServersTestBootFromVolume:setUpClass): 201 POST http://10.180.1.21:9696/networking/v2.0/security-group-rules 0.099s
2024-12-11 22:11:33.753 66123 INFO tempest.lib.common.rest_client [req-c5ecf118-882a-400f-a9c8-60b04b5ba1db req-c5ecf118-882a-400f-a9c8-60b04b5ba1db ] Request (ImagesOneServerNegativeTestJSON:setUpClass): 200 GET http://10.180.1.21/compute/v2.1/servers/9a3ef326-0fbf-4fd2-bb5e-3009bf661381 0.065s
2024-12-11 22:11:33.778 66135 INFO tempest.lib.common.rest_client [req-d3c22e3a-64be-40ab-a08b-24ce000187e3 req-d3c22e3a-64be-40ab-a08b-24ce000187e3 ] Request (ServersTestBootFromVolume:setUpClass): 201 POST http://10.180.1.21:9696/networking/v2.0/security-group-rules 0.097s
2024-12-11 22:11:33.805 66149 INFO tempest.lib.common.rest_client [req-2d4956fc-8403-47c6-95e0-33f426a1ccd6 req-2d4956fc-8403-47c6-95e0-33f426a1ccd6 ] Request (AttachInterfacesTestJSON:test_create_list_show_delete_interfaces_by_fixed_ip): 200 GET http://10.180.1.21/compute/v2.1/servers/70c8de27-4696-4005-bbec-e7a33e56311b 0.598s
2024-12-11 22:11:33.901 66151 INFO tempest.lib.common.rest_client [req-c22418b9-65be-422e-b56a-c4948ce08384 req-c22418b9-65be-422e-b56a-c4948ce08384 ] Request (MigrationsAdminTest:test_resize_server_revert_deleted_flavor): 200 GET http://10.180.1.21/compute/v2.1/servers/e6e5b77d-4fb8-4fad-83f4-c3beb9521ed6 0.134s
2024-12-11 22:11:33.973 66119 INFO tempest.lib.common.rest_client [req-78449a5d-7676-45a4-ba34-8204a45a7cbd req-78449a5d-7676-45a4-ba34-8204a45a7cbd ] Request (ServersNegativeTestJSON:setUpClass): 200 GET http://10.180.1.21/compute/v2.1/servers/aedbd388-3ef7-410f-b0e3-5ea67ad56b65 0.125s
2024-12-11 22:11:34.077 66137 INFO tempest.lib.common.rest_client [req-ee21b768-df64-42d9-9533-f2a739a34b00 req-ee21b768-df64-42d9-9533-f2a739a34b00 ] Request (ServersTestMultiNic:test_verify_multiple_nics_order): 200 GET http://10.180.1.21/compute/v2.1/servers/2b166aa9-9381-42c0-a607-7d610f08a4e3 0.163s
2024-12-11 22:11:34.180 66155 INFO tempest.lib.common.rest_client [req-b60af56d-7c89-413d-acfd-3af332556d82 req-b60af56d-7c89-413d-acfd-3af332556d82 ] Request (ServerMetadataNegativeTestJSON:setUpClass): 200 GET http://10.180.1.21/compute/v2.1/servers/2b6154bd-a6aa-4afc-b8f4-c9ceec3fd7b5 0.457s
2024-12-11 22:11:34.262 66171 INFO tempest.lib.common.rest_client [req-b71e12c4-351a-4289-8252-a5b9f280bcf6 req-b71e12c4-351a-4289-8252-a5b9f280bcf6 ] Request (ServersAdminNegativeTestJSON:tearDownClass): 200 GET http://10.180.1.21/compute/v2.1/servers/ffe54977-81c4-4842-9773-eed704a53ada 0.231s
2024-12-11 22:11:34.305 66181 INFO tempest.lib.common.rest_client [req-82105b66-df63-4e72-a8d5-d963ecc942b1 req-82105b66-df63-4e72-a8d5-d963ecc942b1 ] Request (ServerRescueNegativeTestJSON:setUpClass): 200 GET http://10.180.1.21/compute/v2.1/servers/a10a4217-ae46-4f00-9ba1-cdf74f44ec7b 0.365s
2024-12-11 22:11:34.353 66145 INFO tempest.lib.common.rest_client [req-0b70b2bd-2c5a-4f50-882a-5389f7cf9747 req-0b70b2bd-2c5a-4f50-882a-5389f7cf9747 ] Request (ServerDiagnosticsTest:tearDownClass): 200 GET http://10.180.1.21/compute/v2.1/servers/18ee140a-97bd-439a-8027-0dd0a1f0a6e2 0.305s
2024-12-11 22:11:34.386 66127 INFO tempest.lib.common.rest_client [req-d236213c-0124-4531-89f2-149664d15fb8 req-d236213c-0124-4531-89f2-149664d15fb8 ] Request (ListImageFiltersTestJSON:setUpClass): 200 GET http://10.180.1.21/compute/v2.1/servers/45de6dd5-97f3-4eea-a171-0254a2b37a41 0.250s
2024-12-11 22:11:34.430 66161 INFO tempest.lib.common.rest_client [req-4da75b54-fd6d-4470-88b4-072006b84662 req-4da75b54-fd6d-4470-88b4-072006b84662 ] Request (ServerRescueTestJSON:test_rescue_unrescue_instance): 200 GET http://10.180.1.21/compute/v2.1/servers/63fca45d-5922-4a14-9936-30070c349f8e 0.174s
2024-12-11 22:11:34.456 66179 INFO tempest.lib.common.rest_client [req-d6011de6-58c1-4451-bd23-65eee738ead7 req-d6011de6-58c1-4451-bd23-65eee738ead7 ] Request (ServerPasswordTestJSON:tearDownClass): 204 DELETE http://10.180.1.21:9696/networking/v2.0/networks/6a3cd021-14c3-4ac5-b179-c0741b502c9a 0.778s
2024-12-11 22:11:34.507 66121 INFO tempest.lib.common.rest_client [req-404377ae-cda1-48f0-b596-5d74516b7533 req-404377ae-cda1-48f0-b596-5d74516b7533 ] Request (ServerDiskConfigTestJSON:test_rebuild_server_with_auto_disk_config): 200 GET http://10.180.1.21/compute/v2.1/servers/38d294a9-2f51-438d-b942-a88e380a981f 0.141s
2024-12-11 22:11:34.555 66179 INFO tempest.lib.common.rest_client [req-4dbc0194-ada5-44ad-b900-d619fbce7524 req-4dbc0194-ada5-44ad-b900-d619fbce7524 ] Request (ServerPasswordTestJSON:tearDownClass): 204 DELETE http://10.180.1.21/identity/v3/users/b800673f96f044ed88b315cff40b1ef5 0.098s
2024-12-11 22:11:34.555 66179 INFO tempest.lib.common.dynamic_creds [-] Deleting project and security group for project: 96ce65b1fa5f4a2aad45957e276145ad
2024-12-11 22:11:34.612 66125 INFO tempest.lib.common.rest_client [req-360564bc-dd27-449d-a765-9c289d329d2b req-360564bc-dd27-449d-a765-9c289d329d2b ] Request (SecurityGroupsTestJSON:test_server_security_groups): 200 GET http://10.180.1.21/compute/v2.1/servers/879f1e09-8b21-4f89-bc00-04e3d6710662 0.097s
2024-12-11 22:11:34.638 66129 INFO tempest.lib.common.rest_client [req-afb97879-13aa-4ef9-9495-500939d25a48 req-afb97879-13aa-4ef9-9495-500939d25a48 ] Request (ServerActionsTestOtherB:setUpClass): 200 PUT http://10.180.1.21:9696/networking/v2.0/floatingips/e88019d7-2e91-40ef-879f-ae689e2785d7 1.467s
2024-12-11 22:11:34.640 66129 INFO tempest.lib.common.ssh [-] Creating ssh connection to '10.180.180.231:22' as 'cirros' with public key authentication
2024-12-11 22:11:34.642 66133 INFO tempest.lib.common.rest_client [req-5d6bd78f-057a-4775-b976-ecd8940b71e7 req-5d6bd78f-057a-4775-b976-ecd8940b71e7 ] Request (ImagesTestJSON:test_create_image_from_stopped_server): 200 GET http://10.180.1.21/compute/v2.1/servers/db74146d-abc3-4d48-be1b-6ad471794dbf 0.306s
2024-12-11 22:11:34.652 66179 INFO tempest.lib.common.rest_client [req-d717cbfe-0993-4c5d-af9f-a1041d1cf3f3 req-d717cbfe-0993-4c5d-af9f-a1041d1cf3f3 ] Request (ServerPasswordTestJSON:tearDownClass): 200 GET http://10.180.1.21:9696/networking/v2.0/security-groups?tenant_id=96ce65b1fa5f4a2aad45957e276145ad&name=default 0.094s
2024-12-11 22:11:34.660 66175 INFO tempest.lib.common.rest_client [req-5efd050d-d09c-4482-bc26-7846e8989c99 req-5efd050d-d09c-4482-bc26-7846e8989c99 ] Request (ImagesOneServerTestJSON:test_create_delete_image): 200 GET http://10.180.1.21/compute/v2.1/images/48904c02-82a2-4237-a426-b37b65d56dfa 0.111s
2024-12-11 22:11:34.710 66153 INFO tempest.lib.common.rest_client [req-8ea8707f-7a7b-4f8e-9e2b-033f1e01f2dd req-8ea8707f-7a7b-4f8e-9e2b-033f1e01f2dd ] Request (FloatingIPsAssociationTestJSON:tearDownClass): 200 GET http://10.180.1.21/compute/v2.1/servers/ee99ff4d-9996-4cfa-b038-7b19aef27438 0.082s
2024-12-11 22:11:34.712 66135 INFO tempest.lib.common.rest_client [req-9dbab230-6e10-44db-b6e0-2e9cb4c3819f req-9dbab230-6e10-44db-b6e0-2e9cb4c3819f ] Request (ServersTestBootFromVolume:setUpClass): 201 POST http://10.180.1.21:9696/networking/v2.0/floatingips 0.933s
2024-12-11 22:11:34.783 66135 INFO tempest.lib.common.rest_client [req-feaa73b7-46c0-493a-8bb9-dd4ac71fdb08 req-feaa73b7-46c0-493a-8bb9-dd4ac71fdb08 ] Request (ServersTestBootFromVolume:setUpClass): 201 POST http://10.180.1.21/identity/v3/auth/tokens 0.063s
2024-12-11 22:11:34.784 66135 INFO tempest.lib.common.fixed_network [-] (ServersTestBootFromVolume:setUpClass) Found network {'id': '5abc1d3a-649b-4566-af47-32dd35b19f62', 'name': 'tempest-ServersTestBootFromVolume-1555036678-network', 'tenant_id': 'ef2b6a7e3fe1491d8be03c1f6d906b2f', 'admin_state_up': True, 'mtu': 8950, 'status': 'ACTIVE', 'subnets': [], 'shared': False, 'project_id': 'ef2b6a7e3fe1491d8be03c1f6d906b2f', 'port_security_enabled': True, 'router:external': False, 'provider:network_type': 'vlan', 'provider:physical_network': 'default', 'provider:segmentation_id': 26, 'availability_zone_hints': [], 'availability_zones': [], 'ipv4_address_scope': None, 'ipv6_address_scope': None, 'description': '', 'tags': [], 'created_at': '2024-12-11T22:11:28Z', 'updated_at': '2024-12-11T22:11:28Z', 'revision_number': 1} available for tenant
2024-12-11 22:11:34.785 66179 INFO tempest.lib.common.rest_client [req-d4b99d8d-8049-4285-aa20-0cfd5a11a44a req-d4b99d8d-8049-4285-aa20-0cfd5a11a44a ] Request (ServerPasswordTestJSON:tearDownClass): 204 DELETE http://10.180.1.21:9696/networking/v2.0/security-groups/a3f1f439-5f79-418b-a60a-c880df321d0b 0.133s
2024-12-11 22:11:34.836 66123 INFO tempest.lib.common.rest_client [req-d590655d-2f98-4c20-9ae8-46217fb8e63c req-d590655d-2f98-4c20-9ae8-46217fb8e63c ] Request (ImagesOneServerNegativeTestJSON:setUpClass): 200 GET http://10.180.1.21/compute/v2.1/servers/9a3ef326-0fbf-4fd2-bb5e-3009bf661381 0.067s
2024-12-11 22:11:34.898 66179 INFO tempest.lib.common.rest_client [req-1619b4ed-e4d3-4a4f-9bdb-ba254e239f15 req-1619b4ed-e4d3-4a4f-9bdb-ba254e239f15 ] Request (ServerPasswordTestJSON:tearDownClass): 204 DELETE http://10.180.1.21/identity/v3/projects/96ce65b1fa5f4a2aad45957e276145ad 0.111s
2024-12-11 22:11:34.976 66179 INFO tempest.lib.common.rest_client [req-eafdcaf7-40d1-4f3d-baa3-29d5e1f7da19 req-eafdcaf7-40d1-4f3d-baa3-29d5e1f7da19 ] Request (ServerTagsTestJSON:setUpClass): 201 POST http://10.180.1.21/identity/v3/auth/tokens 0.075s
2024-12-11 22:11:34.979 66151 INFO tempest.lib.common.rest_client [req-38554379-8210-4228-90da-6dffed444b5e req-38554379-8210-4228-90da-6dffed444b5e ] Request (MigrationsAdminTest:test_resize_server_revert_deleted_flavor): 200 GET http://10.180.1.21/compute/v2.1/servers/e6e5b77d-4fb8-4fad-83f4-c3beb9521ed6 0.066s
2024-12-11 22:11:34.992 66149 INFO tempest.lib.common.rest_client [req-d4199a3e-4c32-427b-ab30-630f21c432b9 req-d4199a3e-4c32-427b-ab30-630f21c432b9 ] Request (AttachInterfacesTestJSON:test_create_list_show_delete_interfaces_by_fixed_ip): 200 GET http://10.180.1.21/compute/v2.1/servers/70c8de27-4696-4005-bbec-e7a33e56311b 0.179s
2024-12-11 22:11:35.015 66179 INFO tempest.lib.common.rest_client [req-b024dad4-62a5-48dd-8b2c-883cc8cfe3d9 req-b024dad4-62a5-48dd-8b2c-883cc8cfe3d9 ] Request (ServerTagsTestJSON:setUpClass): 201 POST http://10.180.1.21/identity/v3/auth/tokens 0.037s
2024-12-11 22:11:35.052 66179 INFO tempest.lib.common.rest_client [req-307857a4-57f2-4b7e-b255-99bfc366c12f req-307857a4-57f2-4b7e-b255-99bfc366c12f ] Request (ServerTagsTestJSON:setUpClass): 200 GET http://10.180.1.21/identity/v3/domains?name=Default 0.036s
2024-12-11 22:11:35.079 66119 INFO tempest.lib.common.rest_client [req-2856c65a-7c2c-4829-8552-6953582c5f3f req-2856c65a-7c2c-4829-8552-6953582c5f3f ] Request (ServersNegativeTestJSON:setUpClass): 200 GET http://10.180.1.21/compute/v2.1/servers/aedbd388-3ef7-410f-b0e3-5ea67ad56b65 0.092s
2024-12-11 22:11:35.090 66179 INFO tempest.lib.common.rest_client [req-3a7ef46f-147d-431a-9f87-55238909ff4d req-3a7ef46f-147d-431a-9f87-55238909ff4d ] Request (ServerTagsTestJSON:setUpClass): 201 POST http://10.180.1.21/identity/v3/projects 0.037s
2024-12-11 22:11:35.155 66179 INFO tempest.lib.common.rest_client [req-d8a66aad-f5fe-42ae-8382-2715291dc397 req-d8a66aad-f5fe-42ae-8382-2715291dc397 ] Request (ServerTagsTestJSON:setUpClass): 201 POST http://10.180.1.21/identity/v3/users 0.064s
2024-12-11 22:11:35.176 66137 INFO tempest.lib.common.rest_client [req-24252361-76b3-49f2-964f-254e4345d35c req-24252361-76b3-49f2-964f-254e4345d35c ] Request (ServersTestMultiNic:test_verify_multiple_nics_order): 200 GET http://10.180.1.21/compute/v2.1/servers/2b166aa9-9381-42c0-a607-7d610f08a4e3 0.090s
2024-12-11 22:11:35.180 66179 INFO tempest.lib.common.rest_client [req-a39cea3a-8369-4353-87ae-5e49d4b434ef req-a39cea3a-8369-4353-87ae-5e49d4b434ef ] Request (ServerTagsTestJSON:setUpClass): 200 GET http://10.180.1.21/identity/v3/roles 0.024s
2024-12-11 22:11:35.211 66179 INFO tempest.lib.common.rest_client [req-7d4f1ecc-82ae-4b06-ae92-3c19ca7bcd3f req-7d4f1ecc-82ae-4b06-ae92-3c19ca7bcd3f ] Request (ServerTagsTestJSON:setUpClass): 204 PUT http://10.180.1.21/identity/v3/projects/7fbe87622c6445a685055d5cfccceaa1/users/b50005b538ac45b8903a7429c789d28b/roles/455ba87016654093be473d0dc6b519c2 0.031s
2024-12-11 22:11:35.211 66179 INFO tempest.lib.common.dynamic_creds [-] Dynamic test user b50005b538ac45b8903a7429c789d28b is created with scope project and roles: ['member']
2024-12-11 22:11:35.211 66179 INFO tempest.lib.common.dynamic_creds [-] Acquired dynamic creds: credentials: Credentials: {'domain_id': 'default', 'domain_name': 'Default', 'username': 'tempest-ServerTagsTestJSON-1465183808-project-member', 'project_domain_id': 'default', 'project_domain_name': 'Default', 'project_id': '7fbe87622c6445a685055d5cfccceaa1', 'project_name': 'tempest-ServerTagsTestJSON-1465183808', 'tenant_id': '7fbe87622c6445a685055d5cfccceaa1', 'tenant_name': 'tempest-ServerTagsTestJSON-1465183808', 'user_domain_id': 'default', 'user_domain_name': 'Default', 'user_id': 'b50005b538ac45b8903a7429c789d28b', 'system': None}, Network: None, Subnet: None, Router: None
2024-12-11 22:11:35.284 66179 INFO tempest.lib.common.rest_client [req-6b55b7bb-010a-4a23-a288-45f7699815a2 req-6b55b7bb-010a-4a23-a288-45f7699815a2 ] Request (ServerTagsTestJSON:setUpClass): 201 POST http://10.180.1.21/identity/v3/auth/tokens 0.072s
2024-12-11 22:11:35.355 66155 INFO tempest.lib.common.rest_client [req-ee8b713a-bb75-48ec-b9f9-a0920520d7b4 req-ee8b713a-bb75-48ec-b9f9-a0920520d7b4 ] Request (ServerMetadataNegativeTestJSON:setUpClass): 200 GET http://10.180.1.21/compute/v2.1/servers/2b6154bd-a6aa-4afc-b8f4-c9ceec3fd7b5 0.159s
2024-12-11 22:11:35.379 66171 INFO tempest.lib.common.rest_client [req-8d3378b9-188e-46f9-9aac-e65eed6c3ced req-8d3378b9-188e-46f9-9aac-e65eed6c3ced ] Request (ServersAdminNegativeTestJSON:tearDownClass): 200 GET http://10.180.1.21/compute/v2.1/servers/ffe54977-81c4-4842-9773-eed704a53ada 0.106s
2024-12-11 22:11:35.416 66135 INFO tempest.lib.common.rest_client [req-1f08aa32-e0bd-4955-b45f-fe4d5c2b6d90 req-1f08aa32-e0bd-4955-b45f-fe4d5c2b6d90 ] Request (ServersTestBootFromVolume:setUpClass): 202 POST http://10.180.1.21/volume/v3/volumes 0.631s
2024-12-11 22:11:35.472 66145 INFO tempest.lib.common.rest_client [req-2f7971c7-20c6-4e60-ac87-06bcd9aaa3af req-2f7971c7-20c6-4e60-ac87-06bcd9aaa3af ] Request (ServerDiagnosticsTest:tearDownClass): 200 GET http://10.180.1.21/compute/v2.1/servers/18ee140a-97bd-439a-8027-0dd0a1f0a6e2 0.110s
2024-12-11 22:11:35.478 66135 INFO tempest.lib.common.rest_client [req-76f92287-e844-408b-8a7e-5c075c624493 req-76f92287-e844-408b-8a7e-5c075c624493 ] Request (ServersTestBootFromVolume:setUpClass): 200 GET http://10.180.1.21/volume/v3/volumes/aea26e09-c771-424f-b682-9ea0232aedf2 0.055s
2024-12-11 22:11:35.547 66127 INFO tempest.lib.common.rest_client [req-ff08c421-6356-40ef-af84-e7ed6629beb8 req-ff08c421-6356-40ef-af84-e7ed6629beb8 ] Request (ListImageFiltersTestJSON:setUpClass): 200 GET http://10.180.1.21/compute/v2.1/servers/45de6dd5-97f3-4eea-a171-0254a2b37a41 0.152s
2024-12-11 22:11:35.552 66181 INFO tempest.lib.common.rest_client [req-ad8e5741-78d4-44f0-a1a4-e8b97470bfc6 req-ad8e5741-78d4-44f0-a1a4-e8b97470bfc6 ] Request (ServerRescueNegativeTestJSON:setUpClass): 200 GET http://10.180.1.21/compute/v2.1/servers/a10a4217-ae46-4f00-9ba1-cdf74f44ec7b 0.235s
2024-12-11 22:11:35.556 66127 INFO tempest.common.waiters [-] State transition "BUILD/scheduling" ==> "BUILD/None" after 36 second wait
2024-12-11 22:11:35.561 66181 INFO tempest.common.waiters [-] State transition "BUILD/spawning" ==> "ACTIVE/None" after 91 second wait
2024-12-11 22:11:35.617 66161 INFO tempest.lib.common.rest_client [req-54b22f80-3713-4aa0-ba6f-d8cb433f8ce7 req-54b22f80-3713-4aa0-ba6f-d8cb433f8ce7 ] Request (ServerRescueTestJSON:test_rescue_unrescue_instance): 200 GET http://10.180.1.21/compute/v2.1/servers/63fca45d-5922-4a14-9936-30070c349f8e 0.176s
2024-12-11 22:11:35.711 66181 INFO tempest.lib.common.rest_client [req-cca4eb66-d666-4142-ba1e-532bf0d388a2 req-cca4eb66-d666-4142-ba1e-532bf0d388a2 ] Request (ServerRescueNegativeTestJSON:setUpClass): 200 POST http://10.180.1.21/compute/v2.1/servers/a10a4217-ae46-4f00-9ba1-cdf74f44ec7b/action 0.148s
2024-12-11 22:11:35.778 66125 INFO tempest.lib.common.rest_client [req-7430cb95-697f-40cd-8831-2e24ede8359a req-7430cb95-697f-40cd-8831-2e24ede8359a ] Request (SecurityGroupsTestJSON:test_server_security_groups): 200 GET http://10.180.1.21/compute/v2.1/servers/879f1e09-8b21-4f89-bc00-04e3d6710662 0.157s
2024-12-11 22:11:35.833 66179 INFO tempest.lib.common.rest_client [req-558e5618-ebc3-493f-974e-1c141e576a72 req-558e5618-ebc3-493f-974e-1c141e576a72 ] Request (ServerTagsTestJSON:setUpClass): 201 POST http://10.180.1.21:9696/networking/v2.0/networks 0.548s
2024-12-11 22:11:35.890 66121 INFO tempest.lib.common.rest_client [req-dc214b8b-868c-45bc-b70e-a45d692b2d3a req-dc214b8b-868c-45bc-b70e-a45d692b2d3a ] Request (ServerDiskConfigTestJSON:test_rebuild_server_with_auto_disk_config): 200 GET http://10.180.1.21/compute/v2.1/servers/38d294a9-2f51-438d-b942-a88e380a981f 0.373s
2024-12-11 22:11:35.898 66121 INFO tempest.common.waiters [-] State transition "BUILD/None" ==> "BUILD/block_device_mapping" after 62 second wait
2024-12-11 22:11:35.931 66175 INFO tempest.lib.common.rest_client [req-4e1ebc0a-d47d-4b08-a727-f2bf241203c3 req-4e1ebc0a-d47d-4b08-a727-f2bf241203c3 ] Request (ImagesOneServerTestJSON:test_create_delete_image): 200 GET http://10.180.1.21/compute/v2.1/images/48904c02-82a2-4237-a426-b37b65d56dfa 0.267s
2024-12-11 22:11:35.946 66133 INFO tempest.lib.common.rest_client [req-beaeb6a2-fa5d-41cb-bc7f-cd8049532496 req-beaeb6a2-fa5d-41cb-bc7f-cd8049532496 ] Request (ImagesTestJSON:test_create_image_from_stopped_server): 200 GET http://10.180.1.21/compute/v2.1/servers/db74146d-abc3-4d48-be1b-6ad471794dbf 0.296s
2024-12-11 22:11:36.035 66153 INFO tempest.lib.common.rest_client [req-40f316fc-298b-45fb-97a0-5bd26e444166 req-40f316fc-298b-45fb-97a0-5bd26e444166 ] Request (FloatingIPsAssociationTestJSON:tearDownClass): 200 GET http://10.180.1.21/compute/v2.1/servers/ee99ff4d-9996-4cfa-b038-7b19aef27438 0.318s
2024-12-11 22:11:36.098 66123 INFO tempest.lib.common.rest_client [req-0218cea1-53bb-466c-8fa6-4c1690ac6693 req-0218cea1-53bb-466c-8fa6-4c1690ac6693 ] Request (ImagesOneServerNegativeTestJSON:setUpClass): 200 GET http://10.180.1.21/compute/v2.1/servers/9a3ef326-0fbf-4fd2-bb5e-3009bf661381 0.254s
2024-12-11 22:11:36.123 66181 INFO tempest.lib.common.rest_client [req-0bcf5f4c-7ebc-4a50-862a-657c219aa090 req-0bcf5f4c-7ebc-4a50-862a-657c219aa090 ] Request (ServerRescueNegativeTestJSON:setUpClass): 200 GET http://10.180.1.21/compute/v2.1/servers/a10a4217-ae46-4f00-9ba1-cdf74f44ec7b 0.411s
2024-12-11 22:11:36.161 66151 INFO tempest.lib.common.rest_client [req-6d44994c-e33a-4ceb-bbf4-8aa46daf1486 req-6d44994c-e33a-4ceb-bbf4-8aa46daf1486 ] Request (MigrationsAdminTest:test_resize_server_revert_deleted_flavor): 200 GET http://10.180.1.21/compute/v2.1/servers/e6e5b77d-4fb8-4fad-83f4-c3beb9521ed6 0.174s
2024-12-11 22:11:36.173 66179 INFO tempest.lib.common.rest_client [req-1e0c2f6a-cafa-489e-817b-50570bbe1269 req-1e0c2f6a-cafa-489e-817b-50570bbe1269 ] Request (ServerTagsTestJSON:setUpClass): 201 POST http://10.180.1.21:9696/networking/v2.0/subnets 0.339s
2024-12-11 22:11:36.220 66119 INFO tempest.lib.common.rest_client [req-3f3cb15f-4726-4394-a3c9-b3c4f466969a req-3f3cb15f-4726-4394-a3c9-b3c4f466969a ] Request (ServersNegativeTestJSON:setUpClass): 200 GET http://10.180.1.21/compute/v2.1/servers/aedbd388-3ef7-410f-b0e3-5ea67ad56b65 0.130s
2024-12-11 22:11:36.230 66149 INFO tempest.lib.common.rest_client [req-0389067d-413d-498d-ad92-028a84dc12f8 req-0389067d-413d-498d-ad92-028a84dc12f8 ] Request (AttachInterfacesTestJSON:test_create_list_show_delete_interfaces_by_fixed_ip): 200 GET http://10.180.1.21/compute/v2.1/servers/70c8de27-4696-4005-bbec-e7a33e56311b 0.226s
2024-12-11 22:11:36.276 66137 INFO tempest.lib.common.rest_client [req-77192933-fb8b-436b-80f7-d3453f0c8eef req-77192933-fb8b-436b-80f7-d3453f0c8eef ] Request (ServersTestMultiNic:test_verify_multiple_nics_order): 200 GET http://10.180.1.21/compute/v2.1/servers/2b166aa9-9381-42c0-a607-7d610f08a4e3 0.088s
2024-12-11 22:11:36.458 66171 INFO tempest.lib.common.rest_client [req-0bea43f2-cd47-4b3d-9294-ccd92d96602e req-0bea43f2-cd47-4b3d-9294-ccd92d96602e ] Request (ServersAdminNegativeTestJSON:tearDownClass): 200 GET http://10.180.1.21/compute/v2.1/servers/ffe54977-81c4-4842-9773-eed704a53ada 0.072s
2024-12-11 22:11:36.478 66155 INFO tempest.lib.common.rest_client [req-21cc0a69-f377-42cc-89b9-b49870cfc117 req-21cc0a69-f377-42cc-89b9-b49870cfc117 ] Request (ServerMetadataNegativeTestJSON:setUpClass): 200 GET http://10.180.1.21/compute/v2.1/servers/2b6154bd-a6aa-4afc-b8f4-c9ceec3fd7b5 0.114s
2024-12-11 22:11:36.517 66135 INFO tempest.lib.common.rest_client [req-9b00a063-0859-47f4-a0de-11fd9ec041f5 req-9b00a063-0859-47f4-a0de-11fd9ec041f5 ] Request (ServersTestBootFromVolume:setUpClass): 200 GET http://10.180.1.21/volume/v3/volumes/aea26e09-c771-424f-b682-9ea0232aedf2 0.031s
2024-12-11 22:11:36.557 66145 INFO tempest.lib.common.rest_client [req-b7108980-be85-42ef-9ebe-8d9bc95c7938 req-b7108980-be85-42ef-9ebe-8d9bc95c7938 ] Request (ServerDiagnosticsTest:tearDownClass): 200 GET http://10.180.1.21/compute/v2.1/servers/18ee140a-97bd-439a-8027-0dd0a1f0a6e2 0.073s
2024-12-11 22:11:36.619 66127 INFO tempest.lib.common.rest_client [req-45ba738b-292a-4c7a-9265-b83d37d706e2 req-45ba738b-292a-4c7a-9265-b83d37d706e2 ] Request (ListImageFiltersTestJSON:setUpClass): 200 GET http://10.180.1.21/compute/v2.1/servers/45de6dd5-97f3-4eea-a171-0254a2b37a41 0.062s
2024-12-11 22:11:36.692 66161 INFO tempest.lib.common.rest_client [req-13b87e0a-1d20-4ecd-92d0-11ae89531235 req-13b87e0a-1d20-4ecd-92d0-11ae89531235 ] Request (ServerRescueTestJSON:test_rescue_unrescue_instance): 200 GET http://10.180.1.21/compute/v2.1/servers/63fca45d-5922-4a14-9936-30070c349f8e 0.062s
2024-12-11 22:11:36.851 66125 INFO tempest.lib.common.rest_client [req-b9cc4393-6126-45ec-82a7-34926c830609 req-b9cc4393-6126-45ec-82a7-34926c830609 ] Request (SecurityGroupsTestJSON:test_server_security_groups): 200 GET http://10.180.1.21/compute/v2.1/servers/879f1e09-8b21-4f89-bc00-04e3d6710662 0.062s
2024-12-11 22:11:36.858 66125 INFO tempest.common.waiters [-] State transition "BUILD/scheduling" ==> "BUILD/None" after 27 second wait
2024-12-11 22:11:36.950 66131 WARNING tempest.lib.common.ssh [-] Failed to establish authenticated ssh connection to cirros@10.180.180.241 ([Errno None] Unable to connect to port 22 on 10.180.180.241). Number attempts: 5. Retry after 6 seconds.: paramiko.ssh_exception.NoValidConnectionsError: [Errno None] Unable to connect to port 22 on 10.180.180.241
2024-12-11 22:11:36.976 66175 INFO tempest.lib.common.rest_client [req-21314dc0-8584-4ecb-a534-35678aa2c3c6 req-21314dc0-8584-4ecb-a534-35678aa2c3c6 ] Request (ImagesOneServerTestJSON:test_create_delete_image): 200 GET http://10.180.1.21/compute/v2.1/images/48904c02-82a2-4237-a426-b37b65d56dfa 0.038s
2024-12-11 22:11:37.034 66179 INFO tempest.lib.common.rest_client [req-ee2131f4-091c-4513-8513-2d4d94eccc13 req-ee2131f4-091c-4513-8513-2d4d94eccc13 ] Request (ServerTagsTestJSON:setUpClass): 201 POST http://10.180.1.21:9696/networking/v2.0/routers 0.861s
2024-12-11 22:11:37.090 66133 INFO tempest.lib.common.rest_client [req-0b869a4d-b3a8-4f76-9f2c-aca352776c9a req-0b869a4d-b3a8-4f76-9f2c-aca352776c9a ] Request (ImagesTestJSON:test_create_image_from_stopped_server): 200 GET http://10.180.1.21/compute/v2.1/servers/db74146d-abc3-4d48-be1b-6ad471794dbf 0.133s
2024-12-11 22:11:37.099 66133 INFO tempest.common.waiters [-] State transition "BUILD/spawning" ==> "ACTIVE/None" after 83 second wait
2024-12-11 22:11:37.160 66153 INFO tempest.lib.common.rest_client [req-dca6bce9-a240-46a7-99ca-44708e28d77d req-dca6bce9-a240-46a7-99ca-44708e28d77d ] Request (FloatingIPsAssociationTestJSON:tearDownClass): 200 GET http://10.180.1.21/compute/v2.1/servers/ee99ff4d-9996-4cfa-b038-7b19aef27438 0.117s
2024-12-11 22:11:37.179 66121 INFO tempest.lib.common.rest_client [req-86fd8e69-9e41-4092-bad7-b57674c083b7 req-86fd8e69-9e41-4092-bad7-b57674c083b7 ] Request (ServerDiskConfigTestJSON:test_rebuild_server_with_auto_disk_config): 200 GET http://10.180.1.21/compute/v2.1/servers/38d294a9-2f51-438d-b942-a88e380a981f 0.279s
2024-12-11 22:11:37.190 66121 INFO tempest.common.waiters [-] State transition "BUILD/block_device_mapping" ==> "BUILD/spawning" after 64 second wait
2024-12-11 22:11:37.262 66123 INFO tempest.lib.common.rest_client [req-ff54bdeb-8bec-4a14-a122-7ce42d7e7a2c req-ff54bdeb-8bec-4a14-a122-7ce42d7e7a2c ] Request (ImagesOneServerNegativeTestJSON:setUpClass): 200 GET http://10.180.1.21/compute/v2.1/servers/9a3ef326-0fbf-4fd2-bb5e-3009bf661381 0.154s
2024-12-11 22:11:37.277 66133 INFO tempest.lib.common.rest_client [req-a3606f3e-944d-43b6-a8ee-a055dda808ef req-a3606f3e-944d-43b6-a8ee-a055dda808ef ] Request (ImagesTestJSON:test_create_image_from_stopped_server): 202 POST http://10.180.1.21/compute/v2.1/servers/db74146d-abc3-4d48-be1b-6ad471794dbf/action 0.177s
2024-12-11 22:11:37.295 66159 INFO paramiko.transport [-] Connected (version 2.0, client dropbear_2020.81)
2024-12-11 22:11:37.338 66151 INFO tempest.lib.common.rest_client [req-3b20949d-e945-4da6-8c45-05087a44ad34 req-3b20949d-e945-4da6-8c45-05087a44ad34 ] Request (MigrationsAdminTest:test_resize_server_revert_deleted_flavor): 200 GET http://10.180.1.21/compute/v2.1/servers/e6e5b77d-4fb8-4fad-83f4-c3beb9521ed6 0.167s
2024-12-11 22:11:37.400 66119 INFO tempest.lib.common.rest_client [req-195d8ef1-edd3-4a72-a20d-a35aec9f6d5e req-195d8ef1-edd3-4a72-a20d-a35aec9f6d5e ] Request (ServersNegativeTestJSON:setUpClass): 200 GET http://10.180.1.21/compute/v2.1/servers/aedbd388-3ef7-410f-b0e3-5ea67ad56b65 0.168s
2024-12-11 22:11:37.405 66159 INFO paramiko.transport [-] Authentication (publickey) successful!
2024-12-11 22:11:37.406 66159 INFO tempest.lib.common.ssh [-] ssh connection to cirros@10.180.180.220 successfully created
2024-12-11 22:11:37.499 66149 INFO tempest.lib.common.rest_client [req-50950806-ad44-48aa-99fb-96a43a529eb0 req-50950806-ad44-48aa-99fb-96a43a529eb0 ] Request (AttachInterfacesTestJSON:test_create_list_show_delete_interfaces_by_fixed_ip): 200 GET http://10.180.1.21/compute/v2.1/servers/70c8de27-4696-4005-bbec-e7a33e56311b 0.262s
2024-12-11 22:11:37.531 66181 INFO tempest.lib.common.rest_client [req-017b4708-2663-41ff-afd3-74f84847cdfe req-017b4708-2663-41ff-afd3-74f84847cdfe ] Request (ServerRescueNegativeTestJSON:setUpClass): 200 GET http://10.180.1.21/compute/v2.1/servers/a10a4217-ae46-4f00-9ba1-cdf74f44ec7b 0.400s
2024-12-11 22:11:37.559 66135 INFO tempest.lib.common.rest_client [req-dada3c71-1a37-4ef5-a12b-1a0d64baedaf req-dada3c71-1a37-4ef5-a12b-1a0d64baedaf ] Request (ServersTestBootFromVolume:setUpClass): 200 GET http://10.180.1.21/volume/v3/volumes/aea26e09-c771-424f-b682-9ea0232aedf2 0.035s
2024-12-11 22:11:37.592 66137 INFO tempest.lib.common.rest_client [req-f455c56c-8e3a-4c8d-b16b-c01fec092d15 req-f455c56c-8e3a-4c8d-b16b-c01fec092d15 ] Request (ServersTestMultiNic:test_verify_multiple_nics_order): 200 GET http://10.180.1.21/compute/v2.1/servers/2b166aa9-9381-42c0-a607-7d610f08a4e3 0.309s
2024-12-11 22:11:37.621 66133 INFO tempest.lib.common.rest_client [req-4609f06e-a1ad-424d-b09f-3f1e6823c839 req-4609f06e-a1ad-424d-b09f-3f1e6823c839 ] Request (ImagesTestJSON:test_create_image_from_stopped_server): 200 GET http://10.180.1.21/compute/v2.1/servers/db74146d-abc3-4d48-be1b-6ad471794dbf 0.344s
2024-12-11 22:11:37.656 66171 INFO tempest.lib.common.rest_client [req-84b6c5bc-f9c1-4730-a54a-e18433b5f1af req-84b6c5bc-f9c1-4730-a54a-e18433b5f1af ] Request (ServersAdminNegativeTestJSON:tearDownClass): 404 GET http://10.180.1.21/compute/v2.1/servers/ffe54977-81c4-4842-9773-eed704a53ada 0.190s
2024-12-11 22:11:37.659 66159 INFO tempest.lib.common.rest_client [req-704d38ef-9318-4989-b827-de65475ac7f9 req-704d38ef-9318-4989-b827-de65475ac7f9 ] Request (ServersTestJSON:test_list_servers): 200 GET http://10.180.1.21/compute/v2.1/servers 0.237s
2024-12-11 22:11:37.725 66145 INFO tempest.lib.common.rest_client [req-594c5e26-463f-4724-aa50-f1bcad6bc180 req-594c5e26-463f-4724-aa50-f1bcad6bc180 ] Request (ServerDiagnosticsTest:tearDownClass): 200 GET http://10.180.1.21/compute/v2.1/servers/18ee140a-97bd-439a-8027-0dd0a1f0a6e2 0.161s
2024-12-11 22:11:37.786 66127 INFO tempest.lib.common.rest_client [req-258d5c29-4862-4682-b419-48326e8e0ba6 req-258d5c29-4862-4682-b419-48326e8e0ba6 ] Request (ListImageFiltersTestJSON:setUpClass): 200 GET http://10.180.1.21/compute/v2.1/servers/45de6dd5-97f3-4eea-a171-0254a2b37a41 0.157s
