2024-12-12 02:09:34.050 66455 INFO tempest.lib.common.rest_client [req-d3ad1661-a316-4d4d-9e3b-a3620c297353 req-d3ad1661-a316-4d4d-9e3b-a3620c297353 ] Request (ImagesTestJSON:test_create_image_from_stopped_server): 200 GET http://10.180.1.21/compute/v2.1/servers/380f640a-a595-47b8-89ac-33410c60d48f 0.044s
2024-12-12 02:09:34.111 66407 INFO tempest.lib.common.rest_client [req-faa6f54c-6a0d-4d7c-839c-2bcb7e6e4f96 req-faa6f54c-6a0d-4d7c-839c-2bcb7e6e4f96 ] Request (DeleteServersTestJSON:test_delete_server_while_in_attached_volume): 200 GET http://10.180.1.21/compute/v2.1/servers/2f7db407-6f70-491e-bda9-1221dcf535e5 0.060s
2024-12-12 02:09:34.157 66429 INFO tempest.lib.common.rest_client [req-ce43a981-155f-4385-b6a5-de7895db7d0c req-ce43a981-155f-4385-b6a5-de7895db7d0c ] Request (SecurityGroupsTestJSON:test_server_security_groups): 200 GET http://10.180.1.21/compute/v2.1/servers/9d16b26f-0eba-430d-83f5-9de7942717c7 0.060s
2024-12-12 02:09:34.207 66403 INFO tempest.lib.common.rest_client [req-9deeab1a-b3d0-4570-ae23-f1fec5c9868c req-9deeab1a-b3d0-4570-ae23-f1fec5c9868c ] Request (ServerDiagnosticsTest:tearDownClass): 200 GET http://10.180.1.21/compute/v2.1/servers/6de7a8ef-19d4-447a-a6f9-2124691ba2f9 0.055s
2024-12-12 02:09:34.237 66397 INFO tempest.lib.common.rest_client [req-0a6570c0-92af-4bc7-9188-689f0aa83d1d req-0a6570c0-92af-4bc7-9188-689f0aa83d1d ] Request (MigrationsAdminTest:test_list_migrations_in_flavor_resize_situation): 200 GET http://10.180.1.21/compute/v2.1/servers/450eebcc-7f93-4234-9b44-8f28d7c9b849 0.046s
2024-12-12 02:09:34.299 66395 INFO tempest.lib.common.rest_client [req-83606fbc-d069-4c90-b52f-afbd77e20ddd req-83606fbc-d069-4c90-b52f-afbd77e20ddd ] Request (ServersTestBootFromVolume:setUpClass): 200 GET http://10.180.1.21/compute/v2.1/servers/0efc8a99-41f3-4184-ad9c-50011d560179 0.051s
2024-12-12 02:09:34.348 66443 INFO tempest.lib.common.rest_client [req-23a6e1f6-b810-43ff-a132-d7c83fa9f818 req-23a6e1f6-b810-43ff-a132-d7c83fa9f818 ] Request (ImagesOneServerNegativeTestJSON:_run_cleanups): 200 GET http://10.180.1.21/compute/v2.1/servers/89594c43-5e93-44e8-97dc-b31991b9c6da 0.052s
2024-12-12 02:09:34.423 66445 INFO tempest.lib.common.rest_client [req-5b30b534-137c-42ff-80b9-12f5fde33008 req-5b30b534-137c-42ff-80b9-12f5fde33008 ] Request (FloatingIPsAssociationNegativeTestJSON:tearDownClass): 200 GET http://10.180.1.21/compute/v2.1/servers/f84e306f-c755-4d0c-9930-de391861c0cc 0.059s
2024-12-12 02:09:34.468 66399 INFO tempest.lib.common.rest_client [req-461d82d8-7ff4-4e50-a259-87fa8e3bdde8 req-461d82d8-7ff4-4e50-a259-87fa8e3bdde8 ] Request (ServerGroupTestJSON:test_create_server_with_scheduler_hint_group): 200 GET http://10.180.1.21/compute/v2.1/servers/7c500222-e336-4d35-837c-7897ad8720ff 0.048s
2024-12-12 02:09:34.480 66415 INFO tempest.lib.common.rest_client [req-1e05054f-b7d3-404e-9540-03a5b9680a16 req-1e05054f-b7d3-404e-9540-03a5b9680a16 ] Request (ServersNegativeTestJSON:setUpClass): 200 GET http://10.180.1.21/compute/v2.1/servers/c51d134a-144d-4453-941a-0a0c7bffcf20 0.047s
2024-12-12 02:09:34.582 66435 INFO tempest.lib.common.rest_client [req-3d31b3d4-627b-402c-abd6-c07d3a2d8d3f req-3d31b3d4-627b-402c-abd6-c07d3a2d8d3f ] Request (ServerShowV247Test:tearDownClass): 200 GET http://10.180.1.21/compute/v2.1/servers/718ad0a2-15fa-4822-ab5e-4fbf94a4592f 0.055s
2024-12-12 02:09:34.615 66417 INFO tempest.lib.common.rest_client [req-887ff449-2ffb-4d4e-88ba-0755fdd071b4 req-887ff449-2ffb-4d4e-88ba-0755fdd071b4 ] Request (ListServerFiltersTestJSON:setUpClass): 200 GET http://10.180.1.21/compute/v2.1/servers/8359a912-0d0e-435f-bbd7-e808d67e36be 0.049s
2024-12-12 02:09:34.684 66405 INFO tempest.lib.common.rest_client [req-6695607c-9c9f-4bc2-806f-56133f4cce8d req-6695607c-9c9f-4bc2-806f-56133f4cce8d ] Request (ServersNegativeTestMultiTenantJSON:tearDownClass): 200 GET http://10.180.1.21/compute/v2.1/servers/0e030f03-8f01-44e6-a9dc-b83ac56a270c 0.049s
2024-12-12 02:09:34.687 66411 INFO tempest.lib.common.rest_client [req-8e1750b7-836f-4c42-aa4d-1081e3b7e286 req-8e1750b7-836f-4c42-aa4d-1081e3b7e286 ] Request (MultipleCreateTestJSON:test_multiple_create_with_reservation_return): 200 GET http://10.180.1.21/compute/v2.1/servers/7cc92005-410a-44ac-b7cd-c39e39a0bedf 0.088s
2024-12-12 02:09:34.723 66419 INFO tempest.lib.common.rest_client [req-e28d43a4-22bd-44c3-846e-b77dc82fd70e req-e28d43a4-22bd-44c3-846e-b77dc82fd70e ] Request (ServerActionsTestOtherB:setUpClass): 200 GET http://10.180.1.21/compute/v2.1/servers/86a89d2c-a27b-4af6-9a17-d4ce8eae1b96 0.046s
2024-12-12 02:09:34.771 66441 INFO tempest.lib.common.rest_client [req-7c083308-484b-4189-94aa-ce108cf629a3 req-7c083308-484b-4189-94aa-ce108cf629a3 ] Request (VolumesAdminNegativeTest:test_update_attached_volume_with_nonexistent_volume_in_uri): 200 GET http://10.180.1.21/compute/v2.1/servers/9410cde5-494b-4eeb-b54e-d0b116595f17 0.045s
2024-12-12 02:09:34.868 66421 INFO tempest.lib.common.rest_client [req-8ed062e8-cdf7-44d4-ab69-4e004088945e req-8ed062e8-cdf7-44d4-ab69-4e004088945e ] Request (ListImageFiltersTestJSON:tearDownClass): 200 GET http://10.180.1.21/compute/v2.1/servers/d3173f71-1fba-413f-9014-205ed2beeea0 0.056s
2024-12-12 02:09:34.926 66427 INFO tempest.lib.common.rest_client [req-70ff0bad-c8e7-42bd-8979-f8754bdc4744 req-70ff0bad-c8e7-42bd-8979-f8754bdc4744 ] Request (ServerShowV257Test:test_rebuild_server): 200 GET http://10.180.1.21/compute/v2.1/servers/f5b3322c-fee8-486a-9364-43906f196de9 0.049s
2024-12-12 02:09:34.976 66437 INFO tempest.lib.common.rest_client [req-1dd81835-e5c5-4494-9824-b6cc80dad0ce req-1dd81835-e5c5-4494-9824-b6cc80dad0ce ] Request (ServersWithSpecificFlavorTestJSON:test_verify_created_server_ephemeral_disk): 200 GET http://10.180.1.21/compute/v2.1/servers/fb018d6f-fec7-4f60-954a-e3d296ceff9a 0.054s
2024-12-12 02:09:34.982 66433 INFO tempest.lib.common.rest_client [req-290ecbc4-882d-49fa-9030-5c5924ea9c28 req-290ecbc4-882d-49fa-9030-5c5924ea9c28 ] Request (ServersAdminNegativeTestJSON:tearDownClass): 200 GET http://10.180.1.21/compute/v2.1/servers/39d5ce35-b0c9-4540-8777-ed00474b7fdd 0.054s
2024-12-12 02:09:35.050 66457 INFO tempest.lib.common.rest_client [req-4f2c9fa9-3b80-40ad-ad3b-d0a770926288 req-4f2c9fa9-3b80-40ad-ad3b-d0a770926288 ] Request (VolumesAssistedSnapshotsTest:tearDownClass): 200 GET http://10.180.1.21/compute/v2.1/servers/7c309611-0761-44d2-9e85-7cfc19e38f2e 0.056s
2024-12-12 02:09:35.122 66455 INFO tempest.lib.common.rest_client [req-9fed44de-8834-4f30-92d5-db1214561962 req-9fed44de-8834-4f30-92d5-db1214561962 ] Request (ImagesTestJSON:test_create_image_from_stopped_server): 200 GET http://10.180.1.21/compute/v2.1/servers/380f640a-a595-47b8-89ac-33410c60d48f 0.061s
2024-12-12 02:09:35.127 66425 INFO tempest.lib.common.rest_client [req-37fb9fbb-40c3-400d-98ef-169c53fae292 req-37fb9fbb-40c3-400d-98ef-169c53fae292 ] Request (FloatingIPsAssociationTestJSON:tearDownClass): 200 GET http://10.180.1.21/compute/v2.1/servers/3d6e0ca9-e07c-4a0b-a267-8056755c23b6 0.083s
2024-12-12 02:09:35.130 66455 INFO tempest.common.waiters [-] State transition "BUILD/None" ==> "BUILD/networking" after 73 second wait
2024-12-12 02:09:35.186 66407 INFO tempest.lib.common.rest_client [req-0079933d-77f3-484b-9a77-dd919a57c6d1 req-0079933d-77f3-484b-9a77-dd919a57c6d1 ] Request (DeleteServersTestJSON:test_delete_server_while_in_attached_volume): 200 GET http://10.180.1.21/compute/v2.1/servers/2f7db407-6f70-491e-bda9-1221dcf535e5 0.068s
2024-12-12 02:09:35.233 66431 WARNING tempest.lib.common.ssh [-] Failed to establish authenticated ssh connection to cirros@10.180.180.210 ([Errno None] Unable to connect to port 22 on 10.180.180.210). Number attempts: 2. Retry after 3 seconds.: paramiko.ssh_exception.NoValidConnectionsError: [Errno None] Unable to connect to port 22 on 10.180.180.210
2024-12-12 02:09:35.242 66429 INFO tempest.lib.common.rest_client [req-d26192bb-2dab-4ffd-93b2-1442bcce53a6 req-d26192bb-2dab-4ffd-93b2-1442bcce53a6 ] Request (SecurityGroupsTestJSON:test_server_security_groups): 200 GET http://10.180.1.21/compute/v2.1/servers/9d16b26f-0eba-430d-83f5-9de7942717c7 0.079s
2024-12-12 02:09:35.286 66403 INFO tempest.lib.common.rest_client [req-d316d9ff-77d1-4a47-8006-4cfd7c1b7bd9 req-d316d9ff-77d1-4a47-8006-4cfd7c1b7bd9 ] Request (ServerDiagnosticsTest:tearDownClass): 200 GET http://10.180.1.21/compute/v2.1/servers/6de7a8ef-19d4-447a-a6f9-2124691ba2f9 0.071s
2024-12-12 02:09:35.299 66397 INFO tempest.lib.common.rest_client [req-a3be64cc-2141-4546-b277-6ecfb33362ec req-a3be64cc-2141-4546-b277-6ecfb33362ec ] Request (MigrationsAdminTest:test_list_migrations_in_flavor_resize_situation): 200 GET http://10.180.1.21/compute/v2.1/servers/450eebcc-7f93-4234-9b44-8f28d7c9b849 0.054s
2024-12-12 02:09:35.373 66395 INFO tempest.lib.common.rest_client [req-f9288641-14ec-4397-903f-fd553e8bd0d4 req-f9288641-14ec-4397-903f-fd553e8bd0d4 ] Request (ServersTestBootFromVolume:setUpClass): 200 GET http://10.180.1.21/compute/v2.1/servers/0efc8a99-41f3-4184-ad9c-50011d560179 0.065s
2024-12-12 02:09:35.401 66443 INFO tempest.lib.common.rest_client [req-b92c16df-73f3-43bd-8c40-38164674f6e2 req-b92c16df-73f3-43bd-8c40-38164674f6e2 ] Request (ImagesOneServerNegativeTestJSON:_run_cleanups): 200 GET http://10.180.1.21/compute/v2.1/servers/89594c43-5e93-44e8-97dc-b31991b9c6da 0.046s
2024-12-12 02:09:35.491 66445 INFO tempest.lib.common.rest_client [req-1ecdd068-a6fe-4202-a5df-44ed19aca58f req-1ecdd068-a6fe-4202-a5df-44ed19aca58f ] Request (FloatingIPsAssociationNegativeTestJSON:tearDownClass): 200 GET http://10.180.1.21/compute/v2.1/servers/f84e306f-c755-4d0c-9930-de391861c0cc 0.061s
2024-12-12 02:09:35.524 66399 INFO tempest.lib.common.rest_client [req-c48e9c10-15cb-4c59-9f07-3f2ed6d4cc72 req-c48e9c10-15cb-4c59-9f07-3f2ed6d4cc72 ] Request (ServerGroupTestJSON:test_create_server_with_scheduler_hint_group): 200 GET http://10.180.1.21/compute/v2.1/servers/7c500222-e336-4d35-837c-7897ad8720ff 0.049s
2024-12-12 02:09:35.533 66415 INFO tempest.lib.common.rest_client [req-66316f39-ee42-4eb5-b7b6-8e4e0b443c44 req-66316f39-ee42-4eb5-b7b6-8e4e0b443c44 ] Request (ServersNegativeTestJSON:setUpClass): 200 GET http://10.180.1.21/compute/v2.1/servers/c51d134a-144d-4453-941a-0a0c7bffcf20 0.045s
2024-12-12 02:09:35.656 66435 INFO tempest.lib.common.rest_client [req-4793ec2b-4c3c-4b12-b7a5-e661dcd18ae8 req-4793ec2b-4c3c-4b12-b7a5-e661dcd18ae8 ] Request (ServerShowV247Test:tearDownClass): 200 GET http://10.180.1.21/compute/v2.1/servers/718ad0a2-15fa-4822-ab5e-4fbf94a4592f 0.066s
2024-12-12 02:09:35.669 66417 INFO tempest.lib.common.rest_client [req-0f0449b8-79a9-4820-829e-b1698d264548 req-0f0449b8-79a9-4820-829e-b1698d264548 ] Request (ListServerFiltersTestJSON:setUpClass): 200 GET http://10.180.1.21/compute/v2.1/servers/8359a912-0d0e-435f-bbd7-e808d67e36be 0.048s
2024-12-12 02:09:35.749 66405 INFO tempest.lib.common.rest_client [req-0ce12edb-128a-48b6-ad7a-dc9e1b6c6359 req-0ce12edb-128a-48b6-ad7a-dc9e1b6c6359 ] Request (ServersNegativeTestMultiTenantJSON:tearDownClass): 200 GET http://10.180.1.21/compute/v2.1/servers/0e030f03-8f01-44e6-a9dc-b83ac56a270c 0.058s
2024-12-12 02:09:35.797 66419 INFO tempest.lib.common.rest_client [req-5aa8ebad-a718-4dbf-b8d2-3069a1c7b6f6 req-5aa8ebad-a718-4dbf-b8d2-3069a1c7b6f6 ] Request (ServerActionsTestOtherB:setUpClass): 200 GET http://10.180.1.21/compute/v2.1/servers/86a89d2c-a27b-4af6-9a17-d4ce8eae1b96 0.067s
2024-12-12 02:09:35.818 66411 INFO tempest.lib.common.rest_client [req-f3d64c5b-e226-4898-87b5-9c8ea6f6dba3 req-f3d64c5b-e226-4898-87b5-9c8ea6f6dba3 ] Request (MultipleCreateTestJSON:test_multiple_create_with_reservation_return): 200 GET http://10.180.1.21/compute/v2.1/servers/7cc92005-410a-44ac-b7cd-c39e39a0bedf 0.124s
2024-12-12 02:09:35.837 66441 INFO tempest.lib.common.rest_client [req-acde290f-8a34-4b2f-a8b9-0497c216f05d req-acde290f-8a34-4b2f-a8b9-0497c216f05d ] Request (VolumesAdminNegativeTest:test_update_attached_volume_with_nonexistent_volume_in_uri): 200 GET http://10.180.1.21/compute/v2.1/servers/9410cde5-494b-4eeb-b54e-d0b116595f17 0.060s
2024-12-12 02:09:35.928 66421 INFO tempest.lib.common.rest_client [req-1fd1eb94-ce04-405c-980c-10fd0ab5cc6a req-1fd1eb94-ce04-405c-980c-10fd0ab5cc6a ] Request (ListImageFiltersTestJSON:tearDownClass): 200 GET http://10.180.1.21/compute/v2.1/servers/d3173f71-1fba-413f-9014-205ed2beeea0 0.054s
2024-12-12 02:09:35.982 66427 INFO tempest.lib.common.rest_client [req-113c1ca6-d1bd-45d7-8de2-50ae2a45df56 req-113c1ca6-d1bd-45d7-8de2-50ae2a45df56 ] Request (ServerShowV257Test:test_rebuild_server): 200 GET http://10.180.1.21/compute/v2.1/servers/f5b3322c-fee8-486a-9364-43906f196de9 0.047s
2024-12-12 02:09:36.030 66437 INFO tempest.lib.common.rest_client [req-5486cda9-847e-4a82-a144-63a6151f4bbd req-5486cda9-847e-4a82-a144-63a6151f4bbd ] Request (ServersWithSpecificFlavorTestJSON:test_verify_created_server_ephemeral_disk): 200 GET http://10.180.1.21/compute/v2.1/servers/fb018d6f-fec7-4f60-954a-e3d296ceff9a 0.046s
2024-12-12 02:09:36.041 66433 INFO tempest.lib.common.rest_client [req-aef53347-0c3f-468b-b029-3740230f96cd req-aef53347-0c3f-468b-b029-3740230f96cd ] Request (ServersAdminNegativeTestJSON:tearDownClass): 200 GET http://10.180.1.21/compute/v2.1/servers/39d5ce35-b0c9-4540-8777-ed00474b7fdd 0.052s
2024-12-12 02:09:36.116 66457 INFO tempest.lib.common.rest_client [req-8ca798ba-00c7-46ba-8e57-366ceabdb320 req-8ca798ba-00c7-46ba-8e57-366ceabdb320 ] Request (VolumesAssistedSnapshotsTest:tearDownClass): 200 GET http://10.180.1.21/compute/v2.1/servers/7c309611-0761-44d2-9e85-7cfc19e38f2e 0.052s
2024-12-12 02:09:36.200 66425 INFO tempest.lib.common.rest_client [req-2ecfc269-793c-4e57-82a0-ecdbe270cb67 req-2ecfc269-793c-4e57-82a0-ecdbe270cb67 ] Request (FloatingIPsAssociationTestJSON:tearDownClass): 200 GET http://10.180.1.21/compute/v2.1/servers/3d6e0ca9-e07c-4a0b-a267-8056755c23b6 0.058s
2024-12-12 02:09:36.248 66455 INFO tempest.lib.common.rest_client [req-76f676f4-91b7-4ade-a2f4-5b3683af6ce0 req-76f676f4-91b7-4ade-a2f4-5b3683af6ce0 ] Request (ImagesTestJSON:test_create_image_from_stopped_server): 200 GET http://10.180.1.21/compute/v2.1/servers/380f640a-a595-47b8-89ac-33410c60d48f 0.116s
2024-12-12 02:09:36.251 66407 INFO tempest.lib.common.rest_client [req-0887d558-517b-4971-858e-c2a8506b3ee3 req-0887d558-517b-4971-858e-c2a8506b3ee3 ] Request (DeleteServersTestJSON:test_delete_server_while_in_attached_volume): 200 GET http://10.180.1.21/compute/v2.1/servers/2f7db407-6f70-491e-bda9-1221dcf535e5 0.056s
2024-12-12 02:09:36.255 66455 INFO tempest.common.waiters [-] State transition "BUILD/networking" ==> "BUILD/spawning" after 74 second wait
2024-12-12 02:09:36.303 66429 INFO tempest.lib.common.rest_client [req-c41317ac-e38c-4e71-a03b-a186d122f6cd req-c41317ac-e38c-4e71-a03b-a186d122f6cd ] Request (SecurityGroupsTestJSON:test_server_security_groups): 200 GET http://10.180.1.21/compute/v2.1/servers/9d16b26f-0eba-430d-83f5-9de7942717c7 0.051s
2024-12-12 02:09:36.351 66397 INFO tempest.lib.common.rest_client [req-b66d7f31-901d-49da-a9cf-61c07645a89b req-b66d7f31-901d-49da-a9cf-61c07645a89b ] Request (MigrationsAdminTest:test_list_migrations_in_flavor_resize_situation): 200 GET http://10.180.1.21/compute/v2.1/servers/450eebcc-7f93-4234-9b44-8f28d7c9b849 0.045s
2024-12-12 02:09:36.351 66403 INFO tempest.lib.common.rest_client [req-af09fe4e-eb37-4e36-ac35-38285ceac9e6 req-af09fe4e-eb37-4e36-ac35-38285ceac9e6 ] Request (ServerDiagnosticsTest:tearDownClass): 200 GET http://10.180.1.21/compute/v2.1/servers/6de7a8ef-19d4-447a-a6f9-2124691ba2f9 0.058s
2024-12-12 02:09:36.433 66395 INFO tempest.lib.common.rest_client [req-da47d0d0-e169-4a53-ae91-ada26be3710c req-da47d0d0-e169-4a53-ae91-ada26be3710c ] Request (ServersTestBootFromVolume:setUpClass): 200 GET http://10.180.1.21/compute/v2.1/servers/0efc8a99-41f3-4184-ad9c-50011d560179 0.053s
2024-12-12 02:09:36.463 66443 INFO tempest.lib.common.rest_client [req-14dad797-0b00-41c8-96ac-e8cbf700da81 req-14dad797-0b00-41c8-96ac-e8cbf700da81 ] Request (ImagesOneServerNegativeTestJSON:_run_cleanups): 200 GET http://10.180.1.21/compute/v2.1/servers/89594c43-5e93-44e8-97dc-b31991b9c6da 0.055s
2024-12-12 02:09:36.559 66445 INFO tempest.lib.common.rest_client [req-e75f7478-ef32-4fa0-8abd-dcdd2de46f55 req-e75f7478-ef32-4fa0-8abd-dcdd2de46f55 ] Request (FloatingIPsAssociationNegativeTestJSON:tearDownClass): 200 GET http://10.180.1.21/compute/v2.1/servers/f84e306f-c755-4d0c-9930-de391861c0cc 0.058s
2024-12-12 02:09:36.596 66399 INFO tempest.lib.common.rest_client [req-03da218e-d369-4e76-8cd9-3ec125837a15 req-03da218e-d369-4e76-8cd9-3ec125837a15 ] Request (ServerGroupTestJSON:test_create_server_with_scheduler_hint_group): 200 GET http://10.180.1.21/compute/v2.1/servers/7c500222-e336-4d35-837c-7897ad8720ff 0.064s
2024-12-12 02:09:36.614 66415 INFO tempest.lib.common.rest_client [req-bacbbf1b-0bc3-423d-a5e4-0d223b070f83 req-bacbbf1b-0bc3-423d-a5e4-0d223b070f83 ] Request (ServersNegativeTestJSON:setUpClass): 200 GET http://10.180.1.21/compute/v2.1/servers/c51d134a-144d-4453-941a-0a0c7bffcf20 0.073s
2024-12-12 02:09:36.640 66451 WARNING tempest.lib.common.ssh [-] Failed to establish authenticated ssh connection to cirros@10.180.180.253 ([Errno None] Unable to connect to port 22 on 10.180.180.253). Number attempts: 3. Retry after 4 seconds.: paramiko.ssh_exception.NoValidConnectionsError: [Errno None] Unable to connect to port 22 on 10.180.180.253
2024-12-12 02:09:36.741 66435 INFO tempest.lib.common.rest_client [req-edd063dd-87ff-42a8-b057-99e8f4f4566a req-edd063dd-87ff-42a8-b057-99e8f4f4566a ] Request (ServerShowV247Test:tearDownClass): 200 GET http://10.180.1.21/compute/v2.1/servers/718ad0a2-15fa-4822-ab5e-4fbf94a4592f 0.067s
2024-12-12 02:09:36.749 66417 INFO tempest.lib.common.rest_client [req-042f6513-4798-4bb1-84a7-0237b8de3268 req-042f6513-4798-4bb1-84a7-0237b8de3268 ] Request (ListServerFiltersTestJSON:setUpClass): 200 GET http://10.180.1.21/compute/v2.1/servers/8359a912-0d0e-435f-bbd7-e808d67e36be 0.073s
2024-12-12 02:09:36.811 66405 INFO tempest.lib.common.rest_client [req-70126929-42c3-45ce-9b4e-5d94ab4bcb5b req-70126929-42c3-45ce-9b4e-5d94ab4bcb5b ] Request (ServersNegativeTestMultiTenantJSON:tearDownClass): 200 GET http://10.180.1.21/compute/v2.1/servers/0e030f03-8f01-44e6-a9dc-b83ac56a270c 0.054s
2024-12-12 02:09:36.858 66419 INFO tempest.lib.common.rest_client [req-f44cf70d-7107-4b05-a124-bc06ea8ab09c req-f44cf70d-7107-4b05-a124-bc06ea8ab09c ] Request (ServerActionsTestOtherB:setUpClass): 200 GET http://10.180.1.21/compute/v2.1/servers/86a89d2c-a27b-4af6-9a17-d4ce8eae1b96 0.055s
2024-12-12 02:09:36.905 66441 INFO tempest.lib.common.rest_client [req-7107924d-4874-4dd8-b042-3c65c6ba8deb req-7107924d-4874-4dd8-b042-3c65c6ba8deb ] Request (VolumesAdminNegativeTest:test_update_attached_volume_with_nonexistent_volume_in_uri): 200 GET http://10.180.1.21/compute/v2.1/servers/9410cde5-494b-4eeb-b54e-d0b116595f17 0.058s
2024-12-12 02:09:36.920 66411 INFO tempest.lib.common.rest_client [req-70e09a22-ba21-4b55-b0b5-4aaba27d715a req-70e09a22-ba21-4b55-b0b5-4aaba27d715a ] Request (MultipleCreateTestJSON:test_multiple_create_with_reservation_return): 200 GET http://10.180.1.21/compute/v2.1/servers/7cc92005-410a-44ac-b7cd-c39e39a0bedf 0.094s
2024-12-12 02:09:36.986 66421 INFO tempest.lib.common.rest_client [req-e6cbccf3-4034-4938-a945-80aa92e8031d req-e6cbccf3-4034-4938-a945-80aa92e8031d ] Request (ListImageFiltersTestJSON:tearDownClass): 200 GET http://10.180.1.21/compute/v2.1/servers/d3173f71-1fba-413f-9014-205ed2beeea0 0.052s
2024-12-12 02:09:37.038 66427 INFO tempest.lib.common.rest_client [req-f51642a2-4560-455a-8654-dad7a1f9c1ab req-f51642a2-4560-455a-8654-dad7a1f9c1ab ] Request (ServerShowV257Test:test_rebuild_server): 200 GET http://10.180.1.21/compute/v2.1/servers/f5b3322c-fee8-486a-9364-43906f196de9 0.048s
2024-12-12 02:09:37.081 66437 INFO tempest.lib.common.rest_client [req-28a9a233-7bcb-4f95-b46c-809b66454bbe req-28a9a233-7bcb-4f95-b46c-809b66454bbe ] Request (ServersWithSpecificFlavorTestJSON:test_verify_created_server_ephemeral_disk): 200 GET http://10.180.1.21/compute/v2.1/servers/fb018d6f-fec7-4f60-954a-e3d296ceff9a 0.044s
2024-12-12 02:09:37.098 66433 INFO tempest.lib.common.rest_client [req-7164f47e-6569-43dc-9bed-8f64044ff85e req-7164f47e-6569-43dc-9bed-8f64044ff85e ] Request (ServersAdminNegativeTestJSON:tearDownClass): 200 GET http://10.180.1.21/compute/v2.1/servers/39d5ce35-b0c9-4540-8777-ed00474b7fdd 0.051s
2024-12-12 02:09:37.176 66457 INFO tempest.lib.common.rest_client [req-c8032875-66ea-4716-9ace-7c882a50865f req-c8032875-66ea-4716-9ace-7c882a50865f ] Request (VolumesAssistedSnapshotsTest:tearDownClass): 200 GET http://10.180.1.21/compute/v2.1/servers/7c309611-0761-44d2-9e85-7cfc19e38f2e 0.053s
2024-12-12 02:09:37.261 66425 INFO tempest.lib.common.rest_client [req-32cd8715-b98a-4ec3-bd44-1e814e5799d9 req-32cd8715-b98a-4ec3-bd44-1e814e5799d9 ] Request (FloatingIPsAssociationTestJSON:tearDownClass): 200 GET http://10.180.1.21/compute/v2.1/servers/3d6e0ca9-e07c-4a0b-a267-8056755c23b6 0.054s
2024-12-12 02:09:37.312 66407 INFO tempest.lib.common.rest_client [req-6cd2d51b-7f5d-42ab-a5ee-d7b1df624196 req-6cd2d51b-7f5d-42ab-a5ee-d7b1df624196 ] Request (DeleteServersTestJSON:test_delete_server_while_in_attached_volume): 200 GET http://10.180.1.21/compute/v2.1/servers/2f7db407-6f70-491e-bda9-1221dcf535e5 0.054s
2024-12-12 02:09:37.363 66429 INFO tempest.lib.common.rest_client [req-5a997514-4001-4363-ad5e-0d58e82cadef req-5a997514-4001-4363-ad5e-0d58e82cadef ] Request (SecurityGroupsTestJSON:test_server_security_groups): 200 GET http://10.180.1.21/compute/v2.1/servers/9d16b26f-0eba-430d-83f5-9de7942717c7 0.053s
2024-12-12 02:09:37.379 66455 INFO tempest.lib.common.rest_client [req-96eb254d-31a6-4c34-a9b4-e3d01af6daf6 req-96eb254d-31a6-4c34-a9b4-e3d01af6daf6 ] Request (ImagesTestJSON:test_create_image_from_stopped_server): 200 GET http://10.180.1.21/compute/v2.1/servers/380f640a-a595-47b8-89ac-33410c60d48f 0.124s
2024-12-12 02:09:37.399 66403 INFO tempest.lib.common.rest_client [req-d2400a0d-0fb5-4fba-89f7-09abfe1b7289 req-d2400a0d-0fb5-4fba-89f7-09abfe1b7289 ] Request (ServerDiagnosticsTest:tearDownClass): 404 GET http://10.180.1.21/compute/v2.1/servers/6de7a8ef-19d4-447a-a6f9-2124691ba2f9 0.039s
2024-12-12 02:09:37.408 66397 INFO tempest.lib.common.rest_client [req-c0c587aa-3bc4-45be-b081-a291b3070be0 req-c0c587aa-3bc4-45be-b081-a291b3070be0 ] Request (MigrationsAdminTest:test_list_migrations_in_flavor_resize_situation): 200 GET http://10.180.1.21/compute/v2.1/servers/450eebcc-7f93-4234-9b44-8f28d7c9b849 0.049s
2024-12-12 02:09:37.489 66395 INFO tempest.lib.common.rest_client [req-170cca00-f72d-474f-992a-771dcc2793d6 req-170cca00-f72d-474f-992a-771dcc2793d6 ] Request (ServersTestBootFromVolume:setUpClass): 200 GET http://10.180.1.21/compute/v2.1/servers/0efc8a99-41f3-4184-ad9c-50011d560179 0.049s
2024-12-12 02:09:37.505 66403 INFO tempest.lib.common.rest_client [req-6674b14e-6e16-4f00-9657-56cc085e16f0 req-6674b14e-6e16-4f00-9657-56cc085e16f0 ] Request (ServerDiagnosticsTest:tearDownClass): 204 DELETE http://10.180.1.21/identity/v3/users/95ad39441f1f440d9bc6b6986adc0b05 0.106s
2024-12-12 02:09:37.521 66443 INFO tempest.lib.common.rest_client [req-b27f629c-2078-4b75-8a3e-e8e1fde4f11c req-b27f629c-2078-4b75-8a3e-e8e1fde4f11c ] Request (ImagesOneServerNegativeTestJSON:_run_cleanups): 200 GET http://10.180.1.21/compute/v2.1/servers/89594c43-5e93-44e8-97dc-b31991b9c6da 0.051s
2024-12-12 02:09:37.611 66403 INFO tempest.lib.common.rest_client [req-bab30606-9c7c-4d27-9b23-ca8fd550f04d req-bab30606-9c7c-4d27-9b23-ca8fd550f04d ] Request (ServerDiagnosticsTest:tearDownClass): 204 DELETE http://10.180.1.21/identity/v3/users/059e355f57ba44f18d626a12e837aca1 0.105s
2024-12-12 02:09:37.611 66403 INFO tempest.lib.common.dynamic_creds [-] Deleting project and security group for project: d363e80c19f241f2b7f37b702e924fab
2024-12-12 02:09:37.629 66413 WARNING tempest.lib.common.ssh [-] Failed to establish authenticated ssh connection to cirros@10.180.180.234 ([Errno None] Unable to connect to port 22 on 10.180.180.234). Number attempts: 5. Retry after 6 seconds.: paramiko.ssh_exception.NoValidConnectionsError: [Errno None] Unable to connect to port 22 on 10.180.180.234
2024-12-12 02:09:37.637 66445 INFO tempest.lib.common.rest_client [req-eb01f7a2-9a19-4117-80ac-69f47ab652b1 req-eb01f7a2-9a19-4117-80ac-69f47ab652b1 ] Request (FloatingIPsAssociationNegativeTestJSON:tearDownClass): 200 GET http://10.180.1.21/compute/v2.1/servers/f84e306f-c755-4d0c-9930-de391861c0cc 0.070s
2024-12-12 02:09:37.657 66399 INFO tempest.lib.common.rest_client [req-6bfbe441-5029-48f8-879c-9b1be2d457f5 req-6bfbe441-5029-48f8-879c-9b1be2d457f5 ] Request (ServerGroupTestJSON:test_create_server_with_scheduler_hint_group): 200 GET http://10.180.1.21/compute/v2.1/servers/7c500222-e336-4d35-837c-7897ad8720ff 0.053s
2024-12-12 02:09:37.679 66403 INFO tempest.lib.common.rest_client [req-d5b33c87-405b-4a37-ba98-bf4df8bd98e8 req-d5b33c87-405b-4a37-ba98-bf4df8bd98e8 ] Request (ServerDiagnosticsTest:tearDownClass): 201 POST http://10.180.1.21/identity/v3/auth/tokens 0.068s
2024-12-12 02:09:37.689 66415 INFO tempest.lib.common.rest_client [req-739a76b4-27bf-4e39-bd97-8e1e3196ac18 req-739a76b4-27bf-4e39-bd97-8e1e3196ac18 ] Request (ServersNegativeTestJSON:setUpClass): 200 GET http://10.180.1.21/compute/v2.1/servers/c51d134a-144d-4453-941a-0a0c7bffcf20 0.068s
2024-12-12 02:09:37.763 66403 INFO tempest.lib.common.rest_client [req-e30c61ba-ab47-4f87-aa5d-a3e9f2034b31 req-e30c61ba-ab47-4f87-aa5d-a3e9f2034b31 ] Request (ServerDiagnosticsTest:tearDownClass): 200 GET http://10.180.1.21:9696/networking/v2.0/security-groups?tenant_id=d363e80c19f241f2b7f37b702e924fab&name=default 0.084s
2024-12-12 02:09:37.805 66417 INFO tempest.lib.common.rest_client [req-a0b632e0-1743-432d-9fbb-5a9c3ede9223 req-a0b632e0-1743-432d-9fbb-5a9c3ede9223 ] Request (ListServerFiltersTestJSON:setUpClass): 200 GET http://10.180.1.21/compute/v2.1/servers/8359a912-0d0e-435f-bbd7-e808d67e36be 0.048s
2024-12-12 02:09:37.813 66435 INFO tempest.lib.common.rest_client [req-1905325a-297b-4d99-81b6-8d142a897cac req-1905325a-297b-4d99-81b6-8d142a897cac ] Request (ServerShowV247Test:tearDownClass): 200 GET http://10.180.1.21/compute/v2.1/servers/718ad0a2-15fa-4822-ab5e-4fbf94a4592f 0.062s
2024-12-12 02:09:37.854 66403 INFO tempest.lib.common.rest_client [req-126b3bbc-843b-44e6-b2de-7109a00d6792 req-126b3bbc-843b-44e6-b2de-7109a00d6792 ] Request (ServerDiagnosticsTest:tearDownClass): 204 DELETE http://10.180.1.21:9696/networking/v2.0/security-groups/83b820fb-47d4-49d4-be63-bad0e426d4c1 0.090s
2024-12-12 02:09:37.882 66405 INFO tempest.lib.common.rest_client [req-9595aeef-bfc0-4b4a-8c78-65045e13d396 req-9595aeef-bfc0-4b4a-8c78-65045e13d396 ] Request (ServersNegativeTestMultiTenantJSON:tearDownClass): 200 GET http://10.180.1.21/compute/v2.1/servers/0e030f03-8f01-44e6-a9dc-b83ac56a270c 0.064s
2024-12-12 02:09:37.919 66419 INFO tempest.lib.common.rest_client [req-51ed261e-4e87-436d-aab9-5492777cd31f req-51ed261e-4e87-436d-aab9-5492777cd31f ] Request (ServerActionsTestOtherB:setUpClass): 200 GET http://10.180.1.21/compute/v2.1/servers/86a89d2c-a27b-4af6-9a17-d4ce8eae1b96 0.053s
2024-12-12 02:09:37.921 66403 INFO tempest.lib.common.rest_client [req-7425a8d7-23bb-4c1a-9ca7-47dca332702e req-7425a8d7-23bb-4c1a-9ca7-47dca332702e ] Request (ServerDiagnosticsTest:tearDownClass): 204 DELETE http://10.180.1.21/identity/v3/projects/d363e80c19f241f2b7f37b702e924fab 0.066s
2024-12-12 02:09:37.921 66403 INFO tempest.lib.common.dynamic_creds [-] Deleting project and security group for project: e2aac2a2d6324958ab1a418b4e5f41b4
2024-12-12 02:09:37.971 66441 INFO tempest.lib.common.rest_client [req-c99ffada-328a-4a90-b3ec-78c2fa3480d5 req-c99ffada-328a-4a90-b3ec-78c2fa3480d5 ] Request (VolumesAdminNegativeTest:test_update_attached_volume_with_nonexistent_volume_in_uri): 200 GET http://10.180.1.21/compute/v2.1/servers/9410cde5-494b-4eeb-b54e-d0b116595f17 0.059s
2024-12-12 02:09:38.047 66403 INFO tempest.lib.common.rest_client [req-2c26c0ff-935a-4c7f-a69c-13461038a438 req-2c26c0ff-935a-4c7f-a69c-13461038a438 ] Request (ServerDiagnosticsTest:tearDownClass): 200 GET http://10.180.1.21:9696/networking/v2.0/security-groups?tenant_id=e2aac2a2d6324958ab1a418b4e5f41b4&name=default 0.126s
2024-12-12 02:09:38.054 66421 INFO tempest.lib.common.rest_client [req-ff63121b-0544-4b65-9381-219d530312dc req-ff63121b-0544-4b65-9381-219d530312dc ] Request (ListImageFiltersTestJSON:tearDownClass): 200 GET http://10.180.1.21/compute/v2.1/servers/d3173f71-1fba-413f-9014-205ed2beeea0 0.062s
2024-12-12 02:09:38.094 66411 INFO tempest.lib.common.rest_client [req-2d5cc58b-e1d1-439e-a456-7583ae6c32ea req-2d5cc58b-e1d1-439e-a456-7583ae6c32ea ] Request (MultipleCreateTestJSON:test_multiple_create_with_reservation_return): 200 GET http://10.180.1.21/compute/v2.1/servers/7cc92005-410a-44ac-b7cd-c39e39a0bedf 0.166s
2024-12-12 02:09:38.105 66427 INFO tempest.lib.common.rest_client [req-b2c4920f-5203-46f6-b320-c825be51a3ad req-b2c4920f-5203-46f6-b320-c825be51a3ad ] Request (ServerShowV257Test:test_rebuild_server): 200 GET http://10.180.1.21/compute/v2.1/servers/f5b3322c-fee8-486a-9364-43906f196de9 0.058s
2024-12-12 02:09:38.136 66403 INFO tempest.lib.common.rest_client [req-522bf8a3-a3a5-4f81-aeda-590deb02a709 req-522bf8a3-a3a5-4f81-aeda-590deb02a709 ] Request (ServerDiagnosticsTest:tearDownClass): 204 DELETE http://10.180.1.21:9696/networking/v2.0/security-groups/e9053f39-b980-401c-91a2-0086129fde1e 0.088s
2024-12-12 02:09:38.138 66437 INFO tempest.lib.common.rest_client [req-634f0171-bf17-436b-a547-0338a5a55a23 req-634f0171-bf17-436b-a547-0338a5a55a23 ] Request (ServersWithSpecificFlavorTestJSON:test_verify_created_server_ephemeral_disk): 200 GET http://10.180.1.21/compute/v2.1/servers/fb018d6f-fec7-4f60-954a-e3d296ceff9a 0.050s
2024-12-12 02:09:38.160 66433 INFO tempest.lib.common.rest_client [req-9f8e7b04-ea43-4ee3-af28-7285391f7b8c req-9f8e7b04-ea43-4ee3-af28-7285391f7b8c ] Request (ServersAdminNegativeTestJSON:tearDownClass): 200 GET http://10.180.1.21/compute/v2.1/servers/39d5ce35-b0c9-4540-8777-ed00474b7fdd 0.056s
2024-12-12 02:09:38.211 66403 INFO tempest.lib.common.rest_client [req-4ae9ed6a-e2e2-4c8f-a5eb-ce2b15317b5f req-4ae9ed6a-e2e2-4c8f-a5eb-ce2b15317b5f ] Request (ServerDiagnosticsTest:tearDownClass): 204 DELETE http://10.180.1.21/identity/v3/projects/e2aac2a2d6324958ab1a418b4e5f41b4 0.075s
2024-12-12 02:09:38.233 66457 INFO tempest.lib.common.rest_client [req-a02cf33c-3ca4-4487-a66a-5900bdc19056 req-a02cf33c-3ca4-4487-a66a-5900bdc19056 ] Request (VolumesAssistedSnapshotsTest:tearDownClass): 200 GET http://10.180.1.21/compute/v2.1/servers/7c309611-0761-44d2-9e85-7cfc19e38f2e 0.051s
2024-12-12 02:09:38.279 66403 INFO tempest.lib.common.rest_client [req-ee3aa9cd-fbac-42a8-8f1d-f3e213c54f87 req-ee3aa9cd-fbac-42a8-8f1d-f3e213c54f87 ] Request (ListImagesTestJSON:setUpClass): 201 POST http://10.180.1.21/identity/v3/auth/tokens 0.066s
2024-12-12 02:09:38.309 66403 INFO tempest.lib.common.rest_client [req-08705ddf-186f-48e2-9507-b00df178393d req-08705ddf-186f-48e2-9507-b00df178393d ] Request (ListImagesTestJSON:setUpClass): 201 POST http://10.180.1.21/identity/v3/auth/tokens 0.026s
2024-12-12 02:09:38.325 66425 INFO tempest.lib.common.rest_client [req-f47cc51c-2528-4864-96d8-e282b8074d93 req-f47cc51c-2528-4864-96d8-e282b8074d93 ] Request (FloatingIPsAssociationTestJSON:tearDownClass): 200 GET http://10.180.1.21/compute/v2.1/servers/3d6e0ca9-e07c-4a0b-a267-8056755c23b6 0.056s
2024-12-12 02:09:38.334 66403 INFO tempest.lib.common.rest_client [req-8dbf28b9-3293-4399-9cc4-0650145dfe3d req-8dbf28b9-3293-4399-9cc4-0650145dfe3d ] Request (ListImagesTestJSON:setUpClass): 200 GET http://10.180.1.21/identity/v3/domains?name=Default 0.025s
2024-12-12 02:09:38.362 66403 INFO tempest.lib.common.rest_client [req-88342a0c-91a1-49d1-beac-0dc3a6b90fae req-88342a0c-91a1-49d1-beac-0dc3a6b90fae ] Request (ListImagesTestJSON:setUpClass): 201 POST http://10.180.1.21/identity/v3/projects 0.028s
2024-12-12 02:09:38.374 66407 INFO tempest.lib.common.rest_client [req-e17b06f3-8ac6-49de-8e5a-c93b709fadf7 req-e17b06f3-8ac6-49de-8e5a-c93b709fadf7 ] Request (DeleteServersTestJSON:test_delete_server_while_in_attached_volume): 200 GET http://10.180.1.21/compute/v2.1/servers/2f7db407-6f70-491e-bda9-1221dcf535e5 0.055s
2024-12-12 02:09:38.413 66403 INFO tempest.lib.common.rest_client [req-3c4c78c1-7217-4cc2-b4c1-6b114245f96e req-3c4c78c1-7217-4cc2-b4c1-6b114245f96e ] Request (ListImagesTestJSON:setUpClass): 201 POST http://10.180.1.21/identity/v3/users 0.050s
2024-12-12 02:09:38.424 66429 INFO tempest.lib.common.rest_client [req-27dbc41d-2988-4397-ac5a-a8b785de8347 req-27dbc41d-2988-4397-ac5a-a8b785de8347 ] Request (SecurityGroupsTestJSON:test_server_security_groups): 200 GET http://10.180.1.21/compute/v2.1/servers/9d16b26f-0eba-430d-83f5-9de7942717c7 0.054s
2024-12-12 02:09:38.433 66403 INFO tempest.lib.common.rest_client [req-0508abff-6d1c-404b-9397-b3597ae741b6 req-0508abff-6d1c-404b-9397-b3597ae741b6 ] Request (ListImagesTestJSON:setUpClass): 200 GET http://10.180.1.21/identity/v3/roles 0.019s
2024-12-12 02:09:38.460 66403 INFO tempest.lib.common.rest_client [req-811dd252-205c-463b-8511-725c74829a89 req-811dd252-205c-463b-8511-725c74829a89 ] Request (ListImagesTestJSON:setUpClass): 204 PUT http://10.180.1.21/identity/v3/projects/1467eaea57f544a59494d820eb46f282/users/5a6a7bf8a74d46f18664668c4be96d21/roles/eea9006657f4425d85358c47e83df7b6 0.027s
2024-12-12 02:09:38.460 66403 INFO tempest.lib.common.dynamic_creds [-] Dynamic test user 5a6a7bf8a74d46f18664668c4be96d21 is created with scope project and roles: ['member']
2024-12-12 02:09:38.461 66403 INFO tempest.lib.common.dynamic_creds [-] Acquired dynamic creds: credentials: Credentials: {'domain_id': 'default', 'domain_name': 'Default', 'username': 'tempest-ListImagesTestJSON-1806013005-project-member', 'project_domain_id': 'default', 'project_domain_name': 'Default', 'project_id': '1467eaea57f544a59494d820eb46f282', 'project_name': 'tempest-ListImagesTestJSON-1806013005', 'tenant_id': '1467eaea57f544a59494d820eb46f282', 'tenant_name': 'tempest-ListImagesTestJSON-1806013005', 'user_domain_id': 'default', 'user_domain_name': 'Default', 'user_id': '5a6a7bf8a74d46f18664668c4be96d21', 'system': None}, Network: None, Subnet: None, Router: None
2024-12-12 02:09:38.461 66403 INFO tempest.lib.common.dynamic_creds [-] Created isolated network resources for: credentials: Credentials: {'domain_id': 'default', 'domain_name': 'Default', 'username': 'tempest-ListImagesTestJSON-1806013005-project-member', 'project_domain_id': 'default', 'project_domain_name': 'Default', 'project_id': '1467eaea57f544a59494d820eb46f282', 'project_name': 'tempest-ListImagesTestJSON-1806013005', 'tenant_id': '1467eaea57f544a59494d820eb46f282', 'tenant_name': 'tempest-ListImagesTestJSON-1806013005', 'user_domain_id': 'default', 'user_domain_name': 'Default', 'user_id': '5a6a7bf8a74d46f18664668c4be96d21', 'system': None}, Network: None, Subnet: None, Router: None
2024-12-12 02:09:38.472 66397 INFO tempest.lib.common.rest_client [req-0d8979ae-1459-4689-8771-8e96b601ca12 req-0d8979ae-1459-4689-8771-8e96b601ca12 ] Request (MigrationsAdminTest:test_list_migrations_in_flavor_resize_situation): 200 GET http://10.180.1.21/compute/v2.1/servers/450eebcc-7f93-4234-9b44-8f28d7c9b849 0.056s
2024-12-12 02:09:38.480 66455 INFO tempest.lib.common.rest_client [req-86c8e461-67de-4677-87da-47b1c1cff937 req-86c8e461-67de-4677-87da-47b1c1cff937 ] Request (ImagesTestJSON:test_create_image_from_stopped_server): 200 GET http://10.180.1.21/compute/v2.1/servers/380f640a-a595-47b8-89ac-33410c60d48f 0.094s
2024-12-12 02:09:38.530 66403 INFO tempest.lib.common.rest_client [req-457dfc44-dfb3-49b0-a051-6eca5b1d845c req-457dfc44-dfb3-49b0-a051-6eca5b1d845c ] Request (ListImagesTestJSON:setUpClass): 201 POST http://10.180.1.21/identity/v3/auth/tokens 0.066s
2024-12-12 02:09:38.551 66395 INFO tempest.lib.common.rest_client [req-fe37c79d-fe96-4188-81aa-42a3544a8ba3 req-fe37c79d-fe96-4188-81aa-42a3544a8ba3 ] Request (ServersTestBootFromVolume:setUpClass): 200 GET http://10.180.1.21/compute/v2.1/servers/0efc8a99-41f3-4184-ad9c-50011d560179 0.055s
2024-12-12 02:09:38.589 66443 INFO tempest.lib.common.rest_client [req-51bbdc42-10c5-424e-a353-52cab98c8f02 req-51bbdc42-10c5-424e-a353-52cab98c8f02 ] Request (ImagesOneServerNegativeTestJSON:_run_cleanups): 200 GET http://10.180.1.21/compute/v2.1/servers/89594c43-5e93-44e8-97dc-b31991b9c6da 0.060s
2024-12-12 02:09:38.653 66403 INFO tempest.lib.common.rest_client [req-8e62873b-ad84-45b0-b2ef-6d7747b11908 req-8e62873b-ad84-45b0-b2ef-6d7747b11908 ] Request (ListImagesTestJSON:test_get_image): 200 GET http://10.180.1.21/compute/v2.1/images/b1566474-d827-4d61-a657-408d294472fd 0.121s
2024-12-12 02:09:38.688 66401 WARNING tempest.lib.common.ssh [-] Failed to establish authenticated ssh connection to cirros@10.180.180.182 ([Errno None] Unable to connect to port 22 on 10.180.180.182). Number attempts: 12. Retry after 13 seconds.: paramiko.ssh_exception.NoValidConnectionsError: [Errno None] Unable to connect to port 22 on 10.180.180.182
2024-12-12 02:09:38.711 66403 INFO tempest.lib.common.rest_client [req-773211ab-d867-4e07-81fa-716955ea629a req-773211ab-d867-4e07-81fa-716955ea629a ] Request (ListImagesTestJSON:test_list_images): 200 GET http://10.180.1.21/compute/v2.1/images 0.053s
2024-12-12 02:09:38.719 66445 INFO tempest.lib.common.rest_client [req-d58907bd-900a-4db3-b186-2429563acb28 req-d58907bd-900a-4db3-b186-2429563acb28 ] Request (FloatingIPsAssociationNegativeTestJSON:tearDownClass): 200 GET http://10.180.1.21/compute/v2.1/servers/f84e306f-c755-4d0c-9930-de391861c0cc 0.076s
2024-12-12 02:09:38.758 66399 INFO tempest.lib.common.rest_client [req-0c13b2ff-db39-4445-944a-9e8de0a3d217 req-0c13b2ff-db39-4445-944a-9e8de0a3d217 ] Request (ServerGroupTestJSON:test_create_server_with_scheduler_hint_group): 200 GET http://10.180.1.21/compute/v2.1/servers/7c500222-e336-4d35-837c-7897ad8720ff 0.094s
2024-12-12 02:09:38.772 66415 INFO tempest.lib.common.rest_client [req-3474271f-734d-4c1b-873d-5aa6da9bf688 req-3474271f-734d-4c1b-873d-5aa6da9bf688 ] Request (ServersNegativeTestJSON:setUpClass): 200 GET http://10.180.1.21/compute/v2.1/servers/c51d134a-144d-4453-941a-0a0c7bffcf20 0.074s
2024-12-12 02:09:38.805 66403 INFO tempest.lib.common.rest_client [req-93c10a53-9c41-4667-8f4d-32ded7255fd5 req-93c10a53-9c41-4667-8f4d-32ded7255fd5 ] Request (ListImagesTestJSON:test_list_images_with_detail): 200 GET http://10.180.1.21/compute/v2.1/images/detail 0.091s
2024-12-12 02:09:38.868 66417 INFO tempest.lib.common.rest_client [req-cbe74af5-4b3e-4b91-b1e0-2f14cb32e34a req-cbe74af5-4b3e-4b91-b1e0-2f14cb32e34a ] Request (ListServerFiltersTestJSON:setUpClass): 200 GET http://10.180.1.21/compute/v2.1/servers/8359a912-0d0e-435f-bbd7-e808d67e36be 0.056s
2024-12-12 02:09:38.886 66435 INFO tempest.lib.common.rest_client [req-0eeadc34-6f84-4702-bb36-60a9db1ee003 req-0eeadc34-6f84-4702-bb36-60a9db1ee003 ] Request (ServerShowV247Test:tearDownClass): 200 GET http://10.180.1.21/compute/v2.1/servers/718ad0a2-15fa-4822-ab5e-4fbf94a4592f 0.064s
2024-12-12 02:09:38.917 66403 INFO tempest.lib.common.rest_client [req-963312a4-ae4d-47cc-b749-ba58c2ab4fa8 req-963312a4-ae4d-47cc-b749-ba58c2ab4fa8 ] Request (ListImagesTestJSON:tearDownClass): 204 DELETE http://10.180.1.21/identity/v3/users/5a6a7bf8a74d46f18664668c4be96d21 0.108s
2024-12-12 02:09:38.917 66403 INFO tempest.lib.common.dynamic_creds [-] Deleting project and security group for project: 1467eaea57f544a59494d820eb46f282
2024-12-12 02:09:38.946 66405 INFO tempest.lib.common.rest_client [req-a2474394-a02e-450e-908d-e1dc7250f9bd req-a2474394-a02e-450e-908d-e1dc7250f9bd ] Request (ServersNegativeTestMultiTenantJSON:tearDownClass): 200 GET http://10.180.1.21/compute/v2.1/servers/0e030f03-8f01-44e6-a9dc-b83ac56a270c 0.057s
2024-12-12 02:09:38.978 66403 INFO tempest.lib.common.rest_client [req-9186b750-3287-43e0-8919-e11bff4b250b req-9186b750-3287-43e0-8919-e11bff4b250b ] Request (ListImagesTestJSON:tearDownClass): 201 POST http://10.180.1.21/identity/v3/auth/tokens 0.061s
2024-12-12 02:09:38.990 66419 INFO tempest.lib.common.rest_client [req-b3e61a63-8d57-4e2b-b66b-841d8b1e6f2b req-b3e61a63-8d57-4e2b-b66b-841d8b1e6f2b ] Request (ServerActionsTestOtherB:setUpClass): 200 GET http://10.180.1.21/compute/v2.1/servers/86a89d2c-a27b-4af6-9a17-d4ce8eae1b96 0.063s
2024-12-12 02:09:39.030 66441 INFO tempest.lib.common.rest_client [req-a687a5a8-558a-4bdc-b0a8-e77a4b6eebea req-a687a5a8-558a-4bdc-b0a8-e77a4b6eebea ] Request (VolumesAdminNegativeTest:test_update_attached_volume_with_nonexistent_volume_in_uri): 200 GET http://10.180.1.21/compute/v2.1/servers/9410cde5-494b-4eeb-b54e-d0b116595f17 0.051s
2024-12-12 02:09:39.125 66421 INFO tempest.lib.common.rest_client [req-d6e743f2-b16f-4b3c-af08-2d260fca5bf1 req-d6e743f2-b16f-4b3c-af08-2d260fca5bf1 ] Request (ListImageFiltersTestJSON:tearDownClass): 200 GET http://10.180.1.21/compute/v2.1/servers/d3173f71-1fba-413f-9014-205ed2beeea0 0.063s
2024-12-12 02:09:39.134 66403 INFO tempest.lib.common.rest_client [req-c8bbe581-9315-4cd6-943d-cd4cdb056a98 req-c8bbe581-9315-4cd6-943d-cd4cdb056a98 ] Request (ListImagesTestJSON:tearDownClass): 200 GET http://10.180.1.21:9696/networking/v2.0/security-groups?tenant_id=1467eaea57f544a59494d820eb46f282&name=default 0.156s
2024-12-12 02:09:39.176 66427 INFO tempest.lib.common.rest_client [req-d461c531-dd9c-48e0-a098-475ffa49ebbb req-d461c531-dd9c-48e0-a098-475ffa49ebbb ] Request (ServerShowV257Test:test_rebuild_server): 200 GET http://10.180.1.21/compute/v2.1/servers/f5b3322c-fee8-486a-9364-43906f196de9 0.063s
2024-12-12 02:09:39.197 66411 INFO tempest.lib.common.rest_client [req-b8c070d8-07f6-4ad1-8bb4-17bdf32b16a5 req-b8c070d8-07f6-4ad1-8bb4-17bdf32b16a5 ] Request (MultipleCreateTestJSON:test_multiple_create_with_reservation_return): 200 GET http://10.180.1.21/compute/v2.1/servers/7cc92005-410a-44ac-b7cd-c39e39a0bedf 0.096s
2024-12-12 02:09:39.203 66411 INFO tempest.common.waiters [-] State transition "BUILD/spawning" ==> "ACTIVE/None" after 95 second wait
2024-12-12 02:09:39.218 66437 INFO tempest.lib.common.rest_client [req-7ee54135-2271-4e4b-8b14-39104dad3841 req-7ee54135-2271-4e4b-8b14-39104dad3841 ] Request (ServersWithSpecificFlavorTestJSON:test_verify_created_server_ephemeral_disk): 200 GET http://10.180.1.21/compute/v2.1/servers/fb018d6f-fec7-4f60-954a-e3d296ceff9a 0.070s
2024-12-12 02:09:39.228 66403 INFO tempest.lib.common.rest_client [req-fa347759-6e1c-4802-884e-213a4073b725 req-fa347759-6e1c-4802-884e-213a4073b725 ] Request (ListImagesTestJSON:tearDownClass): 204 DELETE http://10.180.1.21:9696/networking/v2.0/security-groups/8b710ae1-98ae-4eb8-8456-50f708f82580 0.093s
2024-12-12 02:09:39.252 66433 INFO tempest.lib.common.rest_client [req-88b1c85e-c813-4fc9-a657-ca2a8ee8d545 req-88b1c85e-c813-4fc9-a657-ca2a8ee8d545 ] Request (ServersAdminNegativeTestJSON:tearDownClass): 200 GET http://10.180.1.21/compute/v2.1/servers/39d5ce35-b0c9-4540-8777-ed00474b7fdd 0.084s
2024-12-12 02:09:39.286 66403 INFO tempest.lib.common.rest_client [req-ce8d6748-bfff-49fc-9461-f032bb0c9e5c req-ce8d6748-bfff-49fc-9461-f032bb0c9e5c ] Request (ListImagesTestJSON:tearDownClass): 204 DELETE http://10.180.1.21/identity/v3/projects/1467eaea57f544a59494d820eb46f282 0.058s
2024-12-12 02:09:39.306 66457 INFO tempest.lib.common.rest_client [req-eab5a1bb-dd43-45be-bdb5-a116920ae6e1 req-eab5a1bb-dd43-45be-bdb5-a116920ae6e1 ] Request (VolumesAssistedSnapshotsTest:tearDownClass): 200 GET http://10.180.1.21/compute/v2.1/servers/7c309611-0761-44d2-9e85-7cfc19e38f2e 0.067s
2024-12-12 02:09:39.307 66411 INFO tempest.lib.common.rest_client [req-7c2acaf8-9dff-49c0-99c8-bce511d26001 req-7c2acaf8-9dff-49c0-99c8-bce511d26001 ] Request (MultipleCreateTestJSON:test_multiple_create_with_reservation_return): 200 GET http://10.180.1.21/compute/v2.1/servers/1f4943ad-817a-4307-8f54-af4259b1656d 0.104s
2024-12-12 02:09:39.344 66403 INFO tempest.lib.common.rest_client [req-988362b4-dc1a-49cf-9198-6372787e9653 req-988362b4-dc1a-49cf-9198-6372787e9653 ] Request (AbsoluteLimitsTestJSON:setUpClass): 201 POST http://10.180.1.21/identity/v3/auth/tokens 0.056s
2024-12-12 02:09:39.373 66403 INFO tempest.lib.common.rest_client [req-3bc89027-9b12-4971-a2f4-6160688eb0d8 req-3bc89027-9b12-4971-a2f4-6160688eb0d8 ] Request (AbsoluteLimitsTestJSON:setUpClass): 201 POST http://10.180.1.21/identity/v3/auth/tokens 0.027s
2024-12-12 02:09:39.393 66425 INFO tempest.lib.common.rest_client [req-537f2ade-c70a-4179-afc8-caad54ed49e6 req-537f2ade-c70a-4179-afc8-caad54ed49e6 ] Request (FloatingIPsAssociationTestJSON:tearDownClass): 200 GET http://10.180.1.21/compute/v2.1/servers/3d6e0ca9-e07c-4a0b-a267-8056755c23b6 0.060s
2024-12-12 02:09:39.395 66411 INFO tempest.lib.common.rest_client [req-4c32f7b2-f2fd-4059-939b-d37730870930 req-4c32f7b2-f2fd-4059-939b-d37730870930 ] Request (MultipleCreateTestJSON:tearDownClass): 204 DELETE http://10.180.1.21/compute/v2.1/servers/1f4943ad-817a-4307-8f54-af4259b1656d 0.078s
2024-12-12 02:09:39.401 66403 INFO tempest.lib.common.rest_client [req-9fbc8136-222f-4fc1-9af2-3c38f4735f9e req-9fbc8136-222f-4fc1-9af2-3c38f4735f9e ] Request (AbsoluteLimitsTestJSON:setUpClass): 200 GET http://10.180.1.21/identity/v3/domains?name=Default 0.027s
2024-12-12 02:09:39.429 66403 INFO tempest.lib.common.rest_client [req-de0ca631-22ee-4d73-86fa-8726e1bd0d53 req-de0ca631-22ee-4d73-86fa-8726e1bd0d53 ] Request (AbsoluteLimitsTestJSON:setUpClass): 201 POST http://10.180.1.21/identity/v3/projects 0.028s
2024-12-12 02:09:39.444 66407 INFO tempest.lib.common.rest_client [req-6585c8b8-c1be-4c70-b07b-c9dc661df09d req-6585c8b8-c1be-4c70-b07b-c9dc661df09d ] Request (DeleteServersTestJSON:test_delete_server_while_in_attached_volume): 200 GET http://10.180.1.21/compute/v2.1/servers/2f7db407-6f70-491e-bda9-1221dcf535e5 0.061s
2024-12-12 02:09:39.464 66411 INFO tempest.lib.common.rest_client [req-9497a0ed-7e86-4a5b-948f-b83b4d2d73aa req-9497a0ed-7e86-4a5b-948f-b83b4d2d73aa ] Request (MultipleCreateTestJSON:tearDownClass): 204 DELETE http://10.180.1.21/compute/v2.1/servers/7cc92005-410a-44ac-b7cd-c39e39a0bedf 0.069s
2024-12-12 02:09:39.485 66403 INFO tempest.lib.common.rest_client [req-ac6cf759-3499-4871-af4f-41b1e101c083 req-ac6cf759-3499-4871-af4f-41b1e101c083 ] Request (AbsoluteLimitsTestJSON:setUpClass): 201 POST http://10.180.1.21/identity/v3/users 0.055s
2024-12-12 02:09:39.501 66429 INFO tempest.lib.common.rest_client [req-881750a7-29c3-41c3-af2c-736ccc8992d0 req-881750a7-29c3-41c3-af2c-736ccc8992d0 ] Request (SecurityGroupsTestJSON:test_server_security_groups): 200 GET http://10.180.1.21/compute/v2.1/servers/9d16b26f-0eba-430d-83f5-9de7942717c7 0.069s
2024-12-12 02:09:39.507 66403 INFO tempest.lib.common.rest_client [req-2671d2e6-32f9-4ec1-b399-bb464543bf1f req-2671d2e6-32f9-4ec1-b399-bb464543bf1f ] Request (AbsoluteLimitsTestJSON:setUpClass): 200 GET http://10.180.1.21/identity/v3/roles 0.021s
2024-12-12 02:09:39.550 66403 INFO tempest.lib.common.rest_client [req-8efb0ccd-49d6-430a-82fc-762c82b1f1fe req-8efb0ccd-49d6-430a-82fc-762c82b1f1fe ] Request (AbsoluteLimitsTestJSON:setUpClass): 204 PUT http://10.180.1.21/identity/v3/projects/0ceeb129082147b1bcf3a4fa483dfcd6/users/2a36a6939baa404b8a67da8fcde4760f/roles/eea9006657f4425d85358c47e83df7b6 0.043s
2024-12-12 02:09:39.551 66403 INFO tempest.lib.common.dynamic_creds [-] Dynamic test user 2a36a6939baa404b8a67da8fcde4760f is created with scope project and roles: ['member']
2024-12-12 02:09:39.551 66403 INFO tempest.lib.common.dynamic_creds [-] Acquired dynamic creds: credentials: Credentials: {'domain_id': 'default', 'domain_name': 'Default', 'username': 'tempest-AbsoluteLimitsTestJSON-2143623445-project-member', 'project_domain_id': 'default', 'project_domain_name': 'Default', 'project_id': '0ceeb129082147b1bcf3a4fa483dfcd6', 'project_name': 'tempest-AbsoluteLimitsTestJSON-2143623445', 'tenant_id': '0ceeb129082147b1bcf3a4fa483dfcd6', 'tenant_name': 'tempest-AbsoluteLimitsTestJSON-2143623445', 'user_domain_id': 'default', 'user_domain_name': 'Default', 'user_id': '2a36a6939baa404b8a67da8fcde4760f', 'system': None}, Network: None, Subnet: None, Router: None
2024-12-12 02:09:39.551 66403 INFO tempest.lib.common.dynamic_creds [-] Created isolated network resources for: credentials: Credentials: {'domain_id': 'default', 'domain_name': 'Default', 'username': 'tempest-AbsoluteLimitsTestJSON-2143623445-project-member', 'project_domain_id': 'default', 'project_domain_name': 'Default', 'project_id': '0ceeb129082147b1bcf3a4fa483dfcd6', 'project_name': 'tempest-AbsoluteLimitsTestJSON-2143623445', 'tenant_id': '0ceeb129082147b1bcf3a4fa483dfcd6', 'tenant_name': 'tempest-AbsoluteLimitsTestJSON-2143623445', 'user_domain_id': 'default', 'user_domain_name': 'Default', 'user_id': '2a36a6939baa404b8a67da8fcde4760f', 'system': None}, Network: None, Subnet: None, Router: None
2024-12-12 02:09:39.558 66397 INFO tempest.lib.common.rest_client [req-5f2d767c-4995-4f71-813c-583e07b545db req-5f2d767c-4995-4f71-813c-583e07b545db ] Request (MigrationsAdminTest:test_list_migrations_in_flavor_resize_situation): 200 GET http://10.180.1.21/compute/v2.1/servers/450eebcc-7f93-4234-9b44-8f28d7c9b849 0.078s
2024-12-12 02:09:39.587 66411 INFO tempest.lib.common.rest_client [req-fcb5e9a8-88f3-4a5e-a330-a170721c8b56 req-fcb5e9a8-88f3-4a5e-a330-a170721c8b56 ] Request (MultipleCreateTestJSON:tearDownClass): 200 GET http://10.180.1.21/compute/v2.1/servers/1f4943ad-817a-4307-8f54-af4259b1656d 0.122s
2024-12-12 02:09:39.641 66403 INFO tempest.lib.common.rest_client [req-a773a567-c04b-4871-add3-0b2128cb69b1 req-a773a567-c04b-4871-add3-0b2128cb69b1 ] Request (AbsoluteLimitsTestJSON:setUpClass): 201 POST http://10.180.1.21/identity/v3/auth/tokens 0.083s
