2024-12-12 02:06:56.630 66439 INFO tempest.lib.common.dynamic_creds [-] Created isolated network resources for: credentials: Credentials: {'domain_id': 'default', 'domain_name': 'Default', 'username': 'tempest-HypervisorAdminV228Test-739027642-project-member', 'project_domain_id': 'default', 'project_domain_name': 'Default', 'project_id': '31524ed6174e481dac14a3c3eaac6cda', 'project_name': 'tempest-HypervisorAdminV228Test-739027642', 'tenant_id': '31524ed6174e481dac14a3c3eaac6cda', 'tenant_name': 'tempest-HypervisorAdminV228Test-739027642', 'user_domain_id': 'default', 'user_domain_name': 'Default', 'user_id': '2d5cab20a0ae411aaaa1aebad9e39f54', 'system': None}, Network: None, Subnet: None, Router: None
2024-12-12 02:06:56.673 66450 INFO tempest.lib.common.rest_client [req-caf8d2ea-9ae2-4146-9a85-be58d7027032 req-caf8d2ea-9ae2-4146-9a85-be58d7027032 ] Request (ImagesMetadataTestJSON:setUpClass): 201 POST http://10.180.1.21/image/v2/images 1.251s
2024-12-12 02:06:56.698 66423 INFO tempest.lib.common.rest_client [req-79165dbc-db02-4dc3-8532-dbefbfa825bd req-79165dbc-db02-4dc3-8532-dbefbfa825bd ] Request (QuotasAdminTestV257:test_get_updated_quotas): 200 PUT http://10.180.1.21/compute/v2.1/os-quota-sets/035d034ae2ac42a28cdae44b69b2d5ba?user_id=5fc78bb235b04b72a75d1713288f23ce 2.083s
2024-12-12 02:06:56.706 66433 INFO tempest.lib.common.rest_client [req-5bef3448-2139-4a93-80db-2ff5a7de0503 req-5bef3448-2139-4a93-80db-2ff5a7de0503 ] Request (ServersAdminNegativeTestJSON:setUpClass): 200 GET http://10.180.1.21/identity/v3/roles 0.244s
2024-12-12 02:06:56.721 66417 INFO tempest.lib.common.rest_client [req-f07ccf87-238b-47bf-b5ed-76ce89c9f255 req-f07ccf87-238b-47bf-b5ed-76ce89c9f255 ] Request (ServerExternalEventsTest:setUpClass): 201 POST http://10.180.1.21/identity/v3/projects 0.173s
2024-12-12 02:06:56.734 66403 INFO tempest.lib.common.rest_client [req-e4be3b65-e750-439d-b1f8-f67befa7471d req-e4be3b65-e750-439d-b1f8-f67befa7471d ] Request (FlavorsAccessNegativeTestJSON:_run_cleanups): 202 DELETE http://10.180.1.21/compute/v2.1/flavors/415559598 1.977s
2024-12-12 02:06:56.809 66419 INFO tempest.lib.common.rest_client [req-8c6b8249-858f-4135-a1e7-e0f643bfa594 req-8c6b8249-858f-4135-a1e7-e0f643bfa594 ] Request (ServerDiagnosticsV248Test:setUpClass): 204 PUT http://10.180.1.21/identity/v3/projects/acdaf52d193c4a1da9fedb78e062f9f6/users/ff1192e2378c4fc18383d02a11a48b70/roles/eea9006657f4425d85358c47e83df7b6 0.239s
2024-12-12 02:06:56.809 66419 INFO tempest.lib.common.dynamic_creds [-] Dynamic test user ff1192e2378c4fc18383d02a11a48b70 is created with scope project and roles: ['member']
2024-12-12 02:06:56.809 66419 INFO tempest.lib.common.dynamic_creds [-] Acquired dynamic creds: credentials: Credentials: {'domain_id': 'default', 'domain_name': 'Default', 'username': 'tempest-ServerDiagnosticsV248Test-287900862-project-member', 'project_domain_id': 'default', 'project_domain_name': 'Default', 'project_id': 'acdaf52d193c4a1da9fedb78e062f9f6', 'project_name': 'tempest-ServerDiagnosticsV248Test-287900862', 'tenant_id': 'acdaf52d193c4a1da9fedb78e062f9f6', 'tenant_name': 'tempest-ServerDiagnosticsV248Test-287900862', 'user_domain_id': 'default', 'user_domain_name': 'Default', 'user_id': 'ff1192e2378c4fc18383d02a11a48b70', 'system': None}, Network: None, Subnet: None, Router: None
2024-12-12 02:06:56.809 66419 INFO tempest.lib.common.dynamic_creds [-] Created isolated network resources for: credentials: Credentials: {'domain_id': 'default', 'domain_name': 'Default', 'username': 'tempest-ServerDiagnosticsV248Test-287900862-project-member', 'project_domain_id': 'default', 'project_domain_name': 'Default', 'project_id': 'acdaf52d193c4a1da9fedb78e062f9f6', 'project_name': 'tempest-ServerDiagnosticsV248Test-287900862', 'tenant_id': 'acdaf52d193c4a1da9fedb78e062f9f6', 'tenant_name': 'tempest-ServerDiagnosticsV248Test-287900862', 'user_domain_id': 'default', 'user_domain_name': 'Default', 'user_id': 'ff1192e2378c4fc18383d02a11a48b70', 'system': None}, Network: None, Subnet: None, Router: None
2024-12-12 02:06:56.834 66439 INFO tempest.lib.common.rest_client [req-02d569bb-b0cf-4685-8786-293a56769161 req-02d569bb-b0cf-4685-8786-293a56769161 ] Request (HypervisorAdminV228Test:setUpClass): 201 POST http://10.180.1.21/identity/v3/auth/tokens 0.196s
2024-12-12 02:06:56.846 66421 INFO tempest.lib.common.rest_client [req-c09c09be-49f4-48e9-8504-46fa9f12c483 req-c09c09be-49f4-48e9-8504-46fa9f12c483 ] Request (HypervisorAdminNegativeTestJSON:tearDownClass): 200 GET http://10.180.1.21:9696/networking/v2.0/security-groups?tenant_id=7c5c144dffee4544a5391b410e7be335&name=default 0.551s
2024-12-12 02:06:56.870 66455 INFO tempest.lib.common.rest_client [req-9ebf2bcc-9a1f-4500-9094-43489681c964 req-9ebf2bcc-9a1f-4500-9094-43489681c964 ] Request (ServersAdmin275Test:test_rebuild_update_server_275): 200 GET http://10.180.1.21/compute/v2.1/servers/68f6940a-7897-4c93-af54-ff65a55aa587 1.970s
2024-12-12 02:06:56.885 66455 INFO tempest.common.waiters [-] State transition "BUILD/None" ==> "BUILD/block_device_mapping" after 7 second wait
2024-12-12 02:06:56.914 66433 INFO tempest.lib.common.rest_client [req-421bd879-6312-4c72-b093-8ecb64920d91 req-421bd879-6312-4c72-b093-8ecb64920d91 ] Request (ServersAdminNegativeTestJSON:setUpClass): 204 PUT http://10.180.1.21/identity/v3/projects/bdc8c636dc9b4a7fbb3b9e8029edacb5/users/3f2bb89f650a477b8476f8232ae69aa9/roles/eea9006657f4425d85358c47e83df7b6 0.208s
2024-12-12 02:06:56.915 66433 INFO tempest.lib.common.dynamic_creds [-] Dynamic test user 3f2bb89f650a477b8476f8232ae69aa9 is created with scope project and roles: ['member']
2024-12-12 02:06:56.915 66433 INFO tempest.lib.common.dynamic_creds [-] Acquired dynamic creds: credentials: Credentials: {'domain_id': 'default', 'domain_name': 'Default', 'username': 'tempest-ServersAdminNegativeTestJSON-802484213-project-member', 'project_domain_id': 'default', 'project_domain_name': 'Default', 'project_id': 'bdc8c636dc9b4a7fbb3b9e8029edacb5', 'project_name': 'tempest-ServersAdminNegativeTestJSON-802484213', 'tenant_id': 'bdc8c636dc9b4a7fbb3b9e8029edacb5', 'tenant_name': 'tempest-ServersAdminNegativeTestJSON-802484213', 'user_domain_id': 'default', 'user_domain_name': 'Default', 'user_id': '3f2bb89f650a477b8476f8232ae69aa9', 'system': None}, Network: None, Subnet: None, Router: None
2024-12-12 02:06:56.915 66433 INFO tempest.lib.common.dynamic_creds [-] Created isolated network resources for: credentials: Credentials: {'domain_id': 'default', 'domain_name': 'Default', 'username': 'tempest-ServersAdminNegativeTestJSON-802484213-project-member', 'project_domain_id': 'default', 'project_domain_name': 'Default', 'project_id': 'bdc8c636dc9b4a7fbb3b9e8029edacb5', 'project_name': 'tempest-ServersAdminNegativeTestJSON-802484213', 'tenant_id': 'bdc8c636dc9b4a7fbb3b9e8029edacb5', 'tenant_name': 'tempest-ServersAdminNegativeTestJSON-802484213', 'user_domain_id': 'default', 'user_domain_name': 'Default', 'user_id': '3f2bb89f650a477b8476f8232ae69aa9', 'system': None}, Network: None, Subnet: None, Router: None
2024-12-12 02:06:56.927 66417 INFO tempest.lib.common.rest_client [req-ab12a55a-5e02-4e13-be90-b3e8cd04dde7 req-ab12a55a-5e02-4e13-be90-b3e8cd04dde7 ] Request (ServerExternalEventsTest:setUpClass): 201 POST http://10.180.1.21/identity/v3/users 0.206s
2024-12-12 02:06:56.965 66429 INFO tempest.lib.common.rest_client [req-d20f2401-9300-4731-aef0-980a5f635d62 req-d20f2401-9300-4731-aef0-980a5f635d62 ] Request (SecurityGroupsTestJSON:test_list_security_groups_by_server): 200 GET http://10.180.1.21/compute/v2.1/servers/66cf1b6b-808a-4fa3-9535-801f067229c3 1.857s
2024-12-12 02:06:56.989 66445 INFO tempest.lib.common.rest_client [req-5f8cffea-de1f-47b9-a259-e38e206c90d5 req-5f8cffea-de1f-47b9-a259-e38e206c90d5 ] Request (AggregatesAdminNegativeTestJSON:test_aggregate_add_non_exist_host): 404 POST http://10.180.1.21/compute/v2.1/os-aggregates/3/action 1.845s
2024-12-12 02:06:57.010 66439 INFO tempest.lib.common.rest_client [req-c96ff5ec-2861-4d9c-9cf0-ef75bb60cb13 req-c96ff5ec-2861-4d9c-9cf0-ef75bb60cb13 ] Request (HypervisorAdminV228Test:setUpClass): 201 POST http://10.180.1.21/identity/v3/projects 0.173s
2024-12-12 02:06:57.022 66411 INFO tempest.lib.common.rest_client [req-659cdfa1-7172-4421-97b0-8d7affd25c49 req-659cdfa1-7172-4421-97b0-8d7affd25c49 ] Request (MultipleCreateTestJSON:setUpClass): 200 PUT http://10.180.1.21:9696/networking/v2.0/routers/3b8a94f8-a1e7-4544-a9f0-0950189a3a39/add_router_interface 3.539s
2024-12-12 02:06:57.023 66411 INFO tempest.lib.common.dynamic_creds [-] Created isolated network resources for: credentials: Credentials: {'domain_id': 'default', 'domain_name': 'Default', 'username': 'tempest-MultipleCreateTestJSON-2074675706-project-member', 'project_domain_id': 'default', 'project_domain_name': 'Default', 'project_id': '86488e9d0b4d41808bf8dc36c14dd161', 'project_name': 'tempest-MultipleCreateTestJSON-2074675706', 'tenant_id': '86488e9d0b4d41808bf8dc36c14dd161', 'tenant_name': 'tempest-MultipleCreateTestJSON-2074675706', 'user_domain_id': 'default', 'user_domain_name': 'Default', 'user_id': '098dd82befba4cd68832bb7d7b42c422', 'system': None}, Network: {'id': 'e27660d9-7cdd-442e-8263-1f744e0bcc62', 'name': 'tempest-MultipleCreateTestJSON-59556262-network', 'tenant_id': '86488e9d0b4d41808bf8dc36c14dd161', 'admin_state_up': True, 'mtu': 8950, 'status': 'ACTIVE', 'subnets': [], 'shared': False, 'project_id': '86488e9d0b4d41808bf8dc36c14dd161', 'port_security_enabled': True, 'router:external': False, 'provider:network_type': 'vlan', 'provider:physical_network': 'default', 'provider:segmentation_id': 736, 'availability_zone_hints': [], 'availability_zones': [], 'ipv4_address_scope': None, 'ipv6_address_scope': None, 'description': '', 'tags': [], 'created_at': '2024-12-12T02:06:49Z', 'updated_at': '2024-12-12T02:06:50Z', 'revision_number': 1}, Subnet: {'id': 'a3712375-d559-4c12-98a5-ef4b39de5fbb', 'name': 'tempest-MultipleCreateTestJSON-59556262-subnet', 'tenant_id': '86488e9d0b4d41808bf8dc36c14dd161', 'network_id': 'e27660d9-7cdd-442e-8263-1f744e0bcc62', 'ip_version': 4, 'subnetpool_id': None, 'enable_dhcp': True, 'ipv6_ra_mode': None, 'ipv6_address_mode': None, 'gateway_ip': '192.168.128.1', 'cidr': '192.168.128.0/28', 'allocation_pools': [{'start': '192.168.128.2', 'end': '192.168.128.14'}], 'host_routes': [], 'dns_nameservers': [], 'description': '', 'router:external': False, 'service_types': [], 'tags': [], 'created_at': '2024-12-12T02:06:50Z', 'updated_at': '2024-12-12T02:06:50Z', 'revision_number': 0, 'project_id': '86488e9d0b4d41808bf8dc36c14dd161'}, Router: {'id': '3b8a94f8-a1e7-4544-a9f0-0950189a3a39', 'name': 'tempest-MultipleCreateTestJSON-59556262-router', 'tenant_id': '86488e9d0b4d41808bf8dc36c14dd161', 'admin_state_up': True, 'status': 'ACTIVE', 'external_gateway_info': {'network_id': 'fa4d2e81-f4e8-4ff9-9f16-4229f487995e', 'external_fixed_ips': [{'subnet_id': 'e284e218-181c-464f-895a-131e20775516', 'ip_address': '10.180.180.130'}], 'enable_snat': True}, 'description': '', 'availability_zones': [], 'distributed': False, 'ha': False, 'availability_zone_hints': [], 'routes': [], 'flavor_id': None, 'tags': [], 'created_at': '2024-12-12T02:06:51Z', 'updated_at': '2024-12-12T02:06:52Z', 'revision_number': 2, 'project_id': '86488e9d0b4d41808bf8dc36c14dd161'}
2024-12-12 02:06:57.028 66419 INFO tempest.lib.common.rest_client [req-af7d330e-d803-4100-a7f4-6db20da17974 req-af7d330e-d803-4100-a7f4-6db20da17974 ] Request (ServerDiagnosticsV248Test:setUpClass): 201 POST http://10.180.1.21/identity/v3/auth/tokens 0.213s
2024-12-12 02:06:57.106 66433 INFO tempest.lib.common.rest_client [req-add4cbb7-eb89-44f7-9cbf-8cc5a82d80c5 req-add4cbb7-eb89-44f7-9cbf-8cc5a82d80c5 ] Request (ServersAdminNegativeTestJSON:setUpClass): 201 POST http://10.180.1.21/identity/v3/auth/tokens 0.186s
2024-12-12 02:06:57.159 66417 INFO tempest.lib.common.rest_client [req-e037cc84-635c-4a42-83e0-80ff5cab6cf8 req-e037cc84-635c-4a42-83e0-80ff5cab6cf8 ] Request (ServerExternalEventsTest:setUpClass): 200 GET http://10.180.1.21/identity/v3/roles 0.231s
2024-12-12 02:06:57.184 66421 INFO tempest.lib.common.rest_client [req-1da337a3-fce4-4add-aa4c-19986908c5a4 req-1da337a3-fce4-4add-aa4c-19986908c5a4 ] Request (HypervisorAdminNegativeTestJSON:tearDownClass): 204 DELETE http://10.180.1.21:9696/networking/v2.0/security-groups/a5de928d-190e-4715-acee-1bf4b80c8360 0.337s
2024-12-12 02:06:57.207 66439 INFO tempest.lib.common.rest_client [req-d2765bf5-aef6-4c53-9561-0a1239306922 req-d2765bf5-aef6-4c53-9561-0a1239306922 ] Request (HypervisorAdminV228Test:setUpClass): 201 POST http://10.180.1.21/identity/v3/users 0.197s
2024-12-12 02:06:57.214 66419 INFO tempest.lib.common.rest_client [req-59271084-845b-4f43-b18c-bb3b0f0cf952 req-59271084-845b-4f43-b18c-bb3b0f0cf952 ] Request (ServerDiagnosticsV248Test:setUpClass): 201 POST http://10.180.1.21/identity/v3/projects 0.186s
2024-12-12 02:06:57.273 66411 INFO tempest.lib.common.rest_client [req-f2bf9bf4-9dc8-4c2c-a984-438b72b76794 req-f2bf9bf4-9dc8-4c2c-a984-438b72b76794 ] Request (MultipleCreateTestJSON:setUpClass): 201 POST http://10.180.1.21/identity/v3/auth/tokens 0.241s
2024-12-12 02:06:57.284 66397 INFO tempest.lib.common.rest_client [req-70ce9e28-2fd6-4aef-8651-862af7f6a167 req-70ce9e28-2fd6-4aef-8651-862af7f6a167 ] Request (DeleteServersAdminTestJSON:test_admin_delete_servers_of_others): 200 GET http://10.180.1.21/compute/v2.1/servers/2e819518-8931-4111-bf02-3e2a1acea7e0 2.072s
2024-12-12 02:06:57.293 66397 INFO tempest.common.waiters [-] State transition "BUILD/block_device_mapping" ==> "BUILD/spawning" after 9 second wait
2024-12-12 02:06:57.302 66431 INFO tempest.lib.common.rest_client [req-83c4fb24-a633-46bc-82db-6b22899dba16 req-83c4fb24-a633-46bc-82db-6b22899dba16 ] Request (FlavorsAccessTestJSON:_run_cleanups): 202 DELETE http://10.180.1.21/compute/v2.1/flavors/1756057497 1.750s
2024-12-12 02:06:57.335 66433 INFO tempest.lib.common.rest_client [req-2b384b66-f91a-4093-9756-551b168d4972 req-2b384b66-f91a-4093-9756-551b168d4972 ] Request (ServersAdminNegativeTestJSON:setUpClass): 201 POST http://10.180.1.21/identity/v3/projects 0.229s
2024-12-12 02:06:57.342 66417 INFO tempest.lib.common.rest_client [req-d78f88e6-70b1-4a63-833c-510ee687ac00 req-d78f88e6-70b1-4a63-833c-510ee687ac00 ] Request (ServerExternalEventsTest:setUpClass): 204 PUT http://10.180.1.21/identity/v3/projects/cdd45fc586f642ce8948a35469d9f525/users/c5953468505b46dfa3bd9beb92023cc0/roles/55078680882b4828a6a80d999e73f610 0.183s
2024-12-12 02:06:57.393 66439 INFO tempest.lib.common.rest_client [req-34a68a9c-bcc4-46d1-af89-012d8412dba5 req-34a68a9c-bcc4-46d1-af89-012d8412dba5 ] Request (HypervisorAdminV228Test:setUpClass): 200 GET http://10.180.1.21/identity/v3/roles 0.185s
2024-12-12 02:06:57.413 66419 INFO tempest.lib.common.rest_client [req-5b1e0bb4-5029-4778-8189-b60c864a9c7e req-5b1e0bb4-5029-4778-8189-b60c864a9c7e ] Request (ServerDiagnosticsV248Test:setUpClass): 201 POST http://10.180.1.21/identity/v3/users 0.198s
2024-12-12 02:06:57.482 66411 INFO tempest.lib.common.rest_client [req-dc8f7e41-ba7a-42a8-8daa-9b333d34c310 req-dc8f7e41-ba7a-42a8-8daa-9b333d34c310 ] Request (MultipleCreateTestJSON:test_multiple_create): 201 POST http://10.180.1.21/identity/v3/auth/tokens 0.201s
2024-12-12 02:06:57.483 66411 INFO tempest.lib.common.fixed_network [-] (MultipleCreateTestJSON:test_multiple_create) Found network {'id': 'e27660d9-7cdd-442e-8263-1f744e0bcc62', 'name': 'tempest-MultipleCreateTestJSON-59556262-network', 'tenant_id': '86488e9d0b4d41808bf8dc36c14dd161', 'admin_state_up': True, 'mtu': 8950, 'status': 'ACTIVE', 'subnets': [], 'shared': False, 'project_id': '86488e9d0b4d41808bf8dc36c14dd161', 'port_security_enabled': True, 'router:external': False, 'provider:network_type': 'vlan', 'provider:physical_network': 'default', 'provider:segmentation_id': 736, 'availability_zone_hints': [], 'availability_zones': [], 'ipv4_address_scope': None, 'ipv6_address_scope': None, 'description': '', 'tags': [], 'created_at': '2024-12-12T02:06:49Z', 'updated_at': '2024-12-12T02:06:50Z', 'revision_number': 1} available for tenant
2024-12-12 02:06:57.503 66421 INFO tempest.lib.common.rest_client [req-550c9c8b-bb60-4002-ba50-d1ec3b1faa44 req-550c9c8b-bb60-4002-ba50-d1ec3b1faa44 ] Request (HypervisorAdminNegativeTestJSON:tearDownClass): 204 DELETE http://10.180.1.21/identity/v3/projects/7c5c144dffee4544a5391b410e7be335 0.319s
2024-12-12 02:06:57.504 66421 INFO tempest.lib.common.dynamic_creds [-] Deleting project and security group for project: f0dacabf2a6a4ba49dac39e37be3f533
2024-12-12 02:06:57.608 66433 INFO tempest.lib.common.rest_client [req-3cc62a92-4212-4ea3-a637-08c31be9f931 req-3cc62a92-4212-4ea3-a637-08c31be9f931 ] Request (ServersAdminNegativeTestJSON:setUpClass): 201 POST http://10.180.1.21/identity/v3/users 0.272s
2024-12-12 02:06:57.640 66417 INFO tempest.lib.common.rest_client [req-7ce3f5e3-268d-490c-a96d-3dbca8735b74 req-7ce3f5e3-268d-490c-a96d-3dbca8735b74 ] Request (ServerExternalEventsTest:setUpClass): 200 GET http://10.180.1.21/identity/v3/roles 0.297s
2024-12-12 02:06:57.675 66439 INFO tempest.lib.common.rest_client [req-6da9282e-c21b-4fd1-876e-41b37b722d98 req-6da9282e-c21b-4fd1-876e-41b37b722d98 ] Request (HypervisorAdminV228Test:setUpClass): 204 PUT http://10.180.1.21/identity/v3/projects/8c37db7ca36b47ab8eedcf944e60cbff/users/ac8952520b22436eb8651c22e4b7c580/roles/55078680882b4828a6a80d999e73f610 0.281s
2024-12-12 02:06:57.680 66419 INFO tempest.lib.common.rest_client [req-de824dd4-a7fe-407a-a2b9-6b5df4f4554a req-de824dd4-a7fe-407a-a2b9-6b5df4f4554a ] Request (ServerDiagnosticsV248Test:setUpClass): 200 GET http://10.180.1.21/identity/v3/roles 0.266s
2024-12-12 02:06:57.741 66433 INFO tempest.lib.common.rest_client [req-512823f8-a434-45de-b2d4-5280f4a9b617 req-512823f8-a434-45de-b2d4-5280f4a9b617 ] Request (ServersAdminNegativeTestJSON:setUpClass): 200 GET http://10.180.1.21/identity/v3/roles 0.132s
2024-12-12 02:06:57.756 66417 INFO tempest.lib.common.rest_client [req-ca6ba425-1193-42b5-a9bf-523037138c90 req-ca6ba425-1193-42b5-a9bf-523037138c90 ] Request (ServerExternalEventsTest:setUpClass): 204 PUT http://10.180.1.21/identity/v3/projects/cdd45fc586f642ce8948a35469d9f525/users/c5953468505b46dfa3bd9beb92023cc0/roles/55078680882b4828a6a80d999e73f610 0.115s
2024-12-12 02:06:57.756 66417 INFO tempest.lib.common.dynamic_creds [-] Dynamic test user c5953468505b46dfa3bd9beb92023cc0 is created with scope project and roles: ['admin']
2024-12-12 02:06:57.756 66417 INFO tempest.lib.common.dynamic_creds [-] Acquired dynamic creds: credentials: Credentials: {'domain_id': 'default', 'domain_name': 'Default', 'username': 'tempest-ServerExternalEventsTest-715583909-project-admin', 'project_domain_id': 'default', 'project_domain_name': 'Default', 'project_id': 'cdd45fc586f642ce8948a35469d9f525', 'project_name': 'tempest-ServerExternalEventsTest-715583909', 'tenant_id': 'cdd45fc586f642ce8948a35469d9f525', 'tenant_name': 'tempest-ServerExternalEventsTest-715583909', 'user_domain_id': 'default', 'user_domain_name': 'Default', 'user_id': 'c5953468505b46dfa3bd9beb92023cc0', 'system': None}, Network: None, Subnet: None, Router: None
2024-12-12 02:06:57.756 66417 INFO tempest.lib.common.dynamic_creds [-] Created isolated network resources for: credentials: Credentials: {'domain_id': 'default', 'domain_name': 'Default', 'username': 'tempest-ServerExternalEventsTest-715583909-project-admin', 'project_domain_id': 'default', 'project_domain_name': 'Default', 'project_id': 'cdd45fc586f642ce8948a35469d9f525', 'project_name': 'tempest-ServerExternalEventsTest-715583909', 'tenant_id': 'cdd45fc586f642ce8948a35469d9f525', 'tenant_name': 'tempest-ServerExternalEventsTest-715583909', 'user_domain_id': 'default', 'user_domain_name': 'Default', 'user_id': 'c5953468505b46dfa3bd9beb92023cc0', 'system': None}, Network: None, Subnet: None, Router: None
2024-12-12 02:06:57.762 66421 INFO tempest.lib.common.rest_client [req-c4273a0a-de16-41f1-a136-e1fd4dd765a4 req-c4273a0a-de16-41f1-a136-e1fd4dd765a4 ] Request (HypervisorAdminNegativeTestJSON:tearDownClass): 200 GET http://10.180.1.21:9696/networking/v2.0/security-groups?tenant_id=f0dacabf2a6a4ba49dac39e37be3f533&name=default 0.258s
2024-12-12 02:06:57.804 66439 INFO tempest.lib.common.rest_client [req-1a184051-15d6-4faf-ab8a-87440493a9c4 req-1a184051-15d6-4faf-ab8a-87440493a9c4 ] Request (HypervisorAdminV228Test:setUpClass): 200 GET http://10.180.1.21/identity/v3/roles 0.129s
2024-12-12 02:06:57.828 66419 INFO tempest.lib.common.rest_client [req-55cc681c-bf86-4058-a1e2-0d17ce8d54be req-55cc681c-bf86-4058-a1e2-0d17ce8d54be ] Request (ServerDiagnosticsV248Test:setUpClass): 204 PUT http://10.180.1.21/identity/v3/projects/82169a0c191b49e595143b0ba3d09e1c/users/e31616c1487a4a1cbf02b6c2008048c7/roles/55078680882b4828a6a80d999e73f610 0.147s
2024-12-12 02:06:57.836 66433 INFO tempest.lib.common.rest_client [req-ced0bb6a-09b4-4242-b8ae-86c7a6970124 req-ced0bb6a-09b4-4242-b8ae-86c7a6970124 ] Request (ServersAdminNegativeTestJSON:setUpClass): 204 PUT http://10.180.1.21/identity/v3/projects/a76f2223637642698d00832159721981/users/64585221a1bd4488a7aa875c617e4971/roles/55078680882b4828a6a80d999e73f610 0.095s
2024-12-12 02:06:57.901 66417 INFO tempest.lib.common.rest_client [req-a41fcafe-b425-463b-9de7-04157728d610 req-a41fcafe-b425-463b-9de7-04157728d610 ] Request (ServerExternalEventsTest:setUpClass): 201 POST http://10.180.1.21/identity/v3/auth/tokens 0.139s
2024-12-12 02:06:57.930 66439 INFO tempest.lib.common.rest_client [req-fbd23198-5364-4479-98ce-523db9ebed99 req-fbd23198-5364-4479-98ce-523db9ebed99 ] Request (HypervisorAdminV228Test:setUpClass): 204 PUT http://10.180.1.21/identity/v3/projects/8c37db7ca36b47ab8eedcf944e60cbff/users/ac8952520b22436eb8651c22e4b7c580/roles/55078680882b4828a6a80d999e73f610 0.125s
2024-12-12 02:06:57.930 66439 INFO tempest.lib.common.dynamic_creds [-] Dynamic test user ac8952520b22436eb8651c22e4b7c580 is created with scope project and roles: ['admin']
2024-12-12 02:06:57.930 66439 INFO tempest.lib.common.dynamic_creds [-] Acquired dynamic creds: credentials: Credentials: {'domain_id': 'default', 'domain_name': 'Default', 'username': 'tempest-HypervisorAdminV228Test-852322094-project-admin', 'project_domain_id': 'default', 'project_domain_name': 'Default', 'project_id': '8c37db7ca36b47ab8eedcf944e60cbff', 'project_name': 'tempest-HypervisorAdminV228Test-852322094', 'tenant_id': '8c37db7ca36b47ab8eedcf944e60cbff', 'tenant_name': 'tempest-HypervisorAdminV228Test-852322094', 'user_domain_id': 'default', 'user_domain_name': 'Default', 'user_id': 'ac8952520b22436eb8651c22e4b7c580', 'system': None}, Network: None, Subnet: None, Router: None
2024-12-12 02:06:57.930 66439 INFO tempest.lib.common.dynamic_creds [-] Created isolated network resources for: credentials: Credentials: {'domain_id': 'default', 'domain_name': 'Default', 'username': 'tempest-HypervisorAdminV228Test-852322094-project-admin', 'project_domain_id': 'default', 'project_domain_name': 'Default', 'project_id': '8c37db7ca36b47ab8eedcf944e60cbff', 'project_name': 'tempest-HypervisorAdminV228Test-852322094', 'tenant_id': '8c37db7ca36b47ab8eedcf944e60cbff', 'tenant_name': 'tempest-HypervisorAdminV228Test-852322094', 'user_domain_id': 'default', 'user_domain_name': 'Default', 'user_id': 'ac8952520b22436eb8651c22e4b7c580', 'system': None}, Network: None, Subnet: None, Router: None
2024-12-12 02:06:57.975 66433 INFO tempest.lib.common.rest_client [req-a46727da-b670-4386-90ff-0083da31ba57 req-a46727da-b670-4386-90ff-0083da31ba57 ] Request (ServersAdminNegativeTestJSON:setUpClass): 200 GET http://10.180.1.21/identity/v3/roles 0.139s
2024-12-12 02:06:57.980 66419 INFO tempest.lib.common.rest_client [req-5736c3f0-cd2f-4e95-ab0d-3622146d5579 req-5736c3f0-cd2f-4e95-ab0d-3622146d5579 ] Request (ServerDiagnosticsV248Test:setUpClass): 200 GET http://10.180.1.21/identity/v3/roles 0.151s
2024-12-12 02:06:58.016 66417 INFO tempest.lib.common.rest_client [req-e4084e1f-cfcb-48b6-be56-37cf0209e6e9 req-e4084e1f-cfcb-48b6-be56-37cf0209e6e9 ] Request (ServerExternalEventsTest:setUpClass): 201 POST http://10.180.1.21/identity/v3/projects 0.113s
2024-12-12 02:06:58.083 66439 INFO tempest.lib.common.rest_client [req-f1e2e171-c5f8-40a6-b172-df76a5a70b0c req-f1e2e171-c5f8-40a6-b172-df76a5a70b0c ] Request (HypervisorAdminV228Test:setUpClass): 201 POST http://10.180.1.21/identity/v3/auth/tokens 0.149s
2024-12-12 02:06:58.116 66433 INFO tempest.lib.common.rest_client [req-32598fb1-f3e6-44da-be81-9304db8a9d24 req-32598fb1-f3e6-44da-be81-9304db8a9d24 ] Request (ServersAdminNegativeTestJSON:setUpClass): 204 PUT http://10.180.1.21/identity/v3/projects/a76f2223637642698d00832159721981/users/64585221a1bd4488a7aa875c617e4971/roles/55078680882b4828a6a80d999e73f610 0.141s
2024-12-12 02:06:58.117 66433 INFO tempest.lib.common.dynamic_creds [-] Dynamic test user 64585221a1bd4488a7aa875c617e4971 is created with scope project and roles: ['admin']
2024-12-12 02:06:58.117 66433 INFO tempest.lib.common.dynamic_creds [-] Acquired dynamic creds: credentials: Credentials: {'domain_id': 'default', 'domain_name': 'Default', 'username': 'tempest-ServersAdminNegativeTestJSON-1518192390-project-admin', 'project_domain_id': 'default', 'project_domain_name': 'Default', 'project_id': 'a76f2223637642698d00832159721981', 'project_name': 'tempest-ServersAdminNegativeTestJSON-1518192390', 'tenant_id': 'a76f2223637642698d00832159721981', 'tenant_name': 'tempest-ServersAdminNegativeTestJSON-1518192390', 'user_domain_id': 'default', 'user_domain_name': 'Default', 'user_id': '64585221a1bd4488a7aa875c617e4971', 'system': None}, Network: None, Subnet: None, Router: None
2024-12-12 02:06:58.117 66433 INFO tempest.lib.common.dynamic_creds [-] Created isolated network resources for: credentials: Credentials: {'domain_id': 'default', 'domain_name': 'Default', 'username': 'tempest-ServersAdminNegativeTestJSON-1518192390-project-admin', 'project_domain_id': 'default', 'project_domain_name': 'Default', 'project_id': 'a76f2223637642698d00832159721981', 'project_name': 'tempest-ServersAdminNegativeTestJSON-1518192390', 'tenant_id': 'a76f2223637642698d00832159721981', 'tenant_name': 'tempest-ServersAdminNegativeTestJSON-1518192390', 'user_domain_id': 'default', 'user_domain_name': 'Default', 'user_id': '64585221a1bd4488a7aa875c617e4971', 'system': None}, Network: None, Subnet: None, Router: None
2024-12-12 02:06:58.120 66441 INFO tempest.lib.common.rest_client [req-c98b296f-2f94-4874-a582-326db555ad27 req-c98b296f-2f94-4874-a582-326db555ad27 ] Request (VolumesAdminNegativeTest:test_update_attached_volume_with_nonexistent_volume_in_body): 201 POST http://10.180.1.21:9696/networking/v2.0/floatingips 1.910s
2024-12-12 02:06:58.168 66419 INFO tempest.lib.common.rest_client [req-62670d1f-3cee-4eba-862e-00a50e0e663e req-62670d1f-3cee-4eba-862e-00a50e0e663e ] Request (ServerDiagnosticsV248Test:setUpClass): 204 PUT http://10.180.1.21/identity/v3/projects/82169a0c191b49e595143b0ba3d09e1c/users/e31616c1487a4a1cbf02b6c2008048c7/roles/55078680882b4828a6a80d999e73f610 0.187s
2024-12-12 02:06:58.170 66419 INFO tempest.lib.common.dynamic_creds [-] Dynamic test user e31616c1487a4a1cbf02b6c2008048c7 is created with scope project and roles: ['admin']
2024-12-12 02:06:58.170 66419 INFO tempest.lib.common.dynamic_creds [-] Acquired dynamic creds: credentials: Credentials: {'domain_id': 'default', 'domain_name': 'Default', 'username': 'tempest-ServerDiagnosticsV248Test-203212457-project-admin', 'project_domain_id': 'default', 'project_domain_name': 'Default', 'project_id': '82169a0c191b49e595143b0ba3d09e1c', 'project_name': 'tempest-ServerDiagnosticsV248Test-203212457', 'tenant_id': '82169a0c191b49e595143b0ba3d09e1c', 'tenant_name': 'tempest-ServerDiagnosticsV248Test-203212457', 'user_domain_id': 'default', 'user_domain_name': 'Default', 'user_id': 'e31616c1487a4a1cbf02b6c2008048c7', 'system': None}, Network: None, Subnet: None, Router: None
2024-12-12 02:06:58.170 66419 INFO tempest.lib.common.dynamic_creds [-] Created isolated network resources for: credentials: Credentials: {'domain_id': 'default', 'domain_name': 'Default', 'username': 'tempest-ServerDiagnosticsV248Test-203212457-project-admin', 'project_domain_id': 'default', 'project_domain_name': 'Default', 'project_id': '82169a0c191b49e595143b0ba3d09e1c', 'project_name': 'tempest-ServerDiagnosticsV248Test-203212457', 'tenant_id': '82169a0c191b49e595143b0ba3d09e1c', 'tenant_name': 'tempest-ServerDiagnosticsV248Test-203212457', 'user_domain_id': 'default', 'user_domain_name': 'Default', 'user_id': 'e31616c1487a4a1cbf02b6c2008048c7', 'system': None}, Network: None, Subnet: None, Router: None
2024-12-12 02:06:58.179 66421 INFO tempest.lib.common.rest_client [req-5c1ab015-8262-4517-8049-860d2fd71d49 req-5c1ab015-8262-4517-8049-860d2fd71d49 ] Request (HypervisorAdminNegativeTestJSON:tearDownClass): 204 DELETE http://10.180.1.21:9696/networking/v2.0/security-groups/810a06df-5537-4e7c-9c64-d2dd12ad8cc8 0.417s
2024-12-12 02:06:58.188 66417 INFO tempest.lib.common.rest_client [req-cf2ab1ba-fb13-4941-88ed-5dfcae4519fb req-cf2ab1ba-fb13-4941-88ed-5dfcae4519fb ] Request (ServerExternalEventsTest:setUpClass): 201 POST http://10.180.1.21/identity/v3/users 0.172s
2024-12-12 02:06:58.275 66433 INFO tempest.lib.common.rest_client [req-53cfd92e-42a5-4c87-8ea1-3eca25d274f4 req-53cfd92e-42a5-4c87-8ea1-3eca25d274f4 ] Request (ServersAdminNegativeTestJSON:setUpClass): 201 POST http://10.180.1.21/identity/v3/auth/tokens 0.153s
2024-12-12 02:06:58.276 66433 WARNING tempest.lib.common.rest_client [-] Deprecated: "tenant_id" property is deprecated for removal, use "project_id" instead
2024-12-12 02:06:58.276 66441 INFO tempest.lib.common.rest_client [req-b92fb512-0113-47d0-bc39-51767f602c71 req-b92fb512-0113-47d0-bc39-51767f602c71 ] Request (VolumesAdminNegativeTest:test_update_attached_volume_with_nonexistent_volume_in_body): 201 POST http://10.180.1.21/identity/v3/auth/tokens 0.150s
2024-12-12 02:06:58.277 66441 INFO tempest.lib.common.fixed_network [-] (VolumesAdminNegativeTest:test_update_attached_volume_with_nonexistent_volume_in_body) Found network {'id': '8b58677f-c6f1-4f1d-9c2e-35362ceca625', 'name': 'tempest-VolumesAdminNegativeTest-1122939086-network', 'tenant_id': 'dbefd998db8f4f90aa12320707c5b595', 'admin_state_up': True, 'mtu': 8950, 'status': 'ACTIVE', 'subnets': [], 'shared': False, 'project_id': 'dbefd998db8f4f90aa12320707c5b595', 'port_security_enabled': True, 'router:external': False, 'provider:network_type': 'vlan', 'provider:physical_network': 'default', 'provider:segmentation_id': 373, 'availability_zone_hints': [], 'availability_zones': [], 'ipv4_address_scope': None, 'ipv6_address_scope': None, 'description': '', 'tags': [], 'created_at': '2024-12-12T02:06:37Z', 'updated_at': '2024-12-12T02:06:37Z', 'revision_number': 1} available for tenant
2024-12-12 02:06:58.297 66450 INFO tempest.lib.common.rest_client [req-d202c148-9e75-4ab0-8b01-580a32f96ca8 req-d202c148-9e75-4ab0-8b01-580a32f96ca8 ] Request (ImagesMetadataTestJSON:setUpClass): 204 PUT http://10.180.1.21/image/v2/images/a10f7f5f-4ec4-495e-ab36-3cf7f2ee89a5/file 1.624s
2024-12-12 02:06:58.373 66419 INFO tempest.lib.common.rest_client [req-cdb53d79-9f2c-4701-bcf8-5e98a0e6c336 req-cdb53d79-9f2c-4701-bcf8-5e98a0e6c336 ] Request (ServerDiagnosticsV248Test:setUpClass): 201 POST http://10.180.1.21/identity/v3/auth/tokens 0.199s
2024-12-12 02:06:58.383 66421 INFO tempest.lib.common.rest_client [req-ef56e58d-cf91-4714-bcb8-e8de155a2a5b req-ef56e58d-cf91-4714-bcb8-e8de155a2a5b ] Request (HypervisorAdminNegativeTestJSON:tearDownClass): 204 DELETE http://10.180.1.21/identity/v3/projects/f0dacabf2a6a4ba49dac39e37be3f533 0.203s
2024-12-12 02:06:58.410 66401 INFO tempest.lib.common.rest_client [req-0a1d5f22-e220-4a42-8671-b5d66d92d98a req-0a1d5f22-e220-4a42-8671-b5d66d92d98a ] Request (ServersTestFqdnHostnames:setUpClass): 200 PUT http://10.180.1.21:9696/networking/v2.0/routers/99546571-060c-4140-a388-2a392ce480e2/add_router_interface 3.527s
2024-12-12 02:06:58.410 66401 INFO tempest.lib.common.dynamic_creds [-] Created isolated network resources for: credentials: Credentials: {'domain_id': 'default', 'domain_name': 'Default', 'username': 'tempest-ServersTestFqdnHostnames-2060021295-project-member', 'project_domain_id': 'default', 'project_domain_name': 'Default', 'project_id': 'b8dbc31717d2417eafcd49f9ab6cdb64', 'project_name': 'tempest-ServersTestFqdnHostnames-2060021295', 'tenant_id': 'b8dbc31717d2417eafcd49f9ab6cdb64', 'tenant_name': 'tempest-ServersTestFqdnHostnames-2060021295', 'user_domain_id': 'default', 'user_domain_name': 'Default', 'user_id': '935cffe2fb4e4827a2a00c59cf3ba5d0', 'system': None}, Network: {'id': '3b44cb1c-3dc6-4432-8855-8f1be41d9535', 'name': 'tempest-ServersTestFqdnHostnames-1384333020-network', 'tenant_id': 'b8dbc31717d2417eafcd49f9ab6cdb64', 'admin_state_up': True, 'mtu': 8950, 'status': 'ACTIVE', 'subnets': [], 'shared': False, 'project_id': 'b8dbc31717d2417eafcd49f9ab6cdb64', 'port_security_enabled': True, 'router:external': False, 'provider:network_type': 'vlan', 'provider:physical_network': 'default', 'provider:segmentation_id': 667, 'availability_zone_hints': [], 'availability_zones': [], 'ipv4_address_scope': None, 'ipv6_address_scope': None, 'description': '', 'tags': [], 'created_at': '2024-12-12T02:06:49Z', 'updated_at': '2024-12-12T02:06:50Z', 'revision_number': 1}, Subnet: {'id': 'c2e9ad9c-a6c3-44b7-b33b-5c9b80de8a92', 'name': 'tempest-ServersTestFqdnHostnames-1384333020-subnet', 'tenant_id': 'b8dbc31717d2417eafcd49f9ab6cdb64', 'network_id': '3b44cb1c-3dc6-4432-8855-8f1be41d9535', 'ip_version': 4, 'subnetpool_id': None, 'enable_dhcp': True, 'ipv6_ra_mode': None, 'ipv6_address_mode': None, 'gateway_ip': '192.168.128.1', 'cidr': '192.168.128.0/28', 'allocation_pools': [{'start': '192.168.128.2', 'end': '192.168.128.14'}], 'host_routes': [], 'dns_nameservers': [], 'description': '', 'router:external': False, 'service_types': [], 'tags': [], 'created_at': '2024-12-12T02:06:50Z', 'updated_at': '2024-12-12T02:06:50Z', 'revision_number': 0, 'project_id': 'b8dbc31717d2417eafcd49f9ab6cdb64'}, Router: {'id': '99546571-060c-4140-a388-2a392ce480e2', 'name': 'tempest-ServersTestFqdnHostnames-1384333020-router', 'tenant_id': 'b8dbc31717d2417eafcd49f9ab6cdb64', 'admin_state_up': True, 'status': 'ACTIVE', 'external_gateway_info': {'network_id': 'fa4d2e81-f4e8-4ff9-9f16-4229f487995e', 'external_fixed_ips': [{'subnet_id': 'e284e218-181c-464f-895a-131e20775516', 'ip_address': '10.180.180.192'}], 'enable_snat': True}, 'description': '', 'availability_zones': [], 'distributed': False, 'ha': False, 'availability_zone_hints': [], 'routes': [], 'flavor_id': None, 'tags': [], 'created_at': '2024-12-12T02:06:51Z', 'updated_at': '2024-12-12T02:06:52Z', 'revision_number': 2, 'project_id': 'b8dbc31717d2417eafcd49f9ab6cdb64'}
2024-12-12 02:06:58.439 66417 INFO tempest.lib.common.rest_client [req-7409c550-3df7-4afd-a0c5-22dcf1978424 req-7409c550-3df7-4afd-a0c5-22dcf1978424 ] Request (ServerExternalEventsTest:setUpClass): 200 GET http://10.180.1.21/identity/v3/roles 0.250s
2024-12-12 02:06:58.453 66415 INFO tempest.lib.common.rest_client [req-914027f0-349a-425b-ab1d-a409e0991ac0 req-914027f0-349a-425b-ab1d-a409e0991ac0 ] Request (SecurityGroupsTestAdminJSON:test_list_security_groups_list_all_tenants_filter): 200 POST http://10.180.1.21/compute/v2.1/os-security-groups 2.769s
2024-12-12 02:06:58.470 66433 INFO tempest.lib.common.rest_client [req-4723969c-4958-4348-8fb4-7560a5198556 req-4723969c-4958-4348-8fb4-7560a5198556 ] Request (ServersAdminNegativeTestJSON:setUpClass): 201 POST http://10.180.1.21/identity/v3/auth/tokens 0.187s
2024-12-12 02:06:58.470 66433 INFO tempest.lib.common.fixed_network [-] (ServersAdminNegativeTestJSON:setUpClass) Found network None available for tenant
2024-12-12 02:06:58.503 66421 INFO tempest.lib.common.rest_client [req-884eb73a-a958-49e7-ba66-efe1970ba3ed req-884eb73a-a958-49e7-ba66-efe1970ba3ed ] Request (ListImageFiltersTestJSON:setUpClass): 201 POST http://10.180.1.21/identity/v3/auth/tokens 0.118s
2024-12-12 02:06:58.512 66435 INFO tempest.lib.common.rest_client [req-301fddf9-05aa-47b9-b70e-889f0e8aea35 req-301fddf9-05aa-47b9-b70e-889f0e8aea35 ] Request (FlavorsAdminTestJSON:test_create_flavor_with_none_id): 200 POST http://10.180.1.21/compute/v2.1/flavors 2.817s
2024-12-12 02:06:58.513 66419 INFO tempest.lib.common.rest_client [req-aac1f620-153d-48b3-aca4-6da4bb61c92a req-aac1f620-153d-48b3-aca4-6da4bb61c92a ] Request (ServerDiagnosticsV248Test:test_get_server_diagnostics): 201 POST http://10.180.1.21/identity/v3/auth/tokens 0.134s
2024-12-12 02:06:58.513 66419 INFO tempest.lib.common.fixed_network [-] (ServerDiagnosticsV248Test:test_get_server_diagnostics) Found network None available for tenant
2024-12-12 02:06:58.537 66409 INFO tempest.lib.common.rest_client [req-0dcacfcf-7c0e-4689-a1e7-66311a6bfedf req-0dcacfcf-7c0e-4689-a1e7-66311a6bfedf ] Request (FlavorsExtraSpecsTestJSON:test_flavor_set_get_update_show_unset_keys): 200 DELETE http://10.180.1.21/compute/v2.1/flavors/577522169/os-extra_specs/hw:cpu_policy 2.814s
2024-12-12 02:06:58.598 66451 INFO tempest.lib.common.rest_client [req-1a6237c4-0d3c-49d5-9e8a-e96a01b723a0 req-1a6237c4-0d3c-49d5-9e8a-e96a01b723a0 ] Request (FloatingIPDetailsTestJSON:setUpClass): 200 POST http://10.180.1.21/compute/v2.1/os-floating-ips 4.079s
2024-12-12 02:06:58.599 66401 INFO tempest.lib.common.rest_client [req-ec9d9db3-2637-48ff-ab59-884e7f49996b req-ec9d9db3-2637-48ff-ab59-884e7f49996b ] Request (ServersTestFqdnHostnames:setUpClass): 201 POST http://10.180.1.21/identity/v3/auth/tokens 0.185s
2024-12-12 02:06:58.618 66437 INFO tempest.lib.common.rest_client [req-a8b94414-3754-4d25-b951-ca725bca4676 req-a8b94414-3754-4d25-b951-ca725bca4676 ] Request (ServersWithSpecificFlavorTestJSON:test_verify_created_server_ephemeral_disk): 200 GET http://10.180.1.21/compute/v2.1/flavors/42/os-extra_specs 2.835s
2024-12-12 02:06:58.634 66421 INFO tempest.lib.common.rest_client [req-f7188ab7-743a-4d2c-b67c-606473603808 req-f7188ab7-743a-4d2c-b67c-606473603808 ] Request (ListImageFiltersTestJSON:setUpClass): 201 POST http://10.180.1.21/identity/v3/auth/tokens 0.129s
2024-12-12 02:06:58.635 66417 INFO tempest.lib.common.rest_client [req-9390202b-ea74-44ea-aafb-c92a83ddda02 req-9390202b-ea74-44ea-aafb-c92a83ddda02 ] Request (ServerExternalEventsTest:setUpClass): 204 PUT http://10.180.1.21/identity/v3/projects/8e8d4f10849c408cab37349864dda553/users/84c49582596640c1a298b85e7c2b7750/roles/08ce73180c25483eb25675834b17e76f 0.195s
2024-12-12 02:06:58.702 66421 INFO tempest.lib.common.rest_client [req-86d89611-eb36-40f0-8894-a7224e45836a req-86d89611-eb36-40f0-8894-a7224e45836a ] Request (ListImageFiltersTestJSON:setUpClass): 200 GET http://10.180.1.21/identity/v3/domains?name=Default 0.067s
2024-12-12 02:06:58.717 66417 INFO tempest.lib.common.rest_client [req-a5c45857-055b-4ee0-aebe-6017f1c6e54b req-a5c45857-055b-4ee0-aebe-6017f1c6e54b ] Request (ServerExternalEventsTest:setUpClass): 200 GET http://10.180.1.21/identity/v3/roles 0.082s
2024-12-12 02:06:58.738 66443 INFO tempest.lib.common.rest_client [req-bb0cc091-eaf7-4c57-9faf-85a1ad88f8a6 req-bb0cc091-eaf7-4c57-9faf-85a1ad88f8a6 ] Request (ImagesOneServerNegativeTestJSON:setUpClass): 200 GET http://10.180.1.21/compute/v2.1/servers/a1191537-92d0-4618-9bb8-b7f3dc7129f2 2.983s
2024-12-12 02:06:58.741 66417 INFO tempest.lib.common.rest_client [req-0ba793e8-d23e-4042-be7c-8f3034ab19d7 req-0ba793e8-d23e-4042-be7c-8f3034ab19d7 ] Request (ServerExternalEventsTest:setUpClass): 204 PUT http://10.180.1.21/identity/v3/projects/8e8d4f10849c408cab37349864dda553/users/84c49582596640c1a298b85e7c2b7750/roles/55078680882b4828a6a80d999e73f610 0.023s
2024-12-12 02:06:58.742 66417 INFO tempest.lib.common.dynamic_creds [-] Dynamic test user 84c49582596640c1a298b85e7c2b7750 is created with scope project and roles: ['service', 'admin']
2024-12-12 02:06:58.742 66417 INFO tempest.lib.common.dynamic_creds [-] Acquired dynamic creds: credentials: Credentials: {'domain_id': 'default', 'domain_name': 'Default', 'username': 'tempest-ServerExternalEventsTest-601546208-project', 'project_domain_id': 'default', 'project_domain_name': 'Default', 'project_id': '8e8d4f10849c408cab37349864dda553', 'project_name': 'tempest-ServerExternalEventsTest-601546208', 'tenant_id': '8e8d4f10849c408cab37349864dda553', 'tenant_name': 'tempest-ServerExternalEventsTest-601546208', 'user_domain_id': 'default', 'user_domain_name': 'Default', 'user_id': '84c49582596640c1a298b85e7c2b7750', 'system': None}, Network: None, Subnet: None, Router: None
2024-12-12 02:06:58.742 66417 INFO tempest.lib.common.dynamic_creds [-] Created isolated network resources for: credentials: Credentials: {'domain_id': 'default', 'domain_name': 'Default', 'username': 'tempest-ServerExternalEventsTest-601546208-project', 'project_domain_id': 'default', 'project_domain_name': 'Default', 'project_id': '8e8d4f10849c408cab37349864dda553', 'project_name': 'tempest-ServerExternalEventsTest-601546208', 'tenant_id': '8e8d4f10849c408cab37349864dda553', 'tenant_name': 'tempest-ServerExternalEventsTest-601546208', 'user_domain_id': 'default', 'user_domain_name': 'Default', 'user_id': '84c49582596640c1a298b85e7c2b7750', 'system': None}, Network: None, Subnet: None, Router: None
2024-12-12 02:06:58.751 66421 INFO tempest.lib.common.rest_client [req-323913a9-d892-41f7-b467-3dc76d0f2b33 req-323913a9-d892-41f7-b467-3dc76d0f2b33 ] Request (ListImageFiltersTestJSON:setUpClass): 201 POST http://10.180.1.21/identity/v3/projects 0.049s
2024-12-12 02:06:58.762 66399 INFO tempest.lib.common.rest_client [req-fa2bdadd-19d9-4e47-b73f-1c8b5707cdff req-fa2bdadd-19d9-4e47-b73f-1c8b5707cdff ] Request (ServicesAdminNegativeV253TestJSON:test_disable_log_reason_with_invalid_service_id): 404 PUT http://10.180.1.21/compute/v2.1/os-services/d67cbb41-2ae9-4fbe-b9a0-566bf6b822a1 2.855s
2024-12-12 02:06:58.785 66457 INFO tempest.lib.common.rest_client [req-79376d7a-e7b4-4eea-bd35-f3a547010c19 req-79376d7a-e7b4-4eea-bd35-f3a547010c19 ] Request (VolumesAssistedSnapshotsTest:setUpClass): 200 PUT http://10.180.1.21:9696/networking/v2.0/routers/3dfc8f76-737c-43f4-9568-1d7295d43815/add_router_interface 2.469s
2024-12-12 02:06:58.785 66457 INFO tempest.lib.common.dynamic_creds [-] Created isolated network resources for: credentials: Credentials: {'domain_id': 'default', 'domain_name': 'Default', 'username': 'tempest-VolumesAssistedSnapshotsTest-639366546-project', 'project_domain_id': 'default', 'project_domain_name': 'Default', 'project_id': '38222e354f7f475cb447799627b1861a', 'project_name': 'tempest-VolumesAssistedSnapshotsTest-639366546', 'tenant_id': '38222e354f7f475cb447799627b1861a', 'tenant_name': 'tempest-VolumesAssistedSnapshotsTest-639366546', 'user_domain_id': 'default', 'user_domain_name': 'Default', 'user_id': '7f076c5bca614722abf1332be601fdb0', 'system': None}, Network: {'id': '7b3df1f9-b1bf-4f7e-99d2-2229cf922bad', 'name': 'tempest-VolumesAssistedSnapshotsTest-2076384761-network', 'tenant_id': '38222e354f7f475cb447799627b1861a', 'admin_state_up': True, 'mtu': 8950, 'status': 'ACTIVE', 'subnets': [], 'shared': False, 'project_id': '38222e354f7f475cb447799627b1861a', 'port_security_enabled': True, 'router:external': False, 'provider:network_type': 'vlan', 'provider:physical_network': 'default', 'provider:segmentation_id': 71, 'availability_zone_hints': [], 'availability_zones': [], 'ipv4_address_scope': None, 'ipv6_address_scope': None, 'description': '', 'tags': [], 'created_at': '2024-12-12T02:06:51Z', 'updated_at': '2024-12-12T02:06:51Z', 'revision_number': 1}, Subnet: {'id': '6d78cd30-3387-45bf-a28a-5345aafae2cb', 'name': 'tempest-VolumesAssistedSnapshotsTest-2076384761-subnet', 'tenant_id': '38222e354f7f475cb447799627b1861a', 'network_id': '7b3df1f9-b1bf-4f7e-99d2-2229cf922bad', 'ip_version': 4, 'subnetpool_id': None, 'enable_dhcp': True, 'ipv6_ra_mode': None, 'ipv6_address_mode': None, 'gateway_ip': '192.168.128.1', 'cidr': '192.168.128.0/28', 'allocation_pools': [{'start': '192.168.128.2', 'end': '192.168.128.14'}], 'host_routes': [], 'dns_nameservers': [], 'description': '', 'router:external': False, 'service_types': [], 'tags': [], 'created_at': '2024-12-12T02:06:52Z', 'updated_at': '2024-12-12T02:06:52Z', 'revision_number': 0, 'project_id': '38222e354f7f475cb447799627b1861a'}, Router: {'id': '3dfc8f76-737c-43f4-9568-1d7295d43815', 'name': 'tempest-VolumesAssistedSnapshotsTest-2076384761-router', 'tenant_id': '38222e354f7f475cb447799627b1861a', 'admin_state_up': True, 'status': 'ACTIVE', 'external_gateway_info': {'network_id': 'fa4d2e81-f4e8-4ff9-9f16-4229f487995e', 'external_fixed_ips': [{'subnet_id': 'e284e218-181c-464f-895a-131e20775516', 'ip_address': '10.180.180.164'}], 'enable_snat': True}, 'description': '', 'availability_zones': [], 'distributed': False, 'ha': False, 'availability_zone_hints': [], 'routes': [], 'flavor_id': None, 'tags': [], 'created_at': '2024-12-12T02:06:53Z', 'updated_at': '2024-12-12T02:06:55Z', 'revision_number': 2, 'project_id': '38222e354f7f475cb447799627b1861a'}
2024-12-12 02:06:58.839 66395 INFO tempest.lib.common.rest_client [req-874abb77-9475-4b8e-9967-d82dac61fe08 req-874abb77-9475-4b8e-9967-d82dac61fe08 ] Request (ImagesOneServerTestJSON:setUpClass): 200 GET http://10.180.1.21/compute/v2.1/servers/a329d648-c057-4e99-a959-8813b0e14711 2.589s
2024-12-12 02:06:58.846 66417 INFO tempest.lib.common.rest_client [req-ce9b5e0a-c21b-4333-98c1-890db6902223 req-ce9b5e0a-c21b-4333-98c1-890db6902223 ] Request (ServerExternalEventsTest:setUpClass): 201 POST http://10.180.1.21/identity/v3/auth/tokens 0.097s
2024-12-12 02:06:58.853 66395 INFO tempest.common.waiters [-] State transition "BUILD/None" ==> "BUILD/networking" after 10 second wait
2024-12-12 02:06:58.880 66421 INFO tempest.lib.common.rest_client [req-287da0bd-1d89-4cbc-9df7-f073b0d2ebca req-287da0bd-1d89-4cbc-9df7-f073b0d2ebca ] Request (ListImageFiltersTestJSON:setUpClass): 201 POST http://10.180.1.21/identity/v3/users 0.128s
2024-12-12 02:06:58.909 66407 INFO tempest.lib.common.rest_client [req-eabd1109-2d38-4800-844f-68ca0c269034 req-eabd1109-2d38-4800-844f-68ca0c269034 ] Request (DeleteServersTestJSON:test_delete_active_server): 200 GET http://10.180.1.21/compute/v2.1/servers/bb795a9a-0e43-4280-936d-f206adff8ad7 2.375s
2024-12-12 02:06:58.964 66427 INFO tempest.lib.common.rest_client [req-ec381797-4c32-4c8a-8662-7bfa9039d781 req-ec381797-4c32-4c8a-8662-7bfa9039d781 ] Request (QuotasAdminNegativeTest:test_create_server_when_memory_quota_is_full): 200 GET http://10.180.1.21/compute/v2.1/os-quota-sets/c43d2baedd06470cb02ee68f3da7fc0a 2.743s
2024-12-12 02:06:58.965 66425 INFO tempest.lib.common.rest_client [req-8e25b037-ce42-4cc2-9e94-e3b0fd607ef9 req-8e25b037-ce42-4cc2-9e94-e3b0fd607ef9 ] Request (FloatingIPsAssociationTestJSON:setUpClass): 200 GET http://10.180.1.21/compute/v2.1/servers/3d6e0ca9-e07c-4a0b-a267-8056755c23b6 2.291s
2024-12-12 02:06:58.975 66457 INFO tempest.lib.common.rest_client [req-bb6ebc96-e149-4d3f-b76d-816447e6117a req-bb6ebc96-e149-4d3f-b76d-816447e6117a ] Request (VolumesAssistedSnapshotsTest:setUpClass): 201 POST http://10.180.1.21/identity/v3/auth/tokens 0.128s
2024-12-12 02:06:58.989 66403 INFO tempest.lib.common.rest_client [req-1e1d31c5-ea39-4fa7-8ac6-095bb2eef056 req-1e1d31c5-ea39-4fa7-8ac6-095bb2eef056 ] Request (FlavorsAccessNegativeTestJSON:_run_cleanups): 200 GET http://10.180.1.21/compute/v2.1/flavors/detail 2.255s
2024-12-12 02:06:58.994 66421 INFO tempest.lib.common.rest_client [req-461f9fb9-d7dc-4718-bfce-6bbadcb8dd1d req-461f9fb9-d7dc-4718-bfce-6bbadcb8dd1d ] Request (ListImageFiltersTestJSON:setUpClass): 200 GET http://10.180.1.21/identity/v3/roles 0.113s
2024-12-12 02:06:59.002 66417 INFO tempest.lib.common.rest_client [req-6333bcdf-7c02-4868-a0e0-18760c328057 req-6333bcdf-7c02-4868-a0e0-18760c328057 ] Request (ServerExternalEventsTest:test_create_server_external_events): 201 POST http://10.180.1.21/identity/v3/auth/tokens 0.149s
2024-12-12 02:06:59.003 66417 INFO tempest.lib.common.fixed_network [-] (ServerExternalEventsTest:test_create_server_external_events) Found network None available for tenant
2024-12-12 02:06:59.028 66421 INFO tempest.lib.common.rest_client [req-aa66d139-9f64-40fe-baca-14febddbcf33 req-aa66d139-9f64-40fe-baca-14febddbcf33 ] Request (ListImageFiltersTestJSON:setUpClass): 204 PUT http://10.180.1.21/identity/v3/projects/90f0083bc18e41ae990ef177b103d108/users/4703ccc4fd414025a598a39ab82ef534/roles/eea9006657f4425d85358c47e83df7b6 0.033s
2024-12-12 02:06:59.028 66421 INFO tempest.lib.common.dynamic_creds [-] Dynamic test user 4703ccc4fd414025a598a39ab82ef534 is created with scope project and roles: ['member']
2024-12-12 02:06:59.028 66421 INFO tempest.lib.common.dynamic_creds [-] Acquired dynamic creds: credentials: Credentials: {'domain_id': 'default', 'domain_name': 'Default', 'username': 'tempest-ListImageFiltersTestJSON-1141713346-project-member', 'project_domain_id': 'default', 'project_domain_name': 'Default', 'project_id': '90f0083bc18e41ae990ef177b103d108', 'project_name': 'tempest-ListImageFiltersTestJSON-1141713346', 'tenant_id': '90f0083bc18e41ae990ef177b103d108', 'tenant_name': 'tempest-ListImageFiltersTestJSON-1141713346', 'user_domain_id': 'default', 'user_domain_name': 'Default', 'user_id': '4703ccc4fd414025a598a39ab82ef534', 'system': None}, Network: None, Subnet: None, Router: None
