2024-12-12 02:08:29.072 66423 INFO tempest.lib.common.rest_client [req-cecddcea-d008-4634-bf0c-e6c68c9824a4 req-cecddcea-d008-4634-bf0c-e6c68c9824a4 ] Request (ServerPasswordTestJSON:tearDownClass): 200 GET http://10.180.1.21/compute/v2.1/servers/da751e8b-eeaf-41e9-9cf5-86fa4c417d2d 0.068s
2024-12-12 02:08:29.081 66421 INFO tempest.lib.common.rest_client [req-f2a235b3-704d-43a2-8c6a-4656aa08e616 req-f2a235b3-704d-43a2-8c6a-4656aa08e616 ] Request (ListImageFiltersTestJSON:setUpClass): 200 GET http://10.180.1.21/compute/v2.1/images/a24ed143-fcd4-42cc-a693-2592bb558306 0.040s
2024-12-12 02:08:29.241 66415 INFO tempest.lib.common.rest_client [req-08be9c12-11fd-4d2b-8b17-f2c2034cb4d3 req-08be9c12-11fd-4d2b-8b17-f2c2034cb4d3 ] Request (ServerTagsTestJSON:setUpClass): 200 GET http://10.180.1.21/compute/v2.1/servers/a3dc6ae9-ce1f-48ec-88d3-e0738159617e 0.116s
2024-12-12 02:08:29.289 66407 INFO tempest.lib.common.rest_client [req-396dde9b-0cf8-41bf-a8cb-757c622e0e92 req-396dde9b-0cf8-41bf-a8cb-757c622e0e92 ] Request (DeleteServersTestJSON:test_delete_server_while_in_attached_volume): 200 GET http://10.180.1.21/compute/v2.1/servers/2f7db407-6f70-491e-bda9-1221dcf535e5 0.064s
2024-12-12 02:08:29.331 66455 INFO tempest.lib.common.rest_client [req-04d8efeb-9457-42da-9814-c06240c92650 req-04d8efeb-9457-42da-9814-c06240c92650 ] Request (ImagesTestJSON:test_create_image_from_stopped_server): 200 GET http://10.180.1.21/compute/v2.1/servers/380f640a-a595-47b8-89ac-33410c60d48f 0.057s
2024-12-12 02:08:29.345 66433 INFO tempest.lib.common.rest_client [req-5f7e9c43-b071-4e49-a9d0-c872cf1f6f12 req-5f7e9c43-b071-4e49-a9d0-c872cf1f6f12 ] Request (ServersAdminNegativeTestJSON:test_migrate_server_invalid_state): 200 GET http://10.180.1.21/compute/v2.1/servers/e4d65ed0-9fd8-4759-bf8c-3aac3d17b400 0.170s
2024-12-12 02:08:29.355 66433 INFO tempest.common.waiters [-] State transition "BUILD/networking" ==> "BUILD/block_device_mapping" after 51 second wait
2024-12-12 02:08:29.369 66419 INFO tempest.lib.common.rest_client [req-8b1a3c1c-e8ca-4839-8a7a-8b13fa4f74b0 req-8b1a3c1c-e8ca-4839-8a7a-8b13fa4f74b0 ] Request (FloatingIPDetailsNegativeTestJSON:tearDownClass): 200 PUT http://10.180.1.21:9696/networking/v2.0/routers/c1ebeeab-34a8-42b7-b55a-3c20d0144e94/remove_router_interface 1.364s
2024-12-12 02:08:29.408 66417 INFO tempest.lib.common.rest_client [req-bc5f8cb6-11f0-49fc-826e-0bfb49bc621d req-bc5f8cb6-11f0-49fc-826e-0bfb49bc621d ] Request (ListServerFiltersTestJSON:setUpClass): 200 GET http://10.180.1.21/compute/v2.1/servers/8359a912-0d0e-435f-bbd7-e808d67e36be 0.084s
2024-12-12 02:08:29.443 66427 INFO tempest.lib.common.rest_client [req-dd24eabe-4fd0-4d43-b758-cefb308b7c44 req-dd24eabe-4fd0-4d43-b758-cefb308b7c44 ] Request (ImagesNegativeTestJSON:test_create_image_from_deleted_server): 200 GET http://10.180.1.21/compute/v2.1/servers/a2aaa258-d597-443a-840a-79e7e6c405f2 0.154s
2024-12-12 02:08:29.472 66397 INFO tempest.lib.common.rest_client [req-b9c13b6c-8de7-472c-853c-ac2199967164 req-b9c13b6c-8de7-472c-853c-ac2199967164 ] Request (DeleteServersAdminTestJSON:test_delete_server_while_in_error_state): 200 GET http://10.180.1.21/compute/v2.1/servers/1f3d02c2-90ac-4113-b83b-59f6989810d4 0.125s
2024-12-12 02:08:29.528 66399 INFO tempest.lib.common.rest_client [req-10bdb2f9-2301-4bb6-8c22-b840f6d28384 req-10bdb2f9-2301-4bb6-8c22-b840f6d28384 ] Request (InstanceActionsTestJSON:setUpClass): 200 GET http://10.180.1.21/compute/v2.1/servers/7bce7510-ad1f-4b78-92d4-90254cbf0ab3 0.125s
2024-12-12 02:08:29.539 66435 INFO tempest.lib.common.rest_client [req-67c548b1-9a47-4e99-87bc-d64907d5b0f8 req-67c548b1-9a47-4e99-87bc-d64907d5b0f8 ] Request (ServerShowV247Test:test_update_rebuild_list_server): 200 GET http://10.180.1.21/compute/v2.1/servers/718ad0a2-15fa-4822-ab5e-4fbf94a4592f 0.131s
2024-12-12 02:08:29.596 66443 INFO tempest.lib.common.rest_client [req-30b59a2b-1886-415a-934d-f85cf283065c req-30b59a2b-1886-415a-934d-f85cf283065c ] Request (ImagesOneServerNegativeTestJSON:_run_cleanups): 200 GET http://10.180.1.21/compute/v2.1/servers/89594c43-5e93-44e8-97dc-b31991b9c6da 0.143s
2024-12-12 02:08:29.606 66425 INFO tempest.lib.common.rest_client [req-6754f9e6-b5a4-4550-878b-987e434ec8dc req-6754f9e6-b5a4-4550-878b-987e434ec8dc ] Request (FloatingIPsAssociationTestJSON:tearDownClass): 200 GET http://10.180.1.21/compute/v2.1/servers/685e8c77-0574-4459-8677-227bb2cb3671 0.144s
2024-12-12 02:08:29.663 66405 INFO tempest.lib.common.rest_client [req-f3aeca0b-13a2-42b4-aadb-630331b387aa req-f3aeca0b-13a2-42b4-aadb-630331b387aa ] Request (ServersNegativeTestMultiTenantJSON:setUpClass): 200 GET http://10.180.1.21/compute/v2.1/servers/0e030f03-8f01-44e6-a9dc-b83ac56a270c 0.126s
2024-12-12 02:08:29.671 66395 INFO tempest.lib.common.rest_client [req-1b2256de-7640-4928-b189-3716a6620e98 req-1b2256de-7640-4928-b189-3716a6620e98 ] Request (ImagesOneServerTestJSON:tearDownClass): 200 GET http://10.180.1.21/compute/v2.1/servers/a329d648-c057-4e99-a959-8813b0e14711 0.140s
2024-12-12 02:08:29.713 66431 INFO tempest.lib.common.rest_client [req-8cd84b6a-dbab-4015-936b-10d9825713eb req-8cd84b6a-dbab-4015-936b-10d9825713eb ] Request (AttachVolumeShelveTestJSON:test_attach_volume_shelved_or_offload_server): 200 GET http://10.180.1.21/compute/v2.1/servers/6cd4f1f7-1725-4533-9ef2-6ac907389407 0.135s
2024-12-12 02:08:29.732 66403 INFO tempest.lib.common.rest_client [req-6f980bbf-0f55-4269-9254-179d95e6a466 req-6f980bbf-0f55-4269-9254-179d95e6a466 ] Request (ServerDiagnosticsTest:test_get_server_diagnostics): 200 GET http://10.180.1.21/compute/v2.1/servers/6de7a8ef-19d4-447a-a6f9-2124691ba2f9 0.142s
2024-12-12 02:08:29.764 66429 INFO tempest.lib.common.rest_client [req-9cdad0ed-e2e8-44f2-a972-f427796ea89f req-9cdad0ed-e2e8-44f2-a972-f427796ea89f ] Request (SecurityGroupsTestJSON:test_server_security_groups): 200 GET http://10.180.1.21/compute/v2.1/servers/9d16b26f-0eba-430d-83f5-9de7942717c7 0.137s
2024-12-12 02:08:29.806 66451 INFO tempest.lib.common.rest_client [req-5ceb5f2d-624a-47cf-aae3-2b73b9cbedab req-5ceb5f2d-624a-47cf-aae3-2b73b9cbedab ] Request (ServerActionsV293TestJSON:setUpClass): 200 GET http://10.180.1.21/compute/v2.1/servers/febf7ce8-eed9-4846-a9d4-32731585b5e1 0.147s
2024-12-12 02:08:29.840 66411 INFO tempest.lib.common.rest_client [req-0d16637c-89d8-4994-bfc9-0b2625d42720 req-0d16637c-89d8-4994-bfc9-0b2625d42720 ] Request (MultipleCreateTestJSON:test_multiple_create_with_reservation_return): 200 GET http://10.180.1.21/compute/v2.1/servers/7cc92005-410a-44ac-b7cd-c39e39a0bedf 0.153s
2024-12-12 02:08:29.883 66409 INFO tempest.lib.common.rest_client [req-132facaf-c766-41f4-978c-a8a00a2d7726 req-132facaf-c766-41f4-978c-a8a00a2d7726 ] Request (AttachInterfacesV270Test:tearDownClass): 200 GET http://10.180.1.21/compute/v2.1/servers/a2350f60-050b-44b6-a6e7-830a56b018ad 0.112s
2024-12-12 02:08:29.948 66419 INFO tempest.lib.common.rest_client [req-a1040fe8-b847-4ad1-8f6a-7f9e84f0e4d5 req-a1040fe8-b847-4ad1-8f6a-7f9e84f0e4d5 ] Request (FloatingIPDetailsNegativeTestJSON:tearDownClass): 204 DELETE http://10.180.1.21:9696/networking/v2.0/routers/c1ebeeab-34a8-42b7-b55a-3c20d0144e94 0.578s
2024-12-12 02:08:30.025 66445 INFO tempest.lib.common.rest_client [req-5101ccf9-3e14-4a00-a5e5-5e7aa19e394d req-5101ccf9-3e14-4a00-a5e5-5e7aa19e394d ] Request (FloatingIPsAssociationNegativeTestJSON:setUpClass): 200 GET http://10.180.1.21/compute/v2.1/servers/f84e306f-c755-4d0c-9930-de391861c0cc 0.060s
2024-12-12 02:08:30.086 66413 INFO tempest.lib.common.rest_client [req-d4c3c9b4-f6c1-4b5e-89a4-3634f735b3ce req-d4c3c9b4-f6c1-4b5e-89a4-3634f735b3ce ] Request (ServerActionsTestJSON:setUpClass): 200 GET http://10.180.1.21/compute/v2.1/servers/a64890a7-59d3-4139-b8d0-72e03f26546c 0.052s
2024-12-12 02:08:30.087 66419 INFO tempest.lib.common.rest_client [req-1e881c4d-a942-487f-b9cd-04c42134154a req-1e881c4d-a942-487f-b9cd-04c42134154a ] Request (FloatingIPDetailsNegativeTestJSON:tearDownClass): 204 DELETE http://10.180.1.21:9696/networking/v2.0/subnets/a039253d-7149-469c-9140-c7ef70b55be8 0.138s
2024-12-12 02:08:30.123 66421 INFO tempest.lib.common.rest_client [req-668dfa37-7f1e-4868-854a-5d1bc9f4b331 req-668dfa37-7f1e-4868-854a-5d1bc9f4b331 ] Request (ListImageFiltersTestJSON:setUpClass): 200 GET http://10.180.1.21/compute/v2.1/images/a24ed143-fcd4-42cc-a693-2592bb558306 0.038s
2024-12-12 02:08:30.148 66423 INFO tempest.lib.common.rest_client [req-4c9b9dcb-c08e-498a-9fc8-4cc9afa1234e req-4c9b9dcb-c08e-498a-9fc8-4cc9afa1234e ] Request (ServerPasswordTestJSON:tearDownClass): 200 GET http://10.180.1.21/compute/v2.1/servers/da751e8b-eeaf-41e9-9cf5-86fa4c417d2d 0.063s
2024-12-12 02:08:30.380 66419 INFO tempest.lib.common.rest_client [req-24389a4f-0d12-425d-8572-e3e93692611e req-24389a4f-0d12-425d-8572-e3e93692611e ] Request (FloatingIPDetailsNegativeTestJSON:tearDownClass): 204 DELETE http://10.180.1.21:9696/networking/v2.0/networks/6bcb63de-304d-49ed-8c42-b05cf7a8cb53 0.293s
2024-12-12 02:08:30.396 66407 INFO tempest.lib.common.rest_client [req-58e747e2-7e5e-42b3-a34b-3b8b9bb22c80 req-58e747e2-7e5e-42b3-a34b-3b8b9bb22c80 ] Request (DeleteServersTestJSON:test_delete_server_while_in_attached_volume): 200 GET http://10.180.1.21/compute/v2.1/servers/2f7db407-6f70-491e-bda9-1221dcf535e5 0.099s
2024-12-12 02:08:30.406 66407 INFO tempest.common.waiters [-] State transition "BUILD/None" ==> "BUILD/networking" after 47 second wait
2024-12-12 02:08:30.423 66415 INFO tempest.lib.common.rest_client [req-88f5cf0f-5cb1-4ec3-af93-e4faaa2946bd req-88f5cf0f-5cb1-4ec3-af93-e4faaa2946bd ] Request (ServerTagsTestJSON:setUpClass): 200 GET http://10.180.1.21/compute/v2.1/servers/a3dc6ae9-ce1f-48ec-88d3-e0738159617e 0.173s
2024-12-12 02:08:30.454 66455 INFO tempest.lib.common.rest_client [req-c264be64-8453-4d33-a07a-bbf3521fd7ac req-c264be64-8453-4d33-a07a-bbf3521fd7ac ] Request (ImagesTestJSON:test_create_image_from_stopped_server): 200 GET http://10.180.1.21/compute/v2.1/servers/380f640a-a595-47b8-89ac-33410c60d48f 0.113s
2024-12-12 02:08:30.478 66419 INFO tempest.lib.common.rest_client [req-34d13839-ad79-4ace-a638-ba27e142bd4f req-34d13839-ad79-4ace-a638-ba27e142bd4f ] Request (FloatingIPDetailsNegativeTestJSON:tearDownClass): 204 DELETE http://10.180.1.21/identity/v3/users/5c1dd3f409dc4edda560df00a86f0b85 0.097s
2024-12-12 02:08:30.478 66419 INFO tempest.lib.common.dynamic_creds [-] Deleting project and security group for project: 32a85e4e9a064f678a7773f3998a993b
2024-12-12 02:08:30.534 66417 INFO tempest.lib.common.rest_client [req-99cca214-518d-4184-9287-83c98399f70f req-99cca214-518d-4184-9287-83c98399f70f ] Request (ListServerFiltersTestJSON:setUpClass): 200 GET http://10.180.1.21/compute/v2.1/servers/8359a912-0d0e-435f-bbd7-e808d67e36be 0.116s
2024-12-12 02:08:30.555 66419 INFO tempest.lib.common.rest_client [req-9326b506-fdb6-415e-87de-5b0224136c00 req-9326b506-fdb6-415e-87de-5b0224136c00 ] Request (FloatingIPDetailsNegativeTestJSON:tearDownClass): 200 GET http://10.180.1.21:9696/networking/v2.0/security-groups?tenant_id=32a85e4e9a064f678a7773f3998a993b&name=default 0.076s
2024-12-12 02:08:30.627 66427 INFO tempest.lib.common.rest_client [req-86d8e230-a685-416e-8099-da40122220d3 req-86d8e230-a685-416e-8099-da40122220d3 ] Request (ImagesNegativeTestJSON:test_create_image_from_deleted_server): 200 GET http://10.180.1.21/compute/v2.1/servers/a2aaa258-d597-443a-840a-79e7e6c405f2 0.170s
2024-12-12 02:08:30.680 66433 INFO tempest.lib.common.rest_client [req-b78e19a3-0ec8-4918-a019-1aeb21de0141 req-b78e19a3-0ec8-4918-a019-1aeb21de0141 ] Request (ServersAdminNegativeTestJSON:test_migrate_server_invalid_state): 200 GET http://10.180.1.21/compute/v2.1/servers/e4d65ed0-9fd8-4759-bf8c-3aac3d17b400 0.324s
2024-12-12 02:08:30.693 66433 INFO tempest.common.waiters [-] State transition "BUILD/block_device_mapping" ==> "BUILD/spawning" after 52 second wait
2024-12-12 02:08:30.699 66397 INFO tempest.lib.common.rest_client [req-c3edcee9-c218-4417-bec5-047a72b08c8f req-c3edcee9-c218-4417-bec5-047a72b08c8f ] Request (DeleteServersAdminTestJSON:test_delete_server_while_in_error_state): 200 GET http://10.180.1.21/compute/v2.1/servers/1f3d02c2-90ac-4113-b83b-59f6989810d4 0.217s
2024-12-12 02:08:30.720 66401 WARNING tempest.lib.common.ssh [-] Failed to establish authenticated ssh connection to cirros@10.180.180.182 ([Errno None] Unable to connect to port 22 on 10.180.180.182). Number attempts: 7. Retry after 8 seconds.: paramiko.ssh_exception.NoValidConnectionsError: [Errno None] Unable to connect to port 22 on 10.180.180.182
2024-12-12 02:08:30.753 66399 INFO tempest.lib.common.rest_client [req-15935c88-3803-4cd8-89b1-e208d4dcfb71 req-15935c88-3803-4cd8-89b1-e208d4dcfb71 ] Request (InstanceActionsTestJSON:setUpClass): 200 GET http://10.180.1.21/compute/v2.1/servers/7bce7510-ad1f-4b78-92d4-90254cbf0ab3 0.214s
2024-12-12 02:08:30.764 66419 INFO tempest.lib.common.rest_client [req-7309b995-146a-49fa-92ac-850a84a11e92 req-7309b995-146a-49fa-92ac-850a84a11e92 ] Request (FloatingIPDetailsNegativeTestJSON:tearDownClass): 204 DELETE http://10.180.1.21:9696/networking/v2.0/security-groups/ef19d548-3186-40c0-b756-09caaa28a2e6 0.208s
2024-12-12 02:08:30.764 66435 INFO tempest.lib.common.rest_client [req-b741fec2-2659-4ff1-9993-fec4fe6b618f req-b741fec2-2659-4ff1-9993-fec4fe6b618f ] Request (ServerShowV247Test:test_update_rebuild_list_server): 200 GET http://10.180.1.21/compute/v2.1/servers/718ad0a2-15fa-4822-ab5e-4fbf94a4592f 0.211s
2024-12-12 02:08:30.817 66443 INFO tempest.lib.common.rest_client [req-2ef1327d-6835-4e70-9a40-4a11a8a1dedd req-2ef1327d-6835-4e70-9a40-4a11a8a1dedd ] Request (ImagesOneServerNegativeTestJSON:_run_cleanups): 200 GET http://10.180.1.21/compute/v2.1/servers/89594c43-5e93-44e8-97dc-b31991b9c6da 0.212s
2024-12-12 02:08:30.838 66425 INFO tempest.lib.common.rest_client [req-b77ce61c-6f1e-471d-86bf-8473509fef09 req-b77ce61c-6f1e-471d-86bf-8473509fef09 ] Request (FloatingIPsAssociationTestJSON:tearDownClass): 200 GET http://10.180.1.21/compute/v2.1/servers/685e8c77-0574-4459-8677-227bb2cb3671 0.226s
2024-12-12 02:08:30.882 66405 INFO tempest.lib.common.rest_client [req-fd718cd3-9232-4b05-9884-ab9232334044 req-fd718cd3-9232-4b05-9884-ab9232334044 ] Request (ServersNegativeTestMultiTenantJSON:setUpClass): 200 GET http://10.180.1.21/compute/v2.1/servers/0e030f03-8f01-44e6-a9dc-b83ac56a270c 0.204s
2024-12-12 02:08:30.891 66419 INFO tempest.lib.common.rest_client [req-a4a43adb-b55e-422d-b137-0d87a4aaea17 req-a4a43adb-b55e-422d-b137-0d87a4aaea17 ] Request (FloatingIPDetailsNegativeTestJSON:tearDownClass): 204 DELETE http://10.180.1.21/identity/v3/projects/32a85e4e9a064f678a7773f3998a993b 0.126s
2024-12-12 02:08:30.940 66395 INFO tempest.lib.common.rest_client [req-7807fa12-22d0-47ab-ab31-6a3af3e63a10 req-7807fa12-22d0-47ab-ab31-6a3af3e63a10 ] Request (ImagesOneServerTestJSON:tearDownClass): 200 GET http://10.180.1.21/compute/v2.1/servers/a329d648-c057-4e99-a959-8813b0e14711 0.257s
2024-12-12 02:08:30.979 66431 INFO tempest.lib.common.rest_client [req-55041c0f-ee19-4538-a0ab-b521fa07736c req-55041c0f-ee19-4538-a0ab-b521fa07736c ] Request (AttachVolumeShelveTestJSON:test_attach_volume_shelved_or_offload_server): 200 GET http://10.180.1.21/compute/v2.1/servers/6cd4f1f7-1725-4533-9ef2-6ac907389407 0.255s
2024-12-12 02:08:30.988 66419 INFO tempest.lib.common.rest_client [req-db0f65cb-0a46-401b-bc90-070765b92943 req-db0f65cb-0a46-401b-bc90-070765b92943 ] Request (ServerActionsTestOtherB:setUpClass): 201 POST http://10.180.1.21/identity/v3/auth/tokens 0.095s
2024-12-12 02:08:31.004 66403 INFO tempest.lib.common.rest_client [req-02e1bd2a-5128-4523-ac25-2b0b3009f151 req-02e1bd2a-5128-4523-ac25-2b0b3009f151 ] Request (ServerDiagnosticsTest:test_get_server_diagnostics): 200 GET http://10.180.1.21/compute/v2.1/servers/6de7a8ef-19d4-447a-a6f9-2124691ba2f9 0.261s
2024-12-12 02:08:31.027 66419 INFO tempest.lib.common.rest_client [req-60f2cb5a-288b-4795-977d-2f4347d5c2cc req-60f2cb5a-288b-4795-977d-2f4347d5c2cc ] Request (ServerActionsTestOtherB:setUpClass): 201 POST http://10.180.1.21/identity/v3/auth/tokens 0.037s
2024-12-12 02:08:31.053 66429 INFO tempest.lib.common.rest_client [req-13b7e0c6-17fb-475c-a27e-e4c8633d1c1c req-13b7e0c6-17fb-475c-a27e-e4c8633d1c1c ] Request (SecurityGroupsTestJSON:test_server_security_groups): 200 GET http://10.180.1.21/compute/v2.1/servers/9d16b26f-0eba-430d-83f5-9de7942717c7 0.276s
2024-12-12 02:08:31.067 66419 INFO tempest.lib.common.rest_client [req-18d2763a-5ae3-4b94-a21e-66b549d26910 req-18d2763a-5ae3-4b94-a21e-66b549d26910 ] Request (ServerActionsTestOtherB:setUpClass): 200 GET http://10.180.1.21/identity/v3/domains?name=Default 0.039s
2024-12-12 02:08:31.071 66451 INFO tempest.lib.common.rest_client [req-54a682df-b768-4ba1-a287-dc9c782b6600 req-54a682df-b768-4ba1-a287-dc9c782b6600 ] Request (ServerActionsV293TestJSON:setUpClass): 200 GET http://10.180.1.21/compute/v2.1/servers/febf7ce8-eed9-4846-a9d4-32731585b5e1 0.252s
2024-12-12 02:08:31.112 66419 INFO tempest.lib.common.rest_client [req-b736bfe7-5341-4db9-a22b-5960b7044462 req-b736bfe7-5341-4db9-a22b-5960b7044462 ] Request (ServerActionsTestOtherB:setUpClass): 201 POST http://10.180.1.21/identity/v3/projects 0.045s
2024-12-12 02:08:31.116 66411 INFO tempest.lib.common.rest_client [req-64b20a6b-f1b2-4de1-a556-40ceefed6756 req-64b20a6b-f1b2-4de1-a556-40ceefed6756 ] Request (MultipleCreateTestJSON:test_multiple_create_with_reservation_return): 200 GET http://10.180.1.21/compute/v2.1/servers/7cc92005-410a-44ac-b7cd-c39e39a0bedf 0.265s
2024-12-12 02:08:31.144 66409 INFO tempest.lib.common.rest_client [req-4238084e-5725-4b33-a073-242e16f6d5d2 req-4238084e-5725-4b33-a073-242e16f6d5d2 ] Request (AttachInterfacesV270Test:tearDownClass): 200 GET http://10.180.1.21/compute/v2.1/servers/a2350f60-050b-44b6-a6e7-830a56b018ad 0.245s
2024-12-12 02:08:31.163 66445 INFO tempest.lib.common.rest_client [req-4231306f-34a4-429f-a681-3e4e596b3af5 req-4231306f-34a4-429f-a681-3e4e596b3af5 ] Request (FloatingIPsAssociationNegativeTestJSON:setUpClass): 200 GET http://10.180.1.21/compute/v2.1/servers/f84e306f-c755-4d0c-9930-de391861c0cc 0.129s
2024-12-12 02:08:31.174 66419 INFO tempest.lib.common.rest_client [req-9d29e2c0-b025-40bc-8dde-2122153c9f18 req-9d29e2c0-b025-40bc-8dde-2122153c9f18 ] Request (ServerActionsTestOtherB:setUpClass): 201 POST http://10.180.1.21/identity/v3/users 0.062s
2024-12-12 02:08:31.193 66419 INFO tempest.lib.common.rest_client [req-b9c7e16d-4760-4190-9e42-a3db97f7f295 req-b9c7e16d-4760-4190-9e42-a3db97f7f295 ] Request (ServerActionsTestOtherB:setUpClass): 200 GET http://10.180.1.21/identity/v3/roles 0.018s
2024-12-12 02:08:31.196 66413 INFO tempest.lib.common.rest_client [req-8cd68c70-a558-41ad-ac67-09b83f5d5d8e req-8cd68c70-a558-41ad-ac67-09b83f5d5d8e ] Request (ServerActionsTestJSON:setUpClass): 200 GET http://10.180.1.21/compute/v2.1/servers/a64890a7-59d3-4139-b8d0-72e03f26546c 0.104s
2024-12-12 02:08:31.201 66421 INFO tempest.lib.common.rest_client [req-3f596fde-65a4-4193-a5b2-a22d696ed3cd req-3f596fde-65a4-4193-a5b2-a22d696ed3cd ] Request (ListImageFiltersTestJSON:setUpClass): 200 GET http://10.180.1.21/compute/v2.1/images/a24ed143-fcd4-42cc-a693-2592bb558306 0.075s
2024-12-12 02:08:31.226 66419 INFO tempest.lib.common.rest_client [req-29d1ab34-f5b0-4e02-915f-847fba9c9ee6 req-29d1ab34-f5b0-4e02-915f-847fba9c9ee6 ] Request (ServerActionsTestOtherB:setUpClass): 204 PUT http://10.180.1.21/identity/v3/projects/83b5b85416824d26b5843b8f4540949f/users/124bb76e793b45ca97dbc601fa25c613/roles/eea9006657f4425d85358c47e83df7b6 0.033s
2024-12-12 02:08:31.227 66419 INFO tempest.lib.common.dynamic_creds [-] Dynamic test user 124bb76e793b45ca97dbc601fa25c613 is created with scope project and roles: ['member']
2024-12-12 02:08:31.227 66419 INFO tempest.lib.common.dynamic_creds [-] Acquired dynamic creds: credentials: Credentials: {'domain_id': 'default', 'domain_name': 'Default', 'username': 'tempest-ServerActionsTestOtherB-1061280430-project-member', 'project_domain_id': 'default', 'project_domain_name': 'Default', 'project_id': '83b5b85416824d26b5843b8f4540949f', 'project_name': 'tempest-ServerActionsTestOtherB-1061280430', 'tenant_id': '83b5b85416824d26b5843b8f4540949f', 'tenant_name': 'tempest-ServerActionsTestOtherB-1061280430', 'user_domain_id': 'default', 'user_domain_name': 'Default', 'user_id': '124bb76e793b45ca97dbc601fa25c613', 'system': None}, Network: None, Subnet: None, Router: None
2024-12-12 02:08:31.263 66423 INFO tempest.lib.common.rest_client [req-46dc3d3a-8a3d-40fb-a00c-08d2348cffd4 req-46dc3d3a-8a3d-40fb-a00c-08d2348cffd4 ] Request (ServerPasswordTestJSON:tearDownClass): 200 GET http://10.180.1.21/compute/v2.1/servers/da751e8b-eeaf-41e9-9cf5-86fa4c417d2d 0.107s
2024-12-12 02:08:31.293 66419 INFO tempest.lib.common.rest_client [req-9b823384-a701-476b-a523-7c62d34a0b99 req-9b823384-a701-476b-a523-7c62d34a0b99 ] Request (ServerActionsTestOtherB:setUpClass): 201 POST http://10.180.1.21/identity/v3/auth/tokens 0.066s
2024-12-12 02:08:31.617 66407 INFO tempest.lib.common.rest_client [req-38446646-197f-4668-adc9-156f24150db1 req-38446646-197f-4668-adc9-156f24150db1 ] Request (DeleteServersTestJSON:test_delete_server_while_in_attached_volume): 200 GET http://10.180.1.21/compute/v2.1/servers/2f7db407-6f70-491e-bda9-1221dcf535e5 0.210s
2024-12-12 02:08:31.625 66407 INFO tempest.common.waiters [-] State transition "BUILD/networking" ==> "BUILD/block_device_mapping" after 48 second wait
2024-12-12 02:08:31.646 66415 INFO tempest.lib.common.rest_client [req-3c12b71c-21e0-4301-ac9a-15659bcfdcb5 req-3c12b71c-21e0-4301-ac9a-15659bcfdcb5 ] Request (ServerTagsTestJSON:setUpClass): 200 GET http://10.180.1.21/compute/v2.1/servers/a3dc6ae9-ce1f-48ec-88d3-e0738159617e 0.208s
2024-12-12 02:08:31.652 66419 INFO tempest.lib.common.rest_client [req-90924048-db8f-4b1a-bed7-b13d1d8460b0 req-90924048-db8f-4b1a-bed7-b13d1d8460b0 ] Request (ServerActionsTestOtherB:setUpClass): 201 POST http://10.180.1.21:9696/networking/v2.0/networks 0.358s
2024-12-12 02:08:31.683 66455 INFO tempest.lib.common.rest_client [req-8b7470a7-d4fa-48d8-801f-776e993b0094 req-8b7470a7-d4fa-48d8-801f-776e993b0094 ] Request (ImagesTestJSON:test_create_image_from_stopped_server): 200 GET http://10.180.1.21/compute/v2.1/servers/380f640a-a595-47b8-89ac-33410c60d48f 0.218s
2024-12-12 02:08:31.723 66417 INFO tempest.lib.common.rest_client [req-940a50c3-1f29-498e-8c8a-47103145915d req-940a50c3-1f29-498e-8c8a-47103145915d ] Request (ListServerFiltersTestJSON:setUpClass): 200 GET http://10.180.1.21/compute/v2.1/servers/8359a912-0d0e-435f-bbd7-e808d67e36be 0.177s
2024-12-12 02:08:31.748 66427 INFO tempest.lib.common.rest_client [req-2c0a6dbe-a52e-4e77-8777-c13e01ef3a60 req-2c0a6dbe-a52e-4e77-8777-c13e01ef3a60 ] Request (ImagesNegativeTestJSON:test_create_image_from_deleted_server): 200 GET http://10.180.1.21/compute/v2.1/servers/a2aaa258-d597-443a-840a-79e7e6c405f2 0.113s
2024-12-12 02:08:31.807 66397 INFO tempest.lib.common.rest_client [req-9a60584d-75fc-44da-8b0c-c3cfc16ff7c8 req-9a60584d-75fc-44da-8b0c-c3cfc16ff7c8 ] Request (DeleteServersAdminTestJSON:test_delete_server_while_in_error_state): 200 GET http://10.180.1.21/compute/v2.1/servers/1f3d02c2-90ac-4113-b83b-59f6989810d4 0.097s
2024-12-12 02:08:31.836 66419 INFO tempest.lib.common.rest_client [req-882c5ad7-2c4f-48c6-b6b0-6d1cbd431849 req-882c5ad7-2c4f-48c6-b6b0-6d1cbd431849 ] Request (ServerActionsTestOtherB:setUpClass): 201 POST http://10.180.1.21:9696/networking/v2.0/subnets 0.183s
2024-12-12 02:08:31.858 66399 INFO tempest.lib.common.rest_client [req-5142be0e-d20a-41fa-b571-1d0ec5fc4cd3 req-5142be0e-d20a-41fa-b571-1d0ec5fc4cd3 ] Request (InstanceActionsTestJSON:setUpClass): 200 GET http://10.180.1.21/compute/v2.1/servers/7bce7510-ad1f-4b78-92d4-90254cbf0ab3 0.097s
2024-12-12 02:08:31.922 66435 INFO tempest.lib.common.rest_client [req-d0f34d84-762c-4868-8844-8f7c32ba0c4d req-d0f34d84-762c-4868-8844-8f7c32ba0c4d ] Request (ServerShowV247Test:test_update_rebuild_list_server): 200 GET http://10.180.1.21/compute/v2.1/servers/718ad0a2-15fa-4822-ab5e-4fbf94a4592f 0.146s
2024-12-12 02:08:31.929 66433 INFO tempest.lib.common.rest_client [req-8ad134ff-083e-4d14-9a74-4cfa17a8513c req-8ad134ff-083e-4d14-9a74-4cfa17a8513c ] Request (ServersAdminNegativeTestJSON:test_migrate_server_invalid_state): 200 GET http://10.180.1.21/compute/v2.1/servers/e4d65ed0-9fd8-4759-bf8c-3aac3d17b400 0.234s
2024-12-12 02:08:31.984 66443 INFO tempest.lib.common.rest_client [req-9947583f-9cc3-4f67-aa34-5abfa339df36 req-9947583f-9cc3-4f67-aa34-5abfa339df36 ] Request (ImagesOneServerNegativeTestJSON:_run_cleanups): 200 GET http://10.180.1.21/compute/v2.1/servers/89594c43-5e93-44e8-97dc-b31991b9c6da 0.159s
2024-12-12 02:08:32.000 66425 INFO tempest.lib.common.rest_client [req-98452273-61ac-4e3f-967b-4449e74485ee req-98452273-61ac-4e3f-967b-4449e74485ee ] Request (FloatingIPsAssociationTestJSON:tearDownClass): 200 GET http://10.180.1.21/compute/v2.1/servers/685e8c77-0574-4459-8677-227bb2cb3671 0.151s
2024-12-12 02:08:32.035 66405 INFO tempest.lib.common.rest_client [req-30a37cde-9f8a-4ec1-aebf-b6f451e8e936 req-30a37cde-9f8a-4ec1-aebf-b6f451e8e936 ] Request (ServersNegativeTestMultiTenantJSON:setUpClass): 200 GET http://10.180.1.21/compute/v2.1/servers/0e030f03-8f01-44e6-a9dc-b83ac56a270c 0.145s
2024-12-12 02:08:32.059 66395 INFO tempest.lib.common.rest_client [req-70c56ebd-9408-448a-aa53-66e0f0471a2f req-70c56ebd-9408-448a-aa53-66e0f0471a2f ] Request (ImagesOneServerTestJSON:tearDownClass): 200 GET http://10.180.1.21/compute/v2.1/servers/a329d648-c057-4e99-a959-8813b0e14711 0.107s
2024-12-12 02:08:32.089 66431 INFO tempest.lib.common.rest_client [req-635d219a-28ec-460a-b5eb-65a5f8b2f01f req-635d219a-28ec-460a-b5eb-65a5f8b2f01f ] Request (AttachVolumeShelveTestJSON:test_attach_volume_shelved_or_offload_server): 200 GET http://10.180.1.21/compute/v2.1/servers/6cd4f1f7-1725-4533-9ef2-6ac907389407 0.096s
2024-12-12 02:08:32.112 66403 INFO tempest.lib.common.rest_client [req-41b6e0b9-752f-455a-b7ec-cc2a17b19617 req-41b6e0b9-752f-455a-b7ec-cc2a17b19617 ] Request (ServerDiagnosticsTest:test_get_server_diagnostics): 200 GET http://10.180.1.21/compute/v2.1/servers/6de7a8ef-19d4-447a-a6f9-2124691ba2f9 0.097s
2024-12-12 02:08:32.142 66429 INFO tempest.lib.common.rest_client [req-7940b16a-6d0f-4724-ba09-a05893e29a3a req-7940b16a-6d0f-4724-ba09-a05893e29a3a ] Request (SecurityGroupsTestJSON:test_server_security_groups): 200 GET http://10.180.1.21/compute/v2.1/servers/9d16b26f-0eba-430d-83f5-9de7942717c7 0.081s
2024-12-12 02:08:32.170 66451 INFO tempest.lib.common.rest_client [req-cc3217d0-5937-44f7-819f-63e9d3eec92b req-cc3217d0-5937-44f7-819f-63e9d3eec92b ] Request (ServerActionsV293TestJSON:setUpClass): 200 GET http://10.180.1.21/compute/v2.1/servers/febf7ce8-eed9-4846-a9d4-32731585b5e1 0.084s
2024-12-12 02:08:32.194 66411 INFO tempest.lib.common.rest_client [req-6ed532ed-fd5f-4150-8cf9-0577d0bd9c27 req-6ed532ed-fd5f-4150-8cf9-0577d0bd9c27 ] Request (MultipleCreateTestJSON:test_multiple_create_with_reservation_return): 200 GET http://10.180.1.21/compute/v2.1/servers/7cc92005-410a-44ac-b7cd-c39e39a0bedf 0.068s
2024-12-12 02:08:32.239 66445 INFO tempest.lib.common.rest_client [req-5f848f6c-5a54-4103-87a7-ca66d7901106 req-5f848f6c-5a54-4103-87a7-ca66d7901106 ] Request (FloatingIPsAssociationNegativeTestJSON:setUpClass): 200 GET http://10.180.1.21/compute/v2.1/servers/f84e306f-c755-4d0c-9930-de391861c0cc 0.067s
2024-12-12 02:08:32.242 66409 INFO tempest.lib.common.rest_client [req-2779ded1-6bce-4dd0-b4c8-215095e19337 req-2779ded1-6bce-4dd0-b4c8-215095e19337 ] Request (AttachInterfacesV270Test:tearDownClass): 200 GET http://10.180.1.21/compute/v2.1/servers/a2350f60-050b-44b6-a6e7-830a56b018ad 0.087s
2024-12-12 02:08:32.272 66421 INFO tempest.lib.common.rest_client [req-6c75fb93-2053-4f3e-94b8-a72fba083bad req-6c75fb93-2053-4f3e-94b8-a72fba083bad ] Request (ListImageFiltersTestJSON:setUpClass): 200 GET http://10.180.1.21/compute/v2.1/images/a24ed143-fcd4-42cc-a693-2592bb558306 0.065s
2024-12-12 02:08:32.281 66413 INFO tempest.lib.common.rest_client [req-755dd803-05c3-40e4-b8dd-a08988b560df req-755dd803-05c3-40e4-b8dd-a08988b560df ] Request (ServerActionsTestJSON:setUpClass): 200 GET http://10.180.1.21/compute/v2.1/servers/a64890a7-59d3-4139-b8d0-72e03f26546c 0.075s
2024-12-12 02:08:32.334 66423 INFO tempest.lib.common.rest_client [req-c1c6d11b-35a1-41f7-94b2-05932447c35f req-c1c6d11b-35a1-41f7-94b2-05932447c35f ] Request (ServerPasswordTestJSON:tearDownClass): 200 GET http://10.180.1.21/compute/v2.1/servers/da751e8b-eeaf-41e9-9cf5-86fa4c417d2d 0.062s
2024-12-12 02:08:32.564 66419 INFO tempest.lib.common.rest_client [req-d198ebe2-d823-461f-88c1-1c3104467cb0 req-d198ebe2-d823-461f-88c1-1c3104467cb0 ] Request (ServerActionsTestOtherB:setUpClass): 201 POST http://10.180.1.21:9696/networking/v2.0/routers 0.728s
2024-12-12 02:08:32.779 66407 INFO tempest.lib.common.rest_client [req-d157e50c-97d4-46bc-94fd-11f8dad3b8a4 req-d157e50c-97d4-46bc-94fd-11f8dad3b8a4 ] Request (DeleteServersTestJSON:test_delete_server_while_in_attached_volume): 200 GET http://10.180.1.21/compute/v2.1/servers/2f7db407-6f70-491e-bda9-1221dcf535e5 0.154s
2024-12-12 02:08:32.788 66407 INFO tempest.common.waiters [-] State transition "BUILD/block_device_mapping" ==> "BUILD/spawning" after 49 second wait
2024-12-12 02:08:32.806 66415 INFO tempest.lib.common.rest_client [req-57ef7f5a-1e68-4479-a031-a6f7a35e547a req-57ef7f5a-1e68-4479-a031-a6f7a35e547a ] Request (ServerTagsTestJSON:setUpClass): 200 GET http://10.180.1.21/compute/v2.1/servers/a3dc6ae9-ce1f-48ec-88d3-e0738159617e 0.147s
2024-12-12 02:08:32.834 66455 INFO tempest.lib.common.rest_client [req-9b23e679-1446-442e-b5c2-23a4e8c98ae3 req-9b23e679-1446-442e-b5c2-23a4e8c98ae3 ] Request (ImagesTestJSON:test_create_image_from_stopped_server): 200 GET http://10.180.1.21/compute/v2.1/servers/380f640a-a595-47b8-89ac-33410c60d48f 0.144s
2024-12-12 02:08:32.866 66417 INFO tempest.lib.common.rest_client [req-808eb98b-2d33-4749-b1bf-fa573117ae23 req-808eb98b-2d33-4749-b1bf-fa573117ae23 ] Request (ListServerFiltersTestJSON:setUpClass): 200 GET http://10.180.1.21/compute/v2.1/servers/8359a912-0d0e-435f-bbd7-e808d67e36be 0.133s
2024-12-12 02:08:32.905 66427 INFO tempest.lib.common.rest_client [req-ae9d931b-d1d4-471b-93bc-1d437a805a5b req-ae9d931b-d1d4-471b-93bc-1d437a805a5b ] Request (ImagesNegativeTestJSON:test_create_image_from_deleted_server): 200 GET http://10.180.1.21/compute/v2.1/servers/a2aaa258-d597-443a-840a-79e7e6c405f2 0.150s
2024-12-12 02:08:32.954 66397 INFO tempest.lib.common.rest_client [req-790e6b4c-8cb8-4377-972c-971bd3b680fc req-790e6b4c-8cb8-4377-972c-971bd3b680fc ] Request (DeleteServersAdminTestJSON:test_delete_server_while_in_error_state): 200 GET http://10.180.1.21/compute/v2.1/servers/1f3d02c2-90ac-4113-b83b-59f6989810d4 0.131s
2024-12-12 02:08:32.972 66399 INFO tempest.lib.common.rest_client [req-5cf18cdf-8b94-4084-bc5d-d64d9e23f038 req-5cf18cdf-8b94-4084-bc5d-d64d9e23f038 ] Request (InstanceActionsTestJSON:setUpClass): 200 GET http://10.180.1.21/compute/v2.1/servers/7bce7510-ad1f-4b78-92d4-90254cbf0ab3 0.105s
2024-12-12 02:08:33.035 66435 INFO tempest.lib.common.rest_client [req-3fc91512-5376-4a18-bd8b-71ec7e022d4c req-3fc91512-5376-4a18-bd8b-71ec7e022d4c ] Request (ServerShowV247Test:test_update_rebuild_list_server): 200 GET http://10.180.1.21/compute/v2.1/servers/718ad0a2-15fa-4822-ab5e-4fbf94a4592f 0.103s
2024-12-12 02:08:33.089 66443 INFO tempest.lib.common.rest_client [req-a8681c5b-d7a1-4cb0-af21-7592d7df2b29 req-a8681c5b-d7a1-4cb0-af21-7592d7df2b29 ] Request (ImagesOneServerNegativeTestJSON:_run_cleanups): 200 GET http://10.180.1.21/compute/v2.1/servers/89594c43-5e93-44e8-97dc-b31991b9c6da 0.096s
2024-12-12 02:08:33.124 66433 INFO tempest.lib.common.rest_client [req-0f2088e9-a713-4293-8154-6f6a9ad0b9c3 req-0f2088e9-a713-4293-8154-6f6a9ad0b9c3 ] Request (ServersAdminNegativeTestJSON:test_migrate_server_invalid_state): 200 GET http://10.180.1.21/compute/v2.1/servers/e4d65ed0-9fd8-4759-bf8c-3aac3d17b400 0.187s
2024-12-12 02:08:33.163 66425 INFO tempest.lib.common.rest_client [req-8194c6af-7ffb-43ef-8a9e-ebaafbe4d250 req-8194c6af-7ffb-43ef-8a9e-ebaafbe4d250 ] Request (FloatingIPsAssociationTestJSON:tearDownClass): 200 GET http://10.180.1.21/compute/v2.1/servers/685e8c77-0574-4459-8677-227bb2cb3671 0.156s
2024-12-12 02:08:33.177 66405 INFO tempest.lib.common.rest_client [req-cfef28ca-f164-4812-807b-69270660246f req-cfef28ca-f164-4812-807b-69270660246f ] Request (ServersNegativeTestMultiTenantJSON:setUpClass): 200 GET http://10.180.1.21/compute/v2.1/servers/0e030f03-8f01-44e6-a9dc-b83ac56a270c 0.135s
2024-12-12 02:08:33.232 66395 INFO tempest.lib.common.rest_client [req-868bced1-4476-4aa0-98b0-bab4001267f7 req-868bced1-4476-4aa0-98b0-bab4001267f7 ] Request (ImagesOneServerTestJSON:tearDownClass): 200 GET http://10.180.1.21/compute/v2.1/servers/a329d648-c057-4e99-a959-8813b0e14711 0.166s
2024-12-12 02:08:33.238 66431 INFO tempest.lib.common.rest_client [req-e118c731-f8e2-4da1-a790-0628cfdcb7d6 req-e118c731-f8e2-4da1-a790-0628cfdcb7d6 ] Request (AttachVolumeShelveTestJSON:test_attach_volume_shelved_or_offload_server): 200 GET http://10.180.1.21/compute/v2.1/servers/6cd4f1f7-1725-4533-9ef2-6ac907389407 0.139s
2024-12-12 02:08:33.295 66403 INFO tempest.lib.common.rest_client [req-8c4dcca6-a737-4ec3-8ba9-243ab429ce95 req-8c4dcca6-a737-4ec3-8ba9-243ab429ce95 ] Request (ServerDiagnosticsTest:test_get_server_diagnostics): 200 GET http://10.180.1.21/compute/v2.1/servers/6de7a8ef-19d4-447a-a6f9-2124691ba2f9 0.176s
2024-12-12 02:08:33.311 66429 INFO tempest.lib.common.rest_client [req-32408977-dcd2-43bc-9214-ff762e23834a req-32408977-dcd2-43bc-9214-ff762e23834a ] Request (SecurityGroupsTestJSON:test_server_security_groups): 200 GET http://10.180.1.21/compute/v2.1/servers/9d16b26f-0eba-430d-83f5-9de7942717c7 0.161s
2024-12-12 02:08:33.344 66451 INFO tempest.lib.common.rest_client [req-6bff0b72-bca5-4371-a4f6-6500c5e3f365 req-6bff0b72-bca5-4371-a4f6-6500c5e3f365 ] Request (ServerActionsV293TestJSON:setUpClass): 200 GET http://10.180.1.21/compute/v2.1/servers/febf7ce8-eed9-4846-a9d4-32731585b5e1 0.162s
2024-12-12 02:08:33.359 66411 INFO tempest.lib.common.rest_client [req-22ea6aca-3eda-4a57-bc5e-383062efaee1 req-22ea6aca-3eda-4a57-bc5e-383062efaee1 ] Request (MultipleCreateTestJSON:test_multiple_create_with_reservation_return): 200 GET http://10.180.1.21/compute/v2.1/servers/7cc92005-410a-44ac-b7cd-c39e39a0bedf 0.155s
2024-12-12 02:08:33.390 66445 INFO tempest.lib.common.rest_client [req-8aac014d-8b14-4254-9d57-5150ff0590ea req-8aac014d-8b14-4254-9d57-5150ff0590ea ] Request (FloatingIPsAssociationNegativeTestJSON:setUpClass): 200 GET http://10.180.1.21/compute/v2.1/servers/f84e306f-c755-4d0c-9930-de391861c0cc 0.144s
2024-12-12 02:08:33.426 66409 INFO tempest.lib.common.rest_client [req-4c13f71d-28d6-4ab1-ba2b-c86b97cf8808 req-4c13f71d-28d6-4ab1-ba2b-c86b97cf8808 ] Request (AttachInterfacesV270Test:tearDownClass): 200 GET http://10.180.1.21/compute/v2.1/servers/a2350f60-050b-44b6-a6e7-830a56b018ad 0.172s
2024-12-12 02:08:33.427 66421 INFO tempest.lib.common.rest_client [req-3b9ece1b-a96c-481b-bc90-a86ff7a5f3ef req-3b9ece1b-a96c-481b-bc90-a86ff7a5f3ef ] Request (ListImageFiltersTestJSON:setUpClass): 200 GET http://10.180.1.21/compute/v2.1/images/a24ed143-fcd4-42cc-a693-2592bb558306 0.151s
2024-12-12 02:08:33.480 66413 INFO tempest.lib.common.rest_client [req-61cae667-5bc9-4746-a644-daf5d241083f req-61cae667-5bc9-4746-a644-daf5d241083f ] Request (ServerActionsTestJSON:setUpClass): 200 GET http://10.180.1.21/compute/v2.1/servers/a64890a7-59d3-4139-b8d0-72e03f26546c 0.192s
2024-12-12 02:08:33.494 66423 INFO tempest.lib.common.rest_client [req-47d9e5be-5b7a-4c9b-b59e-165003a64586 req-47d9e5be-5b7a-4c9b-b59e-165003a64586 ] Request (ServerPasswordTestJSON:tearDownClass): 200 GET http://10.180.1.21/compute/v2.1/servers/da751e8b-eeaf-41e9-9cf5-86fa4c417d2d 0.152s
2024-12-12 02:08:33.782 66419 INFO tempest.lib.common.rest_client [req-0a7a9ea5-ae9a-4902-9cfe-1fdc896009c4 req-0a7a9ea5-ae9a-4902-9cfe-1fdc896009c4 ] Request (ServerActionsTestOtherB:setUpClass): 200 PUT http://10.180.1.21:9696/networking/v2.0/routers/65764fa4-46c4-4791-b9e2-9c3d7860ef19/add_router_interface 1.217s
2024-12-12 02:08:33.782 66419 INFO tempest.lib.common.dynamic_creds [-] Created isolated network resources for: credentials: Credentials: {'domain_id': 'default', 'domain_name': 'Default', 'username': 'tempest-ServerActionsTestOtherB-1061280430-project-member', 'project_domain_id': 'default', 'project_domain_name': 'Default', 'project_id': '83b5b85416824d26b5843b8f4540949f', 'project_name': 'tempest-ServerActionsTestOtherB-1061280430', 'tenant_id': '83b5b85416824d26b5843b8f4540949f', 'tenant_name': 'tempest-ServerActionsTestOtherB-1061280430', 'user_domain_id': 'default', 'user_domain_name': 'Default', 'user_id': '124bb76e793b45ca97dbc601fa25c613', 'system': None}, Network: {'id': '891f9b04-5041-47b9-b858-f5b9110509f6', 'name': 'tempest-ServerActionsTestOtherB-855191000-network', 'tenant_id': '83b5b85416824d26b5843b8f4540949f', 'admin_state_up': True, 'mtu': 8950, 'status': 'ACTIVE', 'subnets': [], 'shared': False, 'project_id': '83b5b85416824d26b5843b8f4540949f', 'port_security_enabled': True, 'router:external': False, 'provider:network_type': 'vlan', 'provider:physical_network': 'default', 'provider:segmentation_id': 401, 'availability_zone_hints': [], 'availability_zones': [], 'ipv4_address_scope': None, 'ipv6_address_scope': None, 'description': '', 'tags': [], 'created_at': '2024-12-12T02:08:31Z', 'updated_at': '2024-12-12T02:08:31Z', 'revision_number': 1}, Subnet: {'id': 'ab4ed3ba-a776-4ef3-ba11-992ecea7bf99', 'name': 'tempest-ServerActionsTestOtherB-855191000-subnet', 'tenant_id': '83b5b85416824d26b5843b8f4540949f', 'network_id': '891f9b04-5041-47b9-b858-f5b9110509f6', 'ip_version': 4, 'subnetpool_id': None, 'enable_dhcp': True, 'ipv6_ra_mode': None, 'ipv6_address_mode': None, 'gateway_ip': '192.168.128.1', 'cidr': '192.168.128.0/28', 'allocation_pools': [{'start': '192.168.128.2', 'end': '192.168.128.14'}], 'host_routes': [], 'dns_nameservers': [], 'description': '', 'router:external': False, 'service_types': [], 'tags': [], 'created_at': '2024-12-12T02:08:31Z', 'updated_at': '2024-12-12T02:08:31Z', 'revision_number': 0, 'project_id': '83b5b85416824d26b5843b8f4540949f'}, Router: {'id': '65764fa4-46c4-4791-b9e2-9c3d7860ef19', 'name': 'tempest-ServerActionsTestOtherB-855191000-router', 'tenant_id': '83b5b85416824d26b5843b8f4540949f', 'admin_state_up': True, 'status': 'ACTIVE', 'external_gateway_info': {'network_id': 'fa4d2e81-f4e8-4ff9-9f16-4229f487995e', 'external_fixed_ips': [{'subnet_id': 'e284e218-181c-464f-895a-131e20775516', 'ip_address': '10.180.180.166'}], 'enable_snat': True}, 'description': '', 'availability_zones': [], 'distributed': False, 'ha': False, 'availability_zone_hints': [], 'routes': [], 'flavor_id': None, 'tags': [], 'created_at': '2024-12-12T02:08:31Z', 'updated_at': '2024-12-12T02:08:32Z', 'revision_number': 2, 'project_id': '83b5b85416824d26b5843b8f4540949f'}
2024-12-12 02:08:33.890 66419 INFO tempest.lib.common.rest_client [req-125a5437-60fe-4ae9-a6f7-37b8d6a7c802 req-125a5437-60fe-4ae9-a6f7-37b8d6a7c802 ] Request (ServerActionsTestOtherB:setUpClass): 201 POST http://10.180.1.21/identity/v3/auth/tokens 0.105s
2024-12-12 02:08:33.973 66407 INFO tempest.lib.common.rest_client [req-cada3149-7ec6-40df-89cf-9090b5454792 req-cada3149-7ec6-40df-89cf-9090b5454792 ] Request (DeleteServersTestJSON:test_delete_server_while_in_attached_volume): 200 GET http://10.180.1.21/compute/v2.1/servers/2f7db407-6f70-491e-bda9-1221dcf535e5 0.184s
2024-12-12 02:08:33.974 66415 INFO tempest.lib.common.rest_client [req-968a854b-5132-4f49-8a54-404e12979efc req-968a854b-5132-4f49-8a54-404e12979efc ] Request (ServerTagsTestJSON:setUpClass): 200 GET http://10.180.1.21/compute/v2.1/servers/a3dc6ae9-ce1f-48ec-88d3-e0738159617e 0.158s
2024-12-12 02:08:34.041 66455 INFO tempest.lib.common.rest_client [req-d70452bc-0807-4f31-a8d6-87aa714dcb30 req-d70452bc-0807-4f31-a8d6-87aa714dcb30 ] Request (ImagesTestJSON:test_create_image_from_stopped_server): 200 GET http://10.180.1.21/compute/v2.1/servers/380f640a-a595-47b8-89ac-33410c60d48f 0.195s
2024-12-12 02:08:34.045 66417 INFO tempest.lib.common.rest_client [req-612920b3-0b96-475b-96cf-dea9dbdacd2a req-612920b3-0b96-475b-96cf-dea9dbdacd2a ] Request (ListServerFiltersTestJSON:setUpClass): 200 GET http://10.180.1.21/compute/v2.1/servers/8359a912-0d0e-435f-bbd7-e808d67e36be 0.168s
2024-12-12 02:08:34.129 66427 INFO tempest.lib.common.rest_client [req-d261c224-9c1a-4b02-b787-859a82a881b1 req-d261c224-9c1a-4b02-b787-859a82a881b1 ] Request (ImagesNegativeTestJSON:test_create_image_from_deleted_server): 200 GET http://10.180.1.21/compute/v2.1/servers/a2aaa258-d597-443a-840a-79e7e6c405f2 0.208s
2024-12-12 02:08:34.155 66419 INFO tempest.lib.common.rest_client [req-1c67612c-c0c1-41cb-ae34-525bf3bfe5a6 req-1c67612c-c0c1-41cb-ae34-525bf3bfe5a6 ] Request (ServerActionsTestOtherB:setUpClass): 200 POST http://10.180.1.21/compute/v2.1/os-keypairs 0.263s
2024-12-12 02:08:34.193 66397 INFO tempest.lib.common.rest_client [req-4611bae3-b83f-4c1e-9cb1-95e65fc38b0c req-4611bae3-b83f-4c1e-9cb1-95e65fc38b0c ] Request (DeleteServersAdminTestJSON:test_delete_server_while_in_error_state): 200 GET http://10.180.1.21/compute/v2.1/servers/1f3d02c2-90ac-4113-b83b-59f6989810d4 0.225s
2024-12-12 02:08:34.251 66435 INFO tempest.lib.common.rest_client [req-9f5a8c15-9ea5-40d3-a616-861a41d01c46 req-9f5a8c15-9ea5-40d3-a616-861a41d01c46 ] Request (ServerShowV247Test:test_update_rebuild_list_server): 200 GET http://10.180.1.21/compute/v2.1/servers/718ad0a2-15fa-4822-ab5e-4fbf94a4592f 0.205s
2024-12-12 02:08:34.310 66443 INFO tempest.lib.common.rest_client [req-c5f89596-0505-420c-aa17-d01951000302 req-c5f89596-0505-420c-aa17-d01951000302 ] Request (ImagesOneServerNegativeTestJSON:_run_cleanups): 200 GET http://10.180.1.21/compute/v2.1/servers/89594c43-5e93-44e8-97dc-b31991b9c6da 0.213s
2024-12-12 02:08:34.373 66399 INFO tempest.lib.common.rest_client [req-77d390e5-ce3c-4f75-8601-ed072c9c9a3a req-77d390e5-ce3c-4f75-8601-ed072c9c9a3a ] Request (InstanceActionsTestJSON:setUpClass): 200 GET http://10.180.1.21/compute/v2.1/servers/7bce7510-ad1f-4b78-92d4-90254cbf0ab3 0.393s
2024-12-12 02:08:34.381 66399 INFO tempest.common.waiters [-] State transition "BUILD/None" ==> "BUILD/block_device_mapping" after 48 second wait
2024-12-12 02:08:34.397 66419 INFO tempest.lib.common.rest_client [req-33a19c2b-b5ef-4d1f-97fc-b5c67c296c37 req-33a19c2b-b5ef-4d1f-97fc-b5c67c296c37 ] Request (ServerActionsTestOtherB:setUpClass): 201 POST http://10.180.1.21:9696/networking/v2.0/security-groups 0.240s
2024-12-12 02:08:34.440 66425 INFO tempest.lib.common.rest_client [req-e473b423-30ca-4c49-90b6-35fce1b05b4a req-e473b423-30ca-4c49-90b6-35fce1b05b4a ] Request (FloatingIPsAssociationTestJSON:tearDownClass): 200 GET http://10.180.1.21/compute/v2.1/servers/685e8c77-0574-4459-8677-227bb2cb3671 0.266s
2024-12-12 02:08:34.463 66433 INFO tempest.lib.common.rest_client [req-b13d853f-b955-4da9-9e20-8841c05435a1 req-b13d853f-b955-4da9-9e20-8841c05435a1 ] Request (ServersAdminNegativeTestJSON:test_migrate_server_invalid_state): 200 GET http://10.180.1.21/compute/v2.1/servers/e4d65ed0-9fd8-4759-bf8c-3aac3d17b400 0.330s
2024-12-12 02:08:34.505 66405 INFO tempest.lib.common.rest_client [req-276125ab-1a48-48f2-b1bf-add9c39df9e9 req-276125ab-1a48-48f2-b1bf-add9c39df9e9 ] Request (ServersNegativeTestMultiTenantJSON:setUpClass): 200 GET http://10.180.1.21/compute/v2.1/servers/0e030f03-8f01-44e6-a9dc-b83ac56a270c 0.316s
2024-12-12 02:08:34.509 66419 INFO tempest.lib.common.rest_client [req-2057408b-79d5-4a3b-9d2b-380bc1a06e8e req-2057408b-79d5-4a3b-9d2b-380bc1a06e8e ] Request (ServerActionsTestOtherB:setUpClass): 201 POST http://10.180.1.21:9696/networking/v2.0/security-group-rules 0.111s
2024-12-12 02:08:34.560 66395 INFO tempest.lib.common.rest_client [req-76925a23-8d2b-4489-9326-d1a86c735799 req-76925a23-8d2b-4489-9326-d1a86c735799 ] Request (ImagesOneServerTestJSON:tearDownClass): 200 GET http://10.180.1.21/compute/v2.1/servers/a329d648-c057-4e99-a959-8813b0e14711 0.318s
2024-12-12 02:08:34.573 66431 INFO tempest.lib.common.rest_client [req-64290823-9d77-44ec-8c79-0f19f0267b11 req-64290823-9d77-44ec-8c79-0f19f0267b11 ] Request (AttachVolumeShelveTestJSON:test_attach_volume_shelved_or_offload_server): 200 GET http://10.180.1.21/compute/v2.1/servers/6cd4f1f7-1725-4533-9ef2-6ac907389407 0.323s
2024-12-12 02:08:34.637 66429 INFO tempest.lib.common.rest_client [req-68df7c37-9add-45fa-bdbe-f26b4c511e2a req-68df7c37-9add-45fa-bdbe-f26b4c511e2a ] Request (SecurityGroupsTestJSON:test_server_security_groups): 200 GET http://10.180.1.21/compute/v2.1/servers/9d16b26f-0eba-430d-83f5-9de7942717c7 0.316s
2024-12-12 02:08:34.644 66403 INFO tempest.lib.common.rest_client [req-50f6d1b6-8929-4629-ab32-00c65a56a8c9 req-50f6d1b6-8929-4629-ab32-00c65a56a8c9 ] Request (ServerDiagnosticsTest:test_get_server_diagnostics): 200 GET http://10.180.1.21/compute/v2.1/servers/6de7a8ef-19d4-447a-a6f9-2124691ba2f9 0.339s
2024-12-12 02:08:34.699 66419 INFO tempest.lib.common.rest_client [req-39ecc26e-32e5-49f9-8ed5-b357a5b363e7 req-39ecc26e-32e5-49f9-8ed5-b357a5b363e7 ] Request (ServerActionsTestOtherB:setUpClass): 201 POST http://10.180.1.21:9696/networking/v2.0/security-group-rules 0.190s
2024-12-12 02:08:34.704 66451 INFO tempest.lib.common.rest_client [req-934116c3-e913-425b-ac3c-2afe2891e77c req-934116c3-e913-425b-ac3c-2afe2891e77c ] Request (ServerActionsV293TestJSON:setUpClass): 200 GET http://10.180.1.21/compute/v2.1/servers/febf7ce8-eed9-4846-a9d4-32731585b5e1 0.348s
2024-12-12 02:08:34.709 66411 INFO tempest.lib.common.rest_client [req-a13b2dc3-7e03-472b-9337-ed8388d3285d req-a13b2dc3-7e03-472b-9337-ed8388d3285d ] Request (MultipleCreateTestJSON:test_multiple_create_with_reservation_return): 200 GET http://10.180.1.21/compute/v2.1/servers/7cc92005-410a-44ac-b7cd-c39e39a0bedf 0.342s
2024-12-12 02:08:34.748 66421 INFO tempest.lib.common.rest_client [req-67474251-6ed3-46f2-949b-b990a5de3bc6 req-67474251-6ed3-46f2-949b-b990a5de3bc6 ] Request (ListImageFiltersTestJSON:setUpClass): 200 GET http://10.180.1.21/compute/v2.1/images/a24ed143-fcd4-42cc-a693-2592bb558306 0.318s
2024-12-12 02:08:34.761 66445 INFO tempest.lib.common.rest_client [req-a5cef956-bf55-43e6-ae35-2e5017d3e2d1 req-a5cef956-bf55-43e6-ae35-2e5017d3e2d1 ] Request (FloatingIPsAssociationNegativeTestJSON:setUpClass): 200 GET http://10.180.1.21/compute/v2.1/servers/f84e306f-c755-4d0c-9930-de391861c0cc 0.361s
2024-12-12 02:08:34.831 66413 INFO tempest.lib.common.rest_client [req-b34edb8f-d149-4ced-8589-19c7ed118964 req-b34edb8f-d149-4ced-8589-19c7ed118964 ] Request (ServerActionsTestJSON:setUpClass): 200 GET http://10.180.1.21/compute/v2.1/servers/a64890a7-59d3-4139-b8d0-72e03f26546c 0.341s
2024-12-12 02:08:34.846 66409 INFO tempest.lib.common.rest_client [req-f8e00654-8822-4d9d-95e7-40bd58eace96 req-f8e00654-8822-4d9d-95e7-40bd58eace96 ] Request (AttachInterfacesV270Test:tearDownClass): 200 GET http://10.180.1.21/compute/v2.1/servers/a2350f60-050b-44b6-a6e7-830a56b018ad 0.408s
2024-12-12 02:08:34.904 66423 INFO tempest.lib.common.rest_client [req-dce39575-b026-4aa0-a851-e200b634c308 req-dce39575-b026-4aa0-a851-e200b634c308 ] Request (ServerPasswordTestJSON:tearDownClass): 200 GET http://10.180.1.21/compute/v2.1/servers/da751e8b-eeaf-41e9-9cf5-86fa4c417d2d 0.400s
2024-12-12 02:08:35.091 66415 INFO tempest.lib.common.rest_client [req-dbf5a8e6-3f01-44e9-a439-3e2644e667ea req-dbf5a8e6-3f01-44e9-a439-3e2644e667ea ] Request (ServerTagsTestJSON:setUpClass): 200 GET http://10.180.1.21/compute/v2.1/servers/a3dc6ae9-ce1f-48ec-88d3-e0738159617e 0.105s
2024-12-12 02:08:35.143 66455 INFO tempest.lib.common.rest_client [req-3d3eda88-dae7-4f36-aa92-457bba682dec req-3d3eda88-dae7-4f36-aa92-457bba682dec ] Request (ImagesTestJSON:test_create_image_from_stopped_server): 200 GET http://10.180.1.21/compute/v2.1/servers/380f640a-a595-47b8-89ac-33410c60d48f 0.094s
2024-12-12 02:08:35.183 66407 INFO tempest.lib.common.rest_client [req-836c8f51-f1dd-4324-8551-afe922394c6f req-836c8f51-f1dd-4324-8551-afe922394c6f ] Request (DeleteServersTestJSON:test_delete_server_while_in_attached_volume): 200 GET http://10.180.1.21/compute/v2.1/servers/2f7db407-6f70-491e-bda9-1221dcf535e5 0.202s
2024-12-12 02:08:35.213 66417 INFO tempest.lib.common.rest_client [req-3616f1ff-bfd0-4b11-9473-1f0e0a7cbe3b req-3616f1ff-bfd0-4b11-9473-1f0e0a7cbe3b ] Request (ListServerFiltersTestJSON:setUpClass): 200 GET http://10.180.1.21/compute/v2.1/servers/8359a912-0d0e-435f-bbd7-e808d67e36be 0.158s
2024-12-12 02:08:35.260 66427 INFO tempest.lib.common.rest_client [req-66b123b3-eb46-4015-8281-468ac12f68c5 req-66b123b3-eb46-4015-8281-468ac12f68c5 ] Request (ImagesNegativeTestJSON:test_create_image_from_deleted_server): 200 GET http://10.180.1.21/compute/v2.1/servers/a2aaa258-d597-443a-840a-79e7e6c405f2 0.123s
2024-12-12 02:08:35.278 66397 INFO tempest.lib.common.rest_client [req-950b0ff6-7e93-4b50-adc0-17f6e421add2 req-950b0ff6-7e93-4b50-adc0-17f6e421add2 ] Request (DeleteServersAdminTestJSON:test_delete_server_while_in_error_state): 200 GET http://10.180.1.21/compute/v2.1/servers/1f3d02c2-90ac-4113-b83b-59f6989810d4 0.079s
2024-12-12 02:08:35.296 66419 INFO tempest.lib.common.rest_client [req-47fc6eb5-a869-4bb3-ba33-235723ae370e req-47fc6eb5-a869-4bb3-ba33-235723ae370e ] Request (ServerActionsTestOtherB:setUpClass): 201 POST http://10.180.1.21:9696/networking/v2.0/floatingips 0.596s
