2024-12-11 18:10:27.240 66093 INFO tempest.lib.common.rest_client [req-d445cf54-cec2-4041-8da9-c03ba3587060 req-d445cf54-cec2-4041-8da9-c03ba3587060 ] Request (ServerShowV247Test:tearDownClass): 200 GET http://10.180.1.21/compute/v2.1/servers/8e7b1aab-e074-44c0-ae27-4241823b2972 0.529s
2024-12-11 18:10:27.244 66059 INFO tempest.lib.common.rest_client [req-57010149-7486-4fbf-8cb0-f6d29a0efae9 req-57010149-7486-4fbf-8cb0-f6d29a0efae9 ] Request (ImagesOneServerTestJSON:test_create_delete_image): 200 GET http://10.180.1.21/compute/v2.1/images/d30e5482-9a7e-47c7-80aa-bee1ba60d303 0.516s
2024-12-11 18:10:27.278 66077 INFO tempest.lib.common.rest_client [req-67535d38-4bcb-4a02-b961-ee387a6cd5d7 req-67535d38-4bcb-4a02-b961-ee387a6cd5d7 ] Request (ServerDiagnosticsTest:tearDownClass): 204 DELETE http://10.180.1.21/identity/v3/projects/f7235d62ca4340feaabafd4b60f6546f 0.115s
2024-12-11 18:10:27.303 66047 INFO tempest.lib.common.rest_client [req-65edf8fb-db64-44fe-b971-8c3e7a0cc413 req-65edf8fb-db64-44fe-b971-8c3e7a0cc413 ] Request (ServerGroupTestJSON:_run_cleanups): 200 GET http://10.180.1.21/compute/v2.1/servers/4d374011-671a-4729-a7ee-c624bd927980 0.413s
2024-12-11 18:10:27.347 66107 INFO tempest.lib.common.rest_client [req-4c7190d1-038f-4cd6-bc9d-255dbde9e2e3 req-4c7190d1-038f-4cd6-bc9d-255dbde9e2e3 ] Request (MultipleCreateTestJSON:test_multiple_create): 200 GET http://10.180.1.21/compute/v2.1/servers/462194db-7674-478a-a9c4-6b86da47bb7f 0.441s
2024-12-11 18:10:27.350 66079 INFO tempest.lib.common.rest_client [req-bde9bfb4-5910-4f20-b761-18e37d80c9c8 req-bde9bfb4-5910-4f20-b761-18e37d80c9c8 ] Request (DeleteServersAdminTestJSON:test_delete_server_while_in_error_state): 200 GET http://10.180.1.21/compute/v2.1/servers/5dfbaf3d-3517-46b8-9617-99db83886d7a 0.454s
2024-12-11 18:10:27.358 66077 INFO tempest.lib.common.rest_client [req-22470852-250c-46c4-a5c5-68f7325dd765 req-22470852-250c-46c4-a5c5-68f7325dd765 ] Request (FlavorsV2TestJSON:setUpClass): 201 POST http://10.180.1.21/identity/v3/auth/tokens 0.078s
2024-12-11 18:10:27.392 66077 INFO tempest.lib.common.rest_client [req-dedbfcc8-34d7-45ff-9605-fc7ad1ba6485 req-dedbfcc8-34d7-45ff-9605-fc7ad1ba6485 ] Request (FlavorsV2TestJSON:setUpClass): 201 POST http://10.180.1.21/identity/v3/auth/tokens 0.031s
2024-12-11 18:10:27.408 66049 INFO tempest.lib.common.rest_client [req-13f90977-28e1-442c-ac88-7c7d31c704d3 req-13f90977-28e1-442c-ac88-7c7d31c704d3 ] Request (AttachVolumeTestJSON:test_attach_detach_volume): 200 GET http://10.180.1.21/compute/v2.1/servers/1023aca6-471e-4039-ae25-3fcabcc03d0c 0.437s
2024-12-11 18:10:27.428 66077 INFO tempest.lib.common.rest_client [req-d6390c2b-50fb-4ff0-8659-f1f3d908d416 req-d6390c2b-50fb-4ff0-8659-f1f3d908d416 ] Request (FlavorsV2TestJSON:setUpClass): 200 GET http://10.180.1.21/identity/v3/domains?name=Default 0.036s
2024-12-11 18:10:27.466 66077 INFO tempest.lib.common.rest_client [req-3fec8a62-9cef-4762-b6f7-90e4f055191a req-3fec8a62-9cef-4762-b6f7-90e4f055191a ] Request (FlavorsV2TestJSON:setUpClass): 201 POST http://10.180.1.21/identity/v3/projects 0.037s
2024-12-11 18:10:27.522 66057 INFO tempest.lib.common.rest_client [req-0fead70e-8d63-49fc-824b-fad6da9d2327 req-0fead70e-8d63-49fc-824b-fad6da9d2327 ] Request (SecurityGroupsTestJSON:test_security_group_create_get_delete): 202 DELETE http://10.180.1.21/compute/v2.1/os-security-groups/9478033e-91c9-4838-a8e5-09e1745e17cb 0.513s
2024-12-11 18:10:27.529 66077 INFO tempest.lib.common.rest_client [req-bf2950e9-341a-4468-b623-ecb990fb90ad req-bf2950e9-341a-4468-b623-ecb990fb90ad ] Request (FlavorsV2TestJSON:setUpClass): 201 POST http://10.180.1.21/identity/v3/users 0.062s
2024-12-11 18:10:27.550 66077 INFO tempest.lib.common.rest_client [req-3c094016-8b7f-4d6c-9370-28ebf0b8f003 req-3c094016-8b7f-4d6c-9370-28ebf0b8f003 ] Request (FlavorsV2TestJSON:setUpClass): 200 GET http://10.180.1.21/identity/v3/roles 0.021s
2024-12-11 18:10:27.579 66077 INFO tempest.lib.common.rest_client [req-f0bb02cd-58d8-4f60-89be-356fa774a919 req-f0bb02cd-58d8-4f60-89be-356fa774a919 ] Request (FlavorsV2TestJSON:setUpClass): 204 PUT http://10.180.1.21/identity/v3/projects/44f9fdcd5dd44e76ab42cea57e5b83ae/users/5c33ee51758846268ad04a4a8407154f/roles/5a307acaf1014acbaa0e5fdc3cf6cd0e 0.029s
2024-12-11 18:10:27.580 66077 INFO tempest.lib.common.dynamic_creds [-] Dynamic test user 5c33ee51758846268ad04a4a8407154f is created with scope project and roles: ['member']
2024-12-11 18:10:27.580 66077 INFO tempest.lib.common.dynamic_creds [-] Acquired dynamic creds: credentials: Credentials: {'domain_id': 'default', 'domain_name': 'Default', 'username': 'tempest-FlavorsV2TestJSON-978168549-project-member', 'project_domain_id': 'default', 'project_domain_name': 'Default', 'project_id': '44f9fdcd5dd44e76ab42cea57e5b83ae', 'project_name': 'tempest-FlavorsV2TestJSON-978168549', 'tenant_id': '44f9fdcd5dd44e76ab42cea57e5b83ae', 'tenant_name': 'tempest-FlavorsV2TestJSON-978168549', 'user_domain_id': 'default', 'user_domain_name': 'Default', 'user_id': '5c33ee51758846268ad04a4a8407154f', 'system': None}, Network: None, Subnet: None, Router: None
2024-12-11 18:10:27.580 66077 INFO tempest.lib.common.dynamic_creds [-] Created isolated network resources for: credentials: Credentials: {'domain_id': 'default', 'domain_name': 'Default', 'username': 'tempest-FlavorsV2TestJSON-978168549-project-member', 'project_domain_id': 'default', 'project_domain_name': 'Default', 'project_id': '44f9fdcd5dd44e76ab42cea57e5b83ae', 'project_name': 'tempest-FlavorsV2TestJSON-978168549', 'tenant_id': '44f9fdcd5dd44e76ab42cea57e5b83ae', 'tenant_name': 'tempest-FlavorsV2TestJSON-978168549', 'user_domain_id': 'default', 'user_domain_name': 'Default', 'user_id': '5c33ee51758846268ad04a4a8407154f', 'system': None}, Network: None, Subnet: None, Router: None
2024-12-11 18:10:27.609 66081 INFO tempest.lib.common.rest_client [req-ac622b98-684e-46c6-8ba2-ceb2eb6bf8b4 req-ac622b98-684e-46c6-8ba2-ceb2eb6bf8b4 ] Request (ImagesOneServerNegativeTestJSON:setUpClass): 200 GET http://10.180.1.21/compute/v2.1/servers/fa6c5ba7-7717-40cf-9f6e-5ba58f985fea 0.568s
2024-12-11 18:10:27.655 66077 INFO tempest.lib.common.rest_client [req-2e267328-9e5b-4fde-beb2-8c904d2de101 req-2e267328-9e5b-4fde-beb2-8c904d2de101 ] Request (FlavorsV2TestJSON:setUpClass): 201 POST http://10.180.1.21/identity/v3/auth/tokens 0.067s
2024-12-11 18:10:27.675 66101 INFO tempest.lib.common.rest_client [req-832f4caf-b1b0-457a-bf36-2568ab56f985 req-832f4caf-b1b0-457a-bf36-2568ab56f985 ] Request (ServerShowV257Test:test_rebuild_server): 200 GET http://10.180.1.21/compute/v2.1/servers/de1e0774-f6a7-4b1d-80b4-e196e8505d10 0.566s
2024-12-11 18:10:27.781 66089 INFO tempest.lib.common.rest_client [req-a8b4b5f5-4d85-4f59-a3bf-65c2404aa5be req-a8b4b5f5-4d85-4f59-a3bf-65c2404aa5be ] Request (MigrationsAdminTest:test_list_migrations_in_flavor_resize_situation): 200 GET http://10.180.1.21/compute/v2.1/servers/3c9a0a11-8469-40d2-9bee-94309b5d9c34 0.648s
2024-12-11 18:10:27.832 66051 INFO tempest.lib.common.rest_client [req-f0449a28-cfc9-4a4e-b28a-8b10e4f16aab req-f0449a28-cfc9-4a4e-b28a-8b10e4f16aab ] Request (ServersTestMultiNic:test_verify_multiple_nics_order): 202 POST http://10.180.1.21/compute/v2.1/servers 0.924s
2024-12-11 18:10:27.891 66091 INFO tempest.lib.common.rest_client [req-7695c1dc-ad8a-4b45-b0bb-50eb04986f7b req-7695c1dc-ad8a-4b45-b0bb-50eb04986f7b ] Request (ServerDiagnosticsV248Test:test_get_server_diagnostics): 200 GET http://10.180.1.21/compute/v2.1/servers/ab6b62e7-7ef6-47e0-b81a-71342a32d20a 0.577s
2024-12-11 18:10:27.910 66057 INFO tempest.lib.common.rest_client [req-81ab64da-5d39-4f8a-8418-eea7efb4429a req-81ab64da-5d39-4f8a-8418-eea7efb4429a ] Request (SecurityGroupsTestJSON:test_security_group_create_get_delete): 404 GET http://10.180.1.21/compute/v2.1/os-security-groups/9478033e-91c9-4838-a8e5-09e1745e17cb 0.387s
2024-12-11 18:10:27.947 66066 INFO tempest.lib.common.rest_client [req-7ae8d4e2-ea78-4bea-9a65-3d09c6af3464 req-7ae8d4e2-ea78-4bea-9a65-3d09c6af3464 ] Request (ServerActionsTestOtherA:setUpClass): 200 POST http://10.180.1.21/compute/v2.1/os-keypairs 0.813s
2024-12-11 18:10:27.979 66099 INFO tempest.lib.common.rest_client [req-b9a12064-d1ad-49f7-b68a-30f0d6f2eadb req-b9a12064-d1ad-49f7-b68a-30f0d6f2eadb ] Request (ListServersNegativeTestJSON:setUpClass): 200 GET http://10.180.1.21/compute/v2.1/servers/8b39cf11-9abd-4c11-b517-d896e2c39cff 0.410s
2024-12-11 18:10:27.995 66077 INFO tempest.lib.common.rest_client [req-a68cf1a3-8f16-4da2-b7f7-0f86eed963ce req-a68cf1a3-8f16-4da2-b7f7-0f86eed963ce ] Request (FlavorsV2TestJSON:test_get_flavor): 200 GET http://10.180.1.21/compute/v2.1/flavors/42 0.338s
2024-12-11 18:10:28.052 66075 INFO tempest.lib.common.rest_client [req-887061ef-4e23-4434-891d-afc218029031 req-887061ef-4e23-4434-891d-afc218029031 ] Request (ServerShowV254Test:test_rebuild_server): 200 GET http://10.180.1.21/compute/v2.1/servers/b3053cc0-f7c0-4eb6-8562-52854a1f83ad 0.323s
2024-12-11 18:10:28.109 66095 INFO tempest.lib.common.rest_client [req-be11471d-4eb5-469c-99f0-3a46438bc3e5 req-be11471d-4eb5-469c-99f0-3a46438bc3e5 ] Request (ServerRescueTestJSONUnderV235:setUpClass): 200 GET http://10.180.1.21/compute/v2.1/servers/cbcc51b4-ff2a-48b4-946a-d91e93f87afc 0.296s
2024-12-11 18:10:28.126 66066 INFO tempest.lib.common.rest_client [req-9f1077e2-2829-4413-a6a2-7b11677dde19 req-9f1077e2-2829-4413-a6a2-7b11677dde19 ] Request (ServerActionsTestOtherA:setUpClass): 201 POST http://10.180.1.21:9696/networking/v2.0/security-groups 0.177s
2024-12-11 18:10:28.170 66053 INFO tempest.lib.common.rest_client [req-e95a41e3-2132-4383-9be9-086dff0d8c39 req-e95a41e3-2132-4383-9be9-086dff0d8c39 ] Request (ServersTestManualDisk:setUpClass): 200 GET http://10.180.1.21/compute/v2.1/servers/851ff40a-7aa0-4c22-9e6b-6d993db0f850 0.347s
2024-12-11 18:10:28.205 66067 INFO tempest.lib.common.rest_client [req-ef2869e0-d0e0-4959-b773-9afd8bda3e38 req-ef2869e0-d0e0-4959-b773-9afd8bda3e38 ] Request (FloatingIPsAssociationTestJSON:setUpClass): 200 GET http://10.180.1.21/compute/v2.1/servers/c5ef7536-3779-466b-88bc-fab4e6967fe6 0.461s
2024-12-11 18:10:28.222 66051 INFO tempest.lib.common.rest_client [req-dda2b26f-b79c-469a-a553-295fdad53033 req-dda2b26f-b79c-469a-a553-295fdad53033 ] Request (ServersTestMultiNic:test_verify_multiple_nics_order): 200 GET http://10.180.1.21/compute/v2.1/servers/c28d58b8-19eb-4cfe-8545-df5c169a926c 0.387s
2024-12-11 18:10:28.253 66066 INFO tempest.lib.common.rest_client [req-6b7310a8-ab5f-4516-8364-48afb77b5ee7 req-6b7310a8-ab5f-4516-8364-48afb77b5ee7 ] Request (ServerActionsTestOtherA:setUpClass): 201 POST http://10.180.1.21:9696/networking/v2.0/security-group-rules 0.124s
2024-12-11 18:10:28.262 66073 INFO tempest.lib.common.rest_client [req-dea0f08a-dcd6-46ee-9572-3c7c6cc257df req-dea0f08a-dcd6-46ee-9572-3c7c6cc257df ] Request (ImagesTestJSON:test_create_image_from_stopped_server): 200 GET http://10.180.1.21/compute/v2.1/servers/fc6b564c-72ef-4f53-ac53-6224b93faa33 0.393s
2024-12-11 18:10:28.328 66083 INFO tempest.lib.common.rest_client [req-3034a02a-b901-41a8-be41-32811eb8dfda req-3034a02a-b901-41a8-be41-32811eb8dfda ] Request (DeleteServersTestJSON:test_delete_active_server): 200 GET http://10.180.1.21/compute/v2.1/servers/0c814c4b-251e-4c13-9178-645bca5c0049 0.396s
2024-12-11 18:10:28.395 66057 INFO tempest.lib.common.rest_client [req-2a886d05-ccb1-4f8a-883c-dc306bc3e784 req-2a886d05-ccb1-4f8a-883c-dc306bc3e784 ] Request (SecurityGroupsTestJSON:test_security_groups_create_list_delete): 200 POST http://10.180.1.21/compute/v2.1/os-security-groups 0.483s
2024-12-11 18:10:28.397 66066 INFO tempest.lib.common.rest_client [req-24d765d7-d381-4088-9064-6b6d853a7cbb req-24d765d7-d381-4088-9064-6b6d853a7cbb ] Request (ServerActionsTestOtherA:setUpClass): 201 POST http://10.180.1.21:9696/networking/v2.0/security-group-rules 0.144s
2024-12-11 18:10:28.459 66045 INFO tempest.lib.common.rest_client [req-e90856ea-2ae0-43e3-97fc-89022db1d3e6 req-e90856ea-2ae0-43e3-97fc-89022db1d3e6 ] Request (AttachInterfacesTestJSON:test_create_list_show_delete_interfaces_by_fixed_ip): 200 GET http://10.180.1.21/compute/v2.1/servers/f19fdff2-8f44-4f9a-a43f-6f870a8f8777 0.470s
2024-12-11 18:10:28.481 66077 INFO tempest.lib.common.rest_client [req-be0f0221-729f-49d0-b570-94f9fba54742 req-be0f0221-729f-49d0-b570-94f9fba54742 ] Request (FlavorsV2TestJSON:test_list_flavors): 200 GET http://10.180.1.21/compute/v2.1/flavors 0.483s
2024-12-11 18:10:28.541 66063 INFO tempest.lib.common.rest_client [req-f11789b9-e909-4ba3-83de-1814a3baad38 req-f11789b9-e909-4ba3-83de-1814a3baad38 ] Request (ServersTestJSON:setUpClass): 200 GET http://10.180.1.21/compute/v2.1/servers/940ea3db-a51f-4a53-a807-a11cef9e8f84 0.484s
2024-12-11 18:10:28.580 66061 INFO tempest.lib.common.rest_client [req-2b923648-1bce-476b-b5a2-62ea1bdc611c req-2b923648-1bce-476b-b5a2-62ea1bdc611c ] Request (ServersNegativeTestJSON:setUpClass): 200 GET http://10.180.1.21/compute/v2.1/servers/dc766bc8-97fe-40c4-a3c5-1e2c2becbbe7 0.608s
2024-12-11 18:10:28.636 66055 INFO tempest.lib.common.rest_client [req-c961e8f6-6216-4435-8be2-fa139cd2e6f3 req-c961e8f6-6216-4435-8be2-fa139cd2e6f3 ] Request (ServersAdmin275Test:tearDownClass): 200 GET http://10.180.1.21/compute/v2.1/servers/bd82b418-92da-463b-a1dc-33739fef062b 0.534s
2024-12-11 18:10:28.655 66103 INFO tempest.lib.common.rest_client [req-b8d97e7d-265b-4232-90e3-4695f5644240 req-b8d97e7d-265b-4232-90e3-4695f5644240 ] Request (ServersAdminTestJSON:test_create_server_with_scheduling_hint): 200 GET http://10.180.1.21/compute/v2.1/servers/82cbb67f-b234-4ee2-b728-a0a935968cb2 0.534s
2024-12-11 18:10:28.699 66069 INFO tempest.lib.common.rest_client [req-e3436b62-b7ee-4cdb-8ccc-a14c18d4f651 req-e3436b62-b7ee-4cdb-8ccc-a14c18d4f651 ] Request (ServerRescueNegativeTestJSON:setUpClass): 200 GET http://10.180.1.21/compute/v2.1/servers/57b034f4-86d2-455e-b637-39d7da59a070 0.517s
2024-12-11 18:10:28.735 66059 INFO tempest.lib.common.rest_client [req-0c3874b3-62bd-41e6-ae9d-d5421e25251e req-0c3874b3-62bd-41e6-ae9d-d5421e25251e ] Request (ImagesOneServerTestJSON:test_create_delete_image): 200 GET http://10.180.1.21/compute/v2.1/images/d30e5482-9a7e-47c7-80aa-bee1ba60d303 0.487s
2024-12-11 18:10:28.798 66097 INFO tempest.lib.common.rest_client [req-a1714e17-feef-492f-b406-c08900648538 req-a1714e17-feef-492f-b406-c08900648538 ] Request (TenantUsagesTestJSON:tearDownClass): 200 GET http://10.180.1.21/compute/v2.1/servers/e4ec06ca-e47e-44bd-befb-cdc76f4da929 0.587s
2024-12-11 18:10:28.804 66093 INFO tempest.lib.common.rest_client [req-8e0715f1-0f64-4833-8047-8b902d0c5fe9 req-8e0715f1-0f64-4833-8047-8b902d0c5fe9 ] Request (ServerShowV247Test:tearDownClass): 200 GET http://10.180.1.21/compute/v2.1/servers/8e7b1aab-e074-44c0-ae27-4241823b2972 0.551s
2024-12-11 18:10:28.875 66047 INFO tempest.lib.common.rest_client [req-7b805fcf-3b35-41cd-b411-894b6941aef0 req-7b805fcf-3b35-41cd-b411-894b6941aef0 ] Request (ServerGroupTestJSON:_run_cleanups): 200 GET http://10.180.1.21/compute/v2.1/servers/4d374011-671a-4729-a7ee-c624bd927980 0.561s
2024-12-11 18:10:28.883 66107 INFO tempest.lib.common.rest_client [req-0a6e1ca5-5614-4460-bbd2-4f104b47d9dd req-0a6e1ca5-5614-4460-bbd2-4f104b47d9dd ] Request (MultipleCreateTestJSON:test_multiple_create): 200 GET http://10.180.1.21/compute/v2.1/servers/462194db-7674-478a-a9c4-6b86da47bb7f 0.526s
2024-12-11 18:10:28.946 66079 INFO tempest.lib.common.rest_client [req-c778fc40-b838-4c39-90ba-753d0783d24a req-c778fc40-b838-4c39-90ba-753d0783d24a ] Request (DeleteServersAdminTestJSON:test_delete_server_while_in_error_state): 200 GET http://10.180.1.21/compute/v2.1/servers/5dfbaf3d-3517-46b8-9617-99db83886d7a 0.588s
2024-12-11 18:10:29.007 66049 INFO tempest.lib.common.rest_client [req-4092384b-8937-4a17-95ec-8d48f40d2a6c req-4092384b-8937-4a17-95ec-8d48f40d2a6c ] Request (AttachVolumeTestJSON:test_attach_detach_volume): 200 GET http://10.180.1.21/compute/v2.1/servers/1023aca6-471e-4039-ae25-3fcabcc03d0c 0.591s
2024-12-11 18:10:29.027 66077 INFO tempest.lib.common.rest_client [req-ea472562-9b80-4824-88e4-f80704a771ef req-ea472562-9b80-4824-88e4-f80704a771ef ] Request (FlavorsV2TestJSON:test_list_flavors): 200 GET http://10.180.1.21/compute/v2.1/flavors/42 0.540s
2024-12-11 18:10:29.086 66081 INFO tempest.lib.common.rest_client [req-25be66cf-da1f-4a77-96b9-30afe474aee1 req-25be66cf-da1f-4a77-96b9-30afe474aee1 ] Request (ImagesOneServerNegativeTestJSON:setUpClass): 200 GET http://10.180.1.21/compute/v2.1/servers/fa6c5ba7-7717-40cf-9f6e-5ba58f985fea 0.470s
2024-12-11 18:10:29.115 66057 INFO tempest.lib.common.rest_client [req-8b5e6517-a126-468a-8aeb-1ddba23b4095 req-8b5e6517-a126-468a-8aeb-1ddba23b4095 ] Request (SecurityGroupsTestJSON:test_security_groups_create_list_delete): 200 POST http://10.180.1.21/compute/v2.1/os-security-groups 0.715s
2024-12-11 18:10:29.148 66101 INFO tempest.lib.common.rest_client [req-4b903072-e8e9-466e-be1d-c25b30aa80c6 req-4b903072-e8e9-466e-be1d-c25b30aa80c6 ] Request (ServerShowV257Test:test_rebuild_server): 200 GET http://10.180.1.21/compute/v2.1/servers/de1e0774-f6a7-4b1d-80b4-e196e8505d10 0.464s
2024-12-11 18:10:29.155 66066 INFO tempest.lib.common.rest_client [req-10fe3239-99fd-4f35-a743-d5e9dd3dbef4 req-10fe3239-99fd-4f35-a743-d5e9dd3dbef4 ] Request (ServerActionsTestOtherA:setUpClass): 201 POST http://10.180.1.21:9696/networking/v2.0/floatingips 0.758s
2024-12-11 18:10:29.199 66066 INFO tempest.lib.common.rest_client [req-607fd920-c797-4a66-aa4a-87e697dfb1a1 req-607fd920-c797-4a66-aa4a-87e697dfb1a1 ] Request (ServerActionsTestOtherA:setUpClass): 201 POST http://10.180.1.21/identity/v3/auth/tokens 0.037s
2024-12-11 18:10:29.200 66066 INFO tempest.lib.common.fixed_network [-] (ServerActionsTestOtherA:setUpClass) Found network {'id': 'cdd4d0cf-e93b-464d-a1c9-ffe975cdb929', 'name': 'tempest-ServerActionsTestOtherA-435139437-network', 'tenant_id': 'e927149d00db46d1b0bf1760a1d4e210', 'admin_state_up': True, 'mtu': 8950, 'status': 'ACTIVE', 'subnets': [], 'shared': False, 'project_id': 'e927149d00db46d1b0bf1760a1d4e210', 'port_security_enabled': True, 'router:external': False, 'provider:network_type': 'vlan', 'provider:physical_network': 'default', 'provider:segmentation_id': 989, 'availability_zone_hints': [], 'availability_zones': [], 'ipv4_address_scope': None, 'ipv6_address_scope': None, 'description': '', 'tags': [], 'created_at': '2024-12-11T18:10:22Z', 'updated_at': '2024-12-11T18:10:22Z', 'revision_number': 1} available for tenant
2024-12-11 18:10:29.239 66091 INFO tempest.lib.common.rest_client [req-a38820a5-072f-428e-adbf-5c30af2d5975 req-a38820a5-072f-428e-adbf-5c30af2d5975 ] Request (ServerDiagnosticsV248Test:test_get_server_diagnostics): 200 GET http://10.180.1.21/compute/v2.1/servers/ab6b62e7-7ef6-47e0-b81a-71342a32d20a 0.339s
2024-12-11 18:10:29.247 66089 INFO tempest.lib.common.rest_client [req-9e71291d-d79d-433e-99cd-64cc27a88ddc req-9e71291d-d79d-433e-99cd-64cc27a88ddc ] Request (MigrationsAdminTest:test_list_migrations_in_flavor_resize_situation): 200 GET http://10.180.1.21/compute/v2.1/servers/3c9a0a11-8469-40d2-9bee-94309b5d9c34 0.458s
2024-12-11 18:10:29.262 66077 INFO tempest.lib.common.rest_client [req-e556c4b8-9d82-4c42-81f1-e84786ac6104 req-e556c4b8-9d82-4c42-81f1-e84786ac6104 ] Request (FlavorsV2TestJSON:test_list_flavors_detailed_filter_by_min_disk): 200 GET http://10.180.1.21/compute/v2.1/flavors/42 0.228s
2024-12-11 18:10:29.289 66099 INFO tempest.lib.common.rest_client [req-b633fe3f-b83f-4005-9f95-ee6aeeac09af req-b633fe3f-b83f-4005-9f95-ee6aeeac09af ] Request (ListServersNegativeTestJSON:setUpClass): 200 GET http://10.180.1.21/compute/v2.1/servers/8b39cf11-9abd-4c11-b517-d896e2c39cff 0.303s
2024-12-11 18:10:29.320 66075 INFO tempest.lib.common.rest_client [req-a46aabe5-1406-4f5d-8bd0-1510f57e7a0f req-a46aabe5-1406-4f5d-8bd0-1510f57e7a0f ] Request (ServerShowV254Test:test_rebuild_server): 200 GET http://10.180.1.21/compute/v2.1/servers/b3053cc0-f7c0-4eb6-8562-52854a1f83ad 0.258s
2024-12-11 18:10:29.331 66075 INFO tempest.common.waiters [-] State transition "BUILD/None" ==> "BUILD/networking" after 44 second wait
2024-12-11 18:10:29.356 66095 INFO tempest.lib.common.rest_client [req-a36674d1-b2a4-4fde-b8d5-146c8240bf79 req-a36674d1-b2a4-4fde-b8d5-146c8240bf79 ] Request (ServerRescueTestJSONUnderV235:setUpClass): 200 GET http://10.180.1.21/compute/v2.1/servers/cbcc51b4-ff2a-48b4-946a-d91e93f87afc 0.240s
2024-12-11 18:10:29.417 66053 INFO tempest.lib.common.rest_client [req-e6695264-0ee5-4f07-a40c-f8c5d12623b2 req-e6695264-0ee5-4f07-a40c-f8c5d12623b2 ] Request (ServersTestManualDisk:setUpClass): 200 GET http://10.180.1.21/compute/v2.1/servers/851ff40a-7aa0-4c22-9e6b-6d993db0f850 0.240s
2024-12-11 18:10:29.439 66057 INFO tempest.lib.common.rest_client [req-9be87687-43f8-4bd1-a995-0387e0f814ca req-9be87687-43f8-4bd1-a995-0387e0f814ca ] Request (SecurityGroupsTestJSON:test_security_groups_create_list_delete): 200 POST http://10.180.1.21/compute/v2.1/os-security-groups 0.321s
2024-12-11 18:10:29.459 66087 WARNING tempest.lib.common.ssh [-] Failed to establish authenticated ssh connection to cirros@10.180.180.219 ([Errno None] Unable to connect to port 22 on 10.180.180.219). Number attempts: 6. Retry after 7 seconds.: paramiko.ssh_exception.NoValidConnectionsError: [Errno None] Unable to connect to port 22 on 10.180.180.219
2024-12-11 18:10:29.542 66067 INFO tempest.lib.common.rest_client [req-3059432a-6287-4524-8aaf-de34379479fd req-3059432a-6287-4524-8aaf-de34379479fd ] Request (FloatingIPsAssociationTestJSON:setUpClass): 200 GET http://10.180.1.21/compute/v2.1/servers/c5ef7536-3779-466b-88bc-fab4e6967fe6 0.326s
2024-12-11 18:10:29.590 66051 INFO tempest.lib.common.rest_client [req-f55b94d0-4ce8-49c3-ba32-8ec0d9e2fd73 req-f55b94d0-4ce8-49c3-ba32-8ec0d9e2fd73 ] Request (ServersTestMultiNic:test_verify_multiple_nics_order): 200 GET http://10.180.1.21/compute/v2.1/servers/c28d58b8-19eb-4cfe-8545-df5c169a926c 0.361s
2024-12-11 18:10:29.613 66077 INFO tempest.lib.common.rest_client [req-d8b6036a-38e1-45dd-95d9-1da78df6935e req-d8b6036a-38e1-45dd-95d9-1da78df6935e ] Request (FlavorsV2TestJSON:test_list_flavors_detailed_filter_by_min_disk): 200 GET http://10.180.1.21/compute/v2.1/flavors/detail?minDisk=2 0.348s
2024-12-11 18:10:29.662 66073 INFO tempest.lib.common.rest_client [req-551d74d7-ccf4-4a03-8651-90395b798c15 req-551d74d7-ccf4-4a03-8651-90395b798c15 ] Request (ImagesTestJSON:test_create_image_from_stopped_server): 200 GET http://10.180.1.21/compute/v2.1/servers/fc6b564c-72ef-4f53-ac53-6224b93faa33 0.383s
2024-12-11 18:10:29.713 66083 INFO tempest.lib.common.rest_client [req-e1959c8e-530d-4027-b8ed-2481ffcde85f req-e1959c8e-530d-4027-b8ed-2481ffcde85f ] Request (DeleteServersTestJSON:test_delete_active_server): 200 GET http://10.180.1.21/compute/v2.1/servers/0c814c4b-251e-4c13-9178-645bca5c0049 0.375s
2024-12-11 18:10:29.805 66057 INFO tempest.lib.common.rest_client [req-d2057afe-07fe-497e-a34f-dc2a45ea15fd req-d2057afe-07fe-497e-a34f-dc2a45ea15fd ] Request (SecurityGroupsTestJSON:test_security_groups_create_list_delete): 200 GET http://10.180.1.21/compute/v2.1/os-security-groups 0.362s
2024-12-11 18:10:29.855 66045 INFO tempest.lib.common.rest_client [req-e651fb6d-d2d3-44b6-8bfa-1d5bf0114643 req-e651fb6d-d2d3-44b6-8bfa-1d5bf0114643 ] Request (AttachInterfacesTestJSON:test_create_list_show_delete_interfaces_by_fixed_ip): 200 GET http://10.180.1.21/compute/v2.1/servers/f19fdff2-8f44-4f9a-a43f-6f870a8f8777 0.387s
2024-12-11 18:10:29.885 66066 INFO tempest.lib.common.rest_client [req-da8d6e11-ad28-41e6-9bc8-f337639cfa1c req-da8d6e11-ad28-41e6-9bc8-f337639cfa1c ] Request (ServerActionsTestOtherA:setUpClass): 202 POST http://10.180.1.21/compute/v2.1/servers 0.684s
2024-12-11 18:10:29.908 66063 INFO tempest.lib.common.rest_client [req-1be8748f-4257-4da4-a797-f8fb9f4bbd01 req-1be8748f-4257-4da4-a797-f8fb9f4bbd01 ] Request (ServersTestJSON:setUpClass): 200 GET http://10.180.1.21/compute/v2.1/servers/940ea3db-a51f-4a53-a807-a11cef9e8f84 0.359s
2024-12-11 18:10:29.923 66077 INFO tempest.lib.common.rest_client [req-8d989ed9-bca9-4d70-bf21-ffb57f29d07d req-8d989ed9-bca9-4d70-bf21-ffb57f29d07d ] Request (FlavorsV2TestJSON:test_list_flavors_detailed_filter_by_min_ram): 200 GET http://10.180.1.21/compute/v2.1/flavors/42 0.305s
2024-12-11 18:10:29.960 66061 INFO tempest.lib.common.rest_client [req-98417645-5d87-41ad-b3f7-2c2696a98174 req-98417645-5d87-41ad-b3f7-2c2696a98174 ] Request (ServersNegativeTestJSON:setUpClass): 200 GET http://10.180.1.21/compute/v2.1/servers/dc766bc8-97fe-40c4-a3c5-1e2c2becbbe7 0.369s
2024-12-11 18:10:29.995 66055 INFO tempest.lib.common.rest_client [req-935d5d2d-1d74-49d0-a617-a4d65c4a8e2a req-935d5d2d-1d74-49d0-a617-a4d65c4a8e2a ] Request (ServersAdmin275Test:tearDownClass): 200 GET http://10.180.1.21/compute/v2.1/servers/bd82b418-92da-463b-a1dc-33739fef062b 0.347s
2024-12-11 18:10:30.027 66103 INFO tempest.lib.common.rest_client [req-3470cb13-2e69-4b7e-9fe7-c3a36ec33bd8 req-3470cb13-2e69-4b7e-9fe7-c3a36ec33bd8 ] Request (ServersAdminTestJSON:test_create_server_with_scheduling_hint): 200 GET http://10.180.1.21/compute/v2.1/servers/82cbb67f-b234-4ee2-b728-a0a935968cb2 0.363s
2024-12-11 18:10:30.055 66069 INFO tempest.lib.common.rest_client [req-014e9413-8a3e-42a7-a0dc-ecf3d6b152f6 req-014e9413-8a3e-42a7-a0dc-ecf3d6b152f6 ] Request (ServerRescueNegativeTestJSON:setUpClass): 200 GET http://10.180.1.21/compute/v2.1/servers/57b034f4-86d2-455e-b637-39d7da59a070 0.346s
2024-12-11 18:10:30.068 66059 INFO tempest.lib.common.rest_client [req-00434ad3-87b6-4c98-a265-07d1a83015b0 req-00434ad3-87b6-4c98-a265-07d1a83015b0 ] Request (ImagesOneServerTestJSON:test_create_delete_image): 200 GET http://10.180.1.21/compute/v2.1/images/d30e5482-9a7e-47c7-80aa-bee1ba60d303 0.330s
2024-12-11 18:10:30.130 66097 INFO tempest.lib.common.rest_client [req-556bfcef-7d79-4130-af59-e47a881d5f46 req-556bfcef-7d79-4130-af59-e47a881d5f46 ] Request (TenantUsagesTestJSON:tearDownClass): 200 GET http://10.180.1.21/compute/v2.1/servers/e4ec06ca-e47e-44bd-befb-cdc76f4da929 0.323s
2024-12-11 18:10:30.140 66097 INFO tempest.common.waiters [-] State transition "ACTIVE/deleting" ==> "DELETED/None" after 3 second wait
2024-12-11 18:10:30.202 66093 INFO tempest.lib.common.rest_client [req-68a0db5b-e756-40a0-abe5-e76f54da42ba req-68a0db5b-e756-40a0-abe5-e76f54da42ba ] Request (ServerShowV247Test:tearDownClass): 200 GET http://10.180.1.21/compute/v2.1/servers/8e7b1aab-e074-44c0-ae27-4241823b2972 0.383s
2024-12-11 18:10:30.226 66071 WARNING tempest.lib.common.ssh [-] Failed to establish authenticated ssh connection to cirros@10.180.180.136 ([Errno None] Unable to connect to port 22 on 10.180.180.136). Number attempts: 6. Retry after 7 seconds.: paramiko.ssh_exception.NoValidConnectionsError: [Errno None] Unable to connect to port 22 on 10.180.180.136
2024-12-11 18:10:30.250 66057 INFO tempest.lib.common.rest_client [req-656de06b-69ff-40da-b37a-867e8ec85af7 req-656de06b-69ff-40da-b37a-867e8ec85af7 ] Request (SecurityGroupsTestJSON:test_security_groups_create_list_delete): 202 DELETE http://10.180.1.21/compute/v2.1/os-security-groups/e6cc8a66-787e-47e2-8a2d-6746bfa36afd 0.441s
2024-12-11 18:10:30.264 66047 INFO tempest.lib.common.rest_client [req-7fb7b964-e0ec-41e3-a092-50d2fd838559 req-7fb7b964-e0ec-41e3-a092-50d2fd838559 ] Request (ServerGroupTestJSON:_run_cleanups): 200 GET http://10.180.1.21/compute/v2.1/servers/4d374011-671a-4729-a7ee-c624bd927980 0.382s
2024-12-11 18:10:30.303 66066 INFO tempest.lib.common.rest_client [req-2829de6d-cffd-49c8-be70-f9cfd9331974 req-2829de6d-cffd-49c8-be70-f9cfd9331974 ] Request (ServerActionsTestOtherA:setUpClass): 200 GET http://10.180.1.21/compute/v2.1/servers/a05a7cc4-4969-4e54-8e4f-1a1972b60dc2 0.417s
2024-12-11 18:10:30.316 66107 INFO tempest.lib.common.rest_client [req-1b97ae65-b598-439d-bb3c-762605a023ba req-1b97ae65-b598-439d-bb3c-762605a023ba ] Request (MultipleCreateTestJSON:test_multiple_create): 200 GET http://10.180.1.21/compute/v2.1/servers/462194db-7674-478a-a9c4-6b86da47bb7f 0.425s
2024-12-11 18:10:30.341 66077 INFO tempest.lib.common.rest_client [req-e9546e1d-d3c7-4045-86dd-3ed70ac80604 req-e9546e1d-d3c7-4045-86dd-3ed70ac80604 ] Request (FlavorsV2TestJSON:test_list_flavors_detailed_filter_by_min_ram): 200 GET http://10.180.1.21/compute/v2.1/flavors/detail?minRam=193 0.416s
2024-12-11 18:10:30.378 66079 INFO tempest.lib.common.rest_client [req-fc03d916-0ade-43b8-92df-6d78767d61d3 req-fc03d916-0ade-43b8-92df-6d78767d61d3 ] Request (DeleteServersAdminTestJSON:test_delete_server_while_in_error_state): 200 GET http://10.180.1.21/compute/v2.1/servers/5dfbaf3d-3517-46b8-9617-99db83886d7a 0.422s
2024-12-11 18:10:30.384 66079 INFO tempest.common.waiters [-] State transition "ERROR/deleting" ==> "DELETED/None" after 3 second wait
2024-12-11 18:10:30.401 66049 INFO tempest.lib.common.rest_client [req-c1e91d1d-fdb5-4d1c-9399-ce8093279c59 req-c1e91d1d-fdb5-4d1c-9399-ce8093279c59 ] Request (AttachVolumeTestJSON:test_attach_detach_volume): 200 GET http://10.180.1.21/compute/v2.1/servers/1023aca6-471e-4039-ae25-3fcabcc03d0c 0.382s
2024-12-11 18:10:30.437 66081 INFO tempest.lib.common.rest_client [req-79d58f1e-5c92-41e9-813c-281ba57be736 req-79d58f1e-5c92-41e9-813c-281ba57be736 ] Request (ImagesOneServerNegativeTestJSON:setUpClass): 200 GET http://10.180.1.21/compute/v2.1/servers/fa6c5ba7-7717-40cf-9f6e-5ba58f985fea 0.338s
2024-12-11 18:10:30.478 66101 INFO tempest.lib.common.rest_client [req-5e064171-c468-4753-8dfd-862086a7bd8c req-5e064171-c468-4753-8dfd-862086a7bd8c ] Request (ServerShowV257Test:test_rebuild_server): 200 GET http://10.180.1.21/compute/v2.1/servers/de1e0774-f6a7-4b1d-80b4-e196e8505d10 0.319s
2024-12-11 18:10:30.492 66091 INFO tempest.lib.common.rest_client [req-ed640cdb-d8ce-40e3-92b5-76b05ebcdf7c req-ed640cdb-d8ce-40e3-92b5-76b05ebcdf7c ] Request (ServerDiagnosticsV248Test:test_get_server_diagnostics): 200 GET http://10.180.1.21/compute/v2.1/servers/ab6b62e7-7ef6-47e0-b81a-71342a32d20a 0.244s
2024-12-11 18:10:30.498 66057 INFO tempest.lib.common.rest_client [req-10680763-5d4f-46c5-a2ed-82e34611acfe req-10680763-5d4f-46c5-a2ed-82e34611acfe ] Request (SecurityGroupsTestJSON:test_security_groups_create_list_delete): 404 GET http://10.180.1.21/compute/v2.1/os-security-groups/e6cc8a66-787e-47e2-8a2d-6746bfa36afd 0.248s
2024-12-11 18:10:30.557 66099 INFO tempest.lib.common.rest_client [req-a7f239f7-6fa9-4de0-81b2-ad5a4ca134b2 req-a7f239f7-6fa9-4de0-81b2-ad5a4ca134b2 ] Request (ListServersNegativeTestJSON:setUpClass): 200 GET http://10.180.1.21/compute/v2.1/servers/8b39cf11-9abd-4c11-b517-d896e2c39cff 0.261s
2024-12-11 18:10:30.626 66075 INFO tempest.lib.common.rest_client [req-1a4b6f19-0305-4dd6-b26d-c5ba62ca7cfa req-1a4b6f19-0305-4dd6-b26d-c5ba62ca7cfa ] Request (ServerShowV254Test:test_rebuild_server): 200 GET http://10.180.1.21/compute/v2.1/servers/b3053cc0-f7c0-4eb6-8562-52854a1f83ad 0.294s
2024-12-11 18:10:30.635 66075 INFO tempest.common.waiters [-] State transition "BUILD/networking" ==> "BUILD/spawning" after 45 second wait
2024-12-11 18:10:30.641 66089 INFO tempest.lib.common.rest_client [req-d4417c0a-cf33-4725-8544-8f9870ba07f4 req-d4417c0a-cf33-4725-8544-8f9870ba07f4 ] Request (MigrationsAdminTest:test_list_migrations_in_flavor_resize_situation): 200 GET http://10.180.1.21/compute/v2.1/servers/3c9a0a11-8469-40d2-9bee-94309b5d9c34 0.387s
2024-12-11 18:10:30.647 66077 INFO tempest.lib.common.rest_client [req-8211abc7-4791-4b93-8a9f-5c09df5731f8 req-8211abc7-4791-4b93-8a9f-5c09df5731f8 ] Request (FlavorsV2TestJSON:test_list_flavors_detailed_limit_results): 200 GET http://10.180.1.21/compute/v2.1/flavors/detail?limit=1 0.301s
2024-12-11 18:10:30.689 66095 INFO tempest.lib.common.rest_client [req-47f57ee7-6829-464e-9c7b-469809cdb03f req-47f57ee7-6829-464e-9c7b-469809cdb03f ] Request (ServerRescueTestJSONUnderV235:setUpClass): 200 GET http://10.180.1.21/compute/v2.1/servers/cbcc51b4-ff2a-48b4-946a-d91e93f87afc 0.321s
2024-12-11 18:10:30.704 66053 INFO tempest.lib.common.rest_client [req-93182e04-74de-4ffb-90f1-99d15694ec63 req-93182e04-74de-4ffb-90f1-99d15694ec63 ] Request (ServersTestManualDisk:setUpClass): 200 GET http://10.180.1.21/compute/v2.1/servers/851ff40a-7aa0-4c22-9e6b-6d993db0f850 0.280s
2024-12-11 18:10:30.792 66057 INFO tempest.lib.common.rest_client [req-87829fec-9763-4272-8ab8-ea671d8ef326 req-87829fec-9763-4272-8ab8-ea671d8ef326 ] Request (SecurityGroupsTestJSON:test_security_groups_create_list_delete): 202 DELETE http://10.180.1.21/compute/v2.1/os-security-groups/9063600f-26d2-47b7-bf45-c96f20126e81 0.294s
2024-12-11 18:10:30.799 66067 INFO tempest.lib.common.rest_client [req-b426a823-ac76-43f6-ae25-7e86ac432d65 req-b426a823-ac76-43f6-ae25-7e86ac432d65 ] Request (FloatingIPsAssociationTestJSON:setUpClass): 200 GET http://10.180.1.21/compute/v2.1/servers/c5ef7536-3779-466b-88bc-fab4e6967fe6 0.248s
2024-12-11 18:10:30.805 66067 INFO tempest.common.waiters [-] State transition "BUILD/spawning" ==> "ACTIVE/None" after 48 second wait
2024-12-11 18:10:30.816 66077 INFO tempest.lib.common.rest_client [req-38e461d0-383f-4ccb-9897-472d0e4483b4 req-38e461d0-383f-4ccb-9897-472d0e4483b4 ] Request (FlavorsV2TestJSON:test_list_flavors_detailed_using_marker): 200 GET http://10.180.1.21/compute/v2.1/flavors/42 0.161s
2024-12-11 18:10:30.842 66051 INFO tempest.lib.common.rest_client [req-38fa3a2f-0780-4bfd-861e-d2cf4013e374 req-38fa3a2f-0780-4bfd-861e-d2cf4013e374 ] Request (ServersTestMultiNic:test_verify_multiple_nics_order): 200 GET http://10.180.1.21/compute/v2.1/servers/c28d58b8-19eb-4cfe-8545-df5c169a926c 0.244s
2024-12-11 18:10:30.872 66073 INFO tempest.lib.common.rest_client [req-e5bad908-711a-4305-b71c-535ee5b92a9b req-e5bad908-711a-4305-b71c-535ee5b92a9b ] Request (ImagesTestJSON:test_create_image_from_stopped_server): 200 GET http://10.180.1.21/compute/v2.1/servers/fc6b564c-72ef-4f53-ac53-6224b93faa33 0.203s
2024-12-11 18:10:30.891 66057 INFO tempest.lib.common.rest_client [req-f902fa14-fed6-40e8-b925-3c4eb1c73bcd req-f902fa14-fed6-40e8-b925-3c4eb1c73bcd ] Request (SecurityGroupsTestJSON:test_security_groups_create_list_delete): 404 GET http://10.180.1.21/compute/v2.1/os-security-groups/9063600f-26d2-47b7-bf45-c96f20126e81 0.099s
2024-12-11 18:10:30.892 66083 INFO tempest.lib.common.rest_client [req-901bddf3-4a47-4ca0-bc3c-85445edd0e76 req-901bddf3-4a47-4ca0-bc3c-85445edd0e76 ] Request (DeleteServersTestJSON:test_delete_active_server): 200 GET http://10.180.1.21/compute/v2.1/servers/0c814c4b-251e-4c13-9178-645bca5c0049 0.171s
2024-12-11 18:10:30.924 66077 INFO tempest.lib.common.rest_client [req-10e90b63-4af2-41b6-a3d9-bf857908fc65 req-10e90b63-4af2-41b6-a3d9-bf857908fc65 ] Request (FlavorsV2TestJSON:test_list_flavors_detailed_using_marker): 200 GET http://10.180.1.21/compute/v2.1/flavors/detail?marker=42 0.105s
2024-12-11 18:10:30.972 66045 INFO tempest.lib.common.rest_client [req-a60a4d1c-8628-4f29-85ad-86e613541577 req-a60a4d1c-8628-4f29-85ad-86e613541577 ] Request (AttachInterfacesTestJSON:test_create_list_show_delete_interfaces_by_fixed_ip): 200 GET http://10.180.1.21/compute/v2.1/servers/f19fdff2-8f44-4f9a-a43f-6f870a8f8777 0.106s
2024-12-11 18:10:31.114 66057 INFO tempest.lib.common.rest_client [req-960b7ee5-7bf6-4735-a616-bac58343fcbb req-960b7ee5-7bf6-4735-a616-bac58343fcbb ] Request (SecurityGroupsTestJSON:test_security_groups_create_list_delete): 202 DELETE http://10.180.1.21/compute/v2.1/os-security-groups/20a0f537-324e-4041-a5ad-e4c67b6820c7 0.222s
2024-12-11 18:10:31.187 66063 INFO tempest.lib.common.rest_client [req-857c2f41-4c00-4036-956b-7a855ff557a3 req-857c2f41-4c00-4036-956b-7a855ff557a3 ] Request (ServersTestJSON:setUpClass): 200 GET http://10.180.1.21/compute/v2.1/servers/940ea3db-a51f-4a53-a807-a11cef9e8f84 0.271s
2024-12-11 18:10:31.206 66077 INFO tempest.lib.common.rest_client [req-5ca0d69c-9be4-4f49-954d-5ee719939db1 req-5ca0d69c-9be4-4f49-954d-5ee719939db1 ] Request (FlavorsV2TestJSON:test_list_flavors_filter_by_min_disk): 200 GET http://10.180.1.21/compute/v2.1/flavors/42 0.277s
2024-12-11 18:10:31.252 66061 INFO tempest.lib.common.rest_client [req-b0e7be87-4176-4037-abf0-67cdcbe7cce4 req-b0e7be87-4176-4037-abf0-67cdcbe7cce4 ] Request (ServersNegativeTestJSON:setUpClass): 200 GET http://10.180.1.21/compute/v2.1/servers/dc766bc8-97fe-40c4-a3c5-1e2c2becbbe7 0.284s
2024-12-11 18:10:31.292 66055 INFO tempest.lib.common.rest_client [req-8beb88bc-a78f-4652-8062-75a55a4adf8f req-8beb88bc-a78f-4652-8062-75a55a4adf8f ] Request (ServersAdmin275Test:tearDownClass): 404 GET http://10.180.1.21/compute/v2.1/servers/bd82b418-92da-463b-a1dc-33739fef062b 0.280s
2024-12-11 18:10:31.341 66103 INFO tempest.lib.common.rest_client [req-dc67f1a3-d407-42c3-aafe-82c4de47aeec req-dc67f1a3-d407-42c3-aafe-82c4de47aeec ] Request (ServersAdminTestJSON:test_create_server_with_scheduling_hint): 200 GET http://10.180.1.21/compute/v2.1/servers/82cbb67f-b234-4ee2-b728-a0a935968cb2 0.305s
2024-12-11 18:10:31.391 66069 INFO tempest.lib.common.rest_client [req-3831247a-be03-4c8a-b1f5-e5e506861801 req-3831247a-be03-4c8a-b1f5-e5e506861801 ] Request (ServerRescueNegativeTestJSON:setUpClass): 200 GET http://10.180.1.21/compute/v2.1/servers/57b034f4-86d2-455e-b637-39d7da59a070 0.328s
2024-12-11 18:10:31.449 66059 INFO tempest.lib.common.rest_client [req-bf14b1cc-cfa2-40f0-8cf1-a3aea70bfc23 req-bf14b1cc-cfa2-40f0-8cf1-a3aea70bfc23 ] Request (ImagesOneServerTestJSON:test_create_delete_image): 200 GET http://10.180.1.21/compute/v2.1/images/d30e5482-9a7e-47c7-80aa-bee1ba60d303 0.377s
2024-12-11 18:10:31.473 66057 INFO tempest.lib.common.rest_client [req-b50b41ea-86aa-4e94-a8b8-b4c8781d24a2 req-b50b41ea-86aa-4e94-a8b8-b4c8781d24a2 ] Request (SecurityGroupsTestJSON:test_security_groups_create_list_delete): 404 GET http://10.180.1.21/compute/v2.1/os-security-groups/20a0f537-324e-4041-a5ad-e4c67b6820c7 0.358s
2024-12-11 18:10:31.575 66055 INFO tempest.lib.common.rest_client [req-c18987bb-15a0-4d5f-adb8-844b8d500da5 req-c18987bb-15a0-4d5f-adb8-844b8d500da5 ] Request (ServersAdmin275Test:tearDownClass): 204 DELETE http://10.180.1.21/identity/v3/users/2f3dd2d97f3c487296dace2a2265954e 0.280s
2024-12-11 18:10:31.591 66097 INFO tempest.lib.common.rest_client [req-b52d2ae7-46e5-47db-bc47-648a3b1736fb req-b52d2ae7-46e5-47db-bc47-648a3b1736fb ] Request (TenantUsagesTestJSON:tearDownClass): 200 GET http://10.180.1.21/compute/v2.1/servers/e4ec06ca-e47e-44bd-befb-cdc76f4da929 0.450s
2024-12-11 18:10:31.624 66077 INFO tempest.lib.common.rest_client [req-f6892efc-fd78-4ee7-8820-76b749394e1b req-f6892efc-fd78-4ee7-8820-76b749394e1b ] Request (FlavorsV2TestJSON:test_list_flavors_filter_by_min_disk): 200 GET http://10.180.1.21/compute/v2.1/flavors?minDisk=2 0.417s
2024-12-11 18:10:31.664 66067 INFO tempest.lib.common.rest_client [req-4f7efbdb-a91e-4a5f-82cd-93448c694c08 req-4f7efbdb-a91e-4a5f-82cd-93448c694c08 ] Request (FloatingIPsAssociationTestJSON:setUpClass): 200 POST http://10.180.1.21/compute/v2.1/os-floating-ips 0.858s
2024-12-11 18:10:31.698 66093 INFO tempest.lib.common.rest_client [req-e861dbb8-e007-4c2e-8055-ee79570745d1 req-e861dbb8-e007-4c2e-8055-ee79570745d1 ] Request (ServerShowV247Test:tearDownClass): 200 GET http://10.180.1.21/compute/v2.1/servers/8e7b1aab-e074-44c0-ae27-4241823b2972 0.486s
2024-12-11 18:10:31.719 66055 INFO tempest.lib.common.rest_client [req-76b2200c-4060-4f6b-9886-da2c556a2ded req-76b2200c-4060-4f6b-9886-da2c556a2ded ] Request (ServersAdmin275Test:tearDownClass): 204 DELETE http://10.180.1.21/identity/v3/users/e39c0c884e3d45dc81de4d8a5123d410 0.143s
2024-12-11 18:10:31.719 66055 INFO tempest.lib.common.dynamic_creds [-] Deleting project and security group for project: e01c5bbdb53e49ab96a7d894c9a6b53f
2024-12-11 18:10:31.728 66047 INFO tempest.lib.common.rest_client [req-2fdd00e7-fec9-40ab-b08d-e2670788ee68 req-2fdd00e7-fec9-40ab-b08d-e2670788ee68 ] Request (ServerGroupTestJSON:_run_cleanups): 200 GET http://10.180.1.21/compute/v2.1/servers/4d374011-671a-4729-a7ee-c624bd927980 0.457s
2024-12-11 18:10:31.745 66067 INFO tempest.lib.common.rest_client [req-fabe2615-b255-44bc-82d1-ca1ef4acc10f req-fabe2615-b255-44bc-82d1-ca1ef4acc10f ] Request (FloatingIPsAssociationTestJSON:test_associate_already_associated_floating_ip): 201 POST http://10.180.1.21/identity/v3/auth/tokens 0.074s
2024-12-11 18:10:31.746 66067 INFO tempest.lib.common.fixed_network [-] (FloatingIPsAssociationTestJSON:test_associate_already_associated_floating_ip) Found network {'id': '65867c51-197c-4021-952c-4e95cd3524c2', 'name': 'tempest-FloatingIPsAssociationTestJSON-210526788-network', 'tenant_id': '2e85b43f193a4357a00a4e6e0215a71b', 'admin_state_up': True, 'mtu': 8950, 'status': 'ACTIVE', 'subnets': [], 'shared': False, 'project_id': '2e85b43f193a4357a00a4e6e0215a71b', 'port_security_enabled': True, 'router:external': False, 'provider:network_type': 'vlan', 'provider:physical_network': 'default', 'provider:segmentation_id': 340, 'availability_zone_hints': [], 'availability_zones': [], 'ipv4_address_scope': None, 'ipv6_address_scope': None, 'description': '', 'tags': [], 'created_at': '2024-12-11T18:09:33Z', 'updated_at': '2024-12-11T18:09:33Z', 'revision_number': 1} available for tenant
2024-12-11 18:10:31.748 66066 INFO tempest.lib.common.rest_client [req-5a512f4f-ab71-48d1-bf71-990f97321afb req-5a512f4f-ab71-48d1-bf71-990f97321afb ] Request (ServerActionsTestOtherA:setUpClass): 200 GET http://10.180.1.21/compute/v2.1/servers/a05a7cc4-4969-4e54-8e4f-1a1972b60dc2 0.436s
2024-12-11 18:10:31.782 66107 INFO tempest.lib.common.rest_client [req-b0caffb6-7f6f-4fe0-8395-8563d4c02996 req-b0caffb6-7f6f-4fe0-8395-8563d4c02996 ] Request (MultipleCreateTestJSON:test_multiple_create): 200 GET http://10.180.1.21/compute/v2.1/servers/462194db-7674-478a-a9c4-6b86da47bb7f 0.459s
2024-12-11 18:10:31.821 66055 INFO tempest.lib.common.rest_client [req-7c34fd77-3d2a-4076-a0e6-a72eb93a1c5d req-7c34fd77-3d2a-4076-a0e6-a72eb93a1c5d ] Request (ServersAdmin275Test:tearDownClass): 201 POST http://10.180.1.21/identity/v3/auth/tokens 0.101s
2024-12-11 18:10:31.821 66079 INFO tempest.lib.common.rest_client [req-faed97b8-4d03-4133-9299-44a41aa88f09 req-faed97b8-4d03-4133-9299-44a41aa88f09 ] Request (DeleteServersAdminTestJSON:test_delete_server_while_in_error_state): 200 GET http://10.180.1.21/compute/v2.1/servers/5dfbaf3d-3517-46b8-9617-99db83886d7a 0.436s
2024-12-11 18:10:31.843 66049 INFO tempest.lib.common.rest_client [req-b0a24f94-779f-4c82-8160-75c9a3c097f7 req-b0a24f94-779f-4c82-8160-75c9a3c097f7 ] Request (AttachVolumeTestJSON:test_attach_detach_volume): 200 GET http://10.180.1.21/compute/v2.1/servers/1023aca6-471e-4039-ae25-3fcabcc03d0c 0.432s
2024-12-11 18:10:31.864 66081 INFO tempest.lib.common.rest_client [req-3179fca9-a716-403b-9a76-2fb5de14ae90 req-3179fca9-a716-403b-9a76-2fb5de14ae90 ] Request (ImagesOneServerNegativeTestJSON:setUpClass): 200 GET http://10.180.1.21/compute/v2.1/servers/fa6c5ba7-7717-40cf-9f6e-5ba58f985fea 0.418s
2024-12-11 18:10:31.919 66101 INFO tempest.lib.common.rest_client [req-227d2d8a-7125-4dfb-b930-1e871e5a43f7 req-227d2d8a-7125-4dfb-b930-1e871e5a43f7 ] Request (ServerShowV257Test:test_rebuild_server): 200 GET http://10.180.1.21/compute/v2.1/servers/de1e0774-f6a7-4b1d-80b4-e196e8505d10 0.428s
2024-12-11 18:10:31.952 66057 INFO tempest.lib.common.rest_client [req-41f23c1c-9a6f-4cb1-9f18-ce5a61b2611b req-41f23c1c-9a6f-4cb1-9f18-ce5a61b2611b ] Request (SecurityGroupsTestJSON:test_security_groups_create_list_delete): 200 GET http://10.180.1.21/compute/v2.1/os-security-groups 0.479s
2024-12-11 18:10:31.974 66091 INFO tempest.lib.common.rest_client [req-2dfbfac8-4746-4cac-b841-a2b8f8b78d33 req-2dfbfac8-4746-4cac-b841-a2b8f8b78d33 ] Request (ServerDiagnosticsV248Test:test_get_server_diagnostics): 200 GET http://10.180.1.21/compute/v2.1/servers/ab6b62e7-7ef6-47e0-b81a-71342a32d20a 0.472s
2024-12-11 18:10:31.987 66077 INFO tempest.lib.common.rest_client [req-0d0926a6-4997-4435-9aee-0b33a1fdd164 req-0d0926a6-4997-4435-9aee-0b33a1fdd164 ] Request (FlavorsV2TestJSON:test_list_flavors_filter_by_min_ram): 200 GET http://10.180.1.21/compute/v2.1/flavors/42 0.358s
2024-12-11 18:10:32.006 66099 INFO tempest.lib.common.rest_client [req-92badba3-c36e-4a75-8da5-e37a285b4db0 req-92badba3-c36e-4a75-8da5-e37a285b4db0 ] Request (ListServersNegativeTestJSON:setUpClass): 200 GET http://10.180.1.21/compute/v2.1/servers/8b39cf11-9abd-4c11-b517-d896e2c39cff 0.437s
2024-12-11 18:10:32.069 66075 INFO tempest.lib.common.rest_client [req-2fa9668b-ea87-4e91-b83c-1f39169bcf85 req-2fa9668b-ea87-4e91-b83c-1f39169bcf85 ] Request (ServerShowV254Test:test_rebuild_server): 200 GET http://10.180.1.21/compute/v2.1/servers/b3053cc0-f7c0-4eb6-8562-52854a1f83ad 0.433s
2024-12-11 18:10:32.115 66055 INFO tempest.lib.common.rest_client [req-c30fc322-2adf-496b-9ac2-485360e07461 req-c30fc322-2adf-496b-9ac2-485360e07461 ] Request (ServersAdmin275Test:tearDownClass): 200 GET http://10.180.1.21:9696/networking/v2.0/security-groups?tenant_id=e01c5bbdb53e49ab96a7d894c9a6b53f&name=default 0.293s
2024-12-11 18:10:32.130 66095 INFO tempest.lib.common.rest_client [req-9bbc882e-b2cc-4b68-8f36-e9d7e30e05c6 req-9bbc882e-b2cc-4b68-8f36-e9d7e30e05c6 ] Request (ServerRescueTestJSONUnderV235:setUpClass): 200 GET http://10.180.1.21/compute/v2.1/servers/cbcc51b4-ff2a-48b4-946a-d91e93f87afc 0.434s
2024-12-11 18:10:32.140 66095 INFO tempest.common.waiters [-] State transition "BUILD/scheduling" ==> "BUILD/None" after 27 second wait
2024-12-11 18:10:32.175 66089 INFO tempest.lib.common.rest_client [req-682cc5ce-9782-4b39-b1e1-a99f2a874ea6 req-682cc5ce-9782-4b39-b1e1-a99f2a874ea6 ] Request (MigrationsAdminTest:test_list_migrations_in_flavor_resize_situation): 200 GET http://10.180.1.21/compute/v2.1/servers/3c9a0a11-8469-40d2-9bee-94309b5d9c34 0.521s
2024-12-11 18:10:32.194 66053 INFO tempest.lib.common.rest_client [req-b83ec58f-8d69-4b7e-8842-52846979e890 req-b83ec58f-8d69-4b7e-8842-52846979e890 ] Request (ServersTestManualDisk:setUpClass): 200 GET http://10.180.1.21/compute/v2.1/servers/851ff40a-7aa0-4c22-9e6b-6d993db0f850 0.479s
2024-12-11 18:10:32.266 66051 INFO tempest.lib.common.rest_client [req-6e822c5b-f857-443a-87a3-772add64a2d6 req-6e822c5b-f857-443a-87a3-772add64a2d6 ] Request (ServersTestMultiNic:test_verify_multiple_nics_order): 200 GET http://10.180.1.21/compute/v2.1/servers/c28d58b8-19eb-4cfe-8545-df5c169a926c 0.416s
2024-12-11 18:10:32.322 66073 INFO tempest.lib.common.rest_client [req-3af24eb4-5f60-4186-a04a-1a9c916a3e12 req-3af24eb4-5f60-4186-a04a-1a9c916a3e12 ] Request (ImagesTestJSON:test_create_image_from_stopped_server): 200 GET http://10.180.1.21/compute/v2.1/servers/fc6b564c-72ef-4f53-ac53-6224b93faa33 0.443s
2024-12-11 18:10:32.335 66055 INFO tempest.lib.common.rest_client [req-6dfb2942-0795-4a13-9b71-c2e6bf2d0906 req-6dfb2942-0795-4a13-9b71-c2e6bf2d0906 ] Request (ServersAdmin275Test:tearDownClass): 204 DELETE http://10.180.1.21:9696/networking/v2.0/security-groups/a6e7d551-6add-4d86-b312-7860e15b7c8a 0.220s
2024-12-11 18:10:32.373 66083 INFO tempest.lib.common.rest_client [req-cbafd2a8-808f-425f-b318-f672965ff902 req-cbafd2a8-808f-425f-b318-f672965ff902 ] Request (DeleteServersTestJSON:test_delete_active_server): 200 GET http://10.180.1.21/compute/v2.1/servers/0c814c4b-251e-4c13-9178-645bca5c0049 0.474s
2024-12-11 18:10:32.499 66055 INFO tempest.lib.common.rest_client [req-43d79d6d-5b21-4ed5-8afa-d0e70638d6f8 req-43d79d6d-5b21-4ed5-8afa-d0e70638d6f8 ] Request (ServersAdmin275Test:tearDownClass): 204 DELETE http://10.180.1.21/identity/v3/projects/e01c5bbdb53e49ab96a7d894c9a6b53f 0.164s
2024-12-11 18:10:32.500 66055 INFO tempest.lib.common.dynamic_creds [-] Deleting project and security group for project: bb6859a8cf0145d7888593d4f1b5952b
2024-12-11 18:10:32.563 66057 INFO tempest.lib.common.rest_client [req-280060a7-cc7c-4bf4-bc0f-b2ddbbc37820 req-280060a7-cc7c-4bf4-bc0f-b2ddbbc37820 ] Request (SecurityGroupsTestJSON:test_server_security_groups): 200 POST http://10.180.1.21/compute/v2.1/os-security-groups 0.607s
2024-12-11 18:10:32.594 66055 INFO tempest.lib.common.rest_client [req-af68f03e-09d7-4b42-9115-793b34b0c120 req-af68f03e-09d7-4b42-9115-793b34b0c120 ] Request (ServersAdmin275Test:tearDownClass): 200 GET http://10.180.1.21:9696/networking/v2.0/security-groups?tenant_id=bb6859a8cf0145d7888593d4f1b5952b&name=default 0.094s
2024-12-11 18:10:32.604 66067 INFO tempest.lib.common.rest_client [req-309e7731-ff36-42d6-a7d7-653ceb5c6738 req-309e7731-ff36-42d6-a7d7-653ceb5c6738 ] Request (FloatingIPsAssociationTestJSON:test_associate_already_associated_floating_ip): 202 POST http://10.180.1.21/compute/v2.1/servers 0.858s
2024-12-11 18:10:32.627 66077 INFO tempest.lib.common.rest_client [req-b6cde656-9e0a-488d-87a7-16dda2d58e6c req-b6cde656-9e0a-488d-87a7-16dda2d58e6c ] Request (FlavorsV2TestJSON:test_list_flavors_filter_by_min_ram): 200 GET http://10.180.1.21/compute/v2.1/flavors?minRam=193 0.638s
2024-12-11 18:10:32.682 66045 INFO tempest.lib.common.rest_client [req-024bcb42-3632-4794-89b6-c7c3aabafa93 req-024bcb42-3632-4794-89b6-c7c3aabafa93 ] Request (AttachInterfacesTestJSON:test_create_list_show_delete_interfaces_by_fixed_ip): 200 GET http://10.180.1.21/compute/v2.1/servers/f19fdff2-8f44-4f9a-a43f-6f870a8f8777 0.703s
2024-12-11 18:10:32.686 66063 INFO tempest.lib.common.rest_client [req-461f80a1-e82c-4aaa-893a-9f6ed2b99e82 req-461f80a1-e82c-4aaa-893a-9f6ed2b99e82 ] Request (ServersTestJSON:setUpClass): 200 GET http://10.180.1.21/compute/v2.1/servers/940ea3db-a51f-4a53-a807-a11cef9e8f84 0.492s
2024-12-11 18:10:32.730 66061 INFO tempest.lib.common.rest_client [req-6d34019e-4d95-4d8f-9cb4-2a058c1ae308 req-6d34019e-4d95-4d8f-9cb4-2a058c1ae308 ] Request (ServersNegativeTestJSON:setUpClass): 200 GET http://10.180.1.21/compute/v2.1/servers/dc766bc8-97fe-40c4-a3c5-1e2c2becbbe7 0.470s
