2024-12-11 18:09:06.014 66071 INFO tempest.lib.common.rest_client [req-f4b0492d-2065-46b3-afca-30cce657fb9e req-f4b0492d-2065-46b3-afca-30cce657fb9e ] Request (VolumesAssistedSnapshotsTest:setUpClass): 201 POST http://10.180.1.21:9696/networking/v2.0/subnets 0.319s
2024-12-11 18:09:06.018 66063 INFO tempest.lib.common.rest_client [req-dd9d2379-dfde-4054-93b1-f19bcbf950db req-dd9d2379-dfde-4054-93b1-f19bcbf950db ] Request (AZAdminV2TestJSON:tearDownClass): 200 GET http://10.180.1.21:9696/networking/v2.0/security-groups?tenant_id=d8114f5ef0c845879267cad6da228a89&name=default 0.250s
2024-12-11 18:09:06.024 66077 INFO tempest.lib.common.rest_client [req-c60f8261-b1a5-4716-a8ce-14b130d20d52 req-c60f8261-b1a5-4716-a8ce-14b130d20d52 ] Request (KeyPairsV210TestJSON:test_admin_manage_keypairs_for_other_users): 200 GET http://10.180.1.21/compute/v2.1/os-keypairs/tempest-keypair-33839407?user_id=40c3a77daafb4aef8e03bb96ee3cfe6a 1.748s
2024-12-11 18:09:06.110 66061 INFO tempest.lib.common.rest_client [req-b436e93c-32bc-465e-8f33-a6edc29ee2c1 req-b436e93c-32bc-465e-8f33-a6edc29ee2c1 ] Request (QuotasAdminTestJSON:test_delete_quota): 200 PUT http://10.180.1.21/compute/v2.1/os-quota-sets/e901d2f5517240d7b7e6882a48a36c05 1.885s
2024-12-11 18:09:06.112 66101 INFO tempest.lib.common.rest_client [req-26049cc7-ba7c-4542-9fb8-3dc8399a8788 req-26049cc7-ba7c-4542-9fb8-3dc8399a8788 ] Request (InstanceActionsV221TestJSON:test_get_list_deleted_instance_actions): 200 GET http://10.180.1.21/compute/v2.1/servers/3d1ffa0c-283b-4244-87c7-38f0f181c14a 1.685s
2024-12-11 18:09:06.117 66095 INFO tempest.lib.common.rest_client [req-8a5fcd7b-8c2f-49f4-a985-b5bf9ff1a12a req-8a5fcd7b-8c2f-49f4-a985-b5bf9ff1a12a ] Request (HypervisorAdminNegativeTestJSON:test_get_hypervisor_stats_with_non_admin_user): 403 GET http://10.180.1.21/compute/v2.1/os-hypervisors/statistics 1.685s
2024-12-11 18:09:06.127 66063 INFO tempest.lib.common.rest_client [req-dec81e36-1bf0-4f8a-904a-b781223ed603 req-dec81e36-1bf0-4f8a-904a-b781223ed603 ] Request (AZAdminV2TestJSON:tearDownClass): 204 DELETE http://10.180.1.21:9696/networking/v2.0/security-groups/e60fe771-23dd-4379-ad58-a9ac01209dc8 0.108s
2024-12-11 18:09:06.145 66091 INFO tempest.lib.common.rest_client [req-23bddf00-42b3-4db7-b67f-06eb465f3fd4 req-23bddf00-42b3-4db7-b67f-06eb465f3fd4 ] Request (FlavorsAdminTestJSON:_run_cleanups): 200 GET http://10.180.1.21/compute/v2.1/flavors/detail 1.681s
2024-12-11 18:09:06.147 66107 INFO tempest.lib.common.rest_client [req-f3f9d4d2-23c3-46c3-abed-18602e750c8f req-f3f9d4d2-23c3-46c3-abed-18602e750c8f ] Request (ImagesMetadataNegativeTestJSON:test_set_nonexistent_image_metadata_item): 404 PUT http://10.180.1.21/compute/v2.1/images/981215a4-4e8c-40d6-91b8-d0dc23ab83fd/metadata/os_distro 1.658s
2024-12-11 18:09:06.154 66049 INFO tempest.lib.common.rest_client [req-30119d12-b63c-4c1e-9684-65598a25d919 req-30119d12-b63c-4c1e-9684-65598a25d919 ] Request (KeyPairsV22TestJSON:test_get_keypair_detail): 200 GET http://10.180.1.21/compute/v2.1/os-keypairs/tempest-keypair-571023951 1.494s
2024-12-11 18:09:06.183 66093 INFO tempest.lib.common.rest_client [req-f7580be3-a784-4c97-96f0-5b7102ee2431 req-f7580be3-a784-4c97-96f0-5b7102ee2431 ] Request (FlavorsV255TestJSON:test_crud_flavor): 200 PUT http://10.180.1.21/compute/v2.1/flavors/1984339872 1.218s
2024-12-11 18:09:06.205 66047 INFO tempest.lib.common.rest_client [req-16d234a5-a39d-46d4-8b37-36dfde4f19f5 req-16d234a5-a39d-46d4-8b37-36dfde4f19f5 ] Request (ServerGroupTestJSON:setUpClass): 201 POST http://10.180.1.21:9696/networking/v2.0/networks 0.758s
2024-12-11 18:09:06.210 66081 INFO tempest.lib.common.rest_client [req-4abcaf9b-63d1-4327-b326-c8d6bf6c9026 req-4abcaf9b-63d1-4327-b326-c8d6bf6c9026 ] Request (ImagesNegativeTestJSON:test_create_image_from_deleted_server): 200 GET http://10.180.1.21/compute/v2.1/servers/1ce7957f-8acf-49ca-900c-5405db9c36aa 1.272s
2024-12-11 18:09:06.226 66063 INFO tempest.lib.common.rest_client [req-6a52185c-1e8d-44f2-bac0-10823ac558da req-6a52185c-1e8d-44f2-bac0-10823ac558da ] Request (AZAdminV2TestJSON:tearDownClass): 204 DELETE http://10.180.1.21/identity/v3/projects/d8114f5ef0c845879267cad6da228a89 0.099s
2024-12-11 18:09:06.226 66063 INFO tempest.lib.common.dynamic_creds [-] Deleting project and security group for project: c682d0bc4d934081b553a30ea13caf28
2024-12-11 18:09:06.326 66087 INFO tempest.lib.common.rest_client [req-323c8274-a966-458b-9859-73c80fdd9537 req-323c8274-a966-458b-9859-73c80fdd9537 ] Request (ServersWithSpecificFlavorTestJSON:test_verify_created_server_ephemeral_disk): 200 GET http://10.180.1.21/compute/v2.1/flavors/42 1.275s
2024-12-11 18:09:06.333 66097 INFO tempest.lib.common.rest_client [req-916488f1-1330-489d-9ffe-c613adf8abc1 req-916488f1-1330-489d-9ffe-c613adf8abc1 ] Request (FlavorsExtraSpecsTestJSON:test_flavor_non_admin_get_all_keys): 200 GET http://10.180.1.21/compute/v2.1/flavors/1940513421/os-extra_specs 1.289s
2024-12-11 18:09:06.355 66066 INFO tempest.lib.common.rest_client [req-b0e978b1-12dd-412f-aa7d-3a6a8482970f req-b0e978b1-12dd-412f-aa7d-3a6a8482970f ] Request (AggregatesAdminNegativeTestJSON:test_aggregate_add_host_as_user): 200 POST http://10.180.1.21/compute/v2.1/os-aggregates 1.288s
2024-12-11 18:09:06.372 66063 INFO tempest.lib.common.rest_client [req-452c7ce5-617c-4733-9937-78eecf86b74e req-452c7ce5-617c-4733-9937-78eecf86b74e ] Request (AZAdminV2TestJSON:tearDownClass): 200 GET http://10.180.1.21:9696/networking/v2.0/security-groups?tenant_id=c682d0bc4d934081b553a30ea13caf28&name=default 0.145s
2024-12-11 18:09:06.393 66103 INFO tempest.lib.common.rest_client [req-50e298b2-851d-4453-b398-a4da172503f6 req-50e298b2-851d-4453-b398-a4da172503f6 ] Request (HypervisorAdminV253TestBase:test_list_show_detail_hypervisors): 200 GET http://10.180.1.21/compute/v2.1/os-hypervisors/3c496691-ec44-4689-9e92-7e3512be9f3a 0.884s
2024-12-11 18:09:06.439 66089 INFO tempest.lib.common.rest_client [req-e69f581c-3da9-48a9-b002-aeb70cc0ef2f req-e69f581c-3da9-48a9-b002-aeb70cc0ef2f ] Request (MigrationsAdminTest:test_list_migrations_in_flavor_resize_situation): 200 GET http://10.180.1.21/compute/v2.1/servers/3c9a0a11-8469-40d2-9bee-94309b5d9c34 0.995s
2024-12-11 18:09:06.459 66083 INFO tempest.lib.common.rest_client [req-50f88f63-bd6c-4005-a569-7c7122071397 req-50f88f63-bd6c-4005-a569-7c7122071397 ] Request (ServicesAdminNegativeV253TestJSON:test_enable_service_with_invalid_service_id): 404 PUT http://10.180.1.21/compute/v2.1/os-services/8ab5c1fb-103e-4f84-a3a3-40bc86333aa4 0.928s
2024-12-11 18:09:06.479 66073 INFO tempest.lib.common.rest_client [req-6a8201d1-7f47-496d-89d1-06ab1101a1d2 req-6a8201d1-7f47-496d-89d1-06ab1101a1d2 ] Request (ServerExternalEventsTest:test_create_server_external_events): 200 GET http://10.180.1.21/compute/v2.1/servers/349de27e-166a-4df1-826c-736ad6fb699d 0.961s
2024-12-11 18:09:06.481 66059 INFO tempest.lib.common.rest_client [req-999e602e-42c1-4b05-84f4-e91077a98239 req-999e602e-42c1-4b05-84f4-e91077a98239 ] Request (HypervisorAdminNegativeUnderV252Test:test_show_servers_with_non_admin_user): 200 GET http://10.180.1.21/compute/v2.1/os-hypervisors 0.926s
2024-12-11 18:09:06.495 66085 INFO tempest.lib.common.rest_client [req-5bf783e4-3b5d-43e3-aecc-b509f382849e req-5bf783e4-3b5d-43e3-aecc-b509f382849e ] Request (ServerPasswordTestJSON:setUpClass): 201 POST http://10.180.1.21:9696/networking/v2.0/routers 1.419s
2024-12-11 18:09:06.503 66063 INFO tempest.lib.common.rest_client [req-4565e4b2-e5a1-45e3-965d-93264d838643 req-4565e4b2-e5a1-45e3-965d-93264d838643 ] Request (AZAdminV2TestJSON:tearDownClass): 204 DELETE http://10.180.1.21:9696/networking/v2.0/security-groups/dda7deca-81d1-4df3-b799-1b51f2102d21 0.131s
2024-12-11 18:09:06.520 66069 INFO tempest.lib.common.rest_client [req-7bfded45-0050-47c3-8911-9e8afe24884c req-7bfded45-0050-47c3-8911-9e8afe24884c ] Request (FlavorsV261TestJSON:test_crud_flavor): 200 GET http://10.180.1.21/compute/v2.1/flavors/detail 0.918s
2024-12-11 18:09:06.572 66055 INFO tempest.lib.common.rest_client [req-263ac18a-0b7c-4199-85ff-501a12d00237 req-263ac18a-0b7c-4199-85ff-501a12d00237 ] Request (ServersAdmin275Test:test_rebuild_update_server_275): 200 GET http://10.180.1.21/compute/v2.1/servers/bd82b418-92da-463b-a1dc-33739fef062b 0.772s
2024-12-11 18:09:06.590 66055 INFO tempest.common.waiters [-] State transition "BUILD/networking" ==> "BUILD/spawning" after 2 second wait
2024-12-11 18:09:06.600 66063 INFO tempest.lib.common.rest_client [req-801ed4be-908e-40be-9fad-24cef0595c5a req-801ed4be-908e-40be-9fad-24cef0595c5a ] Request (AZAdminV2TestJSON:tearDownClass): 204 DELETE http://10.180.1.21/identity/v3/projects/c682d0bc4d934081b553a30ea13caf28 0.097s
2024-12-11 18:09:06.609 66103 INFO tempest.lib.common.rest_client [req-7c752fe1-bd71-47ab-8b68-e19159cb4031 req-7c752fe1-bd71-47ab-8b68-e19159cb4031 ] Request (HypervisorAdminV253TestBase:tearDownClass): 204 DELETE http://10.180.1.21/identity/v3/users/ad3aba2e67dc44829ced90dd0320ec45 0.140s
2024-12-11 18:09:06.786 66053 INFO tempest.lib.common.rest_client [req-359a9c7f-19a9-4107-aac3-dbbfcf3f8ce7 req-359a9c7f-19a9-4107-aac3-dbbfcf3f8ce7 ] Request (ImagesMetadataTestJSON:setUpClass): 204 PUT http://10.180.1.21/image/v2/images/61d68485-19db-4963-9edd-7409efa5e939/file 0.837s
2024-12-11 18:09:06.813 66063 INFO tempest.lib.common.rest_client [req-4fb9ba28-c37c-4943-8c02-866b1d6b86ab req-4fb9ba28-c37c-4943-8c02-866b1d6b86ab ] Request (FlavorsAccessNegativeTestJSON:setUpClass): 201 POST http://10.180.1.21/identity/v3/auth/tokens 0.211s
2024-12-11 18:09:06.827 66047 INFO tempest.lib.common.rest_client [req-1271ddd8-c189-4f0c-8b5d-33787193f284 req-1271ddd8-c189-4f0c-8b5d-33787193f284 ] Request (ServerGroupTestJSON:setUpClass): 201 POST http://10.180.1.21:9696/networking/v2.0/subnets 0.621s
2024-12-11 18:09:06.838 66103 INFO tempest.lib.common.rest_client [req-6fdc8c00-fc3a-4a51-8d68-c7b2f78db304 req-6fdc8c00-fc3a-4a51-8d68-c7b2f78db304 ] Request (HypervisorAdminV253TestBase:tearDownClass): 204 DELETE http://10.180.1.21/identity/v3/users/6b35e6975d1747f294f423bf205f3543 0.229s
2024-12-11 18:09:06.839 66103 INFO tempest.lib.common.dynamic_creds [-] Deleting project and security group for project: 24fb8b055b2040e482657b1ae9af2e2c
2024-12-11 18:09:06.900 66063 INFO tempest.lib.common.rest_client [req-3c2a564d-5275-4ccb-a11a-0c6d7ef6f269 req-3c2a564d-5275-4ccb-a11a-0c6d7ef6f269 ] Request (FlavorsAccessNegativeTestJSON:setUpClass): 201 POST http://10.180.1.21/identity/v3/auth/tokens 0.082s
2024-12-11 18:09:06.924 66103 INFO tempest.lib.common.rest_client [req-d3f69a26-3c4b-4b6b-929a-02bcfb1987d2 req-d3f69a26-3c4b-4b6b-929a-02bcfb1987d2 ] Request (HypervisorAdminV253TestBase:tearDownClass): 201 POST http://10.180.1.21/identity/v3/auth/tokens 0.085s
2024-12-11 18:09:06.939 66045 INFO tempest.lib.common.rest_client [req-c5a3db60-938a-448f-916c-e6cea81d94b8 req-c5a3db60-938a-448f-916c-e6cea81d94b8 ] Request (FlavorsAccessTestJSON:test_flavor_access_add_remove): 200 POST http://10.180.1.21/compute/v2.1/flavors/545956340/action 1.095s
2024-12-11 18:09:06.944 66063 INFO tempest.lib.common.rest_client [req-a1aa7af8-afda-4e43-be22-27dc9cb4a693 req-a1aa7af8-afda-4e43-be22-27dc9cb4a693 ] Request (FlavorsAccessNegativeTestJSON:setUpClass): 200 GET http://10.180.1.21/identity/v3/domains?name=Default 0.044s
2024-12-11 18:09:06.965 66057 INFO tempest.lib.common.rest_client [req-d92441f7-fbb9-4d81-894f-1a1b8e112617 req-d92441f7-fbb9-4d81-894f-1a1b8e112617 ] Request (HostsAdminTestJSON:test_list_hosts_with_zone): 200 GET http://10.180.1.21/compute/v2.1/os-hosts 1.038s
2024-12-11 18:09:06.984 66063 INFO tempest.lib.common.rest_client [req-f194a59b-db05-455a-9f75-498daaac4a06 req-f194a59b-db05-455a-9f75-498daaac4a06 ] Request (FlavorsAccessNegativeTestJSON:setUpClass): 201 POST http://10.180.1.21/identity/v3/projects 0.039s
2024-12-11 18:09:06.994 66075 INFO tempest.lib.common.rest_client [req-82ee6ad6-63ee-47cd-9b32-3b2c05fb95c6 req-82ee6ad6-63ee-47cd-9b32-3b2c05fb95c6 ] Request (FlavorsExtraSpecsNegativeTestJSON:test_flavor_non_admin_unset_keys): 200 POST http://10.180.1.21/compute/v2.1/flavors/1707854343/os-extra_specs 1.058s
2024-12-11 18:09:07.030 66077 INFO tempest.lib.common.rest_client [req-4d43bb5c-5e72-496c-945f-24fc547c1882 req-4d43bb5c-5e72-496c-945f-24fc547c1882 ] Request (KeyPairsV210TestJSON:test_admin_manage_keypairs_for_other_users): 201 POST http://10.180.1.21/compute/v2.1/os-keypairs 1.003s
2024-12-11 18:09:07.039 66061 INFO tempest.lib.common.rest_client [req-6bc730e8-ed36-4122-86e9-34236cd6bcb2 req-6bc730e8-ed36-4122-86e9-34236cd6bcb2 ] Request (QuotasAdminTestJSON:test_delete_quota): 202 DELETE http://10.180.1.21/compute/v2.1/os-quota-sets/e901d2f5517240d7b7e6882a48a36c05 0.927s
2024-12-11 18:09:07.046 66063 INFO tempest.lib.common.rest_client [req-ccede51f-29ba-49d5-8f44-c6935e15ddf6 req-ccede51f-29ba-49d5-8f44-c6935e15ddf6 ] Request (FlavorsAccessNegativeTestJSON:setUpClass): 201 POST http://10.180.1.21/identity/v3/users 0.062s
2024-12-11 18:09:07.062 66063 INFO tempest.lib.common.rest_client [req-fe740e6e-4200-4c7d-94d7-869412b64e7c req-fe740e6e-4200-4c7d-94d7-869412b64e7c ] Request (FlavorsAccessNegativeTestJSON:setUpClass): 200 GET http://10.180.1.21/identity/v3/roles 0.015s
2024-12-11 18:09:07.086 66063 INFO tempest.lib.common.rest_client [req-28382f4b-82ad-48c1-bd01-82c50d22d276 req-28382f4b-82ad-48c1-bd01-82c50d22d276 ] Request (FlavorsAccessNegativeTestJSON:setUpClass): 204 PUT http://10.180.1.21/identity/v3/projects/2a77fe8476114006beef7c339eb81ac7/users/24171a35e4234b17b0daa90cc6e7c1fb/roles/5a307acaf1014acbaa0e5fdc3cf6cd0e 0.023s
2024-12-11 18:09:07.086 66063 INFO tempest.lib.common.dynamic_creds [-] Dynamic test user 24171a35e4234b17b0daa90cc6e7c1fb is created with scope project and roles: ['member']
2024-12-11 18:09:07.086 66063 INFO tempest.lib.common.dynamic_creds [-] Acquired dynamic creds: credentials: Credentials: {'domain_id': 'default', 'domain_name': 'Default', 'username': 'tempest-FlavorsAccessNegativeTestJSON-347700362-project-member', 'project_domain_id': 'default', 'project_domain_name': 'Default', 'project_id': '2a77fe8476114006beef7c339eb81ac7', 'project_name': 'tempest-FlavorsAccessNegativeTestJSON-347700362', 'tenant_id': '2a77fe8476114006beef7c339eb81ac7', 'tenant_name': 'tempest-FlavorsAccessNegativeTestJSON-347700362', 'user_domain_id': 'default', 'user_domain_name': 'Default', 'user_id': '24171a35e4234b17b0daa90cc6e7c1fb', 'system': None}, Network: None, Subnet: None, Router: None
2024-12-11 18:09:07.086 66063 INFO tempest.lib.common.dynamic_creds [-] Created isolated network resources for: credentials: Credentials: {'domain_id': 'default', 'domain_name': 'Default', 'username': 'tempest-FlavorsAccessNegativeTestJSON-347700362-project-member', 'project_domain_id': 'default', 'project_domain_name': 'Default', 'project_id': '2a77fe8476114006beef7c339eb81ac7', 'project_name': 'tempest-FlavorsAccessNegativeTestJSON-347700362', 'tenant_id': '2a77fe8476114006beef7c339eb81ac7', 'tenant_name': 'tempest-FlavorsAccessNegativeTestJSON-347700362', 'user_domain_id': 'default', 'user_domain_name': 'Default', 'user_id': '24171a35e4234b17b0daa90cc6e7c1fb', 'system': None}, Network: None, Subnet: None, Router: None
2024-12-11 18:09:07.157 66095 INFO tempest.lib.common.rest_client [req-64386d5b-a906-4d63-b3c2-73d2b67f26a8 req-64386d5b-a906-4d63-b3c2-73d2b67f26a8 ] Request (HypervisorAdminNegativeTestJSON:test_get_hypervisor_uptime_with_non_admin_user): 200 GET http://10.180.1.21/compute/v2.1/os-hypervisors 1.039s
2024-12-11 18:09:07.164 66063 INFO tempest.lib.common.rest_client [req-0b71dcb8-b22b-45b6-82d4-8fb8f472e5b4 req-0b71dcb8-b22b-45b6-82d4-8fb8f472e5b4 ] Request (FlavorsAccessNegativeTestJSON:setUpClass): 201 POST http://10.180.1.21/identity/v3/auth/tokens 0.073s
2024-12-11 18:09:07.178 66107 INFO tempest.lib.common.rest_client [req-229d177e-7eff-418d-9bc8-6f0d68b48b2b req-229d177e-7eff-418d-9bc8-6f0d68b48b2b ] Request (ImagesMetadataNegativeTestJSON:test_update_nonexistent_image_metadata): 404 POST http://10.180.1.21/compute/v2.1/images/fdffc64e-73ec-42af-bb5d-84b59d479c11/metadata 1.028s
2024-12-11 18:09:07.193 66067 INFO tempest.lib.common.rest_client [req-52e2bcfd-e2fe-4bb0-8f2e-c94f040ad03e req-52e2bcfd-e2fe-4bb0-8f2e-c94f040ad03e ] Request (SecurityGroupsTestAdminJSON:test_list_security_groups_list_all_tenants_filter): 200 POST http://10.180.1.21/compute/v2.1/os-security-groups 1.388s
2024-12-11 18:09:07.199 66049 INFO tempest.lib.common.rest_client [req-8a9643e7-e971-4f8f-b53d-d9eaf33c2292 req-8a9643e7-e971-4f8f-b53d-d9eaf33c2292 ] Request (KeyPairsV22TestJSON:_run_cleanups): 204 DELETE http://10.180.1.21/compute/v2.1/os-keypairs/tempest-keypair-571023951 1.043s
2024-12-11 18:09:07.220 66091 INFO tempest.lib.common.rest_client [req-ad21eb6f-9a9e-4a56-b2d4-5d4f32a49de7 req-ad21eb6f-9a9e-4a56-b2d4-5d4f32a49de7 ] Request (FlavorsAdminTestJSON:test_create_flavor_verify_entry_in_list_details): 200 POST http://10.180.1.21/compute/v2.1/flavors 1.008s
2024-12-11 18:09:07.229 66093 INFO tempest.lib.common.rest_client [req-8b1a925b-4fd6-40bf-9801-067190fb5c69 req-8b1a925b-4fd6-40bf-9801-067190fb5c69 ] Request (FlavorsV255TestJSON:test_crud_flavor): 200 GET http://10.180.1.21/compute/v2.1/flavors/detail 1.042s
2024-12-11 18:09:07.242 66063 INFO tempest.lib.common.rest_client [req-3374aa5d-fc97-4492-951f-7e885bb48123 req-3374aa5d-fc97-4492-951f-7e885bb48123 ] Request (FlavorsAccessNegativeTestJSON:setUpClass): 201 POST http://10.180.1.21/identity/v3/projects 0.077s
2024-12-11 18:09:07.276 66107 INFO tempest.lib.common.rest_client [req-df764b03-531e-44d1-bc98-9153dd811d4e req-df764b03-531e-44d1-bc98-9153dd811d4e ] Request (ImagesMetadataNegativeTestJSON:tearDownClass): 204 DELETE http://10.180.1.21/identity/v3/users/6092ec3ce67b412c8e30f024be578392 0.095s
2024-12-11 18:09:07.276 66107 INFO tempest.lib.common.dynamic_creds [-] Deleting project and security group for project: bbd1cdaff55e439cb08e9d7af354ebc6
2024-12-11 18:09:07.297 66103 INFO tempest.lib.common.rest_client [req-66763c58-2880-4935-a86d-642e92d11629 req-66763c58-2880-4935-a86d-642e92d11629 ] Request (HypervisorAdminV253TestBase:tearDownClass): 200 GET http://10.180.1.21:9696/networking/v2.0/security-groups?tenant_id=24fb8b055b2040e482657b1ae9af2e2c&name=default 0.372s
2024-12-11 18:09:07.380 66066 INFO tempest.lib.common.rest_client [req-417bf66b-6dd0-4225-8c98-c70f290d4b58 req-417bf66b-6dd0-4225-8c98-c70f290d4b58 ] Request (AggregatesAdminNegativeTestJSON:test_aggregate_add_host_as_user): 403 POST http://10.180.1.21/compute/v2.1/os-aggregates/2/action 1.019s
2024-12-11 18:09:07.389 66087 INFO tempest.lib.common.rest_client [req-1430e536-b96f-4d45-a7d7-4362c0e57787 req-1430e536-b96f-4d45-a7d7-4362c0e57787 ] Request (ServersWithSpecificFlavorTestJSON:test_verify_created_server_ephemeral_disk): 200 POST http://10.180.1.21/compute/v2.1/flavors 0.989s
2024-12-11 18:09:07.406 66097 INFO tempest.lib.common.rest_client [req-89495fad-930d-452c-bb19-68d9287cecd8 req-89495fad-930d-452c-bb19-68d9287cecd8 ] Request (FlavorsExtraSpecsTestJSON:test_flavor_non_admin_get_specific_key): 200 POST http://10.180.1.21/compute/v2.1/flavors/1940513421/os-extra_specs 0.991s
2024-12-11 18:09:07.408 66083 INFO tempest.lib.common.rest_client [req-687a5fe7-35c6-4896-8f93-57e2ceee3db8 req-687a5fe7-35c6-4896-8f93-57e2ceee3db8 ] Request (ServicesAdminNegativeV253TestJSON:test_get_service_by_invalid_params): 200 GET http://10.180.1.21/compute/v2.1/os-services 0.948s
2024-12-11 18:09:07.412 66059 INFO tempest.lib.common.rest_client [req-ab876b39-52d9-48b8-8cb1-46521ce7928b req-ab876b39-52d9-48b8-8cb1-46521ce7928b ] Request (HypervisorAdminNegativeUnderV252Test:test_show_servers_with_non_admin_user): 403 GET http://10.180.1.21/compute/v2.1/os-hypervisors/1/servers 0.926s
2024-12-11 18:09:07.415 66107 INFO tempest.lib.common.rest_client [req-f27d4452-7efa-4edf-ac5e-200fafd5f899 req-f27d4452-7efa-4edf-ac5e-200fafd5f899 ] Request (ImagesMetadataNegativeTestJSON:tearDownClass): 201 POST http://10.180.1.21/identity/v3/auth/tokens 0.138s
2024-12-11 18:09:07.433 66069 INFO tempest.lib.common.rest_client [req-07a40c10-082e-41a2-a320-1a7dd9e8e3dd req-07a40c10-082e-41a2-a320-1a7dd9e8e3dd ] Request (FlavorsV261TestJSON:test_crud_flavor): 200 GET http://10.180.1.21/compute/v2.1/flavors 0.906s
2024-12-11 18:09:07.450 66063 INFO tempest.lib.common.rest_client [req-4297ed75-b1e7-4cfd-8d88-4d1d683f534f req-4297ed75-b1e7-4cfd-8d88-4d1d683f534f ] Request (FlavorsAccessNegativeTestJSON:setUpClass): 201 POST http://10.180.1.21/identity/v3/users 0.208s
2024-12-11 18:09:07.458 66053 INFO tempest.lib.common.rest_client [req-ba78ab67-debb-4989-894f-3667b5d723e1 req-ba78ab67-debb-4989-894f-3667b5d723e1 ] Request (ImagesMetadataTestJSON:setUpClass): 200 GET http://10.180.1.21/compute/v2.1/images/61d68485-19db-4963-9edd-7409efa5e939 0.672s
2024-12-11 18:09:07.473 66063 INFO tempest.lib.common.rest_client [req-78bb8d43-5501-4460-8bcc-932b04716a1e req-78bb8d43-5501-4460-8bcc-932b04716a1e ] Request (FlavorsAccessNegativeTestJSON:setUpClass): 200 GET http://10.180.1.21/identity/v3/roles 0.022s
2024-12-11 18:09:07.489 66071 INFO tempest.lib.common.rest_client [req-b966c8d9-3dee-4044-85ee-10f579c477f5 req-b966c8d9-3dee-4044-85ee-10f579c477f5 ] Request (VolumesAssistedSnapshotsTest:setUpClass): 201 POST http://10.180.1.21:9696/networking/v2.0/routers 1.474s
2024-12-11 18:09:07.495 66045 INFO tempest.lib.common.rest_client [req-630f0f4f-4e07-4c17-8c7c-691017c0b213 req-630f0f4f-4e07-4c17-8c7c-691017c0b213 ] Request (FlavorsAccessTestJSON:test_flavor_access_add_remove): 200 GET http://10.180.1.21/compute/v2.1/flavors/detail 0.554s
2024-12-11 18:09:07.515 66079 INFO tempest.lib.common.rest_client [req-c61a484d-9b34-44cd-b829-e80bfe0bf496 req-c61a484d-9b34-44cd-b829-e80bfe0bf496 ] Request (DeleteServersAdminTestJSON:test_admin_delete_servers_of_others): 200 GET http://10.180.1.21/compute/v2.1/servers/057b7bac-f76a-42df-af3c-22ebf54fbf5e 0.603s
2024-12-11 18:09:07.518 66075 INFO tempest.lib.common.rest_client [req-6fb747dd-b1d9-4267-a56e-8871059eb628 req-6fb747dd-b1d9-4267-a56e-8871059eb628 ] Request (FlavorsExtraSpecsNegativeTestJSON:test_flavor_non_admin_unset_keys): 403 DELETE http://10.180.1.21/compute/v2.1/flavors/1707854343/os-extra_specs/hw:numa_nodes 0.522s
2024-12-11 18:09:07.523 66063 INFO tempest.lib.common.rest_client [req-8c1e4565-0dba-46f0-848e-dcb86b389055 req-8c1e4565-0dba-46f0-848e-dcb86b389055 ] Request (FlavorsAccessNegativeTestJSON:setUpClass): 204 PUT http://10.180.1.21/identity/v3/projects/bba4b0e3677543d0a28b1e0d2e6d3970/users/643cb9e77f514029bdf1b0607845fcaa/roles/eb05b8cfd36b400592bd44e927193f48 0.049s
2024-12-11 18:09:07.528 66057 INFO tempest.lib.common.rest_client [req-034ad4e4-cbb6-45a5-8da6-ac71ddca08e1 req-034ad4e4-cbb6-45a5-8da6-ac71ddca08e1 ] Request (HostsAdminTestJSON:test_list_hosts_with_zone): 200 GET http://10.180.1.21/compute/v2.1/os-hosts?zone=internal 0.561s
2024-12-11 18:09:07.529 66079 INFO tempest.common.waiters [-] State transition "BUILD/None" ==> "BUILD/networking" after 2 second wait
2024-12-11 18:09:07.539 66103 INFO tempest.lib.common.rest_client [req-3044af0f-f4e8-4450-a79d-473ae2d5370b req-3044af0f-f4e8-4450-a79d-473ae2d5370b ] Request (HypervisorAdminV253TestBase:tearDownClass): 204 DELETE http://10.180.1.21:9696/networking/v2.0/security-groups/54a4b494-4969-4cee-9024-98dcfb8da427 0.241s
2024-12-11 18:09:07.596 66063 INFO tempest.lib.common.rest_client [req-b7abd0bc-89a6-4b98-b816-b6876d9b22b4 req-b7abd0bc-89a6-4b98-b816-b6876d9b22b4 ] Request (FlavorsAccessNegativeTestJSON:setUpClass): 200 GET http://10.180.1.21/identity/v3/roles 0.072s
2024-12-11 18:09:07.611 66063 INFO tempest.lib.common.rest_client [req-c8ca6f7d-ced9-4d7a-adfa-acb38b6135a0 req-c8ca6f7d-ced9-4d7a-adfa-acb38b6135a0 ] Request (FlavorsAccessNegativeTestJSON:setUpClass): 204 PUT http://10.180.1.21/identity/v3/projects/bba4b0e3677543d0a28b1e0d2e6d3970/users/643cb9e77f514029bdf1b0607845fcaa/roles/eb05b8cfd36b400592bd44e927193f48 0.015s
2024-12-11 18:09:07.612 66063 INFO tempest.lib.common.dynamic_creds [-] Dynamic test user 643cb9e77f514029bdf1b0607845fcaa is created with scope project and roles: ['admin']
2024-12-11 18:09:07.612 66063 INFO tempest.lib.common.dynamic_creds [-] Acquired dynamic creds: credentials: Credentials: {'domain_id': 'default', 'domain_name': 'Default', 'username': 'tempest-FlavorsAccessNegativeTestJSON-1703278184-project-admin', 'project_domain_id': 'default', 'project_domain_name': 'Default', 'project_id': 'bba4b0e3677543d0a28b1e0d2e6d3970', 'project_name': 'tempest-FlavorsAccessNegativeTestJSON-1703278184', 'tenant_id': 'bba4b0e3677543d0a28b1e0d2e6d3970', 'tenant_name': 'tempest-FlavorsAccessNegativeTestJSON-1703278184', 'user_domain_id': 'default', 'user_domain_name': 'Default', 'user_id': '643cb9e77f514029bdf1b0607845fcaa', 'system': None}, Network: None, Subnet: None, Router: None
2024-12-11 18:09:07.612 66063 INFO tempest.lib.common.dynamic_creds [-] Created isolated network resources for: credentials: Credentials: {'domain_id': 'default', 'domain_name': 'Default', 'username': 'tempest-FlavorsAccessNegativeTestJSON-1703278184-project-admin', 'project_domain_id': 'default', 'project_domain_name': 'Default', 'project_id': 'bba4b0e3677543d0a28b1e0d2e6d3970', 'project_name': 'tempest-FlavorsAccessNegativeTestJSON-1703278184', 'tenant_id': 'bba4b0e3677543d0a28b1e0d2e6d3970', 'tenant_name': 'tempest-FlavorsAccessNegativeTestJSON-1703278184', 'user_domain_id': 'default', 'user_domain_name': 'Default', 'user_id': '643cb9e77f514029bdf1b0607845fcaa', 'system': None}, Network: None, Subnet: None, Router: None
2024-12-11 18:09:07.613 66099 INFO tempest.lib.common.rest_client [req-8651db03-4b5f-44d1-8e5d-f620ef59f8d2 req-8651db03-4b5f-44d1-8e5d-f620ef59f8d2 ] Request (ServerDiagnosticsNegativeTest:test_get_server_diagnostics_by_non_admin): 200 GET http://10.180.1.21/compute/v2.1/servers/3cc9b8e2-9141-4acc-b4ca-edf3c83abae0 0.619s
2024-12-11 18:09:07.619 66051 INFO tempest.lib.common.rest_client [req-3cee1fc8-7fed-4050-96bb-c638207f3ea0 req-3cee1fc8-7fed-4050-96bb-c638207f3ea0 ] Request (ServersTestMultiNic:test_verify_duplicate_network_nics): 200 GET http://10.180.1.21/compute/v2.1/servers/35973d0f-999a-46f3-aa4e-c8b876e45cbb 0.603s
2024-12-11 18:09:07.640 66077 INFO tempest.lib.common.rest_client [req-aa5b276a-ea5b-49fe-a387-73dec3b40cd0 req-aa5b276a-ea5b-49fe-a387-73dec3b40cd0 ] Request (KeyPairsV210TestJSON:test_admin_manage_keypairs_for_other_users): 200 GET http://10.180.1.21/compute/v2.1/os-keypairs?user_id=40c3a77daafb4aef8e03bb96ee3cfe6a 0.608s
2024-12-11 18:09:07.670 66103 INFO tempest.lib.common.rest_client [req-6e1df7b5-2453-424a-a996-646091bfbf11 req-6e1df7b5-2453-424a-a996-646091bfbf11 ] Request (HypervisorAdminV253TestBase:tearDownClass): 204 DELETE http://10.180.1.21/identity/v3/projects/24fb8b055b2040e482657b1ae9af2e2c 0.131s
2024-12-11 18:09:07.670 66103 INFO tempest.lib.common.dynamic_creds [-] Deleting project and security group for project: ee7c36d1e2d746a58d51fe4659f0a42b
2024-12-11 18:09:07.703 66063 INFO tempest.lib.common.rest_client [req-77aad425-43ce-4332-9b51-9492302bcf3f req-77aad425-43ce-4332-9b51-9492302bcf3f ] Request (FlavorsAccessNegativeTestJSON:setUpClass): 201 POST http://10.180.1.21/identity/v3/auth/tokens 0.088s
2024-12-11 18:09:07.737 66101 INFO tempest.lib.common.rest_client [req-37d2dd1f-4b4f-4601-a75f-05d8b985eb8f req-37d2dd1f-4b4f-4601-a75f-05d8b985eb8f ] Request (InstanceActionsV221TestJSON:test_get_list_deleted_instance_actions): 200 GET http://10.180.1.21/compute/v2.1/servers/3d1ffa0c-283b-4244-87c7-38f0f181c14a 0.613s
2024-12-11 18:09:07.755 66095 INFO tempest.lib.common.rest_client [req-e2c4fd10-1b83-40cc-98e9-3f5ccff57cfe req-e2c4fd10-1b83-40cc-98e9-3f5ccff57cfe ] Request (HypervisorAdminNegativeTestJSON:test_get_hypervisor_uptime_with_non_admin_user): 403 GET http://10.180.1.21/compute/v2.1/os-hypervisors/1/uptime 0.596s
2024-12-11 18:09:07.767 66063 INFO tempest.lib.common.rest_client [req-6613aa45-614a-45d8-ae83-2479c0279a41 req-6613aa45-614a-45d8-ae83-2479c0279a41 ] Request (FlavorsAccessNegativeTestJSON:setUpClass): 201 POST http://10.180.1.21/identity/v3/projects 0.063s
2024-12-11 18:09:07.826 66063 INFO tempest.lib.common.rest_client [req-c1491ba9-c327-4678-ba96-3869d9cc24d3 req-c1491ba9-c327-4678-ba96-3869d9cc24d3 ] Request (FlavorsAccessNegativeTestJSON:setUpClass): 201 POST http://10.180.1.21/identity/v3/users 0.058s
2024-12-11 18:09:07.830 66107 INFO tempest.lib.common.rest_client [req-83e45598-5575-40de-a658-ad060217ff6f req-83e45598-5575-40de-a658-ad060217ff6f ] Request (ImagesMetadataNegativeTestJSON:tearDownClass): 200 GET http://10.180.1.21:9696/networking/v2.0/security-groups?tenant_id=bbd1cdaff55e439cb08e9d7af354ebc6&name=default 0.414s
2024-12-11 18:09:07.844 66061 INFO tempest.lib.common.rest_client [req-bb04eb88-43db-47c8-bb84-f26d086b4450 req-bb04eb88-43db-47c8-bb84-f26d086b4450 ] Request (QuotasAdminTestJSON:test_delete_quota): 200 GET http://10.180.1.21/compute/v2.1/os-quota-sets/e901d2f5517240d7b7e6882a48a36c05 0.804s
2024-12-11 18:09:07.852 66063 INFO tempest.lib.common.rest_client [req-7faff86c-3714-47f1-94b7-ce9d210dd80b req-7faff86c-3714-47f1-94b7-ce9d210dd80b ] Request (FlavorsAccessNegativeTestJSON:setUpClass): 200 GET http://10.180.1.21/identity/v3/roles 0.025s
2024-12-11 18:09:07.883 66063 INFO tempest.lib.common.rest_client [req-11a52c0d-7790-4764-81c4-4d74612bf072 req-11a52c0d-7790-4764-81c4-4d74612bf072 ] Request (FlavorsAccessNegativeTestJSON:setUpClass): 204 PUT http://10.180.1.21/identity/v3/projects/c486006ae9ab41f1a34adb240f98e82e/users/a494c1cf333547d98a213a23870203a6/roles/5a307acaf1014acbaa0e5fdc3cf6cd0e 0.030s
2024-12-11 18:09:07.883 66063 INFO tempest.lib.common.dynamic_creds [-] Dynamic test user a494c1cf333547d98a213a23870203a6 is created with scope project and roles: ['member']
2024-12-11 18:09:07.883 66063 INFO tempest.lib.common.dynamic_creds [-] Acquired dynamic creds: credentials: Credentials: {'domain_id': 'default', 'domain_name': 'Default', 'username': 'tempest-FlavorsAccessNegativeTestJSON-243024303-project-member', 'project_domain_id': 'default', 'project_domain_name': 'Default', 'project_id': 'c486006ae9ab41f1a34adb240f98e82e', 'project_name': 'tempest-FlavorsAccessNegativeTestJSON-243024303', 'tenant_id': 'c486006ae9ab41f1a34adb240f98e82e', 'tenant_name': 'tempest-FlavorsAccessNegativeTestJSON-243024303', 'user_domain_id': 'default', 'user_domain_name': 'Default', 'user_id': 'a494c1cf333547d98a213a23870203a6', 'system': None}, Network: None, Subnet: None, Router: None
2024-12-11 18:09:07.883 66063 INFO tempest.lib.common.dynamic_creds [-] Created isolated network resources for: credentials: Credentials: {'domain_id': 'default', 'domain_name': 'Default', 'username': 'tempest-FlavorsAccessNegativeTestJSON-243024303-project-member', 'project_domain_id': 'default', 'project_domain_name': 'Default', 'project_id': 'c486006ae9ab41f1a34adb240f98e82e', 'project_name': 'tempest-FlavorsAccessNegativeTestJSON-243024303', 'tenant_id': 'c486006ae9ab41f1a34adb240f98e82e', 'tenant_name': 'tempest-FlavorsAccessNegativeTestJSON-243024303', 'user_domain_id': 'default', 'user_domain_name': 'Default', 'user_id': 'a494c1cf333547d98a213a23870203a6', 'system': None}, Network: None, Subnet: None, Router: None
2024-12-11 18:09:07.887 66049 INFO tempest.lib.common.rest_client [req-e6fb4d3a-f272-47cb-b8b5-5bb35ebccd8d req-e6fb4d3a-f272-47cb-b8b5-5bb35ebccd8d ] Request (KeyPairsV22TestJSON:test_keypair_create_delete): 201 POST http://10.180.1.21/compute/v2.1/os-keypairs 0.687s
2024-12-11 18:09:07.941 66061 INFO tempest.lib.common.rest_client [req-3ea1a7ff-ef5f-450a-bc99-290f9be4b07f req-3ea1a7ff-ef5f-450a-bc99-290f9be4b07f ] Request (QuotasAdminTestJSON:_run_cleanups): 204 DELETE http://10.180.1.21/identity/v3/projects/e901d2f5517240d7b7e6882a48a36c05 0.093s
2024-12-11 18:09:07.991 66063 INFO tempest.lib.common.rest_client [req-1b1c067d-ebc3-4cfb-a917-ad84b84e7efc req-1b1c067d-ebc3-4cfb-a917-ad84b84e7efc ] Request (FlavorsAccessNegativeTestJSON:setUpClass): 201 POST http://10.180.1.21/identity/v3/auth/tokens 0.105s
2024-12-11 18:09:07.992 66063 WARNING tempest.lib.common.rest_client [-] Deprecated: "tenant_id" property is deprecated for removal, use "project_id" instead
2024-12-11 18:09:08.028 66081 INFO tempest.lib.common.rest_client [req-aee89714-9a29-40b7-a156-e62011a6971b req-aee89714-9a29-40b7-a156-e62011a6971b ] Request (ImagesNegativeTestJSON:test_create_image_from_deleted_server): 200 GET http://10.180.1.21/compute/v2.1/servers/1ce7957f-8acf-49ca-900c-5405db9c36aa 0.809s
2024-12-11 18:09:08.034 66081 INFO tempest.common.waiters [-] State transition "BUILD/scheduling" ==> "BUILD/None" after 2 second wait
2024-12-11 18:09:08.043 66103 INFO tempest.lib.common.rest_client [req-69a45b92-a915-49b1-b2fb-218a5bc21410 req-69a45b92-a915-49b1-b2fb-218a5bc21410 ] Request (HypervisorAdminV253TestBase:tearDownClass): 200 GET http://10.180.1.21:9696/networking/v2.0/security-groups?tenant_id=ee7c36d1e2d746a58d51fe4659f0a42b&name=default 0.372s
2024-12-11 18:09:08.048 66067 INFO tempest.lib.common.rest_client [req-bf1cbc41-4fa6-446e-a6fe-ee584d217a2f req-bf1cbc41-4fa6-446e-a6fe-ee584d217a2f ] Request (SecurityGroupsTestAdminJSON:test_list_security_groups_list_all_tenants_filter): 200 POST http://10.180.1.21/compute/v2.1/os-security-groups 0.849s
2024-12-11 18:09:08.059 66091 INFO tempest.lib.common.rest_client [req-95a213f7-63c4-4724-a37c-1f9199b37317 req-95a213f7-63c4-4724-a37c-1f9199b37317 ] Request (FlavorsAdminTestJSON:test_create_flavor_verify_entry_in_list_details): 200 GET http://10.180.1.21/compute/v2.1/flavors/detail 0.836s
2024-12-11 18:09:08.077 66093 INFO tempest.lib.common.rest_client [req-8ead1ec5-52b4-4c7d-9cfa-665ab0489322 req-8ead1ec5-52b4-4c7d-9cfa-665ab0489322 ] Request (FlavorsV255TestJSON:test_crud_flavor): 200 GET http://10.180.1.21/compute/v2.1/flavors 0.840s
2024-12-11 18:09:08.094 66066 INFO tempest.lib.common.rest_client [req-b176850e-62c6-4092-bee2-5364b1f7bdf6 req-b176850e-62c6-4092-bee2-5364b1f7bdf6 ] Request (AggregatesAdminNegativeTestJSON:_run_cleanups): 200 DELETE http://10.180.1.21/compute/v2.1/os-aggregates/2 0.714s
2024-12-11 18:09:08.101 66087 INFO tempest.lib.common.rest_client [req-ab303b39-aea2-4595-851b-926b17670d1f req-ab303b39-aea2-4595-851b-926b17670d1f ] Request (ServersWithSpecificFlavorTestJSON:test_verify_created_server_ephemeral_disk): 200 GET http://10.180.1.21/compute/v2.1/flavors/42/os-extra_specs 0.709s
2024-12-11 18:09:08.119 66097 INFO tempest.lib.common.rest_client [req-4f742fec-666f-42c1-83c2-b219e73732d5 req-4f742fec-666f-42c1-83c2-b219e73732d5 ] Request (FlavorsExtraSpecsTestJSON:test_flavor_non_admin_get_specific_key): 200 GET http://10.180.1.21/compute/v2.1/flavors/1940513421/os-extra_specs/hw:numa_nodes 0.711s
2024-12-11 18:09:08.134 66059 INFO tempest.lib.common.rest_client [req-99fdb60d-3106-4b4f-aef6-70ea4747c2b8 req-99fdb60d-3106-4b4f-aef6-70ea4747c2b8 ] Request (HypervisorAdminNegativeUnderV252Test:test_show_servers_with_nonexistent_hypervisor): 404 GET http://10.180.1.21/compute/v2.1/os-hypervisors/dad8ac47-d1ff-477e-baf6-21da7262016a/servers 0.718s
2024-12-11 18:09:08.144 66083 INFO tempest.lib.common.rest_client [req-0690f92c-f816-4ee7-926e-ac8fc4941ea8 req-0690f92c-f816-4ee7-926e-ac8fc4941ea8 ] Request (ServicesAdminNegativeV253TestJSON:test_get_service_by_invalid_params): 200 GET http://10.180.1.21/compute/v2.1/os-services?xxx=nova-compute 0.734s
2024-12-11 18:09:08.158 66069 INFO tempest.lib.common.rest_client [req-0b148130-c555-4d6e-bc31-5e0c56301e4a req-0b148130-c555-4d6e-bc31-5e0c56301e4a ] Request (FlavorsV261TestJSON:_run_cleanups): 202 DELETE http://10.180.1.21/compute/v2.1/flavors/564573771 0.717s
2024-12-11 18:09:08.211 66107 INFO tempest.lib.common.rest_client [req-a2867dc7-b4e0-41ad-8d33-9dae9b4de511 req-a2867dc7-b4e0-41ad-8d33-9dae9b4de511 ] Request (ImagesMetadataNegativeTestJSON:tearDownClass): 204 DELETE http://10.180.1.21:9696/networking/v2.0/security-groups/b7e9d1e3-a14f-4a06-8cf2-a9f2c14d0798 0.381s
2024-12-11 18:09:08.257 66089 INFO tempest.lib.common.rest_client [req-5e15e551-0031-4491-a5c5-e35926dee040 req-5e15e551-0031-4491-a5c5-e35926dee040 ] Request (MigrationsAdminTest:test_list_migrations_in_flavor_resize_situation): 200 GET http://10.180.1.21/compute/v2.1/servers/3c9a0a11-8469-40d2-9bee-94309b5d9c34 0.807s
2024-12-11 18:09:08.265 66089 INFO tempest.common.waiters [-] State transition "BUILD/scheduling" ==> "BUILD/None" after 2 second wait
2024-12-11 18:09:08.304 66107 INFO tempest.lib.common.rest_client [req-3fe7b259-1313-473c-be2d-34003b360f66 req-3fe7b259-1313-473c-be2d-34003b360f66 ] Request (ImagesMetadataNegativeTestJSON:tearDownClass): 204 DELETE http://10.180.1.21/identity/v3/projects/bbd1cdaff55e439cb08e9d7af354ebc6 0.092s
2024-12-11 18:09:08.336 66103 INFO tempest.lib.common.rest_client [req-8eb9c02b-6136-411a-974f-c1a687e148c7 req-8eb9c02b-6136-411a-974f-c1a687e148c7 ] Request (HypervisorAdminV253TestBase:tearDownClass): 204 DELETE http://10.180.1.21:9696/networking/v2.0/security-groups/e91629bf-2f1e-498d-9bf2-909f4e1c5187 0.292s
2024-12-11 18:09:08.379 66073 INFO tempest.lib.common.rest_client [req-6a47e624-6054-4f4c-bc4c-28c7271cf46f req-6a47e624-6054-4f4c-bc4c-28c7271cf46f ] Request (ServerExternalEventsTest:test_create_server_external_events): 200 GET http://10.180.1.21/compute/v2.1/servers/349de27e-166a-4df1-826c-736ad6fb699d 0.889s
2024-12-11 18:09:08.388 66073 INFO tempest.common.waiters [-] State transition "BUILD/scheduling" ==> "BUILD/None" after 2 second wait
2024-12-11 18:09:08.416 66059 INFO tempest.lib.common.rest_client [req-b6b01253-82d5-46e9-8ecd-d4d571c896f2 req-b6b01253-82d5-46e9-8ecd-d4d571c896f2 ] Request (HypervisorAdminNegativeUnderV252Test:tearDownClass): 204 DELETE http://10.180.1.21/identity/v3/users/b02ed41c5891412bb7e9910674fa304e 0.280s
2024-12-11 18:09:08.434 66075 INFO tempest.lib.common.rest_client [req-bebd0fdf-b05f-41ba-85f3-50c97a982bb4 req-bebd0fdf-b05f-41ba-85f3-50c97a982bb4 ] Request (FlavorsExtraSpecsNegativeTestJSON:test_flavor_non_admin_update_specific_key): 200 POST http://10.180.1.21/compute/v2.1/flavors/1707854343/os-extra_specs 0.914s
2024-12-11 18:09:08.454 66107 INFO tempest.lib.common.rest_client [req-ba0d0ef8-4f8f-4d9b-83d8-57d0f73193dd req-ba0d0ef8-4f8f-4d9b-83d8-57d0f73193dd ] Request (SecurityGroupRulesNegativeTestJSON:setUpClass): 201 POST http://10.180.1.21/identity/v3/auth/tokens 0.146s
2024-12-11 18:09:08.465 66057 INFO tempest.lib.common.rest_client [req-d84774fc-45b7-402d-90f5-e3d59b8db1c3 req-d84774fc-45b7-402d-90f5-e3d59b8db1c3 ] Request (HostsAdminTestJSON:test_show_host_detail): 200 GET http://10.180.1.21/compute/v2.1/os-hosts 0.934s
2024-12-11 18:09:08.488 66045 INFO tempest.lib.common.rest_client [req-b4453f1d-29df-4c9d-94bc-2d70e1f418b2 req-b4453f1d-29df-4c9d-94bc-2d70e1f418b2 ] Request (FlavorsAccessTestJSON:_run_cleanups): 202 DELETE http://10.180.1.21/compute/v2.1/flavors/545956340 0.924s
2024-12-11 18:09:08.527 66085 INFO tempest.lib.common.rest_client [req-10728366-8d96-443a-9d21-ea3fda83ddcb req-10728366-8d96-443a-9d21-ea3fda83ddcb ] Request (ServerPasswordTestJSON:setUpClass): 200 PUT http://10.180.1.21:9696/networking/v2.0/routers/d63c6feb-82ca-42cd-8e98-cb39e56c193f/add_router_interface 2.031s
2024-12-11 18:09:08.527 66085 INFO tempest.lib.common.dynamic_creds [-] Created isolated network resources for: credentials: Credentials: {'domain_id': 'default', 'domain_name': 'Default', 'username': 'tempest-ServerPasswordTestJSON-1086442334-project-member', 'project_domain_id': 'default', 'project_domain_name': 'Default', 'project_id': '47a053afafb342159dcf19f4e38ee708', 'project_name': 'tempest-ServerPasswordTestJSON-1086442334', 'tenant_id': '47a053afafb342159dcf19f4e38ee708', 'tenant_name': 'tempest-ServerPasswordTestJSON-1086442334', 'user_domain_id': 'default', 'user_domain_name': 'Default', 'user_id': '832176cbc8504628acc54e12df9a39ed', 'system': None}, Network: {'id': 'd1419913-c036-494a-b4aa-f8633d7b9fda', 'name': 'tempest-ServerPasswordTestJSON-1302454488-network', 'tenant_id': '47a053afafb342159dcf19f4e38ee708', 'admin_state_up': True, 'mtu': 8950, 'status': 'ACTIVE', 'subnets': [], 'shared': False, 'project_id': '47a053afafb342159dcf19f4e38ee708', 'port_security_enabled': True, 'router:external': False, 'provider:network_type': 'vlan', 'provider:physical_network': 'default', 'provider:segmentation_id': 823, 'availability_zone_hints': [], 'availability_zones': [], 'ipv4_address_scope': None, 'ipv6_address_scope': None, 'description': '', 'tags': [], 'created_at': '2024-12-11T18:09:04Z', 'updated_at': '2024-12-11T18:09:04Z', 'revision_number': 1}, Subnet: {'id': '52a3d3f7-ed40-4595-82f8-5cdd5b396104', 'name': 'tempest-ServerPasswordTestJSON-1302454488-subnet', 'tenant_id': '47a053afafb342159dcf19f4e38ee708', 'network_id': 'd1419913-c036-494a-b4aa-f8633d7b9fda', 'ip_version': 4, 'subnetpool_id': None, 'enable_dhcp': True, 'ipv6_ra_mode': None, 'ipv6_address_mode': None, 'gateway_ip': '192.168.128.1', 'cidr': '192.168.128.0/28', 'allocation_pools': [{'start': '192.168.128.2', 'end': '192.168.128.14'}], 'host_routes': [], 'dns_nameservers': [], 'description': '', 'router:external': False, 'service_types': [], 'tags': [], 'created_at': '2024-12-11T18:09:04Z', 'updated_at': '2024-12-11T18:09:04Z', 'revision_number': 0, 'project_id': '47a053afafb342159dcf19f4e38ee708'}, Router: {'id': 'd63c6feb-82ca-42cd-8e98-cb39e56c193f', 'name': 'tempest-ServerPasswordTestJSON-1302454488-router', 'tenant_id': '47a053afafb342159dcf19f4e38ee708', 'admin_state_up': True, 'status': 'ACTIVE', 'external_gateway_info': {'network_id': 'f03454a3-8b43-4b75-937e-4806e868d0de', 'external_fixed_ips': [{'subnet_id': 'd2640c58-067b-483e-8961-573e5e4aba4b', 'ip_address': '10.180.180.203'}], 'enable_snat': True}, 'description': '', 'availability_zones': [], 'distributed': False, 'ha': False, 'availability_zone_hints': [], 'routes': [], 'flavor_id': None, 'tags': [], 'created_at': '2024-12-11T18:09:05Z', 'updated_at': '2024-12-11T18:09:05Z', 'revision_number': 2, 'project_id': '47a053afafb342159dcf19f4e38ee708'}
2024-12-11 18:09:08.553 66047 INFO tempest.lib.common.rest_client [req-6a4abd45-a761-4883-81ae-182760fb0c0d req-6a4abd45-a761-4883-81ae-182760fb0c0d ] Request (ServerGroupTestJSON:setUpClass): 201 POST http://10.180.1.21:9696/networking/v2.0/routers 1.725s
2024-12-11 18:09:08.562 66103 INFO tempest.lib.common.rest_client [req-e5652055-3c45-4a81-be96-b70fff72df55 req-e5652055-3c45-4a81-be96-b70fff72df55 ] Request (HypervisorAdminV253TestBase:tearDownClass): 204 DELETE http://10.180.1.21/identity/v3/projects/ee7c36d1e2d746a58d51fe4659f0a42b 0.226s
2024-12-11 18:09:08.567 66059 INFO tempest.lib.common.rest_client [req-552f0b39-0409-4c80-b4a8-fc92caa4c731 req-552f0b39-0409-4c80-b4a8-fc92caa4c731 ] Request (HypervisorAdminNegativeUnderV252Test:tearDownClass): 204 DELETE http://10.180.1.21/identity/v3/users/5f3d149433de476ab4f04beec4cf81b4 0.150s
2024-12-11 18:09:08.567 66053 INFO tempest.lib.common.rest_client [req-13c7fc3c-5bb0-40c0-b0c4-5eed82ccb0b0 req-13c7fc3c-5bb0-40c0-b0c4-5eed82ccb0b0 ] Request (ImagesMetadataTestJSON:setUp): 200 PUT http://10.180.1.21/compute/v2.1/images/61d68485-19db-4963-9edd-7409efa5e939/metadata 1.105s
2024-12-11 18:09:08.567 66059 INFO tempest.lib.common.dynamic_creds [-] Deleting project and security group for project: d615f48405fd424f815c20b1e8f2a2db
2024-12-11 18:09:08.586 66077 INFO tempest.lib.common.rest_client [req-ee81b04a-08fb-43a2-a003-afe5cdcebf40 req-ee81b04a-08fb-43a2-a003-afe5cdcebf40 ] Request (KeyPairsV210TestJSON:_run_cleanups): 204 DELETE http://10.180.1.21/compute/v2.1/os-keypairs/tempest-KeyPairsV210TestJSON-keypair-1164009925 0.944s
2024-12-11 18:09:08.596 66095 INFO tempest.lib.common.rest_client [req-c0c2ed85-28de-4bb5-a232-8ef8c6ee483c req-c0c2ed85-28de-4bb5-a232-8ef8c6ee483c ] Request (HypervisorAdminNegativeTestJSON:test_get_nonexistent_hypervisor_uptime): 404 GET http://10.180.1.21/compute/v2.1/os-hypervisors/5f35a18c-e66c-4ee8-8445-16dccc8b32cf/uptime 0.839s
2024-12-11 18:09:08.612 66055 INFO tempest.lib.common.rest_client [req-aa8fdfe3-1976-4f6e-8de2-9436fca972ae req-aa8fdfe3-1976-4f6e-8de2-9436fca972ae ] Request (ServersAdmin275Test:test_rebuild_update_server_275): 200 GET http://10.180.1.21/compute/v2.1/servers/bd82b418-92da-463b-a1dc-33739fef062b 1.021s
2024-12-11 18:09:08.626 66049 INFO tempest.lib.common.rest_client [req-c53e16a5-1f09-4216-a868-480762819b99 req-c53e16a5-1f09-4216-a868-480762819b99 ] Request (KeyPairsV22TestJSON:_run_cleanups): 204 DELETE http://10.180.1.21/compute/v2.1/os-keypairs/tempest-keypair-1234006844 0.737s
2024-12-11 18:09:08.630 66107 INFO tempest.lib.common.rest_client [req-755d1589-b1e9-465f-8b83-39911a740577 req-755d1589-b1e9-465f-8b83-39911a740577 ] Request (SecurityGroupRulesNegativeTestJSON:setUpClass): 201 POST http://10.180.1.21/identity/v3/auth/tokens 0.121s
2024-12-11 18:09:08.661 66103 INFO tempest.lib.common.rest_client [req-38708a46-041d-43c8-afc9-c00162c87ee3 req-38708a46-041d-43c8-afc9-c00162c87ee3 ] Request (ServersAdminTestJSON:setUpClass): 201 POST http://10.180.1.21/identity/v3/auth/tokens 0.095s
2024-12-11 18:09:08.680 66085 INFO tempest.lib.common.rest_client [req-f23bc645-8cac-4db4-8e0f-71727674cb68 req-f23bc645-8cac-4db4-8e0f-71727674cb68 ] Request (ServerPasswordTestJSON:setUpClass): 201 POST http://10.180.1.21/identity/v3/auth/tokens 0.148s
2024-12-11 18:09:08.691 66059 INFO tempest.lib.common.rest_client [req-7f7ce448-3273-40d6-87db-4f4a22914653 req-7f7ce448-3273-40d6-87db-4f4a22914653 ] Request (HypervisorAdminNegativeUnderV252Test:tearDownClass): 201 POST http://10.180.1.21/identity/v3/auth/tokens 0.123s
2024-12-11 18:09:08.714 66107 INFO tempest.lib.common.rest_client [req-28d00eca-9a67-4c37-a67b-9ca88641b9ed req-28d00eca-9a67-4c37-a67b-9ca88641b9ed ] Request (SecurityGroupRulesNegativeTestJSON:setUpClass): 200 GET http://10.180.1.21/identity/v3/domains?name=Default 0.083s
2024-12-11 18:09:08.738 66103 INFO tempest.lib.common.rest_client [req-36fa6d5e-34e7-4733-a155-573c388bffba req-36fa6d5e-34e7-4733-a155-573c388bffba ] Request (ServersAdminTestJSON:setUpClass): 201 POST http://10.180.1.21/identity/v3/auth/tokens 0.071s
2024-12-11 18:09:08.807 66061 INFO tempest.lib.common.rest_client [req-58eb34b1-40bb-44e6-a5a4-e130dff45658 req-58eb34b1-40bb-44e6-a5a4-e130dff45658 ] Request (QuotasAdminTestJSON:test_get_default_quotas): 200 GET http://10.180.1.21/compute/v2.1/os-quota-sets/9f01af0daa644672823c217488f32ec5/defaults 0.820s
2024-12-11 18:09:08.818 66063 INFO tempest.lib.common.rest_client [req-248e1f20-1ada-4d3d-8ce4-3b6be48ba1e3 req-248e1f20-1ada-4d3d-8ce4-3b6be48ba1e3 ] Request (FlavorsAccessNegativeTestJSON:test_add_flavor_access_duplicate): 200 POST http://10.180.1.21/compute/v2.1/flavors 0.822s
2024-12-11 18:09:08.820 66085 INFO tempest.lib.common.rest_client [req-019811ee-e948-400d-9985-4d85a2b39468 req-019811ee-e948-400d-9985-4d85a2b39468 ] Request (ServerPasswordTestJSON:setUpClass): 201 POST http://10.180.1.21/identity/v3/auth/tokens 0.133s
2024-12-11 18:09:08.821 66085 INFO tempest.lib.common.fixed_network [-] (ServerPasswordTestJSON:setUpClass) Found network {'id': 'd1419913-c036-494a-b4aa-f8633d7b9fda', 'name': 'tempest-ServerPasswordTestJSON-1302454488-network', 'tenant_id': '47a053afafb342159dcf19f4e38ee708', 'admin_state_up': True, 'mtu': 8950, 'status': 'ACTIVE', 'subnets': [], 'shared': False, 'project_id': '47a053afafb342159dcf19f4e38ee708', 'port_security_enabled': True, 'router:external': False, 'provider:network_type': 'vlan', 'provider:physical_network': 'default', 'provider:segmentation_id': 823, 'availability_zone_hints': [], 'availability_zones': [], 'ipv4_address_scope': None, 'ipv6_address_scope': None, 'description': '', 'tags': [], 'created_at': '2024-12-11T18:09:04Z', 'updated_at': '2024-12-11T18:09:04Z', 'revision_number': 1} available for tenant
2024-12-11 18:09:08.838 66091 INFO tempest.lib.common.rest_client [req-b02163b0-3561-43ce-9042-e0310f2c12fc req-b02163b0-3561-43ce-9042-e0310f2c12fc ] Request (FlavorsAdminTestJSON:_run_cleanups): 202 DELETE http://10.180.1.21/compute/v2.1/flavors/1117751004 0.770s
2024-12-11 18:09:08.854 66093 INFO tempest.lib.common.rest_client [req-e43d2290-cffd-4700-a428-1e22c20f2ebf req-e43d2290-cffd-4700-a428-1e22c20f2ebf ] Request (FlavorsV255TestJSON:_run_cleanups): 202 DELETE http://10.180.1.21/compute/v2.1/flavors/1984339872 0.767s
2024-12-11 18:09:08.884 66107 INFO tempest.lib.common.rest_client [req-4347d6c1-8d2e-4797-ab37-a46fee46292d req-4347d6c1-8d2e-4797-ab37-a46fee46292d ] Request (SecurityGroupRulesNegativeTestJSON:setUpClass): 201 POST http://10.180.1.21/identity/v3/projects 0.170s
2024-12-11 18:09:08.894 66066 INFO tempest.lib.common.rest_client [req-4232c058-5b07-4b43-b61c-4034821cca58 req-4232c058-5b07-4b43-b61c-4034821cca58 ] Request (AggregatesAdminNegativeTestJSON:test_aggregate_add_non_exist_host): 200 POST http://10.180.1.21/compute/v2.1/os-aggregates 0.797s
2024-12-11 18:09:08.915 66087 INFO tempest.lib.common.rest_client [req-7d0bc1b8-c136-4ee2-b1f8-0ed1a6aa9899 req-7d0bc1b8-c136-4ee2-b1f8-0ed1a6aa9899 ] Request (ServersWithSpecificFlavorTestJSON:test_verify_created_server_ephemeral_disk): 200 POST http://10.180.1.21/compute/v2.1/flavors/274030795/os-extra_specs 0.810s
2024-12-11 18:09:08.935 66097 INFO tempest.lib.common.rest_client [req-9e56abec-5055-46d0-a09d-f97bbe563928 req-9e56abec-5055-46d0-a09d-f97bbe563928 ] Request (FlavorsExtraSpecsTestJSON:test_flavor_set_get_update_show_unset_keys): 200 POST http://10.180.1.21/compute/v2.1/flavors/1940513421/os-extra_specs 0.812s
2024-12-11 18:09:08.956 66103 INFO tempest.lib.common.rest_client [req-9bf19585-fbb6-4df5-8a52-bc6d726bec30 req-9bf19585-fbb6-4df5-8a52-bc6d726bec30 ] Request (ServersAdminTestJSON:setUpClass): 200 GET http://10.180.1.21/identity/v3/domains?name=Default 0.217s
