2024-12-11 18:11:15.801 66075 INFO tempest.lib.common.rest_client [req-5d57ae5d-d679-4055-8000-e50703474455 req-5d57ae5d-d679-4055-8000-e50703474455 ] Request (ServerShowV254Test:tearDownClass): 200 GET http://10.180.1.21/compute/v2.1/servers/b3053cc0-f7c0-4eb6-8562-52854a1f83ad 0.056s
2024-12-11 18:11:15.828 66055 INFO tempest.lib.common.rest_client [req-77acbcf5-d9a2-4771-a184-0f6c42e886d9 req-77acbcf5-d9a2-4771-a184-0f6c42e886d9 ] Request (ServersAdminNegativeTestJSON:setUpClass): 200 GET http://10.180.1.21/compute/v2.1/servers/30c3f46c-5408-4b3b-b260-6a4b36c930ac 0.051s
2024-12-11 18:11:15.869 66079 INFO tempest.lib.common.rest_client [req-cf7db35a-2dda-4026-b773-a3be8232cd55 req-cf7db35a-2dda-4026-b773-a3be8232cd55 ] Request (ListServerFiltersTestJSON:setUpClass): 200 GET http://10.180.1.21/compute/v2.1/servers/2aa01824-19b0-49b7-af57-d862b8ad148f 0.046s
2024-12-11 18:11:15.971 66103 INFO tempest.lib.common.rest_client [req-2c5ae141-04f9-4db3-b17f-737696ae8a6e req-2c5ae141-04f9-4db3-b17f-737696ae8a6e ] Request (ServersAdminTestJSON:test_inject_network_info): 200 GET http://10.180.1.21/compute/v2.1/servers/505465ad-4451-486a-974b-599a4345526f 0.044s
2024-12-11 18:11:16.027 66051 INFO tempest.lib.common.rest_client [req-0dda9daf-1b4f-4a5e-bda5-100bacb20eab req-0dda9daf-1b4f-4a5e-bda5-100bacb20eab ] Request (ServersTestMultiNic:test_verify_multiple_nics_order): 200 GET http://10.180.1.21/compute/v2.1/servers/c28d58b8-19eb-4cfe-8545-df5c169a926c 0.050s
2024-12-11 18:11:16.072 66073 INFO tempest.lib.common.rest_client [req-ffabec0f-48ce-435d-893f-7741a4dc7d0e req-ffabec0f-48ce-435d-893f-7741a4dc7d0e ] Request (ImagesTestJSON:test_create_image_from_stopped_server): 200 GET http://10.180.1.21/compute/v2.1/servers/fc6b564c-72ef-4f53-ac53-6224b93faa33 0.054s
2024-12-11 18:11:16.116 66083 INFO tempest.lib.common.rest_client [req-8c54e6f8-8dc2-4a30-89e7-2a1d5c1aa663 req-8c54e6f8-8dc2-4a30-89e7-2a1d5c1aa663 ] Request (DeleteServersTestJSON:test_delete_active_server): 200 GET http://10.180.1.21/compute/v2.1/servers/0c814c4b-251e-4c13-9178-645bca5c0049 0.051s
2024-12-11 18:11:16.151 66095 INFO tempest.lib.common.rest_client [req-a2465135-40f8-43d2-a1b3-1c69e1335da1 req-a2465135-40f8-43d2-a1b3-1c69e1335da1 ] Request (ServerRescueTestJSONUnderV235:setUpClass): 200 GET http://10.180.1.21/compute/v2.1/servers/cbcc51b4-ff2a-48b4-946a-d91e93f87afc 0.130s
2024-12-11 18:11:16.162 66091 INFO tempest.lib.common.rest_client [req-88612249-d83a-43c2-a469-906f3269bd48 req-88612249-d83a-43c2-a469-906f3269bd48 ] Request (ServerDiagnosticsV248Test:test_get_server_diagnostics): 200 GET http://10.180.1.21/compute/v2.1/servers/ab6b62e7-7ef6-47e0-b81a-71342a32d20a 0.095s
2024-12-11 18:11:16.170 66091 INFO tempest.common.waiters [-] State transition "BUILD/block_device_mapping" ==> "BUILD/spawning" after 66 second wait
2024-12-11 18:11:16.196 66061 INFO tempest.lib.common.rest_client [req-f6eb689b-4083-4fbc-9d50-bd281a9f449e req-f6eb689b-4083-4fbc-9d50-bd281a9f449e ] Request (ServersNegativeTestJSON:setUpClass): 200 GET http://10.180.1.21/compute/v2.1/servers/dc766bc8-97fe-40c4-a3c5-1e2c2becbbe7 0.068s
2024-12-11 18:11:16.225 66045 INFO tempest.lib.common.rest_client [req-b0d3c46d-6d99-4289-b126-2ccf1a16e800 req-b0d3c46d-6d99-4289-b126-2ccf1a16e800 ] Request (AttachInterfacesTestJSON:test_create_list_show_delete_interfaces_by_fixed_ip): 200 GET http://10.180.1.21/compute/v2.1/servers/f19fdff2-8f44-4f9a-a43f-6f870a8f8777 0.045s
2024-12-11 18:11:16.316 66077 INFO tempest.lib.common.rest_client [req-39eda156-1da6-48c1-8565-2335dee1992b req-39eda156-1da6-48c1-8565-2335dee1992b ] Request (ServersV294TestFqdnHostnames:setUpClass): 200 GET http://10.180.1.21/compute/v2.1/servers/8085ff08-96b5-4642-adc2-13e9b26f15a3 0.053s
2024-12-11 18:11:16.404 66059 INFO tempest.lib.common.rest_client [req-65e9e34e-d9dc-444b-a06c-be3f2ea597b4 req-65e9e34e-d9dc-444b-a06c-be3f2ea597b4 ] Request (ImagesOneServerTestJSON:tearDownClass): 200 GET http://10.180.1.21/compute/v2.1/servers/4eae80de-2c8e-4fc6-a31a-9cf30c10aee2 0.058s
2024-12-11 18:11:16.416 66069 INFO tempest.lib.common.rest_client [req-d3188b19-29ab-4dd0-832c-5b46411d75d4 req-d3188b19-29ab-4dd0-832c-5b46411d75d4 ] Request (ServerRescueNegativeTestJSON:setUpClass): 200 GET http://10.180.1.21/compute/v2.1/servers/57b034f4-86d2-455e-b637-39d7da59a070 0.090s
2024-12-11 18:11:16.423 66069 INFO tempest.common.waiters [-] State transition "ACTIVE/rescuing" ==> "RESCUE/None" after 9 second wait
2024-12-11 18:11:16.460 66099 INFO tempest.lib.common.rest_client [req-3e3bdfab-d32a-4bf5-b60b-038b8303c8bc req-3e3bdfab-d32a-4bf5-b60b-038b8303c8bc ] Request (ListServersNegativeTestJSON:setUpClass): 200 GET http://10.180.1.21/compute/v2.1/servers/914b32d6-7ff6-481c-81fd-91ecb68b14a9 0.052s
2024-12-11 18:11:16.502 66057 INFO tempest.lib.common.rest_client [req-ea88ab3b-fc87-40fb-a676-93d72eec195c req-ea88ab3b-fc87-40fb-a676-93d72eec195c ] Request (SecurityGroupsTestJSON:test_server_security_groups): 200 GET http://10.180.1.21/compute/v2.1/servers/23136ec5-ca96-4ff4-8af7-c8d6b03eab19 0.053s
2024-12-11 18:11:16.511 66069 INFO tempest.lib.common.rest_client [req-405f4a41-5a83-4dc8-a748-801e7f9123cd req-405f4a41-5a83-4dc8-a748-801e7f9123cd ] Request (ServerRescueNegativeTestJSON:setUpClass): 200 GET http://10.180.1.21/compute/v2.1/servers/fc5888d5-6a46-46f4-ba4f-d47d26a8df67 0.088s
2024-12-11 18:11:16.545 66063 INFO tempest.lib.common.rest_client [req-fdca69b0-1180-44c9-b539-8e8f6e921b90 req-fdca69b0-1180-44c9-b539-8e8f6e921b90 ] Request (ServersTestJSON:setUpClass): 200 GET http://10.180.1.21/compute/v2.1/servers/940ea3db-a51f-4a53-a807-a11cef9e8f84 0.091s
2024-12-11 18:11:16.557 66089 INFO tempest.lib.common.rest_client [req-1f114041-8b39-4271-8459-cca5c4ff0f0b req-1f114041-8b39-4271-8459-cca5c4ff0f0b ] Request (MigrationsAdminTest:test_resize_server_revert_deleted_flavor): 200 GET http://10.180.1.21/compute/v2.1/servers/5573ae31-f5a7-476d-917b-a356d2b8d161 0.054s
2024-12-11 18:11:16.566 66069 INFO tempest.lib.common.rest_client [req-80402652-5890-4494-8a22-0d3ecd617c48 req-80402652-5890-4494-8a22-0d3ecd617c48 ] Request (ServerRescueNegativeTestJSON:test_rescue_non_existent_server): 404 POST http://10.180.1.21/compute/v2.1/servers/511749a9-d238-4daf-81a6-e46aee110091/action 0.047s
2024-12-11 18:11:16.594 66047 INFO tempest.lib.common.rest_client [req-6450e04a-8962-44dc-8dff-b9aa6ff04b50 req-6450e04a-8962-44dc-8dff-b9aa6ff04b50 ] Request (ServerTagsTestJSON:setUpClass): 200 GET http://10.180.1.21/compute/v2.1/servers/cac5e094-642a-4837-9083-63703d200be9 0.078s
2024-12-11 18:11:16.612 66067 INFO tempest.lib.common.rest_client [req-131de425-44fe-4069-8aa0-0b64d8c8cdba req-131de425-44fe-4069-8aa0-0b64d8c8cdba ] Request (FloatingIPsAssociationTestJSON:test_associate_already_associated_floating_ip): 200 GET http://10.180.1.21/compute/v2.1/servers/d1144031-311a-4fd2-865f-a81c82458fa8 0.059s
2024-12-11 18:11:16.641 66066 INFO tempest.lib.common.rest_client [req-3f0e8d88-650d-41f9-8889-9d055c2ed6c9 req-3f0e8d88-650d-41f9-8889-9d055c2ed6c9 ] Request (ServerActionsTestOtherA:setUpClass): 200 GET http://10.180.1.21/compute/v2.1/servers/a05a7cc4-4969-4e54-8e4f-1a1972b60dc2 0.070s
2024-12-11 18:11:16.659 66107 INFO tempest.lib.common.rest_client [req-2f80fc8a-9841-47f7-a8c0-1a6adb42c7ee req-2f80fc8a-9841-47f7-a8c0-1a6adb42c7ee ] Request (MultipleCreateTestJSON:test_multiple_create): 200 GET http://10.180.1.21/compute/v2.1/servers/462194db-7674-478a-a9c4-6b86da47bb7f 0.047s
2024-12-11 18:11:16.708 66069 INFO tempest.lib.common.rest_client [req-b0c194bc-8df9-4cbc-bf75-8de1d811255e req-b0c194bc-8df9-4cbc-bf75-8de1d811255e ] Request (ServerRescueNegativeTestJSON:test_rescued_vm_attach_volume): 202 POST http://10.180.1.21/volume/v3/volumes 0.141s
2024-12-11 18:11:16.724 66093 INFO tempest.lib.common.rest_client [req-5daac681-8052-4b79-8ee4-599b6bec60f7 req-5daac681-8052-4b79-8ee4-599b6bec60f7 ] Request (ServerShowV247Test:tearDownClass): 200 GET http://10.180.1.21/compute/v2.1/servers/18a2b0a2-1b15-493f-88b9-a517ad51153d 0.062s
2024-12-11 18:11:16.741 66069 INFO tempest.lib.common.rest_client [req-e2d764fa-5dae-43d7-9d3c-aa6c224dd31d req-e2d764fa-5dae-43d7-9d3c-aa6c224dd31d ] Request (ServerRescueNegativeTestJSON:test_rescued_vm_attach_volume): 200 GET http://10.180.1.21/volume/v3/volumes/911e0351-93a7-4e02-a4f4-ac8c0ba31337 0.027s
2024-12-11 18:11:16.741 66101 INFO tempest.lib.common.rest_client [req-bca7c64e-c82e-4588-a89a-5cb8bfb73d95 req-bca7c64e-c82e-4588-a89a-5cb8bfb73d95 ] Request (ServerShowV257Test:test_rebuild_server): 200 GET http://10.180.1.21/compute/v2.1/servers/de1e0774-f6a7-4b1d-80b4-e196e8505d10 0.058s
2024-12-11 18:11:16.773 66081 INFO tempest.lib.common.rest_client [req-7ad53463-f34c-4011-b11a-cae8c79d7f2f req-7ad53463-f34c-4011-b11a-cae8c79d7f2f ] Request (ImagesOneServerNegativeTestJSON:setUpClass): 200 GET http://10.180.1.21/compute/v2.1/servers/fa6c5ba7-7717-40cf-9f6e-5ba58f985fea 0.056s
2024-12-11 18:11:16.885 66075 INFO tempest.lib.common.rest_client [req-270d2e25-9caf-46e6-905a-277e03d4384d req-270d2e25-9caf-46e6-905a-277e03d4384d ] Request (ServerShowV254Test:tearDownClass): 200 GET http://10.180.1.21/compute/v2.1/servers/b3053cc0-f7c0-4eb6-8562-52854a1f83ad 0.075s
2024-12-11 18:11:16.890 66055 INFO tempest.lib.common.rest_client [req-7bc1fc8f-bc5a-4d92-b2a4-cead05b1410b req-7bc1fc8f-bc5a-4d92-b2a4-cead05b1410b ] Request (ServersAdminNegativeTestJSON:setUpClass): 200 GET http://10.180.1.21/compute/v2.1/servers/30c3f46c-5408-4b3b-b260-6a4b36c930ac 0.056s
2024-12-11 18:11:16.934 66079 INFO tempest.lib.common.rest_client [req-2532d624-2a1d-4327-806f-79393c13482a req-2532d624-2a1d-4327-806f-79393c13482a ] Request (ListServerFiltersTestJSON:setUpClass): 200 GET http://10.180.1.21/compute/v2.1/servers/2aa01824-19b0-49b7-af57-d862b8ad148f 0.059s
2024-12-11 18:11:17.040 66103 INFO tempest.lib.common.rest_client [req-a3ca3474-c2d6-4453-8a6f-2394a06c2061 req-a3ca3474-c2d6-4453-8a6f-2394a06c2061 ] Request (ServersAdminTestJSON:test_inject_network_info): 200 GET http://10.180.1.21/compute/v2.1/servers/505465ad-4451-486a-974b-599a4345526f 0.062s
2024-12-11 18:11:17.090 66051 INFO tempest.lib.common.rest_client [req-3c1608e9-d6e3-495d-a0c8-c24ff7f9aca8 req-3c1608e9-d6e3-495d-a0c8-c24ff7f9aca8 ] Request (ServersTestMultiNic:test_verify_multiple_nics_order): 200 GET http://10.180.1.21/compute/v2.1/servers/c28d58b8-19eb-4cfe-8545-df5c169a926c 0.056s
2024-12-11 18:11:17.134 66073 INFO tempest.lib.common.rest_client [req-d5033377-03f8-4540-8602-1c14d4a08863 req-d5033377-03f8-4540-8602-1c14d4a08863 ] Request (ImagesTestJSON:test_create_image_from_stopped_server): 200 GET http://10.180.1.21/compute/v2.1/servers/fc6b564c-72ef-4f53-ac53-6224b93faa33 0.054s
2024-12-11 18:11:17.175 66083 INFO tempest.lib.common.rest_client [req-2b735b50-9422-467a-8196-acb1ffac2311 req-2b735b50-9422-467a-8196-acb1ffac2311 ] Request (DeleteServersTestJSON:test_delete_active_server): 200 GET http://10.180.1.21/compute/v2.1/servers/0c814c4b-251e-4c13-9178-645bca5c0049 0.052s
2024-12-11 18:11:17.225 66091 INFO tempest.lib.common.rest_client [req-55126686-af5e-4ada-90d8-767248e702ff req-55126686-af5e-4ada-90d8-767248e702ff ] Request (ServerDiagnosticsV248Test:test_get_server_diagnostics): 200 GET http://10.180.1.21/compute/v2.1/servers/ab6b62e7-7ef6-47e0-b81a-71342a32d20a 0.054s
2024-12-11 18:11:17.265 66095 INFO tempest.lib.common.rest_client [req-1c2d5aad-2d28-476e-94a5-fc4ffa10a5dd req-1c2d5aad-2d28-476e-94a5-fc4ffa10a5dd ] Request (ServerRescueTestJSONUnderV235:setUpClass): 200 GET http://10.180.1.21/compute/v2.1/servers/cbcc51b4-ff2a-48b4-946a-d91e93f87afc 0.107s
2024-12-11 18:11:17.265 66061 INFO tempest.lib.common.rest_client [req-a1ec1881-dc20-491f-8c7d-46d5fb7401e8 req-a1ec1881-dc20-491f-8c7d-46d5fb7401e8 ] Request (ServersNegativeTestJSON:setUpClass): 200 GET http://10.180.1.21/compute/v2.1/servers/dc766bc8-97fe-40c4-a3c5-1e2c2becbbe7 0.060s
2024-12-11 18:11:17.305 66045 INFO tempest.lib.common.rest_client [req-466ea630-d115-4b26-a814-d4ac5096315b req-466ea630-d115-4b26-a814-d4ac5096315b ] Request (AttachInterfacesTestJSON:test_create_list_show_delete_interfaces_by_fixed_ip): 200 GET http://10.180.1.21/compute/v2.1/servers/f19fdff2-8f44-4f9a-a43f-6f870a8f8777 0.073s
2024-12-11 18:11:17.374 66077 INFO tempest.lib.common.rest_client [req-e71fb7a9-1a4d-464b-89d7-eedbf9f20a4b req-e71fb7a9-1a4d-464b-89d7-eedbf9f20a4b ] Request (ServersV294TestFqdnHostnames:setUpClass): 200 GET http://10.180.1.21/compute/v2.1/servers/8085ff08-96b5-4642-adc2-13e9b26f15a3 0.050s
2024-12-11 18:11:17.468 66059 INFO tempest.lib.common.rest_client [req-e61c1649-40a3-4b61-945b-62ee58202bf8 req-e61c1649-40a3-4b61-945b-62ee58202bf8 ] Request (ImagesOneServerTestJSON:tearDownClass): 200 GET http://10.180.1.21/compute/v2.1/servers/4eae80de-2c8e-4fc6-a31a-9cf30c10aee2 0.056s
2024-12-11 18:11:17.520 66099 INFO tempest.lib.common.rest_client [req-1f7c7644-41de-49e8-95ae-6bfc990b610d req-1f7c7644-41de-49e8-95ae-6bfc990b610d ] Request (ListServersNegativeTestJSON:setUpClass): 200 GET http://10.180.1.21/compute/v2.1/servers/914b32d6-7ff6-481c-81fd-91ecb68b14a9 0.053s
2024-12-11 18:11:17.557 66057 INFO tempest.lib.common.rest_client [req-7e91fc83-d2c5-4848-87ea-5a868d5dfeab req-7e91fc83-d2c5-4848-87ea-5a868d5dfeab ] Request (SecurityGroupsTestJSON:test_server_security_groups): 200 GET http://10.180.1.21/compute/v2.1/servers/23136ec5-ca96-4ff4-8af7-c8d6b03eab19 0.048s
2024-12-11 18:11:17.600 66063 INFO tempest.lib.common.rest_client [req-f4387e46-858b-416d-8ce0-4c9329b64551 req-f4387e46-858b-416d-8ce0-4c9329b64551 ] Request (ServersTestJSON:setUpClass): 200 GET http://10.180.1.21/compute/v2.1/servers/940ea3db-a51f-4a53-a807-a11cef9e8f84 0.048s
2024-12-11 18:11:17.611 66089 INFO tempest.lib.common.rest_client [req-9b874c30-f0b0-4202-9a54-29707acc2652 req-9b874c30-f0b0-4202-9a54-29707acc2652 ] Request (MigrationsAdminTest:test_resize_server_revert_deleted_flavor): 200 GET http://10.180.1.21/compute/v2.1/servers/5573ae31-f5a7-476d-917b-a356d2b8d161 0.047s
2024-12-11 18:11:17.654 66047 INFO tempest.lib.common.rest_client [req-28b5b346-bc6a-4ea9-a414-76c4c2865d92 req-28b5b346-bc6a-4ea9-a414-76c4c2865d92 ] Request (ServerTagsTestJSON:setUpClass): 200 GET http://10.180.1.21/compute/v2.1/servers/cac5e094-642a-4837-9083-63703d200be9 0.051s
2024-12-11 18:11:17.669 66067 INFO tempest.lib.common.rest_client [req-6862fbe4-c211-43aa-9719-2f7bb9eb1550 req-6862fbe4-c211-43aa-9719-2f7bb9eb1550 ] Request (FloatingIPsAssociationTestJSON:test_associate_already_associated_floating_ip): 200 GET http://10.180.1.21/compute/v2.1/servers/d1144031-311a-4fd2-865f-a81c82458fa8 0.050s
2024-12-11 18:11:17.699 66066 INFO tempest.lib.common.rest_client [req-19c2f49b-71af-4b23-aacc-fcf04d4792ae req-19c2f49b-71af-4b23-aacc-fcf04d4792ae ] Request (ServerActionsTestOtherA:setUpClass): 200 GET http://10.180.1.21/compute/v2.1/servers/a05a7cc4-4969-4e54-8e4f-1a1972b60dc2 0.051s
2024-12-11 18:11:17.714 66107 INFO tempest.lib.common.rest_client [req-1e88346c-ef9b-4dbc-b424-4c676331d984 req-1e88346c-ef9b-4dbc-b424-4c676331d984 ] Request (MultipleCreateTestJSON:test_multiple_create): 200 GET http://10.180.1.21/compute/v2.1/servers/462194db-7674-478a-a9c4-6b86da47bb7f 0.049s
2024-12-11 18:11:17.776 66069 INFO tempest.lib.common.rest_client [req-952240a1-5a60-4fcb-88f7-f2540201c341 req-952240a1-5a60-4fcb-88f7-f2540201c341 ] Request (ServerRescueNegativeTestJSON:test_rescued_vm_attach_volume): 200 GET http://10.180.1.21/volume/v3/volumes/911e0351-93a7-4e02-a4f4-ac8c0ba31337 0.028s
2024-12-11 18:11:17.783 66069 INFO tempest.common.waiters [-] volume 911e0351-93a7-4e02-a4f4-ac8c0ba31337 reached available after waiting for 1.783145 seconds
2024-12-11 18:11:17.792 66093 INFO tempest.lib.common.rest_client [req-b0989eaf-b5dc-44af-88a8-3684800fdc44 req-b0989eaf-b5dc-44af-88a8-3684800fdc44 ] Request (ServerShowV247Test:tearDownClass): 200 GET http://10.180.1.21/compute/v2.1/servers/18a2b0a2-1b15-493f-88b9-a517ad51153d 0.057s
2024-12-11 18:11:17.804 66101 INFO tempest.lib.common.rest_client [req-20256f3c-a35d-4633-b836-3afd63b9cc7c req-20256f3c-a35d-4633-b836-3afd63b9cc7c ] Request (ServerShowV257Test:test_rebuild_server): 200 GET http://10.180.1.21/compute/v2.1/servers/de1e0774-f6a7-4b1d-80b4-e196e8505d10 0.053s
2024-12-11 18:11:17.841 66087 WARNING tempest.lib.common.ssh [-] Failed to establish authenticated ssh connection to cirros@10.180.180.219 ([Errno None] Unable to connect to port 22 on 10.180.180.219). Number attempts: 10. Retry after 11 seconds.: paramiko.ssh_exception.NoValidConnectionsError: [Errno None] Unable to connect to port 22 on 10.180.180.219
2024-12-11 18:11:17.841 66081 INFO tempest.lib.common.rest_client [req-02b4ad0b-e18a-490d-9966-393d0031f100 req-02b4ad0b-e18a-490d-9966-393d0031f100 ] Request (ImagesOneServerNegativeTestJSON:setUpClass): 200 GET http://10.180.1.21/compute/v2.1/servers/fa6c5ba7-7717-40cf-9f6e-5ba58f985fea 0.061s
2024-12-11 18:11:17.868 66069 INFO tempest.lib.common.rest_client [req-65439fea-ab07-4037-879b-9979a1f77c54 req-65439fea-ab07-4037-879b-9979a1f77c54 ] Request (ServerRescueNegativeTestJSON:test_rescued_vm_attach_volume): 200 POST http://10.180.1.21/compute/v2.1/servers/fc5888d5-6a46-46f4-ba4f-d47d26a8df67/action 0.085s
2024-12-11 18:11:17.953 66075 INFO tempest.lib.common.rest_client [req-7f90f626-74ee-4cd1-8a5c-63ceb27f5ceb req-7f90f626-74ee-4cd1-8a5c-63ceb27f5ceb ] Request (ServerShowV254Test:tearDownClass): 200 GET http://10.180.1.21/compute/v2.1/servers/b3053cc0-f7c0-4eb6-8562-52854a1f83ad 0.059s
2024-12-11 18:11:17.965 66069 INFO tempest.lib.common.rest_client [req-fe1425cd-d8a9-41fe-b4b2-41b7aa78d04c req-fe1425cd-d8a9-41fe-b4b2-41b7aa78d04c ] Request (ServerRescueNegativeTestJSON:test_rescued_vm_attach_volume): 200 GET http://10.180.1.21/compute/v2.1/servers/fc5888d5-6a46-46f4-ba4f-d47d26a8df67 0.096s
2024-12-11 18:11:17.998 66055 INFO tempest.lib.common.rest_client [req-e396baf5-397b-4a9b-9ccc-340b713f5b93 req-e396baf5-397b-4a9b-9ccc-340b713f5b93 ] Request (ServersAdminNegativeTestJSON:setUpClass): 200 GET http://10.180.1.21/compute/v2.1/servers/30c3f46c-5408-4b3b-b260-6a4b36c930ac 0.102s
2024-12-11 18:11:18.011 66079 INFO tempest.lib.common.rest_client [req-9f9fec63-01f7-4728-8158-9071b3c57e3d req-9f9fec63-01f7-4728-8158-9071b3c57e3d ] Request (ListServerFiltersTestJSON:setUpClass): 200 GET http://10.180.1.21/compute/v2.1/servers/2aa01824-19b0-49b7-af57-d862b8ad148f 0.069s
2024-12-11 18:11:18.095 66103 INFO tempest.lib.common.rest_client [req-a8ce8d96-4bb8-4a10-9fd3-bdc30566d1e5 req-a8ce8d96-4bb8-4a10-9fd3-bdc30566d1e5 ] Request (ServersAdminTestJSON:test_inject_network_info): 200 GET http://10.180.1.21/compute/v2.1/servers/505465ad-4451-486a-974b-599a4345526f 0.046s
2024-12-11 18:11:18.146 66051 INFO tempest.lib.common.rest_client [req-4adcd79d-977d-4844-a204-c0649401a85a req-4adcd79d-977d-4844-a204-c0649401a85a ] Request (ServersTestMultiNic:test_verify_multiple_nics_order): 200 GET http://10.180.1.21/compute/v2.1/servers/c28d58b8-19eb-4cfe-8545-df5c169a926c 0.048s
2024-12-11 18:11:18.188 66073 INFO tempest.lib.common.rest_client [req-2ec1cdd8-2396-4fad-bfc4-ce5c7ed486d4 req-2ec1cdd8-2396-4fad-bfc4-ce5c7ed486d4 ] Request (ImagesTestJSON:test_create_image_from_stopped_server): 200 GET http://10.180.1.21/compute/v2.1/servers/fc6b564c-72ef-4f53-ac53-6224b93faa33 0.048s
2024-12-11 18:11:18.230 66083 INFO tempest.lib.common.rest_client [req-380ec78c-24ae-4bdf-8cf7-adbfd2e75163 req-380ec78c-24ae-4bdf-8cf7-adbfd2e75163 ] Request (DeleteServersTestJSON:test_delete_active_server): 200 GET http://10.180.1.21/compute/v2.1/servers/0c814c4b-251e-4c13-9178-645bca5c0049 0.048s
2024-12-11 18:11:18.289 66049 WARNING tempest.lib.common.ssh [-] Failed to establish authenticated ssh connection to cirros@10.180.180.178 ([Errno None] Unable to connect to port 22 on 10.180.180.178). Number attempts: 5. Retry after 6 seconds.: paramiko.ssh_exception.NoValidConnectionsError: [Errno None] Unable to connect to port 22 on 10.180.180.178
2024-12-11 18:11:18.299 66091 INFO tempest.lib.common.rest_client [req-a131c543-034d-45a2-a791-23cf6d68966c req-a131c543-034d-45a2-a791-23cf6d68966c ] Request (ServerDiagnosticsV248Test:test_get_server_diagnostics): 200 GET http://10.180.1.21/compute/v2.1/servers/ab6b62e7-7ef6-47e0-b81a-71342a32d20a 0.066s
2024-12-11 18:11:18.359 66061 INFO tempest.lib.common.rest_client [req-b7d30ee0-563e-43e0-b0ae-50d1adf12647 req-b7d30ee0-563e-43e0-b0ae-50d1adf12647 ] Request (ServersNegativeTestJSON:setUpClass): 200 GET http://10.180.1.21/compute/v2.1/servers/dc766bc8-97fe-40c4-a3c5-1e2c2becbbe7 0.087s
2024-12-11 18:11:18.395 66095 INFO tempest.lib.common.rest_client [req-48bd6f64-170c-46a8-b666-c4b5f06d143f req-48bd6f64-170c-46a8-b666-c4b5f06d143f ] Request (ServerRescueTestJSONUnderV235:setUpClass): 200 GET http://10.180.1.21/compute/v2.1/servers/cbcc51b4-ff2a-48b4-946a-d91e93f87afc 0.124s
2024-12-11 18:11:18.405 66095 INFO tempest.common.waiters [-] State transition "BUILD/spawning" ==> "ACTIVE/None" after 73 second wait
2024-12-11 18:11:18.416 66045 INFO tempest.lib.common.rest_client [req-5dc3c6b9-addd-45a9-8547-d1a0aeac66ac req-5dc3c6b9-addd-45a9-8547-d1a0aeac66ac ] Request (AttachInterfacesTestJSON:test_create_list_show_delete_interfaces_by_fixed_ip): 200 GET http://10.180.1.21/compute/v2.1/servers/f19fdff2-8f44-4f9a-a43f-6f870a8f8777 0.104s
2024-12-11 18:11:18.445 66077 INFO tempest.lib.common.rest_client [req-bc5c089e-f759-47b2-a09a-65cbe6b9c9c9 req-bc5c089e-f759-47b2-a09a-65cbe6b9c9c9 ] Request (ServersV294TestFqdnHostnames:setUpClass): 200 GET http://10.180.1.21/compute/v2.1/servers/8085ff08-96b5-4642-adc2-13e9b26f15a3 0.062s
2024-12-11 18:11:18.489 66095 INFO tempest.lib.common.rest_client [req-5c32d228-e286-4914-90d3-c58e3ee2678e req-5c32d228-e286-4914-90d3-c58e3ee2678e ] Request (ServerRescueTestJSONUnderV235:setUpClass): 200 POST http://10.180.1.21/compute/v2.1/servers/cbcc51b4-ff2a-48b4-946a-d91e93f87afc/action 0.084s
2024-12-11 18:11:18.536 66059 INFO tempest.lib.common.rest_client [req-c15d4404-4143-4244-9cce-aa7ef08d9b94 req-c15d4404-4143-4244-9cce-aa7ef08d9b94 ] Request (ImagesOneServerTestJSON:tearDownClass): 200 GET http://10.180.1.21/compute/v2.1/servers/4eae80de-2c8e-4fc6-a31a-9cf30c10aee2 0.061s
2024-12-11 18:11:18.545 66071 WARNING tempest.lib.common.ssh [-] Failed to establish authenticated ssh connection to cirros@10.180.180.136 ([Errno None] Unable to connect to port 22 on 10.180.180.136). Number attempts: 10. Retry after 11 seconds.: paramiko.ssh_exception.NoValidConnectionsError: [Errno None] Unable to connect to port 22 on 10.180.180.136
2024-12-11 18:11:18.600 66099 INFO tempest.lib.common.rest_client [req-24660d81-9838-48f7-8eec-e02b9fface2e req-24660d81-9838-48f7-8eec-e02b9fface2e ] Request (ListServersNegativeTestJSON:setUpClass): 200 GET http://10.180.1.21/compute/v2.1/servers/914b32d6-7ff6-481c-81fd-91ecb68b14a9 0.070s
2024-12-11 18:11:18.603 66095 INFO tempest.lib.common.rest_client [req-5ca5b027-4f95-418b-96a7-e5dfa376774d req-5ca5b027-4f95-418b-96a7-e5dfa376774d ] Request (ServerRescueTestJSONUnderV235:setUpClass): 200 GET http://10.180.1.21/compute/v2.1/servers/cbcc51b4-ff2a-48b4-946a-d91e93f87afc 0.112s
2024-12-11 18:11:18.655 66057 INFO tempest.lib.common.rest_client [req-68a3eefc-575c-4a12-b5ea-d33abc12a52a req-68a3eefc-575c-4a12-b5ea-d33abc12a52a ] Request (SecurityGroupsTestJSON:test_server_security_groups): 200 GET http://10.180.1.21/compute/v2.1/servers/23136ec5-ca96-4ff4-8af7-c8d6b03eab19 0.090s
2024-12-11 18:11:18.670 66063 INFO tempest.lib.common.rest_client [req-d8ac4786-b3f0-42f6-9489-d8932b6388d4 req-d8ac4786-b3f0-42f6-9489-d8932b6388d4 ] Request (ServersTestJSON:setUpClass): 200 GET http://10.180.1.21/compute/v2.1/servers/940ea3db-a51f-4a53-a807-a11cef9e8f84 0.064s
2024-12-11 18:11:18.707 66089 INFO tempest.lib.common.rest_client [req-de53333f-3fe2-4c6c-ad1b-aade9d7a8924 req-de53333f-3fe2-4c6c-ad1b-aade9d7a8924 ] Request (MigrationsAdminTest:test_resize_server_revert_deleted_flavor): 200 GET http://10.180.1.21/compute/v2.1/servers/5573ae31-f5a7-476d-917b-a356d2b8d161 0.086s
2024-12-11 18:11:18.723 66047 INFO tempest.lib.common.rest_client [req-96bae0cd-b8aa-4193-9f26-e2246e146010 req-96bae0cd-b8aa-4193-9f26-e2246e146010 ] Request (ServerTagsTestJSON:setUpClass): 200 GET http://10.180.1.21/compute/v2.1/servers/cac5e094-642a-4837-9083-63703d200be9 0.060s
2024-12-11 18:11:18.755 66067 INFO tempest.lib.common.rest_client [req-3d2b62fa-d0bc-494c-b7f0-aea7382153b7 req-3d2b62fa-d0bc-494c-b7f0-aea7382153b7 ] Request (FloatingIPsAssociationTestJSON:test_associate_already_associated_floating_ip): 200 GET http://10.180.1.21/compute/v2.1/servers/d1144031-311a-4fd2-865f-a81c82458fa8 0.078s
2024-12-11 18:11:18.769 66066 INFO tempest.lib.common.rest_client [req-b4f8973d-10a9-40f0-895f-26af29dfdeec req-b4f8973d-10a9-40f0-895f-26af29dfdeec ] Request (ServerActionsTestOtherA:setUpClass): 200 GET http://10.180.1.21/compute/v2.1/servers/a05a7cc4-4969-4e54-8e4f-1a1972b60dc2 0.063s
2024-12-11 18:11:18.799 66107 INFO tempest.lib.common.rest_client [req-692481fa-f755-47db-a81e-9cf0a64f60fd req-692481fa-f755-47db-a81e-9cf0a64f60fd ] Request (MultipleCreateTestJSON:test_multiple_create): 200 GET http://10.180.1.21/compute/v2.1/servers/462194db-7674-478a-a9c4-6b86da47bb7f 0.077s
2024-12-11 18:11:18.860 66093 INFO tempest.lib.common.rest_client [req-5b258b71-6510-4411-b182-32dd486cd5aa req-5b258b71-6510-4411-b182-32dd486cd5aa ] Request (ServerShowV247Test:tearDownClass): 200 GET http://10.180.1.21/compute/v2.1/servers/18a2b0a2-1b15-493f-88b9-a517ad51153d 0.059s
2024-12-11 18:11:18.867 66101 INFO tempest.lib.common.rest_client [req-4af5fa45-60f5-48cc-925b-10995ee98fb2 req-4af5fa45-60f5-48cc-925b-10995ee98fb2 ] Request (ServerShowV257Test:test_rebuild_server): 200 GET http://10.180.1.21/compute/v2.1/servers/de1e0774-f6a7-4b1d-80b4-e196e8505d10 0.050s
2024-12-11 18:11:18.907 66081 INFO tempest.lib.common.rest_client [req-9e0abed4-01b1-4ca1-b3e5-ef84cbca8a47 req-9e0abed4-01b1-4ca1-b3e5-ef84cbca8a47 ] Request (ImagesOneServerNegativeTestJSON:setUpClass): 200 GET http://10.180.1.21/compute/v2.1/servers/fa6c5ba7-7717-40cf-9f6e-5ba58f985fea 0.059s
2024-12-11 18:11:19.039 66075 INFO tempest.lib.common.rest_client [req-e7f1961f-da96-45cb-9162-bccf9fbdda1a req-e7f1961f-da96-45cb-9162-bccf9fbdda1a ] Request (ServerShowV254Test:tearDownClass): 200 GET http://10.180.1.21/compute/v2.1/servers/b3053cc0-f7c0-4eb6-8562-52854a1f83ad 0.078s
2024-12-11 18:11:19.086 66055 INFO tempest.lib.common.rest_client [req-680e047f-25a6-4e9e-8c7a-dfc036df5a7e req-680e047f-25a6-4e9e-8c7a-dfc036df5a7e ] Request (ServersAdminNegativeTestJSON:setUpClass): 200 GET http://10.180.1.21/compute/v2.1/servers/30c3f46c-5408-4b3b-b260-6a4b36c930ac 0.081s
2024-12-11 18:11:19.086 66069 INFO tempest.lib.common.rest_client [req-fd140347-5f5a-4bbb-aefc-fb93385ed47f req-fd140347-5f5a-4bbb-aefc-fb93385ed47f ] Request (ServerRescueNegativeTestJSON:test_rescued_vm_attach_volume): 200 GET http://10.180.1.21/compute/v2.1/servers/fc5888d5-6a46-46f4-ba4f-d47d26a8df67 0.113s
2024-12-11 18:11:19.134 66079 INFO tempest.lib.common.rest_client [req-979bc74d-d95e-4155-a498-25e72d0231bb req-979bc74d-d95e-4155-a498-25e72d0231bb ] Request (ListServerFiltersTestJSON:setUpClass): 200 GET http://10.180.1.21/compute/v2.1/servers/2aa01824-19b0-49b7-af57-d862b8ad148f 0.116s
2024-12-11 18:11:19.152 66103 INFO tempest.lib.common.rest_client [req-8983eef9-b8e4-4743-9906-b26af0c0baf1 req-8983eef9-b8e4-4743-9906-b26af0c0baf1 ] Request (ServersAdminTestJSON:test_inject_network_info): 200 GET http://10.180.1.21/compute/v2.1/servers/505465ad-4451-486a-974b-599a4345526f 0.048s
2024-12-11 18:11:19.205 66051 INFO tempest.lib.common.rest_client [req-cbbd9348-2d49-470d-83ba-941ac4754bf7 req-cbbd9348-2d49-470d-83ba-941ac4754bf7 ] Request (ServersTestMultiNic:test_verify_multiple_nics_order): 200 GET http://10.180.1.21/compute/v2.1/servers/c28d58b8-19eb-4cfe-8545-df5c169a926c 0.053s
2024-12-11 18:11:19.245 66073 INFO tempest.lib.common.rest_client [req-634a9027-01bd-4df1-a0b0-1ba1a8ad0f2b req-634a9027-01bd-4df1-a0b0-1ba1a8ad0f2b ] Request (ImagesTestJSON:test_create_image_from_stopped_server): 200 GET http://10.180.1.21/compute/v2.1/servers/fc6b564c-72ef-4f53-ac53-6224b93faa33 0.050s
2024-12-11 18:11:19.285 66083 INFO tempest.lib.common.rest_client [req-70c10f7a-12f1-4361-bfe9-3641ce32c606 req-70c10f7a-12f1-4361-bfe9-3641ce32c606 ] Request (DeleteServersTestJSON:test_delete_active_server): 200 GET http://10.180.1.21/compute/v2.1/servers/0c814c4b-251e-4c13-9178-645bca5c0049 0.048s
2024-12-11 18:11:19.356 66091 INFO tempest.lib.common.rest_client [req-fb2e84ee-b3b0-426e-bc57-53c0650f3411 req-fb2e84ee-b3b0-426e-bc57-53c0650f3411 ] Request (ServerDiagnosticsV248Test:test_get_server_diagnostics): 200 GET http://10.180.1.21/compute/v2.1/servers/ab6b62e7-7ef6-47e0-b81a-71342a32d20a 0.048s
2024-12-11 18:11:19.414 66061 INFO tempest.lib.common.rest_client [req-bd528e36-1d8a-497e-bf8e-9d6a4f16c7b6 req-bd528e36-1d8a-497e-bf8e-9d6a4f16c7b6 ] Request (ServersNegativeTestJSON:setUpClass): 200 GET http://10.180.1.21/compute/v2.1/servers/dc766bc8-97fe-40c4-a3c5-1e2c2becbbe7 0.048s
2024-12-11 18:11:19.468 66045 INFO tempest.lib.common.rest_client [req-98fd9001-f9d0-4a71-a5d0-1c1b4e7a746b req-98fd9001-f9d0-4a71-a5d0-1c1b4e7a746b ] Request (AttachInterfacesTestJSON:test_create_list_show_delete_interfaces_by_fixed_ip): 200 GET http://10.180.1.21/compute/v2.1/servers/f19fdff2-8f44-4f9a-a43f-6f870a8f8777 0.045s
2024-12-11 18:11:19.510 66077 INFO tempest.lib.common.rest_client [req-42391c5e-a2b8-4daf-ab18-bb89fbe0d7ee req-42391c5e-a2b8-4daf-ab18-bb89fbe0d7ee ] Request (ServersV294TestFqdnHostnames:setUpClass): 200 GET http://10.180.1.21/compute/v2.1/servers/8085ff08-96b5-4642-adc2-13e9b26f15a3 0.050s
2024-12-11 18:11:19.614 66059 INFO tempest.lib.common.rest_client [req-42135740-d8b1-4912-8f45-0f6661e666fb req-42135740-d8b1-4912-8f45-0f6661e666fb ] Request (ImagesOneServerTestJSON:tearDownClass): 200 GET http://10.180.1.21/compute/v2.1/servers/4eae80de-2c8e-4fc6-a31a-9cf30c10aee2 0.070s
2024-12-11 18:11:19.663 66099 INFO tempest.lib.common.rest_client [req-868a3b76-271a-467f-bab2-2cddbc1ad31a req-868a3b76-271a-467f-bab2-2cddbc1ad31a ] Request (ListServersNegativeTestJSON:setUpClass): 200 GET http://10.180.1.21/compute/v2.1/servers/914b32d6-7ff6-481c-81fd-91ecb68b14a9 0.056s
2024-12-11 18:11:19.711 66057 INFO tempest.lib.common.rest_client [req-4dd21a4b-4b6d-4c75-8fb9-08633d426b94 req-4dd21a4b-4b6d-4c75-8fb9-08633d426b94 ] Request (SecurityGroupsTestJSON:test_server_security_groups): 200 GET http://10.180.1.21/compute/v2.1/servers/23136ec5-ca96-4ff4-8af7-c8d6b03eab19 0.046s
2024-12-11 18:11:19.737 66095 INFO tempest.lib.common.rest_client [req-9551896e-7138-4ea4-adb0-c22bddb47993 req-9551896e-7138-4ea4-adb0-c22bddb47993 ] Request (ServerRescueTestJSONUnderV235:setUpClass): 200 GET http://10.180.1.21/compute/v2.1/servers/cbcc51b4-ff2a-48b4-946a-d91e93f87afc 0.127s
2024-12-11 18:11:19.758 66063 INFO tempest.lib.common.rest_client [req-c661c3b1-6769-407d-861e-8d70eb8fa697 req-c661c3b1-6769-407d-861e-8d70eb8fa697 ] Request (ServersTestJSON:setUpClass): 200 GET http://10.180.1.21/compute/v2.1/servers/940ea3db-a51f-4a53-a807-a11cef9e8f84 0.082s
2024-12-11 18:11:19.784 66089 INFO tempest.lib.common.rest_client [req-056190c7-9983-45f2-a7e8-cd3861a44549 req-056190c7-9983-45f2-a7e8-cd3861a44549 ] Request (MigrationsAdminTest:test_resize_server_revert_deleted_flavor): 200 GET http://10.180.1.21/compute/v2.1/servers/5573ae31-f5a7-476d-917b-a356d2b8d161 0.069s
2024-12-11 18:11:19.804 66047 INFO tempest.lib.common.rest_client [req-73304d06-c4fa-4106-8a3d-f5b471e5cb31 req-73304d06-c4fa-4106-8a3d-f5b471e5cb31 ] Request (ServerTagsTestJSON:setUpClass): 200 GET http://10.180.1.21/compute/v2.1/servers/cac5e094-642a-4837-9083-63703d200be9 0.072s
2024-12-11 18:11:19.831 66067 INFO tempest.lib.common.rest_client [req-bdfae1f4-585f-4ad1-ae46-fbd34c14b700 req-bdfae1f4-585f-4ad1-ae46-fbd34c14b700 ] Request (FloatingIPsAssociationTestJSON:test_associate_already_associated_floating_ip): 200 GET http://10.180.1.21/compute/v2.1/servers/d1144031-311a-4fd2-865f-a81c82458fa8 0.069s
2024-12-11 18:11:19.850 66066 INFO tempest.lib.common.rest_client [req-75689f87-d095-40f7-a3d4-7fd520a0aa88 req-75689f87-d095-40f7-a3d4-7fd520a0aa88 ] Request (ServerActionsTestOtherA:setUpClass): 200 GET http://10.180.1.21/compute/v2.1/servers/a05a7cc4-4969-4e54-8e4f-1a1972b60dc2 0.075s
2024-12-11 18:11:19.873 66107 INFO tempest.lib.common.rest_client [req-e10a3e05-f933-4804-bdb4-4e51ac5fbaaf req-e10a3e05-f933-4804-bdb4-4e51ac5fbaaf ] Request (MultipleCreateTestJSON:test_multiple_create): 200 GET http://10.180.1.21/compute/v2.1/servers/462194db-7674-478a-a9c4-6b86da47bb7f 0.067s
2024-12-11 18:11:19.926 66101 INFO tempest.lib.common.rest_client [req-776be24a-9771-4578-989e-b6431cd410fb req-776be24a-9771-4578-989e-b6431cd410fb ] Request (ServerShowV257Test:test_rebuild_server): 200 GET http://10.180.1.21/compute/v2.1/servers/de1e0774-f6a7-4b1d-80b4-e196e8505d10 0.049s
2024-12-11 18:11:19.929 66093 INFO tempest.lib.common.rest_client [req-dfaed3f2-d31e-48cd-aeba-3e5fffaba371 req-dfaed3f2-d31e-48cd-aeba-3e5fffaba371 ] Request (ServerShowV247Test:tearDownClass): 200 GET http://10.180.1.21/compute/v2.1/servers/18a2b0a2-1b15-493f-88b9-a517ad51153d 0.060s
2024-12-11 18:11:19.973 66081 INFO tempest.lib.common.rest_client [req-b9f6e10e-1181-4703-b9ff-061ff84607a2 req-b9f6e10e-1181-4703-b9ff-061ff84607a2 ] Request (ImagesOneServerNegativeTestJSON:setUpClass): 200 GET http://10.180.1.21/compute/v2.1/servers/fa6c5ba7-7717-40cf-9f6e-5ba58f985fea 0.059s
2024-12-11 18:11:20.104 66075 INFO tempest.lib.common.rest_client [req-b0533b32-8fa3-48b1-a028-e3ed02431720 req-b0533b32-8fa3-48b1-a028-e3ed02431720 ] Request (ServerShowV254Test:tearDownClass): 200 GET http://10.180.1.21/compute/v2.1/servers/b3053cc0-f7c0-4eb6-8562-52854a1f83ad 0.056s
2024-12-11 18:11:20.140 66055 INFO tempest.lib.common.rest_client [req-41eb4e35-f19a-47c0-8ce4-407ccf19aa60 req-41eb4e35-f19a-47c0-8ce4-407ccf19aa60 ] Request (ServersAdminNegativeTestJSON:setUpClass): 200 GET http://10.180.1.21/compute/v2.1/servers/30c3f46c-5408-4b3b-b260-6a4b36c930ac 0.047s
2024-12-11 18:11:20.188 66079 INFO tempest.lib.common.rest_client [req-7b29f8af-539e-4dad-aed0-bed13d3fcade req-7b29f8af-539e-4dad-aed0-bed13d3fcade ] Request (ListServerFiltersTestJSON:setUpClass): 200 GET http://10.180.1.21/compute/v2.1/servers/2aa01824-19b0-49b7-af57-d862b8ad148f 0.047s
2024-12-11 18:11:20.229 66069 INFO tempest.lib.common.rest_client [req-ec8dad2e-0337-4b57-a7e9-eed872ac35ad req-ec8dad2e-0337-4b57-a7e9-eed872ac35ad ] Request (ServerRescueNegativeTestJSON:test_rescued_vm_attach_volume): 200 GET http://10.180.1.21/compute/v2.1/servers/fc5888d5-6a46-46f4-ba4f-d47d26a8df67 0.134s
2024-12-11 18:11:20.233 66103 INFO tempest.lib.common.rest_client [req-8346da86-5a81-44d1-bbd5-9f43b656589e req-8346da86-5a81-44d1-bbd5-9f43b656589e ] Request (ServersAdminTestJSON:test_inject_network_info): 200 GET http://10.180.1.21/compute/v2.1/servers/505465ad-4451-486a-974b-599a4345526f 0.072s
2024-12-11 18:11:20.273 66051 INFO tempest.lib.common.rest_client [req-c09094b2-4cc0-483e-8342-526e2ad63e04 req-c09094b2-4cc0-483e-8342-526e2ad63e04 ] Request (ServersTestMultiNic:test_verify_multiple_nics_order): 200 GET http://10.180.1.21/compute/v2.1/servers/c28d58b8-19eb-4cfe-8545-df5c169a926c 0.060s
2024-12-11 18:11:20.310 66073 INFO tempest.lib.common.rest_client [req-e774ceb7-fb16-4a0c-8150-fe2fb4065e50 req-e774ceb7-fb16-4a0c-8150-fe2fb4065e50 ] Request (ImagesTestJSON:test_create_image_from_stopped_server): 200 GET http://10.180.1.21/compute/v2.1/servers/fc6b564c-72ef-4f53-ac53-6224b93faa33 0.057s
2024-12-11 18:11:20.316 66073 INFO tempest.common.waiters [-] State transition "BUILD/scheduling" ==> "BUILD/None" after 57 second wait
2024-12-11 18:11:20.345 66083 INFO tempest.lib.common.rest_client [req-792e25bc-fae8-4467-b9f7-52d14f2debb6 req-792e25bc-fae8-4467-b9f7-52d14f2debb6 ] Request (DeleteServersTestJSON:test_delete_active_server): 200 GET http://10.180.1.21/compute/v2.1/servers/0c814c4b-251e-4c13-9178-645bca5c0049 0.053s
2024-12-11 18:11:20.417 66091 INFO tempest.lib.common.rest_client [req-1d4e5e9e-3238-4843-a6a4-dd87b7573eb2 req-1d4e5e9e-3238-4843-a6a4-dd87b7573eb2 ] Request (ServerDiagnosticsV248Test:test_get_server_diagnostics): 200 GET http://10.180.1.21/compute/v2.1/servers/ab6b62e7-7ef6-47e0-b81a-71342a32d20a 0.053s
2024-12-11 18:11:20.473 66061 INFO tempest.lib.common.rest_client [req-7f970125-9376-4b56-8f37-c348d365eb05 req-7f970125-9376-4b56-8f37-c348d365eb05 ] Request (ServersNegativeTestJSON:setUpClass): 200 GET http://10.180.1.21/compute/v2.1/servers/dc766bc8-97fe-40c4-a3c5-1e2c2becbbe7 0.052s
2024-12-11 18:11:20.527 66045 INFO tempest.lib.common.rest_client [req-91890e95-5940-4578-8005-bdd2a432ab2f req-91890e95-5940-4578-8005-bdd2a432ab2f ] Request (AttachInterfacesTestJSON:test_create_list_show_delete_interfaces_by_fixed_ip): 200 GET http://10.180.1.21/compute/v2.1/servers/f19fdff2-8f44-4f9a-a43f-6f870a8f8777 0.052s
2024-12-11 18:11:20.571 66077 INFO tempest.lib.common.rest_client [req-4d3d1ed7-f3a6-4247-9927-373b1eddb58d req-4d3d1ed7-f3a6-4247-9927-373b1eddb58d ] Request (ServersV294TestFqdnHostnames:setUpClass): 200 GET http://10.180.1.21/compute/v2.1/servers/8085ff08-96b5-4642-adc2-13e9b26f15a3 0.052s
2024-12-11 18:11:20.674 66059 INFO tempest.lib.common.rest_client [req-09280533-0151-4413-9568-f46e2085e562 req-09280533-0151-4413-9568-f46e2085e562 ] Request (ImagesOneServerTestJSON:tearDownClass): 200 GET http://10.180.1.21/compute/v2.1/servers/4eae80de-2c8e-4fc6-a31a-9cf30c10aee2 0.053s
2024-12-11 18:11:20.724 66099 INFO tempest.lib.common.rest_client [req-2d02e1db-63d3-4598-800e-e22a16e18398 req-2d02e1db-63d3-4598-800e-e22a16e18398 ] Request (ListServersNegativeTestJSON:setUpClass): 200 GET http://10.180.1.21/compute/v2.1/servers/914b32d6-7ff6-481c-81fd-91ecb68b14a9 0.053s
2024-12-11 18:11:20.768 66057 INFO tempest.lib.common.rest_client [req-cf8c3ecf-c620-4a10-bdc7-3fb788c1a4ab req-cf8c3ecf-c620-4a10-bdc7-3fb788c1a4ab ] Request (SecurityGroupsTestJSON:test_server_security_groups): 200 GET http://10.180.1.21/compute/v2.1/servers/23136ec5-ca96-4ff4-8af7-c8d6b03eab19 0.048s
2024-12-11 18:11:20.812 66063 INFO tempest.lib.common.rest_client [req-63d480aa-7a67-4700-b7c1-95c1f1f75241 req-63d480aa-7a67-4700-b7c1-95c1f1f75241 ] Request (ServersTestJSON:setUpClass): 200 GET http://10.180.1.21/compute/v2.1/servers/940ea3db-a51f-4a53-a807-a11cef9e8f84 0.046s
2024-12-11 18:11:20.837 66095 INFO tempest.lib.common.rest_client [req-d8e3c94f-244c-4574-8912-ba446f871058 req-d8e3c94f-244c-4574-8912-ba446f871058 ] Request (ServerRescueTestJSONUnderV235:setUpClass): 200 GET http://10.180.1.21/compute/v2.1/servers/cbcc51b4-ff2a-48b4-946a-d91e93f87afc 0.093s
2024-12-11 18:11:20.857 66089 INFO tempest.lib.common.rest_client [req-49542ed3-eec0-43a4-a4a6-9485f62d4d66 req-49542ed3-eec0-43a4-a4a6-9485f62d4d66 ] Request (MigrationsAdminTest:test_resize_server_revert_deleted_flavor): 200 GET http://10.180.1.21/compute/v2.1/servers/5573ae31-f5a7-476d-917b-a356d2b8d161 0.061s
2024-12-11 18:11:20.885 66047 INFO tempest.lib.common.rest_client [req-26ab1e48-3fc0-40e1-a5dc-c9354e721ef0 req-26ab1e48-3fc0-40e1-a5dc-c9354e721ef0 ] Request (ServerTagsTestJSON:setUpClass): 200 GET http://10.180.1.21/compute/v2.1/servers/cac5e094-642a-4837-9083-63703d200be9 0.069s
2024-12-11 18:11:20.902 66067 INFO tempest.lib.common.rest_client [req-cc9bd927-2952-412c-b0c3-c640a37297f6 req-cc9bd927-2952-412c-b0c3-c640a37297f6 ] Request (FloatingIPsAssociationTestJSON:test_associate_already_associated_floating_ip): 200 GET http://10.180.1.21/compute/v2.1/servers/d1144031-311a-4fd2-865f-a81c82458fa8 0.065s
2024-12-11 18:11:20.933 66066 INFO tempest.lib.common.rest_client [req-2f161b09-ae29-4cca-8fae-b06e9b229df3 req-2f161b09-ae29-4cca-8fae-b06e9b229df3 ] Request (ServerActionsTestOtherA:setUpClass): 200 GET http://10.180.1.21/compute/v2.1/servers/a05a7cc4-4969-4e54-8e4f-1a1972b60dc2 0.076s
2024-12-11 18:11:20.948 66107 INFO tempest.lib.common.rest_client [req-62c7891f-9814-42df-8442-ad2649a2bbde req-62c7891f-9814-42df-8442-ad2649a2bbde ] Request (MultipleCreateTestJSON:test_multiple_create): 200 GET http://10.180.1.21/compute/v2.1/servers/462194db-7674-478a-a9c4-6b86da47bb7f 0.069s
2024-12-11 18:11:20.989 66101 INFO tempest.lib.common.rest_client [req-59dbe103-1b01-479f-8cf3-a9afb21c49e7 req-59dbe103-1b01-479f-8cf3-a9afb21c49e7 ] Request (ServerShowV257Test:test_rebuild_server): 200 GET http://10.180.1.21/compute/v2.1/servers/de1e0774-f6a7-4b1d-80b4-e196e8505d10 0.053s
2024-12-11 18:11:20.997 66101 INFO tempest.common.waiters [-] State transition "BUILD/spawning" ==> "ACTIVE/None" after 73 second wait
2024-12-11 18:11:21.000 66093 INFO tempest.lib.common.rest_client [req-cb44a125-5a18-4d6f-8ffe-c87d14f075ac req-cb44a125-5a18-4d6f-8ffe-c87d14f075ac ] Request (ServerShowV247Test:tearDownClass): 200 GET http://10.180.1.21/compute/v2.1/servers/18a2b0a2-1b15-493f-88b9-a517ad51153d 0.062s
2024-12-11 18:11:21.030 66081 INFO tempest.lib.common.rest_client [req-b4dec207-ce54-4ac8-81c1-be926bb74303 req-b4dec207-ce54-4ac8-81c1-be926bb74303 ] Request (ImagesOneServerNegativeTestJSON:setUpClass): 200 GET http://10.180.1.21/compute/v2.1/servers/fa6c5ba7-7717-40cf-9f6e-5ba58f985fea 0.051s
2024-12-11 18:11:21.138 66101 INFO tempest.lib.common.rest_client [req-b0ba0d23-7f26-431e-9c95-c9877168a076 req-b0ba0d23-7f26-431e-9c95-c9877168a076 ] Request (ServerShowV257Test:test_rebuild_server): 202 POST http://10.180.1.21/compute/v2.1/servers/de1e0774-f6a7-4b1d-80b4-e196e8505d10/action 0.141s
2024-12-11 18:11:21.166 66075 INFO tempest.lib.common.rest_client [req-390f9be2-e9a5-4b60-967d-406f92134f53 req-390f9be2-e9a5-4b60-967d-406f92134f53 ] Request (ServerShowV254Test:tearDownClass): 200 GET http://10.180.1.21/compute/v2.1/servers/b3053cc0-f7c0-4eb6-8562-52854a1f83ad 0.054s
2024-12-11 18:11:21.213 66055 INFO tempest.lib.common.rest_client [req-370d9cfb-3bec-4866-9f10-5e49d32603fb req-370d9cfb-3bec-4866-9f10-5e49d32603fb ] Request (ServersAdminNegativeTestJSON:setUpClass): 200 GET http://10.180.1.21/compute/v2.1/servers/30c3f46c-5408-4b3b-b260-6a4b36c930ac 0.065s
2024-12-11 18:11:21.261 66079 INFO tempest.lib.common.rest_client [req-315c58a1-a621-4d9f-9870-a0a880543650 req-315c58a1-a621-4d9f-9870-a0a880543650 ] Request (ListServerFiltersTestJSON:setUpClass): 200 GET http://10.180.1.21/compute/v2.1/servers/2aa01824-19b0-49b7-af57-d862b8ad148f 0.064s
2024-12-11 18:11:21.372 66069 INFO tempest.lib.common.rest_client [req-c70e772c-4414-4509-b8cd-3ba7f5d5dc59 req-c70e772c-4414-4509-b8cd-3ba7f5d5dc59 ] Request (ServerRescueNegativeTestJSON:test_rescued_vm_attach_volume): 200 GET http://10.180.1.21/compute/v2.1/servers/fc5888d5-6a46-46f4-ba4f-d47d26a8df67 0.136s
2024-12-11 18:11:21.424 66103 INFO tempest.lib.common.rest_client [req-0c9ec907-5d02-4ef0-8290-b621a1585334 req-0c9ec907-5d02-4ef0-8290-b621a1585334 ] Request (ServersAdminTestJSON:test_inject_network_info): 200 GET http://10.180.1.21/compute/v2.1/servers/505465ad-4451-486a-974b-599a4345526f 0.184s
2024-12-11 18:11:21.424 66101 INFO tempest.lib.common.rest_client [req-ab753e38-4e43-4981-8328-9697c365f42f req-ab753e38-4e43-4981-8328-9697c365f42f ] Request (ServerShowV257Test:test_rebuild_server): 200 GET http://10.180.1.21/compute/v2.1/servers/de1e0774-f6a7-4b1d-80b4-e196e8505d10 0.280s
2024-12-11 18:11:21.470 66051 INFO tempest.lib.common.rest_client [req-68fc958b-ca5a-4895-a002-f1edbb0c32a9 req-68fc958b-ca5a-4895-a002-f1edbb0c32a9 ] Request (ServersTestMultiNic:test_verify_multiple_nics_order): 200 GET http://10.180.1.21/compute/v2.1/servers/c28d58b8-19eb-4cfe-8545-df5c169a926c 0.190s
2024-12-11 18:11:21.521 66083 INFO tempest.lib.common.rest_client [req-56934b51-03df-4d87-8e96-bccc8247c755 req-56934b51-03df-4d87-8e96-bccc8247c755 ] Request (DeleteServersTestJSON:test_delete_active_server): 200 GET http://10.180.1.21/compute/v2.1/servers/0c814c4b-251e-4c13-9178-645bca5c0049 0.167s
2024-12-11 18:11:21.568 66091 INFO tempest.lib.common.rest_client [req-0ac3d0f3-54f5-4d4c-8bfe-5f5cec4be4dd req-0ac3d0f3-54f5-4d4c-8bfe-5f5cec4be4dd ] Request (ServerDiagnosticsV248Test:test_get_server_diagnostics): 200 GET http://10.180.1.21/compute/v2.1/servers/ab6b62e7-7ef6-47e0-b81a-71342a32d20a 0.141s
2024-12-11 18:11:21.612 66061 INFO tempest.lib.common.rest_client [req-d3aad77e-4601-4325-8902-d0be05d72a56 req-d3aad77e-4601-4325-8902-d0be05d72a56 ] Request (ServersNegativeTestJSON:setUpClass): 200 GET http://10.180.1.21/compute/v2.1/servers/dc766bc8-97fe-40c4-a3c5-1e2c2becbbe7 0.128s
2024-12-11 18:11:21.652 66073 INFO tempest.lib.common.rest_client [req-27942723-de38-44f9-81a7-0192a7a54549 req-27942723-de38-44f9-81a7-0192a7a54549 ] Request (ImagesTestJSON:test_create_image_from_stopped_server): 200 GET http://10.180.1.21/compute/v2.1/servers/fc6b564c-72ef-4f53-ac53-6224b93faa33 0.335s
2024-12-11 18:11:21.658 66045 INFO tempest.lib.common.rest_client [req-b4342fdc-b7ad-4f17-985d-8a3f5fae5e19 req-b4342fdc-b7ad-4f17-985d-8a3f5fae5e19 ] Request (AttachInterfacesTestJSON:test_create_list_show_delete_interfaces_by_fixed_ip): 200 GET http://10.180.1.21/compute/v2.1/servers/f19fdff2-8f44-4f9a-a43f-6f870a8f8777 0.124s
2024-12-11 18:11:21.703 66077 INFO tempest.lib.common.rest_client [req-fff81983-b158-4c16-93ea-5c6623abcb95 req-fff81983-b158-4c16-93ea-5c6623abcb95 ] Request (ServersV294TestFqdnHostnames:setUpClass): 200 GET http://10.180.1.21/compute/v2.1/servers/8085ff08-96b5-4642-adc2-13e9b26f15a3 0.121s
2024-12-11 18:11:21.738 66059 INFO tempest.lib.common.rest_client [req-10dfb42f-2f0c-4ca2-b568-f25f87c66c2c req-10dfb42f-2f0c-4ca2-b568-f25f87c66c2c ] Request (ImagesOneServerTestJSON:tearDownClass): 200 GET http://10.180.1.21/compute/v2.1/servers/4eae80de-2c8e-4fc6-a31a-9cf30c10aee2 0.057s
2024-12-11 18:11:21.781 66099 INFO tempest.lib.common.rest_client [req-eedf0155-7bdb-4a41-879c-f77107ae0464 req-eedf0155-7bdb-4a41-879c-f77107ae0464 ] Request (ListServersNegativeTestJSON:setUpClass): 200 GET http://10.180.1.21/compute/v2.1/servers/914b32d6-7ff6-481c-81fd-91ecb68b14a9 0.050s
2024-12-11 18:11:21.823 66057 INFO tempest.lib.common.rest_client [req-b9745e70-2387-4649-a02e-d950d66a81e7 req-b9745e70-2387-4649-a02e-d950d66a81e7 ] Request (SecurityGroupsTestJSON:test_server_security_groups): 200 GET http://10.180.1.21/compute/v2.1/servers/23136ec5-ca96-4ff4-8af7-c8d6b03eab19 0.047s
2024-12-11 18:11:21.866 66063 INFO tempest.lib.common.rest_client [req-5e198da7-3e23-4eb4-b935-c610c47a5939 req-5e198da7-3e23-4eb4-b935-c610c47a5939 ] Request (ServersTestJSON:setUpClass): 200 GET http://10.180.1.21/compute/v2.1/servers/940ea3db-a51f-4a53-a807-a11cef9e8f84 0.047s
2024-12-11 18:11:21.909 66089 INFO tempest.lib.common.rest_client [req-dc28c217-09d1-418b-945b-bbd75f9d06e0 req-dc28c217-09d1-418b-945b-bbd75f9d06e0 ] Request (MigrationsAdminTest:test_resize_server_revert_deleted_flavor): 200 GET http://10.180.1.21/compute/v2.1/servers/5573ae31-f5a7-476d-917b-a356d2b8d161 0.045s
2024-12-11 18:11:21.958 66047 INFO tempest.lib.common.rest_client [req-2fc5d3b9-5af8-4ff6-a7b1-0ba002f9a184 req-2fc5d3b9-5af8-4ff6-a7b1-0ba002f9a184 ] Request (ServerTagsTestJSON:setUpClass): 200 GET http://10.180.1.21/compute/v2.1/servers/cac5e094-642a-4837-9083-63703d200be9 0.064s
2024-12-11 18:11:21.968 66095 INFO tempest.lib.common.rest_client [req-cbfdba42-b3fc-4c4b-bee0-2c3b34a0755a req-cbfdba42-b3fc-4c4b-bee0-2c3b34a0755a ] Request (ServerRescueTestJSONUnderV235:setUpClass): 200 GET http://10.180.1.21/compute/v2.1/servers/cbcc51b4-ff2a-48b4-946a-d91e93f87afc 0.124s
2024-12-11 18:11:22.007 66067 INFO tempest.lib.common.rest_client [req-a440f319-711d-4368-a3a4-ad322bf855ec req-a440f319-711d-4368-a3a4-ad322bf855ec ] Request (FloatingIPsAssociationTestJSON:test_associate_already_associated_floating_ip): 200 GET http://10.180.1.21/compute/v2.1/servers/d1144031-311a-4fd2-865f-a81c82458fa8 0.098s
2024-12-11 18:11:22.012 66066 INFO tempest.lib.common.rest_client [req-664703fe-c0af-411a-aa0e-db1bccae9d26 req-664703fe-c0af-411a-aa0e-db1bccae9d26 ] Request (ServerActionsTestOtherA:setUpClass): 200 GET http://10.180.1.21/compute/v2.1/servers/a05a7cc4-4969-4e54-8e4f-1a1972b60dc2 0.072s
2024-12-11 18:11:22.050 66107 INFO tempest.lib.common.rest_client [req-3ef74e49-413c-49ef-90ad-9661d4a62641 req-3ef74e49-413c-49ef-90ad-9661d4a62641 ] Request (MultipleCreateTestJSON:test_multiple_create): 200 GET http://10.180.1.21/compute/v2.1/servers/462194db-7674-478a-a9c4-6b86da47bb7f 0.095s
2024-12-11 18:11:22.065 66093 INFO tempest.lib.common.rest_client [req-ceab1ac5-420a-4649-9ea9-e560f7e4a205 req-ceab1ac5-420a-4649-9ea9-e560f7e4a205 ] Request (ServerShowV247Test:tearDownClass): 200 GET http://10.180.1.21/compute/v2.1/servers/18a2b0a2-1b15-493f-88b9-a517ad51153d 0.056s
2024-12-11 18:11:22.093 66081 INFO tempest.lib.common.rest_client [req-3ae44779-e145-43c0-bf7e-534d20b02eec req-3ae44779-e145-43c0-bf7e-534d20b02eec ] Request (ImagesOneServerNegativeTestJSON:setUpClass): 200 GET http://10.180.1.21/compute/v2.1/servers/fa6c5ba7-7717-40cf-9f6e-5ba58f985fea 0.056s
2024-12-11 18:11:22.233 66075 INFO tempest.lib.common.rest_client [req-22ed89e0-ece8-4561-83dc-5f5ffb1a6192 req-22ed89e0-ece8-4561-83dc-5f5ffb1a6192 ] Request (ServerShowV254Test:tearDownClass): 200 GET http://10.180.1.21/compute/v2.1/servers/b3053cc0-f7c0-4eb6-8562-52854a1f83ad 0.057s
2024-12-11 18:11:22.271 66055 INFO tempest.lib.common.rest_client [req-b37a5cb0-8e2e-42d3-9631-b9fc255fc433 req-b37a5cb0-8e2e-42d3-9631-b9fc255fc433 ] Request (ServersAdminNegativeTestJSON:setUpClass): 200 GET http://10.180.1.21/compute/v2.1/servers/30c3f46c-5408-4b3b-b260-6a4b36c930ac 0.048s
