2024-12-11 18:10:10.546 66061 INFO tempest.lib.common.rest_client [req-ba2f8258-2a6d-4018-8f6f-59cde5bd8568 req-ba2f8258-2a6d-4018-8f6f-59cde5bd8568 ] Request (FloatingIPDetailsNegativeTestJSON:tearDownClass): 200 GET http://10.180.1.21:9696/networking/v2.0/security-groups?tenant_id=99f0cbe79b1e4ea99164a4abe001e2cd&name=default 0.258s
2024-12-11 18:10:10.571 66101 INFO tempest.lib.common.rest_client [req-9a3f9a9d-a31e-4d54-b390-0f5065aa90f8 req-9a3f9a9d-a31e-4d54-b390-0f5065aa90f8 ] Request (ServerShowV257Test:test_rebuild_server): 200 GET http://10.180.1.21/compute/v2.1/servers/de1e0774-f6a7-4b1d-80b4-e196e8505d10 2.108s
2024-12-11 18:10:10.637 66053 INFO tempest.lib.common.rest_client [req-999586aa-03cf-4b36-bfbd-f46b8e9eaef6 req-999586aa-03cf-4b36-bfbd-f46b8e9eaef6 ] Request (ServersTestManualDisk:setUpClass): 200 GET http://10.180.1.21/compute/v2.1/servers/851ff40a-7aa0-4c22-9e6b-6d993db0f850 2.173s
2024-12-11 18:10:10.704 66091 INFO tempest.lib.common.rest_client [req-ee39bd52-31bf-45fc-9f49-377616c92630 req-ee39bd52-31bf-45fc-9f49-377616c92630 ] Request (ServerDiagnosticsV248Test:test_get_server_diagnostics): 200 GET http://10.180.1.21/compute/v2.1/servers/ab6b62e7-7ef6-47e0-b81a-71342a32d20a 2.205s
2024-12-11 18:10:10.753 66079 INFO tempest.lib.common.rest_client [req-6ef86dcf-430c-4264-9eb6-724f24e08751 req-6ef86dcf-430c-4264-9eb6-724f24e08751 ] Request (DeleteServersAdminTestJSON:test_delete_server_while_in_error_state): 200 GET http://10.180.1.21/compute/v2.1/servers/5dfbaf3d-3517-46b8-9617-99db83886d7a 2.221s
2024-12-11 18:10:10.819 66099 INFO tempest.lib.common.rest_client [req-97ac5623-eb62-4ca6-8f9c-17d3d8e4c38f req-97ac5623-eb62-4ca6-8f9c-17d3d8e4c38f ] Request (ListServersNegativeTestJSON:setUpClass): 200 GET http://10.180.1.21/compute/v2.1/servers/8b39cf11-9abd-4c11-b517-d896e2c39cff 2.259s
2024-12-11 18:10:10.884 66066 INFO tempest.lib.common.rest_client [req-3441be70-e972-4b2c-9edf-93feff1e1c91 req-3441be70-e972-4b2c-9edf-93feff1e1c91 ] Request (FloatingIPsTestJSON:test_allocate_floating_ip): 200 POST http://10.180.1.21/compute/v2.1/os-floating-ips 3.535s
2024-12-11 18:10:10.888 66107 INFO tempest.lib.common.rest_client [req-9186ace4-f73e-42a2-8a83-77b89bcca492 req-9186ace4-f73e-42a2-8a83-77b89bcca492 ] Request (MultipleCreateTestJSON:test_multiple_create): 200 GET http://10.180.1.21/compute/v2.1/servers 2.284s
2024-12-11 18:10:10.903 66061 INFO tempest.lib.common.rest_client [req-7719796a-8d73-44d0-b3f2-ff9876796cad req-7719796a-8d73-44d0-b3f2-ff9876796cad ] Request (FloatingIPDetailsNegativeTestJSON:tearDownClass): 204 DELETE http://10.180.1.21:9696/networking/v2.0/security-groups/32cd1ca6-4fd8-40d6-aac0-75cdd739a442 0.355s
2024-12-11 18:10:10.944 66075 INFO tempest.lib.common.rest_client [req-dc751b4c-c544-4f3c-ae93-9e08b4aa5fad req-dc751b4c-c544-4f3c-ae93-9e08b4aa5fad ] Request (ServerShowV254Test:test_rebuild_server): 200 GET http://10.180.1.21/compute/v2.1/servers/b3053cc0-f7c0-4eb6-8562-52854a1f83ad 2.237s
2024-12-11 18:10:10.961 66095 INFO tempest.lib.common.rest_client [req-91bae279-781c-489f-af8d-366b6e4a4954 req-91bae279-781c-489f-af8d-366b6e4a4954 ] Request (ServerRescueTestJSONUnderV235:setUpClass): 200 GET http://10.180.1.21/compute/v2.1/servers/cbcc51b4-ff2a-48b4-946a-d91e93f87afc 2.344s
2024-12-11 18:10:11.007 66093 INFO tempest.lib.common.rest_client [req-c01bd52c-2c9b-4ff7-ab37-31d6311cb8c5 req-c01bd52c-2c9b-4ff7-ab37-31d6311cb8c5 ] Request (ServerShowV247Test:test_update_rebuild_list_server): 200 GET http://10.180.1.21/compute/v2.1/servers/8e7b1aab-e074-44c0-ae27-4241823b2972 2.151s
2024-12-11 18:10:11.020 66061 INFO tempest.lib.common.rest_client [req-8494b042-5e91-4227-8dd9-2fc3f3f3742f req-8494b042-5e91-4227-8dd9-2fc3f3f3742f ] Request (FloatingIPDetailsNegativeTestJSON:tearDownClass): 204 DELETE http://10.180.1.21/identity/v3/projects/99f0cbe79b1e4ea99164a4abe001e2cd 0.117s
2024-12-11 18:10:11.065 66103 INFO tempest.lib.common.rest_client [req-4926b2c8-0f82-490d-9b9f-c4fff593d2b4 req-4926b2c8-0f82-490d-9b9f-c4fff593d2b4 ] Request (ServersAdminTestJSON:test_create_server_with_scheduling_hint): 200 GET http://10.180.1.21/compute/v2.1/servers/82cbb67f-b234-4ee2-b728-a0a935968cb2 1.970s
2024-12-11 18:10:11.102 66061 INFO tempest.lib.common.rest_client [req-6de9dbe6-0317-4744-a303-7bcb298011df req-6de9dbe6-0317-4744-a303-7bcb298011df ] Request (ListImagesTestJSON:setUpClass): 201 POST http://10.180.1.21/identity/v3/auth/tokens 0.080s
2024-12-11 18:10:11.156 66061 INFO tempest.lib.common.rest_client [req-c7dc1273-89e9-40fe-8edb-812c989c9a57 req-c7dc1273-89e9-40fe-8edb-812c989c9a57 ] Request (ListImagesTestJSON:setUpClass): 201 POST http://10.180.1.21/identity/v3/auth/tokens 0.049s
2024-12-11 18:10:11.186 66061 INFO tempest.lib.common.rest_client [req-9b7aa687-0474-4248-b34b-52d26ae827cd req-9b7aa687-0474-4248-b34b-52d26ae827cd ] Request (ListImagesTestJSON:setUpClass): 200 GET http://10.180.1.21/identity/v3/domains?name=Default 0.029s
2024-12-11 18:10:11.217 66061 INFO tempest.lib.common.rest_client [req-67b39f18-27d1-4afb-848f-a21b0794da81 req-67b39f18-27d1-4afb-848f-a21b0794da81 ] Request (ListImagesTestJSON:setUpClass): 201 POST http://10.180.1.21/identity/v3/projects 0.031s
2024-12-11 18:10:11.224 66097 INFO tempest.lib.common.rest_client [req-73e6754c-e312-4bbe-add1-3f2393e28883 req-73e6754c-e312-4bbe-add1-3f2393e28883 ] Request (TenantUsagesTestJSON:setUpClass): 200 GET http://10.180.1.21/compute/v2.1/servers/e4ec06ca-e47e-44bd-befb-cdc76f4da929 2.030s
2024-12-11 18:10:11.233 66047 INFO tempest.lib.common.rest_client [req-2f3e284f-f4d8-4150-b300-4a9617512875 req-2f3e284f-f4d8-4150-b300-4a9617512875 ] Request (ServerGroupTestJSON:test_create_server_with_scheduler_hint_group): 200 GET http://10.180.1.21/compute/v2.1/servers/4d374011-671a-4729-a7ee-c624bd927980 2.235s
2024-12-11 18:10:11.238 66097 INFO tempest.common.waiters [-] State transition "BUILD/networking" ==> "BUILD/spawning" after 33 second wait
2024-12-11 18:10:11.281 66087 WARNING tempest.lib.common.ssh [-] Failed to establish authenticated ssh connection to cirros@10.180.180.219 ([Errno None] Unable to connect to port 22 on 10.180.180.219). Number attempts: 4. Retry after 5 seconds.: paramiko.ssh_exception.NoValidConnectionsError: [Errno None] Unable to connect to port 22 on 10.180.180.219
2024-12-11 18:10:11.293 66061 INFO tempest.lib.common.rest_client [req-d11dc1b1-d55e-46c4-8033-a91c41845d19 req-d11dc1b1-d55e-46c4-8033-a91c41845d19 ] Request (ListImagesTestJSON:setUpClass): 201 POST http://10.180.1.21/identity/v3/users 0.075s
2024-12-11 18:10:11.313 66061 INFO tempest.lib.common.rest_client [req-28ac8ffa-7e73-4222-8245-32554195e51c req-28ac8ffa-7e73-4222-8245-32554195e51c ] Request (ListImagesTestJSON:setUpClass): 200 GET http://10.180.1.21/identity/v3/roles 0.019s
2024-12-11 18:10:11.319 66051 INFO tempest.lib.common.rest_client [req-f460c760-652e-467c-9f62-9c42d6a6f96f req-f460c760-652e-467c-9f62-9c42d6a6f96f ] Request (ServersTestMultiNic:_run_cleanups): 200 GET http://10.180.1.21/compute/v2.1/servers/35973d0f-999a-46f3-aa4e-c8b876e45cbb 1.682s
2024-12-11 18:10:11.343 66061 INFO tempest.lib.common.rest_client [req-681d6ccb-fd40-43bc-87df-b0ea5612e043 req-681d6ccb-fd40-43bc-87df-b0ea5612e043 ] Request (ListImagesTestJSON:setUpClass): 204 PUT http://10.180.1.21/identity/v3/projects/94816cc09bac48fa8c528c963f26a9a7/users/faf9a3e8053143d8836eb3fb983b1155/roles/5a307acaf1014acbaa0e5fdc3cf6cd0e 0.029s
2024-12-11 18:10:11.343 66061 INFO tempest.lib.common.dynamic_creds [-] Dynamic test user faf9a3e8053143d8836eb3fb983b1155 is created with scope project and roles: ['member']
2024-12-11 18:10:11.343 66061 INFO tempest.lib.common.dynamic_creds [-] Acquired dynamic creds: credentials: Credentials: {'domain_id': 'default', 'domain_name': 'Default', 'username': 'tempest-ListImagesTestJSON-1843580798-project-member', 'project_domain_id': 'default', 'project_domain_name': 'Default', 'project_id': '94816cc09bac48fa8c528c963f26a9a7', 'project_name': 'tempest-ListImagesTestJSON-1843580798', 'tenant_id': '94816cc09bac48fa8c528c963f26a9a7', 'tenant_name': 'tempest-ListImagesTestJSON-1843580798', 'user_domain_id': 'default', 'user_domain_name': 'Default', 'user_id': 'faf9a3e8053143d8836eb3fb983b1155', 'system': None}, Network: None, Subnet: None, Router: None
2024-12-11 18:10:11.343 66061 INFO tempest.lib.common.dynamic_creds [-] Created isolated network resources for: credentials: Credentials: {'domain_id': 'default', 'domain_name': 'Default', 'username': 'tempest-ListImagesTestJSON-1843580798-project-member', 'project_domain_id': 'default', 'project_domain_name': 'Default', 'project_id': '94816cc09bac48fa8c528c963f26a9a7', 'project_name': 'tempest-ListImagesTestJSON-1843580798', 'tenant_id': '94816cc09bac48fa8c528c963f26a9a7', 'tenant_name': 'tempest-ListImagesTestJSON-1843580798', 'user_domain_id': 'default', 'user_domain_name': 'Default', 'user_id': 'faf9a3e8053143d8836eb3fb983b1155', 'system': None}, Network: None, Subnet: None, Router: None
2024-12-11 18:10:11.418 66061 INFO tempest.lib.common.rest_client [req-2ad70054-1f8a-4ccc-8285-3db234fcf1e0 req-2ad70054-1f8a-4ccc-8285-3db234fcf1e0 ] Request (ListImagesTestJSON:setUpClass): 201 POST http://10.180.1.21/identity/v3/auth/tokens 0.068s
2024-12-11 18:10:11.463 66081 INFO tempest.lib.common.rest_client [req-74d7425b-ac8c-4122-a92c-c464c1765ed2 req-74d7425b-ac8c-4122-a92c-c464c1765ed2 ] Request (ImagesOneServerNegativeTestJSON:setUpClass): 201 POST http://10.180.1.21:9696/networking/v2.0/routers 1.231s
2024-12-11 18:10:11.490 66059 INFO tempest.lib.common.rest_client [req-426d6ad3-23c0-43c8-9037-9a2862ad9f2e req-426d6ad3-23c0-43c8-9037-9a2862ad9f2e ] Request (ImagesOneServerTestJSON:setUpClass): 200 GET http://10.180.1.21/compute/v2.1/servers/4eae80de-2c8e-4fc6-a31a-9cf30c10aee2 1.311s
2024-12-11 18:10:11.580 66055 INFO tempest.lib.common.rest_client [req-9b1a1575-2cbb-45f7-afdf-e28e653439e4 req-9b1a1575-2cbb-45f7-afdf-e28e653439e4 ] Request (ServersAdmin275Test:tearDownClass): 200 GET http://10.180.1.21/compute/v2.1/servers/bd82b418-92da-463b-a1dc-33739fef062b 1.263s
2024-12-11 18:10:11.864 66045 INFO tempest.lib.common.rest_client [req-14083f89-4130-43c0-806a-5d5675d2d729 req-14083f89-4130-43c0-806a-5d5675d2d729 ] Request (AttachInterfacesTestJSON:test_create_list_show_delete_interfaces_by_fixed_ip): 202 POST http://10.180.1.21/compute/v2.1/servers 1.648s
2024-12-11 18:10:11.889 66085 INFO tempest.lib.common.rest_client [req-fb966315-278e-4859-9268-4dbf0fda7b11 req-fb966315-278e-4859-9268-4dbf0fda7b11 ] Request (ServerPasswordTestJSON:tearDownClass): 200 GET http://10.180.1.21/compute/v2.1/servers/7ff43fd2-f061-4cd4-9dd9-fd8bab497694 1.448s
2024-12-11 18:10:11.939 66063 INFO tempest.lib.common.rest_client [req-20c54cc6-1395-49ee-b307-f5be36809e6b req-20c54cc6-1395-49ee-b307-f5be36809e6b ] Request (ServersTestJSON:setUpClass): 200 PUT http://10.180.1.21:9696/networking/v2.0/routers/043e59c5-dd65-4e7d-9211-1b27b0a9f426/add_router_interface 2.892s
2024-12-11 18:10:11.940 66063 INFO tempest.lib.common.dynamic_creds [-] Created isolated network resources for: credentials: Credentials: {'domain_id': 'default', 'domain_name': 'Default', 'username': 'tempest-ServersTestJSON-784943337-project-member', 'project_domain_id': 'default', 'project_domain_name': 'Default', 'project_id': '0728b5fb40de47a7ad1384513eb64d17', 'project_name': 'tempest-ServersTestJSON-784943337', 'tenant_id': '0728b5fb40de47a7ad1384513eb64d17', 'tenant_name': 'tempest-ServersTestJSON-784943337', 'user_domain_id': 'default', 'user_domain_name': 'Default', 'user_id': 'd45e017818e743be8a6d8d690feadb53', 'system': None}, Network: {'id': 'da745010-43f5-44f6-a437-05d46867d441', 'name': 'tempest-ServersTestJSON-2063842401-network', 'tenant_id': '0728b5fb40de47a7ad1384513eb64d17', 'admin_state_up': True, 'mtu': 8950, 'status': 'ACTIVE', 'subnets': [], 'shared': False, 'project_id': '0728b5fb40de47a7ad1384513eb64d17', 'port_security_enabled': True, 'router:external': False, 'provider:network_type': 'vlan', 'provider:physical_network': 'default', 'provider:segmentation_id': 305, 'availability_zone_hints': [], 'availability_zones': [], 'ipv4_address_scope': None, 'ipv6_address_scope': None, 'description': '', 'tags': [], 'created_at': '2024-12-11T18:10:05Z', 'updated_at': '2024-12-11T18:10:05Z', 'revision_number': 1}, Subnet: {'id': 'ac7c5ddd-f155-4962-8dfa-f4dac12717c2', 'name': 'tempest-ServersTestJSON-2063842401-subnet', 'tenant_id': '0728b5fb40de47a7ad1384513eb64d17', 'network_id': 'da745010-43f5-44f6-a437-05d46867d441', 'ip_version': 4, 'subnetpool_id': None, 'enable_dhcp': True, 'ipv6_ra_mode': None, 'ipv6_address_mode': None, 'gateway_ip': '192.168.128.1', 'cidr': '192.168.128.0/28', 'allocation_pools': [{'start': '192.168.128.2', 'end': '192.168.128.14'}], 'host_routes': [], 'dns_nameservers': [], 'description': '', 'router:external': False, 'service_types': [], 'tags': [], 'created_at': '2024-12-11T18:10:05Z', 'updated_at': '2024-12-11T18:10:05Z', 'revision_number': 0, 'project_id': '0728b5fb40de47a7ad1384513eb64d17'}, Router: {'id': '043e59c5-dd65-4e7d-9211-1b27b0a9f426', 'name': 'tempest-ServersTestJSON-2063842401-router', 'tenant_id': '0728b5fb40de47a7ad1384513eb64d17', 'admin_state_up': True, 'status': 'ACTIVE', 'external_gateway_info': {'network_id': 'f03454a3-8b43-4b75-937e-4806e868d0de', 'external_fixed_ips': [{'subnet_id': 'd2640c58-067b-483e-8961-573e5e4aba4b', 'ip_address': '10.180.180.199'}], 'enable_snat': True}, 'description': '', 'availability_zones': [], 'distributed': False, 'ha': False, 'availability_zone_hints': [], 'routes': [], 'flavor_id': None, 'tags': [], 'created_at': '2024-12-11T18:10:06Z', 'updated_at': '2024-12-11T18:10:07Z', 'revision_number': 2, 'project_id': '0728b5fb40de47a7ad1384513eb64d17'}
2024-12-11 18:10:12.015 66073 INFO tempest.lib.common.rest_client [req-01853b61-1750-407d-823e-d0daef6f8f53 req-01853b61-1750-407d-823e-d0daef6f8f53 ] Request (ServerExternalEventsTest:tearDownClass): 200 GET http://10.180.1.21/compute/v2.1/servers/349de27e-166a-4df1-826c-736ad6fb699d 1.374s
2024-12-11 18:10:12.050 66071 WARNING tempest.lib.common.ssh [-] Failed to establish authenticated ssh connection to cirros@10.180.180.136 ([Errno None] Unable to connect to port 22 on 10.180.180.136). Number attempts: 4. Retry after 5 seconds.: paramiko.ssh_exception.NoValidConnectionsError: [Errno None] Unable to connect to port 22 on 10.180.180.136
2024-12-11 18:10:12.096 66069 INFO tempest.lib.common.rest_client [req-61df9fa6-d6f5-43d6-a5d4-0d89856bf248 req-61df9fa6-d6f5-43d6-a5d4-0d89856bf248 ] Request (ServerRescueNegativeTestJSON:setUpClass): 200 GET http://10.180.1.21/compute/v2.1/servers/57b034f4-86d2-455e-b637-39d7da59a070 1.372s
2024-12-11 18:10:12.098 66063 INFO tempest.lib.common.rest_client [req-aef4ce7a-d5e0-412b-928a-dd15f9fc913c req-aef4ce7a-d5e0-412b-928a-dd15f9fc913c ] Request (ServersTestJSON:setUpClass): 201 POST http://10.180.1.21/identity/v3/auth/tokens 0.153s
2024-12-11 18:10:12.151 66057 INFO tempest.lib.common.rest_client [req-91de2926-915a-4d59-8900-3bb727103f9e req-91de2926-915a-4d59-8900-3bb727103f9e ] Request (SecurityGroupsTestJSON:test_list_security_groups_by_server): 200 GET http://10.180.1.21/compute/v2.1/servers/3d905182-d6a5-49e9-98aa-5c7921fc4a69 1.602s
2024-12-11 18:10:12.159 66057 INFO tempest.common.waiters [-] State transition "BUILD/None" ==> "BUILD/block_device_mapping" after 33 second wait
2024-12-11 18:10:12.265 66077 INFO tempest.lib.common.rest_client [req-e9b2b6db-5379-425d-ab68-2d968e7053cb req-e9b2b6db-5379-425d-ab68-2d968e7053cb ] Request (ServerDiagnosticsTest:tearDownClass): 200 GET http://10.180.1.21/compute/v2.1/servers/3201aa57-fc74-4246-b1ed-378356206382 1.413s
2024-12-11 18:10:12.289 66066 INFO tempest.lib.common.rest_client [req-5f2c3c4f-bb6a-4f0a-b1b5-00f31c1f290e req-5f2c3c4f-bb6a-4f0a-b1b5-00f31c1f290e ] Request (FloatingIPsTestJSON:test_allocate_floating_ip): 200 GET http://10.180.1.21/compute/v2.1/os-floating-ips/99a992c7-66d0-4294-88a3-a98d17b94f90 1.403s
2024-12-11 18:10:12.343 66107 INFO tempest.lib.common.rest_client [req-42b54e91-b41e-473e-94e0-ca4a56d0abcc req-42b54e91-b41e-473e-94e0-ca4a56d0abcc ] Request (MultipleCreateTestJSON:test_multiple_create): 200 GET http://10.180.1.21/compute/v2.1/servers/462194db-7674-478a-a9c4-6b86da47bb7f 1.454s
2024-12-11 18:10:12.423 66089 INFO tempest.lib.common.rest_client [req-453fd17a-2f27-4324-a6aa-48b8cf5cfdf3 req-453fd17a-2f27-4324-a6aa-48b8cf5cfdf3 ] Request (MigrationsAdminTest:test_list_migrations_in_flavor_resize_situation): 200 GET http://10.180.1.21/compute/v2.1/servers/3c9a0a11-8469-40d2-9bee-94309b5d9c34 1.253s
2024-12-11 18:10:12.458 66049 INFO tempest.lib.common.rest_client [req-4d4b64ba-be84-4844-94bb-7f245232b682 req-4d4b64ba-be84-4844-94bb-7f245232b682 ] Request (AttachVolumeTestJSON:test_attach_detach_volume): 200 GET http://10.180.1.21/compute/v2.1/servers/1023aca6-471e-4039-ae25-3fcabcc03d0c 1.203s
2024-12-11 18:10:12.491 66067 INFO tempest.lib.common.rest_client [req-08e1e62b-3168-4c6e-8613-ae01207db51d req-08e1e62b-3168-4c6e-8613-ae01207db51d ] Request (FloatingIPsAssociationTestJSON:setUpClass): 200 GET http://10.180.1.21/compute/v2.1/servers/c5ef7536-3779-466b-88bc-fab4e6967fe6 1.142s
2024-12-11 18:10:12.560 66101 INFO tempest.lib.common.rest_client [req-aae626d6-52d4-47a6-a036-69d74150de40 req-aae626d6-52d4-47a6-a036-69d74150de40 ] Request (ServerShowV257Test:test_rebuild_server): 200 GET http://10.180.1.21/compute/v2.1/servers/de1e0774-f6a7-4b1d-80b4-e196e8505d10 0.977s
2024-12-11 18:10:12.623 66053 INFO tempest.lib.common.rest_client [req-7ffbbd5f-1b6c-4353-857b-66a463360ba9 req-7ffbbd5f-1b6c-4353-857b-66a463360ba9 ] Request (ServersTestManualDisk:setUpClass): 200 GET http://10.180.1.21/compute/v2.1/servers/851ff40a-7aa0-4c22-9e6b-6d993db0f850 0.971s
2024-12-11 18:10:12.650 66061 INFO tempest.lib.common.rest_client [req-85160d64-98f1-4c9e-975e-554fc84942c6 req-85160d64-98f1-4c9e-975e-554fc84942c6 ] Request (ListImagesTestJSON:test_get_image): 200 GET http://10.180.1.21/compute/v2.1/images/3ee2d95d-763b-4212-9497-9bec09302502 1.230s
2024-12-11 18:10:12.676 66091 INFO tempest.lib.common.rest_client [req-45c052b8-03a6-4c51-99b3-6cbdaefaf575 req-45c052b8-03a6-4c51-99b3-6cbdaefaf575 ] Request (ServerDiagnosticsV248Test:test_get_server_diagnostics): 200 GET http://10.180.1.21/compute/v2.1/servers/ab6b62e7-7ef6-47e0-b81a-71342a32d20a 0.959s
2024-12-11 18:10:12.726 66079 INFO tempest.lib.common.rest_client [req-d4898f3c-fef3-4fab-b46f-a9dd3891b5dd req-d4898f3c-fef3-4fab-b46f-a9dd3891b5dd ] Request (DeleteServersAdminTestJSON:test_delete_server_while_in_error_state): 200 GET http://10.180.1.21/compute/v2.1/servers/5dfbaf3d-3517-46b8-9617-99db83886d7a 0.963s
2024-12-11 18:10:12.734 66099 INFO tempest.lib.common.rest_client [req-52883999-a5f1-451c-a01e-83a91ea6f9f0 req-52883999-a5f1-451c-a01e-83a91ea6f9f0 ] Request (ListServersNegativeTestJSON:setUpClass): 200 GET http://10.180.1.21/compute/v2.1/servers/8b39cf11-9abd-4c11-b517-d896e2c39cff 0.903s
2024-12-11 18:10:12.788 66075 INFO tempest.lib.common.rest_client [req-15ba9bd8-eab7-4aff-a8d0-691a3b6589cf req-15ba9bd8-eab7-4aff-a8d0-691a3b6589cf ] Request (ServerShowV254Test:test_rebuild_server): 200 GET http://10.180.1.21/compute/v2.1/servers/b3053cc0-f7c0-4eb6-8562-52854a1f83ad 0.831s
2024-12-11 18:10:12.801 66045 INFO tempest.lib.common.rest_client [req-fd642a89-eae8-4368-a9a3-9ee09dd1958a req-fd642a89-eae8-4368-a9a3-9ee09dd1958a ] Request (AttachInterfacesTestJSON:test_create_list_show_delete_interfaces_by_fixed_ip): 200 GET http://10.180.1.21/compute/v2.1/servers/f19fdff2-8f44-4f9a-a43f-6f870a8f8777 0.934s
2024-12-11 18:10:12.847 66095 INFO tempest.lib.common.rest_client [req-2ff1c719-5e5a-4fb0-9001-4affd12c681f req-2ff1c719-5e5a-4fb0-9001-4affd12c681f ] Request (ServerRescueTestJSONUnderV235:setUpClass): 200 GET http://10.180.1.21/compute/v2.1/servers/cbcc51b4-ff2a-48b4-946a-d91e93f87afc 0.875s
2024-12-11 18:10:12.902 66093 INFO tempest.lib.common.rest_client [req-dfe98243-2513-4874-887f-577c55aed700 req-dfe98243-2513-4874-887f-577c55aed700 ] Request (ServerShowV247Test:test_update_rebuild_list_server): 200 GET http://10.180.1.21/compute/v2.1/servers/8e7b1aab-e074-44c0-ae27-4241823b2972 0.885s
2024-12-11 18:10:12.909 66103 INFO tempest.lib.common.rest_client [req-b307a708-22b0-436b-9858-4675303b9a4f req-b307a708-22b0-436b-9858-4675303b9a4f ] Request (ServersAdminTestJSON:test_create_server_with_scheduling_hint): 200 GET http://10.180.1.21/compute/v2.1/servers/82cbb67f-b234-4ee2-b728-a0a935968cb2 0.828s
2024-12-11 18:10:12.912 66093 INFO tempest.common.waiters [-] State transition "REBUILD/rebuilding" ==> "REBUILD/rebuild_spawning" after 1 second wait
2024-12-11 18:10:12.933 66083 INFO tempest.lib.common.rest_client [req-76b3d1ef-46d2-4d48-a6a0-1bd9a521245c req-76b3d1ef-46d2-4d48-a6a0-1bd9a521245c ] Request (DeleteServersTestJSON:setUpClass): 200 PUT http://10.180.1.21:9696/networking/v2.0/routers/31708a3a-7540-44dc-a08a-ad9bcb02315d/add_router_interface 2.822s
2024-12-11 18:10:12.933 66083 INFO tempest.lib.common.dynamic_creds [-] Created isolated network resources for: credentials: Credentials: {'domain_id': 'default', 'domain_name': 'Default', 'username': 'tempest-DeleteServersTestJSON-518959696-project-member', 'project_domain_id': 'default', 'project_domain_name': 'Default', 'project_id': 'eb9db482bac040979b6adcc802384f40', 'project_name': 'tempest-DeleteServersTestJSON-518959696', 'tenant_id': 'eb9db482bac040979b6adcc802384f40', 'tenant_name': 'tempest-DeleteServersTestJSON-518959696', 'user_domain_id': 'default', 'user_domain_name': 'Default', 'user_id': '158a29b12a4e433bae4db4b349c1e1dc', 'system': None}, Network: {'id': 'ebfb8c68-eee7-4bfa-b329-0515bf87bf51', 'name': 'tempest-DeleteServersTestJSON-1956487854-network', 'tenant_id': 'eb9db482bac040979b6adcc802384f40', 'admin_state_up': True, 'mtu': 8950, 'status': 'ACTIVE', 'subnets': [], 'shared': False, 'project_id': 'eb9db482bac040979b6adcc802384f40', 'port_security_enabled': True, 'router:external': False, 'provider:network_type': 'vlan', 'provider:physical_network': 'default', 'provider:segmentation_id': 323, 'availability_zone_hints': [], 'availability_zones': [], 'ipv4_address_scope': None, 'ipv6_address_scope': None, 'description': '', 'tags': [], 'created_at': '2024-12-11T18:10:07Z', 'updated_at': '2024-12-11T18:10:07Z', 'revision_number': 1}, Subnet: {'id': 'b39fcd37-9025-499c-af73-8f0f23046c22', 'name': 'tempest-DeleteServersTestJSON-1956487854-subnet', 'tenant_id': 'eb9db482bac040979b6adcc802384f40', 'network_id': 'ebfb8c68-eee7-4bfa-b329-0515bf87bf51', 'ip_version': 4, 'subnetpool_id': None, 'enable_dhcp': True, 'ipv6_ra_mode': None, 'ipv6_address_mode': None, 'gateway_ip': '192.168.128.1', 'cidr': '192.168.128.0/28', 'allocation_pools': [{'start': '192.168.128.2', 'end': '192.168.128.14'}], 'host_routes': [], 'dns_nameservers': [], 'description': '', 'router:external': False, 'service_types': [], 'tags': [], 'created_at': '2024-12-11T18:10:07Z', 'updated_at': '2024-12-11T18:10:07Z', 'revision_number': 0, 'project_id': 'eb9db482bac040979b6adcc802384f40'}, Router: {'id': '31708a3a-7540-44dc-a08a-ad9bcb02315d', 'name': 'tempest-DeleteServersTestJSON-1956487854-router', 'tenant_id': 'eb9db482bac040979b6adcc802384f40', 'admin_state_up': True, 'status': 'ACTIVE', 'external_gateway_info': {'network_id': 'f03454a3-8b43-4b75-937e-4806e868d0de', 'external_fixed_ips': [{'subnet_id': 'd2640c58-067b-483e-8961-573e5e4aba4b', 'ip_address': '10.180.180.177'}], 'enable_snat': True}, 'description': '', 'availability_zones': [], 'distributed': False, 'ha': False, 'availability_zone_hints': [], 'routes': [], 'flavor_id': None, 'tags': [], 'created_at': '2024-12-11T18:10:07Z', 'updated_at': '2024-12-11T18:10:08Z', 'revision_number': 2, 'project_id': 'eb9db482bac040979b6adcc802384f40'}
2024-12-11 18:10:12.998 66063 INFO tempest.lib.common.rest_client [req-595c1dda-124a-4f2d-8c26-20991dc77ab6 req-595c1dda-124a-4f2d-8c26-20991dc77ab6 ] Request (ServersTestJSON:setUpClass): 200 POST http://10.180.1.21/compute/v2.1/os-keypairs 0.899s
2024-12-11 18:10:13.040 66083 INFO tempest.lib.common.rest_client [req-ddd5dc6f-2eb3-4e42-9f1e-088cb04bb6e8 req-ddd5dc6f-2eb3-4e42-9f1e-088cb04bb6e8 ] Request (DeleteServersTestJSON:setUpClass): 201 POST http://10.180.1.21/identity/v3/auth/tokens 0.103s
2024-12-11 18:10:13.067 66097 INFO tempest.lib.common.rest_client [req-e15009b7-75fd-49a0-80ba-96a883fca021 req-e15009b7-75fd-49a0-80ba-96a883fca021 ] Request (TenantUsagesTestJSON:setUpClass): 200 GET http://10.180.1.21/compute/v2.1/servers/e4ec06ca-e47e-44bd-befb-cdc76f4da929 0.827s
2024-12-11 18:10:13.084 66083 INFO tempest.lib.common.rest_client [req-d1327a0b-6c8b-43c9-9805-882772dad932 req-d1327a0b-6c8b-43c9-9805-882772dad932 ] Request (DeleteServersTestJSON:test_delete_active_server): 201 POST http://10.180.1.21/identity/v3/auth/tokens 0.039s
2024-12-11 18:10:13.084 66083 INFO tempest.lib.common.fixed_network [-] (DeleteServersTestJSON:test_delete_active_server) Found network {'id': 'ebfb8c68-eee7-4bfa-b329-0515bf87bf51', 'name': 'tempest-DeleteServersTestJSON-1956487854-network', 'tenant_id': 'eb9db482bac040979b6adcc802384f40', 'admin_state_up': True, 'mtu': 8950, 'status': 'ACTIVE', 'subnets': [], 'shared': False, 'project_id': 'eb9db482bac040979b6adcc802384f40', 'port_security_enabled': True, 'router:external': False, 'provider:network_type': 'vlan', 'provider:physical_network': 'default', 'provider:segmentation_id': 323, 'availability_zone_hints': [], 'availability_zones': [], 'ipv4_address_scope': None, 'ipv6_address_scope': None, 'description': '', 'tags': [], 'created_at': '2024-12-11T18:10:07Z', 'updated_at': '2024-12-11T18:10:07Z', 'revision_number': 1} available for tenant
2024-12-11 18:10:13.177 66066 INFO tempest.lib.common.rest_client [req-b25c29ee-4ec6-423e-bdbc-5be2cc6a0b91 req-b25c29ee-4ec6-423e-bdbc-5be2cc6a0b91 ] Request (FloatingIPsTestJSON:test_allocate_floating_ip): 200 GET http://10.180.1.21/compute/v2.1/os-floating-ips 0.885s
2024-12-11 18:10:13.193 66063 INFO tempest.lib.common.rest_client [req-8316235e-ea33-4834-9d8c-3cac89b84c91 req-8316235e-ea33-4834-9d8c-3cac89b84c91 ] Request (ServersTestJSON:setUpClass): 201 POST http://10.180.1.21:9696/networking/v2.0/security-groups 0.193s
2024-12-11 18:10:13.199 66047 INFO tempest.lib.common.rest_client [req-a6af27dc-a332-4041-8aa0-57495bbd96ad req-a6af27dc-a332-4041-8aa0-57495bbd96ad ] Request (ServerGroupTestJSON:test_create_server_with_scheduler_hint_group): 200 GET http://10.180.1.21/compute/v2.1/servers/4d374011-671a-4729-a7ee-c624bd927980 0.958s
2024-12-11 18:10:13.247 66051 INFO tempest.lib.common.rest_client [req-ed79c7b4-a342-40a2-bb93-b7b70bcb18b7 req-ed79c7b4-a342-40a2-bb93-b7b70bcb18b7 ] Request (ServersTestMultiNic:_run_cleanups): 200 GET http://10.180.1.21/compute/v2.1/servers/35973d0f-999a-46f3-aa4e-c8b876e45cbb 0.917s
2024-12-11 18:10:13.286 66063 INFO tempest.lib.common.rest_client [req-ec44c64e-feed-41df-a741-95f3e8c741c9 req-ec44c64e-feed-41df-a741-95f3e8c741c9 ] Request (ServersTestJSON:setUpClass): 201 POST http://10.180.1.21:9696/networking/v2.0/security-group-rules 0.092s
2024-12-11 18:10:13.329 66055 INFO tempest.lib.common.rest_client [req-ad436db1-106f-48cd-ba51-90b179ea31b3 req-ad436db1-106f-48cd-ba51-90b179ea31b3 ] Request (ServersAdmin275Test:tearDownClass): 200 GET http://10.180.1.21/compute/v2.1/servers/bd82b418-92da-463b-a1dc-33739fef062b 0.732s
2024-12-11 18:10:13.379 66059 INFO tempest.lib.common.rest_client [req-dcc9d109-a6b0-459f-9960-b19cb2c2a746 req-dcc9d109-a6b0-459f-9960-b19cb2c2a746 ] Request (ImagesOneServerTestJSON:setUpClass): 200 GET http://10.180.1.21/compute/v2.1/servers/4eae80de-2c8e-4fc6-a31a-9cf30c10aee2 0.877s
2024-12-11 18:10:13.388 66061 INFO tempest.lib.common.rest_client [req-a294d1f5-c9b0-4c4e-a416-52efb52edf96 req-a294d1f5-c9b0-4c4e-a416-52efb52edf96 ] Request (ListImagesTestJSON:test_list_images): 200 GET http://10.180.1.21/compute/v2.1/images 0.734s
2024-12-11 18:10:13.420 66063 INFO tempest.lib.common.rest_client [req-ffb2a6da-477a-4715-9ef0-9d6f1d226ffb req-ffb2a6da-477a-4715-9ef0-9d6f1d226ffb ] Request (ServersTestJSON:setUpClass): 201 POST http://10.180.1.21:9696/networking/v2.0/security-group-rules 0.133s
2024-12-11 18:10:13.447 66085 INFO tempest.lib.common.rest_client [req-a2cf229e-1bca-433b-abdf-348010fbab5e req-a2cf229e-1bca-433b-abdf-348010fbab5e ] Request (ServerPasswordTestJSON:tearDownClass): 200 GET http://10.180.1.21/compute/v2.1/servers/7ff43fd2-f061-4cd4-9dd9-fd8bab497694 0.548s
2024-12-11 18:10:13.463 66073 INFO tempest.lib.common.rest_client [req-ec218fd3-96a4-478e-b548-a586e6e6a4d0 req-ec218fd3-96a4-478e-b548-a586e6e6a4d0 ] Request (ServerExternalEventsTest:tearDownClass): 200 GET http://10.180.1.21/compute/v2.1/servers/349de27e-166a-4df1-826c-736ad6fb699d 0.436s
2024-12-11 18:10:13.529 66069 INFO tempest.lib.common.rest_client [req-82177017-21fb-4a55-ad67-b93a8f09064c req-82177017-21fb-4a55-ad67-b93a8f09064c ] Request (ServerRescueNegativeTestJSON:setUpClass): 200 GET http://10.180.1.21/compute/v2.1/servers/57b034f4-86d2-455e-b637-39d7da59a070 0.426s
2024-12-11 18:10:13.697 66057 INFO tempest.lib.common.rest_client [req-439e8b2d-a783-4f17-96e7-39228c623814 req-439e8b2d-a783-4f17-96e7-39228c623814 ] Request (SecurityGroupsTestJSON:test_list_security_groups_by_server): 200 GET http://10.180.1.21/compute/v2.1/servers/3d905182-d6a5-49e9-98aa-5c7921fc4a69 0.537s
2024-12-11 18:10:13.703 66057 INFO tempest.common.waiters [-] State transition "BUILD/block_device_mapping" ==> "BUILD/spawning" after 34 second wait
2024-12-11 18:10:13.745 66081 INFO tempest.lib.common.rest_client [req-ba832ea2-adcc-47a2-80b6-837218e2e314 req-ba832ea2-adcc-47a2-80b6-837218e2e314 ] Request (ImagesOneServerNegativeTestJSON:setUpClass): 200 PUT http://10.180.1.21:9696/networking/v2.0/routers/59e01173-8dab-4f25-b5ae-8d83ab76564f/add_router_interface 2.281s
2024-12-11 18:10:13.746 66081 INFO tempest.lib.common.dynamic_creds [-] Created isolated network resources for: credentials: Credentials: {'domain_id': 'default', 'domain_name': 'Default', 'username': 'tempest-ImagesOneServerNegativeTestJSON-1347302160-project-member', 'project_domain_id': 'default', 'project_domain_name': 'Default', 'project_id': 'c300b507c2a14d07967665fd53a4f3cf', 'project_name': 'tempest-ImagesOneServerNegativeTestJSON-1347302160', 'tenant_id': 'c300b507c2a14d07967665fd53a4f3cf', 'tenant_name': 'tempest-ImagesOneServerNegativeTestJSON-1347302160', 'user_domain_id': 'default', 'user_domain_name': 'Default', 'user_id': 'bfac90b1f51343278da8349d7dd7c544', 'system': None}, Network: {'id': 'd1df2cb8-c661-4c3e-a5d7-5f54a2768020', 'name': 'tempest-ImagesOneServerNegativeTestJSON-1488552324-network', 'tenant_id': 'c300b507c2a14d07967665fd53a4f3cf', 'admin_state_up': True, 'mtu': 8950, 'status': 'ACTIVE', 'subnets': [], 'shared': False, 'project_id': 'c300b507c2a14d07967665fd53a4f3cf', 'port_security_enabled': True, 'router:external': False, 'provider:network_type': 'vlan', 'provider:physical_network': 'default', 'provider:segmentation_id': 771, 'availability_zone_hints': [], 'availability_zones': [], 'ipv4_address_scope': None, 'ipv6_address_scope': None, 'description': '', 'tags': [], 'created_at': '2024-12-11T18:10:09Z', 'updated_at': '2024-12-11T18:10:09Z', 'revision_number': 1}, Subnet: {'id': '75c82998-f56d-4d3c-af87-0c6890e7cc7e', 'name': 'tempest-ImagesOneServerNegativeTestJSON-1488552324-subnet', 'tenant_id': 'c300b507c2a14d07967665fd53a4f3cf', 'network_id': 'd1df2cb8-c661-4c3e-a5d7-5f54a2768020', 'ip_version': 4, 'subnetpool_id': None, 'enable_dhcp': True, 'ipv6_ra_mode': None, 'ipv6_address_mode': None, 'gateway_ip': '192.168.128.1', 'cidr': '192.168.128.0/28', 'allocation_pools': [{'start': '192.168.128.2', 'end': '192.168.128.14'}], 'host_routes': [], 'dns_nameservers': [], 'description': '', 'router:external': False, 'service_types': [], 'tags': [], 'created_at': '2024-12-11T18:10:09Z', 'updated_at': '2024-12-11T18:10:09Z', 'revision_number': 0, 'project_id': 'c300b507c2a14d07967665fd53a4f3cf'}, Router: {'id': '59e01173-8dab-4f25-b5ae-8d83ab76564f', 'name': 'tempest-ImagesOneServerNegativeTestJSON-1488552324-router', 'tenant_id': 'c300b507c2a14d07967665fd53a4f3cf', 'admin_state_up': True, 'status': 'ACTIVE', 'external_gateway_info': {'network_id': 'f03454a3-8b43-4b75-937e-4806e868d0de', 'external_fixed_ips': [{'subnet_id': 'd2640c58-067b-483e-8961-573e5e4aba4b', 'ip_address': '10.180.180.172'}], 'enable_snat': True}, 'description': '', 'availability_zones': [], 'distributed': False, 'ha': False, 'availability_zone_hints': [], 'routes': [], 'flavor_id': None, 'tags': [], 'created_at': '2024-12-11T18:10:10Z', 'updated_at': '2024-12-11T18:10:10Z', 'revision_number': 2, 'project_id': 'c300b507c2a14d07967665fd53a4f3cf'}
2024-12-11 18:10:13.846 66081 INFO tempest.lib.common.rest_client [req-30834963-2f4d-4bda-bee3-6e738215ac8e req-30834963-2f4d-4bda-bee3-6e738215ac8e ] Request (ImagesOneServerNegativeTestJSON:setUpClass): 201 POST http://10.180.1.21/identity/v3/auth/tokens 0.097s
2024-12-11 18:10:13.861 66083 INFO tempest.lib.common.rest_client [req-a18532f2-f34f-47fb-a891-4aaccb397c26 req-a18532f2-f34f-47fb-a891-4aaccb397c26 ] Request (DeleteServersTestJSON:test_delete_active_server): 202 POST http://10.180.1.21/compute/v2.1/servers 0.776s
2024-12-11 18:10:13.896 66081 INFO tempest.lib.common.rest_client [req-68bfbab0-22fe-4552-91fe-9a4062ca544a req-68bfbab0-22fe-4552-91fe-9a4062ca544a ] Request (ImagesOneServerNegativeTestJSON:setUpClass): 201 POST http://10.180.1.21/identity/v3/auth/tokens 0.042s
2024-12-11 18:10:13.896 66081 INFO tempest.lib.common.fixed_network [-] (ImagesOneServerNegativeTestJSON:setUpClass) Found network {'id': 'd1df2cb8-c661-4c3e-a5d7-5f54a2768020', 'name': 'tempest-ImagesOneServerNegativeTestJSON-1488552324-network', 'tenant_id': 'c300b507c2a14d07967665fd53a4f3cf', 'admin_state_up': True, 'mtu': 8950, 'status': 'ACTIVE', 'subnets': [], 'shared': False, 'project_id': 'c300b507c2a14d07967665fd53a4f3cf', 'port_security_enabled': True, 'router:external': False, 'provider:network_type': 'vlan', 'provider:physical_network': 'default', 'provider:segmentation_id': 771, 'availability_zone_hints': [], 'availability_zones': [], 'ipv4_address_scope': None, 'ipv6_address_scope': None, 'description': '', 'tags': [], 'created_at': '2024-12-11T18:10:09Z', 'updated_at': '2024-12-11T18:10:09Z', 'revision_number': 1} available for tenant
2024-12-11 18:10:13.971 66077 INFO tempest.lib.common.rest_client [req-323be872-9126-4588-a365-8a974d5bb72e req-323be872-9126-4588-a365-8a974d5bb72e ] Request (ServerDiagnosticsTest:tearDownClass): 200 GET http://10.180.1.21/compute/v2.1/servers/3201aa57-fc74-4246-b1ed-378356206382 0.696s
2024-12-11 18:10:14.049 66107 INFO tempest.lib.common.rest_client [req-4530e2c8-ae49-4e9b-ab55-375af1e680a2 req-4530e2c8-ae49-4e9b-ab55-375af1e680a2 ] Request (MultipleCreateTestJSON:test_multiple_create): 200 GET http://10.180.1.21/compute/v2.1/servers/462194db-7674-478a-a9c4-6b86da47bb7f 0.696s
2024-12-11 18:10:14.091 66061 INFO tempest.lib.common.rest_client [req-1382ee37-4f86-47fb-83e5-b4e61a946189 req-1382ee37-4f86-47fb-83e5-b4e61a946189 ] Request (ListImagesTestJSON:test_list_images_with_detail): 200 GET http://10.180.1.21/compute/v2.1/images/detail 0.700s
2024-12-11 18:10:14.240 66061 INFO tempest.lib.common.rest_client [req-9cbf509b-6576-45b1-9123-aa7e6da8029d req-9cbf509b-6576-45b1-9123-aa7e6da8029d ] Request (ListImagesTestJSON:tearDownClass): 204 DELETE http://10.180.1.21/identity/v3/users/faf9a3e8053143d8836eb3fb983b1155 0.140s
2024-12-11 18:10:14.240 66061 INFO tempest.lib.common.dynamic_creds [-] Deleting project and security group for project: 94816cc09bac48fa8c528c963f26a9a7
2024-12-11 18:10:14.272 66089 INFO tempest.lib.common.rest_client [req-55d0381f-66b7-4364-8eb3-b09e835efae2 req-55d0381f-66b7-4364-8eb3-b09e835efae2 ] Request (MigrationsAdminTest:test_list_migrations_in_flavor_resize_situation): 200 GET http://10.180.1.21/compute/v2.1/servers/3c9a0a11-8469-40d2-9bee-94309b5d9c34 0.839s
2024-12-11 18:10:14.298 66061 INFO tempest.lib.common.rest_client [req-764d4259-8250-40e3-89da-3015a3ac1de8 req-764d4259-8250-40e3-89da-3015a3ac1de8 ] Request (ListImagesTestJSON:tearDownClass): 201 POST http://10.180.1.21/identity/v3/auth/tokens 0.057s
2024-12-11 18:10:14.331 66049 INFO tempest.lib.common.rest_client [req-769298e4-adf1-4e21-b463-2f371855a8f6 req-769298e4-adf1-4e21-b463-2f371855a8f6 ] Request (AttachVolumeTestJSON:test_attach_detach_volume): 200 GET http://10.180.1.21/compute/v2.1/servers/1023aca6-471e-4039-ae25-3fcabcc03d0c 0.862s
2024-12-11 18:10:14.381 66067 INFO tempest.lib.common.rest_client [req-4834ad28-3fa8-4db2-a0a4-4c855ed598c0 req-4834ad28-3fa8-4db2-a0a4-4c855ed598c0 ] Request (FloatingIPsAssociationTestJSON:setUpClass): 200 GET http://10.180.1.21/compute/v2.1/servers/c5ef7536-3779-466b-88bc-fab4e6967fe6 0.876s
2024-12-11 18:10:14.443 66066 INFO tempest.lib.common.rest_client [req-89f5940f-542a-4f51-be61-97f7fe66d6bc req-89f5940f-542a-4f51-be61-97f7fe66d6bc ] Request (FloatingIPsTestJSON:_run_cleanups): 202 DELETE http://10.180.1.21/compute/v2.1/os-floating-ips/99a992c7-66d0-4294-88a3-a98d17b94f90 1.264s
2024-12-11 18:10:14.448 66063 INFO tempest.lib.common.rest_client [req-403b06b3-2f4a-405c-a24b-6057d0b00deb req-403b06b3-2f4a-405c-a24b-6057d0b00deb ] Request (ServersTestJSON:setUpClass): 201 POST http://10.180.1.21:9696/networking/v2.0/floatingips 1.027s
2024-12-11 18:10:14.470 66101 INFO tempest.lib.common.rest_client [req-b5002878-fb9e-4183-9af6-4ad44f33d80d req-b5002878-fb9e-4183-9af6-4ad44f33d80d ] Request (ServerShowV257Test:test_rebuild_server): 200 GET http://10.180.1.21/compute/v2.1/servers/de1e0774-f6a7-4b1d-80b4-e196e8505d10 0.901s
2024-12-11 18:10:14.546 66053 INFO tempest.lib.common.rest_client [req-bdbca2e8-5a30-43c3-be0a-340fc14b5e7a req-bdbca2e8-5a30-43c3-be0a-340fc14b5e7a ] Request (ServersTestManualDisk:setUpClass): 200 GET http://10.180.1.21/compute/v2.1/servers/851ff40a-7aa0-4c22-9e6b-6d993db0f850 0.915s
2024-12-11 18:10:14.559 66063 INFO tempest.lib.common.rest_client [req-c01c34c2-9130-4f81-8a98-ff51199ba7b5 req-c01c34c2-9130-4f81-8a98-ff51199ba7b5 ] Request (ServersTestJSON:setUpClass): 201 POST http://10.180.1.21/identity/v3/auth/tokens 0.104s
2024-12-11 18:10:14.562 66063 INFO tempest.lib.common.fixed_network [-] (ServersTestJSON:setUpClass) Found network {'id': 'da745010-43f5-44f6-a437-05d46867d441', 'name': 'tempest-ServersTestJSON-2063842401-network', 'tenant_id': '0728b5fb40de47a7ad1384513eb64d17', 'admin_state_up': True, 'mtu': 8950, 'status': 'ACTIVE', 'subnets': [], 'shared': False, 'project_id': '0728b5fb40de47a7ad1384513eb64d17', 'port_security_enabled': True, 'router:external': False, 'provider:network_type': 'vlan', 'provider:physical_network': 'default', 'provider:segmentation_id': 305, 'availability_zone_hints': [], 'availability_zones': [], 'ipv4_address_scope': None, 'ipv6_address_scope': None, 'description': '', 'tags': [], 'created_at': '2024-12-11T18:10:05Z', 'updated_at': '2024-12-11T18:10:05Z', 'revision_number': 1} available for tenant
2024-12-11 18:10:14.575 66091 INFO tempest.lib.common.rest_client [req-ad0831b3-9cf8-48e9-ba39-d78f15e9c82e req-ad0831b3-9cf8-48e9-ba39-d78f15e9c82e ] Request (ServerDiagnosticsV248Test:test_get_server_diagnostics): 200 GET http://10.180.1.21/compute/v2.1/servers/ab6b62e7-7ef6-47e0-b81a-71342a32d20a 0.887s
2024-12-11 18:10:14.619 66079 INFO tempest.lib.common.rest_client [req-bbd342ee-f693-42e3-a789-53d8f458e5e4 req-bbd342ee-f693-42e3-a789-53d8f458e5e4 ] Request (DeleteServersAdminTestJSON:test_delete_server_while_in_error_state): 200 GET http://10.180.1.21/compute/v2.1/servers/5dfbaf3d-3517-46b8-9617-99db83886d7a 0.883s
2024-12-11 18:10:14.622 66061 INFO tempest.lib.common.rest_client [req-386f6413-9458-413d-a849-9cbfda9f8f5c req-386f6413-9458-413d-a849-9cbfda9f8f5c ] Request (ListImagesTestJSON:tearDownClass): 200 GET http://10.180.1.21:9696/networking/v2.0/security-groups?tenant_id=94816cc09bac48fa8c528c963f26a9a7&name=default 0.323s
2024-12-11 18:10:14.628 66079 INFO tempest.common.waiters [-] State transition "BUILD/None" ==> "BUILD/networking" after 34 second wait
2024-12-11 18:10:14.663 66099 INFO tempest.lib.common.rest_client [req-37f9965d-6321-4e62-9b7a-467a73e9fca5 req-37f9965d-6321-4e62-9b7a-467a73e9fca5 ] Request (ListServersNegativeTestJSON:setUpClass): 200 GET http://10.180.1.21/compute/v2.1/servers/8b39cf11-9abd-4c11-b517-d896e2c39cff 0.922s
2024-12-11 18:10:14.683 66075 INFO tempest.lib.common.rest_client [req-25dae7bb-c038-4449-9564-badb4012ecb7 req-25dae7bb-c038-4449-9564-badb4012ecb7 ] Request (ServerShowV254Test:test_rebuild_server): 200 GET http://10.180.1.21/compute/v2.1/servers/b3053cc0-f7c0-4eb6-8562-52854a1f83ad 0.884s
2024-12-11 18:10:14.721 66045 INFO tempest.lib.common.rest_client [req-d95c391f-72b4-4f76-b3aa-50909794eb76 req-d95c391f-72b4-4f76-b3aa-50909794eb76 ] Request (AttachInterfacesTestJSON:test_create_list_show_delete_interfaces_by_fixed_ip): 200 GET http://10.180.1.21/compute/v2.1/servers/f19fdff2-8f44-4f9a-a43f-6f870a8f8777 0.911s
2024-12-11 18:10:14.733 66095 INFO tempest.lib.common.rest_client [req-8b3cdda2-9f12-4956-bf3d-a90991f8c8d1 req-8b3cdda2-9f12-4956-bf3d-a90991f8c8d1 ] Request (ServerRescueTestJSONUnderV235:setUpClass): 200 GET http://10.180.1.21/compute/v2.1/servers/cbcc51b4-ff2a-48b4-946a-d91e93f87afc 0.876s
2024-12-11 18:10:14.754 66061 INFO tempest.lib.common.rest_client [req-a1ebc32d-8910-4891-b360-c49ae6212c9d req-a1ebc32d-8910-4891-b360-c49ae6212c9d ] Request (ListImagesTestJSON:tearDownClass): 204 DELETE http://10.180.1.21:9696/networking/v2.0/security-groups/d6aa257e-a4d9-470a-92a9-a501787fd2e3 0.131s
2024-12-11 18:10:14.786 66083 INFO tempest.lib.common.rest_client [req-20e872c5-2f1b-47b5-bc91-d2037fe75c8b req-20e872c5-2f1b-47b5-bc91-d2037fe75c8b ] Request (DeleteServersTestJSON:test_delete_active_server): 200 GET http://10.180.1.21/compute/v2.1/servers/0c814c4b-251e-4c13-9178-645bca5c0049 0.923s
2024-12-11 18:10:14.839 66061 INFO tempest.lib.common.rest_client [req-13ba2bcf-be8d-47dd-abd9-ef1f4f54bd3a req-13ba2bcf-be8d-47dd-abd9-ef1f4f54bd3a ] Request (ListImagesTestJSON:tearDownClass): 204 DELETE http://10.180.1.21/identity/v3/projects/94816cc09bac48fa8c528c963f26a9a7 0.085s
2024-12-11 18:10:14.856 66093 INFO tempest.lib.common.rest_client [req-199786ee-e035-4a62-8ea5-25cbdb6df2ab req-199786ee-e035-4a62-8ea5-25cbdb6df2ab ] Request (ServerShowV247Test:test_update_rebuild_list_server): 200 GET http://10.180.1.21/compute/v2.1/servers/8e7b1aab-e074-44c0-ae27-4241823b2972 0.942s
2024-12-11 18:10:14.917 66103 INFO tempest.lib.common.rest_client [req-2afa1357-e479-470a-96e5-3e63a1e587a7 req-2afa1357-e479-470a-96e5-3e63a1e587a7 ] Request (ServersAdminTestJSON:test_create_server_with_scheduling_hint): 200 GET http://10.180.1.21/compute/v2.1/servers/82cbb67f-b234-4ee2-b728-a0a935968cb2 1.001s
2024-12-11 18:10:14.933 66061 INFO tempest.lib.common.rest_client [req-83147167-16db-47ec-9c48-3ff0a6f16ad4 req-83147167-16db-47ec-9c48-3ff0a6f16ad4 ] Request (ServersNegativeTestJSON:setUpClass): 201 POST http://10.180.1.21/identity/v3/auth/tokens 0.092s
2024-12-11 18:10:14.968 66061 INFO tempest.lib.common.rest_client [req-8c8b89b4-3e2c-4409-8996-ba6d96482eb2 req-8c8b89b4-3e2c-4409-8996-ba6d96482eb2 ] Request (ServersNegativeTestJSON:setUpClass): 201 POST http://10.180.1.21/identity/v3/auth/tokens 0.032s
2024-12-11 18:10:15.000 66061 INFO tempest.lib.common.rest_client [req-45ae77e1-cad5-40a0-a047-317478d4ddf7 req-45ae77e1-cad5-40a0-a047-317478d4ddf7 ] Request (ServersNegativeTestJSON:setUpClass): 200 GET http://10.180.1.21/identity/v3/domains?name=Default 0.031s
2024-12-11 18:10:15.034 66061 INFO tempest.lib.common.rest_client [req-3df3992e-f462-4f61-ba26-0c0f85e3fdf0 req-3df3992e-f462-4f61-ba26-0c0f85e3fdf0 ] Request (ServersNegativeTestJSON:setUpClass): 201 POST http://10.180.1.21/identity/v3/projects 0.034s
2024-12-11 18:10:15.058 66097 INFO tempest.lib.common.rest_client [req-ddc8fb68-a294-403d-a89f-ba97cb171dfc req-ddc8fb68-a294-403d-a89f-ba97cb171dfc ] Request (TenantUsagesTestJSON:setUpClass): 200 GET http://10.180.1.21/compute/v2.1/servers/e4ec06ca-e47e-44bd-befb-cdc76f4da929 0.985s
2024-12-11 18:10:15.111 66061 INFO tempest.lib.common.rest_client [req-3234ffc7-8cd8-4b20-9463-b7d7799d1fc1 req-3234ffc7-8cd8-4b20-9463-b7d7799d1fc1 ] Request (ServersNegativeTestJSON:setUpClass): 201 POST http://10.180.1.21/identity/v3/users 0.076s
2024-12-11 18:10:15.136 66061 INFO tempest.lib.common.rest_client [req-46448290-8ab9-4ba7-afdd-bec7be6731ea req-46448290-8ab9-4ba7-afdd-bec7be6731ea ] Request (ServersNegativeTestJSON:setUpClass): 200 GET http://10.180.1.21/identity/v3/roles 0.024s
2024-12-11 18:10:15.169 66061 INFO tempest.lib.common.rest_client [req-7db9aec6-502a-45a6-b708-3535930b1702 req-7db9aec6-502a-45a6-b708-3535930b1702 ] Request (ServersNegativeTestJSON:setUpClass): 204 PUT http://10.180.1.21/identity/v3/projects/0ff64a2e4b274326b672cbc0a62faf53/users/ba80f23e831e48718e2265bb26a0fadf/roles/5a307acaf1014acbaa0e5fdc3cf6cd0e 0.033s
2024-12-11 18:10:15.169 66061 INFO tempest.lib.common.dynamic_creds [-] Dynamic test user ba80f23e831e48718e2265bb26a0fadf is created with scope project and roles: ['member']
2024-12-11 18:10:15.170 66061 INFO tempest.lib.common.dynamic_creds [-] Acquired dynamic creds: credentials: Credentials: {'domain_id': 'default', 'domain_name': 'Default', 'username': 'tempest-ServersNegativeTestJSON-1924061388-project-member', 'project_domain_id': 'default', 'project_domain_name': 'Default', 'project_id': '0ff64a2e4b274326b672cbc0a62faf53', 'project_name': 'tempest-ServersNegativeTestJSON-1924061388', 'tenant_id': '0ff64a2e4b274326b672cbc0a62faf53', 'tenant_name': 'tempest-ServersNegativeTestJSON-1924061388', 'user_domain_id': 'default', 'user_domain_name': 'Default', 'user_id': 'ba80f23e831e48718e2265bb26a0fadf', 'system': None}, Network: None, Subnet: None, Router: None
2024-12-11 18:10:15.212 66047 INFO tempest.lib.common.rest_client [req-ed0f346b-46ce-48c3-b86e-e535ee3017f3 req-ed0f346b-46ce-48c3-b86e-e535ee3017f3 ] Request (ServerGroupTestJSON:test_create_server_with_scheduler_hint_group): 200 GET http://10.180.1.21/compute/v2.1/servers/4d374011-671a-4729-a7ee-c624bd927980 1.002s
2024-12-11 18:10:15.237 66061 INFO tempest.lib.common.rest_client [req-b551b9b0-e3ef-4e43-9e0c-99795620a386 req-b551b9b0-e3ef-4e43-9e0c-99795620a386 ] Request (ServersNegativeTestJSON:setUpClass): 201 POST http://10.180.1.21/identity/v3/auth/tokens 0.067s
2024-12-11 18:10:15.287 66051 INFO tempest.lib.common.rest_client [req-f530f1d8-9118-4f03-af31-30da4a7cb506 req-f530f1d8-9118-4f03-af31-30da4a7cb506 ] Request (ServersTestMultiNic:_run_cleanups): 200 GET http://10.180.1.21/compute/v2.1/servers/35973d0f-999a-46f3-aa4e-c8b876e45cbb 1.030s
2024-12-11 18:10:15.363 66055 INFO tempest.lib.common.rest_client [req-e4014dc1-af36-4e82-8b98-f721d860f3ca req-e4014dc1-af36-4e82-8b98-f721d860f3ca ] Request (ServersAdmin275Test:tearDownClass): 200 GET http://10.180.1.21/compute/v2.1/servers/bd82b418-92da-463b-a1dc-33739fef062b 1.024s
2024-12-11 18:10:15.439 66081 INFO tempest.lib.common.rest_client [req-b609b6af-c097-43dc-a493-7f20b1e20fbd req-b609b6af-c097-43dc-a493-7f20b1e20fbd ] Request (ImagesOneServerNegativeTestJSON:setUpClass): 202 POST http://10.180.1.21/compute/v2.1/servers 1.542s
2024-12-11 18:10:15.499 66059 INFO tempest.lib.common.rest_client [req-3b40a4fb-d618-45a5-94d1-3f29da1d69cf req-3b40a4fb-d618-45a5-94d1-3f29da1d69cf ] Request (ImagesOneServerTestJSON:setUpClass): 200 GET http://10.180.1.21/compute/v2.1/servers/4eae80de-2c8e-4fc6-a31a-9cf30c10aee2 1.109s
2024-12-11 18:10:15.507 66059 INFO tempest.common.waiters [-] State transition "BUILD/spawning" ==> "ACTIVE/None" after 44 second wait
2024-12-11 18:10:15.569 66061 INFO tempest.lib.common.rest_client [req-1b96b1ce-1a5c-4e2d-94c0-4dbe4ae2d0c2 req-1b96b1ce-1a5c-4e2d-94c0-4dbe4ae2d0c2 ] Request (ServersNegativeTestJSON:setUpClass): 201 POST http://10.180.1.21:9696/networking/v2.0/networks 0.331s
2024-12-11 18:10:15.571 66085 INFO tempest.lib.common.rest_client [req-fcc5df63-c756-4c64-9609-dad916accaea req-fcc5df63-c756-4c64-9609-dad916accaea ] Request (ServerPasswordTestJSON:tearDownClass): 200 GET http://10.180.1.21/compute/v2.1/servers/7ff43fd2-f061-4cd4-9dd9-fd8bab497694 1.117s
2024-12-11 18:10:15.603 66073 INFO tempest.lib.common.rest_client [req-792f600a-4a76-40d4-a96a-7d52e823b1ee req-792f600a-4a76-40d4-a96a-7d52e823b1ee ] Request (ServerExternalEventsTest:tearDownClass): 404 GET http://10.180.1.21/compute/v2.1/servers/349de27e-166a-4df1-826c-736ad6fb699d 1.126s
2024-12-11 18:10:15.687 66069 INFO tempest.lib.common.rest_client [req-bc482729-4a78-491d-b672-7dc841e269f7 req-bc482729-4a78-491d-b672-7dc841e269f7 ] Request (ServerRescueNegativeTestJSON:setUpClass): 200 GET http://10.180.1.21/compute/v2.1/servers/57b034f4-86d2-455e-b637-39d7da59a070 1.144s
2024-12-11 18:10:15.703 66073 INFO tempest.lib.common.rest_client [req-f2141fac-e068-44b8-8d29-553bc1ab0a37 req-f2141fac-e068-44b8-8d29-553bc1ab0a37 ] Request (ServerExternalEventsTest:tearDownClass): 204 DELETE http://10.180.1.21/identity/v3/users/e0422b512763424ca82ea2c7b8252f47 0.100s
2024-12-11 18:10:15.782 66061 INFO tempest.lib.common.rest_client [req-d3e1a84a-a401-431d-a8ba-cb32c957e0fd req-d3e1a84a-a401-431d-a8ba-cb32c957e0fd ] Request (ServersNegativeTestJSON:setUpClass): 201 POST http://10.180.1.21:9696/networking/v2.0/subnets 0.212s
2024-12-11 18:10:15.822 66073 INFO tempest.lib.common.rest_client [req-8f78a366-1cbc-4ede-a25f-45477b8b9c21 req-8f78a366-1cbc-4ede-a25f-45477b8b9c21 ] Request (ServerExternalEventsTest:tearDownClass): 204 DELETE http://10.180.1.21/identity/v3/users/66b547da264544f9a804bc1449707b1c 0.118s
