2024-12-11 18:10:32.738 66103 INFO tempest.lib.common.rest_client [req-72870c44-c51a-41c6-bb01-e854730c542d req-72870c44-c51a-41c6-bb01-e854730c542d ] Request (ServersAdminTestJSON:test_create_server_with_scheduling_hint): 200 GET http://10.180.1.21/compute/v2.1/servers/82cbb67f-b234-4ee2-b728-a0a935968cb2 0.391s
2024-12-11 18:10:32.742 66055 INFO tempest.lib.common.rest_client [req-20e3237e-c894-481e-beba-b3eb47ccb0dc req-20e3237e-c894-481e-beba-b3eb47ccb0dc ] Request (ServersAdmin275Test:tearDownClass): 204 DELETE http://10.180.1.21:9696/networking/v2.0/security-groups/e0166d1b-a885-4301-a080-e630979ad92b 0.148s
2024-12-11 18:10:32.781 66069 INFO tempest.lib.common.rest_client [req-1738a615-a5e2-4a7b-90ec-668b8c832f49 req-1738a615-a5e2-4a7b-90ec-668b8c832f49 ] Request (ServerRescueNegativeTestJSON:setUpClass): 200 GET http://10.180.1.21/compute/v2.1/servers/57b034f4-86d2-455e-b637-39d7da59a070 0.381s
2024-12-11 18:10:32.800 66059 INFO tempest.lib.common.rest_client [req-9bdf6902-0508-45b8-bc79-510b6ce015d6 req-9bdf6902-0508-45b8-bc79-510b6ce015d6 ] Request (ImagesOneServerTestJSON:test_create_delete_image): 200 GET http://10.180.1.21/compute/v2.1/images/d30e5482-9a7e-47c7-80aa-bee1ba60d303 0.347s
2024-12-11 18:10:32.890 66097 INFO tempest.lib.common.rest_client [req-5b8c4fd0-095a-4223-8f53-6f6fdbf72703 req-5b8c4fd0-095a-4223-8f53-6f6fdbf72703 ] Request (TenantUsagesTestJSON:tearDownClass): 200 GET http://10.180.1.21/compute/v2.1/servers/e4ec06ca-e47e-44bd-befb-cdc76f4da929 0.292s
2024-12-11 18:10:32.937 66067 INFO tempest.lib.common.rest_client [req-ef2d5ef2-5c76-4f03-abc1-29628e1af798 req-ef2d5ef2-5c76-4f03-abc1-29628e1af798 ] Request (FloatingIPsAssociationTestJSON:test_associate_already_associated_floating_ip): 200 GET http://10.180.1.21/compute/v2.1/servers/d1144031-311a-4fd2-865f-a81c82458fa8 0.331s
2024-12-11 18:10:32.959 66077 INFO tempest.lib.common.rest_client [req-debf8a30-cd18-4aeb-8d41-766b7363bc99 req-debf8a30-cd18-4aeb-8d41-766b7363bc99 ] Request (FlavorsV2TestJSON:test_list_flavors_limit_results): 200 GET http://10.180.1.21/compute/v2.1/flavors?limit=1 0.327s
2024-12-11 18:10:33.009 66057 INFO tempest.lib.common.rest_client [req-c516ed68-113d-450d-a8bf-d136610fc233 req-c516ed68-113d-450d-a8bf-d136610fc233 ] Request (SecurityGroupsTestJSON:test_server_security_groups): 200 POST http://10.180.1.21/compute/v2.1/os-security-groups 0.443s
2024-12-11 18:10:33.012 66055 INFO tempest.lib.common.rest_client [req-2b601ad7-5af6-4046-bf99-d88a2ece8201 req-2b601ad7-5af6-4046-bf99-d88a2ece8201 ] Request (ServersAdmin275Test:tearDownClass): 204 DELETE http://10.180.1.21/identity/v3/projects/bb6859a8cf0145d7888593d4f1b5952b 0.269s
2024-12-11 18:10:33.041 66093 INFO tempest.lib.common.rest_client [req-230fcb20-6a45-4a4f-b593-31101067854c req-230fcb20-6a45-4a4f-b593-31101067854c ] Request (ServerShowV247Test:tearDownClass): 200 GET http://10.180.1.21/compute/v2.1/servers/8e7b1aab-e074-44c0-ae27-4241823b2972 0.331s
2024-12-11 18:10:33.078 66047 INFO tempest.lib.common.rest_client [req-54cf1e27-07db-499c-b1fc-bdb7717b222b req-54cf1e27-07db-499c-b1fc-bdb7717b222b ] Request (ServerGroupTestJSON:_run_cleanups): 200 GET http://10.180.1.21/compute/v2.1/servers/4d374011-671a-4729-a7ee-c624bd927980 0.342s
2024-12-11 18:10:33.104 66057 INFO tempest.lib.common.rest_client [req-54f05cf6-f18d-4ee4-8321-4f8a2f610734 req-54f05cf6-f18d-4ee4-8321-4f8a2f610734 ] Request (SecurityGroupsTestJSON:test_server_security_groups): 201 POST http://10.180.1.21/identity/v3/auth/tokens 0.089s
2024-12-11 18:10:33.105 66057 INFO tempest.lib.common.fixed_network [-] (SecurityGroupsTestJSON:test_server_security_groups) Found network {'id': 'c9af3b30-138b-4acf-9639-4084d530abc2', 'name': 'tempest-SecurityGroupsTestJSON-1835058156-network', 'tenant_id': '8474e07d34a94d6eae0f768b475263cf', 'admin_state_up': True, 'mtu': 8950, 'status': 'ACTIVE', 'subnets': [], 'shared': False, 'project_id': '8474e07d34a94d6eae0f768b475263cf', 'port_security_enabled': True, 'router:external': False, 'provider:network_type': 'vlan', 'provider:physical_network': 'default', 'provider:segmentation_id': 76, 'availability_zone_hints': [], 'availability_zones': [], 'ipv4_address_scope': None, 'ipv6_address_scope': None, 'description': '', 'tags': [], 'created_at': '2024-12-11T18:09:23Z', 'updated_at': '2024-12-11T18:09:23Z', 'revision_number': 1} available for tenant
2024-12-11 18:10:33.109 66066 INFO tempest.lib.common.rest_client [req-0654654d-2dd8-43bc-9ba5-843f4c7709ae req-0654654d-2dd8-43bc-9ba5-843f4c7709ae ] Request (ServerActionsTestOtherA:setUpClass): 200 GET http://10.180.1.21/compute/v2.1/servers/a05a7cc4-4969-4e54-8e4f-1a1972b60dc2 0.348s
2024-12-11 18:10:33.109 66055 INFO tempest.lib.common.rest_client [req-46769adb-2eca-4428-808b-8e9ccc15ee0b req-46769adb-2eca-4428-808b-8e9ccc15ee0b ] Request (ServersAdminNegativeTestJSON:setUpClass): 201 POST http://10.180.1.21/identity/v3/auth/tokens 0.094s
2024-12-11 18:10:33.128 66107 INFO tempest.lib.common.rest_client [req-5fef53e7-6149-43ae-8488-25e85b0cef06 req-5fef53e7-6149-43ae-8488-25e85b0cef06 ] Request (MultipleCreateTestJSON:test_multiple_create): 200 GET http://10.180.1.21/compute/v2.1/servers/462194db-7674-478a-a9c4-6b86da47bb7f 0.333s
2024-12-11 18:10:33.142 66055 INFO tempest.lib.common.rest_client [req-0e884ced-838b-4353-98b1-33ce8304c66d req-0e884ced-838b-4353-98b1-33ce8304c66d ] Request (ServersAdminNegativeTestJSON:setUpClass): 201 POST http://10.180.1.21/identity/v3/auth/tokens 0.030s
2024-12-11 18:10:33.168 66055 INFO tempest.lib.common.rest_client [req-5a7f40bf-2495-4b80-a475-427b67fec768 req-5a7f40bf-2495-4b80-a475-427b67fec768 ] Request (ServersAdminNegativeTestJSON:setUpClass): 200 GET http://10.180.1.21/identity/v3/domains?name=Default 0.026s
2024-12-11 18:10:33.169 66059 INFO tempest.lib.common.rest_client [req-a43f15d1-f4df-4c4d-8bd6-6f03297e0f81 req-a43f15d1-f4df-4c4d-8bd6-6f03297e0f81 ] Request (ImagesOneServerTestJSON:test_create_delete_image): 200 GET http://10.180.1.21/compute/v2.1/images/d30e5482-9a7e-47c7-80aa-bee1ba60d303 0.367s
2024-12-11 18:10:33.205 66079 INFO tempest.lib.common.rest_client [req-21021c66-6144-4c48-a9a6-8c11ab75d96e req-21021c66-6144-4c48-a9a6-8c11ab75d96e ] Request (DeleteServersAdminTestJSON:test_delete_server_while_in_error_state): 200 GET http://10.180.1.21/compute/v2.1/servers/5dfbaf3d-3517-46b8-9617-99db83886d7a 0.375s
2024-12-11 18:10:33.217 66055 INFO tempest.lib.common.rest_client [req-4f3a0ef3-e859-469f-8f33-ad7e9cb9869c req-4f3a0ef3-e859-469f-8f33-ad7e9cb9869c ] Request (ServersAdminNegativeTestJSON:setUpClass): 201 POST http://10.180.1.21/identity/v3/projects 0.048s
2024-12-11 18:10:33.240 66049 INFO tempest.lib.common.rest_client [req-a57eead2-9ce1-48c3-b7d9-0b5d4acd0443 req-a57eead2-9ce1-48c3-b7d9-0b5d4acd0443 ] Request (AttachVolumeTestJSON:test_attach_detach_volume): 200 GET http://10.180.1.21/compute/v2.1/servers/1023aca6-471e-4039-ae25-3fcabcc03d0c 0.386s
2024-12-11 18:10:33.263 66081 INFO tempest.lib.common.rest_client [req-3c682ea9-20f2-411c-b6e8-861336a8173a req-3c682ea9-20f2-411c-b6e8-861336a8173a ] Request (ImagesOneServerNegativeTestJSON:setUpClass): 200 GET http://10.180.1.21/compute/v2.1/servers/fa6c5ba7-7717-40cf-9f6e-5ba58f985fea 0.392s
2024-12-11 18:10:33.290 66077 INFO tempest.lib.common.rest_client [req-f00642d5-b940-4ef7-9063-7875d2eee534 req-f00642d5-b940-4ef7-9063-7875d2eee534 ] Request (FlavorsV2TestJSON:test_list_flavors_using_marker): 200 GET http://10.180.1.21/compute/v2.1/flavors/42 0.328s
2024-12-11 18:10:33.302 66101 INFO tempest.lib.common.rest_client [req-2f4f4c78-8997-4a30-83cc-81dc95f2977c req-2f4f4c78-8997-4a30-83cc-81dc95f2977c ] Request (ServerShowV257Test:test_rebuild_server): 200 GET http://10.180.1.21/compute/v2.1/servers/de1e0774-f6a7-4b1d-80b4-e196e8505d10 0.375s
2024-12-11 18:10:33.307 66055 INFO tempest.lib.common.rest_client [req-ff2561af-e4b2-471b-b541-591017af2ac7 req-ff2561af-e4b2-471b-b541-591017af2ac7 ] Request (ServersAdminNegativeTestJSON:setUpClass): 201 POST http://10.180.1.21/identity/v3/users 0.089s
2024-12-11 18:10:33.340 66055 INFO tempest.lib.common.rest_client [req-5c4b3018-e45d-4fd5-b018-9d46958cfb4b req-5c4b3018-e45d-4fd5-b018-9d46958cfb4b ] Request (ServersAdminNegativeTestJSON:setUpClass): 200 GET http://10.180.1.21/identity/v3/roles 0.033s
2024-12-11 18:10:33.347 66091 INFO tempest.lib.common.rest_client [req-2bbf17a8-63e3-4d10-a5fa-f593f364e20f req-2bbf17a8-63e3-4d10-a5fa-f593f364e20f ] Request (ServerDiagnosticsV248Test:test_get_server_diagnostics): 200 GET http://10.180.1.21/compute/v2.1/servers/ab6b62e7-7ef6-47e0-b81a-71342a32d20a 0.364s
2024-12-11 18:10:33.361 66099 INFO tempest.lib.common.rest_client [req-8937cacb-e47c-42f4-b069-5b90e5b953df req-8937cacb-e47c-42f4-b069-5b90e5b953df ] Request (ListServersNegativeTestJSON:setUpClass): 200 GET http://10.180.1.21/compute/v2.1/servers/8b39cf11-9abd-4c11-b517-d896e2c39cff 0.347s
2024-12-11 18:10:33.395 66055 INFO tempest.lib.common.rest_client [req-d8645ab2-fcf1-42fc-a35d-b7472b1bf6a9 req-d8645ab2-fcf1-42fc-a35d-b7472b1bf6a9 ] Request (ServersAdminNegativeTestJSON:setUpClass): 204 PUT http://10.180.1.21/identity/v3/projects/11ff454c41044c4587eeca66288582eb/users/d3539de05c9c40288cdb4d656b5acbe5/roles/5a307acaf1014acbaa0e5fdc3cf6cd0e 0.054s
2024-12-11 18:10:33.395 66055 INFO tempest.lib.common.dynamic_creds [-] Dynamic test user d3539de05c9c40288cdb4d656b5acbe5 is created with scope project and roles: ['member']
2024-12-11 18:10:33.396 66055 INFO tempest.lib.common.dynamic_creds [-] Acquired dynamic creds: credentials: Credentials: {'domain_id': 'default', 'domain_name': 'Default', 'username': 'tempest-ServersAdminNegativeTestJSON-1282669793-project-member', 'project_domain_id': 'default', 'project_domain_name': 'Default', 'project_id': '11ff454c41044c4587eeca66288582eb', 'project_name': 'tempest-ServersAdminNegativeTestJSON-1282669793', 'tenant_id': '11ff454c41044c4587eeca66288582eb', 'tenant_name': 'tempest-ServersAdminNegativeTestJSON-1282669793', 'user_domain_id': 'default', 'user_domain_name': 'Default', 'user_id': 'd3539de05c9c40288cdb4d656b5acbe5', 'system': None}, Network: None, Subnet: None, Router: None
2024-12-11 18:10:33.396 66055 INFO tempest.lib.common.dynamic_creds [-] Created isolated network resources for: credentials: Credentials: {'domain_id': 'default', 'domain_name': 'Default', 'username': 'tempest-ServersAdminNegativeTestJSON-1282669793-project-member', 'project_domain_id': 'default', 'project_domain_name': 'Default', 'project_id': '11ff454c41044c4587eeca66288582eb', 'project_name': 'tempest-ServersAdminNegativeTestJSON-1282669793', 'tenant_id': '11ff454c41044c4587eeca66288582eb', 'tenant_name': 'tempest-ServersAdminNegativeTestJSON-1282669793', 'user_domain_id': 'default', 'user_domain_name': 'Default', 'user_id': 'd3539de05c9c40288cdb4d656b5acbe5', 'system': None}, Network: None, Subnet: None, Router: None
2024-12-11 18:10:33.434 66075 INFO tempest.lib.common.rest_client [req-9dfa47cd-87d7-4d97-b408-4f81f1ab8530 req-9dfa47cd-87d7-4d97-b408-4f81f1ab8530 ] Request (ServerShowV254Test:test_rebuild_server): 200 GET http://10.180.1.21/compute/v2.1/servers/b3053cc0-f7c0-4eb6-8562-52854a1f83ad 0.356s
2024-12-11 18:10:33.490 66095 INFO tempest.lib.common.rest_client [req-c2adb492-2726-48e7-825b-fb4868cfda6f req-c2adb492-2726-48e7-825b-fb4868cfda6f ] Request (ServerRescueTestJSONUnderV235:setUpClass): 200 GET http://10.180.1.21/compute/v2.1/servers/cbcc51b4-ff2a-48b4-946a-d91e93f87afc 0.348s
2024-12-11 18:10:33.534 66055 INFO tempest.lib.common.rest_client [req-855583e9-5e76-4cf2-9da8-caf246f48004 req-855583e9-5e76-4cf2-9da8-caf246f48004 ] Request (ServersAdminNegativeTestJSON:setUpClass): 201 POST http://10.180.1.21/identity/v3/auth/tokens 0.133s
2024-12-11 18:10:33.600 66055 INFO tempest.lib.common.rest_client [req-e15a14a3-47cd-4db7-975f-09f1bfc4dfe1 req-e15a14a3-47cd-4db7-975f-09f1bfc4dfe1 ] Request (ServersAdminNegativeTestJSON:setUpClass): 201 POST http://10.180.1.21/identity/v3/projects 0.066s
2024-12-11 18:10:33.667 66055 INFO tempest.lib.common.rest_client [req-41c5b3e7-dc18-4604-8069-b98ee663b6d6 req-41c5b3e7-dc18-4604-8069-b98ee663b6d6 ] Request (ServersAdminNegativeTestJSON:setUpClass): 201 POST http://10.180.1.21/identity/v3/users 0.067s
2024-12-11 18:10:33.676 66059 INFO tempest.lib.common.rest_client [req-3a3b8b4c-4ef5-4996-880d-926a058c0e59 req-3a3b8b4c-4ef5-4996-880d-926a058c0e59 ] Request (ImagesOneServerTestJSON:test_create_delete_image): 200 GET http://10.180.1.21/compute/v2.1/servers/4eae80de-2c8e-4fc6-a31a-9cf30c10aee2 0.503s
2024-12-11 18:10:33.696 66055 INFO tempest.lib.common.rest_client [req-2d5a2959-c822-4acd-94bf-837c9503807d req-2d5a2959-c822-4acd-94bf-837c9503807d ] Request (ServersAdminNegativeTestJSON:setUpClass): 200 GET http://10.180.1.21/identity/v3/roles 0.028s
2024-12-11 18:10:33.725 66055 INFO tempest.lib.common.rest_client [req-91e622d5-7538-4afe-8749-0744a01cdc7b req-91e622d5-7538-4afe-8749-0744a01cdc7b ] Request (ServersAdminNegativeTestJSON:setUpClass): 204 PUT http://10.180.1.21/identity/v3/projects/a468b2a9b766467597d1bc5c355400fa/users/33a4557c147445f9a3a8654776b6c636/roles/eb05b8cfd36b400592bd44e927193f48 0.029s
2024-12-11 18:10:33.774 66055 INFO tempest.lib.common.rest_client [req-cb5ccb1b-3026-4aaa-b4f7-6323dedb4b35 req-cb5ccb1b-3026-4aaa-b4f7-6323dedb4b35 ] Request (ServersAdminNegativeTestJSON:setUpClass): 200 GET http://10.180.1.21/identity/v3/roles 0.048s
2024-12-11 18:10:33.791 66055 INFO tempest.lib.common.rest_client [req-8c6a08bb-605b-4080-bf1d-8c584415f19e req-8c6a08bb-605b-4080-bf1d-8c584415f19e ] Request (ServersAdminNegativeTestJSON:setUpClass): 204 PUT http://10.180.1.21/identity/v3/projects/a468b2a9b766467597d1bc5c355400fa/users/33a4557c147445f9a3a8654776b6c636/roles/eb05b8cfd36b400592bd44e927193f48 0.017s
2024-12-11 18:10:33.791 66055 INFO tempest.lib.common.dynamic_creds [-] Dynamic test user 33a4557c147445f9a3a8654776b6c636 is created with scope project and roles: ['admin']
2024-12-11 18:10:33.792 66055 INFO tempest.lib.common.dynamic_creds [-] Acquired dynamic creds: credentials: Credentials: {'domain_id': 'default', 'domain_name': 'Default', 'username': 'tempest-ServersAdminNegativeTestJSON-723788839-project-admin', 'project_domain_id': 'default', 'project_domain_name': 'Default', 'project_id': 'a468b2a9b766467597d1bc5c355400fa', 'project_name': 'tempest-ServersAdminNegativeTestJSON-723788839', 'tenant_id': 'a468b2a9b766467597d1bc5c355400fa', 'tenant_name': 'tempest-ServersAdminNegativeTestJSON-723788839', 'user_domain_id': 'default', 'user_domain_name': 'Default', 'user_id': '33a4557c147445f9a3a8654776b6c636', 'system': None}, Network: None, Subnet: None, Router: None
2024-12-11 18:10:33.792 66055 INFO tempest.lib.common.dynamic_creds [-] Created isolated network resources for: credentials: Credentials: {'domain_id': 'default', 'domain_name': 'Default', 'username': 'tempest-ServersAdminNegativeTestJSON-723788839-project-admin', 'project_domain_id': 'default', 'project_domain_name': 'Default', 'project_id': 'a468b2a9b766467597d1bc5c355400fa', 'project_name': 'tempest-ServersAdminNegativeTestJSON-723788839', 'tenant_id': 'a468b2a9b766467597d1bc5c355400fa', 'tenant_name': 'tempest-ServersAdminNegativeTestJSON-723788839', 'user_domain_id': 'default', 'user_domain_name': 'Default', 'user_id': '33a4557c147445f9a3a8654776b6c636', 'system': None}, Network: None, Subnet: None, Router: None
2024-12-11 18:10:33.848 66057 INFO tempest.lib.common.rest_client [req-bc1972ab-0ec7-44be-acd7-7218643b28e4 req-bc1972ab-0ec7-44be-acd7-7218643b28e4 ] Request (SecurityGroupsTestJSON:test_server_security_groups): 202 POST http://10.180.1.21/compute/v2.1/servers 0.743s
2024-12-11 18:10:33.878 66089 INFO tempest.lib.common.rest_client [req-3e41971c-6faf-4f37-acc6-d39aa31bb705 req-3e41971c-6faf-4f37-acc6-d39aa31bb705 ] Request (MigrationsAdminTest:test_list_migrations_in_flavor_resize_situation): 200 GET http://10.180.1.21/compute/v2.1/servers/3c9a0a11-8469-40d2-9bee-94309b5d9c34 0.695s
2024-12-11 18:10:33.888 66055 INFO tempest.lib.common.rest_client [req-dd133cbb-8a2f-4493-8cf7-07baa32b2545 req-dd133cbb-8a2f-4493-8cf7-07baa32b2545 ] Request (ServersAdminNegativeTestJSON:setUpClass): 201 POST http://10.180.1.21/identity/v3/auth/tokens 0.094s
2024-12-11 18:10:33.889 66055 WARNING tempest.lib.common.rest_client [-] Deprecated: "tenant_id" property is deprecated for removal, use "project_id" instead
2024-12-11 18:10:33.922 66053 INFO tempest.lib.common.rest_client [req-a9f48be8-7928-44bb-acc7-4f54eeeff3ca req-a9f48be8-7928-44bb-acc7-4f54eeeff3ca ] Request (ServersTestManualDisk:setUpClass): 200 GET http://10.180.1.21/compute/v2.1/servers/851ff40a-7aa0-4c22-9e6b-6d993db0f850 0.720s
2024-12-11 18:10:33.931 66053 INFO tempest.common.waiters [-] State transition "BUILD/None" ==> "BUILD/networking" after 46 second wait
2024-12-11 18:10:33.933 66051 INFO tempest.lib.common.rest_client [req-51b52a28-5f22-4df6-9b56-c65606ed5a00 req-51b52a28-5f22-4df6-9b56-c65606ed5a00 ] Request (ServersTestMultiNic:test_verify_multiple_nics_order): 200 GET http://10.180.1.21/compute/v2.1/servers/c28d58b8-19eb-4cfe-8545-df5c169a926c 0.659s
2024-12-11 18:10:33.953 66055 INFO tempest.lib.common.rest_client [req-f2813266-5832-4b99-95a4-3c53e7f4acbb req-f2813266-5832-4b99-95a4-3c53e7f4acbb ] Request (ServersAdminNegativeTestJSON:setUpClass): 201 POST http://10.180.1.21/identity/v3/auth/tokens 0.060s
2024-12-11 18:10:33.954 66055 INFO tempest.lib.common.fixed_network [-] (ServersAdminNegativeTestJSON:setUpClass) Found network None available for tenant
2024-12-11 18:10:33.960 66077 INFO tempest.lib.common.rest_client [req-fc8b5250-1c8a-4572-9ab2-0bdaeddfebc8 req-fc8b5250-1c8a-4572-9ab2-0bdaeddfebc8 ] Request (FlavorsV2TestJSON:test_list_flavors_using_marker): 200 GET http://10.180.1.21/compute/v2.1/flavors?marker=42 0.668s
2024-12-11 18:10:33.989 66073 INFO tempest.lib.common.rest_client [req-22350b7d-c473-4015-be9f-f3d8b1eef481 req-22350b7d-c473-4015-be9f-f3d8b1eef481 ] Request (ImagesTestJSON:test_create_image_from_stopped_server): 200 GET http://10.180.1.21/compute/v2.1/servers/fc6b564c-72ef-4f53-ac53-6224b93faa33 0.660s
2024-12-11 18:10:34.009 66083 INFO tempest.lib.common.rest_client [req-4d520d64-3b57-4650-964f-0ff6a6f9e0c9 req-4d520d64-3b57-4650-964f-0ff6a6f9e0c9 ] Request (DeleteServersTestJSON:test_delete_active_server): 200 GET http://10.180.1.21/compute/v2.1/servers/0c814c4b-251e-4c13-9178-645bca5c0049 0.628s
2024-12-11 18:10:34.041 66045 INFO tempest.lib.common.rest_client [req-de613c7b-b31c-4ed3-af4a-96b5ef2bc5e0 req-de613c7b-b31c-4ed3-af4a-96b5ef2bc5e0 ] Request (AttachInterfacesTestJSON:test_create_list_show_delete_interfaces_by_fixed_ip): 200 GET http://10.180.1.21/compute/v2.1/servers/f19fdff2-8f44-4f9a-a43f-6f870a8f8777 0.351s
2024-12-11 18:10:34.056 66063 INFO tempest.lib.common.rest_client [req-ed651c21-ce09-418f-abbf-cc9ff92a58ef req-ed651c21-ce09-418f-abbf-cc9ff92a58ef ] Request (ServersTestJSON:setUpClass): 200 GET http://10.180.1.21/compute/v2.1/servers/940ea3db-a51f-4a53-a807-a11cef9e8f84 0.361s
2024-12-11 18:10:34.093 66061 INFO tempest.lib.common.rest_client [req-cca9f0bb-fcb8-45a6-9cf8-358c2c45ee76 req-cca9f0bb-fcb8-45a6-9cf8-358c2c45ee76 ] Request (ServersNegativeTestJSON:setUpClass): 200 GET http://10.180.1.21/compute/v2.1/servers/dc766bc8-97fe-40c4-a3c5-1e2c2becbbe7 0.355s
2024-12-11 18:10:34.105 66103 INFO tempest.lib.common.rest_client [req-6dcc641b-8d91-4bbb-876d-c6af6a3c5133 req-6dcc641b-8d91-4bbb-876d-c6af6a3c5133 ] Request (ServersAdminTestJSON:test_create_server_with_scheduling_hint): 200 GET http://10.180.1.21/compute/v2.1/servers/82cbb67f-b234-4ee2-b728-a0a935968cb2 0.358s
2024-12-11 18:10:34.140 66069 INFO tempest.lib.common.rest_client [req-e3b628e7-272c-4b2f-a3f9-55d8562e20e5 req-e3b628e7-272c-4b2f-a3f9-55d8562e20e5 ] Request (ServerRescueNegativeTestJSON:setUpClass): 200 GET http://10.180.1.21/compute/v2.1/servers/57b034f4-86d2-455e-b637-39d7da59a070 0.352s
2024-12-11 18:10:34.141 66057 INFO tempest.lib.common.rest_client [req-1f98c892-560e-467d-b79e-60639ba718e6 req-1f98c892-560e-467d-b79e-60639ba718e6 ] Request (SecurityGroupsTestJSON:test_server_security_groups): 200 GET http://10.180.1.21/compute/v2.1/servers/23136ec5-ca96-4ff4-8af7-c8d6b03eab19 0.291s
2024-12-11 18:10:34.187 66067 INFO tempest.lib.common.rest_client [req-2aecb171-9797-444e-82de-c08a6e483ca8 req-2aecb171-9797-444e-82de-c08a6e483ca8 ] Request (FloatingIPsAssociationTestJSON:test_associate_already_associated_floating_ip): 200 GET http://10.180.1.21/compute/v2.1/servers/d1144031-311a-4fd2-865f-a81c82458fa8 0.242s
2024-12-11 18:10:34.212 66097 INFO tempest.lib.common.rest_client [req-f1c4ca2c-3c62-45aa-bd6b-a95fbebed063 req-f1c4ca2c-3c62-45aa-bd6b-a95fbebed063 ] Request (TenantUsagesTestJSON:tearDownClass): 200 GET http://10.180.1.21/compute/v2.1/servers/e4ec06ca-e47e-44bd-befb-cdc76f4da929 0.315s
2024-12-11 18:10:34.239 66077 INFO tempest.lib.common.rest_client [req-93531ede-af0e-41fa-bc03-f882e197ee4f req-93531ede-af0e-41fa-bc03-f882e197ee4f ] Request (FlavorsV2TestJSON:test_list_flavors_with_detail): 200 GET http://10.180.1.21/compute/v2.1/flavors/detail 0.276s
2024-12-11 18:10:34.301 66093 INFO tempest.lib.common.rest_client [req-f1ce81e2-9314-490d-b14a-7f0f89c1d972 req-f1ce81e2-9314-490d-b14a-7f0f89c1d972 ] Request (ServerShowV247Test:tearDownClass): 200 GET http://10.180.1.21/compute/v2.1/servers/8e7b1aab-e074-44c0-ae27-4241823b2972 0.251s
2024-12-11 18:10:34.373 66047 INFO tempest.lib.common.rest_client [req-b6fe6888-9f74-4af8-bc7e-c4786b56f409 req-b6fe6888-9f74-4af8-bc7e-c4786b56f409 ] Request (ServerGroupTestJSON:_run_cleanups): 200 GET http://10.180.1.21/compute/v2.1/servers/4d374011-671a-4729-a7ee-c624bd927980 0.285s
2024-12-11 18:10:34.427 66066 INFO tempest.lib.common.rest_client [req-245f251d-f4e0-408b-857e-08dc50df021e req-245f251d-f4e0-408b-857e-08dc50df021e ] Request (ServerActionsTestOtherA:setUpClass): 200 GET http://10.180.1.21/compute/v2.1/servers/a05a7cc4-4969-4e54-8e4f-1a1972b60dc2 0.311s
2024-12-11 18:10:34.486 66107 INFO tempest.lib.common.rest_client [req-bb9c36b0-027b-4d12-a59e-35980a6ac18b req-bb9c36b0-027b-4d12-a59e-35980a6ac18b ] Request (MultipleCreateTestJSON:test_multiple_create): 200 GET http://10.180.1.21/compute/v2.1/servers/462194db-7674-478a-a9c4-6b86da47bb7f 0.350s
2024-12-11 18:10:34.568 66079 INFO tempest.lib.common.rest_client [req-7ac36eaf-f7fb-45b6-885d-7b2a3593addf req-7ac36eaf-f7fb-45b6-885d-7b2a3593addf ] Request (DeleteServersAdminTestJSON:test_delete_server_while_in_error_state): 200 GET http://10.180.1.21/compute/v2.1/servers/5dfbaf3d-3517-46b8-9617-99db83886d7a 0.354s
2024-12-11 18:10:34.592 66077 INFO tempest.lib.common.rest_client [req-7e201e37-4174-4fe0-9e38-8bae204df5f1 req-7e201e37-4174-4fe0-9e38-8bae204df5f1 ] Request (FlavorsV2TestJSON:test_list_flavors_with_detail): 200 GET http://10.180.1.21/compute/v2.1/flavors/42 0.348s
2024-12-11 18:10:34.631 66055 INFO tempest.lib.common.rest_client [req-f85ab93d-22be-42ab-9e29-a65acb3763bb req-f85ab93d-22be-42ab-9e29-a65acb3763bb ] Request (ServersAdminNegativeTestJSON:setUpClass): 202 POST http://10.180.1.21/compute/v2.1/servers 0.676s
2024-12-11 18:10:34.652 66049 INFO tempest.lib.common.rest_client [req-802393b8-b120-4a60-89db-188382f18322 req-802393b8-b120-4a60-89db-188382f18322 ] Request (AttachVolumeTestJSON:test_attach_detach_volume): 200 GET http://10.180.1.21/compute/v2.1/servers/1023aca6-471e-4039-ae25-3fcabcc03d0c 0.404s
2024-12-11 18:10:34.689 66081 INFO tempest.lib.common.rest_client [req-69f9286c-a51e-4b98-9473-8fa1266e6a42 req-69f9286c-a51e-4b98-9473-8fa1266e6a42 ] Request (ImagesOneServerNegativeTestJSON:setUpClass): 200 GET http://10.180.1.21/compute/v2.1/servers/fa6c5ba7-7717-40cf-9f6e-5ba58f985fea 0.418s
2024-12-11 18:10:34.718 66101 INFO tempest.lib.common.rest_client [req-32fdbaa1-8db1-47f3-9dc4-8c1a5731a73f req-32fdbaa1-8db1-47f3-9dc4-8c1a5731a73f ] Request (ServerShowV257Test:test_rebuild_server): 200 GET http://10.180.1.21/compute/v2.1/servers/de1e0774-f6a7-4b1d-80b4-e196e8505d10 0.407s
2024-12-11 18:10:34.742 66091 INFO tempest.lib.common.rest_client [req-b3802963-d6be-4db0-a922-d47f945725d8 req-b3802963-d6be-4db0-a922-d47f945725d8 ] Request (ServerDiagnosticsV248Test:test_get_server_diagnostics): 200 GET http://10.180.1.21/compute/v2.1/servers/ab6b62e7-7ef6-47e0-b81a-71342a32d20a 0.386s
2024-12-11 18:10:34.776 66099 INFO tempest.lib.common.rest_client [req-c5ec05c7-02a5-4224-9547-d1080a508ba3 req-c5ec05c7-02a5-4224-9547-d1080a508ba3 ] Request (ListServersNegativeTestJSON:setUpClass): 200 GET http://10.180.1.21/compute/v2.1/servers/8b39cf11-9abd-4c11-b517-d896e2c39cff 0.407s
2024-12-11 18:10:34.807 66075 INFO tempest.lib.common.rest_client [req-f2032efb-8219-47aa-8eec-efb80e1cc778 req-f2032efb-8219-47aa-8eec-efb80e1cc778 ] Request (ServerShowV254Test:test_rebuild_server): 200 GET http://10.180.1.21/compute/v2.1/servers/b3053cc0-f7c0-4eb6-8562-52854a1f83ad 0.364s
2024-12-11 18:10:34.830 66077 INFO tempest.lib.common.rest_client [req-e8e198c6-7cde-4e75-b40e-18bb31a6bd9b req-e8e198c6-7cde-4e75-b40e-18bb31a6bd9b ] Request (FlavorsV2TestJSON:tearDownClass): 204 DELETE http://10.180.1.21/identity/v3/users/5c33ee51758846268ad04a4a8407154f 0.234s
2024-12-11 18:10:34.830 66077 INFO tempest.lib.common.dynamic_creds [-] Deleting project and security group for project: 44f9fdcd5dd44e76ab42cea57e5b83ae
2024-12-11 18:10:34.841 66095 INFO tempest.lib.common.rest_client [req-275b6a9c-61ec-4f92-a7f4-077806c165e0 req-275b6a9c-61ec-4f92-a7f4-077806c165e0 ] Request (ServerRescueTestJSONUnderV235:setUpClass): 200 GET http://10.180.1.21/compute/v2.1/servers/cbcc51b4-ff2a-48b4-946a-d91e93f87afc 0.342s
2024-12-11 18:10:34.853 66055 INFO tempest.lib.common.rest_client [req-20174736-549b-45ff-ac59-88a9b2e6fc23 req-20174736-549b-45ff-ac59-88a9b2e6fc23 ] Request (ServersAdminNegativeTestJSON:setUpClass): 200 GET http://10.180.1.21/compute/v2.1/servers/30c3f46c-5408-4b3b-b260-6a4b36c930ac 0.220s
2024-12-11 18:10:34.890 66077 INFO tempest.lib.common.rest_client [req-1883ebcc-6300-4261-9181-f11d712b1a6d req-1883ebcc-6300-4261-9181-f11d712b1a6d ] Request (FlavorsV2TestJSON:tearDownClass): 201 POST http://10.180.1.21/identity/v3/auth/tokens 0.060s
2024-12-11 18:10:34.974 66059 INFO tempest.lib.common.rest_client [req-7a84f623-a952-46ae-ac05-ddec42340d93 req-7a84f623-a952-46ae-ac05-ddec42340d93 ] Request (ImagesOneServerTestJSON:test_create_delete_image): 200 GET http://10.180.1.21/compute/v2.1/servers/4eae80de-2c8e-4fc6-a31a-9cf30c10aee2 0.290s
2024-12-11 18:10:34.980 66059 INFO tempest.common.waiters [-] State transition "ACTIVE/image_uploading" ==> "ACTIVE/None" after 1 second wait
2024-12-11 18:10:35.048 66089 INFO tempest.lib.common.rest_client [req-63a51f06-8295-4c11-a095-c15751dd4dbb req-63a51f06-8295-4c11-a095-c15751dd4dbb ] Request (MigrationsAdminTest:test_list_migrations_in_flavor_resize_situation): 200 GET http://10.180.1.21/compute/v2.1/servers/3c9a0a11-8469-40d2-9bee-94309b5d9c34 0.163s
2024-12-11 18:10:35.097 66051 INFO tempest.lib.common.rest_client [req-d580578c-a95d-4cb0-b25f-44b2520b6ad4 req-d580578c-a95d-4cb0-b25f-44b2520b6ad4 ] Request (ServersTestMultiNic:test_verify_multiple_nics_order): 200 GET http://10.180.1.21/compute/v2.1/servers/c28d58b8-19eb-4cfe-8545-df5c169a926c 0.156s
2024-12-11 18:10:35.148 66059 INFO tempest.lib.common.rest_client [req-f4fb95d8-35cb-48f7-8574-2eda1ad4f340 req-f4fb95d8-35cb-48f7-8574-2eda1ad4f340 ] Request (ImagesOneServerTestJSON:test_create_delete_image): 200 GET http://10.180.1.21/compute/v2.1/images/3ee2d95d-763b-4212-9497-9bec09302502 0.168s
2024-12-11 18:10:35.168 66053 INFO tempest.lib.common.rest_client [req-bb4f8178-16de-4feb-8a1b-42e44c6392ac req-bb4f8178-16de-4feb-8a1b-42e44c6392ac ] Request (ServersTestManualDisk:setUpClass): 200 GET http://10.180.1.21/compute/v2.1/servers/851ff40a-7aa0-4c22-9e6b-6d993db0f850 0.235s
2024-12-11 18:10:35.174 66053 INFO tempest.common.waiters [-] State transition "BUILD/networking" ==> "BUILD/spawning" after 48 second wait
2024-12-11 18:10:35.183 66077 INFO tempest.lib.common.rest_client [req-e2cb2360-9c12-4e63-8a80-fc745436e2af req-e2cb2360-9c12-4e63-8a80-fc745436e2af ] Request (FlavorsV2TestJSON:tearDownClass): 200 GET http://10.180.1.21:9696/networking/v2.0/security-groups?tenant_id=44f9fdcd5dd44e76ab42cea57e5b83ae&name=default 0.293s
2024-12-11 18:10:35.216 66073 INFO tempest.lib.common.rest_client [req-12e260a5-d4aa-4081-afe3-892a36bf0c5d req-12e260a5-d4aa-4081-afe3-892a36bf0c5d ] Request (ImagesTestJSON:test_create_image_from_stopped_server): 200 GET http://10.180.1.21/compute/v2.1/servers/fc6b564c-72ef-4f53-ac53-6224b93faa33 0.219s
2024-12-11 18:10:35.226 66083 INFO tempest.lib.common.rest_client [req-0fa81a08-bf1c-4de8-871b-b47f85ae86b4 req-0fa81a08-bf1c-4de8-871b-b47f85ae86b4 ] Request (DeleteServersTestJSON:test_delete_active_server): 200 GET http://10.180.1.21/compute/v2.1/servers/0c814c4b-251e-4c13-9178-645bca5c0049 0.209s
2024-12-11 18:10:35.271 66045 INFO tempest.lib.common.rest_client [req-cd5541a5-72d5-41d8-b98a-6704184b43cf req-cd5541a5-72d5-41d8-b98a-6704184b43cf ] Request (AttachInterfacesTestJSON:test_create_list_show_delete_interfaces_by_fixed_ip): 200 GET http://10.180.1.21/compute/v2.1/servers/f19fdff2-8f44-4f9a-a43f-6f870a8f8777 0.222s
2024-12-11 18:10:35.282 66063 INFO tempest.lib.common.rest_client [req-2f014b03-4a10-4076-ab78-99c8748ca929 req-2f014b03-4a10-4076-ab78-99c8748ca929 ] Request (ServersTestJSON:setUpClass): 200 GET http://10.180.1.21/compute/v2.1/servers/940ea3db-a51f-4a53-a807-a11cef9e8f84 0.214s
2024-12-11 18:10:35.318 66061 INFO tempest.lib.common.rest_client [req-5fd965f4-f593-47c3-9394-84510543b4f3 req-5fd965f4-f593-47c3-9394-84510543b4f3 ] Request (ServersNegativeTestJSON:setUpClass): 200 GET http://10.180.1.21/compute/v2.1/servers/dc766bc8-97fe-40c4-a3c5-1e2c2becbbe7 0.218s
2024-12-11 18:10:35.331 66077 INFO tempest.lib.common.rest_client [req-5405bb21-e4cf-4f0a-acfa-a25ad7bfebb7 req-5405bb21-e4cf-4f0a-acfa-a25ad7bfebb7 ] Request (FlavorsV2TestJSON:tearDownClass): 204 DELETE http://10.180.1.21:9696/networking/v2.0/security-groups/3b7a85b2-e6a3-4138-aced-395745c0d683 0.147s
2024-12-11 18:10:35.335 66103 INFO tempest.lib.common.rest_client [req-2f986fa1-7f21-467f-9479-c26eff451f67 req-2f986fa1-7f21-467f-9479-c26eff451f67 ] Request (ServersAdminTestJSON:test_create_server_with_scheduling_hint): 200 GET http://10.180.1.21/compute/v2.1/servers/82cbb67f-b234-4ee2-b728-a0a935968cb2 0.223s
2024-12-11 18:10:35.369 66069 INFO tempest.lib.common.rest_client [req-ca344a96-e28a-4b8a-83d1-6a6b9285725a req-ca344a96-e28a-4b8a-83d1-6a6b9285725a ] Request (ServerRescueNegativeTestJSON:setUpClass): 200 GET http://10.180.1.21/compute/v2.1/servers/57b034f4-86d2-455e-b637-39d7da59a070 0.222s
2024-12-11 18:10:35.386 66057 INFO tempest.lib.common.rest_client [req-cbb52c7c-d418-4b8e-bcbf-e67b05648bd7 req-cbb52c7c-d418-4b8e-bcbf-e67b05648bd7 ] Request (SecurityGroupsTestJSON:test_server_security_groups): 200 GET http://10.180.1.21/compute/v2.1/servers/23136ec5-ca96-4ff4-8af7-c8d6b03eab19 0.236s
2024-12-11 18:10:35.395 66059 INFO tempest.lib.common.rest_client [req-c6824b52-f9a4-4956-80ca-1d8efceb03ea req-c6824b52-f9a4-4956-80ca-1d8efceb03ea ] Request (ImagesOneServerTestJSON:test_create_delete_image): 200 GET http://10.180.1.21/compute/v2.1/flavors/42 0.244s
2024-12-11 18:10:35.436 66067 INFO tempest.lib.common.rest_client [req-3d763584-9713-452c-af76-ecd509e064d4 req-3d763584-9713-452c-af76-ecd509e064d4 ] Request (FloatingIPsAssociationTestJSON:test_associate_already_associated_floating_ip): 200 GET http://10.180.1.21/compute/v2.1/servers/d1144031-311a-4fd2-865f-a81c82458fa8 0.241s
2024-12-11 18:10:35.442 66077 INFO tempest.lib.common.rest_client [req-3b10b038-d18d-42c6-8eb2-e60811adc2ea req-3b10b038-d18d-42c6-8eb2-e60811adc2ea ] Request (FlavorsV2TestJSON:tearDownClass): 204 DELETE http://10.180.1.21/identity/v3/projects/44f9fdcd5dd44e76ab42cea57e5b83ae 0.111s
2024-12-11 18:10:35.479 66097 INFO tempest.lib.common.rest_client [req-962f484b-afcd-4aa2-95d9-4e8ce42849e9 req-962f484b-afcd-4aa2-95d9-4e8ce42849e9 ] Request (TenantUsagesTestJSON:tearDownClass): 200 GET http://10.180.1.21/compute/v2.1/servers/e4ec06ca-e47e-44bd-befb-cdc76f4da929 0.260s
2024-12-11 18:10:35.499 66093 INFO tempest.lib.common.rest_client [req-8d1ec076-1910-488c-bf68-274084d08c7d req-8d1ec076-1910-488c-bf68-274084d08c7d ] Request (ServerShowV247Test:tearDownClass): 200 GET http://10.180.1.21/compute/v2.1/servers/8e7b1aab-e074-44c0-ae27-4241823b2972 0.188s
2024-12-11 18:10:35.523 66077 INFO tempest.lib.common.rest_client [req-981a4c0c-bf83-466a-9207-29085ab297c1 req-981a4c0c-bf83-466a-9207-29085ab297c1 ] Request (FlavorsV2NegativeTest:setUpClass): 201 POST http://10.180.1.21/identity/v3/auth/tokens 0.079s
2024-12-11 18:10:35.541 66047 INFO tempest.lib.common.rest_client [req-40be15df-2cd9-490f-b3f4-aa775a57156c req-40be15df-2cd9-490f-b3f4-aa775a57156c ] Request (ServerGroupTestJSON:_run_cleanups): 200 GET http://10.180.1.21/compute/v2.1/servers/4d374011-671a-4729-a7ee-c624bd927980 0.162s
2024-12-11 18:10:35.553 66077 INFO tempest.lib.common.rest_client [req-22f82045-48c0-43a7-9a0f-091c663ca424 req-22f82045-48c0-43a7-9a0f-091c663ca424 ] Request (FlavorsV2NegativeTest:setUpClass): 201 POST http://10.180.1.21/identity/v3/auth/tokens 0.028s
2024-12-11 18:10:35.580 66077 INFO tempest.lib.common.rest_client [req-1285bece-7a7b-4796-b87b-9d24d40af067 req-1285bece-7a7b-4796-b87b-9d24d40af067 ] Request (FlavorsV2NegativeTest:setUpClass): 200 GET http://10.180.1.21/identity/v3/domains?name=Default 0.026s
2024-12-11 18:10:35.590 66066 INFO tempest.lib.common.rest_client [req-159646de-fd03-45aa-b799-e9b66fe7cd69 req-159646de-fd03-45aa-b799-e9b66fe7cd69 ] Request (ServerActionsTestOtherA:setUpClass): 200 GET http://10.180.1.21/compute/v2.1/servers/a05a7cc4-4969-4e54-8e4f-1a1972b60dc2 0.151s
2024-12-11 18:10:35.629 66077 INFO tempest.lib.common.rest_client [req-9b0c3469-2651-40bd-ba95-c28401e1b366 req-9b0c3469-2651-40bd-ba95-c28401e1b366 ] Request (FlavorsV2NegativeTest:setUpClass): 201 POST http://10.180.1.21/identity/v3/projects 0.049s
2024-12-11 18:10:35.643 66107 INFO tempest.lib.common.rest_client [req-0e839ed1-f657-49a1-9030-6561e7eedbf2 req-0e839ed1-f657-49a1-9030-6561e7eedbf2 ] Request (MultipleCreateTestJSON:test_multiple_create): 200 GET http://10.180.1.21/compute/v2.1/servers/462194db-7674-478a-a9c4-6b86da47bb7f 0.150s
2024-12-11 18:10:35.669 66059 INFO tempest.lib.common.rest_client [req-f67f071c-2d6e-4ff5-ab39-8d1337678944 req-f67f071c-2d6e-4ff5-ab39-8d1337678944 ] Request (ImagesOneServerTestJSON:test_create_delete_image): 204 DELETE http://10.180.1.21/compute/v2.1/images/d30e5482-9a7e-47c7-80aa-bee1ba60d303 0.272s
2024-12-11 18:10:35.712 66077 INFO tempest.lib.common.rest_client [req-8930cbc3-00ec-4516-8673-6d7816b0510b req-8930cbc3-00ec-4516-8673-6d7816b0510b ] Request (FlavorsV2NegativeTest:setUpClass): 201 POST http://10.180.1.21/identity/v3/users 0.082s
2024-12-11 18:10:35.717 66049 INFO tempest.lib.common.rest_client [req-7f8815d1-fee6-4a06-b8e3-230da899a70c req-7f8815d1-fee6-4a06-b8e3-230da899a70c ] Request (AttachVolumeTestJSON:test_attach_detach_volume): 200 GET http://10.180.1.21/compute/v2.1/servers/1023aca6-471e-4039-ae25-3fcabcc03d0c 0.055s
2024-12-11 18:10:35.719 66079 INFO tempest.lib.common.rest_client [req-c0464322-6ce7-4acd-acc0-07bd996fe7e5 req-c0464322-6ce7-4acd-acc0-07bd996fe7e5 ] Request (DeleteServersAdminTestJSON:test_delete_server_while_in_error_state): 200 GET http://10.180.1.21/compute/v2.1/servers/5dfbaf3d-3517-46b8-9617-99db83886d7a 0.143s
2024-12-11 18:10:35.737 66059 INFO tempest.lib.common.rest_client [req-2ef8cb95-8932-4b61-863e-9ab7caa58688 req-2ef8cb95-8932-4b61-863e-9ab7caa58688 ] Request (ImagesOneServerTestJSON:test_create_delete_image): 404 GET http://10.180.1.21/compute/v2.1/images/d30e5482-9a7e-47c7-80aa-bee1ba60d303 0.067s
2024-12-11 18:10:35.741 66077 INFO tempest.lib.common.rest_client [req-7f8fc764-a79b-4611-a9db-b0f62e9f53c9 req-7f8fc764-a79b-4611-a9db-b0f62e9f53c9 ] Request (FlavorsV2NegativeTest:setUpClass): 200 GET http://10.180.1.21/identity/v3/roles 0.029s
2024-12-11 18:10:35.776 66081 INFO tempest.lib.common.rest_client [req-cf12e760-3abe-466c-8181-2f78cd443bc4 req-cf12e760-3abe-466c-8181-2f78cd443bc4 ] Request (ImagesOneServerNegativeTestJSON:setUpClass): 200 GET http://10.180.1.21/compute/v2.1/servers/fa6c5ba7-7717-40cf-9f6e-5ba58f985fea 0.080s
2024-12-11 18:10:35.796 66101 INFO tempest.lib.common.rest_client [req-edb29986-d220-4e08-8d06-2616e576b254 req-edb29986-d220-4e08-8d06-2616e576b254 ] Request (ServerShowV257Test:test_rebuild_server): 200 GET http://10.180.1.21/compute/v2.1/servers/de1e0774-f6a7-4b1d-80b4-e196e8505d10 0.065s
2024-12-11 18:10:35.802 66077 INFO tempest.lib.common.rest_client [req-10d83a96-e16a-4545-8aa4-2a9811dca3b4 req-10d83a96-e16a-4545-8aa4-2a9811dca3b4 ] Request (FlavorsV2NegativeTest:setUpClass): 204 PUT http://10.180.1.21/identity/v3/projects/61dc03d098c04e63b0116642141687fd/users/abf3194eec944141a72373ee2b242550/roles/5a307acaf1014acbaa0e5fdc3cf6cd0e 0.060s
2024-12-11 18:10:35.803 66077 INFO tempest.lib.common.dynamic_creds [-] Dynamic test user abf3194eec944141a72373ee2b242550 is created with scope project and roles: ['member']
2024-12-11 18:10:35.803 66077 INFO tempest.lib.common.dynamic_creds [-] Acquired dynamic creds: credentials: Credentials: {'domain_id': 'default', 'domain_name': 'Default', 'username': 'tempest-FlavorsV2NegativeTest-341111979-project-member', 'project_domain_id': 'default', 'project_domain_name': 'Default', 'project_id': '61dc03d098c04e63b0116642141687fd', 'project_name': 'tempest-FlavorsV2NegativeTest-341111979', 'tenant_id': '61dc03d098c04e63b0116642141687fd', 'tenant_name': 'tempest-FlavorsV2NegativeTest-341111979', 'user_domain_id': 'default', 'user_domain_name': 'Default', 'user_id': 'abf3194eec944141a72373ee2b242550', 'system': None}, Network: None, Subnet: None, Router: None
2024-12-11 18:10:35.803 66077 INFO tempest.lib.common.dynamic_creds [-] Created isolated network resources for: credentials: Credentials: {'domain_id': 'default', 'domain_name': 'Default', 'username': 'tempest-FlavorsV2NegativeTest-341111979-project-member', 'project_domain_id': 'default', 'project_domain_name': 'Default', 'project_id': '61dc03d098c04e63b0116642141687fd', 'project_name': 'tempest-FlavorsV2NegativeTest-341111979', 'tenant_id': '61dc03d098c04e63b0116642141687fd', 'tenant_name': 'tempest-FlavorsV2NegativeTest-341111979', 'user_domain_id': 'default', 'user_domain_name': 'Default', 'user_id': 'abf3194eec944141a72373ee2b242550', 'system': None}, Network: None, Subnet: None, Router: None
2024-12-11 18:10:35.856 66091 INFO tempest.lib.common.rest_client [req-a50334ff-219b-4dcc-be95-ae180acfd663 req-a50334ff-219b-4dcc-be95-ae180acfd663 ] Request (ServerDiagnosticsV248Test:test_get_server_diagnostics): 200 GET http://10.180.1.21/compute/v2.1/servers/ab6b62e7-7ef6-47e0-b81a-71342a32d20a 0.103s
2024-12-11 18:10:35.893 66077 INFO tempest.lib.common.rest_client [req-5453a6bd-b96b-435b-84b6-f565722b3ed3 req-5453a6bd-b96b-435b-84b6-f565722b3ed3 ] Request (FlavorsV2NegativeTest:setUpClass): 201 POST http://10.180.1.21/identity/v3/auth/tokens 0.086s
2024-12-11 18:10:35.920 66099 INFO tempest.lib.common.rest_client [req-65a7247f-c64b-4a09-b05e-be068af4499a req-65a7247f-c64b-4a09-b05e-be068af4499a ] Request (ListServersNegativeTestJSON:setUpClass): 200 GET http://10.180.1.21/compute/v2.1/servers/8b39cf11-9abd-4c11-b517-d896e2c39cff 0.137s
2024-12-11 18:10:35.994 66075 INFO tempest.lib.common.rest_client [req-03a32f4f-08d5-4ac5-8df2-b1f333ea00e0 req-03a32f4f-08d5-4ac5-8df2-b1f333ea00e0 ] Request (ServerShowV254Test:test_rebuild_server): 200 GET http://10.180.1.21/compute/v2.1/servers/b3053cc0-f7c0-4eb6-8562-52854a1f83ad 0.177s
2024-12-11 18:10:36.039 66095 INFO tempest.lib.common.rest_client [req-f502ecd2-dc4d-422e-ac0b-9e2aa39fbef7 req-f502ecd2-dc4d-422e-ac0b-9e2aa39fbef7 ] Request (ServerRescueTestJSONUnderV235:setUpClass): 200 GET http://10.180.1.21/compute/v2.1/servers/cbcc51b4-ff2a-48b4-946a-d91e93f87afc 0.190s
2024-12-11 18:10:36.092 66055 INFO tempest.lib.common.rest_client [req-e8bc9dda-a134-4439-899c-6f946f9926cb req-e8bc9dda-a134-4439-899c-6f946f9926cb ] Request (ServersAdminNegativeTestJSON:setUpClass): 200 GET http://10.180.1.21/compute/v2.1/servers/30c3f46c-5408-4b3b-b260-6a4b36c930ac 0.231s
2024-12-11 18:10:36.179 66077 INFO tempest.lib.common.rest_client [req-972a43a5-21b0-4f23-a3d9-0fc82d44111a req-972a43a5-21b0-4f23-a3d9-0fc82d44111a ] Request (FlavorsV2NegativeTest:test_boot_with_low_ram): 200 GET http://10.180.1.21/compute/v2.1/flavors/42 0.284s
2024-12-11 18:10:36.266 66059 INFO tempest.lib.common.rest_client [req-4b84fde4-7caa-4485-add4-f5577947a5c0 req-4b84fde4-7caa-4485-add4-f5577947a5c0 ] Request (ImagesOneServerTestJSON:test_create_image_specify_multibyte_character_image_name): 202 POST http://10.180.1.21/compute/v2.1/servers/4eae80de-2c8e-4fc6-a31a-9cf30c10aee2/action 0.528s
2024-12-11 18:10:36.332 66051 INFO tempest.lib.common.rest_client [req-85b279e1-0bb7-4299-b625-8d8eec08d4b9 req-85b279e1-0bb7-4299-b625-8d8eec08d4b9 ] Request (ServersTestMultiNic:test_verify_multiple_nics_order): 200 GET http://10.180.1.21/compute/v2.1/servers/c28d58b8-19eb-4cfe-8545-df5c169a926c 0.227s
2024-12-11 18:10:36.367 66089 INFO tempest.lib.common.rest_client [req-8c826424-9c14-4659-95c0-b634de4d9443 req-8c826424-9c14-4659-95c0-b634de4d9443 ] Request (MigrationsAdminTest:test_list_migrations_in_flavor_resize_situation): 200 GET http://10.180.1.21/compute/v2.1/servers/3c9a0a11-8469-40d2-9bee-94309b5d9c34 0.311s
2024-12-11 18:10:36.436 66073 INFO tempest.lib.common.rest_client [req-a6ef5efa-ade0-485d-9206-ffc8f3fa75c7 req-a6ef5efa-ade0-485d-9206-ffc8f3fa75c7 ] Request (ImagesTestJSON:test_create_image_from_stopped_server): 200 GET http://10.180.1.21/compute/v2.1/servers/fc6b564c-72ef-4f53-ac53-6224b93faa33 0.212s
2024-12-11 18:10:36.495 66083 INFO tempest.lib.common.rest_client [req-e56f6e23-7fd8-464f-863b-226628b5fa83 req-e56f6e23-7fd8-464f-863b-226628b5fa83 ] Request (DeleteServersTestJSON:test_delete_active_server): 200 GET http://10.180.1.21/compute/v2.1/servers/0c814c4b-251e-4c13-9178-645bca5c0049 0.261s
2024-12-11 18:10:36.516 66053 INFO tempest.lib.common.rest_client [req-379685d6-f5c6-422c-b789-44087e6902de req-379685d6-f5c6-422c-b789-44087e6902de ] Request (ServersTestManualDisk:setUpClass): 200 GET http://10.180.1.21/compute/v2.1/servers/851ff40a-7aa0-4c22-9e6b-6d993db0f850 0.341s
2024-12-11 18:10:36.526 66059 INFO tempest.lib.common.rest_client [req-03fefc4b-94f0-44c3-9658-8fd4bc12cfb0 req-03fefc4b-94f0-44c3-9658-8fd4bc12cfb0 ] Request (ImagesOneServerTestJSON:test_create_image_specify_multibyte_character_image_name): 200 GET http://10.180.1.21/compute/v2.1/images/8e35f1f5-1240-44ef-bcee-15fb1be0c586 0.258s
2024-12-11 18:10:36.531 66077 INFO tempest.lib.common.rest_client [req-c6f487d7-b4e0-4237-ac52-fc19a79b2278 req-c6f487d7-b4e0-4237-ac52-fc19a79b2278 ] Request (FlavorsV2NegativeTest:test_boot_with_low_ram): 201 POST http://10.180.1.21/image/v2/images 0.346s
2024-12-11 18:10:36.568 66045 INFO tempest.lib.common.rest_client [req-cae8af12-9ed4-427c-b099-53b1a93ef373 req-cae8af12-9ed4-427c-b099-53b1a93ef373 ] Request (AttachInterfacesTestJSON:test_create_list_show_delete_interfaces_by_fixed_ip): 200 GET http://10.180.1.21/compute/v2.1/servers/f19fdff2-8f44-4f9a-a43f-6f870a8f8777 0.290s
2024-12-11 18:10:36.584 66063 INFO tempest.lib.common.rest_client [req-42bb7f6c-0018-45d7-8e7b-a81886d62235 req-42bb7f6c-0018-45d7-8e7b-a81886d62235 ] Request (ServersTestJSON:setUpClass): 200 GET http://10.180.1.21/compute/v2.1/servers/940ea3db-a51f-4a53-a807-a11cef9e8f84 0.292s
2024-12-11 18:10:36.621 66061 INFO tempest.lib.common.rest_client [req-7ebb5633-ee2c-44bc-89b2-a631d26b5ccf req-7ebb5633-ee2c-44bc-89b2-a631d26b5ccf ] Request (ServersNegativeTestJSON:setUpClass): 200 GET http://10.180.1.21/compute/v2.1/servers/dc766bc8-97fe-40c4-a3c5-1e2c2becbbe7 0.295s
2024-12-11 18:10:36.652 66103 INFO tempest.lib.common.rest_client [req-13de3ce1-ba34-4abc-89bd-715c4aa894dc req-13de3ce1-ba34-4abc-89bd-715c4aa894dc ] Request (ServersAdminTestJSON:test_create_server_with_scheduling_hint): 200 GET http://10.180.1.21/compute/v2.1/servers/82cbb67f-b234-4ee2-b728-a0a935968cb2 0.307s
2024-12-11 18:10:36.669 66069 INFO tempest.lib.common.rest_client [req-3403db61-349c-449e-830c-d96ea3a394c2 req-3403db61-349c-449e-830c-d96ea3a394c2 ] Request (ServerRescueNegativeTestJSON:setUpClass): 200 GET http://10.180.1.21/compute/v2.1/servers/57b034f4-86d2-455e-b637-39d7da59a070 0.292s
2024-12-11 18:10:36.708 66057 INFO tempest.lib.common.rest_client [req-0ad4a4db-c308-4779-bfb1-a2be34206a42 req-0ad4a4db-c308-4779-bfb1-a2be34206a42 ] Request (SecurityGroupsTestJSON:test_server_security_groups): 200 GET http://10.180.1.21/compute/v2.1/servers/23136ec5-ca96-4ff4-8af7-c8d6b03eab19 0.314s
2024-12-11 18:10:36.724 66067 INFO tempest.lib.common.rest_client [req-18697522-637c-4ebe-a7d6-2c243ee3de6d req-18697522-637c-4ebe-a7d6-2c243ee3de6d ] Request (FloatingIPsAssociationTestJSON:test_associate_already_associated_floating_ip): 200 GET http://10.180.1.21/compute/v2.1/servers/d1144031-311a-4fd2-865f-a81c82458fa8 0.279s
2024-12-11 18:10:36.775 66097 INFO tempest.lib.common.rest_client [req-ed0d6f3a-be35-4805-b4f4-d83ed1f4753d req-ed0d6f3a-be35-4805-b4f4-d83ed1f4753d ] Request (TenantUsagesTestJSON:tearDownClass): 200 GET http://10.180.1.21/compute/v2.1/servers/e4ec06ca-e47e-44bd-befb-cdc76f4da929 0.287s
2024-12-11 18:10:36.787 66093 INFO tempest.lib.common.rest_client [req-2e8d851b-a76a-44ee-8429-f13c5c0f4794 req-2e8d851b-a76a-44ee-8429-f13c5c0f4794 ] Request (ServerShowV247Test:tearDownClass): 200 GET http://10.180.1.21/compute/v2.1/servers/8e7b1aab-e074-44c0-ae27-4241823b2972 0.280s
2024-12-11 18:10:36.837 66047 INFO tempest.lib.common.rest_client [req-cced07b2-94a9-4fc2-a7e7-f769d0aa6958 req-cced07b2-94a9-4fc2-a7e7-f769d0aa6958 ] Request (ServerGroupTestJSON:_run_cleanups): 200 GET http://10.180.1.21/compute/v2.1/servers/4d374011-671a-4729-a7ee-c624bd927980 0.287s
2024-12-11 18:10:36.850 66066 INFO tempest.lib.common.rest_client [req-6511780a-fd0f-4402-b45b-6b1cba3c2e55 req-6511780a-fd0f-4402-b45b-6b1cba3c2e55 ] Request (ServerActionsTestOtherA:setUpClass): 200 GET http://10.180.1.21/compute/v2.1/servers/a05a7cc4-4969-4e54-8e4f-1a1972b60dc2 0.252s
2024-12-11 18:10:36.891 66107 INFO tempest.lib.common.rest_client [req-c33a46cc-e1a3-4946-9692-03c6cc512578 req-c33a46cc-e1a3-4946-9692-03c6cc512578 ] Request (MultipleCreateTestJSON:test_multiple_create): 200 GET http://10.180.1.21/compute/v2.1/servers/462194db-7674-478a-a9c4-6b86da47bb7f 0.240s
2024-12-11 18:10:37.002 66079 INFO tempest.lib.common.rest_client [req-2d86b6cc-bb64-4e5b-83aa-1bf2912382ff req-2d86b6cc-bb64-4e5b-83aa-1bf2912382ff ] Request (DeleteServersAdminTestJSON:test_delete_server_while_in_error_state): 200 GET http://10.180.1.21/compute/v2.1/servers/5dfbaf3d-3517-46b8-9617-99db83886d7a 0.274s
2024-12-11 18:10:37.025 66049 INFO tempest.lib.common.rest_client [req-65d42402-648b-4951-b7fc-3142f16aee20 req-65d42402-648b-4951-b7fc-3142f16aee20 ] Request (AttachVolumeTestJSON:test_attach_detach_volume): 200 GET http://10.180.1.21/compute/v2.1/servers/1023aca6-471e-4039-ae25-3fcabcc03d0c 0.296s
2024-12-11 18:10:37.032 66049 INFO tempest.common.waiters [-] State transition "BUILD/None" ==> "BUILD/networking" after 48 second wait
2024-12-11 18:10:37.054 66081 INFO tempest.lib.common.rest_client [req-1ad8e251-7ec8-454d-a96d-1bc89f967e82 req-1ad8e251-7ec8-454d-a96d-1bc89f967e82 ] Request (ImagesOneServerNegativeTestJSON:setUpClass): 200 GET http://10.180.1.21/compute/v2.1/servers/fa6c5ba7-7717-40cf-9f6e-5ba58f985fea 0.271s
2024-12-11 18:10:37.088 66101 INFO tempest.lib.common.rest_client [req-02c4d75c-da1d-46e8-984f-f1b3a65e59e5 req-02c4d75c-da1d-46e8-984f-f1b3a65e59e5 ] Request (ServerShowV257Test:test_rebuild_server): 200 GET http://10.180.1.21/compute/v2.1/servers/de1e0774-f6a7-4b1d-80b4-e196e8505d10 0.283s
2024-12-11 18:10:37.111 66091 INFO tempest.lib.common.rest_client [req-19d83fd3-6f50-4588-a7ba-0278d9e32489 req-19d83fd3-6f50-4588-a7ba-0278d9e32489 ] Request (ServerDiagnosticsV248Test:test_get_server_diagnostics): 200 GET http://10.180.1.21/compute/v2.1/servers/ab6b62e7-7ef6-47e0-b81a-71342a32d20a 0.245s
2024-12-11 18:10:37.139 66099 INFO tempest.lib.common.rest_client [req-52808143-f932-446d-a2cc-80bdbdb5a49b req-52808143-f932-446d-a2cc-80bdbdb5a49b ] Request (ListServersNegativeTestJSON:setUpClass): 200 GET http://10.180.1.21/compute/v2.1/servers/8b39cf11-9abd-4c11-b517-d896e2c39cff 0.208s
2024-12-11 18:10:37.164 66075 INFO tempest.lib.common.rest_client [req-fe298a4b-3cd5-491e-a677-86ff3472949b req-fe298a4b-3cd5-491e-a677-86ff3472949b ] Request (ServerShowV254Test:test_rebuild_server): 200 GET http://10.180.1.21/compute/v2.1/servers/b3053cc0-f7c0-4eb6-8562-52854a1f83ad 0.162s
2024-12-11 18:10:37.197 66095 INFO tempest.lib.common.rest_client [req-432b29b5-06d7-4f9e-9fa4-e82c1d77ec70 req-432b29b5-06d7-4f9e-9fa4-e82c1d77ec70 ] Request (ServerRescueTestJSONUnderV235:setUpClass): 200 GET http://10.180.1.21/compute/v2.1/servers/cbcc51b4-ff2a-48b4-946a-d91e93f87afc 0.151s
2024-12-11 18:10:37.207 66077 INFO tempest.lib.common.rest_client [req-f707ae95-0da4-4614-b02d-aa59918f5794 req-f707ae95-0da4-4614-b02d-aa59918f5794 ] Request (FlavorsV2NegativeTest:test_boot_with_low_ram): 204 PUT http://10.180.1.21/image/v2/images/4ae7a55c-dcec-4a17-a0e6-35f4289cc719/file 0.676s
2024-12-11 18:10:37.236 66055 INFO tempest.lib.common.rest_client [req-c0f61203-ae4d-4955-b00f-6ea08176896c req-c0f61203-ae4d-4955-b00f-6ea08176896c ] Request (ServersAdminNegativeTestJSON:setUpClass): 200 GET http://10.180.1.21/compute/v2.1/servers/30c3f46c-5408-4b3b-b260-6a4b36c930ac 0.136s
