2024-12-11 18:09:18.328 66059 INFO tempest.lib.common.rest_client [req-7c3af618-c340-4e3b-87b2-d4f0cff83de8 req-7c3af618-c340-4e3b-87b2-d4f0cff83de8 ] Request (ImagesOneServerTestJSON:setUpClass): 200 GET http://10.180.1.21/identity/v3/domains?name=Default 0.060s
2024-12-11 18:09:18.371 66045 INFO tempest.lib.common.rest_client [req-acbf0c9d-386e-4eb3-83e3-65ef2a3cb248 req-acbf0c9d-386e-4eb3-83e3-65ef2a3cb248 ] Request (QuotaClassesAdmin257Test:setUpClass): 201 POST http://10.180.1.21/identity/v3/projects 0.088s
2024-12-11 18:09:18.380 66057 INFO tempest.lib.common.rest_client [req-9432cde2-01f1-4acf-b846-9c065c106ee9 req-9432cde2-01f1-4acf-b846-9c065c106ee9 ] Request (AbsoluteLimitsTestJSON:setUpClass): 200 GET http://10.180.1.21/identity/v3/domains?name=Default 0.078s
2024-12-11 18:09:18.429 66073 INFO tempest.lib.common.rest_client [req-db6cbda5-9c7c-47b8-9b19-dce47ee865db req-db6cbda5-9c7c-47b8-9b19-dce47ee865db ] Request (ServerExternalEventsTest:test_create_server_external_events): 200 GET http://10.180.1.21/compute/v2.1/servers/349de27e-166a-4df1-826c-736ad6fb699d 1.750s
2024-12-11 18:09:18.438 66045 INFO tempest.lib.common.rest_client [req-4308bf8d-7c7e-4a44-8642-010aaee0de18 req-4308bf8d-7c7e-4a44-8642-010aaee0de18 ] Request (QuotaClassesAdmin257Test:setUpClass): 201 POST http://10.180.1.21/identity/v3/users 0.066s
2024-12-11 18:09:18.443 66059 INFO tempest.lib.common.rest_client [req-1dacf2c4-46ea-4da8-8726-cf23b1a213de req-1dacf2c4-46ea-4da8-8726-cf23b1a213de ] Request (ImagesOneServerTestJSON:setUpClass): 201 POST http://10.180.1.21/identity/v3/projects 0.113s
2024-12-11 18:09:18.460 66057 INFO tempest.lib.common.rest_client [req-fcedb872-7a2f-45fa-b3f7-a87999f5c223 req-fcedb872-7a2f-45fa-b3f7-a87999f5c223 ] Request (AbsoluteLimitsTestJSON:setUpClass): 201 POST http://10.180.1.21/identity/v3/projects 0.077s
2024-12-11 18:09:18.489 66075 INFO tempest.lib.common.rest_client [req-ff6584a4-7343-4b2a-a574-a8bbb5553acc req-ff6584a4-7343-4b2a-a574-a8bbb5553acc ] Request (FlavorsExtraSpecsNegativeTestJSON:tearDownClass): 200 GET http://10.180.1.21:9696/networking/v2.0/security-groups?tenant_id=0b19e11d476e4f23b2cdeb7f853a3304&name=default 0.258s
2024-12-11 18:09:18.510 66045 INFO tempest.lib.common.rest_client [req-a2e63e76-7c16-43da-9c5d-c6840bed0ac0 req-a2e63e76-7c16-43da-9c5d-c6840bed0ac0 ] Request (QuotaClassesAdmin257Test:setUpClass): 200 GET http://10.180.1.21/identity/v3/roles 0.071s
2024-12-11 18:09:18.511 66059 INFO tempest.lib.common.rest_client [req-5c509bf7-d924-4aca-a581-a7cf2cbdb038 req-5c509bf7-d924-4aca-a581-a7cf2cbdb038 ] Request (ImagesOneServerTestJSON:setUpClass): 201 POST http://10.180.1.21/identity/v3/users 0.067s
2024-12-11 18:09:18.511 66103 INFO tempest.lib.common.rest_client [req-c7e33188-a50e-4266-becf-30f48ab453b6 req-c7e33188-a50e-4266-becf-30f48ab453b6 ] Request (ServersAdminTestJSON:setUpClass): 201 POST http://10.180.1.21:9696/networking/v2.0/subnets 0.403s
2024-12-11 18:09:18.532 66057 INFO tempest.lib.common.rest_client [req-a28cc4ba-bc10-4115-9113-de5e207f8110 req-a28cc4ba-bc10-4115-9113-de5e207f8110 ] Request (AbsoluteLimitsTestJSON:setUpClass): 201 POST http://10.180.1.21/identity/v3/users 0.072s
2024-12-11 18:09:18.554 66045 INFO tempest.lib.common.rest_client [req-04041ae0-52fe-4cc5-83fa-21b58f02c6a9 req-04041ae0-52fe-4cc5-83fa-21b58f02c6a9 ] Request (QuotaClassesAdmin257Test:setUpClass): 204 PUT http://10.180.1.21/identity/v3/projects/35b8a21091284c049d070420e0967cb2/users/ffe706eb828c48e4a689032a4c9ed960/roles/5a307acaf1014acbaa0e5fdc3cf6cd0e 0.044s
2024-12-11 18:09:18.554 66045 INFO tempest.lib.common.dynamic_creds [-] Dynamic test user ffe706eb828c48e4a689032a4c9ed960 is created with scope project and roles: ['member']
2024-12-11 18:09:18.555 66045 INFO tempest.lib.common.dynamic_creds [-] Acquired dynamic creds: credentials: Credentials: {'domain_id': 'default', 'domain_name': 'Default', 'username': 'tempest-QuotaClassesAdmin257Test-2134592729-project-member', 'project_domain_id': 'default', 'project_domain_name': 'Default', 'project_id': '35b8a21091284c049d070420e0967cb2', 'project_name': 'tempest-QuotaClassesAdmin257Test-2134592729', 'tenant_id': '35b8a21091284c049d070420e0967cb2', 'tenant_name': 'tempest-QuotaClassesAdmin257Test-2134592729', 'user_domain_id': 'default', 'user_domain_name': 'Default', 'user_id': 'ffe706eb828c48e4a689032a4c9ed960', 'system': None}, Network: None, Subnet: None, Router: None
2024-12-11 18:09:18.555 66045 INFO tempest.lib.common.dynamic_creds [-] Created isolated network resources for: credentials: Credentials: {'domain_id': 'default', 'domain_name': 'Default', 'username': 'tempest-QuotaClassesAdmin257Test-2134592729-project-member', 'project_domain_id': 'default', 'project_domain_name': 'Default', 'project_id': '35b8a21091284c049d070420e0967cb2', 'project_name': 'tempest-QuotaClassesAdmin257Test-2134592729', 'tenant_id': '35b8a21091284c049d070420e0967cb2', 'tenant_name': 'tempest-QuotaClassesAdmin257Test-2134592729', 'user_domain_id': 'default', 'user_domain_name': 'Default', 'user_id': 'ffe706eb828c48e4a689032a4c9ed960', 'system': None}, Network: None, Subnet: None, Router: None
2024-12-11 18:09:18.596 66059 INFO tempest.lib.common.rest_client [req-522d82ee-78b7-4842-a37b-4bfae7616370 req-522d82ee-78b7-4842-a37b-4bfae7616370 ] Request (ImagesOneServerTestJSON:setUpClass): 200 GET http://10.180.1.21/identity/v3/roles 0.085s
2024-12-11 18:09:18.611 66057 INFO tempest.lib.common.rest_client [req-a4dd0862-c7f3-49b2-9943-86a5008a4eb9 req-a4dd0862-c7f3-49b2-9943-86a5008a4eb9 ] Request (AbsoluteLimitsTestJSON:setUpClass): 200 GET http://10.180.1.21/identity/v3/roles 0.079s
2024-12-11 18:09:18.621 66083 INFO tempest.lib.common.rest_client [req-89bb5dbe-014d-4da9-b8c5-1676a9e808f7 req-89bb5dbe-014d-4da9-b8c5-1676a9e808f7 ] Request (SecurityGroupRulesTestJSON:setUpClass): 201 POST http://10.180.1.21:9696/networking/v2.0/networks 0.365s
2024-12-11 18:09:18.681 66045 INFO tempest.lib.common.rest_client [req-ecd26ebc-0238-4b3e-8d04-08dc23316fe5 req-ecd26ebc-0238-4b3e-8d04-08dc23316fe5 ] Request (QuotaClassesAdmin257Test:setUpClass): 201 POST http://10.180.1.21/identity/v3/auth/tokens 0.122s
2024-12-11 18:09:18.692 66061 INFO tempest.lib.common.rest_client [req-a21e0692-6688-4bb9-be18-21c00664058d req-a21e0692-6688-4bb9-be18-21c00664058d ] Request (QuotasAdminTestJSON:test_update_all_quota_resources_for_tenant): 200 GET http://10.180.1.21/compute/v2.1/os-quota-sets/9f01af0daa644672823c217488f32ec5/defaults 1.860s
2024-12-11 18:09:18.725 66059 INFO tempest.lib.common.rest_client [req-43886459-8e75-41c4-a4e3-ee7ef3179944 req-43886459-8e75-41c4-a4e3-ee7ef3179944 ] Request (ImagesOneServerTestJSON:setUpClass): 204 PUT http://10.180.1.21/identity/v3/projects/f1647e3093e0435a92a96547fee724f9/users/2773ce48de054cc89ad718455a6cff0b/roles/5a307acaf1014acbaa0e5fdc3cf6cd0e 0.128s
2024-12-11 18:09:18.725 66059 INFO tempest.lib.common.dynamic_creds [-] Dynamic test user 2773ce48de054cc89ad718455a6cff0b is created with scope project and roles: ['member']
2024-12-11 18:09:18.725 66059 INFO tempest.lib.common.dynamic_creds [-] Acquired dynamic creds: credentials: Credentials: {'domain_id': 'default', 'domain_name': 'Default', 'username': 'tempest-ImagesOneServerTestJSON-416358410-project-member', 'project_domain_id': 'default', 'project_domain_name': 'Default', 'project_id': 'f1647e3093e0435a92a96547fee724f9', 'project_name': 'tempest-ImagesOneServerTestJSON-416358410', 'tenant_id': 'f1647e3093e0435a92a96547fee724f9', 'tenant_name': 'tempest-ImagesOneServerTestJSON-416358410', 'user_domain_id': 'default', 'user_domain_name': 'Default', 'user_id': '2773ce48de054cc89ad718455a6cff0b', 'system': None}, Network: None, Subnet: None, Router: None
2024-12-11 18:09:18.743 66057 INFO tempest.lib.common.rest_client [req-aea06e91-a1d3-4542-9d73-93dd02205d80 req-aea06e91-a1d3-4542-9d73-93dd02205d80 ] Request (AbsoluteLimitsTestJSON:setUpClass): 204 PUT http://10.180.1.21/identity/v3/projects/0ad753823b5f494b9e619be159b31355/users/a7aee0c437df4828b870031e60b547dd/roles/5a307acaf1014acbaa0e5fdc3cf6cd0e 0.131s
2024-12-11 18:09:18.743 66057 INFO tempest.lib.common.dynamic_creds [-] Dynamic test user a7aee0c437df4828b870031e60b547dd is created with scope project and roles: ['member']
2024-12-11 18:09:18.744 66057 INFO tempest.lib.common.dynamic_creds [-] Acquired dynamic creds: credentials: Credentials: {'domain_id': 'default', 'domain_name': 'Default', 'username': 'tempest-AbsoluteLimitsTestJSON-289326409-project-member', 'project_domain_id': 'default', 'project_domain_name': 'Default', 'project_id': '0ad753823b5f494b9e619be159b31355', 'project_name': 'tempest-AbsoluteLimitsTestJSON-289326409', 'tenant_id': '0ad753823b5f494b9e619be159b31355', 'tenant_name': 'tempest-AbsoluteLimitsTestJSON-289326409', 'user_domain_id': 'default', 'user_domain_name': 'Default', 'user_id': 'a7aee0c437df4828b870031e60b547dd', 'system': None}, Network: None, Subnet: None, Router: None
2024-12-11 18:09:18.744 66057 INFO tempest.lib.common.dynamic_creds [-] Created isolated network resources for: credentials: Credentials: {'domain_id': 'default', 'domain_name': 'Default', 'username': 'tempest-AbsoluteLimitsTestJSON-289326409-project-member', 'project_domain_id': 'default', 'project_domain_name': 'Default', 'project_id': '0ad753823b5f494b9e619be159b31355', 'project_name': 'tempest-AbsoluteLimitsTestJSON-289326409', 'tenant_id': '0ad753823b5f494b9e619be159b31355', 'tenant_name': 'tempest-AbsoluteLimitsTestJSON-289326409', 'user_domain_id': 'default', 'user_domain_name': 'Default', 'user_id': 'a7aee0c437df4828b870031e60b547dd', 'system': None}, Network: None, Subnet: None, Router: None
2024-12-11 18:09:18.778 66077 INFO tempest.lib.common.rest_client [req-238c71d7-7999-4ca7-8a5f-b861c9b5ea4e req-238c71d7-7999-4ca7-8a5f-b861c9b5ea4e ] Request (ServerDiagnosticsTest:test_get_server_diagnostics): 200 GET http://10.180.1.21/compute/v2.1/servers/3201aa57-fc74-4246-b1ed-378356206382 1.909s
2024-12-11 18:09:18.815 66059 INFO tempest.lib.common.rest_client [req-d0e0ea54-4eda-4136-846d-59cdf599a273 req-d0e0ea54-4eda-4136-846d-59cdf599a273 ] Request (ImagesOneServerTestJSON:setUpClass): 201 POST http://10.180.1.21/identity/v3/auth/tokens 0.089s
2024-12-11 18:09:18.846 66045 INFO tempest.lib.common.rest_client [req-006ba767-0b9f-46ef-8cce-e0547a64ee20 req-006ba767-0b9f-46ef-8cce-e0547a64ee20 ] Request (QuotaClassesAdmin257Test:setUpClass): 201 POST http://10.180.1.21/identity/v3/projects 0.165s
2024-12-11 18:09:18.848 66083 INFO tempest.lib.common.rest_client [req-ed7169cb-4230-48e8-8113-3853eced2c3f req-ed7169cb-4230-48e8-8113-3853eced2c3f ] Request (SecurityGroupRulesTestJSON:setUpClass): 201 POST http://10.180.1.21:9696/networking/v2.0/subnets 0.226s
2024-12-11 18:09:18.891 66055 INFO tempest.lib.common.rest_client [req-ef9a44ee-02a0-4321-afa5-ca0d75db4f4b req-ef9a44ee-02a0-4321-afa5-ca0d75db4f4b ] Request (ServersAdmin275Test:test_rebuild_update_server_275): 200 GET http://10.180.1.21/compute/v2.1/servers/bd82b418-92da-463b-a1dc-33739fef062b 2.005s
2024-12-11 18:09:18.901 66055 INFO tempest.common.waiters [-] State transition "BUILD/spawning" ==> "ACTIVE/None" after 14 second wait
2024-12-11 18:09:18.908 66057 INFO tempest.lib.common.rest_client [req-4b968a4e-3bc7-455d-b6bb-5194f3697dbf req-4b968a4e-3bc7-455d-b6bb-5194f3697dbf ] Request (AbsoluteLimitsTestJSON:setUpClass): 201 POST http://10.180.1.21/identity/v3/auth/tokens 0.161s
2024-12-11 18:09:18.935 66075 INFO tempest.lib.common.rest_client [req-eeca623f-9624-4fd5-a4a7-84302f80b3d4 req-eeca623f-9624-4fd5-a4a7-84302f80b3d4 ] Request (FlavorsExtraSpecsNegativeTestJSON:tearDownClass): 204 DELETE http://10.180.1.21:9696/networking/v2.0/security-groups/4199b991-1f85-42db-b8a2-11e23149e553 0.446s
2024-12-11 18:09:18.969 66045 INFO tempest.lib.common.rest_client [req-9df40a2c-5be0-4f7b-9efe-fb9b03061e78 req-9df40a2c-5be0-4f7b-9efe-fb9b03061e78 ] Request (QuotaClassesAdmin257Test:setUpClass): 201 POST http://10.180.1.21/identity/v3/users 0.122s
2024-12-11 18:09:18.985 66045 INFO tempest.lib.common.rest_client [req-76c8dc6b-e8f0-4570-8c55-13ebf6437729 req-76c8dc6b-e8f0-4570-8c55-13ebf6437729 ] Request (QuotaClassesAdmin257Test:setUpClass): 200 GET http://10.180.1.21/identity/v3/roles 0.016s
2024-12-11 18:09:19.010 66045 INFO tempest.lib.common.rest_client [req-e782c2de-1ecb-4222-b2c0-71e78ebd436b req-e782c2de-1ecb-4222-b2c0-71e78ebd436b ] Request (QuotaClassesAdmin257Test:setUpClass): 204 PUT http://10.180.1.21/identity/v3/projects/6637ea36ae684ebf89b8fbde680298c0/users/29a24e5dfce34360b1579232a2fa7172/roles/eb05b8cfd36b400592bd44e927193f48 0.024s
2024-12-11 18:09:19.019 66075 INFO tempest.lib.common.rest_client [req-9f22a2f1-ed26-4048-9b2b-6a508f28bf86 req-9f22a2f1-ed26-4048-9b2b-6a508f28bf86 ] Request (FlavorsExtraSpecsNegativeTestJSON:tearDownClass): 204 DELETE http://10.180.1.21/identity/v3/projects/0b19e11d476e4f23b2cdeb7f853a3304 0.082s
2024-12-11 18:09:19.047 66075 INFO tempest.lib.common.rest_client [req-6d330711-80b0-4dae-80be-cba6f6ac9173 req-6d330711-80b0-4dae-80be-cba6f6ac9173 ] Request (QuotasSecurityGroupAdminNegativeTest:setUpClass): 201 POST http://10.180.1.21/identity/v3/auth/tokens 0.026s
2024-12-11 18:09:19.052 66045 INFO tempest.lib.common.rest_client [req-febd2e2f-2879-499c-9e25-178a80b486fd req-febd2e2f-2879-499c-9e25-178a80b486fd ] Request (QuotaClassesAdmin257Test:setUpClass): 200 GET http://10.180.1.21/identity/v3/roles 0.042s
2024-12-11 18:09:19.075 66045 INFO tempest.lib.common.rest_client [req-d4f033d9-f3e1-4473-b27c-306c012816a8 req-d4f033d9-f3e1-4473-b27c-306c012816a8 ] Request (QuotaClassesAdmin257Test:setUpClass): 204 PUT http://10.180.1.21/identity/v3/projects/6637ea36ae684ebf89b8fbde680298c0/users/29a24e5dfce34360b1579232a2fa7172/roles/eb05b8cfd36b400592bd44e927193f48 0.022s
2024-12-11 18:09:19.075 66045 INFO tempest.lib.common.dynamic_creds [-] Dynamic test user 29a24e5dfce34360b1579232a2fa7172 is created with scope project and roles: ['admin']
2024-12-11 18:09:19.075 66045 INFO tempest.lib.common.dynamic_creds [-] Acquired dynamic creds: credentials: Credentials: {'domain_id': 'default', 'domain_name': 'Default', 'username': 'tempest-QuotaClassesAdmin257Test-72909641-project-admin', 'project_domain_id': 'default', 'project_domain_name': 'Default', 'project_id': '6637ea36ae684ebf89b8fbde680298c0', 'project_name': 'tempest-QuotaClassesAdmin257Test-72909641', 'tenant_id': '6637ea36ae684ebf89b8fbde680298c0', 'tenant_name': 'tempest-QuotaClassesAdmin257Test-72909641', 'user_domain_id': 'default', 'user_domain_name': 'Default', 'user_id': '29a24e5dfce34360b1579232a2fa7172', 'system': None}, Network: None, Subnet: None, Router: None
2024-12-11 18:09:19.075 66045 INFO tempest.lib.common.dynamic_creds [-] Created isolated network resources for: credentials: Credentials: {'domain_id': 'default', 'domain_name': 'Default', 'username': 'tempest-QuotaClassesAdmin257Test-72909641-project-admin', 'project_domain_id': 'default', 'project_domain_name': 'Default', 'project_id': '6637ea36ae684ebf89b8fbde680298c0', 'project_name': 'tempest-QuotaClassesAdmin257Test-72909641', 'tenant_id': '6637ea36ae684ebf89b8fbde680298c0', 'tenant_name': 'tempest-QuotaClassesAdmin257Test-72909641', 'user_domain_id': 'default', 'user_domain_name': 'Default', 'user_id': '29a24e5dfce34360b1579232a2fa7172', 'system': None}, Network: None, Subnet: None, Router: None
2024-12-11 18:09:19.121 66075 INFO tempest.lib.common.rest_client [req-7b31f052-355b-4c39-b4ef-8754c5d52281 req-7b31f052-355b-4c39-b4ef-8754c5d52281 ] Request (QuotasSecurityGroupAdminNegativeTest:setUpClass): 201 POST http://10.180.1.21/identity/v3/auth/tokens 0.070s
2024-12-11 18:09:19.153 66075 INFO tempest.lib.common.rest_client [req-0e0f28ff-0e7f-4a21-933a-530a8fc7f63f req-0e0f28ff-0e7f-4a21-933a-530a8fc7f63f ] Request (QuotasSecurityGroupAdminNegativeTest:setUpClass): 200 GET http://10.180.1.21/identity/v3/domains?name=Default 0.032s
2024-12-11 18:09:19.155 66045 INFO tempest.lib.common.rest_client [req-3b432d46-7727-4350-a189-58d46f4458f1 req-3b432d46-7727-4350-a189-58d46f4458f1 ] Request (QuotaClassesAdmin257Test:setUpClass): 201 POST http://10.180.1.21/identity/v3/auth/tokens 0.077s
2024-12-11 18:09:19.182 66075 INFO tempest.lib.common.rest_client [req-7d7e74c8-f149-4fe3-a22a-db9bc59e40f6 req-7d7e74c8-f149-4fe3-a22a-db9bc59e40f6 ] Request (QuotasSecurityGroupAdminNegativeTest:setUpClass): 201 POST http://10.180.1.21/identity/v3/projects 0.028s
2024-12-11 18:09:19.249 66075 INFO tempest.lib.common.rest_client [req-f97da268-9a0f-40dc-a177-c2b5e48e64de req-f97da268-9a0f-40dc-a177-c2b5e48e64de ] Request (QuotasSecurityGroupAdminNegativeTest:setUpClass): 201 POST http://10.180.1.21/identity/v3/users 0.067s
2024-12-11 18:09:19.276 66075 INFO tempest.lib.common.rest_client [req-225b0666-a0ae-4144-b7d6-53a3f93b64b4 req-225b0666-a0ae-4144-b7d6-53a3f93b64b4 ] Request (QuotasSecurityGroupAdminNegativeTest:setUpClass): 200 GET http://10.180.1.21/identity/v3/roles 0.026s
2024-12-11 18:09:19.315 66075 INFO tempest.lib.common.rest_client [req-689a9598-2a13-4821-823a-46f1052eca25 req-689a9598-2a13-4821-823a-46f1052eca25 ] Request (QuotasSecurityGroupAdminNegativeTest:setUpClass): 204 PUT http://10.180.1.21/identity/v3/projects/50c118f2e12b4a428f232a5e2daf49f2/users/e961d9f1ea964fea8f0150a3010028b9/roles/5a307acaf1014acbaa0e5fdc3cf6cd0e 0.039s
2024-12-11 18:09:19.315 66075 INFO tempest.lib.common.dynamic_creds [-] Dynamic test user e961d9f1ea964fea8f0150a3010028b9 is created with scope project and roles: ['member']
2024-12-11 18:09:19.316 66075 INFO tempest.lib.common.dynamic_creds [-] Acquired dynamic creds: credentials: Credentials: {'domain_id': 'default', 'domain_name': 'Default', 'username': 'tempest-QuotasSecurityGroupAdminNegativeTest-2024511497-project-member', 'project_domain_id': 'default', 'project_domain_name': 'Default', 'project_id': '50c118f2e12b4a428f232a5e2daf49f2', 'project_name': 'tempest-QuotasSecurityGroupAdminNegativeTest-2024511497', 'tenant_id': '50c118f2e12b4a428f232a5e2daf49f2', 'tenant_name': 'tempest-QuotasSecurityGroupAdminNegativeTest-2024511497', 'user_domain_id': 'default', 'user_domain_name': 'Default', 'user_id': 'e961d9f1ea964fea8f0150a3010028b9', 'system': None}, Network: None, Subnet: None, Router: None
2024-12-11 18:09:19.317 66075 INFO tempest.lib.common.dynamic_creds [-] Created isolated network resources for: credentials: Credentials: {'domain_id': 'default', 'domain_name': 'Default', 'username': 'tempest-QuotasSecurityGroupAdminNegativeTest-2024511497-project-member', 'project_domain_id': 'default', 'project_domain_name': 'Default', 'project_id': '50c118f2e12b4a428f232a5e2daf49f2', 'project_name': 'tempest-QuotasSecurityGroupAdminNegativeTest-2024511497', 'tenant_id': '50c118f2e12b4a428f232a5e2daf49f2', 'tenant_name': 'tempest-QuotasSecurityGroupAdminNegativeTest-2024511497', 'user_domain_id': 'default', 'user_domain_name': 'Default', 'user_id': 'e961d9f1ea964fea8f0150a3010028b9', 'system': None}, Network: None, Subnet: None, Router: None
2024-12-11 18:09:19.335 66087 INFO tempest.lib.common.rest_client [req-9870437b-174d-4123-8d58-ab28e252c241 req-9870437b-174d-4123-8d58-ab28e252c241 ] Request (ServersWithSpecificFlavorTestJSON:test_verify_created_server_ephemeral_disk): 202 POST http://10.180.1.21/compute/v2.1/servers 2.726s
2024-12-11 18:09:19.405 66075 INFO tempest.lib.common.rest_client [req-7fdf7704-e177-482d-b1a8-5cb3a0dcc8f7 req-7fdf7704-e177-482d-b1a8-5cb3a0dcc8f7 ] Request (QuotasSecurityGroupAdminNegativeTest:setUpClass): 201 POST http://10.180.1.21/identity/v3/auth/tokens 0.086s
2024-12-11 18:09:19.416 66067 INFO tempest.lib.common.rest_client [req-f34afab7-3aad-4bfd-bf38-b697ac25917b req-f34afab7-3aad-4bfd-bf38-b697ac25917b ] Request (SecurityGroupsTestAdminJSON:_run_cleanups): 202 DELETE http://10.180.1.21/compute/v2.1/os-security-groups/51dd0d93-3128-41da-88d3-96f18b8293e4 2.316s
2024-12-11 18:09:19.448 66063 INFO tempest.lib.common.rest_client [req-44a62ee9-305f-4602-89ec-1aba96670e01 req-44a62ee9-305f-4602-89ec-1aba96670e01 ] Request (FlavorsAccessNegativeTestJSON:test_flavor_access_list_with_public_flavor): 404 GET http://10.180.1.21/compute/v2.1/flavors/643122686/os-flavor-access 2.317s
2024-12-11 18:09:19.464 66066 INFO tempest.lib.common.rest_client [req-b6cc815d-f94d-4947-9d2d-c478ec154c7c req-b6cc815d-f94d-4947-9d2d-c478ec154c7c ] Request (AggregatesAdminNegativeTestJSON:test_aggregate_create_with_existent_aggregate_name): 409 POST http://10.180.1.21/compute/v2.1/os-aggregates 2.295s
2024-12-11 18:09:19.477 66075 INFO tempest.lib.common.rest_client [req-afbe16e0-e95c-468a-a5c3-52e6ea895715 req-afbe16e0-e95c-468a-a5c3-52e6ea895715 ] Request (QuotasSecurityGroupAdminNegativeTest:setUpClass): 201 POST http://10.180.1.21/identity/v3/projects 0.071s
2024-12-11 18:09:19.504 66091 INFO tempest.lib.common.rest_client [req-341fcc09-d16e-46ef-9a73-9a58d98e0d9b req-341fcc09-d16e-46ef-9a73-9a58d98e0d9b ] Request (FlavorsAdminTestJSON:_run_cleanups): 200 GET http://10.180.1.21/compute/v2.1/flavors/detail 2.322s
2024-12-11 18:09:19.538 66079 INFO tempest.lib.common.rest_client [req-aaad0b7e-8df0-4ebe-b9fc-b2e0b122d98c req-aaad0b7e-8df0-4ebe-b9fc-b2e0b122d98c ] Request (DeleteServersAdminTestJSON:test_admin_delete_servers_of_others): 200 GET http://10.180.1.21/compute/v2.1/servers/057b7bac-f76a-42df-af3c-22ebf54fbf5e 2.436s
2024-12-11 18:09:19.545 66067 INFO tempest.lib.common.rest_client [req-5f4614b4-ee3f-4026-a70f-df513b391475 req-5f4614b4-ee3f-4026-a70f-df513b391475 ] Request (SecurityGroupsTestAdminJSON:tearDownClass): 204 DELETE http://10.180.1.21/identity/v3/users/f425d91ff7d343b383424238978d5ea8 0.122s
2024-12-11 18:09:19.551 66079 INFO tempest.common.waiters [-] State transition "BUILD/spawning" ==> "ACTIVE/None" after 14 second wait
2024-12-11 18:09:19.559 66047 INFO tempest.lib.common.rest_client [req-2164b0d9-58bb-4d5a-b87b-9f4402f7b533 req-2164b0d9-58bb-4d5a-b87b-9f4402f7b533 ] Request (ServerGroupTestJSON:test_create_delete_multiple_server_groups_with_same_name_policy): 204 DELETE http://10.180.1.21/compute/v2.1/os-server-groups/bbe5dd58-c971-452f-b7f4-579b0be01968 2.354s
2024-12-11 18:09:19.597 66097 INFO tempest.lib.common.rest_client [req-5646ec64-e7d1-4b22-83ae-ab0d909e8aa4 req-5646ec64-e7d1-4b22-83ae-ab0d909e8aa4 ] Request (FlavorsExtraSpecsTestJSON:tearDownClass): 202 DELETE http://10.180.1.21/compute/v2.1/flavors/1940513421 2.370s
2024-12-11 18:09:19.600 66075 INFO tempest.lib.common.rest_client [req-bf7f445c-5250-4dba-b351-32d4adae0f2f req-bf7f445c-5250-4dba-b351-32d4adae0f2f ] Request (QuotasSecurityGroupAdminNegativeTest:setUpClass): 201 POST http://10.180.1.21/identity/v3/users 0.123s
2024-12-11 18:09:19.625 66075 INFO tempest.lib.common.rest_client [req-2e3a737b-4c6d-4f04-aac7-60fb7738b030 req-2e3a737b-4c6d-4f04-aac7-60fb7738b030 ] Request (QuotasSecurityGroupAdminNegativeTest:setUpClass): 200 GET http://10.180.1.21/identity/v3/roles 0.024s
2024-12-11 18:09:19.631 66069 INFO tempest.lib.common.rest_client [req-acf75f25-d921-4436-b662-5f7d5c0c4881 req-acf75f25-d921-4436-b662-5f7d5c0c4881 ] Request (HypervisorAdminTestJSON:test_get_hypervisor_show_details): 200 GET http://10.180.1.21/compute/v2.1/os-hypervisors/1 2.379s
2024-12-11 18:09:19.654 66075 INFO tempest.lib.common.rest_client [req-86fb15f7-f67d-4257-870d-4b56877c44b2 req-86fb15f7-f67d-4257-870d-4b56877c44b2 ] Request (QuotasSecurityGroupAdminNegativeTest:setUpClass): 204 PUT http://10.180.1.21/identity/v3/projects/8b34f620ba564111a15af3fb1c6049cf/users/7cec6bb9d3744e71bbc041658b58eadc/roles/eb05b8cfd36b400592bd44e927193f48 0.028s
2024-12-11 18:09:19.665 66067 INFO tempest.lib.common.rest_client [req-e81b0273-84e7-45fa-ba06-8a05105b8e98 req-e81b0273-84e7-45fa-ba06-8a05105b8e98 ] Request (SecurityGroupsTestAdminJSON:tearDownClass): 204 DELETE http://10.180.1.21/identity/v3/users/ed10187a9af44545bd4c35b541fc92e3 0.119s
2024-12-11 18:09:19.665 66067 INFO tempest.lib.common.dynamic_creds [-] Deleting project and security group for project: 882ef5f0ec5d449f8493b53ce7f36704
2024-12-11 18:09:19.699 66085 INFO tempest.lib.common.rest_client [req-def1b300-442c-4d58-9968-219a31c4d5ea req-def1b300-442c-4d58-9968-219a31c4d5ea ] Request (ServerPasswordTestJSON:setUpClass): 200 GET http://10.180.1.21/compute/v2.1/servers/7ff43fd2-f061-4cd4-9dd9-fd8bab497694 2.402s
2024-12-11 18:09:19.703 66093 INFO tempest.lib.common.rest_client [req-2407544b-fa4e-4780-b537-c282144635f9 req-2407544b-fa4e-4780-b537-c282144635f9 ] Request (MultipleCreateNegativeTestJSON:test_max_count_non_integer): 400 POST http://10.180.1.21/compute/v2.1/servers 2.374s
2024-12-11 18:09:19.728 66067 INFO tempest.lib.common.rest_client [req-06bb1444-6765-4926-8f1c-14a04ca40729 req-06bb1444-6765-4926-8f1c-14a04ca40729 ] Request (SecurityGroupsTestAdminJSON:tearDownClass): 201 POST http://10.180.1.21/identity/v3/auth/tokens 0.062s
2024-12-11 18:09:19.742 66075 INFO tempest.lib.common.rest_client [req-1335f8cc-bf27-42e0-bc08-4eed8591c715 req-1335f8cc-bf27-42e0-bc08-4eed8591c715 ] Request (QuotasSecurityGroupAdminNegativeTest:setUpClass): 200 GET http://10.180.1.21/identity/v3/roles 0.088s
2024-12-11 18:09:19.763 66075 INFO tempest.lib.common.rest_client [req-d6866b50-520f-4ce5-964f-ffb6f1aa1b0f req-d6866b50-520f-4ce5-964f-ffb6f1aa1b0f ] Request (QuotasSecurityGroupAdminNegativeTest:setUpClass): 204 PUT http://10.180.1.21/identity/v3/projects/8b34f620ba564111a15af3fb1c6049cf/users/7cec6bb9d3744e71bbc041658b58eadc/roles/eb05b8cfd36b400592bd44e927193f48 0.018s
2024-12-11 18:09:19.763 66075 INFO tempest.lib.common.dynamic_creds [-] Dynamic test user 7cec6bb9d3744e71bbc041658b58eadc is created with scope project and roles: ['admin']
2024-12-11 18:09:19.764 66075 INFO tempest.lib.common.dynamic_creds [-] Acquired dynamic creds: credentials: Credentials: {'domain_id': 'default', 'domain_name': 'Default', 'username': 'tempest-QuotasSecurityGroupAdminNegativeTest-1767804772-project-admin', 'project_domain_id': 'default', 'project_domain_name': 'Default', 'project_id': '8b34f620ba564111a15af3fb1c6049cf', 'project_name': 'tempest-QuotasSecurityGroupAdminNegativeTest-1767804772', 'tenant_id': '8b34f620ba564111a15af3fb1c6049cf', 'tenant_name': 'tempest-QuotasSecurityGroupAdminNegativeTest-1767804772', 'user_domain_id': 'default', 'user_domain_name': 'Default', 'user_id': '7cec6bb9d3744e71bbc041658b58eadc', 'system': None}, Network: None, Subnet: None, Router: None
2024-12-11 18:09:19.764 66075 INFO tempest.lib.common.dynamic_creds [-] Created isolated network resources for: credentials: Credentials: {'domain_id': 'default', 'domain_name': 'Default', 'username': 'tempest-QuotasSecurityGroupAdminNegativeTest-1767804772-project-admin', 'project_domain_id': 'default', 'project_domain_name': 'Default', 'project_id': '8b34f620ba564111a15af3fb1c6049cf', 'project_name': 'tempest-QuotasSecurityGroupAdminNegativeTest-1767804772', 'tenant_id': '8b34f620ba564111a15af3fb1c6049cf', 'tenant_name': 'tempest-QuotasSecurityGroupAdminNegativeTest-1767804772', 'user_domain_id': 'default', 'user_domain_name': 'Default', 'user_id': '7cec6bb9d3744e71bbc041658b58eadc', 'system': None}, Network: None, Subnet: None, Router: None
2024-12-11 18:09:19.782 66093 INFO tempest.lib.common.rest_client [req-89659a27-cbb1-4409-a43a-5a01e08be725 req-89659a27-cbb1-4409-a43a-5a01e08be725 ] Request (MultipleCreateNegativeTestJSON:test_min_count_less_than_one): 201 POST http://10.180.1.21/identity/v3/auth/tokens 0.071s
2024-12-11 18:09:19.783 66093 INFO tempest.lib.common.fixed_network [-] (MultipleCreateNegativeTestJSON:test_min_count_less_than_one) Found network None available for tenant
2024-12-11 18:09:19.833 66059 INFO tempest.lib.common.rest_client [req-c5ac12d6-c36c-4c7c-af75-d3bafe6a57e0 req-c5ac12d6-c36c-4c7c-af75-d3bafe6a57e0 ] Request (ImagesOneServerTestJSON:setUpClass): 201 POST http://10.180.1.21:9696/networking/v2.0/networks 1.018s
2024-12-11 18:09:19.861 66075 INFO tempest.lib.common.rest_client [req-7d6b7f2d-aeb4-4990-a322-45f0d805fe06 req-7d6b7f2d-aeb4-4990-a322-45f0d805fe06 ] Request (QuotasSecurityGroupAdminNegativeTest:setUpClass): 201 POST http://10.180.1.21/identity/v3/auth/tokens 0.092s
2024-12-11 18:09:19.861 66075 WARNING tempest.lib.common.rest_client [-] Deprecated: "tenant_id" property is deprecated for removal, use "project_id" instead
2024-12-11 18:09:19.930 66075 INFO tempest.lib.common.rest_client [req-8249bea3-e767-4a04-a484-46bc49a96fcd req-8249bea3-e767-4a04-a484-46bc49a96fcd ] Request (QuotasSecurityGroupAdminNegativeTest:tearDownClass): 204 DELETE http://10.180.1.21/identity/v3/users/e961d9f1ea964fea8f0150a3010028b9 0.064s
2024-12-11 18:09:19.988 66107 INFO tempest.lib.common.rest_client [req-0ceca73c-9daa-4081-bc60-1f36203f0ed0 req-0ceca73c-9daa-4081-bc60-1f36203f0ed0 ] Request (SecurityGroupRulesNegativeTestJSON:test_create_security_group_rule_duplicate): 200 POST http://10.180.1.21/compute/v2.1/os-security-group-rules 2.791s
2024-12-11 18:09:20.006 66049 INFO tempest.lib.common.rest_client [req-f3ed7ce4-e536-47de-831a-fda8540d5560 req-f3ed7ce4-e536-47de-831a-fda8540d5560 ] Request (KeyPairsV22TestJSON:_run_cleanups): 204 DELETE http://10.180.1.21/compute/v2.1/os-keypairs/tempest-KeyPairsV22TestJSON-keypair-2013614928 2.309s
2024-12-11 18:09:20.007 66067 INFO tempest.lib.common.rest_client [req-6cf5c141-4cfc-4599-9828-22f461294140 req-6cf5c141-4cfc-4599-9828-22f461294140 ] Request (SecurityGroupsTestAdminJSON:tearDownClass): 200 GET http://10.180.1.21:9696/networking/v2.0/security-groups?tenant_id=882ef5f0ec5d449f8493b53ce7f36704&name=default 0.278s
2024-12-11 18:09:20.045 66075 INFO tempest.lib.common.rest_client [req-b0f43d9f-f548-455e-ae5a-02343d449151 req-b0f43d9f-f548-455e-ae5a-02343d449151 ] Request (QuotasSecurityGroupAdminNegativeTest:tearDownClass): 204 DELETE http://10.180.1.21/identity/v3/users/7cec6bb9d3744e71bbc041658b58eadc 0.114s
2024-12-11 18:09:20.045 66075 INFO tempest.lib.common.dynamic_creds [-] Deleting project and security group for project: 8b34f620ba564111a15af3fb1c6049cf
2024-12-11 18:09:20.102 66075 INFO tempest.lib.common.rest_client [req-bcc73fe5-6c32-4f99-b07e-c041a47b57ce req-bcc73fe5-6c32-4f99-b07e-c041a47b57ce ] Request (QuotasSecurityGroupAdminNegativeTest:tearDownClass): 201 POST http://10.180.1.21/identity/v3/auth/tokens 0.056s
2024-12-11 18:09:20.129 66051 INFO tempest.lib.common.rest_client [req-d1a63ab0-ca53-4ff3-a88e-e69a40a25b9c req-d1a63ab0-ca53-4ff3-a88e-e69a40a25b9c ] Request (ServersTestMultiNic:test_verify_duplicate_network_nics): 200 GET http://10.180.1.21/compute/v2.1/servers/35973d0f-999a-46f3-aa4e-c8b876e45cbb 2.452s
2024-12-11 18:09:20.186 66067 INFO tempest.lib.common.rest_client [req-0c406563-2d2b-4792-82b7-7b445406f50d req-0c406563-2d2b-4792-82b7-7b445406f50d ] Request (SecurityGroupsTestAdminJSON:tearDownClass): 204 DELETE http://10.180.1.21:9696/networking/v2.0/security-groups/37af8133-e234-46a9-9208-13b65b5f6886 0.179s
2024-12-11 18:09:20.234 66053 INFO tempest.lib.common.rest_client [req-ec131e25-6ecc-4797-b22c-fae833999965 req-ec131e25-6ecc-4797-b22c-fae833999965 ] Request (ImagesMetadataTestJSON:test_set_image_metadata): 200 PUT http://10.180.1.21/compute/v2.1/images/61d68485-19db-4963-9edd-7409efa5e939/metadata 2.348s
2024-12-11 18:09:20.259 66095 INFO tempest.lib.common.rest_client [req-086daaa9-5527-489b-ab0d-58d52cafe8a3 req-086daaa9-5527-489b-ab0d-58d52cafe8a3 ] Request (ServicesAdminNegativeTestJSON:test_get_service_by_invalid_params): 200 GET http://10.180.1.21/compute/v2.1/os-services 2.218s
2024-12-11 18:09:20.269 66067 INFO tempest.lib.common.rest_client [req-5546fac2-054f-45db-a843-bf5a0836ef38 req-5546fac2-054f-45db-a843-bf5a0836ef38 ] Request (SecurityGroupsTestAdminJSON:tearDownClass): 204 DELETE http://10.180.1.21/identity/v3/projects/882ef5f0ec5d449f8493b53ce7f36704 0.082s
2024-12-11 18:09:20.269 66067 INFO tempest.lib.common.dynamic_creds [-] Deleting project and security group for project: f67245556dcd4874911e7fa40654cf38
2024-12-11 18:09:20.310 66071 INFO tempest.lib.common.rest_client [req-95728069-a81b-4a88-a83b-d87925ba302b req-95728069-a81b-4a88-a83b-d87925ba302b ] Request (VolumesAssistedSnapshotsTest:test_volume_assisted_snapshot_create_delete): 200 GET http://10.180.1.21/compute/v2.1/servers/5f3b2716-164a-472e-adfc-aec71ebb36ff 2.008s
2024-12-11 18:09:20.339 66067 INFO tempest.lib.common.rest_client [req-a446ac46-70d9-4e14-9907-d32a0fccbb67 req-a446ac46-70d9-4e14-9907-d32a0fccbb67 ] Request (SecurityGroupsTestAdminJSON:tearDownClass): 200 GET http://10.180.1.21:9696/networking/v2.0/security-groups?tenant_id=f67245556dcd4874911e7fa40654cf38&name=default 0.070s
2024-12-11 18:09:20.389 66075 INFO tempest.lib.common.rest_client [req-0fbd73c0-9392-4e61-a79e-6368d440acc0 req-0fbd73c0-9392-4e61-a79e-6368d440acc0 ] Request (QuotasSecurityGroupAdminNegativeTest:tearDownClass): 200 GET http://10.180.1.21:9696/networking/v2.0/security-groups?tenant_id=8b34f620ba564111a15af3fb1c6049cf&name=default 0.287s
2024-12-11 18:09:20.399 66059 INFO tempest.lib.common.rest_client [req-c6b5fa42-1302-4603-af02-3b1fd755bd3b req-c6b5fa42-1302-4603-af02-3b1fd755bd3b ] Request (ImagesOneServerTestJSON:setUpClass): 201 POST http://10.180.1.21:9696/networking/v2.0/subnets 0.565s
2024-12-11 18:09:20.450 66099 INFO tempest.lib.common.rest_client [req-4a75fd4d-ede8-4fb8-8925-6e70b2b9686c req-4a75fd4d-ede8-4fb8-8925-6e70b2b9686c ] Request (ServerDiagnosticsNegativeTest:test_get_server_diagnostics_by_non_admin): 200 GET http://10.180.1.21/compute/v2.1/servers/3cc9b8e2-9141-4acc-b4ca-edf3c83abae0 1.771s
2024-12-11 18:09:20.470 66101 INFO tempest.lib.common.rest_client [req-fdf282e4-3a3b-4ad1-b55e-c3446939b081 req-fdf282e4-3a3b-4ad1-b55e-c3446939b081 ] Request (InstanceActionsV221TestJSON:test_get_list_deleted_instance_actions): 200 GET http://10.180.1.21/compute/v2.1/servers/3d1ffa0c-283b-4244-87c7-38f0f181c14a 1.820s
2024-12-11 18:09:20.471 66103 INFO tempest.lib.common.rest_client [req-0994ee76-1cb4-4cb0-9659-2f3c8f7458f2 req-0994ee76-1cb4-4cb0-9659-2f3c8f7458f2 ] Request (ServersAdminTestJSON:setUpClass): 201 POST http://10.180.1.21:9696/networking/v2.0/routers 1.960s
2024-12-11 18:09:20.601 66067 INFO tempest.lib.common.rest_client [req-8824197a-ebb5-4ec8-ba19-7b95783a2858 req-8824197a-ebb5-4ec8-ba19-7b95783a2858 ] Request (SecurityGroupsTestAdminJSON:tearDownClass): 204 DELETE http://10.180.1.21:9696/networking/v2.0/security-groups/fed5cb72-b5b0-465d-b0d8-2f9731a75ac3 0.261s
2024-12-11 18:09:20.626 66075 INFO tempest.lib.common.rest_client [req-26b2ce07-aa02-49bf-88aa-161620ebc2ee req-26b2ce07-aa02-49bf-88aa-161620ebc2ee ] Request (QuotasSecurityGroupAdminNegativeTest:tearDownClass): 204 DELETE http://10.180.1.21:9696/networking/v2.0/security-groups/ef16f8d8-860c-46ea-8dc4-a240151a7a09 0.236s
2024-12-11 18:09:20.693 66083 INFO tempest.lib.common.rest_client [req-361a4cf0-a888-484c-a0e2-b7dad99a20f9 req-361a4cf0-a888-484c-a0e2-b7dad99a20f9 ] Request (SecurityGroupRulesTestJSON:setUpClass): 201 POST http://10.180.1.21:9696/networking/v2.0/routers 1.845s
2024-12-11 18:09:20.743 66067 INFO tempest.lib.common.rest_client [req-4da49dae-6ded-4a25-a30f-af5c3d602869 req-4da49dae-6ded-4a25-a30f-af5c3d602869 ] Request (SecurityGroupsTestAdminJSON:tearDownClass): 204 DELETE http://10.180.1.21/identity/v3/projects/f67245556dcd4874911e7fa40654cf38 0.142s
2024-12-11 18:09:20.749 66061 INFO tempest.lib.common.rest_client [req-6794259e-c446-44ab-8b3d-8fee0764b1c8 req-6794259e-c446-44ab-8b3d-8fee0764b1c8 ] Request (QuotasAdminTestJSON:test_update_all_quota_resources_for_tenant): 200 PUT http://10.180.1.21/compute/v2.1/os-quota-sets/9f01af0daa644672823c217488f32ec5 2.053s
2024-12-11 18:09:20.780 66075 INFO tempest.lib.common.rest_client [req-83afd1b8-5d7f-468c-ac63-599c6feda79b req-83afd1b8-5d7f-468c-ac63-599c6feda79b ] Request (QuotasSecurityGroupAdminNegativeTest:tearDownClass): 204 DELETE http://10.180.1.21/identity/v3/projects/8b34f620ba564111a15af3fb1c6049cf 0.153s
2024-12-11 18:09:20.780 66075 INFO tempest.lib.common.dynamic_creds [-] Deleting project and security group for project: 50c118f2e12b4a428f232a5e2daf49f2
2024-12-11 18:09:20.837 66055 INFO tempest.lib.common.rest_client [req-9454f629-f697-4f84-9310-aabedd367b58 req-9454f629-f697-4f84-9310-aabedd367b58 ] Request (ServersAdmin275Test:test_rebuild_update_server_275): 202 POST http://10.180.1.21/compute/v2.1/servers/bd82b418-92da-463b-a1dc-33739fef062b/action 1.936s
2024-12-11 18:09:20.859 66067 INFO tempest.lib.common.rest_client [req-037e0b3c-28e8-4eb8-86cc-90e4d194872a req-037e0b3c-28e8-4eb8-86cc-90e4d194872a ] Request (ServicesAdminTestJSON:setUpClass): 201 POST http://10.180.1.21/identity/v3/auth/tokens 0.110s
2024-12-11 18:09:20.896 66067 INFO tempest.lib.common.rest_client [req-307137a6-99c2-46a6-ad3a-efcb4ba2cba2 req-307137a6-99c2-46a6-ad3a-efcb4ba2cba2 ] Request (ServicesAdminTestJSON:setUpClass): 201 POST http://10.180.1.21/identity/v3/auth/tokens 0.036s
2024-12-11 18:09:20.932 66067 INFO tempest.lib.common.rest_client [req-2a04ba6c-e982-4826-b4ce-1374af7c7ee1 req-2a04ba6c-e982-4826-b4ce-1374af7c7ee1 ] Request (ServicesAdminTestJSON:setUpClass): 200 GET http://10.180.1.21/identity/v3/domains?name=Default 0.034s
2024-12-11 18:09:20.957 66057 INFO tempest.lib.common.rest_client [req-1984301a-4921-4a07-a694-7c20c354ba17 req-1984301a-4921-4a07-a694-7c20c354ba17 ] Request (AbsoluteLimitsTestJSON:test_absLimits_get): 200 GET http://10.180.1.21/compute/v2.1/limits 2.047s
2024-12-11 18:09:20.975 66067 INFO tempest.lib.common.rest_client [req-6a3c7090-9b86-4680-8eaa-2603420843e2 req-6a3c7090-9b86-4680-8eaa-2603420843e2 ] Request (ServicesAdminTestJSON:setUpClass): 201 POST http://10.180.1.21/identity/v3/projects 0.042s
2024-12-11 18:09:21.061 66089 INFO tempest.lib.common.rest_client [req-3f9d4477-f02f-4ab1-8138-35a8978fe0c6 req-3f9d4477-f02f-4ab1-8138-35a8978fe0c6 ] Request (MigrationsAdminTest:test_list_migrations_in_flavor_resize_situation): 200 GET http://10.180.1.21/compute/v2.1/servers/3c9a0a11-8469-40d2-9bee-94309b5d9c34 1.747s
2024-12-11 18:09:21.068 66067 INFO tempest.lib.common.rest_client [req-7ba8f378-cd46-4b78-9d6c-e4652d1d8896 req-7ba8f378-cd46-4b78-9d6c-e4652d1d8896 ] Request (ServicesAdminTestJSON:setUpClass): 201 POST http://10.180.1.21/identity/v3/users 0.092s
2024-12-11 18:09:21.116 66057 INFO tempest.lib.common.rest_client [req-6bfcbba6-cad0-489f-9bd3-c975b9429d68 req-6bfcbba6-cad0-489f-9bd3-c975b9429d68 ] Request (AbsoluteLimitsTestJSON:tearDownClass): 204 DELETE http://10.180.1.21/identity/v3/users/a7aee0c437df4828b870031e60b547dd 0.154s
2024-12-11 18:09:21.116 66057 INFO tempest.lib.common.dynamic_creds [-] Deleting project and security group for project: 0ad753823b5f494b9e619be159b31355
2024-12-11 18:09:21.140 66067 INFO tempest.lib.common.rest_client [req-4488e52f-bcce-40a4-9a60-c8980cea8e9e req-4488e52f-bcce-40a4-9a60-c8980cea8e9e ] Request (ServicesAdminTestJSON:setUpClass): 200 GET http://10.180.1.21/identity/v3/roles 0.071s
2024-12-11 18:09:21.145 66087 INFO tempest.lib.common.rest_client [req-af469a1e-cfc4-4aae-a98e-c14163b14a3d req-af469a1e-cfc4-4aae-a98e-c14163b14a3d ] Request (ServersWithSpecificFlavorTestJSON:test_verify_created_server_ephemeral_disk): 200 GET http://10.180.1.21/compute/v2.1/servers/5c049530-b4f5-486e-93f0-37f71d78a3e1 1.809s
2024-12-11 18:09:21.161 66075 INFO tempest.lib.common.rest_client [req-d5413648-76ee-4355-ab2c-9745bafa28ab req-d5413648-76ee-4355-ab2c-9745bafa28ab ] Request (QuotasSecurityGroupAdminNegativeTest:tearDownClass): 200 GET http://10.180.1.21:9696/networking/v2.0/security-groups?tenant_id=50c118f2e12b4a428f232a5e2daf49f2&name=default 0.380s
2024-12-11 18:09:21.182 66057 INFO tempest.lib.common.rest_client [req-9ad1de02-57f7-4464-9d34-c04b92786568 req-9ad1de02-57f7-4464-9d34-c04b92786568 ] Request (AbsoluteLimitsTestJSON:tearDownClass): 201 POST http://10.180.1.21/identity/v3/auth/tokens 0.066s
2024-12-11 18:09:21.195 66081 INFO tempest.lib.common.rest_client [req-19cbc4f2-02dc-456d-951f-10bd48ebd18c req-19cbc4f2-02dc-456d-951f-10bd48ebd18c ] Request (ImagesNegativeTestJSON:test_create_image_from_deleted_server): 200 GET http://10.180.1.21/compute/v2.1/servers/1ce7957f-8acf-49ca-900c-5405db9c36aa 1.979s
2024-12-11 18:09:21.202 66067 INFO tempest.lib.common.rest_client [req-0a2a1b22-5005-4636-bfa6-3f84cc9b5342 req-0a2a1b22-5005-4636-bfa6-3f84cc9b5342 ] Request (ServicesAdminTestJSON:setUpClass): 204 PUT http://10.180.1.21/identity/v3/projects/33fa5db5cf914137a54782aa9fc3781e/users/c9b12e7e699e49b39a145b27c2948a06/roles/5a307acaf1014acbaa0e5fdc3cf6cd0e 0.061s
2024-12-11 18:09:21.204 66067 INFO tempest.lib.common.dynamic_creds [-] Dynamic test user c9b12e7e699e49b39a145b27c2948a06 is created with scope project and roles: ['member']
2024-12-11 18:09:21.205 66067 INFO tempest.lib.common.dynamic_creds [-] Acquired dynamic creds: credentials: Credentials: {'domain_id': 'default', 'domain_name': 'Default', 'username': 'tempest-ServicesAdminTestJSON-945896495-project-member', 'project_domain_id': 'default', 'project_domain_name': 'Default', 'project_id': '33fa5db5cf914137a54782aa9fc3781e', 'project_name': 'tempest-ServicesAdminTestJSON-945896495', 'tenant_id': '33fa5db5cf914137a54782aa9fc3781e', 'tenant_name': 'tempest-ServicesAdminTestJSON-945896495', 'user_domain_id': 'default', 'user_domain_name': 'Default', 'user_id': 'c9b12e7e699e49b39a145b27c2948a06', 'system': None}, Network: None, Subnet: None, Router: None
2024-12-11 18:09:21.205 66067 INFO tempest.lib.common.dynamic_creds [-] Created isolated network resources for: credentials: Credentials: {'domain_id': 'default', 'domain_name': 'Default', 'username': 'tempest-ServicesAdminTestJSON-945896495-project-member', 'project_domain_id': 'default', 'project_domain_name': 'Default', 'project_id': '33fa5db5cf914137a54782aa9fc3781e', 'project_name': 'tempest-ServicesAdminTestJSON-945896495', 'tenant_id': '33fa5db5cf914137a54782aa9fc3781e', 'tenant_name': 'tempest-ServicesAdminTestJSON-945896495', 'user_domain_id': 'default', 'user_domain_name': 'Default', 'user_id': 'c9b12e7e699e49b39a145b27c2948a06', 'system': None}, Network: None, Subnet: None, Router: None
2024-12-11 18:09:21.216 66063 INFO tempest.lib.common.rest_client [req-22599f57-d1ba-4b4b-ad3d-4367cf49b3c6 req-22599f57-d1ba-4b4b-ad3d-4367cf49b3c6 ] Request (FlavorsAccessNegativeTestJSON:_run_cleanups): 202 DELETE http://10.180.1.21/compute/v2.1/flavors/643122686 1.768s
2024-12-11 18:09:21.243 66066 INFO tempest.lib.common.rest_client [req-22328497-4aa7-468b-a1a0-40babd2169fe req-22328497-4aa7-468b-a1a0-40babd2169fe ] Request (AggregatesAdminNegativeTestJSON:_run_cleanups): 200 DELETE http://10.180.1.21/compute/v2.1/os-aggregates/4 1.777s
2024-12-11 18:09:21.259 66073 INFO tempest.lib.common.rest_client [req-b60ca598-1181-44bd-9f16-3d2a86e9b77f req-b60ca598-1181-44bd-9f16-3d2a86e9b77f ] Request (ServerExternalEventsTest:test_create_server_external_events): 200 GET http://10.180.1.21/compute/v2.1/servers/349de27e-166a-4df1-826c-736ad6fb699d 1.813s
2024-12-11 18:09:21.272 66091 INFO tempest.lib.common.rest_client [req-99d50164-3ff5-451c-8881-263c9822be84 req-99d50164-3ff5-451c-8881-263c9822be84 ] Request (FlavorsAdminTestJSON:test_create_flavor_with_uuid_id): 200 POST http://10.180.1.21/compute/v2.1/flavors 1.759s
2024-12-11 18:09:21.284 66067 INFO tempest.lib.common.rest_client [req-8195d6f5-608b-4a71-acdf-dbdf0cc9b556 req-8195d6f5-608b-4a71-acdf-dbdf0cc9b556 ] Request (ServicesAdminTestJSON:setUpClass): 201 POST http://10.180.1.21/identity/v3/auth/tokens 0.073s
2024-12-11 18:09:21.288 66047 INFO tempest.lib.common.rest_client [req-e5044b0e-c6ea-4502-b72b-988c1ef8be97 req-e5044b0e-c6ea-4502-b72b-988c1ef8be97 ] Request (ServerGroupTestJSON:test_create_delete_multiple_server_groups_with_same_name_policy): 200 GET http://10.180.1.21/compute/v2.1/os-server-groups 1.729s
2024-12-11 18:09:21.316 66097 INFO tempest.lib.common.rest_client [req-6d538e62-a1fc-4b8b-8f6f-c2d7953e4c7d req-6d538e62-a1fc-4b8b-8f6f-c2d7953e4c7d ] Request (FlavorsExtraSpecsTestJSON:tearDownClass): 200 GET http://10.180.1.21/compute/v2.1/flavors/detail 1.718s
2024-12-11 18:09:21.336 66069 INFO tempest.lib.common.rest_client [req-0752bcd0-6390-402e-a99a-3280682f1bc3 req-0752bcd0-6390-402e-a99a-3280682f1bc3 ] Request (HypervisorAdminTestJSON:test_get_hypervisor_stats): 200 GET http://10.180.1.21/compute/v2.1/os-hypervisors/statistics 1.701s
2024-12-11 18:09:21.367 66067 INFO tempest.lib.common.rest_client [req-425c4b0f-a7ee-41bd-8830-d7b80b4f4d83 req-425c4b0f-a7ee-41bd-8830-d7b80b4f4d83 ] Request (ServicesAdminTestJSON:setUpClass): 201 POST http://10.180.1.21/identity/v3/projects 0.082s
2024-12-11 18:09:21.386 66093 INFO tempest.lib.common.rest_client [req-8fa54d2c-ab29-4377-8cad-839012e68cf1 req-8fa54d2c-ab29-4377-8cad-839012e68cf1 ] Request (MultipleCreateNegativeTestJSON:test_min_count_less_than_one): 400 POST http://10.180.1.21/compute/v2.1/servers 1.603s
2024-12-11 18:09:21.466 66097 INFO tempest.lib.common.rest_client [req-a5166889-be17-4c87-b950-371b32b67186 req-a5166889-be17-4c87-b950-371b32b67186 ] Request (FlavorsExtraSpecsTestJSON:tearDownClass): 204 DELETE http://10.180.1.21/identity/v3/users/1c0696811a364c1b9732867436979d7b 0.143s
2024-12-11 18:09:21.468 66077 INFO tempest.lib.common.rest_client [req-ceb023d7-bd49-4b7a-8eb4-2bed6d05718e req-ceb023d7-bd49-4b7a-8eb4-2bed6d05718e ] Request (ServerDiagnosticsTest:test_get_server_diagnostics): 200 GET http://10.180.1.21/compute/v2.1/servers/3201aa57-fc74-4246-b1ed-378356206382 1.682s
2024-12-11 18:09:21.475 66069 INFO tempest.lib.common.rest_client [req-a3c2e80f-9535-4b38-802b-0303b8d48528 req-a3c2e80f-9535-4b38-802b-0303b8d48528 ] Request (HypervisorAdminTestJSON:tearDownClass): 204 DELETE http://10.180.1.21/identity/v3/users/ebef977a9d6a41f09cee3b5f6d5da21f 0.134s
2024-12-11 18:09:21.535 66093 INFO tempest.lib.common.rest_client [req-ff0a53a9-ed83-469a-b0fe-92286da5b1fb req-ff0a53a9-ed83-469a-b0fe-92286da5b1fb ] Request (MultipleCreateNegativeTestJSON:test_min_count_non_integer): 201 POST http://10.180.1.21/identity/v3/auth/tokens 0.140s
2024-12-11 18:09:21.535 66093 INFO tempest.lib.common.fixed_network [-] (MultipleCreateNegativeTestJSON:test_min_count_non_integer) Found network None available for tenant
2024-12-11 18:09:21.545 66079 INFO tempest.lib.common.rest_client [req-8f75e1b2-b356-4ed5-a515-53e2e1b2de58 req-8f75e1b2-b356-4ed5-a515-53e2e1b2de58 ] Request (DeleteServersAdminTestJSON:test_admin_delete_servers_of_others): 204 DELETE http://10.180.1.21/compute/v2.1/servers/057b7bac-f76a-42df-af3c-22ebf54fbf5e 1.993s
2024-12-11 18:09:21.562 66049 INFO tempest.lib.common.rest_client [req-7fc2b6d2-60c4-4508-838d-d50c8a6f18f1 req-7fc2b6d2-60c4-4508-838d-d50c8a6f18f1 ] Request (KeyPairsV22TestJSON:_run_cleanups): 204 DELETE http://10.180.1.21/compute/v2.1/os-keypairs/tempest-KeyPairsV22TestJSON-keypair-511495443 1.556s
2024-12-11 18:09:21.564 66067 INFO tempest.lib.common.rest_client [req-4f3f46d0-ee94-4775-8832-55b6683bb809 req-4f3f46d0-ee94-4775-8832-55b6683bb809 ] Request (ServicesAdminTestJSON:setUpClass): 201 POST http://10.180.1.21/identity/v3/users 0.197s
2024-12-11 18:09:21.594 66053 INFO tempest.lib.common.rest_client [req-73e6aef6-8533-4f14-aedf-ad11b6253f67 req-73e6aef6-8533-4f14-aedf-ad11b6253f67 ] Request (ImagesMetadataTestJSON:test_set_image_metadata): 200 GET http://10.180.1.21/compute/v2.1/images/61d68485-19db-4963-9edd-7409efa5e939/metadata 1.359s
2024-12-11 18:09:21.614 66095 INFO tempest.lib.common.rest_client [req-54902861-f464-4cb1-8bc4-bc182a8d52de req-54902861-f464-4cb1-8bc4-bc182a8d52de ] Request (ServicesAdminNegativeTestJSON:test_get_service_by_invalid_params): 200 GET http://10.180.1.21/compute/v2.1/os-services?xxx=nova-compute 1.351s
2024-12-11 18:09:21.630 66097 INFO tempest.lib.common.rest_client [req-6eb1dab4-8b3f-43a8-ad9c-89944b616358 req-6eb1dab4-8b3f-43a8-ad9c-89944b616358 ] Request (FlavorsExtraSpecsTestJSON:tearDownClass): 204 DELETE http://10.180.1.21/identity/v3/users/1c3c1be2e11046b898c35cbfd77204c1 0.164s
2024-12-11 18:09:21.631 66097 INFO tempest.lib.common.dynamic_creds [-] Deleting project and security group for project: e5e9f7f88afe48e1a833c1af664ae12b
2024-12-11 18:09:21.632 66069 INFO tempest.lib.common.rest_client [req-0929fb0b-5142-4312-8d40-1f7a97481b0d req-0929fb0b-5142-4312-8d40-1f7a97481b0d ] Request (HypervisorAdminTestJSON:tearDownClass): 204 DELETE http://10.180.1.21/identity/v3/users/61007bd2ea084e9eaff0d22a9ba418ce 0.156s
2024-12-11 18:09:21.632 66069 INFO tempest.lib.common.dynamic_creds [-] Deleting project and security group for project: d1385772ccb14153b6170b894dc0a4c9
2024-12-11 18:09:21.651 66075 INFO tempest.lib.common.rest_client [req-03b2234d-2f28-4dd5-b320-40ddbe6e0747 req-03b2234d-2f28-4dd5-b320-40ddbe6e0747 ] Request (QuotasSecurityGroupAdminNegativeTest:tearDownClass): 204 DELETE http://10.180.1.21:9696/networking/v2.0/security-groups/c9c424a8-4384-4690-873c-1f2b0f5bb8cf 0.489s
2024-12-11 18:09:21.702 66097 INFO tempest.lib.common.rest_client [req-522c7e66-08c6-44ff-8433-223b8ecbf47d req-522c7e66-08c6-44ff-8433-223b8ecbf47d ] Request (FlavorsExtraSpecsTestJSON:tearDownClass): 201 POST http://10.180.1.21/identity/v3/auth/tokens 0.070s
2024-12-11 18:09:21.713 66067 INFO tempest.lib.common.rest_client [req-fcddd7a4-935c-423d-b8ae-d772ee7622ec req-fcddd7a4-935c-423d-b8ae-d772ee7622ec ] Request (ServicesAdminTestJSON:setUpClass): 200 GET http://10.180.1.21/identity/v3/roles 0.149s
2024-12-11 18:09:21.722 66085 INFO tempest.lib.common.rest_client [req-870b801f-3a9d-4723-b630-daac9954f837 req-870b801f-3a9d-4723-b630-daac9954f837 ] Request (ServerPasswordTestJSON:setUpClass): 200 GET http://10.180.1.21/compute/v2.1/servers/7ff43fd2-f061-4cd4-9dd9-fd8bab497694 1.016s
2024-12-11 18:09:21.729 66069 INFO tempest.lib.common.rest_client [req-b137a520-8437-475b-94b9-56dde3625ec2 req-b137a520-8437-475b-94b9-56dde3625ec2 ] Request (HypervisorAdminTestJSON:tearDownClass): 201 POST http://10.180.1.21/identity/v3/auth/tokens 0.096s
