2024-12-11 18:11:06.294 66097 INFO tempest.lib.common.rest_client [req-f8d4b588-56f3-43b3-b7c9-042d2be728ff req-f8d4b588-56f3-43b3-b7c9-042d2be728ff ] Request (VolumesGetTestJSON:test_volume_create_get_delete): 200 GET http://10.180.1.21/compute/v2.1/os-volumes/dfe8dfce-daae-4674-9efa-272d3a478ca0 0.206s
2024-12-11 18:11:06.296 66097 INFO tempest.common.waiters [-] volume dfe8dfce-daae-4674-9efa-272d3a478ca0 reached available after waiting for 0.296739 seconds
2024-12-11 18:11:06.324 66077 INFO tempest.lib.common.rest_client [req-506d9ddd-189f-4e26-8454-bebd4f122c9d req-506d9ddd-189f-4e26-8454-bebd4f122c9d ] Request (ServersV294TestFqdnHostnames:setUpClass): 200 GET http://10.180.1.21/compute/v2.1/servers/8085ff08-96b5-4642-adc2-13e9b26f15a3 0.163s
2024-12-11 18:11:06.354 66097 INFO tempest.lib.common.rest_client [req-4d942e30-098f-4861-967f-70c05168f41d req-4d942e30-098f-4861-967f-70c05168f41d ] Request (VolumesGetTestJSON:test_volume_create_get_delete): 200 GET http://10.180.1.21/compute/v2.1/os-volumes/dfe8dfce-daae-4674-9efa-272d3a478ca0 0.057s
2024-12-11 18:11:06.369 66059 INFO tempest.lib.common.rest_client [req-d3d45786-4da7-47bb-a7f2-b4ebe9838798 req-d3d45786-4da7-47bb-a7f2-b4ebe9838798 ] Request (ImagesOneServerTestJSON:tearDownClass): 200 GET http://10.180.1.21/compute/v2.1/servers/4eae80de-2c8e-4fc6-a31a-9cf30c10aee2 0.101s
2024-12-11 18:11:06.421 66099 INFO tempest.lib.common.rest_client [req-f9ae5e1f-30ef-41e4-b8bf-8b82b34e5999 req-f9ae5e1f-30ef-41e4-b8bf-8b82b34e5999 ] Request (ListServersNegativeTestJSON:setUpClass): 200 GET http://10.180.1.21/compute/v2.1/servers/914b32d6-7ff6-481c-81fd-91ecb68b14a9 0.088s
2024-12-11 18:11:06.462 66103 INFO tempest.lib.common.rest_client [req-27398ad7-6942-40e2-b998-b8d4b1e3e7a4 req-27398ad7-6942-40e2-b998-b8d4b1e3e7a4 ] Request (ServersAdminTestJSON:test_create_server_with_scheduling_hint): 200 GET http://10.180.1.21/compute/v2.1/servers/82cbb67f-b234-4ee2-b728-a0a935968cb2 0.136s
2024-12-11 18:11:06.462 66097 INFO tempest.lib.common.rest_client [req-fc553f1d-bf37-4fc5-96f1-85bdd9009d6d req-fc553f1d-bf37-4fc5-96f1-85bdd9009d6d ] Request (VolumesGetTestJSON:tearDownClass): 202 DELETE http://10.180.1.21/compute/v2.1/os-volumes/dfe8dfce-daae-4674-9efa-272d3a478ca0 0.101s
2024-12-11 18:11:06.507 66057 INFO tempest.lib.common.rest_client [req-41cc6671-0f43-4e5d-8580-59cebbec0c80 req-41cc6671-0f43-4e5d-8580-59cebbec0c80 ] Request (SecurityGroupsTestJSON:test_server_security_groups): 200 GET http://10.180.1.21/compute/v2.1/servers/23136ec5-ca96-4ff4-8af7-c8d6b03eab19 0.135s
2024-12-11 18:11:06.510 66063 INFO tempest.lib.common.rest_client [req-7f1d0974-8902-4a04-b598-5877be5a5089 req-7f1d0974-8902-4a04-b598-5877be5a5089 ] Request (ServersTestJSON:setUpClass): 200 GET http://10.180.1.21/compute/v2.1/servers/940ea3db-a51f-4a53-a807-a11cef9e8f84 0.085s
2024-12-11 18:11:06.542 66097 INFO tempest.lib.common.rest_client [req-dcac628a-7d29-4cf8-86e9-44bc6d1acb2b req-dcac628a-7d29-4cf8-86e9-44bc6d1acb2b ] Request (VolumesGetTestJSON:tearDownClass): 404 GET http://10.180.1.21/compute/v2.1/os-volumes/dfe8dfce-daae-4674-9efa-272d3a478ca0 0.080s
2024-12-11 18:11:06.563 66089 INFO tempest.lib.common.rest_client [req-2b4d3382-5998-4552-b9f4-c6aee86da938 req-2b4d3382-5998-4552-b9f4-c6aee86da938 ] Request (MigrationsAdminTest:test_resize_server_revert_deleted_flavor): 200 GET http://10.180.1.21/compute/v2.1/servers/5573ae31-f5a7-476d-917b-a356d2b8d161 0.109s
2024-12-11 18:11:06.596 66047 INFO tempest.lib.common.rest_client [req-e81d0770-13de-42ff-a614-71bb14c2ce85 req-e81d0770-13de-42ff-a614-71bb14c2ce85 ] Request (ServerTagsTestJSON:setUpClass): 200 GET http://10.180.1.21/compute/v2.1/servers/cac5e094-642a-4837-9083-63703d200be9 0.117s
2024-12-11 18:11:06.610 66067 INFO tempest.lib.common.rest_client [req-349fd764-7551-4ea9-b4f0-59a59cef4c78 req-349fd764-7551-4ea9-b4f0-59a59cef4c78 ] Request (FloatingIPsAssociationTestJSON:test_associate_already_associated_floating_ip): 200 GET http://10.180.1.21/compute/v2.1/servers/d1144031-311a-4fd2-865f-a81c82458fa8 0.097s
2024-12-11 18:11:06.649 66097 INFO tempest.lib.common.rest_client [req-5b4a5ab5-a50b-4575-acd4-03ab75c10408 req-5b4a5ab5-a50b-4575-acd4-03ab75c10408 ] Request (VolumesGetTestJSON:tearDownClass): 204 DELETE http://10.180.1.21/identity/v3/users/3b7b390c327b486ebb510a325176a39b 0.106s
2024-12-11 18:11:06.649 66097 INFO tempest.lib.common.dynamic_creds [-] Deleting project and security group for project: 57d91a84cc494312892f8d3d84abdde9
2024-12-11 18:11:06.675 66066 INFO tempest.lib.common.rest_client [req-ed9233db-a6ce-4146-b422-15d2df6682a3 req-ed9233db-a6ce-4146-b422-15d2df6682a3 ] Request (ServerActionsTestOtherA:setUpClass): 200 GET http://10.180.1.21/compute/v2.1/servers/a05a7cc4-4969-4e54-8e4f-1a1972b60dc2 0.049s
2024-12-11 18:11:06.702 66097 INFO tempest.lib.common.rest_client [req-2c965840-7ead-48f2-a9b4-d3eae80d81b7 req-2c965840-7ead-48f2-a9b4-d3eae80d81b7 ] Request (VolumesGetTestJSON:tearDownClass): 201 POST http://10.180.1.21/identity/v3/auth/tokens 0.052s
2024-12-11 18:11:06.791 66093 INFO tempest.lib.common.rest_client [req-8fd3a96d-db4c-4367-bf3b-514304560de5 req-8fd3a96d-db4c-4367-bf3b-514304560de5 ] Request (ServerShowV247Test:tearDownClass): 200 GET http://10.180.1.21/compute/v2.1/servers/18a2b0a2-1b15-493f-88b9-a517ad51153d 0.064s
2024-12-11 18:11:06.829 66107 INFO tempest.lib.common.rest_client [req-dbcccb68-0388-4552-af26-5c32734e0c25 req-dbcccb68-0388-4552-af26-5c32734e0c25 ] Request (MultipleCreateTestJSON:test_multiple_create): 200 GET http://10.180.1.21/compute/v2.1/servers/462194db-7674-478a-a9c4-6b86da47bb7f 0.061s
2024-12-11 18:11:06.913 66097 INFO tempest.lib.common.rest_client [req-22b19820-0749-4b92-8bbc-217e62de523e req-22b19820-0749-4b92-8bbc-217e62de523e ] Request (VolumesGetTestJSON:tearDownClass): 200 GET http://10.180.1.21:9696/networking/v2.0/security-groups?tenant_id=57d91a84cc494312892f8d3d84abdde9&name=default 0.211s
2024-12-11 18:11:06.980 66101 INFO tempest.lib.common.rest_client [req-8b8328bb-f04b-4a69-bcb8-1e7c9fb005b4 req-8b8328bb-f04b-4a69-bcb8-1e7c9fb005b4 ] Request (ServerShowV257Test:test_rebuild_server): 200 GET http://10.180.1.21/compute/v2.1/servers/de1e0774-f6a7-4b1d-80b4-e196e8505d10 0.068s
2024-12-11 18:11:06.998 66069 INFO tempest.lib.common.rest_client [req-1e223634-32ec-49c2-8fef-42fe1c75e5c5 req-1e223634-32ec-49c2-8fef-42fe1c75e5c5 ] Request (ServerRescueNegativeTestJSON:setUpClass): 200 GET http://10.180.1.21/compute/v2.1/servers/57b034f4-86d2-455e-b637-39d7da59a070 0.137s
2024-12-11 18:11:07.010 66069 INFO tempest.common.waiters [-] State transition "BUILD/spawning" ==> "ACTIVE/None" after 65 second wait
2024-12-11 18:11:07.116 66069 INFO tempest.lib.common.rest_client [req-b49a3578-de0b-40c0-8bfc-38afd6b217d2 req-b49a3578-de0b-40c0-8bfc-38afd6b217d2 ] Request (ServerRescueNegativeTestJSON:setUpClass): 200 POST http://10.180.1.21/compute/v2.1/servers/57b034f4-86d2-455e-b637-39d7da59a070/action 0.106s
2024-12-11 18:11:07.179 66075 INFO tempest.lib.common.rest_client [req-40a3d55b-dbec-42aa-8630-b6f7f2a4540b req-40a3d55b-dbec-42aa-8630-b6f7f2a4540b ] Request (ServerShowV254Test:tearDownClass): 200 GET http://10.180.1.21/compute/v2.1/servers/b3053cc0-f7c0-4eb6-8562-52854a1f83ad 0.165s
2024-12-11 18:11:07.194 66081 INFO tempest.lib.common.rest_client [req-a6c768b4-9a71-49ad-94f8-2c66132d49e5 req-a6c768b4-9a71-49ad-94f8-2c66132d49e5 ] Request (ImagesOneServerNegativeTestJSON:setUpClass): 200 GET http://10.180.1.21/compute/v2.1/servers/fa6c5ba7-7717-40cf-9f6e-5ba58f985fea 0.241s
2024-12-11 18:11:07.199 66079 INFO tempest.lib.common.rest_client [req-de306fb7-6433-42d4-8e6e-eef34c1f2143 req-de306fb7-6433-42d4-8e6e-eef34c1f2143 ] Request (DeleteServersAdminTestJSON:test_delete_server_while_in_error_state): 404 GET http://10.180.1.21/compute/v2.1/servers/5dfbaf3d-3517-46b8-9617-99db83886d7a 0.124s
2024-12-11 18:11:07.249 66095 INFO tempest.lib.common.rest_client [req-93a04beb-c21c-4037-8e65-4934f21da52b req-93a04beb-c21c-4037-8e65-4934f21da52b ] Request (ServerRescueTestJSONUnderV235:setUpClass): 200 GET http://10.180.1.21/compute/v2.1/servers/cbcc51b4-ff2a-48b4-946a-d91e93f87afc 0.117s
2024-12-11 18:11:07.302 66055 INFO tempest.lib.common.rest_client [req-2162c19d-14a1-426e-9151-06b948173267 req-2162c19d-14a1-426e-9151-06b948173267 ] Request (ServersAdminNegativeTestJSON:setUpClass): 200 GET http://10.180.1.21/compute/v2.1/servers/30c3f46c-5408-4b3b-b260-6a4b36c930ac 0.152s
2024-12-11 18:11:07.312 66097 INFO tempest.lib.common.rest_client [req-940024fa-9ccf-425a-806e-2536f318a40d req-940024fa-9ccf-425a-806e-2536f318a40d ] Request (VolumesGetTestJSON:tearDownClass): 204 DELETE http://10.180.1.21:9696/networking/v2.0/security-groups/0ec1d538-c121-48d2-87ef-7f159f08ef11 0.399s
2024-12-11 18:11:07.337 66069 INFO tempest.lib.common.rest_client [req-3d2a8eec-6d78-4c90-ab1a-db961db7f7fc req-3d2a8eec-6d78-4c90-ab1a-db961db7f7fc ] Request (ServerRescueNegativeTestJSON:setUpClass): 200 GET http://10.180.1.21/compute/v2.1/servers/57b034f4-86d2-455e-b637-39d7da59a070 0.217s
2024-12-11 18:11:07.360 66051 INFO tempest.lib.common.rest_client [req-63a01959-cca0-4d9a-8d26-01f10fe2ede2 req-63a01959-cca0-4d9a-8d26-01f10fe2ede2 ] Request (ServersTestMultiNic:test_verify_multiple_nics_order): 200 GET http://10.180.1.21/compute/v2.1/servers/c28d58b8-19eb-4cfe-8545-df5c169a926c 0.184s
2024-12-11 18:11:07.377 66079 INFO tempest.lib.common.rest_client [req-7d175954-4631-4b01-9a97-bbf47ebedb07 req-7d175954-4631-4b01-9a97-bbf47ebedb07 ] Request (DeleteServersAdminTestJSON:tearDownClass): 404 DELETE http://10.180.1.21/compute/v2.1/servers/5dfbaf3d-3517-46b8-9617-99db83886d7a 0.176s
2024-12-11 18:11:07.387 66091 INFO tempest.lib.common.rest_client [req-eb78aa65-ae70-4196-b21d-3cffc13650a9 req-eb78aa65-ae70-4196-b21d-3cffc13650a9 ] Request (ServerDiagnosticsV248Test:test_get_server_diagnostics): 200 GET http://10.180.1.21/compute/v2.1/servers/ab6b62e7-7ef6-47e0-b81a-71342a32d20a 0.190s
2024-12-11 18:11:07.390 66097 INFO tempest.lib.common.rest_client [req-95934e7b-d8f3-448f-b4ae-ea76ffc2d911 req-95934e7b-d8f3-448f-b4ae-ea76ffc2d911 ] Request (VolumesGetTestJSON:tearDownClass): 204 DELETE http://10.180.1.21/identity/v3/projects/57d91a84cc494312892f8d3d84abdde9 0.077s
2024-12-11 18:11:07.425 66073 INFO tempest.lib.common.rest_client [req-e5efdd4a-60d2-426c-a89a-eb699a474861 req-e5efdd4a-60d2-426c-a89a-eb699a474861 ] Request (ImagesTestJSON:test_create_image_from_stopped_server): 200 GET http://10.180.1.21/compute/v2.1/servers/fc6b564c-72ef-4f53-ac53-6224b93faa33 0.206s
2024-12-11 18:11:07.441 66083 INFO tempest.lib.common.rest_client [req-87a111aa-b0bd-4764-971a-3f8c266dfb82 req-87a111aa-b0bd-4764-971a-3f8c266dfb82 ] Request (DeleteServersTestJSON:test_delete_active_server): 200 GET http://10.180.1.21/compute/v2.1/servers/0c814c4b-251e-4c13-9178-645bca5c0049 0.202s
2024-12-11 18:11:07.473 66045 INFO tempest.lib.common.rest_client [req-7a5a1832-bb57-4261-94a8-7e2e0b873213 req-7a5a1832-bb57-4261-94a8-7e2e0b873213 ] Request (AttachInterfacesTestJSON:test_create_list_show_delete_interfaces_by_fixed_ip): 200 GET http://10.180.1.21/compute/v2.1/servers/f19fdff2-8f44-4f9a-a43f-6f870a8f8777 0.212s
2024-12-11 18:11:07.489 66061 INFO tempest.lib.common.rest_client [req-083173c7-c298-4b2b-81b1-df3b655f22a9 req-083173c7-c298-4b2b-81b1-df3b655f22a9 ] Request (ServersNegativeTestJSON:setUpClass): 200 GET http://10.180.1.21/compute/v2.1/servers/dc766bc8-97fe-40c4-a3c5-1e2c2becbbe7 0.207s
2024-12-11 18:11:07.523 66077 INFO tempest.lib.common.rest_client [req-14d2e85f-23e4-49b6-bfe9-6a0097652e63 req-14d2e85f-23e4-49b6-bfe9-6a0097652e63 ] Request (ServersV294TestFqdnHostnames:setUpClass): 200 GET http://10.180.1.21/compute/v2.1/servers/8085ff08-96b5-4642-adc2-13e9b26f15a3 0.189s
2024-12-11 18:11:07.540 66059 INFO tempest.lib.common.rest_client [req-60188bc0-2d32-4bb8-a0e9-67843c9f8cbd req-60188bc0-2d32-4bb8-a0e9-67843c9f8cbd ] Request (ImagesOneServerTestJSON:tearDownClass): 200 GET http://10.180.1.21/compute/v2.1/servers/4eae80de-2c8e-4fc6-a31a-9cf30c10aee2 0.163s
2024-12-11 18:11:07.541 66079 INFO tempest.lib.common.rest_client [req-9e213623-d227-4577-bc06-41882f2b339b req-9e213623-d227-4577-bc06-41882f2b339b ] Request (DeleteServersAdminTestJSON:tearDownClass): 404 GET http://10.180.1.21/compute/v2.1/servers/5dfbaf3d-3517-46b8-9617-99db83886d7a 0.164s
2024-12-11 18:11:07.594 66099 INFO tempest.lib.common.rest_client [req-d70bd9d1-f7e0-4350-b2ab-686c42bc993b req-d70bd9d1-f7e0-4350-b2ab-686c42bc993b ] Request (ListServersNegativeTestJSON:setUpClass): 200 GET http://10.180.1.21/compute/v2.1/servers/914b32d6-7ff6-481c-81fd-91ecb68b14a9 0.165s
2024-12-11 18:11:07.629 66103 INFO tempest.lib.common.rest_client [req-946f8905-35bb-4e8d-880a-321880eb2564 req-946f8905-35bb-4e8d-880a-321880eb2564 ] Request (ServersAdminTestJSON:test_create_server_with_scheduling_hint): 200 GET http://10.180.1.21/compute/v2.1/servers/82cbb67f-b234-4ee2-b728-a0a935968cb2 0.160s
2024-12-11 18:11:07.637 66057 INFO tempest.lib.common.rest_client [req-6cea014b-b96c-4903-af4e-139ea0089901 req-6cea014b-b96c-4903-af4e-139ea0089901 ] Request (SecurityGroupsTestJSON:test_server_security_groups): 200 GET http://10.180.1.21/compute/v2.1/servers/23136ec5-ca96-4ff4-8af7-c8d6b03eab19 0.122s
2024-12-11 18:11:07.654 66079 INFO tempest.lib.common.rest_client [req-5d9ee1dd-d4b3-4fa1-9c79-7072be920954 req-5d9ee1dd-d4b3-4fa1-9c79-7072be920954 ] Request (DeleteServersAdminTestJSON:tearDownClass): 404 DELETE http://10.180.1.21/compute/v2.1/servers/057b7bac-f76a-42df-af3c-22ebf54fbf5e 0.113s
2024-12-11 18:11:07.672 66063 INFO tempest.lib.common.rest_client [req-f7be6855-8685-48a0-bde6-adee1d8a4d15 req-f7be6855-8685-48a0-bde6-adee1d8a4d15 ] Request (ServersTestJSON:setUpClass): 200 GET http://10.180.1.21/compute/v2.1/servers/940ea3db-a51f-4a53-a807-a11cef9e8f84 0.154s
2024-12-11 18:11:07.680 66063 INFO tempest.common.waiters [-] State transition "BUILD/scheduling" ==> "BUILD/None" after 50 second wait
2024-12-11 18:11:07.699 66089 INFO tempest.lib.common.rest_client [req-1186305d-d659-4194-85b5-6054b59eb29c req-1186305d-d659-4194-85b5-6054b59eb29c ] Request (MigrationsAdminTest:test_resize_server_revert_deleted_flavor): 200 GET http://10.180.1.21/compute/v2.1/servers/5573ae31-f5a7-476d-917b-a356d2b8d161 0.128s
2024-12-11 18:11:07.717 66047 INFO tempest.lib.common.rest_client [req-e9e5c7ea-259b-4d49-b2db-ad5fb9b60a28 req-e9e5c7ea-259b-4d49-b2db-ad5fb9b60a28 ] Request (ServerTagsTestJSON:setUpClass): 200 GET http://10.180.1.21/compute/v2.1/servers/cac5e094-642a-4837-9083-63703d200be9 0.111s
2024-12-11 18:11:07.736 66079 INFO tempest.lib.common.rest_client [req-8f1e3bc5-cba5-4ff7-ab6e-0b3961ecb7cf req-8f1e3bc5-cba5-4ff7-ab6e-0b3961ecb7cf ] Request (DeleteServersAdminTestJSON:tearDownClass): 404 GET http://10.180.1.21/compute/v2.1/servers/057b7bac-f76a-42df-af3c-22ebf54fbf5e 0.081s
2024-12-11 18:11:07.744 66067 INFO tempest.lib.common.rest_client [req-40668c8b-31dc-487c-b103-e55fd5b7d0f1 req-40668c8b-31dc-487c-b103-e55fd5b7d0f1 ] Request (FloatingIPsAssociationTestJSON:test_associate_already_associated_floating_ip): 200 GET http://10.180.1.21/compute/v2.1/servers/d1144031-311a-4fd2-865f-a81c82458fa8 0.127s
2024-12-11 18:11:07.783 66066 INFO tempest.lib.common.rest_client [req-b6020aad-09f6-4107-870d-3ed4e47cc0f4 req-b6020aad-09f6-4107-870d-3ed4e47cc0f4 ] Request (ServerActionsTestOtherA:setUpClass): 200 GET http://10.180.1.21/compute/v2.1/servers/a05a7cc4-4969-4e54-8e4f-1a1972b60dc2 0.101s
2024-12-11 18:11:07.836 66079 INFO tempest.lib.common.rest_client [req-b34c4a4e-c618-4205-a7ef-d0e89be5db54 req-b34c4a4e-c618-4205-a7ef-d0e89be5db54 ] Request (DeleteServersAdminTestJSON:tearDownClass): 204 DELETE http://10.180.1.21/identity/v3/users/f6c967ccb9ad408ab79c1612d655154e 0.100s
2024-12-11 18:11:07.870 66093 INFO tempest.lib.common.rest_client [req-714bad2d-5dd5-4ac0-9d93-1682a0282cf0 req-714bad2d-5dd5-4ac0-9d93-1682a0282cf0 ] Request (ServerShowV247Test:tearDownClass): 200 GET http://10.180.1.21/compute/v2.1/servers/18a2b0a2-1b15-493f-88b9-a517ad51153d 0.067s
2024-12-11 18:11:07.888 66107 INFO tempest.lib.common.rest_client [req-945716cd-de0a-4fbf-a4f6-017791a95131 req-945716cd-de0a-4fbf-a4f6-017791a95131 ] Request (MultipleCreateTestJSON:test_multiple_create): 200 GET http://10.180.1.21/compute/v2.1/servers/462194db-7674-478a-a9c4-6b86da47bb7f 0.050s
2024-12-11 18:11:07.936 66079 INFO tempest.lib.common.rest_client [req-ce889f2b-b001-48a5-a543-9e7f6ccc2b72 req-ce889f2b-b001-48a5-a543-9e7f6ccc2b72 ] Request (DeleteServersAdminTestJSON:tearDownClass): 204 DELETE http://10.180.1.21/identity/v3/users/fd3de56c78004af09f32d5b78bf439df 0.099s
2024-12-11 18:11:07.936 66079 INFO tempest.lib.common.dynamic_creds [-] Deleting project and security group for project: a8d696430ddd447c95533e4fa472b3a1
2024-12-11 18:11:07.994 66079 INFO tempest.lib.common.rest_client [req-cfe34987-d23d-4880-8106-0d5d705e3ae5 req-cfe34987-d23d-4880-8106-0d5d705e3ae5 ] Request (DeleteServersAdminTestJSON:tearDownClass): 201 POST http://10.180.1.21/identity/v3/auth/tokens 0.057s
2024-12-11 18:11:08.057 66101 INFO tempest.lib.common.rest_client [req-f6cd7e60-828c-4dc6-8525-c5915c447bd5 req-f6cd7e60-828c-4dc6-8525-c5915c447bd5 ] Request (ServerShowV257Test:test_rebuild_server): 200 GET http://10.180.1.21/compute/v2.1/servers/de1e0774-f6a7-4b1d-80b4-e196e8505d10 0.066s
2024-12-11 18:11:08.152 66079 INFO tempest.lib.common.rest_client [req-a276a157-b80f-42bb-86e0-c46132f3637b req-a276a157-b80f-42bb-86e0-c46132f3637b ] Request (DeleteServersAdminTestJSON:tearDownClass): 200 GET http://10.180.1.21:9696/networking/v2.0/security-groups?tenant_id=a8d696430ddd447c95533e4fa472b3a1&name=default 0.158s
2024-12-11 18:11:08.237 66079 INFO tempest.lib.common.rest_client [req-1e01a410-3ee9-4a34-be6b-6a7720bc38ae req-1e01a410-3ee9-4a34-be6b-6a7720bc38ae ] Request (DeleteServersAdminTestJSON:tearDownClass): 204 DELETE http://10.180.1.21:9696/networking/v2.0/security-groups/10b07259-cfef-4465-a01d-4625ef9d285e 0.084s
2024-12-11 18:11:08.258 66081 INFO tempest.lib.common.rest_client [req-89de00c4-d0f7-4faf-ae36-c7709c2dd4a7 req-89de00c4-d0f7-4faf-ae36-c7709c2dd4a7 ] Request (ImagesOneServerNegativeTestJSON:setUpClass): 200 GET http://10.180.1.21/compute/v2.1/servers/fa6c5ba7-7717-40cf-9f6e-5ba58f985fea 0.057s
2024-12-11 18:11:08.262 66075 INFO tempest.lib.common.rest_client [req-9093f70f-d49b-4850-8acb-fee4065f7022 req-9093f70f-d49b-4850-8acb-fee4065f7022 ] Request (ServerShowV254Test:tearDownClass): 200 GET http://10.180.1.21/compute/v2.1/servers/b3053cc0-f7c0-4eb6-8562-52854a1f83ad 0.068s
2024-12-11 18:11:08.298 66079 INFO tempest.lib.common.rest_client [req-7893362a-6d9f-4ac0-b772-cb0356a3163a req-7893362a-6d9f-4ac0-b772-cb0356a3163a ] Request (DeleteServersAdminTestJSON:tearDownClass): 204 DELETE http://10.180.1.21/identity/v3/projects/a8d696430ddd447c95533e4fa472b3a1 0.061s
2024-12-11 18:11:08.299 66079 INFO tempest.lib.common.dynamic_creds [-] Deleting project and security group for project: 3a26e02926c8421bb5e0513aeabb4f26
2024-12-11 18:11:08.312 66095 INFO tempest.lib.common.rest_client [req-fe02b6d4-26ff-4b93-9b2f-355e2d59da32 req-fe02b6d4-26ff-4b93-9b2f-355e2d59da32 ] Request (ServerRescueTestJSONUnderV235:setUpClass): 200 GET http://10.180.1.21/compute/v2.1/servers/cbcc51b4-ff2a-48b4-946a-d91e93f87afc 0.055s
2024-12-11 18:11:08.334 66079 INFO tempest.lib.common.rest_client [req-4783143e-112c-496c-8d2c-28c1cda000e6 req-4783143e-112c-496c-8d2c-28c1cda000e6 ] Request (DeleteServersAdminTestJSON:tearDownClass): 200 GET http://10.180.1.21:9696/networking/v2.0/security-groups?tenant_id=3a26e02926c8421bb5e0513aeabb4f26&name=default 0.035s
2024-12-11 18:11:08.381 66055 INFO tempest.lib.common.rest_client [req-7653cd04-9261-4f5d-b0e6-fb2af6cd03ab req-7653cd04-9261-4f5d-b0e6-fb2af6cd03ab ] Request (ServersAdminNegativeTestJSON:setUpClass): 200 GET http://10.180.1.21/compute/v2.1/servers/30c3f46c-5408-4b3b-b260-6a4b36c930ac 0.066s
2024-12-11 18:11:08.431 66051 INFO tempest.lib.common.rest_client [req-1123fff0-cfbb-459f-b5ab-b25d97cdc583 req-1123fff0-cfbb-459f-b5ab-b25d97cdc583 ] Request (ServersTestMultiNic:test_verify_multiple_nics_order): 200 GET http://10.180.1.21/compute/v2.1/servers/c28d58b8-19eb-4cfe-8545-df5c169a926c 0.058s
2024-12-11 18:11:08.441 66079 INFO tempest.lib.common.rest_client [req-a9ec39d7-4c44-4adc-8d09-b5faf6b9a672 req-a9ec39d7-4c44-4adc-8d09-b5faf6b9a672 ] Request (DeleteServersAdminTestJSON:tearDownClass): 204 DELETE http://10.180.1.21:9696/networking/v2.0/security-groups/3fc74e35-6121-482e-a41a-91ad6d404dd3 0.106s
2024-12-11 18:11:08.487 66091 INFO tempest.lib.common.rest_client [req-7480e19a-ca1a-4cf5-a1fe-f59b5baaf66e req-7480e19a-ca1a-4cf5-a1fe-f59b5baaf66e ] Request (ServerDiagnosticsV248Test:test_get_server_diagnostics): 200 GET http://10.180.1.21/compute/v2.1/servers/ab6b62e7-7ef6-47e0-b81a-71342a32d20a 0.084s
2024-12-11 18:11:08.497 66069 INFO tempest.lib.common.rest_client [req-c0790edb-d56a-48e5-918c-7051445750b0 req-c0790edb-d56a-48e5-918c-7051445750b0 ] Request (ServerRescueNegativeTestJSON:setUpClass): 200 GET http://10.180.1.21/compute/v2.1/servers/57b034f4-86d2-455e-b637-39d7da59a070 0.154s
2024-12-11 18:11:08.533 66079 INFO tempest.lib.common.rest_client [req-0bb3874f-bb10-4bf8-8a23-3d0e234e61b4 req-0bb3874f-bb10-4bf8-8a23-3d0e234e61b4 ] Request (DeleteServersAdminTestJSON:tearDownClass): 204 DELETE http://10.180.1.21/identity/v3/projects/3a26e02926c8421bb5e0513aeabb4f26 0.092s
2024-12-11 18:11:08.540 66073 INFO tempest.lib.common.rest_client [req-b4132434-fc2f-4845-ba5b-df07e0837ddb req-b4132434-fc2f-4845-ba5b-df07e0837ddb ] Request (ImagesTestJSON:test_create_image_from_stopped_server): 200 GET http://10.180.1.21/compute/v2.1/servers/fc6b564c-72ef-4f53-ac53-6224b93faa33 0.106s
2024-12-11 18:11:08.542 66083 INFO tempest.lib.common.rest_client [req-f01e9c71-eb22-40a3-93f0-31262c30ef89 req-f01e9c71-eb22-40a3-93f0-31262c30ef89 ] Request (DeleteServersTestJSON:test_delete_active_server): 200 GET http://10.180.1.21/compute/v2.1/servers/0c814c4b-251e-4c13-9178-645bca5c0049 0.094s
2024-12-11 18:11:08.590 66061 INFO tempest.lib.common.rest_client [req-88d0aa4f-492a-423d-bab7-09c4efb4ef4f req-88d0aa4f-492a-423d-bab7-09c4efb4ef4f ] Request (ServersNegativeTestJSON:setUpClass): 200 GET http://10.180.1.21/compute/v2.1/servers/dc766bc8-97fe-40c4-a3c5-1e2c2becbbe7 0.090s
2024-12-11 18:11:08.602 66045 INFO tempest.lib.common.rest_client [req-d0e4166e-cb73-437c-bfc8-95daffdf11fd req-d0e4166e-cb73-437c-bfc8-95daffdf11fd ] Request (AttachInterfacesTestJSON:test_create_list_show_delete_interfaces_by_fixed_ip): 200 GET http://10.180.1.21/compute/v2.1/servers/f19fdff2-8f44-4f9a-a43f-6f870a8f8777 0.121s
2024-12-11 18:11:08.608 66079 INFO tempest.lib.common.rest_client [req-62c41f96-9f9f-46a5-86d9-182867d575b6 req-62c41f96-9f9f-46a5-86d9-182867d575b6 ] Request (HostsAdminNegativeTestJSON:setUpClass): 201 POST http://10.180.1.21/identity/v3/auth/tokens 0.072s
2024-12-11 18:11:08.637 66079 INFO tempest.lib.common.rest_client [req-05d2f3b4-9b99-439b-9a12-2002ee18ae2f req-05d2f3b4-9b99-439b-9a12-2002ee18ae2f ] Request (HostsAdminNegativeTestJSON:setUpClass): 201 POST http://10.180.1.21/identity/v3/auth/tokens 0.027s
2024-12-11 18:11:08.652 66077 INFO tempest.lib.common.rest_client [req-ed189651-a96b-48e1-99f1-c46c2add437c req-ed189651-a96b-48e1-99f1-c46c2add437c ] Request (ServersV294TestFqdnHostnames:setUpClass): 200 GET http://10.180.1.21/compute/v2.1/servers/8085ff08-96b5-4642-adc2-13e9b26f15a3 0.115s
2024-12-11 18:11:08.657 66059 INFO tempest.lib.common.rest_client [req-81e60305-9824-47c6-b7df-ab4562a16d67 req-81e60305-9824-47c6-b7df-ab4562a16d67 ] Request (ImagesOneServerTestJSON:tearDownClass): 200 GET http://10.180.1.21/compute/v2.1/servers/4eae80de-2c8e-4fc6-a31a-9cf30c10aee2 0.110s
2024-12-11 18:11:08.661 66079 INFO tempest.lib.common.rest_client [req-6bfe5b80-aaef-4f9f-b519-a71d37ebf235 req-6bfe5b80-aaef-4f9f-b519-a71d37ebf235 ] Request (HostsAdminNegativeTestJSON:setUpClass): 200 GET http://10.180.1.21/identity/v3/domains?name=Default 0.023s
2024-12-11 18:11:08.687 66079 INFO tempest.lib.common.rest_client [req-fdb817f3-7e98-43c6-bd28-8d46c1d62dbb req-fdb817f3-7e98-43c6-bd28-8d46c1d62dbb ] Request (HostsAdminNegativeTestJSON:setUpClass): 201 POST http://10.180.1.21/identity/v3/projects 0.025s
2024-12-11 18:11:08.705 66099 INFO tempest.lib.common.rest_client [req-92c584ff-7243-4198-9363-583e8dce3c94 req-92c584ff-7243-4198-9363-583e8dce3c94 ] Request (ListServersNegativeTestJSON:setUpClass): 200 GET http://10.180.1.21/compute/v2.1/servers/914b32d6-7ff6-481c-81fd-91ecb68b14a9 0.104s
2024-12-11 18:11:08.752 66079 INFO tempest.lib.common.rest_client [req-f942a7d4-22f5-4227-a655-41a25e21b149 req-f942a7d4-22f5-4227-a655-41a25e21b149 ] Request (HostsAdminNegativeTestJSON:setUpClass): 201 POST http://10.180.1.21/identity/v3/users 0.064s
2024-12-11 18:11:08.756 66057 INFO tempest.lib.common.rest_client [req-db0006d9-a7ee-4a10-bfc1-b7ae9667c585 req-db0006d9-a7ee-4a10-bfc1-b7ae9667c585 ] Request (SecurityGroupsTestJSON:test_server_security_groups): 200 GET http://10.180.1.21/compute/v2.1/servers/23136ec5-ca96-4ff4-8af7-c8d6b03eab19 0.112s
2024-12-11 18:11:08.776 66079 INFO tempest.lib.common.rest_client [req-2cd92ad1-82e7-4b23-8cc2-2b05b2f1f5c5 req-2cd92ad1-82e7-4b23-8cc2-2b05b2f1f5c5 ] Request (HostsAdminNegativeTestJSON:setUpClass): 200 GET http://10.180.1.21/identity/v3/roles 0.024s
2024-12-11 18:11:08.778 66103 INFO tempest.lib.common.rest_client [req-ad3d52fe-2ed0-49e4-9ed9-31a62448f446 req-ad3d52fe-2ed0-49e4-9ed9-31a62448f446 ] Request (ServersAdminTestJSON:test_create_server_with_scheduling_hint): 200 GET http://10.180.1.21/compute/v2.1/servers/82cbb67f-b234-4ee2-b728-a0a935968cb2 0.142s
2024-12-11 18:11:08.806 66063 INFO tempest.lib.common.rest_client [req-9daac5d2-3e2c-4720-8835-f292f10961fd req-9daac5d2-3e2c-4720-8835-f292f10961fd ] Request (ServersTestJSON:setUpClass): 200 GET http://10.180.1.21/compute/v2.1/servers/940ea3db-a51f-4a53-a807-a11cef9e8f84 0.125s
2024-12-11 18:11:08.807 66079 INFO tempest.lib.common.rest_client [req-e4aa93a7-c129-4d5d-bd47-372a793733bd req-e4aa93a7-c129-4d5d-bd47-372a793733bd ] Request (HostsAdminNegativeTestJSON:setUpClass): 204 PUT http://10.180.1.21/identity/v3/projects/04ad6d7c7aa5477cb89888919790a12b/users/a64d40ba0f1f4747b76149f93b071672/roles/5a307acaf1014acbaa0e5fdc3cf6cd0e 0.030s
2024-12-11 18:11:08.807 66079 INFO tempest.lib.common.dynamic_creds [-] Dynamic test user a64d40ba0f1f4747b76149f93b071672 is created with scope project and roles: ['member']
2024-12-11 18:11:08.807 66079 INFO tempest.lib.common.dynamic_creds [-] Acquired dynamic creds: credentials: Credentials: {'domain_id': 'default', 'domain_name': 'Default', 'username': 'tempest-HostsAdminNegativeTestJSON-1046325193-project-member', 'project_domain_id': 'default', 'project_domain_name': 'Default', 'project_id': '04ad6d7c7aa5477cb89888919790a12b', 'project_name': 'tempest-HostsAdminNegativeTestJSON-1046325193', 'tenant_id': '04ad6d7c7aa5477cb89888919790a12b', 'tenant_name': 'tempest-HostsAdminNegativeTestJSON-1046325193', 'user_domain_id': 'default', 'user_domain_name': 'Default', 'user_id': 'a64d40ba0f1f4747b76149f93b071672', 'system': None}, Network: None, Subnet: None, Router: None
2024-12-11 18:11:08.807 66079 INFO tempest.lib.common.dynamic_creds [-] Created isolated network resources for: credentials: Credentials: {'domain_id': 'default', 'domain_name': 'Default', 'username': 'tempest-HostsAdminNegativeTestJSON-1046325193-project-member', 'project_domain_id': 'default', 'project_domain_name': 'Default', 'project_id': '04ad6d7c7aa5477cb89888919790a12b', 'project_name': 'tempest-HostsAdminNegativeTestJSON-1046325193', 'tenant_id': '04ad6d7c7aa5477cb89888919790a12b', 'tenant_name': 'tempest-HostsAdminNegativeTestJSON-1046325193', 'user_domain_id': 'default', 'user_domain_name': 'Default', 'user_id': 'a64d40ba0f1f4747b76149f93b071672', 'system': None}, Network: None, Subnet: None, Router: None
2024-12-11 18:11:08.826 66089 INFO tempest.lib.common.rest_client [req-ef7d9457-256b-4782-a6d4-cd97a8a72bbd req-ef7d9457-256b-4782-a6d4-cd97a8a72bbd ] Request (MigrationsAdminTest:test_resize_server_revert_deleted_flavor): 200 GET http://10.180.1.21/compute/v2.1/servers/5573ae31-f5a7-476d-917b-a356d2b8d161 0.120s
2024-12-11 18:11:08.858 66047 INFO tempest.lib.common.rest_client [req-70b2bffe-f0a4-4584-8730-8810493c7443 req-70b2bffe-f0a4-4584-8730-8810493c7443 ] Request (ServerTagsTestJSON:setUpClass): 200 GET http://10.180.1.21/compute/v2.1/servers/cac5e094-642a-4837-9083-63703d200be9 0.131s
2024-12-11 18:11:08.871 66067 INFO tempest.lib.common.rest_client [req-b0e873e9-6990-4353-9def-267e7e70ee1d req-b0e873e9-6990-4353-9def-267e7e70ee1d ] Request (FloatingIPsAssociationTestJSON:test_associate_already_associated_floating_ip): 200 GET http://10.180.1.21/compute/v2.1/servers/d1144031-311a-4fd2-865f-a81c82458fa8 0.120s
2024-12-11 18:11:08.877 66079 INFO tempest.lib.common.rest_client [req-6bf2a5ed-43ff-49c8-9822-3dc06701cb54 req-6bf2a5ed-43ff-49c8-9822-3dc06701cb54 ] Request (HostsAdminNegativeTestJSON:setUpClass): 201 POST http://10.180.1.21/identity/v3/auth/tokens 0.066s
2024-12-11 18:11:08.912 66066 INFO tempest.lib.common.rest_client [req-704aef6f-3eeb-4a5c-9dac-80c261d34460 req-704aef6f-3eeb-4a5c-9dac-80c261d34460 ] Request (ServerActionsTestOtherA:setUpClass): 200 GET http://10.180.1.21/compute/v2.1/servers/a05a7cc4-4969-4e54-8e4f-1a1972b60dc2 0.121s
2024-12-11 18:11:08.939 66093 INFO tempest.lib.common.rest_client [req-b5774644-a310-402c-9766-74ebe04a709a req-b5774644-a310-402c-9766-74ebe04a709a ] Request (ServerShowV247Test:tearDownClass): 200 GET http://10.180.1.21/compute/v2.1/servers/18a2b0a2-1b15-493f-88b9-a517ad51153d 0.060s
2024-12-11 18:11:08.940 66079 INFO tempest.lib.common.rest_client [req-7c37364d-a6dd-498f-8fc3-d95e6eb4f807 req-7c37364d-a6dd-498f-8fc3-d95e6eb4f807 ] Request (HostsAdminNegativeTestJSON:setUpClass): 201 POST http://10.180.1.21/identity/v3/projects 0.063s
2024-12-11 18:11:08.969 66107 INFO tempest.lib.common.rest_client [req-6cfb8aae-6719-4997-802d-aea101a70267 req-6cfb8aae-6719-4997-802d-aea101a70267 ] Request (MultipleCreateTestJSON:test_multiple_create): 200 GET http://10.180.1.21/compute/v2.1/servers/462194db-7674-478a-a9c4-6b86da47bb7f 0.072s
2024-12-11 18:11:09.017 66079 INFO tempest.lib.common.rest_client [req-b84d93f3-e3da-4be0-bc22-3ef97516e35d req-b84d93f3-e3da-4be0-bc22-3ef97516e35d ] Request (HostsAdminNegativeTestJSON:setUpClass): 201 POST http://10.180.1.21/identity/v3/users 0.076s
2024-12-11 18:11:09.032 66079 INFO tempest.lib.common.rest_client [req-a292dea3-64be-4c49-a560-a8dea25665da req-a292dea3-64be-4c49-a560-a8dea25665da ] Request (HostsAdminNegativeTestJSON:setUpClass): 200 GET http://10.180.1.21/identity/v3/roles 0.015s
2024-12-11 18:11:09.054 66079 INFO tempest.lib.common.rest_client [req-5e9bad40-b18d-4570-9f40-d1b285ef66d9 req-5e9bad40-b18d-4570-9f40-d1b285ef66d9 ] Request (HostsAdminNegativeTestJSON:setUpClass): 204 PUT http://10.180.1.21/identity/v3/projects/a1fb1bc5a47848eda87c24b59282a6d4/users/6810f7ee3fbc496dbe06c775e4bc5444/roles/eb05b8cfd36b400592bd44e927193f48 0.021s
2024-12-11 18:11:09.096 66079 INFO tempest.lib.common.rest_client [req-b069b5b3-64b0-4147-9e8a-7b9653ff6ec9 req-b069b5b3-64b0-4147-9e8a-7b9653ff6ec9 ] Request (HostsAdminNegativeTestJSON:setUpClass): 200 GET http://10.180.1.21/identity/v3/roles 0.042s
2024-12-11 18:11:09.112 66079 INFO tempest.lib.common.rest_client [req-58f07d3f-207f-4d0e-aec6-fc0c106447ff req-58f07d3f-207f-4d0e-aec6-fc0c106447ff ] Request (HostsAdminNegativeTestJSON:setUpClass): 204 PUT http://10.180.1.21/identity/v3/projects/a1fb1bc5a47848eda87c24b59282a6d4/users/6810f7ee3fbc496dbe06c775e4bc5444/roles/eb05b8cfd36b400592bd44e927193f48 0.015s
2024-12-11 18:11:09.112 66079 INFO tempest.lib.common.dynamic_creds [-] Dynamic test user 6810f7ee3fbc496dbe06c775e4bc5444 is created with scope project and roles: ['admin']
2024-12-11 18:11:09.112 66079 INFO tempest.lib.common.dynamic_creds [-] Acquired dynamic creds: credentials: Credentials: {'domain_id': 'default', 'domain_name': 'Default', 'username': 'tempest-HostsAdminNegativeTestJSON-1364041658-project-admin', 'project_domain_id': 'default', 'project_domain_name': 'Default', 'project_id': 'a1fb1bc5a47848eda87c24b59282a6d4', 'project_name': 'tempest-HostsAdminNegativeTestJSON-1364041658', 'tenant_id': 'a1fb1bc5a47848eda87c24b59282a6d4', 'tenant_name': 'tempest-HostsAdminNegativeTestJSON-1364041658', 'user_domain_id': 'default', 'user_domain_name': 'Default', 'user_id': '6810f7ee3fbc496dbe06c775e4bc5444', 'system': None}, Network: None, Subnet: None, Router: None
2024-12-11 18:11:09.112 66079 INFO tempest.lib.common.dynamic_creds [-] Created isolated network resources for: credentials: Credentials: {'domain_id': 'default', 'domain_name': 'Default', 'username': 'tempest-HostsAdminNegativeTestJSON-1364041658-project-admin', 'project_domain_id': 'default', 'project_domain_name': 'Default', 'project_id': 'a1fb1bc5a47848eda87c24b59282a6d4', 'project_name': 'tempest-HostsAdminNegativeTestJSON-1364041658', 'tenant_id': 'a1fb1bc5a47848eda87c24b59282a6d4', 'tenant_name': 'tempest-HostsAdminNegativeTestJSON-1364041658', 'user_domain_id': 'default', 'user_domain_name': 'Default', 'user_id': '6810f7ee3fbc496dbe06c775e4bc5444', 'system': None}, Network: None, Subnet: None, Router: None
2024-12-11 18:11:09.119 66101 INFO tempest.lib.common.rest_client [req-27e1c87e-8f11-4a93-893e-659d1ddb72a3 req-27e1c87e-8f11-4a93-893e-659d1ddb72a3 ] Request (ServerShowV257Test:test_rebuild_server): 200 GET http://10.180.1.21/compute/v2.1/servers/de1e0774-f6a7-4b1d-80b4-e196e8505d10 0.053s
2024-12-11 18:11:09.197 66079 INFO tempest.lib.common.rest_client [req-97030293-32eb-4a5c-92f2-f328b027a088 req-97030293-32eb-4a5c-92f2-f328b027a088 ] Request (HostsAdminNegativeTestJSON:setUpClass): 201 POST http://10.180.1.21/identity/v3/auth/tokens 0.080s
2024-12-11 18:11:09.275 66079 INFO tempest.lib.common.rest_client [req-adfeede5-7b38-4d2d-8f5a-d690857521ef req-adfeede5-7b38-4d2d-8f5a-d690857521ef ] Request (HostsAdminNegativeTestJSON:setUpClass): 200 GET http://10.180.1.21/compute/v2.1/os-hosts 0.077s
2024-12-11 18:11:09.313 66081 INFO tempest.lib.common.rest_client [req-248b4e42-f5ff-4a70-b143-560e03609a05 req-248b4e42-f5ff-4a70-b143-560e03609a05 ] Request (ImagesOneServerNegativeTestJSON:setUpClass): 200 GET http://10.180.1.21/compute/v2.1/servers/fa6c5ba7-7717-40cf-9f6e-5ba58f985fea 0.047s
2024-12-11 18:11:09.340 66075 INFO tempest.lib.common.rest_client [req-2c3da33c-d7ee-4672-b4fc-42f4120ad47c req-2c3da33c-d7ee-4672-b4fc-42f4120ad47c ] Request (ServerShowV254Test:tearDownClass): 200 GET http://10.180.1.21/compute/v2.1/servers/b3053cc0-f7c0-4eb6-8562-52854a1f83ad 0.070s
2024-12-11 18:11:09.368 66079 INFO tempest.lib.common.rest_client [req-d323e994-c034-422c-879d-512f2a768e7d req-d323e994-c034-422c-879d-512f2a768e7d ] Request (HostsAdminNegativeTestJSON:test_list_hosts_with_non_admin_user): 403 GET http://10.180.1.21/compute/v2.1/os-hosts 0.091s
2024-12-11 18:11:09.377 66079 INFO tempest.lib.common.rest_client [req-8d484604-3346-4b1c-bc32-ef27d0dbe111 req-8d484604-3346-4b1c-bc32-ef27d0dbe111 ] Request (HostsAdminNegativeTestJSON:test_reboot_host_with_non_admin_user): 403 GET http://10.180.1.21/compute/v2.1/os-hosts/devstack/reboot 0.007s
2024-12-11 18:11:09.391 66079 INFO tempest.lib.common.rest_client [req-7227a498-bfc9-4853-85b4-c4ea3ae72fd3 req-7227a498-bfc9-4853-85b4-c4ea3ae72fd3 ] Request (HostsAdminNegativeTestJSON:test_reboot_nonexistent_host): 404 GET http://10.180.1.21/compute/v2.1/os-hosts/nonexistent_hostname/reboot 0.013s
2024-12-11 18:11:09.395 66095 INFO tempest.lib.common.rest_client [req-ca1c32e2-5bc8-4db0-ae82-89f3e73a8c20 req-ca1c32e2-5bc8-4db0-ae82-89f3e73a8c20 ] Request (ServerRescueTestJSONUnderV235:setUpClass): 200 GET http://10.180.1.21/compute/v2.1/servers/cbcc51b4-ff2a-48b4-946a-d91e93f87afc 0.075s
2024-12-11 18:11:09.401 66079 INFO tempest.lib.common.rest_client [req-89c5d011-3787-4094-bc22-615b449cbcbc req-89c5d011-3787-4094-bc22-615b449cbcbc ] Request (HostsAdminNegativeTestJSON:test_show_host_detail_with_non_admin_user): 403 GET http://10.180.1.21/compute/v2.1/os-hosts/devstack 0.009s
2024-12-11 18:11:09.403 66095 INFO tempest.common.waiters [-] State transition "BUILD/None" ==> "BUILD/networking" after 64 second wait
2024-12-11 18:11:09.412 66079 INFO tempest.lib.common.rest_client [req-8b7d4681-2d29-4146-93d9-24af0012490f req-8b7d4681-2d29-4146-93d9-24af0012490f ] Request (HostsAdminNegativeTestJSON:test_show_host_detail_with_nonexistent_hostname): 404 GET http://10.180.1.21/compute/v2.1/os-hosts/nonexistent_hostname 0.010s
2024-12-11 18:11:09.421 66079 INFO tempest.lib.common.rest_client [req-46f9b5db-b0ed-4c87-be42-8fc6b9232ad3 req-46f9b5db-b0ed-4c87-be42-8fc6b9232ad3 ] Request (HostsAdminNegativeTestJSON:test_shutdown_host_with_non_admin_user): 403 GET http://10.180.1.21/compute/v2.1/os-hosts/devstack/shutdown 0.007s
2024-12-11 18:11:09.434 66079 INFO tempest.lib.common.rest_client [req-7141698e-e1be-4a57-84e0-78f5c9e53ca8 req-7141698e-e1be-4a57-84e0-78f5c9e53ca8 ] Request (HostsAdminNegativeTestJSON:test_shutdown_nonexistent_host): 404 GET http://10.180.1.21/compute/v2.1/os-hosts/nonexistent_hostname/shutdown 0.012s
2024-12-11 18:11:09.439 66055 INFO tempest.lib.common.rest_client [req-9136a941-1cde-41cb-b847-74abcaaa8296 req-9136a941-1cde-41cb-b847-74abcaaa8296 ] Request (ServersAdminNegativeTestJSON:setUpClass): 200 GET http://10.180.1.21/compute/v2.1/servers/30c3f46c-5408-4b3b-b260-6a4b36c930ac 0.047s
2024-12-11 18:11:09.448 66079 INFO tempest.lib.common.rest_client [req-0de36b94-7dac-4e30-a9fe-be5b1e375cae req-0de36b94-7dac-4e30-a9fe-be5b1e375cae ] Request (HostsAdminNegativeTestJSON:test_startup_host_with_non_admin_user): 403 GET http://10.180.1.21/compute/v2.1/os-hosts/devstack/startup 0.013s
2024-12-11 18:11:09.462 66079 INFO tempest.lib.common.rest_client [req-68f76069-2d3e-4057-889b-9d7c3c87c519 req-68f76069-2d3e-4057-889b-9d7c3c87c519 ] Request (HostsAdminNegativeTestJSON:test_startup_nonexistent_host): 404 GET http://10.180.1.21/compute/v2.1/os-hosts/nonexistent_hostname/startup 0.012s
2024-12-11 18:11:09.469 66079 INFO tempest.lib.common.rest_client [req-a6db691e-a78a-4a7e-a143-ec54e380e011 req-a6db691e-a78a-4a7e-a143-ec54e380e011 ] Request (HostsAdminNegativeTestJSON:test_update_host_with_invalid_maintenance_mode): 400 PUT http://10.180.1.21/compute/v2.1/os-hosts/devstack 0.006s
2024-12-11 18:11:09.478 66079 INFO tempest.lib.common.rest_client [req-739f35aa-e9bb-4b69-8026-576a67bef7d9 req-739f35aa-e9bb-4b69-8026-576a67bef7d9 ] Request (HostsAdminNegativeTestJSON:test_update_host_with_invalid_status): 400 PUT http://10.180.1.21/compute/v2.1/os-hosts/devstack 0.008s
2024-12-11 18:11:09.486 66051 INFO tempest.lib.common.rest_client [req-48db12e5-1ef3-428e-8a51-b696c2682137 req-48db12e5-1ef3-428e-8a51-b696c2682137 ] Request (ServersTestMultiNic:test_verify_multiple_nics_order): 200 GET http://10.180.1.21/compute/v2.1/servers/c28d58b8-19eb-4cfe-8545-df5c169a926c 0.047s
2024-12-11 18:11:09.488 66079 INFO tempest.lib.common.rest_client [req-d5ed8582-0a40-43b2-9f94-11edbb4b9fca req-d5ed8582-0a40-43b2-9f94-11edbb4b9fca ] Request (HostsAdminNegativeTestJSON:test_update_host_with_non_admin_user): 403 PUT http://10.180.1.21/compute/v2.1/os-hosts/devstack 0.009s
2024-12-11 18:11:09.495 66079 INFO tempest.lib.common.rest_client [req-e05858a2-208e-4309-8df3-f2e062b83406 req-e05858a2-208e-4309-8df3-f2e062b83406 ] Request (HostsAdminNegativeTestJSON:test_update_host_without_param): 400 PUT http://10.180.1.21/compute/v2.1/os-hosts/devstack 0.006s
2024-12-11 18:11:09.509 66079 INFO tempest.lib.common.rest_client [req-a60aecef-1189-4f67-beae-c0da31561e8f req-a60aecef-1189-4f67-beae-c0da31561e8f ] Request (HostsAdminNegativeTestJSON:test_update_nonexistent_host): 404 PUT http://10.180.1.21/compute/v2.1/os-hosts/nonexistent_hostname 0.013s
2024-12-11 18:11:09.561 66091 INFO tempest.lib.common.rest_client [req-54c815b2-109a-48c6-813a-bc95f2ae08b2 req-54c815b2-109a-48c6-813a-bc95f2ae08b2 ] Request (ServerDiagnosticsV248Test:test_get_server_diagnostics): 200 GET http://10.180.1.21/compute/v2.1/servers/ab6b62e7-7ef6-47e0-b81a-71342a32d20a 0.065s
2024-12-11 18:11:09.600 66079 INFO tempest.lib.common.rest_client [req-0929a192-4309-4cc6-af1f-019087e7d388 req-0929a192-4309-4cc6-af1f-019087e7d388 ] Request (HostsAdminNegativeTestJSON:tearDownClass): 204 DELETE http://10.180.1.21/identity/v3/users/a64d40ba0f1f4747b76149f93b071672 0.088s
2024-12-11 18:11:09.609 66073 INFO tempest.lib.common.rest_client [req-aac468bd-9499-4f03-b01d-7b19313b9fdd req-aac468bd-9499-4f03-b01d-7b19313b9fdd ] Request (ImagesTestJSON:test_create_image_from_stopped_server): 200 GET http://10.180.1.21/compute/v2.1/servers/fc6b564c-72ef-4f53-ac53-6224b93faa33 0.062s
2024-12-11 18:11:09.621 66069 INFO tempest.lib.common.rest_client [req-dc7a0b3e-d60e-4482-a317-542dcc79e5a1 req-dc7a0b3e-d60e-4482-a317-542dcc79e5a1 ] Request (ServerRescueNegativeTestJSON:setUpClass): 200 GET http://10.180.1.21/compute/v2.1/servers/57b034f4-86d2-455e-b637-39d7da59a070 0.117s
2024-12-11 18:11:09.654 66083 INFO tempest.lib.common.rest_client [req-2f41dfd1-cf8b-4b20-8860-169dde46ce7d req-2f41dfd1-cf8b-4b20-8860-169dde46ce7d ] Request (DeleteServersTestJSON:test_delete_active_server): 200 GET http://10.180.1.21/compute/v2.1/servers/0c814c4b-251e-4c13-9178-645bca5c0049 0.104s
2024-12-11 18:11:09.668 66061 INFO tempest.lib.common.rest_client [req-a55a7bf2-9ebb-4cd4-899e-0f576fd7b6c7 req-a55a7bf2-9ebb-4cd4-899e-0f576fd7b6c7 ] Request (ServersNegativeTestJSON:setUpClass): 200 GET http://10.180.1.21/compute/v2.1/servers/dc766bc8-97fe-40c4-a3c5-1e2c2becbbe7 0.067s
2024-12-11 18:11:09.697 66079 INFO tempest.lib.common.rest_client [req-5e798cbd-310b-40e1-8e36-557ae5783d10 req-5e798cbd-310b-40e1-8e36-557ae5783d10 ] Request (HostsAdminNegativeTestJSON:tearDownClass): 204 DELETE http://10.180.1.21/identity/v3/users/6810f7ee3fbc496dbe06c775e4bc5444 0.097s
2024-12-11 18:11:09.697 66079 INFO tempest.lib.common.dynamic_creds [-] Deleting project and security group for project: 04ad6d7c7aa5477cb89888919790a12b
2024-12-11 18:11:09.708 66045 INFO tempest.lib.common.rest_client [req-d83ca473-6a99-4261-89fa-2227d3eb6e81 req-d83ca473-6a99-4261-89fa-2227d3eb6e81 ] Request (AttachInterfacesTestJSON:test_create_list_show_delete_interfaces_by_fixed_ip): 200 GET http://10.180.1.21/compute/v2.1/servers/f19fdff2-8f44-4f9a-a43f-6f870a8f8777 0.097s
2024-12-11 18:11:09.713 66049 WARNING tempest.lib.common.ssh [-] Failed to establish authenticated ssh connection to cirros@10.180.180.178 ([Errno None] Unable to connect to port 22 on 10.180.180.178). Number attempts: 4. Retry after 5 seconds.: paramiko.ssh_exception.NoValidConnectionsError: [Errno None] Unable to connect to port 22 on 10.180.180.178
2024-12-11 18:11:09.726 66077 INFO tempest.lib.common.rest_client [req-1dcb2279-3fa3-4b5a-b0f4-a1867f9b9392 req-1dcb2279-3fa3-4b5a-b0f4-a1867f9b9392 ] Request (ServersV294TestFqdnHostnames:setUpClass): 200 GET http://10.180.1.21/compute/v2.1/servers/8085ff08-96b5-4642-adc2-13e9b26f15a3 0.065s
2024-12-11 18:11:09.764 66079 INFO tempest.lib.common.rest_client [req-85611e6a-cfc6-4ee7-b08a-8e95f1fa3697 req-85611e6a-cfc6-4ee7-b08a-8e95f1fa3697 ] Request (HostsAdminNegativeTestJSON:tearDownClass): 201 POST http://10.180.1.21/identity/v3/auth/tokens 0.066s
2024-12-11 18:11:09.771 66059 INFO tempest.lib.common.rest_client [req-b297e075-42d9-4b4b-9f4c-df1a9ceea2f2 req-b297e075-42d9-4b4b-9f4c-df1a9ceea2f2 ] Request (ImagesOneServerTestJSON:tearDownClass): 200 GET http://10.180.1.21/compute/v2.1/servers/4eae80de-2c8e-4fc6-a31a-9cf30c10aee2 0.108s
2024-12-11 18:11:09.778 66099 INFO tempest.lib.common.rest_client [req-2646de9d-052a-4596-8ab3-2c16fff8776e req-2646de9d-052a-4596-8ab3-2c16fff8776e ] Request (ListServersNegativeTestJSON:setUpClass): 200 GET http://10.180.1.21/compute/v2.1/servers/914b32d6-7ff6-481c-81fd-91ecb68b14a9 0.066s
2024-12-11 18:11:09.821 66057 INFO tempest.lib.common.rest_client [req-aa250521-f66f-42a0-bb64-2fd6d5ade3a3 req-aa250521-f66f-42a0-bb64-2fd6d5ade3a3 ] Request (SecurityGroupsTestJSON:test_server_security_groups): 200 GET http://10.180.1.21/compute/v2.1/servers/23136ec5-ca96-4ff4-8af7-c8d6b03eab19 0.058s
2024-12-11 18:11:09.886 66063 INFO tempest.lib.common.rest_client [req-b6ae08ec-b74a-4a95-814f-7072f54d8917 req-b6ae08ec-b74a-4a95-814f-7072f54d8917 ] Request (ServersTestJSON:setUpClass): 200 GET http://10.180.1.21/compute/v2.1/servers/940ea3db-a51f-4a53-a807-a11cef9e8f84 0.073s
2024-12-11 18:11:09.893 66103 INFO tempest.lib.common.rest_client [req-01e9485b-00db-4d88-ba50-d2155ac12215 req-01e9485b-00db-4d88-ba50-d2155ac12215 ] Request (ServersAdminTestJSON:test_create_server_with_scheduling_hint): 200 GET http://10.180.1.21/compute/v2.1/servers/82cbb67f-b234-4ee2-b728-a0a935968cb2 0.106s
2024-12-11 18:11:09.940 66089 INFO tempest.lib.common.rest_client [req-947dd174-850e-4a20-a1a0-e16a993a7e6b req-947dd174-850e-4a20-a1a0-e16a993a7e6b ] Request (MigrationsAdminTest:test_resize_server_revert_deleted_flavor): 200 GET http://10.180.1.21/compute/v2.1/servers/5573ae31-f5a7-476d-917b-a356d2b8d161 0.104s
2024-12-11 18:11:09.941 66047 INFO tempest.lib.common.rest_client [req-e4e20755-bcf8-4b98-888d-be9d656e0190 req-e4e20755-bcf8-4b98-888d-be9d656e0190 ] Request (ServerTagsTestJSON:setUpClass): 200 GET http://10.180.1.21/compute/v2.1/servers/cac5e094-642a-4837-9083-63703d200be9 0.075s
2024-12-11 18:11:09.967 66079 INFO tempest.lib.common.rest_client [req-bd96a03c-088f-4fb3-813b-69019505da42 req-bd96a03c-088f-4fb3-813b-69019505da42 ] Request (HostsAdminNegativeTestJSON:tearDownClass): 200 GET http://10.180.1.21:9696/networking/v2.0/security-groups?tenant_id=04ad6d7c7aa5477cb89888919790a12b&name=default 0.203s
2024-12-11 18:11:09.989 66066 INFO tempest.lib.common.rest_client [req-ddae922a-86d3-494f-ab4f-bb84f34c0d1b req-ddae922a-86d3-494f-ab4f-bb84f34c0d1b ] Request (ServerActionsTestOtherA:setUpClass): 200 GET http://10.180.1.21/compute/v2.1/servers/a05a7cc4-4969-4e54-8e4f-1a1972b60dc2 0.070s
2024-12-11 18:11:09.993 66067 INFO tempest.lib.common.rest_client [req-4ff2d703-196b-4fb2-b0bf-8536ab4f1eec req-4ff2d703-196b-4fb2-b0bf-8536ab4f1eec ] Request (FloatingIPsAssociationTestJSON:test_associate_already_associated_floating_ip): 200 GET http://10.180.1.21/compute/v2.1/servers/d1144031-311a-4fd2-865f-a81c82458fa8 0.115s
2024-12-11 18:11:10.043 66107 INFO tempest.lib.common.rest_client [req-c235c258-57d7-41ab-bded-46c60fa25b90 req-c235c258-57d7-41ab-bded-46c60fa25b90 ] Request (MultipleCreateTestJSON:test_multiple_create): 200 GET http://10.180.1.21/compute/v2.1/servers/462194db-7674-478a-a9c4-6b86da47bb7f 0.067s
2024-12-11 18:11:10.054 66093 INFO tempest.lib.common.rest_client [req-2025f15a-f1ae-4134-b78f-aabc2b9b516c req-2025f15a-f1ae-4134-b78f-aabc2b9b516c ] Request (ServerShowV247Test:tearDownClass): 200 GET http://10.180.1.21/compute/v2.1/servers/18a2b0a2-1b15-493f-88b9-a517ad51153d 0.097s
2024-12-11 18:11:10.073 66079 INFO tempest.lib.common.rest_client [req-552cb052-f20b-4a77-b797-860f744e58d7 req-552cb052-f20b-4a77-b797-860f744e58d7 ] Request (HostsAdminNegativeTestJSON:tearDownClass): 204 DELETE http://10.180.1.21:9696/networking/v2.0/security-groups/85051a69-18c8-43b7-bd86-3982290734c2 0.105s
2024-12-11 18:11:10.135 66079 INFO tempest.lib.common.rest_client [req-0e43ccc5-fe7d-4990-a001-ea3abae79bde req-0e43ccc5-fe7d-4990-a001-ea3abae79bde ] Request (HostsAdminNegativeTestJSON:tearDownClass): 204 DELETE http://10.180.1.21/identity/v3/projects/04ad6d7c7aa5477cb89888919790a12b 0.061s
2024-12-11 18:11:10.135 66079 INFO tempest.lib.common.dynamic_creds [-] Deleting project and security group for project: a1fb1bc5a47848eda87c24b59282a6d4
2024-12-11 18:11:10.177 66101 INFO tempest.lib.common.rest_client [req-1f172bef-f6f8-4b27-bdd9-aeecce72b99c req-1f172bef-f6f8-4b27-bdd9-aeecce72b99c ] Request (ServerShowV257Test:test_rebuild_server): 200 GET http://10.180.1.21/compute/v2.1/servers/de1e0774-f6a7-4b1d-80b4-e196e8505d10 0.049s
2024-12-11 18:11:10.231 66079 INFO tempest.lib.common.rest_client [req-25cdfce9-b35b-4fa2-9d7a-7b869c6e1e08 req-25cdfce9-b35b-4fa2-9d7a-7b869c6e1e08 ] Request (HostsAdminNegativeTestJSON:tearDownClass): 200 GET http://10.180.1.21:9696/networking/v2.0/security-groups?tenant_id=a1fb1bc5a47848eda87c24b59282a6d4&name=default 0.095s
2024-12-11 18:11:10.295 66079 INFO tempest.lib.common.rest_client [req-958f3f7b-8c54-4f93-855e-372aa512bf6d req-958f3f7b-8c54-4f93-855e-372aa512bf6d ] Request (HostsAdminNegativeTestJSON:tearDownClass): 204 DELETE http://10.180.1.21:9696/networking/v2.0/security-groups/8c2f6f18-86b8-4432-aa14-d39559ca6fa0 0.064s
2024-12-11 18:11:10.368 66081 INFO tempest.lib.common.rest_client [req-08e1017a-6e46-4cdb-b7b8-c8a28404f78c req-08e1017a-6e46-4cdb-b7b8-c8a28404f78c ] Request (ImagesOneServerNegativeTestJSON:setUpClass): 200 GET http://10.180.1.21/compute/v2.1/servers/fa6c5ba7-7717-40cf-9f6e-5ba58f985fea 0.049s
2024-12-11 18:11:10.378 66079 INFO tempest.lib.common.rest_client [req-b4b0d534-ebb5-43d5-b334-3604edd9960f req-b4b0d534-ebb5-43d5-b334-3604edd9960f ] Request (HostsAdminNegativeTestJSON:tearDownClass): 204 DELETE http://10.180.1.21/identity/v3/projects/a1fb1bc5a47848eda87c24b59282a6d4 0.082s
2024-12-11 18:11:10.404 66075 INFO tempest.lib.common.rest_client [req-55a662bd-77da-464d-88c5-1f89c18731e9 req-55a662bd-77da-464d-88c5-1f89c18731e9 ] Request (ServerShowV254Test:tearDownClass): 200 GET http://10.180.1.21/compute/v2.1/servers/b3053cc0-f7c0-4eb6-8562-52854a1f83ad 0.055s
2024-12-11 18:11:10.436 66079 INFO tempest.lib.common.rest_client [req-b41ff294-73d4-40dd-9373-f9a2af1485f6 req-b41ff294-73d4-40dd-9373-f9a2af1485f6 ] Request (ListServerFiltersTestJSON:setUpClass): 201 POST http://10.180.1.21/identity/v3/auth/tokens 0.056s
