2024-12-11 18:11:10.468 66079 INFO tempest.lib.common.rest_client [req-6428b7d0-2e78-4e04-a5ef-3d8bead3222f req-6428b7d0-2e78-4e04-a5ef-3d8bead3222f ] Request (ListServerFiltersTestJSON:setUpClass): 201 POST http://10.180.1.21/identity/v3/auth/tokens 0.029s
2024-12-11 18:11:10.492 66079 INFO tempest.lib.common.rest_client [req-b42166b8-e85e-43f2-a88e-78b05cd6584b req-b42166b8-e85e-43f2-a88e-78b05cd6584b ] Request (ListServerFiltersTestJSON:setUpClass): 200 GET http://10.180.1.21/identity/v3/domains?name=Default 0.023s
2024-12-11 18:11:10.499 66055 INFO tempest.lib.common.rest_client [req-f0824e82-fc7e-4e0e-a8a8-92c52af5bc71 req-f0824e82-fc7e-4e0e-a8a8-92c52af5bc71 ] Request (ServersAdminNegativeTestJSON:setUpClass): 200 GET http://10.180.1.21/compute/v2.1/servers/30c3f46c-5408-4b3b-b260-6a4b36c930ac 0.050s
2024-12-11 18:11:10.518 66079 INFO tempest.lib.common.rest_client [req-334ae36b-4ec9-4ecb-b6d8-8e6b4629be90 req-334ae36b-4ec9-4ecb-b6d8-8e6b4629be90 ] Request (ListServerFiltersTestJSON:setUpClass): 201 POST http://10.180.1.21/identity/v3/projects 0.025s
2024-12-11 18:11:10.538 66095 INFO tempest.lib.common.rest_client [req-48534d34-120e-4ea5-9278-a622cdf264aa req-48534d34-120e-4ea5-9278-a622cdf264aa ] Request (ServerRescueTestJSONUnderV235:setUpClass): 200 GET http://10.180.1.21/compute/v2.1/servers/cbcc51b4-ff2a-48b4-946a-d91e93f87afc 0.134s
2024-12-11 18:11:10.543 66051 INFO tempest.lib.common.rest_client [req-864b3e0d-c61b-44b1-91dc-e2120764220f req-864b3e0d-c61b-44b1-91dc-e2120764220f ] Request (ServersTestMultiNic:test_verify_multiple_nics_order): 200 GET http://10.180.1.21/compute/v2.1/servers/c28d58b8-19eb-4cfe-8545-df5c169a926c 0.050s
2024-12-11 18:11:10.545 66095 INFO tempest.common.waiters [-] State transition "BUILD/networking" ==> "BUILD/spawning" after 65 second wait
2024-12-11 18:11:10.569 66079 INFO tempest.lib.common.rest_client [req-ea0e506a-5366-4849-b132-e624a24d30a5 req-ea0e506a-5366-4849-b132-e624a24d30a5 ] Request (ListServerFiltersTestJSON:setUpClass): 201 POST http://10.180.1.21/identity/v3/users 0.051s
2024-12-11 18:11:10.585 66079 INFO tempest.lib.common.rest_client [req-ea5f6226-6948-43b4-86ee-0ac46ffe1b7c req-ea5f6226-6948-43b4-86ee-0ac46ffe1b7c ] Request (ListServerFiltersTestJSON:setUpClass): 200 GET http://10.180.1.21/identity/v3/roles 0.016s
2024-12-11 18:11:10.610 66079 INFO tempest.lib.common.rest_client [req-56d92ce3-7d70-46da-bc19-c187f7229060 req-56d92ce3-7d70-46da-bc19-c187f7229060 ] Request (ListServerFiltersTestJSON:setUpClass): 204 PUT http://10.180.1.21/identity/v3/projects/fc32105c5dee4c509e2b24c38a30c8b1/users/f26ca08a56b34c4e84ac4d92bb100c40/roles/5a307acaf1014acbaa0e5fdc3cf6cd0e 0.024s
2024-12-11 18:11:10.610 66079 INFO tempest.lib.common.dynamic_creds [-] Dynamic test user f26ca08a56b34c4e84ac4d92bb100c40 is created with scope project and roles: ['member']
2024-12-11 18:11:10.610 66079 INFO tempest.lib.common.dynamic_creds [-] Acquired dynamic creds: credentials: Credentials: {'domain_id': 'default', 'domain_name': 'Default', 'username': 'tempest-ListServerFiltersTestJSON-126181012-project-member', 'project_domain_id': 'default', 'project_domain_name': 'Default', 'project_id': 'fc32105c5dee4c509e2b24c38a30c8b1', 'project_name': 'tempest-ListServerFiltersTestJSON-126181012', 'tenant_id': 'fc32105c5dee4c509e2b24c38a30c8b1', 'tenant_name': 'tempest-ListServerFiltersTestJSON-126181012', 'user_domain_id': 'default', 'user_domain_name': 'Default', 'user_id': 'f26ca08a56b34c4e84ac4d92bb100c40', 'system': None}, Network: None, Subnet: None, Router: None
2024-12-11 18:11:10.621 66091 INFO tempest.lib.common.rest_client [req-099fbfa8-eca4-4d32-b061-60580d6facc6 req-099fbfa8-eca4-4d32-b061-60580d6facc6 ] Request (ServerDiagnosticsV248Test:test_get_server_diagnostics): 200 GET http://10.180.1.21/compute/v2.1/servers/ab6b62e7-7ef6-47e0-b81a-71342a32d20a 0.051s
2024-12-11 18:11:10.663 66079 INFO tempest.lib.common.rest_client [req-f5abee09-559b-446e-bd49-b9358f0787e8 req-f5abee09-559b-446e-bd49-b9358f0787e8 ] Request (ListServerFiltersTestJSON:setUpClass): 201 POST http://10.180.1.21/identity/v3/auth/tokens 0.052s
2024-12-11 18:11:10.668 66073 INFO tempest.lib.common.rest_client [req-f13986f5-1a7c-4386-8c69-71669446d92b req-f13986f5-1a7c-4386-8c69-71669446d92b ] Request (ImagesTestJSON:test_create_image_from_stopped_server): 200 GET http://10.180.1.21/compute/v2.1/servers/fc6b564c-72ef-4f53-ac53-6224b93faa33 0.052s
2024-12-11 18:11:10.709 66083 INFO tempest.lib.common.rest_client [req-b143d1cc-b967-4310-9894-9781b7cafcac req-b143d1cc-b967-4310-9894-9781b7cafcac ] Request (DeleteServersTestJSON:test_delete_active_server): 200 GET http://10.180.1.21/compute/v2.1/servers/0c814c4b-251e-4c13-9178-645bca5c0049 0.047s
2024-12-11 18:11:10.720 66069 INFO tempest.lib.common.rest_client [req-ec52e0a6-8a94-44d2-870a-add05dcc02ca req-ec52e0a6-8a94-44d2-870a-add05dcc02ca ] Request (ServerRescueNegativeTestJSON:setUpClass): 200 GET http://10.180.1.21/compute/v2.1/servers/57b034f4-86d2-455e-b637-39d7da59a070 0.091s
2024-12-11 18:11:10.760 66061 INFO tempest.lib.common.rest_client [req-c7ad354a-23cf-4bbf-a24f-025aea552d77 req-c7ad354a-23cf-4bbf-a24f-025aea552d77 ] Request (ServersNegativeTestJSON:setUpClass): 200 GET http://10.180.1.21/compute/v2.1/servers/dc766bc8-97fe-40c4-a3c5-1e2c2becbbe7 0.084s
2024-12-11 18:11:10.770 66045 INFO tempest.lib.common.rest_client [req-a489d28c-6148-4624-bdd5-63f6d9194850 req-a489d28c-6148-4624-bdd5-63f6d9194850 ] Request (AttachInterfacesTestJSON:test_create_list_show_delete_interfaces_by_fixed_ip): 200 GET http://10.180.1.21/compute/v2.1/servers/f19fdff2-8f44-4f9a-a43f-6f870a8f8777 0.052s
2024-12-11 18:11:10.825 66077 INFO tempest.lib.common.rest_client [req-2ec923c1-12de-4db2-9abb-61467dbd5e67 req-2ec923c1-12de-4db2-9abb-61467dbd5e67 ] Request (ServersV294TestFqdnHostnames:setUpClass): 200 GET http://10.180.1.21/compute/v2.1/servers/8085ff08-96b5-4642-adc2-13e9b26f15a3 0.090s
2024-12-11 18:11:10.844 66059 INFO tempest.lib.common.rest_client [req-7e6b3213-6e32-4896-9c66-20baa9c035a9 req-7e6b3213-6e32-4896-9c66-20baa9c035a9 ] Request (ImagesOneServerTestJSON:tearDownClass): 200 GET http://10.180.1.21/compute/v2.1/servers/4eae80de-2c8e-4fc6-a31a-9cf30c10aee2 0.065s
2024-12-11 18:11:10.880 66099 INFO tempest.lib.common.rest_client [req-da76b206-1a1b-4dd6-8014-ce75018015a5 req-da76b206-1a1b-4dd6-8014-ce75018015a5 ] Request (ListServersNegativeTestJSON:setUpClass): 200 GET http://10.180.1.21/compute/v2.1/servers/914b32d6-7ff6-481c-81fd-91ecb68b14a9 0.095s
2024-12-11 18:11:10.891 66057 INFO tempest.lib.common.rest_client [req-4fcc6021-155e-4b9a-83d9-8d1db3ad3694 req-4fcc6021-155e-4b9a-83d9-8d1db3ad3694 ] Request (SecurityGroupsTestJSON:test_server_security_groups): 200 GET http://10.180.1.21/compute/v2.1/servers/23136ec5-ca96-4ff4-8af7-c8d6b03eab19 0.059s
2024-12-11 18:11:10.951 66063 INFO tempest.lib.common.rest_client [req-2ba46018-c7b7-4a46-85d2-a58afde7511d req-2ba46018-c7b7-4a46-85d2-a58afde7511d ] Request (ServersTestJSON:setUpClass): 200 GET http://10.180.1.21/compute/v2.1/servers/940ea3db-a51f-4a53-a807-a11cef9e8f84 0.057s
2024-12-11 18:11:10.957 66079 INFO tempest.lib.common.rest_client [req-944e92ea-91ff-4152-afee-118a9359bd20 req-944e92ea-91ff-4152-afee-118a9359bd20 ] Request (ListServerFiltersTestJSON:setUpClass): 201 POST http://10.180.1.21:9696/networking/v2.0/networks 0.294s
2024-12-11 18:11:11.000 66103 INFO tempest.lib.common.rest_client [req-16c43d46-b7c2-4823-aab7-eed61750139a req-16c43d46-b7c2-4823-aab7-eed61750139a ] Request (ServersAdminTestJSON:test_create_server_with_scheduling_hint): 200 GET http://10.180.1.21/compute/v2.1/servers/82cbb67f-b234-4ee2-b728-a0a935968cb2 0.094s
2024-12-11 18:11:11.009 66103 INFO tempest.common.waiters [-] State transition "BUILD/spawning" ==> "ACTIVE/None" after 68 second wait
2024-12-11 18:11:11.027 66089 INFO tempest.lib.common.rest_client [req-b8da9275-d28d-4a52-a0ae-02f634da61ae req-b8da9275-d28d-4a52-a0ae-02f634da61ae ] Request (MigrationsAdminTest:test_resize_server_revert_deleted_flavor): 200 GET http://10.180.1.21/compute/v2.1/servers/5573ae31-f5a7-476d-917b-a356d2b8d161 0.078s
2024-12-11 18:11:11.060 66047 INFO tempest.lib.common.rest_client [req-7584aa9d-9145-4bf4-ab2e-ce760d46bfad req-7584aa9d-9145-4bf4-ab2e-ce760d46bfad ] Request (ServerTagsTestJSON:setUpClass): 200 GET http://10.180.1.21/compute/v2.1/servers/cac5e094-642a-4837-9083-63703d200be9 0.108s
2024-12-11 18:11:11.085 66066 INFO tempest.lib.common.rest_client [req-fa1923e8-a4c0-49ff-bc8a-9f8e8c454919 req-fa1923e8-a4c0-49ff-bc8a-9f8e8c454919 ] Request (ServerActionsTestOtherA:setUpClass): 200 GET http://10.180.1.21/compute/v2.1/servers/a05a7cc4-4969-4e54-8e4f-1a1972b60dc2 0.085s
2024-12-11 18:11:11.087 66103 INFO tempest.lib.common.rest_client [req-76c0cdf3-4542-4cc7-9d3a-fde84ecf797e req-76c0cdf3-4542-4cc7-9d3a-fde84ecf797e ] Request (ServersAdminTestJSON:test_inject_network_info): 201 POST http://10.180.1.21/identity/v3/auth/tokens 0.073s
2024-12-11 18:11:11.088 66103 INFO tempest.lib.common.fixed_network [-] (ServersAdminTestJSON:test_inject_network_info) Found network {'id': 'f6d4fab6-70db-4889-ad14-84a8c37d874e', 'name': 'tempest-ServersAdminTestJSON-397965122-network', 'tenant_id': 'dd6bc78d52424c9aaf23beafed38b1fd', 'admin_state_up': True, 'mtu': 8950, 'status': 'ACTIVE', 'subnets': [], 'shared': False, 'project_id': 'dd6bc78d52424c9aaf23beafed38b1fd', 'port_security_enabled': True, 'router:external': False, 'provider:network_type': 'vlan', 'provider:physical_network': 'default', 'provider:segmentation_id': 722, 'availability_zone_hints': [], 'availability_zones': [], 'ipv4_address_scope': None, 'ipv6_address_scope': None, 'description': '', 'tags': [], 'created_at': '2024-12-11T18:09:10Z', 'updated_at': '2024-12-11T18:09:10Z', 'revision_number': 1} available for tenant
2024-12-11 18:11:11.110 66067 INFO tempest.lib.common.rest_client [req-ca582ab8-4322-4f9b-843a-d286f598d156 req-ca582ab8-4322-4f9b-843a-d286f598d156 ] Request (FloatingIPsAssociationTestJSON:test_associate_already_associated_floating_ip): 200 GET http://10.180.1.21/compute/v2.1/servers/d1144031-311a-4fd2-865f-a81c82458fa8 0.109s
2024-12-11 18:11:11.137 66107 INFO tempest.lib.common.rest_client [req-6c083520-8a22-4613-a6bc-f7a5003b19de req-6c083520-8a22-4613-a6bc-f7a5003b19de ] Request (MultipleCreateTestJSON:test_multiple_create): 200 GET http://10.180.1.21/compute/v2.1/servers/462194db-7674-478a-a9c4-6b86da47bb7f 0.085s
2024-12-11 18:11:11.172 66093 INFO tempest.lib.common.rest_client [req-e72d7dee-483c-4a22-9215-bdb91f6f583f req-e72d7dee-483c-4a22-9215-bdb91f6f583f ] Request (ServerShowV247Test:tearDownClass): 200 GET http://10.180.1.21/compute/v2.1/servers/18a2b0a2-1b15-493f-88b9-a517ad51153d 0.110s
2024-12-11 18:11:11.233 66101 INFO tempest.lib.common.rest_client [req-5282afd9-19be-46d2-bea6-451929de2763 req-5282afd9-19be-46d2-bea6-451929de2763 ] Request (ServerShowV257Test:test_rebuild_server): 200 GET http://10.180.1.21/compute/v2.1/servers/de1e0774-f6a7-4b1d-80b4-e196e8505d10 0.048s
2024-12-11 18:11:11.283 66079 INFO tempest.lib.common.rest_client [req-10c42bd0-7318-48ce-a09d-cc993a3b635b req-10c42bd0-7318-48ce-a09d-cc993a3b635b ] Request (ListServerFiltersTestJSON:setUpClass): 201 POST http://10.180.1.21:9696/networking/v2.0/subnets 0.325s
2024-12-11 18:11:11.284 66079 INFO tempest.lib.common.dynamic_creds [-] Created isolated network resources for: credentials: Credentials: {'domain_id': 'default', 'domain_name': 'Default', 'username': 'tempest-ListServerFiltersTestJSON-126181012-project-member', 'project_domain_id': 'default', 'project_domain_name': 'Default', 'project_id': 'fc32105c5dee4c509e2b24c38a30c8b1', 'project_name': 'tempest-ListServerFiltersTestJSON-126181012', 'tenant_id': 'fc32105c5dee4c509e2b24c38a30c8b1', 'tenant_name': 'tempest-ListServerFiltersTestJSON-126181012', 'user_domain_id': 'default', 'user_domain_name': 'Default', 'user_id': 'f26ca08a56b34c4e84ac4d92bb100c40', 'system': None}, Network: {'id': 'f68cd347-319f-4488-aaf8-c8743fec4296', 'name': 'tempest-ListServerFiltersTestJSON-2033312893-network', 'tenant_id': 'fc32105c5dee4c509e2b24c38a30c8b1', 'admin_state_up': True, 'mtu': 8950, 'status': 'ACTIVE', 'subnets': [], 'shared': False, 'project_id': 'fc32105c5dee4c509e2b24c38a30c8b1', 'port_security_enabled': True, 'router:external': False, 'provider:network_type': 'vlan', 'provider:physical_network': 'default', 'provider:segmentation_id': 177, 'availability_zone_hints': [], 'availability_zones': [], 'ipv4_address_scope': None, 'ipv6_address_scope': None, 'description': '', 'tags': [], 'created_at': '2024-12-11T18:11:10Z', 'updated_at': '2024-12-11T18:11:10Z', 'revision_number': 1}, Subnet: {'id': '56c22f27-eea6-4b45-9281-a6957d1f706b', 'name': 'tempest-ListServerFiltersTestJSON-2033312893-subnet', 'tenant_id': 'fc32105c5dee4c509e2b24c38a30c8b1', 'network_id': 'f68cd347-319f-4488-aaf8-c8743fec4296', 'ip_version': 4, 'subnetpool_id': None, 'enable_dhcp': True, 'ipv6_ra_mode': None, 'ipv6_address_mode': None, 'gateway_ip': '192.168.128.1', 'cidr': '192.168.128.0/28', 'allocation_pools': [{'start': '192.168.128.2', 'end': '192.168.128.14'}], 'host_routes': [], 'dns_nameservers': [], 'description': '', 'router:external': False, 'service_types': [], 'tags': [], 'created_at': '2024-12-11T18:11:11Z', 'updated_at': '2024-12-11T18:11:11Z', 'revision_number': 0, 'project_id': 'fc32105c5dee4c509e2b24c38a30c8b1'}, Router: None
2024-12-11 18:11:11.364 66079 INFO tempest.lib.common.rest_client [req-1e74d0df-2dac-4415-865a-cb58069af3fd req-1e74d0df-2dac-4415-865a-cb58069af3fd ] Request (ListServerFiltersTestJSON:setUpClass): 201 POST http://10.180.1.21/identity/v3/auth/tokens 0.077s
2024-12-11 18:11:11.393 66079 INFO tempest.lib.common.rest_client [req-51377cab-21f1-45f8-a32c-3a033261ed10 req-51377cab-21f1-45f8-a32c-3a033261ed10 ] Request (ListServerFiltersTestJSON:setUpClass): 201 POST http://10.180.1.21/identity/v3/auth/tokens 0.023s
2024-12-11 18:11:11.394 66079 INFO tempest.lib.common.fixed_network [-] (ListServerFiltersTestJSON:setUpClass) Found network {'id': 'f68cd347-319f-4488-aaf8-c8743fec4296', 'name': 'tempest-ListServerFiltersTestJSON-2033312893-network', 'tenant_id': 'fc32105c5dee4c509e2b24c38a30c8b1', 'admin_state_up': True, 'mtu': 8950, 'status': 'ACTIVE', 'subnets': [], 'shared': False, 'project_id': 'fc32105c5dee4c509e2b24c38a30c8b1', 'port_security_enabled': True, 'router:external': False, 'provider:network_type': 'vlan', 'provider:physical_network': 'default', 'provider:segmentation_id': 177, 'availability_zone_hints': [], 'availability_zones': [], 'ipv4_address_scope': None, 'ipv6_address_scope': None, 'description': '', 'tags': [], 'created_at': '2024-12-11T18:11:10Z', 'updated_at': '2024-12-11T18:11:10Z', 'revision_number': 1} available for tenant
2024-12-11 18:11:11.423 66079 INFO tempest.lib.common.rest_client [req-442044ca-44f9-499a-a088-694d8f2c016c req-442044ca-44f9-499a-a088-694d8f2c016c ] Request (ListServerFiltersTestJSON:setUpClass): 201 POST http://10.180.1.21/identity/v3/auth/tokens 0.026s
2024-12-11 18:11:11.423 66079 INFO tempest.lib.common.fixed_network [-] (ListServerFiltersTestJSON:setUpClass) Found network {'id': 'f68cd347-319f-4488-aaf8-c8743fec4296', 'name': 'tempest-ListServerFiltersTestJSON-2033312893-network', 'tenant_id': 'fc32105c5dee4c509e2b24c38a30c8b1', 'admin_state_up': True, 'mtu': 8950, 'status': 'ACTIVE', 'subnets': [], 'shared': False, 'project_id': 'fc32105c5dee4c509e2b24c38a30c8b1', 'port_security_enabled': True, 'router:external': False, 'provider:network_type': 'vlan', 'provider:physical_network': 'default', 'provider:segmentation_id': 177, 'availability_zone_hints': [], 'availability_zones': [], 'ipv4_address_scope': None, 'ipv6_address_scope': None, 'description': '', 'tags': [], 'created_at': '2024-12-11T18:11:10Z', 'updated_at': '2024-12-11T18:11:10Z', 'revision_number': 1} available for tenant
2024-12-11 18:11:11.424 66081 INFO tempest.lib.common.rest_client [req-369456c8-d554-4e94-ae9a-79a3457f252a req-369456c8-d554-4e94-ae9a-79a3457f252a ] Request (ImagesOneServerNegativeTestJSON:setUpClass): 200 GET http://10.180.1.21/compute/v2.1/servers/fa6c5ba7-7717-40cf-9f6e-5ba58f985fea 0.049s
2024-12-11 18:11:11.480 66075 INFO tempest.lib.common.rest_client [req-dd225897-5c16-43b5-9fc3-c26a7f713040 req-dd225897-5c16-43b5-9fc3-c26a7f713040 ] Request (ServerShowV254Test:tearDownClass): 200 GET http://10.180.1.21/compute/v2.1/servers/b3053cc0-f7c0-4eb6-8562-52854a1f83ad 0.068s
2024-12-11 18:11:11.544 66103 INFO tempest.lib.common.rest_client [req-9fa65e12-b108-48ea-8486-3278c2776d79 req-9fa65e12-b108-48ea-8486-3278c2776d79 ] Request (ServersAdminTestJSON:test_inject_network_info): 202 POST http://10.180.1.21/compute/v2.1/servers 0.456s
2024-12-11 18:11:11.588 66055 INFO tempest.lib.common.rest_client [req-74b0137c-afcd-4388-9a2c-3676fce5a1c2 req-74b0137c-afcd-4388-9a2c-3676fce5a1c2 ] Request (ServersAdminNegativeTestJSON:setUpClass): 200 GET http://10.180.1.21/compute/v2.1/servers/30c3f46c-5408-4b3b-b260-6a4b36c930ac 0.081s
2024-12-11 18:11:11.701 66095 INFO tempest.lib.common.rest_client [req-6a504285-5b6e-4dfc-b9da-510f2e443e2d req-6a504285-5b6e-4dfc-b9da-510f2e443e2d ] Request (ServerRescueTestJSONUnderV235:setUpClass): 200 GET http://10.180.1.21/compute/v2.1/servers/cbcc51b4-ff2a-48b4-946a-d91e93f87afc 0.155s
2024-12-11 18:11:11.736 66103 INFO tempest.lib.common.rest_client [req-998dc674-27bd-42f1-81c3-4ee6a337b93b req-998dc674-27bd-42f1-81c3-4ee6a337b93b ] Request (ServersAdminTestJSON:test_inject_network_info): 200 GET http://10.180.1.21/compute/v2.1/servers/505465ad-4451-486a-974b-599a4345526f 0.190s
2024-12-11 18:11:11.783 66079 INFO tempest.lib.common.rest_client [req-39682bac-bd38-419a-9024-ee870dc925b0 req-39682bac-bd38-419a-9024-ee870dc925b0 ] Request (ListServerFiltersTestJSON:setUpClass): 202 POST http://10.180.1.21/compute/v2.1/servers 0.359s
2024-12-11 18:11:11.795 66051 INFO tempest.lib.common.rest_client [req-4493688f-655a-4a5f-97c6-925a390dcb92 req-4493688f-655a-4a5f-97c6-925a390dcb92 ] Request (ServersTestMultiNic:test_verify_multiple_nics_order): 200 GET http://10.180.1.21/compute/v2.1/servers/c28d58b8-19eb-4cfe-8545-df5c169a926c 0.245s
2024-12-11 18:11:11.811 66079 INFO tempest.lib.common.rest_client [req-6f047fcf-8859-4b9f-9295-a407949a501f req-6f047fcf-8859-4b9f-9295-a407949a501f ] Request (ListServerFiltersTestJSON:setUpClass): 201 POST http://10.180.1.21/identity/v3/auth/tokens 0.024s
2024-12-11 18:11:11.811 66079 INFO tempest.lib.common.fixed_network [-] (ListServerFiltersTestJSON:setUpClass) Found network {'id': 'f68cd347-319f-4488-aaf8-c8743fec4296', 'name': 'tempest-ListServerFiltersTestJSON-2033312893-network', 'tenant_id': 'fc32105c5dee4c509e2b24c38a30c8b1', 'admin_state_up': True, 'mtu': 8950, 'status': 'ACTIVE', 'subnets': [], 'shared': False, 'project_id': 'fc32105c5dee4c509e2b24c38a30c8b1', 'port_security_enabled': True, 'router:external': False, 'provider:network_type': 'vlan', 'provider:physical_network': 'default', 'provider:segmentation_id': 177, 'availability_zone_hints': [], 'availability_zones': [], 'ipv4_address_scope': None, 'ipv6_address_scope': None, 'description': '', 'tags': [], 'created_at': '2024-12-11T18:11:10Z', 'updated_at': '2024-12-11T18:11:10Z', 'revision_number': 1} available for tenant
2024-12-11 18:11:11.841 66091 INFO tempest.lib.common.rest_client [req-f64aa2ca-aa99-4119-92db-25f2a8da7383 req-f64aa2ca-aa99-4119-92db-25f2a8da7383 ] Request (ServerDiagnosticsV248Test:test_get_server_diagnostics): 200 GET http://10.180.1.21/compute/v2.1/servers/ab6b62e7-7ef6-47e0-b81a-71342a32d20a 0.212s
2024-12-11 18:11:11.844 66073 INFO tempest.lib.common.rest_client [req-b2ede3b6-02e2-404c-876e-3d741f8f7ed4 req-b2ede3b6-02e2-404c-876e-3d741f8f7ed4 ] Request (ImagesTestJSON:test_create_image_from_stopped_server): 200 GET http://10.180.1.21/compute/v2.1/servers/fc6b564c-72ef-4f53-ac53-6224b93faa33 0.169s
2024-12-11 18:11:11.895 66083 INFO tempest.lib.common.rest_client [req-e27e9213-7755-426a-be2c-19c6deca4e81 req-e27e9213-7755-426a-be2c-19c6deca4e81 ] Request (DeleteServersTestJSON:test_delete_active_server): 200 GET http://10.180.1.21/compute/v2.1/servers/0c814c4b-251e-4c13-9178-645bca5c0049 0.179s
2024-12-11 18:11:11.948 66061 INFO tempest.lib.common.rest_client [req-a50af8a9-9e98-4e33-87e3-026fcc384055 req-a50af8a9-9e98-4e33-87e3-026fcc384055 ] Request (ServersNegativeTestJSON:setUpClass): 200 GET http://10.180.1.21/compute/v2.1/servers/dc766bc8-97fe-40c4-a3c5-1e2c2becbbe7 0.181s
2024-12-11 18:11:11.949 66069 INFO tempest.lib.common.rest_client [req-47e0206f-2654-44c6-95a0-372ae785a063 req-47e0206f-2654-44c6-95a0-372ae785a063 ] Request (ServerRescueNegativeTestJSON:setUpClass): 200 GET http://10.180.1.21/compute/v2.1/servers/57b034f4-86d2-455e-b637-39d7da59a070 0.222s
2024-12-11 18:11:11.996 66045 INFO tempest.lib.common.rest_client [req-e2f1dc01-3f10-4548-aa04-cc233953720e req-e2f1dc01-3f10-4548-aa04-cc233953720e ] Request (AttachInterfacesTestJSON:test_create_list_show_delete_interfaces_by_fixed_ip): 200 GET http://10.180.1.21/compute/v2.1/servers/f19fdff2-8f44-4f9a-a43f-6f870a8f8777 0.219s
2024-12-11 18:11:12.067 66077 INFO tempest.lib.common.rest_client [req-7ddad65e-9ae0-4469-804f-4c622881f423 req-7ddad65e-9ae0-4469-804f-4c622881f423 ] Request (ServersV294TestFqdnHostnames:setUpClass): 200 GET http://10.180.1.21/compute/v2.1/servers/8085ff08-96b5-4642-adc2-13e9b26f15a3 0.229s
2024-12-11 18:11:12.147 66059 INFO tempest.lib.common.rest_client [req-bc60d508-d524-43df-a1a1-7efa8a0a1a9e req-bc60d508-d524-43df-a1a1-7efa8a0a1a9e ] Request (ImagesOneServerTestJSON:tearDownClass): 200 GET http://10.180.1.21/compute/v2.1/servers/4eae80de-2c8e-4fc6-a31a-9cf30c10aee2 0.295s
2024-12-11 18:11:12.205 66099 INFO tempest.lib.common.rest_client [req-94e30f5b-24c8-4e6b-94aa-1a58466d9d6b req-94e30f5b-24c8-4e6b-94aa-1a58466d9d6b ] Request (ListServersNegativeTestJSON:setUpClass): 200 GET http://10.180.1.21/compute/v2.1/servers/914b32d6-7ff6-481c-81fd-91ecb68b14a9 0.318s
2024-12-11 18:11:12.209 66079 INFO tempest.lib.common.rest_client [req-033b6980-9b52-4a05-bcf5-a61ddf204762 req-033b6980-9b52-4a05-bcf5-a61ddf204762 ] Request (ListServerFiltersTestJSON:setUpClass): 202 POST http://10.180.1.21/compute/v2.1/servers 0.397s
2024-12-11 18:11:12.250 66079 INFO tempest.lib.common.rest_client [req-7a96f990-570c-4d20-8333-55b4eb206e90 req-7a96f990-570c-4d20-8333-55b4eb206e90 ] Request (ListServerFiltersTestJSON:setUpClass): 201 POST http://10.180.1.21/identity/v3/auth/tokens 0.035s
2024-12-11 18:11:12.250 66079 INFO tempest.lib.common.fixed_network [-] (ListServerFiltersTestJSON:setUpClass) Found network {'id': 'f68cd347-319f-4488-aaf8-c8743fec4296', 'name': 'tempest-ListServerFiltersTestJSON-2033312893-network', 'tenant_id': 'fc32105c5dee4c509e2b24c38a30c8b1', 'admin_state_up': True, 'mtu': 8950, 'status': 'ACTIVE', 'subnets': [], 'shared': False, 'project_id': 'fc32105c5dee4c509e2b24c38a30c8b1', 'port_security_enabled': True, 'router:external': False, 'provider:network_type': 'vlan', 'provider:physical_network': 'default', 'provider:segmentation_id': 177, 'availability_zone_hints': [], 'availability_zones': [], 'ipv4_address_scope': None, 'ipv6_address_scope': None, 'description': '', 'tags': [], 'created_at': '2024-12-11T18:11:10Z', 'updated_at': '2024-12-11T18:11:10Z', 'revision_number': 1} available for tenant
2024-12-11 18:11:12.262 66057 INFO tempest.lib.common.rest_client [req-8244eab5-38e7-4107-ac40-f864f0c4a21b req-8244eab5-38e7-4107-ac40-f864f0c4a21b ] Request (SecurityGroupsTestJSON:test_server_security_groups): 200 GET http://10.180.1.21/compute/v2.1/servers/23136ec5-ca96-4ff4-8af7-c8d6b03eab19 0.364s
2024-12-11 18:11:12.265 66063 INFO tempest.lib.common.rest_client [req-a09d2943-9359-4639-9859-bd59a998b5c4 req-a09d2943-9359-4639-9859-bd59a998b5c4 ] Request (ServersTestJSON:setUpClass): 200 GET http://10.180.1.21/compute/v2.1/servers/940ea3db-a51f-4a53-a807-a11cef9e8f84 0.301s
2024-12-11 18:11:12.313 66089 INFO tempest.lib.common.rest_client [req-8d61b68b-f087-46ba-8dd3-3ebf1400a14f req-8d61b68b-f087-46ba-8dd3-3ebf1400a14f ] Request (MigrationsAdminTest:test_resize_server_revert_deleted_flavor): 200 GET http://10.180.1.21/compute/v2.1/servers/5573ae31-f5a7-476d-917b-a356d2b8d161 0.278s
2024-12-11 18:11:12.314 66047 INFO tempest.lib.common.rest_client [req-3beb2b4e-6c70-415f-8bcf-df7414486087 req-3beb2b4e-6c70-415f-8bcf-df7414486087 ] Request (ServerTagsTestJSON:setUpClass): 200 GET http://10.180.1.21/compute/v2.1/servers/cac5e094-642a-4837-9083-63703d200be9 0.241s
2024-12-11 18:11:12.362 66067 INFO tempest.lib.common.rest_client [req-ea98e7c1-3e43-405a-a41c-1be8f926b0c0 req-ea98e7c1-3e43-405a-a41c-1be8f926b0c0 ] Request (FloatingIPsAssociationTestJSON:test_associate_already_associated_floating_ip): 200 GET http://10.180.1.21/compute/v2.1/servers/d1144031-311a-4fd2-865f-a81c82458fa8 0.243s
2024-12-11 18:11:12.366 66066 INFO tempest.lib.common.rest_client [req-f79eb013-fc11-4419-9296-481b03af5661 req-f79eb013-fc11-4419-9296-481b03af5661 ] Request (ServerActionsTestOtherA:setUpClass): 200 GET http://10.180.1.21/compute/v2.1/servers/a05a7cc4-4969-4e54-8e4f-1a1972b60dc2 0.274s
2024-12-11 18:11:12.426 66093 INFO tempest.lib.common.rest_client [req-d7bedcf3-c485-4497-b8b8-0ce98aea55b0 req-d7bedcf3-c485-4497-b8b8-0ce98aea55b0 ] Request (ServerShowV247Test:tearDownClass): 200 GET http://10.180.1.21/compute/v2.1/servers/18a2b0a2-1b15-493f-88b9-a517ad51153d 0.246s
2024-12-11 18:11:12.426 66107 INFO tempest.lib.common.rest_client [req-f890740d-71bc-4ef7-83c6-9f5c4fe92fcc req-f890740d-71bc-4ef7-83c6-9f5c4fe92fcc ] Request (MultipleCreateTestJSON:test_multiple_create): 200 GET http://10.180.1.21/compute/v2.1/servers/462194db-7674-478a-a9c4-6b86da47bb7f 0.282s
2024-12-11 18:11:12.485 66101 INFO tempest.lib.common.rest_client [req-060dab1d-5202-4b9e-a162-688497f383c2 req-060dab1d-5202-4b9e-a162-688497f383c2 ] Request (ServerShowV257Test:test_rebuild_server): 200 GET http://10.180.1.21/compute/v2.1/servers/de1e0774-f6a7-4b1d-80b4-e196e8505d10 0.244s
2024-12-11 18:11:12.493 66101 INFO tempest.common.waiters [-] State transition "BUILD/None" ==> "BUILD/block_device_mapping" after 65 second wait
2024-12-11 18:11:12.532 66081 INFO tempest.lib.common.rest_client [req-dea7b87c-dad2-433f-ba71-cef4f595b572 req-dea7b87c-dad2-433f-ba71-cef4f595b572 ] Request (ImagesOneServerNegativeTestJSON:setUpClass): 200 GET http://10.180.1.21/compute/v2.1/servers/fa6c5ba7-7717-40cf-9f6e-5ba58f985fea 0.094s
2024-12-11 18:11:12.590 66075 INFO tempest.lib.common.rest_client [req-3b814eb2-39b4-4a16-abba-ba66691c25f4 req-3b814eb2-39b4-4a16-abba-ba66691c25f4 ] Request (ServerShowV254Test:tearDownClass): 200 GET http://10.180.1.21/compute/v2.1/servers/b3053cc0-f7c0-4eb6-8562-52854a1f83ad 0.100s
2024-12-11 18:11:12.646 66055 INFO tempest.lib.common.rest_client [req-c12c7459-fb85-4bb7-8939-7670c6b62482 req-c12c7459-fb85-4bb7-8939-7670c6b62482 ] Request (ServersAdminNegativeTestJSON:setUpClass): 200 GET http://10.180.1.21/compute/v2.1/servers/30c3f46c-5408-4b3b-b260-6a4b36c930ac 0.051s
2024-12-11 18:11:12.664 66079 INFO tempest.lib.common.rest_client [req-e25ff650-2d99-4826-8b4b-903d835de46b req-e25ff650-2d99-4826-8b4b-903d835de46b ] Request (ListServerFiltersTestJSON:setUpClass): 202 POST http://10.180.1.21/compute/v2.1/servers 0.413s
2024-12-11 18:11:12.702 66079 INFO tempest.lib.common.rest_client [req-31c3620c-da84-4802-8ec5-cd249fa3fb4c req-31c3620c-da84-4802-8ec5-cd249fa3fb4c ] Request (ListServerFiltersTestJSON:setUpClass): 200 GET http://10.180.1.21/compute/v2.1/servers/2aa01824-19b0-49b7-af57-d862b8ad148f 0.036s
2024-12-11 18:11:12.793 66103 INFO tempest.lib.common.rest_client [req-fc837585-e48d-40d6-9fb8-385c593359cd req-fc837585-e48d-40d6-9fb8-385c593359cd ] Request (ServersAdminTestJSON:test_inject_network_info): 200 GET http://10.180.1.21/compute/v2.1/servers/505465ad-4451-486a-974b-599a4345526f 0.050s
2024-12-11 18:11:12.808 66095 INFO tempest.lib.common.rest_client [req-18ca1ae5-f866-4203-a21c-f26cef97844e req-18ca1ae5-f866-4203-a21c-f26cef97844e ] Request (ServerRescueTestJSONUnderV235:setUpClass): 200 GET http://10.180.1.21/compute/v2.1/servers/cbcc51b4-ff2a-48b4-946a-d91e93f87afc 0.100s
2024-12-11 18:11:12.848 66051 INFO tempest.lib.common.rest_client [req-7b543101-5076-48e0-a71a-a2ed7bd4ff2d req-7b543101-5076-48e0-a71a-a2ed7bd4ff2d ] Request (ServersTestMultiNic:test_verify_multiple_nics_order): 200 GET http://10.180.1.21/compute/v2.1/servers/c28d58b8-19eb-4cfe-8545-df5c169a926c 0.046s
2024-12-11 18:11:12.898 66073 INFO tempest.lib.common.rest_client [req-80836787-2658-45c2-985c-a737a78ee389 req-80836787-2658-45c2-985c-a737a78ee389 ] Request (ImagesTestJSON:test_create_image_from_stopped_server): 200 GET http://10.180.1.21/compute/v2.1/servers/fc6b564c-72ef-4f53-ac53-6224b93faa33 0.046s
2024-12-11 18:11:12.902 66091 INFO tempest.lib.common.rest_client [req-5134614b-49c0-4b2c-a6b7-ceb5db4b151f req-5134614b-49c0-4b2c-a6b7-ceb5db4b151f ] Request (ServerDiagnosticsV248Test:test_get_server_diagnostics): 200 GET http://10.180.1.21/compute/v2.1/servers/ab6b62e7-7ef6-47e0-b81a-71342a32d20a 0.051s
2024-12-11 18:11:12.945 66083 INFO tempest.lib.common.rest_client [req-0f3d464b-8803-416c-bba2-41da7ea137c0 req-0f3d464b-8803-416c-bba2-41da7ea137c0 ] Request (DeleteServersTestJSON:test_delete_active_server): 200 GET http://10.180.1.21/compute/v2.1/servers/0c814c4b-251e-4c13-9178-645bca5c0049 0.043s
2024-12-11 18:11:13.009 66061 INFO tempest.lib.common.rest_client [req-54dabb27-5513-49bb-af2a-7921229be311 req-54dabb27-5513-49bb-af2a-7921229be311 ] Request (ServersNegativeTestJSON:setUpClass): 200 GET http://10.180.1.21/compute/v2.1/servers/dc766bc8-97fe-40c4-a3c5-1e2c2becbbe7 0.054s
2024-12-11 18:11:13.015 66061 INFO tempest.common.waiters [-] State transition "BUILD/scheduling" ==> "BUILD/None" after 53 second wait
2024-12-11 18:11:13.054 66069 INFO tempest.lib.common.rest_client [req-316cbe37-2450-413c-847d-732b8b442085 req-316cbe37-2450-413c-847d-732b8b442085 ] Request (ServerRescueNegativeTestJSON:setUpClass): 200 GET http://10.180.1.21/compute/v2.1/servers/57b034f4-86d2-455e-b637-39d7da59a070 0.098s
2024-12-11 18:11:13.057 66045 INFO tempest.lib.common.rest_client [req-4ba90797-5bdc-4821-904e-75e249e791f7 req-4ba90797-5bdc-4821-904e-75e249e791f7 ] Request (AttachInterfacesTestJSON:test_create_list_show_delete_interfaces_by_fixed_ip): 200 GET http://10.180.1.21/compute/v2.1/servers/f19fdff2-8f44-4f9a-a43f-6f870a8f8777 0.054s
2024-12-11 18:11:13.128 66077 INFO tempest.lib.common.rest_client [req-19326fb6-ab53-46c6-bd98-40b4b46ae0d1 req-19326fb6-ab53-46c6-bd98-40b4b46ae0d1 ] Request (ServersV294TestFqdnHostnames:setUpClass): 200 GET http://10.180.1.21/compute/v2.1/servers/8085ff08-96b5-4642-adc2-13e9b26f15a3 0.050s
2024-12-11 18:11:13.217 66059 INFO tempest.lib.common.rest_client [req-d8ce2015-dc86-4e4f-913d-fe83ba524365 req-d8ce2015-dc86-4e4f-913d-fe83ba524365 ] Request (ImagesOneServerTestJSON:tearDownClass): 200 GET http://10.180.1.21/compute/v2.1/servers/4eae80de-2c8e-4fc6-a31a-9cf30c10aee2 0.061s
2024-12-11 18:11:13.276 66099 INFO tempest.lib.common.rest_client [req-52010d21-cee8-4833-8594-faae7e35b02d req-52010d21-cee8-4833-8594-faae7e35b02d ] Request (ListServersNegativeTestJSON:setUpClass): 200 GET http://10.180.1.21/compute/v2.1/servers/914b32d6-7ff6-481c-81fd-91ecb68b14a9 0.061s
2024-12-11 18:11:13.324 66063 INFO tempest.lib.common.rest_client [req-71292adf-9372-4fca-a721-4182c4629257 req-71292adf-9372-4fca-a721-4182c4629257 ] Request (ServersTestJSON:setUpClass): 200 GET http://10.180.1.21/compute/v2.1/servers/940ea3db-a51f-4a53-a807-a11cef9e8f84 0.052s
2024-12-11 18:11:13.331 66057 INFO tempest.lib.common.rest_client [req-a69fb1ff-d30a-4ab0-8681-34fc6e9d6e5f req-a69fb1ff-d30a-4ab0-8681-34fc6e9d6e5f ] Request (SecurityGroupsTestJSON:test_server_security_groups): 200 GET http://10.180.1.21/compute/v2.1/servers/23136ec5-ca96-4ff4-8af7-c8d6b03eab19 0.062s
2024-12-11 18:11:13.377 66089 INFO tempest.lib.common.rest_client [req-1a7edde7-604a-4d95-85d9-e74e40aef267 req-1a7edde7-604a-4d95-85d9-e74e40aef267 ] Request (MigrationsAdminTest:test_resize_server_revert_deleted_flavor): 200 GET http://10.180.1.21/compute/v2.1/servers/5573ae31-f5a7-476d-917b-a356d2b8d161 0.057s
2024-12-11 18:11:13.383 66047 INFO tempest.lib.common.rest_client [req-c875f198-6070-4667-b854-a616d4901836 req-c875f198-6070-4667-b854-a616d4901836 ] Request (ServerTagsTestJSON:setUpClass): 200 GET http://10.180.1.21/compute/v2.1/servers/cac5e094-642a-4837-9083-63703d200be9 0.060s
2024-12-11 18:11:13.423 66067 INFO tempest.lib.common.rest_client [req-dc8fe555-7f73-42db-8380-bb266ad02603 req-dc8fe555-7f73-42db-8380-bb266ad02603 ] Request (FloatingIPsAssociationTestJSON:test_associate_already_associated_floating_ip): 200 GET http://10.180.1.21/compute/v2.1/servers/d1144031-311a-4fd2-865f-a81c82458fa8 0.051s
2024-12-11 18:11:13.439 66066 INFO tempest.lib.common.rest_client [req-8f52ec98-ea78-447f-995b-a8726e213d17 req-8f52ec98-ea78-447f-995b-a8726e213d17 ] Request (ServerActionsTestOtherA:setUpClass): 200 GET http://10.180.1.21/compute/v2.1/servers/a05a7cc4-4969-4e54-8e4f-1a1972b60dc2 0.067s
2024-12-11 18:11:13.489 66107 INFO tempest.lib.common.rest_client [req-c4499cbc-97ab-47ba-bb8b-79878dc85e44 req-c4499cbc-97ab-47ba-bb8b-79878dc85e44 ] Request (MultipleCreateTestJSON:test_multiple_create): 200 GET http://10.180.1.21/compute/v2.1/servers/462194db-7674-478a-a9c4-6b86da47bb7f 0.055s
2024-12-11 18:11:13.518 66093 INFO tempest.lib.common.rest_client [req-316ebc97-9600-47ad-adc9-f6a2044fb10e req-316ebc97-9600-47ad-adc9-f6a2044fb10e ] Request (ServerShowV247Test:tearDownClass): 200 GET http://10.180.1.21/compute/v2.1/servers/18a2b0a2-1b15-493f-88b9-a517ad51153d 0.083s
2024-12-11 18:11:13.555 66101 INFO tempest.lib.common.rest_client [req-798057b5-05be-40b1-af63-f84b737a8027 req-798057b5-05be-40b1-af63-f84b737a8027 ] Request (ServerShowV257Test:test_rebuild_server): 200 GET http://10.180.1.21/compute/v2.1/servers/de1e0774-f6a7-4b1d-80b4-e196e8505d10 0.060s
2024-12-11 18:11:13.563 66101 INFO tempest.common.waiters [-] State transition "BUILD/block_device_mapping" ==> "BUILD/spawning" after 66 second wait
2024-12-11 18:11:13.592 66081 INFO tempest.lib.common.rest_client [req-a7d6f395-2f40-4064-b704-211d53c5e80a req-a7d6f395-2f40-4064-b704-211d53c5e80a ] Request (ImagesOneServerNegativeTestJSON:setUpClass): 200 GET http://10.180.1.21/compute/v2.1/servers/fa6c5ba7-7717-40cf-9f6e-5ba58f985fea 0.053s
2024-12-11 18:11:13.668 66075 INFO tempest.lib.common.rest_client [req-9ff7dc1a-cc0a-4996-980f-acf04d8ad991 req-9ff7dc1a-cc0a-4996-980f-acf04d8ad991 ] Request (ServerShowV254Test:tearDownClass): 200 GET http://10.180.1.21/compute/v2.1/servers/b3053cc0-f7c0-4eb6-8562-52854a1f83ad 0.061s
2024-12-11 18:11:13.711 66055 INFO tempest.lib.common.rest_client [req-08e1634f-38ec-46ab-9983-6c6b060f724b req-08e1634f-38ec-46ab-9983-6c6b060f724b ] Request (ServersAdminNegativeTestJSON:setUpClass): 200 GET http://10.180.1.21/compute/v2.1/servers/30c3f46c-5408-4b3b-b260-6a4b36c930ac 0.058s
2024-12-11 18:11:13.757 66079 INFO tempest.lib.common.rest_client [req-409dbbf4-ee26-4a82-8940-3edb2458d17f req-409dbbf4-ee26-4a82-8940-3edb2458d17f ] Request (ListServerFiltersTestJSON:setUpClass): 200 GET http://10.180.1.21/compute/v2.1/servers/2aa01824-19b0-49b7-af57-d862b8ad148f 0.048s
2024-12-11 18:11:13.861 66103 INFO tempest.lib.common.rest_client [req-65700a40-d468-43e8-9464-0d1e2fa503ac req-65700a40-d468-43e8-9464-0d1e2fa503ac ] Request (ServersAdminTestJSON:test_inject_network_info): 200 GET http://10.180.1.21/compute/v2.1/servers/505465ad-4451-486a-974b-599a4345526f 0.057s
2024-12-11 18:11:13.911 66095 INFO tempest.lib.common.rest_client [req-57307417-ab83-4312-a928-efb510889947 req-57307417-ab83-4312-a928-efb510889947 ] Request (ServerRescueTestJSONUnderV235:setUpClass): 200 GET http://10.180.1.21/compute/v2.1/servers/cbcc51b4-ff2a-48b4-946a-d91e93f87afc 0.096s
2024-12-11 18:11:13.920 66051 INFO tempest.lib.common.rest_client [req-8f6a5adc-6fa0-4602-b1b9-6eac9da84810 req-8f6a5adc-6fa0-4602-b1b9-6eac9da84810 ] Request (ServersTestMultiNic:test_verify_multiple_nics_order): 200 GET http://10.180.1.21/compute/v2.1/servers/c28d58b8-19eb-4cfe-8545-df5c169a926c 0.063s
2024-12-11 18:11:13.955 66073 INFO tempest.lib.common.rest_client [req-d6f0a75f-d311-495e-8ddd-23e506cf6bfc req-d6f0a75f-d311-495e-8ddd-23e506cf6bfc ] Request (ImagesTestJSON:test_create_image_from_stopped_server): 200 GET http://10.180.1.21/compute/v2.1/servers/fc6b564c-72ef-4f53-ac53-6224b93faa33 0.050s
2024-12-11 18:11:13.979 66091 INFO tempest.lib.common.rest_client [req-0ff948e3-e463-4d34-9989-cb5e33adb9c0 req-0ff948e3-e463-4d34-9989-cb5e33adb9c0 ] Request (ServerDiagnosticsV248Test:test_get_server_diagnostics): 200 GET http://10.180.1.21/compute/v2.1/servers/ab6b62e7-7ef6-47e0-b81a-71342a32d20a 0.066s
2024-12-11 18:11:14.004 66083 INFO tempest.lib.common.rest_client [req-1ffdb9df-2c4a-41c3-ba9e-e4e52d5e3cec req-1ffdb9df-2c4a-41c3-ba9e-e4e52d5e3cec ] Request (DeleteServersTestJSON:test_delete_active_server): 200 GET http://10.180.1.21/compute/v2.1/servers/0c814c4b-251e-4c13-9178-645bca5c0049 0.051s
2024-12-11 18:11:14.070 66061 INFO tempest.lib.common.rest_client [req-d5ac2c42-b497-497a-8f37-87e1988a6c88 req-d5ac2c42-b497-497a-8f37-87e1988a6c88 ] Request (ServersNegativeTestJSON:setUpClass): 200 GET http://10.180.1.21/compute/v2.1/servers/dc766bc8-97fe-40c4-a3c5-1e2c2becbbe7 0.054s
2024-12-11 18:11:14.119 66045 INFO tempest.lib.common.rest_client [req-c1f63fd7-4355-4fba-b88c-8365c16036f5 req-c1f63fd7-4355-4fba-b88c-8365c16036f5 ] Request (AttachInterfacesTestJSON:test_create_list_show_delete_interfaces_by_fixed_ip): 200 GET http://10.180.1.21/compute/v2.1/servers/f19fdff2-8f44-4f9a-a43f-6f870a8f8777 0.055s
2024-12-11 18:11:14.188 66077 INFO tempest.lib.common.rest_client [req-cf36c30f-b41a-48cf-82a4-e9b9d725c025 req-cf36c30f-b41a-48cf-82a4-e9b9d725c025 ] Request (ServersV294TestFqdnHostnames:setUpClass): 200 GET http://10.180.1.21/compute/v2.1/servers/8085ff08-96b5-4642-adc2-13e9b26f15a3 0.050s
2024-12-11 18:11:14.192 66069 INFO tempest.lib.common.rest_client [req-a37d8590-a52b-4fae-a5c2-2911e2f2d5d8 req-a37d8590-a52b-4fae-a5c2-2911e2f2d5d8 ] Request (ServerRescueNegativeTestJSON:setUpClass): 200 GET http://10.180.1.21/compute/v2.1/servers/57b034f4-86d2-455e-b637-39d7da59a070 0.131s
2024-12-11 18:11:14.279 66059 INFO tempest.lib.common.rest_client [req-0b7153a5-5d17-40a7-bd4e-576aa17fe72b req-0b7153a5-5d17-40a7-bd4e-576aa17fe72b ] Request (ImagesOneServerTestJSON:tearDownClass): 200 GET http://10.180.1.21/compute/v2.1/servers/4eae80de-2c8e-4fc6-a31a-9cf30c10aee2 0.052s
2024-12-11 18:11:14.338 66099 INFO tempest.lib.common.rest_client [req-3199c30c-9634-434a-a0c0-bc33372fdc81 req-3199c30c-9634-434a-a0c0-bc33372fdc81 ] Request (ListServersNegativeTestJSON:setUpClass): 200 GET http://10.180.1.21/compute/v2.1/servers/914b32d6-7ff6-481c-81fd-91ecb68b14a9 0.054s
2024-12-11 18:11:14.386 66057 INFO tempest.lib.common.rest_client [req-24dd2fef-8b73-4207-9d6b-cda69cb1dc75 req-24dd2fef-8b73-4207-9d6b-cda69cb1dc75 ] Request (SecurityGroupsTestJSON:test_server_security_groups): 200 GET http://10.180.1.21/compute/v2.1/servers/23136ec5-ca96-4ff4-8af7-c8d6b03eab19 0.047s
2024-12-11 18:11:14.387 66063 INFO tempest.lib.common.rest_client [req-72814f73-a964-4500-8d2b-5c6ca623e5f3 req-72814f73-a964-4500-8d2b-5c6ca623e5f3 ] Request (ServersTestJSON:setUpClass): 200 GET http://10.180.1.21/compute/v2.1/servers/940ea3db-a51f-4a53-a807-a11cef9e8f84 0.055s
2024-12-11 18:11:14.435 66089 INFO tempest.lib.common.rest_client [req-a5f7a106-5dc5-494f-8309-32eada44407a req-a5f7a106-5dc5-494f-8309-32eada44407a ] Request (MigrationsAdminTest:test_resize_server_revert_deleted_flavor): 200 GET http://10.180.1.21/compute/v2.1/servers/5573ae31-f5a7-476d-917b-a356d2b8d161 0.052s
2024-12-11 18:11:14.444 66047 INFO tempest.lib.common.rest_client [req-aa342d4c-2400-4122-ad44-df5458eceee7 req-aa342d4c-2400-4122-ad44-df5458eceee7 ] Request (ServerTagsTestJSON:setUpClass): 200 GET http://10.180.1.21/compute/v2.1/servers/cac5e094-642a-4837-9083-63703d200be9 0.050s
2024-12-11 18:11:14.481 66067 INFO tempest.lib.common.rest_client [req-0dbbd783-de41-418e-80cb-7b5a00c70595 req-0dbbd783-de41-418e-80cb-7b5a00c70595 ] Request (FloatingIPsAssociationTestJSON:test_associate_already_associated_floating_ip): 200 GET http://10.180.1.21/compute/v2.1/servers/d1144031-311a-4fd2-865f-a81c82458fa8 0.050s
2024-12-11 18:11:14.502 66066 INFO tempest.lib.common.rest_client [req-4dd722b0-fa7a-4b3f-81dc-e64894ebf016 req-4dd722b0-fa7a-4b3f-81dc-e64894ebf016 ] Request (ServerActionsTestOtherA:setUpClass): 200 GET http://10.180.1.21/compute/v2.1/servers/a05a7cc4-4969-4e54-8e4f-1a1972b60dc2 0.056s
2024-12-11 18:11:14.513 66053 WARNING tempest.lib.common.ssh [-] Failed to establish authenticated ssh connection to cirros@10.180.180.130 ([Errno None] Unable to connect to port 22 on 10.180.180.130). Number attempts: 5. Retry after 6 seconds.: paramiko.ssh_exception.NoValidConnectionsError: [Errno None] Unable to connect to port 22 on 10.180.180.130
2024-12-11 18:11:14.547 66107 INFO tempest.lib.common.rest_client [req-69941777-76c7-4975-a876-8f3baebb1b6b req-69941777-76c7-4975-a876-8f3baebb1b6b ] Request (MultipleCreateTestJSON:test_multiple_create): 200 GET http://10.180.1.21/compute/v2.1/servers/462194db-7674-478a-a9c4-6b86da47bb7f 0.049s
2024-12-11 18:11:14.585 66093 INFO tempest.lib.common.rest_client [req-f8af038d-11f7-42ea-8013-777e0a3ae493 req-f8af038d-11f7-42ea-8013-777e0a3ae493 ] Request (ServerShowV247Test:tearDownClass): 200 GET http://10.180.1.21/compute/v2.1/servers/18a2b0a2-1b15-493f-88b9-a517ad51153d 0.058s
2024-12-11 18:11:14.614 66101 INFO tempest.lib.common.rest_client [req-5d4576ec-94b6-472d-a29b-3d59f92d1a0e req-5d4576ec-94b6-472d-a29b-3d59f92d1a0e ] Request (ServerShowV257Test:test_rebuild_server): 200 GET http://10.180.1.21/compute/v2.1/servers/de1e0774-f6a7-4b1d-80b4-e196e8505d10 0.049s
2024-12-11 18:11:14.655 66081 INFO tempest.lib.common.rest_client [req-fd6744d4-8e18-4741-9d96-628613b120f1 req-fd6744d4-8e18-4741-9d96-628613b120f1 ] Request (ImagesOneServerNegativeTestJSON:setUpClass): 200 GET http://10.180.1.21/compute/v2.1/servers/fa6c5ba7-7717-40cf-9f6e-5ba58f985fea 0.046s
2024-12-11 18:11:14.735 66075 INFO tempest.lib.common.rest_client [req-3e5fe99f-46f7-43b0-ab7c-3dddab8ad305 req-3e5fe99f-46f7-43b0-ab7c-3dddab8ad305 ] Request (ServerShowV254Test:tearDownClass): 200 GET http://10.180.1.21/compute/v2.1/servers/b3053cc0-f7c0-4eb6-8562-52854a1f83ad 0.058s
2024-12-11 18:11:14.770 66055 INFO tempest.lib.common.rest_client [req-3a959756-4f7d-4605-8a47-1de11a8244e2 req-3a959756-4f7d-4605-8a47-1de11a8244e2 ] Request (ServersAdminNegativeTestJSON:setUpClass): 200 GET http://10.180.1.21/compute/v2.1/servers/30c3f46c-5408-4b3b-b260-6a4b36c930ac 0.051s
2024-12-11 18:11:14.816 66079 INFO tempest.lib.common.rest_client [req-70d5f373-c8dd-4aa1-a5ee-17040b1e8ce2 req-70d5f373-c8dd-4aa1-a5ee-17040b1e8ce2 ] Request (ListServerFiltersTestJSON:setUpClass): 200 GET http://10.180.1.21/compute/v2.1/servers/2aa01824-19b0-49b7-af57-d862b8ad148f 0.051s
2024-12-11 18:11:14.919 66103 INFO tempest.lib.common.rest_client [req-276a5802-1db4-4224-9d29-ba7f71779d83 req-276a5802-1db4-4224-9d29-ba7f71779d83 ] Request (ServersAdminTestJSON:test_inject_network_info): 200 GET http://10.180.1.21/compute/v2.1/servers/505465ad-4451-486a-974b-599a4345526f 0.045s
2024-12-11 18:11:14.969 66051 INFO tempest.lib.common.rest_client [req-bad61964-de8e-4bee-a538-51f7ea22d62b req-bad61964-de8e-4bee-a538-51f7ea22d62b ] Request (ServersTestMultiNic:test_verify_multiple_nics_order): 200 GET http://10.180.1.21/compute/v2.1/servers/c28d58b8-19eb-4cfe-8545-df5c169a926c 0.043s
2024-12-11 18:11:15.012 66073 INFO tempest.lib.common.rest_client [req-f003faa0-50c3-420f-ae59-7fe930befa09 req-f003faa0-50c3-420f-ae59-7fe930befa09 ] Request (ImagesTestJSON:test_create_image_from_stopped_server): 200 GET http://10.180.1.21/compute/v2.1/servers/fc6b564c-72ef-4f53-ac53-6224b93faa33 0.050s
2024-12-11 18:11:15.014 66095 INFO tempest.lib.common.rest_client [req-480a2b33-79ab-476a-bc3a-04520fb44f3d req-480a2b33-79ab-476a-bc3a-04520fb44f3d ] Request (ServerRescueTestJSONUnderV235:setUpClass): 200 GET http://10.180.1.21/compute/v2.1/servers/cbcc51b4-ff2a-48b4-946a-d91e93f87afc 0.094s
2024-12-11 18:11:15.058 66083 INFO tempest.lib.common.rest_client [req-1e34f99c-74e1-42e3-8b32-e2089550c5bb req-1e34f99c-74e1-42e3-8b32-e2089550c5bb ] Request (DeleteServersTestJSON:test_delete_active_server): 200 GET http://10.180.1.21/compute/v2.1/servers/0c814c4b-251e-4c13-9178-645bca5c0049 0.046s
2024-12-11 18:11:15.059 66091 INFO tempest.lib.common.rest_client [req-22c73028-0817-467a-84e4-2dc356b8585b req-22c73028-0817-467a-84e4-2dc356b8585b ] Request (ServerDiagnosticsV248Test:test_get_server_diagnostics): 200 GET http://10.180.1.21/compute/v2.1/servers/ab6b62e7-7ef6-47e0-b81a-71342a32d20a 0.065s
2024-12-11 18:11:15.066 66091 INFO tempest.common.waiters [-] State transition "BUILD/None" ==> "BUILD/block_device_mapping" after 65 second wait
2024-12-11 18:11:15.122 66061 INFO tempest.lib.common.rest_client [req-024613f0-7ec2-4895-bcb0-6b681794db34 req-024613f0-7ec2-4895-bcb0-6b681794db34 ] Request (ServersNegativeTestJSON:setUpClass): 200 GET http://10.180.1.21/compute/v2.1/servers/dc766bc8-97fe-40c4-a3c5-1e2c2becbbe7 0.043s
2024-12-11 18:11:15.172 66045 INFO tempest.lib.common.rest_client [req-e8e07837-aaee-45d9-ab4e-fead4d01e85b req-e8e07837-aaee-45d9-ab4e-fead4d01e85b ] Request (AttachInterfacesTestJSON:test_create_list_show_delete_interfaces_by_fixed_ip): 200 GET http://10.180.1.21/compute/v2.1/servers/f19fdff2-8f44-4f9a-a43f-6f870a8f8777 0.045s
2024-12-11 18:11:15.252 66077 INFO tempest.lib.common.rest_client [req-12c90b25-45d2-4c26-855c-717532134ba2 req-12c90b25-45d2-4c26-855c-717532134ba2 ] Request (ServersV294TestFqdnHostnames:setUpClass): 200 GET http://10.180.1.21/compute/v2.1/servers/8085ff08-96b5-4642-adc2-13e9b26f15a3 0.055s
2024-12-11 18:11:15.319 66069 INFO tempest.lib.common.rest_client [req-5c149ca9-4cd5-45ab-b466-af114402c55f req-5c149ca9-4cd5-45ab-b466-af114402c55f ] Request (ServerRescueNegativeTestJSON:setUpClass): 200 GET http://10.180.1.21/compute/v2.1/servers/57b034f4-86d2-455e-b637-39d7da59a070 0.120s
2024-12-11 18:11:15.339 66059 INFO tempest.lib.common.rest_client [req-fbd9f1ae-bd63-4686-8a0a-8d543b757930 req-fbd9f1ae-bd63-4686-8a0a-8d543b757930 ] Request (ImagesOneServerTestJSON:tearDownClass): 200 GET http://10.180.1.21/compute/v2.1/servers/4eae80de-2c8e-4fc6-a31a-9cf30c10aee2 0.053s
2024-12-11 18:11:15.400 66099 INFO tempest.lib.common.rest_client [req-b19f440c-5d28-4af9-8102-c3eca90bf00d req-b19f440c-5d28-4af9-8102-c3eca90bf00d ] Request (ListServersNegativeTestJSON:setUpClass): 200 GET http://10.180.1.21/compute/v2.1/servers/914b32d6-7ff6-481c-81fd-91ecb68b14a9 0.055s
2024-12-11 18:11:15.442 66057 INFO tempest.lib.common.rest_client [req-a508a44a-ff0c-49cc-af42-fa176aff8215 req-a508a44a-ff0c-49cc-af42-fa176aff8215 ] Request (SecurityGroupsTestJSON:test_server_security_groups): 200 GET http://10.180.1.21/compute/v2.1/servers/23136ec5-ca96-4ff4-8af7-c8d6b03eab19 0.049s
2024-12-11 18:11:15.446 66063 INFO tempest.lib.common.rest_client [req-47a60b68-b6e8-4037-ae11-905d60f1d474 req-47a60b68-b6e8-4037-ae11-905d60f1d474 ] Request (ServersTestJSON:setUpClass): 200 GET http://10.180.1.21/compute/v2.1/servers/940ea3db-a51f-4a53-a807-a11cef9e8f84 0.051s
2024-12-11 18:11:15.496 66089 INFO tempest.lib.common.rest_client [req-63f3edfb-2fb9-4e22-bd50-2c8f1b2619ec req-63f3edfb-2fb9-4e22-bd50-2c8f1b2619ec ] Request (MigrationsAdminTest:test_resize_server_revert_deleted_flavor): 200 GET http://10.180.1.21/compute/v2.1/servers/5573ae31-f5a7-476d-917b-a356d2b8d161 0.052s
2024-12-11 18:11:15.508 66047 INFO tempest.lib.common.rest_client [req-4d1c5ec7-d8d5-430f-bd11-18bd720b0259 req-4d1c5ec7-d8d5-430f-bd11-18bd720b0259 ] Request (ServerTagsTestJSON:setUpClass): 200 GET http://10.180.1.21/compute/v2.1/servers/cac5e094-642a-4837-9083-63703d200be9 0.054s
2024-12-11 18:11:15.546 66067 INFO tempest.lib.common.rest_client [req-c02e1400-d5ee-4ad5-b95e-d8ebde48408c req-c02e1400-d5ee-4ad5-b95e-d8ebde48408c ] Request (FloatingIPsAssociationTestJSON:test_associate_already_associated_floating_ip): 200 GET http://10.180.1.21/compute/v2.1/servers/d1144031-311a-4fd2-865f-a81c82458fa8 0.058s
2024-12-11 18:11:15.563 66066 INFO tempest.lib.common.rest_client [req-03fc213f-a7b2-41c6-b9d1-1e788ca11a25 req-03fc213f-a7b2-41c6-b9d1-1e788ca11a25 ] Request (ServerActionsTestOtherA:setUpClass): 200 GET http://10.180.1.21/compute/v2.1/servers/a05a7cc4-4969-4e54-8e4f-1a1972b60dc2 0.054s
2024-12-11 18:11:15.604 66107 INFO tempest.lib.common.rest_client [req-df8e5fd5-727e-4816-9b47-06ae827f21fb req-df8e5fd5-727e-4816-9b47-06ae827f21fb ] Request (MultipleCreateTestJSON:test_multiple_create): 200 GET http://10.180.1.21/compute/v2.1/servers/462194db-7674-478a-a9c4-6b86da47bb7f 0.050s
2024-12-11 18:11:15.654 66093 INFO tempest.lib.common.rest_client [req-8ebf87a5-37d9-41cf-a868-3332b2b81d08 req-8ebf87a5-37d9-41cf-a868-3332b2b81d08 ] Request (ServerShowV247Test:tearDownClass): 200 GET http://10.180.1.21/compute/v2.1/servers/18a2b0a2-1b15-493f-88b9-a517ad51153d 0.060s
2024-12-11 18:11:15.674 66101 INFO tempest.lib.common.rest_client [req-f8a4793a-cb26-4387-9a98-1aae4db4a78e req-f8a4793a-cb26-4387-9a98-1aae4db4a78e ] Request (ServerShowV257Test:test_rebuild_server): 200 GET http://10.180.1.21/compute/v2.1/servers/de1e0774-f6a7-4b1d-80b4-e196e8505d10 0.051s
2024-12-11 18:11:15.710 66081 INFO tempest.lib.common.rest_client [req-51cff858-6aa5-4f92-bb91-6d5ceac03cf3 req-51cff858-6aa5-4f92-bb91-6d5ceac03cf3 ] Request (ImagesOneServerNegativeTestJSON:setUpClass): 200 GET http://10.180.1.21/compute/v2.1/servers/fa6c5ba7-7717-40cf-9f6e-5ba58f985fea 0.049s
