2024-12-11 12:30:47.063 66505 INFO tempest.lib.common.rest_client [req-cc7c63e9-5a39-4efa-9ccc-88d92f2109a8 req-cc7c63e9-5a39-4efa-9ccc-88d92f2109a8 ] Request (ServersAdmin275Test:test_rebuild_update_server_275): 200 GET http://10.180.1.21/compute/v2.1/servers/084713a9-0b2c-41eb-a481-e964fb701ed3 0.149s
2024-12-11 12:30:47.091 66487 INFO tempest.lib.common.rest_client [req-87c64793-adfe-463a-a612-7780321802d2 req-87c64793-adfe-463a-a612-7780321802d2 ] Request (ServersTestFqdnHostnames:test_create_server_with_fqdn_name): 200 GET http://10.180.1.21/compute/v2.1/servers/edc08dae-5efc-4bdc-be26-1c8e20c23131 0.226s
2024-12-11 12:30:47.116 66451 INFO tempest.lib.common.rest_client [req-3e081293-6cc0-453e-8ad5-d0470c6274b8 req-3e081293-6cc0-453e-8ad5-d0470c6274b8 ] Request (AttachInterfacesTestJSON:test_create_list_show_delete_interfaces_by_fixed_ip): 200 GET http://10.180.1.21/compute/v2.1/servers/b2621e0a-496e-4b4d-81b9-8adabcd939fd 0.153s
2024-12-11 12:30:47.126 66451 INFO tempest.common.waiters [-] State transition "BUILD/scheduling" ==> "BUILD/None" after 46 second wait
2024-12-11 12:30:47.171 66473 INFO tempest.lib.common.rest_client [req-8edc9d04-108a-403e-99f5-080b7282c496 req-8edc9d04-108a-403e-99f5-080b7282c496 ] Request (ServersAaction247Test:test_create_backup): 200 GET http://10.180.1.21/compute/v2.1/servers/d65f8ce5-40e1-42c7-8f64-cff4dc63aabc 0.159s
2024-12-11 12:30:47.201 66491 INFO tempest.lib.common.rest_client [req-8be670b0-a6bd-40a6-9a6b-975d03ede008 req-8be670b0-a6bd-40a6-9a6b-975d03ede008 ] Request (MigrationsAdminTest:test_list_migrations_in_flavor_resize_situation): 200 GET http://10.180.1.21/compute/v2.1/servers/d463557f-2915-4d0b-9ed9-cf8ad14a99e7 0.189s
2024-12-11 12:30:47.230 66445 INFO tempest.lib.common.rest_client [req-745b27f3-cdf3-4d03-8715-c1f927d7626d req-745b27f3-cdf3-4d03-8715-c1f927d7626d ] Request (DeleteServersTestJSON:test_delete_active_server): 200 GET http://10.180.1.21/compute/v2.1/servers/e6044b75-698a-4eae-a77e-74d92ec969fd 0.166s
2024-12-11 12:30:47.275 66483 INFO tempest.lib.common.rest_client [req-0ac6c385-69c5-43de-9751-478c49891ecd req-0ac6c385-69c5-43de-9751-478c49891ecd ] Request (InstanceActionsTestJSON:tearDownClass): 200 GET http://10.180.1.21/compute/v2.1/servers/c52a0bdc-7637-4186-bbbb-fcc2d7022ae4 0.089s
2024-12-11 12:30:47.327 66463 INFO tempest.lib.common.rest_client [req-fb326072-32c5-44b5-93f1-3f78d169ff26 req-fb326072-32c5-44b5-93f1-3f78d169ff26 ] Request (ServersAdminNegativeTestJSON:test_migrate_server_invalid_state): 200 GET http://10.180.1.21/compute/v2.1/servers/7f2c98e0-89cc-4fb6-95a0-f28438906b75 0.086s
2024-12-11 12:30:47.377 66501 INFO tempest.lib.common.rest_client [req-9f3c7d78-5841-4c10-9943-b0b176f5c3cb req-9f3c7d78-5841-4c10-9943-b0b176f5c3cb ] Request (SecurityGroupsTestJSON:test_list_security_groups_by_server): 200 GET http://10.180.1.21/compute/v2.1/servers/280e4528-20fc-438b-adba-e4b449cfc635 0.080s
2024-12-11 12:30:47.389 66489 INFO tempest.lib.common.rest_client [req-1e6c4afc-8bd7-400b-8fa4-4e90ae53d112 req-1e6c4afc-8bd7-400b-8fa4-4e90ae53d112 ] Request (DeleteServersAdminTestJSON:test_delete_server_while_in_error_state): 200 GET http://10.180.1.21/compute/v2.1/servers/0c280fa6-2976-4624-9979-518f921800b4 0.103s
2024-12-11 12:30:47.443 66476 INFO tempest.lib.common.rest_client [req-87efd95b-a6bf-4b3e-beea-d45a1fb4e772 req-87efd95b-a6bf-4b3e-beea-d45a1fb4e772 ] Request (ServerAddressesNegativeTestJSON:tearDownClass): 200 GET http://10.180.1.21/compute/v2.1/servers/c07ade89-c57b-4f7e-8c67-2db8f7ae4487 0.102s
2024-12-11 12:30:47.455 66465 INFO tempest.lib.common.rest_client [req-c55a2f42-d1cb-4170-bcd8-70ed4c7be60d req-c55a2f42-d1cb-4170-bcd8-70ed4c7be60d ] Request (ListImageFiltersTestJSON:setUpClass): 200 GET http://10.180.1.21/compute/v2.1/servers/e9be8415-0fad-4226-bd7f-746b240d2795 0.065s
2024-12-11 12:30:47.522 66499 INFO tempest.lib.common.rest_client [req-17e5fef6-1b84-4ee3-aecc-9aaec0d697a2 req-17e5fef6-1b84-4ee3-aecc-9aaec0d697a2 ] Request (ServerMetadataTestJSON:setUpClass): 200 GET http://10.180.1.21/compute/v2.1/servers/0e925191-2288-4fbd-a70e-256b1ec965a0 0.048s
2024-12-11 12:30:47.644 66453 INFO tempest.lib.common.rest_client [req-d7e7dd65-0870-48be-9199-1d5fb78fb92e req-d7e7dd65-0870-48be-9199-1d5fb78fb92e ] Request (ListServersNegativeTestJSON:tearDownClass): 204 DELETE http://10.180.1.21:9696/networking/v2.0/routers/283064fb-fdf1-4df4-92b5-fa711bdd7a5f 0.591s
2024-12-11 12:30:47.698 66457 INFO tempest.lib.common.rest_client [req-775edb04-487f-4b59-9e48-588a77ee40a7 req-775edb04-487f-4b59-9e48-588a77ee40a7 ] Request (ServerPasswordTestJSON:setUpClass): 200 GET http://10.180.1.21/compute/v2.1/servers/6c9f1ada-b6c0-45d2-99ff-eaf54a9473ee 0.066s
2024-12-11 12:30:47.710 66449 INFO tempest.lib.common.rest_client [req-b614b78d-1588-43d7-aee4-e9d037d7bd60 req-b614b78d-1588-43d7-aee4-e9d037d7bd60 ] Request (ImagesOneServerNegativeTestJSON:_run_cleanups): 201 POST http://10.180.1.21:9696/networking/v2.0/floatingips 0.764s
2024-12-11 12:30:47.710 66443 INFO tempest.lib.common.rest_client [req-bc3b7d66-17b6-4749-acac-13dfc11378cc req-bc3b7d66-17b6-4749-acac-13dfc11378cc ] Request (ServersTestBootFromVolume:setUpClass): 200 GET http://10.180.1.21/volume/v3/volumes/7e5aebe1-0268-45bc-a682-73eca6ed9286 0.044s
2024-12-11 12:30:47.783 66467 INFO tempest.lib.common.rest_client [req-1462290b-096e-407e-a9ca-e04e78b84c79 req-1462290b-096e-407e-a9ca-e04e78b84c79 ] Request (FloatingIPsAssociationTestJSON:test_associate_already_associated_floating_ip): 200 GET http://10.180.1.21/compute/v2.1/servers/5fab0c44-2da5-43eb-8249-7e6d8c1c52f7 0.080s
2024-12-11 12:30:47.811 66449 INFO tempest.lib.common.rest_client [req-0e587cd2-c3d8-4df5-bae6-ca88cd1f3ec8 req-0e587cd2-c3d8-4df5-bae6-ca88cd1f3ec8 ] Request (ImagesOneServerNegativeTestJSON:_run_cleanups): 201 POST http://10.180.1.21/identity/v3/auth/tokens 0.099s
2024-12-11 12:30:47.812 66449 INFO tempest.lib.common.fixed_network [-] (ImagesOneServerNegativeTestJSON:_run_cleanups) Found network {'id': 'b4340699-485a-4414-8744-53ffb089aaf1', 'name': 'tempest-ImagesOneServerNegativeTestJSON-285763561-network', 'tenant_id': '66a4caefef8b47938da3bae148742ca1', 'admin_state_up': True, 'mtu': 8950, 'status': 'ACTIVE', 'subnets': [], 'shared': False, 'project_id': '66a4caefef8b47938da3bae148742ca1', 'port_security_enabled': True, 'router:external': False, 'provider:network_type': 'vlan', 'provider:physical_network': 'default', 'provider:segmentation_id': 720, 'availability_zone_hints': [], 'availability_zones': [], 'ipv4_address_scope': None, 'ipv6_address_scope': None, 'description': '', 'tags': [], 'created_at': '2024-12-11T12:29:00Z', 'updated_at': '2024-12-11T12:29:00Z', 'revision_number': 1} available for tenant
2024-12-11 12:30:47.864 66479 INFO tempest.lib.common.rest_client [req-08b8c2ce-afbd-4cd6-924d-4aa71264a652 req-08b8c2ce-afbd-4cd6-924d-4aa71264a652 ] Request (ListServerFiltersTestJSON:tearDownClass): 200 GET http://10.180.1.21/compute/v2.1/servers/82ad51b2-ec4e-4fcb-86ae-b543a80bd50f 0.111s
2024-12-11 12:30:47.871 66453 INFO tempest.lib.common.rest_client [req-2eb41ab5-9505-4fc6-906b-d05475805033 req-2eb41ab5-9505-4fc6-906b-d05475805033 ] Request (ListServersNegativeTestJSON:tearDownClass): 204 DELETE http://10.180.1.21:9696/networking/v2.0/subnets/fecfd17c-53e8-4a7f-8795-cf70433e89d7 0.226s
2024-12-11 12:30:47.894 66455 INFO tempest.lib.common.rest_client [req-cfc1d0f1-3591-4b26-88d2-bfeaa13f034b req-cfc1d0f1-3591-4b26-88d2-bfeaa13f034b ] Request (ImagesOneServerTestJSON:tearDownClass): 200 GET http://10.180.1.21/compute/v2.1/servers/b3197e09-444d-43fe-a8da-1b69794c4ea0 0.238s
2024-12-11 12:30:47.916 66485 INFO tempest.lib.common.rest_client [req-26dc0309-ed42-40f2-b536-639b0e43142c req-26dc0309-ed42-40f2-b536-639b0e43142c ] Request (VolumesAdminNegativeTest:test_update_attached_volume_with_nonexistent_volume_in_body): 200 GET http://10.180.1.21/compute/v2.1/servers/636c2770-3626-4101-b8de-65f9f883959f 0.122s
2024-12-11 12:30:47.939 66447 INFO tempest.lib.common.rest_client [req-2060835e-e25c-472d-ac16-493d0f470c63 req-2060835e-e25c-472d-ac16-493d0f470c63 ] Request (InstanceActionsNegativeTestJSON:tearDownClass): 404 GET http://10.180.1.21/compute/v2.1/servers/efd6ac8e-019b-4ad2-b11e-13db5059201b 0.053s
2024-12-11 12:30:47.951 66493 WARNING tempest.lib.common.ssh [-] Failed to establish authenticated ssh connection to cirros@10.180.180.217 ([Errno None] Unable to connect to port 22 on 10.180.180.217). Number attempts: 1. Retry after 2 seconds.: paramiko.ssh_exception.NoValidConnectionsError: [Errno None] Unable to connect to port 22 on 10.180.180.217
2024-12-11 12:30:48.029 66477 INFO tempest.lib.common.rest_client [req-d6b55116-614c-4d15-98ec-d466821394b6 req-d6b55116-614c-4d15-98ec-d466821394b6 ] Request (ImagesTestJSON:test_create_image_from_suspended_server): 200 GET http://10.180.1.21/compute/v2.1/servers/2eedeced-bedd-403a-aef8-f1fa5707d710 0.070s
2024-12-11 12:30:48.040 66477 INFO tempest.common.waiters [-] State transition "BUILD/None" ==> "BUILD/networking" after 59 second wait
2024-12-11 12:30:48.187 66469 INFO tempest.lib.common.rest_client [req-24b2b01e-1f05-4db3-80c7-2911ebf30567 req-24b2b01e-1f05-4db3-80c7-2911ebf30567 ] Request (FloatingIPsAssociationNegativeTestJSON:setUpClass): 200 GET http://10.180.1.21/compute/v2.1/servers/55c4bfb9-6f11-4207-aa10-8eff7addca9c 0.202s
2024-12-11 12:30:48.258 66459 INFO tempest.lib.common.rest_client [req-e4488efe-5376-4b2f-882b-c3e265a4683a req-e4488efe-5376-4b2f-882b-c3e265a4683a ] Request (ServerDiskConfigTestJSON:test_rebuild_server_with_auto_disk_config): 200 GET http://10.180.1.21/compute/v2.1/servers/c9716ffb-01d6-4a82-8e8e-a2db6f056a28 0.246s
2024-12-11 12:30:48.345 66505 INFO tempest.lib.common.rest_client [req-465b3d61-844f-4b06-87e5-91ad1ce01ad9 req-465b3d61-844f-4b06-87e5-91ad1ce01ad9 ] Request (ServersAdmin275Test:test_rebuild_update_server_275): 200 GET http://10.180.1.21/compute/v2.1/servers/084713a9-0b2c-41eb-a481-e964fb701ed3 0.273s
2024-12-11 12:30:48.350 66453 INFO tempest.lib.common.rest_client [req-c40cbbb3-a8cc-4fd3-9134-d59068c93c86 req-c40cbbb3-a8cc-4fd3-9134-d59068c93c86 ] Request (ListServersNegativeTestJSON:tearDownClass): 204 DELETE http://10.180.1.21:9696/networking/v2.0/networks/08fbd26f-5620-44aa-b23b-ae25397a67ef 0.479s
2024-12-11 12:30:48.435 66449 INFO tempest.lib.common.rest_client [req-ed3a2095-3bca-4f5f-bb27-556c25402e79 req-ed3a2095-3bca-4f5f-bb27-556c25402e79 ] Request (ImagesOneServerNegativeTestJSON:_run_cleanups): 202 POST http://10.180.1.21/compute/v2.1/servers 0.622s
2024-12-11 12:30:48.465 66453 INFO tempest.lib.common.rest_client [req-22b08f30-bc76-46f3-b59c-fe4a18b36405 req-22b08f30-bc76-46f3-b59c-fe4a18b36405 ] Request (ListServersNegativeTestJSON:tearDownClass): 204 DELETE http://10.180.1.21/identity/v3/users/a746832b1f974490bb109c9a964b08c5 0.114s
2024-12-11 12:30:48.465 66453 INFO tempest.lib.common.dynamic_creds [-] Deleting project and security group for project: 9b847abde078496384e5c617efef965e
2024-12-11 12:30:48.509 66487 INFO tempest.lib.common.rest_client [req-6067966d-33bb-4f3c-a214-1f9aca404d67 req-6067966d-33bb-4f3c-a214-1f9aca404d67 ] Request (ServersTestFqdnHostnames:test_create_server_with_fqdn_name): 200 GET http://10.180.1.21/compute/v2.1/servers/edc08dae-5efc-4bdc-be26-1c8e20c23131 0.409s
2024-12-11 12:30:48.521 66451 INFO tempest.lib.common.rest_client [req-95948248-fe53-42be-8989-5e1ce298f9f1 req-95948248-fe53-42be-8989-5e1ce298f9f1 ] Request (AttachInterfacesTestJSON:test_create_list_show_delete_interfaces_by_fixed_ip): 200 GET http://10.180.1.21/compute/v2.1/servers/b2621e0a-496e-4b4d-81b9-8adabcd939fd 0.392s
2024-12-11 12:30:48.534 66453 INFO tempest.lib.common.rest_client [req-0c0bee2d-d61e-4070-b587-9302314f8526 req-0c0bee2d-d61e-4070-b587-9302314f8526 ] Request (ListServersNegativeTestJSON:tearDownClass): 200 GET http://10.180.1.21:9696/networking/v2.0/security-groups?tenant_id=9b847abde078496384e5c617efef965e&name=default 0.069s
2024-12-11 12:30:48.589 66473 INFO tempest.lib.common.rest_client [req-e75ea731-d77d-4a9c-abc3-5be33683c69a req-e75ea731-d77d-4a9c-abc3-5be33683c69a ] Request (ServersAaction247Test:test_create_backup): 200 GET http://10.180.1.21/compute/v2.1/servers/d65f8ce5-40e1-42c7-8f64-cff4dc63aabc 0.407s
2024-12-11 12:30:48.655 66453 INFO tempest.lib.common.rest_client [req-8be1948c-0a01-4fd5-b29f-519ab334502e req-8be1948c-0a01-4fd5-b29f-519ab334502e ] Request (ListServersNegativeTestJSON:tearDownClass): 204 DELETE http://10.180.1.21:9696/networking/v2.0/security-groups/4ab8e1e2-2f3c-44f3-b509-a2a7cbb6a9b5 0.120s
2024-12-11 12:30:48.662 66445 INFO tempest.lib.common.rest_client [req-3033a9d5-3fa6-4911-afa5-8f612fd9eea3 req-3033a9d5-3fa6-4911-afa5-8f612fd9eea3 ] Request (DeleteServersTestJSON:test_delete_active_server): 200 GET http://10.180.1.21/compute/v2.1/servers/e6044b75-698a-4eae-a77e-74d92ec969fd 0.425s
2024-12-11 12:30:48.685 66491 INFO tempest.lib.common.rest_client [req-c5efaacf-8cc7-45fa-90f7-1385e03c412a req-c5efaacf-8cc7-45fa-90f7-1385e03c412a ] Request (MigrationsAdminTest:test_list_migrations_in_flavor_resize_situation): 200 GET http://10.180.1.21/compute/v2.1/servers/d463557f-2915-4d0b-9ed9-cf8ad14a99e7 0.473s
2024-12-11 12:30:48.694 66491 INFO tempest.common.waiters [-] State transition "RESIZE/resize_prep" ==> "RESIZE/resize_migrating" after 36 second wait
2024-12-11 12:30:48.758 66443 INFO tempest.lib.common.rest_client [req-3329687b-7fb7-4e34-8c11-a46f7e14bee9 req-3329687b-7fb7-4e34-8c11-a46f7e14bee9 ] Request (ServersTestBootFromVolume:setUpClass): 200 GET http://10.180.1.21/volume/v3/volumes/7e5aebe1-0268-45bc-a682-73eca6ed9286 0.038s
2024-12-11 12:30:48.763 66483 INFO tempest.lib.common.rest_client [req-6a91fc0b-f77f-44f4-bdcb-a6911280ea1b req-6a91fc0b-f77f-44f4-bdcb-a6911280ea1b ] Request (InstanceActionsTestJSON:tearDownClass): 200 GET http://10.180.1.21/compute/v2.1/servers/c52a0bdc-7637-4186-bbbb-fcc2d7022ae4 0.474s
2024-12-11 12:30:48.794 66453 INFO tempest.lib.common.rest_client [req-b47f87f7-74fb-47ce-be62-451403e933c1 req-b47f87f7-74fb-47ce-be62-451403e933c1 ] Request (ListServersNegativeTestJSON:tearDownClass): 204 DELETE http://10.180.1.21/identity/v3/projects/9b847abde078496384e5c617efef965e 0.138s
2024-12-11 12:30:48.842 66501 INFO tempest.lib.common.rest_client [req-09ad3279-2e64-4540-af74-5d61e625a57c req-09ad3279-2e64-4540-af74-5d61e625a57c ] Request (SecurityGroupsTestJSON:test_list_security_groups_by_server): 200 GET http://10.180.1.21/compute/v2.1/servers/280e4528-20fc-438b-adba-e4b449cfc635 0.456s
2024-12-11 12:30:48.858 66463 INFO tempest.lib.common.rest_client [req-315b8c95-d8d0-4268-ab21-1d667311fd8d req-315b8c95-d8d0-4268-ab21-1d667311fd8d ] Request (ServersAdminNegativeTestJSON:test_migrate_server_invalid_state): 200 GET http://10.180.1.21/compute/v2.1/servers/7f2c98e0-89cc-4fb6-95a0-f28438906b75 0.521s
2024-12-11 12:30:48.870 66463 INFO tempest.common.waiters [-] State transition "ACTIVE/suspending" ==> "SUSPENDED/None" after 2 second wait
2024-12-11 12:30:48.877 66453 INFO tempest.lib.common.rest_client [req-61596d92-2fc8-40dc-9a48-5ae9c49d3935 req-61596d92-2fc8-40dc-9a48-5ae9c49d3935 ] Request (MultipleCreateTestJSON:setUpClass): 201 POST http://10.180.1.21/identity/v3/auth/tokens 0.081s
2024-12-11 12:30:48.901 66447 INFO tempest.lib.common.rest_client [req-e957fc21-e93f-4032-ae0f-cacf99b08111 req-e957fc21-e93f-4032-ae0f-cacf99b08111 ] Request (InstanceActionsNegativeTestJSON:tearDownClass): 200 PUT http://10.180.1.21:9696/networking/v2.0/routers/df00a997-d548-42de-b977-1bf093c22b5c/remove_router_interface 0.961s
2024-12-11 12:30:48.915 66449 INFO tempest.lib.common.rest_client [req-79356b74-c14d-4101-b3ca-485343c490d7 req-79356b74-c14d-4101-b3ca-485343c490d7 ] Request (ImagesOneServerNegativeTestJSON:_run_cleanups): 200 GET http://10.180.1.21/compute/v2.1/servers/600a8045-e5bc-429c-901d-66f0be5c08ca 0.478s
2024-12-11 12:30:48.916 66453 INFO tempest.lib.common.rest_client [req-bd96c56d-8a85-4986-bd3f-f32f5635b32b req-bd96c56d-8a85-4986-bd3f-f32f5635b32b ] Request (MultipleCreateTestJSON:setUpClass): 201 POST http://10.180.1.21/identity/v3/auth/tokens 0.035s
2024-12-11 12:30:48.953 66453 INFO tempest.lib.common.rest_client [req-08a0b5ce-1c5d-4aa0-a323-c2612b664c8e req-08a0b5ce-1c5d-4aa0-a323-c2612b664c8e ] Request (MultipleCreateTestJSON:setUpClass): 200 GET http://10.180.1.21/identity/v3/domains?name=Default 0.037s
2024-12-11 12:30:48.988 66453 INFO tempest.lib.common.rest_client [req-3065c94c-59a4-4adf-ba92-530f3b3de4c9 req-3065c94c-59a4-4adf-ba92-530f3b3de4c9 ] Request (MultipleCreateTestJSON:setUpClass): 201 POST http://10.180.1.21/identity/v3/projects 0.035s
2024-12-11 12:30:48.997 66476 INFO tempest.lib.common.rest_client [req-1a55a69d-0717-42c7-a07b-0c7a18783f3b req-1a55a69d-0717-42c7-a07b-0c7a18783f3b ] Request (ServerAddressesNegativeTestJSON:tearDownClass): 200 GET http://10.180.1.21/compute/v2.1/servers/c07ade89-c57b-4f7e-8c67-2db8f7ae4487 0.544s
2024-12-11 12:30:49.006 66489 INFO tempest.lib.common.rest_client [req-15767ae4-08de-4af1-910a-76c614730a6e req-15767ae4-08de-4af1-910a-76c614730a6e ] Request (DeleteServersAdminTestJSON:test_delete_server_while_in_error_state): 200 GET http://10.180.1.21/compute/v2.1/servers/0c280fa6-2976-4624-9979-518f921800b4 0.608s
2024-12-11 12:30:49.051 66465 INFO tempest.lib.common.rest_client [req-16fefd4a-81f7-49e2-8627-e6aee7465e34 req-16fefd4a-81f7-49e2-8627-e6aee7465e34 ] Request (ListImageFiltersTestJSON:setUpClass): 200 GET http://10.180.1.21/compute/v2.1/servers/e9be8415-0fad-4226-bd7f-746b240d2795 0.587s
2024-12-11 12:30:49.064 66453 INFO tempest.lib.common.rest_client [req-5f91b4ef-74c6-464a-b969-8baff9cee27f req-5f91b4ef-74c6-464a-b969-8baff9cee27f ] Request (MultipleCreateTestJSON:setUpClass): 201 POST http://10.180.1.21/identity/v3/users 0.075s
2024-12-11 12:30:49.072 66499 INFO tempest.lib.common.rest_client [req-e291c599-ed07-4639-9870-46909f465404 req-e291c599-ed07-4639-9870-46909f465404 ] Request (ServerMetadataTestJSON:setUpClass): 200 GET http://10.180.1.21/compute/v2.1/servers/0e925191-2288-4fbd-a70e-256b1ec965a0 0.542s
2024-12-11 12:30:49.088 66453 INFO tempest.lib.common.rest_client [req-c73a7eef-b160-4348-9ca1-2d9854e94107 req-c73a7eef-b160-4348-9ca1-2d9854e94107 ] Request (MultipleCreateTestJSON:setUpClass): 200 GET http://10.180.1.21/identity/v3/roles 0.023s
2024-12-11 12:30:49.115 66453 INFO tempest.lib.common.rest_client [req-34afa92f-8877-4f25-ae0a-111c2d300364 req-34afa92f-8877-4f25-ae0a-111c2d300364 ] Request (MultipleCreateTestJSON:setUpClass): 204 PUT http://10.180.1.21/identity/v3/projects/50ac8dc29ce24948b7789722b2ab6252/users/43dc7a54ef1e4b7fa0fc7c3ffe5e9d15/roles/e2d18dc430f44604b0c87e82191073ea 0.027s
2024-12-11 12:30:49.115 66453 INFO tempest.lib.common.dynamic_creds [-] Dynamic test user 43dc7a54ef1e4b7fa0fc7c3ffe5e9d15 is created with scope project and roles: ['member']
2024-12-11 12:30:49.116 66453 INFO tempest.lib.common.dynamic_creds [-] Acquired dynamic creds: credentials: Credentials: {'domain_id': 'default', 'domain_name': 'Default', 'username': 'tempest-MultipleCreateTestJSON-195680849-project-member', 'project_domain_id': 'default', 'project_domain_name': 'Default', 'project_id': '50ac8dc29ce24948b7789722b2ab6252', 'project_name': 'tempest-MultipleCreateTestJSON-195680849', 'tenant_id': '50ac8dc29ce24948b7789722b2ab6252', 'tenant_name': 'tempest-MultipleCreateTestJSON-195680849', 'user_domain_id': 'default', 'user_domain_name': 'Default', 'user_id': '43dc7a54ef1e4b7fa0fc7c3ffe5e9d15', 'system': None}, Network: None, Subnet: None, Router: None
2024-12-11 12:30:49.120 66457 INFO tempest.lib.common.rest_client [req-69898aa7-22e0-4bb5-86fe-49e0a61e3129 req-69898aa7-22e0-4bb5-86fe-49e0a61e3129 ] Request (ServerPasswordTestJSON:setUpClass): 200 GET http://10.180.1.21/compute/v2.1/servers/6c9f1ada-b6c0-45d2-99ff-eaf54a9473ee 0.414s
2024-12-11 12:30:49.145 66467 INFO tempest.lib.common.rest_client [req-8f1aace8-efb1-4464-8e50-b021237329e4 req-8f1aace8-efb1-4464-8e50-b021237329e4 ] Request (FloatingIPsAssociationTestJSON:test_associate_already_associated_floating_ip): 200 GET http://10.180.1.21/compute/v2.1/servers/5fab0c44-2da5-43eb-8249-7e6d8c1c52f7 0.352s
2024-12-11 12:30:49.174 66479 INFO tempest.lib.common.rest_client [req-0664a69b-65e8-4290-937e-43d21c1c3273 req-0664a69b-65e8-4290-937e-43d21c1c3273 ] Request (ListServerFiltersTestJSON:tearDownClass): 404 GET http://10.180.1.21/compute/v2.1/servers/82ad51b2-ec4e-4fcb-86ae-b543a80bd50f 0.299s
2024-12-11 12:30:49.204 66463 INFO tempest.lib.common.rest_client [req-d1be53d4-be30-428e-9554-2144a541fc25 req-d1be53d4-be30-428e-9554-2144a541fc25 ] Request (ServersAdminNegativeTestJSON:test_migrate_server_invalid_state): 409 POST http://10.180.1.21/compute/v2.1/servers/7f2c98e0-89cc-4fb6-95a0-f28438906b75/action 0.334s
2024-12-11 12:30:49.211 66453 INFO tempest.lib.common.rest_client [req-f5706a64-b389-45c6-a443-ce3869ddd3c1 req-f5706a64-b389-45c6-a443-ce3869ddd3c1 ] Request (MultipleCreateTestJSON:setUpClass): 201 POST http://10.180.1.21/identity/v3/auth/tokens 0.095s
2024-12-11 12:30:49.280 66485 INFO tempest.lib.common.rest_client [req-12b172c5-f122-429b-9ca2-ef044ccbb837 req-12b172c5-f122-429b-9ca2-ef044ccbb837 ] Request (VolumesAdminNegativeTest:test_update_attached_volume_with_nonexistent_volume_in_body): 200 GET http://10.180.1.21/compute/v2.1/servers/636c2770-3626-4101-b8de-65f9f883959f 0.354s
2024-12-11 12:30:49.320 66447 INFO tempest.lib.common.rest_client [req-952aa6f0-c915-456c-830a-6eab3159d4b5 req-952aa6f0-c915-456c-830a-6eab3159d4b5 ] Request (InstanceActionsNegativeTestJSON:tearDownClass): 204 DELETE http://10.180.1.21:9696/networking/v2.0/routers/df00a997-d548-42de-b977-1bf093c22b5c 0.419s
2024-12-11 12:30:49.335 66455 INFO tempest.lib.common.rest_client [req-971eaeda-76ac-4aca-8461-0c5c5e37a97f req-971eaeda-76ac-4aca-8461-0c5c5e37a97f ] Request (ImagesOneServerTestJSON:tearDownClass): 200 GET http://10.180.1.21/compute/v2.1/servers/b3197e09-444d-43fe-a8da-1b69794c4ea0 0.434s
2024-12-11 12:30:49.422 66497 WARNING tempest.lib.common.ssh [-] Failed to establish authenticated ssh connection to cirros@10.180.180.140 ([Errno None] Unable to connect to port 22 on 10.180.180.140). Number attempts: 4. Retry after 5 seconds.: paramiko.ssh_exception.NoValidConnectionsError: [Errno None] Unable to connect to port 22 on 10.180.180.140
2024-12-11 12:30:49.430 66479 INFO tempest.lib.common.rest_client [req-46a8e2d3-b02d-4c46-af94-9ea5d1c0a7a6 req-46a8e2d3-b02d-4c46-af94-9ea5d1c0a7a6 ] Request (ListServerFiltersTestJSON:tearDownClass): 204 DELETE http://10.180.1.21/compute/v2.1/servers/bcbe9cac-5512-47c8-8c57-b4cac4dc7d50 0.256s
2024-12-11 12:30:49.465 66477 INFO tempest.lib.common.rest_client [req-3639753a-7eec-4142-bade-9fabaf405de9 req-3639753a-7eec-4142-bade-9fabaf405de9 ] Request (ImagesTestJSON:test_create_image_from_suspended_server): 200 GET http://10.180.1.21/compute/v2.1/servers/2eedeced-bedd-403a-aef8-f1fa5707d710 0.424s
2024-12-11 12:30:49.469 66463 INFO tempest.lib.common.rest_client [req-84934b1b-16b0-4b3a-8577-df27fd8e626e req-84934b1b-16b0-4b3a-8577-df27fd8e626e ] Request (ServersAdminNegativeTestJSON:test_reset_state_server_invalid_state): 400 POST http://10.180.1.21/compute/v2.1/servers/5ee7e59e-98e3-45ea-a417-04846bc4a953/action 0.261s
2024-12-11 12:30:49.473 66477 INFO tempest.common.waiters [-] State transition "BUILD/networking" ==> "BUILD/block_device_mapping" after 60 second wait
2024-12-11 12:30:49.525 66459 INFO tempest.lib.common.rest_client [req-42f6b8fa-16f5-4311-a898-5b745286186b req-42f6b8fa-16f5-4311-a898-5b745286186b ] Request (ServerDiskConfigTestJSON:test_rebuild_server_with_auto_disk_config): 200 GET http://10.180.1.21/compute/v2.1/servers/c9716ffb-01d6-4a82-8e8e-a2db6f056a28 0.254s
2024-12-11 12:30:49.592 66469 INFO tempest.lib.common.rest_client [req-c4631ba4-db3b-45f0-9777-7818a5059687 req-c4631ba4-db3b-45f0-9777-7818a5059687 ] Request (FloatingIPsAssociationNegativeTestJSON:setUpClass): 200 GET http://10.180.1.21/compute/v2.1/servers/55c4bfb9-6f11-4207-aa10-8eff7addca9c 0.396s
2024-12-11 12:30:49.591 66447 INFO tempest.lib.common.rest_client [req-703fc160-615a-499c-9cfe-5905ce7155b2 req-703fc160-615a-499c-9cfe-5905ce7155b2 ] Request (InstanceActionsNegativeTestJSON:tearDownClass): 204 DELETE http://10.180.1.21:9696/networking/v2.0/subnets/0f904eb3-fb01-4b80-884b-a3af8ffc3b9a 0.271s
2024-12-11 12:30:49.596 66505 INFO tempest.lib.common.rest_client [req-8f799f5d-d3fa-451c-b12f-98d1b9de7062 req-8f799f5d-d3fa-451c-b12f-98d1b9de7062 ] Request (ServersAdmin275Test:test_rebuild_update_server_275): 200 GET http://10.180.1.21/compute/v2.1/servers/084713a9-0b2c-41eb-a481-e964fb701ed3 0.237s
2024-12-11 12:30:49.602 66463 INFO tempest.lib.common.rest_client [req-a8cf6148-f3a5-4e0e-9558-e59b001b0aa8 req-a8cf6148-f3a5-4e0e-9558-e59b001b0aa8 ] Request (ServersAdminNegativeTestJSON:test_reset_state_server_invalid_type): 400 POST http://10.180.1.21/compute/v2.1/servers/5ee7e59e-98e3-45ea-a417-04846bc4a953/action 0.129s
2024-12-11 12:30:49.665 66453 INFO tempest.lib.common.rest_client [req-eb565856-5d07-4b86-b1a9-72351735ed4f req-eb565856-5d07-4b86-b1a9-72351735ed4f ] Request (MultipleCreateTestJSON:setUpClass): 201 POST http://10.180.1.21:9696/networking/v2.0/networks 0.453s
2024-12-11 12:30:49.798 66443 INFO tempest.lib.common.rest_client [req-0fcd93eb-1379-466b-87b8-fb7435a2435f req-0fcd93eb-1379-466b-87b8-fb7435a2435f ] Request (ServersTestBootFromVolume:setUpClass): 200 GET http://10.180.1.21/volume/v3/volumes/7e5aebe1-0268-45bc-a682-73eca6ed9286 0.029s
2024-12-11 12:30:49.850 66487 INFO tempest.lib.common.rest_client [req-1953f4b0-48a0-4b74-9279-55b610bf76bd req-1953f4b0-48a0-4b74-9279-55b610bf76bd ] Request (ServersTestFqdnHostnames:test_create_server_with_fqdn_name): 200 GET http://10.180.1.21/compute/v2.1/servers/edc08dae-5efc-4bdc-be26-1c8e20c23131 0.334s
2024-12-11 12:30:49.932 66451 INFO tempest.lib.common.rest_client [req-25ba4570-0fb0-45b5-95cc-0f7f995b1353 req-25ba4570-0fb0-45b5-95cc-0f7f995b1353 ] Request (AttachInterfacesTestJSON:test_create_list_show_delete_interfaces_by_fixed_ip): 200 GET http://10.180.1.21/compute/v2.1/servers/b2621e0a-496e-4b4d-81b9-8adabcd939fd 0.401s
2024-12-11 12:30:49.947 66453 INFO tempest.lib.common.rest_client [req-349ecaea-60e0-40df-8a7e-b36a1d87755e req-349ecaea-60e0-40df-8a7e-b36a1d87755e ] Request (MultipleCreateTestJSON:setUpClass): 201 POST http://10.180.1.21:9696/networking/v2.0/subnets 0.281s
2024-12-11 12:30:49.951 66479 INFO tempest.lib.common.rest_client [req-111ddfd7-284d-4cc7-b330-53846e164b4c req-111ddfd7-284d-4cc7-b330-53846e164b4c ] Request (ListServerFiltersTestJSON:tearDownClass): 200 GET http://10.180.1.21/compute/v2.1/servers/bcbe9cac-5512-47c8-8c57-b4cac4dc7d50 0.521s
2024-12-11 12:30:49.963 66463 INFO tempest.lib.common.rest_client [req-6ca3cebf-fabb-425c-bb4b-e777bc1faa7a req-6ca3cebf-fabb-425c-bb4b-e777bc1faa7a ] Request (ServersAdminNegativeTestJSON:test_reset_state_server_nonexistent_server): 404 POST http://10.180.1.21/compute/v2.1/servers/999/action 0.358s
2024-12-11 12:30:49.998 66473 INFO tempest.lib.common.rest_client [req-cc43a766-fe23-446b-985d-91341bab9e47 req-cc43a766-fe23-446b-985d-91341bab9e47 ] Request (ServersAaction247Test:test_create_backup): 200 GET http://10.180.1.21/compute/v2.1/servers/d65f8ce5-40e1-42c7-8f64-cff4dc63aabc 0.399s
2024-12-11 12:30:50.043 66445 INFO tempest.lib.common.rest_client [req-b768bab8-06be-43b9-8054-f5c024da6611 req-b768bab8-06be-43b9-8054-f5c024da6611 ] Request (DeleteServersTestJSON:test_delete_active_server): 200 GET http://10.180.1.21/compute/v2.1/servers/e6044b75-698a-4eae-a77e-74d92ec969fd 0.373s
2024-12-11 12:30:50.119 66483 INFO tempest.lib.common.rest_client [req-644708cb-cd5d-4048-b377-eb753f64f3ff req-644708cb-cd5d-4048-b377-eb753f64f3ff ] Request (InstanceActionsTestJSON:tearDownClass): 200 GET http://10.180.1.21/compute/v2.1/servers/c52a0bdc-7637-4186-bbbb-fcc2d7022ae4 0.346s
2024-12-11 12:30:50.144 66447 INFO tempest.lib.common.rest_client [req-569cf9e8-df3d-4412-8558-fe30d33e65b0 req-569cf9e8-df3d-4412-8558-fe30d33e65b0 ] Request (InstanceActionsNegativeTestJSON:tearDownClass): 204 DELETE http://10.180.1.21:9696/networking/v2.0/networks/a04327c5-b7e0-4217-91ff-0bdad8527018 0.549s
2024-12-11 12:30:50.186 66491 INFO tempest.lib.common.rest_client [req-0dec44d6-7c03-4a2f-bc47-0b4c6e5f97d7 req-0dec44d6-7c03-4a2f-bc47-0b4c6e5f97d7 ] Request (MigrationsAdminTest:test_list_migrations_in_flavor_resize_situation): 200 GET http://10.180.1.21/compute/v2.1/servers/d463557f-2915-4d0b-9ed9-cf8ad14a99e7 0.491s
2024-12-11 12:30:50.200 66501 INFO tempest.lib.common.rest_client [req-0c2ae887-74f3-4e73-b0a0-a3e60134d8b2 req-0c2ae887-74f3-4e73-b0a0-a3e60134d8b2 ] Request (SecurityGroupsTestJSON:test_list_security_groups_by_server): 200 GET http://10.180.1.21/compute/v2.1/servers/280e4528-20fc-438b-adba-e4b449cfc635 0.347s
2024-12-11 12:30:50.261 66449 INFO tempest.lib.common.rest_client [req-2bf57e90-a563-4034-9c81-dbcac43cf63f req-2bf57e90-a563-4034-9c81-dbcac43cf63f ] Request (ImagesOneServerNegativeTestJSON:_run_cleanups): 200 GET http://10.180.1.21/compute/v2.1/servers/600a8045-e5bc-429c-901d-66f0be5c08ca 0.334s
2024-12-11 12:30:50.262 66447 INFO tempest.lib.common.rest_client [req-0fe85720-2bbe-4e66-a6ab-fbda3e7e4cad req-0fe85720-2bbe-4e66-a6ab-fbda3e7e4cad ] Request (InstanceActionsNegativeTestJSON:tearDownClass): 204 DELETE http://10.180.1.21/identity/v3/users/d8e93ec3c4ef4d478399420412ccef12 0.118s
2024-12-11 12:30:50.262 66447 INFO tempest.lib.common.dynamic_creds [-] Deleting project and security group for project: 0eea24d473014ddfba982f0c41aab0e6
2024-12-11 12:30:50.292 66447 INFO tempest.lib.common.rest_client [req-1434d9f0-8678-4bae-b7c6-2afcbb5a9053 req-1434d9f0-8678-4bae-b7c6-2afcbb5a9053 ] Request (InstanceActionsNegativeTestJSON:tearDownClass): 200 GET http://10.180.1.21:9696/networking/v2.0/security-groups?tenant_id=0eea24d473014ddfba982f0c41aab0e6&name=default 0.029s
2024-12-11 12:30:50.328 66476 INFO tempest.lib.common.rest_client [req-3a685303-0d79-4ea7-ae46-334a54ad6d4c req-3a685303-0d79-4ea7-ae46-334a54ad6d4c ] Request (ServerAddressesNegativeTestJSON:tearDownClass): 200 GET http://10.180.1.21/compute/v2.1/servers/c07ade89-c57b-4f7e-8c67-2db8f7ae4487 0.316s
2024-12-11 12:30:50.372 66463 INFO tempest.lib.common.rest_client [req-1397a438-0b5d-4c37-8010-13d1b9a15521 req-1397a438-0b5d-4c37-8010-13d1b9a15521 ] Request (ServersAdminNegativeTestJSON:test_resize_server_using_overlimit_ram): 200 GET http://10.180.1.21/compute/v2.1/os-quota-sets/6303d3c6d3e54fc4b3bcaf02b42d5d6e 0.405s
2024-12-11 12:30:50.437 66465 INFO tempest.lib.common.rest_client [req-6adda229-3238-414e-8a39-07d361f7637e req-6adda229-3238-414e-8a39-07d361f7637e ] Request (ListImageFiltersTestJSON:setUpClass): 200 GET http://10.180.1.21/compute/v2.1/servers/e9be8415-0fad-4226-bd7f-746b240d2795 0.376s
2024-12-11 12:30:50.454 66447 INFO tempest.lib.common.rest_client [req-5cc9c2ce-79ef-4025-b1c7-8ed311990080 req-5cc9c2ce-79ef-4025-b1c7-8ed311990080 ] Request (InstanceActionsNegativeTestJSON:tearDownClass): 204 DELETE http://10.180.1.21:9696/networking/v2.0/security-groups/01ac89f4-9878-432e-aff6-412d4caedde7 0.162s
2024-12-11 12:30:50.487 66489 INFO tempest.lib.common.rest_client [req-fb0ae7a0-ebdb-4fad-bc96-24f2d3277727 req-fb0ae7a0-ebdb-4fad-bc96-24f2d3277727 ] Request (DeleteServersAdminTestJSON:test_delete_server_while_in_error_state): 200 GET http://10.180.1.21/compute/v2.1/servers/0c280fa6-2976-4624-9979-518f921800b4 0.470s
2024-12-11 12:30:50.504 66499 INFO tempest.lib.common.rest_client [req-e12572d5-104d-4839-a14f-2d944e358dfc req-e12572d5-104d-4839-a14f-2d944e358dfc ] Request (ServerMetadataTestJSON:setUpClass): 200 GET http://10.180.1.21/compute/v2.1/servers/0e925191-2288-4fbd-a70e-256b1ec965a0 0.421s
2024-12-11 12:30:50.569 66457 INFO tempest.lib.common.rest_client [req-d5a7fbeb-2a6e-451b-a42f-70fd1cee8eba req-d5a7fbeb-2a6e-451b-a42f-70fd1cee8eba ] Request (ServerPasswordTestJSON:setUpClass): 200 GET http://10.180.1.21/compute/v2.1/servers/6c9f1ada-b6c0-45d2-99ff-eaf54a9473ee 0.438s
2024-12-11 12:30:50.571 66447 INFO tempest.lib.common.rest_client [req-8712bf20-f275-4029-9e72-fb8576b437d2 req-8712bf20-f275-4029-9e72-fb8576b437d2 ] Request (InstanceActionsNegativeTestJSON:tearDownClass): 204 DELETE http://10.180.1.21/identity/v3/projects/0eea24d473014ddfba982f0c41aab0e6 0.116s
2024-12-11 12:30:50.572 66447 INFO tempest.test [-] raised in ServerStableDeviceRescueTest.setUpClass. Invoking tearDownClass.
2024-12-11 12:30:50.581 66467 INFO tempest.lib.common.rest_client [req-9993c40a-1bf9-4e90-b15b-466d8b2adca4 req-9993c40a-1bf9-4e90-b15b-466d8b2adca4 ] Request (FloatingIPsAssociationTestJSON:test_associate_already_associated_floating_ip): 200 GET http://10.180.1.21/compute/v2.1/servers/5fab0c44-2da5-43eb-8249-7e6d8c1c52f7 0.423s
2024-12-11 12:30:50.639 66485 INFO tempest.lib.common.rest_client [req-09a0f3e4-5a3d-4cd6-ba15-37b54f204b1d req-09a0f3e4-5a3d-4cd6-ba15-37b54f204b1d ] Request (VolumesAdminNegativeTest:test_update_attached_volume_with_nonexistent_volume_in_body): 200 GET http://10.180.1.21/compute/v2.1/servers/636c2770-3626-4101-b8de-65f9f883959f 0.352s
2024-12-11 12:30:50.650 66455 INFO tempest.lib.common.rest_client [req-7f5953eb-219f-4e7b-a089-2649c057562b req-7f5953eb-219f-4e7b-a089-2649c057562b ] Request (ImagesOneServerTestJSON:tearDownClass): 200 GET http://10.180.1.21/compute/v2.1/servers/b3197e09-444d-43fe-a8da-1b69794c4ea0 0.307s
2024-12-11 12:30:50.665 66463 INFO tempest.lib.common.rest_client [req-1205bf89-b530-47a2-a968-2be78712e006 req-1205bf89-b530-47a2-a968-2be78712e006 ] Request (ServersAdminNegativeTestJSON:test_resize_server_using_overlimit_ram): 200 POST http://10.180.1.21/compute/v2.1/flavors 0.289s
2024-12-11 12:30:50.699 66453 INFO tempest.lib.common.rest_client [req-7c64048d-e709-49d2-92f7-8a3e0cd5be01 req-7c64048d-e709-49d2-92f7-8a3e0cd5be01 ] Request (MultipleCreateTestJSON:setUpClass): 201 POST http://10.180.1.21:9696/networking/v2.0/routers 0.752s
2024-12-11 12:30:50.842 66443 INFO tempest.lib.common.rest_client [req-41ed227b-87bb-4a6a-abf6-0d1247b7cf96 req-41ed227b-87bb-4a6a-abf6-0d1247b7cf96 ] Request (ServersTestBootFromVolume:setUpClass): 200 GET http://10.180.1.21/volume/v3/volumes/7e5aebe1-0268-45bc-a682-73eca6ed9286 0.036s
2024-12-11 12:30:50.915 66459 INFO tempest.lib.common.rest_client [req-769af4c8-3489-48bc-99a5-106ffbca8ad4 req-769af4c8-3489-48bc-99a5-106ffbca8ad4 ] Request (ServerDiskConfigTestJSON:test_rebuild_server_with_auto_disk_config): 200 GET http://10.180.1.21/compute/v2.1/servers/c9716ffb-01d6-4a82-8e8e-a2db6f056a28 0.374s
2024-12-11 12:30:51.002 66477 INFO tempest.lib.common.rest_client [req-6fd5e46c-efef-4666-9616-90782af87ff2 req-6fd5e46c-efef-4666-9616-90782af87ff2 ] Request (ImagesTestJSON:test_create_image_from_suspended_server): 200 GET http://10.180.1.21/compute/v2.1/servers/2eedeced-bedd-403a-aef8-f1fa5707d710 0.528s
2024-12-11 12:30:51.014 66477 INFO tempest.common.waiters [-] State transition "BUILD/block_device_mapping" ==> "BUILD/spawning" after 62 second wait
2024-12-11 12:30:51.023 66493 WARNING tempest.lib.common.ssh [-] Failed to establish authenticated ssh connection to cirros@10.180.180.217 ([Errno None] Unable to connect to port 22 on 10.180.180.217). Number attempts: 2. Retry after 3 seconds.: paramiko.ssh_exception.NoValidConnectionsError: [Errno None] Unable to connect to port 22 on 10.180.180.217
2024-12-11 12:30:51.088 66505 INFO tempest.lib.common.rest_client [req-ae331c1f-9e55-4b2a-85f8-2cd9dd4cc192 req-ae331c1f-9e55-4b2a-85f8-2cd9dd4cc192 ] Request (ServersAdmin275Test:test_rebuild_update_server_275): 200 GET http://10.180.1.21/compute/v2.1/servers/084713a9-0b2c-41eb-a481-e964fb701ed3 0.478s
2024-12-11 12:30:51.105 66469 INFO tempest.lib.common.rest_client [req-21cd61d6-e5f5-4918-9f9e-2d2c7c610647 req-21cd61d6-e5f5-4918-9f9e-2d2c7c610647 ] Request (FloatingIPsAssociationNegativeTestJSON:setUpClass): 200 GET http://10.180.1.21/compute/v2.1/servers/55c4bfb9-6f11-4207-aa10-8eff7addca9c 0.502s
2024-12-11 12:30:51.227 66463 INFO tempest.lib.common.rest_client [req-888a0a84-35ee-4138-80b2-d197cceecbad req-888a0a84-35ee-4138-80b2-d197cceecbad ] Request (ServersAdminNegativeTestJSON:test_resize_server_using_overlimit_ram): 403 POST http://10.180.1.21/compute/v2.1/servers/5ee7e59e-98e3-45ea-a417-04846bc4a953/action 0.557s
2024-12-11 12:30:51.271 66487 INFO tempest.lib.common.rest_client [req-2cb6d274-14f4-4161-b9f2-ceafe5b64415 req-2cb6d274-14f4-4161-b9f2-ceafe5b64415 ] Request (ServersTestFqdnHostnames:test_create_server_with_fqdn_name): 200 GET http://10.180.1.21/compute/v2.1/servers/edc08dae-5efc-4bdc-be26-1c8e20c23131 0.414s
2024-12-11 12:30:51.277 66451 INFO tempest.lib.common.rest_client [req-e9766768-70ba-4448-bc7c-e38e015d3412 req-e9766768-70ba-4448-bc7c-e38e015d3412 ] Request (AttachInterfacesTestJSON:test_create_list_show_delete_interfaces_by_fixed_ip): 200 GET http://10.180.1.21/compute/v2.1/servers/b2621e0a-496e-4b4d-81b9-8adabcd939fd 0.336s
2024-12-11 12:30:51.359 66473 INFO tempest.lib.common.rest_client [req-49c2458b-9b80-4c92-b2b6-ef067e7408ec req-49c2458b-9b80-4c92-b2b6-ef067e7408ec ] Request (ServersAaction247Test:test_create_backup): 200 GET http://10.180.1.21/compute/v2.1/servers/d65f8ce5-40e1-42c7-8f64-cff4dc63aabc 0.350s
2024-12-11 12:30:51.379 66479 INFO tempest.lib.common.rest_client [req-18c56629-1317-43fa-9ee5-06a3b12cd5d4 req-18c56629-1317-43fa-9ee5-06a3b12cd5d4 ] Request (ListServerFiltersTestJSON:tearDownClass): 200 GET http://10.180.1.21/compute/v2.1/servers/bcbe9cac-5512-47c8-8c57-b4cac4dc7d50 0.421s
2024-12-11 12:30:51.414 66445 INFO tempest.lib.common.rest_client [req-bdc6a606-693d-44b3-a6de-cc687570c4aa req-bdc6a606-693d-44b3-a6de-cc687570c4aa ] Request (DeleteServersTestJSON:test_delete_active_server): 200 GET http://10.180.1.21/compute/v2.1/servers/e6044b75-698a-4eae-a77e-74d92ec969fd 0.358s
2024-12-11 12:30:51.450 66483 INFO tempest.lib.common.rest_client [req-fc905ab3-2613-44b1-947c-4f27e47e6410 req-fc905ab3-2613-44b1-947c-4f27e47e6410 ] Request (InstanceActionsTestJSON:tearDownClass): 200 GET http://10.180.1.21/compute/v2.1/servers/c52a0bdc-7637-4186-bbbb-fcc2d7022ae4 0.314s
2024-12-11 12:30:51.518 66501 INFO tempest.lib.common.rest_client [req-b6bbd61f-ea8c-4b6e-91de-2a1950d39b9b req-b6bbd61f-ea8c-4b6e-91de-2a1950d39b9b ] Request (SecurityGroupsTestJSON:test_list_security_groups_by_server): 200 GET http://10.180.1.21/compute/v2.1/servers/280e4528-20fc-438b-adba-e4b449cfc635 0.311s
2024-12-11 12:30:51.534 66491 INFO tempest.lib.common.rest_client [req-6038f2d0-3798-45cc-b775-4e22454ab498 req-6038f2d0-3798-45cc-b775-4e22454ab498 ] Request (MigrationsAdminTest:test_list_migrations_in_flavor_resize_situation): 200 GET http://10.180.1.21/compute/v2.1/servers/d463557f-2915-4d0b-9ed9-cf8ad14a99e7 0.333s
2024-12-11 12:30:51.542 66463 INFO tempest.lib.common.rest_client [req-2464c2a5-751e-401f-b164-a03f65eaf55c req-2464c2a5-751e-401f-b164-a03f65eaf55c ] Request (ServersAdminNegativeTestJSON:_run_cleanups): 202 DELETE http://10.180.1.21/compute/v2.1/flavors/607400185 0.315s
2024-12-11 12:30:51.586 66449 INFO tempest.lib.common.rest_client [req-013679f8-e352-4506-965d-5823233dce05 req-013679f8-e352-4506-965d-5823233dce05 ] Request (ImagesOneServerNegativeTestJSON:_run_cleanups): 200 GET http://10.180.1.21/compute/v2.1/servers/600a8045-e5bc-429c-901d-66f0be5c08ca 0.318s
2024-12-11 12:30:51.608 66476 INFO tempest.lib.common.rest_client [req-f49b36ba-42ad-4267-904a-9eca4c08c76d req-f49b36ba-42ad-4267-904a-9eca4c08c76d ] Request (ServerAddressesNegativeTestJSON:tearDownClass): 200 GET http://10.180.1.21/compute/v2.1/servers/c07ade89-c57b-4f7e-8c67-2db8f7ae4487 0.272s
2024-12-11 12:30:51.640 66465 INFO tempest.lib.common.rest_client [req-3515c887-aee3-4180-9fed-496619fe940d req-3515c887-aee3-4180-9fed-496619fe940d ] Request (ListImageFiltersTestJSON:setUpClass): 200 GET http://10.180.1.21/compute/v2.1/servers/e9be8415-0fad-4226-bd7f-746b240d2795 0.196s
2024-12-11 12:30:51.703 66499 INFO tempest.lib.common.rest_client [req-6804102d-898a-40f1-891b-bdff6679e770 req-6804102d-898a-40f1-891b-bdff6679e770 ] Request (ServerMetadataTestJSON:setUpClass): 200 GET http://10.180.1.21/compute/v2.1/servers/0e925191-2288-4fbd-a70e-256b1ec965a0 0.191s
2024-12-11 12:30:51.734 66463 INFO tempest.lib.common.rest_client [req-7431d60c-06ec-4e4d-bce4-d09180dca368 req-7431d60c-06ec-4e4d-bce4-d09180dca368 ] Request (ServersAdminNegativeTestJSON:_run_cleanups): 200 GET http://10.180.1.21/compute/v2.1/flavors/detail 0.191s
2024-12-11 12:30:51.750 66489 INFO tempest.lib.common.rest_client [req-47157483-cd63-473e-bfcb-2365f362884d req-47157483-cd63-473e-bfcb-2365f362884d ] Request (DeleteServersAdminTestJSON:test_delete_server_while_in_error_state): 200 GET http://10.180.1.21/compute/v2.1/servers/0c280fa6-2976-4624-9979-518f921800b4 0.250s
2024-12-11 12:30:51.839 66467 INFO tempest.lib.common.rest_client [req-dbb48dae-1513-448d-989f-e5ad3fcfaab0 req-dbb48dae-1513-448d-989f-e5ad3fcfaab0 ] Request (FloatingIPsAssociationTestJSON:test_associate_already_associated_floating_ip): 200 GET http://10.180.1.21/compute/v2.1/servers/5fab0c44-2da5-43eb-8249-7e6d8c1c52f7 0.251s
2024-12-11 12:30:51.881 66443 INFO tempest.lib.common.rest_client [req-8ea0f857-221d-45c8-b5b5-4ea055e047b0 req-8ea0f857-221d-45c8-b5b5-4ea055e047b0 ] Request (ServersTestBootFromVolume:setUpClass): 200 GET http://10.180.1.21/volume/v3/volumes/7e5aebe1-0268-45bc-a682-73eca6ed9286 0.033s
2024-12-11 12:30:51.908 66485 INFO tempest.lib.common.rest_client [req-b62c8b79-57c5-4ed3-ab0a-18a791ae14a7 req-b62c8b79-57c5-4ed3-ab0a-18a791ae14a7 ] Request (VolumesAdminNegativeTest:test_update_attached_volume_with_nonexistent_volume_in_body): 200 GET http://10.180.1.21/compute/v2.1/servers/636c2770-3626-4101-b8de-65f9f883959f 0.256s
2024-12-11 12:30:51.990 66455 INFO tempest.lib.common.rest_client [req-a95b3f6a-3a91-4aef-b66f-ef63fff08ef1 req-a95b3f6a-3a91-4aef-b66f-ef63fff08ef1 ] Request (ImagesOneServerTestJSON:tearDownClass): 200 GET http://10.180.1.21/compute/v2.1/servers/b3197e09-444d-43fe-a8da-1b69794c4ea0 0.333s
2024-12-11 12:30:52.002 66455 INFO tempest.common.waiters [-] State transition "ACTIVE/deleting" ==> "DELETED/None" after 7 second wait
2024-12-11 12:30:52.011 66457 INFO tempest.lib.common.rest_client [req-68d48f93-1bad-44c5-b3a7-e6bb92cfb053 req-68d48f93-1bad-44c5-b3a7-e6bb92cfb053 ] Request (ServerPasswordTestJSON:setUpClass): 200 GET http://10.180.1.21/compute/v2.1/servers/6c9f1ada-b6c0-45d2-99ff-eaf54a9473ee 0.434s
2024-12-11 12:30:52.020 66457 INFO tempest.common.waiters [-] State transition "BUILD/None" ==> "BUILD/block_device_mapping" after 62 second wait
2024-12-11 12:30:52.088 66459 INFO tempest.lib.common.rest_client [req-25b4caf8-130d-44ef-a39b-c40525667e7d req-25b4caf8-130d-44ef-a39b-c40525667e7d ] Request (ServerDiskConfigTestJSON:test_rebuild_server_with_auto_disk_config): 200 GET http://10.180.1.21/compute/v2.1/servers/c9716ffb-01d6-4a82-8e8e-a2db6f056a28 0.164s
2024-12-11 12:30:52.190 66463 INFO tempest.lib.common.rest_client [req-f1e3f53e-4419-4e7c-8d2a-cd7034ce2ad5 req-f1e3f53e-4419-4e7c-8d2a-cd7034ce2ad5 ] Request (ServersAdminNegativeTestJSON:test_resize_server_using_overlimit_vcpus): 200 GET http://10.180.1.21/compute/v2.1/os-quota-sets/6303d3c6d3e54fc4b3bcaf02b42d5d6e 0.450s
2024-12-11 12:30:52.210 66477 INFO tempest.lib.common.rest_client [req-3435c26a-8c2e-4df0-bde7-ac8e99202813 req-3435c26a-8c2e-4df0-bde7-ac8e99202813 ] Request (ImagesTestJSON:test_create_image_from_suspended_server): 200 GET http://10.180.1.21/compute/v2.1/servers/2eedeced-bedd-403a-aef8-f1fa5707d710 0.194s
2024-12-11 12:30:52.258 66505 INFO tempest.lib.common.rest_client [req-edf26693-8288-4105-9c69-eb5276b73213 req-edf26693-8288-4105-9c69-eb5276b73213 ] Request (ServersAdmin275Test:test_rebuild_update_server_275): 200 GET http://10.180.1.21/compute/v2.1/servers/084713a9-0b2c-41eb-a481-e964fb701ed3 0.161s
2024-12-11 12:30:52.268 66453 INFO tempest.lib.common.rest_client [req-17875c3b-caf8-4282-8c88-16da1056ef99 req-17875c3b-caf8-4282-8c88-16da1056ef99 ] Request (MultipleCreateTestJSON:setUpClass): 200 PUT http://10.180.1.21:9696/networking/v2.0/routers/39f02fac-fcd9-4950-ad7d-19ba60e1062f/add_router_interface 1.569s
2024-12-11 12:30:52.269 66453 INFO tempest.lib.common.dynamic_creds [-] Created isolated network resources for: credentials: Credentials: {'domain_id': 'default', 'domain_name': 'Default', 'username': 'tempest-MultipleCreateTestJSON-195680849-project-member', 'project_domain_id': 'default', 'project_domain_name': 'Default', 'project_id': '50ac8dc29ce24948b7789722b2ab6252', 'project_name': 'tempest-MultipleCreateTestJSON-195680849', 'tenant_id': '50ac8dc29ce24948b7789722b2ab6252', 'tenant_name': 'tempest-MultipleCreateTestJSON-195680849', 'user_domain_id': 'default', 'user_domain_name': 'Default', 'user_id': '43dc7a54ef1e4b7fa0fc7c3ffe5e9d15', 'system': None}, Network: {'id': '105158be-d4b8-404d-a403-1a52e99fea72', 'name': 'tempest-MultipleCreateTestJSON-2065280112-network', 'tenant_id': '50ac8dc29ce24948b7789722b2ab6252', 'admin_state_up': True, 'mtu': 8950, 'status': 'ACTIVE', 'subnets': [], 'shared': False, 'project_id': '50ac8dc29ce24948b7789722b2ab6252', 'port_security_enabled': True, 'router:external': False, 'provider:network_type': 'vlan', 'provider:physical_network': 'default', 'provider:segmentation_id': 841, 'availability_zone_hints': [], 'availability_zones': [], 'ipv4_address_scope': None, 'ipv6_address_scope': None, 'description': '', 'tags': [], 'created_at': '2024-12-11T12:30:49Z', 'updated_at': '2024-12-11T12:30:49Z', 'revision_number': 1}, Subnet: {'id': '788be169-488c-48e8-a628-c44a2a08f9b2', 'name': 'tempest-MultipleCreateTestJSON-2065280112-subnet', 'tenant_id': '50ac8dc29ce24948b7789722b2ab6252', 'network_id': '105158be-d4b8-404d-a403-1a52e99fea72', 'ip_version': 4, 'subnetpool_id': None, 'enable_dhcp': True, 'ipv6_ra_mode': None, 'ipv6_address_mode': None, 'gateway_ip': '192.168.128.1', 'cidr': '192.168.128.0/28', 'allocation_pools': [{'start': '192.168.128.2', 'end': '192.168.128.14'}], 'host_routes': [], 'dns_nameservers': [], 'description': '', 'router:external': False, 'service_types': [], 'tags': [], 'created_at': '2024-12-11T12:30:49Z', 'updated_at': '2024-12-11T12:30:49Z', 'revision_number': 0, 'project_id': '50ac8dc29ce24948b7789722b2ab6252'}, Router: {'id': '39f02fac-fcd9-4950-ad7d-19ba60e1062f', 'name': 'tempest-MultipleCreateTestJSON-2065280112-router', 'tenant_id': '50ac8dc29ce24948b7789722b2ab6252', 'admin_state_up': True, 'status': 'ACTIVE', 'external_gateway_info': {'network_id': '1a72f909-9fe2-4945-88fe-a2cce4b8911f', 'external_fixed_ips': [{'subnet_id': '6aa1be4d-1c82-41b6-b2f1-c0b7ecbc72ee', 'ip_address': '10.180.180.166'}], 'enable_snat': True}, 'description': '', 'availability_zones': [], 'distributed': False, 'ha': False, 'availability_zone_hints': [], 'routes': [], 'flavor_id': None, 'tags': [], 'created_at': '2024-12-11T12:30:49Z', 'updated_at': '2024-12-11T12:30:50Z', 'revision_number': 2, 'project_id': '50ac8dc29ce24948b7789722b2ab6252'}
2024-12-11 12:30:52.286 66463 INFO tempest.lib.common.rest_client [req-24ec1431-9c5e-4e2a-98ac-97cbdfd53b93 req-24ec1431-9c5e-4e2a-98ac-97cbdfd53b93 ] Request (ServersAdminNegativeTestJSON:test_resize_server_using_overlimit_vcpus): 200 POST http://10.180.1.21/compute/v2.1/flavors 0.094s
2024-12-11 12:30:52.361 66451 INFO tempest.lib.common.rest_client [req-a3f8c2a2-46ef-46e5-a3ad-6d6b5940961a req-a3f8c2a2-46ef-46e5-a3ad-6d6b5940961a ] Request (AttachInterfacesTestJSON:test_create_list_show_delete_interfaces_by_fixed_ip): 200 GET http://10.180.1.21/compute/v2.1/servers/b2621e0a-496e-4b4d-81b9-8adabcd939fd 0.077s
2024-12-11 12:30:52.364 66453 INFO tempest.lib.common.rest_client [req-ea3f32f4-5185-4084-a1e5-cfed438e0465 req-ea3f32f4-5185-4084-a1e5-cfed438e0465 ] Request (MultipleCreateTestJSON:setUpClass): 201 POST http://10.180.1.21/identity/v3/auth/tokens 0.089s
2024-12-11 12:30:52.370 66469 INFO tempest.lib.common.rest_client [req-7c2cc044-cdf9-4a05-ad40-20661c1ad2db req-7c2cc044-cdf9-4a05-ad40-20661c1ad2db ] Request (FloatingIPsAssociationNegativeTestJSON:setUpClass): 200 GET http://10.180.1.21/compute/v2.1/servers/55c4bfb9-6f11-4207-aa10-8eff7addca9c 0.256s
2024-12-11 12:30:52.415 66453 INFO tempest.lib.common.rest_client [req-a445257a-91ce-4c4b-847c-365e146604d4 req-a445257a-91ce-4c4b-847c-365e146604d4 ] Request (MultipleCreateTestJSON:test_multiple_create): 201 POST http://10.180.1.21/identity/v3/auth/tokens 0.047s
2024-12-11 12:30:52.416 66453 INFO tempest.lib.common.fixed_network [-] (MultipleCreateTestJSON:test_multiple_create) Found network {'id': '105158be-d4b8-404d-a403-1a52e99fea72', 'name': 'tempest-MultipleCreateTestJSON-2065280112-network', 'tenant_id': '50ac8dc29ce24948b7789722b2ab6252', 'admin_state_up': True, 'mtu': 8950, 'status': 'ACTIVE', 'subnets': [], 'shared': False, 'project_id': '50ac8dc29ce24948b7789722b2ab6252', 'port_security_enabled': True, 'router:external': False, 'provider:network_type': 'vlan', 'provider:physical_network': 'default', 'provider:segmentation_id': 841, 'availability_zone_hints': [], 'availability_zones': [], 'ipv4_address_scope': None, 'ipv6_address_scope': None, 'description': '', 'tags': [], 'created_at': '2024-12-11T12:30:49Z', 'updated_at': '2024-12-11T12:30:49Z', 'revision_number': 1} available for tenant
2024-12-11 12:30:52.445 66463 INFO tempest.lib.common.rest_client [req-c9fb9879-86f4-4d93-a8f6-7124f3bcf623 req-c9fb9879-86f4-4d93-a8f6-7124f3bcf623 ] Request (ServersAdminNegativeTestJSON:test_resize_server_using_overlimit_vcpus): 403 POST http://10.180.1.21/compute/v2.1/servers/5ee7e59e-98e3-45ea-a417-04846bc4a953/action 0.157s
