2024-12-11 12:29:33.845 66493 INFO tempest.lib.common.dynamic_creds [-] Created isolated network resources for: credentials: Credentials: {'domain_id': 'default', 'domain_name': 'Default', 'username': 'tempest-ServersV294TestFqdnHostnames-627085428-project-member', 'project_domain_id': 'default', 'project_domain_name': 'Default', 'project_id': '8db5331728ff44a18fcd7c314b91d9fd', 'project_name': 'tempest-ServersV294TestFqdnHostnames-627085428', 'tenant_id': '8db5331728ff44a18fcd7c314b91d9fd', 'tenant_name': 'tempest-ServersV294TestFqdnHostnames-627085428', 'user_domain_id': 'default', 'user_domain_name': 'Default', 'user_id': 'ebaa3a6aa27b4d6887afe2fc1d798902', 'system': None}, Network: {'id': 'b9630820-fdda-4e38-80a7-be289ef6a657', 'name': 'tempest-ServersV294TestFqdnHostnames-1857116408-network', 'tenant_id': '8db5331728ff44a18fcd7c314b91d9fd', 'admin_state_up': True, 'mtu': 8950, 'status': 'ACTIVE', 'subnets': [], 'shared': False, 'project_id': '8db5331728ff44a18fcd7c314b91d9fd', 'port_security_enabled': True, 'router:external': False, 'provider:network_type': 'vlan', 'provider:physical_network': 'default', 'provider:segmentation_id': 410, 'availability_zone_hints': [], 'availability_zones': [], 'ipv4_address_scope': None, 'ipv6_address_scope': None, 'description': '', 'tags': [], 'created_at': '2024-12-11T12:29:29Z', 'updated_at': '2024-12-11T12:29:29Z', 'revision_number': 1}, Subnet: {'id': '6adcd95a-9ee3-4552-a97b-b6c3cfefe7d8', 'name': 'tempest-ServersV294TestFqdnHostnames-1857116408-subnet', 'tenant_id': '8db5331728ff44a18fcd7c314b91d9fd', 'network_id': 'b9630820-fdda-4e38-80a7-be289ef6a657', 'ip_version': 4, 'subnetpool_id': None, 'enable_dhcp': True, 'ipv6_ra_mode': None, 'ipv6_address_mode': None, 'gateway_ip': '192.168.128.1', 'cidr': '192.168.128.0/28', 'allocation_pools': [{'start': '192.168.128.2', 'end': '192.168.128.14'}], 'host_routes': [], 'dns_nameservers': [], 'description': '', 'router:external': False, 'service_types': [], 'tags': [], 'created_at': '2024-12-11T12:29:29Z', 'updated_at': '2024-12-11T12:29:29Z', 'revision_number': 0, 'project_id': '8db5331728ff44a18fcd7c314b91d9fd'}, Router: {'id': '29a7eaf4-5571-4ac0-8e30-dcd60003fb45', 'name': 'tempest-ServersV294TestFqdnHostnames-1857116408-router', 'tenant_id': '8db5331728ff44a18fcd7c314b91d9fd', 'admin_state_up': True, 'status': 'ACTIVE', 'external_gateway_info': {'network_id': '1a72f909-9fe2-4945-88fe-a2cce4b8911f', 'external_fixed_ips': [{'subnet_id': '6aa1be4d-1c82-41b6-b2f1-c0b7ecbc72ee', 'ip_address': '10.180.180.173'}], 'enable_snat': True}, 'description': '', 'availability_zones': [], 'distributed': False, 'ha': False, 'availability_zone_hints': [], 'routes': [], 'flavor_id': None, 'tags': [], 'created_at': '2024-12-11T12:29:30Z', 'updated_at': '2024-12-11T12:29:31Z', 'revision_number': 2, 'project_id': '8db5331728ff44a18fcd7c314b91d9fd'}
2024-12-11 12:29:33.920 66453 INFO tempest.lib.common.rest_client [req-0eb7ccae-2452-4a44-91a4-2533b5b021e7 req-0eb7ccae-2452-4a44-91a4-2533b5b021e7 ] Request (ListServersNegativeTestJSON:setUpClass): 200 GET http://10.180.1.21/compute/v2.1/servers/8010219a-1550-462c-8e87-097a2b079d44 2.084s
2024-12-11 12:29:33.967 66493 INFO tempest.lib.common.rest_client [req-394dca5f-1f3a-42ff-a5a8-9b0332142faf req-394dca5f-1f3a-42ff-a5a8-9b0332142faf ] Request (ServersV294TestFqdnHostnames:setUpClass): 201 POST http://10.180.1.21/identity/v3/auth/tokens 0.116s
2024-12-11 12:29:34.002 66445 INFO tempest.lib.common.rest_client [req-a5b038d8-3232-4d60-a1f8-8c04bef715a6 req-a5b038d8-3232-4d60-a1f8-8c04bef715a6 ] Request (DeleteServersTestJSON:test_delete_active_server): 200 GET http://10.180.1.21/compute/v2.1/servers/e6044b75-698a-4eae-a77e-74d92ec969fd 1.999s
2024-12-11 12:29:34.011 66469 INFO tempest.lib.common.rest_client [req-1d55ae08-8775-4224-9c53-629c2c93de4c req-1d55ae08-8775-4224-9c53-629c2c93de4c ] Request (HypervisorAdminNegativeTestJSON:test_show_nonexistent_hypervisor): 404 GET http://10.180.1.21/compute/v2.1/os-hypervisors/3c8e98a7-595d-4ccd-bda1-08b4fdac2ac5 1.999s
2024-12-11 12:29:34.090 66491 INFO tempest.lib.common.rest_client [req-570ceb00-9f39-4b0b-9690-60bb4e77b139 req-570ceb00-9f39-4b0b-9690-60bb4e77b139 ] Request (MigrationsAdminTest:test_list_migrations_in_flavor_resize_situation): 200 GET http://10.180.1.21/compute/v2.1/servers/d463557f-2915-4d0b-9ed9-cf8ad14a99e7 2.030s
2024-12-11 12:29:34.109 66469 INFO tempest.lib.common.rest_client [req-0011640d-d477-441c-8912-7bb691b29544 req-0011640d-d477-441c-8912-7bb691b29544 ] Request (HypervisorAdminNegativeTestJSON:tearDownClass): 204 DELETE http://10.180.1.21/identity/v3/users/62a534a38fef40c98b93d529b7637a12 0.096s
2024-12-11 12:29:34.217 66469 INFO tempest.lib.common.rest_client [req-2215ee7f-0bdd-4457-abc3-2f9eca2d030e req-2215ee7f-0bdd-4457-abc3-2f9eca2d030e ] Request (HypervisorAdminNegativeTestJSON:tearDownClass): 204 DELETE http://10.180.1.21/identity/v3/users/ba8060b13d344181b08906323022138e 0.107s
2024-12-11 12:29:34.217 66469 INFO tempest.lib.common.dynamic_creds [-] Deleting project and security group for project: ba62cd40eb284f22a08538d25f11d878
2024-12-11 12:29:34.280 66469 INFO tempest.lib.common.rest_client [req-3c0b90d5-e34b-4f82-8bd7-8b612b7a572b req-3c0b90d5-e34b-4f82-8bd7-8b612b7a572b ] Request (HypervisorAdminNegativeTestJSON:tearDownClass): 201 POST http://10.180.1.21/identity/v3/auth/tokens 0.062s
2024-12-11 12:29:34.432 66469 INFO tempest.lib.common.rest_client [req-4f9f1e41-d2a9-453b-8573-92540fbad3aa req-4f9f1e41-d2a9-453b-8573-92540fbad3aa ] Request (HypervisorAdminNegativeTestJSON:tearDownClass): 200 GET http://10.180.1.21:9696/networking/v2.0/security-groups?tenant_id=ba62cd40eb284f22a08538d25f11d878&name=default 0.152s
2024-12-11 12:29:34.515 66469 INFO tempest.lib.common.rest_client [req-4d7f5701-ccef-40ff-a4cc-bc80089bda95 req-4d7f5701-ccef-40ff-a4cc-bc80089bda95 ] Request (HypervisorAdminNegativeTestJSON:tearDownClass): 204 DELETE http://10.180.1.21:9696/networking/v2.0/security-groups/750ba4b4-ce26-4b79-b83c-9366289815a4 0.082s
2024-12-11 12:29:34.537 66463 INFO tempest.lib.common.rest_client [req-78d4f209-151f-49af-864e-168e6a50fa50 req-78d4f209-151f-49af-864e-168e6a50fa50 ] Request (ServersAdminNegativeTestJSON:setUpClass): 200 GET http://10.180.1.21/compute/v2.1/servers/5ee7e59e-98e3-45ea-a417-04846bc4a953 2.376s
2024-12-11 12:29:34.601 66469 INFO tempest.lib.common.rest_client [req-7bcd431b-343b-431b-b623-c155592a3193 req-7bcd431b-343b-431b-b623-c155592a3193 ] Request (HypervisorAdminNegativeTestJSON:tearDownClass): 204 DELETE http://10.180.1.21/identity/v3/projects/ba62cd40eb284f22a08538d25f11d878 0.085s
2024-12-11 12:29:34.601 66469 INFO tempest.lib.common.dynamic_creds [-] Deleting project and security group for project: 5abe1d478f954001b00c3e55e28cead3
2024-12-11 12:29:34.693 66465 INFO tempest.lib.common.rest_client [req-874c22fb-f502-469c-918d-b8a2f0bd4408 req-874c22fb-f502-469c-918d-b8a2f0bd4408 ] Request (FloatingIPDetailsTestJSON:setUpClass): 200 POST http://10.180.1.21/compute/v2.1/os-floating-ips 3.763s
2024-12-11 12:29:34.731 66469 INFO tempest.lib.common.rest_client [req-514a073a-7a56-4b5c-931d-3b3a9c302c0a req-514a073a-7a56-4b5c-931d-3b3a9c302c0a ] Request (HypervisorAdminNegativeTestJSON:tearDownClass): 200 GET http://10.180.1.21:9696/networking/v2.0/security-groups?tenant_id=5abe1d478f954001b00c3e55e28cead3&name=default 0.130s
2024-12-11 12:29:34.741 66499 INFO tempest.lib.common.rest_client [req-39dadd5b-1a2d-43a1-b023-4dd168b54ef5 req-39dadd5b-1a2d-43a1-b023-4dd168b54ef5 ] Request (ServerExternalEventsTest:test_create_server_external_events): 200 GET http://10.180.1.21/compute/v2.1/servers/1d2670a8-da71-4689-98d3-f23a84db3452 2.415s
2024-12-11 12:29:34.814 66505 INFO tempest.lib.common.rest_client [req-bc797bf6-d911-456c-8144-61f30ec81e74 req-bc797bf6-d911-456c-8144-61f30ec81e74 ] Request (ServerDiagnosticsV248Test:tearDownClass): 200 GET http://10.180.1.21/compute/v2.1/servers/55e060d3-6fa8-4858-84cb-8167f0056b7e 2.191s
2024-12-11 12:29:34.853 66469 INFO tempest.lib.common.rest_client [req-baa4b304-b55c-4f94-ac9d-e55f37f3d9ff req-baa4b304-b55c-4f94-ac9d-e55f37f3d9ff ] Request (HypervisorAdminNegativeTestJSON:tearDownClass): 204 DELETE http://10.180.1.21:9696/networking/v2.0/security-groups/878b9ff5-37f7-4545-b50f-bfafb57694a9 0.121s
2024-12-11 12:29:34.889 66461 INFO tempest.lib.common.rest_client [req-77171f07-1ad1-4ec1-a33f-2dd523a712ed req-77171f07-1ad1-4ec1-a33f-2dd523a712ed ] Request (ServersWithSpecificFlavorTestJSON:test_verify_created_server_ephemeral_disk): 200 GET http://10.180.1.21/compute/v2.1/servers/9ea7c0b0-e336-40fb-8e45-edcdb7f6d8b1 1.963s
2024-12-11 12:29:34.907 66487 INFO tempest.lib.common.rest_client [req-0aa42ac0-3796-4f25-b2b4-6a2978b3b5e4 req-0aa42ac0-3796-4f25-b2b4-6a2978b3b5e4 ] Request (ServersTestFqdnHostnames:setUpClass): 201 POST http://10.180.1.21:9696/networking/v2.0/routers 1.873s
2024-12-11 12:29:34.955 66503 INFO tempest.lib.common.rest_client [req-58a08dc7-7953-4485-b133-b468c039f496 req-58a08dc7-7953-4485-b133-b468c039f496 ] Request (AttachInterfacesUnderV243Test:test_add_remove_fixed_ip): 200 GET http://10.180.1.21/compute/v2.1/servers/b49674e8-0ae9-4130-b0c2-dc38d0c76a90 1.953s
2024-12-11 12:29:34.956 66459 INFO tempest.lib.common.rest_client [req-406eab36-8ef7-4c76-af3b-de10b09818a4 req-406eab36-8ef7-4c76-af3b-de10b09818a4 ] Request (SecurityGroupRulesNegativeTestJSON:tearDownClass): 202 DELETE http://10.180.1.21/compute/v2.1/os-security-groups/7a349883-7032-4e53-9408-531109bd22f3 2.143s
2024-12-11 12:29:35.013 66467 INFO tempest.lib.common.rest_client [req-cf4b3a2d-c288-4d26-945b-81c0abb8b576 req-cf4b3a2d-c288-4d26-945b-81c0abb8b576 ] Request (FloatingIPsAssociationTestJSON:setUpClass): 200 GET http://10.180.1.21/compute/v2.1/servers/024ba1e3-9d5f-4345-a522-d2fbe6c361b0 1.934s
2024-12-11 12:29:35.040 66469 INFO tempest.lib.common.rest_client [req-80a79216-95c2-44b9-8a43-d75367c6f87e req-80a79216-95c2-44b9-8a43-d75367c6f87e ] Request (HypervisorAdminNegativeTestJSON:tearDownClass): 204 DELETE http://10.180.1.21/identity/v3/projects/5abe1d478f954001b00c3e55e28cead3 0.187s
2024-12-11 12:29:35.073 66501 INFO tempest.lib.common.rest_client [req-f57c687e-8241-415e-a3aa-30fb66c2898d req-f57c687e-8241-415e-a3aa-30fb66c2898d ] Request (QuotaClassesAdminTestJSON:_run_cleanups): 200 PUT http://10.180.1.21/compute/v2.1/os-quota-class-sets/default 2.044s
2024-12-11 12:29:35.096 66497 INFO tempest.lib.common.rest_client [req-c85d291b-8e51-4567-b92e-002da8c5fffa req-c85d291b-8e51-4567-b92e-002da8c5fffa ] Request (ServersTestManualDisk:setUpClass): 200 GET http://10.180.1.21/compute/v2.1/servers/f7db65c0-b6b6-4e7a-bc19-f29b6794cff0 1.971s
2024-12-11 12:29:35.126 66469 INFO tempest.lib.common.rest_client [req-d9c23cec-21d0-46a1-acd2-7ad0d41fecb6 req-d9c23cec-21d0-46a1-acd2-7ad0d41fecb6 ] Request (FloatingIPsAssociationNegativeTestJSON:setUpClass): 201 POST http://10.180.1.21/identity/v3/auth/tokens 0.085s
2024-12-11 12:29:35.201 66501 INFO tempest.lib.common.rest_client [req-4bb80324-f192-40ed-b448-62cc57b1e910 req-4bb80324-f192-40ed-b448-62cc57b1e910 ] Request (QuotaClassesAdminTestJSON:tearDownClass): 204 DELETE http://10.180.1.21/identity/v3/users/a9d288dcc11c4f09bbc81cf66b2d2599 0.124s
2024-12-11 12:29:35.276 66469 INFO tempest.lib.common.rest_client [req-4ad3940e-b0c0-484c-bcf7-639d7fba0edf req-4ad3940e-b0c0-484c-bcf7-639d7fba0edf ] Request (FloatingIPsAssociationNegativeTestJSON:setUpClass): 201 POST http://10.180.1.21/identity/v3/auth/tokens 0.148s
2024-12-11 12:29:35.326 66469 INFO tempest.lib.common.rest_client [req-d801b58a-e141-4511-8546-ce217a6ef510 req-d801b58a-e141-4511-8546-ce217a6ef510 ] Request (FloatingIPsAssociationNegativeTestJSON:setUpClass): 200 GET http://10.180.1.21/identity/v3/domains?name=Default 0.049s
2024-12-11 12:29:35.344 66501 INFO tempest.lib.common.rest_client [req-618f2f91-d5b4-4f65-9572-9480e42a800d req-618f2f91-d5b4-4f65-9572-9480e42a800d ] Request (QuotaClassesAdminTestJSON:tearDownClass): 204 DELETE http://10.180.1.21/identity/v3/users/6932d2dad725482ab8e0d63832577d88 0.143s
2024-12-11 12:29:35.344 66501 INFO tempest.lib.common.dynamic_creds [-] Deleting project and security group for project: f741aa8166714f31bb03cc855f808d20
2024-12-11 12:29:35.356 66449 INFO tempest.lib.common.rest_client [req-6c5d0baa-2d4c-41f8-9fce-a43027fc05d6 req-6c5d0baa-2d4c-41f8-9fce-a43027fc05d6 ] Request (ImagesOneServerNegativeTestJSON:setUpClass): 200 GET http://10.180.1.21/compute/v2.1/servers/decfd5f0-3c57-4230-b6cf-5ffc541c53bf 2.227s
2024-12-11 12:29:35.369 66449 INFO tempest.common.waiters [-] State transition "BUILD/networking" ==> "BUILD/spawning" after 25 second wait
2024-12-11 12:29:35.380 66473 INFO tempest.lib.common.rest_client [req-288d2526-e408-4a61-a902-cd4e92d38b40 req-288d2526-e408-4a61-a902-cd4e92d38b40 ] Request (FlavorsAdminTestJSON:test_is_public_string_variations): 200 POST http://10.180.1.21/compute/v2.1/flavors 2.237s
2024-12-11 12:29:35.396 66451 INFO tempest.lib.common.rest_client [req-3df6f281-75f4-4961-be24-85d1d4402e00 req-3df6f281-75f4-4961-be24-85d1d4402e00 ] Request (KeyPairsV22TestJSON:_run_cleanups): 204 DELETE http://10.180.1.21/compute/v2.1/os-keypairs/tempest-KeyPairsV22TestJSON-keypair-1346873081 2.239s
2024-12-11 12:29:35.399 66469 INFO tempest.lib.common.rest_client [req-e19743a4-70fd-43e8-b549-8b5832031b0e req-e19743a4-70fd-43e8-b549-8b5832031b0e ] Request (FloatingIPsAssociationNegativeTestJSON:setUpClass): 201 POST http://10.180.1.21/identity/v3/projects 0.072s
2024-12-11 12:29:35.409 66501 INFO tempest.lib.common.rest_client [req-90a62045-a1b7-4664-9ec3-897fee338d61 req-90a62045-a1b7-4664-9ec3-897fee338d61 ] Request (QuotaClassesAdminTestJSON:tearDownClass): 201 POST http://10.180.1.21/identity/v3/auth/tokens 0.064s
2024-12-11 12:29:35.429 66481 INFO tempest.lib.common.rest_client [req-ac792f0b-fd14-44a2-89aa-f749506ab3f2 req-ac792f0b-fd14-44a2-89aa-f749506ab3f2 ] Request (AggregatesAdminNegativeTestJSON:test_aggregate_remove_host_as_user): 200 POST http://10.180.1.21/compute/v2.1/os-aggregates 2.264s
2024-12-11 12:29:35.476 66469 INFO tempest.lib.common.rest_client [req-7ae34b5a-5271-4d86-a76d-e4613ee2fdb9 req-7ae34b5a-5271-4d86-a76d-e4613ee2fdb9 ] Request (FloatingIPsAssociationNegativeTestJSON:setUpClass): 201 POST http://10.180.1.21/identity/v3/users 0.077s
2024-12-11 12:29:35.497 66469 INFO tempest.lib.common.rest_client [req-36c6775b-d723-4eb4-a8f2-0c7020361b35 req-36c6775b-d723-4eb4-a8f2-0c7020361b35 ] Request (FloatingIPsAssociationNegativeTestJSON:setUpClass): 200 GET http://10.180.1.21/identity/v3/roles 0.020s
2024-12-11 12:29:35.508 66443 INFO tempest.lib.common.rest_client [req-49a7c76e-7a3d-4611-a161-2b096ca2f3ec req-49a7c76e-7a3d-4611-a161-2b096ca2f3ec ] Request (AttachInterfacesV270Test:test_create_get_list_interfaces): 200 GET http://10.180.1.21/compute/v2.1/servers/c28d0db2-c24e-4a71-bd0f-1901be67aa1b 2.317s
2024-12-11 12:29:35.550 66469 INFO tempest.lib.common.rest_client [req-e7950fe6-e396-4aff-8c45-bfeb55fd3e65 req-e7950fe6-e396-4aff-8c45-bfeb55fd3e65 ] Request (FloatingIPsAssociationNegativeTestJSON:setUpClass): 204 PUT http://10.180.1.21/identity/v3/projects/8cc57588377a4db4a6808c743dd7ef1f/users/fa1a8776181f4dc4949da8149997cef6/roles/e2d18dc430f44604b0c87e82191073ea 0.052s
2024-12-11 12:29:35.550 66469 INFO tempest.lib.common.dynamic_creds [-] Dynamic test user fa1a8776181f4dc4949da8149997cef6 is created with scope project and roles: ['member']
2024-12-11 12:29:35.551 66469 INFO tempest.lib.common.dynamic_creds [-] Acquired dynamic creds: credentials: Credentials: {'domain_id': 'default', 'domain_name': 'Default', 'username': 'tempest-FloatingIPsAssociationNegativeTestJSON-45858599-project-member', 'project_domain_id': 'default', 'project_domain_name': 'Default', 'project_id': '8cc57588377a4db4a6808c743dd7ef1f', 'project_name': 'tempest-FloatingIPsAssociationNegativeTestJSON-45858599', 'tenant_id': '8cc57588377a4db4a6808c743dd7ef1f', 'tenant_name': 'tempest-FloatingIPsAssociationNegativeTestJSON-45858599', 'user_domain_id': 'default', 'user_domain_name': 'Default', 'user_id': 'fa1a8776181f4dc4949da8149997cef6', 'system': None}, Network: None, Subnet: None, Router: None
2024-12-11 12:29:35.584 66447 INFO tempest.lib.common.rest_client [req-83ce224e-362b-4a76-9552-677649f7fad3 req-83ce224e-362b-4a76-9552-677649f7fad3 ] Request (InstanceActionsNegativeTestJSON:setUpClass): 200 GET http://10.180.1.21/compute/v2.1/servers/efd6ac8e-019b-4ad2-b11e-13db5059201b 2.314s
2024-12-11 12:29:35.615 66485 INFO tempest.lib.common.rest_client [req-db82a9d6-b50e-4132-93e4-bbe7d63384c6 req-db82a9d6-b50e-4132-93e4-bbe7d63384c6 ] Request (ServerDiagnosticsTest:tearDownClass): 404 GET http://10.180.1.21/compute/v2.1/servers/f23024ac-227c-4b6e-831d-7d58d6e41be9 2.253s
2024-12-11 12:29:35.642 66469 INFO tempest.lib.common.rest_client [req-bd23ac61-5ca8-4b38-86d8-41f9bc11456d req-bd23ac61-5ca8-4b38-86d8-41f9bc11456d ] Request (FloatingIPsAssociationNegativeTestJSON:setUpClass): 201 POST http://10.180.1.21/identity/v3/auth/tokens 0.091s
2024-12-11 12:29:35.655 66457 INFO tempest.lib.common.rest_client [req-8fe5bea5-6368-4b78-949b-804cf31fe8b3 req-8fe5bea5-6368-4b78-949b-804cf31fe8b3 ] Request (HypervisorAdminV228Test:test_get_list_hypervisor_details): 200 GET http://10.180.1.21/compute/v2.1/os-hypervisors/1 2.153s
2024-12-11 12:29:35.762 66485 INFO tempest.lib.common.rest_client [req-d4322ca1-bcf5-45fd-9b69-8ddaece90e51 req-d4322ca1-bcf5-45fd-9b69-8ddaece90e51 ] Request (ServerDiagnosticsTest:tearDownClass): 204 DELETE http://10.180.1.21/identity/v3/users/d15c72bb2a24465882f5c7a8b57d203f 0.146s
2024-12-11 12:29:35.791 66457 INFO tempest.lib.common.rest_client [req-baa9b8c3-d62a-4e83-a749-19adc17f2d71 req-baa9b8c3-d62a-4e83-a749-19adc17f2d71 ] Request (HypervisorAdminV228Test:tearDownClass): 204 DELETE http://10.180.1.21/identity/v3/users/47145b3d382d485294c5ebb1e7996c9f 0.125s
2024-12-11 12:29:35.863 66501 INFO tempest.lib.common.rest_client [req-a695e453-2dce-4a46-865a-33db36b505a9 req-a695e453-2dce-4a46-865a-33db36b505a9 ] Request (QuotaClassesAdminTestJSON:tearDownClass): 200 GET http://10.180.1.21:9696/networking/v2.0/security-groups?tenant_id=f741aa8166714f31bb03cc855f808d20&name=default 0.454s
2024-12-11 12:29:35.928 66496 INFO tempest.lib.common.rest_client [req-da8f40db-3e52-40d3-a9fd-b8182e8ed4c1 req-da8f40db-3e52-40d3-a9fd-b8182e8ed4c1 ] Request (VolumesAssistedSnapshotsTest:test_volume_assisted_snapshot_create_delete): 200 GET http://10.180.1.21/compute/v2.1/servers/c8fb0191-9677-4361-8ed4-5592fd35be72 2.392s
2024-12-11 12:29:35.936 66457 INFO tempest.lib.common.rest_client [req-df367023-ae11-46f1-aeb4-427072c17bb9 req-df367023-ae11-46f1-aeb4-427072c17bb9 ] Request (HypervisorAdminV228Test:tearDownClass): 204 DELETE http://10.180.1.21/identity/v3/users/5a32d56906264e0b9a2ba5f7ea1b998a 0.144s
2024-12-11 12:29:35.937 66457 INFO tempest.lib.common.dynamic_creds [-] Deleting project and security group for project: c7e344bec8ee478fb53d8c23e67e9cb2
2024-12-11 12:29:35.942 66476 INFO tempest.lib.common.rest_client [req-a9ea8744-f8e7-4b6d-a156-5d1a7939a4e3 req-a9ea8744-f8e7-4b6d-a156-5d1a7939a4e3 ] Request (ServerAddressesNegativeTestJSON:setUpClass): 202 POST http://10.180.1.21/compute/v2.1/servers 2.805s
2024-12-11 12:29:35.950 66485 INFO tempest.lib.common.rest_client [req-d3dafe50-2eb4-4881-8743-04dbce2f416b req-d3dafe50-2eb4-4881-8743-04dbce2f416b ] Request (ServerDiagnosticsTest:tearDownClass): 204 DELETE http://10.180.1.21/identity/v3/users/759151cd7e904abab374937d4c8fb729 0.187s
2024-12-11 12:29:35.950 66485 INFO tempest.lib.common.dynamic_creds [-] Deleting project and security group for project: ee9493c713a2452fbc177665bd47bb29
2024-12-11 12:29:36.044 66457 INFO tempest.lib.common.rest_client [req-094b971c-2119-47ce-8f34-8c2745204ae2 req-094b971c-2119-47ce-8f34-8c2745204ae2 ] Request (HypervisorAdminV228Test:tearDownClass): 201 POST http://10.180.1.21/identity/v3/auth/tokens 0.107s
2024-12-11 12:29:36.056 66501 INFO tempest.lib.common.rest_client [req-8d5066b5-1dba-44d2-a5c0-a949593b7c2f req-8d5066b5-1dba-44d2-a5c0-a949593b7c2f ] Request (QuotaClassesAdminTestJSON:tearDownClass): 204 DELETE http://10.180.1.21:9696/networking/v2.0/security-groups/4a9d5fc5-a226-4dcd-b0c1-a17b5ed62084 0.192s
2024-12-11 12:29:36.062 66453 INFO tempest.lib.common.rest_client [req-28ce12e8-79b4-4b64-b7d2-8424a7bce8f4 req-28ce12e8-79b4-4b64-b7d2-8424a7bce8f4 ] Request (ListServersNegativeTestJSON:setUpClass): 204 DELETE http://10.180.1.21/compute/v2.1/servers/8010219a-1550-462c-8e87-097a2b079d44 2.129s
2024-12-11 12:29:36.071 66485 INFO tempest.lib.common.rest_client [req-ec8169b2-d928-49cb-8215-b47796073851 req-ec8169b2-d928-49cb-8215-b47796073851 ] Request (ServerDiagnosticsTest:tearDownClass): 201 POST http://10.180.1.21/identity/v3/auth/tokens 0.121s
2024-12-11 12:29:36.168 66493 INFO tempest.lib.common.rest_client [req-30bb0d61-9275-4a06-bc02-f2522d7b35b8 req-30bb0d61-9275-4a06-bc02-f2522d7b35b8 ] Request (ServersV294TestFqdnHostnames:setUpClass): 201 POST http://10.180.1.21/compute/v2.1/os-keypairs 2.199s
2024-12-11 12:29:36.194 66501 INFO tempest.lib.common.rest_client [req-51d1bc91-a992-4c0f-b096-bafaffa9528f req-51d1bc91-a992-4c0f-b096-bafaffa9528f ] Request (QuotaClassesAdminTestJSON:tearDownClass): 204 DELETE http://10.180.1.21/identity/v3/projects/f741aa8166714f31bb03cc855f808d20 0.138s
2024-12-11 12:29:36.195 66501 INFO tempest.lib.common.dynamic_creds [-] Deleting project and security group for project: 39f8e79ea24d4f9085efb2f9e28410cd
2024-12-11 12:29:36.216 66477 INFO tempest.lib.common.rest_client [req-5cd7eaae-286f-4db2-8c6d-972a6d081c61 req-5cd7eaae-286f-4db2-8c6d-972a6d081c61 ] Request (ImagesTestJSON:test_create_image_from_stopped_server): 200 GET http://10.180.1.21/compute/v2.1/images/308f9b1d-3609-4e84-8985-cbd993e821e5 1.986s
2024-12-11 12:29:36.222 66469 INFO tempest.lib.common.rest_client [req-a7846068-9b6c-4e70-b771-1dbbb61170ff req-a7846068-9b6c-4e70-b771-1dbbb61170ff ] Request (FloatingIPsAssociationNegativeTestJSON:setUpClass): 201 POST http://10.180.1.21:9696/networking/v2.0/networks 0.580s
2024-12-11 12:29:36.289 66455 INFO tempest.lib.common.rest_client [req-dcb29a19-9889-4c2d-83f6-4748d8df09d8 req-dcb29a19-9889-4c2d-83f6-4748d8df09d8 ] Request (ImagesOneServerTestJSON:setUpClass): 200 GET http://10.180.1.21/compute/v2.1/servers/b3197e09-444d-43fe-a8da-1b69794c4ea0 1.968s
2024-12-11 12:29:36.369 66483 INFO tempest.lib.common.rest_client [req-8d5bac21-5484-47eb-9ef5-16e98934bc81 req-8d5bac21-5484-47eb-9ef5-16e98934bc81 ] Request (InstanceActionsTestJSON:setUpClass): 200 GET http://10.180.1.21/compute/v2.1/servers/c52a0bdc-7637-4186-bbbb-fcc2d7022ae4 1.987s
2024-12-11 12:29:36.389 66479 INFO tempest.lib.common.rest_client [req-259597db-4608-4065-9f0b-283089de011a req-259597db-4608-4065-9f0b-283089de011a ] Request (ListServerFiltersTestJSON:setUpClass): 200 GET http://10.180.1.21/compute/v2.1/servers/82ad51b2-ec4e-4fcb-86ae-b543a80bd50f 2.376s
2024-12-11 12:29:36.398 66479 INFO tempest.common.waiters [-] State transition "BUILD/spawning" ==> "ACTIVE/None" after 35 second wait
2024-12-11 12:29:36.453 66489 INFO tempest.lib.common.rest_client [req-f89559ec-5d96-4476-a7db-130204db684e req-f89559ec-5d96-4476-a7db-130204db684e ] Request (DeleteServersAdminTestJSON:test_admin_delete_servers_of_others): 200 GET http://10.180.1.21/compute/v2.1/servers/df066bf7-41de-4e0d-ad4f-2dbf6573f743 1.841s
2024-12-11 12:29:36.455 66485 INFO tempest.lib.common.rest_client [req-bdb528fa-f4a1-4f8a-9df9-4f4aafc68255 req-bdb528fa-f4a1-4f8a-9df9-4f4aafc68255 ] Request (ServerDiagnosticsTest:tearDownClass): 200 GET http://10.180.1.21:9696/networking/v2.0/security-groups?tenant_id=ee9493c713a2452fbc177665bd47bb29&name=default 0.383s
2024-12-11 12:29:36.496 66457 INFO tempest.lib.common.rest_client [req-8be1c41c-ee91-440e-bbeb-0675a46bced5 req-8be1c41c-ee91-440e-bbeb-0675a46bced5 ] Request (HypervisorAdminV228Test:tearDownClass): 200 GET http://10.180.1.21:9696/networking/v2.0/security-groups?tenant_id=c7e344bec8ee478fb53d8c23e67e9cb2&name=default 0.451s
2024-12-11 12:29:36.549 66445 INFO tempest.lib.common.rest_client [req-e47db9ce-21c1-45cb-b966-43fe62148123 req-e47db9ce-21c1-45cb-b966-43fe62148123 ] Request (DeleteServersTestJSON:test_delete_active_server): 200 GET http://10.180.1.21/compute/v2.1/servers/e6044b75-698a-4eae-a77e-74d92ec969fd 1.536s
2024-12-11 12:29:36.614 66493 INFO tempest.lib.common.rest_client [req-b215ac3d-2229-4273-8288-50a619e87f8b req-b215ac3d-2229-4273-8288-50a619e87f8b ] Request (ServersV294TestFqdnHostnames:setUpClass): 201 POST http://10.180.1.21:9696/networking/v2.0/security-groups 0.441s
2024-12-11 12:29:36.624 66501 INFO tempest.lib.common.rest_client [req-175a6503-ce92-408a-9777-5a5856a6ab5a req-175a6503-ce92-408a-9777-5a5856a6ab5a ] Request (QuotaClassesAdminTestJSON:tearDownClass): 200 GET http://10.180.1.21:9696/networking/v2.0/security-groups?tenant_id=39f8e79ea24d4f9085efb2f9e28410cd&name=default 0.428s
2024-12-11 12:29:36.647 66491 INFO tempest.lib.common.rest_client [req-68b54a1b-9db3-4919-8a60-2e41f259f5fa req-68b54a1b-9db3-4919-8a60-2e41f259f5fa ] Request (MigrationsAdminTest:test_list_migrations_in_flavor_resize_situation): 200 GET http://10.180.1.21/compute/v2.1/servers/d463557f-2915-4d0b-9ed9-cf8ad14a99e7 1.542s
2024-12-11 12:29:36.658 66491 INFO tempest.common.waiters [-] State transition "BUILD/scheduling" ==> "BUILD/None" after 12 second wait
2024-12-11 12:29:36.750 66473 INFO tempest.lib.common.rest_client [req-a9e6636b-9eca-498d-8152-4aa101571de8 req-a9e6636b-9eca-498d-8152-4aa101571de8 ] Request (FlavorsAdminTestJSON:test_is_public_string_variations): 200 GET http://10.180.1.21/compute/v2.1/flavors/detail?is_public=f 1.367s
2024-12-11 12:29:36.806 66451 INFO tempest.lib.common.rest_client [req-6b492637-0801-4a05-a3d9-507960d1bb71 req-6b492637-0801-4a05-a3d9-507960d1bb71 ] Request (KeyPairsV22TestJSON:test_keypairsv22_create_list_show): 201 POST http://10.180.1.21/compute/v2.1/os-keypairs 1.408s
2024-12-11 12:29:36.811 66485 INFO tempest.lib.common.rest_client [req-830c4b68-f32c-4a51-ab99-b60505cb2a4f req-830c4b68-f32c-4a51-ab99-b60505cb2a4f ] Request (ServerDiagnosticsTest:tearDownClass): 204 DELETE http://10.180.1.21:9696/networking/v2.0/security-groups/57d7175e-032f-4969-b485-082fea00f66d 0.355s
2024-12-11 12:29:36.895 66457 INFO tempest.lib.common.rest_client [req-a141c836-c120-4cdc-869b-806effa91a89 req-a141c836-c120-4cdc-869b-806effa91a89 ] Request (HypervisorAdminV228Test:tearDownClass): 204 DELETE http://10.180.1.21:9696/networking/v2.0/security-groups/252c6c6b-6b5d-4807-8b0c-512780749c4f 0.398s
2024-12-11 12:29:36.912 66469 INFO tempest.lib.common.rest_client [req-0d8174ac-3d49-412b-a339-226d892db5a7 req-0d8174ac-3d49-412b-a339-226d892db5a7 ] Request (FloatingIPsAssociationNegativeTestJSON:setUpClass): 201 POST http://10.180.1.21:9696/networking/v2.0/subnets 0.689s
2024-12-11 12:29:36.994 66457 INFO tempest.lib.common.rest_client [req-6d7bca55-2d0d-4c79-9816-a3fe412d3905 req-6d7bca55-2d0d-4c79-9816-a3fe412d3905 ] Request (HypervisorAdminV228Test:tearDownClass): 204 DELETE http://10.180.1.21/identity/v3/projects/c7e344bec8ee478fb53d8c23e67e9cb2 0.097s
2024-12-11 12:29:36.994 66457 INFO tempest.lib.common.dynamic_creds [-] Deleting project and security group for project: e1b7b69ae7a54a39a631f386376307ae
2024-12-11 12:29:37.024 66481 INFO tempest.lib.common.rest_client [req-6ad49030-17f6-477c-a963-7fa7265b4c01 req-6ad49030-17f6-477c-a963-7fa7265b4c01 ] Request (AggregatesAdminNegativeTestJSON:test_aggregate_remove_host_as_user): 200 POST http://10.180.1.21/compute/v2.1/os-aggregates/7/action 1.592s
2024-12-11 12:29:37.032 66485 INFO tempest.lib.common.rest_client [req-a6571659-ea7b-4611-9100-f7327a9d6213 req-a6571659-ea7b-4611-9100-f7327a9d6213 ] Request (ServerDiagnosticsTest:tearDownClass): 204 DELETE http://10.180.1.21/identity/v3/projects/ee9493c713a2452fbc177665bd47bb29 0.220s
2024-12-11 12:29:37.032 66485 INFO tempest.lib.common.dynamic_creds [-] Deleting project and security group for project: e811afbae51743eaa8684898470c8443
2024-12-11 12:29:37.070 66493 INFO tempest.lib.common.rest_client [req-145a206a-2cdd-4dec-8721-2aa7c82f3469 req-145a206a-2cdd-4dec-8721-2aa7c82f3469 ] Request (ServersV294TestFqdnHostnames:setUpClass): 201 POST http://10.180.1.21:9696/networking/v2.0/security-group-rules 0.455s
2024-12-11 12:29:37.082 66501 INFO tempest.lib.common.rest_client [req-d487eb08-a715-4dfb-a4ab-5cdc5bb3bbb7 req-d487eb08-a715-4dfb-a4ab-5cdc5bb3bbb7 ] Request (QuotaClassesAdminTestJSON:tearDownClass): 204 DELETE http://10.180.1.21:9696/networking/v2.0/security-groups/25f08851-d5bc-4fcc-9457-e9cb2f7b9ad2 0.457s
2024-12-11 12:29:37.228 66485 INFO tempest.lib.common.rest_client [req-9cb09abb-912a-41ec-85cc-a7f695cf8316 req-9cb09abb-912a-41ec-85cc-a7f695cf8316 ] Request (ServerDiagnosticsTest:tearDownClass): 200 GET http://10.180.1.21:9696/networking/v2.0/security-groups?tenant_id=e811afbae51743eaa8684898470c8443&name=default 0.196s
2024-12-11 12:29:37.271 66501 INFO tempest.lib.common.rest_client [req-168e9214-1b38-4091-9739-ec2ba72d540f req-168e9214-1b38-4091-9739-ec2ba72d540f ] Request (QuotaClassesAdminTestJSON:tearDownClass): 204 DELETE http://10.180.1.21/identity/v3/projects/39f8e79ea24d4f9085efb2f9e28410cd 0.189s
2024-12-11 12:29:37.337 66501 INFO tempest.lib.common.rest_client [req-99cc64c7-c18f-4dae-b109-4def9da051d1 req-99cc64c7-c18f-4dae-b109-4def9da051d1 ] Request (SecurityGroupsTestJSON:setUpClass): 201 POST http://10.180.1.21/identity/v3/auth/tokens 0.064s
2024-12-11 12:29:37.364 66501 INFO tempest.lib.common.rest_client [req-15877fab-1486-4908-b0e6-a9242225b42b req-15877fab-1486-4908-b0e6-a9242225b42b ] Request (SecurityGroupsTestJSON:setUpClass): 201 POST http://10.180.1.21/identity/v3/auth/tokens 0.025s
2024-12-11 12:29:37.389 66501 INFO tempest.lib.common.rest_client [req-be11bdc7-e905-4b98-bd1b-65e636e4a231 req-be11bdc7-e905-4b98-bd1b-65e636e4a231 ] Request (SecurityGroupsTestJSON:setUpClass): 200 GET http://10.180.1.21/identity/v3/domains?name=Default 0.024s
2024-12-11 12:29:37.394 66463 INFO tempest.lib.common.rest_client [req-e030099d-46fd-4d9b-b823-9d907aea7d22 req-e030099d-46fd-4d9b-b823-9d907aea7d22 ] Request (ServersAdminNegativeTestJSON:setUpClass): 200 GET http://10.180.1.21/compute/v2.1/servers/5ee7e59e-98e3-45ea-a417-04846bc4a953 1.843s
2024-12-11 12:29:37.402 66463 INFO tempest.common.waiters [-] State transition "BUILD/spawning" ==> "ACTIVE/None" after 36 second wait
2024-12-11 12:29:37.434 66501 INFO tempest.lib.common.rest_client [req-33980698-fd0e-48e8-bb16-77bb3ea2b350 req-33980698-fd0e-48e8-bb16-77bb3ea2b350 ] Request (SecurityGroupsTestJSON:setUpClass): 201 POST http://10.180.1.21/identity/v3/projects 0.044s
2024-12-11 12:29:37.514 66501 INFO tempest.lib.common.rest_client [req-61d3d801-c87b-4baa-944d-bac2e6368dbf req-61d3d801-c87b-4baa-944d-bac2e6368dbf ] Request (SecurityGroupsTestJSON:setUpClass): 201 POST http://10.180.1.21/identity/v3/users 0.080s
2024-12-11 12:29:37.536 66457 INFO tempest.lib.common.rest_client [req-36b61217-c843-4061-896e-0ed781e860a4 req-36b61217-c843-4061-896e-0ed781e860a4 ] Request (HypervisorAdminV228Test:tearDownClass): 200 GET http://10.180.1.21:9696/networking/v2.0/security-groups?tenant_id=e1b7b69ae7a54a39a631f386376307ae&name=default 0.542s
2024-12-11 12:29:37.538 66501 INFO tempest.lib.common.rest_client [req-a389bcad-bb73-48d6-8fc5-624dcec9fcf9 req-a389bcad-bb73-48d6-8fc5-624dcec9fcf9 ] Request (SecurityGroupsTestJSON:setUpClass): 200 GET http://10.180.1.21/identity/v3/roles 0.023s
2024-12-11 12:29:37.576 66501 INFO tempest.lib.common.rest_client [req-7570910f-e296-4ab7-9370-1edf406afbf9 req-7570910f-e296-4ab7-9370-1edf406afbf9 ] Request (SecurityGroupsTestJSON:setUpClass): 204 PUT http://10.180.1.21/identity/v3/projects/540e6d174d6c4c54800b2ebbc3ea5970/users/f775b17df70d4cf1bf275ca8f3779f6d/roles/e2d18dc430f44604b0c87e82191073ea 0.037s
2024-12-11 12:29:37.576 66501 INFO tempest.lib.common.dynamic_creds [-] Dynamic test user f775b17df70d4cf1bf275ca8f3779f6d is created with scope project and roles: ['member']
2024-12-11 12:29:37.576 66501 INFO tempest.lib.common.dynamic_creds [-] Acquired dynamic creds: credentials: Credentials: {'domain_id': 'default', 'domain_name': 'Default', 'username': 'tempest-SecurityGroupsTestJSON-1343319127-project-member', 'project_domain_id': 'default', 'project_domain_name': 'Default', 'project_id': '540e6d174d6c4c54800b2ebbc3ea5970', 'project_name': 'tempest-SecurityGroupsTestJSON-1343319127', 'tenant_id': '540e6d174d6c4c54800b2ebbc3ea5970', 'tenant_name': 'tempest-SecurityGroupsTestJSON-1343319127', 'user_domain_id': 'default', 'user_domain_name': 'Default', 'user_id': 'f775b17df70d4cf1bf275ca8f3779f6d', 'system': None}, Network: None, Subnet: None, Router: None
2024-12-11 12:29:37.576 66493 INFO tempest.lib.common.rest_client [req-621f8b63-c955-4096-b354-c73ebeb2fb38 req-621f8b63-c955-4096-b354-c73ebeb2fb38 ] Request (ServersV294TestFqdnHostnames:setUpClass): 201 POST http://10.180.1.21:9696/networking/v2.0/security-group-rules 0.506s
2024-12-11 12:29:37.665 66501 INFO tempest.lib.common.rest_client [req-e1a5de00-267a-404a-b55b-233495470382 req-e1a5de00-267a-404a-b55b-233495470382 ] Request (SecurityGroupsTestJSON:setUpClass): 201 POST http://10.180.1.21/identity/v3/auth/tokens 0.089s
2024-12-11 12:29:37.709 66499 INFO tempest.lib.common.rest_client [req-37e9a11a-7a45-4c31-8306-3be403c69e6b req-37e9a11a-7a45-4c31-8306-3be403c69e6b ] Request (ServerExternalEventsTest:test_create_server_external_events): 200 GET http://10.180.1.21/compute/v2.1/servers/1d2670a8-da71-4689-98d3-f23a84db3452 1.959s
2024-12-11 12:29:37.723 66485 INFO tempest.lib.common.rest_client [req-f9c04c15-ee0d-4db7-831e-20e59172d1c0 req-f9c04c15-ee0d-4db7-831e-20e59172d1c0 ] Request (ServerDiagnosticsTest:tearDownClass): 204 DELETE http://10.180.1.21:9696/networking/v2.0/security-groups/e0efca36-2dac-44be-8741-c70bf34a76af 0.494s
2024-12-11 12:29:37.829 66485 INFO tempest.lib.common.rest_client [req-a4b8e02a-aa05-4621-9b81-897698818c31 req-a4b8e02a-aa05-4621-9b81-897698818c31 ] Request (ServerDiagnosticsTest:tearDownClass): 204 DELETE http://10.180.1.21/identity/v3/projects/e811afbae51743eaa8684898470c8443 0.105s
2024-12-11 12:29:37.840 66505 INFO tempest.lib.common.rest_client [req-8feb0170-2189-4410-8f13-c28c7291793b req-8feb0170-2189-4410-8f13-c28c7291793b ] Request (ServerDiagnosticsV248Test:tearDownClass): 200 GET http://10.180.1.21/compute/v2.1/servers/55e060d3-6fa8-4858-84cb-8167f0056b7e 2.018s
2024-12-11 12:29:37.888 66457 INFO tempest.lib.common.rest_client [req-213ea623-d0e0-4069-b3ad-a88438c13e98 req-213ea623-d0e0-4069-b3ad-a88438c13e98 ] Request (HypervisorAdminV228Test:tearDownClass): 204 DELETE http://10.180.1.21:9696/networking/v2.0/security-groups/62707c7f-e6c1-4874-ade0-e670e3e54c94 0.350s
2024-12-11 12:29:37.900 66485 INFO tempest.lib.common.rest_client [req-c6f80ead-0b8e-4294-94cb-5290b9d19530 req-c6f80ead-0b8e-4294-94cb-5290b9d19530 ] Request (VolumesAdminNegativeTest:setUpClass): 201 POST http://10.180.1.21/identity/v3/auth/tokens 0.069s
2024-12-11 12:29:37.922 66461 INFO tempest.lib.common.rest_client [req-ceaf6c04-bde6-4082-b39c-0234b21ac46e req-ceaf6c04-bde6-4082-b39c-0234b21ac46e ] Request (ServersWithSpecificFlavorTestJSON:test_verify_created_server_ephemeral_disk): 200 GET http://10.180.1.21/compute/v2.1/servers/9ea7c0b0-e336-40fb-8e45-edcdb7f6d8b1 2.020s
2024-12-11 12:29:37.924 66459 INFO tempest.lib.common.rest_client [req-11539770-f007-48a9-a8b9-e9d94fd48559 req-11539770-f007-48a9-a8b9-e9d94fd48559 ] Request (SecurityGroupRulesNegativeTestJSON:tearDownClass): 200 PUT http://10.180.1.21:9696/networking/v2.0/routers/b55a2d54-0732-482e-a945-bff943bb447a/remove_router_interface 2.967s
2024-12-11 12:29:37.930 66485 INFO tempest.lib.common.rest_client [req-d9f7405f-ce8a-4d3d-9035-7d98f0eb9758 req-d9f7405f-ce8a-4d3d-9035-7d98f0eb9758 ] Request (VolumesAdminNegativeTest:setUpClass): 201 POST http://10.180.1.21/identity/v3/auth/tokens 0.028s
2024-12-11 12:29:37.960 66485 INFO tempest.lib.common.rest_client [req-1ed7fc61-c07d-4d6d-922a-6c219c4b14b0 req-1ed7fc61-c07d-4d6d-922a-6c219c4b14b0 ] Request (VolumesAdminNegativeTest:setUpClass): 200 GET http://10.180.1.21/identity/v3/domains?name=Default 0.029s
2024-12-11 12:29:37.992 66457 INFO tempest.lib.common.rest_client [req-7e5844e1-7c3b-44eb-8d8f-1a89033bebce req-7e5844e1-7c3b-44eb-8d8f-1a89033bebce ] Request (HypervisorAdminV228Test:tearDownClass): 204 DELETE http://10.180.1.21/identity/v3/projects/e1b7b69ae7a54a39a631f386376307ae 0.104s
2024-12-11 12:29:37.999 66476 INFO tempest.lib.common.rest_client [req-de10cb8b-c2d2-42b2-b0e4-f46dd3ab2264 req-de10cb8b-c2d2-42b2-b0e4-f46dd3ab2264 ] Request (ServerAddressesNegativeTestJSON:setUpClass): 200 GET http://10.180.1.21/compute/v2.1/servers/c07ade89-c57b-4f7e-8c67-2db8f7ae4487 2.052s
2024-12-11 12:29:38.023 66457 INFO tempest.lib.common.rest_client [req-fdbed6b8-06b7-479c-980e-cf3bb2a4ecb1 req-fdbed6b8-06b7-479c-980e-cf3bb2a4ecb1 ] Request (ServerPasswordTestJSON:setUpClass): 201 POST http://10.180.1.21/identity/v3/auth/tokens 0.029s
2024-12-11 12:29:38.037 66485 INFO tempest.lib.common.rest_client [req-61e14761-54e5-42f1-8b5e-0bc0b037be87 req-61e14761-54e5-42f1-8b5e-0bc0b037be87 ] Request (VolumesAdminNegativeTest:setUpClass): 201 POST http://10.180.1.21/identity/v3/projects 0.077s
2024-12-11 12:29:38.082 66457 INFO tempest.lib.common.rest_client [req-2a0d5ba4-4553-4e73-be2e-fbb635bb22b3 req-2a0d5ba4-4553-4e73-be2e-fbb635bb22b3 ] Request (ServerPasswordTestJSON:setUpClass): 201 POST http://10.180.1.21/identity/v3/auth/tokens 0.056s
2024-12-11 12:29:38.104 66457 INFO tempest.lib.common.rest_client [req-dfc216bc-a710-4a31-aa93-bd9dfe30848d req-dfc216bc-a710-4a31-aa93-bd9dfe30848d ] Request (ServerPasswordTestJSON:setUpClass): 200 GET http://10.180.1.21/identity/v3/domains?name=Default 0.021s
2024-12-11 12:29:38.110 66485 INFO tempest.lib.common.rest_client [req-0cfede6d-a6ad-4ca7-873b-69161dd11954 req-0cfede6d-a6ad-4ca7-873b-69161dd11954 ] Request (VolumesAdminNegativeTest:setUpClass): 201 POST http://10.180.1.21/identity/v3/users 0.072s
2024-12-11 12:29:38.129 66485 INFO tempest.lib.common.rest_client [req-ecd89094-c980-40a4-a7bb-80d96ab59177 req-ecd89094-c980-40a4-a7bb-80d96ab59177 ] Request (VolumesAdminNegativeTest:setUpClass): 200 GET http://10.180.1.21/identity/v3/roles 0.018s
2024-12-11 12:29:38.131 66457 INFO tempest.lib.common.rest_client [req-4f613282-3ee8-4de9-badd-dade42f8cedb req-4f613282-3ee8-4de9-badd-dade42f8cedb ] Request (ServerPasswordTestJSON:setUpClass): 201 POST http://10.180.1.21/identity/v3/projects 0.027s
2024-12-11 12:29:38.202 66485 INFO tempest.lib.common.rest_client [req-38e902f6-7996-430d-a123-8b020863709c req-38e902f6-7996-430d-a123-8b020863709c ] Request (VolumesAdminNegativeTest:setUpClass): 204 PUT http://10.180.1.21/identity/v3/projects/cd7e8dfe6cc74beca7337cf05c29472c/users/5125cf18f4f94578939d09222973df4c/roles/e2d18dc430f44604b0c87e82191073ea 0.072s
2024-12-11 12:29:38.203 66485 INFO tempest.lib.common.dynamic_creds [-] Dynamic test user 5125cf18f4f94578939d09222973df4c is created with scope project and roles: ['member']
2024-12-11 12:29:38.203 66485 INFO tempest.lib.common.dynamic_creds [-] Acquired dynamic creds: credentials: Credentials: {'domain_id': 'default', 'domain_name': 'Default', 'username': 'tempest-VolumesAdminNegativeTest-120484436-project-member', 'project_domain_id': 'default', 'project_domain_name': 'Default', 'project_id': 'cd7e8dfe6cc74beca7337cf05c29472c', 'project_name': 'tempest-VolumesAdminNegativeTest-120484436', 'tenant_id': 'cd7e8dfe6cc74beca7337cf05c29472c', 'tenant_name': 'tempest-VolumesAdminNegativeTest-120484436', 'user_domain_id': 'default', 'user_domain_name': 'Default', 'user_id': '5125cf18f4f94578939d09222973df4c', 'system': None}, Network: None, Subnet: None, Router: None
2024-12-11 12:29:38.208 66457 INFO tempest.lib.common.rest_client [req-085c2b53-154e-41b2-9ed1-8712de3c328a req-085c2b53-154e-41b2-9ed1-8712de3c328a ] Request (ServerPasswordTestJSON:setUpClass): 201 POST http://10.180.1.21/identity/v3/users 0.076s
2024-12-11 12:29:38.252 66487 INFO tempest.lib.common.rest_client [req-e0b46385-176f-4980-b72d-b64941792b99 req-e0b46385-176f-4980-b72d-b64941792b99 ] Request (ServersTestFqdnHostnames:setUpClass): 200 PUT http://10.180.1.21:9696/networking/v2.0/routers/e59d5053-0028-4467-a216-35cbbc5d3028/add_router_interface 3.344s
2024-12-11 12:29:38.253 66487 INFO tempest.lib.common.dynamic_creds [-] Created isolated network resources for: credentials: Credentials: {'domain_id': 'default', 'domain_name': 'Default', 'username': 'tempest-ServersTestFqdnHostnames-1439532219-project-member', 'project_domain_id': 'default', 'project_domain_name': 'Default', 'project_id': '4d3b8e1ad0964f52a42f8e1a5c952d7b', 'project_name': 'tempest-ServersTestFqdnHostnames-1439532219', 'tenant_id': '4d3b8e1ad0964f52a42f8e1a5c952d7b', 'tenant_name': 'tempest-ServersTestFqdnHostnames-1439532219', 'user_domain_id': 'default', 'user_domain_name': 'Default', 'user_id': 'eeb9602acf414af6890ff90167492ab7', 'system': None}, Network: {'id': '813e7799-a62c-4cbb-a263-bf18ce03868f', 'name': 'tempest-ServersTestFqdnHostnames-132355866-network', 'tenant_id': '4d3b8e1ad0964f52a42f8e1a5c952d7b', 'admin_state_up': True, 'mtu': 8950, 'status': 'ACTIVE', 'subnets': [], 'shared': False, 'project_id': '4d3b8e1ad0964f52a42f8e1a5c952d7b', 'port_security_enabled': True, 'router:external': False, 'provider:network_type': 'vlan', 'provider:physical_network': 'default', 'provider:segmentation_id': 495, 'availability_zone_hints': [], 'availability_zones': [], 'ipv4_address_scope': None, 'ipv6_address_scope': None, 'description': '', 'tags': [], 'created_at': '2024-12-11T12:29:32Z', 'updated_at': '2024-12-11T12:29:32Z', 'revision_number': 1}, Subnet: {'id': '91ba3bac-3ba4-4876-b477-0571f8148aa9', 'name': 'tempest-ServersTestFqdnHostnames-132355866-subnet', 'tenant_id': '4d3b8e1ad0964f52a42f8e1a5c952d7b', 'network_id': '813e7799-a62c-4cbb-a263-bf18ce03868f', 'ip_version': 4, 'subnetpool_id': None, 'enable_dhcp': True, 'ipv6_ra_mode': None, 'ipv6_address_mode': None, 'gateway_ip': '192.168.128.1', 'cidr': '192.168.128.0/28', 'allocation_pools': [{'start': '192.168.128.2', 'end': '192.168.128.14'}], 'host_routes': [], 'dns_nameservers': [], 'description': '', 'router:external': False, 'service_types': [], 'tags': [], 'created_at': '2024-12-11T12:29:32Z', 'updated_at': '2024-12-11T12:29:32Z', 'revision_number': 0, 'project_id': '4d3b8e1ad0964f52a42f8e1a5c952d7b'}, Router: {'id': 'e59d5053-0028-4467-a216-35cbbc5d3028', 'name': 'tempest-ServersTestFqdnHostnames-132355866-router', 'tenant_id': '4d3b8e1ad0964f52a42f8e1a5c952d7b', 'admin_state_up': True, 'status': 'ACTIVE', 'external_gateway_info': {'network_id': '1a72f909-9fe2-4945-88fe-a2cce4b8911f', 'external_fixed_ips': [{'subnet_id': '6aa1be4d-1c82-41b6-b2f1-c0b7ecbc72ee', 'ip_address': '10.180.180.200'}], 'enable_snat': True}, 'description': '', 'availability_zones': [], 'distributed': False, 'ha': False, 'availability_zone_hints': [], 'routes': [], 'flavor_id': None, 'tags': [], 'created_at': '2024-12-11T12:29:33Z', 'updated_at': '2024-12-11T12:29:34Z', 'revision_number': 2, 'project_id': '4d3b8e1ad0964f52a42f8e1a5c952d7b'}
2024-12-11 12:29:38.278 66457 INFO tempest.lib.common.rest_client [req-468f2f0a-323d-40db-92e0-bd173bdb8c3d req-468f2f0a-323d-40db-92e0-bd173bdb8c3d ] Request (ServerPasswordTestJSON:setUpClass): 200 GET http://10.180.1.21/identity/v3/roles 0.069s
2024-12-11 12:29:38.308 66503 INFO tempest.lib.common.rest_client [req-d9cf6ca7-1ea9-4956-a81d-cdadc7e5922a req-d9cf6ca7-1ea9-4956-a81d-cdadc7e5922a ] Request (AttachInterfacesUnderV243Test:test_add_remove_fixed_ip): 200 GET http://10.180.1.21/compute/v2.1/servers/b49674e8-0ae9-4130-b0c2-dc38d0c76a90 2.346s
2024-12-11 12:29:38.315 66503 INFO tempest.common.waiters [-] State transition "BUILD/None" ==> "BUILD/spawning" after 27 second wait
2024-12-11 12:29:38.319 66485 INFO tempest.lib.common.rest_client [req-484c27c8-3185-4aed-89c0-5da6d9be6713 req-484c27c8-3185-4aed-89c0-5da6d9be6713 ] Request (VolumesAdminNegativeTest:setUpClass): 201 POST http://10.180.1.21/identity/v3/auth/tokens 0.116s
2024-12-11 12:29:38.358 66487 INFO tempest.lib.common.rest_client [req-673636da-aa0d-43ff-88ce-3c115cd09fd2 req-673636da-aa0d-43ff-88ce-3c115cd09fd2 ] Request (ServersTestFqdnHostnames:setUpClass): 201 POST http://10.180.1.21/identity/v3/auth/tokens 0.093s
2024-12-11 12:29:38.374 66457 INFO tempest.lib.common.rest_client [req-e75bfac8-27a2-4b98-b7bd-9bf2bfb9ed86 req-e75bfac8-27a2-4b98-b7bd-9bf2bfb9ed86 ] Request (ServerPasswordTestJSON:setUpClass): 204 PUT http://10.180.1.21/identity/v3/projects/d4323d221de340c287642facff80086c/users/ef455eea0d3648e19231c61cd459836a/roles/e2d18dc430f44604b0c87e82191073ea 0.095s
2024-12-11 12:29:38.375 66457 INFO tempest.lib.common.dynamic_creds [-] Dynamic test user ef455eea0d3648e19231c61cd459836a is created with scope project and roles: ['member']
2024-12-11 12:29:38.375 66457 INFO tempest.lib.common.dynamic_creds [-] Acquired dynamic creds: credentials: Credentials: {'domain_id': 'default', 'domain_name': 'Default', 'username': 'tempest-ServerPasswordTestJSON-516594972-project-member', 'project_domain_id': 'default', 'project_domain_name': 'Default', 'project_id': 'd4323d221de340c287642facff80086c', 'project_name': 'tempest-ServerPasswordTestJSON-516594972', 'tenant_id': 'd4323d221de340c287642facff80086c', 'tenant_name': 'tempest-ServerPasswordTestJSON-516594972', 'user_domain_id': 'default', 'user_domain_name': 'Default', 'user_id': 'ef455eea0d3648e19231c61cd459836a', 'system': None}, Network: None, Subnet: None, Router: None
2024-12-11 12:29:38.416 66467 INFO tempest.lib.common.rest_client [req-da75089d-430b-4aa2-8185-2766a7ccd024 req-da75089d-430b-4aa2-8185-2766a7ccd024 ] Request (FloatingIPsAssociationTestJSON:setUpClass): 200 GET http://10.180.1.21/compute/v2.1/servers/024ba1e3-9d5f-4345-a522-d2fbe6c361b0 2.392s
2024-12-11 12:29:38.473 66501 INFO tempest.lib.common.rest_client [req-3cc0d5eb-8398-4867-a4e3-f7d2abf2fe2c req-3cc0d5eb-8398-4867-a4e3-f7d2abf2fe2c ] Request (SecurityGroupsTestJSON:setUpClass): 201 POST http://10.180.1.21:9696/networking/v2.0/networks 0.807s
2024-12-11 12:29:38.475 66457 INFO tempest.lib.common.rest_client [req-a33cf6c0-75d2-4ac3-8179-d128f6e2e815 req-a33cf6c0-75d2-4ac3-8179-d128f6e2e815 ] Request (ServerPasswordTestJSON:setUpClass): 201 POST http://10.180.1.21/identity/v3/auth/tokens 0.099s
2024-12-11 12:29:38.819 66465 INFO tempest.lib.common.rest_client [req-047ea5d8-3a31-4e0d-b08f-decf35652da1 req-047ea5d8-3a31-4e0d-b08f-decf35652da1 ] Request (FloatingIPDetailsTestJSON:setUpClass): 200 POST http://10.180.1.21/compute/v2.1/os-floating-ips 4.124s
2024-12-11 12:29:38.914 66497 INFO tempest.lib.common.rest_client [req-8638857b-cb4d-4459-9bfc-fc98d9399265 req-8638857b-cb4d-4459-9bfc-fc98d9399265 ] Request (ServersTestManualDisk:setUpClass): 200 GET http://10.180.1.21/compute/v2.1/servers/f7db65c0-b6b6-4e7a-bc19-f29b6794cff0 2.805s
2024-12-11 12:29:38.950 66453 INFO tempest.lib.common.rest_client [req-42b20d84-7f13-4179-80aa-c0692608f92d req-42b20d84-7f13-4179-80aa-c0692608f92d ] Request (ListServersNegativeTestJSON:setUpClass): 200 GET http://10.180.1.21/compute/v2.1/servers/8010219a-1550-462c-8e87-097a2b079d44 2.888s
2024-12-11 12:29:38.968 66477 INFO tempest.lib.common.rest_client [req-dc488d7f-8049-4331-ac9d-47cc58a4d86b req-dc488d7f-8049-4331-ac9d-47cc58a4d86b ] Request (ImagesTestJSON:test_create_image_from_stopped_server): 200 GET http://10.180.1.21/compute/v2.1/images/308f9b1d-3609-4e84-8985-cbd993e821e5 2.748s
2024-12-11 12:29:39.006 66477 INFO tempest.lib.common.rest_client [req-00e0171c-3e17-4d33-87db-c383bf9788c4 req-00e0171c-3e17-4d33-87db-c383bf9788c4 ] Request (ImagesTestJSON:test_create_image_from_stopped_server): 200 GET http://10.180.1.21/image/v2/images/308f9b1d-3609-4e84-8985-cbd993e821e5/tasks 0.033s
2024-12-11 12:29:39.074 66459 INFO tempest.lib.common.rest_client [req-63dd029c-09a4-41d3-a04f-2998b5f3d8f1 req-63dd029c-09a4-41d3-a04f-2998b5f3d8f1 ] Request (SecurityGroupRulesNegativeTestJSON:tearDownClass): 204 DELETE http://10.180.1.21:9696/networking/v2.0/routers/b55a2d54-0732-482e-a945-bff943bb447a 1.150s
2024-12-11 12:29:39.076 66485 INFO tempest.lib.common.rest_client [req-c2745a77-7a00-4b0e-9f06-5846168663ea req-c2745a77-7a00-4b0e-9f06-5846168663ea ] Request (VolumesAdminNegativeTest:setUpClass): 201 POST http://10.180.1.21:9696/networking/v2.0/networks 0.756s
2024-12-11 12:29:39.342 66449 INFO tempest.lib.common.rest_client [req-1cab72c7-4725-4819-8eff-9460c951c14b req-1cab72c7-4725-4819-8eff-9460c951c14b ] Request (ImagesOneServerNegativeTestJSON:setUpClass): 200 GET http://10.180.1.21/compute/v2.1/servers/decfd5f0-3c57-4230-b6cf-5ffc541c53bf 2.972s
2024-12-11 12:29:39.343 66479 INFO tempest.lib.common.rest_client [req-3ccd874a-281c-46db-88f1-b4fa85ec0a61 req-3ccd874a-281c-46db-88f1-b4fa85ec0a61 ] Request (ListServerFiltersTestJSON:setUpClass): 200 GET http://10.180.1.21/compute/v2.1/servers/b607559a-9f41-465d-8c03-c9e2bddbd173 2.944s
2024-12-11 12:29:39.407 66469 INFO tempest.lib.common.rest_client [req-2facc8dc-6efc-4bfb-9a47-51d3aae0e6e6 req-2facc8dc-6efc-4bfb-9a47-51d3aae0e6e6 ] Request (FloatingIPsAssociationNegativeTestJSON:setUpClass): 201 POST http://10.180.1.21:9696/networking/v2.0/routers 2.494s
2024-12-11 12:29:39.457 66447 INFO tempest.lib.common.rest_client [req-db555f42-c03b-4e2f-9d7a-d1a1a04a7f87 req-db555f42-c03b-4e2f-9d7a-d1a1a04a7f87 ] Request (InstanceActionsNegativeTestJSON:setUpClass): 200 GET http://10.180.1.21/compute/v2.1/servers/efd6ac8e-019b-4ad2-b11e-13db5059201b 2.850s
2024-12-11 12:29:39.466 66447 INFO tempest.common.waiters [-] State transition "BUILD/scheduling" ==> "BUILD/None" after 14 second wait
