2024-12-12 14:44:47.084 66398 INFO tempest.lib.common.rest_client [req-42383662-1e4b-45b6-9ccd-3a80fc62681a req-42383662-1e4b-45b6-9ccd-3a80fc62681a ] Request (ServerExternalEventsTest:tearDownClass): 200 GET http://10.180.1.21/compute/v2.1/servers/6c78344f-9322-44f1-ae3c-9dd3d3fd5e14 0.241s
2024-12-12 14:44:47.123 66426 INFO tempest.lib.common.rest_client [req-a587e88c-51cf-441b-8c44-a1fc1435e912 req-a587e88c-51cf-441b-8c44-a1fc1435e912 ] Request (ListImageFiltersTestJSON:tearDownClass): 200 GET http://10.180.1.21/compute/v2.1/servers/a801420a-88a1-45dd-8506-b68ad9969f60 0.078s
2024-12-12 14:44:47.253 66396 INFO tempest.lib.common.rest_client [req-d11c1c66-8e0f-4291-84ce-25a452f51a0d req-d11c1c66-8e0f-4291-84ce-25a452f51a0d ] Request (AttachInterfacesV270Test:tearDownClass): 200 PUT http://10.180.1.21:9696/networking/v2.0/routers/18ab5d8b-ac94-4e84-a04d-a21620c55ac6/remove_router_interface 1.650s
2024-12-12 14:44:47.312 66380 INFO tempest.lib.common.rest_client [req-46a47778-5236-49b8-9b86-e3525da70999 req-46a47778-5236-49b8-9b86-e3525da70999 ] Request (ImagesOneServerNegativeTestJSON:_run_cleanups): 201 POST http://10.180.1.21:9696/networking/v2.0/floatingips 1.023s
2024-12-12 14:44:47.337 66432 INFO tempest.lib.common.rest_client [req-a0a7c0c9-f75f-4c6b-bd82-e3e62748c7ea req-a0a7c0c9-f75f-4c6b-bd82-e3e62748c7ea ] Request (InstanceActionsTestJSON:tearDownClass): 204 DELETE http://10.180.1.21:9696/networking/v2.0/networks/4543b4ec-0751-4eb7-aa44-f47258d74f60 0.258s
2024-12-12 14:44:47.400 66380 INFO tempest.lib.common.rest_client [req-6ffb421e-e881-43bd-8bcc-f027e5c292ca req-6ffb421e-e881-43bd-8bcc-f027e5c292ca ] Request (ImagesOneServerNegativeTestJSON:_run_cleanups): 201 POST http://10.180.1.21/identity/v3/auth/tokens 0.085s
2024-12-12 14:44:47.401 66380 INFO tempest.lib.common.fixed_network [-] (ImagesOneServerNegativeTestJSON:_run_cleanups) Found network {'id': '7927856c-abe6-4add-8f8a-9694cce8e583', 'name': 'tempest-ImagesOneServerNegativeTestJSON-1592230608-network', 'tenant_id': 'd6ba07f0e2524b8bb6da2a2647568f5a', 'admin_state_up': True, 'mtu': 8950, 'status': 'ACTIVE', 'subnets': [], 'shared': False, 'project_id': 'd6ba07f0e2524b8bb6da2a2647568f5a', 'port_security_enabled': True, 'router:external': False, 'provider:network_type': 'vlan', 'provider:physical_network': 'default', 'provider:segmentation_id': 393, 'availability_zone_hints': [], 'availability_zones': [], 'ipv4_address_scope': None, 'ipv6_address_scope': None, 'description': '', 'tags': [], 'created_at': '2024-12-12T14:42:56Z', 'updated_at': '2024-12-12T14:42:56Z', 'revision_number': 1} available for tenant
2024-12-12 14:44:47.405 66434 INFO tempest.lib.common.rest_client [req-be684737-aa92-48a8-99fa-b5613992ecc6 req-be684737-aa92-48a8-99fa-b5613992ecc6 ] Request (ServersTestJSON:test_create_server_specify_multibyte_character_name): 200 GET http://10.180.1.21/compute/v2.1/servers/952d4f95-8b6a-418a-bfd9-2cf8c7f48089 0.082s
2024-12-12 14:44:47.437 66432 INFO tempest.lib.common.rest_client [req-230be9ce-dad5-44dc-b3de-19b6f148ba8f req-230be9ce-dad5-44dc-b3de-19b6f148ba8f ] Request (InstanceActionsTestJSON:tearDownClass): 204 DELETE http://10.180.1.21/identity/v3/users/d2c92e41f58c427da4dd740568abf612 0.100s
2024-12-12 14:44:47.437 66432 INFO tempest.lib.common.dynamic_creds [-] Deleting project and security group for project: d27a2b0d631a4e50b5f1c1e7ad688e39
2024-12-12 14:44:47.476 66432 INFO tempest.lib.common.rest_client [req-b2ccefb8-b3e3-4b39-88e6-a3374d8ebf3d req-b2ccefb8-b3e3-4b39-88e6-a3374d8ebf3d ] Request (InstanceActionsTestJSON:tearDownClass): 200 GET http://10.180.1.21:9696/networking/v2.0/security-groups?tenant_id=d27a2b0d631a4e50b5f1c1e7ad688e39&name=default 0.039s
2024-12-12 14:44:47.525 66394 INFO tempest.lib.common.rest_client [req-5020e03b-91a0-4222-99c1-05cb960bfd79 req-5020e03b-91a0-4222-99c1-05cb960bfd79 ] Request (ServersTestMultiNic:test_verify_duplicate_network_nics): 200 GET http://10.180.1.21/compute/v2.1/servers/8ebf0f74-d1fa-45aa-8cdb-a87c979bc0c2 0.169s
2024-12-12 14:44:47.537 66394 INFO tempest.common.waiters [-] State transition "BUILD/spawning" ==> "ACTIVE/None" after 80 second wait
2024-12-12 14:44:47.564 66432 INFO tempest.lib.common.rest_client [req-abfea711-2e1b-47a1-86c7-7c5549c7dae3 req-abfea711-2e1b-47a1-86c7-7c5549c7dae3 ] Request (InstanceActionsTestJSON:tearDownClass): 204 DELETE http://10.180.1.21:9696/networking/v2.0/security-groups/1ba190de-f124-4007-bd2f-38768cee7a75 0.087s
2024-12-12 14:44:47.578 66394 INFO tempest.lib.common.rest_client [req-31a5fcfd-2f6a-4445-9ce4-fb76f46bd7ac req-31a5fcfd-2f6a-4445-9ce4-fb76f46bd7ac ] Request (ServersTestMultiNic:test_verify_duplicate_network_nics): 200 GET http://10.180.1.21/compute/v2.1/servers/8ebf0f74-d1fa-45aa-8cdb-a87c979bc0c2/ips 0.039s
2024-12-12 14:44:47.655 66394 INFO tempest.lib.common.rest_client [req-40391a62-be66-4f08-a780-9dd03ac495f5 req-40391a62-be66-4f08-a780-9dd03ac495f5 ] Request (ServersTestMultiNic:_run_cleanups): 204 DELETE http://10.180.1.21/compute/v2.1/servers/8ebf0f74-d1fa-45aa-8cdb-a87c979bc0c2 0.076s
2024-12-12 14:44:47.658 66432 INFO tempest.lib.common.rest_client [req-060856a9-8fea-4889-9e36-6b36e8252de7 req-060856a9-8fea-4889-9e36-6b36e8252de7 ] Request (InstanceActionsTestJSON:tearDownClass): 204 DELETE http://10.180.1.21/identity/v3/projects/d27a2b0d631a4e50b5f1c1e7ad688e39 0.093s
2024-12-12 14:44:47.826 66402 INFO tempest.lib.common.rest_client [req-84ebdda3-2e4d-4107-a5c1-01475495b535 req-84ebdda3-2e4d-4107-a5c1-01475495b535 ] Request (MigrationsAdminTest:test_resize_server_revert_deleted_flavor): 200 GET http://10.180.1.21/compute/v2.1/servers/390a9c4c-99e3-4037-a6d8-2633ff4dcf08 0.229s
2024-12-12 14:44:47.833 66402 INFO tempest.common.waiters [-] State transition "BUILD/spawning" ==> "ACTIVE/None" after 75 second wait
2024-12-12 14:44:47.856 66408 WARNING tempest.lib.common.ssh [-] Failed to establish authenticated ssh connection to cirros@10.180.180.176 ([Errno None] Unable to connect to port 22 on 10.180.180.176). Number attempts: 12. Retry after 13 seconds.: paramiko.ssh_exception.NoValidConnectionsError: [Errno None] Unable to connect to port 22 on 10.180.180.176
2024-12-12 14:44:47.900 66396 INFO tempest.lib.common.rest_client [req-038a2379-158b-4dea-ac55-a5271df57a7c req-038a2379-158b-4dea-ac55-a5271df57a7c ] Request (AttachInterfacesV270Test:tearDownClass): 204 DELETE http://10.180.1.21:9696/networking/v2.0/routers/18ab5d8b-ac94-4e84-a04d-a21620c55ac6 0.647s
2024-12-12 14:44:47.926 66407 WARNING tempest.lib.common.ssh [-] Failed to establish authenticated ssh connection to cirros@10.180.180.173 ([Errno None] Unable to connect to port 22 on 10.180.180.173). Number attempts: 1. Retry after 2 seconds.: paramiko.ssh_exception.NoValidConnectionsError: [Errno None] Unable to connect to port 22 on 10.180.180.173
2024-12-12 14:44:47.927 66380 INFO tempest.lib.common.rest_client [req-69678365-f882-4de3-9a85-a66d1ce3c628 req-69678365-f882-4de3-9a85-a66d1ce3c628 ] Request (ImagesOneServerNegativeTestJSON:_run_cleanups): 202 POST http://10.180.1.21/compute/v2.1/servers 0.525s
2024-12-12 14:44:47.958 66394 INFO tempest.lib.common.rest_client [req-434bb026-a971-4079-8e86-a71259545e59 req-434bb026-a971-4079-8e86-a71259545e59 ] Request (ServersTestMultiNic:_run_cleanups): 200 GET http://10.180.1.21/compute/v2.1/servers/8ebf0f74-d1fa-45aa-8cdb-a87c979bc0c2 0.302s
2024-12-12 14:44:47.987 66428 INFO tempest.lib.common.rest_client [req-cd7a7bb0-53a7-483c-9d30-22b882669ad0 req-cd7a7bb0-53a7-483c-9d30-22b882669ad0 ] Request (ServersTestFqdnHostnames:test_create_server_with_fqdn_name): 200 GET http://10.180.1.21/compute/v2.1/servers/bd5fc959-f196-4079-9188-3e543d18846b 0.304s
2024-12-12 14:44:48.012 66396 INFO tempest.lib.common.rest_client [req-fcf5ae48-e638-4ca0-be6c-bbd1294f1067 req-fcf5ae48-e638-4ca0-be6c-bbd1294f1067 ] Request (AttachInterfacesV270Test:tearDownClass): 204 DELETE http://10.180.1.21:9696/networking/v2.0/subnets/982702ff-09e6-477c-bf76-21cf1191d489 0.112s
2024-12-12 14:44:48.037 66424 INFO tempest.lib.common.rest_client [req-6442377b-c4eb-408f-9cc3-281bfd4b092c req-6442377b-c4eb-408f-9cc3-281bfd4b092c ] Request (ServersAdminTestJSON:test_create_server_with_scheduling_hint): 200 GET http://10.180.1.21/compute/v2.1/servers/d4b20830-2f9e-489c-ba4c-b9685e8dda6a 0.261s
2024-12-12 14:44:48.048 66390 WARNING tempest.lib.common.ssh [-] Failed to establish authenticated ssh connection to cirros@10.180.180.224 ([Errno None] Unable to connect to port 22 on 10.180.180.224). Number attempts: 10. Retry after 11 seconds.: paramiko.ssh_exception.NoValidConnectionsError: [Errno None] Unable to connect to port 22 on 10.180.180.224
2024-12-12 14:44:48.098 66376 INFO tempest.lib.common.rest_client [req-fe13e8a5-bdf8-4bfd-b1cd-5e6dea5eaf3e req-fe13e8a5-bdf8-4bfd-b1cd-5e6dea5eaf3e ] Request (MultipleCreateTestJSON:test_multiple_create_with_reservation_return): 200 GET http://10.180.1.21/compute/v2.1/servers/b24a587f-e7e5-40dd-ade9-13547d05d519 0.402s
2024-12-12 14:44:48.152 66416 INFO tempest.lib.common.rest_client [req-743a9208-13fb-4ae5-9022-b1362abf8fd1 req-743a9208-13fb-4ae5-9022-b1362abf8fd1 ] Request (AttachVolumeNegativeTest:test_attach_attached_volume_to_different_server): 200 GET http://10.180.1.21/compute/v2.1/servers/8487c521-8c1c-4ae6-81d7-f9a9bb5b89a2 0.304s
2024-12-12 14:44:48.156 66402 INFO tempest.lib.common.rest_client [req-ecb83813-b69c-4773-b00b-b2cd243f9b8c req-ecb83813-b69c-4773-b00b-b2cd243f9b8c ] Request (MigrationsAdminTest:test_resize_server_revert_deleted_flavor): 200 GET http://10.180.1.21/compute/v2.1/servers/390a9c4c-99e3-4037-a6d8-2633ff4dcf08 0.322s
2024-12-12 14:44:48.179 66430 WARNING tempest.lib.common.ssh [-] Failed to establish authenticated ssh connection to cirros@10.180.180.225 ([Errno None] Unable to connect to port 22 on 10.180.180.225). Number attempts: 6. Retry after 7 seconds.: paramiko.ssh_exception.NoValidConnectionsError: [Errno None] Unable to connect to port 22 on 10.180.180.225
2024-12-12 14:44:48.217 66422 INFO tempest.lib.common.rest_client [req-3367809f-7e8c-49f2-8d90-4d44e97103f5 req-3367809f-7e8c-49f2-8d90-4d44e97103f5 ] Request (ImagesTestJSON:test_create_image_from_suspended_server): 200 GET http://10.180.1.21/compute/v2.1/servers/54ec37f9-8810-4c17-973e-8ac9be61cfaf 0.290s
2024-12-12 14:44:48.259 66396 INFO tempest.lib.common.rest_client [req-bba72bf8-f9ce-4223-ad72-13a347d545ef req-bba72bf8-f9ce-4223-ad72-13a347d545ef ] Request (AttachInterfacesV270Test:tearDownClass): 204 DELETE http://10.180.1.21:9696/networking/v2.0/networks/ad5503fb-6e3a-4d62-a503-b40e2543f8e4 0.246s
2024-12-12 14:44:48.277 66380 INFO tempest.lib.common.rest_client [req-9c75b784-f869-429e-9124-54e0eda61246 req-9c75b784-f869-429e-9124-54e0eda61246 ] Request (ImagesOneServerNegativeTestJSON:_run_cleanups): 200 GET http://10.180.1.21/compute/v2.1/servers/4853365c-8f00-48d2-83bb-ac10724eea12 0.348s
2024-12-12 14:44:48.280 66420 INFO tempest.lib.common.rest_client [req-018c4d66-7c1a-4ce0-bd92-1ac0d4505ea8 req-018c4d66-7c1a-4ce0-bd92-1ac0d4505ea8 ] Request (SecurityGroupsTestJSON:test_server_security_groups): 200 GET http://10.180.1.21/compute/v2.1/servers/831e8dc3-18c0-4edd-b4e3-56e306cff75b 0.391s
2024-12-12 14:44:48.360 66384 INFO tempest.lib.common.rest_client [req-8ab0ce22-e076-43b8-b248-6a2842371689 req-8ab0ce22-e076-43b8-b248-6a2842371689 ] Request (ServersAdminNegativeTestJSON:test_migrate_server_invalid_state): 200 GET http://10.180.1.21/compute/v2.1/servers/a668c939-770b-48c6-a27b-042c880eb170 0.386s
2024-12-12 14:44:48.362 66392 INFO tempest.lib.common.rest_client [req-a0fb1f9c-44a6-4f4d-8e0f-90ad6ba2af37 req-a0fb1f9c-44a6-4f4d-8e0f-90ad6ba2af37 ] Request (ServersTestManualDisk:setUpClass): 200 GET http://10.180.1.21/compute/v2.1/servers/0ccbd861-3be6-4c28-a05d-5904e65cbbd0 0.354s
2024-12-12 14:44:48.417 66412 INFO tempest.lib.common.rest_client [req-3af88867-ba04-4bb1-9a06-a5e94ca3d4e9 req-3af88867-ba04-4bb1-9a06-a5e94ca3d4e9 ] Request (ServersTestBootFromVolume:setUpClass): 200 GET http://10.180.1.21/compute/v2.1/servers/4cc0f10f-7502-48be-acf2-3b1c41990ebc 0.366s
2024-12-12 14:44:48.425 66396 INFO tempest.lib.common.rest_client [req-c252d9a7-bce0-4dcd-857c-953c7754f207 req-c252d9a7-bce0-4dcd-857c-953c7754f207 ] Request (AttachInterfacesV270Test:tearDownClass): 204 DELETE http://10.180.1.21/identity/v3/users/0916d03af4e941139f1a501221cb07b6 0.166s
2024-12-12 14:44:48.425 66396 INFO tempest.lib.common.dynamic_creds [-] Deleting project and security group for project: ca4e9c6247d3481f828ec7373a0a8d6a
2024-12-12 14:44:48.425 66412 INFO tempest.common.waiters [-] State transition "BUILD/scheduling" ==> "BUILD/None" after 11 second wait
2024-12-12 14:44:48.437 66398 INFO tempest.lib.common.rest_client [req-f1db5ae0-1ed7-4ca1-9415-bf274366db39 req-f1db5ae0-1ed7-4ca1-9415-bf274366db39 ] Request (ServerExternalEventsTest:tearDownClass): 200 GET http://10.180.1.21/compute/v2.1/servers/6c78344f-9322-44f1-ae3c-9dd3d3fd5e14 0.340s
2024-12-12 14:44:48.461 66402 INFO tempest.lib.common.rest_client [req-ca5dc333-838a-4c7b-8fa2-568a89cd4f60 req-ca5dc333-838a-4c7b-8fa2-568a89cd4f60 ] Request (MigrationsAdminTest:test_resize_server_revert_deleted_flavor): 202 DELETE http://10.180.1.21/compute/v2.1/flavors/3d156910-d983-4d15-b232-2e9611b15c62 0.298s
2024-12-12 14:44:48.477 66396 INFO tempest.lib.common.rest_client [req-d63b244c-947b-44a2-9f0b-8a99c07358b1 req-d63b244c-947b-44a2-9f0b-8a99c07358b1 ] Request (AttachInterfacesV270Test:tearDownClass): 200 GET http://10.180.1.21:9696/networking/v2.0/security-groups?tenant_id=ca4e9c6247d3481f828ec7373a0a8d6a&name=default 0.051s
2024-12-12 14:44:48.482 66426 INFO tempest.lib.common.rest_client [req-0c489b7a-2ea5-4365-8337-e4d86803b6d4 req-0c489b7a-2ea5-4365-8337-e4d86803b6d4 ] Request (ListImageFiltersTestJSON:tearDownClass): 200 GET http://10.180.1.21/compute/v2.1/servers/a801420a-88a1-45dd-8506-b68ad9969f60 0.346s
2024-12-12 14:44:48.513 66402 INFO tempest.lib.common.rest_client [req-65902373-4c51-41d1-85b1-fa78be031285 req-65902373-4c51-41d1-85b1-fa78be031285 ] Request (MigrationsAdminTest:test_resize_server_revert_deleted_flavor): 200 GET http://10.180.1.21/compute/v2.1/flavors/detail 0.051s
2024-12-12 14:44:48.531 66434 INFO tempest.lib.common.rest_client [req-ad176c80-b640-46d7-a9f0-a19c297ade8f req-ad176c80-b640-46d7-a9f0-a19c297ade8f ] Request (ServersTestJSON:test_create_server_specify_multibyte_character_name): 200 GET http://10.180.1.21/compute/v2.1/servers/952d4f95-8b6a-418a-bfd9-2cf8c7f48089 0.117s
2024-12-12 14:44:48.589 66396 INFO tempest.lib.common.rest_client [req-7a9bf864-338f-44b4-95c5-f2ae660893db req-7a9bf864-338f-44b4-95c5-f2ae660893db ] Request (AttachInterfacesV270Test:tearDownClass): 204 DELETE http://10.180.1.21:9696/networking/v2.0/security-groups/417ad6b5-404e-4067-a0e0-663556a3d1f0 0.112s
2024-12-12 14:44:48.648 66402 INFO tempest.lib.common.rest_client [req-1effc1db-04a6-44bd-80cc-e593e078b756 req-1effc1db-04a6-44bd-80cc-e593e078b756 ] Request (MigrationsAdminTest:test_resize_server_revert_deleted_flavor): 202 POST http://10.180.1.21/compute/v2.1/servers/390a9c4c-99e3-4037-a6d8-2633ff4dcf08/action 0.130s
2024-12-12 14:44:48.708 66396 INFO tempest.lib.common.rest_client [req-d433dade-d362-4a5c-a359-25013fad5803 req-d433dade-d362-4a5c-a359-25013fad5803 ] Request (AttachInterfacesV270Test:tearDownClass): 204 DELETE http://10.180.1.21/identity/v3/projects/ca4e9c6247d3481f828ec7373a0a8d6a 0.118s
2024-12-12 14:44:48.788 66396 INFO tempest.lib.common.rest_client [req-505e8040-7486-4f39-98a7-477d444e93cb req-505e8040-7486-4f39-98a7-477d444e93cb ] Request (ServerActionsV293TestJSON:setUpClass): 201 POST http://10.180.1.21/identity/v3/auth/tokens 0.077s
2024-12-12 14:44:48.825 66402 INFO tempest.lib.common.rest_client [req-81443615-03f2-45ae-ab30-1a06f2fd0607 req-81443615-03f2-45ae-ab30-1a06f2fd0607 ] Request (MigrationsAdminTest:test_resize_server_revert_deleted_flavor): 200 GET http://10.180.1.21/compute/v2.1/servers/390a9c4c-99e3-4037-a6d8-2633ff4dcf08 0.176s
2024-12-12 14:44:48.829 66396 INFO tempest.lib.common.rest_client [req-ad2a52d5-e891-4235-8ee0-a6d98f2c4f31 req-ad2a52d5-e891-4235-8ee0-a6d98f2c4f31 ] Request (ServerActionsV293TestJSON:setUpClass): 201 POST http://10.180.1.21/identity/v3/auth/tokens 0.035s
2024-12-12 14:44:48.857 66396 INFO tempest.lib.common.rest_client [req-e1300471-c31e-444d-b02c-3ea24238854c req-e1300471-c31e-444d-b02c-3ea24238854c ] Request (ServerActionsV293TestJSON:setUpClass): 200 GET http://10.180.1.21/identity/v3/domains?name=Default 0.028s
2024-12-12 14:44:48.885 66396 INFO tempest.lib.common.rest_client [req-3d3c9f96-4b8f-4e86-a43f-c3b1a97a1871 req-3d3c9f96-4b8f-4e86-a43f-c3b1a97a1871 ] Request (ServerActionsV293TestJSON:setUpClass): 201 POST http://10.180.1.21/identity/v3/projects 0.028s
2024-12-12 14:44:48.947 66396 INFO tempest.lib.common.rest_client [req-349c034f-8235-4832-bf15-c333e9667e90 req-349c034f-8235-4832-bf15-c333e9667e90 ] Request (ServerActionsV293TestJSON:setUpClass): 201 POST http://10.180.1.21/identity/v3/users 0.061s
2024-12-12 14:44:48.967 66396 INFO tempest.lib.common.rest_client [req-a65d46e9-efaf-437e-b314-9c8ed56fedff req-a65d46e9-efaf-437e-b314-9c8ed56fedff ] Request (ServerActionsV293TestJSON:setUpClass): 200 GET http://10.180.1.21/identity/v3/roles 0.019s
2024-12-12 14:44:49.003 66396 INFO tempest.lib.common.rest_client [req-9dfd48ec-013a-49a0-a00f-02cec4d48a21 req-9dfd48ec-013a-49a0-a00f-02cec4d48a21 ] Request (ServerActionsV293TestJSON:setUpClass): 204 PUT http://10.180.1.21/identity/v3/projects/207ab86e9ad645439125e2f9b3548f62/users/ffe7bb7ef8ad40c180899d4e285220d3/roles/7a66e06f32c14cc89f2588af8d5b6848 0.035s
2024-12-12 14:44:49.003 66396 INFO tempest.lib.common.dynamic_creds [-] Dynamic test user ffe7bb7ef8ad40c180899d4e285220d3 is created with scope project and roles: ['member']
2024-12-12 14:44:49.003 66396 INFO tempest.lib.common.dynamic_creds [-] Acquired dynamic creds: credentials: Credentials: {'domain_id': 'default', 'domain_name': 'Default', 'username': 'tempest-ServerActionsV293TestJSON-1489247043-project-member', 'project_domain_id': 'default', 'project_domain_name': 'Default', 'project_id': '207ab86e9ad645439125e2f9b3548f62', 'project_name': 'tempest-ServerActionsV293TestJSON-1489247043', 'tenant_id': '207ab86e9ad645439125e2f9b3548f62', 'tenant_name': 'tempest-ServerActionsV293TestJSON-1489247043', 'user_domain_id': 'default', 'user_domain_name': 'Default', 'user_id': 'ffe7bb7ef8ad40c180899d4e285220d3', 'system': None}, Network: None, Subnet: None, Router: None
2024-12-12 14:44:49.064 66396 INFO tempest.lib.common.rest_client [req-e9f7ba30-03ed-49ca-8a51-b48263aa8961 req-e9f7ba30-03ed-49ca-8a51-b48263aa8961 ] Request (ServerActionsV293TestJSON:setUpClass): 201 POST http://10.180.1.21/identity/v3/auth/tokens 0.061s
2024-12-12 14:44:49.068 66428 INFO tempest.lib.common.rest_client [req-6567fae6-1a40-4723-9a3c-8ed00fe60fd1 req-6567fae6-1a40-4723-9a3c-8ed00fe60fd1 ] Request (ServersTestFqdnHostnames:test_create_server_with_fqdn_name): 200 GET http://10.180.1.21/compute/v2.1/servers/bd5fc959-f196-4079-9188-3e543d18846b 0.073s
2024-12-12 14:44:49.138 66424 INFO tempest.lib.common.rest_client [req-51b75b25-7719-4ef6-8aa4-78afcbfcbefc req-51b75b25-7719-4ef6-8aa4-78afcbfcbefc ] Request (ServersAdminTestJSON:test_create_server_with_scheduling_hint): 200 GET http://10.180.1.21/compute/v2.1/servers/d4b20830-2f9e-489c-ba4c-b9685e8dda6a 0.091s
2024-12-12 14:44:49.244 66394 INFO tempest.lib.common.rest_client [req-eeefdce8-9406-4fca-9505-bdaebb66d2fa req-eeefdce8-9406-4fca-9505-bdaebb66d2fa ] Request (ServersTestMultiNic:_run_cleanups): 200 GET http://10.180.1.21/compute/v2.1/servers/8ebf0f74-d1fa-45aa-8cdb-a87c979bc0c2 0.275s
2024-12-12 14:44:49.321 66388 WARNING tempest.lib.common.ssh [-] Failed to establish authenticated ssh connection to cirros@10.180.180.249 ([Errno None] Unable to connect to port 22 on 10.180.180.249). Number attempts: 6. Retry after 7 seconds.: paramiko.ssh_exception.NoValidConnectionsError: [Errno None] Unable to connect to port 22 on 10.180.180.249
2024-12-12 14:44:49.331 66416 INFO tempest.lib.common.rest_client [req-990bc6a6-d197-4de8-b4a6-d4cc1053fbaa req-990bc6a6-d197-4de8-b4a6-d4cc1053fbaa ] Request (AttachVolumeNegativeTest:test_attach_attached_volume_to_different_server): 200 GET http://10.180.1.21/compute/v2.1/servers/8487c521-8c1c-4ae6-81d7-f9a9bb5b89a2 0.171s
2024-12-12 14:44:49.333 66376 INFO tempest.lib.common.rest_client [req-51cc2eb5-3add-485f-ab99-89c04903c019 req-51cc2eb5-3add-485f-ab99-89c04903c019 ] Request (MultipleCreateTestJSON:test_multiple_create_with_reservation_return): 200 GET http://10.180.1.21/compute/v2.1/servers/b24a587f-e7e5-40dd-ade9-13547d05d519 0.227s
2024-12-12 14:44:49.400 66422 INFO tempest.lib.common.rest_client [req-2b461364-c34c-473d-9e2c-16977cee666a req-2b461364-c34c-473d-9e2c-16977cee666a ] Request (ImagesTestJSON:test_create_image_from_suspended_server): 200 GET http://10.180.1.21/compute/v2.1/servers/54ec37f9-8810-4c17-973e-8ac9be61cfaf 0.176s
2024-12-12 14:44:49.403 66380 INFO tempest.lib.common.rest_client [req-c1cb85e0-ae6e-46e8-b00a-ea9a78398929 req-c1cb85e0-ae6e-46e8-b00a-ea9a78398929 ] Request (ImagesOneServerNegativeTestJSON:_run_cleanups): 200 GET http://10.180.1.21/compute/v2.1/servers/4853365c-8f00-48d2-83bb-ac10724eea12 0.116s
2024-12-12 14:44:49.407 66422 INFO tempest.common.waiters [-] State transition "BUILD/scheduling" ==> "BUILD/None" after 11 second wait
2024-12-12 14:44:49.454 66418 WARNING tempest.lib.common.ssh [-] Failed to establish authenticated ssh connection to cirros@10.180.180.148 ([Errno None] Unable to connect to port 22 on 10.180.180.148). Number attempts: 5. Retry after 6 seconds.: paramiko.ssh_exception.NoValidConnectionsError: [Errno None] Unable to connect to port 22 on 10.180.180.148
2024-12-12 14:44:49.476 66396 INFO tempest.lib.common.rest_client [req-a737becb-765c-451d-938e-876003080c81 req-a737becb-765c-451d-938e-876003080c81 ] Request (ServerActionsV293TestJSON:setUpClass): 201 POST http://10.180.1.21:9696/networking/v2.0/networks 0.411s
2024-12-12 14:44:49.477 66384 INFO tempest.lib.common.rest_client [req-b6dfb7a3-eb6e-4ac4-a7fc-5f4ad477e732 req-b6dfb7a3-eb6e-4ac4-a7fc-5f4ad477e732 ] Request (ServersAdminNegativeTestJSON:test_migrate_server_invalid_state): 200 GET http://10.180.1.21/compute/v2.1/servers/a668c939-770b-48c6-a27b-042c880eb170 0.107s
2024-12-12 14:44:49.532 66392 INFO tempest.lib.common.rest_client [req-b80cbf36-49c4-42da-897d-66f9df9d8534 req-b80cbf36-49c4-42da-897d-66f9df9d8534 ] Request (ServersTestManualDisk:setUpClass): 200 GET http://10.180.1.21/compute/v2.1/servers/0ccbd861-3be6-4c28-a05d-5904e65cbbd0 0.157s
2024-12-12 14:44:49.539 66392 INFO tempest.common.waiters [-] State transition "BUILD/scheduling" ==> "BUILD/None" after 7 second wait
2024-12-12 14:44:49.585 66412 INFO tempest.lib.common.rest_client [req-8e5f7d25-bb21-44c4-9a53-b38afa8c5051 req-8e5f7d25-bb21-44c4-9a53-b38afa8c5051 ] Request (ServersTestBootFromVolume:setUpClass): 200 GET http://10.180.1.21/compute/v2.1/servers/4cc0f10f-7502-48be-acf2-3b1c41990ebc 0.158s
2024-12-12 14:44:49.588 66420 INFO tempest.lib.common.rest_client [req-0a9f6f48-e683-484d-8cba-e20baf701121 req-0a9f6f48-e683-484d-8cba-e20baf701121 ] Request (SecurityGroupsTestJSON:test_server_security_groups): 200 GET http://10.180.1.21/compute/v2.1/servers/831e8dc3-18c0-4edd-b4e3-56e306cff75b 0.295s
2024-12-12 14:44:49.594 66420 INFO tempest.common.waiters [-] State transition "BUILD/spawning" ==> "ACTIVE/None" after 79 second wait
2024-12-12 14:44:49.646 66396 INFO tempest.lib.common.rest_client [req-6315e7c5-531c-472a-aa34-a34f05cb3094 req-6315e7c5-531c-472a-aa34-a34f05cb3094 ] Request (ServerActionsV293TestJSON:setUpClass): 201 POST http://10.180.1.21:9696/networking/v2.0/subnets 0.168s
2024-12-12 14:44:49.646 66398 INFO tempest.lib.common.rest_client [req-ad6fe798-2ae0-414e-a810-21d1138f19d4 req-ad6fe798-2ae0-414e-a810-21d1138f19d4 ] Request (ServerExternalEventsTest:tearDownClass): 200 GET http://10.180.1.21/compute/v2.1/servers/6c78344f-9322-44f1-ae3c-9dd3d3fd5e14 0.202s
2024-12-12 14:44:49.652 66426 INFO tempest.lib.common.rest_client [req-6eaa06ea-5c10-4f9b-85bd-1c352bf87354 req-6eaa06ea-5c10-4f9b-85bd-1c352bf87354 ] Request (ListImageFiltersTestJSON:tearDownClass): 200 GET http://10.180.1.21/compute/v2.1/servers/a801420a-88a1-45dd-8506-b68ad9969f60 0.160s
2024-12-12 14:44:49.698 66434 INFO tempest.lib.common.rest_client [req-9c1a62e0-9175-4d44-9ad5-1a84f7ae57b4 req-9c1a62e0-9175-4d44-9ad5-1a84f7ae57b4 ] Request (ServersTestJSON:test_create_server_specify_multibyte_character_name): 200 GET http://10.180.1.21/compute/v2.1/servers/952d4f95-8b6a-418a-bfd9-2cf8c7f48089 0.158s
2024-12-12 14:44:49.712 66378 WARNING tempest.lib.common.ssh [-] Failed to establish authenticated ssh connection to cirros@10.180.180.141 ([Errno None] Unable to connect to port 22 on 10.180.180.141). Number attempts: 1. Retry after 2 seconds.: paramiko.ssh_exception.NoValidConnectionsError: [Errno None] Unable to connect to port 22 on 10.180.180.141
2024-12-12 14:44:50.033 66402 INFO tempest.lib.common.rest_client [req-571360a5-61fe-4a92-8378-8902d49191c0 req-571360a5-61fe-4a92-8378-8902d49191c0 ] Request (MigrationsAdminTest:test_resize_server_revert_deleted_flavor): 200 GET http://10.180.1.21/compute/v2.1/servers/390a9c4c-99e3-4037-a6d8-2633ff4dcf08 0.197s
2024-12-12 14:44:50.139 66428 INFO tempest.lib.common.rest_client [req-e2ac72fb-3d53-467a-a624-7292d62705f0 req-e2ac72fb-3d53-467a-a624-7292d62705f0 ] Request (ServersTestFqdnHostnames:test_create_server_with_fqdn_name): 200 GET http://10.180.1.21/compute/v2.1/servers/bd5fc959-f196-4079-9188-3e543d18846b 0.063s
2024-12-12 14:44:50.210 66424 INFO tempest.lib.common.rest_client [req-1b85f3b5-cab8-4b3d-99da-27d4ab2ab25f req-1b85f3b5-cab8-4b3d-99da-27d4ab2ab25f ] Request (ServersAdminTestJSON:test_create_server_with_scheduling_hint): 200 GET http://10.180.1.21/compute/v2.1/servers/d4b20830-2f9e-489c-ba4c-b9685e8dda6a 0.058s
2024-12-12 14:44:50.493 66420 INFO tempest.lib.common.rest_client [req-328224a7-3280-4a50-b6d1-543b5b1e6c5b req-328224a7-3280-4a50-b6d1-543b5b1e6c5b ] Request (SecurityGroupsTestJSON:test_server_security_groups): 202 POST http://10.180.1.21/compute/v2.1/servers/831e8dc3-18c0-4edd-b4e3-56e306cff75b/action 0.898s
2024-12-12 14:44:50.563 66416 INFO tempest.lib.common.rest_client [req-6381d3ba-870d-43dc-9eed-58d08fbb9540 req-6381d3ba-870d-43dc-9eed-58d08fbb9540 ] Request (AttachVolumeNegativeTest:test_attach_attached_volume_to_different_server): 200 GET http://10.180.1.21/compute/v2.1/servers/8487c521-8c1c-4ae6-81d7-f9a9bb5b89a2 0.223s
2024-12-12 14:44:50.685 66394 INFO tempest.lib.common.rest_client [req-76ee73aa-8e2c-4909-b3cb-4932cde3b5c9 req-76ee73aa-8e2c-4909-b3cb-4932cde3b5c9 ] Request (ServersTestMultiNic:_run_cleanups): 200 GET http://10.180.1.21/compute/v2.1/servers/8ebf0f74-d1fa-45aa-8cdb-a87c979bc0c2 0.422s
2024-12-12 14:44:50.739 66376 INFO tempest.lib.common.rest_client [req-d60ca3a4-1caa-4e1d-95dd-23168ff51d28 req-d60ca3a4-1caa-4e1d-95dd-23168ff51d28 ] Request (MultipleCreateTestJSON:test_multiple_create_with_reservation_return): 200 GET http://10.180.1.21/compute/v2.1/servers/b24a587f-e7e5-40dd-ade9-13547d05d519 0.399s
2024-12-12 14:44:50.745 66422 INFO tempest.lib.common.rest_client [req-1a303f07-0d46-46d6-8bfd-575a6bf2aeec req-1a303f07-0d46-46d6-8bfd-575a6bf2aeec ] Request (ImagesTestJSON:test_create_image_from_suspended_server): 200 GET http://10.180.1.21/compute/v2.1/servers/54ec37f9-8810-4c17-973e-8ac9be61cfaf 0.337s
2024-12-12 14:44:50.816 66380 INFO tempest.lib.common.rest_client [req-9601dbd2-0dbf-4fdd-9324-0550e93e43ea req-9601dbd2-0dbf-4fdd-9324-0550e93e43ea ] Request (ImagesOneServerNegativeTestJSON:_run_cleanups): 200 GET http://10.180.1.21/compute/v2.1/servers/4853365c-8f00-48d2-83bb-ac10724eea12 0.400s
2024-12-12 14:44:50.823 66384 INFO tempest.lib.common.rest_client [req-fbaed8d4-989d-48aa-8566-64b301d032e8 req-fbaed8d4-989d-48aa-8566-64b301d032e8 ] Request (ServersAdminNegativeTestJSON:test_migrate_server_invalid_state): 200 GET http://10.180.1.21/compute/v2.1/servers/a668c939-770b-48c6-a27b-042c880eb170 0.334s
2024-12-12 14:44:50.828 66380 INFO tempest.common.waiters [-] State transition "BUILD/scheduling" ==> "BUILD/None" after 2 second wait
2024-12-12 14:44:50.835 66384 INFO tempest.common.waiters [-] State transition "BUILD/None" ==> "BUILD/networking" after 67 second wait
2024-12-12 14:44:50.908 66392 INFO tempest.lib.common.rest_client [req-834dfd67-973f-486c-9d6b-7b3edeed7b84 req-834dfd67-973f-486c-9d6b-7b3edeed7b84 ] Request (ServersTestManualDisk:setUpClass): 200 GET http://10.180.1.21/compute/v2.1/servers/0ccbd861-3be6-4c28-a05d-5904e65cbbd0 0.368s
2024-12-12 14:44:50.923 66420 INFO tempest.lib.common.rest_client [req-cba72fb3-aeef-4943-8c65-47e073968d88 req-cba72fb3-aeef-4943-8c65-47e073968d88 ] Request (SecurityGroupsTestJSON:test_server_security_groups): 400 DELETE http://10.180.1.21/compute/v2.1/os-security-groups/4f47e56a-b645-47d1-b7d9-c05c94c172a1 0.430s
2024-12-12 14:44:50.975 66412 INFO tempest.lib.common.rest_client [req-95ca2c7e-2a56-4b10-88b3-a56b56f0a5ae req-95ca2c7e-2a56-4b10-88b3-a56b56f0a5ae ] Request (ServersTestBootFromVolume:setUpClass): 200 GET http://10.180.1.21/compute/v2.1/servers/4cc0f10f-7502-48be-acf2-3b1c41990ebc 0.383s
2024-12-12 14:44:50.990 66407 WARNING tempest.lib.common.ssh [-] Failed to establish authenticated ssh connection to cirros@10.180.180.173 ([Errno None] Unable to connect to port 22 on 10.180.180.173). Number attempts: 2. Retry after 3 seconds.: paramiko.ssh_exception.NoValidConnectionsError: [Errno None] Unable to connect to port 22 on 10.180.180.173
2024-12-12 14:44:50.992 66398 INFO tempest.lib.common.rest_client [req-6cf42c31-b307-4e42-a278-921d7124fcdf req-6cf42c31-b307-4e42-a278-921d7124fcdf ] Request (ServerExternalEventsTest:tearDownClass): 200 GET http://10.180.1.21/compute/v2.1/servers/6c78344f-9322-44f1-ae3c-9dd3d3fd5e14 0.338s
2024-12-12 14:44:51.062 66434 INFO tempest.lib.common.rest_client [req-6526d30b-b49f-4f8f-a591-948312c73831 req-6526d30b-b49f-4f8f-a591-948312c73831 ] Request (ServersTestJSON:test_create_server_specify_multibyte_character_name): 200 GET http://10.180.1.21/compute/v2.1/servers/952d4f95-8b6a-418a-bfd9-2cf8c7f48089 0.356s
2024-12-12 14:44:51.071 66396 INFO tempest.lib.common.rest_client [req-430aaeb0-b411-4c24-9de9-5a48c67c028d req-430aaeb0-b411-4c24-9de9-5a48c67c028d ] Request (ServerActionsV293TestJSON:setUpClass): 201 POST http://10.180.1.21:9696/networking/v2.0/routers 1.424s
2024-12-12 14:44:51.073 66426 INFO tempest.lib.common.rest_client [req-f4a66bf4-3564-4d9f-bdf6-d83b9dd972a9 req-f4a66bf4-3564-4d9f-bdf6-d83b9dd972a9 ] Request (ListImageFiltersTestJSON:tearDownClass): 200 GET http://10.180.1.21/compute/v2.1/servers/a801420a-88a1-45dd-8506-b68ad9969f60 0.414s
2024-12-12 14:44:51.152 66420 INFO tempest.lib.common.rest_client [req-f75cab00-1824-469d-9aa6-109d4b50282e req-f75cab00-1824-469d-9aa6-109d4b50282e ] Request (SecurityGroupsTestJSON:test_server_security_groups): 202 POST http://10.180.1.21/compute/v2.1/servers/831e8dc3-18c0-4edd-b4e3-56e306cff75b/action 0.228s
2024-12-12 14:44:51.216 66428 INFO tempest.lib.common.rest_client [req-701eabfb-eaa8-45e0-90a8-b1a503c14fc8 req-701eabfb-eaa8-45e0-90a8-b1a503c14fc8 ] Request (ServersTestFqdnHostnames:test_create_server_with_fqdn_name): 200 GET http://10.180.1.21/compute/v2.1/servers/bd5fc959-f196-4079-9188-3e543d18846b 0.068s
2024-12-12 14:44:51.340 66402 INFO tempest.lib.common.rest_client [req-e07745c0-2eaa-4db0-9280-8f174247c4f6 req-e07745c0-2eaa-4db0-9280-8f174247c4f6 ] Request (MigrationsAdminTest:test_resize_server_revert_deleted_flavor): 200 GET http://10.180.1.21/compute/v2.1/servers/390a9c4c-99e3-4037-a6d8-2633ff4dcf08 0.299s
2024-12-12 14:44:51.380 66420 INFO tempest.lib.common.rest_client [req-0a65235a-9537-4723-a389-d2c363cca374 req-0a65235a-9537-4723-a389-d2c363cca374 ] Request (SecurityGroupsTestJSON:test_server_security_groups): 200 GET http://10.180.1.21/compute/v2.1/servers/831e8dc3-18c0-4edd-b4e3-56e306cff75b 0.227s
2024-12-12 14:44:51.401 66424 INFO tempest.lib.common.rest_client [req-a3f6058d-f125-4ef1-a28c-1d930f598988 req-a3f6058d-f125-4ef1-a28c-1d930f598988 ] Request (ServersAdminTestJSON:test_create_server_with_scheduling_hint): 200 GET http://10.180.1.21/compute/v2.1/servers/d4b20830-2f9e-489c-ba4c-b9685e8dda6a 0.184s
2024-12-12 14:44:51.638 66416 INFO tempest.lib.common.rest_client [req-f5c5ca84-0170-454b-8c9f-9380db1adb47 req-f5c5ca84-0170-454b-8c9f-9380db1adb47 ] Request (AttachVolumeNegativeTest:test_attach_attached_volume_to_different_server): 200 GET http://10.180.1.21/compute/v2.1/servers/8487c521-8c1c-4ae6-81d7-f9a9bb5b89a2 0.066s
2024-12-12 14:44:51.759 66394 INFO tempest.lib.common.rest_client [req-7d879405-df45-49ce-ba76-1f42a21aa3a5 req-7d879405-df45-49ce-ba76-1f42a21aa3a5 ] Request (ServersTestMultiNic:_run_cleanups): 200 GET http://10.180.1.21/compute/v2.1/servers/8ebf0f74-d1fa-45aa-8cdb-a87c979bc0c2 0.065s
2024-12-12 14:44:51.819 66422 INFO tempest.lib.common.rest_client [req-9fbad23e-b5d7-4fc4-a4dd-76e2c6f676ea req-9fbad23e-b5d7-4fc4-a4dd-76e2c6f676ea ] Request (ImagesTestJSON:test_create_image_from_suspended_server): 200 GET http://10.180.1.21/compute/v2.1/servers/54ec37f9-8810-4c17-973e-8ac9be61cfaf 0.059s
2024-12-12 14:44:51.896 66380 INFO tempest.lib.common.rest_client [req-6dc682cc-ddc0-4e18-b955-04367ffe87de req-6dc682cc-ddc0-4e18-b955-04367ffe87de ] Request (ImagesOneServerNegativeTestJSON:_run_cleanups): 200 GET http://10.180.1.21/compute/v2.1/servers/4853365c-8f00-48d2-83bb-ac10724eea12 0.067s
2024-12-12 14:44:51.938 66376 INFO tempest.lib.common.rest_client [req-f675a68e-a614-4085-bd42-0465d58185d9 req-f675a68e-a614-4085-bd42-0465d58185d9 ] Request (MultipleCreateTestJSON:test_multiple_create_with_reservation_return): 200 GET http://10.180.1.21/compute/v2.1/servers/b24a587f-e7e5-40dd-ade9-13547d05d519 0.192s
2024-12-12 14:44:51.948 66376 INFO tempest.common.waiters [-] State transition "BUILD/spawning" ==> "ACTIVE/None" after 77 second wait
2024-12-12 14:44:52.006 66392 INFO tempest.lib.common.rest_client [req-4fea78a6-33df-4041-b4eb-a3fad4c6b66b req-4fea78a6-33df-4041-b4eb-a3fad4c6b66b ] Request (ServersTestManualDisk:setUpClass): 200 GET http://10.180.1.21/compute/v2.1/servers/0ccbd861-3be6-4c28-a05d-5904e65cbbd0 0.087s
2024-12-12 14:44:52.036 66384 INFO tempest.lib.common.rest_client [req-b0bc26c4-cfb3-4daf-95fd-68426feb8ac9 req-b0bc26c4-cfb3-4daf-95fd-68426feb8ac9 ] Request (ServersAdminNegativeTestJSON:test_migrate_server_invalid_state): 200 GET http://10.180.1.21/compute/v2.1/servers/a668c939-770b-48c6-a27b-042c880eb170 0.199s
2024-12-12 14:44:52.045 66384 INFO tempest.common.waiters [-] State transition "BUILD/networking" ==> "BUILD/spawning" after 69 second wait
2024-12-12 14:44:52.096 66412 INFO tempest.lib.common.rest_client [req-8c9573d3-2d8e-4650-9841-6c6235216392 req-8c9573d3-2d8e-4650-9841-6c6235216392 ] Request (ServersTestBootFromVolume:setUpClass): 200 GET http://10.180.1.21/compute/v2.1/servers/4cc0f10f-7502-48be-acf2-3b1c41990ebc 0.113s
2024-12-12 14:44:52.144 66376 INFO tempest.lib.common.rest_client [req-81bd698e-bb40-4323-b714-a08e2b497e37 req-81bd698e-bb40-4323-b714-a08e2b497e37 ] Request (MultipleCreateTestJSON:test_multiple_create_with_reservation_return): 200 GET http://10.180.1.21/compute/v2.1/servers/4eda71f6-a84f-4b09-bf9d-fc19f5b38a30 0.195s
2024-12-12 14:44:52.167 66398 INFO tempest.lib.common.rest_client [req-9d235cc9-a880-42fc-be7b-25270dc86a87 req-9d235cc9-a880-42fc-be7b-25270dc86a87 ] Request (ServerExternalEventsTest:tearDownClass): 200 GET http://10.180.1.21/compute/v2.1/servers/6c78344f-9322-44f1-ae3c-9dd3d3fd5e14 0.166s
2024-12-12 14:44:52.211 66396 INFO tempest.lib.common.rest_client [req-190702e6-e103-4d3d-b01b-fbb392e94852 req-190702e6-e103-4d3d-b01b-fbb392e94852 ] Request (ServerActionsV293TestJSON:setUpClass): 200 PUT http://10.180.1.21:9696/networking/v2.0/routers/c5bc8f40-0bf8-4b27-a69d-54eafcc9dde9/add_router_interface 1.140s
2024-12-12 14:44:52.212 66396 INFO tempest.lib.common.dynamic_creds [-] Created isolated network resources for: credentials: Credentials: {'domain_id': 'default', 'domain_name': 'Default', 'username': 'tempest-ServerActionsV293TestJSON-1489247043-project-member', 'project_domain_id': 'default', 'project_domain_name': 'Default', 'project_id': '207ab86e9ad645439125e2f9b3548f62', 'project_name': 'tempest-ServerActionsV293TestJSON-1489247043', 'tenant_id': '207ab86e9ad645439125e2f9b3548f62', 'tenant_name': 'tempest-ServerActionsV293TestJSON-1489247043', 'user_domain_id': 'default', 'user_domain_name': 'Default', 'user_id': 'ffe7bb7ef8ad40c180899d4e285220d3', 'system': None}, Network: {'id': '80d4550f-672b-4b4c-98ec-bba226bf08e7', 'name': 'tempest-ServerActionsV293TestJSON-113596064-network', 'tenant_id': '207ab86e9ad645439125e2f9b3548f62', 'admin_state_up': True, 'mtu': 8950, 'status': 'ACTIVE', 'subnets': [], 'shared': False, 'project_id': '207ab86e9ad645439125e2f9b3548f62', 'port_security_enabled': True, 'router:external': False, 'provider:network_type': 'vlan', 'provider:physical_network': 'default', 'provider:segmentation_id': 583, 'availability_zone_hints': [], 'availability_zones': [], 'ipv4_address_scope': None, 'ipv6_address_scope': None, 'description': '', 'tags': [], 'created_at': '2024-12-12T14:44:49Z', 'updated_at': '2024-12-12T14:44:49Z', 'revision_number': 1}, Subnet: {'id': '246176d0-e938-4fd2-8543-0b9531e24f39', 'name': 'tempest-ServerActionsV293TestJSON-113596064-subnet', 'tenant_id': '207ab86e9ad645439125e2f9b3548f62', 'network_id': '80d4550f-672b-4b4c-98ec-bba226bf08e7', 'ip_version': 4, 'subnetpool_id': None, 'enable_dhcp': True, 'ipv6_ra_mode': None, 'ipv6_address_mode': None, 'gateway_ip': '192.168.128.1', 'cidr': '192.168.128.0/28', 'allocation_pools': [{'start': '192.168.128.2', 'end': '192.168.128.14'}], 'host_routes': [], 'dns_nameservers': [], 'description': '', 'router:external': False, 'service_types': [], 'tags': [], 'created_at': '2024-12-12T14:44:49Z', 'updated_at': '2024-12-12T14:44:49Z', 'revision_number': 0, 'project_id': '207ab86e9ad645439125e2f9b3548f62'}, Router: {'id': 'c5bc8f40-0bf8-4b27-a69d-54eafcc9dde9', 'name': 'tempest-ServerActionsV293TestJSON-113596064-router', 'tenant_id': '207ab86e9ad645439125e2f9b3548f62', 'admin_state_up': True, 'status': 'ACTIVE', 'external_gateway_info': {'network_id': '5ed557e4-fe2d-44e3-aa3c-c4cac4fb6089', 'external_fixed_ips': [{'subnet_id': 'f4276b27-8624-4993-9bb5-ddba7f97f014', 'ip_address': '10.180.180.202'}], 'enable_snat': True}, 'description': '', 'availability_zones': [], 'distributed': False, 'ha': False, 'availability_zone_hints': [], 'routes': [], 'flavor_id': None, 'tags': [], 'created_at': '2024-12-12T14:44:49Z', 'updated_at': '2024-12-12T14:44:50Z', 'revision_number': 2, 'project_id': '207ab86e9ad645439125e2f9b3548f62'}
2024-12-12 14:44:52.213 66434 INFO tempest.lib.common.rest_client [req-3ea9aaa6-2ce7-4d62-a23b-a598a15ee035 req-3ea9aaa6-2ce7-4d62-a23b-a598a15ee035 ] Request (ServersTestJSON:test_create_server_specify_multibyte_character_name): 200 GET http://10.180.1.21/compute/v2.1/servers/952d4f95-8b6a-418a-bfd9-2cf8c7f48089 0.141s
2024-12-12 14:44:52.240 66426 INFO tempest.lib.common.rest_client [req-34b85c8f-9383-45ca-b81b-d7167cd3ed00 req-34b85c8f-9383-45ca-b81b-d7167cd3ed00 ] Request (ListImageFiltersTestJSON:tearDownClass): 200 GET http://10.180.1.21/compute/v2.1/servers/a801420a-88a1-45dd-8506-b68ad9969f60 0.152s
2024-12-12 14:44:52.302 66428 INFO tempest.lib.common.rest_client [req-9be7f285-9f50-4a02-9a4a-b2b0084c7fac req-9be7f285-9f50-4a02-9a4a-b2b0084c7fac ] Request (ServersTestFqdnHostnames:test_create_server_with_fqdn_name): 200 GET http://10.180.1.21/compute/v2.1/servers/bd5fc959-f196-4079-9188-3e543d18846b 0.075s
2024-12-12 14:44:52.315 66376 INFO tempest.lib.common.rest_client [req-4c237e9f-369a-49af-a5de-06dfedb004c1 req-4c237e9f-369a-49af-a5de-06dfedb004c1 ] Request (MultipleCreateTestJSON:tearDownClass): 204 DELETE http://10.180.1.21/compute/v2.1/servers/4eda71f6-a84f-4b09-bf9d-fc19f5b38a30 0.158s
2024-12-12 14:44:52.334 66396 INFO tempest.lib.common.rest_client [req-818dc5d8-7c81-4c8c-aeb8-333f76ce4da9 req-818dc5d8-7c81-4c8c-aeb8-333f76ce4da9 ] Request (ServerActionsV293TestJSON:setUpClass): 201 POST http://10.180.1.21/identity/v3/auth/tokens 0.118s
2024-12-12 14:44:52.394 66376 INFO tempest.lib.common.rest_client [req-bcf29f4a-44ef-4893-b405-ab00f233a04e req-bcf29f4a-44ef-4893-b405-ab00f233a04e ] Request (MultipleCreateTestJSON:tearDownClass): 204 DELETE http://10.180.1.21/compute/v2.1/servers/b24a587f-e7e5-40dd-ade9-13547d05d519 0.079s
2024-12-12 14:44:52.416 66396 INFO tempest.lib.common.rest_client [req-f788b30c-fa17-4a22-9671-d227d30bdd97 req-f788b30c-fa17-4a22-9671-d227d30bdd97 ] Request (ServerActionsV293TestJSON:setUpClass): 201 POST http://10.180.1.21/compute/v2.1/os-keypairs 0.079s
2024-12-12 14:44:52.561 66402 INFO tempest.lib.common.rest_client [req-dcb79988-98b3-4d8c-a39d-c5ae8914f78d req-dcb79988-98b3-4d8c-a39d-c5ae8914f78d ] Request (MigrationsAdminTest:test_resize_server_revert_deleted_flavor): 200 GET http://10.180.1.21/compute/v2.1/servers/390a9c4c-99e3-4037-a6d8-2633ff4dcf08 0.213s
2024-12-12 14:44:52.582 66420 INFO tempest.lib.common.rest_client [req-2fa6be77-b3de-4783-9bf6-dc2ed4fca19a req-2fa6be77-b3de-4783-9bf6-dc2ed4fca19a ] Request (SecurityGroupsTestJSON:test_server_security_groups): 200 GET http://10.180.1.21/compute/v2.1/servers/831e8dc3-18c0-4edd-b4e3-56e306cff75b 0.195s
2024-12-12 14:44:52.641 66396 INFO tempest.lib.common.rest_client [req-50d4156a-27cf-48cb-aebc-a0ef005ed4d0 req-50d4156a-27cf-48cb-aebc-a0ef005ed4d0 ] Request (ServerActionsV293TestJSON:setUpClass): 201 POST http://10.180.1.21:9696/networking/v2.0/security-groups 0.224s
2024-12-12 14:44:52.646 66424 INFO tempest.lib.common.rest_client [req-837e158d-66fd-4abe-958f-b8442ca3d31d req-837e158d-66fd-4abe-958f-b8442ca3d31d ] Request (ServersAdminTestJSON:test_create_server_with_scheduling_hint): 200 GET http://10.180.1.21/compute/v2.1/servers/d4b20830-2f9e-489c-ba4c-b9685e8dda6a 0.235s
2024-12-12 14:44:52.717 66416 INFO tempest.lib.common.rest_client [req-5e943ad3-b971-46e9-b132-54ed7bd2e1e7 req-5e943ad3-b971-46e9-b132-54ed7bd2e1e7 ] Request (AttachVolumeNegativeTest:test_attach_attached_volume_to_different_server): 200 GET http://10.180.1.21/compute/v2.1/servers/8487c521-8c1c-4ae6-81d7-f9a9bb5b89a2 0.067s
2024-12-12 14:44:52.720 66376 INFO tempest.lib.common.rest_client [req-7a592760-87b5-4bd8-849e-145a28d8a56f req-7a592760-87b5-4bd8-849e-145a28d8a56f ] Request (MultipleCreateTestJSON:tearDownClass): 200 GET http://10.180.1.21/compute/v2.1/servers/4eda71f6-a84f-4b09-bf9d-fc19f5b38a30 0.325s
2024-12-12 14:44:52.770 66396 INFO tempest.lib.common.rest_client [req-3b8b82a6-a585-4a24-aabc-0c3e9b2b2abd req-3b8b82a6-a585-4a24-aabc-0c3e9b2b2abd ] Request (ServerActionsV293TestJSON:setUpClass): 201 POST http://10.180.1.21:9696/networking/v2.0/security-group-rules 0.128s
2024-12-12 14:44:52.782 66378 WARNING tempest.lib.common.ssh [-] Failed to establish authenticated ssh connection to cirros@10.180.180.141 ([Errno None] Unable to connect to port 22 on 10.180.180.141). Number attempts: 2. Retry after 3 seconds.: paramiko.ssh_exception.NoValidConnectionsError: [Errno None] Unable to connect to port 22 on 10.180.180.141
2024-12-12 14:44:52.838 66394 INFO tempest.lib.common.rest_client [req-48589f8e-82ed-4c79-9878-fb7e205e0bb2 req-48589f8e-82ed-4c79-9878-fb7e205e0bb2 ] Request (ServersTestMultiNic:_run_cleanups): 200 GET http://10.180.1.21/compute/v2.1/servers/8ebf0f74-d1fa-45aa-8cdb-a87c979bc0c2 0.072s
2024-12-12 14:44:52.868 66396 INFO tempest.lib.common.rest_client [req-5898ab50-e586-4d0c-b23d-c8fd6583f891 req-5898ab50-e586-4d0c-b23d-c8fd6583f891 ] Request (ServerActionsV293TestJSON:setUpClass): 201 POST http://10.180.1.21:9696/networking/v2.0/security-group-rules 0.097s
2024-12-12 14:44:52.904 66422 INFO tempest.lib.common.rest_client [req-0a429d4b-6ea8-401c-9c4c-901f3fc3a2aa req-0a429d4b-6ea8-401c-9c4c-901f3fc3a2aa ] Request (ImagesTestJSON:test_create_image_from_suspended_server): 200 GET http://10.180.1.21/compute/v2.1/servers/54ec37f9-8810-4c17-973e-8ac9be61cfaf 0.076s
2024-12-12 14:44:52.981 66380 INFO tempest.lib.common.rest_client [req-73534cfb-860f-4bfc-a36b-faff87ef50bf req-73534cfb-860f-4bfc-a36b-faff87ef50bf ] Request (ImagesOneServerNegativeTestJSON:_run_cleanups): 200 GET http://10.180.1.21/compute/v2.1/servers/4853365c-8f00-48d2-83bb-ac10724eea12 0.072s
2024-12-12 14:44:53.075 66392 INFO tempest.lib.common.rest_client [req-bd582ff5-8a8c-4206-ba5c-4d7b637aee85 req-bd582ff5-8a8c-4206-ba5c-4d7b637aee85 ] Request (ServersTestManualDisk:setUpClass): 200 GET http://10.180.1.21/compute/v2.1/servers/0ccbd861-3be6-4c28-a05d-5904e65cbbd0 0.061s
2024-12-12 14:44:53.184 66412 INFO tempest.lib.common.rest_client [req-e8a9bf7a-3f78-459e-bb78-6a2daba531e7 req-e8a9bf7a-3f78-459e-bb78-6a2daba531e7 ] Request (ServersTestBootFromVolume:setUpClass): 200 GET http://10.180.1.21/compute/v2.1/servers/4cc0f10f-7502-48be-acf2-3b1c41990ebc 0.078s
2024-12-12 14:44:53.203 66384 INFO tempest.lib.common.rest_client [req-fbfce5e5-d1dc-4823-ad3c-d5afffabd74b req-fbfce5e5-d1dc-4823-ad3c-d5afffabd74b ] Request (ServersAdminNegativeTestJSON:test_migrate_server_invalid_state): 200 GET http://10.180.1.21/compute/v2.1/servers/a668c939-770b-48c6-a27b-042c880eb170 0.156s
2024-12-12 14:44:53.260 66398 INFO tempest.lib.common.rest_client [req-a77f135a-c676-4acb-9c9b-80e7ec4f3560 req-a77f135a-c676-4acb-9c9b-80e7ec4f3560 ] Request (ServerExternalEventsTest:tearDownClass): 200 GET http://10.180.1.21/compute/v2.1/servers/6c78344f-9322-44f1-ae3c-9dd3d3fd5e14 0.081s
2024-12-12 14:44:53.300 66434 INFO tempest.lib.common.rest_client [req-e0dc5b73-9dee-43bc-b249-46805377c7e4 req-e0dc5b73-9dee-43bc-b249-46805377c7e4 ] Request (ServersTestJSON:test_create_server_specify_multibyte_character_name): 200 GET http://10.180.1.21/compute/v2.1/servers/952d4f95-8b6a-418a-bfd9-2cf8c7f48089 0.075s
2024-12-12 14:44:53.339 66426 INFO tempest.lib.common.rest_client [req-57ed9a9a-1e38-40fa-af42-74175b315b7b req-57ed9a9a-1e38-40fa-af42-74175b315b7b ] Request (ListImageFiltersTestJSON:tearDownClass): 200 GET http://10.180.1.21/compute/v2.1/servers/a801420a-88a1-45dd-8506-b68ad9969f60 0.093s
2024-12-12 14:44:53.366 66428 INFO tempest.lib.common.rest_client [req-0ce77a60-495c-43ba-97e8-3532e703c74c req-0ce77a60-495c-43ba-97e8-3532e703c74c ] Request (ServersTestFqdnHostnames:test_create_server_with_fqdn_name): 200 GET http://10.180.1.21/compute/v2.1/servers/bd5fc959-f196-4079-9188-3e543d18846b 0.057s
2024-12-12 14:44:53.440 66396 INFO tempest.lib.common.rest_client [req-8a6e94d8-5c04-456e-9970-cc6271d65d34 req-8a6e94d8-5c04-456e-9970-cc6271d65d34 ] Request (ServerActionsV293TestJSON:setUpClass): 201 POST http://10.180.1.21:9696/networking/v2.0/floatingips 0.572s
2024-12-12 14:44:53.485 66396 INFO tempest.lib.common.rest_client [req-c1265e1e-0546-4fa3-966b-c81f8b11b4d7 req-c1265e1e-0546-4fa3-966b-c81f8b11b4d7 ] Request (ServerActionsV293TestJSON:setUpClass): 201 POST http://10.180.1.21/identity/v3/auth/tokens 0.042s
2024-12-12 14:44:53.485 66396 INFO tempest.lib.common.fixed_network [-] (ServerActionsV293TestJSON:setUpClass) Found network {'id': '80d4550f-672b-4b4c-98ec-bba226bf08e7', 'name': 'tempest-ServerActionsV293TestJSON-113596064-network', 'tenant_id': '207ab86e9ad645439125e2f9b3548f62', 'admin_state_up': True, 'mtu': 8950, 'status': 'ACTIVE', 'subnets': [], 'shared': False, 'project_id': '207ab86e9ad645439125e2f9b3548f62', 'port_security_enabled': True, 'router:external': False, 'provider:network_type': 'vlan', 'provider:physical_network': 'default', 'provider:segmentation_id': 583, 'availability_zone_hints': [], 'availability_zones': [], 'ipv4_address_scope': None, 'ipv6_address_scope': None, 'description': '', 'tags': [], 'created_at': '2024-12-12T14:44:49Z', 'updated_at': '2024-12-12T14:44:49Z', 'revision_number': 1} available for tenant
2024-12-12 14:44:53.694 66402 INFO tempest.lib.common.rest_client [req-e2b737f1-27c4-4fdc-a3df-34b30ce3ed08 req-e2b737f1-27c4-4fdc-a3df-34b30ce3ed08 ] Request (MigrationsAdminTest:test_resize_server_revert_deleted_flavor): 200 GET http://10.180.1.21/compute/v2.1/servers/390a9c4c-99e3-4037-a6d8-2633ff4dcf08 0.126s
2024-12-12 14:44:53.713 66420 INFO tempest.lib.common.rest_client [req-ebd21141-deed-402c-b686-6c7e81293a60 req-ebd21141-deed-402c-b686-6c7e81293a60 ] Request (SecurityGroupsTestJSON:test_server_security_groups): 200 GET http://10.180.1.21/compute/v2.1/servers/831e8dc3-18c0-4edd-b4e3-56e306cff75b 0.120s
2024-12-12 14:44:53.767 66424 INFO tempest.lib.common.rest_client [req-186ff8be-4c3c-42f6-b9d5-cb2a1bdd545c req-186ff8be-4c3c-42f6-b9d5-cb2a1bdd545c ] Request (ServersAdminTestJSON:test_create_server_with_scheduling_hint): 200 GET http://10.180.1.21/compute/v2.1/servers/d4b20830-2f9e-489c-ba4c-b9685e8dda6a 0.107s
2024-12-12 14:44:53.792 66416 INFO tempest.lib.common.rest_client [req-7718e7a9-2422-404a-a92b-c03bc31b3fc5 req-7718e7a9-2422-404a-a92b-c03bc31b3fc5 ] Request (AttachVolumeNegativeTest:test_attach_attached_volume_to_different_server): 200 GET http://10.180.1.21/compute/v2.1/servers/8487c521-8c1c-4ae6-81d7-f9a9bb5b89a2 0.069s
2024-12-12 14:44:53.800 66416 INFO tempest.common.waiters [-] State transition "BUILD/None" ==> "BUILD/networking" after 69 second wait
2024-12-12 14:44:53.857 66376 INFO tempest.lib.common.rest_client [req-eb61219d-7b44-4f00-963d-e76318eb400c req-eb61219d-7b44-4f00-963d-e76318eb400c ] Request (MultipleCreateTestJSON:tearDownClass): 200 GET http://10.180.1.21/compute/v2.1/servers/4eda71f6-a84f-4b09-bf9d-fc19f5b38a30 0.129s
