2024-12-12 14:42:13.963 66436 INFO tempest.lib.common.dynamic_creds [-] Created isolated network resources for: credentials: Credentials: {'domain_id': 'default', 'domain_name': 'Default', 'username': 'tempest-VolumesAssistedSnapshotsTest-1228005027-project', 'project_domain_id': 'default', 'project_domain_name': 'Default', 'project_id': '05a8c4aebf9448c890ad4611cbd35ee6', 'project_name': 'tempest-VolumesAssistedSnapshotsTest-1228005027', 'tenant_id': '05a8c4aebf9448c890ad4611cbd35ee6', 'tenant_name': 'tempest-VolumesAssistedSnapshotsTest-1228005027', 'user_domain_id': 'default', 'user_domain_name': 'Default', 'user_id': '91ef2daa942e4b6bb47f7f2b1fe66085', 'system': None}, Network: {'id': '3e31dde8-7faf-49b0-bcf2-dcfd0ae016a9', 'name': 'tempest-VolumesAssistedSnapshotsTest-1404635719-network', 'tenant_id': '05a8c4aebf9448c890ad4611cbd35ee6', 'admin_state_up': True, 'mtu': 8950, 'status': 'ACTIVE', 'subnets': [], 'shared': False, 'project_id': '05a8c4aebf9448c890ad4611cbd35ee6', 'port_security_enabled': True, 'router:external': False, 'provider:network_type': 'vlan', 'provider:physical_network': 'default', 'provider:segmentation_id': 175, 'availability_zone_hints': [], 'availability_zones': [], 'ipv4_address_scope': None, 'ipv6_address_scope': None, 'description': '', 'tags': [], 'created_at': '2024-12-12T14:42:07Z', 'updated_at': '2024-12-12T14:42:07Z', 'revision_number': 1}, Subnet: {'id': '61b27716-c1d7-454e-987b-987cf0a9e140', 'name': 'tempest-VolumesAssistedSnapshotsTest-1404635719-subnet', 'tenant_id': '05a8c4aebf9448c890ad4611cbd35ee6', 'network_id': '3e31dde8-7faf-49b0-bcf2-dcfd0ae016a9', 'ip_version': 4, 'subnetpool_id': None, 'enable_dhcp': True, 'ipv6_ra_mode': None, 'ipv6_address_mode': None, 'gateway_ip': '192.168.128.1', 'cidr': '192.168.128.0/28', 'allocation_pools': [{'start': '192.168.128.2', 'end': '192.168.128.14'}], 'host_routes': [], 'dns_nameservers': [], 'description': '', 'router:external': False, 'service_types': [], 'tags': [], 'created_at': '2024-12-12T14:42:08Z', 'updated_at': '2024-12-12T14:42:08Z', 'revision_number': 0, 'project_id': '05a8c4aebf9448c890ad4611cbd35ee6'}, Router: {'id': '284e1723-bd4f-480f-ae01-dcd03108d303', 'name': 'tempest-VolumesAssistedSnapshotsTest-1404635719-router', 'tenant_id': '05a8c4aebf9448c890ad4611cbd35ee6', 'admin_state_up': True, 'status': 'ACTIVE', 'external_gateway_info': {'network_id': '5ed557e4-fe2d-44e3-aa3c-c4cac4fb6089', 'external_fixed_ips': [{'subnet_id': 'f4276b27-8624-4993-9bb5-ddba7f97f014', 'ip_address': '10.180.180.201'}], 'enable_snat': True}, 'description': '', 'availability_zones': [], 'distributed': False, 'ha': False, 'availability_zone_hints': [], 'routes': [], 'flavor_id': None, 'tags': [], 'created_at': '2024-12-12T14:42:08Z', 'updated_at': '2024-12-12T14:42:09Z', 'revision_number': 2, 'project_id': '05a8c4aebf9448c890ad4611cbd35ee6'}
2024-12-12 14:42:13.972 66418 INFO tempest.lib.common.rest_client [req-f8bbb915-56a1-43cf-9b11-e6880e84d35d req-f8bbb915-56a1-43cf-9b11-e6880e84d35d ] Request (TenantUsagesTestJSON:setUpClass): 200 GET http://10.180.1.21/compute/v2.1/servers/ee332bb0-aff5-430b-a421-0c57ae1dda20 0.331s
2024-12-12 14:42:13.979 66418 INFO tempest.common.waiters [-] State transition "BUILD/None" ==> "BUILD/networking" after 3 second wait
2024-12-12 14:42:13.996 66394 INFO tempest.lib.common.rest_client [req-ab2d3aad-affe-4d61-86d1-70471e957293 req-ab2d3aad-affe-4d61-86d1-70471e957293 ] Request (FlavorsAdminTestJSON:_run_cleanups): 200 GET http://10.180.1.21/compute/v2.1/flavors/detail 0.305s
2024-12-12 14:42:14.005 66416 INFO tempest.lib.common.rest_client [req-7e7da736-d72e-4576-bca0-2ed07eee810f req-7e7da736-d72e-4576-bca0-2ed07eee810f ] Request (NetworksTest:tearDownClass): 200 GET http://10.180.1.21:9696/networking/v2.0/security-groups?tenant_id=f10b3041be944119a89895ad882c585a&name=default 0.588s
2024-12-12 14:42:14.025 66430 INFO tempest.lib.common.rest_client [req-f1fe4765-6859-4fac-9277-0184be914eaa req-f1fe4765-6859-4fac-9277-0184be914eaa ] Request (HypervisorAdminNegativeUnderV252Test:tearDownClass): 204 DELETE http://10.180.1.21/identity/v3/users/681ee716aa4b43dfa52f4b403fec73a1 0.269s
2024-12-12 14:42:14.068 66386 INFO tempest.lib.common.rest_client [req-d9af909c-abaa-4f2a-8af2-44d795faf8cc req-d9af909c-abaa-4f2a-8af2-44d795faf8cc ] Request (FloatingIPsNegativeTestJSON:tearDownClass): 200 PUT http://10.180.1.21:9696/networking/v2.0/routers/1bb22d43-fde5-4388-858e-30daf97bed06/remove_router_interface 2.771s
2024-12-12 14:42:14.079 66392 INFO tempest.lib.common.rest_client [req-af3486bf-bc9b-4125-b254-3a0b638c001a req-af3486bf-bc9b-4125-b254-3a0b638c001a ] Request (QuotaClassesAdmin257Test:setUpClass): 200 GET http://10.180.1.21/identity/v3/roles 0.259s
2024-12-12 14:42:14.106 66376 INFO tempest.lib.common.rest_client [req-8fceb2df-54be-4038-b6fb-77dc31278086 req-8fceb2df-54be-4038-b6fb-77dc31278086 ] Request (ListImageFiltersNegativeTestJSON:tearDownClass): 201 POST http://10.180.1.21/identity/v3/auth/tokens 0.180s
2024-12-12 14:42:14.108 66432 INFO tempest.lib.common.rest_client [req-fcf98240-6048-46b0-a065-91bd5cf68af9 req-fcf98240-6048-46b0-a065-91bd5cf68af9 ] Request (ServicesAdminTestJSON:tearDownClass): 200 GET http://10.180.1.21:9696/networking/v2.0/security-groups?tenant_id=f7f2d099c0e24b6297db9b0f81b8d978&name=default 0.572s
2024-12-12 14:42:14.216 66408 INFO tempest.lib.common.rest_client [req-1e1b5284-45a6-433e-aa86-6530eee164df req-1e1b5284-45a6-433e-aa86-6530eee164df ] Request (ServersWithSpecificFlavorTestJSON:test_verify_created_server_ephemeral_disk): 200 GET http://10.180.1.21/compute/v2.1/flavors/42 0.523s
2024-12-12 14:42:14.220 66436 INFO tempest.lib.common.rest_client [req-43a5db8b-72a9-48cd-9ef2-4bf93ee8e6bd req-43a5db8b-72a9-48cd-9ef2-4bf93ee8e6bd ] Request (VolumesAssistedSnapshotsTest:setUpClass): 201 POST http://10.180.1.21/identity/v3/auth/tokens 0.204s
2024-12-12 14:42:14.241 66392 INFO tempest.lib.common.rest_client [req-b4ff8273-3ec7-4b7f-9cf7-53b38a9ddc8e req-b4ff8273-3ec7-4b7f-9cf7-53b38a9ddc8e ] Request (QuotaClassesAdmin257Test:setUpClass): 204 PUT http://10.180.1.21/identity/v3/projects/fe69796a903d481a80e03e4989674fc7/users/09c6be7362b547b3b24050e73649d3f8/roles/bf3ab02c301648629e22985f4e53253b 0.161s
2024-12-12 14:42:14.241 66392 INFO tempest.lib.common.dynamic_creds [-] Dynamic test user 09c6be7362b547b3b24050e73649d3f8 is created with scope project and roles: ['admin']
2024-12-12 14:42:14.241 66392 INFO tempest.lib.common.dynamic_creds [-] Acquired dynamic creds: credentials: Credentials: {'domain_id': 'default', 'domain_name': 'Default', 'username': 'tempest-QuotaClassesAdmin257Test-1236140231-project-admin', 'project_domain_id': 'default', 'project_domain_name': 'Default', 'project_id': 'fe69796a903d481a80e03e4989674fc7', 'project_name': 'tempest-QuotaClassesAdmin257Test-1236140231', 'tenant_id': 'fe69796a903d481a80e03e4989674fc7', 'tenant_name': 'tempest-QuotaClassesAdmin257Test-1236140231', 'user_domain_id': 'default', 'user_domain_name': 'Default', 'user_id': '09c6be7362b547b3b24050e73649d3f8', 'system': None}, Network: None, Subnet: None, Router: None
2024-12-12 14:42:14.241 66392 INFO tempest.lib.common.dynamic_creds [-] Created isolated network resources for: credentials: Credentials: {'domain_id': 'default', 'domain_name': 'Default', 'username': 'tempest-QuotaClassesAdmin257Test-1236140231-project-admin', 'project_domain_id': 'default', 'project_domain_name': 'Default', 'project_id': 'fe69796a903d481a80e03e4989674fc7', 'project_name': 'tempest-QuotaClassesAdmin257Test-1236140231', 'tenant_id': 'fe69796a903d481a80e03e4989674fc7', 'tenant_name': 'tempest-QuotaClassesAdmin257Test-1236140231', 'user_domain_id': 'default', 'user_domain_name': 'Default', 'user_id': '09c6be7362b547b3b24050e73649d3f8', 'system': None}, Network: None, Subnet: None, Router: None
2024-12-12 14:42:14.242 66390 INFO tempest.lib.common.rest_client [req-b35b69c5-d206-40c2-8b10-1e4a7664b2ba req-b35b69c5-d206-40c2-8b10-1e4a7664b2ba ] Request (QuotasAdminTestV236:tearDownClass): 204 DELETE http://10.180.1.21:9696/networking/v2.0/security-groups/d9ae9a52-bd2f-4964-bfab-db8fb9207fa3 0.429s
2024-12-12 14:42:14.250 66420 INFO tempest.lib.common.rest_client [req-622246b6-a1b8-46d5-9d1b-dd6b143697a6 req-622246b6-a1b8-46d5-9d1b-dd6b143697a6 ] Request (ServicesAdminNegativeV253TestJSON:test_get_service_by_invalid_service_and_valid_host): 200 GET http://10.180.1.21/compute/v2.1/os-services?host=devstack&binary=xxx 0.530s
2024-12-12 14:42:14.280 66434 INFO tempest.lib.common.rest_client [req-02e8e157-c819-4a22-bb9e-dca4269dda04 req-02e8e157-c819-4a22-bb9e-dca4269dda04 ] Request (FlavorsV261TestJSON:_run_cleanups): 200 GET http://10.180.1.21/compute/v2.1/flavors/detail 0.545s
2024-12-12 14:42:14.293 66404 INFO tempest.lib.common.rest_client [req-50206ee4-24d3-4eb7-b439-a388bda6dbf5 req-50206ee4-24d3-4eb7-b439-a388bda6dbf5 ] Request (HostsAdminTestJSON:tearDownClass): 204 DELETE http://10.180.1.21:9696/networking/v2.0/security-groups/8d79ffd5-a759-4457-a0ef-5a14b168e4ad 0.438s
2024-12-12 14:42:14.299 66380 INFO tempest.lib.common.rest_client [req-b61b46e6-b9fc-46c0-add8-136d99fea35d req-b61b46e6-b9fc-46c0-add8-136d99fea35d ] Request (HostsAdminNegativeTestJSON:test_shutdown_nonexistent_host): 404 GET http://10.180.1.21/compute/v2.1/os-hosts/nonexistent_hostname/shutdown 0.544s
2024-12-12 14:42:14.359 66430 INFO tempest.lib.common.rest_client [req-db51fa6d-9fbc-4563-a5ad-135e42e2008c req-db51fa6d-9fbc-4563-a5ad-135e42e2008c ] Request (HypervisorAdminNegativeUnderV252Test:tearDownClass): 204 DELETE http://10.180.1.21/identity/v3/users/1056f89dfdbe4198ac34cfc465231672 0.334s
2024-12-12 14:42:14.359 66430 INFO tempest.lib.common.dynamic_creds [-] Deleting project and security group for project: 03ea8f1442974f809c01ec4f489ca4ea
2024-12-12 14:42:14.407 66412 INFO tempest.lib.common.rest_client [req-6776a191-80f4-4d0b-b490-d5dd683cfaf8 req-6776a191-80f4-4d0b-b490-d5dd683cfaf8 ] Request (DeleteServersAdminTestJSON:test_admin_delete_servers_of_others): 200 GET http://10.180.1.21/compute/v2.1/servers/eefb3212-5727-47cc-87fc-caec0e4cc868 0.610s
2024-12-12 14:42:14.459 66388 INFO tempest.lib.common.rest_client [req-7b33ca13-cc5e-4a56-85c4-092591b900a2 req-7b33ca13-cc5e-4a56-85c4-092591b900a2 ] Request (QuotasAdminTestJSON:test_delete_quota): 200 GET http://10.180.1.21/compute/v2.1/os-quota-sets/2e81e5a59e9940e2afd0575f4c7f7dd2 1.535s
2024-12-12 14:42:14.460 66416 INFO tempest.lib.common.rest_client [req-c9a01e7f-ddaf-4ca6-8f33-cabd0f4e60de req-c9a01e7f-ddaf-4ca6-8f33-cabd0f4e60de ] Request (NetworksTest:tearDownClass): 204 DELETE http://10.180.1.21:9696/networking/v2.0/security-groups/901bbac6-e825-4c78-8c4b-0d8b50e1be89 0.454s
2024-12-12 14:42:14.467 66428 INFO tempest.lib.common.rest_client [req-a752f295-d450-43dc-89e1-5848cacf94a9 req-a752f295-d450-43dc-89e1-5848cacf94a9 ] Request (FlavorsExtraSpecsNegativeTestJSON:test_flavor_non_admin_update_specific_key): 403 PUT http://10.180.1.21/compute/v2.1/flavors/734944489/os-extra_specs/hw:numa_nodes 0.633s
2024-12-12 14:42:14.479 66378 INFO tempest.lib.common.rest_client [req-ce4e9e53-d8f9-4305-84d7-3e18a6b11c55 req-ce4e9e53-d8f9-4305-84d7-3e18a6b11c55 ] Request (HypervisorAdminNegativeTestJSON:test_show_hypervisor_with_non_admin_user): 403 GET http://10.180.1.21/compute/v2.1/os-hypervisors/1 0.617s
2024-12-12 14:42:14.512 66400 INFO tempest.lib.common.rest_client [req-cc554d42-1082-4acb-b2f9-3b3dbc487e6f req-cc554d42-1082-4acb-b2f9-3b3dbc487e6f ] Request (FlavorsAccessNegativeTestJSON:_run_cleanups): 200 GET http://10.180.1.21/compute/v2.1/flavors/detail 0.637s
2024-12-12 14:42:14.533 66390 INFO tempest.lib.common.rest_client [req-2d87b790-0f26-4ab7-897b-9561af8753cc req-2d87b790-0f26-4ab7-897b-9561af8753cc ] Request (QuotasAdminTestV236:tearDownClass): 204 DELETE http://10.180.1.21/identity/v3/projects/477a02becede42d4950cbc49201aae54 0.290s
2024-12-12 14:42:14.534 66390 INFO tempest.lib.common.dynamic_creds [-] Deleting project and security group for project: b2b6462056be43088c2626087281d601
2024-12-12 14:42:14.538 66398 INFO tempest.lib.common.rest_client [req-e933b783-a48c-4258-a7ab-095ebf643750 req-e933b783-a48c-4258-a7ab-095ebf643750 ] Request (FlavorsAccessTestJSON:_run_cleanups): 200 GET http://10.180.1.21/compute/v2.1/flavors/detail 0.649s
2024-12-12 14:42:14.540 66424 INFO tempest.lib.common.rest_client [req-9bf68789-0336-48c5-97dc-8f2ff8be50b6 req-9bf68789-0336-48c5-97dc-8f2ff8be50b6 ] Request (AggregatesAdminNegativeTestJSON:_run_cleanups): 200 POST http://10.180.1.21/compute/v2.1/os-aggregates/1/action 0.742s
2024-12-12 14:42:14.542 66396 INFO tempest.lib.common.rest_client [req-148b947d-d5aa-439e-abe1-7959b1ffe97d req-148b947d-d5aa-439e-abe1-7959b1ffe97d ] Request (FlavorMetadataValidation:tearDownClass): 200 GET http://10.180.1.21:9696/networking/v2.0/security-groups?tenant_id=cba2994044d94ae79bb41e1fb668e7b1&name=default 0.690s
2024-12-12 14:42:14.560 66394 INFO tempest.lib.common.rest_client [req-d1cc1749-d095-4470-8b9e-4b920a08ec9f req-d1cc1749-d095-4470-8b9e-4b920a08ec9f ] Request (FlavorsAdminTestJSON:test_create_flavor_with_none_id): 200 POST http://10.180.1.21/compute/v2.1/flavors 0.556s
2024-12-12 14:42:14.605 66432 INFO tempest.lib.common.rest_client [req-81fefc49-cf48-4127-8efc-42207eb0b727 req-81fefc49-cf48-4127-8efc-42207eb0b727 ] Request (ServicesAdminTestJSON:tearDownClass): 204 DELETE http://10.180.1.21:9696/networking/v2.0/security-groups/f6c9f671-a1de-48f8-a4df-29e3d9b4e39f 0.496s
2024-12-12 14:42:14.662 66392 INFO tempest.lib.common.rest_client [req-21ef7a11-0588-41e1-aa55-283fb494320e req-21ef7a11-0588-41e1-aa55-283fb494320e ] Request (QuotaClassesAdmin257Test:setUpClass): 201 POST http://10.180.1.21/identity/v3/auth/tokens 0.416s
2024-12-12 14:42:14.664 66402 INFO tempest.lib.common.rest_client [req-43ad795d-e03c-4758-871c-abd2e1ae3f95 req-43ad795d-e03c-4758-871c-abd2e1ae3f95 ] Request (MigrationsAdminTest:test_list_migrations_in_flavor_resize_situation): 200 GET http://10.180.1.21/compute/v2.1/servers/8c8a5dc7-4d03-4002-a7eb-19b84bdfcd2d 0.765s
2024-12-12 14:42:14.692 66407 INFO tempest.lib.common.rest_client [req-2daca4d2-8e33-402d-b159-d25a470cf7d8 req-2daca4d2-8e33-402d-b159-d25a470cf7d8 ] Request (FloatingIPsAssociationNegativeTestJSON:setUpClass): 200 GET http://10.180.1.21/compute/v2.1/servers/0a3f52f3-994f-4bc2-b258-0be366e34a12 0.678s
2024-12-12 14:42:14.695 66380 INFO tempest.lib.common.rest_client [req-dd086134-9fe8-4838-b574-834185bb70c7 req-dd086134-9fe8-4838-b574-834185bb70c7 ] Request (HostsAdminNegativeTestJSON:test_startup_host_with_non_admin_user): 403 GET http://10.180.1.21/compute/v2.1/os-hosts/devstack/startup 0.392s
2024-12-12 14:42:14.703 66404 INFO tempest.lib.common.rest_client [req-670afbc4-cdd6-4ea8-b739-6d52851e699f req-670afbc4-cdd6-4ea8-b739-6d52851e699f ] Request (HostsAdminTestJSON:tearDownClass): 204 DELETE http://10.180.1.21/identity/v3/projects/65476376fff44db3848114e8112c8a61 0.403s
2024-12-12 14:42:14.703 66404 INFO tempest.lib.common.dynamic_creds [-] Deleting project and security group for project: d338206e07894463a7ff1716af778b88
2024-12-12 14:42:14.722 66420 INFO tempest.lib.common.rest_client [req-71179069-7cb0-4062-9fe6-8036f46d1f6f req-71179069-7cb0-4062-9fe6-8036f46d1f6f ] Request (ServicesAdminNegativeV253TestJSON:test_get_service_with_valid_service_and_invalid_host): 200 GET http://10.180.1.21/compute/v2.1/os-services 0.462s
2024-12-12 14:42:14.726 66438 INFO tempest.lib.common.rest_client [req-7ad9c66a-7af3-4f84-8ff2-3b0cf3e24874 req-7ad9c66a-7af3-4f84-8ff2-3b0cf3e24874 ] Request (HypervisorAdminUnderV252Test:tearDownClass): 200 GET http://10.180.1.21:9696/networking/v2.0/security-groups?tenant_id=64cc7bfdce9c430392b2355ae7b785c1&name=default 0.959s
2024-12-12 14:42:14.767 66430 INFO tempest.lib.common.rest_client [req-a07030fd-95e2-4979-aabf-66819d672557 req-a07030fd-95e2-4979-aabf-66819d672557 ] Request (HypervisorAdminNegativeUnderV252Test:tearDownClass): 201 POST http://10.180.1.21/identity/v3/auth/tokens 0.407s
2024-12-12 14:42:14.860 66434 INFO tempest.lib.common.rest_client [req-db5e8c96-11b7-4681-9a0c-26c1c5d74769 req-db5e8c96-11b7-4681-9a0c-26c1c5d74769 ] Request (FlavorsV261TestJSON:tearDownClass): 204 DELETE http://10.180.1.21/identity/v3/users/176ec3555e374175a70836861246f9cf 0.509s
2024-12-12 14:42:14.873 66416 INFO tempest.lib.common.rest_client [req-5c521256-8cd8-422b-a191-fb1d13e8d04f req-5c521256-8cd8-422b-a191-fb1d13e8d04f ] Request (NetworksTest:tearDownClass): 204 DELETE http://10.180.1.21/identity/v3/projects/f10b3041be944119a89895ad882c585a 0.412s
2024-12-12 14:42:14.900 66384 INFO tempest.lib.common.rest_client [req-97243b2b-c6f7-4105-ae1f-b6916a2ca6e2 req-97243b2b-c6f7-4105-ae1f-b6916a2ca6e2 ] Request (ServerDiagnosticsV248Test:test_get_server_diagnostics): 200 GET http://10.180.1.21/compute/v2.1/servers/5e303a40-525b-4b16-a781-b0bf62cf59ee 0.446s
2024-12-12 14:42:14.939 66436 INFO tempest.lib.common.rest_client [req-7b6e377e-e10e-42d3-a4c2-e3216584bc62 req-7b6e377e-e10e-42d3-a4c2-e3216584bc62 ] Request (VolumesAssistedSnapshotsTest:test_volume_assisted_snapshot_create_delete): 202 POST http://10.180.1.21/volume/v3/volumes 0.717s
2024-12-12 14:42:14.952 66390 INFO tempest.lib.common.rest_client [req-2ec5cb8c-b608-4a92-aff0-4afefca22921 req-2ec5cb8c-b608-4a92-aff0-4afefca22921 ] Request (QuotasAdminTestV236:tearDownClass): 200 GET http://10.180.1.21:9696/networking/v2.0/security-groups?tenant_id=b2b6462056be43088c2626087281d601&name=default 0.418s
2024-12-12 14:42:15.032 66436 INFO tempest.lib.common.rest_client [req-1915dbec-0483-4954-b775-81a47b1513e5 req-1915dbec-0483-4954-b775-81a47b1513e5 ] Request (VolumesAssistedSnapshotsTest:test_volume_assisted_snapshot_create_delete): 200 GET http://10.180.1.21/volume/v3/volumes/eacc4f4b-9663-42ee-93bc-982ad4139ae4 0.082s
2024-12-12 14:42:15.113 66432 INFO tempest.lib.common.rest_client [req-112c4fcd-07b8-4cbe-905a-10cd5b4fb12d req-112c4fcd-07b8-4cbe-905a-10cd5b4fb12d ] Request (ServicesAdminTestJSON:tearDownClass): 204 DELETE http://10.180.1.21/identity/v3/projects/f7f2d099c0e24b6297db9b0f81b8d978 0.507s
2024-12-12 14:42:15.203 66408 INFO tempest.lib.common.rest_client [req-f94c5a01-0ac9-4ae5-a304-d47a1c46926f req-f94c5a01-0ac9-4ae5-a304-d47a1c46926f ] Request (ServersWithSpecificFlavorTestJSON:test_verify_created_server_ephemeral_disk): 200 POST http://10.180.1.21/compute/v2.1/flavors 0.893s
2024-12-12 14:42:15.221 66428 INFO tempest.lib.common.rest_client [req-206920e4-2edd-4013-873b-e06ab067619e req-206920e4-2edd-4013-873b-e06ab067619e ] Request (FlavorsExtraSpecsNegativeTestJSON:test_flavor_unset_nonexistent_key): 404 DELETE http://10.180.1.21/compute/v2.1/flavors/734944489/os-extra_specs/hw:cpu_thread_policy 0.752s
2024-12-12 14:42:15.234 66378 INFO tempest.lib.common.rest_client [req-bc495e03-2b28-439c-8ab3-cec282262d3e req-bc495e03-2b28-439c-8ab3-cec282262d3e ] Request (HypervisorAdminNegativeTestJSON:test_show_nonexistent_hypervisor): 404 GET http://10.180.1.21/compute/v2.1/os-hypervisors/84239373-54b4-4110-91ed-6ecc83bc3e78 0.752s
2024-12-12 14:42:15.239 66390 INFO tempest.lib.common.rest_client [req-e459ff06-e0af-457b-aa84-aebdff2b4330 req-e459ff06-e0af-457b-aa84-aebdff2b4330 ] Request (QuotasAdminTestV236:tearDownClass): 204 DELETE http://10.180.1.21:9696/networking/v2.0/security-groups/004d758d-0eed-4c13-804e-abea5084c4d6 0.286s
2024-12-12 14:42:15.262 66400 INFO tempest.lib.common.rest_client [req-886b41bd-7611-4f8e-9ea5-665527abe267 req-886b41bd-7611-4f8e-9ea5-665527abe267 ] Request (FlavorsAccessNegativeTestJSON:test_flavor_access_list_with_public_flavor): 200 POST http://10.180.1.21/compute/v2.1/flavors 0.736s
2024-12-12 14:42:15.298 66424 INFO tempest.lib.common.rest_client [req-78b99c89-7e85-456b-9bb3-1a16b5b468f0 req-78b99c89-7e85-456b-9bb3-1a16b5b468f0 ] Request (AggregatesAdminNegativeTestJSON:_run_cleanups): 200 DELETE http://10.180.1.21/compute/v2.1/os-aggregates/1 0.756s
2024-12-12 14:42:15.316 66394 INFO tempest.lib.common.rest_client [req-f52e9c69-02f4-46ce-80bf-161e114dd12a req-f52e9c69-02f4-46ce-80bf-161e114dd12a ] Request (FlavorsAdminTestJSON:_run_cleanups): 202 DELETE http://10.180.1.21/compute/v2.1/flavors/172126f7-642b-4f72-824e-24b38238f2c3 0.754s
2024-12-12 14:42:15.340 66416 INFO tempest.lib.common.rest_client [req-01726692-f556-445e-a659-07504bcfb881 req-01726692-f556-445e-a659-07504bcfb881 ] Request (InstanceActionsNegativeTestJSON:setUpClass): 201 POST http://10.180.1.21/identity/v3/auth/tokens 0.466s
2024-12-12 14:42:15.343 66398 INFO tempest.lib.common.rest_client [req-ea5b722e-7c83-4607-960a-5a6fdaa809ad req-ea5b722e-7c83-4607-960a-5a6fdaa809ad ] Request (FlavorsAccessTestJSON:test_flavor_access_list_with_private_flavor): 200 POST http://10.180.1.21/compute/v2.1/flavors 0.725s
2024-12-12 14:42:15.356 66376 INFO tempest.lib.common.rest_client [req-992909fe-850b-4713-adc0-aba44faa7dc0 req-992909fe-850b-4713-adc0-aba44faa7dc0 ] Request (ListImageFiltersNegativeTestJSON:tearDownClass): 200 GET http://10.180.1.21:9696/networking/v2.0/security-groups?tenant_id=0d078bba63244acc835a29bc58e330fc&name=default 1.249s
2024-12-12 14:42:15.420 66432 INFO tempest.lib.common.rest_client [req-4efa9b91-fad4-432e-8776-430c37f9ede0 req-4efa9b91-fad4-432e-8776-430c37f9ede0 ] Request (FlavorsV2TestJSON:setUpClass): 201 POST http://10.180.1.21/identity/v3/auth/tokens 0.305s
2024-12-12 14:42:15.421 66434 INFO tempest.lib.common.rest_client [req-037289a9-0f35-4b00-aae1-4264f580f551 req-037289a9-0f35-4b00-aae1-4264f580f551 ] Request (FlavorsV261TestJSON:tearDownClass): 204 DELETE http://10.180.1.21/identity/v3/users/b7bf0fd166124269a146dc01f4a1cb84 0.561s
2024-12-12 14:42:15.422 66434 INFO tempest.lib.common.dynamic_creds [-] Deleting project and security group for project: c4e5ecb1a8ae43d7b135cd84fba20e74
2024-12-12 14:42:15.487 66396 INFO tempest.lib.common.rest_client [req-9031ee9f-b340-46d4-93f7-c2f72a7022e5 req-9031ee9f-b340-46d4-93f7-c2f72a7022e5 ] Request (FlavorMetadataValidation:tearDownClass): 204 DELETE http://10.180.1.21:9696/networking/v2.0/security-groups/5c280fd8-1be8-4ea4-a148-bbca9f7b1687 0.945s
2024-12-12 14:42:15.499 66404 INFO tempest.lib.common.rest_client [req-c6a02ea1-7091-4010-ad1b-02266d0b1ee7 req-c6a02ea1-7091-4010-ad1b-02266d0b1ee7 ] Request (HostsAdminTestJSON:tearDownClass): 200 GET http://10.180.1.21:9696/networking/v2.0/security-groups?tenant_id=d338206e07894463a7ff1716af778b88&name=default 0.796s
2024-12-12 14:42:15.502 66414 INFO tempest.lib.common.rest_client [req-9a09b6d6-a633-4823-a8fc-8f637fc76987 req-9a09b6d6-a633-4823-a8fc-8f637fc76987 ] Request (ServersV294TestFqdnHostnames:setUpClass): 200 GET http://10.180.1.21/compute/v2.1/servers/e8bfc50c-9562-4adf-8025-10b37ecf4dbf 0.825s
2024-12-12 14:42:15.516 66380 INFO tempest.lib.common.rest_client [req-18fef1c7-bbff-47b0-a436-84d4bbab89e7 req-18fef1c7-bbff-47b0-a436-84d4bbab89e7 ] Request (HostsAdminNegativeTestJSON:test_startup_nonexistent_host): 404 GET http://10.180.1.21/compute/v2.1/os-hosts/nonexistent_hostname/startup 0.818s
2024-12-12 14:42:15.540 66420 INFO tempest.lib.common.rest_client [req-3ab60dce-67e3-4fbe-a4f9-1ea450b76b3c req-3ab60dce-67e3-4fbe-a4f9-1ea450b76b3c ] Request (ServicesAdminNegativeV253TestJSON:test_get_service_with_valid_service_and_invalid_host): 200 GET http://10.180.1.21/compute/v2.1/os-services?host=xxx&binary=nova-scheduler 0.815s
2024-12-12 14:42:15.561 66378 INFO tempest.lib.common.rest_client [req-3399125b-8e74-4416-a37e-8554768ab9f5 req-3399125b-8e74-4416-a37e-8554768ab9f5 ] Request (HypervisorAdminNegativeTestJSON:tearDownClass): 204 DELETE http://10.180.1.21/identity/v3/users/8827a70271d241ba860a3c73e73dad45 0.325s
2024-12-12 14:42:15.610 66390 INFO tempest.lib.common.rest_client [req-a0df81be-bf66-471c-a82e-0a4f81d273ad req-a0df81be-bf66-471c-a82e-0a4f81d273ad ] Request (QuotasAdminTestV236:tearDownClass): 204 DELETE http://10.180.1.21/identity/v3/projects/b2b6462056be43088c2626087281d601 0.371s
2024-12-12 14:42:15.627 66418 INFO tempest.lib.common.rest_client [req-5d8f7f71-4b67-4602-b483-d81512c6cd70 req-5d8f7f71-4b67-4602-b483-d81512c6cd70 ] Request (TenantUsagesTestJSON:setUpClass): 200 GET http://10.180.1.21/compute/v2.1/servers/ee332bb0-aff5-430b-a421-0c57ae1dda20 0.646s
2024-12-12 14:42:15.637 66418 INFO tempest.common.waiters [-] State transition "BUILD/networking" ==> "BUILD/spawning" after 5 second wait
2024-12-12 14:42:15.640 66438 INFO tempest.lib.common.rest_client [req-8dd4b848-87cc-4f3a-9304-cd2848b2829f req-8dd4b848-87cc-4f3a-9304-cd2848b2829f ] Request (HypervisorAdminUnderV252Test:tearDownClass): 204 DELETE http://10.180.1.21:9696/networking/v2.0/security-groups/968d2b3c-96d2-4f49-8752-c8005c14e6fd 0.913s
2024-12-12 14:42:15.644 66416 INFO tempest.lib.common.rest_client [req-f5d9cd3f-e3f3-488c-932d-daf2f336c6cb req-f5d9cd3f-e3f3-488c-932d-daf2f336c6cb ] Request (InstanceActionsNegativeTestJSON:setUpClass): 201 POST http://10.180.1.21/identity/v3/auth/tokens 0.302s
2024-12-12 14:42:15.652 66408 INFO tempest.lib.common.rest_client [req-a6900904-03ad-48d1-881c-e67f9200b871 req-a6900904-03ad-48d1-881c-e67f9200b871 ] Request (ServersWithSpecificFlavorTestJSON:test_verify_created_server_ephemeral_disk): 200 GET http://10.180.1.21/compute/v2.1/flavors/42/os-extra_specs 0.447s
2024-12-12 14:42:15.664 66428 INFO tempest.lib.common.rest_client [req-99814f45-f5bb-48d1-a2cf-ccde0932e414 req-99814f45-f5bb-48d1-a2cf-ccde0932e414 ] Request (FlavorsExtraSpecsNegativeTestJSON:test_flavor_update_mismatch_key): 400 PUT http://10.180.1.21/compute/v2.1/flavors/734944489/os-extra_specs/hw:numa_nodes 0.442s
2024-12-12 14:42:15.672 66400 INFO tempest.lib.common.rest_client [req-ed4e49ea-434d-40fd-a7b8-4c8180b3652a req-ed4e49ea-434d-40fd-a7b8-4c8180b3652a ] Request (FlavorsAccessNegativeTestJSON:test_flavor_access_list_with_public_flavor): 404 GET http://10.180.1.21/compute/v2.1/flavors/1080539922/os-flavor-access 0.407s
2024-12-12 14:42:15.677 66434 INFO tempest.lib.common.rest_client [req-ab0713d1-1bf0-4ea8-90be-1ec949b04bd1 req-ab0713d1-1bf0-4ea8-90be-1ec949b04bd1 ] Request (FlavorsV261TestJSON:tearDownClass): 201 POST http://10.180.1.21/identity/v3/auth/tokens 0.255s
2024-12-12 14:42:15.704 66394 INFO tempest.lib.common.rest_client [req-7f23c933-946f-4809-8d92-ca3a2eb8a401 req-7f23c933-946f-4809-8d92-ca3a2eb8a401 ] Request (FlavorsAdminTestJSON:_run_cleanups): 200 GET http://10.180.1.21/compute/v2.1/flavors/detail 0.387s
2024-12-12 14:42:15.709 66432 INFO tempest.lib.common.rest_client [req-b19f5f8f-2d31-4db7-b9bc-cde2bcf060d2 req-b19f5f8f-2d31-4db7-b9bc-cde2bcf060d2 ] Request (FlavorsV2TestJSON:setUpClass): 201 POST http://10.180.1.21/identity/v3/auth/tokens 0.287s
2024-12-12 14:42:15.719 66398 INFO tempest.lib.common.rest_client [req-63a489ad-132d-4fc4-a6d2-b64a30d807aa req-63a489ad-132d-4fc4-a6d2-b64a30d807aa ] Request (FlavorsAccessTestJSON:test_flavor_access_list_with_private_flavor): 200 GET http://10.180.1.21/compute/v2.1/flavors/157063360/os-flavor-access 0.373s
2024-12-12 14:42:15.742 66424 INFO tempest.lib.common.rest_client [req-c618ddb4-2e27-46cd-86b4-e44ca1496761 req-c618ddb4-2e27-46cd-86b4-e44ca1496761 ] Request (AggregatesAdminNegativeTestJSON:test_aggregate_add_host_as_user): 200 POST http://10.180.1.21/compute/v2.1/os-aggregates 0.379s
2024-12-12 14:42:15.783 66396 INFO tempest.lib.common.rest_client [req-c5228d2c-637a-4f3c-9a10-1c5d8cd853bc req-c5228d2c-637a-4f3c-9a10-1c5d8cd853bc ] Request (FlavorMetadataValidation:tearDownClass): 204 DELETE http://10.180.1.21/identity/v3/projects/cba2994044d94ae79bb41e1fb668e7b1 0.295s
2024-12-12 14:42:15.809 66390 INFO tempest.lib.common.rest_client [req-f8a21211-8aee-4fd0-940c-7f7bfaab272b req-f8a21211-8aee-4fd0-940c-7f7bfaab272b ] Request (QuotasSecurityGroupAdminNegativeTest:setUpClass): 201 POST http://10.180.1.21/identity/v3/auth/tokens 0.197s
2024-12-12 14:42:15.814 66388 INFO tempest.lib.common.rest_client [req-a3373e78-c7cc-448e-bc45-009c01a9ac6e req-a3373e78-c7cc-448e-bc45-009c01a9ac6e ] Request (QuotasAdminTestJSON:test_delete_quota): 200 PUT http://10.180.1.21/compute/v2.1/os-quota-sets/2e81e5a59e9940e2afd0575f4c7f7dd2 1.353s
2024-12-12 14:42:15.822 66412 INFO tempest.lib.common.rest_client [req-04ff4328-d988-45ae-a9a6-56a0ea70844a req-04ff4328-d988-45ae-a9a6-56a0ea70844a ] Request (DeleteServersAdminTestJSON:test_admin_delete_servers_of_others): 200 GET http://10.180.1.21/compute/v2.1/servers/eefb3212-5727-47cc-87fc-caec0e4cc868 0.407s
2024-12-12 14:42:15.822 66380 INFO tempest.lib.common.rest_client [req-0ec9d75d-c089-49b7-a83e-cc0bdbbbc4ee req-0ec9d75d-c089-49b7-a83e-cc0bdbbbc4ee ] Request (HostsAdminNegativeTestJSON:test_update_host_with_invalid_maintenance_mode): 400 PUT http://10.180.1.21/compute/v2.1/os-hosts/devstack 0.302s
2024-12-12 14:42:15.834 66412 INFO tempest.common.waiters [-] State transition "BUILD/None" ==> "BUILD/networking" after 5 second wait
2024-12-12 14:42:15.840 66404 INFO tempest.lib.common.rest_client [req-8dd0982a-3e3f-4b22-94fc-0067ddee5004 req-8dd0982a-3e3f-4b22-94fc-0067ddee5004 ] Request (HostsAdminTestJSON:tearDownClass): 204 DELETE http://10.180.1.21:9696/networking/v2.0/security-groups/41c7be49-e53d-4c0f-9014-7aa58c588f27 0.339s
2024-12-12 14:42:15.848 66408 INFO tempest.lib.common.rest_client [req-030eee98-cb48-4421-b2c9-4939625d56b4 req-030eee98-cb48-4421-b2c9-4939625d56b4 ] Request (ServersWithSpecificFlavorTestJSON:test_verify_created_server_ephemeral_disk): 200 POST http://10.180.1.21/compute/v2.1/flavors/114781897/os-extra_specs 0.194s
2024-12-12 14:42:15.855 66428 INFO tempest.lib.common.rest_client [req-66021146-99e1-41c3-882f-74334ec98ad8 req-66021146-99e1-41c3-882f-74334ec98ad8 ] Request (FlavorsExtraSpecsNegativeTestJSON:test_flavor_update_more_key): 400 PUT http://10.180.1.21/compute/v2.1/flavors/734944489/os-extra_specs/hw:numa_nodes 0.190s
2024-12-12 14:42:15.860 66426 INFO tempest.lib.common.rest_client [req-2118ec6c-8038-482b-bb67-32555c86b426 req-2118ec6c-8038-482b-bb67-32555c86b426 ] Request (FloatingIPDetailsNegativeTestJSON:tearDownClass): 200 PUT http://10.180.1.21:9696/networking/v2.0/routers/c3a5f6c5-9837-4b76-9f86-ee0be145925e/remove_router_interface 3.312s
2024-12-12 14:42:15.877 66400 INFO tempest.lib.common.rest_client [req-4d13eb20-47f6-468d-9524-63c35c223bd4 req-4d13eb20-47f6-468d-9524-63c35c223bd4 ] Request (FlavorsAccessNegativeTestJSON:_run_cleanups): 202 DELETE http://10.180.1.21/compute/v2.1/flavors/1080539922 0.204s
2024-12-12 14:42:15.879 66378 INFO tempest.lib.common.rest_client [req-a9a91d85-de2f-4236-bb20-57fac4c5f1ad req-a9a91d85-de2f-4236-bb20-57fac4c5f1ad ] Request (HypervisorAdminNegativeTestJSON:tearDownClass): 204 DELETE http://10.180.1.21/identity/v3/users/de5afdf064c44b868e43028982cf5655 0.317s
2024-12-12 14:42:15.879 66378 INFO tempest.lib.common.dynamic_creds [-] Deleting project and security group for project: 755fb70980ca4830af54f599be55d59e
2024-12-12 14:42:15.884 66376 INFO tempest.lib.common.rest_client [req-27893a0e-157d-4ec1-a454-7432a548babd req-27893a0e-157d-4ec1-a454-7432a548babd ] Request (ListImageFiltersNegativeTestJSON:tearDownClass): 204 DELETE http://10.180.1.21:9696/networking/v2.0/security-groups/a27432ef-0aac-4755-b1ea-0b970e58e543 0.528s
2024-12-12 14:42:15.906 66430 INFO tempest.lib.common.rest_client [req-cbfddcc1-5b7b-429c-90c4-3211780a90b4 req-cbfddcc1-5b7b-429c-90c4-3211780a90b4 ] Request (HypervisorAdminNegativeUnderV252Test:tearDownClass): 200 GET http://10.180.1.21:9696/networking/v2.0/security-groups?tenant_id=03ea8f1442974f809c01ec4f489ca4ea&name=default 1.138s
2024-12-12 14:42:15.923 66438 INFO tempest.lib.common.rest_client [req-d8e6cad8-f1a2-4ca0-8574-d9e59831d380 req-d8e6cad8-f1a2-4ca0-8574-d9e59831d380 ] Request (HypervisorAdminUnderV252Test:tearDownClass): 204 DELETE http://10.180.1.21/identity/v3/projects/64cc7bfdce9c430392b2355ae7b785c1 0.282s
2024-12-12 14:42:15.923 66438 INFO tempest.lib.common.dynamic_creds [-] Deleting project and security group for project: d1b3ff0ad61446ccac89454744df2c56
2024-12-12 14:42:15.949 66416 INFO tempest.lib.common.rest_client [req-35ae5db9-45eb-4a5f-b00c-21b97e6ed964 req-35ae5db9-45eb-4a5f-b00c-21b97e6ed964 ] Request (InstanceActionsNegativeTestJSON:setUpClass): 200 GET http://10.180.1.21/identity/v3/domains?name=Default 0.304s
2024-12-12 14:42:15.977 66432 INFO tempest.lib.common.rest_client [req-e12a898c-678f-4f7d-850d-1df0837f3289 req-e12a898c-678f-4f7d-850d-1df0837f3289 ] Request (FlavorsV2TestJSON:setUpClass): 200 GET http://10.180.1.21/identity/v3/domains?name=Default 0.268s
2024-12-12 14:42:16.008 66396 INFO tempest.lib.common.rest_client [req-7e7aadb1-8843-47be-bb5b-eff181a7d09f req-7e7aadb1-8843-47be-bb5b-eff181a7d09f ] Request (KeyPairsV22TestJSON:setUpClass): 201 POST http://10.180.1.21/identity/v3/auth/tokens 0.222s
2024-12-12 14:42:16.038 66390 INFO tempest.lib.common.rest_client [req-85fe3adf-c445-4776-89a9-57898476bb1b req-85fe3adf-c445-4776-89a9-57898476bb1b ] Request (QuotasSecurityGroupAdminNegativeTest:setUpClass): 201 POST http://10.180.1.21/identity/v3/auth/tokens 0.226s
2024-12-12 14:42:16.146 66420 INFO tempest.lib.common.rest_client [req-4b3daec3-b39d-4c76-a972-b0732320fe1c req-4b3daec3-b39d-4c76-a972-b0732320fe1c ] Request (ServicesAdminNegativeV253TestJSON:test_list_services_with_non_admin_user): 403 GET http://10.180.1.21/compute/v2.1/os-services 0.604s
2024-12-12 14:42:16.174 66402 INFO tempest.lib.common.rest_client [req-ba360738-a601-44be-b63a-0a8b4a368d5f req-ba360738-a601-44be-b63a-0a8b4a368d5f ] Request (MigrationsAdminTest:test_list_migrations_in_flavor_resize_situation): 200 GET http://10.180.1.21/compute/v2.1/servers/8c8a5dc7-4d03-4002-a7eb-19b84bdfcd2d 0.493s
2024-12-12 14:42:16.200 66404 INFO tempest.lib.common.rest_client [req-bc3093c7-8079-4dfd-9a80-2d6b3052f9a0 req-bc3093c7-8079-4dfd-9a80-2d6b3052f9a0 ] Request (HostsAdminTestJSON:tearDownClass): 204 DELETE http://10.180.1.21/identity/v3/projects/d338206e07894463a7ff1716af778b88 0.360s
2024-12-12 14:42:16.215 66394 INFO tempest.lib.common.rest_client [req-898f38fb-ddb4-46f0-b060-95512a3b0ef3 req-898f38fb-ddb4-46f0-b060-95512a3b0ef3 ] Request (FlavorsAdminTestJSON:test_create_flavor_with_uuid_id): 200 POST http://10.180.1.21/compute/v2.1/flavors 0.503s
2024-12-12 14:42:16.229 66436 INFO tempest.lib.common.rest_client [req-d7e1455b-58c9-4bb7-8956-bc05a807463d req-d7e1455b-58c9-4bb7-8956-bc05a807463d ] Request (VolumesAssistedSnapshotsTest:test_volume_assisted_snapshot_create_delete): 200 GET http://10.180.1.21/volume/v3/volumes/eacc4f4b-9663-42ee-93bc-982ad4139ae4 0.185s
2024-12-12 14:42:16.235 66436 INFO tempest.common.waiters [-] volume eacc4f4b-9663-42ee-93bc-982ad4139ae4 reached available after waiting for 1.235636 seconds
2024-12-12 14:42:16.236 66386 INFO tempest.lib.common.rest_client [req-86016df4-b9f6-496c-b3b5-387f3986c9b1 req-86016df4-b9f6-496c-b3b5-387f3986c9b1 ] Request (FloatingIPsNegativeTestJSON:tearDownClass): 204 DELETE http://10.180.1.21:9696/networking/v2.0/routers/1bb22d43-fde5-4388-858e-30daf97bed06 2.168s
2024-12-12 14:42:16.255 66398 INFO tempest.lib.common.rest_client [req-556cd9dc-3306-4e61-a2b5-a6f9e78579df req-556cd9dc-3306-4e61-a2b5-a6f9e78579df ] Request (FlavorsAccessTestJSON:_run_cleanups): 202 DELETE http://10.180.1.21/compute/v2.1/flavors/157063360 0.531s
2024-12-12 14:42:16.255 66378 INFO tempest.lib.common.rest_client [req-11d4ff5f-ee61-404f-a7d5-3b4e6acd9d48 req-11d4ff5f-ee61-404f-a7d5-3b4e6acd9d48 ] Request (HypervisorAdminNegativeTestJSON:tearDownClass): 201 POST http://10.180.1.21/identity/v3/auth/tokens 0.373s
2024-12-12 14:42:16.274 66407 INFO tempest.lib.common.rest_client [req-eeadf708-485a-4a6e-857a-eb5e1919bf5d req-eeadf708-485a-4a6e-857a-eb5e1919bf5d ] Request (FloatingIPsAssociationNegativeTestJSON:setUpClass): 200 GET http://10.180.1.21/compute/v2.1/servers/0a3f52f3-994f-4bc2-b258-0be366e34a12 0.567s
2024-12-12 14:42:16.289 66416 INFO tempest.lib.common.rest_client [req-db3f1683-722e-4846-9765-6ab8708bf20f req-db3f1683-722e-4846-9765-6ab8708bf20f ] Request (InstanceActionsNegativeTestJSON:setUpClass): 201 POST http://10.180.1.21/identity/v3/projects 0.337s
2024-12-12 14:42:16.288 66388 INFO tempest.lib.common.rest_client [req-9fe8b7a0-4933-468e-9fcc-1b9649eabacb req-9fe8b7a0-4933-468e-9fcc-1b9649eabacb ] Request (QuotasAdminTestJSON:test_delete_quota): 202 DELETE http://10.180.1.21/compute/v2.1/os-quota-sets/2e81e5a59e9940e2afd0575f4c7f7dd2 0.472s
2024-12-12 14:42:16.294 66380 INFO tempest.lib.common.rest_client [req-63217ca3-3eb6-48a9-8e06-0560d135d50e req-63217ca3-3eb6-48a9-8e06-0560d135d50e ] Request (HostsAdminNegativeTestJSON:test_update_host_with_invalid_status): 400 PUT http://10.180.1.21/compute/v2.1/os-hosts/devstack 0.468s
2024-12-12 14:42:16.318 66408 INFO tempest.lib.common.rest_client [req-1a7c56bc-735e-45a9-9698-c5607b056d4e req-1a7c56bc-735e-45a9-9698-c5607b056d4e ] Request (ServersWithSpecificFlavorTestJSON:test_verify_created_server_ephemeral_disk): 200 POST http://10.180.1.21/compute/v2.1/flavors 0.468s
2024-12-12 14:42:16.321 66376 INFO tempest.lib.common.rest_client [req-003f5e71-b827-4c7b-b68a-31670831ee73 req-003f5e71-b827-4c7b-b68a-31670831ee73 ] Request (ListImageFiltersNegativeTestJSON:tearDownClass): 204 DELETE http://10.180.1.21/identity/v3/projects/0d078bba63244acc835a29bc58e330fc 0.435s
2024-12-12 14:42:16.345 66428 INFO tempest.lib.common.rest_client [req-ec9a5829-58a0-4f48-9cb1-2da461a5a1f5 req-ec9a5829-58a0-4f48-9cb1-2da461a5a1f5 ] Request (FlavorsExtraSpecsNegativeTestJSON:tearDownClass): 202 DELETE http://10.180.1.21/compute/v2.1/flavors/734944489 0.486s
2024-12-12 14:42:16.371 66430 INFO tempest.lib.common.rest_client [req-4e3f25aa-5282-4b65-9580-2160b464db1a req-4e3f25aa-5282-4b65-9580-2160b464db1a ] Request (HypervisorAdminNegativeUnderV252Test:tearDownClass): 204 DELETE http://10.180.1.21:9696/networking/v2.0/security-groups/379fe7fb-3635-4471-b5f2-28ebc1fdadd3 0.465s
2024-12-12 14:42:16.375 66400 INFO tempest.lib.common.rest_client [req-e65c5e71-6498-4e29-95a4-5cf050f59bf5 req-e65c5e71-6498-4e29-95a4-5cf050f59bf5 ] Request (FlavorsAccessNegativeTestJSON:_run_cleanups): 200 GET http://10.180.1.21/compute/v2.1/flavors/detail 0.497s
2024-12-12 14:42:16.414 66396 INFO tempest.lib.common.rest_client [req-7891a7f7-4786-4278-a2fc-4db186487229 req-7891a7f7-4786-4278-a2fc-4db186487229 ] Request (KeyPairsV22TestJSON:setUpClass): 201 POST http://10.180.1.21/identity/v3/auth/tokens 0.402s
2024-12-12 14:42:16.429 66432 INFO tempest.lib.common.rest_client [req-c470cd50-bcf5-4f0f-b964-99cc3406d186 req-c470cd50-bcf5-4f0f-b964-99cc3406d186 ] Request (FlavorsV2TestJSON:setUpClass): 201 POST http://10.180.1.21/identity/v3/projects 0.450s
2024-12-12 14:42:16.440 66390 INFO tempest.lib.common.rest_client [req-b75fcc3b-0c74-40cf-8975-2f6880c64370 req-b75fcc3b-0c74-40cf-8975-2f6880c64370 ] Request (QuotasSecurityGroupAdminNegativeTest:setUpClass): 200 GET http://10.180.1.21/identity/v3/domains?name=Default 0.401s
2024-12-12 14:42:16.476 66410 INFO tempest.lib.common.rest_client [req-27f5fc75-bc74-490d-9370-4a076e0caacf req-27f5fc75-bc74-490d-9370-4a076e0caacf ] Request (ServerAddressesTestJSON:setUpClass): 200 PUT http://10.180.1.21:9696/networking/v2.0/routers/5c0a8c6d-e4b8-41f6-a311-1ce4111bf1dc/add_router_interface 3.942s
2024-12-12 14:42:16.476 66410 INFO tempest.lib.common.dynamic_creds [-] Created isolated network resources for: credentials: Credentials: {'domain_id': 'default', 'domain_name': 'Default', 'username': 'tempest-ServerAddressesTestJSON-1849130781-project-member', 'project_domain_id': 'default', 'project_domain_name': 'Default', 'project_id': '81c365d878604f1dac8277b7ec5ba1cf', 'project_name': 'tempest-ServerAddressesTestJSON-1849130781', 'tenant_id': '81c365d878604f1dac8277b7ec5ba1cf', 'tenant_name': 'tempest-ServerAddressesTestJSON-1849130781', 'user_domain_id': 'default', 'user_domain_name': 'Default', 'user_id': '41a0fe6d1056420c9f3f2925724b6595', 'system': None}, Network: {'id': '52c9eb82-f701-4b25-8bd6-06720f23bc27', 'name': 'tempest-ServerAddressesTestJSON-519465885-network', 'tenant_id': '81c365d878604f1dac8277b7ec5ba1cf', 'admin_state_up': True, 'mtu': 8950, 'status': 'ACTIVE', 'subnets': [], 'shared': False, 'project_id': '81c365d878604f1dac8277b7ec5ba1cf', 'port_security_enabled': True, 'router:external': False, 'provider:network_type': 'vlan', 'provider:physical_network': 'default', 'provider:segmentation_id': 12, 'availability_zone_hints': [], 'availability_zones': [], 'ipv4_address_scope': None, 'ipv6_address_scope': None, 'description': '', 'tags': [], 'created_at': '2024-12-12T14:42:10Z', 'updated_at': '2024-12-12T14:42:10Z', 'revision_number': 1}, Subnet: {'id': '6e2dd193-2b80-4e6c-9e07-67d71032f150', 'name': 'tempest-ServerAddressesTestJSON-519465885-subnet', 'tenant_id': '81c365d878604f1dac8277b7ec5ba1cf', 'network_id': '52c9eb82-f701-4b25-8bd6-06720f23bc27', 'ip_version': 4, 'subnetpool_id': None, 'enable_dhcp': True, 'ipv6_ra_mode': None, 'ipv6_address_mode': None, 'gateway_ip': '192.168.128.1', 'cidr': '192.168.128.0/28', 'allocation_pools': [{'start': '192.168.128.2', 'end': '192.168.128.14'}], 'host_routes': [], 'dns_nameservers': [], 'description': '', 'router:external': False, 'service_types': [], 'tags': [], 'created_at': '2024-12-12T14:42:10Z', 'updated_at': '2024-12-12T14:42:10Z', 'revision_number': 0, 'project_id': '81c365d878604f1dac8277b7ec5ba1cf'}, Router: {'id': '5c0a8c6d-e4b8-41f6-a311-1ce4111bf1dc', 'name': 'tempest-ServerAddressesTestJSON-519465885-router', 'tenant_id': '81c365d878604f1dac8277b7ec5ba1cf', 'admin_state_up': True, 'status': 'ACTIVE', 'external_gateway_info': {'network_id': '5ed557e4-fe2d-44e3-aa3c-c4cac4fb6089', 'external_fixed_ips': [{'subnet_id': 'f4276b27-8624-4993-9bb5-ddba7f97f014', 'ip_address': '10.180.180.214'}], 'enable_snat': True}, 'description': '', 'availability_zones': [], 'distributed': False, 'ha': False, 'availability_zone_hints': [], 'routes': [], 'flavor_id': None, 'tags': [], 'created_at': '2024-12-12T14:42:10Z', 'updated_at': '2024-12-12T14:42:11Z', 'revision_number': 2, 'project_id': '81c365d878604f1dac8277b7ec5ba1cf'}
2024-12-12 14:42:16.478 66404 INFO tempest.lib.common.rest_client [req-318ea10d-0755-450c-938f-2c3fca4376af req-318ea10d-0755-450c-938f-2c3fca4376af ] Request (HypervisorAdminV253TestBase:setUpClass): 201 POST http://10.180.1.21/identity/v3/auth/tokens 0.276s
2024-12-12 14:42:16.510 66384 INFO tempest.lib.common.rest_client [req-b9d65d32-251b-4a96-ae3a-7758c8d58acb req-b9d65d32-251b-4a96-ae3a-7758c8d58acb ] Request (ServerDiagnosticsV248Test:test_get_server_diagnostics): 200 GET http://10.180.1.21/compute/v2.1/servers/5e303a40-525b-4b16-a781-b0bf62cf59ee 0.596s
2024-12-12 14:42:16.530 66394 INFO tempest.lib.common.rest_client [req-f9a20bab-7dd4-43ee-a285-0b85dd409288 req-f9a20bab-7dd4-43ee-a285-0b85dd409288 ] Request (FlavorsAdminTestJSON:_run_cleanups): 202 DELETE http://10.180.1.21/compute/v2.1/flavors/c94e5aba-0a57-4a1d-9f73-afa57a0cd2b8 0.312s
2024-12-12 14:42:16.537 66386 INFO tempest.lib.common.rest_client [req-fa7219df-c247-48b6-9aee-9bd28ad71ad5 req-fa7219df-c247-48b6-9aee-9bd28ad71ad5 ] Request (FloatingIPsNegativeTestJSON:tearDownClass): 204 DELETE http://10.180.1.21:9696/networking/v2.0/subnets/8841c261-2405-4136-8690-e5f81e1fc639 0.300s
2024-12-12 14:42:16.594 66420 INFO tempest.lib.common.rest_client [req-6e71a860-6971-4d5a-93a4-52b214607b22 req-6e71a860-6971-4d5a-93a4-52b214607b22 ] Request (ServicesAdminNegativeV253TestJSON:tearDownClass): 204 DELETE http://10.180.1.21/identity/v3/users/f4eda426b417405b9c9bc77673c8a433 0.444s
2024-12-12 14:42:16.646 66424 INFO tempest.lib.common.rest_client [req-b63874ce-2332-411d-b08c-e0ad8c49ee43 req-b63874ce-2332-411d-b08c-e0ad8c49ee43 ] Request (AggregatesAdminNegativeTestJSON:test_aggregate_add_host_as_user): 403 POST http://10.180.1.21/compute/v2.1/os-aggregates/2/action 0.901s
2024-12-12 14:42:16.670 66398 INFO tempest.lib.common.rest_client [req-9f75793a-8b38-49f9-b910-a4860ed0fd79 req-9f75793a-8b38-49f9-b910-a4860ed0fd79 ] Request (FlavorsAccessTestJSON:_run_cleanups): 200 GET http://10.180.1.21/compute/v2.1/flavors/detail 0.414s
2024-12-12 14:42:16.722 66416 INFO tempest.lib.common.rest_client [req-d7f167e9-6fb0-4ba8-8b97-a93fbc1271d3 req-d7f167e9-6fb0-4ba8-8b97-a93fbc1271d3 ] Request (InstanceActionsNegativeTestJSON:setUpClass): 201 POST http://10.180.1.21/identity/v3/users 0.432s
2024-12-12 14:42:16.725 66438 INFO tempest.lib.common.rest_client [req-5161c21e-f76b-409f-b617-5a9c3b07e108 req-5161c21e-f76b-409f-b617-5a9c3b07e108 ] Request (HypervisorAdminUnderV252Test:tearDownClass): 200 GET http://10.180.1.21:9696/networking/v2.0/security-groups?tenant_id=d1b3ff0ad61446ccac89454744df2c56&name=default 0.802s
2024-12-12 14:42:16.737 66376 INFO tempest.lib.common.rest_client [req-3ca60cdd-c1d3-4773-b99e-693c03fdf7ef req-3ca60cdd-c1d3-4773-b99e-693c03fdf7ef ] Request (MultipleCreateTestJSON:setUpClass): 201 POST http://10.180.1.21/identity/v3/auth/tokens 0.412s
2024-12-12 14:42:16.742 66434 INFO tempest.lib.common.rest_client [req-f92a6ede-7d49-4b5b-90ad-2ee19733f7be req-f92a6ede-7d49-4b5b-90ad-2ee19733f7be ] Request (FlavorsV261TestJSON:tearDownClass): 200 GET http://10.180.1.21:9696/networking/v2.0/security-groups?tenant_id=c4e5ecb1a8ae43d7b135cd84fba20e74&name=default 1.065s
2024-12-12 14:42:16.767 66396 INFO tempest.lib.common.rest_client [req-caa964fd-5fc4-4bd4-a10f-fdae606ac8fa req-caa964fd-5fc4-4bd4-a10f-fdae606ac8fa ] Request (KeyPairsV22TestJSON:setUpClass): 200 GET http://10.180.1.21/identity/v3/domains?name=Default 0.353s
2024-12-12 14:42:16.782 66430 INFO tempest.lib.common.rest_client [req-4d7db815-37b5-489c-b73b-80693567f821 req-4d7db815-37b5-489c-b73b-80693567f821 ] Request (HypervisorAdminNegativeUnderV252Test:tearDownClass): 204 DELETE http://10.180.1.21/identity/v3/projects/03ea8f1442974f809c01ec4f489ca4ea 0.411s
2024-12-12 14:42:16.782 66430 INFO tempest.lib.common.dynamic_creds [-] Deleting project and security group for project: 6e3a72bb1de640c2b0827b6794a7e0a2
2024-12-12 14:42:16.825 66432 INFO tempest.lib.common.rest_client [req-adbbfb9c-e71c-4116-8d50-14510ceb0cfe req-adbbfb9c-e71c-4116-8d50-14510ceb0cfe ] Request (FlavorsV2TestJSON:setUpClass): 201 POST http://10.180.1.21/identity/v3/users 0.396s
2024-12-12 14:42:16.844 66390 INFO tempest.lib.common.rest_client [req-e0e5a0c3-2077-476e-b5b9-bd4560841f16 req-e0e5a0c3-2077-476e-b5b9-bd4560841f16 ] Request (QuotasSecurityGroupAdminNegativeTest:setUpClass): 201 POST http://10.180.1.21/identity/v3/projects 0.404s
2024-12-12 14:42:16.885 66410 INFO tempest.lib.common.rest_client [req-b79f1771-7f04-4108-9314-e91af46e0abf req-b79f1771-7f04-4108-9314-e91af46e0abf ] Request (ServerAddressesTestJSON:setUpClass): 201 POST http://10.180.1.21/identity/v3/auth/tokens 0.401s
2024-12-12 14:42:16.901 66404 INFO tempest.lib.common.rest_client [req-6eb2a6bb-e31b-4e2e-9f65-ca83a9bf67e5 req-6eb2a6bb-e31b-4e2e-9f65-ca83a9bf67e5 ] Request (HypervisorAdminV253TestBase:setUpClass): 201 POST http://10.180.1.21/identity/v3/auth/tokens 0.411s
2024-12-12 14:42:16.969 66420 INFO tempest.lib.common.rest_client [req-ffa307fb-038a-4f60-9e12-5097c2764658 req-ffa307fb-038a-4f60-9e12-5097c2764658 ] Request (ServicesAdminNegativeV253TestJSON:tearDownClass): 204 DELETE http://10.180.1.21/identity/v3/users/dd5ee49d976d479280269ee03b0672ff 0.375s
2024-12-12 14:42:16.969 66420 INFO tempest.lib.common.dynamic_creds [-] Deleting project and security group for project: 3160c971f1314346afc8a1b2afeb09c6
2024-12-12 14:42:16.997 66434 INFO tempest.lib.common.rest_client [req-eee539c3-2377-41d4-9077-cfbe654e8895 req-eee539c3-2377-41d4-9077-cfbe654e8895 ] Request (FlavorsV261TestJSON:tearDownClass): 204 DELETE http://10.180.1.21:9696/networking/v2.0/security-groups/c09351c5-e334-4c35-bb34-fec2985d4a0e 0.253s
2024-12-12 14:42:17.011 66436 INFO tempest.lib.common.rest_client [req-64303a82-316c-4c76-9620-6ffc746144af req-64303a82-316c-4c76-9620-6ffc746144af ] Request (VolumesAssistedSnapshotsTest:test_volume_assisted_snapshot_create_delete): 200 POST http://10.180.1.21/compute/v2.1/os-keypairs 0.773s
2024-12-12 14:42:17.019 66380 INFO tempest.lib.common.rest_client [req-ef4d21c0-4a9e-43b4-8193-1fc4ff2890e6 req-ef4d21c0-4a9e-43b4-8193-1fc4ff2890e6 ] Request (HostsAdminNegativeTestJSON:test_update_host_with_non_admin_user): 403 PUT http://10.180.1.21/compute/v2.1/os-hosts/devstack 0.720s
2024-12-12 14:42:17.033 66408 INFO tempest.lib.common.rest_client [req-a8040926-b97b-4c92-8e8e-15623b7d1b09 req-a8040926-b97b-4c92-8e8e-15623b7d1b09 ] Request (ServersWithSpecificFlavorTestJSON:test_verify_created_server_ephemeral_disk): 200 GET http://10.180.1.21/compute/v2.1/flavors/42/os-extra_specs 0.711s
2024-12-12 14:42:17.043 66416 INFO tempest.lib.common.rest_client [req-53f09e10-89ba-4d16-9a2b-d37d8e12ce04 req-53f09e10-89ba-4d16-9a2b-d37d8e12ce04 ] Request (InstanceActionsNegativeTestJSON:setUpClass): 200 GET http://10.180.1.21/identity/v3/roles 0.321s
2024-12-12 14:42:17.054 66428 INFO tempest.lib.common.rest_client [req-c0d82336-1c51-4c82-a368-0db4330b66df req-c0d82336-1c51-4c82-a368-0db4330b66df ] Request (FlavorsExtraSpecsNegativeTestJSON:tearDownClass): 200 GET http://10.180.1.21/compute/v2.1/flavors/detail 0.709s
2024-12-12 14:42:17.069 66398 INFO tempest.lib.common.rest_client [req-a5043570-3b7a-47af-b982-b26363431c6e req-a5043570-3b7a-47af-b982-b26363431c6e ] Request (FlavorsAccessTestJSON:tearDownClass): 204 DELETE http://10.180.1.21/identity/v3/users/92c4d17176464050aa069fb91548eb0a 0.392s
2024-12-12 14:42:17.073 66400 INFO tempest.lib.common.rest_client [req-61ddb037-2ed2-4ade-895f-0ec3a31234ff req-61ddb037-2ed2-4ade-895f-0ec3a31234ff ] Request (FlavorsAccessNegativeTestJSON:test_flavor_non_admin_add): 200 POST http://10.180.1.21/compute/v2.1/flavors 0.690s
