2024-12-12 14:42:22.767 66398 INFO tempest.lib.common.rest_client [req-77027077-d509-4f55-8a13-8ee25369e63f req-77027077-d509-4f55-8a13-8ee25369e63f ] Request (ServerDiagnosticsTest:setUpClass): 204 PUT http://10.180.1.21/identity/v3/projects/3c651da3153a4852886751b0f7157e33/users/85d026cbd2904df5bf6250e2029bed5f/roles/7a66e06f32c14cc89f2588af8d5b6848 0.202s
2024-12-12 14:42:22.768 66398 INFO tempest.lib.common.dynamic_creds [-] Dynamic test user 85d026cbd2904df5bf6250e2029bed5f is created with scope project and roles: ['member']
2024-12-12 14:42:22.768 66398 INFO tempest.lib.common.dynamic_creds [-] Acquired dynamic creds: credentials: Credentials: {'domain_id': 'default', 'domain_name': 'Default', 'username': 'tempest-ServerDiagnosticsTest-1382529337-project-member', 'project_domain_id': 'default', 'project_domain_name': 'Default', 'project_id': '3c651da3153a4852886751b0f7157e33', 'project_name': 'tempest-ServerDiagnosticsTest-1382529337', 'tenant_id': '3c651da3153a4852886751b0f7157e33', 'tenant_name': 'tempest-ServerDiagnosticsTest-1382529337', 'user_domain_id': 'default', 'user_domain_name': 'Default', 'user_id': '85d026cbd2904df5bf6250e2029bed5f', 'system': None}, Network: None, Subnet: None, Router: None
2024-12-12 14:42:22.768 66398 INFO tempest.lib.common.dynamic_creds [-] Created isolated network resources for: credentials: Credentials: {'domain_id': 'default', 'domain_name': 'Default', 'username': 'tempest-ServerDiagnosticsTest-1382529337-project-member', 'project_domain_id': 'default', 'project_domain_name': 'Default', 'project_id': '3c651da3153a4852886751b0f7157e33', 'project_name': 'tempest-ServerDiagnosticsTest-1382529337', 'tenant_id': '3c651da3153a4852886751b0f7157e33', 'tenant_name': 'tempest-ServerDiagnosticsTest-1382529337', 'user_domain_id': 'default', 'user_domain_name': 'Default', 'user_id': '85d026cbd2904df5bf6250e2029bed5f', 'system': None}, Network: None, Subnet: None, Router: None
2024-12-12 14:42:22.829 66428 INFO tempest.lib.common.rest_client [req-fe8372e1-f66e-4f26-9e1d-e4f443b507c1 req-fe8372e1-f66e-4f26-9e1d-e4f443b507c1 ] Request (ServersAdmin275Test:setUpClass): 201 POST http://10.180.1.21/identity/v3/users 0.249s
2024-12-12 14:42:22.841 66438 INFO tempest.lib.common.rest_client [req-01f40ff3-bf77-4cad-8371-a7374eb4e7ec req-01f40ff3-bf77-4cad-8371-a7374eb4e7ec ] Request (QuotasAdminNegativeTest:setUpClass): 200 GET http://10.180.1.21/identity/v3/roles 0.250s
2024-12-12 14:42:22.845 66418 INFO tempest.lib.common.rest_client [req-40e2fd22-7a35-4772-a8b6-48247a66a798 req-40e2fd22-7a35-4772-a8b6-48247a66a798 ] Request (TenantUsagesTestJSON:setUpClass): 200 GET http://10.180.1.21/compute/v2.1/servers/ee332bb0-aff5-430b-a421-0c57ae1dda20 1.765s
2024-12-12 14:42:22.847 66378 INFO tempest.lib.common.rest_client [req-6fefffab-2e6a-4b30-86ca-a7bdbfc1798b req-6fefffab-2e6a-4b30-86ca-a7bdbfc1798b ] Request (SecurityGroupRulesNegativeTestJSON:setUpClass): 201 POST http://10.180.1.21:9696/networking/v2.0/networks 0.949s
2024-12-12 14:42:22.893 66408 INFO tempest.lib.common.rest_client [req-3ed64564-5c4d-4564-86dd-a3de09d0fc63 req-3ed64564-5c4d-4564-86dd-a3de09d0fc63 ] Request (ServersWithSpecificFlavorTestJSON:test_verify_created_server_ephemeral_disk): 202 POST http://10.180.1.21/compute/v2.1/servers 1.973s
2024-12-12 14:42:22.904 66396 INFO tempest.lib.common.rest_client [req-87a34d48-94e1-48d0-b62c-8a6f4fde20f9 req-87a34d48-94e1-48d0-b62c-8a6f4fde20f9 ] Request (KeyPairsV22TestJSON:test_get_keypair_detail): 200 GET http://10.180.1.21/compute/v2.1/os-keypairs/tempest-keypair-2031282046 1.670s
2024-12-12 14:42:22.904 66380 INFO tempest.lib.common.rest_client [req-28237dbc-d303-418f-bc6e-922caf3ffb18 req-28237dbc-d303-418f-bc6e-922caf3ffb18 ] Request (InstanceUsageAuditLogNegativeTestJSON:setUpClass): 201 POST http://10.180.1.21/identity/v3/projects 0.227s
2024-12-12 14:42:22.984 66382 INFO tempest.lib.common.rest_client [req-a6eb7b3c-2cf6-4e0e-886e-7742f8bfb032 req-a6eb7b3c-2cf6-4e0e-886e-7742f8bfb032 ] Request (ImagesNegativeTestJSON:test_create_image_from_deleted_server): 200 GET http://10.180.1.21/compute/v2.1/servers/a2b4357a-62ae-47d9-9c5f-27b59bd5d94d 1.807s
2024-12-12 14:42:22.997 66432 INFO tempest.lib.common.rest_client [req-4ddc989d-9190-4695-8669-d232897fd337 req-4ddc989d-9190-4695-8669-d232897fd337 ] Request (FlavorsV2TestJSON:test_list_flavors): 200 GET http://10.180.1.21/compute/v2.1/flavors/42 1.619s
2024-12-12 14:42:23.012 66434 INFO tempest.lib.common.rest_client [req-332f4ff8-b5b2-4b4b-9dbd-c1f518a8b86a req-332f4ff8-b5b2-4b4b-9dbd-c1f518a8b86a ] Request (KeyPairsV210TestJSON:setUpClass): 200 GET http://10.180.1.21/identity/v3/roles 0.306s
2024-12-12 14:42:23.027 66394 INFO tempest.lib.common.rest_client [req-0cf699a5-6b4e-4874-adad-b8a5b1f2e0f0 req-0cf699a5-6b4e-4874-adad-b8a5b1f2e0f0 ] Request (FlavorsAdminTestJSON:_run_cleanups): 200 GET http://10.180.1.21/compute/v2.1/flavors/detail 1.619s
2024-12-12 14:42:23.045 66428 INFO tempest.lib.common.rest_client [req-21bd41f5-eb08-40e0-8e58-5592adc9c67f req-21bd41f5-eb08-40e0-8e58-5592adc9c67f ] Request (ServersAdmin275Test:setUpClass): 200 GET http://10.180.1.21/identity/v3/roles 0.214s
2024-12-12 14:42:23.060 66398 INFO tempest.lib.common.rest_client [req-ec90475d-d1c6-416c-907a-d8b0afa41384 req-ec90475d-d1c6-416c-907a-d8b0afa41384 ] Request (ServerDiagnosticsTest:setUpClass): 201 POST http://10.180.1.21/identity/v3/auth/tokens 0.288s
2024-12-12 14:42:23.075 66438 INFO tempest.lib.common.rest_client [req-aae6e26c-8196-4d03-b40e-11ebfa76dda1 req-aae6e26c-8196-4d03-b40e-11ebfa76dda1 ] Request (QuotasAdminNegativeTest:setUpClass): 204 PUT http://10.180.1.21/identity/v3/projects/a44d839bc5d5416dbc1bab3b8cef20c4/users/b60bafbe16014e71b7396ecaed6062ac/roles/bf3ab02c301648629e22985f4e53253b 0.234s
2024-12-12 14:42:23.076 66438 INFO tempest.lib.common.dynamic_creds [-] Dynamic test user b60bafbe16014e71b7396ecaed6062ac is created with scope project and roles: ['admin']
2024-12-12 14:42:23.076 66438 INFO tempest.lib.common.dynamic_creds [-] Acquired dynamic creds: credentials: Credentials: {'domain_id': 'default', 'domain_name': 'Default', 'username': 'tempest-QuotasAdminNegativeTest-1026229298-project-admin', 'project_domain_id': 'default', 'project_domain_name': 'Default', 'project_id': 'a44d839bc5d5416dbc1bab3b8cef20c4', 'project_name': 'tempest-QuotasAdminNegativeTest-1026229298', 'tenant_id': 'a44d839bc5d5416dbc1bab3b8cef20c4', 'tenant_name': 'tempest-QuotasAdminNegativeTest-1026229298', 'user_domain_id': 'default', 'user_domain_name': 'Default', 'user_id': 'b60bafbe16014e71b7396ecaed6062ac', 'system': None}, Network: None, Subnet: None, Router: None
2024-12-12 14:42:23.076 66438 INFO tempest.lib.common.dynamic_creds [-] Created isolated network resources for: credentials: Credentials: {'domain_id': 'default', 'domain_name': 'Default', 'username': 'tempest-QuotasAdminNegativeTest-1026229298-project-admin', 'project_domain_id': 'default', 'project_domain_name': 'Default', 'project_id': 'a44d839bc5d5416dbc1bab3b8cef20c4', 'project_name': 'tempest-QuotasAdminNegativeTest-1026229298', 'tenant_id': 'a44d839bc5d5416dbc1bab3b8cef20c4', 'tenant_name': 'tempest-QuotasAdminNegativeTest-1026229298', 'user_domain_id': 'default', 'user_domain_name': 'Default', 'user_id': 'b60bafbe16014e71b7396ecaed6062ac', 'system': None}, Network: None, Subnet: None, Router: None
2024-12-12 14:42:23.102 66402 INFO tempest.lib.common.rest_client [req-ebb064a6-dea7-46d5-bfc9-1ec2976160d1 req-ebb064a6-dea7-46d5-bfc9-1ec2976160d1 ] Request (MigrationsAdminTest:test_list_migrations_in_flavor_resize_situation): 200 GET http://10.180.1.21/compute/v2.1/servers/8c8a5dc7-4d03-4002-a7eb-19b84bdfcd2d 1.774s
2024-12-12 14:42:23.104 66380 INFO tempest.lib.common.rest_client [req-f1e8bcf7-901c-4a7f-acb1-b308bd987471 req-f1e8bcf7-901c-4a7f-acb1-b308bd987471 ] Request (InstanceUsageAuditLogNegativeTestJSON:setUpClass): 201 POST http://10.180.1.21/identity/v3/users 0.200s
2024-12-12 14:42:23.191 66430 INFO tempest.lib.common.rest_client [req-c7dff407-2bed-4138-b897-10ee15ffe7e9 req-c7dff407-2bed-4138-b897-10ee15ffe7e9 ] Request (ImagesMetadataTestJSON:setUpClass): 201 POST http://10.180.1.21/image/v2/images 1.484s
2024-12-12 14:42:23.209 66410 INFO tempest.lib.common.rest_client [req-1ec15a2e-9933-46fe-9175-cd4c6ada8189 req-1ec15a2e-9933-46fe-9175-cd4c6ada8189 ] Request (ServerAddressesTestJSON:setUpClass): 200 GET http://10.180.1.21/compute/v2.1/servers/d6d5cf0a-cccd-4fd8-bb42-70ace16f05e1 1.675s
2024-12-12 14:42:23.218 66410 INFO tempest.common.waiters [-] State transition "BUILD/scheduling" ==> "BUILD/None" after 3 second wait
2024-12-12 14:42:23.236 66434 INFO tempest.lib.common.rest_client [req-10c61954-247f-48ac-af3a-b6fb8d80988d req-10c61954-247f-48ac-af3a-b6fb8d80988d ] Request (KeyPairsV210TestJSON:setUpClass): 204 PUT http://10.180.1.21/identity/v3/projects/b0e91c8bc8ae4a268543ea13161f7b9e/users/7b74f380158a41dbacca039431ae862d/roles/bf3ab02c301648629e22985f4e53253b 0.223s
2024-12-12 14:42:23.236 66434 INFO tempest.lib.common.dynamic_creds [-] Dynamic test user 7b74f380158a41dbacca039431ae862d is created with scope project and roles: ['admin']
2024-12-12 14:42:23.237 66434 INFO tempest.lib.common.dynamic_creds [-] Acquired dynamic creds: credentials: Credentials: {'domain_id': 'default', 'domain_name': 'Default', 'username': 'tempest-KeyPairsV210TestJSON-1238845624-project-admin', 'project_domain_id': 'default', 'project_domain_name': 'Default', 'project_id': 'b0e91c8bc8ae4a268543ea13161f7b9e', 'project_name': 'tempest-KeyPairsV210TestJSON-1238845624', 'tenant_id': 'b0e91c8bc8ae4a268543ea13161f7b9e', 'tenant_name': 'tempest-KeyPairsV210TestJSON-1238845624', 'user_domain_id': 'default', 'user_domain_name': 'Default', 'user_id': '7b74f380158a41dbacca039431ae862d', 'system': None}, Network: None, Subnet: None, Router: None
2024-12-12 14:42:23.237 66434 INFO tempest.lib.common.dynamic_creds [-] Created isolated network resources for: credentials: Credentials: {'domain_id': 'default', 'domain_name': 'Default', 'username': 'tempest-KeyPairsV210TestJSON-1238845624-project-admin', 'project_domain_id': 'default', 'project_domain_name': 'Default', 'project_id': 'b0e91c8bc8ae4a268543ea13161f7b9e', 'project_name': 'tempest-KeyPairsV210TestJSON-1238845624', 'tenant_id': 'b0e91c8bc8ae4a268543ea13161f7b9e', 'tenant_name': 'tempest-KeyPairsV210TestJSON-1238845624', 'user_domain_id': 'default', 'user_domain_name': 'Default', 'user_id': '7b74f380158a41dbacca039431ae862d', 'system': None}, Network: None, Subnet: None, Router: None
2024-12-12 14:42:23.255 66428 INFO tempest.lib.common.rest_client [req-256d7877-931d-48d5-aba1-ca55abe902ef req-256d7877-931d-48d5-aba1-ca55abe902ef ] Request (ServersAdmin275Test:setUpClass): 204 PUT http://10.180.1.21/identity/v3/projects/61dbef9943014bf6909b3c20779af38e/users/a4daba4be2f743368ff71abef5c04a36/roles/7a66e06f32c14cc89f2588af8d5b6848 0.209s
2024-12-12 14:42:23.255 66428 INFO tempest.lib.common.dynamic_creds [-] Dynamic test user a4daba4be2f743368ff71abef5c04a36 is created with scope project and roles: ['member']
2024-12-12 14:42:23.255 66428 INFO tempest.lib.common.dynamic_creds [-] Acquired dynamic creds: credentials: Credentials: {'domain_id': 'default', 'domain_name': 'Default', 'username': 'tempest-ServersAdmin275Test-1805026066-project-member', 'project_domain_id': 'default', 'project_domain_name': 'Default', 'project_id': '61dbef9943014bf6909b3c20779af38e', 'project_name': 'tempest-ServersAdmin275Test-1805026066', 'tenant_id': '61dbef9943014bf6909b3c20779af38e', 'tenant_name': 'tempest-ServersAdmin275Test-1805026066', 'user_domain_id': 'default', 'user_domain_name': 'Default', 'user_id': 'a4daba4be2f743368ff71abef5c04a36', 'system': None}, Network: None, Subnet: None, Router: None
2024-12-12 14:42:23.255 66428 INFO tempest.lib.common.dynamic_creds [-] Created isolated network resources for: credentials: Credentials: {'domain_id': 'default', 'domain_name': 'Default', 'username': 'tempest-ServersAdmin275Test-1805026066-project-member', 'project_domain_id': 'default', 'project_domain_name': 'Default', 'project_id': '61dbef9943014bf6909b3c20779af38e', 'project_name': 'tempest-ServersAdmin275Test-1805026066', 'tenant_id': '61dbef9943014bf6909b3c20779af38e', 'tenant_name': 'tempest-ServersAdmin275Test-1805026066', 'user_domain_id': 'default', 'user_domain_name': 'Default', 'user_id': 'a4daba4be2f743368ff71abef5c04a36', 'system': None}, Network: None, Subnet: None, Router: None
2024-12-12 14:42:23.324 66438 INFO tempest.lib.common.rest_client [req-22225932-8145-4129-a2a3-d59040df9ed8 req-22225932-8145-4129-a2a3-d59040df9ed8 ] Request (QuotasAdminNegativeTest:setUpClass): 201 POST http://10.180.1.21/identity/v3/auth/tokens 0.245s
2024-12-12 14:42:23.325 66438 WARNING tempest.lib.common.rest_client [-] Deprecated: "tenant_id" property is deprecated for removal, use "project_id" instead
2024-12-12 14:42:23.347 66398 INFO tempest.lib.common.rest_client [req-b36e925d-4e8f-4e78-b8a0-411f52c9c908 req-b36e925d-4e8f-4e78-b8a0-411f52c9c908 ] Request (ServerDiagnosticsTest:setUpClass): 201 POST http://10.180.1.21/identity/v3/projects 0.285s
2024-12-12 14:42:23.413 66380 INFO tempest.lib.common.rest_client [req-b9b11cbf-07f3-4f23-b9ce-5d13198e4969 req-b9b11cbf-07f3-4f23-b9ce-5d13198e4969 ] Request (InstanceUsageAuditLogNegativeTestJSON:setUpClass): 200 GET http://10.180.1.21/identity/v3/roles 0.308s
2024-12-12 14:42:23.450 66390 INFO tempest.lib.common.rest_client [req-35095f37-5d02-4415-be2f-982bf245df79 req-35095f37-5d02-4415-be2f-982bf245df79 ] Request (QuotasSecurityGroupAdminNegativeTest:tearDownClass): 200 GET http://10.180.1.21:9696/networking/v2.0/security-groups?tenant_id=b3933dff96fc4140ba03ddc0ccd523b9&name=default 0.904s
2024-12-12 14:42:23.496 66386 INFO tempest.lib.common.rest_client [req-4112dd08-794f-4e33-9ca9-fc60d61db5c4 req-4112dd08-794f-4e33-9ca9-fc60d61db5c4 ] Request (KeyPairsV2TestJSON:test_get_keypair_detail): 200 POST http://10.180.1.21/compute/v2.1/os-keypairs 1.697s
2024-12-12 14:42:23.507 66424 INFO tempest.lib.common.rest_client [req-55661ea7-6863-4648-8737-548aa54c614a req-55661ea7-6863-4648-8737-548aa54c614a ] Request (AggregatesAdminNegativeTestJSON:test_aggregate_create_aggregate_name_length_less_than_1): 400 POST http://10.180.1.21/compute/v2.1/os-aggregates 1.657s
2024-12-12 14:42:23.524 66426 INFO tempest.lib.common.rest_client [req-619e42e6-842f-42cc-bb08-ce2ec4ab1dea req-619e42e6-842f-42cc-bb08-ce2ec4ab1dea ] Request (ListImageFiltersTestJSON:setUpClass): 201 POST http://10.180.1.21/image/v2/images 1.311s
2024-12-12 14:42:23.549 66434 INFO tempest.lib.common.rest_client [req-22cf60e9-1fe4-41d6-96a8-117e9f7c1216 req-22cf60e9-1fe4-41d6-96a8-117e9f7c1216 ] Request (KeyPairsV210TestJSON:setUpClass): 201 POST http://10.180.1.21/identity/v3/auth/tokens 0.306s
2024-12-12 14:42:23.555 66428 INFO tempest.lib.common.rest_client [req-50569dcd-8544-4f63-a4de-c5da2697c035 req-50569dcd-8544-4f63-a4de-c5da2697c035 ] Request (ServersAdmin275Test:setUpClass): 201 POST http://10.180.1.21/identity/v3/auth/tokens 0.295s
2024-12-12 14:42:23.579 66398 INFO tempest.lib.common.rest_client [req-257605a5-5bd5-4233-862a-0ff3946deb68 req-257605a5-5bd5-4233-862a-0ff3946deb68 ] Request (ServerDiagnosticsTest:setUpClass): 201 POST http://10.180.1.21/identity/v3/users 0.232s
2024-12-12 14:42:23.581 66380 INFO tempest.lib.common.rest_client [req-b9b0f4c2-2aee-408e-8cfa-cd921e0a972c req-b9b0f4c2-2aee-408e-8cfa-cd921e0a972c ] Request (InstanceUsageAuditLogNegativeTestJSON:setUpClass): 204 PUT http://10.180.1.21/identity/v3/projects/0650b3b39851485490763a4017c4abc6/users/529221713f55463ab3f9b7f2311d86c8/roles/7a66e06f32c14cc89f2588af8d5b6848 0.167s
2024-12-12 14:42:23.581 66380 INFO tempest.lib.common.dynamic_creds [-] Dynamic test user 529221713f55463ab3f9b7f2311d86c8 is created with scope project and roles: ['member']
2024-12-12 14:42:23.581 66380 INFO tempest.lib.common.dynamic_creds [-] Acquired dynamic creds: credentials: Credentials: {'domain_id': 'default', 'domain_name': 'Default', 'username': 'tempest-InstanceUsageAuditLogNegativeTestJSON-1383746814-project-member', 'project_domain_id': 'default', 'project_domain_name': 'Default', 'project_id': '0650b3b39851485490763a4017c4abc6', 'project_name': 'tempest-InstanceUsageAuditLogNegativeTestJSON-1383746814', 'tenant_id': '0650b3b39851485490763a4017c4abc6', 'tenant_name': 'tempest-InstanceUsageAuditLogNegativeTestJSON-1383746814', 'user_domain_id': 'default', 'user_domain_name': 'Default', 'user_id': '529221713f55463ab3f9b7f2311d86c8', 'system': None}, Network: None, Subnet: None, Router: None
2024-12-12 14:42:23.581 66380 INFO tempest.lib.common.dynamic_creds [-] Created isolated network resources for: credentials: Credentials: {'domain_id': 'default', 'domain_name': 'Default', 'username': 'tempest-InstanceUsageAuditLogNegativeTestJSON-1383746814-project-member', 'project_domain_id': 'default', 'project_domain_name': 'Default', 'project_id': '0650b3b39851485490763a4017c4abc6', 'project_name': 'tempest-InstanceUsageAuditLogNegativeTestJSON-1383746814', 'tenant_id': '0650b3b39851485490763a4017c4abc6', 'tenant_name': 'tempest-InstanceUsageAuditLogNegativeTestJSON-1383746814', 'user_domain_id': 'default', 'user_domain_name': 'Default', 'user_id': '529221713f55463ab3f9b7f2311d86c8', 'system': None}, Network: None, Subnet: None, Router: None
2024-12-12 14:42:23.593 66422 INFO tempest.lib.common.rest_client [req-392c5601-c9da-43f6-a514-69df655d5f28 req-392c5601-c9da-43f6-a514-69df655d5f28 ] Request (QuotaClassesAdminTestJSON:_run_cleanups): 200 PUT http://10.180.1.21/compute/v2.1/os-quota-class-sets/default 1.726s
2024-12-12 14:42:23.686 66398 INFO tempest.lib.common.rest_client [req-12645a37-d718-42fd-9c71-d5fe2a1cb7cc req-12645a37-d718-42fd-9c71-d5fe2a1cb7cc ] Request (ServerDiagnosticsTest:setUpClass): 200 GET http://10.180.1.21/identity/v3/roles 0.106s
2024-12-12 14:42:23.691 66428 INFO tempest.lib.common.rest_client [req-ad8e7a1b-9b8f-4541-93b3-02630811bcb5 req-ad8e7a1b-9b8f-4541-93b3-02630811bcb5 ] Request (ServersAdmin275Test:setUpClass): 201 POST http://10.180.1.21/identity/v3/projects 0.136s
2024-12-12 14:42:23.706 66400 INFO tempest.lib.common.rest_client [req-89f6c89d-18d7-467e-8180-ee2fcbe041a6 req-89f6c89d-18d7-467e-8180-ee2fcbe041a6 ] Request (FlavorsAccessNegativeTestJSON:test_flavor_non_admin_remove): 200 POST http://10.180.1.21/compute/v2.1/flavors/1422839075/action 1.864s
2024-12-12 14:42:23.760 66380 INFO tempest.lib.common.rest_client [req-686724b6-0f65-4a6c-bb1a-85829efab129 req-686724b6-0f65-4a6c-bb1a-85829efab129 ] Request (InstanceUsageAuditLogNegativeTestJSON:setUpClass): 201 POST http://10.180.1.21/identity/v3/auth/tokens 0.173s
2024-12-12 14:42:23.816 66398 INFO tempest.lib.common.rest_client [req-4549a918-092f-458d-b57e-9669627befb3 req-4549a918-092f-458d-b57e-9669627befb3 ] Request (ServerDiagnosticsTest:setUpClass): 204 PUT http://10.180.1.21/identity/v3/projects/2ba8b7b70ea34aa09b5b685bc8689a8e/users/0434f02f77854a5fbc3ab2ee23770b05/roles/bf3ab02c301648629e22985f4e53253b 0.130s
2024-12-12 14:42:23.816 66378 INFO tempest.lib.common.rest_client [req-b4bc9da2-9a34-43de-8449-a0b8f440da4e req-b4bc9da2-9a34-43de-8449-a0b8f440da4e ] Request (SecurityGroupRulesNegativeTestJSON:setUpClass): 201 POST http://10.180.1.21:9696/networking/v2.0/subnets 0.968s
2024-12-12 14:42:23.820 66436 INFO tempest.lib.common.rest_client [req-c2718781-0bff-421d-aa67-a4a4d4179c6f req-c2718781-0bff-421d-aa67-a4a4d4179c6f ] Request (VolumesAssistedSnapshotsTest:test_volume_assisted_snapshot_create_delete): 200 GET http://10.180.1.21/compute/v2.1/servers/83c0cf00-f9ce-435f-b549-c53d22d7e61f 1.899s
2024-12-12 14:42:23.820 66390 INFO tempest.lib.common.rest_client [req-dfc31324-cb3e-4e84-b4d8-2a8316e1bc12 req-dfc31324-cb3e-4e84-b4d8-2a8316e1bc12 ] Request (QuotasSecurityGroupAdminNegativeTest:tearDownClass): 204 DELETE http://10.180.1.21:9696/networking/v2.0/security-groups/501f1997-f40b-475d-bf80-161c5f3c5e2b 0.369s
2024-12-12 14:42:23.856 66422 INFO tempest.lib.common.rest_client [req-ffe061f2-67c8-4def-ab13-004432b7827e req-ffe061f2-67c8-4def-ab13-004432b7827e ] Request (QuotaClassesAdminTestJSON:tearDownClass): 204 DELETE http://10.180.1.21/identity/v3/users/4b0b431cd9434797b9f2c4fa7b1e1c6a 0.201s
2024-12-12 14:42:23.877 66420 INFO tempest.lib.common.rest_client [req-efcb5d73-c03c-41d7-b604-d55ece6a5272 req-efcb5d73-c03c-41d7-b604-d55ece6a5272 ] Request (SecurityGroupsTestJSON:setUpClass): 201 POST http://10.180.1.21:9696/networking/v2.0/networks 1.225s
2024-12-12 14:42:23.904 66384 INFO tempest.lib.common.rest_client [req-96048736-695f-4a3e-8e2e-8d356986d7ef req-96048736-695f-4a3e-8e2e-8d356986d7ef ] Request (ServerDiagnosticsV248Test:test_get_server_diagnostics): 200 GET http://10.180.1.21/compute/v2.1/servers/5e303a40-525b-4b16-a781-b0bf62cf59ee 1.548s
2024-12-12 14:42:23.912 66428 INFO tempest.lib.common.rest_client [req-a19f76f5-6d28-43a3-8fd6-68583465ba6b req-a19f76f5-6d28-43a3-8fd6-68583465ba6b ] Request (ServersAdmin275Test:setUpClass): 201 POST http://10.180.1.21/identity/v3/users 0.220s
2024-12-12 14:42:23.914 66384 INFO tempest.common.waiters [-] State transition "BUILD/spawning" ==> "ACTIVE/None" after 14 second wait
2024-12-12 14:42:23.977 66380 INFO tempest.lib.common.rest_client [req-5fa712b4-e2d8-40a6-83b9-b210852d9d21 req-5fa712b4-e2d8-40a6-83b9-b210852d9d21 ] Request (InstanceUsageAuditLogNegativeTestJSON:setUpClass): 201 POST http://10.180.1.21/identity/v3/projects 0.216s
2024-12-12 14:42:23.981 66398 INFO tempest.lib.common.rest_client [req-18349b81-7b12-43db-9cc4-5064723e3e49 req-18349b81-7b12-43db-9cc4-5064723e3e49 ] Request (ServerDiagnosticsTest:setUpClass): 200 GET http://10.180.1.21/identity/v3/roles 0.164s
2024-12-12 14:42:23.989 66407 INFO tempest.lib.common.rest_client [req-fb6e0dae-06a7-4114-b0ee-9558a185a7b0 req-fb6e0dae-06a7-4114-b0ee-9558a185a7b0 ] Request (FloatingIPsAssociationNegativeTestJSON:setUpClass): 200 GET http://10.180.1.21/compute/v2.1/servers/0a3f52f3-994f-4bc2-b258-0be366e34a12 2.110s
2024-12-12 14:42:23.997 66407 INFO tempest.common.waiters [-] State transition "BUILD/networking" ==> "BUILD/spawning" after 12 second wait
2024-12-12 14:42:24.073 66422 INFO tempest.lib.common.rest_client [req-ab0fe727-c8c3-4378-a121-e5b2f73a49e3 req-ab0fe727-c8c3-4378-a121-e5b2f73a49e3 ] Request (QuotaClassesAdminTestJSON:tearDownClass): 204 DELETE http://10.180.1.21/identity/v3/users/1be209893fbe4933a8235d02759e931b 0.217s
2024-12-12 14:42:24.074 66422 INFO tempest.lib.common.dynamic_creds [-] Deleting project and security group for project: c6581f7ec0994aa4a353e84da5038a0e
2024-12-12 14:42:24.081 66390 INFO tempest.lib.common.rest_client [req-dc0be744-1d5c-45fa-8757-ff048eb3f162 req-dc0be744-1d5c-45fa-8757-ff048eb3f162 ] Request (QuotasSecurityGroupAdminNegativeTest:tearDownClass): 204 DELETE http://10.180.1.21/identity/v3/projects/b3933dff96fc4140ba03ddc0ccd523b9 0.261s
2024-12-12 14:42:24.081 66390 INFO tempest.lib.common.dynamic_creds [-] Deleting project and security group for project: cb53455612fa4f46bc3d81fe7979f140
2024-12-12 14:42:24.178 66428 INFO tempest.lib.common.rest_client [req-e50a37bc-4cc1-4d36-a68f-f5fe4b62c015 req-e50a37bc-4cc1-4d36-a68f-f5fe4b62c015 ] Request (ServersAdmin275Test:setUpClass): 200 GET http://10.180.1.21/identity/v3/roles 0.266s
2024-12-12 14:42:24.225 66380 INFO tempest.lib.common.rest_client [req-e5f96c88-4d1b-4c53-a20e-7ba6b2b14b5b req-e5f96c88-4d1b-4c53-a20e-7ba6b2b14b5b ] Request (InstanceUsageAuditLogNegativeTestJSON:setUpClass): 201 POST http://10.180.1.21/identity/v3/users 0.247s
2024-12-12 14:42:24.231 66404 INFO tempest.lib.common.rest_client [req-0608ecc8-0cb0-4a77-b5d8-1823b3848cff req-0608ecc8-0cb0-4a77-b5d8-1823b3848cff ] Request (HypervisorAdminV253TestBase:test_list_show_detail_hypervisors): 200 GET http://10.180.1.21/compute/v2.1/os-hypervisors/detail?with_servers=True 1.839s
2024-12-12 14:42:24.260 66398 INFO tempest.lib.common.rest_client [req-afafd99a-3c3c-4b43-9cea-41bfa4b560d8 req-afafd99a-3c3c-4b43-9cea-41bfa4b560d8 ] Request (ServerDiagnosticsTest:setUpClass): 204 PUT http://10.180.1.21/identity/v3/projects/2ba8b7b70ea34aa09b5b685bc8689a8e/users/0434f02f77854a5fbc3ab2ee23770b05/roles/bf3ab02c301648629e22985f4e53253b 0.279s
2024-12-12 14:42:24.260 66398 INFO tempest.lib.common.dynamic_creds [-] Dynamic test user 0434f02f77854a5fbc3ab2ee23770b05 is created with scope project and roles: ['admin']
2024-12-12 14:42:24.261 66398 INFO tempest.lib.common.dynamic_creds [-] Acquired dynamic creds: credentials: Credentials: {'domain_id': 'default', 'domain_name': 'Default', 'username': 'tempest-ServerDiagnosticsTest-1914676169-project-admin', 'project_domain_id': 'default', 'project_domain_name': 'Default', 'project_id': '2ba8b7b70ea34aa09b5b685bc8689a8e', 'project_name': 'tempest-ServerDiagnosticsTest-1914676169', 'tenant_id': '2ba8b7b70ea34aa09b5b685bc8689a8e', 'tenant_name': 'tempest-ServerDiagnosticsTest-1914676169', 'user_domain_id': 'default', 'user_domain_name': 'Default', 'user_id': '0434f02f77854a5fbc3ab2ee23770b05', 'system': None}, Network: None, Subnet: None, Router: None
2024-12-12 14:42:24.261 66398 INFO tempest.lib.common.dynamic_creds [-] Created isolated network resources for: credentials: Credentials: {'domain_id': 'default', 'domain_name': 'Default', 'username': 'tempest-ServerDiagnosticsTest-1914676169-project-admin', 'project_domain_id': 'default', 'project_domain_name': 'Default', 'project_id': '2ba8b7b70ea34aa09b5b685bc8689a8e', 'project_name': 'tempest-ServerDiagnosticsTest-1914676169', 'tenant_id': '2ba8b7b70ea34aa09b5b685bc8689a8e', 'tenant_name': 'tempest-ServerDiagnosticsTest-1914676169', 'user_domain_id': 'default', 'user_domain_name': 'Default', 'user_id': '0434f02f77854a5fbc3ab2ee23770b05', 'system': None}, Network: None, Subnet: None, Router: None
2024-12-12 14:42:24.294 66414 INFO tempest.lib.common.rest_client [req-2aad4f5a-c063-4e62-95db-610d86083849 req-2aad4f5a-c063-4e62-95db-610d86083849 ] Request (ServersV294TestFqdnHostnames:setUpClass): 200 GET http://10.180.1.21/compute/v2.1/servers/e8bfc50c-9562-4adf-8025-10b37ecf4dbf 1.777s
2024-12-12 14:42:24.308 66408 INFO tempest.lib.common.rest_client [req-a996a1c1-cd57-49b0-80f6-ba71c99a1712 req-a996a1c1-cd57-49b0-80f6-ba71c99a1712 ] Request (ServersWithSpecificFlavorTestJSON:test_verify_created_server_ephemeral_disk): 200 GET http://10.180.1.21/compute/v2.1/servers/2eb1e514-73d8-4939-8238-94b4aead2cba 1.414s
2024-12-12 14:42:24.309 66414 INFO tempest.common.waiters [-] State transition "BUILD/None" ==> "BUILD/spawning" after 13 second wait
2024-12-12 14:42:24.329 66396 INFO tempest.lib.common.rest_client [req-8b5f6e08-d91b-4833-891c-ef0ca1cbd5ad req-8b5f6e08-d91b-4833-891c-ef0ca1cbd5ad ] Request (KeyPairsV22TestJSON:_run_cleanups): 204 DELETE http://10.180.1.21/compute/v2.1/os-keypairs/tempest-keypair-2031282046 1.420s
2024-12-12 14:42:24.331 66422 INFO tempest.lib.common.rest_client [req-f1d8b738-b63e-4243-a5fc-fe8bf1c44868 req-f1d8b738-b63e-4243-a5fc-fe8bf1c44868 ] Request (QuotaClassesAdminTestJSON:tearDownClass): 201 POST http://10.180.1.21/identity/v3/auth/tokens 0.257s
2024-12-12 14:42:24.332 66432 INFO tempest.lib.common.rest_client [req-cbcfb58f-75eb-4429-b72c-c5e0f511192e req-cbcfb58f-75eb-4429-b72c-c5e0f511192e ] Request (FlavorsV2TestJSON:test_list_flavors_detailed_filter_by_min_disk): 200 GET http://10.180.1.21/compute/v2.1/flavors/42 1.329s
2024-12-12 14:42:24.346 66420 INFO tempest.lib.common.rest_client [req-2257b45b-3bd6-4158-8d47-7309e21a8905 req-2257b45b-3bd6-4158-8d47-7309e21a8905 ] Request (SecurityGroupsTestJSON:setUpClass): 201 POST http://10.180.1.21:9696/networking/v2.0/subnets 0.468s
2024-12-12 14:42:24.352 66390 INFO tempest.lib.common.rest_client [req-bea37843-ee8a-4ab4-883a-a526c5ec9dfa req-bea37843-ee8a-4ab4-883a-a526c5ec9dfa ] Request (QuotasSecurityGroupAdminNegativeTest:tearDownClass): 200 GET http://10.180.1.21:9696/networking/v2.0/security-groups?tenant_id=cb53455612fa4f46bc3d81fe7979f140&name=default 0.270s
2024-12-12 14:42:24.354 66394 INFO tempest.lib.common.rest_client [req-6ab5a8c5-482d-4d4c-8499-9bb7f5456e87 req-6ab5a8c5-482d-4d4c-8499-9bb7f5456e87 ] Request (FlavorsAdminTestJSON:test_create_server_with_non_public_flavor): 200 POST http://10.180.1.21/compute/v2.1/flavors 1.318s
2024-12-12 14:42:24.355 66380 INFO tempest.lib.common.rest_client [req-e0869af9-caf4-412a-ba0e-7beaf7f5260c req-e0869af9-caf4-412a-ba0e-7beaf7f5260c ] Request (InstanceUsageAuditLogNegativeTestJSON:setUpClass): 200 GET http://10.180.1.21/identity/v3/roles 0.130s
2024-12-12 14:42:24.364 66428 INFO tempest.lib.common.rest_client [req-e7af8d7f-0346-4cc8-80e6-c78c3d189c50 req-e7af8d7f-0346-4cc8-80e6-c78c3d189c50 ] Request (ServersAdmin275Test:setUpClass): 204 PUT http://10.180.1.21/identity/v3/projects/995c12a4bb374415bc5473306b6e821b/users/2e8a5018be914b9eb33049baa92bd836/roles/bf3ab02c301648629e22985f4e53253b 0.184s
2024-12-12 14:42:24.454 66398 INFO tempest.lib.common.rest_client [req-254b95dc-ce2c-414e-9232-c38aed6eca2b req-254b95dc-ce2c-414e-9232-c38aed6eca2b ] Request (ServerDiagnosticsTest:setUpClass): 201 POST http://10.180.1.21/identity/v3/auth/tokens 0.189s
2024-12-12 14:42:24.487 66390 INFO tempest.lib.common.rest_client [req-112eb990-b000-407f-9d73-e5bdfa4c14a2 req-112eb990-b000-407f-9d73-e5bdfa4c14a2 ] Request (QuotasSecurityGroupAdminNegativeTest:tearDownClass): 204 DELETE http://10.180.1.21:9696/networking/v2.0/security-groups/f157f1ed-ca70-4cb2-85ba-c9eebf27c3a4 0.134s
2024-12-12 14:42:24.557 66428 INFO tempest.lib.common.rest_client [req-05fe8757-88f7-492a-8e97-c342baddc455 req-05fe8757-88f7-492a-8e97-c342baddc455 ] Request (ServersAdmin275Test:setUpClass): 200 GET http://10.180.1.21/identity/v3/roles 0.193s
2024-12-12 14:42:24.582 66380 INFO tempest.lib.common.rest_client [req-a6dd81a2-a886-4877-9909-d19e046b6d8b req-a6dd81a2-a886-4877-9909-d19e046b6d8b ] Request (InstanceUsageAuditLogNegativeTestJSON:setUpClass): 204 PUT http://10.180.1.21/identity/v3/projects/42360b32ed1544dfbf9ffc24ecaa7d01/users/01bf4fd70b2345f98c6203b96c58cd42/roles/bf3ab02c301648629e22985f4e53253b 0.226s
2024-12-12 14:42:24.627 66398 INFO tempest.lib.common.rest_client [req-009e7770-d9ef-4d3c-96f9-3004da55dadc req-009e7770-d9ef-4d3c-96f9-3004da55dadc ] Request (ServerDiagnosticsTest:test_get_server_diagnostics): 201 POST http://10.180.1.21/identity/v3/auth/tokens 0.168s
2024-12-12 14:42:24.627 66398 INFO tempest.lib.common.fixed_network [-] (ServerDiagnosticsTest:test_get_server_diagnostics) Found network None available for tenant
2024-12-12 14:42:24.710 66428 INFO tempest.lib.common.rest_client [req-3bc3b6f8-6bec-48e9-a15a-5e089cbb16d3 req-3bc3b6f8-6bec-48e9-a15a-5e089cbb16d3 ] Request (ServersAdmin275Test:setUpClass): 204 PUT http://10.180.1.21/identity/v3/projects/995c12a4bb374415bc5473306b6e821b/users/2e8a5018be914b9eb33049baa92bd836/roles/bf3ab02c301648629e22985f4e53253b 0.153s
2024-12-12 14:42:24.711 66428 INFO tempest.lib.common.dynamic_creds [-] Dynamic test user 2e8a5018be914b9eb33049baa92bd836 is created with scope project and roles: ['admin']
2024-12-12 14:42:24.711 66428 INFO tempest.lib.common.dynamic_creds [-] Acquired dynamic creds: credentials: Credentials: {'domain_id': 'default', 'domain_name': 'Default', 'username': 'tempest-ServersAdmin275Test-897186595-project-admin', 'project_domain_id': 'default', 'project_domain_name': 'Default', 'project_id': '995c12a4bb374415bc5473306b6e821b', 'project_name': 'tempest-ServersAdmin275Test-897186595', 'tenant_id': '995c12a4bb374415bc5473306b6e821b', 'tenant_name': 'tempest-ServersAdmin275Test-897186595', 'user_domain_id': 'default', 'user_domain_name': 'Default', 'user_id': '2e8a5018be914b9eb33049baa92bd836', 'system': None}, Network: None, Subnet: None, Router: None
2024-12-12 14:42:24.711 66428 INFO tempest.lib.common.dynamic_creds [-] Created isolated network resources for: credentials: Credentials: {'domain_id': 'default', 'domain_name': 'Default', 'username': 'tempest-ServersAdmin275Test-897186595-project-admin', 'project_domain_id': 'default', 'project_domain_name': 'Default', 'project_id': '995c12a4bb374415bc5473306b6e821b', 'project_name': 'tempest-ServersAdmin275Test-897186595', 'tenant_id': '995c12a4bb374415bc5473306b6e821b', 'tenant_name': 'tempest-ServersAdmin275Test-897186595', 'user_domain_id': 'default', 'user_domain_name': 'Default', 'user_id': '2e8a5018be914b9eb33049baa92bd836', 'system': None}, Network: None, Subnet: None, Router: None
2024-12-12 14:42:24.739 66390 INFO tempest.lib.common.rest_client [req-5e7ca547-c338-470b-91ee-857f3cae6b88 req-5e7ca547-c338-470b-91ee-857f3cae6b88 ] Request (QuotasSecurityGroupAdminNegativeTest:tearDownClass): 204 DELETE http://10.180.1.21/identity/v3/projects/cb53455612fa4f46bc3d81fe7979f140 0.251s
2024-12-12 14:42:24.743 66422 INFO tempest.lib.common.rest_client [req-6f79930a-0f59-4073-a328-38b3cc36ca02 req-6f79930a-0f59-4073-a328-38b3cc36ca02 ] Request (QuotaClassesAdminTestJSON:tearDownClass): 200 GET http://10.180.1.21:9696/networking/v2.0/security-groups?tenant_id=c6581f7ec0994aa4a353e84da5038a0e&name=default 0.410s
2024-12-12 14:42:24.765 66376 INFO tempest.lib.common.rest_client [req-01464ac2-e898-43f1-81f1-0e741b2b61b9 req-01464ac2-e898-43f1-81f1-0e741b2b61b9 ] Request (MultipleCreateTestJSON:setUpClass): 200 PUT http://10.180.1.21:9696/networking/v2.0/routers/7ca8ea54-3e21-4490-b623-84631a480024/add_router_interface 2.233s
2024-12-12 14:42:24.765 66376 INFO tempest.lib.common.dynamic_creds [-] Created isolated network resources for: credentials: Credentials: {'domain_id': 'default', 'domain_name': 'Default', 'username': 'tempest-MultipleCreateTestJSON-2141443468-project-member', 'project_domain_id': 'default', 'project_domain_name': 'Default', 'project_id': '7dd4b0d372fe426db69229f3fdc0202f', 'project_name': 'tempest-MultipleCreateTestJSON-2141443468', 'tenant_id': '7dd4b0d372fe426db69229f3fdc0202f', 'tenant_name': 'tempest-MultipleCreateTestJSON-2141443468', 'user_domain_id': 'default', 'user_domain_name': 'Default', 'user_id': '1ff583f218244f889986c13aa2d9ae21', 'system': None}, Network: {'id': '8a4b3a36-0e23-4e6f-b176-ae6b65c72fe6', 'name': 'tempest-MultipleCreateTestJSON-625259704-network', 'tenant_id': '7dd4b0d372fe426db69229f3fdc0202f', 'admin_state_up': True, 'mtu': 8950, 'status': 'ACTIVE', 'subnets': [], 'shared': False, 'project_id': '7dd4b0d372fe426db69229f3fdc0202f', 'port_security_enabled': True, 'router:external': False, 'provider:network_type': 'vlan', 'provider:physical_network': 'default', 'provider:segmentation_id': 279, 'availability_zone_hints': [], 'availability_zones': [], 'ipv4_address_scope': None, 'ipv6_address_scope': None, 'description': '', 'tags': [], 'created_at': '2024-12-12T14:42:20Z', 'updated_at': '2024-12-12T14:42:20Z', 'revision_number': 1}, Subnet: {'id': '05d44be6-748b-477b-82f9-155823427ee7', 'name': 'tempest-MultipleCreateTestJSON-625259704-subnet', 'tenant_id': '7dd4b0d372fe426db69229f3fdc0202f', 'network_id': '8a4b3a36-0e23-4e6f-b176-ae6b65c72fe6', 'ip_version': 4, 'subnetpool_id': None, 'enable_dhcp': True, 'ipv6_ra_mode': None, 'ipv6_address_mode': None, 'gateway_ip': '192.168.128.1', 'cidr': '192.168.128.0/28', 'allocation_pools': [{'start': '192.168.128.2', 'end': '192.168.128.14'}], 'host_routes': [], 'dns_nameservers': [], 'description': '', 'router:external': False, 'service_types': [], 'tags': [], 'created_at': '2024-12-12T14:42:20Z', 'updated_at': '2024-12-12T14:42:20Z', 'revision_number': 0, 'project_id': '7dd4b0d372fe426db69229f3fdc0202f'}, Router: {'id': '7ca8ea54-3e21-4490-b623-84631a480024', 'name': 'tempest-MultipleCreateTestJSON-625259704-router', 'tenant_id': '7dd4b0d372fe426db69229f3fdc0202f', 'admin_state_up': True, 'status': 'ACTIVE', 'external_gateway_info': {'network_id': '5ed557e4-fe2d-44e3-aa3c-c4cac4fb6089', 'external_fixed_ips': [{'subnet_id': 'f4276b27-8624-4993-9bb5-ddba7f97f014', 'ip_address': '10.180.180.158'}], 'enable_snat': True}, 'description': '', 'availability_zones': [], 'distributed': False, 'ha': False, 'availability_zone_hints': [], 'routes': [], 'flavor_id': None, 'tags': [], 'created_at': '2024-12-12T14:42:21Z', 'updated_at': '2024-12-12T14:42:22Z', 'revision_number': 2, 'project_id': '7dd4b0d372fe426db69229f3fdc0202f'}
2024-12-12 14:42:24.786 66380 INFO tempest.lib.common.rest_client [req-b8d7673e-1d6a-4418-b390-030d7a313395 req-b8d7673e-1d6a-4418-b390-030d7a313395 ] Request (InstanceUsageAuditLogNegativeTestJSON:setUpClass): 200 GET http://10.180.1.21/identity/v3/roles 0.203s
2024-12-12 14:42:24.810 66412 INFO tempest.lib.common.rest_client [req-9b61d29e-ed96-4aed-ad07-7219fcc15497 req-9b61d29e-ed96-4aed-ad07-7219fcc15497 ] Request (DeleteServersAdminTestJSON:test_admin_delete_servers_of_others): 200 GET http://10.180.1.21/compute/v2.1/servers/eefb3212-5727-47cc-87fc-caec0e4cc868 1.319s
2024-12-12 14:42:24.824 66386 INFO tempest.lib.common.rest_client [req-98ef3f0e-1fc7-43fc-b986-49965cce8559 req-98ef3f0e-1fc7-43fc-b986-49965cce8559 ] Request (KeyPairsV2TestJSON:test_get_keypair_detail): 200 GET http://10.180.1.21/compute/v2.1/os-keypairs/tempest-keypair-1623722793 1.326s
2024-12-12 14:42:24.833 66424 INFO tempest.lib.common.rest_client [req-67e23f46-e2c4-498e-bb3a-ce7b2988de40 req-67e23f46-e2c4-498e-bb3a-ce7b2988de40 ] Request (AggregatesAdminNegativeTestJSON:test_aggregate_create_as_user): 403 POST http://10.180.1.21/compute/v2.1/os-aggregates 1.325s
2024-12-12 14:42:24.881 66430 INFO tempest.lib.common.rest_client [req-c9999caa-8df6-4a83-9cf7-87e52dac0aa0 req-c9999caa-8df6-4a83-9cf7-87e52dac0aa0 ] Request (ImagesMetadataTestJSON:setUpClass): 204 PUT http://10.180.1.21/image/v2/images/a2be898d-e1c6-48d3-b1ce-c90494099c8b/file 1.690s
2024-12-12 14:42:24.894 66438 INFO tempest.lib.common.rest_client [req-ae952dcc-8002-4353-99bc-40a221898f53 req-ae952dcc-8002-4353-99bc-40a221898f53 ] Request (QuotasAdminNegativeTest:test_create_server_when_cpu_quota_is_full): 200 GET http://10.180.1.21/compute/v2.1/os-quota-sets/1d00bdae95c84268b77b0c9a1f1d272d 1.568s
2024-12-12 14:42:24.914 66390 INFO tempest.lib.common.rest_client [req-171b10a0-1226-4a84-b92c-8bb789a3d175 req-171b10a0-1226-4a84-b92c-8bb789a3d175 ] Request (VolumesAdminNegativeTest:setUpClass): 201 POST http://10.180.1.21/identity/v3/auth/tokens 0.174s
2024-12-12 14:42:24.920 66422 INFO tempest.lib.common.rest_client [req-bd2eba75-41fc-424f-bed1-722b49c9d285 req-bd2eba75-41fc-424f-bed1-722b49c9d285 ] Request (QuotaClassesAdminTestJSON:tearDownClass): 204 DELETE http://10.180.1.21:9696/networking/v2.0/security-groups/04392de6-d099-4a81-bb2b-a573a642dfdd 0.176s
2024-12-12 14:42:24.943 66428 INFO tempest.lib.common.rest_client [req-94853f91-ae1b-4eeb-bab3-37357373e4a3 req-94853f91-ae1b-4eeb-bab3-37357373e4a3 ] Request (ServersAdmin275Test:setUpClass): 201 POST http://10.180.1.21/identity/v3/auth/tokens 0.229s
2024-12-12 14:42:24.967 66380 INFO tempest.lib.common.rest_client [req-18e73c9a-22c7-48fe-b018-b3f17bdae9cd req-18e73c9a-22c7-48fe-b018-b3f17bdae9cd ] Request (InstanceUsageAuditLogNegativeTestJSON:setUpClass): 204 PUT http://10.180.1.21/identity/v3/projects/42360b32ed1544dfbf9ffc24ecaa7d01/users/01bf4fd70b2345f98c6203b96c58cd42/roles/bf3ab02c301648629e22985f4e53253b 0.181s
2024-12-12 14:42:24.967 66380 INFO tempest.lib.common.dynamic_creds [-] Dynamic test user 01bf4fd70b2345f98c6203b96c58cd42 is created with scope project and roles: ['admin']
2024-12-12 14:42:24.968 66380 INFO tempest.lib.common.dynamic_creds [-] Acquired dynamic creds: credentials: Credentials: {'domain_id': 'default', 'domain_name': 'Default', 'username': 'tempest-InstanceUsageAuditLogNegativeTestJSON-312330226-project-admin', 'project_domain_id': 'default', 'project_domain_name': 'Default', 'project_id': '42360b32ed1544dfbf9ffc24ecaa7d01', 'project_name': 'tempest-InstanceUsageAuditLogNegativeTestJSON-312330226', 'tenant_id': '42360b32ed1544dfbf9ffc24ecaa7d01', 'tenant_name': 'tempest-InstanceUsageAuditLogNegativeTestJSON-312330226', 'user_domain_id': 'default', 'user_domain_name': 'Default', 'user_id': '01bf4fd70b2345f98c6203b96c58cd42', 'system': None}, Network: None, Subnet: None, Router: None
2024-12-12 14:42:24.968 66380 INFO tempest.lib.common.dynamic_creds [-] Created isolated network resources for: credentials: Credentials: {'domain_id': 'default', 'domain_name': 'Default', 'username': 'tempest-InstanceUsageAuditLogNegativeTestJSON-312330226-project-admin', 'project_domain_id': 'default', 'project_domain_name': 'Default', 'project_id': '42360b32ed1544dfbf9ffc24ecaa7d01', 'project_name': 'tempest-InstanceUsageAuditLogNegativeTestJSON-312330226', 'tenant_id': '42360b32ed1544dfbf9ffc24ecaa7d01', 'tenant_name': 'tempest-InstanceUsageAuditLogNegativeTestJSON-312330226', 'user_domain_id': 'default', 'user_domain_name': 'Default', 'user_id': '01bf4fd70b2345f98c6203b96c58cd42', 'system': None}, Network: None, Subnet: None, Router: None
2024-12-12 14:42:24.987 66376 INFO tempest.lib.common.rest_client [req-3d6957e5-387e-4532-9f70-dcadab4d136b req-3d6957e5-387e-4532-9f70-dcadab4d136b ] Request (MultipleCreateTestJSON:setUpClass): 201 POST http://10.180.1.21/identity/v3/auth/tokens 0.218s
2024-12-12 14:42:25.104 66390 INFO tempest.lib.common.rest_client [req-a1b6baca-9d6a-4c0a-8692-f3a3f0c6a0ef req-a1b6baca-9d6a-4c0a-8692-f3a3f0c6a0ef ] Request (VolumesAdminNegativeTest:setUpClass): 201 POST http://10.180.1.21/identity/v3/auth/tokens 0.187s
2024-12-12 14:42:25.123 66434 INFO tempest.lib.common.rest_client [req-1ee2d46b-acac-4d0e-ad51-e4bd5f97f04f req-1ee2d46b-acac-4d0e-ad51-e4bd5f97f04f ] Request (KeyPairsV210TestJSON:test_admin_manage_keypairs_for_other_users): 201 POST http://10.180.1.21/compute/v2.1/os-keypairs 1.570s
2024-12-12 14:42:25.129 66400 INFO tempest.lib.common.rest_client [req-0ab430b5-09ae-4321-8392-2789eb9e2cb3 req-0ab430b5-09ae-4321-8392-2789eb9e2cb3 ] Request (FlavorsAccessNegativeTestJSON:test_flavor_non_admin_remove): 403 POST http://10.180.1.21/compute/v2.1/flavors/1422839075/action 1.421s
2024-12-12 14:42:25.161 66428 INFO tempest.lib.common.rest_client [req-b5649ccc-dda5-4ba7-adbd-0f8b3d4f4966 req-b5649ccc-dda5-4ba7-adbd-0f8b3d4f4966 ] Request (ServersAdmin275Test:test_rebuild_update_server_275): 201 POST http://10.180.1.21/identity/v3/auth/tokens 0.210s
2024-12-12 14:42:25.162 66428 INFO tempest.lib.common.fixed_network [-] (ServersAdmin275Test:test_rebuild_update_server_275) Found network None available for tenant
2024-12-12 14:42:25.163 66416 INFO tempest.lib.common.rest_client [req-10d594f9-5c70-401c-92ee-cd84b7146d59 req-10d594f9-5c70-401c-92ee-cd84b7146d59 ] Request (InstanceActionsNegativeTestJSON:setUpClass): 200 PUT http://10.180.1.21:9696/networking/v2.0/routers/f8d0b600-375e-4fb6-ba24-fd9b9a6982ef/add_router_interface 3.247s
2024-12-12 14:42:25.163 66416 INFO tempest.lib.common.dynamic_creds [-] Created isolated network resources for: credentials: Credentials: {'domain_id': 'default', 'domain_name': 'Default', 'username': 'tempest-InstanceActionsNegativeTestJSON-1269664981-project-member', 'project_domain_id': 'default', 'project_domain_name': 'Default', 'project_id': '30ec6347e8084a16b0f364b8ebe1e4fd', 'project_name': 'tempest-InstanceActionsNegativeTestJSON-1269664981', 'tenant_id': '30ec6347e8084a16b0f364b8ebe1e4fd', 'tenant_name': 'tempest-InstanceActionsNegativeTestJSON-1269664981', 'user_domain_id': 'default', 'user_domain_name': 'Default', 'user_id': '0fe93f85b9884cbf86f3f96e12cc8a25', 'system': None}, Network: {'id': '02a3619c-48a3-421a-89d5-bd74f0f6e6fe', 'name': 'tempest-InstanceActionsNegativeTestJSON-1883052501-network', 'tenant_id': '30ec6347e8084a16b0f364b8ebe1e4fd', 'admin_state_up': True, 'mtu': 8950, 'status': 'ACTIVE', 'subnets': [], 'shared': False, 'project_id': '30ec6347e8084a16b0f364b8ebe1e4fd', 'port_security_enabled': True, 'router:external': False, 'provider:network_type': 'vlan', 'provider:physical_network': 'default', 'provider:segmentation_id': 556, 'availability_zone_hints': [], 'availability_zones': [], 'ipv4_address_scope': None, 'ipv6_address_scope': None, 'description': '', 'tags': [], 'created_at': '2024-12-12T14:42:18Z', 'updated_at': '2024-12-12T14:42:19Z', 'revision_number': 1}, Subnet: {'id': '9f0f7d48-68ee-4dea-ba67-9f36631bee04', 'name': 'tempest-InstanceActionsNegativeTestJSON-1883052501-subnet', 'tenant_id': '30ec6347e8084a16b0f364b8ebe1e4fd', 'network_id': '02a3619c-48a3-421a-89d5-bd74f0f6e6fe', 'ip_version': 4, 'subnetpool_id': None, 'enable_dhcp': True, 'ipv6_ra_mode': None, 'ipv6_address_mode': None, 'gateway_ip': '192.168.128.1', 'cidr': '192.168.128.0/28', 'allocation_pools': [{'start': '192.168.128.2', 'end': '192.168.128.14'}], 'host_routes': [], 'dns_nameservers': [], 'description': '', 'router:external': False, 'service_types': [], 'tags': [], 'created_at': '2024-12-12T14:42:19Z', 'updated_at': '2024-12-12T14:42:19Z', 'revision_number': 0, 'project_id': '30ec6347e8084a16b0f364b8ebe1e4fd'}, Router: {'id': 'f8d0b600-375e-4fb6-ba24-fd9b9a6982ef', 'name': 'tempest-InstanceActionsNegativeTestJSON-1883052501-router', 'tenant_id': '30ec6347e8084a16b0f364b8ebe1e4fd', 'admin_state_up': True, 'status': 'ACTIVE', 'external_gateway_info': {'network_id': '5ed557e4-fe2d-44e3-aa3c-c4cac4fb6089', 'external_fixed_ips': [{'subnet_id': 'f4276b27-8624-4993-9bb5-ddba7f97f014', 'ip_address': '10.180.180.183'}], 'enable_snat': True}, 'description': '', 'availability_zones': [], 'distributed': False, 'ha': False, 'availability_zone_hints': [], 'routes': [], 'flavor_id': None, 'tags': [], 'created_at': '2024-12-12T14:42:19Z', 'updated_at': '2024-12-12T14:42:21Z', 'revision_number': 2, 'project_id': '30ec6347e8084a16b0f364b8ebe1e4fd'}
2024-12-12 14:42:25.190 66422 INFO tempest.lib.common.rest_client [req-e3b42231-b4fb-431c-aeca-f88b9cf2d52a req-e3b42231-b4fb-431c-aeca-f88b9cf2d52a ] Request (QuotaClassesAdminTestJSON:tearDownClass): 204 DELETE http://10.180.1.21/identity/v3/projects/c6581f7ec0994aa4a353e84da5038a0e 0.269s
2024-12-12 14:42:25.190 66422 INFO tempest.lib.common.dynamic_creds [-] Deleting project and security group for project: 46e650f93db7418f9ce5fe584009a210
2024-12-12 14:42:25.260 66380 INFO tempest.lib.common.rest_client [req-c960cb28-1240-46f2-8de4-9f386d1167ef req-c960cb28-1240-46f2-8de4-9f386d1167ef ] Request (InstanceUsageAuditLogNegativeTestJSON:setUpClass): 201 POST http://10.180.1.21/identity/v3/auth/tokens 0.285s
2024-12-12 14:42:25.265 66376 INFO tempest.lib.common.rest_client [req-511206c8-0c35-4bfb-9ea6-669c7cb1942d req-511206c8-0c35-4bfb-9ea6-669c7cb1942d ] Request (MultipleCreateTestJSON:test_multiple_create): 201 POST http://10.180.1.21/identity/v3/auth/tokens 0.274s
2024-12-12 14:42:25.265 66376 INFO tempest.lib.common.fixed_network [-] (MultipleCreateTestJSON:test_multiple_create) Found network {'id': '8a4b3a36-0e23-4e6f-b176-ae6b65c72fe6', 'name': 'tempest-MultipleCreateTestJSON-625259704-network', 'tenant_id': '7dd4b0d372fe426db69229f3fdc0202f', 'admin_state_up': True, 'mtu': 8950, 'status': 'ACTIVE', 'subnets': [], 'shared': False, 'project_id': '7dd4b0d372fe426db69229f3fdc0202f', 'port_security_enabled': True, 'router:external': False, 'provider:network_type': 'vlan', 'provider:physical_network': 'default', 'provider:segmentation_id': 279, 'availability_zone_hints': [], 'availability_zones': [], 'ipv4_address_scope': None, 'ipv6_address_scope': None, 'description': '', 'tags': [], 'created_at': '2024-12-12T14:42:20Z', 'updated_at': '2024-12-12T14:42:20Z', 'revision_number': 1} available for tenant
2024-12-12 14:42:25.364 66388 INFO tempest.lib.common.rest_client [req-331fbe2e-61a9-4f41-be5d-effd1a28d378 req-331fbe2e-61a9-4f41-be5d-effd1a28d378 ] Request (QuotasAdminTestJSON:test_get_default_quotas): 200 GET http://10.180.1.21/compute/v2.1/os-quota-sets/e1b06e12331e4343849f42239ce2fd59/defaults 1.735s
2024-12-12 14:42:25.393 66390 INFO tempest.lib.common.rest_client [req-5f854afb-34b0-49bc-acc5-06d9e1fe6f01 req-5f854afb-34b0-49bc-acc5-06d9e1fe6f01 ] Request (VolumesAdminNegativeTest:setUpClass): 200 GET http://10.180.1.21/identity/v3/domains?name=Default 0.287s
2024-12-12 14:42:25.423 66416 INFO tempest.lib.common.rest_client [req-f932ecb8-bc6a-447b-8b07-920dd191083a req-f932ecb8-bc6a-447b-8b07-920dd191083a ] Request (InstanceActionsNegativeTestJSON:setUpClass): 201 POST http://10.180.1.21/identity/v3/auth/tokens 0.256s
2024-12-12 14:42:25.431 66418 INFO tempest.lib.common.rest_client [req-eeddaa4f-28d3-451d-9a38-e21480546ff0 req-eeddaa4f-28d3-451d-9a38-e21480546ff0 ] Request (TenantUsagesTestJSON:setUpClass): 200 GET http://10.180.1.21/compute/v2.1/servers/ee332bb0-aff5-430b-a421-0c57ae1dda20 1.572s
2024-12-12 14:42:25.446 66388 INFO tempest.lib.common.rest_client [req-026f3f56-2694-4744-ab85-ecea592d6b55 req-026f3f56-2694-4744-ab85-ecea592d6b55 ] Request (QuotasAdminTestJSON:test_get_updated_quotas): 200 GET http://10.180.1.21/identity/v3/domains?name=Default 0.078s
2024-12-12 14:42:25.487 66390 INFO tempest.lib.common.rest_client [req-3205bb36-b341-4784-b8d1-546008935065 req-3205bb36-b341-4784-b8d1-546008935065 ] Request (VolumesAdminNegativeTest:setUpClass): 201 POST http://10.180.1.21/identity/v3/projects 0.093s
2024-12-12 14:42:25.518 66422 INFO tempest.lib.common.rest_client [req-0d2de7cd-ef6c-497a-8c87-9490dd9600c1 req-0d2de7cd-ef6c-497a-8c87-9490dd9600c1 ] Request (QuotaClassesAdminTestJSON:tearDownClass): 200 GET http://10.180.1.21:9696/networking/v2.0/security-groups?tenant_id=46e650f93db7418f9ce5fe584009a210&name=default 0.327s
2024-12-12 14:42:25.544 66382 INFO tempest.lib.common.rest_client [req-c24df792-ef04-46ca-8979-da484e54f4fe req-c24df792-ef04-46ca-8979-da484e54f4fe ] Request (ImagesNegativeTestJSON:test_create_image_from_deleted_server): 200 GET http://10.180.1.21/compute/v2.1/servers/a2b4357a-62ae-47d9-9c5f-27b59bd5d94d 1.551s
