2024-12-12 14:43:52.716 66398 INFO tempest.lib.common.rest_client [req-7ca9ec18-023c-4225-bb3f-c28237416bd7 req-7ca9ec18-023c-4225-bb3f-c28237416bd7 ] Request (ServerExternalEventsTest:test_create_server_external_events): 200 GET http://10.180.1.21/compute/v2.1/servers/6c78344f-9322-44f1-ae3c-9dd3d3fd5e14 0.067s
2024-12-12 14:43:52.728 66432 INFO tempest.lib.common.rest_client [req-c268c372-cd37-4671-bde6-11591b140762 req-c268c372-cd37-4671-bde6-11591b140762 ] Request (InstanceActionsTestJSON:setUpClass): 200 GET http://10.180.1.21/compute/v2.1/servers/77d8a188-691a-4b40-8f50-2cbda219e6f0 0.063s
2024-12-12 14:43:52.762 66416 INFO tempest.lib.common.rest_client [req-8b2ffdf5-4c45-4622-aa36-d5c2055f70f8 req-8b2ffdf5-4c45-4622-aa36-d5c2055f70f8 ] Request (AttachVolumeNegativeTest:test_attach_attached_volume_to_different_server): 200 GET http://10.180.1.21/compute/v2.1/servers/8487c521-8c1c-4ae6-81d7-f9a9bb5b89a2 0.068s
2024-12-12 14:43:52.768 66392 INFO tempest.lib.common.rest_client [req-420f3dd2-1df5-475c-a569-3a801abc3160 req-420f3dd2-1df5-475c-a569-3a801abc3160 ] Request (ImagesOneServerTestJSON:test_create_image_specify_multibyte_character_image_name): 200 GET http://10.180.1.21/compute/v2.1/images/37725d98-dd7c-4a5c-920b-4db65cce1f46 0.033s
2024-12-12 14:43:52.909 66388 INFO tempest.lib.common.rest_client [req-a476d05f-8cf1-4520-98ce-562d8d9e9b83 req-a476d05f-8cf1-4520-98ce-562d8d9e9b83 ] Request (ServerActionsTestOtherB:setUpClass): 200 GET http://10.180.1.21/compute/v2.1/servers/60b28db2-4e56-4d44-a3c9-56543cd6613a 0.050s
2024-12-12 14:43:52.947 66434 INFO tempest.lib.common.rest_client [req-e337efec-bd91-4798-a592-b9e399aea1e8 req-e337efec-bd91-4798-a592-b9e399aea1e8 ] Request (ServerGroupTestJSON:_run_cleanups): 200 GET http://10.180.1.21/compute/v2.1/servers/7440efdb-e7d2-424b-976c-10a411d72cd5 0.059s
2024-12-12 14:43:52.997 66407 INFO tempest.lib.common.rest_client [req-020aeef9-a910-4e20-a6e3-01350352ec22 req-020aeef9-a910-4e20-a6e3-01350352ec22 ] Request (AttachInterfacesTestJSON:test_create_list_show_delete_interfaces_by_fixed_ip): 200 GET http://10.180.1.21/compute/v2.1/servers/a18da951-be2e-4975-b896-c804993bbe10 0.054s
2024-12-12 14:43:53.231 66380 INFO tempest.lib.common.rest_client [req-b0032245-4ea3-43fc-854f-1ae7c635a759 req-b0032245-4ea3-43fc-854f-1ae7c635a759 ] Request (ImagesOneServerNegativeTestJSON:setUpClass): 200 GET http://10.180.1.21/compute/v2.1/servers/83a55377-b680-4635-8810-f61945ff77b9 0.121s
2024-12-12 14:43:53.273 66422 INFO tempest.lib.common.rest_client [req-7a9c5db0-f1c2-4022-8499-0a442523e238 req-7a9c5db0-f1c2-4022-8499-0a442523e238 ] Request (ImagesTestJSON:test_create_image_from_stopped_server): 200 GET http://10.180.1.21/compute/v2.1/servers/dd092a51-492e-43c3-beab-0504509a8a5f 0.178s
2024-12-12 14:43:53.280 66422 INFO tempest.common.waiters [-] State transition "BUILD/networking" ==> "BUILD/spawning" after 40 second wait
2024-12-12 14:43:53.293 66418 INFO tempest.lib.common.rest_client [req-9d950507-1d9e-4299-9279-6682810b0c13 req-9d950507-1d9e-4299-9279-6682810b0c13 ] Request (ServersTestJSON:setUpClass): 200 GET http://10.180.1.21/compute/v2.1/servers/c0b9ed55-5339-423a-8aa2-6061b7797741 0.138s
2024-12-12 14:43:53.324 66384 INFO tempest.lib.common.rest_client [req-21972faf-f8fb-478b-aa48-5cd8ad40964f req-21972faf-f8fb-478b-aa48-5cd8ad40964f ] Request (ServersAdminNegativeTestJSON:test_migrate_server_invalid_state): 200 GET http://10.180.1.21/compute/v2.1/servers/a668c939-770b-48c6-a27b-042c880eb170 0.159s
2024-12-12 14:43:53.389 66428 INFO tempest.lib.common.rest_client [req-867dc569-f6ba-4b30-b39f-0c2bb4899848 req-867dc569-f6ba-4b30-b39f-0c2bb4899848 ] Request (ServersAdmin275Test:tearDownClass): 200 GET http://10.180.1.21/compute/v2.1/servers/fb98eefb-0fb4-45c3-ad7a-6c56126799b7 0.122s
2024-12-12 14:43:53.445 66412 INFO tempest.lib.common.rest_client [req-5498a0c7-bbfe-49c6-a87b-de5a77ab0624 req-5498a0c7-bbfe-49c6-a87b-de5a77ab0624 ] Request (DeleteServersAdminTestJSON:test_delete_server_while_in_error_state): 200 GET http://10.180.1.21/compute/v2.1/servers/31c3ea48-1837-4c33-981a-cde49289688d 0.176s
2024-12-12 14:43:53.520 66396 INFO tempest.lib.common.rest_client [req-7c625af2-1259-4a03-b4c7-2bd624e02dbc req-7c625af2-1259-4a03-b4c7-2bd624e02dbc ] Request (AttachInterfacesV270Test:test_create_get_list_interfaces): 200 GET http://10.180.1.21/compute/v2.1/servers/5a66c6c3-7ac7-4a28-b4a2-2530894774e0 0.201s
2024-12-12 14:43:53.570 66420 INFO tempest.lib.common.rest_client [req-e96665f8-d6e6-46a2-b9f3-5d2e100187e0 req-e96665f8-d6e6-46a2-b9f3-5d2e100187e0 ] Request (SecurityGroupsTestJSON:test_server_security_groups): 200 GET http://10.180.1.21/compute/v2.1/servers/831e8dc3-18c0-4edd-b4e3-56e306cff75b 0.250s
2024-12-12 14:43:53.632 66376 INFO tempest.lib.common.rest_client [req-8c7d33e3-b1bc-4e3b-ace1-5db493f5334e req-8c7d33e3-b1bc-4e3b-ace1-5db493f5334e ] Request (MultipleCreateTestJSON:test_multiple_create_with_reservation_return): 200 GET http://10.180.1.21/compute/v2.1/servers/b24a587f-e7e5-40dd-ade9-13547d05d519 0.269s
2024-12-12 14:43:53.680 66402 INFO tempest.lib.common.rest_client [req-14235a25-b333-49e0-8bbe-976bbab54eaf req-14235a25-b333-49e0-8bbe-976bbab54eaf ] Request (MigrationsAdminTest:test_resize_server_revert_deleted_flavor): 200 GET http://10.180.1.21/compute/v2.1/servers/390a9c4c-99e3-4037-a6d8-2633ff4dcf08 0.311s
2024-12-12 14:43:53.728 66430 INFO tempest.lib.common.rest_client [req-b5144f5e-4744-4e42-a405-4c3017127055 req-b5144f5e-4744-4e42-a405-4c3017127055 ] Request (ServerActionsTestJSON:setUpClass): 200 GET http://10.180.1.21/compute/v2.1/servers/b6cd8fc7-4528-4148-9ee7-4a7d8e68daec 0.283s
2024-12-12 14:43:53.779 66378 INFO tempest.lib.common.rest_client [req-53b8c300-d0ef-4681-b320-0ba3ff7c7bb3 req-53b8c300-d0ef-4681-b320-0ba3ff7c7bb3 ] Request (AttachInterfacesUnderV243Test:test_add_remove_fixed_ip): 200 GET http://10.180.1.21/compute/v2.1/servers/cabe4a7e-e32b-4ec1-a0b6-140f5ef75649 0.151s
2024-12-12 14:43:53.838 66394 INFO tempest.lib.common.rest_client [req-5283844c-4059-4f37-888a-0a1716c0df23 req-5283844c-4059-4f37-888a-0a1716c0df23 ] Request (ServersTestMultiNic:test_verify_duplicate_network_nics): 200 GET http://10.180.1.21/compute/v2.1/servers/8ebf0f74-d1fa-45aa-8cdb-a87c979bc0c2 0.199s
2024-12-12 14:43:53.887 66424 INFO tempest.lib.common.rest_client [req-2214cc6b-59b7-4b5a-b7e5-57786edd7770 req-2214cc6b-59b7-4b5a-b7e5-57786edd7770 ] Request (ServersAdminTestJSON:setUpClass): 200 GET http://10.180.1.21/compute/v2.1/servers/db968b03-c7a6-401a-b254-f75095ef8032 0.212s
2024-12-12 14:43:53.943 66386 INFO tempest.lib.common.rest_client [req-404dccba-074d-4e4f-a28a-d1d665994756 req-404dccba-074d-4e4f-a28a-d1d665994756 ] Request (ServersNegativeTestMultiTenantJSON:tearDownClass): 200 GET http://10.180.1.21/compute/v2.1/servers/b117886d-1e17-4198-b501-464c78f6cd25 0.253s
2024-12-12 14:43:53.996 66398 INFO tempest.lib.common.rest_client [req-b7cc3c63-b511-4e24-a607-1c069d9d8740 req-b7cc3c63-b511-4e24-a607-1c069d9d8740 ] Request (ServerExternalEventsTest:test_create_server_external_events): 200 GET http://10.180.1.21/compute/v2.1/servers/6c78344f-9322-44f1-ae3c-9dd3d3fd5e14 0.271s
2024-12-12 14:43:54.042 66432 INFO tempest.lib.common.rest_client [req-bcc7cac9-a30f-4e3d-a5fc-4d200c68ead3 req-bcc7cac9-a30f-4e3d-a5fc-4d200c68ead3 ] Request (InstanceActionsTestJSON:setUpClass): 200 GET http://10.180.1.21/compute/v2.1/servers/77d8a188-691a-4b40-8f50-2cbda219e6f0 0.307s
2024-12-12 14:43:54.092 66416 INFO tempest.lib.common.rest_client [req-df3903ff-edac-44d1-962e-12e64dcb6c66 req-df3903ff-edac-44d1-962e-12e64dcb6c66 ] Request (AttachVolumeNegativeTest:test_attach_attached_volume_to_different_server): 200 GET http://10.180.1.21/compute/v2.1/servers/8487c521-8c1c-4ae6-81d7-f9a9bb5b89a2 0.323s
2024-12-12 14:43:54.798 66414 WARNING tempest.lib.common.ssh [-] Failed to establish authenticated ssh connection to cirros@10.180.180.136 ([Errno None] Unable to connect to port 22 on 10.180.180.136). Number attempts: 9. Retry after 10 seconds.: paramiko.ssh_exception.NoValidConnectionsError: [Errno None] Unable to connect to port 22 on 10.180.180.136
2024-12-12 14:43:58.446 66436 WARNING tempest.lib.common.ssh [-] Failed to establish authenticated ssh connection to cirros@10.180.180.223 ([Errno None] Unable to connect to port 22 on 10.180.180.223). Number attempts: 9. Retry after 10 seconds.: paramiko.ssh_exception.NoValidConnectionsError: [Errno None] Unable to connect to port 22 on 10.180.180.223
2024-12-12 14:43:59.529 66426 INFO tempest.lib.common.rest_client [req-dd452764-c4c2-4066-a58f-a7fe01afd259 req-dd452764-c4c2-4066-a58f-a7fe01afd259 ] Request (ListImageFiltersTestJSON:setUpClass): 200 GET http://10.180.1.21/compute/v2.1/images/c28760a0-a158-4ef0-a510-542817cccc2c 6.347s
2024-12-12 14:43:59.534 66392 INFO tempest.lib.common.rest_client [req-03c38cd4-9909-4d50-8e15-c84a89839e59 req-03c38cd4-9909-4d50-8e15-c84a89839e59 ] Request (ImagesOneServerTestJSON:test_create_image_specify_multibyte_character_image_name): 200 GET http://10.180.1.21/compute/v2.1/images/37725d98-dd7c-4a5c-920b-4db65cce1f46 5.761s
2024-12-12 14:43:59.580 66388 INFO tempest.lib.common.rest_client [req-c0b6e5b6-820e-43a5-b519-cc8db7fcfda7 req-c0b6e5b6-820e-43a5-b519-cc8db7fcfda7 ] Request (ServerActionsTestOtherB:setUpClass): 200 GET http://10.180.1.21/compute/v2.1/servers/60b28db2-4e56-4d44-a3c9-56543cd6613a 5.664s
2024-12-12 14:43:59.588 66434 INFO tempest.lib.common.rest_client [req-68402bb3-da10-4f77-84e1-be8819e1da33 req-68402bb3-da10-4f77-84e1-be8819e1da33 ] Request (ServerGroupTestJSON:_run_cleanups): 200 GET http://10.180.1.21/compute/v2.1/servers/7440efdb-e7d2-424b-976c-10a411d72cd5 5.629s
2024-12-12 14:43:59.644 66407 INFO tempest.lib.common.rest_client [req-628e735c-b022-400f-ae08-dd2a09cdba7f req-628e735c-b022-400f-ae08-dd2a09cdba7f ] Request (AttachInterfacesTestJSON:test_create_list_show_delete_interfaces_by_fixed_ip): 200 GET http://10.180.1.21/compute/v2.1/servers/a18da951-be2e-4975-b896-c804993bbe10 5.640s
2024-12-12 14:43:59.726 66390 WARNING tempest.lib.common.ssh [-] Failed to establish authenticated ssh connection to cirros@10.180.180.224 ([Errno None] Unable to connect to port 22 on 10.180.180.224). Number attempts: 6. Retry after 7 seconds.: paramiko.ssh_exception.NoValidConnectionsError: [Errno None] Unable to connect to port 22 on 10.180.180.224
2024-12-12 14:43:59.792 66380 INFO tempest.lib.common.rest_client [req-2128e294-ca18-4c93-bf74-dab8aaed5493 req-2128e294-ca18-4c93-bf74-dab8aaed5493 ] Request (ImagesOneServerNegativeTestJSON:setUpClass): 200 GET http://10.180.1.21/compute/v2.1/servers/83a55377-b680-4635-8810-f61945ff77b9 5.552s
2024-12-12 14:43:59.805 66422 INFO tempest.lib.common.rest_client [req-a7c2e802-bd02-49f2-8982-013281318bcd req-a7c2e802-bd02-49f2-8982-013281318bcd ] Request (ImagesTestJSON:test_create_image_from_stopped_server): 200 GET http://10.180.1.21/compute/v2.1/servers/dd092a51-492e-43c3-beab-0504509a8a5f 5.525s
2024-12-12 14:43:59.840 66418 INFO tempest.lib.common.rest_client [req-4b99152e-a554-49bc-ba56-bc4dfcdda7d4 req-4b99152e-a554-49bc-ba56-bc4dfcdda7d4 ] Request (ServersTestJSON:setUpClass): 200 GET http://10.180.1.21/compute/v2.1/servers/c0b9ed55-5339-423a-8aa2-6061b7797741 5.540s
2024-12-12 14:43:59.852 66384 INFO tempest.lib.common.rest_client [req-720b41d7-0b18-4bf4-b1d8-492256ea8066 req-720b41d7-0b18-4bf4-b1d8-492256ea8066 ] Request (ServersAdminNegativeTestJSON:test_migrate_server_invalid_state): 200 GET http://10.180.1.21/compute/v2.1/servers/a668c939-770b-48c6-a27b-042c880eb170 5.521s
2024-12-12 14:43:59.862 66428 INFO tempest.lib.common.rest_client [req-590e04ee-b4b0-4ee6-8083-4fb17efa4575 req-590e04ee-b4b0-4ee6-8083-4fb17efa4575 ] Request (ServersAdmin275Test:tearDownClass): 404 GET http://10.180.1.21/compute/v2.1/servers/fb98eefb-0fb4-45c3-ad7a-6c56126799b7 5.462s
2024-12-12 14:43:59.908 66412 INFO tempest.lib.common.rest_client [req-49ef769a-edcd-4766-92ec-2e481f4fd6c0 req-49ef769a-edcd-4766-92ec-2e481f4fd6c0 ] Request (DeleteServersAdminTestJSON:test_delete_server_while_in_error_state): 200 GET http://10.180.1.21/compute/v2.1/servers/31c3ea48-1837-4c33-981a-cde49289688d 5.455s
2024-12-12 14:43:59.919 66396 INFO tempest.lib.common.rest_client [req-06f85df3-58ca-4384-b688-ce04e093aac5 req-06f85df3-58ca-4384-b688-ce04e093aac5 ] Request (AttachInterfacesV270Test:test_create_get_list_interfaces): 200 GET http://10.180.1.21/compute/v2.1/servers/5a66c6c3-7ac7-4a28-b4a2-2530894774e0 5.389s
2024-12-12 14:43:59.928 66396 INFO tempest.common.waiters [-] State transition "BUILD/None" ==> "BUILD/networking" after 43 second wait
2024-12-12 14:43:59.959 66420 INFO tempest.lib.common.rest_client [req-d9e625a7-0872-4357-b095-413384e65ba6 req-d9e625a7-0872-4357-b095-413384e65ba6 ] Request (SecurityGroupsTestJSON:test_server_security_groups): 200 GET http://10.180.1.21/compute/v2.1/servers/831e8dc3-18c0-4edd-b4e3-56e306cff75b 5.379s
2024-12-12 14:43:59.976 66376 INFO tempest.lib.common.rest_client [req-38066fa3-6afd-4921-8ffb-bcae547e1885 req-38066fa3-6afd-4921-8ffb-bcae547e1885 ] Request (MultipleCreateTestJSON:test_multiple_create_with_reservation_return): 200 GET http://10.180.1.21/compute/v2.1/servers/b24a587f-e7e5-40dd-ade9-13547d05d519 5.330s
2024-12-12 14:44:00.001 66428 INFO tempest.lib.common.rest_client [req-07add598-bd3a-4da8-b069-9e2b38be83d8 req-07add598-bd3a-4da8-b069-9e2b38be83d8 ] Request (ServersAdmin275Test:tearDownClass): 204 DELETE http://10.180.1.21/identity/v3/users/a4daba4be2f743368ff71abef5c04a36 0.139s
2024-12-12 14:44:00.013 66402 INFO tempest.lib.common.rest_client [req-77dee3b5-785b-4a64-b45c-0291700b3c65 req-77dee3b5-785b-4a64-b45c-0291700b3c65 ] Request (MigrationsAdminTest:test_resize_server_revert_deleted_flavor): 200 GET http://10.180.1.21/compute/v2.1/servers/390a9c4c-99e3-4037-a6d8-2633ff4dcf08 5.325s
2024-12-12 14:44:00.076 66378 INFO tempest.lib.common.rest_client [req-43a73b0f-f446-4f4a-a50c-22db6d939f4d req-43a73b0f-f446-4f4a-a50c-22db6d939f4d ] Request (AttachInterfacesUnderV243Test:test_add_remove_fixed_ip): 200 GET http://10.180.1.21/compute/v2.1/servers/cabe4a7e-e32b-4ec1-a0b6-140f5ef75649 5.290s
2024-12-12 14:44:00.113 66428 INFO tempest.lib.common.rest_client [req-26335f6c-790d-4003-827d-e8544e0c70a2 req-26335f6c-790d-4003-827d-e8544e0c70a2 ] Request (ServersAdmin275Test:tearDownClass): 204 DELETE http://10.180.1.21/identity/v3/users/2e8a5018be914b9eb33049baa92bd836 0.112s
2024-12-12 14:44:00.114 66428 INFO tempest.lib.common.dynamic_creds [-] Deleting project and security group for project: 61dbef9943014bf6909b3c20779af38e
2024-12-12 14:44:00.117 66430 INFO tempest.lib.common.rest_client [req-357d4bd8-fd7f-49e2-b87d-9ad5b34fde94 req-357d4bd8-fd7f-49e2-b87d-9ad5b34fde94 ] Request (ServerActionsTestJSON:setUpClass): 200 GET http://10.180.1.21/compute/v2.1/servers/b6cd8fc7-4528-4148-9ee7-4a7d8e68daec 5.378s
2024-12-12 14:44:00.124 66430 INFO tempest.common.waiters [-] State transition "BUILD/None" ==> "BUILD/spawning" after 46 second wait
2024-12-12 14:44:00.128 66394 INFO tempest.lib.common.rest_client [req-cb4e2e8a-6838-4886-9900-5dd320f2fe8e req-cb4e2e8a-6838-4886-9900-5dd320f2fe8e ] Request (ServersTestMultiNic:test_verify_duplicate_network_nics): 200 GET http://10.180.1.21/compute/v2.1/servers/8ebf0f74-d1fa-45aa-8cdb-a87c979bc0c2 5.282s
2024-12-12 14:44:00.166 66424 INFO tempest.lib.common.rest_client [req-952d04df-27ea-4253-9b61-271c51912855 req-952d04df-27ea-4253-9b61-271c51912855 ] Request (ServersAdminTestJSON:setUpClass): 200 GET http://10.180.1.21/compute/v2.1/servers/db968b03-c7a6-401a-b254-f75095ef8032 5.269s
2024-12-12 14:44:00.175 66428 INFO tempest.lib.common.rest_client [req-c9034caa-e745-4450-afa5-6b0d473d1551 req-c9034caa-e745-4450-afa5-6b0d473d1551 ] Request (ServersAdmin275Test:tearDownClass): 201 POST http://10.180.1.21/identity/v3/auth/tokens 0.061s
2024-12-12 14:44:00.194 66386 INFO tempest.lib.common.rest_client [req-2de24f56-f590-4662-8035-6971dceca064 req-2de24f56-f590-4662-8035-6971dceca064 ] Request (ServersNegativeTestMultiTenantJSON:tearDownClass): 200 GET http://10.180.1.21/compute/v2.1/servers/b117886d-1e17-4198-b501-464c78f6cd25 5.244s
2024-12-12 14:44:00.217 66398 INFO tempest.lib.common.rest_client [req-2733dc1f-96a6-449d-9ba2-337fc9e12c16 req-2733dc1f-96a6-449d-9ba2-337fc9e12c16 ] Request (ServerExternalEventsTest:test_create_server_external_events): 200 GET http://10.180.1.21/compute/v2.1/servers/6c78344f-9322-44f1-ae3c-9dd3d3fd5e14 5.213s
2024-12-12 14:44:00.284 66416 INFO tempest.lib.common.rest_client [req-982066b7-d7a4-44ae-bdf5-dec7d0c8eaad req-982066b7-d7a4-44ae-bdf5-dec7d0c8eaad ] Request (AttachVolumeNegativeTest:test_attach_attached_volume_to_different_server): 200 GET http://10.180.1.21/compute/v2.1/servers/8487c521-8c1c-4ae6-81d7-f9a9bb5b89a2 5.184s
2024-12-12 14:44:00.362 66392 INFO tempest.lib.common.rest_client [req-aa20136e-7997-44cc-95c6-27f38c068d0c req-aa20136e-7997-44cc-95c6-27f38c068d0c ] Request (ImagesOneServerTestJSON:test_create_image_specify_multibyte_character_image_name): 200 GET http://10.180.1.21/compute/v2.1/images/37725d98-dd7c-4a5c-920b-4db65cce1f46 0.825s
2024-12-12 14:44:00.375 66432 INFO tempest.lib.common.rest_client [req-02c0bf32-79ac-48d0-8f62-bb5c9d8e90d0 req-02c0bf32-79ac-48d0-8f62-bb5c9d8e90d0 ] Request (InstanceActionsTestJSON:setUpClass): 200 GET http://10.180.1.21/compute/v2.1/servers/77d8a188-691a-4b40-8f50-2cbda219e6f0 5.325s
2024-12-12 14:44:00.382 66432 INFO tempest.common.waiters [-] State transition "BUILD/None" ==> "BUILD/spawning" after 46 second wait
2024-12-12 14:44:00.478 66428 INFO tempest.lib.common.rest_client [req-220c991f-95c2-426d-9cba-122244aca660 req-220c991f-95c2-426d-9cba-122244aca660 ] Request (ServersAdmin275Test:tearDownClass): 200 GET http://10.180.1.21:9696/networking/v2.0/security-groups?tenant_id=61dbef9943014bf6909b3c20779af38e&name=default 0.303s
2024-12-12 14:44:00.534 66392 INFO tempest.lib.common.rest_client [req-35cb5f97-13dd-4395-af4e-0fb30eb53ae5 req-35cb5f97-13dd-4395-af4e-0fb30eb53ae5 ] Request (ImagesOneServerTestJSON:test_create_image_specify_multibyte_character_image_name): 200 GET http://10.180.1.21/compute/v2.1/servers/8da76611-fccc-4824-bd32-74f6ad5f22a7 0.168s
2024-12-12 14:44:00.581 66426 INFO tempest.lib.common.rest_client [req-4c4905d6-262d-460d-9635-ecc5c62634df req-4c4905d6-262d-460d-9635-ecc5c62634df ] Request (ListImageFiltersTestJSON:setUpClass): 200 GET http://10.180.1.21/compute/v2.1/images/c28760a0-a158-4ef0-a510-542817cccc2c 0.048s
2024-12-12 14:44:00.619 66426 INFO tempest.lib.common.rest_client [req-54169778-21f1-414e-97cf-dd1cd2e9fc4e req-54169778-21f1-414e-97cf-dd1cd2e9fc4e ] Request (ListImageFiltersTestJSON:setUpClass): 200 GET http://10.180.1.21/compute/v2.1/images/c28760a0-a158-4ef0-a510-542817cccc2c 0.034s
2024-12-12 14:44:00.647 66388 INFO tempest.lib.common.rest_client [req-c724ac3a-477a-4e86-9e87-2939e50f1fa0 req-c724ac3a-477a-4e86-9e87-2939e50f1fa0 ] Request (ServerActionsTestOtherB:setUpClass): 200 GET http://10.180.1.21/compute/v2.1/servers/60b28db2-4e56-4d44-a3c9-56543cd6613a 0.061s
2024-12-12 14:44:00.685 66434 INFO tempest.lib.common.rest_client [req-3c489df1-ba14-40bc-9e4d-6df9b5bcd144 req-3c489df1-ba14-40bc-9e4d-6df9b5bcd144 ] Request (ServerGroupTestJSON:_run_cleanups): 200 GET http://10.180.1.21/compute/v2.1/servers/7440efdb-e7d2-424b-976c-10a411d72cd5 0.090s
2024-12-12 14:44:00.740 66407 INFO tempest.lib.common.rest_client [req-34a8c6ac-afce-42c4-a0ad-918649360b5f req-34a8c6ac-afce-42c4-a0ad-918649360b5f ] Request (AttachInterfacesTestJSON:test_create_list_show_delete_interfaces_by_fixed_ip): 200 GET http://10.180.1.21/compute/v2.1/servers/a18da951-be2e-4975-b896-c804993bbe10 0.087s
2024-12-12 14:44:00.808 66426 INFO tempest.lib.common.rest_client [req-6c15bf51-017a-499d-b17d-56353a9ad6db req-6c15bf51-017a-499d-b17d-56353a9ad6db ] Request (ListImageFiltersTestJSON:setUpClass): 200 GET http://10.180.1.21/compute/v2.1/servers/a801420a-88a1-45dd-8506-b68ad9969f60 0.187s
2024-12-12 14:44:00.810 66428 INFO tempest.lib.common.rest_client [req-fbeea1ce-e7ad-4450-9c54-046a77abe3e5 req-fbeea1ce-e7ad-4450-9c54-046a77abe3e5 ] Request (ServersAdmin275Test:tearDownClass): 204 DELETE http://10.180.1.21:9696/networking/v2.0/security-groups/6b876e80-9a0d-41e3-8f97-c767461f146a 0.331s
2024-12-12 14:44:00.881 66428 INFO tempest.lib.common.rest_client [req-2da59572-4453-4cc1-b304-b978b2382aef req-2da59572-4453-4cc1-b304-b978b2382aef ] Request (ServersAdmin275Test:tearDownClass): 204 DELETE http://10.180.1.21/identity/v3/projects/61dbef9943014bf6909b3c20779af38e 0.071s
2024-12-12 14:44:00.881 66428 INFO tempest.lib.common.dynamic_creds [-] Deleting project and security group for project: 995c12a4bb374415bc5473306b6e821b
2024-12-12 14:44:00.999 66380 INFO tempest.lib.common.rest_client [req-a214551e-edcb-4a53-8457-54e9d5a8b43e req-a214551e-edcb-4a53-8457-54e9d5a8b43e ] Request (ImagesOneServerNegativeTestJSON:setUpClass): 200 GET http://10.180.1.21/compute/v2.1/servers/83a55377-b680-4635-8810-f61945ff77b9 0.200s
2024-12-12 14:44:01.034 66422 INFO tempest.lib.common.rest_client [req-aee32564-7048-4ddc-9c41-f3ee5889e745 req-aee32564-7048-4ddc-9c41-f3ee5889e745 ] Request (ImagesTestJSON:test_create_image_from_stopped_server): 200 GET http://10.180.1.21/compute/v2.1/servers/dd092a51-492e-43c3-beab-0504509a8a5f 0.221s
2024-12-12 14:44:01.083 66418 INFO tempest.lib.common.rest_client [req-7a63822c-e24a-4a91-853f-27fd582407ca req-7a63822c-e24a-4a91-853f-27fd582407ca ] Request (ServersTestJSON:setUpClass): 200 GET http://10.180.1.21/compute/v2.1/servers/c0b9ed55-5339-423a-8aa2-6061b7797741 0.235s
2024-12-12 14:44:01.111 66384 INFO tempest.lib.common.rest_client [req-4412e5f6-ff24-4769-aabc-7455fc186820 req-4412e5f6-ff24-4769-aabc-7455fc186820 ] Request (ServersAdminNegativeTestJSON:test_migrate_server_invalid_state): 200 GET http://10.180.1.21/compute/v2.1/servers/a668c939-770b-48c6-a27b-042c880eb170 0.251s
2024-12-12 14:44:01.160 66412 INFO tempest.lib.common.rest_client [req-19b43757-adad-46eb-b95a-56372fd1b01a req-19b43757-adad-46eb-b95a-56372fd1b01a ] Request (DeleteServersAdminTestJSON:test_delete_server_while_in_error_state): 200 GET http://10.180.1.21/compute/v2.1/servers/31c3ea48-1837-4c33-981a-cde49289688d 0.241s
2024-12-12 14:44:01.235 66420 INFO tempest.lib.common.rest_client [req-2d2769bf-3983-467e-aebf-e86dd6a127bf req-2d2769bf-3983-467e-aebf-e86dd6a127bf ] Request (SecurityGroupsTestJSON:test_server_security_groups): 200 GET http://10.180.1.21/compute/v2.1/servers/831e8dc3-18c0-4edd-b4e3-56e306cff75b 0.269s
2024-12-12 14:44:01.247 66428 INFO tempest.lib.common.rest_client [req-4a421319-2381-4d45-a7bc-268bf504a4bd req-4a421319-2381-4d45-a7bc-268bf504a4bd ] Request (ServersAdmin275Test:tearDownClass): 200 GET http://10.180.1.21:9696/networking/v2.0/security-groups?tenant_id=995c12a4bb374415bc5473306b6e821b&name=default 0.366s
2024-12-12 14:44:01.303 66376 INFO tempest.lib.common.rest_client [req-9134bbcd-6000-4b52-82a5-e2a5689345d3 req-9134bbcd-6000-4b52-82a5-e2a5689345d3 ] Request (MultipleCreateTestJSON:test_multiple_create_with_reservation_return): 200 GET http://10.180.1.21/compute/v2.1/servers/b24a587f-e7e5-40dd-ade9-13547d05d519 0.318s
2024-12-12 14:44:01.376 66402 INFO tempest.lib.common.rest_client [req-281d9039-4748-4f43-9b9e-003b445c9a2f req-281d9039-4748-4f43-9b9e-003b445c9a2f ] Request (MigrationsAdminTest:test_resize_server_revert_deleted_flavor): 200 GET http://10.180.1.21/compute/v2.1/servers/390a9c4c-99e3-4037-a6d8-2633ff4dcf08 0.355s
2024-12-12 14:44:01.382 66428 INFO tempest.lib.common.rest_client [req-0f143d39-1088-4c7c-8078-f4d4a5232883 req-0f143d39-1088-4c7c-8078-f4d4a5232883 ] Request (ServersAdmin275Test:tearDownClass): 204 DELETE http://10.180.1.21:9696/networking/v2.0/security-groups/8d165e86-1945-4c57-ae85-1002df06d289 0.135s
2024-12-12 14:44:01.439 66378 INFO tempest.lib.common.rest_client [req-9ffeb677-5c11-4b41-9f44-bda0678b107e req-9ffeb677-5c11-4b41-9f44-bda0678b107e ] Request (AttachInterfacesUnderV243Test:test_add_remove_fixed_ip): 200 GET http://10.180.1.21/compute/v2.1/servers/cabe4a7e-e32b-4ec1-a0b6-140f5ef75649 0.355s
2024-12-12 14:44:01.456 66396 INFO tempest.lib.common.rest_client [req-aa1fa32a-8b27-4a3b-b6f4-9889b968685c req-aa1fa32a-8b27-4a3b-b6f4-9889b968685c ] Request (AttachInterfacesV270Test:test_create_get_list_interfaces): 200 GET http://10.180.1.21/compute/v2.1/servers/5a66c6c3-7ac7-4a28-b4a2-2530894774e0 0.528s
2024-12-12 14:44:01.465 66396 INFO tempest.common.waiters [-] State transition "BUILD/networking" ==> "BUILD/block_device_mapping" after 45 second wait
2024-12-12 14:44:01.506 66428 INFO tempest.lib.common.rest_client [req-e5617f84-3aa5-4bb1-a96d-fdfa5c5c289e req-e5617f84-3aa5-4bb1-a96d-fdfa5c5c289e ] Request (ServersAdmin275Test:tearDownClass): 204 DELETE http://10.180.1.21/identity/v3/projects/995c12a4bb374415bc5473306b6e821b 0.122s
2024-12-12 14:44:01.506 66394 INFO tempest.lib.common.rest_client [req-d8e0076d-1b10-434a-9a9a-d39cddd86dfd req-d8e0076d-1b10-434a-9a9a-d39cddd86dfd ] Request (ServersTestMultiNic:test_verify_duplicate_network_nics): 200 GET http://10.180.1.21/compute/v2.1/servers/8ebf0f74-d1fa-45aa-8cdb-a87c979bc0c2 0.372s
2024-12-12 14:44:01.555 66424 INFO tempest.lib.common.rest_client [req-4d1c5b5c-34d7-4eb0-8ebc-7992769ca8bd req-4d1c5b5c-34d7-4eb0-8ebc-7992769ca8bd ] Request (ServersAdminTestJSON:setUpClass): 200 GET http://10.180.1.21/compute/v2.1/servers/db968b03-c7a6-401a-b254-f75095ef8032 0.380s
2024-12-12 14:44:01.559 66430 INFO tempest.lib.common.rest_client [req-8610d85d-fec9-487f-ad39-8f83284ae802 req-8610d85d-fec9-487f-ad39-8f83284ae802 ] Request (ServerActionsTestJSON:setUpClass): 200 GET http://10.180.1.21/compute/v2.1/servers/b6cd8fc7-4528-4148-9ee7-4a7d8e68daec 0.431s
2024-12-12 14:44:01.578 66428 INFO tempest.lib.common.rest_client [req-e50dbe70-a929-41dd-8efb-33d6f5aad63e req-e50dbe70-a929-41dd-8efb-33d6f5aad63e ] Request (ServersTestFqdnHostnames:setUpClass): 201 POST http://10.180.1.21/identity/v3/auth/tokens 0.070s
2024-12-12 14:44:01.605 66428 INFO tempest.lib.common.rest_client [req-edb5757b-b308-47f9-b6dd-21bb761124de req-edb5757b-b308-47f9-b6dd-21bb761124de ] Request (ServersTestFqdnHostnames:setUpClass): 201 POST http://10.180.1.21/identity/v3/auth/tokens 0.024s
2024-12-12 14:44:01.606 66398 INFO tempest.lib.common.rest_client [req-d1cfb012-1a88-4a29-bed1-e085524192f3 req-d1cfb012-1a88-4a29-bed1-e085524192f3 ] Request (ServerExternalEventsTest:test_create_server_external_events): 200 GET http://10.180.1.21/compute/v2.1/servers/6c78344f-9322-44f1-ae3c-9dd3d3fd5e14 0.382s
2024-12-12 14:44:01.612 66386 INFO tempest.lib.common.rest_client [req-95e65eff-5a8c-4552-a5ff-335850d81b28 req-95e65eff-5a8c-4552-a5ff-335850d81b28 ] Request (ServersNegativeTestMultiTenantJSON:tearDownClass): 200 GET http://10.180.1.21/compute/v2.1/servers/b117886d-1e17-4198-b501-464c78f6cd25 0.407s
2024-12-12 14:44:01.628 66428 INFO tempest.lib.common.rest_client [req-0778078c-f9dc-4ee3-8466-5465d2383c8e req-0778078c-f9dc-4ee3-8466-5465d2383c8e ] Request (ServersTestFqdnHostnames:setUpClass): 200 GET http://10.180.1.21/identity/v3/domains?name=Default 0.023s
2024-12-12 14:44:01.651 66416 INFO tempest.lib.common.rest_client [req-5b454803-ddf6-47a3-8b73-72f76cacea0d req-5b454803-ddf6-47a3-8b73-72f76cacea0d ] Request (AttachVolumeNegativeTest:test_attach_attached_volume_to_different_server): 200 GET http://10.180.1.21/compute/v2.1/servers/8487c521-8c1c-4ae6-81d7-f9a9bb5b89a2 0.351s
2024-12-12 14:44:01.660 66428 INFO tempest.lib.common.rest_client [req-3c4d30fd-4af9-4eb8-a69b-6dfbbb3c6f49 req-3c4d30fd-4af9-4eb8-a69b-6dfbbb3c6f49 ] Request (ServersTestFqdnHostnames:setUpClass): 201 POST http://10.180.1.21/identity/v3/projects 0.031s
2024-12-12 14:44:01.721 66428 INFO tempest.lib.common.rest_client [req-9efb535c-08ae-4f25-86f5-c94b9719a02f req-9efb535c-08ae-4f25-86f5-c94b9719a02f ] Request (ServersTestFqdnHostnames:setUpClass): 201 POST http://10.180.1.21/identity/v3/users 0.061s
2024-12-12 14:44:01.730 66432 INFO tempest.lib.common.rest_client [req-1f789ac4-8f9c-4412-8e6b-2cf71e376c6f req-1f789ac4-8f9c-4412-8e6b-2cf71e376c6f ] Request (InstanceActionsTestJSON:setUpClass): 200 GET http://10.180.1.21/compute/v2.1/servers/77d8a188-691a-4b40-8f50-2cbda219e6f0 0.346s
2024-12-12 14:44:01.739 66428 INFO tempest.lib.common.rest_client [req-fbc2da21-0c83-4a64-9a63-a384c5f9422d req-fbc2da21-0c83-4a64-9a63-a384c5f9422d ] Request (ServersTestFqdnHostnames:setUpClass): 200 GET http://10.180.1.21/identity/v3/roles 0.017s
2024-12-12 14:44:01.755 66392 INFO tempest.lib.common.rest_client [req-ab938d7a-3347-463d-aaee-947fe767f462 req-ab938d7a-3347-463d-aaee-947fe767f462 ] Request (ImagesOneServerTestJSON:test_create_image_specify_multibyte_character_image_name): 200 GET http://10.180.1.21/compute/v2.1/servers/8da76611-fccc-4824-bd32-74f6ad5f22a7 0.213s
2024-12-12 14:44:01.761 66392 INFO tempest.common.waiters [-] State transition "ACTIVE/image_uploading" ==> "ACTIVE/None" after 1 second wait
2024-12-12 14:44:01.768 66428 INFO tempest.lib.common.rest_client [req-e504be3f-1343-4f29-a18d-8f20d72e0148 req-e504be3f-1343-4f29-a18d-8f20d72e0148 ] Request (ServersTestFqdnHostnames:setUpClass): 204 PUT http://10.180.1.21/identity/v3/projects/f9339f1b580b461fbd05794dfa2893a6/users/ef2abd367d13466aa075e173da70bd6d/roles/7a66e06f32c14cc89f2588af8d5b6848 0.028s
2024-12-12 14:44:01.768 66428 INFO tempest.lib.common.dynamic_creds [-] Dynamic test user ef2abd367d13466aa075e173da70bd6d is created with scope project and roles: ['member']
2024-12-12 14:44:01.768 66428 INFO tempest.lib.common.dynamic_creds [-] Acquired dynamic creds: credentials: Credentials: {'domain_id': 'default', 'domain_name': 'Default', 'username': 'tempest-ServersTestFqdnHostnames-1849883208-project-member', 'project_domain_id': 'default', 'project_domain_name': 'Default', 'project_id': 'f9339f1b580b461fbd05794dfa2893a6', 'project_name': 'tempest-ServersTestFqdnHostnames-1849883208', 'tenant_id': 'f9339f1b580b461fbd05794dfa2893a6', 'tenant_name': 'tempest-ServersTestFqdnHostnames-1849883208', 'user_domain_id': 'default', 'user_domain_name': 'Default', 'user_id': 'ef2abd367d13466aa075e173da70bd6d', 'system': None}, Network: None, Subnet: None, Router: None
2024-12-12 14:44:01.776 66388 INFO tempest.lib.common.rest_client [req-94f2933f-78cd-4f9d-8e1e-2c5d8e370c11 req-94f2933f-78cd-4f9d-8e1e-2c5d8e370c11 ] Request (ServerActionsTestOtherB:setUpClass): 200 GET http://10.180.1.21/compute/v2.1/servers/60b28db2-4e56-4d44-a3c9-56543cd6613a 0.120s
2024-12-12 14:44:01.810 66434 INFO tempest.lib.common.rest_client [req-bb50e3ec-d720-40d4-8cb1-0f9b78157291 req-bb50e3ec-d720-40d4-8cb1-0f9b78157291 ] Request (ServerGroupTestJSON:_run_cleanups): 200 GET http://10.180.1.21/compute/v2.1/servers/7440efdb-e7d2-424b-976c-10a411d72cd5 0.114s
2024-12-12 14:44:01.819 66407 INFO tempest.lib.common.rest_client [req-6a9717cb-0c32-40c2-a84b-abbb6e44beb0 req-6a9717cb-0c32-40c2-a84b-abbb6e44beb0 ] Request (AttachInterfacesTestJSON:test_create_list_show_delete_interfaces_by_fixed_ip): 200 GET http://10.180.1.21/compute/v2.1/servers/a18da951-be2e-4975-b896-c804993bbe10 0.072s
2024-12-12 14:44:01.821 66428 INFO tempest.lib.common.rest_client [req-1b07de35-d976-4371-9ef0-853de1e1d5f3 req-1b07de35-d976-4371-9ef0-853de1e1d5f3 ] Request (ServersTestFqdnHostnames:setUpClass): 201 POST http://10.180.1.21/identity/v3/auth/tokens 0.053s
2024-12-12 14:44:01.899 66392 INFO tempest.lib.common.rest_client [req-3a324452-34c3-41ea-ab44-c180f8ea5db6 req-3a324452-34c3-41ea-ab44-c180f8ea5db6 ] Request (ImagesOneServerTestJSON:tearDownClass): 204 DELETE http://10.180.1.21/compute/v2.1/images/37725d98-dd7c-4a5c-920b-4db65cce1f46 0.137s
2024-12-12 14:44:01.906 66426 INFO tempest.lib.common.rest_client [req-34022ce9-3335-4d92-b122-847669ced05b req-34022ce9-3335-4d92-b122-847669ced05b ] Request (ListImageFiltersTestJSON:setUpClass): 200 GET http://10.180.1.21/compute/v2.1/servers/a801420a-88a1-45dd-8506-b68ad9969f60 0.088s
2024-12-12 14:44:01.916 66392 INFO tempest.lib.common.rest_client [req-08b2daed-62bf-415c-8d6c-0e869e3a79a1 req-08b2daed-62bf-415c-8d6c-0e869e3a79a1 ] Request (ImagesOneServerTestJSON:tearDownClass): 404 DELETE http://10.180.1.21/compute/v2.1/images/fb7190ab-3702-4268-89b5-cdf9e5788170 0.016s
2024-12-12 14:44:01.985 66392 INFO tempest.lib.common.rest_client [req-e4e8146e-bc9b-4f58-8f23-e427180c9d5c req-e4e8146e-bc9b-4f58-8f23-e427180c9d5c ] Request (ImagesOneServerTestJSON:tearDownClass): 204 DELETE http://10.180.1.21/compute/v2.1/servers/8da76611-fccc-4824-bd32-74f6ad5f22a7 0.069s
2024-12-12 14:44:02.066 66428 INFO tempest.lib.common.rest_client [req-16358cdf-e65a-41d8-a6df-17543913be23 req-16358cdf-e65a-41d8-a6df-17543913be23 ] Request (ServersTestFqdnHostnames:setUpClass): 201 POST http://10.180.1.21:9696/networking/v2.0/networks 0.242s
2024-12-12 14:44:02.121 66392 INFO tempest.lib.common.rest_client [req-07dd989e-f33c-4b33-88f4-d99d5edb42d2 req-07dd989e-f33c-4b33-88f4-d99d5edb42d2 ] Request (ImagesOneServerTestJSON:tearDownClass): 200 GET http://10.180.1.21/compute/v2.1/servers/8da76611-fccc-4824-bd32-74f6ad5f22a7 0.135s
2024-12-12 14:44:02.176 66380 INFO tempest.lib.common.rest_client [req-88a929aa-3587-4978-b19e-4e4f62ee33e8 req-88a929aa-3587-4978-b19e-4e4f62ee33e8 ] Request (ImagesOneServerNegativeTestJSON:setUpClass): 200 GET http://10.180.1.21/compute/v2.1/servers/83a55377-b680-4635-8810-f61945ff77b9 0.166s
2024-12-12 14:44:02.183 66380 INFO tempest.common.waiters [-] State transition "BUILD/spawning" ==> "ACTIVE/None" after 50 second wait
2024-12-12 14:44:02.251 66418 INFO tempest.lib.common.rest_client [req-1a1a797b-13e3-4466-becc-893cded3baf5 req-1a1a797b-13e3-4466-becc-893cded3baf5 ] Request (ServersTestJSON:setUpClass): 200 GET http://10.180.1.21/compute/v2.1/servers/c0b9ed55-5339-423a-8aa2-6061b7797741 0.160s
2024-12-12 14:44:02.286 66422 INFO tempest.lib.common.rest_client [req-f193b700-9397-4e83-bc2e-80541c7a83ed req-f193b700-9397-4e83-bc2e-80541c7a83ed ] Request (ImagesTestJSON:test_create_image_from_stopped_server): 200 GET http://10.180.1.21/compute/v2.1/servers/dd092a51-492e-43c3-beab-0504509a8a5f 0.242s
2024-12-12 14:44:02.306 66384 INFO tempest.lib.common.rest_client [req-6459a458-8e63-40aa-8472-c2bb10c5706a req-6459a458-8e63-40aa-8472-c2bb10c5706a ] Request (ServersAdminNegativeTestJSON:test_migrate_server_invalid_state): 200 GET http://10.180.1.21/compute/v2.1/servers/a668c939-770b-48c6-a27b-042c880eb170 0.186s
2024-12-12 14:44:02.362 66412 INFO tempest.lib.common.rest_client [req-32e06212-c7ea-4b6d-8fa1-3309fbbf6131 req-32e06212-c7ea-4b6d-8fa1-3309fbbf6131 ] Request (DeleteServersAdminTestJSON:test_delete_server_while_in_error_state): 200 GET http://10.180.1.21/compute/v2.1/servers/31c3ea48-1837-4c33-981a-cde49289688d 0.192s
2024-12-12 14:44:02.426 66428 INFO tempest.lib.common.rest_client [req-1dff83b0-7dbc-48d3-9282-af4ca5d90242 req-1dff83b0-7dbc-48d3-9282-af4ca5d90242 ] Request (ServersTestFqdnHostnames:setUpClass): 201 POST http://10.180.1.21:9696/networking/v2.0/subnets 0.360s
2024-12-12 14:44:02.436 66420 INFO tempest.lib.common.rest_client [req-d445eb5d-1709-4190-a080-0cc5d5a77982 req-d445eb5d-1709-4190-a080-0cc5d5a77982 ] Request (SecurityGroupsTestJSON:test_server_security_groups): 200 GET http://10.180.1.21/compute/v2.1/servers/831e8dc3-18c0-4edd-b4e3-56e306cff75b 0.193s
2024-12-12 14:44:02.447 66380 INFO tempest.lib.common.rest_client [req-76450ab5-9070-4c53-95de-f9930388d4e7 req-76450ab5-9070-4c53-95de-f9930388d4e7 ] Request (ImagesOneServerNegativeTestJSON:setUp): 200 GET http://10.180.1.21/compute/v2.1/servers/83a55377-b680-4635-8810-f61945ff77b9 0.263s
2024-12-12 14:44:02.501 66376 INFO tempest.lib.common.rest_client [req-11cddf08-9e69-470b-a6dc-74daceeff039 req-11cddf08-9e69-470b-a6dc-74daceeff039 ] Request (MultipleCreateTestJSON:test_multiple_create_with_reservation_return): 200 GET http://10.180.1.21/compute/v2.1/servers/b24a587f-e7e5-40dd-ade9-13547d05d519 0.187s
2024-12-12 14:44:02.534 66402 INFO tempest.lib.common.rest_client [req-d53106c0-b420-47ed-9c43-8efc4557000c req-d53106c0-b420-47ed-9c43-8efc4557000c ] Request (MigrationsAdminTest:test_resize_server_revert_deleted_flavor): 200 GET http://10.180.1.21/compute/v2.1/servers/390a9c4c-99e3-4037-a6d8-2633ff4dcf08 0.150s
2024-12-12 14:44:02.540 66380 INFO tempest.lib.common.rest_client [req-ab2b9d6a-9dbe-4c61-aa93-79020a13f0f4 req-ab2b9d6a-9dbe-4c61-aa93-79020a13f0f4 ] Request (ImagesOneServerNegativeTestJSON:test_create_image_specify_invalid_metadata): 400 POST http://10.180.1.21/compute/v2.1/servers/83a55377-b680-4635-8810-f61945ff77b9/action 0.081s
2024-12-12 14:44:02.555 66378 INFO tempest.lib.common.rest_client [req-0ef00ed9-8ecd-4ac6-90ee-355859a5eb18 req-0ef00ed9-8ecd-4ac6-90ee-355859a5eb18 ] Request (AttachInterfacesUnderV243Test:test_add_remove_fixed_ip): 200 GET http://10.180.1.21/compute/v2.1/servers/cabe4a7e-e32b-4ec1-a0b6-140f5ef75649 0.105s
2024-12-12 14:44:02.561 66378 INFO tempest.common.waiters [-] State transition "BUILD/scheduling" ==> "BUILD/None" after 40 second wait
2024-12-12 14:44:02.614 66394 INFO tempest.lib.common.rest_client [req-bdfe142f-4fd0-4e48-a5ad-383bebdb8abd req-bdfe142f-4fd0-4e48-a5ad-383bebdb8abd ] Request (ServersTestMultiNic:test_verify_duplicate_network_nics): 200 GET http://10.180.1.21/compute/v2.1/servers/8ebf0f74-d1fa-45aa-8cdb-a87c979bc0c2 0.097s
2024-12-12 14:44:02.664 66396 INFO tempest.lib.common.rest_client [req-afa44a61-b85f-4f22-9ee4-5391c9556cad req-afa44a61-b85f-4f22-9ee4-5391c9556cad ] Request (AttachInterfacesV270Test:test_create_get_list_interfaces): 200 GET http://10.180.1.21/compute/v2.1/servers/5a66c6c3-7ac7-4a28-b4a2-2530894774e0 0.194s
2024-12-12 14:44:02.672 66396 INFO tempest.common.waiters [-] State transition "BUILD/block_device_mapping" ==> "BUILD/spawning" after 46 second wait
2024-12-12 14:44:02.715 66424 INFO tempest.lib.common.rest_client [req-3caddb63-0efe-41df-8390-6fef46b7219c req-3caddb63-0efe-41df-8390-6fef46b7219c ] Request (ServersAdminTestJSON:setUpClass): 200 GET http://10.180.1.21/compute/v2.1/servers/db968b03-c7a6-401a-b254-f75095ef8032 0.153s
2024-12-12 14:44:02.726 66380 INFO tempest.lib.common.rest_client [req-09a83f92-b18a-4d8c-adbe-bb9e3aa473e6 req-09a83f92-b18a-4d8c-adbe-bb9e3aa473e6 ] Request (ImagesOneServerNegativeTestJSON:tearDown): 200 GET http://10.180.1.21/compute/v2.1/servers/83a55377-b680-4635-8810-f61945ff77b9 0.184s
2024-12-12 14:44:02.777 66398 INFO tempest.lib.common.rest_client [req-1ad95a67-468b-4c08-8fd8-b89c0bda43e6 req-1ad95a67-468b-4c08-8fd8-b89c0bda43e6 ] Request (ServerExternalEventsTest:test_create_server_external_events): 200 GET http://10.180.1.21/compute/v2.1/servers/6c78344f-9322-44f1-ae3c-9dd3d3fd5e14 0.164s
2024-12-12 14:44:02.814 66430 INFO tempest.lib.common.rest_client [req-074f8303-a88f-4410-b69f-03f584790bc7 req-074f8303-a88f-4410-b69f-03f584790bc7 ] Request (ServerActionsTestJSON:setUpClass): 200 GET http://10.180.1.21/compute/v2.1/servers/b6cd8fc7-4528-4148-9ee7-4a7d8e68daec 0.246s
2024-12-12 14:44:02.858 66386 INFO tempest.lib.common.rest_client [req-75cf0f6c-a041-43f0-9361-faf80cca51fe req-75cf0f6c-a041-43f0-9361-faf80cca51fe ] Request (ServersNegativeTestMultiTenantJSON:tearDownClass): 200 GET http://10.180.1.21/compute/v2.1/servers/b117886d-1e17-4198-b501-464c78f6cd25 0.239s
2024-12-12 14:44:02.866 66416 INFO tempest.lib.common.rest_client [req-25c03c61-1988-4434-8ca1-ba9a4148d596 req-25c03c61-1988-4434-8ca1-ba9a4148d596 ] Request (AttachVolumeNegativeTest:test_attach_attached_volume_to_different_server): 200 GET http://10.180.1.21/compute/v2.1/servers/8487c521-8c1c-4ae6-81d7-f9a9bb5b89a2 0.208s
2024-12-12 14:44:03.191 66380 INFO tempest.lib.common.rest_client [req-20821d8a-19ef-4110-9534-5d83b5c917d9 req-20821d8a-19ef-4110-9534-5d83b5c917d9 ] Request (ImagesOneServerNegativeTestJSON:setUp): 200 GET http://10.180.1.21/compute/v2.1/servers/83a55377-b680-4635-8810-f61945ff77b9 0.457s
2024-12-12 14:44:03.200 66432 INFO tempest.lib.common.rest_client [req-90e04416-4c13-4380-8d17-3344eb6e2ffa req-90e04416-4c13-4380-8d17-3344eb6e2ffa ] Request (InstanceActionsTestJSON:setUpClass): 200 GET http://10.180.1.21/compute/v2.1/servers/77d8a188-691a-4b40-8f50-2cbda219e6f0 0.462s
2024-12-12 14:44:03.275 66388 INFO tempest.lib.common.rest_client [req-05636d49-5175-4909-a8da-f4a61bb9d45d req-05636d49-5175-4909-a8da-f4a61bb9d45d ] Request (ServerActionsTestOtherB:setUpClass): 200 GET http://10.180.1.21/compute/v2.1/servers/60b28db2-4e56-4d44-a3c9-56543cd6613a 0.493s
2024-12-12 14:44:03.282 66434 INFO tempest.lib.common.rest_client [req-66203942-6ec0-4dfa-ba7f-df47539947ef req-66203942-6ec0-4dfa-ba7f-df47539947ef ] Request (ServerGroupTestJSON:_run_cleanups): 200 GET http://10.180.1.21/compute/v2.1/servers/7440efdb-e7d2-424b-976c-10a411d72cd5 0.461s
2024-12-12 14:44:03.289 66388 INFO tempest.common.waiters [-] State transition "BUILD/None" ==> "BUILD/networking" after 46 second wait
2024-12-12 14:44:03.339 66407 INFO tempest.lib.common.rest_client [req-a7df67eb-3b1e-49cc-a554-16edd321bc25 req-a7df67eb-3b1e-49cc-a554-16edd321bc25 ] Request (AttachInterfacesTestJSON:test_create_list_show_delete_interfaces_by_fixed_ip): 200 GET http://10.180.1.21/compute/v2.1/servers/a18da951-be2e-4975-b896-c804993bbe10 0.506s
2024-12-12 14:44:03.488 66426 INFO tempest.lib.common.rest_client [req-4307bb68-0950-4442-a384-3e14e9b4372d req-4307bb68-0950-4442-a384-3e14e9b4372d ] Request (ListImageFiltersTestJSON:setUpClass): 200 GET http://10.180.1.21/compute/v2.1/servers/a801420a-88a1-45dd-8506-b68ad9969f60 0.575s
2024-12-12 14:44:03.494 66380 INFO tempest.lib.common.rest_client [req-21736952-26a9-45b5-8e83-85dc415fb997 req-21736952-26a9-45b5-8e83-85dc415fb997 ] Request (ImagesOneServerNegativeTestJSON:test_create_image_specify_metadata_over_limits): 400 POST http://10.180.1.21/compute/v2.1/servers/83a55377-b680-4635-8810-f61945ff77b9/action 0.295s
2024-12-12 14:44:03.521 66392 INFO tempest.lib.common.rest_client [req-5e12e9e8-e017-44e4-a659-6146eaedd515 req-5e12e9e8-e017-44e4-a659-6146eaedd515 ] Request (ImagesOneServerTestJSON:tearDownClass): 200 GET http://10.180.1.21/compute/v2.1/servers/8da76611-fccc-4824-bd32-74f6ad5f22a7 0.391s
2024-12-12 14:44:03.560 66418 INFO tempest.lib.common.rest_client [req-eb3452dc-abbb-4a84-9c3d-be0c025d195f req-eb3452dc-abbb-4a84-9c3d-be0c025d195f ] Request (ServersTestJSON:setUpClass): 200 GET http://10.180.1.21/compute/v2.1/servers/c0b9ed55-5339-423a-8aa2-6061b7797741 0.297s
2024-12-12 14:44:03.622 66384 INFO tempest.lib.common.rest_client [req-e7fbaec9-2f68-4a64-9a19-18166cee3bc9 req-e7fbaec9-2f68-4a64-9a19-18166cee3bc9 ] Request (ServersAdminNegativeTestJSON:test_migrate_server_invalid_state): 200 GET http://10.180.1.21/compute/v2.1/servers/a668c939-770b-48c6-a27b-042c880eb170 0.308s
2024-12-12 14:44:03.667 66428 INFO tempest.lib.common.rest_client [req-538c155f-2fab-41d1-b6db-21b260097fd5 req-538c155f-2fab-41d1-b6db-21b260097fd5 ] Request (ServersTestFqdnHostnames:setUpClass): 201 POST http://10.180.1.21:9696/networking/v2.0/routers 1.240s
2024-12-12 14:44:03.696 66412 INFO tempest.lib.common.rest_client [req-cb34dc4d-091e-4c28-b42d-b356d977ee55 req-cb34dc4d-091e-4c28-b42d-b356d977ee55 ] Request (DeleteServersAdminTestJSON:test_delete_server_while_in_error_state): 200 GET http://10.180.1.21/compute/v2.1/servers/31c3ea48-1837-4c33-981a-cde49289688d 0.326s
2024-12-12 14:44:03.703 66422 INFO tempest.lib.common.rest_client [req-43ba5ef7-ff55-4fd8-afc9-d9e6ae8e539e req-43ba5ef7-ff55-4fd8-afc9-d9e6ae8e539e ] Request (ImagesTestJSON:test_create_image_from_stopped_server): 200 GET http://10.180.1.21/compute/v2.1/servers/dd092a51-492e-43c3-beab-0504509a8a5f 0.408s
2024-12-12 14:44:03.746 66420 INFO tempest.lib.common.rest_client [req-8b568c4d-779d-4753-814e-1c185e410c9e req-8b568c4d-779d-4753-814e-1c185e410c9e ] Request (SecurityGroupsTestJSON:test_server_security_groups): 200 GET http://10.180.1.21/compute/v2.1/servers/831e8dc3-18c0-4edd-b4e3-56e306cff75b 0.302s
2024-12-12 14:44:03.809 66376 INFO tempest.lib.common.rest_client [req-0ffc04af-eb14-463a-be00-59b4b4e097d6 req-0ffc04af-eb14-463a-be00-59b4b4e097d6 ] Request (MultipleCreateTestJSON:test_multiple_create_with_reservation_return): 200 GET http://10.180.1.21/compute/v2.1/servers/b24a587f-e7e5-40dd-ade9-13547d05d519 0.297s
2024-12-12 14:44:03.817 66380 INFO tempest.lib.common.rest_client [req-291208b9-17c0-438e-8b71-3fb268b3c7fa req-291208b9-17c0-438e-8b71-3fb268b3c7fa ] Request (ImagesOneServerNegativeTestJSON:tearDown): 200 GET http://10.180.1.21/compute/v2.1/servers/83a55377-b680-4635-8810-f61945ff77b9 0.322s
2024-12-12 14:44:03.875 66378 INFO tempest.lib.common.rest_client [req-ad8649a0-4c9a-4413-b3ef-71088ee92b41 req-ad8649a0-4c9a-4413-b3ef-71088ee92b41 ] Request (AttachInterfacesUnderV243Test:test_add_remove_fixed_ip): 200 GET http://10.180.1.21/compute/v2.1/servers/cabe4a7e-e32b-4ec1-a0b6-140f5ef75649 0.311s
2024-12-12 14:44:03.878 66402 INFO tempest.lib.common.rest_client [req-ad98b40f-99a4-4500-b411-1a2fd8fa1e3e req-ad98b40f-99a4-4500-b411-1a2fd8fa1e3e ] Request (MigrationsAdminTest:test_resize_server_revert_deleted_flavor): 200 GET http://10.180.1.21/compute/v2.1/servers/390a9c4c-99e3-4037-a6d8-2633ff4dcf08 0.337s
2024-12-12 14:44:03.936 66394 INFO tempest.lib.common.rest_client [req-614a4de6-e637-48a8-9ad9-f31e1bde65ba req-614a4de6-e637-48a8-9ad9-f31e1bde65ba ] Request (ServersTestMultiNic:test_verify_duplicate_network_nics): 200 GET http://10.180.1.21/compute/v2.1/servers/8ebf0f74-d1fa-45aa-8cdb-a87c979bc0c2 0.311s
2024-12-12 14:44:03.984 66396 INFO tempest.lib.common.rest_client [req-34ebdf2c-bc91-465e-82c8-e99cd369c4c0 req-34ebdf2c-bc91-465e-82c8-e99cd369c4c0 ] Request (AttachInterfacesV270Test:test_create_get_list_interfaces): 200 GET http://10.180.1.21/compute/v2.1/servers/5a66c6c3-7ac7-4a28-b4a2-2530894774e0 0.311s
2024-12-12 14:44:03.994 66424 INFO tempest.lib.common.rest_client [req-2bde5dd3-0977-4051-828e-beaa0f764f49 req-2bde5dd3-0977-4051-828e-beaa0f764f49 ] Request (ServersAdminTestJSON:setUpClass): 200 GET http://10.180.1.21/compute/v2.1/servers/db968b03-c7a6-401a-b254-f75095ef8032 0.272s
2024-12-12 14:44:04.065 66398 INFO tempest.lib.common.rest_client [req-3981a0f1-6ada-4bf6-b99b-92e9c5656dcb req-3981a0f1-6ada-4bf6-b99b-92e9c5656dcb ] Request (ServerExternalEventsTest:test_create_server_external_events): 200 GET http://10.180.1.21/compute/v2.1/servers/6c78344f-9322-44f1-ae3c-9dd3d3fd5e14 0.279s
2024-12-12 14:44:04.078 66408 WARNING tempest.lib.common.ssh [-] Failed to establish authenticated ssh connection to cirros@10.180.180.176 ([Errno None] Unable to connect to port 22 on 10.180.180.176). Number attempts: 9. Retry after 10 seconds.: paramiko.ssh_exception.NoValidConnectionsError: [Errno None] Unable to connect to port 22 on 10.180.180.176
2024-12-12 14:44:04.114 66380 INFO tempest.lib.common.rest_client [req-1297ba96-515a-459a-b59c-31a9de225439 req-1297ba96-515a-459a-b59c-31a9de225439 ] Request (ImagesOneServerNegativeTestJSON:setUp): 200 GET http://10.180.1.21/compute/v2.1/servers/83a55377-b680-4635-8810-f61945ff77b9 0.289s
2024-12-12 14:44:04.178 66386 INFO tempest.lib.common.rest_client [req-8633a0ba-4acf-4cf4-ab3f-ac9f93247a41 req-8633a0ba-4acf-4cf4-ab3f-ac9f93247a41 ] Request (ServersNegativeTestMultiTenantJSON:tearDownClass): 200 GET http://10.180.1.21/compute/v2.1/servers/b117886d-1e17-4198-b501-464c78f6cd25 0.312s
2024-12-12 14:44:04.197 66430 INFO tempest.lib.common.rest_client [req-b49c3f7c-36b0-4590-ad07-15a1df1d08dc req-b49c3f7c-36b0-4590-ad07-15a1df1d08dc ] Request (ServerActionsTestJSON:setUpClass): 200 GET http://10.180.1.21/compute/v2.1/servers/b6cd8fc7-4528-4148-9ee7-4a7d8e68daec 0.372s
2024-12-12 14:44:04.203 66380 INFO tempest.lib.common.rest_client [req-357095d7-e773-4fcf-8fd0-289a0b8a7c48 req-357095d7-e773-4fcf-8fd0-289a0b8a7c48 ] Request (ImagesOneServerNegativeTestJSON:test_create_image_specify_name_over_character_limit): 400 POST http://10.180.1.21/compute/v2.1/servers/83a55377-b680-4635-8810-f61945ff77b9/action 0.080s
2024-12-12 14:44:04.251 66416 INFO tempest.lib.common.rest_client [req-e8643929-b388-4a2a-8c04-c314109ed175 req-e8643929-b388-4a2a-8c04-c314109ed175 ] Request (AttachVolumeNegativeTest:test_attach_attached_volume_to_different_server): 200 GET http://10.180.1.21/compute/v2.1/servers/8487c521-8c1c-4ae6-81d7-f9a9bb5b89a2 0.376s
2024-12-12 14:44:04.345 66380 INFO tempest.lib.common.rest_client [req-5fc86365-9c99-4c6c-b6a0-963c74d3c8c5 req-5fc86365-9c99-4c6c-b6a0-963c74d3c8c5 ] Request (ImagesOneServerNegativeTestJSON:tearDown): 200 GET http://10.180.1.21/compute/v2.1/servers/83a55377-b680-4635-8810-f61945ff77b9 0.140s
2024-12-12 14:44:04.374 66432 INFO tempest.lib.common.rest_client [req-50dc35a6-2d75-4d17-ae26-5d4062614073 req-50dc35a6-2d75-4d17-ae26-5d4062614073 ] Request (InstanceActionsTestJSON:setUpClass): 200 GET http://10.180.1.21/compute/v2.1/servers/77d8a188-691a-4b40-8f50-2cbda219e6f0 0.164s
2024-12-12 14:44:04.442 66434 INFO tempest.lib.common.rest_client [req-14d4c9bf-e7c6-4710-8e1f-660d26b7a4b0 req-14d4c9bf-e7c6-4710-8e1f-660d26b7a4b0 ] Request (ServerGroupTestJSON:_run_cleanups): 200 GET http://10.180.1.21/compute/v2.1/servers/7440efdb-e7d2-424b-976c-10a411d72cd5 0.144s
2024-12-12 14:44:04.502 66388 INFO tempest.lib.common.rest_client [req-e921ff6e-4b5d-4716-b491-0acd670022c3 req-e921ff6e-4b5d-4716-b491-0acd670022c3 ] Request (ServerActionsTestOtherB:setUpClass): 200 GET http://10.180.1.21/compute/v2.1/servers/60b28db2-4e56-4d44-a3c9-56543cd6613a 0.209s
2024-12-12 14:44:04.505 66407 INFO tempest.lib.common.rest_client [req-6cfcec56-10e6-42ff-bde4-efb10611b8d9 req-6cfcec56-10e6-42ff-bde4-efb10611b8d9 ] Request (AttachInterfacesTestJSON:test_create_list_show_delete_interfaces_by_fixed_ip): 200 GET http://10.180.1.21/compute/v2.1/servers/a18da951-be2e-4975-b896-c804993bbe10 0.154s
