2025-05-19 17:23:29.717 70864 INFO tempest.lib.common.rest_client [req-95f959cc-28eb-4129-8046-e4e6d04ff3c2 req-95f959cc-28eb-4129-8046-e4e6d04ff3c2 ] Request (ServerDiskConfigTestJSON:tearDownClass): 200 PUT http://10.180.1.21:9696/networking/v2.0/routers/ca4f0ab9-ca4a-472c-b1b8-814a45fa5ab9/remove_router_interface 2.439s
2025-05-19 17:23:29.722 70854 INFO tempest.lib.common.rest_client [req-82739702-eeab-44c1-a6da-a1607e3b1503 req-82739702-eeab-44c1-a6da-a1607e3b1503 ] Request (ImagesMetadataNegativeTestJSON:tearDownClass): 204 DELETE http://10.180.1.21:9696/networking/v2.0/security-groups/fc71be62-4bcc-478c-b8ab-24a68b57e09a 0.615s
2025-05-19 17:23:29.741 70884 INFO tempest.lib.common.rest_client [req-ab8080f5-a310-4745-99bb-14db4145ca82 req-ab8080f5-a310-4745-99bb-14db4145ca82 ] Request (ServerShowV247Test:tearDownClass): 201 POST http://10.180.1.21/identity/v3/auth/tokens 0.078s
2025-05-19 17:23:29.759 70888 INFO tempest.lib.common.rest_client [req-f610addf-f2da-455f-951f-10a1842dd5cd req-f610addf-f2da-455f-951f-10a1842dd5cd ] Request (ServersTestJSON:test_create_specify_keypair): 200 GET http://10.180.1.21/compute/v2.1/servers/f0ecb53e-9120-4ed1-8ae6-6f8e68bea989 0.509s
2025-05-19 17:23:29.835 70878 INFO tempest.lib.common.rest_client [req-a347e9c2-4f0d-4bb6-8c49-b5bd6021064c req-a347e9c2-4f0d-4bb6-8c49-b5bd6021064c ] Request (MultipleCreateTestJSON:test_multiple_create_with_reservation_return): 200 GET http://10.180.1.21/compute/v2.1/servers 0.282s
2025-05-19 17:23:29.856 70854 INFO tempest.lib.common.rest_client [req-4dd229be-7040-4d19-9754-12443316edda req-4dd229be-7040-4d19-9754-12443316edda ] Request (ImagesMetadataNegativeTestJSON:tearDownClass): 204 DELETE http://10.180.1.21/identity/v3/projects/159bd59deda14a52a08a3e3f67886f50 0.133s
2025-05-19 17:23:29.902 70902 INFO tempest.lib.common.rest_client [req-c154d9f3-b569-45ed-b36b-bdc85fb2ce36 req-c154d9f3-b569-45ed-b36b-bdc85fb2ce36 ] Request (VolumesGetTestJSON:tearDownClass): 202 DELETE http://10.180.1.21/compute/v2.1/os-volumes/57bc4022-4ed5-49b0-bc5a-1c0c04cbf461 0.296s
2025-05-19 17:23:29.930 70876 INFO tempest.lib.common.rest_client [req-a734ca74-13c3-4256-97c8-3cd947f03549 req-a734ca74-13c3-4256-97c8-3cd947f03549 ] Request (ServerShowV254Test:test_rebuild_server): 404 GET http://10.180.1.21/compute/v2.1/servers/d55ea5ec-5a6c-4ff5-9601-8178a5d940c3 0.257s
2025-05-19 17:23:29.954 70886 INFO tempest.lib.common.rest_client [req-fa687f10-5564-4fc2-8dfb-8e222f851a67 req-fa687f10-5564-4fc2-8dfb-8e222f851a67 ] Request (AttachInterfacesTestJSON:setUpClass): 201 POST http://10.180.1.21:9696/networking/v2.0/networks 1.085s
2025-05-19 17:23:29.972 70856 INFO tempest.lib.common.rest_client [req-719d9958-434b-49a9-b82a-ba7df0455bf0 req-719d9958-434b-49a9-b82a-ba7df0455bf0 ] Request (ServerRescueTestJSONUnderV235:tearDownClass): 204 DELETE http://10.180.1.21:9696/networking/v2.0/subnets/8dd63367-4b02-411b-bd7d-b0077dde9683 0.408s
2025-05-19 17:23:30.002 70875 INFO tempest.lib.common.rest_client [req-01e9fbf8-e0ab-4a3d-9c3a-476d5cf099ba req-01e9fbf8-e0ab-4a3d-9c3a-476d5cf099ba ] Request (SecurityGroupsTestJSON:test_server_security_groups): 200 POST http://10.180.1.21/compute/v2.1/os-security-groups 1.487s
2025-05-19 17:23:30.011 70878 INFO tempest.lib.common.rest_client [req-748a2c12-ea25-4429-a43c-1204c99a613c req-748a2c12-ea25-4429-a43c-1204c99a613c ] Request (MultipleCreateTestJSON:test_multiple_create_with_reservation_return): 200 GET http://10.180.1.21/compute/v2.1/servers/731a7665-2fd5-4cb2-a9f7-779b22b0e13a 0.174s
2025-05-19 17:23:30.038 70901 INFO tempest.lib.common.rest_client [req-ae874c4e-b6eb-483b-9ea8-9dcb5c4ba428 req-ae874c4e-b6eb-483b-9ea8-9dcb5c4ba428 ] Request (ServerActionsV293TestJSON:tearDownClass): 204 DELETE http://10.180.1.21:9696/networking/v2.0/networks/e7fd908c-8dcc-4bb0-a423-4f4447a67866 0.478s
2025-05-19 17:23:30.045 70872 INFO tempest.lib.common.rest_client [req-b2dfd840-2f76-4187-bdc2-995bc8bdb383 req-b2dfd840-2f76-4187-bdc2-995bc8bdb383 ] Request (ServerAddressesTestJSON:tearDownClass): 204 DELETE http://10.180.1.21:9696/networking/v2.0/networks/6e6b1f2b-d1cb-4f6c-b164-ac32aea3e88b 0.477s
2025-05-19 17:23:30.052 70902 INFO tempest.lib.common.rest_client [req-972ac2c3-8e0a-4486-9be7-a4978773cefa req-972ac2c3-8e0a-4486-9be7-a4978773cefa ] Request (VolumesGetTestJSON:tearDownClass): 404 GET http://10.180.1.21/compute/v2.1/os-volumes/57bc4022-4ed5-49b0-bc5a-1c0c04cbf461 0.149s
2025-05-19 17:23:30.059 70876 INFO tempest.lib.common.rest_client [req-31510273-5612-44b6-9a49-84c53c4c076e req-31510273-5612-44b6-9a49-84c53c4c076e ] Request (ServerShowV254Test:tearDownClass): 204 DELETE http://10.180.1.21/identity/v3/users/c370535dfeb24cd5a2cbe799637897fe 0.116s
2025-05-19 17:23:30.059 70876 INFO tempest.lib.common.dynamic_creds [-] Deleting project and security group for project: 56526ca71bb34884b4e81e3fd17de330
2025-05-19 17:23:30.197 70901 INFO tempest.lib.common.rest_client [req-15adeea8-1887-4e94-b2f1-066af5c2a729 req-15adeea8-1887-4e94-b2f1-066af5c2a729 ] Request (ServerActionsV293TestJSON:tearDownClass): 204 DELETE http://10.180.1.21/identity/v3/users/116d6e18db624bbb9e5a97eaf02b08bb 0.158s
2025-05-19 17:23:30.197 70901 INFO tempest.lib.common.dynamic_creds [-] Deleting project and security group for project: 08c4f8d0318d478f908b244f09d46be8
2025-05-19 17:23:30.204 70872 INFO tempest.lib.common.rest_client [req-bdbf1ec9-5729-4648-b17c-ccb42cb0b6f1 req-bdbf1ec9-5729-4648-b17c-ccb42cb0b6f1 ] Request (ServerAddressesTestJSON:tearDownClass): 204 DELETE http://10.180.1.21/identity/v3/users/4222966202cf454aaf0e4d8dbafea25f 0.159s
2025-05-19 17:23:30.205 70872 INFO tempest.lib.common.dynamic_creds [-] Deleting project and security group for project: 4c6a57dbf5dd4b92b1372c87223b121b
2025-05-19 17:23:30.256 70884 INFO tempest.lib.common.rest_client [req-9f40a4fb-4fc8-401b-87de-528f53ce4720 req-9f40a4fb-4fc8-401b-87de-528f53ce4720 ] Request (ServerShowV247Test:tearDownClass): 200 GET http://10.180.1.21:9696/networking/v2.0/security-groups?tenant_id=c77aa01e94754b2bb8347a2c366df467&name=default 0.515s
2025-05-19 17:23:30.259 70870 INFO tempest.lib.common.rest_client [req-3367b1bd-4e89-44d6-b163-cfa6efc1b63f req-3367b1bd-4e89-44d6-b163-cfa6efc1b63f ] Request (ImagesOneServerNegativeTestJSON:tearDownClass): 204 DELETE http://10.180.1.21:9696/networking/v2.0/routers/9445bfd8-0f6d-480f-b0fd-94926512f0db 1.705s
2025-05-19 17:23:30.277 70876 INFO tempest.lib.common.rest_client [req-6c5c0745-bdd6-432d-b432-997922e511f9 req-6c5c0745-bdd6-432d-b432-997922e511f9 ] Request (ServerShowV254Test:tearDownClass): 201 POST http://10.180.1.21/identity/v3/auth/tokens 0.217s
2025-05-19 17:23:30.285 70901 INFO tempest.lib.common.rest_client [req-10eec32a-50bf-44e8-869e-6a5df72b4615 req-10eec32a-50bf-44e8-869e-6a5df72b4615 ] Request (ServerActionsV293TestJSON:tearDownClass): 200 GET http://10.180.1.21:9696/networking/v2.0/security-groups?tenant_id=08c4f8d0318d478f908b244f09d46be8&name=default 0.087s
2025-05-19 17:23:30.328 70875 INFO tempest.lib.common.rest_client [req-9edc8c7d-6295-4204-bda2-c3e4e9c8ad68 req-9edc8c7d-6295-4204-bda2-c3e4e9c8ad68 ] Request (SecurityGroupsTestJSON:test_server_security_groups): 200 POST http://10.180.1.21/compute/v2.1/os-security-groups 0.319s
2025-05-19 17:23:30.355 70872 INFO tempest.lib.common.rest_client [req-f6fe5d51-a118-4aad-9913-535c9b6cd819 req-f6fe5d51-a118-4aad-9913-535c9b6cd819 ] Request (ServerAddressesTestJSON:tearDownClass): 200 GET http://10.180.1.21:9696/networking/v2.0/security-groups?tenant_id=4c6a57dbf5dd4b92b1372c87223b121b&name=default 0.150s
2025-05-19 17:23:30.374 70902 INFO tempest.lib.common.rest_client [req-7f81f38e-cc6a-451d-a06a-02a466046199 req-7f81f38e-cc6a-451d-a06a-02a466046199 ] Request (VolumesGetTestJSON:tearDownClass): 204 DELETE http://10.180.1.21/identity/v3/users/2073e7e99ed44098980e9422ad99dcc8 0.321s
2025-05-19 17:23:30.374 70902 INFO tempest.lib.common.dynamic_creds [-] Deleting project and security group for project: 8c5ef29a2f0b4c52bfb2552d9434848e
2025-05-19 17:23:30.447 70875 INFO tempest.lib.common.rest_client [req-cb43d7e3-df90-4fb1-9776-e7ada98fe55b req-cb43d7e3-df90-4fb1-9776-e7ada98fe55b ] Request (SecurityGroupsTestJSON:test_server_security_groups): 201 POST http://10.180.1.21/identity/v3/auth/tokens 0.110s
2025-05-19 17:23:30.447 70875 INFO tempest.lib.common.fixed_network [-] (SecurityGroupsTestJSON:test_server_security_groups) Found network {'id': 'eaa54dd8-a3e0-40b7-8866-bb2455a6fb57', 'name': 'tempest-SecurityGroupsTestJSON-833495469-network', 'tenant_id': '029ad125488a458b815f8a9e20103ec6', 'admin_state_up': True, 'mtu': 8950, 'status': 'ACTIVE', 'subnets': [], 'shared': False, 'project_id': '029ad125488a458b815f8a9e20103ec6', 'port_security_enabled': True, 'router:external': False, 'provider:network_type': 'vlan', 'provider:physical_network': 'default', 'provider:segmentation_id': 202, 'availability_zone_hints': [], 'availability_zones': [], 'ipv4_address_scope': None, 'ipv6_address_scope': None, 'description': '', 'tags': [], 'created_at': '2025-05-19T17:22:46Z', 'updated_at': '2025-05-19T17:22:46Z', 'revision_number': 1} available for tenant
2025-05-19 17:23:30.502 70902 INFO tempest.lib.common.rest_client [req-c752c491-13ff-415b-bfba-101f825c2f37 req-c752c491-13ff-415b-bfba-101f825c2f37 ] Request (VolumesGetTestJSON:tearDownClass): 201 POST http://10.180.1.21/identity/v3/auth/tokens 0.127s
2025-05-19 17:23:30.514 70866 INFO tempest.lib.common.rest_client [req-4dccc71a-2d5b-4714-b1e5-d045e6a15097 req-4dccc71a-2d5b-4714-b1e5-d045e6a15097 ] Request (ServersTestMultiNic:test_verify_multiple_nics_order): 200 GET http://10.180.1.21/compute/v2.1/servers/19467ecf-9e6a-422b-bf79-78f74058d158 0.117s
2025-05-19 17:23:30.528 70856 INFO tempest.lib.common.rest_client [req-43e9ea31-1922-4de8-bdbf-b880b3a48d04 req-43e9ea31-1922-4de8-bdbf-b880b3a48d04 ] Request (ServerRescueTestJSONUnderV235:tearDownClass): 204 DELETE http://10.180.1.21:9696/networking/v2.0/networks/e85f8c6b-fd67-4b6f-809e-e8a1ee795210 0.555s
2025-05-19 17:23:30.587 70884 INFO tempest.lib.common.rest_client [req-46ba32d2-43c4-4235-9cb7-851ee0694d1e req-46ba32d2-43c4-4235-9cb7-851ee0694d1e ] Request (ServerShowV247Test:tearDownClass): 204 DELETE http://10.180.1.21:9696/networking/v2.0/security-groups/2ece6934-e2e3-4fb5-845c-e5c16c6bb407 0.330s
2025-05-19 17:23:30.608 70901 INFO tempest.lib.common.rest_client [req-1bfecff6-3dd9-4450-a419-1f89bf506aaf req-1bfecff6-3dd9-4450-a419-1f89bf506aaf ] Request (ServerActionsV293TestJSON:tearDownClass): 204 DELETE http://10.180.1.21:9696/networking/v2.0/security-groups/18ca07a8-21a0-4e8f-97fd-f7b9e8a78228 0.323s
2025-05-19 17:23:30.621 70856 INFO tempest.lib.common.rest_client [req-564a466b-25fd-4d7a-8f7d-205a182bf4d4 req-564a466b-25fd-4d7a-8f7d-205a182bf4d4 ] Request (ServerRescueTestJSONUnderV235:tearDownClass): 204 DELETE http://10.180.1.21/identity/v3/users/f89113c6678e4c34912868684a0e7795 0.093s
2025-05-19 17:23:30.622 70856 INFO tempest.lib.common.dynamic_creds [-] Deleting project and security group for project: dc9ba6ef04764477b15adc3abe4f4bea
2025-05-19 17:23:30.655 70870 INFO tempest.lib.common.rest_client [req-389c738c-02ca-47ce-b570-2792f24a0c99 req-389c738c-02ca-47ce-b570-2792f24a0c99 ] Request (ImagesOneServerNegativeTestJSON:tearDownClass): 204 DELETE http://10.180.1.21:9696/networking/v2.0/subnets/6a430291-abf8-4045-8093-64c27e1bcd26 0.396s
2025-05-19 17:23:30.698 70872 INFO tempest.lib.common.rest_client [req-b4fff675-0494-489e-b93c-b9ef8a55e338 req-b4fff675-0494-489e-b93c-b9ef8a55e338 ] Request (ServerAddressesTestJSON:tearDownClass): 204 DELETE http://10.180.1.21:9696/networking/v2.0/security-groups/5480c921-a101-498d-ad85-6dcd12f715a6 0.342s
2025-05-19 17:23:30.703 70884 INFO tempest.lib.common.rest_client [req-2353cc5e-d852-455b-92f4-b2b33f5c6eb0 req-2353cc5e-d852-455b-92f4-b2b33f5c6eb0 ] Request (ServerShowV247Test:tearDownClass): 204 DELETE http://10.180.1.21/identity/v3/projects/c77aa01e94754b2bb8347a2c366df467 0.116s
2025-05-19 17:23:30.726 70901 INFO tempest.lib.common.rest_client [req-c11373c0-7076-4a6a-8378-d5963d505c82 req-c11373c0-7076-4a6a-8378-d5963d505c82 ] Request (ServerActionsV293TestJSON:tearDownClass): 204 DELETE http://10.180.1.21/identity/v3/projects/08c4f8d0318d478f908b244f09d46be8 0.117s
2025-05-19 17:23:30.736 70856 INFO tempest.lib.common.rest_client [req-3ec48d72-d3a9-4607-8c2d-8abd96cf62da req-3ec48d72-d3a9-4607-8c2d-8abd96cf62da ] Request (ServerRescueTestJSONUnderV235:tearDownClass): 200 GET http://10.180.1.21:9696/networking/v2.0/security-groups?tenant_id=dc9ba6ef04764477b15adc3abe4f4bea&name=default 0.113s
2025-05-19 17:23:30.747 70896 INFO tempest.lib.common.rest_client [req-937b2816-a796-4697-987b-3fe7b2b09c22 req-937b2816-a796-4697-987b-3fe7b2b09c22 ] Request (ValidationResourcesFixture:setUp): 201 POST http://10.180.1.21:9696/networking/v2.0/floatingips 2.044s
2025-05-19 17:23:30.764 70886 INFO tempest.lib.common.rest_client [req-dc306062-3cc6-443a-99ad-b60a2f3740e0 req-dc306062-3cc6-443a-99ad-b60a2f3740e0 ] Request (AttachInterfacesTestJSON:setUpClass): 201 POST http://10.180.1.21:9696/networking/v2.0/subnets 0.809s
2025-05-19 17:23:30.771 70866 INFO tempest.lib.common.rest_client [req-8b547058-f08f-4c6f-8e8e-43289d55bb64 req-8b547058-f08f-4c6f-8e8e-43289d55bb64 ] Request (ServersTestMultiNic:test_verify_multiple_nics_order): 204 DELETE http://10.180.1.21/compute/v2.1/servers/19467ecf-9e6a-422b-bf79-78f74058d158 0.246s
2025-05-19 17:23:30.796 70884 INFO tempest.lib.common.rest_client [req-d4f8361f-9e2f-43b9-8618-514659363fe1 req-d4f8361f-9e2f-43b9-8618-514659363fe1 ] Request (AttachVolumeTestJSON:setUpClass): 201 POST http://10.180.1.21/identity/v3/auth/tokens 0.089s
2025-05-19 17:23:30.802 70866 INFO tempest.lib.common.rest_client [req-beffde66-c70c-4906-9463-0a4de217466a req-beffde66-c70c-4906-9463-0a4de217466a ] Request (ServersTestMultiNic:test_verify_multiple_nics_order): 404 GET http://10.180.1.21/compute/v2.1/servers/19467ecf-9e6a-422b-bf79-78f74058d158 0.030s
2025-05-19 17:23:30.831 70906 INFO tempest.lib.common.rest_client [req-6210600c-7e16-494b-a68e-4ca18ea19883 req-6210600c-7e16-494b-a68e-4ca18ea19883 ] Request (ServersAdminTestJSON:tearDownClass): 204 DELETE http://10.180.1.21:9696/networking/v2.0/routers/67ef7447-b3d6-46e1-83d4-804cfe5ff3ea 1.549s
2025-05-19 17:23:30.864 70876 INFO tempest.lib.common.rest_client [req-70c28fc8-8106-4875-ace3-8fde951b72ef req-70c28fc8-8106-4875-ace3-8fde951b72ef ] Request (ServerShowV254Test:tearDownClass): 200 GET http://10.180.1.21:9696/networking/v2.0/security-groups?tenant_id=56526ca71bb34884b4e81e3fd17de330&name=default 0.586s
2025-05-19 17:23:30.872 70872 INFO tempest.lib.common.rest_client [req-4feaa56c-ff61-4d4b-aebe-a4e5d458e11c req-4feaa56c-ff61-4d4b-aebe-a4e5d458e11c ] Request (ServerAddressesTestJSON:tearDownClass): 204 DELETE http://10.180.1.21/identity/v3/projects/4c6a57dbf5dd4b92b1372c87223b121b 0.174s
2025-05-19 17:23:30.876 70896 INFO tempest.lib.common.rest_client [req-14e17f7a-4de4-4411-82a8-de2b724db2c2 req-14e17f7a-4de4-4411-82a8-de2b724db2c2 ] Request (AttachVolumeNegativeTest:test_delete_attached_volume): 201 POST http://10.180.1.21/identity/v3/auth/tokens 0.125s
2025-05-19 17:23:30.877 70896 INFO tempest.lib.common.fixed_network [-] (AttachVolumeNegativeTest:test_delete_attached_volume) Found network {'id': '53ca6a4c-ed11-493a-a77c-e40819097ab7', 'name': 'tempest-AttachVolumeNegativeTest-332987000-network', 'tenant_id': '75587d8b44b04b8698eb9870c9a477e1', 'admin_state_up': True, 'mtu': 8950, 'status': 'ACTIVE', 'subnets': [], 'shared': False, 'project_id': '75587d8b44b04b8698eb9870c9a477e1', 'port_security_enabled': True, 'router:external': False, 'provider:network_type': 'vlan', 'provider:physical_network': 'default', 'provider:segmentation_id': 869, 'availability_zone_hints': [], 'availability_zones': [], 'ipv4_address_scope': None, 'ipv6_address_scope': None, 'description': '', 'tags': [], 'created_at': '2025-05-19T17:22:44Z', 'updated_at': '2025-05-19T17:22:44Z', 'revision_number': 1} available for tenant
2025-05-19 17:23:30.923 70888 INFO tempest.lib.common.rest_client [req-1e315a6d-bfc9-4e42-a4e4-ea110c124592 req-1e315a6d-bfc9-4e42-a4e4-ea110c124592 ] Request (ServersTestJSON:test_create_specify_keypair): 200 GET http://10.180.1.21/compute/v2.1/servers/f0ecb53e-9120-4ed1-8ae6-6f8e68bea989 0.150s
2025-05-19 17:23:30.932 70902 INFO tempest.lib.common.rest_client [req-9a506f18-18c8-453e-980f-cc9e99dbdf2b req-9a506f18-18c8-453e-980f-cc9e99dbdf2b ] Request (VolumesGetTestJSON:tearDownClass): 200 GET http://10.180.1.21:9696/networking/v2.0/security-groups?tenant_id=8c5ef29a2f0b4c52bfb2552d9434848e&name=default 0.430s
2025-05-19 17:23:30.932 70888 INFO tempest.common.waiters [-] State transition "BUILD/scheduling" ==> "ERROR/None" after 1 second wait
2025-05-19 17:23:30.936 70884 INFO tempest.lib.common.rest_client [req-86073963-d138-4fbc-a7e1-597de89d77c0 req-86073963-d138-4fbc-a7e1-597de89d77c0 ] Request (AttachVolumeTestJSON:setUpClass): 201 POST http://10.180.1.21/identity/v3/auth/tokens 0.138s
2025-05-19 17:23:30.963 70884 INFO tempest.lib.common.rest_client [req-1d827e6f-f5bb-4b17-8c1b-700adf45bc34 req-1d827e6f-f5bb-4b17-8c1b-700adf45bc34 ] Request (AttachVolumeTestJSON:setUpClass): 200 GET http://10.180.1.21/identity/v3/domains?name=Default 0.027s
2025-05-19 17:23:30.964 70872 INFO tempest.lib.common.rest_client [req-f97ba726-b37b-49c2-b8b0-105cee275a6c req-f97ba726-b37b-49c2-b8b0-105cee275a6c ] Request (ServersNegativeTestMultiTenantJSON:setUpClass): 201 POST http://10.180.1.21/identity/v3/auth/tokens 0.088s
2025-05-19 17:23:30.998 70884 INFO tempest.lib.common.rest_client [req-780c5422-f6d7-49bd-a966-7b9646b0b52f req-780c5422-f6d7-49bd-a966-7b9646b0b52f ] Request (AttachVolumeTestJSON:setUpClass): 201 POST http://10.180.1.21/identity/v3/projects 0.034s
2025-05-19 17:23:30.999 70872 INFO tempest.lib.common.rest_client [req-8db57c55-2518-4cf9-9bac-8b0cafbcaf2e req-8db57c55-2518-4cf9-9bac-8b0cafbcaf2e ] Request (ServersNegativeTestMultiTenantJSON:setUpClass): 201 POST http://10.180.1.21/identity/v3/auth/tokens 0.031s
2025-05-19 17:23:31.061 70884 INFO tempest.lib.common.rest_client [req-90184ca7-ffea-4b59-a85a-a4fe8e07e09c req-90184ca7-ffea-4b59-a85a-a4fe8e07e09c ] Request (AttachVolumeTestJSON:setUpClass): 201 POST http://10.180.1.21/identity/v3/users 0.062s
2025-05-19 17:23:31.069 70872 INFO tempest.lib.common.rest_client [req-c4bb31d3-72d5-423b-a73a-85028b967b77 req-c4bb31d3-72d5-423b-a73a-85028b967b77 ] Request (ServersNegativeTestMultiTenantJSON:setUpClass): 200 GET http://10.180.1.21/identity/v3/domains?name=Default 0.070s
2025-05-19 17:23:31.082 70884 INFO tempest.lib.common.rest_client [req-b31fef5e-7994-44cb-902a-df84cbbc9abe req-b31fef5e-7994-44cb-902a-df84cbbc9abe ] Request (AttachVolumeTestJSON:setUpClass): 200 GET http://10.180.1.21/identity/v3/roles 0.020s
2025-05-19 17:23:31.098 70872 INFO tempest.lib.common.rest_client [req-50039767-ff9e-44ba-a389-80762b3b2ed3 req-50039767-ff9e-44ba-a389-80762b3b2ed3 ] Request (ServersNegativeTestMultiTenantJSON:setUpClass): 201 POST http://10.180.1.21/identity/v3/projects 0.028s
2025-05-19 17:23:31.104 70864 INFO tempest.lib.common.rest_client [req-a3c6a4f0-bd25-4d79-acc9-34d2749fb741 req-a3c6a4f0-bd25-4d79-acc9-34d2749fb741 ] Request (ServerDiskConfigTestJSON:tearDownClass): 204 DELETE http://10.180.1.21:9696/networking/v2.0/routers/ca4f0ab9-ca4a-472c-b1b8-814a45fa5ab9 1.386s
2025-05-19 17:23:31.117 70884 INFO tempest.lib.common.rest_client [req-177e2ccd-b513-47de-90f2-88159066a404 req-177e2ccd-b513-47de-90f2-88159066a404 ] Request (AttachVolumeTestJSON:setUpClass): 204 PUT http://10.180.1.21/identity/v3/projects/469c29c2545041b29f12360e23bd1678/users/ecad218c9533429f952daa759a569cf1/roles/55f0e00c2af44f919f150419a0084821 0.035s
2025-05-19 17:23:31.118 70884 INFO tempest.lib.common.dynamic_creds [-] Dynamic test user ecad218c9533429f952daa759a569cf1 is created with scope project and roles: ['member']
2025-05-19 17:23:31.118 70884 INFO tempest.lib.common.dynamic_creds [-] Acquired dynamic creds: credentials: Credentials: {'domain_id': 'default', 'domain_name': 'Default', 'username': 'tempest-AttachVolumeTestJSON-278589783-project-member', 'project_domain_id': 'default', 'project_domain_name': 'Default', 'project_id': '469c29c2545041b29f12360e23bd1678', 'project_name': 'tempest-AttachVolumeTestJSON-278589783', 'tenant_id': '469c29c2545041b29f12360e23bd1678', 'tenant_name': 'tempest-AttachVolumeTestJSON-278589783', 'user_domain_id': 'default', 'user_domain_name': 'Default', 'user_id': 'ecad218c9533429f952daa759a569cf1', 'system': None}, Network: None, Subnet: None, Router: None
2025-05-19 17:23:31.141 70876 INFO tempest.lib.common.rest_client [req-affde869-2182-41fd-b0ba-d61583b6fd48 req-affde869-2182-41fd-b0ba-d61583b6fd48 ] Request (ServerShowV254Test:tearDownClass): 204 DELETE http://10.180.1.21:9696/networking/v2.0/security-groups/0367015a-6a64-454b-9f7c-42565d467bc2 0.277s
2025-05-19 17:23:31.163 70856 INFO tempest.lib.common.rest_client [req-8b6ce6b0-acb6-45f3-b98d-1e21541d2288 req-8b6ce6b0-acb6-45f3-b98d-1e21541d2288 ] Request (ServerRescueTestJSONUnderV235:tearDownClass): 204 DELETE http://10.180.1.21:9696/networking/v2.0/security-groups/12d2a0a5-870b-4a8b-8fb2-bf0bf3b11f22 0.426s
2025-05-19 17:23:31.190 70906 INFO tempest.lib.common.rest_client [req-780e25b5-e65e-4ea6-aaa9-e7929e4458b8 req-780e25b5-e65e-4ea6-aaa9-e7929e4458b8 ] Request (ServersAdminTestJSON:tearDownClass): 204 DELETE http://10.180.1.21:9696/networking/v2.0/subnets/d28faf4b-df54-4338-90c7-fff8b39bd9c6 0.358s
2025-05-19 17:23:31.206 70884 INFO tempest.lib.common.rest_client [req-bd21dc4d-b766-49ba-9c27-3b789c37558c req-bd21dc4d-b766-49ba-9c27-3b789c37558c ] Request (AttachVolumeTestJSON:setUpClass): 201 POST http://10.180.1.21/identity/v3/auth/tokens 0.087s
2025-05-19 17:23:31.223 70870 INFO tempest.lib.common.rest_client [req-312ccda6-114f-4976-851b-06c8cff8bd80 req-312ccda6-114f-4976-851b-06c8cff8bd80 ] Request (ImagesOneServerNegativeTestJSON:tearDownClass): 204 DELETE http://10.180.1.21:9696/networking/v2.0/networks/58294ae5-260b-4185-9d81-f2993124be7c 0.567s
2025-05-19 17:23:31.260 70866 INFO tempest.lib.common.rest_client [req-2929233b-f81c-4731-8077-052e592ad6cb req-2929233b-f81c-4731-8077-052e592ad6cb ] Request (ServersTestMultiNic:_run_cleanups): 204 DELETE http://10.180.1.21:9696/networking/v2.0/subnets/c5e33356-5db4-4f57-a5f1-24ff41572f60 0.458s
2025-05-19 17:23:31.307 70902 INFO tempest.lib.common.rest_client [req-47a6f9e3-623c-40a4-b10e-76ff09ce5f51 req-47a6f9e3-623c-40a4-b10e-76ff09ce5f51 ] Request (VolumesGetTestJSON:tearDownClass): 204 DELETE http://10.180.1.21:9696/networking/v2.0/security-groups/61b59693-6baf-4f6f-9ed5-e3dac890a6b9 0.374s
2025-05-19 17:23:31.310 70872 INFO tempest.lib.common.rest_client [req-c16b566e-3964-4334-bf61-b57e6904728c req-c16b566e-3964-4334-bf61-b57e6904728c ] Request (ServersNegativeTestMultiTenantJSON:setUpClass): 201 POST http://10.180.1.21/identity/v3/users 0.211s
2025-05-19 17:23:31.337 70875 INFO tempest.lib.common.rest_client [req-9f151325-0da2-4763-bbcb-93529b010a45 req-9f151325-0da2-4763-bbcb-93529b010a45 ] Request (SecurityGroupsTestJSON:test_server_security_groups): 202 POST http://10.180.1.21/compute/v2.1/servers 0.889s
2025-05-19 17:23:31.341 70876 INFO tempest.lib.common.rest_client [req-a089b4fb-477e-4b12-9d40-669cc04399c0 req-a089b4fb-477e-4b12-9d40-669cc04399c0 ] Request (ServerShowV254Test:tearDownClass): 204 DELETE http://10.180.1.21/identity/v3/projects/56526ca71bb34884b4e81e3fd17de330 0.199s
2025-05-19 17:23:31.432 70856 INFO tempest.lib.common.rest_client [req-d060f714-5b19-4fe4-9e7f-6a969f24528b req-d060f714-5b19-4fe4-9e7f-6a969f24528b ] Request (ServerRescueTestJSONUnderV235:tearDownClass): 204 DELETE http://10.180.1.21/identity/v3/projects/dc9ba6ef04764477b15adc3abe4f4bea 0.268s
2025-05-19 17:23:31.489 70864 INFO tempest.lib.common.rest_client [req-b467b91f-42f0-4a95-8199-f99cfeb5c0b5 req-b467b91f-42f0-4a95-8199-f99cfeb5c0b5 ] Request (ServerDiskConfigTestJSON:tearDownClass): 204 DELETE http://10.180.1.21:9696/networking/v2.0/subnets/4601af8f-0020-48d3-8a48-cc9c1f2942f3 0.385s
2025-05-19 17:23:31.513 70870 INFO tempest.lib.common.rest_client [req-0611c9a3-53f5-492e-969d-2ecd3a51cf6c req-0611c9a3-53f5-492e-969d-2ecd3a51cf6c ] Request (ImagesOneServerNegativeTestJSON:tearDownClass): 204 DELETE http://10.180.1.21/identity/v3/users/7369a1846c254b58972003cf1ba0029b 0.289s
2025-05-19 17:23:31.513 70870 INFO tempest.lib.common.dynamic_creds [-] Deleting project and security group for project: 7f975bd171e545a3befb2d142161eef2
2025-05-19 17:23:31.526 70902 INFO tempest.lib.common.rest_client [req-1d1e41a1-70a5-4791-a6b7-f77da3bd2e62 req-1d1e41a1-70a5-4791-a6b7-f77da3bd2e62 ] Request (VolumesGetTestJSON:tearDownClass): 204 DELETE http://10.180.1.21/identity/v3/projects/8c5ef29a2f0b4c52bfb2552d9434848e 0.219s
2025-05-19 17:23:31.544 70870 INFO tempest.lib.common.rest_client [req-5e4e4d76-ed68-4a51-b375-1b6b04764a8f req-5e4e4d76-ed68-4a51-b375-1b6b04764a8f ] Request (ImagesOneServerNegativeTestJSON:tearDownClass): 200 GET http://10.180.1.21:9696/networking/v2.0/security-groups?tenant_id=7f975bd171e545a3befb2d142161eef2&name=default 0.031s
2025-05-19 17:23:31.573 70872 INFO tempest.lib.common.rest_client [req-b2e3e6a7-4984-4915-8ee3-0bee4cceb3f0 req-b2e3e6a7-4984-4915-8ee3-0bee4cceb3f0 ] Request (ServersNegativeTestMultiTenantJSON:setUpClass): 200 GET http://10.180.1.21/identity/v3/roles 0.262s
2025-05-19 17:23:31.578 70896 INFO tempest.lib.common.rest_client [req-821b8aad-7dd7-465a-8a47-0c05cb2399f6 req-821b8aad-7dd7-465a-8a47-0c05cb2399f6 ] Request (AttachVolumeNegativeTest:test_delete_attached_volume): 202 POST http://10.180.1.21/compute/v2.1/servers 0.701s
2025-05-19 17:23:31.583 70906 INFO tempest.lib.common.rest_client [req-7b81e0e1-1168-46d9-930b-d419f4e417ce req-7b81e0e1-1168-46d9-930b-d419f4e417ce ] Request (ServersAdminTestJSON:tearDownClass): 204 DELETE http://10.180.1.21:9696/networking/v2.0/networks/55131392-49f3-4901-a185-502c99accd3e 0.392s
2025-05-19 17:23:31.590 70888 INFO tempest.lib.common.rest_client [req-83650cfc-a47c-40eb-a241-5c3973b3dd84 req-83650cfc-a47c-40eb-a241-5c3973b3dd84 ] Request (ServersTestJSON:test_create_specify_keypair): 204 DELETE http://10.180.1.21/compute/v2.1/servers/f0ecb53e-9120-4ed1-8ae6-6f8e68bea989 0.657s
2025-05-19 17:23:31.658 70866 INFO tempest.lib.common.rest_client [req-25c87314-1023-4181-b948-789bde0faa0b req-25c87314-1023-4181-b948-789bde0faa0b ] Request (ServersTestMultiNic:_run_cleanups): 204 DELETE http://10.180.1.21:9696/networking/v2.0/networks/ceccdbcd-8502-46a8-89bf-5da2e57c4b78 0.397s
2025-05-19 17:23:31.666 70872 INFO tempest.lib.common.rest_client [req-efb33865-f2f0-4220-ba49-a4fbf7f51e91 req-efb33865-f2f0-4220-ba49-a4fbf7f51e91 ] Request (ServersNegativeTestMultiTenantJSON:setUpClass): 204 PUT http://10.180.1.21/identity/v3/projects/d60dbc2f75f045c988e43103c3d96b84/users/f87acf35039a47bb9c215cbb7844a221/roles/55f0e00c2af44f919f150419a0084821 0.092s
2025-05-19 17:23:31.666 70872 INFO tempest.lib.common.dynamic_creds [-] Dynamic test user f87acf35039a47bb9c215cbb7844a221 is created with scope project and roles: ['member']
2025-05-19 17:23:31.666 70872 INFO tempest.lib.common.dynamic_creds [-] Acquired dynamic creds: credentials: Credentials: {'domain_id': 'default', 'domain_name': 'Default', 'username': 'tempest-ServersNegativeTestMultiTenantJSON-970950552-project-member', 'project_domain_id': 'default', 'project_domain_name': 'Default', 'project_id': 'd60dbc2f75f045c988e43103c3d96b84', 'project_name': 'tempest-ServersNegativeTestMultiTenantJSON-970950552', 'tenant_id': 'd60dbc2f75f045c988e43103c3d96b84', 'tenant_name': 'tempest-ServersNegativeTestMultiTenantJSON-970950552', 'user_domain_id': 'default', 'user_domain_name': 'Default', 'user_id': 'f87acf35039a47bb9c215cbb7844a221', 'system': None}, Network: None, Subnet: None, Router: None
2025-05-19 17:23:31.666 70875 INFO tempest.lib.common.rest_client [req-77ee590a-763b-4f2e-83fd-5218e6af04e1 req-77ee590a-763b-4f2e-83fd-5218e6af04e1 ] Request (SecurityGroupsTestJSON:test_server_security_groups): 200 GET http://10.180.1.21/compute/v2.1/servers/5f7d77dc-e939-44ef-a9d3-93ef25f1a70f 0.327s
2025-05-19 17:23:31.684 70878 INFO tempest.lib.common.rest_client [req-996a7aae-01d7-4a1d-b594-4f1ba7a72fc2 req-996a7aae-01d7-4a1d-b594-4f1ba7a72fc2 ] Request (MultipleCreateTestJSON:test_multiple_create_with_reservation_return): 200 GET http://10.180.1.21/compute/v2.1/servers/731a7665-2fd5-4cb2-a9f7-779b22b0e13a 0.661s
2025-05-19 17:23:31.690 70870 INFO tempest.lib.common.rest_client [req-983bb215-03ea-49ad-b498-0f0826c4a74a req-983bb215-03ea-49ad-b498-0f0826c4a74a ] Request (ImagesOneServerNegativeTestJSON:tearDownClass): 204 DELETE http://10.180.1.21:9696/networking/v2.0/security-groups/db07bc14-8d31-4d67-b2b8-f0e3a6afcf69 0.145s
2025-05-19 17:23:31.696 70878 INFO tempest.common.waiters [-] State transition "BUILD/scheduling" ==> "ERROR/None" after 1 second wait
2025-05-19 17:23:31.716 70888 INFO tempest.lib.common.rest_client [req-12c99055-a44a-4649-b486-8c79765083c0 req-12c99055-a44a-4649-b486-8c79765083c0 ] Request (ServersTestJSON:test_create_specify_keypair): 404 GET http://10.180.1.21/compute/v2.1/servers/f0ecb53e-9120-4ed1-8ae6-6f8e68bea989 0.124s
2025-05-19 17:23:31.720 70896 INFO tempest.lib.common.rest_client [req-e184281a-d77b-434f-9584-6c91ebec3657 req-e184281a-d77b-434f-9584-6c91ebec3657 ] Request (AttachVolumeNegativeTest:test_delete_attached_volume): 200 GET http://10.180.1.21/compute/v2.1/servers/1c00020e-cd4d-45f3-85eb-20d26a52f377 0.139s
2025-05-19 17:23:31.739 70872 INFO tempest.lib.common.rest_client [req-08c756f1-3942-4afa-a313-b0435c320a4e req-08c756f1-3942-4afa-a313-b0435c320a4e ] Request (ServersNegativeTestMultiTenantJSON:setUpClass): 201 POST http://10.180.1.21/identity/v3/auth/tokens 0.072s
2025-05-19 17:23:31.746 70888 INFO tempest.lib.common.rest_client [req-f44d961d-c0a7-4696-ae4d-acdf7c2b7f30 req-f44d961d-c0a7-4696-ae4d-acdf7c2b7f30 ] Request (ServersTestJSON:_run_cleanups): 202 DELETE http://10.180.1.21/compute/v2.1/os-keypairs/tempest-key-305240171 0.030s
2025-05-19 17:23:31.815 70870 INFO tempest.lib.common.rest_client [req-72cab48a-1f18-45ab-bc56-95f5eec5fb0d req-72cab48a-1f18-45ab-bc56-95f5eec5fb0d ] Request (ImagesOneServerNegativeTestJSON:tearDownClass): 204 DELETE http://10.180.1.21/identity/v3/projects/7f975bd171e545a3befb2d142161eef2 0.125s
2025-05-19 17:23:31.874 70888 INFO tempest.lib.common.rest_client [req-9370a42d-c8da-4c6e-8ac2-aa5f534a2412 req-9370a42d-c8da-4c6e-8ac2-aa5f534a2412 ] Request (ServersTestJSON:test_create_with_existing_server_name): 201 POST http://10.180.1.21/identity/v3/auth/tokens 0.121s
2025-05-19 17:23:31.875 70888 INFO tempest.lib.common.fixed_network [-] (ServersTestJSON:test_create_with_existing_server_name) Found network {'id': '7f76c41c-a492-44bb-b974-cbbf5a3de835', 'name': 'tempest-ServersTestJSON-1715629938-network', 'tenant_id': '1b5dff8412d744828aee29436ca30687', 'admin_state_up': True, 'mtu': 8950, 'status': 'ACTIVE', 'subnets': [], 'shared': False, 'project_id': '1b5dff8412d744828aee29436ca30687', 'port_security_enabled': True, 'router:external': False, 'provider:network_type': 'vlan', 'provider:physical_network': 'default', 'provider:segmentation_id': 271, 'availability_zone_hints': [], 'availability_zones': [], 'ipv4_address_scope': None, 'ipv6_address_scope': None, 'description': '', 'tags': [], 'created_at': '2025-05-19T17:22:58Z', 'updated_at': '2025-05-19T17:22:58Z', 'revision_number': 1} available for tenant
2025-05-19 17:23:31.884 70870 INFO tempest.lib.common.rest_client [req-5dadca31-dc12-484c-8175-3935c5ba40bb req-5dadca31-dc12-484c-8175-3935c5ba40bb ] Request (AttachInterfacesUnderV243Test:setUpClass): 201 POST http://10.180.1.21/identity/v3/auth/tokens 0.066s
2025-05-19 17:23:31.921 70870 INFO tempest.lib.common.rest_client [req-f307e63b-3041-4d4c-a51e-fb21d8dd629d req-f307e63b-3041-4d4c-a51e-fb21d8dd629d ] Request (AttachInterfacesUnderV243Test:setUpClass): 201 POST http://10.180.1.21/identity/v3/auth/tokens 0.035s
2025-05-19 17:23:31.926 70878 INFO tempest.lib.common.rest_client [req-fa022c33-2b13-4cfb-a03d-8715d07d3f7f req-fa022c33-2b13-4cfb-a03d-8715d07d3f7f ] Request (MultipleCreateTestJSON:test_multiple_create_with_reservation_return): 204 DELETE http://10.180.1.21/compute/v2.1/servers/731a7665-2fd5-4cb2-a9f7-779b22b0e13a 0.230s
2025-05-19 17:23:31.954 70870 INFO tempest.lib.common.rest_client [req-47f7576a-f74b-43f5-9ce8-45fd5c33ee23 req-47f7576a-f74b-43f5-9ce8-45fd5c33ee23 ] Request (AttachInterfacesUnderV243Test:setUpClass): 200 GET http://10.180.1.21/identity/v3/domains?name=Default 0.031s
2025-05-19 17:23:31.981 70870 INFO tempest.lib.common.rest_client [req-e84fa940-8019-4974-84bf-f6552d30278a req-e84fa940-8019-4974-84bf-f6552d30278a ] Request (AttachInterfacesUnderV243Test:setUpClass): 201 POST http://10.180.1.21/identity/v3/projects 0.026s
2025-05-19 17:23:32.043 70870 INFO tempest.lib.common.rest_client [req-1ad36f93-c2b7-404b-bb01-5295d1fee834 req-1ad36f93-c2b7-404b-bb01-5295d1fee834 ] Request (AttachInterfacesUnderV243Test:setUpClass): 201 POST http://10.180.1.21/identity/v3/users 0.061s
2025-05-19 17:23:32.072 70870 INFO tempest.lib.common.rest_client [req-22306ac3-db04-4912-936f-98290a5a108c req-22306ac3-db04-4912-936f-98290a5a108c ] Request (AttachInterfacesUnderV243Test:setUpClass): 200 GET http://10.180.1.21/identity/v3/roles 0.029s
2025-05-19 17:23:32.106 70870 INFO tempest.lib.common.rest_client [req-c3764ab1-081b-4b7c-aaf1-80225fb517e8 req-c3764ab1-081b-4b7c-aaf1-80225fb517e8 ] Request (AttachInterfacesUnderV243Test:setUpClass): 204 PUT http://10.180.1.21/identity/v3/projects/ce7b70c9a98d4a5c9c075d05ac84cec7/users/5c446a4498944600b0cffc2474c56dd8/roles/55f0e00c2af44f919f150419a0084821 0.034s
2025-05-19 17:23:32.107 70870 INFO tempest.lib.common.dynamic_creds [-] Dynamic test user 5c446a4498944600b0cffc2474c56dd8 is created with scope project and roles: ['member']
2025-05-19 17:23:32.107 70870 INFO tempest.lib.common.dynamic_creds [-] Acquired dynamic creds: credentials: Credentials: {'domain_id': 'default', 'domain_name': 'Default', 'username': 'tempest-AttachInterfacesUnderV243Test-1242254496-project-member', 'project_domain_id': 'default', 'project_domain_name': 'Default', 'project_id': 'ce7b70c9a98d4a5c9c075d05ac84cec7', 'project_name': 'tempest-AttachInterfacesUnderV243Test-1242254496', 'tenant_id': 'ce7b70c9a98d4a5c9c075d05ac84cec7', 'tenant_name': 'tempest-AttachInterfacesUnderV243Test-1242254496', 'user_domain_id': 'default', 'user_domain_name': 'Default', 'user_id': '5c446a4498944600b0cffc2474c56dd8', 'system': None}, Network: None, Subnet: None, Router: None
2025-05-19 17:23:32.142 70866 INFO tempest.lib.common.rest_client [req-fa815ecc-915a-4971-bd20-3aecd420a89c req-fa815ecc-915a-4971-bd20-3aecd420a89c ] Request (ServersTestMultiNic:_run_cleanups): 204 DELETE http://10.180.1.21:9696/networking/v2.0/subnets/a0ef9357-546b-4b9b-a1c4-840e0868b533 0.483s
2025-05-19 17:23:32.171 70884 INFO tempest.lib.common.rest_client [req-f27a4f7a-f122-4648-8a35-739a93499211 req-f27a4f7a-f122-4648-8a35-739a93499211 ] Request (AttachVolumeTestJSON:setUpClass): 201 POST http://10.180.1.21:9696/networking/v2.0/networks 0.965s
2025-05-19 17:23:32.184 70870 INFO tempest.lib.common.rest_client [req-705b6036-ffb5-429a-b926-6d01d0332eee req-705b6036-ffb5-429a-b926-6d01d0332eee ] Request (AttachInterfacesUnderV243Test:setUpClass): 201 POST http://10.180.1.21/identity/v3/auth/tokens 0.076s
2025-05-19 17:23:32.269 70878 INFO tempest.lib.common.rest_client [req-48ba620c-9160-4756-bc1f-f826fe3f99b4 req-48ba620c-9160-4756-bc1f-f826fe3f99b4 ] Request (MultipleCreateTestJSON:test_multiple_create_with_reservation_return): 204 DELETE http://10.180.1.21/compute/v2.1/servers/66f4799e-f9e5-4ad6-a432-725b3f63ec8c 0.342s
2025-05-19 17:23:32.295 70878 INFO tempest.lib.common.rest_client [req-6ad0ba49-bafd-4858-994e-daaadabe8a5c req-6ad0ba49-bafd-4858-994e-daaadabe8a5c ] Request (MultipleCreateTestJSON:test_multiple_create_with_reservation_return): 404 GET http://10.180.1.21/compute/v2.1/servers/731a7665-2fd5-4cb2-a9f7-779b22b0e13a 0.026s
2025-05-19 17:23:32.318 70878 INFO tempest.lib.common.rest_client [req-6ff9c5ba-b46b-4b22-9426-b39bf158ad58 req-6ff9c5ba-b46b-4b22-9426-b39bf158ad58 ] Request (MultipleCreateTestJSON:test_multiple_create_with_reservation_return): 404 GET http://10.180.1.21/compute/v2.1/servers/66f4799e-f9e5-4ad6-a432-725b3f63ec8c 0.021s
2025-05-19 17:23:32.400 70864 INFO tempest.lib.common.rest_client [req-c9f53b73-58ea-4a50-809b-b6921fada255 req-c9f53b73-58ea-4a50-809b-b6921fada255 ] Request (ServerDiskConfigTestJSON:tearDownClass): 204 DELETE http://10.180.1.21:9696/networking/v2.0/networks/4eb7c0e8-6b86-45e4-aa10-f9f49c0b7f3f 0.910s
2025-05-19 17:23:32.484 70866 INFO tempest.lib.common.rest_client [req-e62a63e7-a5af-47db-9d59-5e54a5554c12 req-e62a63e7-a5af-47db-9d59-5e54a5554c12 ] Request (ServersTestMultiNic:_run_cleanups): 204 DELETE http://10.180.1.21:9696/networking/v2.0/networks/58d73a56-1b5b-4d48-8859-5276bc35b0e6 0.341s
2025-05-19 17:23:32.489 70864 INFO tempest.lib.common.rest_client [req-d6f197cc-0322-4ec8-9164-2bb345c30ea6 req-d6f197cc-0322-4ec8-9164-2bb345c30ea6 ] Request (ServerDiskConfigTestJSON:tearDownClass): 204 DELETE http://10.180.1.21/identity/v3/users/deb0101ba73c4b76b35fd4d59490dee2 0.089s
2025-05-19 17:23:32.489 70864 INFO tempest.lib.common.dynamic_creds [-] Deleting project and security group for project: 4bc6fc349933434bb70933df24aac536
2025-05-19 17:23:32.556 70872 INFO tempest.lib.common.rest_client [req-65b241c1-dc1d-4c96-bb25-377e15519e98 req-65b241c1-dc1d-4c96-bb25-377e15519e98 ] Request (ServersNegativeTestMultiTenantJSON:setUpClass): 201 POST http://10.180.1.21:9696/networking/v2.0/networks 0.817s
2025-05-19 17:23:32.581 70864 INFO tempest.lib.common.rest_client [req-936aa855-9c72-4766-8650-2519974470d0 req-936aa855-9c72-4766-8650-2519974470d0 ] Request (ServerDiskConfigTestJSON:tearDownClass): 200 GET http://10.180.1.21:9696/networking/v2.0/security-groups?tenant_id=4bc6fc349933434bb70933df24aac536&name=default 0.091s
2025-05-19 17:23:32.686 70888 INFO tempest.lib.common.rest_client [req-16204348-84ac-44f9-a359-b94c956ad902 req-16204348-84ac-44f9-a359-b94c956ad902 ] Request (ServersTestJSON:test_create_with_existing_server_name): 202 POST http://10.180.1.21/compute/v2.1/servers 0.811s
2025-05-19 17:23:32.764 70888 INFO tempest.lib.common.rest_client [req-2a73272a-421d-497e-b378-94e247bdac92 req-2a73272a-421d-497e-b378-94e247bdac92 ] Request (ServersTestJSON:test_create_with_existing_server_name): 200 GET http://10.180.1.21/compute/v2.1/servers/8a3138ce-6ba3-414b-9c39-a43c146b9e14 0.076s
2025-05-19 17:23:32.769 70884 INFO tempest.lib.common.rest_client [req-0b80fab6-f30c-4153-a9d2-3da420a6fd75 req-0b80fab6-f30c-4153-a9d2-3da420a6fd75 ] Request (AttachVolumeTestJSON:setUpClass): 201 POST http://10.180.1.21:9696/networking/v2.0/subnets 0.597s
2025-05-19 17:23:32.778 70875 INFO tempest.lib.common.rest_client [req-eda34ee7-2e24-41e4-b562-106ff68aebaa req-eda34ee7-2e24-41e4-b562-106ff68aebaa ] Request (SecurityGroupsTestJSON:test_server_security_groups): 200 GET http://10.180.1.21/compute/v2.1/servers/5f7d77dc-e939-44ef-a9d3-93ef25f1a70f 0.096s
2025-05-19 17:23:32.787 70875 INFO tempest.common.waiters [-] State transition "BUILD/scheduling" ==> "ERROR/None" after 1 second wait
2025-05-19 17:23:32.852 70896 INFO tempest.lib.common.rest_client [req-2499829e-a5eb-440e-b249-e73d8572e8bc req-2499829e-a5eb-440e-b249-e73d8572e8bc ] Request (AttachVolumeNegativeTest:test_delete_attached_volume): 200 GET http://10.180.1.21/compute/v2.1/servers/1c00020e-cd4d-45f3-85eb-20d26a52f377 0.122s
2025-05-19 17:23:32.853 70864 INFO tempest.lib.common.rest_client [req-8d278636-9ff0-4488-b7f2-501a594d5999 req-8d278636-9ff0-4488-b7f2-501a594d5999 ] Request (ServerDiskConfigTestJSON:tearDownClass): 204 DELETE http://10.180.1.21:9696/networking/v2.0/security-groups/f006f9f5-7182-412c-87ae-5564d71167f6 0.272s
2025-05-19 17:23:32.862 70896 INFO tempest.common.waiters [-] State transition "BUILD/scheduling" ==> "ERROR/None" after 1 second wait
2025-05-19 17:23:32.868 70886 INFO tempest.lib.common.rest_client [req-f3f22251-6c58-4465-b401-aaa8dfe4a617 req-f3f22251-6c58-4465-b401-aaa8dfe4a617 ] Request (AttachInterfacesTestJSON:setUpClass): 201 POST http://10.180.1.21:9696/networking/v2.0/routers 2.103s
2025-05-19 17:23:32.933 70870 INFO tempest.lib.common.rest_client [req-b177c175-0500-4212-b505-b2c481d9c48f req-b177c175-0500-4212-b505-b2c481d9c48f ] Request (AttachInterfacesUnderV243Test:setUpClass): 201 POST http://10.180.1.21:9696/networking/v2.0/networks 0.749s
2025-05-19 17:23:32.966 70864 INFO tempest.lib.common.rest_client [req-63573867-9a20-4597-b192-6e2ea22b6f4d req-63573867-9a20-4597-b192-6e2ea22b6f4d ] Request (ServerDiskConfigTestJSON:tearDownClass): 204 DELETE http://10.180.1.21/identity/v3/projects/4bc6fc349933434bb70933df24aac536 0.112s
2025-05-19 17:23:33.012 70875 INFO tempest.lib.common.rest_client [req-fdb59e29-3397-4b00-899d-de87935615f3 req-fdb59e29-3397-4b00-899d-de87935615f3 ] Request (SecurityGroupsTestJSON:test_server_security_groups): 204 DELETE http://10.180.1.21/compute/v2.1/servers/5f7d77dc-e939-44ef-a9d3-93ef25f1a70f 0.225s
2025-05-19 17:23:33.049 70875 INFO tempest.lib.common.rest_client [req-ebe80c0e-66f1-4d17-9f33-a1bd93a5b393 req-ebe80c0e-66f1-4d17-9f33-a1bd93a5b393 ] Request (SecurityGroupsTestJSON:test_server_security_groups): 404 GET http://10.180.1.21/compute/v2.1/servers/5f7d77dc-e939-44ef-a9d3-93ef25f1a70f 0.036s
2025-05-19 17:23:33.094 70896 INFO tempest.lib.common.rest_client [req-c91fde7d-ccf1-474a-ac44-27b95f97c572 req-c91fde7d-ccf1-474a-ac44-27b95f97c572 ] Request (AttachVolumeNegativeTest:test_delete_attached_volume): 204 DELETE http://10.180.1.21/compute/v2.1/servers/1c00020e-cd4d-45f3-85eb-20d26a52f377 0.232s
2025-05-19 17:23:33.133 70896 INFO tempest.lib.common.rest_client [req-677c9732-5be8-4ab0-9ce7-5d57af2c28e0 req-677c9732-5be8-4ab0-9ce7-5d57af2c28e0 ] Request (AttachVolumeNegativeTest:test_delete_attached_volume): 404 GET http://10.180.1.21/compute/v2.1/servers/1c00020e-cd4d-45f3-85eb-20d26a52f377 0.038s
2025-05-19 17:23:33.151 70872 INFO tempest.lib.common.rest_client [req-5314981e-e26a-42ac-98c4-aa170d08fe3c req-5314981e-e26a-42ac-98c4-aa170d08fe3c ] Request (ServersNegativeTestMultiTenantJSON:setUpClass): 201 POST http://10.180.1.21:9696/networking/v2.0/subnets 0.594s
2025-05-19 17:23:33.161 70896 INFO tempest.lib.common.rest_client [req-ecc41f0b-b3a5-47a4-ae5d-1d95221b7bfc req-ecc41f0b-b3a5-47a4-ae5d-1d95221b7bfc ] Request (AttachVolumeNegativeTest:_run_cleanups): 202 DELETE http://10.180.1.21/compute/v2.1/os-keypairs/tempest-keypair-2001664118 0.027s
2025-05-19 17:23:33.404 70875 INFO tempest.lib.common.rest_client [req-2a804ce3-b476-4465-948c-f960fc8ddd07 req-2a804ce3-b476-4465-948c-f960fc8ddd07 ] Request (SecurityGroupsTestJSON:test_update_security_groups): 200 POST http://10.180.1.21/compute/v2.1/os-security-groups 0.353s
2025-05-19 17:23:33.601 70896 INFO tempest.lib.common.rest_client [req-8ad1734c-abe6-4c9a-b8f0-06d8364f8836 req-8ad1734c-abe6-4c9a-b8f0-06d8364f8836 ] Request (AttachVolumeNegativeTest:_run_cleanups): 204 DELETE http://10.180.1.21:9696/networking/v2.0/security-groups/43d90ac1-c3fe-4e1b-814e-ece68e5f5fb2 0.439s
2025-05-19 17:23:33.624 70896 INFO tempest.lib.common.rest_client [req-1fd45021-06a3-43ad-990c-90317345f492 req-1fd45021-06a3-43ad-990c-90317345f492 ] Request (AttachVolumeNegativeTest:_run_cleanups): 404 GET http://10.180.1.21:9696/networking/v2.0/security-groups/43d90ac1-c3fe-4e1b-814e-ece68e5f5fb2 0.023s
2025-05-19 17:23:33.769 70870 INFO tempest.lib.common.rest_client [req-7ae465a5-31c7-4eae-a292-ee85b0caab6e req-7ae465a5-31c7-4eae-a292-ee85b0caab6e ] Request (AttachInterfacesUnderV243Test:setUpClass): 201 POST http://10.180.1.21:9696/networking/v2.0/subnets 0.835s
2025-05-19 17:23:33.816 70875 INFO tempest.lib.common.rest_client [req-85c5b303-4d8e-43bf-a862-6cafd03b76d9 req-85c5b303-4d8e-43bf-a862-6cafd03b76d9 ] Request (SecurityGroupsTestJSON:test_update_security_groups): 200 PUT http://10.180.1.21/compute/v2.1/os-security-groups/c0851434-08cc-425f-908b-f0bfbe59f95b 0.408s
2025-05-19 17:23:33.874 70888 INFO tempest.lib.common.rest_client [req-abf3fdde-3183-4110-a40d-78de2c6902b1 req-abf3fdde-3183-4110-a40d-78de2c6902b1 ] Request (ServersTestJSON:test_create_with_existing_server_name): 200 GET http://10.180.1.21/compute/v2.1/servers/8a3138ce-6ba3-414b-9c39-a43c146b9e14 0.101s
2025-05-19 17:23:33.888 70888 INFO tempest.common.waiters [-] State transition "BUILD/scheduling" ==> "ERROR/None" after 1 second wait
2025-05-19 17:23:33.936 70875 INFO tempest.lib.common.rest_client [req-6877b7bc-62a6-4dbf-bef0-524a79f770cc req-6877b7bc-62a6-4dbf-bef0-524a79f770cc ] Request (SecurityGroupsTestJSON:test_update_security_groups): 200 GET http://10.180.1.21/compute/v2.1/os-security-groups/c0851434-08cc-425f-908b-f0bfbe59f95b 0.114s
2025-05-19 17:23:34.126 70906 INFO tempest.lib.common.rest_client [req-861dfb93-b0eb-47de-a1d5-01ff8e6d18c1 req-861dfb93-b0eb-47de-a1d5-01ff8e6d18c1 ] Request (ServersAdminTestJSON:tearDownClass): 200 PUT http://10.180.1.21:9696/networking/v2.0/routers/2718d4ce-c480-4db3-a237-17a972a570a3/remove_router_interface 2.539s
2025-05-19 17:23:34.168 70888 INFO tempest.lib.common.rest_client [req-83c317f5-1434-4cb5-96d1-359d4d90774d req-83c317f5-1434-4cb5-96d1-359d4d90774d ] Request (ServersTestJSON:test_create_with_existing_server_name): 204 DELETE http://10.180.1.21/compute/v2.1/servers/8a3138ce-6ba3-414b-9c39-a43c146b9e14 0.279s
2025-05-19 17:23:34.194 70888 INFO tempest.lib.common.rest_client [req-4f963005-a24c-4c76-a47e-53c146187558 req-4f963005-a24c-4c76-a47e-53c146187558 ] Request (ServersTestJSON:test_create_with_existing_server_name): 404 GET http://10.180.1.21/compute/v2.1/servers/8a3138ce-6ba3-414b-9c39-a43c146b9e14 0.026s
2025-05-19 17:23:34.271 70888 INFO tempest.lib.common.rest_client [req-6f0b2dc8-d1c5-452d-8259-d5a2d52c808e req-6f0b2dc8-d1c5-452d-8259-d5a2d52c808e ] Request (ServersTestJSON:test_update_access_server_address): 201 POST http://10.180.1.21/identity/v3/auth/tokens 0.072s
2025-05-19 17:23:34.272 70888 INFO tempest.lib.common.fixed_network [-] (ServersTestJSON:test_update_access_server_address) Found network {'id': '7f76c41c-a492-44bb-b974-cbbf5a3de835', 'name': 'tempest-ServersTestJSON-1715629938-network', 'tenant_id': '1b5dff8412d744828aee29436ca30687', 'admin_state_up': True, 'mtu': 8950, 'status': 'ACTIVE', 'subnets': [], 'shared': False, 'project_id': '1b5dff8412d744828aee29436ca30687', 'port_security_enabled': True, 'router:external': False, 'provider:network_type': 'vlan', 'provider:physical_network': 'default', 'provider:segmentation_id': 271, 'availability_zone_hints': [], 'availability_zones': [], 'ipv4_address_scope': None, 'ipv6_address_scope': None, 'description': '', 'tags': [], 'created_at': '2025-05-19T17:22:58Z', 'updated_at': '2025-05-19T17:22:58Z', 'revision_number': 1} available for tenant
2025-05-19 17:23:34.289 70896 INFO tempest.lib.common.rest_client [req-3e42b77d-ed10-4361-807d-a202bbac5422 req-3e42b77d-ed10-4361-807d-a202bbac5422 ] Request (AttachVolumeNegativeTest:_run_cleanups): 204 DELETE http://10.180.1.21:9696/networking/v2.0/floatingips/219a8cfb-cece-4e0f-b337-8347a56a071b 0.664s
2025-05-19 17:23:34.387 70875 INFO tempest.lib.common.rest_client [req-64ef414e-2ec0-4d33-962d-6d7b50db262a req-64ef414e-2ec0-4d33-962d-6d7b50db262a ] Request (SecurityGroupsTestJSON:tearDownClass): 202 DELETE http://10.180.1.21/compute/v2.1/os-security-groups/c0851434-08cc-425f-908b-f0bfbe59f95b 0.441s
2025-05-19 17:23:34.810 70875 INFO tempest.lib.common.rest_client [req-66c09a88-1eb0-4f18-9eff-00c07b15b68e req-66c09a88-1eb0-4f18-9eff-00c07b15b68e ] Request (SecurityGroupsTestJSON:tearDownClass): 202 DELETE http://10.180.1.21/compute/v2.1/os-security-groups/a4980211-4585-4def-95a2-9393a98a33d9 0.422s
2025-05-19 17:23:34.944 70866 INFO tempest.lib.common.rest_client [req-e9dadda6-daf1-43de-ad7d-c3086dc6f349 req-e9dadda6-daf1-43de-ad7d-c3086dc6f349 ] Request (ServersTestMultiNic:tearDownClass): 200 PUT http://10.180.1.21:9696/networking/v2.0/routers/310b50cf-9014-49be-b226-16be4b130e6c/remove_router_interface 2.451s
2025-05-19 17:23:35.197 70878 INFO tempest.lib.common.rest_client [req-82e899bb-0a7e-4dea-8c7e-9aa4c597a295 req-82e899bb-0a7e-4dea-8c7e-9aa4c597a295 ] Request (MultipleCreateTestJSON:tearDownClass): 200 PUT http://10.180.1.21:9696/networking/v2.0/routers/06e6ba57-f23c-467b-b15f-ea3903797cfd/remove_router_interface 2.872s
2025-05-19 17:23:35.332 70906 INFO tempest.lib.common.rest_client [req-ec3e4ab1-0bc8-4373-9e3f-68ee8c32c492 req-ec3e4ab1-0bc8-4373-9e3f-68ee8c32c492 ] Request (ServersAdminTestJSON:tearDownClass): 204 DELETE http://10.180.1.21:9696/networking/v2.0/routers/2718d4ce-c480-4db3-a237-17a972a570a3 1.205s
2025-05-19 17:23:35.426 70875 INFO tempest.lib.common.rest_client [req-4a269807-48c2-4b65-a201-ac30b74e48e0 req-4a269807-48c2-4b65-a201-ac30b74e48e0 ] Request (SecurityGroupsTestJSON:tearDownClass): 202 DELETE http://10.180.1.21/compute/v2.1/os-security-groups/7f1fbea6-610f-4a19-97e6-dbef94f2dcc9 0.616s
2025-05-19 17:23:35.430 70888 INFO tempest.lib.common.rest_client [req-b20fec80-ec56-4143-b776-35070118d157 req-b20fec80-ec56-4143-b776-35070118d157 ] Request (ServersTestJSON:test_update_access_server_address): 202 POST http://10.180.1.21/compute/v2.1/servers 1.155s
2025-05-19 17:23:35.494 70875 INFO tempest.lib.common.rest_client [req-b25d49ec-5f66-4c30-a918-2d2697624ce3 req-b25d49ec-5f66-4c30-a918-2d2697624ce3 ] Request (SecurityGroupsTestJSON:tearDownClass): 404 DELETE http://10.180.1.21/compute/v2.1/os-security-groups/b328a397-bcf8-4cc0-af64-5db2d8e1ac10 0.067s
