2025-04-03 06:12:20.675 69461 INFO tempest.lib.common.rest_client [req-8a4be6c7-7645-4fcc-a3c3-83ae0f335964 req-8a4be6c7-7645-4fcc-a3c3-83ae0f335964 ] Request (HypervisorAdminUnderV252Test:tearDownClass): 204 DELETE http://10.180.1.21:9696/networking/v2.0/security-groups/ace74add-a405-4991-9115-2645f38440dd 0.203s
2025-04-03 06:12:20.677 69485 INFO tempest.lib.common.rest_client [req-8c226cd7-545c-4946-a397-222cf2dc4aaa req-8c226cd7-545c-4946-a397-222cf2dc4aaa ] Request (QuotasAdminTestJSON:tearDownClass): 201 POST http://10.180.1.21/identity/v3/auth/tokens 0.060s
2025-04-03 06:12:20.689 69497 INFO tempest.lib.common.rest_client [req-dbdeefcf-c417-409e-a524-1874bd07f569 req-dbdeefcf-c417-409e-a524-1874bd07f569 ] Request (FloatingIPDetailsNegativeTestJSON:tearDownClass): 204 DELETE http://10.180.1.21:9696/networking/v2.0/subnets/0a2ebbc5-9a6d-4a40-a6c2-8727313891b1 0.187s
2025-04-03 06:12:20.695 69453 INFO tempest.lib.common.rest_client [req-b3de3f0a-b7c0-4440-9cb3-ef0f5b62151e req-b3de3f0a-b7c0-4440-9cb3-ef0f5b62151e ] Request (ServersAdminTestJSON:setUpClass): 200 GET http://10.180.1.21/compute/v2.1/servers/ca60526d-f004-45c1-b23b-1e5f90bb23cc 0.958s
2025-04-03 06:12:20.706 69453 INFO tempest.common.waiters [-] State transition "BUILD/networking" ==> "BUILD/spawning" after 20 second wait
2025-04-03 06:12:20.715 69443 INFO tempest.lib.common.rest_client [req-61e7f285-2bdc-417e-b7fd-c0cf91691275 req-61e7f285-2bdc-417e-b7fd-c0cf91691275 ] Request (FlavorsAccessNegativeTestJSON:test_remove_flavor_access_not_found): 404 POST http://10.180.1.21/compute/v2.1/flavors/204178822/action 0.934s
2025-04-03 06:12:20.725 69469 INFO tempest.lib.common.rest_client [req-21692c44-d784-48d4-90b1-ad8d41f97275 req-21692c44-d784-48d4-90b1-ad8d41f97275 ] Request (AggregatesAdminNegativeTestJSON:test_aggregate_get_details_as_user): 200 POST http://10.180.1.21/compute/v2.1/os-aggregates 0.929s
2025-04-03 06:12:20.737 69467 INFO tempest.lib.common.rest_client [req-a890f45a-04cf-434c-a1f5-4bf1d22076d7 req-a890f45a-04cf-434c-a1f5-4bf1d22076d7 ] Request (KeyPairsV22TestJSON:test_keypairsv22_create_list_show_with_type): 200 GET http://10.180.1.21/compute/v2.1/os-keypairs/tempest-keypair-2133858214 0.767s
2025-04-03 06:12:20.738 69495 INFO tempest.lib.common.rest_client [req-5a93c875-91dc-4172-86bb-f2738053caee req-5a93c875-91dc-4172-86bb-f2738053caee ] Request (SecurityGroupsNegativeTestJSON:tearDownClass): 204 DELETE http://10.180.1.21:9696/networking/v2.0/routers/29b4852c-71df-4eb8-86ab-cdaca1409e06 1.352s
2025-04-03 06:12:20.744 69461 INFO tempest.lib.common.rest_client [req-e76cceaa-1352-4259-8e7e-bad028d30e72 req-e76cceaa-1352-4259-8e7e-bad028d30e72 ] Request (HypervisorAdminUnderV252Test:tearDownClass): 204 DELETE http://10.180.1.21/identity/v3/projects/f00982f88c0d44bb82b3216e14ff0949 0.068s
2025-04-03 06:12:20.842 69461 INFO tempest.lib.common.rest_client [req-cd48e0fc-c0b9-4832-9b8d-e0fc3d256d85 req-cd48e0fc-c0b9-4832-9b8d-e0fc3d256d85 ] Request (TenantUsagesTestJSON:setUpClass): 201 POST http://10.180.1.21/identity/v3/auth/tokens 0.096s
2025-04-03 06:12:20.880 69461 INFO tempest.lib.common.rest_client [req-de82c5dd-b773-4355-9956-af91273eee67 req-de82c5dd-b773-4355-9956-af91273eee67 ] Request (TenantUsagesTestJSON:setUpClass): 201 POST http://10.180.1.21/identity/v3/auth/tokens 0.032s
2025-04-03 06:12:20.908 69461 INFO tempest.lib.common.rest_client [req-50177135-a115-4feb-b90f-2879bbeb551d req-50177135-a115-4feb-b90f-2879bbeb551d ] Request (TenantUsagesTestJSON:setUpClass): 200 GET http://10.180.1.21/identity/v3/domains?name=Default 0.028s
2025-04-03 06:12:20.933 69495 INFO tempest.lib.common.rest_client [req-e673158c-9210-4f98-aa4f-4dd742c1c295 req-e673158c-9210-4f98-aa4f-4dd742c1c295 ] Request (SecurityGroupsNegativeTestJSON:tearDownClass): 204 DELETE http://10.180.1.21:9696/networking/v2.0/subnets/5ab7d691-a006-4ac6-a878-d371c834ef1f 0.194s
2025-04-03 06:12:20.940 69461 INFO tempest.lib.common.rest_client [req-1526f1fe-cf5d-4945-85ad-f6c47ead6fdb req-1526f1fe-cf5d-4945-85ad-f6c47ead6fdb ] Request (TenantUsagesTestJSON:setUpClass): 201 POST http://10.180.1.21/identity/v3/projects 0.030s
2025-04-03 06:12:21.000 69491 INFO tempest.lib.common.rest_client [req-19958333-361b-4385-adbd-5e233e7daa7b req-19958333-361b-4385-adbd-5e233e7daa7b ] Request (ServerActionsTestOtherB:setUpClass): 200 GET http://10.180.1.21/compute/v2.1/servers/7d3ffe9b-359f-4379-94f3-e0f1233aeeb2 1.020s
2025-04-03 06:12:21.006 69461 INFO tempest.lib.common.rest_client [req-f4330ec8-7ae3-4e83-9271-c09d31239946 req-f4330ec8-7ae3-4e83-9271-c09d31239946 ] Request (TenantUsagesTestJSON:setUpClass): 201 POST http://10.180.1.21/identity/v3/users 0.066s
2025-04-03 06:12:21.047 69461 INFO tempest.lib.common.rest_client [req-dfb6040b-751c-4452-8f6b-224a82b595e9 req-dfb6040b-751c-4452-8f6b-224a82b595e9 ] Request (TenantUsagesTestJSON:setUpClass): 200 GET http://10.180.1.21/identity/v3/roles 0.041s
2025-04-03 06:12:21.048 69497 INFO tempest.lib.common.rest_client [req-a43cf3b6-a47b-453c-8064-155f9afc6641 req-a43cf3b6-a47b-453c-8064-155f9afc6641 ] Request (FloatingIPDetailsNegativeTestJSON:tearDownClass): 204 DELETE http://10.180.1.21:9696/networking/v2.0/networks/b2cf2d62-7723-4576-8aaa-a935bd4c1b3e 0.358s
2025-04-03 06:12:21.102 69461 INFO tempest.lib.common.rest_client [req-a28dd026-d9bf-467c-ac3c-bc5223196c0a req-a28dd026-d9bf-467c-ac3c-bc5223196c0a ] Request (TenantUsagesTestJSON:setUpClass): 204 PUT http://10.180.1.21/identity/v3/projects/0fd46d9ffb9f4fea99734c5473be9619/users/8bdb95aa210243dba081c1a74d2413f8/roles/01751452799d4d928a3eb6dd962dcf59 0.054s
2025-04-03 06:12:21.103 69461 INFO tempest.lib.common.dynamic_creds [-] Dynamic test user 8bdb95aa210243dba081c1a74d2413f8 is created with scope project and roles: ['member']
2025-04-03 06:12:21.103 69461 INFO tempest.lib.common.dynamic_creds [-] Acquired dynamic creds: credentials: Credentials: {'domain_id': 'default', 'domain_name': 'Default', 'username': 'tempest-TenantUsagesTestJSON-1039536834-project-member', 'project_domain_id': 'default', 'project_domain_name': 'Default', 'project_id': '0fd46d9ffb9f4fea99734c5473be9619', 'project_name': 'tempest-TenantUsagesTestJSON-1039536834', 'tenant_id': '0fd46d9ffb9f4fea99734c5473be9619', 'tenant_name': 'tempest-TenantUsagesTestJSON-1039536834', 'user_domain_id': 'default', 'user_domain_name': 'Default', 'user_id': '8bdb95aa210243dba081c1a74d2413f8', 'system': None}, Network: None, Subnet: None, Router: None
2025-04-03 06:12:21.103 69461 INFO tempest.lib.common.dynamic_creds [-] Created isolated network resources for: credentials: Credentials: {'domain_id': 'default', 'domain_name': 'Default', 'username': 'tempest-TenantUsagesTestJSON-1039536834-project-member', 'project_domain_id': 'default', 'project_domain_name': 'Default', 'project_id': '0fd46d9ffb9f4fea99734c5473be9619', 'project_name': 'tempest-TenantUsagesTestJSON-1039536834', 'tenant_id': '0fd46d9ffb9f4fea99734c5473be9619', 'tenant_name': 'tempest-TenantUsagesTestJSON-1039536834', 'user_domain_id': 'default', 'user_domain_name': 'Default', 'user_id': '8bdb95aa210243dba081c1a74d2413f8', 'system': None}, Network: None, Subnet: None, Router: None
2025-04-03 06:12:21.106 69485 INFO tempest.lib.common.rest_client [req-abb99093-01c1-4f1e-a5e4-bbf09c33aa79 req-abb99093-01c1-4f1e-a5e4-bbf09c33aa79 ] Request (QuotasAdminTestJSON:tearDownClass): 200 GET http://10.180.1.21:9696/networking/v2.0/security-groups?tenant_id=71d495da55764fe4ad9aa8291451c1ec&name=default 0.429s
2025-04-03 06:12:21.138 69439 INFO tempest.lib.common.rest_client [req-2b95ad9e-f611-4dec-9798-520950739ca4 req-2b95ad9e-f611-4dec-9798-520950739ca4 ] Request (ServerExternalEventsTest:test_create_server_external_events): 200 POST http://10.180.1.21/compute/v2.1/os-server-external-events 1.150s
2025-04-03 06:12:21.184 69495 INFO tempest.lib.common.rest_client [req-156e35f6-a527-4c6e-841b-e835daf45b78 req-156e35f6-a527-4c6e-841b-e835daf45b78 ] Request (SecurityGroupsNegativeTestJSON:tearDownClass): 204 DELETE http://10.180.1.21:9696/networking/v2.0/networks/5c438c84-1479-4aea-a509-94212d30e522 0.251s
2025-04-03 06:12:21.196 69461 INFO tempest.lib.common.rest_client [req-9070e997-548a-4768-93bd-4a6dd1e09fe5 req-9070e997-548a-4768-93bd-4a6dd1e09fe5 ] Request (TenantUsagesTestJSON:setUpClass): 201 POST http://10.180.1.21/identity/v3/auth/tokens 0.088s
2025-04-03 06:12:21.216 69497 INFO tempest.lib.common.rest_client [req-ebcaec5f-ed75-4426-a95a-d7b5e5164025 req-ebcaec5f-ed75-4426-a95a-d7b5e5164025 ] Request (FloatingIPDetailsNegativeTestJSON:tearDownClass): 204 DELETE http://10.180.1.21/identity/v3/users/4fd71bf8a24b4265bba1f15b110248f7 0.167s
2025-04-03 06:12:21.216 69497 INFO tempest.lib.common.dynamic_creds [-] Deleting project and security group for project: e52a3cf84c89439d881cab413e59623c
2025-04-03 06:12:21.250 69497 INFO tempest.lib.common.rest_client [req-f24304ce-ddfb-40a6-ba51-d848cfbcd380 req-f24304ce-ddfb-40a6-ba51-d848cfbcd380 ] Request (FloatingIPDetailsNegativeTestJSON:tearDownClass): 200 GET http://10.180.1.21:9696/networking/v2.0/security-groups?tenant_id=e52a3cf84c89439d881cab413e59623c&name=default 0.034s
2025-04-03 06:12:21.295 69461 INFO tempest.lib.common.rest_client [req-191c8a4a-474c-4994-8d4d-3daaf7ecb162 req-191c8a4a-474c-4994-8d4d-3daaf7ecb162 ] Request (TenantUsagesTestJSON:setUpClass): 201 POST http://10.180.1.21/identity/v3/projects 0.098s
2025-04-03 06:12:21.333 69495 INFO tempest.lib.common.rest_client [req-1361b2a3-a5a7-439e-8bec-b94e689ac6e3 req-1361b2a3-a5a7-439e-8bec-b94e689ac6e3 ] Request (SecurityGroupsNegativeTestJSON:tearDownClass): 204 DELETE http://10.180.1.21/identity/v3/users/e65b029fc81a4780803c9b98fb19aba9 0.148s
2025-04-03 06:12:21.334 69495 INFO tempest.lib.common.dynamic_creds [-] Deleting project and security group for project: 3e12dea0a8aa49f4ad80d98d295d012a
2025-04-03 06:12:21.384 69471 INFO tempest.lib.common.rest_client [req-d53f5345-c516-41df-88ab-7d2018d9b367 req-d53f5345-c516-41df-88ab-7d2018d9b367 ] Request (VolumesAssistedSnapshotsTest:test_volume_assisted_snapshot_create_delete): 200 GET http://10.180.1.21/compute/v2.1/servers/c731ada9-1eae-4f0f-a9d5-dc9a04f5cae3 1.317s
2025-04-03 06:12:21.391 69495 INFO tempest.lib.common.rest_client [req-f7f0481b-c72c-4028-98da-5bf34d155594 req-f7f0481b-c72c-4028-98da-5bf34d155594 ] Request (SecurityGroupsNegativeTestJSON:tearDownClass): 200 GET http://10.180.1.21:9696/networking/v2.0/security-groups?tenant_id=3e12dea0a8aa49f4ad80d98d295d012a&name=default 0.056s
2025-04-03 06:12:21.395 69461 INFO tempest.lib.common.rest_client [req-a6f65525-6283-44cb-8052-188bd811925a req-a6f65525-6283-44cb-8052-188bd811925a ] Request (TenantUsagesTestJSON:setUpClass): 201 POST http://10.180.1.21/identity/v3/users 0.099s
2025-04-03 06:12:21.401 69485 INFO tempest.lib.common.rest_client [req-6e2667c6-70b0-4394-b529-f839129b34a6 req-6e2667c6-70b0-4394-b529-f839129b34a6 ] Request (QuotasAdminTestJSON:tearDownClass): 204 DELETE http://10.180.1.21:9696/networking/v2.0/security-groups/03efa376-6136-430a-a5f4-a389b5da1e36 0.294s
2025-04-03 06:12:21.405 69497 INFO tempest.lib.common.rest_client [req-422294e3-c453-4a5a-a36a-b6bac4c2f644 req-422294e3-c453-4a5a-a36a-b6bac4c2f644 ] Request (FloatingIPDetailsNegativeTestJSON:tearDownClass): 204 DELETE http://10.180.1.21:9696/networking/v2.0/security-groups/85b20804-6097-4635-ae9d-bb869a63393a 0.154s
2025-04-03 06:12:21.416 69457 INFO tempest.lib.common.rest_client [req-7550e2d8-cef9-481f-b789-f1e0d70dbd69 req-7550e2d8-cef9-481f-b789-f1e0d70dbd69 ] Request (ServicesAdminNegativeV253TestJSON:test_get_service_by_invalid_service_and_valid_host): 200 GET http://10.180.1.21/compute/v2.1/os-services 1.320s
2025-04-03 06:12:21.432 69461 INFO tempest.lib.common.rest_client [req-37a5e92d-0608-4ab8-a956-04396b9e144e req-37a5e92d-0608-4ab8-a956-04396b9e144e ] Request (TenantUsagesTestJSON:setUpClass): 200 GET http://10.180.1.21/identity/v3/roles 0.037s
2025-04-03 06:12:21.439 69481 INFO tempest.lib.common.rest_client [req-d37a6d8f-7483-492b-b6c0-a157dbf12fd4 req-d37a6d8f-7483-492b-b6c0-a157dbf12fd4 ] Request (FlavorsAdminTestJSON:_run_cleanups): 202 DELETE http://10.180.1.21/compute/v2.1/flavors/741829257 1.336s
2025-04-03 06:12:21.498 69497 INFO tempest.lib.common.rest_client [req-dbb6f265-305b-4f09-8c2b-24f829271899 req-dbb6f265-305b-4f09-8c2b-24f829271899 ] Request (FloatingIPDetailsNegativeTestJSON:tearDownClass): 204 DELETE http://10.180.1.21/identity/v3/projects/e52a3cf84c89439d881cab413e59623c 0.093s
2025-04-03 06:12:21.512 69499 INFO tempest.lib.common.rest_client [req-e7169bda-13c9-43be-8397-59142caafc05 req-e7169bda-13c9-43be-8397-59142caafc05 ] Request (MigrationsAdminTest:test_list_migrations_in_flavor_resize_situation): 200 GET http://10.180.1.21/compute/v2.1/servers/e01fcbef-72a7-45b4-ae76-a7e91e9aa323 1.399s
2025-04-03 06:12:21.514 69485 INFO tempest.lib.common.rest_client [req-42743bde-c6e1-44b3-871e-7bb2a680133a req-42743bde-c6e1-44b3-871e-7bb2a680133a ] Request (QuotasAdminTestJSON:tearDownClass): 204 DELETE http://10.180.1.21/identity/v3/projects/71d495da55764fe4ad9aa8291451c1ec 0.112s
2025-04-03 06:12:21.514 69485 INFO tempest.lib.common.dynamic_creds [-] Deleting project and security group for project: 6d35449c154d4a25a79c929f2029cc59
2025-04-03 06:12:21.538 69495 INFO tempest.lib.common.rest_client [req-2fa2d5a0-1af1-4fc0-882c-706d2681c94d req-2fa2d5a0-1af1-4fc0-882c-706d2681c94d ] Request (SecurityGroupsNegativeTestJSON:tearDownClass): 204 DELETE http://10.180.1.21:9696/networking/v2.0/security-groups/ebdac761-4dee-4c6d-a280-d61f10dd36ae 0.147s
2025-04-03 06:12:21.594 69461 INFO tempest.lib.common.rest_client [req-43fc9dd0-c06f-4b7b-8553-94c0697e9f2d req-43fc9dd0-c06f-4b7b-8553-94c0697e9f2d ] Request (TenantUsagesTestJSON:setUpClass): 204 PUT http://10.180.1.21/identity/v3/projects/6f038846e1e643fda7de0173e85d9656/users/fd215305ce984216b5a2f063ce05b464/roles/89cb2b8cbe634e6fb4c96df5cd6c44a6 0.161s
2025-04-03 06:12:21.594 69493 INFO tempest.lib.common.rest_client [req-5c4a3c84-ff6e-49ae-89ec-c035b8fcac4f req-5c4a3c84-ff6e-49ae-89ec-c035b8fcac4f ] Request (VolumesAdminNegativeTest:test_update_attached_volume_with_nonexistent_volume_in_body): 202 POST http://10.180.1.21/compute/v2.1/servers 1.789s
2025-04-03 06:12:21.608 69465 INFO tempest.lib.common.rest_client [req-25feae4b-e767-43b8-a01e-9eb345236621 req-25feae4b-e767-43b8-a01e-9eb345236621 ] Request (InstanceActionsNegativeTestJSON:test_list_instance_actions_non_existent_server): 404 GET http://10.180.1.21/compute/v2.1/servers/d35a0e34-3689-4519-ab5d-0f6b93cbc7eb/os-instance-actions 1.358s
2025-04-03 06:12:21.672 69497 INFO tempest.lib.common.rest_client [req-401f594a-9e71-47cb-9ccf-f358ea2478f3 req-401f594a-9e71-47cb-9ccf-f358ea2478f3 ] Request (ImagesNegativeTestJSON:setUpClass): 201 POST http://10.180.1.21/identity/v3/auth/tokens 0.172s
2025-04-03 06:12:21.694 69485 INFO tempest.lib.common.rest_client [req-f7e86254-e85d-4460-ae10-85940eb3f6a8 req-f7e86254-e85d-4460-ae10-85940eb3f6a8 ] Request (QuotasAdminTestJSON:tearDownClass): 200 GET http://10.180.1.21:9696/networking/v2.0/security-groups?tenant_id=6d35449c154d4a25a79c929f2029cc59&name=default 0.180s
2025-04-03 06:12:21.695 69473 INFO tempest.lib.common.rest_client [req-106bb6d5-d0a6-49d6-95d0-3e2ae02d5559 req-106bb6d5-d0a6-49d6-95d0-3e2ae02d5559 ] Request (ServersListShow298Test:test_list_show_update_rebuild_server_298): 200 GET http://10.180.1.21/compute/v2.1/servers/68a25d29-fb0e-4afd-bbe1-5819ddd175e1 1.354s
2025-04-03 06:12:21.702 69461 INFO tempest.lib.common.rest_client [req-af4adca3-f529-45dd-b3e2-3c028c6acd72 req-af4adca3-f529-45dd-b3e2-3c028c6acd72 ] Request (TenantUsagesTestJSON:setUpClass): 200 GET http://10.180.1.21/identity/v3/roles 0.108s
2025-04-03 06:12:21.716 69479 INFO tempest.lib.common.rest_client [req-b12b8197-2b1b-4b98-9037-5feb2fd7949c req-b12b8197-2b1b-4b98-9037-5feb2fd7949c ] Request (InstanceActionsTestJSON:tearDownClass): 200 GET http://10.180.1.21/compute/v2.1/servers/df3d25ca-8c2e-4b4f-9725-2803bfbd97ba 1.577s
2025-04-03 06:12:21.727 69495 INFO tempest.lib.common.rest_client [req-f6eb4570-2fe5-4718-adf6-e2ef98ae4240 req-f6eb4570-2fe5-4718-adf6-e2ef98ae4240 ] Request (SecurityGroupsNegativeTestJSON:tearDownClass): 204 DELETE http://10.180.1.21/identity/v3/projects/3e12dea0a8aa49f4ad80d98d295d012a 0.188s
2025-04-03 06:12:21.778 69497 INFO tempest.lib.common.rest_client [req-fd18283b-e681-48cd-8fa1-8d36e0f1a2d7 req-fd18283b-e681-48cd-8fa1-8d36e0f1a2d7 ] Request (ImagesNegativeTestJSON:setUpClass): 201 POST http://10.180.1.21/identity/v3/auth/tokens 0.104s
2025-04-03 06:12:21.794 69459 INFO tempest.lib.common.rest_client [req-5e374357-bb38-4ffa-8e9e-da045e9b017a req-5e374357-bb38-4ffa-8e9e-da045e9b017a ] Request (ServerDiagnosticsNegativeTest:tearDownClass): 200 GET http://10.180.1.21/compute/v2.1/servers/e8db3145-5980-40c5-9fcf-f97f3758487e 1.267s
2025-04-03 06:12:21.803 69461 INFO tempest.lib.common.rest_client [req-d0e41ba6-22aa-4e2d-91fc-f826771066f4 req-d0e41ba6-22aa-4e2d-91fc-f826771066f4 ] Request (TenantUsagesTestJSON:setUpClass): 204 PUT http://10.180.1.21/identity/v3/projects/6f038846e1e643fda7de0173e85d9656/users/fd215305ce984216b5a2f063ce05b464/roles/89cb2b8cbe634e6fb4c96df5cd6c44a6 0.100s
2025-04-03 06:12:21.803 69461 INFO tempest.lib.common.dynamic_creds [-] Dynamic test user fd215305ce984216b5a2f063ce05b464 is created with scope project and roles: ['admin']
2025-04-03 06:12:21.804 69461 INFO tempest.lib.common.dynamic_creds [-] Acquired dynamic creds: credentials: Credentials: {'domain_id': 'default', 'domain_name': 'Default', 'username': 'tempest-TenantUsagesTestJSON-1407462268-project-admin', 'project_domain_id': 'default', 'project_domain_name': 'Default', 'project_id': '6f038846e1e643fda7de0173e85d9656', 'project_name': 'tempest-TenantUsagesTestJSON-1407462268', 'tenant_id': '6f038846e1e643fda7de0173e85d9656', 'tenant_name': 'tempest-TenantUsagesTestJSON-1407462268', 'user_domain_id': 'default', 'user_domain_name': 'Default', 'user_id': 'fd215305ce984216b5a2f063ce05b464', 'system': None}, Network: None, Subnet: None, Router: None
2025-04-03 06:12:21.804 69461 INFO tempest.lib.common.dynamic_creds [-] Created isolated network resources for: credentials: Credentials: {'domain_id': 'default', 'domain_name': 'Default', 'username': 'tempest-TenantUsagesTestJSON-1407462268-project-admin', 'project_domain_id': 'default', 'project_domain_name': 'Default', 'project_id': '6f038846e1e643fda7de0173e85d9656', 'project_name': 'tempest-TenantUsagesTestJSON-1407462268', 'tenant_id': '6f038846e1e643fda7de0173e85d9656', 'tenant_name': 'tempest-TenantUsagesTestJSON-1407462268', 'user_domain_id': 'default', 'user_domain_name': 'Default', 'user_id': 'fd215305ce984216b5a2f063ce05b464', 'system': None}, Network: None, Subnet: None, Router: None
2025-04-03 06:12:21.809 69485 INFO tempest.lib.common.rest_client [req-f464d0e3-54d7-477f-a239-fe932232dea9 req-f464d0e3-54d7-477f-a239-fe932232dea9 ] Request (QuotasAdminTestJSON:tearDownClass): 204 DELETE http://10.180.1.21:9696/networking/v2.0/security-groups/7edd2d4f-78a7-404f-adc9-1d2c98a0f730 0.114s
2025-04-03 06:12:21.850 69455 INFO tempest.lib.common.rest_client [req-6f826297-0005-46c4-b6ec-0b575c88b124 req-6f826297-0005-46c4-b6ec-0b575c88b124 ] Request (AbsoluteLimitsNegativeTestJSON:test_max_metadata_exceed_limit): 200 GET http://10.180.1.21/compute/v2.1/limits 1.454s
2025-04-03 06:12:21.867 69495 INFO tempest.lib.common.rest_client [req-031db396-e6c2-4663-ac68-61aa49f5c6d4 req-031db396-e6c2-4663-ac68-61aa49f5c6d4 ] Request (ListServersNegativeTestJSON:setUpClass): 201 POST http://10.180.1.21/identity/v3/auth/tokens 0.139s
2025-04-03 06:12:21.883 69497 INFO tempest.lib.common.rest_client [req-7d23d689-9933-4c7c-9853-89bbd11bedc1 req-7d23d689-9933-4c7c-9853-89bbd11bedc1 ] Request (ImagesNegativeTestJSON:setUpClass): 200 GET http://10.180.1.21/identity/v3/domains?name=Default 0.104s
2025-04-03 06:12:21.924 69451 INFO tempest.lib.common.rest_client [req-f2fd3307-4d01-4d2c-9c6c-84aa5f6dc093 req-f2fd3307-4d01-4d2c-9c6c-84aa5f6dc093 ] Request (ServerDiagnosticsV248Test:tearDownClass): 200 GET http://10.180.1.21/compute/v2.1/servers/215a10c2-c6d5-4074-bbb5-e6b129bf68b4 1.305s
2025-04-03 06:12:21.944 69443 INFO tempest.lib.common.rest_client [req-2af563d7-b097-4695-85a8-c15ce52dc8fc req-2af563d7-b097-4695-85a8-c15ce52dc8fc ] Request (FlavorsAccessNegativeTestJSON:_run_cleanups): 202 DELETE http://10.180.1.21/compute/v2.1/flavors/204178822 1.229s
2025-04-03 06:12:21.950 69469 INFO tempest.lib.common.rest_client [req-3b3665e9-3674-4380-bd72-5124a4b2e04d req-3b3665e9-3674-4380-bd72-5124a4b2e04d ] Request (AggregatesAdminNegativeTestJSON:test_aggregate_get_details_as_user): 403 GET http://10.180.1.21/compute/v2.1/os-aggregates/6 1.223s
2025-04-03 06:12:21.968 69461 INFO tempest.lib.common.rest_client [req-4aad6ac9-a47a-4920-be24-c30607006045 req-4aad6ac9-a47a-4920-be24-c30607006045 ] Request (TenantUsagesTestJSON:setUpClass): 201 POST http://10.180.1.21/identity/v3/auth/tokens 0.161s
2025-04-03 06:12:21.969 69461 WARNING tempest.lib.common.rest_client [-] Deprecated: "tenant_id" property is deprecated for removal, use "project_id" instead
2025-04-03 06:12:22.007 69463 INFO tempest.lib.common.rest_client [req-ba1beacc-b27c-4d13-b230-b81891553908 req-ba1beacc-b27c-4d13-b230-b81891553908 ] Request (HypervisorAdminNegativeTestJSON:test_get_hypervisor_uptime_with_non_admin_user): 200 GET http://10.180.1.21/compute/v2.1/os-hypervisors 1.480s
2025-04-03 06:12:22.019 69441 INFO tempest.lib.common.rest_client [req-773dcf17-b13c-474b-9654-a2bd6485441e req-773dcf17-b13c-474b-9654-a2bd6485441e ] Request (ServersTestManualDisk:setUpClass): 200 GET http://10.180.1.21/compute/v2.1/servers/bfb80238-cb30-401e-a409-1939ea48ba2f 1.278s
2025-04-03 06:12:22.024 69467 INFO tempest.lib.common.rest_client [req-d416d393-ac9d-4a45-8309-eb2a4470e390 req-d416d393-ac9d-4a45-8309-eb2a4470e390 ] Request (KeyPairsV22TestJSON:test_keypairsv22_create_list_show_with_type): 200 GET http://10.180.1.21/compute/v2.1/os-keypairs 1.279s
2025-04-03 06:12:22.040 69485 INFO tempest.lib.common.rest_client [req-e34a9406-7428-45b8-9362-dbc51be32544 req-e34a9406-7428-45b8-9362-dbc51be32544 ] Request (QuotasAdminTestJSON:tearDownClass): 204 DELETE http://10.180.1.21/identity/v3/projects/6d35449c154d4a25a79c929f2029cc59 0.230s
2025-04-03 06:12:22.047 69455 INFO tempest.lib.common.rest_client [req-e1a30a68-fc7a-42ed-9d97-0f3ca841a51a req-e1a30a68-fc7a-42ed-9d97-0f3ca841a51a ] Request (AbsoluteLimitsNegativeTestJSON:test_max_metadata_exceed_limit): 201 POST http://10.180.1.21/identity/v3/auth/tokens 0.188s
2025-04-03 06:12:22.047 69455 INFO tempest.lib.common.fixed_network [-] (AbsoluteLimitsNegativeTestJSON:test_max_metadata_exceed_limit) Found network None available for tenant
2025-04-03 06:12:22.076 69475 WARNING tempest.lib.common.ssh [-] Failed to establish authenticated ssh connection to cirros@10.180.180.220 ([Errno None] Unable to connect to port 22 on 10.180.180.220). Number attempts: 1. Retry after 2 seconds.: paramiko.ssh_exception.NoValidConnectionsError: [Errno None] Unable to connect to port 22 on 10.180.180.220
2025-04-03 06:12:22.094 69487 INFO tempest.lib.common.rest_client [req-8a7551be-c9a1-4f28-be96-1b183bfedc15 req-8a7551be-c9a1-4f28-be96-1b183bfedc15 ] Request (ServerShowV257Test:test_rebuild_server): 200 GET http://10.180.1.21/compute/v2.1/servers/11d112bd-a738-4c4e-b22a-112a405a6670 1.027s
2025-04-03 06:12:22.099 69495 INFO tempest.lib.common.rest_client [req-c1f34952-664f-417d-bff9-53c1d83d8fad req-c1f34952-664f-417d-bff9-53c1d83d8fad ] Request (ListServersNegativeTestJSON:setUpClass): 201 POST http://10.180.1.21/identity/v3/auth/tokens 0.228s
2025-04-03 06:12:22.106 69445 INFO tempest.lib.common.rest_client [req-11453ccc-7cc6-4f0e-9738-819a58f73cf8 req-11453ccc-7cc6-4f0e-9738-819a58f73cf8 ] Request (DeleteServersAdminTestJSON:test_admin_delete_servers_of_others): 200 GET http://10.180.1.21/compute/v2.1/servers/ccd6bdf9-f20d-4230-a879-31228b5531d3 1.030s
2025-04-03 06:12:22.116 69445 INFO tempest.common.waiters [-] State transition "ACTIVE/deleting" ==> "DELETED/None" after 5 second wait
2025-04-03 06:12:22.140 69497 INFO tempest.lib.common.rest_client [req-05bea4d6-9bef-439e-be46-4f15dccab40a req-05bea4d6-9bef-439e-be46-4f15dccab40a ] Request (ImagesNegativeTestJSON:setUpClass): 201 POST http://10.180.1.21/identity/v3/projects 0.256s
2025-04-03 06:12:22.153 69461 INFO tempest.lib.common.rest_client [req-9f6a3c4c-2b33-4c10-8f83-057cb2e4c5a4 req-9f6a3c4c-2b33-4c10-8f83-057cb2e4c5a4 ] Request (TenantUsagesTestJSON:setUpClass): 201 POST http://10.180.1.21/identity/v3/auth/tokens 0.179s
2025-04-03 06:12:22.154 69461 INFO tempest.lib.common.fixed_network [-] (TenantUsagesTestJSON:setUpClass) Found network None available for tenant
2025-04-03 06:12:22.176 69439 INFO tempest.lib.common.rest_client [req-5aa64dc8-7b1a-44d2-9bec-83f4ab0a5d0b req-5aa64dc8-7b1a-44d2-9bec-83f4ab0a5d0b ] Request (ServerExternalEventsTest:tearDownClass): 204 DELETE http://10.180.1.21/compute/v2.1/servers/8e5bf24d-2487-4dcf-9e27-a326e4e68032 1.036s
2025-04-03 06:12:22.189 69447 INFO tempest.lib.common.rest_client [req-81d9b304-a71d-432d-b33f-d364d90f8965 req-81d9b304-a71d-432d-b33f-d364d90f8965 ] Request (SecurityGroupsTestJSON:test_list_security_groups_by_server): 200 GET http://10.180.1.21/compute/v2.1/servers/216a1a72-1d3f-431c-9544-8756135307ab 0.957s
2025-04-03 06:12:22.197 69485 INFO tempest.lib.common.rest_client [req-9e4ec698-66b3-4017-8761-bd930fd428bc req-9e4ec698-66b3-4017-8761-bd930fd428bc ] Request (ImagesOneServerTestJSON:setUpClass): 201 POST http://10.180.1.21/identity/v3/auth/tokens 0.155s
2025-04-03 06:12:22.198 69447 INFO tempest.common.waiters [-] State transition "BUILD/scheduling" ==> "BUILD/None" after 7 second wait
2025-04-03 06:12:22.220 69457 INFO tempest.lib.common.rest_client [req-066d7396-341e-4742-9437-1a8bea906eb7 req-066d7396-341e-4742-9437-1a8bea906eb7 ] Request (ServicesAdminNegativeV253TestJSON:test_get_service_by_invalid_service_and_valid_host): 200 GET http://10.180.1.21/compute/v2.1/os-services?host=devstack&binary=xxx 0.802s
2025-04-03 06:12:22.221 69497 INFO tempest.lib.common.rest_client [req-5fbc7853-20f4-4ec1-b137-a82b38642ea0 req-5fbc7853-20f4-4ec1-b137-a82b38642ea0 ] Request (ImagesNegativeTestJSON:setUpClass): 201 POST http://10.180.1.21/identity/v3/users 0.080s
2025-04-03 06:12:22.229 69495 INFO tempest.lib.common.rest_client [req-1e4bfa4e-f69e-48f9-b431-4cc28819904d req-1e4bfa4e-f69e-48f9-b431-4cc28819904d ] Request (ListServersNegativeTestJSON:setUpClass): 200 GET http://10.180.1.21/identity/v3/domains?name=Default 0.130s
2025-04-03 06:12:22.246 69497 INFO tempest.lib.common.rest_client [req-9360b7f2-b12a-485b-9e22-c2bb8d9cf2eb req-9360b7f2-b12a-485b-9e22-c2bb8d9cf2eb ] Request (ImagesNegativeTestJSON:setUpClass): 200 GET http://10.180.1.21/identity/v3/roles 0.025s
2025-04-03 06:12:22.248 69481 INFO tempest.lib.common.rest_client [req-289ed31f-f71d-4409-ab67-2e838e67b223 req-289ed31f-f71d-4409-ab67-2e838e67b223 ] Request (FlavorsAdminTestJSON:_run_cleanups): 200 GET http://10.180.1.21/compute/v2.1/flavors/detail 0.808s
2025-04-03 06:12:22.250 69485 INFO tempest.lib.common.rest_client [req-f108310a-4689-47d9-bf3e-d7cf631f1f25 req-f108310a-4689-47d9-bf3e-d7cf631f1f25 ] Request (ImagesOneServerTestJSON:setUpClass): 201 POST http://10.180.1.21/identity/v3/auth/tokens 0.049s
2025-04-03 06:12:22.280 69495 INFO tempest.lib.common.rest_client [req-811a91a8-4f19-410b-a2e0-89b48bad44c2 req-811a91a8-4f19-410b-a2e0-89b48bad44c2 ] Request (ListServersNegativeTestJSON:setUpClass): 201 POST http://10.180.1.21/identity/v3/projects 0.050s
2025-04-03 06:12:22.285 69497 INFO tempest.lib.common.rest_client [req-dfa4cece-967e-40b2-a119-21b22a18f429 req-dfa4cece-967e-40b2-a119-21b22a18f429 ] Request (ImagesNegativeTestJSON:setUpClass): 204 PUT http://10.180.1.21/identity/v3/projects/e47c03ca32c54ee8be97cc174b319574/users/c3efc7b81e1a414da92b9d7964b382e6/roles/01751452799d4d928a3eb6dd962dcf59 0.038s
2025-04-03 06:12:22.285 69497 INFO tempest.lib.common.dynamic_creds [-] Dynamic test user c3efc7b81e1a414da92b9d7964b382e6 is created with scope project and roles: ['member']
2025-04-03 06:12:22.285 69497 INFO tempest.lib.common.dynamic_creds [-] Acquired dynamic creds: credentials: Credentials: {'domain_id': 'default', 'domain_name': 'Default', 'username': 'tempest-ImagesNegativeTestJSON-1103028077-project-member', 'project_domain_id': 'default', 'project_domain_name': 'Default', 'project_id': 'e47c03ca32c54ee8be97cc174b319574', 'project_name': 'tempest-ImagesNegativeTestJSON-1103028077', 'tenant_id': 'e47c03ca32c54ee8be97cc174b319574', 'tenant_name': 'tempest-ImagesNegativeTestJSON-1103028077', 'user_domain_id': 'default', 'user_domain_name': 'Default', 'user_id': 'c3efc7b81e1a414da92b9d7964b382e6', 'system': None}, Network: None, Subnet: None, Router: None
2025-04-03 06:12:22.326 69489 INFO tempest.lib.common.rest_client [req-5eb13080-3001-4498-891e-d2ebd298e2c2 req-5eb13080-3001-4498-891e-d2ebd298e2c2 ] Request (ServersWithSpecificFlavorTestJSON:test_verify_created_server_ephemeral_disk): 200 GET http://10.180.1.21/compute/v2.1/servers/6a3bcfaa-4d5f-4615-871d-9ef8587a64ec 0.881s
2025-04-03 06:12:22.342 69495 INFO tempest.lib.common.rest_client [req-1ecfc183-75aa-498c-bb6d-2080e8fa973d req-1ecfc183-75aa-498c-bb6d-2080e8fa973d ] Request (ListServersNegativeTestJSON:setUpClass): 201 POST http://10.180.1.21/identity/v3/users 0.062s
2025-04-03 06:12:22.344 69449 INFO tempest.lib.common.rest_client [req-7ada819e-a308-4558-be38-92f54754a489 req-7ada819e-a308-4558-be38-92f54754a489 ] Request (ImagesOneServerNegativeTestJSON:setUpClass): 200 GET http://10.180.1.21/compute/v2.1/servers/d85b7f58-9cf1-49e4-bbc9-e976fa002144 0.954s
2025-04-03 06:12:22.344 69485 INFO tempest.lib.common.rest_client [req-d617b54d-06d7-4333-8698-f152781eadb8 req-d617b54d-06d7-4333-8698-f152781eadb8 ] Request (ImagesOneServerTestJSON:setUpClass): 200 GET http://10.180.1.21/identity/v3/domains?name=Default 0.094s
2025-04-03 06:12:22.352 69449 INFO tempest.common.waiters [-] State transition "BUILD/spawning" ==> "ACTIVE/None" after 25 second wait
2025-04-03 06:12:22.374 69495 INFO tempest.lib.common.rest_client [req-7c20db6d-4a2f-40c1-a906-f9087ae5ca6d req-7c20db6d-4a2f-40c1-a906-f9087ae5ca6d ] Request (ListServersNegativeTestJSON:setUpClass): 200 GET http://10.180.1.21/identity/v3/roles 0.031s
2025-04-03 06:12:22.381 69497 INFO tempest.lib.common.rest_client [req-a13b51b6-bb2d-4339-b724-27cd92993e9a req-a13b51b6-bb2d-4339-b724-27cd92993e9a ] Request (ImagesNegativeTestJSON:setUpClass): 201 POST http://10.180.1.21/identity/v3/auth/tokens 0.095s
2025-04-03 06:12:22.400 69485 INFO tempest.lib.common.rest_client [req-5e6992f3-60bd-4cee-95da-5767a6cfc0f8 req-5e6992f3-60bd-4cee-95da-5767a6cfc0f8 ] Request (ImagesOneServerTestJSON:setUpClass): 201 POST http://10.180.1.21/identity/v3/projects 0.056s
2025-04-03 06:12:22.401 69495 INFO tempest.lib.common.rest_client [req-ed1c95bd-d4eb-48f9-95ce-fc1763d7ed58 req-ed1c95bd-d4eb-48f9-95ce-fc1763d7ed58 ] Request (ListServersNegativeTestJSON:setUpClass): 204 PUT http://10.180.1.21/identity/v3/projects/723a5105bdac440eaa97649528373836/users/370d5b488d5544c2ad1be855af294ccc/roles/01751452799d4d928a3eb6dd962dcf59 0.026s
2025-04-03 06:12:22.401 69495 INFO tempest.lib.common.dynamic_creds [-] Dynamic test user 370d5b488d5544c2ad1be855af294ccc is created with scope project and roles: ['member']
2025-04-03 06:12:22.402 69495 INFO tempest.lib.common.dynamic_creds [-] Acquired dynamic creds: credentials: Credentials: {'domain_id': 'default', 'domain_name': 'Default', 'username': 'tempest-ListServersNegativeTestJSON-2083187440-project-member', 'project_domain_id': 'default', 'project_domain_name': 'Default', 'project_id': '723a5105bdac440eaa97649528373836', 'project_name': 'tempest-ListServersNegativeTestJSON-2083187440', 'tenant_id': '723a5105bdac440eaa97649528373836', 'tenant_name': 'tempest-ListServersNegativeTestJSON-2083187440', 'user_domain_id': 'default', 'user_domain_name': 'Default', 'user_id': '370d5b488d5544c2ad1be855af294ccc', 'system': None}, Network: None, Subnet: None, Router: None
2025-04-03 06:12:22.409 69493 INFO tempest.lib.common.rest_client [req-8251816a-dddb-400b-b71c-58557e74142b req-8251816a-dddb-400b-b71c-58557e74142b ] Request (VolumesAdminNegativeTest:test_update_attached_volume_with_nonexistent_volume_in_body): 200 GET http://10.180.1.21/compute/v2.1/servers/08577608-89ff-40e9-9a43-2b4218500b63 0.812s
2025-04-03 06:12:22.454 69485 INFO tempest.lib.common.rest_client [req-243848e8-63d3-44d6-ac9d-2e8f79a184e3 req-243848e8-63d3-44d6-ac9d-2e8f79a184e3 ] Request (ImagesOneServerTestJSON:setUpClass): 201 POST http://10.180.1.21/identity/v3/users 0.053s
2025-04-03 06:12:22.470 69483 INFO tempest.lib.common.rest_client [req-77fbf257-fcdc-4a25-826b-a420600f93ab req-77fbf257-fcdc-4a25-826b-a420600f93ab ] Request (FloatingIPsAssociationNegativeTestJSON:setUpClass): 200 GET http://10.180.1.21/compute/v2.1/servers/7d2b4618-fbc9-4ad4-ad73-d2a780b34155 0.937s
2025-04-03 06:12:22.480 69465 INFO tempest.lib.common.rest_client [req-303e8cf7-6ec0-45c7-9b58-5cd37529104f req-303e8cf7-6ec0-45c7-9b58-5cd37529104f ] Request (InstanceActionsNegativeTestJSON:tearDownClass): 204 DELETE http://10.180.1.21/compute/v2.1/servers/3d811491-e635-4ade-a0f1-8044c41dbf9c 0.870s
2025-04-03 06:12:22.483 69495 INFO tempest.lib.common.rest_client [req-0070ed7a-4f1f-4499-a7d0-13e2e0113511 req-0070ed7a-4f1f-4499-a7d0-13e2e0113511 ] Request (ListServersNegativeTestJSON:setUpClass): 201 POST http://10.180.1.21/identity/v3/auth/tokens 0.081s
2025-04-03 06:12:22.487 69485 INFO tempest.lib.common.rest_client [req-7745c3c2-0b7f-4ad1-afeb-276294dc93d0 req-7745c3c2-0b7f-4ad1-afeb-276294dc93d0 ] Request (ImagesOneServerTestJSON:setUpClass): 200 GET http://10.180.1.21/identity/v3/roles 0.032s
2025-04-03 06:12:22.503 69443 INFO tempest.lib.common.rest_client [req-a6c19293-e19f-44b3-bca4-796ee4209769 req-a6c19293-e19f-44b3-bca4-796ee4209769 ] Request (FlavorsAccessNegativeTestJSON:_run_cleanups): 200 GET http://10.180.1.21/compute/v2.1/flavors/detail 0.559s
2025-04-03 06:12:22.515 69485 INFO tempest.lib.common.rest_client [req-98be4411-cd82-438a-bdf3-a6e2ab57ecaa req-98be4411-cd82-438a-bdf3-a6e2ab57ecaa ] Request (ImagesOneServerTestJSON:setUpClass): 204 PUT http://10.180.1.21/identity/v3/projects/10ba16ce8bce4762be71e0aeefb80dcc/users/55e901d880c24084812e75fe8745a12c/roles/01751452799d4d928a3eb6dd962dcf59 0.027s
2025-04-03 06:12:22.515 69485 INFO tempest.lib.common.dynamic_creds [-] Dynamic test user 55e901d880c24084812e75fe8745a12c is created with scope project and roles: ['member']
2025-04-03 06:12:22.515 69485 INFO tempest.lib.common.dynamic_creds [-] Acquired dynamic creds: credentials: Credentials: {'domain_id': 'default', 'domain_name': 'Default', 'username': 'tempest-ImagesOneServerTestJSON-431630707-project-member', 'project_domain_id': 'default', 'project_domain_name': 'Default', 'project_id': '10ba16ce8bce4762be71e0aeefb80dcc', 'project_name': 'tempest-ImagesOneServerTestJSON-431630707', 'tenant_id': '10ba16ce8bce4762be71e0aeefb80dcc', 'tenant_name': 'tempest-ImagesOneServerTestJSON-431630707', 'user_domain_id': 'default', 'user_domain_name': 'Default', 'user_id': '55e901d880c24084812e75fe8745a12c', 'system': None}, Network: None, Subnet: None, Router: None
2025-04-03 06:12:22.535 69469 INFO tempest.lib.common.rest_client [req-8abe03ea-8bb7-4092-a7f0-737f81ce952d req-8abe03ea-8bb7-4092-a7f0-737f81ce952d ] Request (AggregatesAdminNegativeTestJSON:_run_cleanups): 200 DELETE http://10.180.1.21/compute/v2.1/os-aggregates/6 0.584s
2025-04-03 06:12:22.581 69485 INFO tempest.lib.common.rest_client [req-11e40a71-66a7-4e17-89d7-16bf2c1526b7 req-11e40a71-66a7-4e17-89d7-16bf2c1526b7 ] Request (ImagesOneServerTestJSON:setUpClass): 201 POST http://10.180.1.21/identity/v3/auth/tokens 0.066s
2025-04-03 06:12:22.630 69443 INFO tempest.lib.common.rest_client [req-42d4fed1-bcba-4851-a1f4-fba76eff2410 req-42d4fed1-bcba-4851-a1f4-fba76eff2410 ] Request (FlavorsAccessNegativeTestJSON:tearDownClass): 204 DELETE http://10.180.1.21/identity/v3/users/5d4bb9692e444d849b43853cb2811737 0.120s
2025-04-03 06:12:22.652 69453 INFO tempest.lib.common.rest_client [req-c870eae8-073f-417b-b0bd-275d6653f23f req-c870eae8-073f-417b-b0bd-275d6653f23f ] Request (ServersAdminTestJSON:setUpClass): 200 GET http://10.180.1.21/compute/v2.1/servers/ca60526d-f004-45c1-b23b-1e5f90bb23cc 0.942s
2025-04-03 06:12:22.659 69463 INFO tempest.lib.common.rest_client [req-c2d01c85-9849-47e1-9a09-e11e2efa610d req-c2d01c85-9849-47e1-9a09-e11e2efa610d ] Request (HypervisorAdminNegativeTestJSON:test_get_hypervisor_uptime_with_non_admin_user): 403 GET http://10.180.1.21/compute/v2.1/os-hypervisors/1/uptime 0.650s
2025-04-03 06:12:22.685 69467 INFO tempest.lib.common.rest_client [req-08d85bd0-3dba-43e5-89fc-01fc1ea0aecc req-08d85bd0-3dba-43e5-89fc-01fc1ea0aecc ] Request (KeyPairsV22TestJSON:_run_cleanups): 204 DELETE http://10.180.1.21/compute/v2.1/os-keypairs/tempest-keypair-2133858214 0.659s
2025-04-03 06:12:22.694 69497 INFO tempest.lib.common.rest_client [req-708a6ad1-3fd2-4d04-bcdb-514ccb66af33 req-708a6ad1-3fd2-4d04-bcdb-514ccb66af33 ] Request (ImagesNegativeTestJSON:setUpClass): 201 POST http://10.180.1.21:9696/networking/v2.0/networks 0.313s
2025-04-03 06:12:22.803 69443 INFO tempest.lib.common.rest_client [req-a21de330-f45d-4699-b32b-dccaec9d7234 req-a21de330-f45d-4699-b32b-dccaec9d7234 ] Request (FlavorsAccessNegativeTestJSON:tearDownClass): 204 DELETE http://10.180.1.21/identity/v3/users/a71c06192f354ca88c7a16ef91b0f4e6 0.172s
2025-04-03 06:12:22.812 69467 INFO tempest.lib.common.rest_client [req-0abdbf4b-d0a8-4ee9-a08a-086420ec4279 req-0abdbf4b-d0a8-4ee9-a08a-086420ec4279 ] Request (KeyPairsV22TestJSON:tearDownClass): 204 DELETE http://10.180.1.21/identity/v3/users/509fdfe863944bbaa01268517b977ff1 0.124s
2025-04-03 06:12:22.812 69467 INFO tempest.lib.common.dynamic_creds [-] Deleting project and security group for project: 22d3b19b25ac4745b13b7abda5f23438
2025-04-03 06:12:22.850 69491 INFO tempest.lib.common.rest_client [req-4fac5256-396e-4e15-a4a3-3cf78f59ab24 req-4fac5256-396e-4e15-a4a3-3cf78f59ab24 ] Request (ServerActionsTestOtherB:setUpClass): 200 GET http://10.180.1.21/compute/v2.1/servers/7d3ffe9b-359f-4379-94f3-e0f1233aeeb2 0.841s
2025-04-03 06:12:22.880 69467 INFO tempest.lib.common.rest_client [req-9de4c34a-a908-4f5a-adb6-18f5996a74c4 req-9de4c34a-a908-4f5a-adb6-18f5996a74c4 ] Request (KeyPairsV22TestJSON:tearDownClass): 201 POST http://10.180.1.21/identity/v3/auth/tokens 0.067s
2025-04-03 06:12:22.953 69443 INFO tempest.lib.common.rest_client [req-d82487e0-b170-41d1-aceb-ec08f21f06cf req-d82487e0-b170-41d1-aceb-ec08f21f06cf ] Request (FlavorsAccessNegativeTestJSON:tearDownClass): 204 DELETE http://10.180.1.21/identity/v3/users/56a545c0d10b4977b121f32a1faf9905 0.150s
2025-04-03 06:12:22.954 69443 INFO tempest.lib.common.dynamic_creds [-] Deleting project and security group for project: 65cb6b87a6b74ede9e220d9657349f4f
2025-04-03 06:12:22.994 69455 INFO tempest.lib.common.rest_client [req-10a29e3c-387a-44bc-b7ad-2065b4c1b253 req-10a29e3c-387a-44bc-b7ad-2065b4c1b253 ] Request (AbsoluteLimitsNegativeTestJSON:test_max_metadata_exceed_limit): 403 POST http://10.180.1.21/compute/v2.1/servers 0.945s
2025-04-03 06:12:23.002 69495 INFO tempest.lib.common.rest_client [req-c052b2c5-2211-4486-8fe2-aac28231d5dd req-c052b2c5-2211-4486-8fe2-aac28231d5dd ] Request (ListServersNegativeTestJSON:setUpClass): 201 POST http://10.180.1.21:9696/networking/v2.0/networks 0.518s
2025-04-03 06:12:23.067 69443 INFO tempest.lib.common.rest_client [req-fe662b62-31f5-445a-9ee3-6284bec1116e req-fe662b62-31f5-445a-9ee3-6284bec1116e ] Request (FlavorsAccessNegativeTestJSON:tearDownClass): 201 POST http://10.180.1.21/identity/v3/auth/tokens 0.113s
2025-04-03 06:12:23.084 69485 INFO tempest.lib.common.rest_client [req-ca8ee22b-386f-49e5-943e-bc767b46f9e3 req-ca8ee22b-386f-49e5-943e-bc767b46f9e3 ] Request (ImagesOneServerTestJSON:setUpClass): 201 POST http://10.180.1.21:9696/networking/v2.0/networks 0.502s
2025-04-03 06:12:23.142 69455 INFO tempest.lib.common.rest_client [req-4486591f-3bfd-4737-9a68-a3732f990561 req-4486591f-3bfd-4737-9a68-a3732f990561 ] Request (AbsoluteLimitsNegativeTestJSON:tearDownClass): 204 DELETE http://10.180.1.21/identity/v3/users/685edf4d442c4ec9a195bfa4fe0ce388 0.147s
2025-04-03 06:12:23.143 69455 INFO tempest.lib.common.dynamic_creds [-] Deleting project and security group for project: 7ac0e40ed3414d6c9999f6702c8beac2
2025-04-03 06:12:23.212 69455 INFO tempest.lib.common.rest_client [req-baaff8e3-60c3-4db5-802b-51e4cba4d357 req-baaff8e3-60c3-4db5-802b-51e4cba4d357 ] Request (AbsoluteLimitsNegativeTestJSON:tearDownClass): 201 POST http://10.180.1.21/identity/v3/auth/tokens 0.069s
2025-04-03 06:12:23.267 69497 INFO tempest.lib.common.rest_client [req-9fa29ebd-2b5c-439c-a3bb-66061b1fbc26 req-9fa29ebd-2b5c-439c-a3bb-66061b1fbc26 ] Request (ImagesNegativeTestJSON:setUpClass): 201 POST http://10.180.1.21:9696/networking/v2.0/subnets 0.571s
2025-04-03 06:12:23.298 69439 INFO tempest.lib.common.rest_client [req-1f759405-b8cf-4618-8a72-fcd8f8dddfa0 req-1f759405-b8cf-4618-8a72-fcd8f8dddfa0 ] Request (ServerExternalEventsTest:tearDownClass): 200 GET http://10.180.1.21/compute/v2.1/servers/8e5bf24d-2487-4dcf-9e27-a326e4e68032 1.121s
2025-04-03 06:12:23.317 69457 INFO tempest.lib.common.rest_client [req-d5096dc6-bfb3-43f5-adf2-c23c7d75cfc9 req-d5096dc6-bfb3-43f5-adf2-c23c7d75cfc9 ] Request (ServicesAdminNegativeV253TestJSON:test_get_service_with_valid_service_and_invalid_host): 200 GET http://10.180.1.21/compute/v2.1/os-services 1.089s
2025-04-03 06:12:23.338 69481 INFO tempest.lib.common.rest_client [req-3f51c436-0ff5-49bf-a99c-a3ad2ecc2944 req-3f51c436-0ff5-49bf-a99c-a3ad2ecc2944 ] Request (FlavorsAdminTestJSON:test_is_public_string_variations): 200 POST http://10.180.1.21/compute/v2.1/flavors 1.081s
2025-04-03 06:12:23.373 69461 INFO tempest.lib.common.rest_client [req-d75ce33d-5d1c-4951-bdd2-ae06286b7dc1 req-d75ce33d-5d1c-4951-bdd2-ae06286b7dc1 ] Request (TenantUsagesTestJSON:setUpClass): 202 POST http://10.180.1.21/compute/v2.1/servers 1.218s
2025-04-03 06:12:23.418 69467 INFO tempest.lib.common.rest_client [req-d76d08b2-f245-4de2-b806-b550739ac0a9 req-d76d08b2-f245-4de2-b806-b550739ac0a9 ] Request (KeyPairsV22TestJSON:tearDownClass): 200 GET http://10.180.1.21:9696/networking/v2.0/security-groups?tenant_id=22d3b19b25ac4745b13b7abda5f23438&name=default 0.537s
2025-04-03 06:12:23.463 69471 INFO tempest.lib.common.rest_client [req-ca1c39e1-76ed-49f6-b4c5-3bca5aa44137 req-ca1c39e1-76ed-49f6-b4c5-3bca5aa44137 ] Request (VolumesAssistedSnapshotsTest:test_volume_assisted_snapshot_create_delete): 200 GET http://10.180.1.21/compute/v2.1/servers/c731ada9-1eae-4f0f-a9d5-dc9a04f5cae3 1.064s
2025-04-03 06:12:23.478 69443 INFO tempest.lib.common.rest_client [req-8025bccd-52d1-4bea-9d13-5f9cf54bb198 req-8025bccd-52d1-4bea-9d13-5f9cf54bb198 ] Request (FlavorsAccessNegativeTestJSON:tearDownClass): 200 GET http://10.180.1.21:9696/networking/v2.0/security-groups?tenant_id=65cb6b87a6b74ede9e220d9657349f4f&name=default 0.410s
2025-04-03 06:12:23.592 69495 INFO tempest.lib.common.rest_client [req-9736fdbf-28e1-4a2f-add2-47d1e67d5f96 req-9736fdbf-28e1-4a2f-add2-47d1e67d5f96 ] Request (ListServersNegativeTestJSON:setUpClass): 201 POST http://10.180.1.21:9696/networking/v2.0/subnets 0.589s
2025-04-03 06:12:23.707 69455 INFO tempest.lib.common.rest_client [req-dc40d798-4bdb-4a3c-8b1a-73753d7662b6 req-dc40d798-4bdb-4a3c-8b1a-73753d7662b6 ] Request (AbsoluteLimitsNegativeTestJSON:tearDownClass): 200 GET http://10.180.1.21:9696/networking/v2.0/security-groups?tenant_id=7ac0e40ed3414d6c9999f6702c8beac2&name=default 0.495s
2025-04-03 06:12:23.723 69449 INFO tempest.lib.common.rest_client [req-836b74c5-d141-4a5e-ba35-efee58564592 req-836b74c5-d141-4a5e-ba35-efee58564592 ] Request (ImagesOneServerNegativeTestJSON:setUp): 200 GET http://10.180.1.21/compute/v2.1/servers/d85b7f58-9cf1-49e4-bbc9-e976fa002144 1.370s
2025-04-03 06:12:23.739 69467 INFO tempest.lib.common.rest_client [req-7d359b58-3015-4124-add9-a9e634254556 req-7d359b58-3015-4124-add9-a9e634254556 ] Request (KeyPairsV22TestJSON:tearDownClass): 204 DELETE http://10.180.1.21:9696/networking/v2.0/security-groups/0b70caad-a817-4638-b4e5-581bac9f2bb1 0.321s
2025-04-03 06:12:23.765 69485 INFO tempest.lib.common.rest_client [req-297382dc-99cc-4da9-8a38-40094074eb3e req-297382dc-99cc-4da9-8a38-40094074eb3e ] Request (ImagesOneServerTestJSON:setUpClass): 201 POST http://10.180.1.21:9696/networking/v2.0/subnets 0.681s
2025-04-03 06:12:23.819 69467 INFO tempest.lib.common.rest_client [req-0b5b911d-c022-47b0-9a61-62f64152ae2f req-0b5b911d-c022-47b0-9a61-62f64152ae2f ] Request (KeyPairsV22TestJSON:tearDownClass): 204 DELETE http://10.180.1.21/identity/v3/projects/22d3b19b25ac4745b13b7abda5f23438 0.079s
2025-04-03 06:12:23.838 69443 INFO tempest.lib.common.rest_client [req-f2199b15-5c6e-4ad1-9b76-00ce115dd162 req-f2199b15-5c6e-4ad1-9b76-00ce115dd162 ] Request (FlavorsAccessNegativeTestJSON:tearDownClass): 204 DELETE http://10.180.1.21:9696/networking/v2.0/security-groups/54360763-b57f-4bff-8809-090a6e45a35f 0.360s
2025-04-03 06:12:23.866 69465 INFO tempest.lib.common.rest_client [req-3283c5cd-1b5a-4c91-ac5c-37734d0d440a req-3283c5cd-1b5a-4c91-ac5c-37734d0d440a ] Request (InstanceActionsNegativeTestJSON:tearDownClass): 200 GET http://10.180.1.21/compute/v2.1/servers/3d811491-e635-4ade-a0f1-8044c41dbf9c 1.385s
2025-04-03 06:12:23.867 69499 INFO tempest.lib.common.rest_client [req-9a77538d-7432-4ec8-bff0-1e9426d1febc req-9a77538d-7432-4ec8-bff0-1e9426d1febc ] Request (MigrationsAdminTest:test_list_migrations_in_flavor_resize_situation): 200 GET http://10.180.1.21/compute/v2.1/servers/e01fcbef-72a7-45b4-ae76-a7e91e9aa323 1.345s
2025-04-03 06:12:23.874 69463 INFO tempest.lib.common.rest_client [req-6d87249c-8b95-49c1-b5fa-2ab61c98f386 req-6d87249c-8b95-49c1-b5fa-2ab61c98f386 ] Request (HypervisorAdminNegativeTestJSON:test_get_nonexistent_hypervisor_uptime): 404 GET http://10.180.1.21/compute/v2.1/os-hypervisors/a1bfc505-d5c2-4dab-a3dc-ef482676df6b/uptime 1.213s
2025-04-03 06:12:23.889 69469 INFO tempest.lib.common.rest_client [req-2568d795-3fd0-42c7-94cb-aefb2dca648c req-2568d795-3fd0-42c7-94cb-aefb2dca648c ] Request (AggregatesAdminNegativeTestJSON:test_aggregate_get_details_with_invalid_id): 404 GET http://10.180.1.21/compute/v2.1/os-aggregates/-1 1.353s
2025-04-03 06:12:23.899 69467 INFO tempest.lib.common.rest_client [req-2bf70d36-9a31-4a05-b47c-811d8d2dfe21 req-2bf70d36-9a31-4a05-b47c-811d8d2dfe21 ] Request (ServersNegativeTestJSON:setUpClass): 201 POST http://10.180.1.21/identity/v3/auth/tokens 0.078s
2025-04-03 06:12:23.972 69443 INFO tempest.lib.common.rest_client [req-7cf52554-ad8a-44bc-9de1-ab61033293f7 req-7cf52554-ad8a-44bc-9de1-ab61033293f7 ] Request (FlavorsAccessNegativeTestJSON:tearDownClass): 204 DELETE http://10.180.1.21/identity/v3/projects/65cb6b87a6b74ede9e220d9657349f4f 0.133s
2025-04-03 06:12:23.972 69443 INFO tempest.lib.common.dynamic_creds [-] Deleting project and security group for project: 2f648480ba724d49bf6e859d350e21f6
2025-04-03 06:12:23.986 69479 INFO tempest.lib.common.rest_client [req-ef499f31-bf64-42f3-82d9-beb507d4648d req-ef499f31-bf64-42f3-82d9-beb507d4648d ] Request (InstanceActionsTestJSON:tearDownClass): 200 GET http://10.180.1.21/compute/v2.1/servers/df3d25ca-8c2e-4b4f-9725-2803bfbd97ba 1.259s
2025-04-03 06:12:23.995 69467 INFO tempest.lib.common.rest_client [req-e1dc678f-6390-4922-b047-d2a91c256a73 req-e1dc678f-6390-4922-b047-d2a91c256a73 ] Request (ServersNegativeTestJSON:setUpClass): 201 POST http://10.180.1.21/identity/v3/auth/tokens 0.094s
2025-04-03 06:12:24.003 69473 INFO tempest.lib.common.rest_client [req-4864825a-eca4-47b1-8c71-86a61c299c71 req-4864825a-eca4-47b1-8c71-86a61c299c71 ] Request (ServersListShow298Test:test_list_show_update_rebuild_server_298): 200 GET http://10.180.1.21/compute/v2.1/servers/68a25d29-fb0e-4afd-bbe1-5819ddd175e1 1.293s
2025-04-03 06:12:24.016 69455 INFO tempest.lib.common.rest_client [req-0bc5e8e4-9fef-4e53-90d4-a9c6edd65ef9 req-0bc5e8e4-9fef-4e53-90d4-a9c6edd65ef9 ] Request (AbsoluteLimitsNegativeTestJSON:tearDownClass): 204 DELETE http://10.180.1.21:9696/networking/v2.0/security-groups/ed8682ff-562d-4009-967b-7fac23396fc4 0.308s
2025-04-03 06:12:24.023 69473 INFO tempest.common.waiters [-] State transition "BUILD/scheduling" ==> "BUILD/None" after 7 second wait
2025-04-03 06:12:24.033 69467 INFO tempest.lib.common.rest_client [req-524cbb28-efe0-4fb8-be17-ea126e730291 req-524cbb28-efe0-4fb8-be17-ea126e730291 ] Request (ServersNegativeTestJSON:setUpClass): 200 GET http://10.180.1.21/identity/v3/domains?name=Default 0.037s
2025-04-03 06:12:24.068 69467 INFO tempest.lib.common.rest_client [req-c2b0e443-ecca-4ad9-9276-71c4fe6e4b47 req-c2b0e443-ecca-4ad9-9276-71c4fe6e4b47 ] Request (ServersNegativeTestJSON:setUpClass): 201 POST http://10.180.1.21/identity/v3/projects 0.034s
2025-04-03 06:12:24.071 69459 INFO tempest.lib.common.rest_client [req-d3e3583f-0866-4c20-b2f6-d461deecab38 req-d3e3583f-0866-4c20-b2f6-d461deecab38 ] Request (ServerDiagnosticsNegativeTest:tearDownClass): 200 GET http://10.180.1.21/compute/v2.1/servers/e8db3145-5980-40c5-9fcf-f97f3758487e 1.265s
2025-04-03 06:12:24.078 69459 INFO tempest.common.waiters [-] State transition "ACTIVE/deleting" ==> "DELETED/None" after 5 second wait
2025-04-03 06:12:24.091 69455 INFO tempest.lib.common.rest_client [req-26783d8b-4d90-414a-b62e-c79c1d14b50e req-26783d8b-4d90-414a-b62e-c79c1d14b50e ] Request (AbsoluteLimitsNegativeTestJSON:tearDownClass): 204 DELETE http://10.180.1.21/identity/v3/projects/7ac0e40ed3414d6c9999f6702c8beac2 0.075s
