2025-04-03 06:12:12.393 69457 INFO tempest.lib.common.rest_client [req-8bf020c9-30ca-40fb-9063-bb879c93361b req-8bf020c9-30ca-40fb-9063-bb879c93361b ] Request (ServicesAdminNegativeV253TestJSON:setUpClass): 201 POST http://10.180.1.21/identity/v3/users 0.129s
2025-04-03 06:12:12.423 69441 INFO tempest.lib.common.rest_client [req-c4e223db-462a-418f-8bb9-b3828d0b4ef4 req-c4e223db-462a-418f-8bb9-b3828d0b4ef4 ] Request (ServersTestManualDisk:setUpClass): 200 GET http://10.180.1.21/compute/v2.1/servers/bfb80238-cb30-401e-a409-1939ea48ba2f 1.003s
2025-04-03 06:12:12.427 69461 INFO tempest.lib.common.rest_client [req-3c7e4d82-f409-42d8-b71b-ad859b49147c req-3c7e4d82-f409-42d8-b71b-ad859b49147c ] Request (FlavorsExtraSpecsTestJSON:tearDownClass): 204 DELETE http://10.180.1.21:9696/networking/v2.0/security-groups/c9a3894e-385a-48f5-acfd-5bcc36e5ccc3 0.120s
2025-04-03 06:12:12.430 69485 INFO tempest.lib.common.rest_client [req-9e572a2e-4668-4aed-8766-e50ed75a07f4 req-9e572a2e-4668-4aed-8766-e50ed75a07f4 ] Request (QuotasAdminTestJSON:test_get_updated_quotas): 201 POST http://10.180.1.21/identity/v3/users 0.043s
2025-04-03 06:12:12.462 69473 INFO tempest.lib.common.rest_client [req-3091566f-09d9-4c60-b0e4-45a790bcf61c req-3091566f-09d9-4c60-b0e4-45a790bcf61c ] Request (KeyPairsNegativeTestJSON:tearDownClass): 204 DELETE http://10.180.1.21/identity/v3/users/430f36da9e9542b1a843926847bc97af 0.161s
2025-04-03 06:12:12.462 69473 INFO tempest.lib.common.dynamic_creds [-] Deleting project and security group for project: 904f0d5ee2cf4e998501c1b18b62c809
2025-04-03 06:12:12.485 69457 INFO tempest.lib.common.rest_client [req-e93d73b3-a0f7-4fd9-8731-20235674096d req-e93d73b3-a0f7-4fd9-8731-20235674096d ] Request (ServicesAdminNegativeV253TestJSON:setUpClass): 200 GET http://10.180.1.21/identity/v3/roles 0.091s
2025-04-03 06:12:12.549 69461 INFO tempest.lib.common.rest_client [req-c9639130-aa73-4052-a68c-902149013769 req-c9639130-aa73-4052-a68c-902149013769 ] Request (FlavorsExtraSpecsTestJSON:tearDownClass): 204 DELETE http://10.180.1.21/identity/v3/projects/02785d6aaf2546b6a5407a2ba5115cfc 0.122s
2025-04-03 06:12:12.549 69461 INFO tempest.lib.common.dynamic_creds [-] Deleting project and security group for project: ee8e96e03cb74e58a8300999a78425b6
2025-04-03 06:12:12.583 69485 INFO tempest.lib.common.rest_client [req-fd70f58a-850e-42c3-8dc4-c9821e557073 req-fd70f58a-850e-42c3-8dc4-c9821e557073 ] Request (QuotasAdminTestJSON:test_get_updated_quotas): 200 GET http://10.180.1.21/identity/v3/domains?name=Default 0.152s
2025-04-03 06:12:12.604 69473 INFO tempest.lib.common.rest_client [req-17bc4f5c-7ad8-4ac6-b24d-587882db9933 req-17bc4f5c-7ad8-4ac6-b24d-587882db9933 ] Request (KeyPairsNegativeTestJSON:tearDownClass): 201 POST http://10.180.1.21/identity/v3/auth/tokens 0.142s
2025-04-03 06:12:12.617 69459 INFO tempest.lib.common.rest_client [req-2f9d3802-d883-46bb-8b79-aa34bc08b473 req-2f9d3802-d883-46bb-8b79-aa34bc08b473 ] Request (ServerDiagnosticsNegativeTest:test_get_server_diagnostics_by_non_admin): 200 GET http://10.180.1.21/compute/v2.1/servers/e8db3145-5980-40c5-9fcf-f97f3758487e 1.145s
2025-04-03 06:12:12.648 69461 INFO tempest.lib.common.rest_client [req-5c7a4cfb-7c39-4f7c-9400-24bd9c7fc4a5 req-5c7a4cfb-7c39-4f7c-9400-24bd9c7fc4a5 ] Request (FlavorsExtraSpecsTestJSON:tearDownClass): 200 GET http://10.180.1.21:9696/networking/v2.0/security-groups?tenant_id=ee8e96e03cb74e58a8300999a78425b6&name=default 0.099s
2025-04-03 06:12:12.650 69457 INFO tempest.lib.common.rest_client [req-d73b0008-51cb-46c9-b738-89efa03cf498 req-d73b0008-51cb-46c9-b738-89efa03cf498 ] Request (ServicesAdminNegativeV253TestJSON:setUpClass): 204 PUT http://10.180.1.21/identity/v3/projects/3a19e821faa04cf4aca1745f8a274d46/users/abe099886e7641c7a7c72f44e7e69630/roles/01751452799d4d928a3eb6dd962dcf59 0.165s
2025-04-03 06:12:12.650 69457 INFO tempest.lib.common.dynamic_creds [-] Dynamic test user abe099886e7641c7a7c72f44e7e69630 is created with scope project and roles: ['member']
2025-04-03 06:12:12.651 69457 INFO tempest.lib.common.dynamic_creds [-] Acquired dynamic creds: credentials: Credentials: {'domain_id': 'default', 'domain_name': 'Default', 'username': 'tempest-ServicesAdminNegativeV253TestJSON-872200435-project-member', 'project_domain_id': 'default', 'project_domain_name': 'Default', 'project_id': '3a19e821faa04cf4aca1745f8a274d46', 'project_name': 'tempest-ServicesAdminNegativeV253TestJSON-872200435', 'tenant_id': '3a19e821faa04cf4aca1745f8a274d46', 'tenant_name': 'tempest-ServicesAdminNegativeV253TestJSON-872200435', 'user_domain_id': 'default', 'user_domain_name': 'Default', 'user_id': 'abe099886e7641c7a7c72f44e7e69630', 'system': None}, Network: None, Subnet: None, Router: None
2025-04-03 06:12:12.651 69457 INFO tempest.lib.common.dynamic_creds [-] Created isolated network resources for: credentials: Credentials: {'domain_id': 'default', 'domain_name': 'Default', 'username': 'tempest-ServicesAdminNegativeV253TestJSON-872200435-project-member', 'project_domain_id': 'default', 'project_domain_name': 'Default', 'project_id': '3a19e821faa04cf4aca1745f8a274d46', 'project_name': 'tempest-ServicesAdminNegativeV253TestJSON-872200435', 'tenant_id': '3a19e821faa04cf4aca1745f8a274d46', 'tenant_name': 'tempest-ServicesAdminNegativeV253TestJSON-872200435', 'user_domain_id': 'default', 'user_domain_name': 'Default', 'user_id': 'abe099886e7641c7a7c72f44e7e69630', 'system': None}, Network: None, Subnet: None, Router: None
2025-04-03 06:12:12.718 69457 INFO tempest.lib.common.rest_client [req-99a507f8-dbe7-4b09-b1bd-6ed2ca5ae67b req-99a507f8-dbe7-4b09-b1bd-6ed2ca5ae67b ] Request (ServicesAdminNegativeV253TestJSON:setUpClass): 201 POST http://10.180.1.21/identity/v3/auth/tokens 0.064s
2025-04-03 06:12:12.731 69479 INFO tempest.lib.common.rest_client [req-094d5e75-53cd-495d-96e1-8afb84b519aa req-094d5e75-53cd-495d-96e1-8afb84b519aa ] Request (InstanceActionsTestJSON:test_list_instance_actions): 200 GET http://10.180.1.21/compute/v2.1/servers/df3d25ca-8c2e-4b4f-9725-2803bfbd97ba 1.250s
2025-04-03 06:12:12.731 69455 INFO tempest.lib.common.rest_client [req-50ed59ea-1e34-442a-8d33-0255275b1761 req-50ed59ea-1e34-442a-8d33-0255275b1761 ] Request (QuotasAdminNegativeTest:tearDownClass): 200 GET http://10.180.1.21:9696/networking/v2.0/security-groups?tenant_id=e33e947d822c448ea1bd96f66d8655ad&name=default 0.424s
2025-04-03 06:12:12.733 69461 INFO tempest.lib.common.rest_client [req-cf84b95c-1201-4d33-ad44-c7a497ce9d75 req-cf84b95c-1201-4d33-ad44-c7a497ce9d75 ] Request (FlavorsExtraSpecsTestJSON:tearDownClass): 204 DELETE http://10.180.1.21:9696/networking/v2.0/security-groups/14fdb72d-e7a7-470a-8868-c89c664b9789 0.084s
2025-04-03 06:12:12.781 69457 INFO tempest.lib.common.rest_client [req-ca506a81-3786-4677-976a-85f5f1d2d55f req-ca506a81-3786-4677-976a-85f5f1d2d55f ] Request (ServicesAdminNegativeV253TestJSON:setUpClass): 201 POST http://10.180.1.21/identity/v3/projects 0.062s
2025-04-03 06:12:12.801 69461 INFO tempest.lib.common.rest_client [req-2ee5e155-d780-4cd7-aa74-d63c7a7331b0 req-2ee5e155-d780-4cd7-aa74-d63c7a7331b0 ] Request (FlavorsExtraSpecsTestJSON:tearDownClass): 204 DELETE http://10.180.1.21/identity/v3/projects/ee8e96e03cb74e58a8300999a78425b6 0.068s
2025-04-03 06:12:12.868 69473 INFO tempest.lib.common.rest_client [req-61e3a36d-c11c-4d50-9a66-e01228d40fd8 req-61e3a36d-c11c-4d50-9a66-e01228d40fd8 ] Request (KeyPairsNegativeTestJSON:tearDownClass): 200 GET http://10.180.1.21:9696/networking/v2.0/security-groups?tenant_id=904f0d5ee2cf4e998501c1b18b62c809&name=default 0.263s
2025-04-03 06:12:12.868 69457 INFO tempest.lib.common.rest_client [req-8cf4fa34-7ea6-478f-88d7-560163a25222 req-8cf4fa34-7ea6-478f-88d7-560163a25222 ] Request (ServicesAdminNegativeV253TestJSON:setUpClass): 201 POST http://10.180.1.21/identity/v3/users 0.086s
2025-04-03 06:12:12.900 69461 INFO tempest.lib.common.rest_client [req-a000bc7d-2646-488a-a03e-b60c01ece2cc req-a000bc7d-2646-488a-a03e-b60c01ece2cc ] Request (HypervisorAdminUnderV252Test:setUpClass): 201 POST http://10.180.1.21/identity/v3/auth/tokens 0.097s
2025-04-03 06:12:12.925 69457 INFO tempest.lib.common.rest_client [req-d5953273-9eae-4988-9115-739da56465ce req-d5953273-9eae-4988-9115-739da56465ce ] Request (ServicesAdminNegativeV253TestJSON:setUpClass): 200 GET http://10.180.1.21/identity/v3/roles 0.055s
2025-04-03 06:12:12.958 69461 INFO tempest.lib.common.rest_client [req-aea89ef0-6054-49f7-92da-735719a6aead req-aea89ef0-6054-49f7-92da-735719a6aead ] Request (HypervisorAdminUnderV252Test:setUpClass): 201 POST http://10.180.1.21/identity/v3/auth/tokens 0.052s
2025-04-03 06:12:12.968 69473 INFO tempest.lib.common.rest_client [req-3a1864ab-98b3-49ca-bb00-d83d38de9862 req-3a1864ab-98b3-49ca-bb00-d83d38de9862 ] Request (KeyPairsNegativeTestJSON:tearDownClass): 204 DELETE http://10.180.1.21:9696/networking/v2.0/security-groups/f5320e3c-94d0-48cf-9498-8db2b2bcec4d 0.100s
2025-04-03 06:12:12.984 69443 INFO tempest.lib.common.rest_client [req-909c742b-70ea-4237-874d-28b424669497 req-909c742b-70ea-4237-874d-28b424669497 ] Request (FlavorsAccessNegativeTestJSON:test_flavor_non_admin_remove): 200 POST http://10.180.1.21/compute/v2.1/flavors/124356669/action 1.482s
2025-04-03 06:12:12.988 69457 INFO tempest.lib.common.rest_client [req-c418fecf-7764-4eb4-a2ca-d72a731bfb59 req-c418fecf-7764-4eb4-a2ca-d72a731bfb59 ] Request (ServicesAdminNegativeV253TestJSON:setUpClass): 204 PUT http://10.180.1.21/identity/v3/projects/ad3aa659fed74e0a9f9a8a1f9668eb9e/users/348540418e36485bafa801fe27bd1bd1/roles/89cb2b8cbe634e6fb4c96df5cd6c44a6 0.062s
2025-04-03 06:12:12.991 69461 INFO tempest.lib.common.rest_client [req-7993b43a-2d77-4239-87bc-6c4dc27ad967 req-7993b43a-2d77-4239-87bc-6c4dc27ad967 ] Request (HypervisorAdminUnderV252Test:setUpClass): 200 GET http://10.180.1.21/identity/v3/domains?name=Default 0.033s
2025-04-03 06:12:13.008 69487 INFO tempest.lib.common.rest_client [req-ea33e5a9-42f9-4a10-892c-c06c03e4b199 req-ea33e5a9-42f9-4a10-892c-c06c03e4b199 ] Request (ImagesMetadataNegativeTestJSON:test_update_nonexistent_image_metadata): 404 POST http://10.180.1.21/compute/v2.1/images/fbd3e996-cf0a-4560-86d1-b46e4195f8c7/metadata 1.493s
2025-04-03 06:12:13.029 69469 INFO tempest.lib.common.rest_client [req-5b7996fd-3c37-4b9e-920f-07bd9ca74128 req-5b7996fd-3c37-4b9e-920f-07bd9ca74128 ] Request (AggregatesAdminNegativeTestJSON:test_aggregate_create_with_existent_aggregate_name): 409 POST http://10.180.1.21/compute/v2.1/os-aggregates 1.490s
2025-04-03 06:12:13.036 69449 INFO tempest.lib.common.rest_client [req-2ad6925c-011c-4d69-8745-1e42bb0618f1 req-2ad6925c-011c-4d69-8745-1e42bb0618f1 ] Request (ImagesOneServerNegativeTestJSON:setUpClass): 200 GET http://10.180.1.21/compute/v2.1/servers/d85b7f58-9cf1-49e4-bbc9-e976fa002144 1.542s
2025-04-03 06:12:13.048 69449 INFO tempest.common.waiters [-] State transition "BUILD/None" ==> "BUILD/spawning" after 16 second wait
2025-04-03 06:12:13.053 69457 INFO tempest.lib.common.rest_client [req-b1f2ed0c-5798-4995-baf9-a4af71043317 req-b1f2ed0c-5798-4995-baf9-a4af71043317 ] Request (ServicesAdminNegativeV253TestJSON:setUpClass): 200 GET http://10.180.1.21/identity/v3/roles 0.063s
2025-04-03 06:12:13.066 69455 INFO tempest.lib.common.rest_client [req-3bbf6177-b73e-4640-8f3d-fe019512fe34 req-3bbf6177-b73e-4640-8f3d-fe019512fe34 ] Request (QuotasAdminNegativeTest:tearDownClass): 204 DELETE http://10.180.1.21:9696/networking/v2.0/security-groups/f4345221-cf69-4102-b0fb-0b47b722954b 0.334s
2025-04-03 06:12:13.081 69461 INFO tempest.lib.common.rest_client [req-d06221ba-4d64-41bb-abcc-4d74bbf78044 req-d06221ba-4d64-41bb-abcc-4d74bbf78044 ] Request (HypervisorAdminUnderV252Test:setUpClass): 201 POST http://10.180.1.21/identity/v3/projects 0.088s
2025-04-03 06:12:13.103 69437 INFO tempest.lib.common.rest_client [req-101608f8-e5a5-4516-b65d-c8bea32930f1 req-101608f8-e5a5-4516-b65d-c8bea32930f1 ] Request (VolumesTestJSON:test_volume_list_with_details): 200 GET http://10.180.1.21/compute/v2.1/os-volumes/detail 1.532s
2025-04-03 06:12:13.115 69473 INFO tempest.lib.common.rest_client [req-d4e61de7-5818-482f-8dd1-649827a91958 req-d4e61de7-5818-482f-8dd1-649827a91958 ] Request (KeyPairsNegativeTestJSON:tearDownClass): 204 DELETE http://10.180.1.21/identity/v3/projects/904f0d5ee2cf4e998501c1b18b62c809 0.146s
2025-04-03 06:12:13.196 69457 INFO tempest.lib.common.rest_client [req-96d4f6d1-36de-4c7a-9825-a1a39d24bc97 req-96d4f6d1-36de-4c7a-9825-a1a39d24bc97 ] Request (ServicesAdminNegativeV253TestJSON:setUpClass): 204 PUT http://10.180.1.21/identity/v3/projects/ad3aa659fed74e0a9f9a8a1f9668eb9e/users/348540418e36485bafa801fe27bd1bd1/roles/89cb2b8cbe634e6fb4c96df5cd6c44a6 0.143s
2025-04-03 06:12:13.196 69457 INFO tempest.lib.common.dynamic_creds [-] Dynamic test user 348540418e36485bafa801fe27bd1bd1 is created with scope project and roles: ['admin']
2025-04-03 06:12:13.197 69457 INFO tempest.lib.common.dynamic_creds [-] Acquired dynamic creds: credentials: Credentials: {'domain_id': 'default', 'domain_name': 'Default', 'username': 'tempest-ServicesAdminNegativeV253TestJSON-1915347173-project-admin', 'project_domain_id': 'default', 'project_domain_name': 'Default', 'project_id': 'ad3aa659fed74e0a9f9a8a1f9668eb9e', 'project_name': 'tempest-ServicesAdminNegativeV253TestJSON-1915347173', 'tenant_id': 'ad3aa659fed74e0a9f9a8a1f9668eb9e', 'tenant_name': 'tempest-ServicesAdminNegativeV253TestJSON-1915347173', 'user_domain_id': 'default', 'user_domain_name': 'Default', 'user_id': '348540418e36485bafa801fe27bd1bd1', 'system': None}, Network: None, Subnet: None, Router: None
2025-04-03 06:12:13.197 69457 INFO tempest.lib.common.dynamic_creds [-] Created isolated network resources for: credentials: Credentials: {'domain_id': 'default', 'domain_name': 'Default', 'username': 'tempest-ServicesAdminNegativeV253TestJSON-1915347173-project-admin', 'project_domain_id': 'default', 'project_domain_name': 'Default', 'project_id': 'ad3aa659fed74e0a9f9a8a1f9668eb9e', 'project_name': 'tempest-ServicesAdminNegativeV253TestJSON-1915347173', 'tenant_id': 'ad3aa659fed74e0a9f9a8a1f9668eb9e', 'tenant_name': 'tempest-ServicesAdminNegativeV253TestJSON-1915347173', 'user_domain_id': 'default', 'user_domain_name': 'Default', 'user_id': '348540418e36485bafa801fe27bd1bd1', 'system': None}, Network: None, Subnet: None, Router: None
2025-04-03 06:12:13.237 69487 INFO tempest.lib.common.rest_client [req-cf7a81ae-7b29-4ab9-bb40-bf51778f38d3 req-cf7a81ae-7b29-4ab9-bb40-bf51778f38d3 ] Request (ImagesMetadataNegativeTestJSON:tearDownClass): 204 DELETE http://10.180.1.21/identity/v3/users/28deb141291d4df780637f9e3f7d2e81 0.220s
2025-04-03 06:12:13.238 69487 INFO tempest.lib.common.dynamic_creds [-] Deleting project and security group for project: 8df06f807a1a45469e37ddca7aacf5ba
2025-04-03 06:12:13.325 69461 INFO tempest.lib.common.rest_client [req-218a939b-a5ba-4d6a-8980-203ef0f2de02 req-218a939b-a5ba-4d6a-8980-203ef0f2de02 ] Request (HypervisorAdminUnderV252Test:setUpClass): 201 POST http://10.180.1.21/identity/v3/users 0.243s
2025-04-03 06:12:13.339 69437 INFO tempest.lib.common.rest_client [req-1bf65d72-a03e-48d4-980b-31b99be38619 req-1bf65d72-a03e-48d4-980b-31b99be38619 ] Request (VolumesTestJSON:tearDownClass): 202 DELETE http://10.180.1.21/volume/v3/volumes/2f40df8d-f814-41fa-ae97-e7d64bf8f0d6 0.223s
2025-04-03 06:12:13.371 69455 INFO tempest.lib.common.rest_client [req-71290a51-328c-4bf9-8b8c-5c88e6ce4187 req-71290a51-328c-4bf9-8b8c-5c88e6ce4187 ] Request (QuotasAdminNegativeTest:tearDownClass): 204 DELETE http://10.180.1.21/identity/v3/projects/e33e947d822c448ea1bd96f66d8655ad 0.305s
2025-04-03 06:12:13.398 69437 INFO tempest.lib.common.rest_client [req-a3f9be56-0f06-42d1-b121-51c6a035bded req-a3f9be56-0f06-42d1-b121-51c6a035bded ] Request (VolumesTestJSON:tearDownClass): 200 GET http://10.180.1.21/volume/v3/volumes/2f40df8d-f814-41fa-ae97-e7d64bf8f0d6 0.058s
2025-04-03 06:12:13.445 69473 INFO tempest.lib.common.rest_client [req-2e7c5c35-9f76-4e48-b6ec-f6bcf1edbca5 req-2e7c5c35-9f76-4e48-b6ec-f6bcf1edbca5 ] Request (ServersListShow298Test:setUpClass): 201 POST http://10.180.1.21/identity/v3/auth/tokens 0.328s
2025-04-03 06:12:13.476 69457 INFO tempest.lib.common.rest_client [req-9ec0cac0-46a6-4f30-b23e-801ea0181bf7 req-9ec0cac0-46a6-4f30-b23e-801ea0181bf7 ] Request (ServicesAdminNegativeV253TestJSON:setUpClass): 201 POST http://10.180.1.21/identity/v3/auth/tokens 0.276s
2025-04-03 06:12:13.481 69487 INFO tempest.lib.common.rest_client [req-5bd46bc2-976e-45bd-b3b7-9f04c929522f req-5bd46bc2-976e-45bd-b3b7-9f04c929522f ] Request (ImagesMetadataNegativeTestJSON:tearDownClass): 201 POST http://10.180.1.21/identity/v3/auth/tokens 0.243s
2025-04-03 06:12:13.509 69461 INFO tempest.lib.common.rest_client [req-0be46870-fd45-40af-8489-c93b4e8a5381 req-0be46870-fd45-40af-8489-c93b4e8a5381 ] Request (HypervisorAdminUnderV252Test:setUpClass): 200 GET http://10.180.1.21/identity/v3/roles 0.183s
2025-04-03 06:12:13.513 69455 INFO tempest.lib.common.rest_client [req-3dea9b25-cabd-4596-a52c-47107af42468 req-3dea9b25-cabd-4596-a52c-47107af42468 ] Request (AbsoluteLimitsNegativeTestJSON:setUpClass): 201 POST http://10.180.1.21/identity/v3/auth/tokens 0.140s
2025-04-03 06:12:13.529 69483 INFO tempest.lib.common.rest_client [req-cf26566e-de54-47f1-9fda-fd15e94a4b06 req-cf26566e-de54-47f1-9fda-fd15e94a4b06 ] Request (FloatingIPsAssociationNegativeTestJSON:setUpClass): 200 GET http://10.180.1.21/compute/v2.1/servers/7d2b4618-fbc9-4ad4-ad73-d2a780b34155 1.942s
2025-04-03 06:12:13.538 69473 INFO tempest.lib.common.rest_client [req-39d5b5b1-d8bd-42f5-9110-e1db04c93ddc req-39d5b5b1-d8bd-42f5-9110-e1db04c93ddc ] Request (ServersListShow298Test:setUpClass): 201 POST http://10.180.1.21/identity/v3/auth/tokens 0.090s
2025-04-03 06:12:13.547 69481 INFO tempest.lib.common.rest_client [req-0d591065-d409-4dce-b11d-60f4197e124e req-0d591065-d409-4dce-b11d-60f4197e124e ] Request (FlavorsAdminTestJSON:test_create_list_flavor_without_extra_data): 200 GET http://10.180.1.21/compute/v2.1/flavors/1243578845 1.955s
2025-04-03 06:12:13.570 69461 INFO tempest.lib.common.rest_client [req-094b7de9-bd2d-4be8-8efb-6ba11adf84b0 req-094b7de9-bd2d-4be8-8efb-6ba11adf84b0 ] Request (HypervisorAdminUnderV252Test:setUpClass): 204 PUT http://10.180.1.21/identity/v3/projects/aca8d7b95bfa468e8cb165ff6f1bc8d0/users/c5d41227788b42789d0b281f01584c37/roles/01751452799d4d928a3eb6dd962dcf59 0.060s
2025-04-03 06:12:13.571 69461 INFO tempest.lib.common.dynamic_creds [-] Dynamic test user c5d41227788b42789d0b281f01584c37 is created with scope project and roles: ['member']
2025-04-03 06:12:13.571 69461 INFO tempest.lib.common.dynamic_creds [-] Acquired dynamic creds: credentials: Credentials: {'domain_id': 'default', 'domain_name': 'Default', 'username': 'tempest-HypervisorAdminUnderV252Test-116841162-project-member', 'project_domain_id': 'default', 'project_domain_name': 'Default', 'project_id': 'aca8d7b95bfa468e8cb165ff6f1bc8d0', 'project_name': 'tempest-HypervisorAdminUnderV252Test-116841162', 'tenant_id': 'aca8d7b95bfa468e8cb165ff6f1bc8d0', 'tenant_name': 'tempest-HypervisorAdminUnderV252Test-116841162', 'user_domain_id': 'default', 'user_domain_name': 'Default', 'user_id': 'c5d41227788b42789d0b281f01584c37', 'system': None}, Network: None, Subnet: None, Router: None
2025-04-03 06:12:13.571 69461 INFO tempest.lib.common.dynamic_creds [-] Created isolated network resources for: credentials: Credentials: {'domain_id': 'default', 'domain_name': 'Default', 'username': 'tempest-HypervisorAdminUnderV252Test-116841162-project-member', 'project_domain_id': 'default', 'project_domain_name': 'Default', 'project_id': 'aca8d7b95bfa468e8cb165ff6f1bc8d0', 'project_name': 'tempest-HypervisorAdminUnderV252Test-116841162', 'tenant_id': 'aca8d7b95bfa468e8cb165ff6f1bc8d0', 'tenant_name': 'tempest-HypervisorAdminUnderV252Test-116841162', 'user_domain_id': 'default', 'user_domain_name': 'Default', 'user_id': 'c5d41227788b42789d0b281f01584c37', 'system': None}, Network: None, Subnet: None, Router: None
2025-04-03 06:12:13.615 69455 INFO tempest.lib.common.rest_client [req-79a9609f-34af-4b99-a5ef-056baca479c9 req-79a9609f-34af-4b99-a5ef-056baca479c9 ] Request (AbsoluteLimitsNegativeTestJSON:setUpClass): 201 POST http://10.180.1.21/identity/v3/auth/tokens 0.099s
2025-04-03 06:12:13.634 69473 INFO tempest.lib.common.rest_client [req-12f43904-0ef1-4026-b407-948a7779706b req-12f43904-0ef1-4026-b407-948a7779706b ] Request (ServersListShow298Test:setUpClass): 200 GET http://10.180.1.21/identity/v3/domains?name=Default 0.096s
2025-04-03 06:12:13.656 69455 INFO tempest.lib.common.rest_client [req-7499f418-ee6c-4418-ab6d-a0db1ac1f62d req-7499f418-ee6c-4418-ab6d-a0db1ac1f62d ] Request (AbsoluteLimitsNegativeTestJSON:setUpClass): 200 GET http://10.180.1.21/identity/v3/domains?name=Default 0.040s
2025-04-03 06:12:13.672 69461 INFO tempest.lib.common.rest_client [req-dd47316d-f78e-46ba-b7bf-a9e8134a8873 req-dd47316d-f78e-46ba-b7bf-a9e8134a8873 ] Request (HypervisorAdminUnderV252Test:setUpClass): 201 POST http://10.180.1.21/identity/v3/auth/tokens 0.098s
2025-04-03 06:12:13.680 69473 INFO tempest.lib.common.rest_client [req-6d349f6e-a212-498b-8ec8-981ccbdc7f20 req-6d349f6e-a212-498b-8ec8-981ccbdc7f20 ] Request (ServersListShow298Test:setUpClass): 201 POST http://10.180.1.21/identity/v3/projects 0.045s
2025-04-03 06:12:13.695 69455 INFO tempest.lib.common.rest_client [req-5f88e7b5-7b31-42f4-808b-659b8e258f87 req-5f88e7b5-7b31-42f4-808b-659b8e258f87 ] Request (AbsoluteLimitsNegativeTestJSON:setUpClass): 201 POST http://10.180.1.21/identity/v3/projects 0.039s
2025-04-03 06:12:13.749 69473 INFO tempest.lib.common.rest_client [req-b0385e5f-2185-437f-8f1f-9283155b55cf req-b0385e5f-2185-437f-8f1f-9283155b55cf ] Request (ServersListShow298Test:setUpClass): 201 POST http://10.180.1.21/identity/v3/users 0.068s
2025-04-03 06:12:13.758 69461 INFO tempest.lib.common.rest_client [req-958cb981-c2b0-45d2-8599-908d395a26e3 req-958cb981-c2b0-45d2-8599-908d395a26e3 ] Request (HypervisorAdminUnderV252Test:setUpClass): 201 POST http://10.180.1.21/identity/v3/projects 0.085s
2025-04-03 06:12:13.773 69455 INFO tempest.lib.common.rest_client [req-2c89a7ae-6f3b-48fd-82fa-ede79ae6981c req-2c89a7ae-6f3b-48fd-82fa-ede79ae6981c ] Request (AbsoluteLimitsNegativeTestJSON:setUpClass): 201 POST http://10.180.1.21/identity/v3/users 0.077s
2025-04-03 06:12:13.800 69487 INFO tempest.lib.common.rest_client [req-4edf240a-0ac6-439d-8e87-87b854823d7a req-4edf240a-0ac6-439d-8e87-87b854823d7a ] Request (ImagesMetadataNegativeTestJSON:tearDownClass): 200 GET http://10.180.1.21:9696/networking/v2.0/security-groups?tenant_id=8df06f807a1a45469e37ddca7aacf5ba&name=default 0.319s
2025-04-03 06:12:13.807 69473 INFO tempest.lib.common.rest_client [req-805b35d6-58eb-4d18-8203-5d7b523d392a req-805b35d6-58eb-4d18-8203-5d7b523d392a ] Request (ServersListShow298Test:setUpClass): 200 GET http://10.180.1.21/identity/v3/roles 0.057s
2025-04-03 06:12:13.817 69497 INFO tempest.lib.common.rest_client [req-ea343aa4-e65b-47e4-a69d-9ec3e53ee34b req-ea343aa4-e65b-47e4-a69d-9ec3e53ee34b ] Request (FloatingIPDetailsNegativeTestJSON:setUpClass): 201 POST http://10.180.1.21:9696/networking/v2.0/routers 2.781s
2025-04-03 06:12:13.829 69455 INFO tempest.lib.common.rest_client [req-3fc7221b-e984-4aca-9fbf-c06566d22a42 req-3fc7221b-e984-4aca-9fbf-c06566d22a42 ] Request (AbsoluteLimitsNegativeTestJSON:setUpClass): 200 GET http://10.180.1.21/identity/v3/roles 0.055s
2025-04-03 06:12:13.848 69461 INFO tempest.lib.common.rest_client [req-6b60d3c7-1158-4600-9291-1f57e1efba12 req-6b60d3c7-1158-4600-9291-1f57e1efba12 ] Request (HypervisorAdminUnderV252Test:setUpClass): 201 POST http://10.180.1.21/identity/v3/users 0.089s
2025-04-03 06:12:13.855 69473 INFO tempest.lib.common.rest_client [req-5eb7f458-ef24-4e21-baae-74c940838101 req-5eb7f458-ef24-4e21-baae-74c940838101 ] Request (ServersListShow298Test:setUpClass): 204 PUT http://10.180.1.21/identity/v3/projects/9e12870bd7904702bef6ae64ad61e06d/users/44228e435d604a5195c4f0723f4db6ea/roles/01751452799d4d928a3eb6dd962dcf59 0.047s
2025-04-03 06:12:13.855 69473 INFO tempest.lib.common.dynamic_creds [-] Dynamic test user 44228e435d604a5195c4f0723f4db6ea is created with scope project and roles: ['member']
2025-04-03 06:12:13.856 69473 INFO tempest.lib.common.dynamic_creds [-] Acquired dynamic creds: credentials: Credentials: {'domain_id': 'default', 'domain_name': 'Default', 'username': 'tempest-ServersListShow298Test-1371708650-project-member', 'project_domain_id': 'default', 'project_domain_name': 'Default', 'project_id': '9e12870bd7904702bef6ae64ad61e06d', 'project_name': 'tempest-ServersListShow298Test-1371708650', 'tenant_id': '9e12870bd7904702bef6ae64ad61e06d', 'tenant_name': 'tempest-ServersListShow298Test-1371708650', 'user_domain_id': 'default', 'user_domain_name': 'Default', 'user_id': '44228e435d604a5195c4f0723f4db6ea', 'system': None}, Network: None, Subnet: None, Router: None
2025-04-03 06:12:13.856 69473 INFO tempest.lib.common.dynamic_creds [-] Created isolated network resources for: credentials: Credentials: {'domain_id': 'default', 'domain_name': 'Default', 'username': 'tempest-ServersListShow298Test-1371708650-project-member', 'project_domain_id': 'default', 'project_domain_name': 'Default', 'project_id': '9e12870bd7904702bef6ae64ad61e06d', 'project_name': 'tempest-ServersListShow298Test-1371708650', 'tenant_id': '9e12870bd7904702bef6ae64ad61e06d', 'tenant_name': 'tempest-ServersListShow298Test-1371708650', 'user_domain_id': 'default', 'user_domain_name': 'Default', 'user_id': '44228e435d604a5195c4f0723f4db6ea', 'system': None}, Network: None, Subnet: None, Router: None
2025-04-03 06:12:13.876 69475 INFO tempest.lib.common.rest_client [req-ea8141c9-7328-48e0-9e64-437ed08bd9be req-ea8141c9-7328-48e0-9e64-437ed08bd9be ] Request (AttachInterfacesTestJSON:test_create_list_show_delete_interfaces_by_fixed_ip): 200 GET http://10.180.1.21/compute/v2.1/servers/7db9e0be-ea98-4afc-8107-bfe3b9082b2f 2.173s
2025-04-03 06:12:13.888 69475 INFO tempest.common.waiters [-] State transition "BUILD/spawning" ==> "ACTIVE/None" after 20 second wait
2025-04-03 06:12:13.929 69461 INFO tempest.lib.common.rest_client [req-9272490f-89cf-475a-a888-2f764af15611 req-9272490f-89cf-475a-a888-2f764af15611 ] Request (HypervisorAdminUnderV252Test:setUpClass): 200 GET http://10.180.1.21/identity/v3/roles 0.080s
2025-04-03 06:12:13.944 69455 INFO tempest.lib.common.rest_client [req-10b8d27d-3a2c-4f92-8909-327a566b95e9 req-10b8d27d-3a2c-4f92-8909-327a566b95e9 ] Request (AbsoluteLimitsNegativeTestJSON:setUpClass): 204 PUT http://10.180.1.21/identity/v3/projects/7ac0e40ed3414d6c9999f6702c8beac2/users/685edf4d442c4ec9a195bfa4fe0ce388/roles/01751452799d4d928a3eb6dd962dcf59 0.115s
2025-04-03 06:12:13.945 69455 INFO tempest.lib.common.dynamic_creds [-] Dynamic test user 685edf4d442c4ec9a195bfa4fe0ce388 is created with scope project and roles: ['member']
2025-04-03 06:12:13.945 69455 INFO tempest.lib.common.dynamic_creds [-] Acquired dynamic creds: credentials: Credentials: {'domain_id': 'default', 'domain_name': 'Default', 'username': 'tempest-AbsoluteLimitsNegativeTestJSON-1858802180-project-member', 'project_domain_id': 'default', 'project_domain_name': 'Default', 'project_id': '7ac0e40ed3414d6c9999f6702c8beac2', 'project_name': 'tempest-AbsoluteLimitsNegativeTestJSON-1858802180', 'tenant_id': '7ac0e40ed3414d6c9999f6702c8beac2', 'tenant_name': 'tempest-AbsoluteLimitsNegativeTestJSON-1858802180', 'user_domain_id': 'default', 'user_domain_name': 'Default', 'user_id': '685edf4d442c4ec9a195bfa4fe0ce388', 'system': None}, Network: None, Subnet: None, Router: None
2025-04-03 06:12:13.945 69455 INFO tempest.lib.common.dynamic_creds [-] Created isolated network resources for: credentials: Credentials: {'domain_id': 'default', 'domain_name': 'Default', 'username': 'tempest-AbsoluteLimitsNegativeTestJSON-1858802180-project-member', 'project_domain_id': 'default', 'project_domain_name': 'Default', 'project_id': '7ac0e40ed3414d6c9999f6702c8beac2', 'project_name': 'tempest-AbsoluteLimitsNegativeTestJSON-1858802180', 'tenant_id': '7ac0e40ed3414d6c9999f6702c8beac2', 'tenant_name': 'tempest-AbsoluteLimitsNegativeTestJSON-1858802180', 'user_domain_id': 'default', 'user_domain_name': 'Default', 'user_id': '685edf4d442c4ec9a195bfa4fe0ce388', 'system': None}, Network: None, Subnet: None, Router: None
2025-04-03 06:12:13.985 69493 INFO tempest.lib.common.rest_client [req-c58639ce-dec5-4829-88c1-9b08e402608b req-c58639ce-dec5-4829-88c1-9b08e402608b ] Request (VolumesAdminNegativeTest:setUpClass): 201 POST http://10.180.1.21:9696/networking/v2.0/routers 2.809s
2025-04-03 06:12:14.005 69489 INFO tempest.lib.common.rest_client [req-9f707653-2efe-48c3-8e9c-2cf03b04ce7f req-9f707653-2efe-48c3-8e9c-2cf03b04ce7f ] Request (ServersWithSpecificFlavorTestJSON:test_verify_created_server_ephemeral_disk): 200 GET http://10.180.1.21/compute/v2.1/servers/6a3bcfaa-4d5f-4615-871d-9ef8587a64ec 2.253s
2025-04-03 06:12:14.011 69447 INFO tempest.lib.common.rest_client [req-ecf3bceb-64a0-45c3-b218-1950f68e768f req-ecf3bceb-64a0-45c3-b218-1950f68e768f ] Request (SecurityGroupsTestJSON:test_list_security_groups_by_server): 202 POST http://10.180.1.21/compute/v2.1/servers 2.456s
2025-04-03 06:12:14.013 69473 INFO tempest.lib.common.rest_client [req-f7fb7008-fe70-47e2-9ae3-16d3f9604df7 req-f7fb7008-fe70-47e2-9ae3-16d3f9604df7 ] Request (ServersListShow298Test:setUpClass): 201 POST http://10.180.1.21/identity/v3/auth/tokens 0.151s
2025-04-03 06:12:14.017 69461 INFO tempest.lib.common.rest_client [req-774556b0-3bd8-4020-a9a7-3d4bdb739622 req-774556b0-3bd8-4020-a9a7-3d4bdb739622 ] Request (HypervisorAdminUnderV252Test:setUpClass): 204 PUT http://10.180.1.21/identity/v3/projects/f00982f88c0d44bb82b3216e14ff0949/users/67d1a267384c49539e9e0d3e613e910f/roles/89cb2b8cbe634e6fb4c96df5cd6c44a6 0.087s
2025-04-03 06:12:14.032 69487 INFO tempest.lib.common.rest_client [req-1069412f-4c57-4bef-b500-94f482678856 req-1069412f-4c57-4bef-b500-94f482678856 ] Request (ImagesMetadataNegativeTestJSON:tearDownClass): 204 DELETE http://10.180.1.21:9696/networking/v2.0/security-groups/a4ac1bbb-6169-471b-b660-bf3f51155882 0.232s
2025-04-03 06:12:14.071 69473 INFO tempest.lib.common.rest_client [req-97569a2d-a8b5-410a-ac70-a273bf8f8276 req-97569a2d-a8b5-410a-ac70-a273bf8f8276 ] Request (ServersListShow298Test:test_list_show_update_rebuild_server_298): 201 POST http://10.180.1.21/identity/v3/auth/tokens 0.055s
2025-04-03 06:12:14.073 69473 INFO tempest.lib.common.fixed_network [-] (ServersListShow298Test:test_list_show_update_rebuild_server_298) Found network None available for tenant
2025-04-03 06:12:14.105 69455 INFO tempest.lib.common.rest_client [req-5c9e69f8-655e-4752-b7d7-1e9c5b1eef8e req-5c9e69f8-655e-4752-b7d7-1e9c5b1eef8e ] Request (AbsoluteLimitsNegativeTestJSON:setUpClass): 201 POST http://10.180.1.21/identity/v3/auth/tokens 0.153s
2025-04-03 06:12:14.118 69491 INFO tempest.lib.common.rest_client [req-67bbec93-9d2b-4ee0-ad73-337b851aefd5 req-67bbec93-9d2b-4ee0-ad73-337b851aefd5 ] Request (ServerActionsTestOtherB:setUpClass): 200 GET http://10.180.1.21/compute/v2.1/servers/7d3ffe9b-359f-4379-94f3-e0f1233aeeb2 2.181s
2025-04-03 06:12:14.130 69491 INFO tempest.common.waiters [-] State transition "BUILD/None" ==> "BUILD/networking" after 17 second wait
2025-04-03 06:12:14.144 69461 INFO tempest.lib.common.rest_client [req-1f5c3139-66b8-4801-9812-ea4533f58d65 req-1f5c3139-66b8-4801-9812-ea4533f58d65 ] Request (HypervisorAdminUnderV252Test:setUpClass): 200 GET http://10.180.1.21/identity/v3/roles 0.127s
2025-04-03 06:12:14.169 69461 INFO tempest.lib.common.rest_client [req-0e5cdb52-39d4-4c03-96f4-920fa2454d92 req-0e5cdb52-39d4-4c03-96f4-920fa2454d92 ] Request (HypervisorAdminUnderV252Test:setUpClass): 204 PUT http://10.180.1.21/identity/v3/projects/f00982f88c0d44bb82b3216e14ff0949/users/67d1a267384c49539e9e0d3e613e910f/roles/89cb2b8cbe634e6fb4c96df5cd6c44a6 0.025s
2025-04-03 06:12:14.170 69461 INFO tempest.lib.common.dynamic_creds [-] Dynamic test user 67d1a267384c49539e9e0d3e613e910f is created with scope project and roles: ['admin']
2025-04-03 06:12:14.170 69461 INFO tempest.lib.common.dynamic_creds [-] Acquired dynamic creds: credentials: Credentials: {'domain_id': 'default', 'domain_name': 'Default', 'username': 'tempest-HypervisorAdminUnderV252Test-1022184713-project-admin', 'project_domain_id': 'default', 'project_domain_name': 'Default', 'project_id': 'f00982f88c0d44bb82b3216e14ff0949', 'project_name': 'tempest-HypervisorAdminUnderV252Test-1022184713', 'tenant_id': 'f00982f88c0d44bb82b3216e14ff0949', 'tenant_name': 'tempest-HypervisorAdminUnderV252Test-1022184713', 'user_domain_id': 'default', 'user_domain_name': 'Default', 'user_id': '67d1a267384c49539e9e0d3e613e910f', 'system': None}, Network: None, Subnet: None, Router: None
2025-04-03 06:12:14.170 69461 INFO tempest.lib.common.dynamic_creds [-] Created isolated network resources for: credentials: Credentials: {'domain_id': 'default', 'domain_name': 'Default', 'username': 'tempest-HypervisorAdminUnderV252Test-1022184713-project-admin', 'project_domain_id': 'default', 'project_domain_name': 'Default', 'project_id': 'f00982f88c0d44bb82b3216e14ff0949', 'project_name': 'tempest-HypervisorAdminUnderV252Test-1022184713', 'tenant_id': 'f00982f88c0d44bb82b3216e14ff0949', 'tenant_name': 'tempest-HypervisorAdminUnderV252Test-1022184713', 'user_domain_id': 'default', 'user_domain_name': 'Default', 'user_id': '67d1a267384c49539e9e0d3e613e910f', 'system': None}, Network: None, Subnet: None, Router: None
2025-04-03 06:12:14.207 69487 INFO tempest.lib.common.rest_client [req-b514b111-2415-4e96-aa57-99701906b3ad req-b514b111-2415-4e96-aa57-99701906b3ad ] Request (ImagesMetadataNegativeTestJSON:tearDownClass): 204 DELETE http://10.180.1.21/identity/v3/projects/8df06f807a1a45469e37ddca7aacf5ba 0.174s
2025-04-03 06:12:14.209 69453 INFO tempest.lib.common.rest_client [req-5624009d-29d0-4f91-ad93-6e9c825f261a req-5624009d-29d0-4f91-ad93-6e9c825f261a ] Request (ServersAdminTestJSON:setUpClass): 200 GET http://10.180.1.21/compute/v2.1/servers/ca60526d-f004-45c1-b23b-1e5f90bb23cc 2.212s
2025-04-03 06:12:14.257 69461 INFO tempest.lib.common.rest_client [req-0e6de2e8-cf50-4408-bc77-d67821f07255 req-0e6de2e8-cf50-4408-bc77-d67821f07255 ] Request (HypervisorAdminUnderV252Test:setUpClass): 201 POST http://10.180.1.21/identity/v3/auth/tokens 0.084s
2025-04-03 06:12:14.287 69487 INFO tempest.lib.common.rest_client [req-b419feb1-e828-4679-96d3-6abb01281c8b req-b419feb1-e828-4679-96d3-6abb01281c8b ] Request (ServerShowV257Test:setUpClass): 201 POST http://10.180.1.21/identity/v3/auth/tokens 0.078s
2025-04-03 06:12:14.305 69471 INFO tempest.lib.common.rest_client [req-9fbad749-7577-4028-a905-19facba59619 req-9fbad749-7577-4028-a905-19facba59619 ] Request (VolumesAssistedSnapshotsTest:test_volume_assisted_snapshot_create_delete): 200 GET http://10.180.1.21/compute/v2.1/servers/c731ada9-1eae-4f0f-a9d5-dc9a04f5cae3 2.294s
2025-04-03 06:12:14.335 69487 INFO tempest.lib.common.rest_client [req-44d964a1-2673-4324-b9a6-4c3b8409b069 req-44d964a1-2673-4324-b9a6-4c3b8409b069 ] Request (ServerShowV257Test:setUpClass): 201 POST http://10.180.1.21/identity/v3/auth/tokens 0.045s
2025-04-03 06:12:14.347 69445 INFO tempest.lib.common.rest_client [req-27a0cff0-74d5-4ee9-96e7-22f2d845c943 req-27a0cff0-74d5-4ee9-96e7-22f2d845c943 ] Request (DeleteServersAdminTestJSON:test_admin_delete_servers_of_others): 200 GET http://10.180.1.21/compute/v2.1/servers/ccd6bdf9-f20d-4230-a879-31228b5531d3 2.384s
2025-04-03 06:12:14.356 69445 INFO tempest.common.waiters [-] State transition "BUILD/spawning" ==> "ACTIVE/None" after 20 second wait
2025-04-03 06:12:14.369 69487 INFO tempest.lib.common.rest_client [req-1b590fa5-2fce-4ede-8e1b-8e5de9faa9f8 req-1b590fa5-2fce-4ede-8e1b-8e5de9faa9f8 ] Request (ServerShowV257Test:setUpClass): 200 GET http://10.180.1.21/identity/v3/domains?name=Default 0.033s
2025-04-03 06:12:14.412 69487 INFO tempest.lib.common.rest_client [req-d739e3e4-83d6-4376-9c17-258374ba025c req-d739e3e4-83d6-4376-9c17-258374ba025c ] Request (ServerShowV257Test:setUpClass): 201 POST http://10.180.1.21/identity/v3/projects 0.042s
2025-04-03 06:12:14.428 69437 INFO tempest.lib.common.rest_client [req-e0795cdb-57b7-4a2e-b0a5-31668e6a6b98 req-e0795cdb-57b7-4a2e-b0a5-31668e6a6b98 ] Request (VolumesTestJSON:tearDownClass): 404 GET http://10.180.1.21/volume/v3/volumes/2f40df8d-f814-41fa-ae97-e7d64bf8f0d6 0.020s
2025-04-03 06:12:14.447 69499 INFO tempest.lib.common.rest_client [req-d74af6a5-6598-44e2-8912-56f22334a859 req-d74af6a5-6598-44e2-8912-56f22334a859 ] Request (MigrationsAdminTest:test_list_migrations_in_flavor_resize_situation): 200 GET http://10.180.1.21/compute/v2.1/servers/e01fcbef-72a7-45b4-ae76-a7e91e9aa323 2.363s
2025-04-03 06:12:14.498 69467 INFO tempest.lib.common.rest_client [req-b7132367-8b9b-408e-b6dc-e58fa2bdb966 req-b7132367-8b9b-408e-b6dc-e58fa2bdb966 ] Request (KeyPairsV22TestJSON:test_keypairsv22_create_list_show): 201 POST http://10.180.1.21/compute/v2.1/os-keypairs 2.406s
2025-04-03 06:12:14.502 69437 INFO tempest.lib.common.rest_client [req-b571e229-e4a1-49fb-bd00-122ab976d319 req-b571e229-e4a1-49fb-bd00-122ab976d319 ] Request (VolumesTestJSON:tearDownClass): 202 DELETE http://10.180.1.21/volume/v3/volumes/7842215f-651c-4b87-972a-ec88b93434f7 0.073s
2025-04-03 06:12:14.511 69495 INFO tempest.lib.common.rest_client [req-4af8ac8b-c191-424e-a721-8549b2279dc5 req-4af8ac8b-c191-424e-a721-8549b2279dc5 ] Request (SecurityGroupsNegativeTestJSON:test_delete_the_default_security_group): 400 DELETE http://10.180.1.21/compute/v2.1/os-security-groups/ebdac761-4dee-4c6d-a280-d61f10dd36ae 2.436s
2025-04-03 06:12:14.519 69487 INFO tempest.lib.common.rest_client [req-cd21e8a4-7f7e-4639-b58c-d04fb39373a9 req-cd21e8a4-7f7e-4639-b58c-d04fb39373a9 ] Request (ServerShowV257Test:setUpClass): 201 POST http://10.180.1.21/identity/v3/users 0.107s
2025-04-03 06:12:14.521 69463 INFO tempest.lib.common.rest_client [req-be42fa46-1cf8-473d-9ba5-a105555a0524 req-be42fa46-1cf8-473d-9ba5-a105555a0524 ] Request (HypervisorAdminTestJSON:test_get_hypervisor_stats): 200 GET http://10.180.1.21/compute/v2.1/os-hypervisors/statistics 2.186s
2025-04-03 06:12:14.541 69443 INFO tempest.lib.common.rest_client [req-c164d8f5-5577-46c3-a959-b244a436e9d5 req-c164d8f5-5577-46c3-a959-b244a436e9d5 ] Request (FlavorsAccessNegativeTestJSON:test_flavor_non_admin_remove): 403 POST http://10.180.1.21/compute/v2.1/flavors/124356669/action 1.553s
2025-04-03 06:12:14.559 69437 INFO tempest.lib.common.rest_client [req-af656049-1712-4045-8e3b-eac1caf9dc39 req-af656049-1712-4045-8e3b-eac1caf9dc39 ] Request (VolumesTestJSON:tearDownClass): 200 GET http://10.180.1.21/volume/v3/volumes/7842215f-651c-4b87-972a-ec88b93434f7 0.056s
2025-04-03 06:12:14.577 69487 INFO tempest.lib.common.rest_client [req-6c52d7b3-1854-4a0a-aa35-017c3a4b8676 req-6c52d7b3-1854-4a0a-aa35-017c3a4b8676 ] Request (ServerShowV257Test:setUpClass): 200 GET http://10.180.1.21/identity/v3/roles 0.057s
2025-04-03 06:12:14.659 69463 INFO tempest.lib.common.rest_client [req-7baed206-3280-4f09-a45f-e8ca11abbbb5 req-7baed206-3280-4f09-a45f-e8ca11abbbb5 ] Request (HypervisorAdminTestJSON:tearDownClass): 204 DELETE http://10.180.1.21/identity/v3/users/f53fc049a25b45588241c7aa46a51ed7 0.131s
2025-04-03 06:12:14.725 69487 INFO tempest.lib.common.rest_client [req-8028649c-745b-46a0-847b-9506418cea60 req-8028649c-745b-46a0-847b-9506418cea60 ] Request (ServerShowV257Test:setUpClass): 204 PUT http://10.180.1.21/identity/v3/projects/724d0a31e56a4a0db77e6a4e8eba8fe2/users/6b55f38dce8c4e88b84fe233fc95c828/roles/01751452799d4d928a3eb6dd962dcf59 0.147s
2025-04-03 06:12:14.725 69487 INFO tempest.lib.common.dynamic_creds [-] Dynamic test user 6b55f38dce8c4e88b84fe233fc95c828 is created with scope project and roles: ['member']
2025-04-03 06:12:14.726 69487 INFO tempest.lib.common.dynamic_creds [-] Acquired dynamic creds: credentials: Credentials: {'domain_id': 'default', 'domain_name': 'Default', 'username': 'tempest-ServerShowV257Test-1034187878-project-member', 'project_domain_id': 'default', 'project_domain_name': 'Default', 'project_id': '724d0a31e56a4a0db77e6a4e8eba8fe2', 'project_name': 'tempest-ServerShowV257Test-1034187878', 'tenant_id': '724d0a31e56a4a0db77e6a4e8eba8fe2', 'tenant_name': 'tempest-ServerShowV257Test-1034187878', 'user_domain_id': 'default', 'user_domain_name': 'Default', 'user_id': '6b55f38dce8c4e88b84fe233fc95c828', 'system': None}, Network: None, Subnet: None, Router: None
2025-04-03 06:12:14.726 69487 INFO tempest.lib.common.dynamic_creds [-] Created isolated network resources for: credentials: Credentials: {'domain_id': 'default', 'domain_name': 'Default', 'username': 'tempest-ServerShowV257Test-1034187878-project-member', 'project_domain_id': 'default', 'project_domain_name': 'Default', 'project_id': '724d0a31e56a4a0db77e6a4e8eba8fe2', 'project_name': 'tempest-ServerShowV257Test-1034187878', 'tenant_id': '724d0a31e56a4a0db77e6a4e8eba8fe2', 'tenant_name': 'tempest-ServerShowV257Test-1034187878', 'user_domain_id': 'default', 'user_domain_name': 'Default', 'user_id': '6b55f38dce8c4e88b84fe233fc95c828', 'system': None}, Network: None, Subnet: None, Router: None
2025-04-03 06:12:14.822 69487 INFO tempest.lib.common.rest_client [req-cbade141-e145-436d-af2c-1d3d6bb1abe7 req-cbade141-e145-436d-af2c-1d3d6bb1abe7 ] Request (ServerShowV257Test:setUpClass): 201 POST http://10.180.1.21/identity/v3/auth/tokens 0.091s
2025-04-03 06:12:14.845 69463 INFO tempest.lib.common.rest_client [req-57b884ba-2b6b-42a5-b2b3-cd5574654e3b req-57b884ba-2b6b-42a5-b2b3-cd5574654e3b ] Request (HypervisorAdminTestJSON:tearDownClass): 204 DELETE http://10.180.1.21/identity/v3/users/32496215b2344bb2ac564be067421c6b 0.185s
2025-04-03 06:12:14.845 69463 INFO tempest.lib.common.dynamic_creds [-] Deleting project and security group for project: 6ceac13aaee047eab46e969186ead94c
2025-04-03 06:12:14.848 69465 INFO tempest.lib.common.rest_client [req-2190dabb-6223-4883-a361-2f19b5585377 req-2190dabb-6223-4883-a361-2f19b5585377 ] Request (InstanceActionsNegativeTestJSON:setUpClass): 200 GET http://10.180.1.21/compute/v2.1/servers/3d811491-e635-4ade-a0f1-8044c41dbf9c 1.822s
2025-04-03 06:12:14.850 69485 INFO tempest.lib.common.rest_client [req-4834abf0-266f-41b7-8221-424cf28be57a req-4834abf0-266f-41b7-8221-424cf28be57a ] Request (QuotasAdminTestJSON:test_get_updated_quotas): 200 PUT http://10.180.1.21/compute/v2.1/os-quota-sets/24c5c3bd7cd14d41a6b6e58a1b7df8ab?user_id=8e352bcd565a4a978bb3543cbfe6ad7e 2.265s
2025-04-03 06:12:14.883 69469 INFO tempest.lib.common.rest_client [req-8a17f71c-47fa-49b3-b05e-050c146b4c24 req-8a17f71c-47fa-49b3-b05e-050c146b4c24 ] Request (AggregatesAdminNegativeTestJSON:_run_cleanups): 200 DELETE http://10.180.1.21/compute/v2.1/os-aggregates/4 1.853s
2025-04-03 06:12:14.906 69487 INFO tempest.lib.common.rest_client [req-83674e44-eda5-4817-b4f8-b32672d9e525 req-83674e44-eda5-4817-b4f8-b32672d9e525 ] Request (ServerShowV257Test:test_rebuild_server): 201 POST http://10.180.1.21/identity/v3/auth/tokens 0.078s
2025-04-03 06:12:14.906 69487 INFO tempest.lib.common.fixed_network [-] (ServerShowV257Test:test_rebuild_server) Found network None available for tenant
2025-04-03 06:12:14.924 69463 INFO tempest.lib.common.rest_client [req-78cbe57d-8bf8-4d8d-8a00-7768f7519a0a req-78cbe57d-8bf8-4d8d-8a00-7768f7519a0a ] Request (HypervisorAdminTestJSON:tearDownClass): 201 POST http://10.180.1.21/identity/v3/auth/tokens 0.079s
2025-04-03 06:12:15.138 69441 INFO tempest.lib.common.rest_client [req-b37b99ad-1982-4070-81a2-6612ec64d233 req-b37b99ad-1982-4070-81a2-6612ec64d233 ] Request (ServersTestManualDisk:setUpClass): 200 GET http://10.180.1.21/compute/v2.1/servers/bfb80238-cb30-401e-a409-1939ea48ba2f 1.703s
2025-04-03 06:12:15.151 69441 INFO tempest.common.waiters [-] State transition "BUILD/scheduling" ==> "BUILD/None" after 14 second wait
2025-04-03 06:12:15.208 69439 INFO tempest.lib.common.rest_client [req-d7e9c3f9-47af-4bee-88bb-e9bd9451d9f3 req-d7e9c3f9-47af-4bee-88bb-e9bd9451d9f3 ] Request (ServerExternalEventsTest:test_create_server_external_events): 200 GET http://10.180.1.21/compute/v2.1/servers/8e5bf24d-2487-4dcf-9e27-a326e4e68032 1.900s
2025-04-03 06:12:15.247 69463 INFO tempest.lib.common.rest_client [req-dc647469-935a-431f-b4f9-4e2042087465 req-dc647469-935a-431f-b4f9-4e2042087465 ] Request (HypervisorAdminTestJSON:tearDownClass): 200 GET http://10.180.1.21:9696/networking/v2.0/security-groups?tenant_id=6ceac13aaee047eab46e969186ead94c&name=default 0.322s
2025-04-03 06:12:15.312 69457 INFO tempest.lib.common.rest_client [req-5f9ae011-b205-45b0-8702-ff1d2b386cb2 req-5f9ae011-b205-45b0-8702-ff1d2b386cb2 ] Request (ServicesAdminNegativeV253TestJSON:test_disable_log_reason_with_invalid_service_id): 404 PUT http://10.180.1.21/compute/v2.1/os-services/14a4906b-d151-4324-a156-870db60debb3 1.835s
2025-04-03 06:12:15.326 69481 INFO tempest.lib.common.rest_client [req-510f8366-7306-4fe5-8143-ea0d3a974cd0 req-510f8366-7306-4fe5-8143-ea0d3a974cd0 ] Request (FlavorsAdminTestJSON:test_create_list_flavor_without_extra_data): 200 GET http://10.180.1.21/compute/v2.1/flavors/detail 1.775s
2025-04-03 06:12:15.488 69463 INFO tempest.lib.common.rest_client [req-198ef8ac-6080-4fb2-ae74-de00e5016a6c req-198ef8ac-6080-4fb2-ae74-de00e5016a6c ] Request (HypervisorAdminTestJSON:tearDownClass): 204 DELETE http://10.180.1.21:9696/networking/v2.0/security-groups/0684982b-abd0-40bb-a109-33e3589154b5 0.240s
2025-04-03 06:12:15.559 69459 INFO tempest.lib.common.rest_client [req-672fafde-e837-4765-88be-47e0cec970f0 req-672fafde-e837-4765-88be-47e0cec970f0 ] Request (ServerDiagnosticsNegativeTest:test_get_server_diagnostics_by_non_admin): 200 GET http://10.180.1.21/compute/v2.1/servers/e8db3145-5980-40c5-9fcf-f97f3758487e 1.934s
2025-04-03 06:12:15.570 69459 INFO tempest.common.waiters [-] State transition "BUILD/spawning" ==> "ACTIVE/None" after 21 second wait
2025-04-03 06:12:15.592 69463 INFO tempest.lib.common.rest_client [req-8a337172-4541-460b-83a8-6ff75a026f6f req-8a337172-4541-460b-83a8-6ff75a026f6f ] Request (HypervisorAdminTestJSON:tearDownClass): 204 DELETE http://10.180.1.21/identity/v3/projects/6ceac13aaee047eab46e969186ead94c 0.103s
2025-04-03 06:12:15.592 69463 INFO tempest.lib.common.dynamic_creds [-] Deleting project and security group for project: 1e57f75a41f24dbd9017e97be14294e0
2025-04-03 06:12:15.596 69437 INFO tempest.lib.common.rest_client [req-c7cc69be-5f82-456b-84fe-acde7bd5351b req-c7cc69be-5f82-456b-84fe-acde7bd5351b ] Request (VolumesTestJSON:tearDownClass): 404 GET http://10.180.1.21/volume/v3/volumes/7842215f-651c-4b87-972a-ec88b93434f7 0.024s
2025-04-03 06:12:15.616 69479 INFO tempest.lib.common.rest_client [req-aa314159-76a5-42b9-88b3-f239556b2015 req-aa314159-76a5-42b9-88b3-f239556b2015 ] Request (InstanceActionsTestJSON:test_list_instance_actions): 200 GET http://10.180.1.21/compute/v2.1/servers/df3d25ca-8c2e-4b4f-9725-2803bfbd97ba 1.873s
2025-04-03 06:12:15.625 69479 INFO tempest.common.waiters [-] State transition "HARD_REBOOT/rebooting_hard" ==> "HARD_REBOOT/reboot_started_hard" after 3 second wait
2025-04-03 06:12:15.679 69437 INFO tempest.lib.common.rest_client [req-8428504e-a3ac-492d-a1c1-a77672c12fe2 req-8428504e-a3ac-492d-a1c1-a77672c12fe2 ] Request (VolumesTestJSON:tearDownClass): 202 DELETE http://10.180.1.21/volume/v3/volumes/8de28e78-ee7c-4140-ab9b-4feccc894563 0.082s
2025-04-03 06:12:15.679 69475 INFO tempest.lib.common.rest_client [req-4302604d-ea78-406c-993d-ec19544e29e1 req-4302604d-ea78-406c-993d-ec19544e29e1 ] Request (AttachInterfacesTestJSON:test_create_list_show_delete_interfaces_by_fixed_ip): 200 GET http://10.180.1.21/compute/v2.1/servers/7db9e0be-ea98-4afc-8107-bfe3b9082b2f/os-interface 1.789s
2025-04-03 06:12:15.697 69447 INFO tempest.lib.common.rest_client [req-7c743709-6bcb-455e-9cbb-d52105dab6dd req-7c743709-6bcb-455e-9cbb-d52105dab6dd ] Request (SecurityGroupsTestJSON:test_list_security_groups_by_server): 200 GET http://10.180.1.21/compute/v2.1/servers/216a1a72-1d3f-431c-9544-8756135307ab 1.681s
2025-04-03 06:12:15.723 69437 INFO tempest.lib.common.rest_client [req-9fe0b391-463b-4830-8594-a839f996fa8e req-9fe0b391-463b-4830-8594-a839f996fa8e ] Request (VolumesTestJSON:tearDownClass): 200 GET http://10.180.1.21/volume/v3/volumes/8de28e78-ee7c-4140-ab9b-4feccc894563 0.044s
2025-04-03 06:12:15.866 69449 INFO tempest.lib.common.rest_client [req-24498f8f-2cd6-45e8-831f-f562eda604a2 req-24498f8f-2cd6-45e8-831f-f562eda604a2 ] Request (ImagesOneServerNegativeTestJSON:setUpClass): 200 GET http://10.180.1.21/compute/v2.1/servers/d85b7f58-9cf1-49e4-bbc9-e976fa002144 1.817s
2025-04-03 06:12:15.943 69497 INFO tempest.lib.common.rest_client [req-b0d64461-2d23-4383-b543-25cddace2914 req-b0d64461-2d23-4383-b543-25cddace2914 ] Request (FloatingIPDetailsNegativeTestJSON:setUpClass): 200 PUT http://10.180.1.21:9696/networking/v2.0/routers/b1235fa5-9eae-44c2-ad79-ffb56e2fa128/add_router_interface 2.125s
