2025-04-03 06:14:14.075 69443 INFO tempest.lib.common.rest_client [req-6db90f5a-6559-40fa-a581-98ef31b1f1ac req-6db90f5a-6559-40fa-a581-98ef31b1f1ac ] Request (FloatingIPsAssociationTestJSON:test_associate_already_associated_floating_ip): 200 GET http://10.180.1.21/compute/v2.1/servers/639739ab-736c-481d-8a0e-5a3e891c2cd3 0.355s
2025-04-03 06:14:14.121 69489 WARNING tempest.lib.common.ssh [-] Failed to establish authenticated ssh connection to cirros@10.180.180.181 ([Errno None] Unable to connect to port 22 on 10.180.180.181). Number attempts: 10. Retry after 11 seconds.: paramiko.ssh_exception.NoValidConnectionsError: [Errno None] Unable to connect to port 22 on 10.180.180.181
2025-04-03 06:14:14.146 69451 INFO tempest.lib.common.rest_client [req-3d4cc0e6-a0a5-4e65-8a00-108d8fe232a3 req-3d4cc0e6-a0a5-4e65-8a00-108d8fe232a3 ] Request (ServerDiskConfigTestJSON:test_rebuild_server_with_auto_disk_config): 200 GET http://10.180.1.21/compute/v2.1/servers/8b6ff94c-3431-43a5-8d63-e462d795d320 0.372s
2025-04-03 06:14:14.147 69449 INFO tempest.lib.common.rest_client [req-327df725-00f6-49b5-9bac-238908ed2be2 req-327df725-00f6-49b5-9bac-238908ed2be2 ] Request (ImagesOneServerNegativeTestJSON:_run_cleanups): 200 GET http://10.180.1.21/compute/v2.1/servers/936944d5-13f5-4f4e-b7d6-077148fc1c30 0.418s
2025-04-03 06:14:14.209 69455 INFO tempest.lib.common.rest_client [req-9b416860-5989-4951-9a81-97e6b73f7f83 req-9b416860-5989-4951-9a81-97e6b73f7f83 ] Request (ServerShowV247Test:test_update_rebuild_list_server): 200 GET http://10.180.1.21/compute/v2.1/servers/d688584d-4f22-4efd-8d7a-8ae346a98b69 0.419s
2025-04-03 06:14:14.224 69467 INFO tempest.lib.common.rest_client [req-472f00da-e5ca-4d83-9e3d-db7c94abe5aa req-472f00da-e5ca-4d83-9e3d-db7c94abe5aa ] Request (ServersNegativeTestJSON:setUpClass): 200 GET http://10.180.1.21/compute/v2.1/servers/d1f99284-f0dd-467b-8b71-138d07f7f0db 0.403s
2025-04-03 06:14:14.279 69459 INFO tempest.lib.common.rest_client [req-b9372420-1e46-4e47-98cf-a7439655c107 req-b9372420-1e46-4e47-98cf-a7439655c107 ] Request (ImagesTestJSON:test_create_image_from_stopped_server): 202 POST http://10.180.1.21/compute/v2.1/servers/29be81c5-006e-4633-94bb-c6bc007d6d0d/action 0.408s
2025-04-03 06:14:14.287 69485 INFO tempest.lib.common.rest_client [req-18d943bb-1713-4f7a-a2c2-ced37bd011ea req-18d943bb-1713-4f7a-a2c2-ced37bd011ea ] Request (ImagesOneServerTestJSON:tearDownClass): 200 GET http://10.180.1.21/compute/v2.1/servers/83722a45-99e4-4613-b7f8-00a84118573d 0.314s
2025-04-03 06:14:14.309 69495 INFO tempest.lib.common.rest_client [req-89b5bbb9-71c8-4131-816d-0ee7011062f5 req-89b5bbb9-71c8-4131-816d-0ee7011062f5 ] Request (ListServersNegativeTestJSON:setUpClass): 404 GET http://10.180.1.21/compute/v2.1/servers/9092dc6f-d128-4011-8332-6ed3718306bb 0.190s
2025-04-03 06:14:14.346 69453 INFO tempest.lib.common.rest_client [req-807eb24c-d2d3-4dcc-aef2-b91c57014f8d req-807eb24c-d2d3-4dcc-aef2-b91c57014f8d ] Request (ServersAdminTestJSON:test_inject_network_info): 200 GET http://10.180.1.21/compute/v2.1/servers/5d441593-c7b4-4080-ab9c-bca7279d7417 0.356s
2025-04-03 06:14:14.354 69453 INFO tempest.common.waiters [-] State transition "BUILD/scheduling" ==> "BUILD/None" after 29 second wait
2025-04-03 06:14:14.404 69483 INFO tempest.lib.common.rest_client [req-0455f433-59e9-4374-b086-6d2bdcef030d req-0455f433-59e9-4374-b086-6d2bdcef030d ] Request (ServersTestFqdnHostnames:test_create_server_with_fqdn_name): 200 GET http://10.180.1.21/compute/v2.1/servers/b1cf7049-0ff5-42cb-9c7f-df9e94ec63a4 0.223s
2025-04-03 06:14:14.467 69465 INFO tempest.lib.common.rest_client [req-5c0d7434-4224-465d-90f4-cb1e3c51ff56 req-5c0d7434-4224-465d-90f4-cb1e3c51ff56 ] Request (ServerActionsTestOtherA:setUpClass): 200 GET http://10.180.1.21/compute/v2.1/servers/bbc797d1-94ff-4cca-9b5a-7aa07b0c3fb4 0.228s
2025-04-03 06:14:14.487 69479 INFO tempest.lib.common.rest_client [req-2661ed2f-679d-4bee-9e01-5e4e181c1600 req-2661ed2f-679d-4bee-9e01-5e4e181c1600 ] Request (AttachVolumeShelveTestJSON:test_attach_volume_shelved_or_offload_server): 200 GET http://10.180.1.21/compute/v2.1/servers/bb46b420-8682-4a15-acac-6d4b65592f80 0.308s
2025-04-03 06:14:14.549 69491 INFO tempest.lib.common.rest_client [req-f445fad0-2ca7-470c-b2b9-b3e020ed94bd req-f445fad0-2ca7-470c-b2b9-b3e020ed94bd ] Request (ServerActionsTestOtherB:test_create_backup): 200 GET http://10.180.1.21/image/v2/images/656b95b6-37f7-412b-8e14-e3c4654dedb2 0.021s
2025-04-03 06:14:14.554 69499 INFO tempest.lib.common.rest_client [req-80b4692f-5e4c-442d-abeb-45de48c2f07c req-80b4692f-5e4c-442d-abeb-45de48c2f07c ] Request (MigrationsAdminTest:test_resize_server_revert_deleted_flavor): 200 GET http://10.180.1.21/compute/v2.1/servers/c4d26567-05de-49c0-bc5f-9310cbd12847 0.255s
2025-04-03 06:14:14.603 69459 INFO tempest.lib.common.rest_client [req-b053df22-32e8-42b3-a9ea-effeb5380eb7 req-b053df22-32e8-42b3-a9ea-effeb5380eb7 ] Request (ImagesTestJSON:test_create_image_from_stopped_server): 200 GET http://10.180.1.21/compute/v2.1/servers/29be81c5-006e-4633-94bb-c6bc007d6d0d 0.323s
2025-04-03 06:14:14.616 69495 INFO tempest.lib.common.rest_client [req-e3bb3861-97c9-456d-9403-acdb546cc589 req-e3bb3861-97c9-456d-9403-acdb546cc589 ] Request (ListServersNegativeTestJSON:test_list_servers_by_changes_since_future_date): 200 GET http://10.180.1.21/compute/v2.1/servers?changes-since=2051-01-01T12%3A34%3A00Z&status=ACTIVE 0.306s
2025-04-03 06:14:14.630 69495 INFO tempest.lib.common.rest_client [req-bc24b8ba-4254-4674-9328-47cccb745ce5 req-bc24b8ba-4254-4674-9328-47cccb745ce5 ] Request (ListServersNegativeTestJSON:test_list_servers_by_changes_since_invalid_date): 400 GET http://10.180.1.21/compute/v2.1/servers?changes-since=2011%2F01%2F01 0.010s
2025-04-03 06:14:14.660 69447 INFO tempest.lib.common.rest_client [req-e3fca62c-923e-4c1b-8c9b-3639dca759a0 req-e3fca62c-923e-4c1b-8c9b-3639dca759a0 ] Request (SecurityGroupsTestJSON:test_server_security_groups): 200 GET http://10.180.1.21/compute/v2.1/servers/b0ef5be2-c9e5-440e-b502-63396358f94c 0.055s
2025-04-03 06:14:14.686 69495 INFO tempest.lib.common.rest_client [req-0fc2d4c7-40ba-4449-b525-9b20854c64be req-0fc2d4c7-40ba-4449-b525-9b20854c64be ] Request (ListServersNegativeTestJSON:test_list_servers_by_limits_greater_than_actual_count): 200 GET http://10.180.1.21/compute/v2.1/servers 0.054s
2025-04-03 06:14:14.770 69495 INFO tempest.lib.common.rest_client [req-86ce7843-201f-44be-9898-8e7c4270760c req-86ce7843-201f-44be-9898-8e7c4270760c ] Request (ListServersNegativeTestJSON:test_list_servers_by_limits_greater_than_actual_count): 200 GET http://10.180.1.21/compute/v2.1/servers?limit=102 0.082s
2025-04-03 06:14:14.782 69495 INFO tempest.lib.common.rest_client [req-fb0b8a09-7a8a-4e5e-bba1-c3eb8259a0e8 req-fb0b8a09-7a8a-4e5e-bba1-c3eb8259a0e8 ] Request (ListServersNegativeTestJSON:test_list_servers_by_limits_pass_negative_value): 400 GET http://10.180.1.21/compute/v2.1/servers?limit=-1 0.008s
2025-04-03 06:14:14.794 69495 INFO tempest.lib.common.rest_client [req-87f3dbdf-6eb0-484b-ad11-0d5007db1d73 req-87f3dbdf-6eb0-484b-ad11-0d5007db1d73 ] Request (ListServersNegativeTestJSON:test_list_servers_by_limits_pass_string): 400 GET http://10.180.1.21/compute/v2.1/servers?limit=testing 0.010s
2025-04-03 06:14:14.815 69495 INFO tempest.lib.common.rest_client [req-f1647fcd-9430-4cbe-8eac-6eb758e4d85f req-f1647fcd-9430-4cbe-8eac-6eb758e4d85f ] Request (ListServersNegativeTestJSON:test_list_servers_by_non_existing_flavor): 200 GET http://10.180.1.21/compute/v2.1/servers?flavor=non_existing_flavor 0.020s
2025-04-03 06:14:14.838 69477 INFO tempest.lib.common.rest_client [req-39e33afd-4ffa-4809-9337-11e29dca1657 req-39e33afd-4ffa-4809-9337-11e29dca1657 ] Request (ServersNegativeTestMultiTenantJSON:setUpClass): 200 GET http://10.180.1.21/compute/v2.1/servers/f6bba713-7cd6-40a5-ae76-c4d155536858 0.108s
2025-04-03 06:14:14.876 69495 INFO tempest.lib.common.rest_client [req-0ed18415-59a2-4c63-9005-b1c217bed77b req-0ed18415-59a2-4c63-9005-b1c217bed77b ] Request (ListServersNegativeTestJSON:test_list_servers_by_non_existing_image): 200 GET http://10.180.1.21/compute/v2.1/servers?image=non_existing_image 0.049s
2025-04-03 06:14:14.924 69495 INFO tempest.lib.common.rest_client [req-f3a4074f-daff-4857-b81d-cc9f6538c9d1 req-f3a4074f-daff-4857-b81d-cc9f6538c9d1 ] Request (ListServersNegativeTestJSON:test_list_servers_by_non_existing_server_name): 200 GET http://10.180.1.21/compute/v2.1/servers?name=non_existing_server_name 0.045s
2025-04-03 06:14:14.971 69475 INFO tempest.lib.common.rest_client [req-560c6e3a-e957-4293-8b09-748a8bd61fb1 req-560c6e3a-e957-4293-8b09-748a8bd61fb1 ] Request (AttachInterfacesTestJSON:_run_cleanups): 200 GET http://10.180.1.21/compute/v2.1/servers/7db9e0be-ea98-4afc-8107-bfe3b9082b2f 0.050s
2025-04-03 06:14:15.068 69445 INFO tempest.lib.common.rest_client [req-76288f98-8c36-4c6a-b516-fe75dcc010a0 req-76288f98-8c36-4c6a-b516-fe75dcc010a0 ] Request (DeleteServersAdminTestJSON:test_delete_server_while_in_error_state): 200 GET http://10.180.1.21/compute/v2.1/servers/e2c46201-aa7b-49ae-b601-c37e0e701fa9 0.079s
2025-04-03 06:14:15.142 69457 INFO tempest.lib.common.rest_client [req-03ec9cb5-f45c-42e4-ae89-485e4235df4e req-03ec9cb5-f45c-42e4-ae89-485e4235df4e ] Request (ServerRescueTestJSONUnderV235:tearDownClass): 200 GET http://10.180.1.21/compute/v2.1/servers/cfcdbb9a-1982-49b5-a591-77770de08672 0.151s
2025-04-03 06:14:15.158 69495 INFO tempest.lib.common.rest_client [req-c550882c-5bb8-422d-bb20-f56ecde6ea92 req-c550882c-5bb8-422d-bb20-f56ecde6ea92 ] Request (ListServersNegativeTestJSON:test_list_servers_detail_server_is_deleted): 200 GET http://10.180.1.21/compute/v2.1/servers/detail 0.231s
2025-04-03 06:14:15.166 69441 INFO paramiko.transport [-] Connected (version 2.0, client dropbear_2020.81)
2025-04-03 06:14:15.222 69439 INFO tempest.lib.common.rest_client [req-9696ac5a-b2f8-4814-bc35-efda312f5b39 req-9696ac5a-b2f8-4814-bc35-efda312f5b39 ] Request (ServersAdmin275Test:test_rebuild_update_server_275): 200 GET http://10.180.1.21/compute/v2.1/servers/2b3696ce-a9d7-43d3-aa7b-cd0743fa2ec9 0.141s
2025-04-03 06:14:15.235 69443 INFO tempest.lib.common.rest_client [req-8506d8de-42b5-4068-ab92-d6fe08b52dc6 req-8506d8de-42b5-4068-ab92-d6fe08b52dc6 ] Request (FloatingIPsAssociationTestJSON:test_associate_already_associated_floating_ip): 200 GET http://10.180.1.21/compute/v2.1/servers/639739ab-736c-481d-8a0e-5a3e891c2cd3 0.152s
2025-04-03 06:14:15.278 69441 INFO paramiko.transport [-] Authentication (publickey) successful!
2025-04-03 06:14:15.278 69441 INFO tempest.lib.common.ssh [-] ssh connection to cirros@10.180.180.177 successfully created
2025-04-03 06:14:15.283 69451 INFO tempest.lib.common.rest_client [req-37622b1b-11ac-4d70-81d3-5805d57829fa req-37622b1b-11ac-4d70-81d3-5805d57829fa ] Request (ServerDiskConfigTestJSON:test_rebuild_server_with_auto_disk_config): 200 GET http://10.180.1.21/compute/v2.1/servers/8b6ff94c-3431-43a5-8d63-e462d795d320 0.124s
2025-04-03 06:14:15.297 69495 INFO tempest.lib.common.rest_client [req-abe855f6-0880-4d18-a8fa-529ee4d347d6 req-abe855f6-0880-4d18-a8fa-529ee4d347d6 ] Request (ListServersNegativeTestJSON:test_list_servers_status_non_existing): 200 GET http://10.180.1.21/compute/v2.1/servers?status=non_existing_status 0.128s
2025-04-03 06:14:15.303 69449 INFO tempest.lib.common.rest_client [req-756fb58e-c781-47f7-af87-4718589d625e req-756fb58e-c781-47f7-af87-4718589d625e ] Request (ImagesOneServerNegativeTestJSON:_run_cleanups): 200 GET http://10.180.1.21/compute/v2.1/servers/936944d5-13f5-4f4e-b7d6-077148fc1c30 0.144s
2025-04-03 06:14:15.406 69467 INFO tempest.lib.common.rest_client [req-5fce2550-a09f-4bd2-8245-a51d9ad98962 req-5fce2550-a09f-4bd2-8245-a51d9ad98962 ] Request (ServersNegativeTestJSON:setUpClass): 200 GET http://10.180.1.21/compute/v2.1/servers/d1f99284-f0dd-467b-8b71-138d07f7f0db 0.174s
2025-04-03 06:14:15.410 69469 WARNING tempest.lib.common.ssh [-] Failed to establish authenticated ssh connection to cirros@10.180.180.132 ([Errno None] Unable to connect to port 22 on 10.180.180.132). Number attempts: 1. Retry after 2 seconds.: paramiko.ssh_exception.NoValidConnectionsError: [Errno None] Unable to connect to port 22 on 10.180.180.132
2025-04-03 06:14:15.411 69455 INFO tempest.lib.common.rest_client [req-77ba77d6-a05a-419c-bf52-c1618f121fea req-77ba77d6-a05a-419c-bf52-c1618f121fea ] Request (ServerShowV247Test:test_update_rebuild_list_server): 200 GET http://10.180.1.21/compute/v2.1/servers/d688584d-4f22-4efd-8d7a-8ae346a98b69 0.190s
2025-04-03 06:14:15.472 69441 INFO tempest.lib.common.rest_client [req-92fb34ca-4eda-4522-a99e-4151936ebc7d req-92fb34ca-4eda-4522-a99e-4151936ebc7d ] Request (ServersTestManualDisk:test_list_servers): 200 GET http://10.180.1.21/compute/v2.1/servers 0.184s
2025-04-03 06:14:15.482 69485 INFO tempest.lib.common.rest_client [req-f8698fb9-e45b-4e00-80a7-9dde62f853c3 req-f8698fb9-e45b-4e00-80a7-9dde62f853c3 ] Request (ImagesOneServerTestJSON:tearDownClass): 200 GET http://10.180.1.21/compute/v2.1/servers/83722a45-99e4-4613-b7f8-00a84118573d 0.186s
2025-04-03 06:14:15.516 69495 INFO tempest.lib.common.rest_client [req-1a524fef-c29c-4792-a3d8-a9ff3ea0ebe6 req-1a524fef-c29c-4792-a3d8-a9ff3ea0ebe6 ] Request (ListServersNegativeTestJSON:test_list_servers_with_a_deleted_server): 200 GET http://10.180.1.21/compute/v2.1/servers 0.213s
2025-04-03 06:14:15.540 69453 INFO tempest.lib.common.rest_client [req-1037bb02-bfc7-4846-ab7b-6281270ff7c6 req-1037bb02-bfc7-4846-ab7b-6281270ff7c6 ] Request (ServersAdminTestJSON:test_inject_network_info): 200 GET http://10.180.1.21/compute/v2.1/servers/5d441593-c7b4-4080-ab9c-bca7279d7417 0.185s
2025-04-03 06:14:15.567 69491 INFO tempest.lib.common.rest_client [req-e5391256-7fcb-4348-ad53-ee0ee6f62d9f req-e5391256-7fcb-4348-ad53-ee0ee6f62d9f ] Request (ServerActionsTestOtherB:test_create_backup): 200 GET http://10.180.1.21/image/v2/images/656b95b6-37f7-412b-8e14-e3c4654dedb2 0.018s
2025-04-03 06:14:15.569 69483 INFO tempest.lib.common.rest_client [req-bf4b4dd3-7477-47a7-bc34-51925e05f58b req-bf4b4dd3-7477-47a7-bc34-51925e05f58b ] Request (ServersTestFqdnHostnames:test_create_server_with_fqdn_name): 200 GET http://10.180.1.21/compute/v2.1/servers/b1cf7049-0ff5-42cb-9c7f-df9e94ec63a4 0.154s
2025-04-03 06:14:15.624 69465 INFO tempest.lib.common.rest_client [req-e573e39d-7e89-42b9-b9e5-067deb6428ae req-e573e39d-7e89-42b9-b9e5-067deb6428ae ] Request (ServerActionsTestOtherA:setUpClass): 200 GET http://10.180.1.21/compute/v2.1/servers/bbc797d1-94ff-4cca-9b5a-7aa07b0c3fb4 0.143s
2025-04-03 06:14:15.734 69441 INFO tempest.lib.common.rest_client [req-d1d57867-039d-4314-9f56-42d1422aae34 req-d1d57867-039d-4314-9f56-42d1422aae34 ] Request (ServersTestManualDisk:test_list_servers_with_detail): 200 GET http://10.180.1.21/compute/v2.1/servers/detail 0.258s
2025-04-03 06:14:15.738 69479 INFO tempest.lib.common.rest_client [req-4b5a540b-ad17-470a-9f89-1df20d5389cf req-4b5a540b-ad17-470a-9f89-1df20d5389cf ] Request (AttachVolumeShelveTestJSON:test_attach_volume_shelved_or_offload_server): 200 GET http://10.180.1.21/compute/v2.1/servers/bb46b420-8682-4a15-acac-6d4b65592f80 0.243s
2025-04-03 06:14:15.785 69499 INFO tempest.lib.common.rest_client [req-b539b990-1cb7-429e-924b-35c8ba8b0747 req-b539b990-1cb7-429e-924b-35c8ba8b0747 ] Request (MigrationsAdminTest:test_resize_server_revert_deleted_flavor): 200 GET http://10.180.1.21/compute/v2.1/servers/c4d26567-05de-49c0-bc5f-9310cbd12847 0.223s
2025-04-03 06:14:15.807 69495 INFO tempest.lib.common.rest_client [req-b114bca3-0a36-4750-9be5-ae8a1c1b7009 req-b114bca3-0a36-4750-9be5-ae8a1c1b7009 ] Request (ListServersNegativeTestJSON:tearDownClass): 204 DELETE http://10.180.1.21/compute/v2.1/servers/d090a13b-9406-4b37-9b94-f9fb86c1efd5 0.282s
2025-04-03 06:14:15.877 69447 INFO tempest.lib.common.rest_client [req-901375b6-ca46-4093-a504-e0e8a24241e2 req-901375b6-ca46-4093-a504-e0e8a24241e2 ] Request (SecurityGroupsTestJSON:test_server_security_groups): 200 GET http://10.180.1.21/compute/v2.1/servers/b0ef5be2-c9e5-440e-b502-63396358f94c 0.210s
2025-04-03 06:14:15.893 69441 INFO tempest.lib.common.rest_client [req-147b7c46-f9bb-4da3-9bd6-e41d88443635 req-147b7c46-f9bb-4da3-9bd6-e41d88443635 ] Request (ServersTestManualDisk:test_verify_created_server_vcpus): 200 GET http://10.180.1.21/compute/v2.1/flavors/42 0.150s
2025-04-03 06:14:15.896 69441 INFO tempest.lib.common.ssh [-] Creating ssh connection to '10.180.180.177:22' as 'cirros' with public key authentication
2025-04-03 06:14:15.899 69441 INFO paramiko.transport [-] Connected (version 2.0, client dropbear_2020.81)
2025-04-03 06:14:15.903 69459 INFO tempest.lib.common.rest_client [req-5bf44f7a-1767-464e-9cd0-939b42da5343 req-5bf44f7a-1767-464e-9cd0-939b42da5343 ] Request (ImagesTestJSON:test_create_image_from_stopped_server): 200 GET http://10.180.1.21/compute/v2.1/servers/29be81c5-006e-4633-94bb-c6bc007d6d0d 0.293s
2025-04-03 06:14:15.911 69495 INFO tempest.lib.common.rest_client [req-4518ea6a-3f03-4144-ac01-0b8da9daba1b req-4518ea6a-3f03-4144-ac01-0b8da9daba1b ] Request (ListServersNegativeTestJSON:tearDownClass): 404 DELETE http://10.180.1.21/compute/v2.1/servers/9092dc6f-d128-4011-8332-6ed3718306bb 0.104s
2025-04-03 06:14:15.988 69495 INFO tempest.lib.common.rest_client [req-48b133f2-0b7a-47d4-ae18-56ddad0a2369 req-48b133f2-0b7a-47d4-ae18-56ddad0a2369 ] Request (ListServersNegativeTestJSON:tearDownClass): 204 DELETE http://10.180.1.21/compute/v2.1/servers/32b4ca6c-622c-4888-aef5-40dcc6b04355 0.076s
2025-04-03 06:14:15.997 69441 INFO paramiko.transport [-] Authentication (publickey) successful!
2025-04-03 06:14:15.998 69441 INFO tempest.lib.common.ssh [-] ssh connection to cirros@10.180.180.177 successfully created
2025-04-03 06:14:16.051 69477 INFO tempest.lib.common.rest_client [req-c9e28318-0234-4c9c-b53a-77058a057345 req-c9e28318-0234-4c9c-b53a-77058a057345 ] Request (ServersNegativeTestMultiTenantJSON:setUpClass): 200 GET http://10.180.1.21/compute/v2.1/servers/f6bba713-7cd6-40a5-ae76-c4d155536858 0.204s
2025-04-03 06:14:16.056 69475 INFO tempest.lib.common.rest_client [req-9ccdbe87-18b5-4f8a-8d75-5bd42644f4cd req-9ccdbe87-18b5-4f8a-8d75-5bd42644f4cd ] Request (AttachInterfacesTestJSON:_run_cleanups): 200 GET http://10.180.1.21/compute/v2.1/servers/7db9e0be-ea98-4afc-8107-bfe3b9082b2f 0.077s
2025-04-03 06:14:16.059 69477 INFO tempest.common.waiters [-] State transition "BUILD/spawning" ==> "ACTIVE/None" after 84 second wait
2025-04-03 06:14:16.068 69475 INFO tempest.common.waiters [-] State transition "ACTIVE/deleting" ==> "DELETED/None" after 5 second wait
2025-04-03 06:14:16.124 69441 INFO tempest.lib.common.rest_client [req-563d8635-3284-4187-a70c-d16c6e38069a req-563d8635-3284-4187-a70c-d16c6e38069a ] Request (ServersTestManualDisk:tearDownClass): 204 DELETE http://10.180.1.21/compute/v2.1/servers/bfb80238-cb30-401e-a409-1939ea48ba2f 0.120s
2025-04-03 06:14:16.180 69495 INFO tempest.lib.common.rest_client [req-2c2d2347-be9e-44b5-bb76-338572118dd8 req-2c2d2347-be9e-44b5-bb76-338572118dd8 ] Request (ListServersNegativeTestJSON:tearDownClass): 200 GET http://10.180.1.21/compute/v2.1/servers/d090a13b-9406-4b37-9b94-f9fb86c1efd5 0.191s
2025-04-03 06:14:16.225 69477 INFO tempest.lib.common.rest_client [req-74d907c7-d4bc-4700-878e-72a4636c56d3 req-74d907c7-d4bc-4700-878e-72a4636c56d3 ] Request (ServersNegativeTestMultiTenantJSON:setUp): 200 GET http://10.180.1.21/compute/v2.1/servers/f6bba713-7cd6-40a5-ae76-c4d155536858 0.165s
2025-04-03 06:14:16.239 69445 INFO tempest.lib.common.rest_client [req-edc45ea0-ae99-4525-a326-b69c8538ddb4 req-edc45ea0-ae99-4525-a326-b69c8538ddb4 ] Request (DeleteServersAdminTestJSON:test_delete_server_while_in_error_state): 200 GET http://10.180.1.21/compute/v2.1/servers/e2c46201-aa7b-49ae-b601-c37e0e701fa9 0.163s
2025-04-03 06:14:16.292 69457 INFO tempest.lib.common.rest_client [req-12824dd3-85d7-4f86-bd23-45190e2bfcbf req-12824dd3-85d7-4f86-bd23-45190e2bfcbf ] Request (ServerRescueTestJSONUnderV235:tearDownClass): 200 GET http://10.180.1.21/compute/v2.1/servers/cfcdbb9a-1982-49b5-a591-77770de08672 0.140s
2025-04-03 06:14:16.335 69441 INFO tempest.lib.common.rest_client [req-0aa5b236-6123-465f-ae3a-36e11b33673d req-0aa5b236-6123-465f-ae3a-36e11b33673d ] Request (ServersTestManualDisk:tearDownClass): 200 GET http://10.180.1.21/compute/v2.1/servers/bfb80238-cb30-401e-a409-1939ea48ba2f 0.210s
2025-04-03 06:14:16.403 69439 INFO tempest.lib.common.rest_client [req-5936e9ec-21ab-49bb-a28d-9b39b219293d req-5936e9ec-21ab-49bb-a28d-9b39b219293d ] Request (ServersAdmin275Test:test_rebuild_update_server_275): 200 GET http://10.180.1.21/compute/v2.1/servers/2b3696ce-a9d7-43d3-aa7b-cd0743fa2ec9 0.164s
2025-04-03 06:14:16.412 69439 INFO tempest.common.waiters [-] State transition "BUILD/None" ==> "BUILD/networking" after 74 second wait
2025-04-03 06:14:16.431 69477 INFO tempest.lib.common.rest_client [req-bef98692-ddb6-4148-88ac-c8320dfcaef8 req-bef98692-ddb6-4148-88ac-c8320dfcaef8 ] Request (ServersNegativeTestMultiTenantJSON:test_delete_a_server_of_another_tenant): 404 DELETE http://10.180.1.21/compute/v2.1/servers/f6bba713-7cd6-40a5-ae76-c4d155536858 0.197s
2025-04-03 06:14:16.449 69443 INFO tempest.lib.common.rest_client [req-0b2857a9-7e12-4051-b802-f062e6f9550a req-0b2857a9-7e12-4051-b802-f062e6f9550a ] Request (FloatingIPsAssociationTestJSON:test_associate_already_associated_floating_ip): 200 GET http://10.180.1.21/compute/v2.1/servers/639739ab-736c-481d-8a0e-5a3e891c2cd3 0.204s
2025-04-03 06:14:16.484 69451 INFO tempest.lib.common.rest_client [req-32b3d173-fd3d-4021-a0c3-a295f5edf5c5 req-32b3d173-fd3d-4021-a0c3-a295f5edf5c5 ] Request (ServerDiskConfigTestJSON:test_rebuild_server_with_auto_disk_config): 200 GET http://10.180.1.21/compute/v2.1/servers/8b6ff94c-3431-43a5-8d63-e462d795d320 0.193s
2025-04-03 06:14:16.495 69449 INFO tempest.lib.common.rest_client [req-d696fb2e-f284-4054-89f2-2f95faf61303 req-d696fb2e-f284-4054-89f2-2f95faf61303 ] Request (ImagesOneServerNegativeTestJSON:_run_cleanups): 200 GET http://10.180.1.21/compute/v2.1/servers/936944d5-13f5-4f4e-b7d6-077148fc1c30 0.179s
2025-04-03 06:14:16.542 69467 INFO tempest.lib.common.rest_client [req-f5dc4d9d-650b-4347-aa0d-1ccf3952e459 req-f5dc4d9d-650b-4347-aa0d-1ccf3952e459 ] Request (ServersNegativeTestJSON:setUpClass): 200 GET http://10.180.1.21/compute/v2.1/servers/d1f99284-f0dd-467b-8b71-138d07f7f0db 0.125s
2025-04-03 06:14:16.548 69455 INFO tempest.lib.common.rest_client [req-b51cde08-2b59-4d88-a1e7-084d8cf15494 req-b51cde08-2b59-4d88-a1e7-084d8cf15494 ] Request (ServerShowV247Test:test_update_rebuild_list_server): 200 GET http://10.180.1.21/compute/v2.1/servers/d688584d-4f22-4efd-8d7a-8ae346a98b69 0.127s
2025-04-03 06:14:16.585 69491 INFO tempest.lib.common.rest_client [req-c08e6788-6578-45fa-8b96-ad7e35a39867 req-c08e6788-6578-45fa-8b96-ad7e35a39867 ] Request (ServerActionsTestOtherB:test_create_backup): 200 GET http://10.180.1.21/image/v2/images/656b95b6-37f7-412b-8e14-e3c4654dedb2 0.017s
2025-04-03 06:14:16.612 69485 INFO tempest.lib.common.rest_client [req-15f7b38d-837a-4688-bee4-753e883ae002 req-15f7b38d-837a-4688-bee4-753e883ae002 ] Request (ImagesOneServerTestJSON:tearDownClass): 200 GET http://10.180.1.21/compute/v2.1/servers/83722a45-99e4-4613-b7f8-00a84118573d 0.121s
2025-04-03 06:14:16.663 69453 INFO tempest.lib.common.rest_client [req-4ab379ff-eb08-4e9c-8d9c-d914dd4e3acb req-4ab379ff-eb08-4e9c-8d9c-d914dd4e3acb ] Request (ServersAdminTestJSON:test_inject_network_info): 200 GET http://10.180.1.21/compute/v2.1/servers/5d441593-c7b4-4080-ab9c-bca7279d7417 0.114s
2025-04-03 06:14:16.668 69477 INFO tempest.lib.common.rest_client [req-3e0cc764-cf57-41e7-ad7e-914a3cef7d5b req-3e0cc764-cf57-41e7-ad7e-914a3cef7d5b ] Request (ServersNegativeTestMultiTenantJSON:setUp): 200 GET http://10.180.1.21/compute/v2.1/servers/f6bba713-7cd6-40a5-ae76-c4d155536858 0.236s
2025-04-03 06:14:16.716 69465 INFO tempest.lib.common.rest_client [req-03a4842f-913c-433e-a30a-729c0f5ff91c req-03a4842f-913c-433e-a30a-729c0f5ff91c ] Request (ServerActionsTestOtherA:setUpClass): 200 GET http://10.180.1.21/compute/v2.1/servers/bbc797d1-94ff-4cca-9b5a-7aa07b0c3fb4 0.083s
2025-04-03 06:14:16.723 69483 INFO tempest.lib.common.rest_client [req-4e1218aa-9717-476f-8f71-db27ee5074af req-4e1218aa-9717-476f-8f71-db27ee5074af ] Request (ServersTestFqdnHostnames:test_create_server_with_fqdn_name): 200 GET http://10.180.1.21/compute/v2.1/servers/b1cf7049-0ff5-42cb-9c7f-df9e94ec63a4 0.144s
2025-04-03 06:14:16.735 69477 INFO tempest.lib.common.rest_client [req-1cb523eb-97e4-45e7-a145-7c18a302a0ec req-1cb523eb-97e4-45e7-a145-7c18a302a0ec ] Request (ServersNegativeTestMultiTenantJSON:test_update_server_of_another_tenant): 404 PUT http://10.180.1.21/compute/v2.1/servers/f6bba713-7cd6-40a5-ae76-c4d155536858 0.059s
2025-04-03 06:14:16.813 69477 INFO tempest.lib.common.rest_client [req-c5518d19-de20-40d5-bc94-772b75202027 req-c5518d19-de20-40d5-bc94-772b75202027 ] Request (ServersNegativeTestMultiTenantJSON:tearDownClass): 204 DELETE http://10.180.1.21/compute/v2.1/servers/f6bba713-7cd6-40a5-ae76-c4d155536858 0.073s
2025-04-03 06:14:16.851 69479 INFO tempest.lib.common.rest_client [req-51a617bb-7052-4b3f-908c-7c9486f9b043 req-51a617bb-7052-4b3f-908c-7c9486f9b043 ] Request (AttachVolumeShelveTestJSON:test_attach_volume_shelved_or_offload_server): 200 GET http://10.180.1.21/compute/v2.1/servers/bb46b420-8682-4a15-acac-6d4b65592f80 0.104s
2025-04-03 06:14:16.869 69499 INFO tempest.lib.common.rest_client [req-1f1212f7-9cc1-4137-9a9a-1a1135918868 req-1f1212f7-9cc1-4137-9a9a-1a1135918868 ] Request (MigrationsAdminTest:test_resize_server_revert_deleted_flavor): 200 GET http://10.180.1.21/compute/v2.1/servers/c4d26567-05de-49c0-bc5f-9310cbd12847 0.076s
2025-04-03 06:14:16.945 69447 INFO tempest.lib.common.rest_client [req-83099996-d498-4155-98bb-5ff9e34dca55 req-83099996-d498-4155-98bb-5ff9e34dca55 ] Request (SecurityGroupsTestJSON:test_server_security_groups): 200 GET http://10.180.1.21/compute/v2.1/servers/b0ef5be2-c9e5-440e-b502-63396358f94c 0.059s
2025-04-03 06:14:16.964 69477 INFO tempest.lib.common.rest_client [req-8259ffe7-5d1b-414b-b297-82595bed0c33 req-8259ffe7-5d1b-414b-b297-82595bed0c33 ] Request (ServersNegativeTestMultiTenantJSON:tearDownClass): 200 GET http://10.180.1.21/compute/v2.1/servers/f6bba713-7cd6-40a5-ae76-c4d155536858 0.150s
2025-04-03 06:14:17.022 69463 WARNING tempest.lib.common.ssh [-] Failed to establish authenticated ssh connection to cirros@10.180.180.226 ([Errno None] Unable to connect to port 22 on 10.180.180.226). Number attempts: 5. Retry after 6 seconds.: paramiko.ssh_exception.NoValidConnectionsError: [Errno None] Unable to connect to port 22 on 10.180.180.226
2025-04-03 06:14:17.043 69459 INFO tempest.lib.common.rest_client [req-733e2e55-e210-4ea1-ac2c-30a9964bef0d req-733e2e55-e210-4ea1-ac2c-30a9964bef0d ] Request (ImagesTestJSON:test_create_image_from_stopped_server): 200 GET http://10.180.1.21/compute/v2.1/servers/29be81c5-006e-4633-94bb-c6bc007d6d0d 0.131s
2025-04-03 06:14:17.051 69459 INFO tempest.common.waiters [-] State transition "ACTIVE/powering-off" ==> "SHUTOFF/None" after 3 second wait
2025-04-03 06:14:17.132 69475 INFO tempest.lib.common.rest_client [req-661608a7-b77d-461c-88ee-1df15fb07ea9 req-661608a7-b77d-461c-88ee-1df15fb07ea9 ] Request (AttachInterfacesTestJSON:_run_cleanups): 200 GET http://10.180.1.21/compute/v2.1/servers/7db9e0be-ea98-4afc-8107-bfe3b9082b2f 0.062s
2025-04-03 06:14:17.307 69495 INFO tempest.lib.common.rest_client [req-a00f630d-d451-414e-918f-59996bb172eb req-a00f630d-d451-414e-918f-59996bb172eb ] Request (ListServersNegativeTestJSON:tearDownClass): 200 GET http://10.180.1.21/compute/v2.1/servers/d090a13b-9406-4b37-9b94-f9fb86c1efd5 0.118s
2025-04-03 06:14:17.396 69445 INFO tempest.lib.common.rest_client [req-f88f3990-9b97-4b60-a176-2f927c908441 req-f88f3990-9b97-4b60-a176-2f927c908441 ] Request (DeleteServersAdminTestJSON:test_delete_server_while_in_error_state): 200 GET http://10.180.1.21/compute/v2.1/servers/e2c46201-aa7b-49ae-b601-c37e0e701fa9 0.146s
2025-04-03 06:14:17.454 69457 INFO tempest.lib.common.rest_client [req-d14d3152-e24c-48c5-a651-54a4d5d0791d req-d14d3152-e24c-48c5-a651-54a4d5d0791d ] Request (ServerRescueTestJSONUnderV235:tearDownClass): 200 GET http://10.180.1.21/compute/v2.1/servers/cfcdbb9a-1982-49b5-a591-77770de08672 0.149s
2025-04-03 06:14:17.483 69459 INFO tempest.lib.common.rest_client [req-2f477fcd-13ca-4077-a8dc-505b2cf14190 req-2f477fcd-13ca-4077-a8dc-505b2cf14190 ] Request (ImagesTestJSON:test_create_image_from_stopped_server): 202 POST http://10.180.1.21/compute/v2.1/servers/29be81c5-006e-4633-94bb-c6bc007d6d0d/action 0.431s
2025-04-03 06:14:17.549 69439 INFO tempest.lib.common.rest_client [req-3733b805-95cd-44e9-a28c-324389c8e57f req-3733b805-95cd-44e9-a28c-324389c8e57f ] Request (ServersAdmin275Test:test_rebuild_update_server_275): 200 GET http://10.180.1.21/compute/v2.1/servers/2b3696ce-a9d7-43d3-aa7b-cd0743fa2ec9 0.137s
2025-04-03 06:14:17.562 69439 INFO tempest.common.waiters [-] State transition "BUILD/networking" ==> "BUILD/spawning" after 75 second wait
2025-04-03 06:14:17.567 69441 INFO tempest.lib.common.rest_client [req-4bc135ee-8b1a-4e40-abe6-ce7220f75358 req-4bc135ee-8b1a-4e40-abe6-ce7220f75358 ] Request (ServersTestManualDisk:tearDownClass): 200 GET http://10.180.1.21/compute/v2.1/servers/bfb80238-cb30-401e-a409-1939ea48ba2f 0.223s
2025-04-03 06:14:17.601 69491 INFO tempest.lib.common.rest_client [req-0bb184df-bd1c-4a70-b5f5-b49024acba1e req-0bb184df-bd1c-4a70-b5f5-b49024acba1e ] Request (ServerActionsTestOtherB:test_create_backup): 200 GET http://10.180.1.21/image/v2/images/656b95b6-37f7-412b-8e14-e3c4654dedb2 0.015s
2025-04-03 06:14:17.611 69459 INFO tempest.lib.common.rest_client [req-f1baa751-2e4e-46ce-acab-a321c8a1fcda req-f1baa751-2e4e-46ce-acab-a321c8a1fcda ] Request (ImagesTestJSON:test_create_image_from_stopped_server): 200 GET http://10.180.1.21/compute/v2.1/images/3886a568-fdce-4239-aa2b-1cb5186316b5 0.126s
2025-04-03 06:14:17.611 69443 INFO tempest.lib.common.rest_client [req-26a4aefc-8034-40fd-aa87-299ca9799f0c req-26a4aefc-8034-40fd-aa87-299ca9799f0c ] Request (FloatingIPsAssociationTestJSON:test_associate_already_associated_floating_ip): 200 GET http://10.180.1.21/compute/v2.1/servers/639739ab-736c-481d-8a0e-5a3e891c2cd3 0.154s
2025-04-03 06:14:17.675 69451 INFO tempest.lib.common.rest_client [req-4b978f0e-cf42-447d-8835-b8b29d8de661 req-4b978f0e-cf42-447d-8835-b8b29d8de661 ] Request (ServerDiskConfigTestJSON:test_rebuild_server_with_auto_disk_config): 200 GET http://10.180.1.21/compute/v2.1/servers/8b6ff94c-3431-43a5-8d63-e462d795d320 0.182s
2025-04-03 06:14:17.675 69449 INFO tempest.lib.common.rest_client [req-18810621-0505-47c0-ba41-201f739d4aac req-18810621-0505-47c0-ba41-201f739d4aac ] Request (ImagesOneServerNegativeTestJSON:_run_cleanups): 200 GET http://10.180.1.21/compute/v2.1/servers/936944d5-13f5-4f4e-b7d6-077148fc1c30 0.173s
2025-04-03 06:14:17.742 69455 INFO tempest.lib.common.rest_client [req-5ec493d3-1361-49d1-b1ba-aa2425cf151f req-5ec493d3-1361-49d1-b1ba-aa2425cf151f ] Request (ServerShowV247Test:test_update_rebuild_list_server): 200 GET http://10.180.1.21/compute/v2.1/servers/d688584d-4f22-4efd-8d7a-8ae346a98b69 0.181s
2025-04-03 06:14:17.750 69467 INFO tempest.lib.common.rest_client [req-db64831a-f5dd-4c35-a68a-8c6a2949326d req-db64831a-f5dd-4c35-a68a-8c6a2949326d ] Request (ServersNegativeTestJSON:setUpClass): 200 GET http://10.180.1.21/compute/v2.1/servers/d1f99284-f0dd-467b-8b71-138d07f7f0db 0.200s
2025-04-03 06:14:17.815 69485 INFO tempest.lib.common.rest_client [req-60e99bd3-86a7-4ff1-b364-9f3905cd176a req-60e99bd3-86a7-4ff1-b364-9f3905cd176a ] Request (ImagesOneServerTestJSON:tearDownClass): 200 GET http://10.180.1.21/compute/v2.1/servers/83722a45-99e4-4613-b7f8-00a84118573d 0.194s
2025-04-03 06:14:17.817 69453 INFO tempest.lib.common.rest_client [req-d6a44443-96de-4f3f-9ef7-1a7abae2a1af req-d6a44443-96de-4f3f-9ef7-1a7abae2a1af ] Request (ServersAdminTestJSON:test_inject_network_info): 200 GET http://10.180.1.21/compute/v2.1/servers/5d441593-c7b4-4080-ab9c-bca7279d7417 0.146s
2025-04-03 06:14:17.870 69465 INFO tempest.lib.common.rest_client [req-3c3a7980-f0ad-4f3d-8ef4-e9296c44835d req-3c3a7980-f0ad-4f3d-8ef4-e9296c44835d ] Request (ServerActionsTestOtherA:setUpClass): 200 GET http://10.180.1.21/compute/v2.1/servers/bbc797d1-94ff-4cca-9b5a-7aa07b0c3fb4 0.147s
2025-04-03 06:14:17.881 69483 INFO tempest.lib.common.rest_client [req-aebd48ce-319c-482a-a910-8f33f8e3284c req-aebd48ce-319c-482a-a910-8f33f8e3284c ] Request (ServersTestFqdnHostnames:test_create_server_with_fqdn_name): 200 GET http://10.180.1.21/compute/v2.1/servers/b1cf7049-0ff5-42cb-9c7f-df9e94ec63a4 0.150s
2025-04-03 06:14:17.945 69499 INFO tempest.lib.common.rest_client [req-8a67d53f-36a2-4fd3-9b42-363cf16605ab req-8a67d53f-36a2-4fd3-9b42-363cf16605ab ] Request (MigrationsAdminTest:test_resize_server_revert_deleted_flavor): 200 GET http://10.180.1.21/compute/v2.1/servers/c4d26567-05de-49c0-bc5f-9310cbd12847 0.069s
2025-04-03 06:14:18.034 69447 INFO tempest.lib.common.rest_client [req-1ed774d3-4349-4711-809c-bbe1fba6fde6 req-1ed774d3-4349-4711-809c-bbe1fba6fde6 ] Request (SecurityGroupsTestJSON:test_server_security_groups): 200 GET http://10.180.1.21/compute/v2.1/servers/b0ef5be2-c9e5-440e-b502-63396358f94c 0.079s
2025-04-03 06:14:18.057 69479 INFO tempest.lib.common.rest_client [req-70137565-fe3c-4fe5-a979-82667cac5b7d req-70137565-fe3c-4fe5-a979-82667cac5b7d ] Request (AttachVolumeShelveTestJSON:test_attach_volume_shelved_or_offload_server): 200 GET http://10.180.1.21/compute/v2.1/servers/bb46b420-8682-4a15-acac-6d4b65592f80 0.196s
2025-04-03 06:14:18.229 69475 INFO tempest.lib.common.rest_client [req-9d34e25c-36f3-4823-a019-0a18dcb9a66a req-9d34e25c-36f3-4823-a019-0a18dcb9a66a ] Request (AttachInterfacesTestJSON:_run_cleanups): 200 GET http://10.180.1.21/compute/v2.1/servers/7db9e0be-ea98-4afc-8107-bfe3b9082b2f 0.088s
2025-04-03 06:14:18.233 69477 INFO tempest.lib.common.rest_client [req-eab9939e-47f8-408f-b360-6eab63743311 req-eab9939e-47f8-408f-b360-6eab63743311 ] Request (ServersNegativeTestMultiTenantJSON:tearDownClass): 200 GET http://10.180.1.21/compute/v2.1/servers/f6bba713-7cd6-40a5-ae76-c4d155536858 0.259s
2025-04-03 06:14:18.402 69495 INFO tempest.lib.common.rest_client [req-40227ca5-c2ea-4904-9181-05e2282e0594 req-40227ca5-c2ea-4904-9181-05e2282e0594 ] Request (ListServersNegativeTestJSON:tearDownClass): 200 GET http://10.180.1.21/compute/v2.1/servers/d090a13b-9406-4b37-9b94-f9fb86c1efd5 0.087s
2025-04-03 06:14:18.480 69469 WARNING tempest.lib.common.ssh [-] Failed to establish authenticated ssh connection to cirros@10.180.180.132 ([Errno None] Unable to connect to port 22 on 10.180.180.132). Number attempts: 2. Retry after 3 seconds.: paramiko.ssh_exception.NoValidConnectionsError: [Errno None] Unable to connect to port 22 on 10.180.180.132
2025-04-03 06:14:18.487 69445 INFO tempest.lib.common.rest_client [req-2d030f04-5e24-4f9b-a0db-036ff74db768 req-2d030f04-5e24-4f9b-a0db-036ff74db768 ] Request (DeleteServersAdminTestJSON:test_delete_server_while_in_error_state): 200 GET http://10.180.1.21/compute/v2.1/servers/e2c46201-aa7b-49ae-b601-c37e0e701fa9 0.081s
2025-04-03 06:14:18.529 69457 INFO tempest.lib.common.rest_client [req-36f8ff22-5046-4798-a737-f402b1571878 req-36f8ff22-5046-4798-a737-f402b1571878 ] Request (ServerRescueTestJSONUnderV235:tearDownClass): 200 GET http://10.180.1.21/compute/v2.1/servers/cfcdbb9a-1982-49b5-a591-77770de08672 0.067s
2025-04-03 06:14:18.626 69491 INFO tempest.lib.common.rest_client [req-bf7cb9b9-e62a-46a4-9efe-6d1c883770a7 req-bf7cb9b9-e62a-46a4-9efe-6d1c883770a7 ] Request (ServerActionsTestOtherB:test_create_backup): 200 GET http://10.180.1.21/image/v2/images/656b95b6-37f7-412b-8e14-e3c4654dedb2 0.024s
2025-04-03 06:14:18.648 69439 INFO tempest.lib.common.rest_client [req-3609fec6-86cc-4008-9e63-91ce899d6869 req-3609fec6-86cc-4008-9e63-91ce899d6869 ] Request (ServersAdmin275Test:test_rebuild_update_server_275): 200 GET http://10.180.1.21/compute/v2.1/servers/2b3696ce-a9d7-43d3-aa7b-cd0743fa2ec9 0.085s
2025-04-03 06:14:18.684 69459 INFO tempest.lib.common.rest_client [req-331f24c8-c88e-4dcb-9be0-1c0bbc4ac7f0 req-331f24c8-c88e-4dcb-9be0-1c0bbc4ac7f0 ] Request (ImagesTestJSON:test_create_image_from_stopped_server): 200 GET http://10.180.1.21/compute/v2.1/images/3886a568-fdce-4239-aa2b-1cb5186316b5 0.069s
2025-04-03 06:14:18.701 69441 INFO tempest.lib.common.rest_client [req-dbbecabb-8ab1-4dab-8e6c-b640577b15bc req-dbbecabb-8ab1-4dab-8e6c-b640577b15bc ] Request (ServersTestManualDisk:tearDownClass): 200 GET http://10.180.1.21/compute/v2.1/servers/bfb80238-cb30-401e-a409-1939ea48ba2f 0.123s
2025-04-03 06:14:18.752 69443 INFO tempest.lib.common.rest_client [req-d1e9d9b7-3192-4f38-8e99-fe0c0de31be9 req-d1e9d9b7-3192-4f38-8e99-fe0c0de31be9 ] Request (FloatingIPsAssociationTestJSON:test_associate_already_associated_floating_ip): 200 GET http://10.180.1.21/compute/v2.1/servers/639739ab-736c-481d-8a0e-5a3e891c2cd3 0.130s
2025-04-03 06:14:18.765 69451 INFO tempest.lib.common.rest_client [req-74393aa8-10f4-498f-95fa-9a640d82b21e req-74393aa8-10f4-498f-95fa-9a640d82b21e ] Request (ServerDiskConfigTestJSON:test_rebuild_server_with_auto_disk_config): 200 GET http://10.180.1.21/compute/v2.1/servers/8b6ff94c-3431-43a5-8d63-e462d795d320 0.083s
2025-04-03 06:14:18.775 69451 INFO tempest.common.waiters [-] State transition "BUILD/None" ==> "BUILD/networking" after 76 second wait
2025-04-03 06:14:18.829 69449 INFO tempest.lib.common.rest_client [req-96016462-55c8-4189-84f1-cc0bc4281ca2 req-96016462-55c8-4189-84f1-cc0bc4281ca2 ] Request (ImagesOneServerNegativeTestJSON:_run_cleanups): 200 GET http://10.180.1.21/compute/v2.1/servers/936944d5-13f5-4f4e-b7d6-077148fc1c30 0.145s
2025-04-03 06:14:18.834 69455 INFO tempest.lib.common.rest_client [req-690cf8d7-818d-4687-a095-cff90eefbb80 req-690cf8d7-818d-4687-a095-cff90eefbb80 ] Request (ServerShowV247Test:test_update_rebuild_list_server): 200 GET http://10.180.1.21/compute/v2.1/servers/d688584d-4f22-4efd-8d7a-8ae346a98b69 0.077s
2025-04-03 06:14:18.896 69453 INFO tempest.lib.common.rest_client [req-4f847d68-2f0c-4971-afa5-652beb3e003a req-4f847d68-2f0c-4971-afa5-652beb3e003a ] Request (ServersAdminTestJSON:test_inject_network_info): 200 GET http://10.180.1.21/compute/v2.1/servers/5d441593-c7b4-4080-ab9c-bca7279d7417 0.071s
2025-04-03 06:14:18.967 69485 INFO tempest.lib.common.rest_client [req-69d2875e-15f4-47d4-bdd3-563db80c6f84 req-69d2875e-15f4-47d4-bdd3-563db80c6f84 ] Request (ImagesOneServerTestJSON:tearDownClass): 200 GET http://10.180.1.21/compute/v2.1/servers/83722a45-99e4-4613-b7f8-00a84118573d 0.143s
2025-04-03 06:14:19.022 69465 INFO tempest.lib.common.rest_client [req-fad38d3d-4bf2-48b8-8dba-d30049d24946 req-fad38d3d-4bf2-48b8-8dba-d30049d24946 ] Request (ServerActionsTestOtherA:setUpClass): 200 GET http://10.180.1.21/compute/v2.1/servers/bbc797d1-94ff-4cca-9b5a-7aa07b0c3fb4 0.140s
2025-04-03 06:14:19.083 69483 INFO tempest.lib.common.rest_client [req-a96a5b4c-838e-419f-93b0-0ebe3fe3d12f req-a96a5b4c-838e-419f-93b0-0ebe3fe3d12f ] Request (ServersTestFqdnHostnames:test_create_server_with_fqdn_name): 200 GET http://10.180.1.21/compute/v2.1/servers/b1cf7049-0ff5-42cb-9c7f-df9e94ec63a4 0.191s
2025-04-03 06:14:19.131 69467 INFO tempest.lib.common.rest_client [req-d3a7d56c-7350-4f1d-90c6-bab70025eb1e req-d3a7d56c-7350-4f1d-90c6-bab70025eb1e ] Request (ServersNegativeTestJSON:setUpClass): 200 GET http://10.180.1.21/compute/v2.1/servers/d1f99284-f0dd-467b-8b71-138d07f7f0db 0.370s
2025-04-03 06:14:19.149 69499 INFO tempest.lib.common.rest_client [req-38247e4f-5d3a-4c9f-b91e-5e9e7e811770 req-38247e4f-5d3a-4c9f-b91e-5e9e7e811770 ] Request (MigrationsAdminTest:test_resize_server_revert_deleted_flavor): 200 GET http://10.180.1.21/compute/v2.1/servers/c4d26567-05de-49c0-bc5f-9310cbd12847 0.190s
2025-04-03 06:14:19.181 69447 INFO tempest.lib.common.rest_client [req-bf678dbd-fb35-4f93-9dca-988b04aa61f5 req-bf678dbd-fb35-4f93-9dca-988b04aa61f5 ] Request (SecurityGroupsTestJSON:test_server_security_groups): 200 GET http://10.180.1.21/compute/v2.1/servers/b0ef5be2-c9e5-440e-b502-63396358f94c 0.135s
2025-04-03 06:14:19.232 69479 INFO tempest.lib.common.rest_client [req-f156985e-fe09-4d04-844f-f6345172c022 req-f156985e-fe09-4d04-844f-f6345172c022 ] Request (AttachVolumeShelveTestJSON:test_attach_volume_shelved_or_offload_server): 200 GET http://10.180.1.21/compute/v2.1/servers/bb46b420-8682-4a15-acac-6d4b65592f80 0.167s
2025-04-03 06:14:19.331 69475 INFO tempest.lib.common.rest_client [req-28b1f715-973b-44b8-9260-c4baa735c4ff req-28b1f715-973b-44b8-9260-c4baa735c4ff ] Request (AttachInterfacesTestJSON:_run_cleanups): 200 GET http://10.180.1.21/compute/v2.1/servers/7db9e0be-ea98-4afc-8107-bfe3b9082b2f 0.095s
2025-04-03 06:14:19.358 69477 INFO tempest.lib.common.rest_client [req-915d8a70-e34a-4fd6-96b2-88bc506e5d41 req-915d8a70-e34a-4fd6-96b2-88bc506e5d41 ] Request (ServersNegativeTestMultiTenantJSON:tearDownClass): 200 GET http://10.180.1.21/compute/v2.1/servers/f6bba713-7cd6-40a5-ae76-c4d155536858 0.113s
2025-04-03 06:14:19.442 69493 WARNING tempest.lib.common.ssh [-] Failed to establish authenticated ssh connection to cirros@10.180.180.140 ([Errno None] Unable to connect to port 22 on 10.180.180.140). Number attempts: 9. Retry after 10 seconds.: paramiko.ssh_exception.NoValidConnectionsError: [Errno None] Unable to connect to port 22 on 10.180.180.140
2025-04-03 06:14:19.483 69495 INFO tempest.lib.common.rest_client [req-2b354d3e-87ad-44eb-a3dd-3312915335b0 req-2b354d3e-87ad-44eb-a3dd-3312915335b0 ] Request (ListServersNegativeTestJSON:tearDownClass): 200 GET http://10.180.1.21/compute/v2.1/servers/d090a13b-9406-4b37-9b94-f9fb86c1efd5 0.067s
2025-04-03 06:14:19.490 69495 INFO tempest.common.waiters [-] State transition "ACTIVE/deleting" ==> "DELETED/None" after 3 second wait
2025-04-03 06:14:19.569 69445 INFO tempest.lib.common.rest_client [req-3669c080-5fbc-4f6b-a0d7-1447dbe70a00 req-3669c080-5fbc-4f6b-a0d7-1447dbe70a00 ] Request (DeleteServersAdminTestJSON:test_delete_server_while_in_error_state): 200 GET http://10.180.1.21/compute/v2.1/servers/e2c46201-aa7b-49ae-b601-c37e0e701fa9 0.073s
2025-04-03 06:14:19.611 69457 INFO tempest.lib.common.rest_client [req-77ec1645-91e4-4a2c-85b1-8eae4bc50e21 req-77ec1645-91e4-4a2c-85b1-8eae4bc50e21 ] Request (ServerRescueTestJSONUnderV235:tearDownClass): 200 GET http://10.180.1.21/compute/v2.1/servers/cfcdbb9a-1982-49b5-a591-77770de08672 0.072s
2025-04-03 06:14:19.646 69491 INFO tempest.lib.common.rest_client [req-42d0202d-39d2-4b17-9cc6-788d199b06bc req-42d0202d-39d2-4b17-9cc6-788d199b06bc ] Request (ServerActionsTestOtherB:test_create_backup): 200 GET http://10.180.1.21/image/v2/images/656b95b6-37f7-412b-8e14-e3c4654dedb2 0.018s
2025-04-03 06:14:19.725 69459 INFO tempest.lib.common.rest_client [req-fde10194-b9b5-4a2e-bf83-044f28658539 req-fde10194-b9b5-4a2e-bf83-044f28658539 ] Request (ImagesTestJSON:test_create_image_from_stopped_server): 200 GET http://10.180.1.21/compute/v2.1/images/3886a568-fdce-4239-aa2b-1cb5186316b5 0.037s
2025-04-03 06:14:19.731 69439 INFO tempest.lib.common.rest_client [req-2dcb88c8-f236-4e95-adc6-1e9ece309a0b req-2dcb88c8-f236-4e95-adc6-1e9ece309a0b ] Request (ServersAdmin275Test:test_rebuild_update_server_275): 200 GET http://10.180.1.21/compute/v2.1/servers/2b3696ce-a9d7-43d3-aa7b-cd0743fa2ec9 0.068s
2025-04-03 06:14:19.790 69441 INFO tempest.lib.common.rest_client [req-4e0db3b9-2328-45c9-8fc3-3b0c9e6f2f7a req-4e0db3b9-2328-45c9-8fc3-3b0c9e6f2f7a ] Request (ServersTestManualDisk:tearDownClass): 200 GET http://10.180.1.21/compute/v2.1/servers/bfb80238-cb30-401e-a409-1939ea48ba2f 0.081s
2025-04-03 06:14:19.843 69443 INFO tempest.lib.common.rest_client [req-895b0f19-d86e-4c11-b942-ecc3b8fa7006 req-895b0f19-d86e-4c11-b942-ecc3b8fa7006 ] Request (FloatingIPsAssociationTestJSON:test_associate_already_associated_floating_ip): 200 GET http://10.180.1.21/compute/v2.1/servers/639739ab-736c-481d-8a0e-5a3e891c2cd3 0.078s
2025-04-03 06:14:19.897 69449 INFO tempest.lib.common.rest_client [req-d5655287-cebf-4415-9308-ca8da4a7b2f6 req-d5655287-cebf-4415-9308-ca8da4a7b2f6 ] Request (ImagesOneServerNegativeTestJSON:_run_cleanups): 200 GET http://10.180.1.21/compute/v2.1/servers/936944d5-13f5-4f4e-b7d6-077148fc1c30 0.057s
2025-04-03 06:14:19.948 69451 INFO tempest.lib.common.rest_client [req-da53ec88-8328-4a41-9db7-f3df35835583 req-da53ec88-8328-4a41-9db7-f3df35835583 ] Request (ServerDiskConfigTestJSON:test_rebuild_server_with_auto_disk_config): 200 GET http://10.180.1.21/compute/v2.1/servers/8b6ff94c-3431-43a5-8d63-e462d795d320 0.172s
2025-04-03 06:14:19.955 69451 INFO tempest.common.waiters [-] State transition "BUILD/networking" ==> "BUILD/block_device_mapping" after 77 second wait
2025-04-03 06:14:19.964 69455 INFO tempest.lib.common.rest_client [req-344dd69c-febf-4a14-abde-b04a0859e51f req-344dd69c-febf-4a14-abde-b04a0859e51f ] Request (ServerShowV247Test:test_update_rebuild_list_server): 200 GET http://10.180.1.21/compute/v2.1/servers/d688584d-4f22-4efd-8d7a-8ae346a98b69 0.117s
2025-04-03 06:14:20.005 69453 INFO tempest.lib.common.rest_client [req-c70199fc-0d3b-486a-b47e-71639f6a8bf5 req-c70199fc-0d3b-486a-b47e-71639f6a8bf5 ] Request (ServersAdminTestJSON:test_inject_network_info): 200 GET http://10.180.1.21/compute/v2.1/servers/5d441593-c7b4-4080-ab9c-bca7279d7417 0.099s
2025-04-03 06:14:20.052 69485 INFO tempest.lib.common.rest_client [req-02707890-91c8-4836-afde-e39a4fc40078 req-02707890-91c8-4836-afde-e39a4fc40078 ] Request (ImagesOneServerTestJSON:tearDownClass): 200 GET http://10.180.1.21/compute/v2.1/servers/83722a45-99e4-4613-b7f8-00a84118573d 0.075s
2025-04-03 06:14:20.091 69465 INFO tempest.lib.common.rest_client [req-cc0aa9f2-17dc-4146-b113-acd959812082 req-cc0aa9f2-17dc-4146-b113-acd959812082 ] Request (ServerActionsTestOtherA:setUpClass): 200 GET http://10.180.1.21/compute/v2.1/servers/bbc797d1-94ff-4cca-9b5a-7aa07b0c3fb4 0.059s
2025-04-03 06:14:20.149 69483 INFO tempest.lib.common.rest_client [req-898a78d7-9925-4049-9af4-8c75244ab027 req-898a78d7-9925-4049-9af4-8c75244ab027 ] Request (ServersTestFqdnHostnames:test_create_server_with_fqdn_name): 200 GET http://10.180.1.21/compute/v2.1/servers/b1cf7049-0ff5-42cb-9c7f-df9e94ec63a4 0.056s
2025-04-03 06:14:20.205 69467 INFO tempest.lib.common.rest_client [req-de7f4409-4177-4388-865e-ddf46eefe77e req-de7f4409-4177-4388-865e-ddf46eefe77e ] Request (ServersNegativeTestJSON:setUpClass): 200 GET http://10.180.1.21/compute/v2.1/servers/d1f99284-f0dd-467b-8b71-138d07f7f0db 0.061s
2025-04-03 06:14:20.218 69499 INFO tempest.lib.common.rest_client [req-a7c9a46b-9f55-405b-aab6-ef612d3badfe req-a7c9a46b-9f55-405b-aab6-ef612d3badfe ] Request (MigrationsAdminTest:test_resize_server_revert_deleted_flavor): 200 GET http://10.180.1.21/compute/v2.1/servers/c4d26567-05de-49c0-bc5f-9310cbd12847 0.061s
2025-04-03 06:14:20.266 69447 INFO tempest.lib.common.rest_client [req-7c4926e8-7fa7-458e-ab36-1e70cca839f5 req-7c4926e8-7fa7-458e-ab36-1e70cca839f5 ] Request (SecurityGroupsTestJSON:test_server_security_groups): 200 GET http://10.180.1.21/compute/v2.1/servers/b0ef5be2-c9e5-440e-b502-63396358f94c 0.077s
2025-04-03 06:14:20.334 69479 INFO tempest.lib.common.rest_client [req-6b2f2e2a-d609-4b8d-b36b-8c86e9e0b4bf req-6b2f2e2a-d609-4b8d-b36b-8c86e9e0b4bf ] Request (AttachVolumeShelveTestJSON:test_attach_volume_shelved_or_offload_server): 200 GET http://10.180.1.21/compute/v2.1/servers/bb46b420-8682-4a15-acac-6d4b65592f80 0.093s
2025-04-03 06:14:20.405 69475 INFO tempest.lib.common.rest_client [req-e779c661-1dee-4a04-9718-6970d036663f req-e779c661-1dee-4a04-9718-6970d036663f ] Request (AttachInterfacesTestJSON:_run_cleanups): 200 GET http://10.180.1.21/compute/v2.1/servers/7db9e0be-ea98-4afc-8107-bfe3b9082b2f 0.064s
2025-04-03 06:14:20.467 69477 INFO tempest.lib.common.rest_client [req-a4a124ed-3248-4c81-9ec6-29edf84e5a5f req-a4a124ed-3248-4c81-9ec6-29edf84e5a5f ] Request (ServersNegativeTestMultiTenantJSON:tearDownClass): 200 GET http://10.180.1.21/compute/v2.1/servers/f6bba713-7cd6-40a5-ae76-c4d155536858 0.098s
2025-04-03 06:14:20.553 69495 INFO tempest.lib.common.rest_client [req-ad903b7c-7008-4aaf-8976-3c4eb09d2bf4 req-ad903b7c-7008-4aaf-8976-3c4eb09d2bf4 ] Request (ListServersNegativeTestJSON:tearDownClass): 200 GET http://10.180.1.21/compute/v2.1/servers/d090a13b-9406-4b37-9b94-f9fb86c1efd5 0.061s
2025-04-03 06:14:20.642 69445 INFO tempest.lib.common.rest_client [req-e223f602-bcc5-4f67-8d0d-0ba7d6dd3df9 req-e223f602-bcc5-4f67-8d0d-0ba7d6dd3df9 ] Request (DeleteServersAdminTestJSON:test_delete_server_while_in_error_state): 200 GET http://10.180.1.21/compute/v2.1/servers/e2c46201-aa7b-49ae-b601-c37e0e701fa9 0.066s
2025-04-03 06:14:20.662 69491 INFO tempest.lib.common.rest_client [req-524a73fc-c4cd-4317-940c-dfce203417cc req-524a73fc-c4cd-4317-940c-dfce203417cc ] Request (ServerActionsTestOtherB:test_create_backup): 200 GET http://10.180.1.21/image/v2/images/656b95b6-37f7-412b-8e14-e3c4654dedb2 0.014s
2025-04-03 06:14:20.696 69457 INFO tempest.lib.common.rest_client [req-6a41c0a8-f062-48f8-97d6-dd4e470eddcd req-6a41c0a8-f062-48f8-97d6-dd4e470eddcd ] Request (ServerRescueTestJSONUnderV235:tearDownClass): 200 GET http://10.180.1.21/compute/v2.1/servers/cfcdbb9a-1982-49b5-a591-77770de08672 0.077s
2025-04-03 06:14:20.765 69459 INFO tempest.lib.common.rest_client [req-edb2052c-95c0-4e0e-b29d-b7d93b6fd3e9 req-edb2052c-95c0-4e0e-b29d-b7d93b6fd3e9 ] Request (ImagesTestJSON:test_create_image_from_stopped_server): 200 GET http://10.180.1.21/compute/v2.1/images/3886a568-fdce-4239-aa2b-1cb5186316b5 0.034s
