2025-04-03 06:14:40.732 69459 INFO tempest.lib.common.rest_client [req-c4fe240a-783f-4712-9582-5c277ff40d64 req-c4fe240a-783f-4712-9582-5c277ff40d64 ] Request (ImagesTestJSON:test_create_image_from_suspended_server): 200 GET http://10.180.1.21/compute/v2.1/servers/0e0e5d1e-ea85-4fd9-a5fe-f98d36b898ee 0.817s
2025-04-03 06:14:40.761 69451 INFO tempest.lib.common.rest_client [req-3db35ee0-a4d3-4941-872a-eb30fcf153e5 req-3db35ee0-a4d3-4941-872a-eb30fcf153e5 ] Request (ServerDiskConfigTestJSON:test_rebuild_server_with_auto_disk_config): 200 GET http://10.180.1.21/compute/v2.1/servers/8b6ff94c-3431-43a5-8d63-e462d795d320 0.879s
2025-04-03 06:14:40.769 69451 INFO tempest.common.waiters [-] State transition "REBUILD/rebuild_spawning" ==> "ACTIVE/None" after 10 second wait
2025-04-03 06:14:40.791 69499 INFO tempest.lib.common.rest_client [req-37da8cb6-2da4-4acd-8b42-2eaf29877e00 req-37da8cb6-2da4-4acd-8b42-2eaf29877e00 ] Request (MigrationsAdminTest:test_resize_server_revert_deleted_flavor): 200 GET http://10.180.1.21/compute/v2.1/servers/c4d26567-05de-49c0-bc5f-9310cbd12847 0.848s
2025-04-03 06:14:40.800 69485 INFO tempest.lib.common.rest_client [req-9416a86d-599c-490b-8fe8-bfaa3861a04d req-9416a86d-599c-490b-8fe8-bfaa3861a04d ] Request (AttachVolumeNegativeTest:setUpClass): 200 PUT http://10.180.1.21:9696/networking/v2.0/routers/3f806719-9bb0-41e4-955b-f7a71baa5b77/add_router_interface 1.907s
2025-04-03 06:14:40.800 69485 INFO tempest.lib.common.dynamic_creds [-] Created isolated network resources for: credentials: Credentials: {'domain_id': 'default', 'domain_name': 'Default', 'username': 'tempest-AttachVolumeNegativeTest-80207527-project-member', 'project_domain_id': 'default', 'project_domain_name': 'Default', 'project_id': 'e142292754a94c6794692a009d29b912', 'project_name': 'tempest-AttachVolumeNegativeTest-80207527', 'tenant_id': 'e142292754a94c6794692a009d29b912', 'tenant_name': 'tempest-AttachVolumeNegativeTest-80207527', 'user_domain_id': 'default', 'user_domain_name': 'Default', 'user_id': 'f34c6353ad4d43d5a7be2bc3a3b43d9a', 'system': None}, Network: {'id': '75d63c67-e7fb-4a86-918d-761f8fd0d5a2', 'name': 'tempest-AttachVolumeNegativeTest-48877585-network', 'tenant_id': 'e142292754a94c6794692a009d29b912', 'admin_state_up': True, 'mtu': 8950, 'status': 'ACTIVE', 'subnets': [], 'shared': False, 'project_id': 'e142292754a94c6794692a009d29b912', 'port_security_enabled': True, 'router:external': False, 'provider:network_type': 'vlan', 'provider:physical_network': 'default', 'provider:segmentation_id': 537, 'availability_zone_hints': [], 'availability_zones': [], 'ipv4_address_scope': None, 'ipv6_address_scope': None, 'description': '', 'tags': [], 'created_at': '2025-04-03T06:14:37Z', 'updated_at': '2025-04-03T06:14:37Z', 'revision_number': 1}, Subnet: {'id': '3cab188c-c23f-4788-bac2-2b838874d77f', 'name': 'tempest-AttachVolumeNegativeTest-48877585-subnet', 'tenant_id': 'e142292754a94c6794692a009d29b912', 'network_id': '75d63c67-e7fb-4a86-918d-761f8fd0d5a2', 'ip_version': 4, 'subnetpool_id': None, 'enable_dhcp': True, 'ipv6_ra_mode': None, 'ipv6_address_mode': None, 'gateway_ip': '192.168.128.1', 'cidr': '192.168.128.0/28', 'allocation_pools': [{'start': '192.168.128.2', 'end': '192.168.128.14'}], 'host_routes': [], 'dns_nameservers': [], 'description': '', 'router:external': False, 'service_types': [], 'tags': [], 'created_at': '2025-04-03T06:14:37Z', 'updated_at': '2025-04-03T06:14:37Z', 'revision_number': 0, 'project_id': 'e142292754a94c6794692a009d29b912'}, Router: {'id': '3f806719-9bb0-41e4-955b-f7a71baa5b77', 'name': 'tempest-AttachVolumeNegativeTest-48877585-router', 'tenant_id': 'e142292754a94c6794692a009d29b912', 'admin_state_up': True, 'status': 'ACTIVE', 'external_gateway_info': {'network_id': '3ef583ee-5d70-4fac-95d6-2f6489d4efa9', 'external_fixed_ips': [{'subnet_id': '785fcc5d-97dd-4230-976e-02219bb30b28', 'ip_address': '10.180.180.146'}], 'enable_snat': True}, 'description': '', 'availability_zones': [], 'distributed': False, 'ha': False, 'availability_zone_hints': [], 'routes': [], 'flavor_id': None, 'tags': [], 'created_at': '2025-04-03T06:14:37Z', 'updated_at': '2025-04-03T06:14:38Z', 'revision_number': 2, 'project_id': 'e142292754a94c6794692a009d29b912'}
2025-04-03 06:14:40.898 69483 INFO tempest.lib.common.rest_client [req-5102eccd-fb6b-4830-bfd4-c29c687287c3 req-5102eccd-fb6b-4830-bfd4-c29c687287c3 ] Request (ServersTestFqdnHostnames:test_create_server_with_fqdn_name): 200 GET http://10.180.1.21/compute/v2.1/servers/b1cf7049-0ff5-42cb-9c7f-df9e94ec63a4 0.819s
2025-04-03 06:14:40.902 69485 INFO tempest.lib.common.rest_client [req-1e7e0e83-197f-45ab-a9b5-47d075ecf162 req-1e7e0e83-197f-45ab-a9b5-47d075ecf162 ] Request (AttachVolumeNegativeTest:setUpClass): 201 POST http://10.180.1.21/identity/v3/auth/tokens 0.098s
2025-04-03 06:14:40.916 69467 INFO tempest.lib.common.rest_client [req-27358908-7cd2-453e-b192-dff74e6382ba req-27358908-7cd2-453e-b192-dff74e6382ba ] Request (ServersNegativeTestJSON:setUpClass): 200 GET http://10.180.1.21/compute/v2.1/servers/d1f99284-f0dd-467b-8b71-138d07f7f0db 0.890s
2025-04-03 06:14:40.925 69467 INFO tempest.common.waiters [-] State transition "BUILD/networking" ==> "BUILD/spawning" after 61 second wait
2025-04-03 06:14:41.053 69449 INFO tempest.lib.common.rest_client [req-acbfd259-d7aa-45d6-8e88-1ba517a9ec82 req-acbfd259-d7aa-45d6-8e88-1ba517a9ec82 ] Request (ImagesOneServerNegativeTestJSON:_run_cleanups): 200 GET http://10.180.1.21/compute/v2.1/servers/936944d5-13f5-4f4e-b7d6-077148fc1c30 0.465s
2025-04-03 06:14:41.056 69471 INFO tempest.lib.common.rest_client [req-49dab4af-7ad9-4dae-9c19-7a8217ea57d4 req-49dab4af-7ad9-4dae-9c19-7a8217ea57d4 ] Request (VolumesAssistedSnapshotsTest:tearDownClass): 200 GET http://10.180.1.21/compute/v2.1/servers/c731ada9-1eae-4f0f-a9d5-dc9a04f5cae3 0.762s
2025-04-03 06:14:41.082 69445 INFO tempest.lib.common.rest_client [req-f81fd9c4-3cd6-46a5-bad8-e05cc790dad9 req-f81fd9c4-3cd6-46a5-bad8-e05cc790dad9 ] Request (FlavorsExtraSpecsNegativeTestJSON:tearDownClass): 200 GET http://10.180.1.21/compute/v2.1/flavors/detail 0.478s
2025-04-03 06:14:41.156 69457 INFO tempest.lib.common.rest_client [req-9fb80a7e-25e3-4b79-ac4a-bd9ad9f06e6b req-9fb80a7e-25e3-4b79-ac4a-bd9ad9f06e6b ] Request (ServerShowV254Test:test_rebuild_server): 200 GET http://10.180.1.21/compute/v2.1/servers/ddeb6757-1690-41e8-bdc1-87dadc34788d 0.440s
2025-04-03 06:14:41.170 69457 INFO tempest.common.waiters [-] State transition "BUILD/scheduling" ==> "BUILD/None" after 2 second wait
2025-04-03 06:14:41.188 69463 INFO tempest.lib.common.rest_client [req-6a6ba40d-32e5-49cf-b046-a3b0a07b97cb req-6a6ba40d-32e5-49cf-b046-a3b0a07b97cb ] Request (AttachInterfacesUnderV243Test:_run_cleanups): 200 GET http://10.180.1.21/compute/v2.1/servers/70204f64-9421-4c9a-a654-c63b6ec37d46 0.568s
2025-04-03 06:14:41.241 69445 INFO tempest.lib.common.rest_client [req-1564e97c-7f19-4af4-88b6-d04dc26c03fd req-1564e97c-7f19-4af4-88b6-d04dc26c03fd ] Request (FlavorsExtraSpecsNegativeTestJSON:tearDownClass): 204 DELETE http://10.180.1.21/identity/v3/users/ab7ba796787f437ab9a730cfdb7fce4a 0.154s
2025-04-03 06:14:41.263 69475 INFO tempest.lib.common.rest_client [req-6fb05532-4b31-45d1-b2b1-66899c42a386 req-6fb05532-4b31-45d1-b2b1-66899c42a386 ] Request (AttachInterfacesTestJSON:_run_cleanups): 200 GET http://10.180.1.21/compute/v2.1/servers/7db9e0be-ea98-4afc-8107-bfe3b9082b2f 0.446s
2025-04-03 06:14:41.278 69451 INFO tempest.lib.common.rest_client [req-b5cb912a-8ddf-4916-bd6f-464a63e79a01 req-b5cb912a-8ddf-4916-bd6f-464a63e79a01 ] Request (ServerDiskConfigTestJSON:test_rebuild_server_with_auto_disk_config): 200 GET http://10.180.1.21/compute/v2.1/servers/8b6ff94c-3431-43a5-8d63-e462d795d320 0.509s
2025-04-03 06:14:41.380 69477 INFO tempest.lib.common.rest_client [req-5f782a78-54a7-4d43-baaa-0ac3dfc8b58f req-5f782a78-54a7-4d43-baaa-0ac3dfc8b58f ] Request (ServersNegativeTestMultiTenantJSON:tearDownClass): 200 GET http://10.180.1.21/compute/v2.1/servers/f6bba713-7cd6-40a5-ae76-c4d155536858 0.454s
2025-04-03 06:14:41.401 69445 INFO tempest.lib.common.rest_client [req-d8277afe-bb07-4bcd-a170-b7b4ee9560d2 req-d8277afe-bb07-4bcd-a170-b7b4ee9560d2 ] Request (FlavorsExtraSpecsNegativeTestJSON:tearDownClass): 204 DELETE http://10.180.1.21/identity/v3/users/1150f1606cc54397ad694a9aae25c40a 0.160s
2025-04-03 06:14:41.402 69445 INFO tempest.lib.common.dynamic_creds [-] Deleting project and security group for project: 707dc6c7b0f943c08b577500d10f332b
2025-04-03 06:14:41.450 69491 INFO tempest.lib.common.rest_client [req-de659b49-873c-4ed1-be83-4d99b0fd26fa req-de659b49-873c-4ed1-be83-4d99b0fd26fa ] Request (ServerActionsTestOtherB:test_create_backup): 200 GET http://10.180.1.21/image/v2/images/088473ff-3819-47a4-b364-b1f1dc33df31 0.019s
2025-04-03 06:14:41.470 69485 INFO tempest.lib.common.rest_client [req-b39d0699-1937-4d4a-9315-f5c4061c12a6 req-b39d0699-1937-4d4a-9315-f5c4061c12a6 ] Request (ValidationResourcesFixture:setUp): 200 POST http://10.180.1.21/compute/v2.1/os-keypairs 0.566s
2025-04-03 06:14:41.472 69493 INFO paramiko.transport [-] Connected (version 2.0, client dropbear_2020.81)
2025-04-03 06:14:41.484 69445 INFO tempest.lib.common.rest_client [req-2c15f56c-f004-43bf-bf3b-b905ac3f55b8 req-2c15f56c-f004-43bf-bf3b-b905ac3f55b8 ] Request (FlavorsExtraSpecsNegativeTestJSON:tearDownClass): 201 POST http://10.180.1.21/identity/v3/auth/tokens 0.082s
2025-04-03 06:14:41.493 69495 INFO tempest.lib.common.rest_client [req-86c50a67-74df-4d4c-b73c-7c1edc140bed req-86c50a67-74df-4d4c-b73c-7c1edc140bed ] Request (ListServersNegativeTestJSON:tearDownClass): 200 GET http://10.180.1.21/compute/v2.1/servers/d090a13b-9406-4b37-9b94-f9fb86c1efd5 0.460s
2025-04-03 06:14:41.538 69493 INFO paramiko.transport [-] Authentication (publickey) successful!
2025-04-03 06:14:41.539 69493 INFO tempest.lib.common.ssh [-] ssh connection to cirros@10.180.180.140 successfully created
2025-04-03 06:14:41.581 69451 INFO tempest.lib.common.rest_client [req-a5f24eac-39df-43c9-8942-1f3f697da6c9 req-a5f24eac-39df-43c9-8942-1f3f697da6c9 ] Request (ServerDiskConfigTestJSON:_run_cleanups): 204 DELETE http://10.180.1.21/compute/v2.1/servers/8b6ff94c-3431-43a5-8d63-e462d795d320 0.294s
2025-04-03 06:14:41.591 69447 INFO tempest.lib.common.rest_client [req-7b4fdd9b-fc75-48b9-a9cb-36269046e16d req-7b4fdd9b-fc75-48b9-a9cb-36269046e16d ] Request (SecurityGroupsTestJSON:test_server_security_groups): 200 GET http://10.180.1.21/compute/v2.1/servers/b0ef5be2-c9e5-440e-b502-63396358f94c 0.541s
2025-04-03 06:14:41.606 69447 INFO tempest.common.waiters [-] State transition "HARD_REBOOT/rebooting_hard" ==> "ACTIVE/None" after 5 second wait
2025-04-03 06:14:41.660 69451 INFO tempest.lib.common.rest_client [req-26e88df8-60e3-4bdc-b65e-751e19b50db2 req-26e88df8-60e3-4bdc-b65e-751e19b50db2 ] Request (ServerDiskConfigTestJSON:test_rebuild_server_with_manual_disk_config): 201 POST http://10.180.1.21/identity/v3/auth/tokens 0.065s
2025-04-03 06:14:41.661 69451 INFO tempest.lib.common.fixed_network [-] (ServerDiskConfigTestJSON:test_rebuild_server_with_manual_disk_config) Found network {'id': '87216435-9748-4508-a05e-404abf0f2ac7', 'name': 'tempest-ServerDiskConfigTestJSON-1183464746-network', 'tenant_id': '3483f515656c4684a800409d1728d369', 'admin_state_up': True, 'mtu': 8950, 'status': 'ACTIVE', 'subnets': [], 'shared': False, 'project_id': '3483f515656c4684a800409d1728d369', 'port_security_enabled': True, 'router:external': False, 'provider:network_type': 'vlan', 'provider:physical_network': 'default', 'provider:segmentation_id': 871, 'availability_zone_hints': [], 'availability_zones': [], 'ipv4_address_scope': None, 'ipv6_address_scope': None, 'description': '', 'tags': [], 'created_at': '2025-04-03T06:12:57Z', 'updated_at': '2025-04-03T06:12:58Z', 'revision_number': 1} available for tenant
2025-04-03 06:14:41.681 69443 INFO tempest.lib.common.rest_client [req-37d2a821-2a0c-4e4d-89d1-376cb7803c9d req-37d2a821-2a0c-4e4d-89d1-376cb7803c9d ] Request (FloatingIPsAssociationTestJSON:test_associate_already_associated_floating_ip): 200 GET http://10.180.1.21/compute/v2.1/servers/639739ab-736c-481d-8a0e-5a3e891c2cd3 0.305s
2025-04-03 06:14:41.698 69453 INFO tempest.lib.common.rest_client [req-8ac48047-5330-4a6b-8c23-fa524c324b55 req-8ac48047-5330-4a6b-8c23-fa524c324b55 ] Request (ServersAdminTestJSON:test_inject_network_info): 200 GET http://10.180.1.21/compute/v2.1/servers/5d441593-c7b4-4080-ab9c-bca7279d7417 0.287s
2025-04-03 06:14:41.702 69485 INFO tempest.lib.common.rest_client [req-9e2fd93a-0570-4cdc-9ecb-c94507453522 req-9e2fd93a-0570-4cdc-9ecb-c94507453522 ] Request (ValidationResourcesFixture:setUp): 201 POST http://10.180.1.21:9696/networking/v2.0/security-groups 0.231s
2025-04-03 06:14:41.800 69439 INFO tempest.lib.common.rest_client [req-368313e4-5757-43f5-9221-b1254abf9e01 req-368313e4-5757-43f5-9221-b1254abf9e01 ] Request (ServersAdmin275Test:_run_cleanups): 200 GET http://10.180.1.21/compute/v2.1/servers/2b3696ce-a9d7-43d3-aa7b-cd0743fa2ec9 0.278s
2025-04-03 06:14:41.816 69439 INFO tempest.common.waiters [-] State transition "REBUILD/rebuilding" ==> "REBUILD/rebuild_spawning" after 3 second wait
2025-04-03 06:14:41.830 69441 INFO tempest.lib.common.rest_client [req-22d08a40-1300-4e24-a6a9-c0f575bd24fd req-22d08a40-1300-4e24-a6a9-c0f575bd24fd ] Request (ServersTestManualDisk:tearDownClass): 200 GET http://10.180.1.21/compute/v2.1/servers/bfb80238-cb30-401e-a409-1939ea48ba2f 0.298s
2025-04-03 06:14:41.864 69493 INFO tempest.lib.common.rest_client [req-a9f67e90-7881-4e7f-a72b-462b4dfff2db req-a9f67e90-7881-4e7f-a72b-462b4dfff2db ] Request (VolumesAdminNegativeTest:test_update_attached_volume_with_nonexistent_volume_in_body): 202 POST http://10.180.1.21/volume/v3/volumes 0.324s
2025-04-03 06:14:41.893 69489 INFO tempest.lib.common.rest_client [req-d141f923-746d-49ce-8e0c-37d32011332d req-d141f923-746d-49ce-8e0c-37d32011332d ] Request (ServersWithSpecificFlavorTestJSON:test_verify_created_server_ephemeral_disk): 200 GET http://10.180.1.21/compute/v2.1/servers/99fe6fb9-9965-4811-ba4c-a0084eb2672b 0.304s
2025-04-03 06:14:41.918 69493 INFO tempest.lib.common.rest_client [req-4c4eaa40-cb4a-4fc1-873a-bdcc2f4f779a req-4c4eaa40-cb4a-4fc1-873a-bdcc2f4f779a ] Request (VolumesAdminNegativeTest:test_update_attached_volume_with_nonexistent_volume_in_body): 200 GET http://10.180.1.21/volume/v3/volumes/e6e54e05-4bff-437a-b6a4-b62bed418943 0.045s
2025-04-03 06:14:41.936 69445 INFO tempest.lib.common.rest_client [req-b57dd6e4-e571-4b9f-9e9a-aeac5f87e5a4 req-b57dd6e4-e571-4b9f-9e9a-aeac5f87e5a4 ] Request (FlavorsExtraSpecsNegativeTestJSON:tearDownClass): 200 GET http://10.180.1.21:9696/networking/v2.0/security-groups?tenant_id=707dc6c7b0f943c08b577500d10f332b&name=default 0.452s
2025-04-03 06:14:42.055 69485 INFO tempest.lib.common.rest_client [req-149d4782-eb3d-439c-93cd-03a8dbfe69bd req-149d4782-eb3d-439c-93cd-03a8dbfe69bd ] Request (ValidationResourcesFixture:setUp): 201 POST http://10.180.1.21:9696/networking/v2.0/security-group-rules 0.351s
2025-04-03 06:14:42.101 69445 INFO tempest.lib.common.rest_client [req-afe7fe1e-9318-4753-90da-aaed0bc2e748 req-afe7fe1e-9318-4753-90da-aaed0bc2e748 ] Request (FlavorsExtraSpecsNegativeTestJSON:tearDownClass): 204 DELETE http://10.180.1.21:9696/networking/v2.0/security-groups/ed433b6c-4449-47df-9f08-b489a0229600 0.164s
2025-04-03 06:14:42.205 69445 INFO tempest.lib.common.rest_client [req-07ce4ea4-e460-4e66-85b7-b40e229b8167 req-07ce4ea4-e460-4e66-85b7-b40e229b8167 ] Request (FlavorsExtraSpecsNegativeTestJSON:tearDownClass): 204 DELETE http://10.180.1.21/identity/v3/projects/707dc6c7b0f943c08b577500d10f332b 0.103s
2025-04-03 06:14:42.206 69445 INFO tempest.lib.common.dynamic_creds [-] Deleting project and security group for project: 6fad4d3c263d439f890cb1910b878e6c
2025-04-03 06:14:42.314 69485 INFO tempest.lib.common.rest_client [req-da1f22df-87b0-42ee-902b-b476d46d5b1c req-da1f22df-87b0-42ee-902b-b476d46d5b1c ] Request (ValidationResourcesFixture:setUp): 201 POST http://10.180.1.21:9696/networking/v2.0/security-group-rules 0.259s
2025-04-03 06:14:42.475 69491 INFO tempest.lib.common.rest_client [req-e1854211-bcd9-4758-af21-952aad31877a req-e1854211-bcd9-4758-af21-952aad31877a ] Request (ServerActionsTestOtherB:test_create_backup): 200 GET http://10.180.1.21/image/v2/images/088473ff-3819-47a4-b364-b1f1dc33df31 0.023s
2025-04-03 06:14:42.503 69445 INFO tempest.lib.common.rest_client [req-b7ed56b2-8618-4d13-bdac-fd5f28a7f041 req-b7ed56b2-8618-4d13-bdac-fd5f28a7f041 ] Request (FlavorsExtraSpecsNegativeTestJSON:tearDownClass): 200 GET http://10.180.1.21:9696/networking/v2.0/security-groups?tenant_id=6fad4d3c263d439f890cb1910b878e6c&name=default 0.297s
2025-04-03 06:14:42.519 69451 INFO tempest.lib.common.rest_client [req-a23bb1ba-4b0e-432f-8585-6cae2e7cae66 req-a23bb1ba-4b0e-432f-8585-6cae2e7cae66 ] Request (ServerDiskConfigTestJSON:test_rebuild_server_with_manual_disk_config): 202 POST http://10.180.1.21/compute/v2.1/servers 0.857s
2025-04-03 06:14:42.649 69455 INFO tempest.lib.common.rest_client [req-a18c06d6-d008-4971-a712-46933da2853b req-a18c06d6-d008-4971-a712-46933da2853b ] Request (ServerShowV247Test:test_update_rebuild_list_server): 200 GET http://10.180.1.21/compute/v2.1/servers/d688584d-4f22-4efd-8d7a-8ae346a98b69 0.966s
2025-04-03 06:14:42.741 69459 INFO tempest.lib.common.rest_client [req-f9abe880-5502-4fdd-a6ae-8602f00567cb req-f9abe880-5502-4fdd-a6ae-8602f00567cb ] Request (ImagesTestJSON:test_create_image_from_suspended_server): 200 GET http://10.180.1.21/compute/v2.1/servers/0e0e5d1e-ea85-4fd9-a5fe-f98d36b898ee 1.000s
2025-04-03 06:14:42.775 69447 INFO tempest.lib.common.rest_client [req-720feea8-b740-41f0-af11-7aa6be4f4685 req-720feea8-b740-41f0-af11-7aa6be4f4685 ] Request (SecurityGroupsTestJSON:test_server_security_groups): 202 POST http://10.180.1.21/compute/v2.1/servers/b0ef5be2-c9e5-440e-b502-63396358f94c/action 1.169s
2025-04-03 06:14:42.791 69445 INFO tempest.lib.common.rest_client [req-4d954750-16e0-424b-8187-d46dcc8dfe3f req-4d954750-16e0-424b-8187-d46dcc8dfe3f ] Request (FlavorsExtraSpecsNegativeTestJSON:tearDownClass): 204 DELETE http://10.180.1.21:9696/networking/v2.0/security-groups/7f51793c-7a4f-4759-b4e8-18b658d5759a 0.287s
2025-04-03 06:14:42.814 69499 INFO tempest.lib.common.rest_client [req-823db3d7-e333-4138-b839-110d331e6075 req-823db3d7-e333-4138-b839-110d331e6075 ] Request (MigrationsAdminTest:test_resize_server_revert_deleted_flavor): 200 GET http://10.180.1.21/compute/v2.1/servers/c4d26567-05de-49c0-bc5f-9310cbd12847 1.014s
2025-04-03 06:14:42.948 69445 INFO tempest.lib.common.rest_client [req-b690b7e2-6401-4a7b-acb2-b65689699e25 req-b690b7e2-6401-4a7b-acb2-b65689699e25 ] Request (FlavorsExtraSpecsNegativeTestJSON:tearDownClass): 204 DELETE http://10.180.1.21/identity/v3/projects/6fad4d3c263d439f890cb1910b878e6c 0.156s
2025-04-03 06:14:42.984 69493 INFO tempest.lib.common.rest_client [req-dcbffe24-f508-410c-b9a4-a6a97e76e094 req-dcbffe24-f508-410c-b9a4-a6a97e76e094 ] Request (VolumesAdminNegativeTest:test_update_attached_volume_with_nonexistent_volume_in_body): 200 GET http://10.180.1.21/volume/v3/volumes/e6e54e05-4bff-437a-b6a4-b62bed418943 0.053s
2025-04-03 06:14:42.985 69467 INFO tempest.lib.common.rest_client [req-01e02130-b274-48b0-8633-e49b9dfe0f4f req-01e02130-b274-48b0-8633-e49b9dfe0f4f ] Request (ServersNegativeTestJSON:setUpClass): 200 GET http://10.180.1.21/compute/v2.1/servers/d1f99284-f0dd-467b-8b71-138d07f7f0db 1.055s
2025-04-03 06:14:43.000 69493 INFO tempest.common.waiters [-] volume e6e54e05-4bff-437a-b6a4-b62bed418943 reached available after waiting for 2.000325 seconds
2025-04-03 06:14:43.044 69445 INFO tempest.lib.common.rest_client [req-a8bcb497-d962-45c5-8d78-2cfce0371c3d req-a8bcb497-d962-45c5-8d78-2cfce0371c3d ] Request (InstanceUsageAuditLogTestJSON:setUpClass): 201 POST http://10.180.1.21/identity/v3/auth/tokens 0.093s
2025-04-03 06:14:43.087 69445 INFO tempest.lib.common.rest_client [req-f49bbeee-0f4c-41d6-981b-4fb5acc1d653 req-f49bbeee-0f4c-41d6-981b-4fb5acc1d653 ] Request (InstanceUsageAuditLogTestJSON:setUpClass): 201 POST http://10.180.1.21/identity/v3/auth/tokens 0.038s
2025-04-03 06:14:43.115 69483 INFO tempest.lib.common.rest_client [req-c2189ca9-f781-4708-81f4-fa9906a0e8c1 req-c2189ca9-f781-4708-81f4-fa9906a0e8c1 ] Request (ServersTestFqdnHostnames:test_create_server_with_fqdn_name): 200 GET http://10.180.1.21/compute/v2.1/servers/b1cf7049-0ff5-42cb-9c7f-df9e94ec63a4 1.208s
2025-04-03 06:14:43.124 69445 INFO tempest.lib.common.rest_client [req-66a47c29-66fb-4743-8a87-abdb9b949342 req-66a47c29-66fb-4743-8a87-abdb9b949342 ] Request (InstanceUsageAuditLogTestJSON:setUpClass): 200 GET http://10.180.1.21/identity/v3/domains?name=Default 0.036s
2025-04-03 06:14:43.149 69449 INFO tempest.lib.common.rest_client [req-3a794baf-9035-4257-a984-b5932cea6fb4 req-3a794baf-9035-4257-a984-b5932cea6fb4 ] Request (ImagesOneServerNegativeTestJSON:_run_cleanups): 200 GET http://10.180.1.21/compute/v2.1/servers/936944d5-13f5-4f4e-b7d6-077148fc1c30 1.088s
2025-04-03 06:14:43.158 69449 INFO tempest.common.waiters [-] State transition "BUILD/spawning" ==> "ACTIVE/None" after 75 second wait
2025-04-03 06:14:43.164 69485 INFO tempest.lib.common.rest_client [req-772b13e5-88a3-4fc9-93e1-f035677bdd97 req-772b13e5-88a3-4fc9-93e1-f035677bdd97 ] Request (ValidationResourcesFixture:setUp): 201 POST http://10.180.1.21:9696/networking/v2.0/floatingips 0.849s
2025-04-03 06:14:43.171 69445 INFO tempest.lib.common.rest_client [req-5f3b9fd8-7f36-4577-aff1-aa4a6ab82b2a req-5f3b9fd8-7f36-4577-aff1-aa4a6ab82b2a ] Request (InstanceUsageAuditLogTestJSON:setUpClass): 201 POST http://10.180.1.21/identity/v3/projects 0.046s
2025-04-03 06:14:43.226 69471 INFO tempest.lib.common.rest_client [req-b02a2414-9aa3-47ee-b28c-1c1d67167a02 req-b02a2414-9aa3-47ee-b28c-1c1d67167a02 ] Request (VolumesAssistedSnapshotsTest:tearDownClass): 200 GET http://10.180.1.21/compute/v2.1/servers/c731ada9-1eae-4f0f-a9d5-dc9a04f5cae3 1.159s
2025-04-03 06:14:43.237 69471 INFO tempest.common.waiters [-] State transition "ACTIVE/deleting" ==> "DELETED/None" after 4 second wait
2025-04-03 06:14:43.243 69445 INFO tempest.lib.common.rest_client [req-0fcc059f-cb88-4b2f-94ba-5912e20a2440 req-0fcc059f-cb88-4b2f-94ba-5912e20a2440 ] Request (InstanceUsageAuditLogTestJSON:setUpClass): 201 POST http://10.180.1.21/identity/v3/users 0.072s
2025-04-03 06:14:43.246 69485 INFO tempest.lib.common.rest_client [req-3b4516ae-abac-4417-b329-858d1f7f099b req-3b4516ae-abac-4417-b329-858d1f7f099b ] Request (AttachVolumeNegativeTest:test_attach_attached_volume_to_different_server): 201 POST http://10.180.1.21/identity/v3/auth/tokens 0.070s
2025-04-03 06:14:43.246 69485 INFO tempest.lib.common.fixed_network [-] (AttachVolumeNegativeTest:test_attach_attached_volume_to_different_server) Found network {'id': '75d63c67-e7fb-4a86-918d-761f8fd0d5a2', 'name': 'tempest-AttachVolumeNegativeTest-48877585-network', 'tenant_id': 'e142292754a94c6794692a009d29b912', 'admin_state_up': True, 'mtu': 8950, 'status': 'ACTIVE', 'subnets': [], 'shared': False, 'project_id': 'e142292754a94c6794692a009d29b912', 'port_security_enabled': True, 'router:external': False, 'provider:network_type': 'vlan', 'provider:physical_network': 'default', 'provider:segmentation_id': 537, 'availability_zone_hints': [], 'availability_zones': [], 'ipv4_address_scope': None, 'ipv6_address_scope': None, 'description': '', 'tags': [], 'created_at': '2025-04-03T06:14:37Z', 'updated_at': '2025-04-03T06:14:37Z', 'revision_number': 1} available for tenant
2025-04-03 06:14:43.257 69457 INFO tempest.lib.common.rest_client [req-3505fae3-1807-4d2a-a3fc-09ecc323c4f6 req-3505fae3-1807-4d2a-a3fc-09ecc323c4f6 ] Request (ServerShowV254Test:test_rebuild_server): 200 GET http://10.180.1.21/compute/v2.1/servers/ddeb6757-1690-41e8-bdc1-87dadc34788d 1.082s
2025-04-03 06:14:43.282 69445 INFO tempest.lib.common.rest_client [req-9dd2dab7-1639-487d-b6dd-7390dc899385 req-9dd2dab7-1639-487d-b6dd-7390dc899385 ] Request (InstanceUsageAuditLogTestJSON:setUpClass): 200 GET http://10.180.1.21/identity/v3/roles 0.038s
2025-04-03 06:14:43.310 69475 INFO tempest.lib.common.rest_client [req-282bc2ef-f0c0-4d21-9ac5-1167ddf30bc1 req-282bc2ef-f0c0-4d21-9ac5-1167ddf30bc1 ] Request (AttachInterfacesTestJSON:_run_cleanups): 404 GET http://10.180.1.21/compute/v2.1/servers/7db9e0be-ea98-4afc-8107-bfe3b9082b2f 1.034s
2025-04-03 06:14:43.321 69445 INFO tempest.lib.common.rest_client [req-d17afa4c-81eb-4805-9cbd-5ba86a527bc4 req-d17afa4c-81eb-4805-9cbd-5ba86a527bc4 ] Request (InstanceUsageAuditLogTestJSON:setUpClass): 204 PUT http://10.180.1.21/identity/v3/projects/25699147710a449f9c4d6f83b4cbf0ad/users/667b56af30a04fea81e8ee9c1d9628ad/roles/01751452799d4d928a3eb6dd962dcf59 0.038s
2025-04-03 06:14:43.321 69445 INFO tempest.lib.common.dynamic_creds [-] Dynamic test user 667b56af30a04fea81e8ee9c1d9628ad is created with scope project and roles: ['member']
2025-04-03 06:14:43.322 69445 INFO tempest.lib.common.dynamic_creds [-] Acquired dynamic creds: credentials: Credentials: {'domain_id': 'default', 'domain_name': 'Default', 'username': 'tempest-InstanceUsageAuditLogTestJSON-1141554245-project-member', 'project_domain_id': 'default', 'project_domain_name': 'Default', 'project_id': '25699147710a449f9c4d6f83b4cbf0ad', 'project_name': 'tempest-InstanceUsageAuditLogTestJSON-1141554245', 'tenant_id': '25699147710a449f9c4d6f83b4cbf0ad', 'tenant_name': 'tempest-InstanceUsageAuditLogTestJSON-1141554245', 'user_domain_id': 'default', 'user_domain_name': 'Default', 'user_id': '667b56af30a04fea81e8ee9c1d9628ad', 'system': None}, Network: None, Subnet: None, Router: None
2025-04-03 06:14:43.322 69445 INFO tempest.lib.common.dynamic_creds [-] Created isolated network resources for: credentials: Credentials: {'domain_id': 'default', 'domain_name': 'Default', 'username': 'tempest-InstanceUsageAuditLogTestJSON-1141554245-project-member', 'project_domain_id': 'default', 'project_domain_name': 'Default', 'project_id': '25699147710a449f9c4d6f83b4cbf0ad', 'project_name': 'tempest-InstanceUsageAuditLogTestJSON-1141554245', 'tenant_id': '25699147710a449f9c4d6f83b4cbf0ad', 'tenant_name': 'tempest-InstanceUsageAuditLogTestJSON-1141554245', 'user_domain_id': 'default', 'user_domain_name': 'Default', 'user_id': '667b56af30a04fea81e8ee9c1d9628ad', 'system': None}, Network: None, Subnet: None, Router: None
2025-04-03 06:14:43.404 69477 INFO tempest.lib.common.rest_client [req-74cee066-d320-45df-b069-d8b236446292 req-74cee066-d320-45df-b069-d8b236446292 ] Request (ServersNegativeTestMultiTenantJSON:tearDownClass): 200 GET http://10.180.1.21/compute/v2.1/servers/f6bba713-7cd6-40a5-ae76-c4d155536858 1.014s
2025-04-03 06:14:43.421 69463 INFO tempest.lib.common.rest_client [req-4f42994a-9c9e-4636-aaca-cce8fb4e1f93 req-4f42994a-9c9e-4636-aaca-cce8fb4e1f93 ] Request (AttachInterfacesUnderV243Test:_run_cleanups): 200 GET http://10.180.1.21/compute/v2.1/servers/70204f64-9421-4c9a-a654-c63b6ec37d46 1.219s
2025-04-03 06:14:43.433 69445 INFO tempest.lib.common.rest_client [req-26d2db97-ecfc-4703-a0be-b64dda0973b0 req-26d2db97-ecfc-4703-a0be-b64dda0973b0 ] Request (InstanceUsageAuditLogTestJSON:setUpClass): 201 POST http://10.180.1.21/identity/v3/auth/tokens 0.106s
2025-04-03 06:14:43.499 69495 INFO tempest.lib.common.rest_client [req-74c8b40b-ad68-4055-bb45-ef2aece1a25a req-74c8b40b-ad68-4055-bb45-ef2aece1a25a ] Request (ListServersNegativeTestJSON:tearDownClass): 200 GET http://10.180.1.21/compute/v2.1/servers/d090a13b-9406-4b37-9b94-f9fb86c1efd5 0.993s
2025-04-03 06:14:43.503 69491 INFO tempest.lib.common.rest_client [req-a14b6d60-a4d5-4b99-8e57-c2f0d3448c46 req-a14b6d60-a4d5-4b99-8e57-c2f0d3448c46 ] Request (ServerActionsTestOtherB:test_create_backup): 200 GET http://10.180.1.21/image/v2/images/088473ff-3819-47a4-b364-b1f1dc33df31 0.026s
2025-04-03 06:14:43.504 69451 INFO tempest.lib.common.rest_client [req-e8e68948-a23e-4880-b97c-d7be9b18840f req-e8e68948-a23e-4880-b97c-d7be9b18840f ] Request (ServerDiskConfigTestJSON:test_rebuild_server_with_manual_disk_config): 200 GET http://10.180.1.21/compute/v2.1/servers/9e72f90c-541b-4982-9d29-cd59ee8d49ae 0.982s
2025-04-03 06:14:43.505 69445 INFO tempest.lib.common.rest_client [req-f7065b73-b7f5-4900-8be6-72fd201b9a94 req-f7065b73-b7f5-4900-8be6-72fd201b9a94 ] Request (InstanceUsageAuditLogTestJSON:setUpClass): 201 POST http://10.180.1.21/identity/v3/projects 0.071s
2025-04-03 06:14:43.575 69443 INFO tempest.lib.common.rest_client [req-9872310a-ee8a-4b11-ab7d-0ef52a40bb9b req-9872310a-ee8a-4b11-ab7d-0ef52a40bb9b ] Request (FloatingIPsAssociationTestJSON:test_associate_already_associated_floating_ip): 200 GET http://10.180.1.21/compute/v2.1/servers/639739ab-736c-481d-8a0e-5a3e891c2cd3 0.877s
2025-04-03 06:14:43.578 69445 INFO tempest.lib.common.rest_client [req-be4bc8dc-80a8-42c1-8ea5-f4e576819c31 req-be4bc8dc-80a8-42c1-8ea5-f4e576819c31 ] Request (InstanceUsageAuditLogTestJSON:setUpClass): 201 POST http://10.180.1.21/identity/v3/users 0.072s
2025-04-03 06:14:43.604 69445 INFO tempest.lib.common.rest_client [req-097f6e6e-6400-47a4-bcd7-fcb63518e55d req-097f6e6e-6400-47a4-bcd7-fcb63518e55d ] Request (InstanceUsageAuditLogTestJSON:setUpClass): 200 GET http://10.180.1.21/identity/v3/roles 0.026s
2025-04-03 06:14:43.636 69445 INFO tempest.lib.common.rest_client [req-a72970a5-be5e-486c-ac33-f0fb50cbdfd2 req-a72970a5-be5e-486c-ac33-f0fb50cbdfd2 ] Request (InstanceUsageAuditLogTestJSON:setUpClass): 204 PUT http://10.180.1.21/identity/v3/projects/9875a01a734e423a8ef25c2642ef0aec/users/93bc60b93dde4c3baf668799539a6108/roles/89cb2b8cbe634e6fb4c96df5cd6c44a6 0.031s
2025-04-03 06:14:43.675 69447 INFO tempest.lib.common.rest_client [req-f7a23434-7a86-4945-b218-b1a2ad39a920 req-f7a23434-7a86-4945-b218-b1a2ad39a920 ] Request (SecurityGroupsTestJSON:test_server_security_groups): 400 DELETE http://10.180.1.21/compute/v2.1/os-security-groups/47f53726-bbbf-4a26-aa7d-e6f7d1ea442a 0.898s
2025-04-03 06:14:43.713 69445 INFO tempest.lib.common.rest_client [req-4c15e7cd-9f7b-42c8-9ffc-6da41c23a0c1 req-4c15e7cd-9f7b-42c8-9ffc-6da41c23a0c1 ] Request (InstanceUsageAuditLogTestJSON:setUpClass): 200 GET http://10.180.1.21/identity/v3/roles 0.077s
2025-04-03 06:14:43.734 69445 INFO tempest.lib.common.rest_client [req-5a99898f-c1e0-4c3b-bb3f-91c244153b75 req-5a99898f-c1e0-4c3b-bb3f-91c244153b75 ] Request (InstanceUsageAuditLogTestJSON:setUpClass): 204 PUT http://10.180.1.21/identity/v3/projects/9875a01a734e423a8ef25c2642ef0aec/users/93bc60b93dde4c3baf668799539a6108/roles/89cb2b8cbe634e6fb4c96df5cd6c44a6 0.020s
2025-04-03 06:14:43.734 69445 INFO tempest.lib.common.dynamic_creds [-] Dynamic test user 93bc60b93dde4c3baf668799539a6108 is created with scope project and roles: ['admin']
2025-04-03 06:14:43.734 69445 INFO tempest.lib.common.dynamic_creds [-] Acquired dynamic creds: credentials: Credentials: {'domain_id': 'default', 'domain_name': 'Default', 'username': 'tempest-InstanceUsageAuditLogTestJSON-899440305-project-admin', 'project_domain_id': 'default', 'project_domain_name': 'Default', 'project_id': '9875a01a734e423a8ef25c2642ef0aec', 'project_name': 'tempest-InstanceUsageAuditLogTestJSON-899440305', 'tenant_id': '9875a01a734e423a8ef25c2642ef0aec', 'tenant_name': 'tempest-InstanceUsageAuditLogTestJSON-899440305', 'user_domain_id': 'default', 'user_domain_name': 'Default', 'user_id': '93bc60b93dde4c3baf668799539a6108', 'system': None}, Network: None, Subnet: None, Router: None
2025-04-03 06:14:43.735 69445 INFO tempest.lib.common.dynamic_creds [-] Created isolated network resources for: credentials: Credentials: {'domain_id': 'default', 'domain_name': 'Default', 'username': 'tempest-InstanceUsageAuditLogTestJSON-899440305-project-admin', 'project_domain_id': 'default', 'project_domain_name': 'Default', 'project_id': '9875a01a734e423a8ef25c2642ef0aec', 'project_name': 'tempest-InstanceUsageAuditLogTestJSON-899440305', 'tenant_id': '9875a01a734e423a8ef25c2642ef0aec', 'tenant_name': 'tempest-InstanceUsageAuditLogTestJSON-899440305', 'user_domain_id': 'default', 'user_domain_name': 'Default', 'user_id': '93bc60b93dde4c3baf668799539a6108', 'system': None}, Network: None, Subnet: None, Router: None
2025-04-03 06:14:43.739 69453 INFO tempest.lib.common.rest_client [req-dd74ddce-30c8-4d8c-86b4-359d9bf99dd9 req-dd74ddce-30c8-4d8c-86b4-359d9bf99dd9 ] Request (ServersAdminTestJSON:test_inject_network_info): 200 GET http://10.180.1.21/compute/v2.1/servers/5d441593-c7b4-4080-ab9c-bca7279d7417 1.025s
2025-04-03 06:14:43.745 69439 INFO tempest.lib.common.rest_client [req-710c74a5-f244-4321-9d61-dd1379cc8356 req-710c74a5-f244-4321-9d61-dd1379cc8356 ] Request (ServersAdmin275Test:_run_cleanups): 200 GET http://10.180.1.21/compute/v2.1/servers/2b3696ce-a9d7-43d3-aa7b-cd0743fa2ec9 0.927s
2025-04-03 06:14:43.747 69453 INFO tempest.common.waiters [-] State transition "BUILD/None" ==> "BUILD/spawning" after 58 second wait
2025-04-03 06:14:43.808 69489 INFO tempest.lib.common.rest_client [req-39d78b52-8714-4eb8-8830-0a405be1677e req-39d78b52-8714-4eb8-8830-0a405be1677e ] Request (ServersWithSpecificFlavorTestJSON:test_verify_created_server_ephemeral_disk): 200 GET http://10.180.1.21/compute/v2.1/servers/99fe6fb9-9965-4811-ba4c-a0084eb2672b 0.901s
2025-04-03 06:14:43.819 69489 INFO tempest.common.waiters [-] State transition "BUILD/scheduling" ==> "BUILD/None" after 3 second wait
2025-04-03 06:14:43.820 69441 INFO tempest.lib.common.rest_client [req-e2836648-70fe-432c-a0a3-5dbf144cbb9e req-e2836648-70fe-432c-a0a3-5dbf144cbb9e ] Request (ServersTestManualDisk:tearDownClass): 200 GET http://10.180.1.21/compute/v2.1/servers/bfb80238-cb30-401e-a409-1939ea48ba2f 0.974s
2025-04-03 06:14:43.845 69445 INFO tempest.lib.common.rest_client [req-fb58cd09-681f-4316-aefb-bc9363b8bcb5 req-fb58cd09-681f-4316-aefb-bc9363b8bcb5 ] Request (InstanceUsageAuditLogTestJSON:setUpClass): 201 POST http://10.180.1.21/identity/v3/auth/tokens 0.108s
2025-04-03 06:14:43.887 69479 WARNING tempest.lib.common.ssh [-] Failed to establish authenticated ssh connection to cirros@10.180.180.245 ([Errno None] Unable to connect to port 22 on 10.180.180.245). Number attempts: 4. Retry after 5 seconds.: paramiko.ssh_exception.NoValidConnectionsError: [Errno None] Unable to connect to port 22 on 10.180.180.245
2025-04-03 06:14:43.907 69449 INFO tempest.lib.common.rest_client [req-32e192a9-386e-4a62-ad40-596ece5bc14d req-32e192a9-386e-4a62-ad40-596ece5bc14d ] Request (ImagesOneServerNegativeTestJSON:setUp): 200 GET http://10.180.1.21/compute/v2.1/servers/936944d5-13f5-4f4e-b7d6-077148fc1c30 0.745s
2025-04-03 06:14:44.248 69485 INFO tempest.lib.common.rest_client [req-61fec7a0-749e-43bd-b2c1-123230bb4d27 req-61fec7a0-749e-43bd-b2c1-123230bb4d27 ] Request (AttachVolumeNegativeTest:test_attach_attached_volume_to_different_server): 202 POST http://10.180.1.21/compute/v2.1/servers 1.001s
2025-04-03 06:14:44.265 69475 INFO tempest.lib.common.rest_client [req-90942815-22b1-4a38-8bf3-c7c98e635fa8 req-90942815-22b1-4a38-8bf3-c7c98e635fa8 ] Request (AttachInterfacesTestJSON:_run_cleanups): 202 DELETE http://10.180.1.21/compute/v2.1/os-keypairs/tempest-keypair-1163010514 0.955s
2025-04-03 06:14:44.367 69455 INFO tempest.lib.common.rest_client [req-d0d68957-aa62-44da-bf55-ea1a2696ff57 req-d0d68957-aa62-44da-bf55-ea1a2696ff57 ] Request (ServerShowV247Test:test_update_rebuild_list_server): 200 GET http://10.180.1.21/compute/v2.1/servers/d688584d-4f22-4efd-8d7a-8ae346a98b69 0.705s
2025-04-03 06:14:44.386 69475 INFO tempest.lib.common.rest_client [req-baaafcb2-7cf1-4753-b9bc-8e6f3f5fc3d1 req-baaafcb2-7cf1-4753-b9bc-8e6f3f5fc3d1 ] Request (AttachInterfacesTestJSON:_run_cleanups): 204 DELETE http://10.180.1.21:9696/networking/v2.0/security-groups/78c53469-54b4-4e22-8c84-bd7d663c2178 0.120s
2025-04-03 06:14:44.401 69475 INFO tempest.lib.common.rest_client [req-f86c7227-ed43-44a6-98dc-da6db41c8e76 req-f86c7227-ed43-44a6-98dc-da6db41c8e76 ] Request (AttachInterfacesTestJSON:_run_cleanups): 404 GET http://10.180.1.21:9696/networking/v2.0/security-groups/78c53469-54b4-4e22-8c84-bd7d663c2178 0.015s
2025-04-03 06:14:44.471 69465 WARNING tempest.lib.common.ssh [-] Failed to establish authenticated ssh connection to cirros@10.180.180.174 ([Errno None] Unable to connect to port 22 on 10.180.180.174). Number attempts: 1. Retry after 2 seconds.: paramiko.ssh_exception.NoValidConnectionsError: [Errno None] Unable to connect to port 22 on 10.180.180.174
2025-04-03 06:14:44.475 69447 INFO tempest.lib.common.rest_client [req-837e9e56-b5bc-409b-a804-5875445c5b48 req-837e9e56-b5bc-409b-a804-5875445c5b48 ] Request (SecurityGroupsTestJSON:test_server_security_groups): 204 DELETE http://10.180.1.21/compute/v2.1/servers/b0ef5be2-c9e5-440e-b502-63396358f94c 0.800s
2025-04-03 06:14:44.532 69491 INFO tempest.lib.common.rest_client [req-9212aba9-dad8-4f6d-8145-7a31feafc513 req-9212aba9-dad8-4f6d-8145-7a31feafc513 ] Request (ServerActionsTestOtherB:test_create_backup): 200 GET http://10.180.1.21/image/v2/images/088473ff-3819-47a4-b364-b1f1dc33df31 0.027s
2025-04-03 06:14:44.545 69459 INFO tempest.lib.common.rest_client [req-b805754c-bb77-4f51-bb3f-dbc66e65198a req-b805754c-bb77-4f51-bb3f-dbc66e65198a ] Request (ImagesTestJSON:test_create_image_from_suspended_server): 200 GET http://10.180.1.21/compute/v2.1/servers/0e0e5d1e-ea85-4fd9-a5fe-f98d36b898ee 0.791s
2025-04-03 06:14:44.607 69499 INFO tempest.lib.common.rest_client [req-24db02e0-ae68-4f5b-bd01-cbd6e05f961c req-24db02e0-ae68-4f5b-bd01-cbd6e05f961c ] Request (MigrationsAdminTest:test_resize_server_revert_deleted_flavor): 200 GET http://10.180.1.21/compute/v2.1/servers/c4d26567-05de-49c0-bc5f-9310cbd12847 0.781s
2025-04-03 06:14:44.700 69475 INFO tempest.lib.common.rest_client [req-5651d806-e995-4742-8ff2-8668f5861265 req-5651d806-e995-4742-8ff2-8668f5861265 ] Request (AttachInterfacesTestJSON:_run_cleanups): 204 DELETE http://10.180.1.21:9696/networking/v2.0/floatingips/b2639c70-d16b-46bb-96be-4e6a3d1db7c3 0.298s
2025-04-03 06:14:44.706 69445 INFO tempest.lib.common.rest_client [req-abed8114-0700-4489-bcd0-1d3f1c315883 req-abed8114-0700-4489-bcd0-1d3f1c315883 ] Request (InstanceUsageAuditLogTestJSON:test_get_instance_usage_audit_log): 200 GET http://10.180.1.21/compute/v2.1/os-instance_usage_audit_log/2025-04-03%2006%3A14%3A43 0.860s
2025-04-03 06:14:45.111 69449 INFO tempest.lib.common.rest_client [req-3922dc34-0efc-41b9-8b48-db136607ec26 req-3922dc34-0efc-41b9-8b48-db136607ec26 ] Request (ImagesOneServerNegativeTestJSON:test_delete_image_that_is_not_yet_active): 202 POST http://10.180.1.21/compute/v2.1/servers/936944d5-13f5-4f4e-b7d6-077148fc1c30/action 1.196s
2025-04-03 06:14:45.253 69467 INFO tempest.lib.common.rest_client [req-7d609947-7ab6-4d8f-88e2-2352e3263cd8 req-7d609947-7ab6-4d8f-88e2-2352e3263cd8 ] Request (ServersNegativeTestJSON:setUpClass): 200 GET http://10.180.1.21/compute/v2.1/servers/d1f99284-f0dd-467b-8b71-138d07f7f0db 1.249s
2025-04-03 06:14:45.347 69483 INFO tempest.lib.common.rest_client [req-c02f1311-6486-4bec-928e-f8ec64b35f00 req-c02f1311-6486-4bec-928e-f8ec64b35f00 ] Request (ServersTestFqdnHostnames:test_create_server_with_fqdn_name): 200 GET http://10.180.1.21/compute/v2.1/servers/b1cf7049-0ff5-42cb-9c7f-df9e94ec63a4 1.218s
2025-04-03 06:14:45.421 69471 INFO tempest.lib.common.rest_client [req-4ee388ab-61df-4fce-a115-743f9ff58e57 req-4ee388ab-61df-4fce-a115-743f9ff58e57 ] Request (VolumesAssistedSnapshotsTest:tearDownClass): 200 GET http://10.180.1.21/compute/v2.1/servers/c731ada9-1eae-4f0f-a9d5-dc9a04f5cae3 1.183s
2025-04-03 06:14:45.466 69493 INFO tempest.lib.common.rest_client [req-70d173b0-95c6-4bcf-8888-e8ac02d01180 req-70d173b0-95c6-4bcf-8888-e8ac02d01180 ] Request (VolumesAdminNegativeTest:test_update_attached_volume_with_nonexistent_volume_in_body): 200 POST http://10.180.1.21/compute/v2.1/servers/08577608-89ff-40e9-9a43-2b4218500b63/os-volume_attachments 2.466s
2025-04-03 06:14:45.478 69485 INFO tempest.lib.common.rest_client [req-004c1a95-850e-4b27-8dbc-ddf5eadc88b9 req-004c1a95-850e-4b27-8dbc-ddf5eadc88b9 ] Request (AttachVolumeNegativeTest:test_attach_attached_volume_to_different_server): 200 GET http://10.180.1.21/compute/v2.1/servers/88eaf0df-5255-4011-ac1a-455c2556e1df 1.227s
2025-04-03 06:14:45.496 69493 INFO tempest.lib.common.rest_client [req-2804296e-4af9-4fca-913e-f8b2aeacc418 req-2804296e-4af9-4fca-913e-f8b2aeacc418 ] Request (VolumesAdminNegativeTest:test_update_attached_volume_with_nonexistent_volume_in_body): 200 GET http://10.180.1.21/volume/v3/volumes/e6e54e05-4bff-437a-b6a4-b62bed418943 0.028s
2025-04-03 06:14:45.508 69477 INFO tempest.lib.common.rest_client [req-6ba2f7b5-0c81-4ed1-9b30-75ddcc8cd911 req-6ba2f7b5-0c81-4ed1-9b30-75ddcc8cd911 ] Request (ServersNegativeTestMultiTenantJSON:tearDownClass): 404 GET http://10.180.1.21/compute/v2.1/servers/f6bba713-7cd6-40a5-ae76-c4d155536858 1.090s
2025-04-03 06:14:45.535 69457 INFO tempest.lib.common.rest_client [req-75c855f3-10c7-4fef-b632-ccc7aa678e2d req-75c855f3-10c7-4fef-b632-ccc7aa678e2d ] Request (ServerShowV254Test:test_rebuild_server): 200 GET http://10.180.1.21/compute/v2.1/servers/ddeb6757-1690-41e8-bdc1-87dadc34788d 1.263s
2025-04-03 06:14:45.566 69491 INFO tempest.lib.common.rest_client [req-89c046e9-4cb8-4151-8a96-4be3cd0df5fd req-89c046e9-4cb8-4151-8a96-4be3cd0df5fd ] Request (ServerActionsTestOtherB:test_create_backup): 200 GET http://10.180.1.21/image/v2/images/088473ff-3819-47a4-b364-b1f1dc33df31 0.031s
2025-04-03 06:14:45.590 69491 INFO tempest.lib.common.rest_client [req-ad6f67ae-fe5c-4cf2-b1f1-6521edb0bfb0 req-ad6f67ae-fe5c-4cf2-b1f1-6521edb0bfb0 ] Request (ServerActionsTestOtherB:test_create_backup): 200 GET http://10.180.1.21/image/v2/images/088473ff-3819-47a4-b364-b1f1dc33df31/tasks 0.024s
2025-04-03 06:14:45.617 69463 INFO tempest.lib.common.rest_client [req-24d10bc2-1a3d-4590-af95-2da3beb278d7 req-24d10bc2-1a3d-4590-af95-2da3beb278d7 ] Request (AttachInterfacesUnderV243Test:_run_cleanups): 200 GET http://10.180.1.21/compute/v2.1/servers/70204f64-9421-4c9a-a654-c63b6ec37d46 1.180s
2025-04-03 06:14:45.627 69463 INFO tempest.common.waiters [-] State transition "ACTIVE/deleting" ==> "DELETED/None" after 4 second wait
2025-04-03 06:14:45.641 69491 INFO tempest.lib.common.rest_client [req-36fb2a69-b8b2-4a4f-8c5e-09263d7e7730 req-36fb2a69-b8b2-4a4f-8c5e-09263d7e7730 ] Request (ServerActionsTestOtherB:test_create_backup): 200 GET http://10.180.1.21/image/v2/images?status=active&sort_key=created_at&sort_dir=asc&image_type=backup&backup_type=daily&instance_uuid=7d3ffe9b-359f-4379-94f3-e0f1233aeeb2 0.050s
2025-04-03 06:14:45.687 69451 INFO tempest.lib.common.rest_client [req-c69c2cbf-4f47-4ba1-9d3e-0e519923d43a req-c69c2cbf-4f47-4ba1-9d3e-0e519923d43a ] Request (ServerDiskConfigTestJSON:test_rebuild_server_with_manual_disk_config): 200 GET http://10.180.1.21/compute/v2.1/servers/9e72f90c-541b-4982-9d29-cd59ee8d49ae 1.170s
2025-04-03 06:14:45.715 69495 INFO tempest.lib.common.rest_client [req-df13c5d0-b27c-4e56-98cc-2d769e8d8bb7 req-df13c5d0-b27c-4e56-98cc-2d769e8d8bb7 ] Request (ListServersNegativeTestJSON:tearDownClass): 404 GET http://10.180.1.21/compute/v2.1/servers/d090a13b-9406-4b37-9b94-f9fb86c1efd5 1.200s
2025-04-03 06:14:45.770 69443 INFO tempest.lib.common.rest_client [req-92d372ba-5319-4bdb-8a1a-91f4e009e4b9 req-92d372ba-5319-4bdb-8a1a-91f4e009e4b9 ] Request (FloatingIPsAssociationTestJSON:test_associate_already_associated_floating_ip): 200 GET http://10.180.1.21/compute/v2.1/servers/639739ab-736c-481d-8a0e-5a3e891c2cd3 1.187s
2025-04-03 06:14:45.777 69447 INFO tempest.lib.common.rest_client [req-ee8bead5-382e-4067-96b4-18f74aa417b3 req-ee8bead5-382e-4067-96b4-18f74aa417b3 ] Request (SecurityGroupsTestJSON:test_server_security_groups): 200 GET http://10.180.1.21/compute/v2.1/servers/b0ef5be2-c9e5-440e-b502-63396358f94c 1.301s
2025-04-03 06:14:45.799 69445 INFO tempest.lib.common.rest_client [req-79d546a1-fc57-4ff7-9e8e-8af8c91ff4aa req-79d546a1-fc57-4ff7-9e8e-8af8c91ff4aa ] Request (InstanceUsageAuditLogTestJSON:test_list_instance_usage_audit_logs): 200 GET http://10.180.1.21/compute/v2.1/os-instance_usage_audit_log 1.088s
2025-04-03 06:14:45.810 69475 INFO tempest.lib.common.rest_client [req-2c57f210-fc6d-427a-ad4b-b81c10572245 req-2c57f210-fc6d-427a-ad4b-b81c10572245 ] Request (ValidationResourcesFixture:setUp): 200 POST http://10.180.1.21/compute/v2.1/os-keypairs 1.104s
2025-04-03 06:14:45.891 69439 INFO tempest.lib.common.rest_client [req-778669a3-a3da-4500-9599-3ea4ea7bbe2f req-778669a3-a3da-4500-9599-3ea4ea7bbe2f ] Request (ServersAdmin275Test:_run_cleanups): 200 GET http://10.180.1.21/compute/v2.1/servers/2b3696ce-a9d7-43d3-aa7b-cd0743fa2ec9 1.134s
2025-04-03 06:14:45.915 69445 INFO tempest.lib.common.rest_client [req-8be44956-beb4-440e-b7f8-d0f562822893 req-8be44956-beb4-440e-b7f8-d0f562822893 ] Request (InstanceUsageAuditLogTestJSON:tearDownClass): 204 DELETE http://10.180.1.21/identity/v3/users/667b56af30a04fea81e8ee9c1d9628ad 0.110s
2025-04-03 06:14:45.967 69489 INFO tempest.lib.common.rest_client [req-8d6e0661-7108-4fea-a792-4bd5e185cfc5 req-8d6e0661-7108-4fea-a792-4bd5e185cfc5 ] Request (ServersWithSpecificFlavorTestJSON:test_verify_created_server_ephemeral_disk): 200 GET http://10.180.1.21/compute/v2.1/servers/99fe6fb9-9965-4811-ba4c-a0084eb2672b 1.147s
2025-04-03 06:14:45.992 69453 INFO tempest.lib.common.rest_client [req-d986f2bc-ee11-4f6a-9149-46953884b70b req-d986f2bc-ee11-4f6a-9149-46953884b70b ] Request (ServersAdminTestJSON:test_inject_network_info): 200 GET http://10.180.1.21/compute/v2.1/servers/5d441593-c7b4-4080-ab9c-bca7279d7417 1.243s
2025-04-03 06:14:45.996 69441 INFO tempest.lib.common.rest_client [req-6a964263-ecbb-4537-8bef-e9807310d9b6 req-6a964263-ecbb-4537-8bef-e9807310d9b6 ] Request (ServersTestManualDisk:tearDownClass): 404 GET http://10.180.1.21/compute/v2.1/servers/bfb80238-cb30-401e-a409-1939ea48ba2f 1.168s
2025-04-03 06:14:46.044 69445 INFO tempest.lib.common.rest_client [req-0489be84-e128-4058-bce5-7edf17d3b8b8 req-0489be84-e128-4058-bce5-7edf17d3b8b8 ] Request (InstanceUsageAuditLogTestJSON:tearDownClass): 204 DELETE http://10.180.1.21/identity/v3/users/93bc60b93dde4c3baf668799539a6108 0.128s
2025-04-03 06:14:46.044 69445 INFO tempest.lib.common.dynamic_creds [-] Deleting project and security group for project: 9875a01a734e423a8ef25c2642ef0aec
2025-04-03 06:14:46.049 69475 INFO tempest.lib.common.rest_client [req-65aa46a0-05a9-4113-b026-4c1ea7df5bd9 req-65aa46a0-05a9-4113-b026-4c1ea7df5bd9 ] Request (ValidationResourcesFixture:setUp): 201 POST http://10.180.1.21:9696/networking/v2.0/security-groups 0.237s
2025-04-03 06:14:46.087 69449 INFO tempest.lib.common.rest_client [req-2b4d8fa6-0af4-4b23-9c49-b37c9d5b3033 req-2b4d8fa6-0af4-4b23-9c49-b37c9d5b3033 ] Request (ImagesOneServerNegativeTestJSON:test_delete_image_that_is_not_yet_active): 204 DELETE http://10.180.1.21/compute/v2.1/images/d5ced7e2-ec9f-4ff3-82b4-0c4254466655 0.973s
2025-04-03 06:14:46.092 69455 INFO tempest.lib.common.rest_client [req-8f3e8e5d-91e1-4dab-8a38-7a39e5541f07 req-8f3e8e5d-91e1-4dab-8a38-7a39e5541f07 ] Request (ServerShowV247Test:test_update_rebuild_list_server): 200 GET http://10.180.1.21/compute/v2.1/servers/d688584d-4f22-4efd-8d7a-8ae346a98b69 0.714s
2025-04-03 06:14:46.110 69445 INFO tempest.lib.common.rest_client [req-27b06738-bf33-4f4b-b544-61cdd4d47b33 req-27b06738-bf33-4f4b-b544-61cdd4d47b33 ] Request (InstanceUsageAuditLogTestJSON:tearDownClass): 201 POST http://10.180.1.21/identity/v3/auth/tokens 0.065s
2025-04-03 06:14:46.170 69459 INFO tempest.lib.common.rest_client [req-09990a4f-acfc-4f1e-879e-6cd55340d3a5 req-09990a4f-acfc-4f1e-879e-6cd55340d3a5 ] Request (ImagesTestJSON:test_create_image_from_suspended_server): 200 GET http://10.180.1.21/compute/v2.1/servers/0e0e5d1e-ea85-4fd9-a5fe-f98d36b898ee 0.617s
2025-04-03 06:14:46.173 69499 INFO tempest.lib.common.rest_client [req-f4263154-fda2-441c-b101-d3f7bdc579c5 req-f4263154-fda2-441c-b101-d3f7bdc579c5 ] Request (MigrationsAdminTest:test_resize_server_revert_deleted_flavor): 200 GET http://10.180.1.21/compute/v2.1/servers/c4d26567-05de-49c0-bc5f-9310cbd12847 0.558s
2025-04-03 06:14:46.198 69495 INFO tempest.lib.common.rest_client [req-2d0f0abd-7114-40ca-bace-962700360683 req-2d0f0abd-7114-40ca-bace-962700360683 ] Request (ListServersNegativeTestJSON:tearDownClass): 404 GET http://10.180.1.21/compute/v2.1/servers/9092dc6f-d128-4011-8332-6ed3718306bb 0.482s
2025-04-03 06:14:46.216 69441 INFO tempest.lib.common.rest_client [req-5b7d042e-7dc8-45c6-92de-8ac874de3368 req-5b7d042e-7dc8-45c6-92de-8ac874de3368 ] Request (ServersTestManualDisk:tearDownClass): 202 DELETE http://10.180.1.21/compute/v2.1/os-keypairs/tempest-keypair-360042716 0.217s
2025-04-03 06:14:46.237 69449 INFO tempest.lib.common.rest_client [req-d0719541-0ea0-489d-a2db-3b4e4140929d req-d0719541-0ea0-489d-a2db-3b4e4140929d ] Request (ImagesOneServerNegativeTestJSON:test_delete_image_that_is_not_yet_active): 404 GET http://10.180.1.21/compute/v2.1/images/d5ced7e2-ec9f-4ff3-82b4-0c4254466655 0.149s
2025-04-03 06:14:46.259 69495 INFO tempest.lib.common.rest_client [req-080f3aca-9570-4cf5-8ec0-a079b810814f req-080f3aca-9570-4cf5-8ec0-a079b810814f ] Request (ListServersNegativeTestJSON:tearDownClass): 404 GET http://10.180.1.21/compute/v2.1/servers/32b4ca6c-622c-4888-aef5-40dcc6b04355 0.060s
2025-04-03 06:14:46.275 69475 INFO tempest.lib.common.rest_client [req-5dab5114-f57f-4e18-9591-a79c337bae8c req-5dab5114-f57f-4e18-9591-a79c337bae8c ] Request (ValidationResourcesFixture:setUp): 201 POST http://10.180.1.21:9696/networking/v2.0/security-group-rules 0.226s
2025-04-03 06:14:46.386 69441 INFO tempest.lib.common.rest_client [req-606f32a4-babc-458a-acea-9c0928986be4 req-606f32a4-babc-458a-acea-9c0928986be4 ] Request (ServersTestManualDisk:tearDownClass): 204 DELETE http://10.180.1.21:9696/networking/v2.0/security-groups/c50c417c-c942-4892-bf70-4f98f05bd536 0.169s
