2025-02-21 02:22:32.266 63090 INFO tempest.lib.common.rest_client [req-1de89a8e-080e-4516-b761-39d9d3e29c77 req-1de89a8e-080e-4516-b761-39d9d3e29c77 ] Request (ServerGroupTestJSON:_run_cleanups): 200 GET http://10.180.1.21/compute/v2.1/servers/717fed14-da66-44b8-a85e-ecee499dfeaf 0.058s
2025-02-21 02:22:32.284 63122 INFO tempest.lib.common.rest_client [req-d3a4290e-1fd1-4d07-98b3-4ac6cbcc7fb9 req-d3a4290e-1fd1-4d07-98b3-4ac6cbcc7fb9 ] Request (VolumesAssistedSnapshotsTest:_run_cleanups): 200 GET http://10.180.1.21/volume/v3/volumes/486cfc73-ea39-4da4-a4d4-77701aefe7a8 0.025s
2025-02-21 02:22:32.332 63084 INFO tempest.lib.common.rest_client [req-7864c0dd-082a-4b55-9ac2-7a218aaba450 req-7864c0dd-082a-4b55-9ac2-7a218aaba450 ] Request (ServerShowV257Test:test_rebuild_server): 200 GET http://10.180.1.21/compute/v2.1/servers/08573e3f-bd26-400f-a3ff-aa5caa1eff88 0.060s
2025-02-21 02:22:32.341 63084 INFO tempest.common.waiters [-] State transition "BUILD/scheduling" ==> "BUILD/None" after 2 second wait
2025-02-21 02:22:32.381 63078 INFO tempest.lib.common.rest_client [req-2dece511-97c6-4ded-984c-0f214eefa21e req-2dece511-97c6-4ded-984c-0f214eefa21e ] Request (ImagesTestJSON:test_create_image_from_suspended_server): 200 GET http://10.180.1.21/compute/v2.1/images/bd9e23f5-40a4-48ac-9f63-34f02fb41433 0.037s
2025-02-21 02:22:32.401 63092 INFO tempest.lib.common.rest_client [req-6eb4364a-e06e-4901-a94c-28b531f00f09 req-6eb4364a-e06e-4901-a94c-28b531f00f09 ] Request (ListImageFiltersTestJSON:tearDownClass): 200 GET http://10.180.1.21/compute/v2.1/servers/162ea36e-6177-499d-b468-479a71e74fc9 0.057s
2025-02-21 02:22:32.417 63078 INFO tempest.lib.common.rest_client [req-5c282a45-5a71-41fa-81a0-0ff8abafa779 req-5c282a45-5a71-41fa-81a0-0ff8abafa779 ] Request (ImagesTestJSON:test_create_image_from_suspended_server): 200 GET http://10.180.1.21/compute/v2.1/images/bd9e23f5-40a4-48ac-9f63-34f02fb41433 0.032s
2025-02-21 02:22:32.441 63078 INFO tempest.lib.common.rest_client [req-5ba4f89d-428a-4723-976a-1743f13de719 req-5ba4f89d-428a-4723-976a-1743f13de719 ] Request (ImagesTestJSON:test_create_image_from_suspended_server): 200 GET http://10.180.1.21/image/v2/images/bd9e23f5-40a4-48ac-9f63-34f02fb41433/tasks 0.020s
2025-02-21 02:22:32.449 63110 INFO tempest.lib.common.rest_client [req-9e574f6f-5735-46d4-9d88-d9a0ade21601 req-9e574f6f-5735-46d4-9d88-d9a0ade21601 ] Request (ServersTestMultiNic:test_verify_multiple_nics_order): 200 GET http://10.180.1.21/compute/v2.1/servers/484733e8-fba8-475b-8387-3dd27b95c8cd 0.058s
2025-02-21 02:22:32.539 63078 INFO tempest.lib.common.rest_client [req-5cfc293d-0197-4b66-bb27-11774a4a1770 req-5cfc293d-0197-4b66-bb27-11774a4a1770 ] Request (ImagesTestJSON:_run_cleanups): 204 DELETE http://10.180.1.21/compute/v2.1/images/bd9e23f5-40a4-48ac-9f63-34f02fb41433 0.098s
2025-02-21 02:22:32.623 63078 INFO tempest.lib.common.rest_client [req-bdcba7ea-ad6f-4c36-b65b-fe4883a81a45 req-bdcba7ea-ad6f-4c36-b65b-fe4883a81a45 ] Request (ImagesTestJSON:_run_cleanups): 204 DELETE http://10.180.1.21/compute/v2.1/servers/8303b35e-60a0-421e-893e-ed8e93675879 0.084s
2025-02-21 02:22:32.700 63078 INFO tempest.lib.common.rest_client [req-338dca02-37e9-4949-ba83-2356bc87a4ec req-338dca02-37e9-4949-ba83-2356bc87a4ec ] Request (ImagesTestJSON:test_create_server_from_snapshot): 201 POST http://10.180.1.21/identity/v3/auth/tokens 0.072s
2025-02-21 02:22:32.700 63078 INFO tempest.lib.common.fixed_network [-] (ImagesTestJSON:test_create_server_from_snapshot) Found network {'id': '67247edb-cf6d-4a9e-bd5c-6dfc740eee16', 'name': 'tempest-ImagesTestJSON-53073145-network', 'tenant_id': '820e545273c342209cd006656100e42f', 'admin_state_up': True, 'mtu': 8950, 'status': 'ACTIVE', 'subnets': [], 'shared': False, 'project_id': '820e545273c342209cd006656100e42f', 'port_security_enabled': True, 'router:external': False, 'provider:network_type': 'vlan', 'provider:physical_network': 'default', 'provider:segmentation_id': 835, 'availability_zone_hints': [], 'availability_zones': [], 'ipv4_address_scope': None, 'ipv6_address_scope': None, 'description': '', 'tags': [], 'created_at': '2025-02-21T02:19:37Z', 'updated_at': '2025-02-21T02:19:37Z', 'revision_number': 1} available for tenant
2025-02-21 02:22:32.721 63100 INFO tempest.lib.common.rest_client [req-47aa3b62-203e-4877-95e0-910dbc0ecc84 req-47aa3b62-203e-4877-95e0-910dbc0ecc84 ] Request (ServersAdminTestJSON:test_create_server_with_scheduling_hint): 200 GET http://10.180.1.21/compute/v2.1/servers/712ab7cf-0f3a-4c32-9102-711774287121 0.149s
2025-02-21 02:22:32.798 63124 INFO tempest.lib.common.rest_client [req-58b997db-fef2-42b9-b7a2-3e42b81dcea7 req-58b997db-fef2-42b9-b7a2-3e42b81dcea7 ] Request (AttachVolumeShelveTestJSON:test_attach_volume_shelved_or_offload_server): 200 GET http://10.180.1.21/compute/v2.1/servers/27e3bcbc-7bc6-4a90-a135-d95e03ad99a3 0.115s
2025-02-21 02:22:32.806 63124 INFO tempest.common.waiters [-] State transition "ACTIVE/shelving" ==> "ACTIVE/shelving_image_pending_upload" after 3 second wait
2025-02-21 02:22:32.934 63068 INFO tempest.lib.common.rest_client [req-8de95cea-dbcf-43c8-93e3-711becd4274a req-8de95cea-dbcf-43c8-93e3-711becd4274a ] Request (ServerRescueNegativeTestJSON:test_rescued_vm_attach_volume): 200 GET http://10.180.1.21/compute/v2.1/servers/d4caa239-66c2-4304-91a9-38f960480d3d 0.221s
2025-02-21 02:22:32.985 63082 INFO tempest.lib.common.rest_client [req-b65a88e9-f162-46f9-a45a-51b18bd5d9d5 req-b65a88e9-f162-46f9-a45a-51b18bd5d9d5 ] Request (InstanceActionsTestJSON:setUpClass): 200 GET http://10.180.1.21/compute/v2.1/servers/86a7b0ef-8bd0-4c4d-b696-dcdeb707ea43 0.254s
2025-02-21 02:22:33.042 63086 INFO tempest.lib.common.rest_client [req-2228efaa-59ab-4c03-80ec-10b0ed9f4b92 req-2228efaa-59ab-4c03-80ec-10b0ed9f4b92 ] Request (AttachInterfacesV270Test:test_create_get_list_interfaces): 200 GET http://10.180.1.21/compute/v2.1/servers/16b3c94e-bc91-4509-b235-c1c84df19f63 0.267s
2025-02-21 02:22:33.110 63066 INFO tempest.lib.common.rest_client [req-e48310c8-b7bd-43f3-94ea-e004e36c3369 req-e48310c8-b7bd-43f3-94ea-e004e36c3369 ] Request (ListServerFiltersTestJSON:tearDownClass): 200 GET http://10.180.1.21/compute/v2.1/servers/3515bb85-3e7a-42d1-8139-128d1b6f2ace 0.316s
2025-02-21 02:22:33.111 63078 INFO tempest.lib.common.rest_client [req-7cb39f6a-57fb-4906-b71a-cd876d1ac25f req-7cb39f6a-57fb-4906-b71a-cd876d1ac25f ] Request (ImagesTestJSON:test_create_server_from_snapshot): 202 POST http://10.180.1.21/compute/v2.1/servers 0.408s
2025-02-21 02:22:33.177 63106 INFO tempest.lib.common.rest_client [req-3b6b8c54-57e1-4ffd-9306-1145e364ecb7 req-3b6b8c54-57e1-4ffd-9306-1145e364ecb7 ] Request (TenantUsagesTestJSON:tearDownClass): 200 GET http://10.180.1.21/compute/v2.1/servers/ba14c5ee-afa3-4ed6-9e94-1619cb75ef34 0.304s
2025-02-21 02:22:33.239 63114 INFO tempest.lib.common.rest_client [req-e996fac7-73ff-4227-ba55-1408ecffc2bd req-e996fac7-73ff-4227-ba55-1408ecffc2bd ] Request (ServerDiagnosticsNegativeTest:tearDownClass): 200 GET http://10.180.1.21/compute/v2.1/servers/7ad8b488-ed59-40c8-9a33-f8d59448ee0d 0.336s
2025-02-21 02:22:33.305 63098 INFO tempest.lib.common.rest_client [req-4991a2cf-922f-430b-aae1-fe367cd9a4cc req-4991a2cf-922f-430b-aae1-fe367cd9a4cc ] Request (ServerAddressesTestJSON:tearDownClass): 200 GET http://10.180.1.21/compute/v2.1/servers/fbbdd3e4-48ef-4b4c-935f-03aac33efa5e 0.368s
2025-02-21 02:22:33.318 63122 INFO tempest.lib.common.rest_client [req-ad3b5153-a003-4238-b986-5f3ef25695d3 req-ad3b5153-a003-4238-b986-5f3ef25695d3 ] Request (VolumesAssistedSnapshotsTest:_run_cleanups): 200 GET http://10.180.1.21/volume/v3/volumes/486cfc73-ea39-4da4-a4d4-77701aefe7a8 0.027s
2025-02-21 02:22:33.360 63108 INFO tempest.lib.common.rest_client [req-6bdf9c72-bd20-41e8-bce0-d7f507480dd1 req-6bdf9c72-bd20-41e8-bce0-d7f507480dd1 ] Request (ServersWithSpecificFlavorTestJSON:test_verify_created_server_ephemeral_disk): 200 GET http://10.180.1.21/compute/v2.1/servers/90e7b449-f8f7-435e-9aa9-8b4b57ceefdb 0.530s
2025-02-21 02:22:33.369 63088 INFO tempest.lib.common.rest_client [req-0dcdaf79-8818-4780-8319-af12f1205530 req-0dcdaf79-8818-4780-8319-af12f1205530 ] Request (VolumesAdminNegativeTest:test_update_attached_volume_with_nonexistent_volume_in_uri): 200 GET http://10.180.1.21/compute/v2.1/servers/c48cba8b-de8f-4eee-9731-7981b9d62113 0.420s
2025-02-21 02:22:33.427 63094 INFO tempest.lib.common.rest_client [req-856c0958-709e-45a2-aba8-bc9990117add req-856c0958-709e-45a2-aba8-bc9990117add ] Request (DeleteServersTestJSON:test_delete_server_while_in_shelved_state): 200 GET http://10.180.1.21/compute/v2.1/servers/a7ce20ae-e81b-43d3-ae4e-b4ec5efedc6f 0.428s
2025-02-21 02:22:33.432 63070 INFO tempest.lib.common.rest_client [req-e15cda32-78c2-4377-8a90-3acfda44f29d req-e15cda32-78c2-4377-8a90-3acfda44f29d ] Request (AttachInterfacesUnderV243Test:test_add_remove_fixed_ip): 200 GET http://10.180.1.21/compute/v2.1/servers/fcb8d3e5-23d3-4595-b029-63e0f81afa3b 0.356s
2025-02-21 02:22:33.478 63078 INFO tempest.lib.common.rest_client [req-5b5b5cde-a499-40ff-add8-944e29f5e846 req-5b5b5cde-a499-40ff-add8-944e29f5e846 ] Request (ImagesTestJSON:test_create_server_from_snapshot): 200 GET http://10.180.1.21/compute/v2.1/servers/dbf75430-bd48-4fc4-81d2-637240cecf2e 0.365s
2025-02-21 02:22:33.533 63096 INFO tempest.lib.common.rest_client [req-da00f19f-7761-4313-aecf-a0d22d188c9b req-da00f19f-7761-4313-aecf-a0d22d188c9b ] Request (ServersTestFqdnHostnames:tearDownClass): 200 GET http://10.180.1.21/compute/v2.1/servers/1aaf1e38-8dcb-4518-bff4-b0bd50acd5c3 0.410s
2025-02-21 02:22:33.545 63116 INFO tempest.lib.common.rest_client [req-5b575413-7b28-4b7f-87e0-58df66c1af88 req-5b575413-7b28-4b7f-87e0-58df66c1af88 ] Request (ServersTestBootFromVolume:tearDownClass): 200 GET http://10.180.1.21/compute/v2.1/servers/ac662667-1f68-4521-abc1-f5af98fd3e29 0.371s
2025-02-21 02:22:33.600 63074 INFO tempest.lib.common.rest_client [req-5f6845fc-4562-4736-9284-8a4319297f76 req-5f6845fc-4562-4736-9284-8a4319297f76 ] Request (SecurityGroupsTestJSON:test_list_security_groups_by_server): 200 GET http://10.180.1.21/compute/v2.1/servers/ce4532df-3d21-4836-bde5-dec47e5c9592 0.380s
2025-02-21 02:22:33.621 63076 INFO tempest.lib.common.rest_client [req-1fdb7319-4a93-4362-84d2-926372369def req-1fdb7319-4a93-4362-84d2-926372369def ] Request (ListServersNegativeTestJSON:tearDownClass): 404 GET http://10.180.1.21/compute/v2.1/servers/18574e64-00c3-4461-bdae-89bec9adb624 0.365s
2025-02-21 02:22:33.631 63104 INFO tempest.lib.common.rest_client [req-eee9bf56-0823-4f37-96d6-22b1402cfdae req-eee9bf56-0823-4f37-96d6-22b1402cfdae ] Request (MigrationsAdminTest:test_resize_server_revert_deleted_flavor): 200 GET http://10.180.1.21/compute/v2.1/servers/1dcba50a-360c-4b9f-8ef4-a4a53bbb32ae 0.455s
2025-02-21 02:22:33.691 63090 INFO tempest.lib.common.rest_client [req-bb90d337-ea60-4e7a-8c2c-18f6ef4cedbe req-bb90d337-ea60-4e7a-8c2c-18f6ef4cedbe ] Request (ServerGroupTestJSON:_run_cleanups): 200 GET http://10.180.1.21/compute/v2.1/servers/717fed14-da66-44b8-a85e-ecee499dfeaf 0.417s
2025-02-21 02:22:33.693 63084 INFO tempest.lib.common.rest_client [req-7312666b-c38e-4d90-b495-86787ebcb50d req-7312666b-c38e-4d90-b495-86787ebcb50d ] Request (ServerShowV257Test:test_rebuild_server): 200 GET http://10.180.1.21/compute/v2.1/servers/08573e3f-bd26-400f-a3ff-aa5caa1eff88 0.351s
2025-02-21 02:22:33.762 63110 INFO tempest.lib.common.rest_client [req-9e149b75-94bb-45b5-b337-2e98f1b3cfeb req-9e149b75-94bb-45b5-b337-2e98f1b3cfeb ] Request (ServersTestMultiNic:test_verify_multiple_nics_order): 200 GET http://10.180.1.21/compute/v2.1/servers/484733e8-fba8-475b-8387-3dd27b95c8cd 0.305s
2025-02-21 02:22:33.762 63092 INFO tempest.lib.common.rest_client [req-396b7f02-9336-475d-a37e-0ec850b724e9 req-396b7f02-9336-475d-a37e-0ec850b724e9 ] Request (ListImageFiltersTestJSON:tearDownClass): 200 GET http://10.180.1.21/compute/v2.1/servers/162ea36e-6177-499d-b468-479a71e74fc9 0.353s
2025-02-21 02:22:33.871 63100 INFO tempest.lib.common.rest_client [req-9a05ebd7-9081-41bf-8053-0ed1c9b7dafe req-9a05ebd7-9081-41bf-8053-0ed1c9b7dafe ] Request (ServersAdminTestJSON:test_create_server_with_scheduling_hint): 200 GET http://10.180.1.21/compute/v2.1/servers/712ab7cf-0f3a-4c32-9102-711774287121 0.142s
2025-02-21 02:22:33.942 63124 INFO tempest.lib.common.rest_client [req-3bb81659-c96c-4dd4-b69f-42054b50917d req-3bb81659-c96c-4dd4-b69f-42054b50917d ] Request (AttachVolumeShelveTestJSON:test_attach_volume_shelved_or_offload_server): 200 GET http://10.180.1.21/compute/v2.1/servers/27e3bcbc-7bc6-4a90-a135-d95e03ad99a3 0.134s
2025-02-21 02:22:33.954 63124 INFO tempest.common.waiters [-] State transition "ACTIVE/shelving_image_pending_upload" ==> "ACTIVE/shelving_image_uploading" after 4 second wait
2025-02-21 02:22:34.035 63068 INFO tempest.lib.common.rest_client [req-54a1e4e8-e896-497f-8ec5-64c49d26558e req-54a1e4e8-e896-497f-8ec5-64c49d26558e ] Request (ServerRescueNegativeTestJSON:test_rescued_vm_attach_volume): 200 GET http://10.180.1.21/compute/v2.1/servers/d4caa239-66c2-4304-91a9-38f960480d3d 0.090s
2025-02-21 02:22:34.055 63082 INFO tempest.lib.common.rest_client [req-706f81af-f5d8-47c5-9f75-49b7a8e2f40d req-706f81af-f5d8-47c5-9f75-49b7a8e2f40d ] Request (InstanceActionsTestJSON:setUpClass): 200 GET http://10.180.1.21/compute/v2.1/servers/86a7b0ef-8bd0-4c4d-b696-dcdeb707ea43 0.063s
2025-02-21 02:22:34.117 63086 INFO tempest.lib.common.rest_client [req-c7e944f7-fcfd-4f15-abeb-cf1bda9dcb99 req-c7e944f7-fcfd-4f15-abeb-cf1bda9dcb99 ] Request (AttachInterfacesV270Test:test_create_get_list_interfaces): 200 GET http://10.180.1.21/compute/v2.1/servers/16b3c94e-bc91-4509-b235-c1c84df19f63 0.064s
2025-02-21 02:22:34.195 63066 INFO tempest.lib.common.rest_client [req-7c143be9-9421-4ffd-bc70-36940074366a req-7c143be9-9421-4ffd-bc70-36940074366a ] Request (ListServerFiltersTestJSON:tearDownClass): 200 GET http://10.180.1.21/compute/v2.1/servers/3515bb85-3e7a-42d1-8139-128d1b6f2ace 0.076s
2025-02-21 02:22:34.262 63106 INFO tempest.lib.common.rest_client [req-9a7442f9-45ef-4482-a273-63052f1dc54e req-9a7442f9-45ef-4482-a273-63052f1dc54e ] Request (TenantUsagesTestJSON:tearDownClass): 200 GET http://10.180.1.21/compute/v2.1/servers/ba14c5ee-afa3-4ed6-9e94-1619cb75ef34 0.076s
2025-02-21 02:22:34.327 63114 INFO tempest.lib.common.rest_client [req-0c4cb025-df88-4a1e-8cf6-99f8aa82fb4f req-0c4cb025-df88-4a1e-8cf6-99f8aa82fb4f ] Request (ServerDiagnosticsNegativeTest:tearDownClass): 200 GET http://10.180.1.21/compute/v2.1/servers/7ad8b488-ed59-40c8-9a33-f8d59448ee0d 0.080s
2025-02-21 02:22:34.358 63122 INFO tempest.lib.common.rest_client [req-b3bb50b0-a33c-43ed-bac5-855d7ba1c584 req-b3bb50b0-a33c-43ed-bac5-855d7ba1c584 ] Request (VolumesAssistedSnapshotsTest:_run_cleanups): 200 GET http://10.180.1.21/volume/v3/volumes/486cfc73-ea39-4da4-a4d4-77701aefe7a8 0.032s
2025-02-21 02:22:34.407 63098 INFO tempest.lib.common.rest_client [req-84c6b24c-2819-4476-a1e3-793ccc509c63 req-84c6b24c-2819-4476-a1e3-793ccc509c63 ] Request (ServerAddressesTestJSON:tearDownClass): 200 GET http://10.180.1.21/compute/v2.1/servers/fbbdd3e4-48ef-4b4c-935f-03aac33efa5e 0.094s
2025-02-21 02:22:34.442 63108 INFO tempest.lib.common.rest_client [req-5a80499e-9212-46ce-a2f4-f8e93fefd4e8 req-5a80499e-9212-46ce-a2f4-f8e93fefd4e8 ] Request (ServersWithSpecificFlavorTestJSON:test_verify_created_server_ephemeral_disk): 200 GET http://10.180.1.21/compute/v2.1/servers/90e7b449-f8f7-435e-9aa9-8b4b57ceefdb 0.073s
2025-02-21 02:22:34.467 63088 INFO tempest.lib.common.rest_client [req-86357bb8-c806-4f10-b20d-04f6cffb1b90 req-86357bb8-c806-4f10-b20d-04f6cffb1b90 ] Request (VolumesAdminNegativeTest:test_update_attached_volume_with_nonexistent_volume_in_uri): 200 GET http://10.180.1.21/compute/v2.1/servers/c48cba8b-de8f-4eee-9731-7981b9d62113 0.087s
2025-02-21 02:22:34.537 63070 INFO tempest.lib.common.rest_client [req-cf069f82-eea7-4989-949f-655f6cac1fe4 req-cf069f82-eea7-4989-949f-655f6cac1fe4 ] Request (AttachInterfacesUnderV243Test:test_add_remove_fixed_ip): 200 GET http://10.180.1.21/compute/v2.1/servers/fcb8d3e5-23d3-4595-b029-63e0f81afa3b 0.096s
2025-02-21 02:22:34.602 63078 INFO tempest.lib.common.rest_client [req-0e18303a-0140-4204-bc4f-ac467235d5b8 req-0e18303a-0140-4204-bc4f-ac467235d5b8 ] Request (ImagesTestJSON:test_create_server_from_snapshot): 200 GET http://10.180.1.21/compute/v2.1/servers/dbf75430-bd48-4fc4-81d2-637240cecf2e 0.113s
2025-02-21 02:22:34.653 63096 INFO tempest.lib.common.rest_client [req-01dd072f-4919-4ae3-bc78-d48008ade939 req-01dd072f-4919-4ae3-bc78-d48008ade939 ] Request (ServersTestFqdnHostnames:tearDownClass): 200 GET http://10.180.1.21/compute/v2.1/servers/1aaf1e38-8dcb-4518-bff4-b0bd50acd5c3 0.111s
2025-02-21 02:22:34.714 63116 INFO tempest.lib.common.rest_client [req-99527e75-c6b3-493a-be5e-7163ab0e2b9e req-99527e75-c6b3-493a-be5e-7163ab0e2b9e ] Request (ServersTestBootFromVolume:tearDownClass): 200 GET http://10.180.1.21/compute/v2.1/servers/ac662667-1f68-4521-abc1-f5af98fd3e29 0.160s
2025-02-21 02:22:34.742 63094 INFO tempest.lib.common.rest_client [req-a630de7c-09aa-484a-a1dc-0b1560cd6d01 req-a630de7c-09aa-484a-a1dc-0b1560cd6d01 ] Request (DeleteServersTestJSON:test_delete_server_while_in_shelved_state): 200 GET http://10.180.1.21/compute/v2.1/servers/a7ce20ae-e81b-43d3-ae4e-b4ec5efedc6f 0.306s
2025-02-21 02:22:34.757 63076 INFO tempest.lib.common.rest_client [req-1136d133-7e29-41cf-8611-352df7157dd1 req-1136d133-7e29-41cf-8611-352df7157dd1 ] Request (ListServersNegativeTestJSON:tearDownClass): 200 PUT http://10.180.1.21:9696/networking/v2.0/routers/11c894e6-8dfe-4fd0-8366-9a4a05ba4acb/remove_router_interface 1.135s
2025-02-21 02:22:34.777 63074 INFO tempest.lib.common.rest_client [req-14565210-7926-4394-9464-6ca109616009 req-14565210-7926-4394-9464-6ca109616009 ] Request (SecurityGroupsTestJSON:test_list_security_groups_by_server): 200 GET http://10.180.1.21/compute/v2.1/servers/ce4532df-3d21-4836-bde5-dec47e5c9592 0.168s
2025-02-21 02:22:34.854 63090 INFO tempest.lib.common.rest_client [req-c166a93a-6f24-4499-8ebe-d12f6dc783b1 req-c166a93a-6f24-4499-8ebe-d12f6dc783b1 ] Request (ServerGroupTestJSON:_run_cleanups): 200 GET http://10.180.1.21/compute/v2.1/servers/717fed14-da66-44b8-a85e-ecee499dfeaf 0.147s
2025-02-21 02:22:34.887 63104 INFO tempest.lib.common.rest_client [req-a37402a3-2a9f-4c6b-ae2f-6c0b3b983436 req-a37402a3-2a9f-4c6b-ae2f-6c0b3b983436 ] Request (MigrationsAdminTest:test_resize_server_revert_deleted_flavor): 200 GET http://10.180.1.21/compute/v2.1/servers/1dcba50a-360c-4b9f-8ef4-a4a53bbb32ae 0.243s
2025-02-21 02:22:34.917 63084 INFO tempest.lib.common.rest_client [req-f0c90174-6176-424d-9fe7-dbcc2684979f req-f0c90174-6176-424d-9fe7-dbcc2684979f ] Request (ServerShowV257Test:test_rebuild_server): 200 GET http://10.180.1.21/compute/v2.1/servers/08573e3f-bd26-400f-a3ff-aa5caa1eff88 0.208s
2025-02-21 02:22:34.940 63110 INFO tempest.lib.common.rest_client [req-156d7a19-89ce-47bd-bee8-4f3dcac6ebf6 req-156d7a19-89ce-47bd-bee8-4f3dcac6ebf6 ] Request (ServersTestMultiNic:test_verify_multiple_nics_order): 200 GET http://10.180.1.21/compute/v2.1/servers/484733e8-fba8-475b-8387-3dd27b95c8cd 0.168s
2025-02-21 02:22:34.987 63092 INFO tempest.lib.common.rest_client [req-af0ec3b6-fc5b-43bb-8f4d-a47680d3cb63 req-af0ec3b6-fc5b-43bb-8f4d-a47680d3cb63 ] Request (ListImageFiltersTestJSON:tearDownClass): 200 GET http://10.180.1.21/compute/v2.1/servers/162ea36e-6177-499d-b468-479a71e74fc9 0.210s
2025-02-21 02:22:35.065 63100 INFO tempest.lib.common.rest_client [req-cb7297ea-20f6-45e1-b274-f108f0ae27a5 req-cb7297ea-20f6-45e1-b274-f108f0ae27a5 ] Request (ServersAdminTestJSON:test_create_server_with_scheduling_hint): 200 GET http://10.180.1.21/compute/v2.1/servers/712ab7cf-0f3a-4c32-9102-711774287121 0.185s
2025-02-21 02:22:35.142 63124 INFO tempest.lib.common.rest_client [req-8b3d1194-d905-402d-a7ea-1e9d08ff1617 req-8b3d1194-d905-402d-a7ea-1e9d08ff1617 ] Request (AttachVolumeShelveTestJSON:test_attach_volume_shelved_or_offload_server): 200 GET http://10.180.1.21/compute/v2.1/servers/27e3bcbc-7bc6-4a90-a135-d95e03ad99a3 0.187s
2025-02-21 02:22:35.179 63068 INFO tempest.lib.common.rest_client [req-434aa948-277e-422d-8fd8-9e92154151f2 req-434aa948-277e-422d-8fd8-9e92154151f2 ] Request (ServerRescueNegativeTestJSON:test_rescued_vm_attach_volume): 200 GET http://10.180.1.21/compute/v2.1/servers/d4caa239-66c2-4304-91a9-38f960480d3d 0.135s
2025-02-21 02:22:35.208 63082 INFO tempest.lib.common.rest_client [req-12b1c2f2-e818-42f9-a998-5af5beb28bb8 req-12b1c2f2-e818-42f9-a998-5af5beb28bb8 ] Request (InstanceActionsTestJSON:setUpClass): 200 GET http://10.180.1.21/compute/v2.1/servers/86a7b0ef-8bd0-4c4d-b696-dcdeb707ea43 0.145s
2025-02-21 02:22:35.232 63086 INFO tempest.lib.common.rest_client [req-b2ad6e25-133c-4132-a016-4c96b7c3ba83 req-b2ad6e25-133c-4132-a016-4c96b7c3ba83 ] Request (AttachInterfacesV270Test:test_create_get_list_interfaces): 200 GET http://10.180.1.21/compute/v2.1/servers/16b3c94e-bc91-4509-b235-c1c84df19f63 0.105s
2025-02-21 02:22:35.247 63076 INFO tempest.lib.common.rest_client [req-a27a5ee0-3092-41df-94cc-d7d0c955c802 req-a27a5ee0-3092-41df-94cc-d7d0c955c802 ] Request (ListServersNegativeTestJSON:tearDownClass): 204 DELETE http://10.180.1.21:9696/networking/v2.0/routers/11c894e6-8dfe-4fd0-8366-9a4a05ba4acb 0.490s
2025-02-21 02:22:35.271 63066 INFO tempest.lib.common.rest_client [req-95ec04c9-59a5-4959-a402-104488512c80 req-95ec04c9-59a5-4959-a402-104488512c80 ] Request (ListServerFiltersTestJSON:tearDownClass): 200 GET http://10.180.1.21/compute/v2.1/servers/3515bb85-3e7a-42d1-8139-128d1b6f2ace 0.068s
2025-02-21 02:22:35.359 63114 INFO tempest.lib.common.rest_client [req-88b82aa2-15c4-420c-826a-2dcfa581ddb6 req-88b82aa2-15c4-420c-826a-2dcfa581ddb6 ] Request (ServerDiagnosticsNegativeTest:tearDownClass): 404 GET http://10.180.1.21/compute/v2.1/servers/7ad8b488-ed59-40c8-9a33-f8d59448ee0d 0.024s
2025-02-21 02:22:35.371 63106 INFO tempest.lib.common.rest_client [req-2312f24a-1913-4b05-9eeb-5ef481eefff7 req-2312f24a-1913-4b05-9eeb-5ef481eefff7 ] Request (TenantUsagesTestJSON:tearDownClass): 200 GET http://10.180.1.21/compute/v2.1/servers/ba14c5ee-afa3-4ed6-9e94-1619cb75ef34 0.098s
2025-02-21 02:22:35.383 63122 INFO tempest.lib.common.rest_client [req-b0ac22e9-d7b2-4d1f-bc90-2b725e19e87d req-b0ac22e9-d7b2-4d1f-bc90-2b725e19e87d ] Request (VolumesAssistedSnapshotsTest:_run_cleanups): 404 GET http://10.180.1.21/volume/v3/volumes/486cfc73-ea39-4da4-a4d4-77701aefe7a8 0.017s
2025-02-21 02:22:35.438 63076 INFO tempest.lib.common.rest_client [req-b5108324-aab6-4c9c-a2e0-3a3e68360641 req-b5108324-aab6-4c9c-a2e0-3a3e68360641 ] Request (ListServersNegativeTestJSON:tearDownClass): 204 DELETE http://10.180.1.21:9696/networking/v2.0/subnets/e6e2c1d2-432b-47f4-9066-cc8378a5dcf8 0.190s
2025-02-21 02:22:35.488 63122 INFO tempest.lib.common.rest_client [req-f6c79c72-19c7-4371-ae49-a19c7623d864 req-f6c79c72-19c7-4371-ae49-a19c7623d864 ] Request (VolumesAssistedSnapshotsTest:tearDownClass): 204 DELETE http://10.180.1.21/compute/v2.1/servers/b1fbf948-562d-4cd0-9c9a-8e83c8967592 0.099s
2025-02-21 02:22:35.505 63098 INFO tempest.lib.common.rest_client [req-ead96dc0-8a67-468e-bade-d6d54e0da632 req-ead96dc0-8a67-468e-bade-d6d54e0da632 ] Request (ServerAddressesTestJSON:tearDownClass): 200 GET http://10.180.1.21/compute/v2.1/servers/fbbdd3e4-48ef-4b4c-935f-03aac33efa5e 0.085s
2025-02-21 02:22:35.514 63114 INFO tempest.lib.common.rest_client [req-1457b484-a211-4e71-9ff5-70ca61bc632f req-1457b484-a211-4e71-9ff5-70ca61bc632f ] Request (ServerDiagnosticsNegativeTest:tearDownClass): 204 DELETE http://10.180.1.21/identity/v3/users/4b0ffcf7d4d7461a894e4ac06c4ddc4d 0.154s
2025-02-21 02:22:35.549 63108 INFO tempest.lib.common.rest_client [req-933dfc73-a502-4761-be8d-c0ee26e4df83 req-933dfc73-a502-4761-be8d-c0ee26e4df83 ] Request (ServersWithSpecificFlavorTestJSON:test_verify_created_server_ephemeral_disk): 200 GET http://10.180.1.21/compute/v2.1/servers/90e7b449-f8f7-435e-9aa9-8b4b57ceefdb 0.098s
2025-02-21 02:22:35.569 63088 INFO tempest.lib.common.rest_client [req-5076689a-e06f-49ba-94a9-09aac7851d5b req-5076689a-e06f-49ba-94a9-09aac7851d5b ] Request (VolumesAdminNegativeTest:test_update_attached_volume_with_nonexistent_volume_in_uri): 200 GET http://10.180.1.21/compute/v2.1/servers/c48cba8b-de8f-4eee-9731-7981b9d62113 0.090s
2025-02-21 02:22:35.631 63114 INFO tempest.lib.common.rest_client [req-b55fa02c-fd64-40d4-b95a-5a4454f8b50c req-b55fa02c-fd64-40d4-b95a-5a4454f8b50c ] Request (ServerDiagnosticsNegativeTest:tearDownClass): 204 DELETE http://10.180.1.21/identity/v3/users/b09d3d2344354f67bfc3b9b8a9752780 0.117s
2025-02-21 02:22:35.632 63114 INFO tempest.lib.common.dynamic_creds [-] Deleting project and security group for project: b9acec93ac424ac98c957edf79e1541e
2025-02-21 02:22:35.641 63070 INFO tempest.lib.common.rest_client [req-9de22e8e-6b13-476e-bd71-4b34b45572f1 req-9de22e8e-6b13-476e-bd71-4b34b45572f1 ] Request (AttachInterfacesUnderV243Test:test_add_remove_fixed_ip): 200 GET http://10.180.1.21/compute/v2.1/servers/fcb8d3e5-23d3-4595-b029-63e0f81afa3b 0.090s
2025-02-21 02:22:35.694 63078 INFO tempest.lib.common.rest_client [req-eddea08a-f888-432a-af5a-57c7d5f10951 req-eddea08a-f888-432a-af5a-57c7d5f10951 ] Request (ImagesTestJSON:test_create_server_from_snapshot): 200 GET http://10.180.1.21/compute/v2.1/servers/dbf75430-bd48-4fc4-81d2-637240cecf2e 0.083s
2025-02-21 02:22:35.706 63114 INFO tempest.lib.common.rest_client [req-cf3bf2f0-aae9-4954-82bc-b103fdc83f7d req-cf3bf2f0-aae9-4954-82bc-b103fdc83f7d ] Request (ServerDiagnosticsNegativeTest:tearDownClass): 201 POST http://10.180.1.21/identity/v3/auth/tokens 0.074s
2025-02-21 02:22:35.710 63122 INFO tempest.lib.common.rest_client [req-7d344155-bbf1-4553-bf5d-abd411d7b8b8 req-7d344155-bbf1-4553-bf5d-abd411d7b8b8 ] Request (VolumesAssistedSnapshotsTest:tearDownClass): 200 GET http://10.180.1.21/compute/v2.1/servers/b1fbf948-562d-4cd0-9c9a-8e83c8967592 0.222s
2025-02-21 02:22:35.770 63096 INFO tempest.lib.common.rest_client [req-c43d4251-04bc-440f-aa88-f6e3c5e9fbe8 req-c43d4251-04bc-440f-aa88-f6e3c5e9fbe8 ] Request (ServersTestFqdnHostnames:tearDownClass): 200 GET http://10.180.1.21/compute/v2.1/servers/1aaf1e38-8dcb-4518-bff4-b0bd50acd5c3 0.107s
2025-02-21 02:22:35.777 63076 INFO tempest.lib.common.rest_client [req-1dafdc45-a0a0-4160-9d51-a2f489be8f37 req-1dafdc45-a0a0-4160-9d51-a2f489be8f37 ] Request (ListServersNegativeTestJSON:tearDownClass): 204 DELETE http://10.180.1.21:9696/networking/v2.0/networks/cc09fbf6-af96-4da0-82a5-6eaf4b2f015e 0.338s
2025-02-21 02:22:35.778 63096 INFO tempest.common.waiters [-] State transition "ACTIVE/deleting" ==> "DELETED/None" after 5 second wait
2025-02-21 02:22:35.801 63116 INFO tempest.lib.common.rest_client [req-c9b1fae1-9b60-4e28-be90-f466388dcb4d req-c9b1fae1-9b60-4e28-be90-f466388dcb4d ] Request (ServersTestBootFromVolume:tearDownClass): 200 GET http://10.180.1.21/compute/v2.1/servers/ac662667-1f68-4521-abc1-f5af98fd3e29 0.078s
2025-02-21 02:22:35.803 63114 INFO tempest.lib.common.rest_client [req-5bd118d6-2702-464e-8f72-346938f53689 req-5bd118d6-2702-464e-8f72-346938f53689 ] Request (ServerDiagnosticsNegativeTest:tearDownClass): 200 GET http://10.180.1.21:9696/networking/v2.0/security-groups?tenant_id=b9acec93ac424ac98c957edf79e1541e&name=default 0.096s
2025-02-21 02:22:35.819 63094 INFO tempest.lib.common.rest_client [req-2122109f-e346-45cf-a7b7-310c0997629a req-2122109f-e346-45cf-a7b7-310c0997629a ] Request (DeleteServersTestJSON:test_delete_server_while_in_shelved_state): 200 GET http://10.180.1.21/compute/v2.1/servers/a7ce20ae-e81b-43d3-ae4e-b4ec5efedc6f 0.069s
2025-02-21 02:22:35.869 63076 INFO tempest.lib.common.rest_client [req-4cea0798-6acc-4644-8c1b-3ba5c629daec req-4cea0798-6acc-4644-8c1b-3ba5c629daec ] Request (ListServersNegativeTestJSON:tearDownClass): 204 DELETE http://10.180.1.21/identity/v3/users/dd24a0df8a064c359b66269d5925888e 0.092s
2025-02-21 02:22:35.869 63076 INFO tempest.lib.common.dynamic_creds [-] Deleting project and security group for project: 4a19bf1124524667b5a1c336be3eac66
2025-02-21 02:22:35.870 63074 INFO tempest.lib.common.rest_client [req-25b0da3b-a2c7-4312-a003-0c965a52745b req-25b0da3b-a2c7-4312-a003-0c965a52745b ] Request (SecurityGroupsTestJSON:test_list_security_groups_by_server): 200 GET http://10.180.1.21/compute/v2.1/servers/ce4532df-3d21-4836-bde5-dec47e5c9592 0.079s
2025-02-21 02:22:35.898 63114 INFO tempest.lib.common.rest_client [req-719c1516-9614-452e-821a-7a8c94c65b41 req-719c1516-9614-452e-821a-7a8c94c65b41 ] Request (ServerDiagnosticsNegativeTest:tearDownClass): 204 DELETE http://10.180.1.21:9696/networking/v2.0/security-groups/d2c15f86-c0bd-4e4d-9e52-f50ce3b8703c 0.095s
2025-02-21 02:22:35.907 63076 INFO tempest.lib.common.rest_client [req-0cf3bbf3-0884-4d24-95fc-d409abfee4f2 req-0cf3bbf3-0884-4d24-95fc-d409abfee4f2 ] Request (ListServersNegativeTestJSON:tearDownClass): 200 GET http://10.180.1.21:9696/networking/v2.0/security-groups?tenant_id=4a19bf1124524667b5a1c336be3eac66&name=default 0.037s
2025-02-21 02:22:35.939 63090 INFO tempest.lib.common.rest_client [req-677794eb-e505-49d3-aae8-037f2bac330c req-677794eb-e505-49d3-aae8-037f2bac330c ] Request (ServerGroupTestJSON:_run_cleanups): 200 GET http://10.180.1.21/compute/v2.1/servers/717fed14-da66-44b8-a85e-ecee499dfeaf 0.073s
2025-02-21 02:22:35.991 63114 INFO tempest.lib.common.rest_client [req-76c1312e-1ff6-4a2d-b873-f6384fdf231d req-76c1312e-1ff6-4a2d-b873-f6384fdf231d ] Request (ServerDiagnosticsNegativeTest:tearDownClass): 204 DELETE http://10.180.1.21/identity/v3/projects/b9acec93ac424ac98c957edf79e1541e 0.093s
2025-02-21 02:22:35.992 63114 INFO tempest.lib.common.dynamic_creds [-] Deleting project and security group for project: 7b4fd688321b439b8213c2dd97fc25d5
2025-02-21 02:22:35.996 63084 INFO tempest.lib.common.rest_client [req-fb236ccd-6095-4504-9a9f-836c2d626c8a req-fb236ccd-6095-4504-9a9f-836c2d626c8a ] Request (ServerShowV257Test:test_rebuild_server): 200 GET http://10.180.1.21/compute/v2.1/servers/08573e3f-bd26-400f-a3ff-aa5caa1eff88 0.069s
2025-02-21 02:22:36.005 63076 INFO tempest.lib.common.rest_client [req-160b3ed1-10d2-4543-9994-0e5d3a0c238b req-160b3ed1-10d2-4543-9994-0e5d3a0c238b ] Request (ListServersNegativeTestJSON:tearDownClass): 204 DELETE http://10.180.1.21:9696/networking/v2.0/security-groups/ca1e3975-e935-4658-b7bb-a739303bc85d 0.097s
2025-02-21 02:22:36.005 63104 INFO tempest.lib.common.rest_client [req-0038fb46-784a-44eb-a4e0-3783c8d03c4b req-0038fb46-784a-44eb-a4e0-3783c8d03c4b ] Request (MigrationsAdminTest:test_resize_server_revert_deleted_flavor): 200 GET http://10.180.1.21/compute/v2.1/servers/1dcba50a-360c-4b9f-8ef4-a4a53bbb32ae 0.109s
2025-02-21 02:22:36.047 63110 INFO tempest.lib.common.rest_client [req-53c1277a-fa63-4f9f-a402-f84714ca1b05 req-53c1277a-fa63-4f9f-a402-f84714ca1b05 ] Request (ServersTestMultiNic:test_verify_multiple_nics_order): 200 GET http://10.180.1.21/compute/v2.1/servers/484733e8-fba8-475b-8387-3dd27b95c8cd 0.098s
2025-02-21 02:22:36.065 63092 INFO tempest.lib.common.rest_client [req-0a63fbb7-f137-43ee-b7e3-42615402a5c2 req-0a63fbb7-f137-43ee-b7e3-42615402a5c2 ] Request (ListImageFiltersTestJSON:tearDownClass): 200 GET http://10.180.1.21/compute/v2.1/servers/162ea36e-6177-499d-b468-479a71e74fc9 0.063s
2025-02-21 02:22:36.108 63114 INFO tempest.lib.common.rest_client [req-50a44408-5b68-441e-b560-0d232fa1acad req-50a44408-5b68-441e-b560-0d232fa1acad ] Request (ServerDiagnosticsNegativeTest:tearDownClass): 200 GET http://10.180.1.21:9696/networking/v2.0/security-groups?tenant_id=7b4fd688321b439b8213c2dd97fc25d5&name=default 0.116s
2025-02-21 02:22:36.126 63076 INFO tempest.lib.common.rest_client [req-114d83df-4bb5-4512-aadb-51785ff1ce3d req-114d83df-4bb5-4512-aadb-51785ff1ce3d ] Request (ListServersNegativeTestJSON:tearDownClass): 204 DELETE http://10.180.1.21/identity/v3/projects/4a19bf1124524667b5a1c336be3eac66 0.121s
2025-02-21 02:22:36.175 63100 INFO tempest.lib.common.rest_client [req-1fb671ef-20b2-4456-93fc-5f319eb220fa req-1fb671ef-20b2-4456-93fc-5f319eb220fa ] Request (ServersAdminTestJSON:test_create_server_with_scheduling_hint): 200 GET http://10.180.1.21/compute/v2.1/servers/712ab7cf-0f3a-4c32-9102-711774287121 0.102s
2025-02-21 02:22:36.183 63114 INFO tempest.lib.common.rest_client [req-501f4197-f750-4a66-9904-a0368a46fa2e req-501f4197-f750-4a66-9904-a0368a46fa2e ] Request (ServerDiagnosticsNegativeTest:tearDownClass): 204 DELETE http://10.180.1.21:9696/networking/v2.0/security-groups/0ac44d74-b479-48d8-84f4-ad57d7d3e940 0.074s
2025-02-21 02:22:36.195 63076 INFO tempest.lib.common.rest_client [req-6cbddc62-2ad0-4b72-86cb-969ffe996a2d req-6cbddc62-2ad0-4b72-86cb-969ffe996a2d ] Request (ServerGroup264TestJSON:setUpClass): 201 POST http://10.180.1.21/identity/v3/auth/tokens 0.066s
2025-02-21 02:22:36.226 63076 INFO tempest.lib.common.rest_client [req-8cd5d309-efc1-4367-b4d4-0a769e03fa5c req-8cd5d309-efc1-4367-b4d4-0a769e03fa5c ] Request (ServerGroup264TestJSON:setUpClass): 201 POST http://10.180.1.21/identity/v3/auth/tokens 0.028s
2025-02-21 02:22:36.249 63076 INFO tempest.lib.common.rest_client [req-fc39f7d7-4457-43f8-9e2b-f74c126ddd1c req-fc39f7d7-4457-43f8-9e2b-f74c126ddd1c ] Request (ServerGroup264TestJSON:setUpClass): 200 GET http://10.180.1.21/identity/v3/domains?name=Default 0.022s
2025-02-21 02:22:36.270 63114 INFO tempest.lib.common.rest_client [req-6004aead-9578-4762-b23c-bfbc74bd5de4 req-6004aead-9578-4762-b23c-bfbc74bd5de4 ] Request (ServerDiagnosticsNegativeTest:tearDownClass): 204 DELETE http://10.180.1.21/identity/v3/projects/7b4fd688321b439b8213c2dd97fc25d5 0.086s
2025-02-21 02:22:36.286 63124 INFO tempest.lib.common.rest_client [req-1b48f1e7-0109-4e0a-8bf2-449eba9939fd req-1b48f1e7-0109-4e0a-8bf2-449eba9939fd ] Request (AttachVolumeShelveTestJSON:test_attach_volume_shelved_or_offload_server): 200 GET http://10.180.1.21/compute/v2.1/servers/27e3bcbc-7bc6-4a90-a135-d95e03ad99a3 0.134s
2025-02-21 02:22:36.310 63114 INFO tempest.lib.common.rest_client [req-6078d849-2499-4241-bd33-fdb118c99e92 req-6078d849-2499-4241-bd33-fdb118c99e92 ] Request (ServerDiskConfigTestJSON:setUpClass): 201 POST http://10.180.1.21/identity/v3/auth/tokens 0.038s
2025-02-21 02:22:36.311 63068 INFO tempest.lib.common.rest_client [req-befda728-4073-4352-bcb1-48f176c9a0da req-befda728-4073-4352-bcb1-48f176c9a0da ] Request (ServerRescueNegativeTestJSON:test_rescued_vm_attach_volume): 200 GET http://10.180.1.21/compute/v2.1/servers/d4caa239-66c2-4304-91a9-38f960480d3d 0.125s
2025-02-21 02:22:36.315 63076 INFO tempest.lib.common.rest_client [req-48659dc8-88a3-4161-a22a-6c19ba79bce3 req-48659dc8-88a3-4161-a22a-6c19ba79bce3 ] Request (ServerGroup264TestJSON:setUpClass): 201 POST http://10.180.1.21/identity/v3/projects 0.065s
2025-02-21 02:22:36.365 63086 INFO tempest.lib.common.rest_client [req-e6323a54-c165-42d4-9b05-c3b1635610ee req-e6323a54-c165-42d4-9b05-c3b1635610ee ] Request (AttachInterfacesV270Test:test_create_get_list_interfaces): 200 GET http://10.180.1.21/compute/v2.1/servers/16b3c94e-bc91-4509-b235-c1c84df19f63 0.120s
2025-02-21 02:22:36.366 63082 INFO tempest.lib.common.rest_client [req-815a77a2-4f7b-43ae-b456-489aa1d2cb8f req-815a77a2-4f7b-43ae-b456-489aa1d2cb8f ] Request (InstanceActionsTestJSON:setUpClass): 200 GET http://10.180.1.21/compute/v2.1/servers/86a7b0ef-8bd0-4c4d-b696-dcdeb707ea43 0.149s
2025-02-21 02:22:36.375 63114 INFO tempest.lib.common.rest_client [req-c191949f-0efd-4349-8367-86df6f1e0c19 req-c191949f-0efd-4349-8367-86df6f1e0c19 ] Request (ServerDiskConfigTestJSON:setUpClass): 201 POST http://10.180.1.21/identity/v3/auth/tokens 0.062s
2025-02-21 02:22:36.386 63076 INFO tempest.lib.common.rest_client [req-5c77f6d8-272f-471f-8ac8-61d90e0759d2 req-5c77f6d8-272f-471f-8ac8-61d90e0759d2 ] Request (ServerGroup264TestJSON:setUpClass): 201 POST http://10.180.1.21/identity/v3/users 0.070s
2025-02-21 02:22:36.400 63114 INFO tempest.lib.common.rest_client [req-978d339b-6b4f-44ec-9e16-9e4c2b86549c req-978d339b-6b4f-44ec-9e16-9e4c2b86549c ] Request (ServerDiskConfigTestJSON:setUpClass): 200 GET http://10.180.1.21/identity/v3/domains?name=Default 0.025s
2025-02-21 02:22:36.406 63076 INFO tempest.lib.common.rest_client [req-b6c41059-a9d7-4d04-8769-6aefdf49f4a3 req-b6c41059-a9d7-4d04-8769-6aefdf49f4a3 ] Request (ServerGroup264TestJSON:setUpClass): 200 GET http://10.180.1.21/identity/v3/roles 0.020s
2025-02-21 02:22:36.431 63114 INFO tempest.lib.common.rest_client [req-9a7559cd-a38b-4982-af65-44c122be13be req-9a7559cd-a38b-4982-af65-44c122be13be ] Request (ServerDiskConfigTestJSON:setUpClass): 201 POST http://10.180.1.21/identity/v3/projects 0.030s
2025-02-21 02:22:36.434 63066 INFO tempest.lib.common.rest_client [req-d6271d50-43b7-4b0f-8a80-13451db6920b req-d6271d50-43b7-4b0f-8a80-13451db6920b ] Request (ListServerFiltersTestJSON:tearDownClass): 200 GET http://10.180.1.21/compute/v2.1/servers/3515bb85-3e7a-42d1-8139-128d1b6f2ace 0.153s
2025-02-21 02:22:36.441 63076 INFO tempest.lib.common.rest_client [req-3baffa7f-6c51-4db9-b4c6-21c5eb55ced3 req-3baffa7f-6c51-4db9-b4c6-21c5eb55ced3 ] Request (ServerGroup264TestJSON:setUpClass): 204 PUT http://10.180.1.21/identity/v3/projects/175f4f4629444a2eb19ce96f1539356e/users/41f394497f114a3998c0e4e7b158ee11/roles/27c93ae9fe60443582f42d696b5c6941 0.034s
2025-02-21 02:22:36.442 63076 INFO tempest.lib.common.dynamic_creds [-] Dynamic test user 41f394497f114a3998c0e4e7b158ee11 is created with scope project and roles: ['member']
2025-02-21 02:22:36.442 63076 INFO tempest.lib.common.dynamic_creds [-] Acquired dynamic creds: credentials: Credentials: {'domain_id': 'default', 'domain_name': 'Default', 'username': 'tempest-ServerGroup264TestJSON-1224441927-project-member', 'project_domain_id': 'default', 'project_domain_name': 'Default', 'project_id': '175f4f4629444a2eb19ce96f1539356e', 'project_name': 'tempest-ServerGroup264TestJSON-1224441927', 'tenant_id': '175f4f4629444a2eb19ce96f1539356e', 'tenant_name': 'tempest-ServerGroup264TestJSON-1224441927', 'user_domain_id': 'default', 'user_domain_name': 'Default', 'user_id': '41f394497f114a3998c0e4e7b158ee11', 'system': None}, Network: None, Subnet: None, Router: None
2025-02-21 02:22:36.443 63106 INFO tempest.lib.common.rest_client [req-fab5b35a-4df4-4507-874a-850ec3d6b468 req-fab5b35a-4df4-4507-874a-850ec3d6b468 ] Request (TenantUsagesTestJSON:tearDownClass): 200 GET http://10.180.1.21/compute/v2.1/servers/ba14c5ee-afa3-4ed6-9e94-1619cb75ef34 0.061s
2025-02-21 02:22:36.500 63076 INFO tempest.lib.common.rest_client [req-e0e522b3-2f71-4256-bffd-72f939a61fff req-e0e522b3-2f71-4256-bffd-72f939a61fff ] Request (ServerGroup264TestJSON:setUpClass): 201 POST http://10.180.1.21/identity/v3/auth/tokens 0.058s
2025-02-21 02:22:36.510 63114 INFO tempest.lib.common.rest_client [req-3c1ee077-cdbb-4c9b-851d-12f88a85a8c7 req-3c1ee077-cdbb-4c9b-851d-12f88a85a8c7 ] Request (ServerDiskConfigTestJSON:setUpClass): 201 POST http://10.180.1.21/identity/v3/users 0.078s
2025-02-21 02:22:36.529 63114 INFO tempest.lib.common.rest_client [req-800b2c33-4945-4572-acfa-72265d63d9f6 req-800b2c33-4945-4572-acfa-72265d63d9f6 ] Request (ServerDiskConfigTestJSON:setUpClass): 200 GET http://10.180.1.21/identity/v3/roles 0.018s
2025-02-21 02:22:36.558 63114 INFO tempest.lib.common.rest_client [req-b5709286-cda1-4784-a8f4-649c063fe285 req-b5709286-cda1-4784-a8f4-649c063fe285 ] Request (ServerDiskConfigTestJSON:setUpClass): 204 PUT http://10.180.1.21/identity/v3/projects/3253db1d932d439f9650acc6774496c5/users/022e5b8eca564f1182c4ed3f2ccf3efb/roles/27c93ae9fe60443582f42d696b5c6941 0.029s
2025-02-21 02:22:36.558 63114 INFO tempest.lib.common.dynamic_creds [-] Dynamic test user 022e5b8eca564f1182c4ed3f2ccf3efb is created with scope project and roles: ['member']
2025-02-21 02:22:36.558 63114 INFO tempest.lib.common.dynamic_creds [-] Acquired dynamic creds: credentials: Credentials: {'domain_id': 'default', 'domain_name': 'Default', 'username': 'tempest-ServerDiskConfigTestJSON-1482474443-project-member', 'project_domain_id': 'default', 'project_domain_name': 'Default', 'project_id': '3253db1d932d439f9650acc6774496c5', 'project_name': 'tempest-ServerDiskConfigTestJSON-1482474443', 'tenant_id': '3253db1d932d439f9650acc6774496c5', 'tenant_name': 'tempest-ServerDiskConfigTestJSON-1482474443', 'user_domain_id': 'default', 'user_domain_name': 'Default', 'user_id': '022e5b8eca564f1182c4ed3f2ccf3efb', 'system': None}, Network: None, Subnet: None, Router: None
2025-02-21 02:22:36.585 63098 INFO tempest.lib.common.rest_client [req-0ec6b783-1338-415e-98cf-73bc2eeb30d0 req-0ec6b783-1338-415e-98cf-73bc2eeb30d0 ] Request (ServerAddressesTestJSON:tearDownClass): 200 GET http://10.180.1.21/compute/v2.1/servers/fbbdd3e4-48ef-4b4c-935f-03aac33efa5e 0.071s
2025-02-21 02:22:36.623 63108 INFO tempest.lib.common.rest_client [req-ccbc9968-fdc8-4491-a591-85d785b76d83 req-ccbc9968-fdc8-4491-a591-85d785b76d83 ] Request (ServersWithSpecificFlavorTestJSON:test_verify_created_server_ephemeral_disk): 200 GET http://10.180.1.21/compute/v2.1/servers/90e7b449-f8f7-435e-9aa9-8b4b57ceefdb 0.063s
2025-02-21 02:22:36.624 63114 INFO tempest.lib.common.rest_client [req-f8526b86-a98d-49c7-9485-65065c0144ad req-f8526b86-a98d-49c7-9485-65065c0144ad ] Request (ServerDiskConfigTestJSON:setUpClass): 201 POST http://10.180.1.21/identity/v3/auth/tokens 0.065s
2025-02-21 02:22:36.656 63088 INFO tempest.lib.common.rest_client [req-9fc570bf-b06e-4928-9a2e-a82af08cffe4 req-9fc570bf-b06e-4928-9a2e-a82af08cffe4 ] Request (VolumesAdminNegativeTest:test_update_attached_volume_with_nonexistent_volume_in_uri): 200 GET http://10.180.1.21/compute/v2.1/servers/c48cba8b-de8f-4eee-9731-7981b9d62113 0.075s
2025-02-21 02:22:36.660 63064 WARNING tempest.lib.common.ssh [-] Failed to establish authenticated ssh connection to cirros@10.180.180.166 ([Errno None] Unable to connect to port 22 on 10.180.180.166). Number attempts: 3. Retry after 4 seconds.: paramiko.ssh_exception.NoValidConnectionsError: [Errno None] Unable to connect to port 22 on 10.180.180.166
2025-02-21 02:22:36.716 63070 INFO tempest.lib.common.rest_client [req-69a72e68-96ae-48c4-83e2-ac36f4bbaf25 req-69a72e68-96ae-48c4-83e2-ac36f4bbaf25 ] Request (AttachInterfacesUnderV243Test:test_add_remove_fixed_ip): 200 GET http://10.180.1.21/compute/v2.1/servers/fcb8d3e5-23d3-4595-b029-63e0f81afa3b 0.061s
2025-02-21 02:22:36.777 63078 INFO tempest.lib.common.rest_client [req-d2c32260-11d4-46ff-a96d-19b0413fe6a0 req-d2c32260-11d4-46ff-a96d-19b0413fe6a0 ] Request (ImagesTestJSON:test_create_server_from_snapshot): 200 GET http://10.180.1.21/compute/v2.1/servers/dbf75430-bd48-4fc4-81d2-637240cecf2e 0.072s
2025-02-21 02:22:36.874 63076 INFO tempest.lib.common.rest_client [req-a175217d-fa43-488d-b0cc-244d48f16f18 req-a175217d-fa43-488d-b0cc-244d48f16f18 ] Request (ServerGroup264TestJSON:setUpClass): 201 POST http://10.180.1.21:9696/networking/v2.0/networks 0.373s
2025-02-21 02:22:36.876 63096 INFO tempest.lib.common.rest_client [req-9fb387cc-7381-4e74-a7aa-e0f05ae75ba2 req-9fb387cc-7381-4e74-a7aa-e0f05ae75ba2 ] Request (ServersTestFqdnHostnames:tearDownClass): 200 GET http://10.180.1.21/compute/v2.1/servers/1aaf1e38-8dcb-4518-bff4-b0bd50acd5c3 0.096s
2025-02-21 02:22:36.876 63122 INFO tempest.lib.common.rest_client [req-3dc425e7-606b-4381-99a1-283c00a6c971 req-3dc425e7-606b-4381-99a1-283c00a6c971 ] Request (VolumesAssistedSnapshotsTest:tearDownClass): 200 GET http://10.180.1.21/compute/v2.1/servers/b1fbf948-562d-4cd0-9c9a-8e83c8967592 0.150s
2025-02-21 02:22:36.936 63094 INFO tempest.lib.common.rest_client [req-ab2facfa-69aa-40fc-8527-b60692cfeb04 req-ab2facfa-69aa-40fc-8527-b60692cfeb04 ] Request (DeleteServersTestJSON:test_delete_server_while_in_shelved_state): 200 GET http://10.180.1.21/compute/v2.1/servers/a7ce20ae-e81b-43d3-ae4e-b4ec5efedc6f 0.099s
2025-02-21 02:22:36.947 63116 INFO tempest.lib.common.rest_client [req-d3c69037-acba-4d25-a9df-9ac06c64667b req-d3c69037-acba-4d25-a9df-9ac06c64667b ] Request (ServersTestBootFromVolume:tearDownClass): 200 GET http://10.180.1.21/compute/v2.1/servers/ac662667-1f68-4521-abc1-f5af98fd3e29 0.137s
2025-02-21 02:22:36.970 63114 INFO tempest.lib.common.rest_client [req-1ddfdcfd-7760-4fc1-921e-d511a050030b req-1ddfdcfd-7760-4fc1-921e-d511a050030b ] Request (ServerDiskConfigTestJSON:setUpClass): 201 POST http://10.180.1.21:9696/networking/v2.0/networks 0.346s
2025-02-21 02:22:36.995 63074 INFO tempest.lib.common.rest_client [req-32b25cd9-bdec-42dc-a157-4829145a2f69 req-32b25cd9-bdec-42dc-a157-4829145a2f69 ] Request (SecurityGroupsTestJSON:test_list_security_groups_by_server): 200 GET http://10.180.1.21/compute/v2.1/servers/ce4532df-3d21-4836-bde5-dec47e5c9592 0.117s
2025-02-21 02:22:37.028 63090 INFO tempest.lib.common.rest_client [req-b97e080f-a5c0-4982-9170-60ae33a5d0be req-b97e080f-a5c0-4982-9170-60ae33a5d0be ] Request (ServerGroupTestJSON:_run_cleanups): 200 GET http://10.180.1.21/compute/v2.1/servers/717fed14-da66-44b8-a85e-ecee499dfeaf 0.072s
2025-02-21 02:22:37.072 63084 INFO tempest.lib.common.rest_client [req-90515958-dd32-43d0-96aa-31ce134c10c9 req-90515958-dd32-43d0-96aa-31ce134c10c9 ] Request (ServerShowV257Test:test_rebuild_server): 200 GET http://10.180.1.21/compute/v2.1/servers/08573e3f-bd26-400f-a3ff-aa5caa1eff88 0.065s
2025-02-21 02:22:37.078 63076 INFO tempest.lib.common.rest_client [req-f312fb5b-dc41-4404-bed9-c12488ae99a2 req-f312fb5b-dc41-4404-bed9-c12488ae99a2 ] Request (ServerGroup264TestJSON:setUpClass): 201 POST http://10.180.1.21:9696/networking/v2.0/subnets 0.203s
2025-02-21 02:22:37.137 63110 INFO tempest.lib.common.rest_client [req-1e51206c-f732-4440-af32-6a16e59ef096 req-1e51206c-f732-4440-af32-6a16e59ef096 ] Request (ServersTestMultiNic:test_verify_multiple_nics_order): 200 GET http://10.180.1.21/compute/v2.1/servers/484733e8-fba8-475b-8387-3dd27b95c8cd 0.083s
2025-02-21 02:22:37.210 63104 INFO tempest.lib.common.rest_client [req-0b629fee-23b7-441b-a29b-df3a9e63ee78 req-0b629fee-23b7-441b-a29b-df3a9e63ee78 ] Request (MigrationsAdminTest:test_resize_server_revert_deleted_flavor): 200 GET http://10.180.1.21/compute/v2.1/servers/1dcba50a-360c-4b9f-8ef4-a4a53bbb32ae 0.193s
2025-02-21 02:22:37.217 63114 INFO tempest.lib.common.rest_client [req-3413f545-3336-422b-87ed-1e1b9b192383 req-3413f545-3336-422b-87ed-1e1b9b192383 ] Request (ServerDiskConfigTestJSON:setUpClass): 201 POST http://10.180.1.21:9696/networking/v2.0/subnets 0.246s
2025-02-21 02:22:37.236 63092 INFO tempest.lib.common.rest_client [req-02d264b2-fc32-409a-a1af-bffc2f1efbcd req-02d264b2-fc32-409a-a1af-bffc2f1efbcd ] Request (ListImageFiltersTestJSON:tearDownClass): 200 GET http://10.180.1.21/compute/v2.1/servers/162ea36e-6177-499d-b468-479a71e74fc9 0.160s
2025-02-21 02:22:37.420 63100 INFO tempest.lib.common.rest_client [req-6daf3570-d714-4bb9-bc33-994be870f6f9 req-6daf3570-d714-4bb9-bc33-994be870f6f9 ] Request (ServersAdminTestJSON:test_create_server_with_scheduling_hint): 200 GET http://10.180.1.21/compute/v2.1/servers/712ab7cf-0f3a-4c32-9102-711774287121 0.237s
2025-02-21 02:22:37.438 63100 INFO tempest.common.waiters [-] State transition "BUILD/spawning" ==> "ACTIVE/None" after 75 second wait
2025-02-21 02:22:37.444 63124 INFO tempest.lib.common.rest_client [req-fd158282-1bfe-45ed-b438-64da580a6d47 req-fd158282-1bfe-45ed-b438-64da580a6d47 ] Request (AttachVolumeShelveTestJSON:test_attach_volume_shelved_or_offload_server): 200 GET http://10.180.1.21/compute/v2.1/servers/27e3bcbc-7bc6-4a90-a135-d95e03ad99a3 0.144s
2025-02-21 02:22:37.504 63082 INFO tempest.lib.common.rest_client [req-390206ca-56a3-4805-af4f-8d1c34f01e97 req-390206ca-56a3-4805-af4f-8d1c34f01e97 ] Request (InstanceActionsTestJSON:setUpClass): 200 GET http://10.180.1.21/compute/v2.1/servers/86a7b0ef-8bd0-4c4d-b696-dcdeb707ea43 0.130s
2025-02-21 02:22:37.514 63100 INFO tempest.lib.common.rest_client [req-87b73662-73bb-45ea-9946-03c23e528266 req-87b73662-73bb-45ea-9946-03c23e528266 ] Request (ServersAdminTestJSON:test_inject_network_info): 201 POST http://10.180.1.21/identity/v3/auth/tokens 0.068s
2025-02-21 02:22:37.515 63100 INFO tempest.lib.common.fixed_network [-] (ServersAdminTestJSON:test_inject_network_info) Found network {'id': 'b159c1e5-3bc6-4618-ba6e-9c8c596580b7', 'name': 'tempest-ServersAdminTestJSON-129077034-network', 'tenant_id': 'a16d2364b69745d7837301960e0334fc', 'admin_state_up': True, 'mtu': 8950, 'status': 'ACTIVE', 'subnets': [], 'shared': False, 'project_id': 'a16d2364b69745d7837301960e0334fc', 'port_security_enabled': True, 'router:external': False, 'provider:network_type': 'vlan', 'provider:physical_network': 'default', 'provider:segmentation_id': 154, 'availability_zone_hints': [], 'availability_zones': [], 'ipv4_address_scope': None, 'ipv6_address_scope': None, 'description': '', 'tags': [], 'created_at': '2025-02-21T02:20:04Z', 'updated_at': '2025-02-21T02:20:04Z', 'revision_number': 1} available for tenant
2025-02-21 02:22:37.583 63086 INFO tempest.lib.common.rest_client [req-36f67be9-b0bb-4d16-9802-4ec0ab1cc5f3 req-36f67be9-b0bb-4d16-9802-4ec0ab1cc5f3 ] Request (AttachInterfacesV270Test:test_create_get_list_interfaces): 200 GET http://10.180.1.21/compute/v2.1/servers/16b3c94e-bc91-4509-b235-c1c84df19f63 0.208s
2025-02-21 02:22:37.610 63068 INFO tempest.lib.common.rest_client [req-a8b07153-17a3-4f88-ab2c-6b2275a0e605 req-a8b07153-17a3-4f88-ab2c-6b2275a0e605 ] Request (ServerRescueNegativeTestJSON:test_rescued_vm_attach_volume): 200 GET http://10.180.1.21/compute/v2.1/servers/d4caa239-66c2-4304-91a9-38f960480d3d 0.289s
2025-02-21 02:22:37.657 63066 INFO tempest.lib.common.rest_client [req-bfa0de4c-ee6f-4455-8f88-8ab6eb9abcc4 req-bfa0de4c-ee6f-4455-8f88-8ab6eb9abcc4 ] Request (ListServerFiltersTestJSON:tearDownClass): 200 GET http://10.180.1.21/compute/v2.1/servers/3515bb85-3e7a-42d1-8139-128d1b6f2ace 0.217s
