2025-02-21 02:22:21.232 63108 INFO tempest.lib.common.rest_client [req-f1f44cd9-43dc-4aef-bdb1-bdf8dbdbc382 req-f1f44cd9-43dc-4aef-bdb1-bdf8dbdbc382 ] Request (ServersWithSpecificFlavorTestJSON:test_verify_created_server_ephemeral_disk): 200 GET http://10.180.1.21/compute/v2.1/servers/90e7b449-f8f7-435e-9aa9-8b4b57ceefdb 0.158s
2025-02-21 02:22:21.310 63114 INFO tempest.lib.common.rest_client [req-d1e39fea-4c4f-47f0-8e52-9c8d3476879f req-d1e39fea-4c4f-47f0-8e52-9c8d3476879f ] Request (ServerDiagnosticsNegativeTest:tearDownClass): 200 GET http://10.180.1.21/compute/v2.1/servers/7ad8b488-ed59-40c8-9a33-f8d59448ee0d 0.094s
2025-02-21 02:22:21.437 63068 INFO tempest.lib.common.rest_client [req-e0ca868f-872d-4139-947f-e6ae458b3939 req-e0ca868f-872d-4139-947f-e6ae458b3939 ] Request (ServerRescueNegativeTestJSON:setUpClass): 200 GET http://10.180.1.21/compute/v2.1/servers/e871c207-f227-4f3c-82a3-b314d26670b0 0.206s
2025-02-21 02:22:21.495 63106 INFO tempest.lib.common.rest_client [req-5dfbbe9a-0add-4448-b2c0-9057d3b814f1 req-5dfbbe9a-0add-4448-b2c0-9057d3b814f1 ] Request (TenantUsagesTestJSON:tearDownClass): 200 GET http://10.180.1.21/compute/v2.1/servers/ba14c5ee-afa3-4ed6-9e94-1619cb75ef34 0.191s
2025-02-21 02:22:21.531 63088 INFO tempest.lib.common.rest_client [req-74fb902a-566f-4ac7-859e-3b38850af7c0 req-74fb902a-566f-4ac7-859e-3b38850af7c0 ] Request (VolumesAdminNegativeTest:test_update_attached_volume_with_nonexistent_volume_in_uri): 202 POST http://10.180.1.21/compute/v2.1/servers 0.339s
2025-02-21 02:22:21.568 63084 INFO tempest.lib.common.rest_client [req-5db1418c-db21-4be8-adcb-2e8746c69ddf req-5db1418c-db21-4be8-adcb-2e8746c69ddf ] Request (ServerDiagnosticsV248Test:tearDownClass): 200 GET http://10.180.1.21/compute/v2.1/servers/407149f0-7c9a-4306-9640-f79eed59b7b6 0.255s
2025-02-21 02:22:21.591 63076 INFO tempest.lib.common.rest_client [req-4d2cab5d-ce92-4b91-a4c7-a83d593f90dc req-4d2cab5d-ce92-4b91-a4c7-a83d593f90dc ] Request (ListServersNegativeTestJSON:tearDownClass): 200 GET http://10.180.1.21/compute/v2.1/servers/c9b2ef26-45fc-4480-b7bb-04416ba9c395 0.112s
2025-02-21 02:22:21.628 63088 INFO tempest.lib.common.rest_client [req-24d3c00b-626f-45d0-80f3-1c62d63bd698 req-24d3c00b-626f-45d0-80f3-1c62d63bd698 ] Request (VolumesAdminNegativeTest:test_update_attached_volume_with_nonexistent_volume_in_uri): 200 GET http://10.180.1.21/compute/v2.1/servers/c48cba8b-de8f-4eee-9731-7981b9d62113 0.095s
2025-02-21 02:22:21.677 63070 INFO tempest.lib.common.rest_client [req-09ad29b8-0bed-4e47-a95f-f7dbbcfec2dc req-09ad29b8-0bed-4e47-a95f-f7dbbcfec2dc ] Request (AttachInterfacesUnderV243Test:test_add_remove_fixed_ip): 200 GET http://10.180.1.21/compute/v2.1/servers/fcb8d3e5-23d3-4595-b029-63e0f81afa3b 0.131s
2025-02-21 02:22:21.776 63122 INFO tempest.lib.common.rest_client [req-b211b5c4-c299-41ac-8574-5cc570014014 req-b211b5c4-c299-41ac-8574-5cc570014014 ] Request (VolumesAssistedSnapshotsTest:test_volume_assisted_snapshot_create_delete): 200 GET http://10.180.1.21/volume/v3/volumes/486cfc73-ea39-4da4-a4d4-77701aefe7a8 0.038s
2025-02-21 02:22:21.813 63064 INFO tempest.lib.common.rest_client [req-f1fea18a-f00e-4690-aaaa-a4ded23d3a52 req-f1fea18a-f00e-4690-aaaa-a4ded23d3a52 ] Request (ServersTestManualDisk:setUpClass): 200 GET http://10.180.1.21/compute/v2.1/servers/2378e4fb-a8a9-490f-86e4-4ee1bd6e25cd 0.103s
2025-02-21 02:22:21.820 63064 INFO tempest.common.waiters [-] State transition "BUILD/spawning" ==> "ACTIVE/None" after 83 second wait
2025-02-21 02:22:21.937 63098 INFO tempest.lib.common.rest_client [req-ea27ae6d-e2fc-4fad-a6e9-c7ef278c6c7c req-ea27ae6d-e2fc-4fad-a6e9-c7ef278c6c7c ] Request (ServerAddressesTestJSON:setUpClass): 200 GET http://10.180.1.21/compute/v2.1/servers/fbbdd3e4-48ef-4b4c-935f-03aac33efa5e 0.448s
2025-02-21 02:22:21.949 63104 INFO tempest.lib.common.rest_client [req-6642ec2f-9a58-47bd-b94c-79b9689a8202 req-6642ec2f-9a58-47bd-b94c-79b9689a8202 ] Request (MigrationsAdminTest:test_resize_server_revert_deleted_flavor): 200 GET http://10.180.1.21/compute/v2.1/servers/1dcba50a-360c-4b9f-8ef4-a4a53bbb32ae 0.177s
2025-02-21 02:22:21.994 63074 INFO tempest.lib.common.rest_client [req-8ada7328-59cb-453b-8ba4-065b102be5a0 req-8ada7328-59cb-453b-8ba4-065b102be5a0 ] Request (SecurityGroupsTestJSON:test_list_security_groups_by_server): 200 GET http://10.180.1.21/compute/v2.1/servers/ce4532df-3d21-4836-bde5-dec47e5c9592 0.201s
2025-02-21 02:22:22.012 63064 INFO tempest.lib.common.rest_client [req-775872c2-47fc-4d4f-b90b-93e01cfa48ed req-775872c2-47fc-4d4f-b90b-93e01cfa48ed ] Request (ServersTestManualDisk:setUpClass): 200 GET http://10.180.1.21/compute/v2.1/servers/2378e4fb-a8a9-490f-86e4-4ee1bd6e25cd/os-interface 0.191s
2025-02-21 02:22:22.014 63120 INFO tempest.lib.common.rest_client [req-d9d87c78-b40e-4a10-a02a-8d8954d1cd53 req-d9d87c78-b40e-4a10-a02a-8d8954d1cd53 ] Request (InstanceActionsV221TestJSON:tearDownClass): 204 DELETE http://10.180.1.21:9696/networking/v2.0/routers/5123e2ad-2c18-435d-ba1e-d9db8d7c6311 0.793s
2025-02-21 02:22:22.061 63092 INFO tempest.lib.common.rest_client [req-fcd70447-a00c-476e-af00-f8a21a20a172 req-fcd70447-a00c-476e-af00-f8a21a20a172 ] Request (ListImageFiltersTestJSON:tearDownClass): 200 GET http://10.180.1.21/compute/v2.1/servers/162ea36e-6177-499d-b468-479a71e74fc9 0.231s
2025-02-21 02:22:22.075 63100 INFO tempest.lib.common.rest_client [req-1409c65e-da9e-4cb1-a7c1-b3dbe86dbc75 req-1409c65e-da9e-4cb1-a7c1-b3dbe86dbc75 ] Request (ServersAdminTestJSON:test_create_server_with_scheduling_hint): 200 GET http://10.180.1.21/compute/v2.1/servers/712ab7cf-0f3a-4c32-9102-711774287121 0.194s
2025-02-21 02:22:22.126 63110 INFO tempest.lib.common.rest_client [req-1549bdd5-260f-4bca-a3c5-462378cace81 req-1549bdd5-260f-4bca-a3c5-462378cace81 ] Request (ServersTestMultiNic:test_verify_multiple_nics_order): 200 GET http://10.180.1.21/compute/v2.1/servers/484733e8-fba8-475b-8387-3dd27b95c8cd 0.173s
2025-02-21 02:22:22.208 63120 INFO tempest.lib.common.rest_client [req-3b81ee5f-3a2c-4d87-96db-4650010e216f req-3b81ee5f-3a2c-4d87-96db-4650010e216f ] Request (InstanceActionsV221TestJSON:tearDownClass): 204 DELETE http://10.180.1.21:9696/networking/v2.0/subnets/b5341e16-6e24-4ed3-b429-9c21fed2373d 0.193s
2025-02-21 02:22:22.218 63094 INFO tempest.lib.common.rest_client [req-e47f89eb-c5a2-44d5-b641-c21f8fe4f141 req-e47f89eb-c5a2-44d5-b641-c21f8fe4f141 ] Request (DeleteServersTestJSON:test_delete_server_while_in_attached_volume): 200 GET http://10.180.1.21/compute/v2.1/servers/728dec63-e119-4825-8af5-55497ed20df0 0.177s
2025-02-21 02:22:22.250 63090 INFO tempest.lib.common.rest_client [req-49835bf7-1248-4182-bfd9-af36fb730000 req-49835bf7-1248-4182-bfd9-af36fb730000 ] Request (ServerGroupTestJSON:test_create_server_with_scheduler_hint_group): 200 GET http://10.180.1.21/compute/v2.1/servers/717fed14-da66-44b8-a85e-ecee499dfeaf 0.276s
2025-02-21 02:22:22.281 63082 INFO tempest.lib.common.rest_client [req-5cf2359e-dc69-43fb-ac66-ea0a103346bd req-5cf2359e-dc69-43fb-ac66-ea0a103346bd ] Request (InstanceActionsTestJSON:setUpClass): 200 GET http://10.180.1.21/compute/v2.1/servers/86a7b0ef-8bd0-4c4d-b696-dcdeb707ea43 0.164s
2025-02-21 02:22:22.319 63078 INFO tempest.lib.common.rest_client [req-8202eeba-9b9e-4acc-8444-e5bb687d97f6 req-8202eeba-9b9e-4acc-8444-e5bb687d97f6 ] Request (ImagesTestJSON:test_create_image_from_suspended_server): 200 GET http://10.180.1.21/compute/v2.1/images/bd9e23f5-40a4-48ac-9f63-34f02fb41433 0.136s
2025-02-21 02:22:22.382 63086 INFO tempest.lib.common.rest_client [req-825fcc4f-fe52-4df1-afa4-dcd351182b47 req-825fcc4f-fe52-4df1-afa4-dcd351182b47 ] Request (AttachInterfacesV270Test:test_create_get_list_interfaces): 200 GET http://10.180.1.21/compute/v2.1/servers/16b3c94e-bc91-4509-b235-c1c84df19f63 0.194s
2025-02-21 02:22:22.398 63066 INFO tempest.lib.common.rest_client [req-426fa46b-b4bc-4b9b-8318-0601177267de req-426fa46b-b4bc-4b9b-8318-0601177267de ] Request (ListServerFiltersTestJSON:tearDownClass): 200 GET http://10.180.1.21/compute/v2.1/servers/3515bb85-3e7a-42d1-8139-128d1b6f2ace 0.248s
2025-02-21 02:22:22.455 63108 INFO tempest.lib.common.rest_client [req-637f6543-f147-4d79-ae52-336c2e8534d0 req-637f6543-f147-4d79-ae52-336c2e8534d0 ] Request (ServersWithSpecificFlavorTestJSON:test_verify_created_server_ephemeral_disk): 200 GET http://10.180.1.21/compute/v2.1/servers/90e7b449-f8f7-435e-9aa9-8b4b57ceefdb 0.214s
2025-02-21 02:22:22.474 63114 INFO tempest.lib.common.rest_client [req-b66e1ce6-93e3-45d3-a5b8-04be5f50f13d req-b66e1ce6-93e3-45d3-a5b8-04be5f50f13d ] Request (ServerDiagnosticsNegativeTest:tearDownClass): 200 GET http://10.180.1.21/compute/v2.1/servers/7ad8b488-ed59-40c8-9a33-f8d59448ee0d 0.153s
2025-02-21 02:22:22.524 63120 INFO tempest.lib.common.rest_client [req-100bd898-cc20-44ca-939b-0cff4cf2a453 req-100bd898-cc20-44ca-939b-0cff4cf2a453 ] Request (InstanceActionsV221TestJSON:tearDownClass): 204 DELETE http://10.180.1.21:9696/networking/v2.0/networks/2bc641ef-3539-4497-9c31-9728fbcc8b3f 0.315s
2025-02-21 02:22:22.588 63106 INFO tempest.lib.common.rest_client [req-769f5f54-3e0c-440f-87b2-405a918fcc8b req-769f5f54-3e0c-440f-87b2-405a918fcc8b ] Request (TenantUsagesTestJSON:tearDownClass): 200 GET http://10.180.1.21/compute/v2.1/servers/ba14c5ee-afa3-4ed6-9e94-1619cb75ef34 0.083s
2025-02-21 02:22:22.615 63120 INFO tempest.lib.common.rest_client [req-e25c0eb1-9b98-4f8a-8067-ec05afe4a9dd req-e25c0eb1-9b98-4f8a-8067-ec05afe4a9dd ] Request (InstanceActionsV221TestJSON:tearDownClass): 204 DELETE http://10.180.1.21/identity/v3/users/dae018cf4fc249c3b90b5550e561fb88 0.090s
2025-02-21 02:22:22.615 63120 INFO tempest.lib.common.dynamic_creds [-] Deleting project and security group for project: c2dbef63a7fc4f408c6f92c4b98fe5a0
2025-02-21 02:22:22.618 63068 INFO tempest.lib.common.rest_client [req-3866e363-c5dd-46df-ab46-90d2abb5a7cc req-3866e363-c5dd-46df-ab46-90d2abb5a7cc ] Request (ServerRescueNegativeTestJSON:setUpClass): 200 GET http://10.180.1.21/compute/v2.1/servers/e871c207-f227-4f3c-82a3-b314d26670b0 0.170s
2025-02-21 02:22:22.671 63084 INFO tempest.lib.common.rest_client [req-a54cb740-789e-4d8c-bf91-38ecdc0d63aa req-a54cb740-789e-4d8c-bf91-38ecdc0d63aa ] Request (ServerDiagnosticsV248Test:tearDownClass): 200 GET http://10.180.1.21/compute/v2.1/servers/407149f0-7c9a-4306-9640-f79eed59b7b6 0.089s
2025-02-21 02:22:22.671 63120 INFO tempest.lib.common.rest_client [req-2c6d571e-4dca-4d94-abc3-d6603ff71c6d req-2c6d571e-4dca-4d94-abc3-d6603ff71c6d ] Request (InstanceActionsV221TestJSON:tearDownClass): 200 GET http://10.180.1.21:9696/networking/v2.0/security-groups?tenant_id=c2dbef63a7fc4f408c6f92c4b98fe5a0&name=default 0.056s
2025-02-21 02:22:22.720 63088 INFO tempest.lib.common.rest_client [req-e7046c84-f38d-4f1f-af5f-02e3ee52b9c3 req-e7046c84-f38d-4f1f-af5f-02e3ee52b9c3 ] Request (VolumesAdminNegativeTest:test_update_attached_volume_with_nonexistent_volume_in_uri): 200 GET http://10.180.1.21/compute/v2.1/servers/c48cba8b-de8f-4eee-9731-7981b9d62113 0.085s
2025-02-21 02:22:22.721 63076 INFO tempest.lib.common.rest_client [req-43c6c84e-8890-45f9-9346-7e27f01e4499 req-43c6c84e-8890-45f9-9346-7e27f01e4499 ] Request (ListServersNegativeTestJSON:tearDownClass): 200 GET http://10.180.1.21/compute/v2.1/servers/c9b2ef26-45fc-4480-b7bb-04416ba9c395 0.116s
2025-02-21 02:22:22.774 63064 INFO tempest.lib.common.rest_client [req-806def4f-e1ac-482d-aa05-a828d207c2c1 req-806def4f-e1ac-482d-aa05-a828d207c2c1 ] Request (ServersTestManualDisk:setUpClass): 200 PUT http://10.180.1.21:9696/networking/v2.0/floatingips/c211b9ac-f304-49d0-9959-ab7495574257 0.760s
2025-02-21 02:22:22.792 63070 INFO tempest.lib.common.rest_client [req-b7b465d0-b562-4cc8-a66c-a382296ba2dc req-b7b465d0-b562-4cc8-a66c-a382296ba2dc ] Request (AttachInterfacesUnderV243Test:test_add_remove_fixed_ip): 200 GET http://10.180.1.21/compute/v2.1/servers/fcb8d3e5-23d3-4595-b029-63e0f81afa3b 0.106s
2025-02-21 02:22:22.808 63116 INFO paramiko.transport [-] Connected (version 2.0, client dropbear_2020.81)
2025-02-21 02:22:22.825 63120 INFO tempest.lib.common.rest_client [req-3cfbd43c-65d9-43a1-a1be-f21353a48b0c req-3cfbd43c-65d9-43a1-a1be-f21353a48b0c ] Request (InstanceActionsV221TestJSON:tearDownClass): 204 DELETE http://10.180.1.21:9696/networking/v2.0/security-groups/584931f4-7d2d-4f8c-a091-cfed1489e8ee 0.153s
2025-02-21 02:22:22.838 63122 INFO tempest.lib.common.rest_client [req-8ab73c05-4013-44c2-8cbc-72fa8f93d6ee req-8ab73c05-4013-44c2-8cbc-72fa8f93d6ee ] Request (VolumesAssistedSnapshotsTest:test_volume_assisted_snapshot_create_delete): 200 GET http://10.180.1.21/volume/v3/volumes/486cfc73-ea39-4da4-a4d4-77701aefe7a8 0.049s
2025-02-21 02:22:22.878 63116 INFO paramiko.transport [-] Authentication (publickey) successful!
2025-02-21 02:22:22.878 63116 INFO tempest.lib.common.ssh [-] ssh connection to cirros@10.180.180.199 successfully created
2025-02-21 02:22:22.902 63064 INFO tempest.lib.common.rest_client [req-23aa4960-a8f0-4855-95c2-f6d30deca6ba req-23aa4960-a8f0-4855-95c2-f6d30deca6ba ] Request (ServersTestManualDisk:setUpClass): 200 GET http://10.180.1.21/compute/v2.1/servers/2378e4fb-a8a9-490f-86e4-4ee1bd6e25cd 0.128s
2025-02-21 02:22:22.916 63096 WARNING tempest.lib.common.ssh [-] Failed to establish authenticated ssh connection to cirros@10.180.180.207 ([Errno None] Unable to connect to port 22 on 10.180.180.207). Number attempts: 6. Retry after 7 seconds.: paramiko.ssh_exception.NoValidConnectionsError: [Errno None] Unable to connect to port 22 on 10.180.180.207
2025-02-21 02:22:22.920 63064 INFO tempest.lib.common.ssh [-] Creating ssh connection to '10.180.180.166:22' as 'cirros' with public key authentication
2025-02-21 02:22:22.976 63116 INFO tempest.lib.common.rest_client [req-5c254bf4-7c12-46e8-84b8-0cfcad8dcbc7 req-5c254bf4-7c12-46e8-84b8-0cfcad8dcbc7 ] Request (ServersTestBootFromVolume:test_list_servers): 200 GET http://10.180.1.21/compute/v2.1/servers 0.084s
2025-02-21 02:22:23.002 63120 INFO tempest.lib.common.rest_client [req-1ee19c8a-3253-4941-b74f-eeb14bb22301 req-1ee19c8a-3253-4941-b74f-eeb14bb22301 ] Request (InstanceActionsV221TestJSON:tearDownClass): 204 DELETE http://10.180.1.21/identity/v3/projects/c2dbef63a7fc4f408c6f92c4b98fe5a0 0.177s
2025-02-21 02:22:23.086 63098 INFO tempest.lib.common.rest_client [req-61fce115-af6b-4911-a404-55a7b57fa48a req-61fce115-af6b-4911-a404-55a7b57fa48a ] Request (ServerAddressesTestJSON:setUpClass): 200 GET http://10.180.1.21/compute/v2.1/servers/fbbdd3e4-48ef-4b4c-935f-03aac33efa5e 0.132s
2025-02-21 02:22:23.128 63104 INFO tempest.lib.common.rest_client [req-cbcedde3-965b-44d7-8683-defd1be70e8b req-cbcedde3-965b-44d7-8683-defd1be70e8b ] Request (MigrationsAdminTest:test_resize_server_revert_deleted_flavor): 200 GET http://10.180.1.21/compute/v2.1/servers/1dcba50a-360c-4b9f-8ef4-a4a53bbb32ae 0.166s
2025-02-21 02:22:23.181 63074 INFO tempest.lib.common.rest_client [req-b5270995-768e-4d1b-90ee-b3aa261d24aa req-b5270995-768e-4d1b-90ee-b3aa261d24aa ] Request (SecurityGroupsTestJSON:test_list_security_groups_by_server): 200 GET http://10.180.1.21/compute/v2.1/servers/ce4532df-3d21-4836-bde5-dec47e5c9592 0.179s
2025-02-21 02:22:23.248 63116 INFO tempest.lib.common.rest_client [req-1e69a10e-c625-47d3-aa3d-fab454a79a54 req-1e69a10e-c625-47d3-aa3d-fab454a79a54 ] Request (ServersTestBootFromVolume:test_list_servers_with_detail): 200 GET http://10.180.1.21/compute/v2.1/servers/detail 0.269s
2025-02-21 02:22:23.257 63092 INFO tempest.lib.common.rest_client [req-5e193d4e-5f9e-4aa7-9cee-7a15c8dba8df req-5e193d4e-5f9e-4aa7-9cee-7a15c8dba8df ] Request (ListImageFiltersTestJSON:tearDownClass): 200 GET http://10.180.1.21/compute/v2.1/servers/162ea36e-6177-499d-b468-479a71e74fc9 0.185s
2025-02-21 02:22:23.319 63100 INFO tempest.lib.common.rest_client [req-b24bba6e-c01d-4686-8469-98439b649260 req-b24bba6e-c01d-4686-8469-98439b649260 ] Request (ServersAdminTestJSON:test_create_server_with_scheduling_hint): 200 GET http://10.180.1.21/compute/v2.1/servers/712ab7cf-0f3a-4c32-9102-711774287121 0.233s
2025-02-21 02:22:23.335 63110 INFO tempest.lib.common.rest_client [req-a7c059a1-23dc-4109-a2d3-c8bf94b02331 req-a7c059a1-23dc-4109-a2d3-c8bf94b02331 ] Request (ServersTestMultiNic:test_verify_multiple_nics_order): 200 GET http://10.180.1.21/compute/v2.1/servers/484733e8-fba8-475b-8387-3dd27b95c8cd 0.197s
2025-02-21 02:22:23.344 63094 INFO tempest.lib.common.rest_client [req-0d46506d-64d4-4022-9992-f336d39b11dc req-0d46506d-64d4-4022-9992-f336d39b11dc ] Request (DeleteServersTestJSON:test_delete_server_while_in_attached_volume): 404 GET http://10.180.1.21/compute/v2.1/servers/728dec63-e119-4825-8af5-55497ed20df0 0.116s
2025-02-21 02:22:23.359 63116 INFO tempest.lib.common.rest_client [req-0f4a68ea-9aba-4c36-bfb2-ada1a0e6a651 req-0f4a68ea-9aba-4c36-bfb2-ada1a0e6a651 ] Request (ServersTestBootFromVolume:test_verify_created_server_vcpus): 200 GET http://10.180.1.21/compute/v2.1/flavors/42 0.098s
2025-02-21 02:22:23.362 63116 INFO tempest.lib.common.ssh [-] Creating ssh connection to '10.180.180.199:22' as 'cirros' with public key authentication
2025-02-21 02:22:23.366 63116 INFO paramiko.transport [-] Connected (version 2.0, client dropbear_2020.81)
2025-02-21 02:22:23.385 63094 INFO tempest.lib.common.rest_client [req-f21d5123-9466-434e-aff1-cd72dd7b2129 req-f21d5123-9466-434e-aff1-cd72dd7b2129 ] Request (DeleteServersTestJSON:test_delete_server_while_in_attached_volume): 200 GET http://10.180.1.21/volume/v3/volumes/e0a11ad5-f933-419e-bf0b-12f7fd98a6ef 0.040s
2025-02-21 02:22:23.392 63094 INFO tempest.common.waiters [-] volume e0a11ad5-f933-419e-bf0b-12f7fd98a6ef reached available after waiting for 0.392426 seconds
2025-02-21 02:22:23.420 63094 INFO tempest.lib.common.rest_client [req-96bf1646-adb8-4988-bd0a-db0cc8d2fe45 req-96bf1646-adb8-4988-bd0a-db0cc8d2fe45 ] Request (DeleteServersTestJSON:_run_cleanups): 200 GET http://10.180.1.21/volume/v3/volumes/e0a11ad5-f933-419e-bf0b-12f7fd98a6ef 0.028s
2025-02-21 02:22:23.430 63116 INFO paramiko.transport [-] Authentication (publickey) successful!
2025-02-21 02:22:23.430 63116 INFO tempest.lib.common.ssh [-] ssh connection to cirros@10.180.180.199 successfully created
2025-02-21 02:22:23.455 63082 INFO tempest.lib.common.rest_client [req-1eaf98c1-dbf4-4d31-968a-03b2c66c3910 req-1eaf98c1-dbf4-4d31-968a-03b2c66c3910 ] Request (InstanceActionsTestJSON:setUpClass): 200 GET http://10.180.1.21/compute/v2.1/servers/86a7b0ef-8bd0-4c4d-b696-dcdeb707ea43 0.163s
2025-02-21 02:22:23.508 63078 INFO tempest.lib.common.rest_client [req-0bbd5eb4-cf9a-468b-870b-ce0f286f189e req-0bbd5eb4-cf9a-468b-870b-ce0f286f189e ] Request (ImagesTestJSON:test_create_image_from_suspended_server): 200 GET http://10.180.1.21/compute/v2.1/images/bd9e23f5-40a4-48ac-9f63-34f02fb41433 0.185s
2025-02-21 02:22:23.518 63090 INFO tempest.lib.common.rest_client [req-33cc29ec-a0da-46fe-a5bf-2ef38784a8f9 req-33cc29ec-a0da-46fe-a5bf-2ef38784a8f9 ] Request (ServerGroupTestJSON:test_create_server_with_scheduler_hint_group): 200 GET http://10.180.1.21/compute/v2.1/servers/717fed14-da66-44b8-a85e-ecee499dfeaf 0.253s
2025-02-21 02:22:23.526 63090 INFO tempest.common.waiters [-] State transition "BUILD/spawning" ==> "ACTIVE/None" after 83 second wait
2025-02-21 02:22:23.593 63086 INFO tempest.lib.common.rest_client [req-54487e04-04ac-4e76-a8c4-31bd76a45693 req-54487e04-04ac-4e76-a8c4-31bd76a45693 ] Request (AttachInterfacesV270Test:test_create_get_list_interfaces): 200 GET http://10.180.1.21/compute/v2.1/servers/16b3c94e-bc91-4509-b235-c1c84df19f63 0.195s
2025-02-21 02:22:23.620 63094 INFO tempest.lib.common.rest_client [req-2de93473-ec4f-4265-a1a7-cde053ea83b5 req-2de93473-ec4f-4265-a1a7-cde053ea83b5 ] Request (DeleteServersTestJSON:_run_cleanups): 404 GET http://10.180.1.21/compute/v2.1/servers/728dec63-e119-4825-8af5-55497ed20df0/os-volume_attachments 0.193s
2025-02-21 02:22:23.653 63094 INFO tempest.lib.common.rest_client [req-84095909-27d5-41fc-a335-e886c99dbb36 req-84095909-27d5-41fc-a335-e886c99dbb36 ] Request (DeleteServersTestJSON:_run_cleanups): 200 GET http://10.180.1.21/volume/v3/volumes/e0a11ad5-f933-419e-bf0b-12f7fd98a6ef 0.032s
2025-02-21 02:22:23.660 63094 INFO tempest.common.waiters [-] volume e0a11ad5-f933-419e-bf0b-12f7fd98a6ef reached available after waiting for 0.660896 seconds
2025-02-21 02:22:23.667 63066 INFO tempest.lib.common.rest_client [req-18dcc5d6-3b63-475d-8b3d-5fc6a372d95c req-18dcc5d6-3b63-475d-8b3d-5fc6a372d95c ] Request (ListServerFiltersTestJSON:tearDownClass): 200 GET http://10.180.1.21/compute/v2.1/servers/3515bb85-3e7a-42d1-8139-128d1b6f2ace 0.258s
2025-02-21 02:22:23.713 63116 INFO tempest.lib.common.rest_client [req-0be7731b-1b24-4ec5-8288-3bad94e97546 req-0be7731b-1b24-4ec5-8288-3bad94e97546 ] Request (ServersTestBootFromVolume:tearDownClass): 204 DELETE http://10.180.1.21/compute/v2.1/servers/ac662667-1f68-4521-abc1-f5af98fd3e29 0.274s
2025-02-21 02:22:23.737 63108 INFO tempest.lib.common.rest_client [req-e67353ee-ad4f-450d-ae73-7e994cfe7724 req-e67353ee-ad4f-450d-ae73-7e994cfe7724 ] Request (ServersWithSpecificFlavorTestJSON:test_verify_created_server_ephemeral_disk): 200 GET http://10.180.1.21/compute/v2.1/servers/90e7b449-f8f7-435e-9aa9-8b4b57ceefdb 0.271s
2025-02-21 02:22:23.752 63094 INFO tempest.lib.common.rest_client [req-82cb3695-3a9d-4694-8d8e-e946ec926e78 req-82cb3695-3a9d-4694-8d8e-e946ec926e78 ] Request (DeleteServersTestJSON:test_delete_server_while_in_building_state): 201 POST http://10.180.1.21/identity/v3/auth/tokens 0.087s
2025-02-21 02:22:23.753 63094 INFO tempest.lib.common.fixed_network [-] (DeleteServersTestJSON:test_delete_server_while_in_building_state) Found network {'id': 'c2d9d136-c471-408b-8692-0262d24781e0', 'name': 'tempest-DeleteServersTestJSON-17814999-network', 'tenant_id': 'c0e315e3b96b41429dd1aff0a93e5b7f', 'admin_state_up': True, 'mtu': 8950, 'status': 'ACTIVE', 'subnets': [], 'shared': False, 'project_id': 'c0e315e3b96b41429dd1aff0a93e5b7f', 'port_security_enabled': True, 'router:external': False, 'provider:network_type': 'vlan', 'provider:physical_network': 'default', 'provider:segmentation_id': 774, 'availability_zone_hints': [], 'availability_zones': [], 'ipv4_address_scope': None, 'ipv6_address_scope': None, 'description': '', 'tags': [], 'created_at': '2025-02-21T02:19:27Z', 'updated_at': '2025-02-21T02:19:27Z', 'revision_number': 1} available for tenant
2025-02-21 02:22:23.779 63114 INFO tempest.lib.common.rest_client [req-7165bc51-6268-43d7-8733-7fecb2d84dec req-7165bc51-6268-43d7-8733-7fecb2d84dec ] Request (ServerDiagnosticsNegativeTest:tearDownClass): 200 GET http://10.180.1.21/compute/v2.1/servers/7ad8b488-ed59-40c8-9a33-f8d59448ee0d 0.292s
2025-02-21 02:22:23.779 63090 INFO tempest.lib.common.rest_client [req-02cb3f98-ef57-4415-90f7-640ccb27b5bb req-02cb3f98-ef57-4415-90f7-640ccb27b5bb ] Request (ServerGroupTestJSON:test_create_server_with_scheduler_hint_group): 200 GET http://10.180.1.21/compute/v2.1/os-server-groups/b4037067-b4e3-457f-aec5-4cf98bb64e1d 0.253s
2025-02-21 02:22:23.850 63106 INFO tempest.lib.common.rest_client [req-ef0ffc32-f895-4aa4-b64b-813a9724163a req-ef0ffc32-f895-4aa4-b64b-813a9724163a ] Request (TenantUsagesTestJSON:tearDownClass): 200 GET http://10.180.1.21/compute/v2.1/servers/ba14c5ee-afa3-4ed6-9e94-1619cb75ef34 0.252s
2025-02-21 02:22:23.889 63068 INFO tempest.lib.common.rest_client [req-3056d4fe-ae7a-4e17-ac71-ee72eaad0969 req-3056d4fe-ae7a-4e17-ac71-ee72eaad0969 ] Request (ServerRescueNegativeTestJSON:setUpClass): 200 GET http://10.180.1.21/compute/v2.1/servers/e871c207-f227-4f3c-82a3-b314d26670b0 0.259s
2025-02-21 02:22:23.903 63122 INFO tempest.lib.common.rest_client [req-01f9169c-1bb3-4026-b7ce-9262f3b404c3 req-01f9169c-1bb3-4026-b7ce-9262f3b404c3 ] Request (VolumesAssistedSnapshotsTest:test_volume_assisted_snapshot_create_delete): 200 GET http://10.180.1.21/volume/v3/volumes/486cfc73-ea39-4da4-a4d4-77701aefe7a8 0.057s
2025-02-21 02:22:23.928 63084 INFO tempest.lib.common.rest_client [req-c76e0003-0a8e-4325-b6de-29ef83233d59 req-c76e0003-0a8e-4325-b6de-29ef83233d59 ] Request (ServerDiagnosticsV248Test:tearDownClass): 200 GET http://10.180.1.21/compute/v2.1/servers/407149f0-7c9a-4306-9640-f79eed59b7b6 0.243s
2025-02-21 02:22:23.986 63088 INFO tempest.lib.common.rest_client [req-fc982e4d-edda-4eea-96ef-bb6a7f0ca494 req-fc982e4d-edda-4eea-96ef-bb6a7f0ca494 ] Request (VolumesAdminNegativeTest:test_update_attached_volume_with_nonexistent_volume_in_uri): 200 GET http://10.180.1.21/compute/v2.1/servers/c48cba8b-de8f-4eee-9731-7981b9d62113 0.255s
2025-02-21 02:22:24.053 63076 INFO tempest.lib.common.rest_client [req-6a1839fc-c937-4287-95d8-6963b40cb758 req-6a1839fc-c937-4287-95d8-6963b40cb758 ] Request (ListServersNegativeTestJSON:tearDownClass): 200 GET http://10.180.1.21/compute/v2.1/servers/c9b2ef26-45fc-4480-b7bb-04416ba9c395 0.316s
2025-02-21 02:22:24.058 63116 INFO tempest.lib.common.rest_client [req-d97f95f3-bb85-4308-aa0e-3fb7afb56891 req-d97f95f3-bb85-4308-aa0e-3fb7afb56891 ] Request (ServersTestBootFromVolume:tearDownClass): 200 GET http://10.180.1.21/compute/v2.1/servers/ac662667-1f68-4521-abc1-f5af98fd3e29 0.344s
2025-02-21 02:22:24.131 63090 INFO tempest.lib.common.rest_client [req-45eb20bb-46cb-4958-8086-1f0e5d1e221b req-45eb20bb-46cb-4958-8086-1f0e5d1e221b ] Request (ServerGroupTestJSON:_run_cleanups): 204 DELETE http://10.180.1.21/compute/v2.1/servers/717fed14-da66-44b8-a85e-ecee499dfeaf 0.350s
2025-02-21 02:22:24.184 63070 INFO tempest.lib.common.rest_client [req-f47c4c27-e7aa-4357-a2b4-07d22b852b73 req-f47c4c27-e7aa-4357-a2b4-07d22b852b73 ] Request (AttachInterfacesUnderV243Test:test_add_remove_fixed_ip): 200 GET http://10.180.1.21/compute/v2.1/servers/fcb8d3e5-23d3-4595-b029-63e0f81afa3b 0.377s
2025-02-21 02:22:24.344 63098 INFO tempest.lib.common.rest_client [req-a5b72e4b-1cfb-4541-8033-99da388e89ab req-a5b72e4b-1cfb-4541-8033-99da388e89ab ] Request (ServerAddressesTestJSON:setUpClass): 200 GET http://10.180.1.21/compute/v2.1/servers/fbbdd3e4-48ef-4b4c-935f-03aac33efa5e 0.249s
2025-02-21 02:22:24.361 63094 INFO tempest.lib.common.rest_client [req-1e441708-34be-4ac0-b550-f3bea9d9ef20 req-1e441708-34be-4ac0-b550-f3bea9d9ef20 ] Request (DeleteServersTestJSON:test_delete_server_while_in_building_state): 202 POST http://10.180.1.21/compute/v2.1/servers 0.607s
2025-02-21 02:22:24.458 63104 INFO tempest.lib.common.rest_client [req-4db34556-f19d-40ef-8c09-3883a8d0c09c req-4db34556-f19d-40ef-8c09-3883a8d0c09c ] Request (MigrationsAdminTest:test_resize_server_revert_deleted_flavor): 200 GET http://10.180.1.21/compute/v2.1/servers/1dcba50a-360c-4b9f-8ef4-a4a53bbb32ae 0.321s
2025-02-21 02:22:24.505 63090 INFO tempest.lib.common.rest_client [req-3dd8a8d3-ffbd-45ad-b01f-506cf673e557 req-3dd8a8d3-ffbd-45ad-b01f-506cf673e557 ] Request (ServerGroupTestJSON:_run_cleanups): 200 GET http://10.180.1.21/compute/v2.1/servers/717fed14-da66-44b8-a85e-ecee499dfeaf 0.372s
2025-02-21 02:22:24.511 63074 INFO tempest.lib.common.rest_client [req-849ac4b7-a3a6-46dc-a87a-f39b532444ba req-849ac4b7-a3a6-46dc-a87a-f39b532444ba ] Request (SecurityGroupsTestJSON:test_list_security_groups_by_server): 200 GET http://10.180.1.21/compute/v2.1/servers/ce4532df-3d21-4836-bde5-dec47e5c9592 0.322s
2025-02-21 02:22:24.520 63074 INFO tempest.common.waiters [-] State transition "BUILD/scheduling" ==> "BUILD/None" after 8 second wait
2025-02-21 02:22:24.561 63100 INFO tempest.lib.common.rest_client [req-5ada2e30-6bd8-4019-b715-9aa4c855d3b3 req-5ada2e30-6bd8-4019-b715-9aa4c855d3b3 ] Request (ServersAdminTestJSON:test_create_server_with_scheduling_hint): 200 GET http://10.180.1.21/compute/v2.1/servers/712ab7cf-0f3a-4c32-9102-711774287121 0.231s
2025-02-21 02:22:24.572 63092 INFO tempest.lib.common.rest_client [req-bc274490-116f-4006-a004-9baacfa63df5 req-bc274490-116f-4006-a004-9baacfa63df5 ] Request (ListImageFiltersTestJSON:tearDownClass): 200 GET http://10.180.1.21/compute/v2.1/servers/162ea36e-6177-499d-b468-479a71e74fc9 0.304s
2025-02-21 02:22:24.611 63110 INFO tempest.lib.common.rest_client [req-5b6e78e5-d382-4616-a24b-ca6f2e540bb4 req-5b6e78e5-d382-4616-a24b-ca6f2e540bb4 ] Request (ServersTestMultiNic:test_verify_multiple_nics_order): 200 GET http://10.180.1.21/compute/v2.1/servers/484733e8-fba8-475b-8387-3dd27b95c8cd 0.263s
2025-02-21 02:22:24.611 63094 INFO tempest.lib.common.rest_client [req-73333b64-dc0c-4d2c-8787-97c381d4b4f1 req-73333b64-dc0c-4d2c-8787-97c381d4b4f1 ] Request (DeleteServersTestJSON:test_delete_server_while_in_building_state): 200 GET http://10.180.1.21/compute/v2.1/servers/271e104c-9dc1-4d8e-9dc7-138af13a0ebd 0.249s
2025-02-21 02:22:24.649 63078 INFO tempest.lib.common.rest_client [req-d2746f50-40b1-405e-a1fb-7f3cf19163d3 req-d2746f50-40b1-405e-a1fb-7f3cf19163d3 ] Request (ImagesTestJSON:test_create_image_from_suspended_server): 200 GET http://10.180.1.21/compute/v2.1/images/bd9e23f5-40a4-48ac-9f63-34f02fb41433 0.131s
2025-02-21 02:22:24.664 63082 INFO tempest.lib.common.rest_client [req-aa0eb3ca-17d8-4bd9-b429-017bd43a4232 req-aa0eb3ca-17d8-4bd9-b429-017bd43a4232 ] Request (InstanceActionsTestJSON:setUpClass): 200 GET http://10.180.1.21/compute/v2.1/servers/86a7b0ef-8bd0-4c4d-b696-dcdeb707ea43 0.197s
2025-02-21 02:22:24.710 63086 INFO tempest.lib.common.rest_client [req-5b811b0d-651c-431b-82b8-f4757b03ab7c req-5b811b0d-651c-431b-82b8-f4757b03ab7c ] Request (AttachInterfacesV270Test:test_create_get_list_interfaces): 200 GET http://10.180.1.21/compute/v2.1/servers/16b3c94e-bc91-4509-b235-c1c84df19f63 0.100s
2025-02-21 02:22:24.741 63094 INFO tempest.lib.common.rest_client [req-90948a16-ad0c-40fe-91ca-50aa04fd9c74 req-90948a16-ad0c-40fe-91ca-50aa04fd9c74 ] Request (DeleteServersTestJSON:test_delete_server_while_in_building_state): 204 DELETE http://10.180.1.21/compute/v2.1/servers/271e104c-9dc1-4d8e-9dc7-138af13a0ebd 0.122s
2025-02-21 02:22:24.760 63094 INFO tempest.lib.common.rest_client [req-e9bf4123-143f-42a2-8a83-7af77a1be8f7 req-e9bf4123-143f-42a2-8a83-7af77a1be8f7 ] Request (DeleteServersTestJSON:test_delete_server_while_in_building_state): 404 GET http://10.180.1.21/compute/v2.1/servers/271e104c-9dc1-4d8e-9dc7-138af13a0ebd 0.019s
2025-02-21 02:22:24.766 63066 INFO tempest.lib.common.rest_client [req-a6296440-d5b3-496c-8cff-078202fb6f0d req-a6296440-d5b3-496c-8cff-078202fb6f0d ] Request (ListServerFiltersTestJSON:tearDownClass): 200 GET http://10.180.1.21/compute/v2.1/servers/3515bb85-3e7a-42d1-8139-128d1b6f2ace 0.089s
2025-02-21 02:22:24.800 63094 INFO tempest.lib.common.rest_client [req-f41073b7-4f34-4fa3-846e-960f2891bd35 req-f41073b7-4f34-4fa3-846e-960f2891bd35 ] Request (DeleteServersTestJSON:test_delete_server_while_in_shelved_state): 201 POST http://10.180.1.21/identity/v3/auth/tokens 0.031s
2025-02-21 02:22:24.801 63094 INFO tempest.lib.common.fixed_network [-] (DeleteServersTestJSON:test_delete_server_while_in_shelved_state) Found network {'id': 'c2d9d136-c471-408b-8692-0262d24781e0', 'name': 'tempest-DeleteServersTestJSON-17814999-network', 'tenant_id': 'c0e315e3b96b41429dd1aff0a93e5b7f', 'admin_state_up': True, 'mtu': 8950, 'status': 'ACTIVE', 'subnets': [], 'shared': False, 'project_id': 'c0e315e3b96b41429dd1aff0a93e5b7f', 'port_security_enabled': True, 'router:external': False, 'provider:network_type': 'vlan', 'provider:physical_network': 'default', 'provider:segmentation_id': 774, 'availability_zone_hints': [], 'availability_zones': [], 'ipv4_address_scope': None, 'ipv6_address_scope': None, 'description': '', 'tags': [], 'created_at': '2025-02-21T02:19:27Z', 'updated_at': '2025-02-21T02:19:27Z', 'revision_number': 1} available for tenant
2025-02-21 02:22:24.818 63108 INFO tempest.lib.common.rest_client [req-5392c0b0-850f-4ae3-bab4-a102aac72cf6 req-5392c0b0-850f-4ae3-bab4-a102aac72cf6 ] Request (ServersWithSpecificFlavorTestJSON:test_verify_created_server_ephemeral_disk): 200 GET http://10.180.1.21/compute/v2.1/servers/90e7b449-f8f7-435e-9aa9-8b4b57ceefdb 0.071s
2025-02-21 02:22:24.853 63114 INFO tempest.lib.common.rest_client [req-0e91ac48-69bf-4147-b4ef-7740557a433d req-0e91ac48-69bf-4147-b4ef-7740557a433d ] Request (ServerDiagnosticsNegativeTest:tearDownClass): 200 GET http://10.180.1.21/compute/v2.1/servers/7ad8b488-ed59-40c8-9a33-f8d59448ee0d 0.064s
2025-02-21 02:22:24.932 63106 INFO tempest.lib.common.rest_client [req-46014fbd-014e-4464-b9d3-307c7a80d233 req-46014fbd-014e-4464-b9d3-307c7a80d233 ] Request (TenantUsagesTestJSON:tearDownClass): 200 GET http://10.180.1.21/compute/v2.1/servers/ba14c5ee-afa3-4ed6-9e94-1619cb75ef34 0.072s
2025-02-21 02:22:24.945 63122 INFO tempest.lib.common.rest_client [req-9ea92e42-0fad-4736-a631-b78d755ac9d4 req-9ea92e42-0fad-4736-a631-b78d755ac9d4 ] Request (VolumesAssistedSnapshotsTest:test_volume_assisted_snapshot_create_delete): 200 GET http://10.180.1.21/volume/v3/volumes/486cfc73-ea39-4da4-a4d4-77701aefe7a8 0.032s
2025-02-21 02:22:25.050 63068 INFO tempest.lib.common.rest_client [req-bcca0f3f-a215-4771-8d3e-447e9dcd2cce req-bcca0f3f-a215-4771-8d3e-447e9dcd2cce ] Request (ServerRescueNegativeTestJSON:setUpClass): 200 GET http://10.180.1.21/compute/v2.1/servers/e871c207-f227-4f3c-82a3-b314d26670b0 0.152s
2025-02-21 02:22:25.114 63084 INFO tempest.lib.common.rest_client [req-67b7fa62-9c74-44bb-8ba0-b2d2a434007d req-67b7fa62-9c74-44bb-8ba0-b2d2a434007d ] Request (ServerDiagnosticsV248Test:tearDownClass): 200 GET http://10.180.1.21/compute/v2.1/servers/407149f0-7c9a-4306-9640-f79eed59b7b6 0.173s
2025-02-21 02:22:25.117 63094 INFO tempest.lib.common.rest_client [req-434aa471-f51a-484f-841c-37bca8cb445d req-434aa471-f51a-484f-841c-37bca8cb445d ] Request (DeleteServersTestJSON:test_delete_server_while_in_shelved_state): 202 POST http://10.180.1.21/compute/v2.1/servers 0.315s
2025-02-21 02:22:25.167 63088 INFO tempest.lib.common.rest_client [req-d7e5d2f8-3536-476e-b88c-7f38491aaadc req-d7e5d2f8-3536-476e-b88c-7f38491aaadc ] Request (VolumesAdminNegativeTest:test_update_attached_volume_with_nonexistent_volume_in_uri): 200 GET http://10.180.1.21/compute/v2.1/servers/c48cba8b-de8f-4eee-9731-7981b9d62113 0.169s
2025-02-21 02:22:25.174 63088 INFO tempest.common.waiters [-] State transition "BUILD/scheduling" ==> "BUILD/None" after 4 second wait
2025-02-21 02:22:25.177 63076 INFO tempest.lib.common.rest_client [req-02c7a6bb-edcc-4bc1-ae37-3046d7f2d2ee req-02c7a6bb-edcc-4bc1-ae37-3046d7f2d2ee ] Request (ListServersNegativeTestJSON:tearDownClass): 200 GET http://10.180.1.21/compute/v2.1/servers/c9b2ef26-45fc-4480-b7bb-04416ba9c395 0.116s
2025-02-21 02:22:25.214 63094 INFO tempest.lib.common.rest_client [req-97dd451f-1e85-488f-b93c-662af6d621ec req-97dd451f-1e85-488f-b93c-662af6d621ec ] Request (DeleteServersTestJSON:test_delete_server_while_in_shelved_state): 200 GET http://10.180.1.21/compute/v2.1/servers/a7ce20ae-e81b-43d3-ae4e-b4ec5efedc6f 0.095s
2025-02-21 02:22:25.273 63070 INFO tempest.lib.common.rest_client [req-c339547e-7780-4e0e-b13e-8088ee5c5ab1 req-c339547e-7780-4e0e-b13e-8088ee5c5ab1 ] Request (AttachInterfacesUnderV243Test:test_add_remove_fixed_ip): 200 GET http://10.180.1.21/compute/v2.1/servers/fcb8d3e5-23d3-4595-b029-63e0f81afa3b 0.081s
2025-02-21 02:22:25.279 63116 INFO tempest.lib.common.rest_client [req-2b5428fe-1640-4618-a732-d478113c0976 req-2b5428fe-1640-4618-a732-d478113c0976 ] Request (ServersTestBootFromVolume:tearDownClass): 200 GET http://10.180.1.21/compute/v2.1/servers/ac662667-1f68-4521-abc1-f5af98fd3e29 0.212s
2025-02-21 02:22:25.484 63098 INFO tempest.lib.common.rest_client [req-23d0a7bd-20ce-495a-92f2-c973db6b0701 req-23d0a7bd-20ce-495a-92f2-c973db6b0701 ] Request (ServerAddressesTestJSON:setUpClass): 200 GET http://10.180.1.21/compute/v2.1/servers/fbbdd3e4-48ef-4b4c-935f-03aac33efa5e 0.130s
2025-02-21 02:22:25.492 63098 INFO tempest.common.waiters [-] State transition "BUILD/spawning" ==> "ACTIVE/None" after 81 second wait
2025-02-21 02:22:25.522 63098 INFO tempest.lib.common.rest_client [req-f9bb90ec-bfa5-4348-ae8c-f947aab6d295 req-f9bb90ec-bfa5-4348-ae8c-f947aab6d295 ] Request (ServerAddressesTestJSON:test_list_server_addresses): 200 GET http://10.180.1.21/compute/v2.1/servers/fbbdd3e4-48ef-4b4c-935f-03aac33efa5e/ips 0.029s
2025-02-21 02:22:25.565 63104 INFO tempest.lib.common.rest_client [req-2bb93278-5f51-49d0-a02a-f515f1da0bee req-2bb93278-5f51-49d0-a02a-f515f1da0bee ] Request (MigrationsAdminTest:test_resize_server_revert_deleted_flavor): 200 GET http://10.180.1.21/compute/v2.1/servers/1dcba50a-360c-4b9f-8ef4-a4a53bbb32ae 0.096s
2025-02-21 02:22:25.609 63090 INFO tempest.lib.common.rest_client [req-c5f42591-7e82-4b2d-8120-195ef0df5fe9 req-c5f42591-7e82-4b2d-8120-195ef0df5fe9 ] Request (ServerGroupTestJSON:_run_cleanups): 200 GET http://10.180.1.21/compute/v2.1/servers/717fed14-da66-44b8-a85e-ecee499dfeaf 0.096s
2025-02-21 02:22:25.615 63074 INFO tempest.lib.common.rest_client [req-c7485e61-e4b4-425d-aea1-a0b008eaf070 req-c7485e61-e4b4-425d-aea1-a0b008eaf070 ] Request (SecurityGroupsTestJSON:test_list_security_groups_by_server): 200 GET http://10.180.1.21/compute/v2.1/servers/ce4532df-3d21-4836-bde5-dec47e5c9592 0.093s
2025-02-21 02:22:25.631 63098 INFO tempest.lib.common.rest_client [req-f946773a-b175-4247-bfc5-a384eca1c00a req-f946773a-b175-4247-bfc5-a384eca1c00a ] Request (ServerAddressesTestJSON:test_list_server_addresses_by_network): 200 GET http://10.180.1.21/compute/v2.1/servers/fbbdd3e4-48ef-4b4c-935f-03aac33efa5e/ips 0.105s
2025-02-21 02:22:25.666 63100 INFO tempest.lib.common.rest_client [req-7358c75b-38f5-4d3e-a5b9-c23c31c9f6ed req-7358c75b-38f5-4d3e-a5b9-c23c31c9f6ed ] Request (ServersAdminTestJSON:test_create_server_with_scheduling_hint): 200 GET http://10.180.1.21/compute/v2.1/servers/712ab7cf-0f3a-4c32-9102-711774287121 0.095s
2025-02-21 02:22:25.699 63092 INFO tempest.lib.common.rest_client [req-da16b572-e036-4e2a-8509-f1e22ecbb139 req-da16b572-e036-4e2a-8509-f1e22ecbb139 ] Request (ListImageFiltersTestJSON:tearDownClass): 200 GET http://10.180.1.21/compute/v2.1/servers/162ea36e-6177-499d-b468-479a71e74fc9 0.119s
2025-02-21 02:22:25.717 63110 INFO tempest.lib.common.rest_client [req-88187728-37e1-4d87-a93a-d25fced0442a req-88187728-37e1-4d87-a93a-d25fced0442a ] Request (ServersTestMultiNic:test_verify_multiple_nics_order): 200 GET http://10.180.1.21/compute/v2.1/servers/484733e8-fba8-475b-8387-3dd27b95c8cd 0.097s
2025-02-21 02:22:25.722 63098 INFO tempest.lib.common.rest_client [req-60cb0171-b7ac-4418-b3fb-57d5848ee041 req-60cb0171-b7ac-4418-b3fb-57d5848ee041 ] Request (ServerAddressesTestJSON:test_list_server_addresses_by_network): 200 GET http://10.180.1.21/compute/v2.1/servers/fbbdd3e4-48ef-4b4c-935f-03aac33efa5e/ips/tempest-ServerAddressesTestJSON-1690715426-network 0.089s
2025-02-21 02:22:25.750 63078 INFO tempest.lib.common.rest_client [req-07423c06-bb78-4e7e-a8ec-084ab23c5822 req-07423c06-bb78-4e7e-a8ec-084ab23c5822 ] Request (ImagesTestJSON:test_create_image_from_suspended_server): 200 GET http://10.180.1.21/compute/v2.1/images/bd9e23f5-40a4-48ac-9f63-34f02fb41433 0.097s
2025-02-21 02:22:25.770 63082 INFO tempest.lib.common.rest_client [req-2c77af7c-e6ce-4188-9964-26ef9d441b2d req-2c77af7c-e6ce-4188-9964-26ef9d441b2d ] Request (InstanceActionsTestJSON:setUpClass): 200 GET http://10.180.1.21/compute/v2.1/servers/86a7b0ef-8bd0-4c4d-b696-dcdeb707ea43 0.098s
2025-02-21 02:22:25.798 63086 INFO tempest.lib.common.rest_client [req-fb74d913-95c9-4cff-9512-6b1a96a953f8 req-fb74d913-95c9-4cff-9512-6b1a96a953f8 ] Request (AttachInterfacesV270Test:test_create_get_list_interfaces): 200 GET http://10.180.1.21/compute/v2.1/servers/16b3c94e-bc91-4509-b235-c1c84df19f63 0.078s
2025-02-21 02:22:25.836 63098 INFO tempest.lib.common.rest_client [req-21cb233d-fb3e-4a20-9340-624471760567 req-21cb233d-fb3e-4a20-9340-624471760567 ] Request (ServerAddressesTestJSON:tearDownClass): 204 DELETE http://10.180.1.21/compute/v2.1/servers/fbbdd3e4-48ef-4b4c-935f-03aac33efa5e 0.108s
2025-02-21 02:22:25.857 63066 INFO tempest.lib.common.rest_client [req-f5a69198-8bcf-4aa2-9317-00adc4006feb req-f5a69198-8bcf-4aa2-9317-00adc4006feb ] Request (ListServerFiltersTestJSON:tearDownClass): 200 GET http://10.180.1.21/compute/v2.1/servers/3515bb85-3e7a-42d1-8139-128d1b6f2ace 0.081s
2025-02-21 02:22:25.866 63066 INFO tempest.common.waiters [-] State transition "ACTIVE/deleting" ==> "DELETED/None" after 4 second wait
2025-02-21 02:22:25.891 63108 INFO tempest.lib.common.rest_client [req-7156d2bf-d2f0-4a7a-9fd7-28b03c1a49ad req-7156d2bf-d2f0-4a7a-9fd7-28b03c1a49ad ] Request (ServersWithSpecificFlavorTestJSON:test_verify_created_server_ephemeral_disk): 200 GET http://10.180.1.21/compute/v2.1/servers/90e7b449-f8f7-435e-9aa9-8b4b57ceefdb 0.065s
2025-02-21 02:22:25.955 63114 INFO tempest.lib.common.rest_client [req-4a090223-2cf7-4a3f-85c8-aa89da36cde0 req-4a090223-2cf7-4a3f-85c8-aa89da36cde0 ] Request (ServerDiagnosticsNegativeTest:tearDownClass): 200 GET http://10.180.1.21/compute/v2.1/servers/7ad8b488-ed59-40c8-9a33-f8d59448ee0d 0.094s
2025-02-21 02:22:25.972 63072 WARNING tempest.lib.common.ssh [-] Failed to establish authenticated ssh connection to cirros@10.180.180.153 ([Errno None] Unable to connect to port 22 on 10.180.180.153). Number attempts: 12. Retry after 13 seconds.: paramiko.ssh_exception.NoValidConnectionsError: [Errno None] Unable to connect to port 22 on 10.180.180.153
2025-02-21 02:22:25.990 63122 INFO tempest.lib.common.rest_client [req-168843d7-36ce-4476-a417-e05922efe56a req-168843d7-36ce-4476-a417-e05922efe56a ] Request (VolumesAssistedSnapshotsTest:test_volume_assisted_snapshot_create_delete): 200 GET http://10.180.1.21/volume/v3/volumes/486cfc73-ea39-4da4-a4d4-77701aefe7a8 0.037s
2025-02-21 02:22:25.996 63098 INFO tempest.lib.common.rest_client [req-2841c2de-6d43-4aa7-a536-440d18650aed req-2841c2de-6d43-4aa7-a536-440d18650aed ] Request (ServerAddressesTestJSON:tearDownClass): 200 GET http://10.180.1.21/compute/v2.1/servers/fbbdd3e4-48ef-4b4c-935f-03aac33efa5e 0.159s
2025-02-21 02:22:26.005 63106 INFO tempest.lib.common.rest_client [req-023facf8-b458-4087-9d75-5656ec2a4f5b req-023facf8-b458-4087-9d75-5656ec2a4f5b ] Request (TenantUsagesTestJSON:tearDownClass): 200 GET http://10.180.1.21/compute/v2.1/servers/ba14c5ee-afa3-4ed6-9e94-1619cb75ef34 0.064s
2025-02-21 02:22:26.166 63068 INFO tempest.lib.common.rest_client [req-c2e9a567-f065-4cf5-9242-dd5a4275e517 req-c2e9a567-f065-4cf5-9242-dd5a4275e517 ] Request (ServerRescueNegativeTestJSON:setUpClass): 200 GET http://10.180.1.21/compute/v2.1/servers/e871c207-f227-4f3c-82a3-b314d26670b0 0.106s
2025-02-21 02:22:26.191 63084 INFO tempest.lib.common.rest_client [req-91b2dcad-1331-48ab-b1bd-17f4d6e2f46c req-91b2dcad-1331-48ab-b1bd-17f4d6e2f46c ] Request (ServerDiagnosticsV248Test:tearDownClass): 200 GET http://10.180.1.21/compute/v2.1/servers/407149f0-7c9a-4306-9640-f79eed59b7b6 0.066s
2025-02-21 02:22:26.243 63088 INFO tempest.lib.common.rest_client [req-f51ee727-b40e-4dce-9496-1fd4dfa4a0b5 req-f51ee727-b40e-4dce-9496-1fd4dfa4a0b5 ] Request (VolumesAdminNegativeTest:test_update_attached_volume_with_nonexistent_volume_in_uri): 200 GET http://10.180.1.21/compute/v2.1/servers/c48cba8b-de8f-4eee-9731-7981b9d62113 0.068s
2025-02-21 02:22:26.250 63076 INFO tempest.lib.common.rest_client [req-bafe3e66-e251-4af9-8d45-fc0d22cd3828 req-bafe3e66-e251-4af9-8d45-fc0d22cd3828 ] Request (ListServersNegativeTestJSON:tearDownClass): 200 GET http://10.180.1.21/compute/v2.1/servers/c9b2ef26-45fc-4480-b7bb-04416ba9c395 0.064s
2025-02-21 02:22:26.319 63094 INFO tempest.lib.common.rest_client [req-00326a9a-41d1-438f-99b0-dd7e7e3b9c1a req-00326a9a-41d1-438f-99b0-dd7e7e3b9c1a ] Request (DeleteServersTestJSON:test_delete_server_while_in_shelved_state): 200 GET http://10.180.1.21/compute/v2.1/servers/a7ce20ae-e81b-43d3-ae4e-b4ec5efedc6f 0.096s
2025-02-21 02:22:26.349 63070 INFO tempest.lib.common.rest_client [req-4e62f082-5c77-441f-bddc-8a3e7ab85f52 req-4e62f082-5c77-441f-bddc-8a3e7ab85f52 ] Request (AttachInterfacesUnderV243Test:test_add_remove_fixed_ip): 200 GET http://10.180.1.21/compute/v2.1/servers/fcb8d3e5-23d3-4595-b029-63e0f81afa3b 0.065s
2025-02-21 02:22:26.449 63116 INFO tempest.lib.common.rest_client [req-3cbbe360-96fe-4791-87f2-f43a13d793e8 req-3cbbe360-96fe-4791-87f2-f43a13d793e8 ] Request (ServersTestBootFromVolume:tearDownClass): 200 GET http://10.180.1.21/compute/v2.1/servers/ac662667-1f68-4521-abc1-f5af98fd3e29 0.161s
2025-02-21 02:22:26.670 63104 INFO tempest.lib.common.rest_client [req-2c88bc90-87c4-4c83-a76d-6e7a3e8bbca2 req-2c88bc90-87c4-4c83-a76d-6e7a3e8bbca2 ] Request (MigrationsAdminTest:test_resize_server_revert_deleted_flavor): 200 GET http://10.180.1.21/compute/v2.1/servers/1dcba50a-360c-4b9f-8ef4-a4a53bbb32ae 0.097s
2025-02-21 02:22:26.727 63074 INFO tempest.lib.common.rest_client [req-ef1b29b1-e564-4f54-bcd9-2fdf7ac50efd req-ef1b29b1-e564-4f54-bcd9-2fdf7ac50efd ] Request (SecurityGroupsTestJSON:test_list_security_groups_by_server): 200 GET http://10.180.1.21/compute/v2.1/servers/ce4532df-3d21-4836-bde5-dec47e5c9592 0.105s
2025-02-21 02:22:26.728 63124 INFO paramiko.transport [-] Connected (version 2.0, client dropbear_2020.81)
2025-02-21 02:22:26.751 63090 INFO tempest.lib.common.rest_client [req-487a3b92-2537-423d-a599-0f76c6bb332b req-487a3b92-2537-423d-a599-0f76c6bb332b ] Request (ServerGroupTestJSON:_run_cleanups): 200 GET http://10.180.1.21/compute/v2.1/servers/717fed14-da66-44b8-a85e-ecee499dfeaf 0.135s
2025-02-21 02:22:26.826 63092 INFO tempest.lib.common.rest_client [req-a650d191-663c-490c-b560-60a27afd6e45 req-a650d191-663c-490c-b560-60a27afd6e45 ] Request (ListImageFiltersTestJSON:tearDownClass): 200 GET http://10.180.1.21/compute/v2.1/servers/162ea36e-6177-499d-b468-479a71e74fc9 0.118s
2025-02-21 02:22:26.837 63124 INFO paramiko.transport [-] Authentication (publickey) successful!
2025-02-21 02:22:26.837 63124 INFO tempest.lib.common.ssh [-] ssh connection to cirros@10.180.180.180 successfully created
2025-02-21 02:22:26.864 63100 INFO tempest.lib.common.rest_client [req-5b9ac1b7-1175-49b5-8b82-94c607c01c7b req-5b9ac1b7-1175-49b5-8b82-94c607c01c7b ] Request (ServersAdminTestJSON:test_create_server_with_scheduling_hint): 200 GET http://10.180.1.21/compute/v2.1/servers/712ab7cf-0f3a-4c32-9102-711774287121 0.189s
2025-02-21 02:22:26.880 63100 INFO tempest.common.waiters [-] State transition "BUILD/None" ==> "BUILD/block_device_mapping" after 64 second wait
2025-02-21 02:22:26.889 63110 INFO tempest.lib.common.rest_client [req-45bdb68c-a494-4673-81ed-4ce178e2d982 req-45bdb68c-a494-4673-81ed-4ce178e2d982 ] Request (ServersTestMultiNic:test_verify_multiple_nics_order): 200 GET http://10.180.1.21/compute/v2.1/servers/484733e8-fba8-475b-8387-3dd27b95c8cd 0.164s
2025-02-21 02:22:26.913 63078 INFO tempest.lib.common.rest_client [req-fa542d51-06af-4808-91bf-8b1a24d36314 req-fa542d51-06af-4808-91bf-8b1a24d36314 ] Request (ImagesTestJSON:test_create_image_from_suspended_server): 200 GET http://10.180.1.21/compute/v2.1/images/bd9e23f5-40a4-48ac-9f63-34f02fb41433 0.158s
2025-02-21 02:22:26.944 63082 INFO tempest.lib.common.rest_client [req-238e124b-6b37-4d52-899c-d44300c831a2 req-238e124b-6b37-4d52-899c-d44300c831a2 ] Request (InstanceActionsTestJSON:setUpClass): 200 GET http://10.180.1.21/compute/v2.1/servers/86a7b0ef-8bd0-4c4d-b696-dcdeb707ea43 0.166s
2025-02-21 02:22:26.964 63086 INFO tempest.lib.common.rest_client [req-38a9f93b-3b24-4227-a672-6b1030f54e62 req-38a9f93b-3b24-4227-a672-6b1030f54e62 ] Request (AttachInterfacesV270Test:test_create_get_list_interfaces): 200 GET http://10.180.1.21/compute/v2.1/servers/16b3c94e-bc91-4509-b235-c1c84df19f63 0.156s
2025-02-21 02:22:26.977 63124 INFO tempest.lib.common.rest_client [req-72810a2f-3cdf-4db3-9727-1506a495047c req-72810a2f-3cdf-4db3-9727-1506a495047c ] Request (AttachVolumeShelveTestJSON:test_attach_volume_shelved_or_offload_server): 200 GET http://10.180.1.21/compute/v2.1/servers/27e3bcbc-7bc6-4a90-a135-d95e03ad99a3/ips 0.138s
2025-02-21 02:22:26.999 63064 WARNING tempest.lib.common.ssh [-] Failed to establish authenticated ssh connection to cirros@10.180.180.166 ([Errno None] Unable to connect to port 22 on 10.180.180.166). Number attempts: 1. Retry after 2 seconds.: paramiko.ssh_exception.NoValidConnectionsError: [Errno None] Unable to connect to port 22 on 10.180.180.166
2025-02-21 02:22:27.029 63066 INFO tempest.lib.common.rest_client [req-4a389cc0-9832-4078-9947-ebd1a24bb786 req-4a389cc0-9832-4078-9947-ebd1a24bb786 ] Request (ListServerFiltersTestJSON:tearDownClass): 200 GET http://10.180.1.21/compute/v2.1/servers/3515bb85-3e7a-42d1-8139-128d1b6f2ace 0.162s
2025-02-21 02:22:27.038 63122 INFO tempest.lib.common.rest_client [req-7bb05081-c34c-41b6-a51d-aa2a986a447d req-7bb05081-c34c-41b6-a51d-aa2a986a447d ] Request (VolumesAssistedSnapshotsTest:test_volume_assisted_snapshot_create_delete): 200 GET http://10.180.1.21/volume/v3/volumes/486cfc73-ea39-4da4-a4d4-77701aefe7a8 0.039s
2025-02-21 02:22:27.040 63108 INFO tempest.lib.common.rest_client [req-9732ebaf-d6d5-4996-973a-6a3f869c5baf req-9732ebaf-d6d5-4996-973a-6a3f869c5baf ] Request (ServersWithSpecificFlavorTestJSON:test_verify_created_server_ephemeral_disk): 200 GET http://10.180.1.21/compute/v2.1/servers/90e7b449-f8f7-435e-9aa9-8b4b57ceefdb 0.141s
2025-02-21 02:22:27.045 63122 INFO tempest.common.waiters [-] Attachment 89c99cc7-cbae-4ace-9c7c-06b7da8984c1 created for volume 486cfc73-ea39-4da4-a4d4-77701aefe7a8 to server b1fbf948-562d-4cd0-9c9a-8e83c8967592 after waiting for 8.045598 seconds
2025-02-21 02:22:27.084 63122 INFO tempest.lib.common.rest_client [req-71c948a7-797d-4d9a-8350-2b836846b52f req-71c948a7-797d-4d9a-8350-2b836846b52f ] Request (VolumesAssistedSnapshotsTest:test_volume_assisted_snapshot_create_delete): 200 GET http://10.180.1.21/volume/v3/volumes/486cfc73-ea39-4da4-a4d4-77701aefe7a8 0.038s
2025-02-21 02:22:27.091 63122 INFO tempest.common.waiters [-] volume 486cfc73-ea39-4da4-a4d4-77701aefe7a8 reached in-use after waiting for 0.091592 seconds
