2025-02-21 02:21:04.019 63086 INFO tempest.lib.common.rest_client [req-d6e57bca-9530-46ad-ac56-1d15ce8e46ad req-d6e57bca-9530-46ad-ac56-1d15ce8e46ad ] Request (ServersAdminNegativeTestJSON:tearDownClass): 200 GET http://10.180.1.21/compute/v2.1/servers/16cf0731-b768-4ef0-b131-9dcc456e4913 0.079s
2025-02-21 02:21:04.021 63066 INFO tempest.lib.common.rest_client [req-31dc2928-0dda-4d6f-a97e-282cca57b4f8 req-31dc2928-0dda-4d6f-a97e-282cca57b4f8 ] Request (ListServerFiltersTestJSON:test_list_servers_filtered_by_ip): 200 GET http://10.180.1.21/compute/v2.1/servers/3515bb85-3e7a-42d1-8139-128d1b6f2ace 0.098s
2025-02-21 02:21:04.124 63066 INFO tempest.lib.common.rest_client [req-68966af6-488a-49c3-b5a1-4a9c6dffcc13 req-68966af6-488a-49c3-b5a1-4a9c6dffcc13 ] Request (ListServerFiltersTestJSON:test_list_servers_filtered_by_ip): 200 GET http://10.180.1.21/compute/v2.1/servers/c13e8fb2-fd31-4946-a5ae-156257bd6434 0.095s
2025-02-21 02:21:04.238 63104 INFO tempest.lib.common.rest_client [req-5972d7ed-3c0b-4892-aeef-8d503b3bc2ff req-5972d7ed-3c0b-4892-aeef-8d503b3bc2ff ] Request (MigrationsAdminTest:test_list_migrations_in_flavor_resize_situation): 200 GET http://10.180.1.21/compute/v2.1/servers/a448b745-a791-4efe-aa38-e224492729f7 0.164s
2025-02-21 02:21:04.294 63116 INFO tempest.lib.common.rest_client [req-aef1abe0-4fb2-4ff5-a8b2-4c0bd8f8be07 req-aef1abe0-4fb2-4ff5-a8b2-4c0bd8f8be07 ] Request (ServersTestBootFromVolume:setUpClass): 200 GET http://10.180.1.21/compute/v2.1/servers/ac662667-1f68-4521-abc1-f5af98fd3e29 0.165s
2025-02-21 02:21:04.392 63066 INFO tempest.lib.common.rest_client [req-74d15968-f8f5-4b1c-876d-00705259b9d3 req-74d15968-f8f5-4b1c-876d-00705259b9d3 ] Request (ListServerFiltersTestJSON:test_list_servers_filtered_by_ip): 200 GET http://10.180.1.21/compute/v2.1/servers/3a115dca-1f2a-45f3-bf8e-dad440c725d6 0.260s
2025-02-21 02:21:04.411 63098 INFO tempest.lib.common.rest_client [req-f0ba49fa-c775-4c3d-81c3-603347c9623c req-f0ba49fa-c775-4c3d-81c3-603347c9623c ] Request (ServerAddressesTestJSON:setUpClass): 202 POST http://10.180.1.21/compute/v2.1/servers 0.446s
2025-02-21 02:21:04.455 63090 INFO tempest.lib.common.rest_client [req-f1a60639-dfc0-41ce-ab11-cd9c03ad7632 req-f1a60639-dfc0-41ce-ab11-cd9c03ad7632 ] Request (ServerGroupTestJSON:test_create_server_with_scheduler_hint_group): 200 GET http://10.180.1.21/compute/v2.1/servers/717fed14-da66-44b8-a85e-ecee499dfeaf 0.304s
2025-02-21 02:21:04.473 63100 INFO tempest.lib.common.rest_client [req-aa0f18ba-96b8-43a7-bd96-6b69a3324936 req-aa0f18ba-96b8-43a7-bd96-6b69a3324936 ] Request (ServersAdminTestJSON:setUpClass): 200 GET http://10.180.1.21/compute/v2.1/servers/95f65e57-04f6-42cd-99fc-13793c0a1f0e 0.278s
2025-02-21 02:21:04.517 63120 INFO tempest.lib.common.rest_client [req-86a42642-2d6d-4816-8d25-20386585d996 req-86a42642-2d6d-4816-8d25-20386585d996 ] Request (InstanceActionsV221TestJSON:test_get_list_deleted_instance_actions): 200 GET http://10.180.1.21/compute/v2.1/servers/222810b1-343f-4ee0-bcc5-307f7a13fa8f 0.245s
2025-02-21 02:21:04.531 63068 INFO tempest.lib.common.rest_client [req-dfe8543a-3a53-49f0-8683-06b6011f69ac req-dfe8543a-3a53-49f0-8683-06b6011f69ac ] Request (ServerRescueNegativeTestJSON:setUpClass): 200 GET http://10.180.1.21/compute/v2.1/servers/e871c207-f227-4f3c-82a3-b314d26670b0 0.203s
2025-02-21 02:21:04.534 63120 INFO tempest.common.waiters [-] State transition "BUILD/scheduling" ==> "BUILD/None" after 32 second wait
2025-02-21 02:21:04.585 63106 INFO tempest.lib.common.rest_client [req-cd2ed6f3-2eee-4718-a4ec-3db11bb784be req-cd2ed6f3-2eee-4718-a4ec-3db11bb784be ] Request (TenantUsagesTestJSON:setUpClass): 200 GET http://10.180.1.21/compute/v2.1/servers/ba14c5ee-afa3-4ed6-9e94-1619cb75ef34 0.200s
2025-02-21 02:21:04.628 63098 INFO tempest.lib.common.rest_client [req-5260a238-c172-4ee4-b813-c54615580378 req-5260a238-c172-4ee4-b813-c54615580378 ] Request (ServerAddressesTestJSON:setUpClass): 200 GET http://10.180.1.21/compute/v2.1/servers/fbbdd3e4-48ef-4b4c-935f-03aac33efa5e 0.215s
2025-02-21 02:21:04.722 63066 INFO tempest.lib.common.rest_client [req-86cf7887-8af0-41c2-b212-54526fe152a8 req-86cf7887-8af0-41c2-b212-54526fe152a8 ] Request (ListServerFiltersTestJSON:test_list_servers_filtered_by_ip): 200 GET http://10.180.1.21/compute/v2.1/servers?ip=192.168.128.14 0.320s
2025-02-21 02:21:04.810 63076 INFO tempest.lib.common.rest_client [req-3a4ae6d3-33ee-4975-8542-a030824e339c req-3a4ae6d3-33ee-4975-8542-a030824e339c ] Request (ListServersNegativeTestJSON:setUpClass): 200 GET http://10.180.1.21/compute/v2.1/servers/18574e64-00c3-4461-bdae-89bec9adb624 0.310s
2025-02-21 02:21:04.825 63118 INFO tempest.lib.common.rest_client [req-7168ee5b-1955-4b9a-8adf-544c15331376 req-7168ee5b-1955-4b9a-8adf-544c15331376 ] Request (DeleteServersAdminTestJSON:test_delete_server_while_in_error_state): 200 GET http://10.180.1.21/compute/v2.1/servers/cee370ce-c987-4ae1-b922-1988654c6193 0.283s
2025-02-21 02:21:04.877 63096 INFO tempest.lib.common.rest_client [req-35c3724d-614a-4f11-bb74-f2c70371b3a6 req-35c3724d-614a-4f11-bb74-f2c70371b3a6 ] Request (ServersTestFqdnHostnames:test_create_server_with_fqdn_name): 200 GET http://10.180.1.21/compute/v2.1/servers/1aaf1e38-8dcb-4518-bff4-b0bd50acd5c3 0.303s
2025-02-21 02:21:04.891 63074 INFO tempest.lib.common.rest_client [req-bc486343-8da1-4ef7-8523-4476722c1698 req-bc486343-8da1-4ef7-8523-4476722c1698 ] Request (FloatingIPsAssociationTestJSON:tearDownClass): 200 GET http://10.180.1.21/compute/v2.1/servers/bb2adeb8-a2fe-42aa-a722-d5184d71d096 0.273s
2025-02-21 02:21:04.956 63114 INFO tempest.lib.common.rest_client [req-f6b54a6e-e5dd-450e-a74f-e3631c24757b req-f6b54a6e-e5dd-450e-a74f-e3631c24757b ] Request (ServerDiagnosticsNegativeTest:test_get_server_diagnostics_by_non_admin): 200 GET http://10.180.1.21/compute/v2.1/servers/7ad8b488-ed59-40c8-9a33-f8d59448ee0d 0.321s
2025-02-21 02:21:04.957 63084 INFO tempest.lib.common.rest_client [req-ad19a27a-e579-4c6a-879c-9f0fb50f086b req-ad19a27a-e579-4c6a-879c-9f0fb50f086b ] Request (ServerDiagnosticsV248Test:test_get_server_diagnostics): 200 GET http://10.180.1.21/compute/v2.1/servers/407149f0-7c9a-4306-9640-f79eed59b7b6 0.255s
2025-02-21 02:21:05.071 63110 INFO tempest.lib.common.rest_client [req-f4e37fd1-1a07-41d4-a623-2cfe8c65d76c req-f4e37fd1-1a07-41d4-a623-2cfe8c65d76c ] Request (ServersTestMultiNic:test_verify_duplicate_network_nics): 200 GET http://10.180.1.21/compute/v2.1/servers/7808ea67-3dc2-40be-b425-7839d2b54d36 0.302s
2025-02-21 02:21:05.099 63066 INFO tempest.lib.common.rest_client [req-a111c43b-44f9-4d8b-9e19-02aafe504c04 req-a111c43b-44f9-4d8b-9e19-02aafe504c04 ] Request (ListServerFiltersTestJSON:test_list_servers_filtered_by_ip_regex): 200 GET http://10.180.1.21/compute/v2.1/servers/3515bb85-3e7a-42d1-8139-128d1b6f2ace 0.373s
2025-02-21 02:21:05.115 63092 INFO tempest.lib.common.rest_client [req-8a3001ca-c45c-446a-b9e7-aa3580730662 req-8a3001ca-c45c-446a-b9e7-aa3580730662 ] Request (ListImageFiltersTestJSON:setUpClass): 200 GET http://10.180.1.21/compute/v2.1/images/0d92b8ff-84aa-4e8b-898c-8c9c59160cf2 0.314s
2025-02-21 02:21:05.154 63094 INFO tempest.lib.common.rest_client [req-b3640ffb-71f0-45f0-a06e-98557d6197f1 req-b3640ffb-71f0-45f0-a06e-98557d6197f1 ] Request (DeleteServersTestJSON:test_delete_server_while_in_attached_volume): 200 GET http://10.180.1.21/compute/v2.1/servers/728dec63-e119-4825-8af5-55497ed20df0 0.298s
2025-02-21 02:21:05.226 63070 INFO tempest.lib.common.rest_client [req-d6171036-58c3-4fec-896a-9355fc626452 req-d6171036-58c3-4fec-896a-9355fc626452 ] Request (ImagesOneServerTestJSON:tearDownClass): 200 GET http://10.180.1.21/compute/v2.1/servers/9a9c2168-d130-4407-8b67-c9918b195871 0.305s
2025-02-21 02:21:05.279 63082 INFO tempest.lib.common.rest_client [req-c55b760d-e961-4a14-8781-3d68e334c638 req-c55b760d-e961-4a14-8781-3d68e334c638 ] Request (FloatingIPsAssociationNegativeTestJSON:setUpClass): 200 GET http://10.180.1.21/compute/v2.1/servers/8842fff5-d67c-4a65-aff9-caa201f5ac62 0.417s
2025-02-21 02:21:05.287 63082 INFO tempest.common.waiters [-] State transition "BUILD/None" ==> "BUILD/block_device_mapping" after 44 second wait
2025-02-21 02:21:05.294 63064 INFO tempest.lib.common.rest_client [req-969b61d2-7b37-48ba-8146-42dd545a60f7 req-969b61d2-7b37-48ba-8146-42dd545a60f7 ] Request (ServersTestManualDisk:setUpClass): 200 GET http://10.180.1.21/compute/v2.1/servers/2378e4fb-a8a9-490f-86e4-4ee1bd6e25cd 0.365s
2025-02-21 02:21:05.334 63078 INFO tempest.lib.common.rest_client [req-9621b4e0-01a2-45e1-87d0-a7eca20d782a req-9621b4e0-01a2-45e1-87d0-a7eca20d782a ] Request (ImagesTestJSON:test_create_image_from_suspended_server): 200 GET http://10.180.1.21/compute/v2.1/servers/8303b35e-60a0-421e-893e-ed8e93675879 0.363s
2025-02-21 02:21:05.359 63086 INFO tempest.lib.common.rest_client [req-53134591-99f1-46d2-b2f2-c6f6d77fec05 req-53134591-99f1-46d2-b2f2-c6f6d77fec05 ] Request (ServersAdminNegativeTestJSON:tearDownClass): 200 GET http://10.180.1.21/compute/v2.1/servers/16cf0731-b768-4ef0-b131-9dcc456e4913 0.332s
2025-02-21 02:21:05.465 63066 INFO tempest.lib.common.rest_client [req-158cac31-e354-413b-88cf-cf2953890f13 req-158cac31-e354-413b-88cf-cf2953890f13 ] Request (ListServerFiltersTestJSON:test_list_servers_filtered_by_ip_regex): 200 GET http://10.180.1.21/compute/v2.1/servers/c13e8fb2-fd31-4946-a5ae-156257bd6434 0.356s
2025-02-21 02:21:05.521 63116 INFO tempest.lib.common.rest_client [req-7b721566-78ac-4f87-8bb6-f968afee9555 req-7b721566-78ac-4f87-8bb6-f968afee9555 ] Request (ServersTestBootFromVolume:setUpClass): 200 GET http://10.180.1.21/compute/v2.1/servers/ac662667-1f68-4521-abc1-f5af98fd3e29 0.219s
2025-02-21 02:21:05.533 63116 INFO tempest.common.waiters [-] State transition "BUILD/scheduling" ==> "BUILD/None" after 22 second wait
2025-02-21 02:21:05.542 63104 INFO tempest.lib.common.rest_client [req-7734d0bc-6857-4a7a-86ad-117d642d7002 req-7734d0bc-6857-4a7a-86ad-117d642d7002 ] Request (MigrationsAdminTest:test_list_migrations_in_flavor_resize_situation): 200 GET http://10.180.1.21/compute/v2.1/servers/a448b745-a791-4efe-aa38-e224492729f7 0.294s
2025-02-21 02:21:05.637 63090 INFO tempest.lib.common.rest_client [req-a7b63563-e3a6-4914-9337-e496123e118b req-a7b63563-e3a6-4914-9337-e496123e118b ] Request (ServerGroupTestJSON:test_create_server_with_scheduler_hint_group): 200 GET http://10.180.1.21/compute/v2.1/servers/717fed14-da66-44b8-a85e-ecee499dfeaf 0.167s
2025-02-21 02:21:05.689 63066 INFO tempest.lib.common.rest_client [req-4c327f30-9013-4f27-b413-6a23ffa3b7d1 req-4c327f30-9013-4f27-b413-6a23ffa3b7d1 ] Request (ListServerFiltersTestJSON:test_list_servers_filtered_by_ip_regex): 200 GET http://10.180.1.21/compute/v2.1/servers/3a115dca-1f2a-45f3-bf8e-dad440c725d6 0.217s
2025-02-21 02:21:05.706 63100 INFO tempest.lib.common.rest_client [req-020b3408-5e38-4965-8ed8-806c54809294 req-020b3408-5e38-4965-8ed8-806c54809294 ] Request (ServersAdminTestJSON:setUpClass): 200 GET http://10.180.1.21/compute/v2.1/servers/95f65e57-04f6-42cd-99fc-13793c0a1f0e 0.215s
2025-02-21 02:21:05.763 63120 INFO tempest.lib.common.rest_client [req-1b0acbc3-05e2-451a-bbaf-e8d84981fe0c req-1b0acbc3-05e2-451a-bbaf-e8d84981fe0c ] Request (InstanceActionsV221TestJSON:test_get_list_deleted_instance_actions): 200 GET http://10.180.1.21/compute/v2.1/servers/222810b1-343f-4ee0-bcc5-307f7a13fa8f 0.228s
2025-02-21 02:21:05.768 63068 INFO tempest.lib.common.rest_client [req-0b391f24-7e6c-42f0-b9b4-f42000c07cfd req-0b391f24-7e6c-42f0-b9b4-f42000c07cfd ] Request (ServerRescueNegativeTestJSON:setUpClass): 200 GET http://10.180.1.21/compute/v2.1/servers/e871c207-f227-4f3c-82a3-b314d26670b0 0.229s
2025-02-21 02:21:05.817 63106 INFO tempest.lib.common.rest_client [req-3b9deae5-8256-4f04-805f-3eab523540ed req-3b9deae5-8256-4f04-805f-3eab523540ed ] Request (TenantUsagesTestJSON:setUpClass): 200 GET http://10.180.1.21/compute/v2.1/servers/ba14c5ee-afa3-4ed6-9e94-1619cb75ef34 0.221s
2025-02-21 02:21:05.826 63098 INFO tempest.lib.common.rest_client [req-39244f35-b953-43d4-ab3d-2f8a7a77b0e9 req-39244f35-b953-43d4-ab3d-2f8a7a77b0e9 ] Request (ServerAddressesTestJSON:setUpClass): 200 GET http://10.180.1.21/compute/v2.1/servers/fbbdd3e4-48ef-4b4c-935f-03aac33efa5e 0.182s
2025-02-21 02:21:05.939 63076 INFO tempest.lib.common.rest_client [req-534b47f5-8062-4bf1-9b11-09e508c6862d req-534b47f5-8062-4bf1-9b11-09e508c6862d ] Request (ListServersNegativeTestJSON:setUpClass): 200 GET http://10.180.1.21/compute/v2.1/servers/18574e64-00c3-4461-bdae-89bec9adb624 0.119s
2025-02-21 02:21:05.947 63076 INFO tempest.common.waiters [-] State transition "BUILD/spawning" ==> "ACTIVE/None" after 43 second wait
2025-02-21 02:21:05.968 63066 INFO tempest.lib.common.rest_client [req-d3f19bdf-258d-4097-8c7d-10d45a032143 req-d3f19bdf-258d-4097-8c7d-10d45a032143 ] Request (ListServerFiltersTestJSON:test_list_servers_filtered_by_ip_regex): 200 GET http://10.180.1.21/compute/v2.1/servers/detail 0.269s
2025-02-21 02:21:05.998 63118 INFO tempest.lib.common.rest_client [req-61e313e8-d25f-4751-8230-cad242702bb5 req-61e313e8-d25f-4751-8230-cad242702bb5 ] Request (DeleteServersAdminTestJSON:test_delete_server_while_in_error_state): 200 GET http://10.180.1.21/compute/v2.1/servers/cee370ce-c987-4ae1-b922-1988654c6193 0.159s
2025-02-21 02:21:06.023 63096 INFO tempest.lib.common.rest_client [req-91b1fa7d-e4d2-416e-81ce-6b9c35447873 req-91b1fa7d-e4d2-416e-81ce-6b9c35447873 ] Request (ServersTestFqdnHostnames:test_create_server_with_fqdn_name): 200 GET http://10.180.1.21/compute/v2.1/servers/1aaf1e38-8dcb-4518-bff4-b0bd50acd5c3 0.133s
2025-02-21 02:21:06.060 63074 INFO tempest.lib.common.rest_client [req-72de647b-bfcf-4c7f-9691-efa97efcf3bc req-72de647b-bfcf-4c7f-9691-efa97efcf3bc ] Request (FloatingIPsAssociationTestJSON:tearDownClass): 200 GET http://10.180.1.21/compute/v2.1/servers/bb2adeb8-a2fe-42aa-a722-d5184d71d096 0.159s
2025-02-21 02:21:06.114 63114 INFO tempest.lib.common.rest_client [req-bed1d233-5f09-4e66-8a85-227f67453c0d req-bed1d233-5f09-4e66-8a85-227f67453c0d ] Request (ServerDiagnosticsNegativeTest:test_get_server_diagnostics_by_non_admin): 200 GET http://10.180.1.21/compute/v2.1/servers/7ad8b488-ed59-40c8-9a33-f8d59448ee0d 0.145s
2025-02-21 02:21:06.119 63076 INFO tempest.lib.common.rest_client [req-abbeb3b8-51e5-4670-b13c-3aea2c2cbe0e req-abbeb3b8-51e5-4670-b13c-3aea2c2cbe0e ] Request (ListServersNegativeTestJSON:setUpClass): 200 GET http://10.180.1.21/compute/v2.1/servers/5dc37e5a-4054-4657-b716-0491e5126276 0.172s
2025-02-21 02:21:06.173 63084 INFO tempest.lib.common.rest_client [req-5e6ec3a7-f000-4897-88cd-13517ee46f3e req-5e6ec3a7-f000-4897-88cd-13517ee46f3e ] Request (ServerDiagnosticsV248Test:test_get_server_diagnostics): 200 GET http://10.180.1.21/compute/v2.1/servers/407149f0-7c9a-4306-9640-f79eed59b7b6 0.198s
2025-02-21 02:21:06.200 63066 INFO tempest.lib.common.rest_client [req-3f03c59b-ba9b-4cfa-a3ee-90ebfc82aa83 req-3f03c59b-ba9b-4cfa-a3ee-90ebfc82aa83 ] Request (ListServerFiltersTestJSON:test_list_servers_filtered_by_ip_regex): 200 GET http://10.180.1.21/compute/v2.1/servers?ip=192.168.128. 0.222s
2025-02-21 02:21:06.237 63092 INFO tempest.lib.common.rest_client [req-e28e9dea-dc8d-46a4-a722-e55842a03ba4 req-e28e9dea-dc8d-46a4-a722-e55842a03ba4 ] Request (ListImageFiltersTestJSON:setUpClass): 200 GET http://10.180.1.21/compute/v2.1/images/0d92b8ff-84aa-4e8b-898c-8c9c59160cf2 0.118s
2025-02-21 02:21:06.344 63076 INFO tempest.lib.common.rest_client [req-cc20fd03-448a-494c-a667-90207f5cedf1 req-cc20fd03-448a-494c-a667-90207f5cedf1 ] Request (ListServersNegativeTestJSON:setUpClass): 200 GET http://10.180.1.21/compute/v2.1/servers/c9b2ef26-45fc-4480-b7bb-04416ba9c395 0.218s
2025-02-21 02:21:06.398 63094 INFO tempest.lib.common.rest_client [req-454d271d-a255-429a-997c-ed03acd764e9 req-454d271d-a255-429a-997c-ed03acd764e9 ] Request (DeleteServersTestJSON:test_delete_server_while_in_attached_volume): 200 GET http://10.180.1.21/compute/v2.1/servers/728dec63-e119-4825-8af5-55497ed20df0 0.236s
2025-02-21 02:21:06.413 63110 INFO tempest.lib.common.rest_client [req-727ecf19-808e-43ca-b131-d5248eddb63f req-727ecf19-808e-43ca-b131-d5248eddb63f ] Request (ServersTestMultiNic:test_verify_duplicate_network_nics): 200 GET http://10.180.1.21/compute/v2.1/servers/7808ea67-3dc2-40be-b425-7839d2b54d36 0.331s
2025-02-21 02:21:06.450 63066 INFO tempest.lib.common.rest_client [req-c76b51be-e89c-49a8-9d8b-6f47af8fd138 req-c76b51be-e89c-49a8-9d8b-6f47af8fd138 ] Request (ListServerFiltersTestJSON:test_list_servers_filtered_by_name_regex): 200 GET http://10.180.1.21/compute/v2.1/servers?name=%5E.%2A%5C-instance%5C-%5B0-9%5D%2B%24 0.246s
2025-02-21 02:21:06.494 63070 INFO tempest.lib.common.rest_client [req-70749aa8-b5bc-442f-810b-436011291d14 req-70749aa8-b5bc-442f-810b-436011291d14 ] Request (ImagesOneServerTestJSON:tearDownClass): 200 GET http://10.180.1.21/compute/v2.1/servers/9a9c2168-d130-4407-8b67-c9918b195871 0.258s
2025-02-21 02:21:06.551 63082 INFO tempest.lib.common.rest_client [req-14cfdb11-c591-4ec2-9fe3-9ef1369fc3ad req-14cfdb11-c591-4ec2-9fe3-9ef1369fc3ad ] Request (FloatingIPsAssociationNegativeTestJSON:setUpClass): 200 GET http://10.180.1.21/compute/v2.1/servers/8842fff5-d67c-4a65-aff9-caa201f5ac62 0.263s
2025-02-21 02:21:06.551 63064 INFO tempest.lib.common.rest_client [req-b50cfb1f-02d2-4e8c-baaa-664dac2fd4d9 req-b50cfb1f-02d2-4e8c-baaa-664dac2fd4d9 ] Request (ServersTestManualDisk:setUpClass): 200 GET http://10.180.1.21/compute/v2.1/servers/2378e4fb-a8a9-490f-86e4-4ee1bd6e25cd 0.245s
2025-02-21 02:21:06.558 63082 INFO tempest.common.waiters [-] State transition "BUILD/block_device_mapping" ==> "BUILD/spawning" after 45 second wait
2025-02-21 02:21:06.608 63078 INFO tempest.lib.common.rest_client [req-ad7ac2a7-ed4a-41f9-a7fb-8c0396f58d23 req-ad7ac2a7-ed4a-41f9-a7fb-8c0396f58d23 ] Request (ImagesTestJSON:test_create_image_from_suspended_server): 200 GET http://10.180.1.21/compute/v2.1/servers/8303b35e-60a0-421e-893e-ed8e93675879 0.262s
2025-02-21 02:21:06.613 63086 INFO tempest.lib.common.rest_client [req-fc7a6578-9a62-4fb1-90f9-950fca657f86 req-fc7a6578-9a62-4fb1-90f9-950fca657f86 ] Request (ServersAdminNegativeTestJSON:tearDownClass): 200 GET http://10.180.1.21/compute/v2.1/servers/16cf0731-b768-4ef0-b131-9dcc456e4913 0.244s
2025-02-21 02:21:06.667 63066 INFO tempest.lib.common.rest_client [req-32998ce0-73f4-44ac-b768-570b045a8b9f req-32998ce0-73f4-44ac-b768-570b045a8b9f ] Request (ListServerFiltersTestJSON:test_list_servers_filtered_by_name_regex): 200 GET http://10.180.1.21/compute/v2.1/servers?name=%5E.%2A%5C-instance%5C-.%2A%24 0.215s
2025-02-21 02:21:06.670 63116 INFO tempest.lib.common.rest_client [req-12371e8b-374a-45b2-a28f-22e60a97883b req-12371e8b-374a-45b2-a28f-22e60a97883b ] Request (ServersTestBootFromVolume:setUpClass): 200 GET http://10.180.1.21/compute/v2.1/servers/ac662667-1f68-4521-abc1-f5af98fd3e29 0.136s
2025-02-21 02:21:06.720 63090 INFO tempest.lib.common.rest_client [req-b2012906-d882-4b45-9de2-8450835b2b33 req-b2012906-d882-4b45-9de2-8450835b2b33 ] Request (ServerGroupTestJSON:test_create_server_with_scheduler_hint_group): 200 GET http://10.180.1.21/compute/v2.1/servers/717fed14-da66-44b8-a85e-ecee499dfeaf 0.071s
2025-02-21 02:21:06.793 63104 INFO tempest.lib.common.rest_client [req-dd7aedda-7f5a-4fca-b12b-75db51d9a9b2 req-dd7aedda-7f5a-4fca-b12b-75db51d9a9b2 ] Request (MigrationsAdminTest:test_list_migrations_in_flavor_resize_situation): 200 GET http://10.180.1.21/compute/v2.1/servers/a448b745-a791-4efe-aa38-e224492729f7 0.240s
2025-02-21 02:21:06.808 63066 INFO tempest.lib.common.rest_client [req-4b31651d-e311-4153-b0f3-f95025c55c87 req-4b31651d-e311-4153-b0f3-f95025c55c87 ] Request (ListServerFiltersTestJSON:test_list_servers_filtered_by_name_regex): 200 GET http://10.180.1.21/compute/v2.1/servers?name=1356696841 0.138s
2025-02-21 02:21:06.851 63100 INFO tempest.lib.common.rest_client [req-d84e9450-fdf4-4acf-9a88-f4e3f2230cf3 req-d84e9450-fdf4-4acf-9a88-f4e3f2230cf3 ] Request (ServersAdminTestJSON:setUpClass): 200 GET http://10.180.1.21/compute/v2.1/servers/95f65e57-04f6-42cd-99fc-13793c0a1f0e 0.133s
2025-02-21 02:21:06.872 63120 INFO tempest.lib.common.rest_client [req-7dbea6b2-d991-4462-b447-2f0f5406b153 req-7dbea6b2-d991-4462-b447-2f0f5406b153 ] Request (InstanceActionsV221TestJSON:test_get_list_deleted_instance_actions): 200 GET http://10.180.1.21/compute/v2.1/servers/222810b1-343f-4ee0-bcc5-307f7a13fa8f 0.096s
2025-02-21 02:21:06.908 63068 INFO tempest.lib.common.rest_client [req-bc19c2cd-79f6-468a-a5cc-3fbf35ed3af8 req-bc19c2cd-79f6-468a-a5cc-3fbf35ed3af8 ] Request (ServerRescueNegativeTestJSON:setUpClass): 200 GET http://10.180.1.21/compute/v2.1/servers/e871c207-f227-4f3c-82a3-b314d26670b0 0.129s
2025-02-21 02:21:06.913 63066 INFO tempest.lib.common.rest_client [req-759038c0-0361-403d-8f51-ecef0756e9c1 req-759038c0-0361-403d-8f51-ecef0756e9c1 ] Request (ListServerFiltersTestJSON:test_list_servers_filtered_by_name_wildcard): 200 GET http://10.180.1.21/compute/v2.1/servers?name=-instance 0.100s
2025-02-21 02:21:06.963 63106 INFO tempest.lib.common.rest_client [req-12d7d334-cb1c-4b18-8d25-d7bb1efcaad0 req-12d7d334-cb1c-4b18-8d25-d7bb1efcaad0 ] Request (TenantUsagesTestJSON:setUpClass): 200 GET http://10.180.1.21/compute/v2.1/servers/ba14c5ee-afa3-4ed6-9e94-1619cb75ef34 0.137s
2025-02-21 02:21:06.968 63098 INFO tempest.lib.common.rest_client [req-cf7d462b-b9d6-4188-bbcc-0f33957ab912 req-cf7d462b-b9d6-4188-bbcc-0f33957ab912 ] Request (ServerAddressesTestJSON:setUpClass): 200 GET http://10.180.1.21/compute/v2.1/servers/fbbdd3e4-48ef-4b4c-935f-03aac33efa5e 0.133s
2025-02-21 02:21:07.007 63066 INFO tempest.lib.common.rest_client [req-7ab4666e-158f-41a0-bc3f-89ceff373f9c req-7ab4666e-158f-41a0-bc3f-89ceff373f9c ] Request (ListServerFiltersTestJSON:test_list_servers_filtered_by_name_wildcard): 200 GET http://10.180.1.21/compute/v2.1/servers?name=t-ListServerFiltersTestJSON-instance-135669684 0.091s
2025-02-21 02:21:07.066 63118 INFO tempest.lib.common.rest_client [req-ef9b8242-d058-44ba-b0d4-a0d2978b2d96 req-ef9b8242-d058-44ba-b0d4-a0d2978b2d96 ] Request (DeleteServersAdminTestJSON:test_delete_server_while_in_error_state): 200 GET http://10.180.1.21/compute/v2.1/servers/cee370ce-c987-4ae1-b922-1988654c6193 0.059s
2025-02-21 02:21:07.073 63118 INFO tempest.common.waiters [-] State transition "ERROR/deleting" ==> "DELETED/None" after 4 second wait
2025-02-21 02:21:07.083 63066 INFO tempest.lib.common.rest_client [req-f3dfe34c-e829-44b9-8f31-d8d05c2fc051 req-f3dfe34c-e829-44b9-8f31-d8d05c2fc051 ] Request (ListServerFiltersTestJSON:tearDownClass): 204 DELETE http://10.180.1.21/compute/v2.1/servers/3a115dca-1f2a-45f3-bf8e-dad440c725d6 0.073s
2025-02-21 02:21:07.120 63096 INFO tempest.lib.common.rest_client [req-f61fb51e-df8a-4883-9c16-25d072b87771 req-f61fb51e-df8a-4883-9c16-25d072b87771 ] Request (ServersTestFqdnHostnames:test_create_server_with_fqdn_name): 200 GET http://10.180.1.21/compute/v2.1/servers/1aaf1e38-8dcb-4518-bff4-b0bd50acd5c3 0.088s
2025-02-21 02:21:07.144 63074 INFO tempest.lib.common.rest_client [req-31773473-4127-4cb2-a1d1-6cf343c1781a req-31773473-4127-4cb2-a1d1-6cf343c1781a ] Request (FloatingIPsAssociationTestJSON:tearDownClass): 200 GET http://10.180.1.21/compute/v2.1/servers/bb2adeb8-a2fe-42aa-a722-d5184d71d096 0.076s
2025-02-21 02:21:07.193 63114 INFO tempest.lib.common.rest_client [req-54410460-ba01-4f4c-a38e-fc0b063d59fe req-54410460-ba01-4f4c-a38e-fc0b063d59fe ] Request (ServerDiagnosticsNegativeTest:test_get_server_diagnostics_by_non_admin): 200 GET http://10.180.1.21/compute/v2.1/servers/7ad8b488-ed59-40c8-9a33-f8d59448ee0d 0.071s
2025-02-21 02:21:07.204 63114 INFO tempest.common.waiters [-] State transition "BUILD/scheduling" ==> "BUILD/None" after 22 second wait
2025-02-21 02:21:07.243 63066 INFO tempest.lib.common.rest_client [req-ef9e1802-cb15-4bf9-b712-90d552510657 req-ef9e1802-cb15-4bf9-b712-90d552510657 ] Request (ListServerFiltersTestJSON:tearDownClass): 200 GET http://10.180.1.21/compute/v2.1/servers/3a115dca-1f2a-45f3-bf8e-dad440c725d6 0.159s
2025-02-21 02:21:07.246 63084 INFO tempest.lib.common.rest_client [req-b5dc2a54-851e-46e7-9b44-d1b1baf91f84 req-b5dc2a54-851e-46e7-9b44-d1b1baf91f84 ] Request (ServerDiagnosticsV248Test:test_get_server_diagnostics): 200 GET http://10.180.1.21/compute/v2.1/servers/407149f0-7c9a-4306-9640-f79eed59b7b6 0.064s
2025-02-21 02:21:07.253 63124 WARNING tempest.lib.common.ssh [-] Failed to establish authenticated ssh connection to cirros@10.180.180.180 ([Errno None] Unable to connect to port 22 on 10.180.180.180). Number attempts: 3. Retry after 4 seconds.: paramiko.ssh_exception.NoValidConnectionsError: [Errno None] Unable to connect to port 22 on 10.180.180.180
2025-02-21 02:21:07.275 63092 INFO tempest.lib.common.rest_client [req-4b743a43-71a7-41eb-8b51-d60ef6d3d8e8 req-4b743a43-71a7-41eb-8b51-d60ef6d3d8e8 ] Request (ListImageFiltersTestJSON:setUpClass): 200 GET http://10.180.1.21/compute/v2.1/images/0d92b8ff-84aa-4e8b-898c-8c9c59160cf2 0.033s
2025-02-21 02:21:07.381 63122 WARNING tempest.lib.common.ssh [-] Failed to establish authenticated ssh connection to cirros@10.180.180.254 ([Errno None] Unable to connect to port 22 on 10.180.180.254). Number attempts: 4. Retry after 5 seconds.: paramiko.ssh_exception.NoValidConnectionsError: [Errno None] Unable to connect to port 22 on 10.180.180.254
2025-02-21 02:21:07.444 63072 WARNING tempest.lib.common.ssh [-] Failed to establish authenticated ssh connection to cirros@10.180.180.153 ([Errno None] Unable to connect to port 22 on 10.180.180.153). Number attempts: 6. Retry after 7 seconds.: paramiko.ssh_exception.NoValidConnectionsError: [Errno None] Unable to connect to port 22 on 10.180.180.153
2025-02-21 02:21:07.446 63076 INFO tempest.lib.common.rest_client [req-b56f3d32-c96c-47e9-908e-edc92edcc1cd req-b56f3d32-c96c-47e9-908e-edc92edcc1cd ] Request (ListServersNegativeTestJSON:setUpClass): 200 GET http://10.180.1.21/compute/v2.1/servers/c9b2ef26-45fc-4480-b7bb-04416ba9c395 0.093s
2025-02-21 02:21:07.453 63076 INFO tempest.common.waiters [-] State transition "BUILD/spawning" ==> "ACTIVE/None" after 1 second wait
2025-02-21 02:21:07.475 63094 INFO tempest.lib.common.rest_client [req-017b4028-fb61-4f0f-9785-139210cf0dbe req-017b4028-fb61-4f0f-9785-139210cf0dbe ] Request (DeleteServersTestJSON:test_delete_server_while_in_attached_volume): 200 GET http://10.180.1.21/compute/v2.1/servers/728dec63-e119-4825-8af5-55497ed20df0 0.059s
2025-02-21 02:21:07.551 63076 INFO tempest.lib.common.rest_client [req-e29903bd-2ca3-44c7-a75f-82ec351638af req-e29903bd-2ca3-44c7-a75f-82ec351638af ] Request (ListServersNegativeTestJSON:setUpClass): 204 DELETE http://10.180.1.21/compute/v2.1/servers/5dc37e5a-4054-4657-b716-0491e5126276 0.097s
2025-02-21 02:21:07.582 63110 INFO tempest.lib.common.rest_client [req-bee71b11-eb65-4196-b935-f0e1215b2b02 req-bee71b11-eb65-4196-b935-f0e1215b2b02 ] Request (ServersTestMultiNic:test_verify_duplicate_network_nics): 200 GET http://10.180.1.21/compute/v2.1/servers/7808ea67-3dc2-40be-b425-7839d2b54d36 0.156s
2025-02-21 02:21:07.632 63070 INFO tempest.lib.common.rest_client [req-9647a87c-6666-436a-ab0c-f86b3234f29e req-9647a87c-6666-436a-ab0c-f86b3234f29e ] Request (ImagesOneServerTestJSON:tearDownClass): 200 GET http://10.180.1.21/compute/v2.1/servers/9a9c2168-d130-4407-8b67-c9918b195871 0.130s
2025-02-21 02:21:07.700 63076 INFO tempest.lib.common.rest_client [req-df146ba9-4927-47ad-b40a-1534a18ea173 req-df146ba9-4927-47ad-b40a-1534a18ea173 ] Request (ListServersNegativeTestJSON:setUpClass): 200 GET http://10.180.1.21/compute/v2.1/servers/5dc37e5a-4054-4657-b716-0491e5126276 0.148s
2025-02-21 02:21:07.766 63064 INFO tempest.lib.common.rest_client [req-153581c3-9b19-458e-a973-b7f96387c122 req-153581c3-9b19-458e-a973-b7f96387c122 ] Request (ServersTestManualDisk:setUpClass): 200 GET http://10.180.1.21/compute/v2.1/servers/2378e4fb-a8a9-490f-86e4-4ee1bd6e25cd 0.206s
2025-02-21 02:21:07.811 63082 INFO tempest.lib.common.rest_client [req-01195f35-dc05-4ca7-914e-44a0d0eaafb0 req-01195f35-dc05-4ca7-914e-44a0d0eaafb0 ] Request (FloatingIPsAssociationNegativeTestJSON:setUpClass): 200 GET http://10.180.1.21/compute/v2.1/servers/8842fff5-d67c-4a65-aff9-caa201f5ac62 0.252s
2025-02-21 02:21:07.823 63078 INFO tempest.lib.common.rest_client [req-835c564b-ba69-44db-bb4c-2cd065cafb77 req-835c564b-ba69-44db-bb4c-2cd065cafb77 ] Request (ImagesTestJSON:test_create_image_from_suspended_server): 200 GET http://10.180.1.21/compute/v2.1/servers/8303b35e-60a0-421e-893e-ed8e93675879 0.207s
2025-02-21 02:21:07.876 63116 INFO tempest.lib.common.rest_client [req-26c0041d-395a-45ba-a85a-284d7533e6ea req-26c0041d-395a-45ba-a85a-284d7533e6ea ] Request (ServersTestBootFromVolume:setUpClass): 200 GET http://10.180.1.21/compute/v2.1/servers/ac662667-1f68-4521-abc1-f5af98fd3e29 0.198s
2025-02-21 02:21:07.887 63086 INFO tempest.lib.common.rest_client [req-6c5985e1-2eb0-4627-acf4-e6bf8a5a07bc req-6c5985e1-2eb0-4627-acf4-e6bf8a5a07bc ] Request (ServersAdminNegativeTestJSON:tearDownClass): 200 GET http://10.180.1.21/compute/v2.1/servers/16cf0731-b768-4ef0-b131-9dcc456e4913 0.266s
2025-02-21 02:21:07.942 63090 INFO tempest.lib.common.rest_client [req-302b87da-edfa-4917-afe6-a7af68763216 req-302b87da-edfa-4917-afe6-a7af68763216 ] Request (ServerGroupTestJSON:test_create_server_with_scheduler_hint_group): 200 GET http://10.180.1.21/compute/v2.1/servers/717fed14-da66-44b8-a85e-ecee499dfeaf 0.211s
2025-02-21 02:21:08.034 63100 INFO tempest.lib.common.rest_client [req-4c5f35fd-2046-4894-9b70-8d0551bda536 req-4c5f35fd-2046-4894-9b70-8d0551bda536 ] Request (ServersAdminTestJSON:setUpClass): 200 GET http://10.180.1.21/compute/v2.1/servers/95f65e57-04f6-42cd-99fc-13793c0a1f0e 0.174s
2025-02-21 02:21:08.111 63104 INFO tempest.lib.common.rest_client [req-800fcdda-9a01-4317-b3dc-ca74beedc62a req-800fcdda-9a01-4317-b3dc-ca74beedc62a ] Request (MigrationsAdminTest:test_list_migrations_in_flavor_resize_situation): 200 GET http://10.180.1.21/compute/v2.1/servers/a448b745-a791-4efe-aa38-e224492729f7 0.308s
2025-02-21 02:21:08.350 63120 INFO tempest.lib.common.rest_client [req-3dbcfd29-06f4-4104-9016-b6cb895f57c9 req-3dbcfd29-06f4-4104-9016-b6cb895f57c9 ] Request (InstanceActionsV221TestJSON:test_get_list_deleted_instance_actions): 200 GET http://10.180.1.21/compute/v2.1/servers/222810b1-343f-4ee0-bcc5-307f7a13fa8f 0.467s
2025-02-21 02:21:08.402 63106 INFO tempest.lib.common.rest_client [req-51ba4616-707b-433c-bf6e-7cc86a68df4d req-51ba4616-707b-433c-bf6e-7cc86a68df4d ] Request (TenantUsagesTestJSON:setUpClass): 200 GET http://10.180.1.21/compute/v2.1/servers/ba14c5ee-afa3-4ed6-9e94-1619cb75ef34 0.431s
2025-02-21 02:21:08.444 63068 INFO tempest.lib.common.rest_client [req-8a742887-1433-4d39-b549-aabba5e6e10e req-8a742887-1433-4d39-b549-aabba5e6e10e ] Request (ServerRescueNegativeTestJSON:setUpClass): 200 GET http://10.180.1.21/compute/v2.1/servers/e871c207-f227-4f3c-82a3-b314d26670b0 0.523s
2025-02-21 02:21:08.449 63098 INFO tempest.lib.common.rest_client [req-950c8bcc-7440-4637-861a-a3260871742d req-950c8bcc-7440-4637-861a-a3260871742d ] Request (ServerAddressesTestJSON:setUpClass): 200 GET http://10.180.1.21/compute/v2.1/servers/fbbdd3e4-48ef-4b4c-935f-03aac33efa5e 0.471s
2025-02-21 02:21:08.497 63096 INFO tempest.lib.common.rest_client [req-65a26919-4864-4b1d-ba20-4f38966b0e5a req-65a26919-4864-4b1d-ba20-4f38966b0e5a ] Request (ServersTestFqdnHostnames:test_create_server_with_fqdn_name): 200 GET http://10.180.1.21/compute/v2.1/servers/1aaf1e38-8dcb-4518-bff4-b0bd50acd5c3 0.367s
2025-02-21 02:21:08.518 63118 INFO tempest.lib.common.rest_client [req-7adb7aeb-08be-4c46-8c36-e081596f2b09 req-7adb7aeb-08be-4c46-8c36-e081596f2b09 ] Request (DeleteServersAdminTestJSON:test_delete_server_while_in_error_state): 200 GET http://10.180.1.21/compute/v2.1/servers/cee370ce-c987-4ae1-b922-1988654c6193 0.443s
2025-02-21 02:21:08.557 63074 INFO tempest.lib.common.rest_client [req-b8f04c85-6ac6-47ee-b333-1034d73a8e48 req-b8f04c85-6ac6-47ee-b333-1034d73a8e48 ] Request (FloatingIPsAssociationTestJSON:tearDownClass): 200 GET http://10.180.1.21/compute/v2.1/servers/bb2adeb8-a2fe-42aa-a722-d5184d71d096 0.406s
2025-02-21 02:21:08.597 63114 INFO tempest.lib.common.rest_client [req-427641e7-2e3e-43f9-a50f-9d25520ec863 req-427641e7-2e3e-43f9-a50f-9d25520ec863 ] Request (ServerDiagnosticsNegativeTest:test_get_server_diagnostics_by_non_admin): 200 GET http://10.180.1.21/compute/v2.1/servers/7ad8b488-ed59-40c8-9a33-f8d59448ee0d 0.392s
2025-02-21 02:21:08.660 63066 INFO tempest.lib.common.rest_client [req-7a88ebfd-9cce-4be5-9cd4-96c7d3ee2c04 req-7a88ebfd-9cce-4be5-9cd4-96c7d3ee2c04 ] Request (ListServerFiltersTestJSON:tearDownClass): 200 GET http://10.180.1.21/compute/v2.1/servers/3a115dca-1f2a-45f3-bf8e-dad440c725d6 0.408s
2025-02-21 02:21:08.664 63084 INFO tempest.lib.common.rest_client [req-ddfc9b55-df74-4f0c-8d68-78016b8a7c6d req-ddfc9b55-df74-4f0c-8d68-78016b8a7c6d ] Request (ServerDiagnosticsV248Test:test_get_server_diagnostics): 200 GET http://10.180.1.21/compute/v2.1/servers/407149f0-7c9a-4306-9640-f79eed59b7b6 0.407s
2025-02-21 02:21:08.704 63092 INFO tempest.lib.common.rest_client [req-a4c8ccb9-a76c-4699-bd4f-b38f037b58cc req-a4c8ccb9-a76c-4699-bd4f-b38f037b58cc ] Request (ListImageFiltersTestJSON:setUpClass): 200 GET http://10.180.1.21/compute/v2.1/images/0d92b8ff-84aa-4e8b-898c-8c9c59160cf2 0.425s
2025-02-21 02:21:08.722 63094 INFO tempest.lib.common.rest_client [req-eebce36f-269a-404a-b288-20fc8ada8501 req-eebce36f-269a-404a-b288-20fc8ada8501 ] Request (DeleteServersTestJSON:test_delete_server_while_in_attached_volume): 200 GET http://10.180.1.21/compute/v2.1/servers/728dec63-e119-4825-8af5-55497ed20df0 0.240s
2025-02-21 02:21:08.784 63070 INFO tempest.lib.common.rest_client [req-8248fc4d-a0b4-42a1-b19e-dd9b707f623a req-8248fc4d-a0b4-42a1-b19e-dd9b707f623a ] Request (ImagesOneServerTestJSON:tearDownClass): 200 GET http://10.180.1.21/compute/v2.1/servers/9a9c2168-d130-4407-8b67-c9918b195871 0.141s
2025-02-21 02:21:08.884 63076 INFO tempest.lib.common.rest_client [req-bd69e5bc-ca0d-45f4-88fc-135f975661e0 req-bd69e5bc-ca0d-45f4-88fc-135f975661e0 ] Request (ListServersNegativeTestJSON:setUpClass): 200 GET http://10.180.1.21/compute/v2.1/servers/5dc37e5a-4054-4657-b716-0491e5126276 0.175s
2025-02-21 02:21:08.900 63110 INFO tempest.lib.common.rest_client [req-e84ed9aa-820a-412b-bcf4-7610a68bbc05 req-e84ed9aa-820a-412b-bcf4-7610a68bbc05 ] Request (ServersTestMultiNic:test_verify_duplicate_network_nics): 200 GET http://10.180.1.21/compute/v2.1/servers/7808ea67-3dc2-40be-b425-7839d2b54d36 0.309s
2025-02-21 02:21:08.934 63064 INFO tempest.lib.common.rest_client [req-50b3064a-f7ce-44bf-8755-f6176be7f5d6 req-50b3064a-f7ce-44bf-8755-f6176be7f5d6 ] Request (ServersTestManualDisk:setUpClass): 200 GET http://10.180.1.21/compute/v2.1/servers/2378e4fb-a8a9-490f-86e4-4ee1bd6e25cd 0.157s
2025-02-21 02:21:08.987 63078 INFO tempest.lib.common.rest_client [req-7969b83b-dc7e-4a1b-9c78-f40c920ff1c2 req-7969b83b-dc7e-4a1b-9c78-f40c920ff1c2 ] Request (ImagesTestJSON:test_create_image_from_suspended_server): 200 GET http://10.180.1.21/compute/v2.1/servers/8303b35e-60a0-421e-893e-ed8e93675879 0.151s
2025-02-21 02:21:09.019 63082 INFO tempest.lib.common.rest_client [req-819d6fed-555f-4c34-81f3-15a48d39c410 req-819d6fed-555f-4c34-81f3-15a48d39c410 ] Request (FloatingIPsAssociationNegativeTestJSON:setUpClass): 200 GET http://10.180.1.21/compute/v2.1/servers/8842fff5-d67c-4a65-aff9-caa201f5ac62 0.197s
2025-02-21 02:21:09.048 63116 INFO tempest.lib.common.rest_client [req-b9d08b3d-b246-4b66-bb57-a17a9fc7df5a req-b9d08b3d-b246-4b66-bb57-a17a9fc7df5a ] Request (ServersTestBootFromVolume:setUpClass): 200 GET http://10.180.1.21/compute/v2.1/servers/ac662667-1f68-4521-abc1-f5af98fd3e29 0.159s
2025-02-21 02:21:09.074 63086 INFO tempest.lib.common.rest_client [req-36437bc6-3c76-4745-8668-9bed755b2025 req-36437bc6-3c76-4745-8668-9bed755b2025 ] Request (ServersAdminNegativeTestJSON:tearDownClass): 200 GET http://10.180.1.21/compute/v2.1/servers/16cf0731-b768-4ef0-b131-9dcc456e4913 0.179s
2025-02-21 02:21:09.097 63090 INFO tempest.lib.common.rest_client [req-2cba4540-75b0-4d03-a425-6ee21fa67489 req-2cba4540-75b0-4d03-a425-6ee21fa67489 ] Request (ServerGroupTestJSON:test_create_server_with_scheduler_hint_group): 200 GET http://10.180.1.21/compute/v2.1/servers/717fed14-da66-44b8-a85e-ecee499dfeaf 0.145s
2025-02-21 02:21:09.125 63100 INFO tempest.lib.common.rest_client [req-7985eb05-48b3-443b-8fae-4d8d54383fb8 req-7985eb05-48b3-443b-8fae-4d8d54383fb8 ] Request (ServersAdminTestJSON:setUpClass): 200 GET http://10.180.1.21/compute/v2.1/servers/95f65e57-04f6-42cd-99fc-13793c0a1f0e 0.083s
2025-02-21 02:21:09.256 63104 INFO tempest.lib.common.rest_client [req-4218b33b-ad18-4031-8c62-1f86a49012da req-4218b33b-ad18-4031-8c62-1f86a49012da ] Request (MigrationsAdminTest:test_list_migrations_in_flavor_resize_situation): 200 GET http://10.180.1.21/compute/v2.1/servers/a448b745-a791-4efe-aa38-e224492729f7 0.136s
2025-02-21 02:21:09.427 63120 INFO tempest.lib.common.rest_client [req-6bc4df50-a59a-4912-a0af-00b01aac839f req-6bc4df50-a59a-4912-a0af-00b01aac839f ] Request (InstanceActionsV221TestJSON:test_get_list_deleted_instance_actions): 200 GET http://10.180.1.21/compute/v2.1/servers/222810b1-343f-4ee0-bcc5-307f7a13fa8f 0.068s
2025-02-21 02:21:09.482 63106 INFO tempest.lib.common.rest_client [req-a5d52fe3-13b6-4a9a-9038-828b72ca7f04 req-a5d52fe3-13b6-4a9a-9038-828b72ca7f04 ] Request (TenantUsagesTestJSON:setUpClass): 200 GET http://10.180.1.21/compute/v2.1/servers/ba14c5ee-afa3-4ed6-9e94-1619cb75ef34 0.067s
2025-02-21 02:21:09.509 63068 INFO tempest.lib.common.rest_client [req-37de4ca8-62a7-455e-a5cc-9f2f137365a2 req-37de4ca8-62a7-455e-a5cc-9f2f137365a2 ] Request (ServerRescueNegativeTestJSON:setUpClass): 200 GET http://10.180.1.21/compute/v2.1/servers/e871c207-f227-4f3c-82a3-b314d26670b0 0.056s
2025-02-21 02:21:09.547 63098 INFO tempest.lib.common.rest_client [req-b03608e8-6816-4c0c-a764-a0748936bfec req-b03608e8-6816-4c0c-a764-a0748936bfec ] Request (ServerAddressesTestJSON:setUpClass): 200 GET http://10.180.1.21/compute/v2.1/servers/fbbdd3e4-48ef-4b4c-935f-03aac33efa5e 0.088s
2025-02-21 02:21:09.572 63096 INFO tempest.lib.common.rest_client [req-abd258c3-3d58-4d7a-ac07-061d8a6a7f82 req-abd258c3-3d58-4d7a-ac07-061d8a6a7f82 ] Request (ServersTestFqdnHostnames:test_create_server_with_fqdn_name): 200 GET http://10.180.1.21/compute/v2.1/servers/1aaf1e38-8dcb-4518-bff4-b0bd50acd5c3 0.059s
2025-02-21 02:21:09.580 63096 INFO tempest.common.waiters [-] State transition "BUILD/scheduling" ==> "BUILD/None" after 22 second wait
2025-02-21 02:21:09.625 63118 INFO tempest.lib.common.rest_client [req-af4880a0-fc79-4d3c-8e30-19028ced9713 req-af4880a0-fc79-4d3c-8e30-19028ced9713 ] Request (DeleteServersAdminTestJSON:test_delete_server_while_in_error_state): 200 GET http://10.180.1.21/compute/v2.1/servers/cee370ce-c987-4ae1-b922-1988654c6193 0.098s
2025-02-21 02:21:09.638 63074 INFO tempest.lib.common.rest_client [req-e9784fcb-bedd-4ffd-9156-f8eea53918c3 req-e9784fcb-bedd-4ffd-9156-f8eea53918c3 ] Request (FloatingIPsAssociationTestJSON:tearDownClass): 200 GET http://10.180.1.21/compute/v2.1/servers/bb2adeb8-a2fe-42aa-a722-d5184d71d096 0.073s
2025-02-21 02:21:09.676 63114 INFO tempest.lib.common.rest_client [req-71edc88d-1b4c-490b-b49e-5b306799ebb3 req-71edc88d-1b4c-490b-b49e-5b306799ebb3 ] Request (ServerDiagnosticsNegativeTest:test_get_server_diagnostics_by_non_admin): 200 GET http://10.180.1.21/compute/v2.1/servers/7ad8b488-ed59-40c8-9a33-f8d59448ee0d 0.061s
2025-02-21 02:21:09.723 63066 INFO tempest.lib.common.rest_client [req-c6ed1bae-5996-48f5-a5bc-c2f9da2a5aa1 req-c6ed1bae-5996-48f5-a5bc-c2f9da2a5aa1 ] Request (ListServerFiltersTestJSON:tearDownClass): 200 GET http://10.180.1.21/compute/v2.1/servers/3a115dca-1f2a-45f3-bf8e-dad440c725d6 0.054s
2025-02-21 02:21:09.729 63084 INFO tempest.lib.common.rest_client [req-54c27bc3-cfce-442e-8348-d9fe64a97fea req-54c27bc3-cfce-442e-8348-d9fe64a97fea ] Request (ServerDiagnosticsV248Test:test_get_server_diagnostics): 200 GET http://10.180.1.21/compute/v2.1/servers/407149f0-7c9a-4306-9640-f79eed59b7b6 0.053s
2025-02-21 02:21:09.755 63092 INFO tempest.lib.common.rest_client [req-661bd511-6a2f-48b7-ae88-6a14a79f50fb req-661bd511-6a2f-48b7-ae88-6a14a79f50fb ] Request (ListImageFiltersTestJSON:setUpClass): 200 GET http://10.180.1.21/compute/v2.1/images/0d92b8ff-84aa-4e8b-898c-8c9c59160cf2 0.046s
2025-02-21 02:21:09.778 63094 INFO tempest.lib.common.rest_client [req-4a7e63b0-d8fd-43a7-ac4c-6efc1a0b271c req-4a7e63b0-d8fd-43a7-ac4c-6efc1a0b271c ] Request (DeleteServersTestJSON:test_delete_server_while_in_attached_volume): 200 GET http://10.180.1.21/compute/v2.1/servers/728dec63-e119-4825-8af5-55497ed20df0 0.046s
2025-02-21 02:21:09.859 63070 INFO tempest.lib.common.rest_client [req-1244ffa5-01ca-4de4-827d-4ebf77a955fb req-1244ffa5-01ca-4de4-827d-4ebf77a955fb ] Request (ImagesOneServerTestJSON:tearDownClass): 200 GET http://10.180.1.21/compute/v2.1/servers/9a9c2168-d130-4407-8b67-c9918b195871 0.066s
2025-02-21 02:21:10.021 63110 INFO tempest.lib.common.rest_client [req-ccb36118-c762-495d-af1d-d2d9dcb4e31d req-ccb36118-c762-495d-af1d-d2d9dcb4e31d ] Request (ServersTestMultiNic:test_verify_duplicate_network_nics): 200 GET http://10.180.1.21/compute/v2.1/servers/7808ea67-3dc2-40be-b425-7839d2b54d36 0.113s
2025-02-21 02:21:10.081 63064 INFO tempest.lib.common.rest_client [req-efb8764a-0790-4a31-b169-91ba2a918012 req-efb8764a-0790-4a31-b169-91ba2a918012 ] Request (ServersTestManualDisk:setUpClass): 200 GET http://10.180.1.21/compute/v2.1/servers/2378e4fb-a8a9-490f-86e4-4ee1bd6e25cd 0.140s
2025-02-21 02:21:10.126 63076 INFO tempest.lib.common.rest_client [req-1c1ba626-01a4-481d-a5dd-48769b738b88 req-1c1ba626-01a4-481d-a5dd-48769b738b88 ] Request (ListServersNegativeTestJSON:setUpClass): 200 GET http://10.180.1.21/compute/v2.1/servers/5dc37e5a-4054-4657-b716-0491e5126276 0.233s
2025-02-21 02:21:10.160 63078 INFO tempest.lib.common.rest_client [req-3fb58919-6f8a-4d61-9284-2cf6585095c9 req-3fb58919-6f8a-4d61-9284-2cf6585095c9 ] Request (ImagesTestJSON:test_create_image_from_suspended_server): 200 GET http://10.180.1.21/compute/v2.1/servers/8303b35e-60a0-421e-893e-ed8e93675879 0.159s
2025-02-21 02:21:10.212 63116 INFO tempest.lib.common.rest_client [req-6383682c-64f7-410e-889f-957b38e412ce req-6383682c-64f7-410e-889f-957b38e412ce ] Request (ServersTestBootFromVolume:setUpClass): 200 GET http://10.180.1.21/compute/v2.1/servers/ac662667-1f68-4521-abc1-f5af98fd3e29 0.155s
2025-02-21 02:21:10.317 63086 INFO tempest.lib.common.rest_client [req-9445b03c-502f-45bd-9e46-b0d85bc30de9 req-9445b03c-502f-45bd-9e46-b0d85bc30de9 ] Request (ServersAdminNegativeTestJSON:tearDownClass): 200 GET http://10.180.1.21/compute/v2.1/servers/16cf0731-b768-4ef0-b131-9dcc456e4913 0.235s
2025-02-21 02:21:10.358 63082 INFO tempest.lib.common.rest_client [req-2dbaf80f-df02-403c-bfab-2a51fb11243c req-2dbaf80f-df02-403c-bfab-2a51fb11243c ] Request (FloatingIPsAssociationNegativeTestJSON:setUpClass): 200 GET http://10.180.1.21/compute/v2.1/servers/8842fff5-d67c-4a65-aff9-caa201f5ac62 0.331s
2025-02-21 02:21:10.372 63090 INFO tempest.lib.common.rest_client [req-cdad858c-3184-4792-b120-be7bebe8f0ff req-cdad858c-3184-4792-b120-be7bebe8f0ff ] Request (ServerGroupTestJSON:test_create_server_with_scheduler_hint_group): 200 GET http://10.180.1.21/compute/v2.1/servers/717fed14-da66-44b8-a85e-ecee499dfeaf 0.265s
2025-02-21 02:21:10.439 63100 INFO tempest.lib.common.rest_client [req-7d52d21a-aa10-48af-a3dc-ad3e34defacb req-7d52d21a-aa10-48af-a3dc-ad3e34defacb ] Request (ServersAdminTestJSON:setUpClass): 200 GET http://10.180.1.21/compute/v2.1/servers/95f65e57-04f6-42cd-99fc-13793c0a1f0e 0.306s
2025-02-21 02:21:10.450 63100 INFO tempest.common.waiters [-] State transition "BUILD/None" ==> "BUILD/networking" after 46 second wait
2025-02-21 02:21:10.500 63104 INFO tempest.lib.common.rest_client [req-88cf3654-7486-4ba6-8338-d7773477b274 req-88cf3654-7486-4ba6-8338-d7773477b274 ] Request (MigrationsAdminTest:test_list_migrations_in_flavor_resize_situation): 200 GET http://10.180.1.21/compute/v2.1/servers/a448b745-a791-4efe-aa38-e224492729f7 0.236s
2025-02-21 02:21:10.503 63120 INFO tempest.lib.common.rest_client [req-7f03f8c0-468d-4035-afc0-1cbed33908fe req-7f03f8c0-468d-4035-afc0-1cbed33908fe ] Request (InstanceActionsV221TestJSON:test_get_list_deleted_instance_actions): 200 GET http://10.180.1.21/compute/v2.1/servers/222810b1-343f-4ee0-bcc5-307f7a13fa8f 0.065s
2025-02-21 02:21:10.516 63088 WARNING tempest.lib.common.ssh [-] Failed to establish authenticated ssh connection to cirros@10.180.180.216 ([Errno None] Unable to connect to port 22 on 10.180.180.216). Number attempts: 6. Retry after 7 seconds.: paramiko.ssh_exception.NoValidConnectionsError: [Errno None] Unable to connect to port 22 on 10.180.180.216
2025-02-21 02:21:10.558 63106 INFO tempest.lib.common.rest_client [req-3a3bfb74-43c6-4b30-ad20-f4bd952745fe req-3a3bfb74-43c6-4b30-ad20-f4bd952745fe ] Request (TenantUsagesTestJSON:setUpClass): 200 GET http://10.180.1.21/compute/v2.1/servers/ba14c5ee-afa3-4ed6-9e94-1619cb75ef34 0.065s
2025-02-21 02:21:10.581 63068 INFO tempest.lib.common.rest_client [req-1e16e26c-f70e-4bb5-8d74-6055b16862bd req-1e16e26c-f70e-4bb5-8d74-6055b16862bd ] Request (ServerRescueNegativeTestJSON:setUpClass): 200 GET http://10.180.1.21/compute/v2.1/servers/e871c207-f227-4f3c-82a3-b314d26670b0 0.063s
2025-02-21 02:21:10.616 63098 INFO tempest.lib.common.rest_client [req-a2d6c57d-8a74-4d58-b2c9-022b69f67622 req-a2d6c57d-8a74-4d58-b2c9-022b69f67622 ] Request (ServerAddressesTestJSON:setUpClass): 200 GET http://10.180.1.21/compute/v2.1/servers/fbbdd3e4-48ef-4b4c-935f-03aac33efa5e 0.058s
2025-02-21 02:21:10.646 63096 INFO tempest.lib.common.rest_client [req-a417066a-c9a3-4ff8-b301-8be0d2b49371 req-a417066a-c9a3-4ff8-b301-8be0d2b49371 ] Request (ServersTestFqdnHostnames:test_create_server_with_fqdn_name): 200 GET http://10.180.1.21/compute/v2.1/servers/1aaf1e38-8dcb-4518-bff4-b0bd50acd5c3 0.065s
2025-02-21 02:21:10.699 63118 INFO tempest.lib.common.rest_client [req-8a467fbe-7b7d-4820-94e3-58bc690fcfb4 req-8a467fbe-7b7d-4820-94e3-58bc690fcfb4 ] Request (DeleteServersAdminTestJSON:test_delete_server_while_in_error_state): 200 GET http://10.180.1.21/compute/v2.1/servers/cee370ce-c987-4ae1-b922-1988654c6193 0.065s
2025-02-21 02:21:10.717 63074 INFO tempest.lib.common.rest_client [req-5a8ec491-cc50-4f4d-b1ce-6474a28a9c6a req-5a8ec491-cc50-4f4d-b1ce-6474a28a9c6a ] Request (FloatingIPsAssociationTestJSON:tearDownClass): 200 GET http://10.180.1.21/compute/v2.1/servers/bb2adeb8-a2fe-42aa-a722-d5184d71d096 0.071s
2025-02-21 02:21:10.757 63114 INFO tempest.lib.common.rest_client [req-e37ea00c-81a0-44cf-af56-695ae44ed4a9 req-e37ea00c-81a0-44cf-af56-695ae44ed4a9 ] Request (ServerDiagnosticsNegativeTest:test_get_server_diagnostics_by_non_admin): 200 GET http://10.180.1.21/compute/v2.1/servers/7ad8b488-ed59-40c8-9a33-f8d59448ee0d 0.072s
2025-02-21 02:21:10.816 63084 INFO tempest.lib.common.rest_client [req-e316ed2b-2b5d-4592-b1d7-865878fdde46 req-e316ed2b-2b5d-4592-b1d7-865878fdde46 ] Request (ServerDiagnosticsV248Test:test_get_server_diagnostics): 200 GET http://10.180.1.21/compute/v2.1/servers/407149f0-7c9a-4306-9640-f79eed59b7b6 0.076s
2025-02-21 02:21:10.829 63066 INFO tempest.lib.common.rest_client [req-cc40ea36-212c-40f6-b0d8-657af253f8f4 req-cc40ea36-212c-40f6-b0d8-657af253f8f4 ] Request (ListServerFiltersTestJSON:tearDownClass): 200 GET http://10.180.1.21/compute/v2.1/servers/3a115dca-1f2a-45f3-bf8e-dad440c725d6 0.098s
2025-02-21 02:21:10.838 63066 INFO tempest.common.waiters [-] State transition "ACTIVE/deleting" ==> "DELETED/None" after 3 second wait
2025-02-21 02:21:10.877 63092 INFO tempest.lib.common.rest_client [req-bff91c02-facc-4448-a70e-1b0bcaaa6673 req-bff91c02-facc-4448-a70e-1b0bcaaa6673 ] Request (ListImageFiltersTestJSON:setUpClass): 200 GET http://10.180.1.21/compute/v2.1/images/0d92b8ff-84aa-4e8b-898c-8c9c59160cf2 0.118s
2025-02-21 02:21:10.890 63094 INFO tempest.lib.common.rest_client [req-849e4b53-ce7f-4c7b-9763-73022cf763eb req-849e4b53-ce7f-4c7b-9763-73022cf763eb ] Request (DeleteServersTestJSON:test_delete_server_while_in_attached_volume): 200 GET http://10.180.1.21/compute/v2.1/servers/728dec63-e119-4825-8af5-55497ed20df0 0.102s
2025-02-21 02:21:10.936 63070 INFO tempest.lib.common.rest_client [req-45cdf875-f0d4-4e2d-b48e-e9fcd6fdb662 req-45cdf875-f0d4-4e2d-b48e-e9fcd6fdb662 ] Request (ImagesOneServerTestJSON:tearDownClass): 200 GET http://10.180.1.21/compute/v2.1/servers/9a9c2168-d130-4407-8b67-c9918b195871 0.068s
2025-02-21 02:21:11.128 63110 INFO tempest.lib.common.rest_client [req-f0240cde-b26b-49bb-ad40-5c9ae31b6dbc req-f0240cde-b26b-49bb-ad40-5c9ae31b6dbc ] Request (ServersTestMultiNic:test_verify_duplicate_network_nics): 200 GET http://10.180.1.21/compute/v2.1/servers/7808ea67-3dc2-40be-b425-7839d2b54d36 0.098s
2025-02-21 02:21:11.141 63064 INFO tempest.lib.common.rest_client [req-80ca1e02-b416-411c-86c5-e3b3a527fef6 req-80ca1e02-b416-411c-86c5-e3b3a527fef6 ] Request (ServersTestManualDisk:setUpClass): 200 GET http://10.180.1.21/compute/v2.1/servers/2378e4fb-a8a9-490f-86e4-4ee1bd6e25cd 0.051s
2025-02-21 02:21:11.182 63076 INFO tempest.lib.common.rest_client [req-33ce91e0-5425-4ea6-9b52-a20ba3466a02 req-33ce91e0-5425-4ea6-9b52-a20ba3466a02 ] Request (ListServersNegativeTestJSON:setUpClass): 200 GET http://10.180.1.21/compute/v2.1/servers/5dc37e5a-4054-4657-b716-0491e5126276 0.047s
2025-02-21 02:21:11.223 63078 INFO tempest.lib.common.rest_client [req-9a6b5640-516c-4968-acb0-ce380bfb489d req-9a6b5640-516c-4968-acb0-ce380bfb489d ] Request (ImagesTestJSON:test_create_image_from_suspended_server): 200 GET http://10.180.1.21/compute/v2.1/servers/8303b35e-60a0-421e-893e-ed8e93675879 0.054s
