2025-02-21 02:20:24.473 63082 INFO tempest.lib.common.rest_client [req-413a36a1-7378-44d1-9087-221f18557631 req-413a36a1-7378-44d1-9087-221f18557631 ] Request (FloatingIPsAssociationNegativeTestJSON:setUpClass): 200 GET http://10.180.1.21/compute/v2.1/servers/8842fff5-d67c-4a65-aff9-caa201f5ac62 1.554s
2025-02-21 02:20:24.499 63120 INFO tempest.lib.common.rest_client [req-70aac1d7-90c4-4a66-9a0c-fc5bf680fdef req-70aac1d7-90c4-4a66-9a0c-fc5bf680fdef ] Request (SecurityGroupsNegativeTestJSON:tearDownClass): 200 GET http://10.180.1.21:9696/networking/v2.0/security-groups?tenant_id=eb1d25b80e664445a6eb762915f01d69&name=default 0.033s
2025-02-21 02:20:24.590 63064 INFO tempest.lib.common.rest_client [req-a98ae446-d3de-420a-b908-e3a50934d64a req-a98ae446-d3de-420a-b908-e3a50934d64a ] Request (FloatingIPDetailsTestJSON:setUpClass): 200 POST http://10.180.1.21/compute/v2.1/os-floating-ips 2.544s
2025-02-21 02:20:24.611 63126 INFO tempest.lib.common.rest_client [req-ae82201b-b46b-43c9-964e-412aae4c71af req-ae82201b-b46b-43c9-964e-412aae4c71af ] Request (QuotasAdminTestV257:_run_cleanups): 204 DELETE http://10.180.1.21/identity/v3/projects/0070f886a4f243b4bf183baf64433118 0.145s
2025-02-21 02:20:24.612 63070 INFO tempest.lib.common.rest_client [req-afeb9bc6-5385-4dbe-8abb-15a2aef246da req-afeb9bc6-5385-4dbe-8abb-15a2aef246da ] Request (ImagesOneServerTestJSON:test_create_delete_image): 404 GET http://10.180.1.21/compute/v2.1/images/63aac829-c98d-4925-913a-8062edc9714e 1.547s
2025-02-21 02:20:24.646 63120 INFO tempest.lib.common.rest_client [req-0b1e2d18-4bc8-42f2-a084-d2b2c1ba7952 req-0b1e2d18-4bc8-42f2-a084-d2b2c1ba7952 ] Request (SecurityGroupsNegativeTestJSON:tearDownClass): 204 DELETE http://10.180.1.21:9696/networking/v2.0/security-groups/303f3317-92b6-44e8-b5b7-30a0f4ad6b7d 0.147s
2025-02-21 02:20:24.664 63066 INFO tempest.lib.common.rest_client [req-05a9ed36-f3a4-49dd-ae0a-99e97a5eb505 req-05a9ed36-f3a4-49dd-ae0a-99e97a5eb505 ] Request (ListServerFiltersTestJSON:setUpClass): 200 GET http://10.180.1.21/compute/v2.1/servers/3a115dca-1f2a-45f3-bf8e-dad440c725d6 1.608s
2025-02-21 02:20:24.673 63076 INFO tempest.lib.common.rest_client [req-4634edda-587c-428e-ba48-73936aa08720 req-4634edda-587c-428e-ba48-73936aa08720 ] Request (ListServersNegativeTestJSON:setUpClass): 200 GET http://10.180.1.21/compute/v2.1/servers/18574e64-00c3-4461-bdae-89bec9adb624 1.470s
2025-02-21 02:20:24.726 63118 INFO tempest.lib.common.rest_client [req-69c8b5d5-0ac2-4116-b480-e0e18e65a72e req-69c8b5d5-0ac2-4116-b480-e0e18e65a72e ] Request (DeleteServersAdminTestJSON:test_delete_server_while_in_error_state): 200 GET http://10.180.1.21/compute/v2.1/servers/cee370ce-c987-4ae1-b922-1988654c6193 1.472s
2025-02-21 02:20:24.742 63120 INFO tempest.lib.common.rest_client [req-9a9d4675-7460-40a3-b872-816260dc9ae7 req-9a9d4675-7460-40a3-b872-816260dc9ae7 ] Request (SecurityGroupsNegativeTestJSON:tearDownClass): 204 DELETE http://10.180.1.21/identity/v3/projects/eb1d25b80e664445a6eb762915f01d69 0.096s
2025-02-21 02:20:24.773 63126 INFO tempest.lib.common.rest_client [req-f5ec1e24-02d2-448b-b8fb-473bc82e6b9e req-f5ec1e24-02d2-448b-b8fb-473bc82e6b9e ] Request (QuotasAdminTestV257:tearDownClass): 204 DELETE http://10.180.1.21/identity/v3/users/eddf34f9fb744811b52bac4db9bf3596 0.161s
2025-02-21 02:20:24.799 63068 INFO tempest.lib.common.rest_client [req-8da8dacf-97a0-46ee-887c-7476f9fe8a58 req-8da8dacf-97a0-46ee-887c-7476f9fe8a58 ] Request (SecurityGroupRulesTestJSON:_run_cleanups): 202 DELETE http://10.180.1.21/compute/v2.1/os-security-group-rules/7ed549a0-b683-4fc7-a1fd-bd6a43c285e3 1.564s
2025-02-21 02:20:24.805 63096 INFO tempest.lib.common.rest_client [req-2ebb593c-4d71-4cc2-8d5b-236339867b17 req-2ebb593c-4d71-4cc2-8d5b-236339867b17 ] Request (ServerExternalEventsTest:tearDownClass): 200 GET http://10.180.1.21/compute/v2.1/servers/dbad9694-ce56-4b0f-8289-c375a8aec7cd 1.533s
2025-02-21 02:20:24.831 63120 INFO tempest.lib.common.rest_client [req-6e4c069a-192d-4ef8-a0c5-37fa2e94c347 req-6e4c069a-192d-4ef8-a0c5-37fa2e94c347 ] Request (InstanceActionsV221TestJSON:setUpClass): 201 POST http://10.180.1.21/identity/v3/auth/tokens 0.087s
2025-02-21 02:20:24.859 63092 INFO tempest.lib.common.rest_client [req-cb912d0c-f981-4dfa-96ee-a65463274726 req-cb912d0c-f981-4dfa-96ee-a65463274726 ] Request (ListImageFiltersTestJSON:setUpClass): 200 GET http://10.180.1.21/compute/v2.1/servers/162ea36e-6177-499d-b468-479a71e74fc9 1.536s
2025-02-21 02:20:24.900 63126 INFO tempest.lib.common.rest_client [req-6e0e1376-eacd-49fc-88a5-03a0d8517ede req-6e0e1376-eacd-49fc-88a5-03a0d8517ede ] Request (QuotasAdminTestV257:tearDownClass): 204 DELETE http://10.180.1.21/identity/v3/users/516b3c6206254fbc930cef924b06ff0f 0.127s
2025-02-21 02:20:24.901 63126 INFO tempest.lib.common.dynamic_creds [-] Deleting project and security group for project: e6826ac41b6e4316901d1448d7bbb245
2025-02-21 02:20:24.917 63100 INFO tempest.lib.common.rest_client [req-a550810b-ad3b-43f5-93f0-972db0cb90bf req-a550810b-ad3b-43f5-93f0-972db0cb90bf ] Request (ServersAdminTestJSON:setUpClass): 200 GET http://10.180.1.21/compute/v2.1/servers/95f65e57-04f6-42cd-99fc-13793c0a1f0e 1.398s
2025-02-21 02:20:24.922 63120 INFO tempest.lib.common.rest_client [req-b68e00f5-9818-4e4d-a12e-d96602c70daf req-b68e00f5-9818-4e4d-a12e-d96602c70daf ] Request (InstanceActionsV221TestJSON:setUpClass): 201 POST http://10.180.1.21/identity/v3/auth/tokens 0.087s
2025-02-21 02:20:24.947 63074 INFO tempest.lib.common.rest_client [req-bc1543c9-8518-4099-a905-579374471f27 req-bc1543c9-8518-4099-a905-579374471f27 ] Request (FloatingIPsAssociationTestJSON:test_associate_already_associated_floating_ip): 200 GET http://10.180.1.21/compute/v2.1/servers/bb2adeb8-a2fe-42aa-a722-d5184d71d096 1.505s
2025-02-21 02:20:24.965 63126 INFO tempest.lib.common.rest_client [req-487ff902-f6f2-43d7-97bc-961e5ddff332 req-487ff902-f6f2-43d7-97bc-961e5ddff332 ] Request (QuotasAdminTestV257:tearDownClass): 201 POST http://10.180.1.21/identity/v3/auth/tokens 0.064s
2025-02-21 02:20:24.995 63114 INFO tempest.lib.common.rest_client [req-72ca98ca-3eb8-4b3d-9daa-209bb6e2fe76 req-72ca98ca-3eb8-4b3d-9daa-209bb6e2fe76 ] Request (ServerDiagnosticsTest:tearDownClass): 200 GET http://10.180.1.21/compute/v2.1/servers/55255c36-66a5-4902-ade9-0bb7c0ea1ca0 1.460s
2025-02-21 02:20:25.007 63120 INFO tempest.lib.common.rest_client [req-e2b34966-5caa-4b66-83de-9206e58f45ea req-e2b34966-5caa-4b66-83de-9206e58f45ea ] Request (InstanceActionsV221TestJSON:setUpClass): 200 GET http://10.180.1.21/identity/v3/domains?name=Default 0.084s
2025-02-21 02:20:25.040 63098 INFO tempest.lib.common.rest_client [req-e0dab381-859d-4bfc-94d8-d3d850d0e231 req-e0dab381-859d-4bfc-94d8-d3d850d0e231 ] Request (SecurityGroupRulesNegativeTestJSON:test_create_security_group_rule_with_invalid_from_port): 400 POST http://10.180.1.21/compute/v2.1/os-security-group-rules 1.435s
2025-02-21 02:20:25.045 63120 INFO tempest.lib.common.rest_client [req-18368620-89dd-4b72-996d-6644fd7c1a10 req-18368620-89dd-4b72-996d-6644fd7c1a10 ] Request (InstanceActionsV221TestJSON:setUpClass): 201 POST http://10.180.1.21/identity/v3/projects 0.036s
2025-02-21 02:20:25.066 63094 INFO tempest.lib.common.rest_client [req-01f612e9-f734-40ea-938b-5eec6ce10741 req-01f612e9-f734-40ea-938b-5eec6ce10741 ] Request (DeleteServersTestJSON:test_delete_active_server): 404 GET http://10.180.1.21/compute/v2.1/servers/cdc1cc8e-9cec-4146-9465-8db42436b0c2 1.403s
2025-02-21 02:20:25.111 63120 INFO tempest.lib.common.rest_client [req-efe402c0-b16f-44f4-8e82-3e77338212ba req-efe402c0-b16f-44f4-8e82-3e77338212ba ] Request (InstanceActionsV221TestJSON:setUpClass): 201 POST http://10.180.1.21/identity/v3/users 0.066s
2025-02-21 02:20:25.131 63094 INFO tempest.lib.common.rest_client [req-8718fc6b-922b-4416-8a89-68895fcb56f4 req-8718fc6b-922b-4416-8a89-68895fcb56f4 ] Request (DeleteServersTestJSON:test_delete_server_while_in_attached_volume): 201 POST http://10.180.1.21/identity/v3/auth/tokens 0.060s
2025-02-21 02:20:25.131 63094 INFO tempest.lib.common.fixed_network [-] (DeleteServersTestJSON:test_delete_server_while_in_attached_volume) Found network {'id': 'c2d9d136-c471-408b-8692-0262d24781e0', 'name': 'tempest-DeleteServersTestJSON-17814999-network', 'tenant_id': 'c0e315e3b96b41429dd1aff0a93e5b7f', 'admin_state_up': True, 'mtu': 8950, 'status': 'ACTIVE', 'subnets': [], 'shared': False, 'project_id': 'c0e315e3b96b41429dd1aff0a93e5b7f', 'port_security_enabled': True, 'router:external': False, 'provider:network_type': 'vlan', 'provider:physical_network': 'default', 'provider:segmentation_id': 774, 'availability_zone_hints': [], 'availability_zones': [], 'ipv4_address_scope': None, 'ipv6_address_scope': None, 'description': '', 'tags': [], 'created_at': '2025-02-21T02:19:27Z', 'updated_at': '2025-02-21T02:19:27Z', 'revision_number': 1} available for tenant
2025-02-21 02:20:25.135 63088 INFO tempest.lib.common.rest_client [req-fa018f49-533a-44ef-b2b6-dec7944e9c82 req-fa018f49-533a-44ef-b2b6-dec7944e9c82 ] Request (VolumesAdminNegativeTest:test_update_attached_volume_with_nonexistent_volume_in_body): 200 GET http://10.180.1.21/compute/v2.1/servers/a2407427-0faa-4725-bc88-0bd543fed37b 1.561s
2025-02-21 02:20:25.136 63120 INFO tempest.lib.common.rest_client [req-5c2e57ae-2562-46a1-8f88-9f94a75f2677 req-5c2e57ae-2562-46a1-8f88-9f94a75f2677 ] Request (InstanceActionsV221TestJSON:setUpClass): 200 GET http://10.180.1.21/identity/v3/roles 0.024s
2025-02-21 02:20:25.182 63120 INFO tempest.lib.common.rest_client [req-046e93bb-fe7a-46d5-bbe0-2e8ac284b027 req-046e93bb-fe7a-46d5-bbe0-2e8ac284b027 ] Request (InstanceActionsV221TestJSON:setUpClass): 204 PUT http://10.180.1.21/identity/v3/projects/c2dbef63a7fc4f408c6f92c4b98fe5a0/users/dae018cf4fc249c3b90b5550e561fb88/roles/27c93ae9fe60443582f42d696b5c6941 0.045s
2025-02-21 02:20:25.182 63120 INFO tempest.lib.common.dynamic_creds [-] Dynamic test user dae018cf4fc249c3b90b5550e561fb88 is created with scope project and roles: ['member']
2025-02-21 02:20:25.182 63120 INFO tempest.lib.common.dynamic_creds [-] Acquired dynamic creds: credentials: Credentials: {'domain_id': 'default', 'domain_name': 'Default', 'username': 'tempest-InstanceActionsV221TestJSON-1947687670-project-member', 'project_domain_id': 'default', 'project_domain_name': 'Default', 'project_id': 'c2dbef63a7fc4f408c6f92c4b98fe5a0', 'project_name': 'tempest-InstanceActionsV221TestJSON-1947687670', 'tenant_id': 'c2dbef63a7fc4f408c6f92c4b98fe5a0', 'tenant_name': 'tempest-InstanceActionsV221TestJSON-1947687670', 'user_domain_id': 'default', 'user_domain_name': 'Default', 'user_id': 'dae018cf4fc249c3b90b5550e561fb88', 'system': None}, Network: None, Subnet: None, Router: None
2025-02-21 02:20:25.202 63126 INFO tempest.lib.common.rest_client [req-46e40724-667f-4072-ab68-7166df171f0a req-46e40724-667f-4072-ab68-7166df171f0a ] Request (QuotasAdminTestV257:tearDownClass): 200 GET http://10.180.1.21:9696/networking/v2.0/security-groups?tenant_id=e6826ac41b6e4316901d1448d7bbb245&name=default 0.237s
2025-02-21 02:20:25.233 63124 INFO tempest.lib.common.rest_client [req-452c7cf9-4654-4429-a2b2-3a1425359f0b req-452c7cf9-4654-4429-a2b2-3a1425359f0b ] Request (AttachVolumeShelveTestJSON:test_attach_volume_shelved_or_offload_server): 200 GET http://10.180.1.21/compute/v2.1/servers/27e3bcbc-7bc6-4a90-a135-d95e03ad99a3 1.280s
2025-02-21 02:20:25.265 63120 INFO tempest.lib.common.rest_client [req-a484fa93-95bf-4b92-8eb8-6a0e0e0721d4 req-a484fa93-95bf-4b92-8eb8-6a0e0e0721d4 ] Request (InstanceActionsV221TestJSON:setUpClass): 201 POST http://10.180.1.21/identity/v3/auth/tokens 0.082s
2025-02-21 02:20:25.311 63078 INFO tempest.lib.common.rest_client [req-e85182b7-f539-4db2-931c-314a51148d55 req-e85182b7-f539-4db2-931c-314a51148d55 ] Request (ImagesTestJSON:test_create_image_from_stopped_server): 200 GET http://10.180.1.21/compute/v2.1/servers/22799428-aa99-4338-9e39-316b684846f7 1.434s
2025-02-21 02:20:25.322 63078 INFO tempest.common.waiters [-] State transition "ACTIVE/powering-off" ==> "SHUTOFF/None" after 3 second wait
2025-02-21 02:20:25.342 63106 INFO tempest.lib.common.rest_client [req-102ba532-3e32-4d13-baa4-246d5c420198 req-102ba532-3e32-4d13-baa4-246d5c420198 ] Request (FlavorsAdminTestJSON:_run_cleanups): 200 GET http://10.180.1.21/compute/v2.1/flavors/detail 1.275s
2025-02-21 02:20:25.396 63126 INFO tempest.lib.common.rest_client [req-26261682-0b65-4033-8d9f-9fb9f3a0ba71 req-26261682-0b65-4033-8d9f-9fb9f3a0ba71 ] Request (QuotasAdminTestV257:tearDownClass): 204 DELETE http://10.180.1.21:9696/networking/v2.0/security-groups/464cc467-0b48-4b5a-bbec-68c1e2b359a7 0.193s
2025-02-21 02:20:25.443 63080 INFO tempest.lib.common.rest_client [req-cd805a1c-0ef9-4ee6-9346-4cff47877b8e req-cd805a1c-0ef9-4ee6-9346-4cff47877b8e ] Request (ServersAdmin275Test:_run_cleanups): 200 GET http://10.180.1.21/compute/v2.1/servers/027c9a03-8996-4ad6-a109-8728f08f58d7 1.242s
2025-02-21 02:20:25.459 63080 INFO tempest.common.waiters [-] State transition "REBUILD/rebuild_spawning" ==> "ACTIVE/None" after 11 second wait
2025-02-21 02:20:25.469 63116 INFO tempest.lib.common.rest_client [req-b1b7e2a6-1a1e-4a5d-9682-072c5ad2d7f7 req-b1b7e2a6-1a1e-4a5d-9682-072c5ad2d7f7 ] Request (ServersTestBootFromVolume:setUpClass): 200 GET http://10.180.1.21/volume/v3/volumes/36e220fb-c497-41af-8bf1-3a13f37ef20f 0.035s
2025-02-21 02:20:25.504 63126 INFO tempest.lib.common.rest_client [req-85952402-af61-4913-8a13-addd7d8c200a req-85952402-af61-4913-8a13-addd7d8c200a ] Request (QuotasAdminTestV257:tearDownClass): 204 DELETE http://10.180.1.21/identity/v3/projects/e6826ac41b6e4316901d1448d7bbb245 0.107s
2025-02-21 02:20:25.504 63126 INFO tempest.lib.common.dynamic_creds [-] Deleting project and security group for project: fb61fa00b87f4867b829edcc98337733
2025-02-21 02:20:25.521 63090 INFO tempest.lib.common.rest_client [req-4d9f487e-ce69-4560-a87a-ada2e587a498 req-4d9f487e-ce69-4560-a87a-ada2e587a498 ] Request (ImagesMetadataTestJSON:test_set_image_metadata_item): 200 PUT http://10.180.1.21/compute/v2.1/images/478fdc56-e4e2-4ad3-84ce-88a3b6d6ffcb/metadata/os_version 1.475s
2025-02-21 02:20:25.549 63084 INFO tempest.lib.common.rest_client [req-22548d81-513f-4a32-9a00-d17ab0e6fbdf req-22548d81-513f-4a32-9a00-d17ab0e6fbdf ] Request (HypervisorAdminV253TestBase:test_list_show_detail_hypervisors): 200 GET http://10.180.1.21/compute/v2.1/os-hypervisors/74ca466f-48af-453b-acbe-44806e22bf31 1.238s
2025-02-21 02:20:25.564 63072 INFO tempest.lib.common.rest_client [req-36c7b3bd-15e4-4dba-905f-e6d21e63d438 req-36c7b3bd-15e4-4dba-905f-e6d21e63d438 ] Request (ServersTestJSON:setUpClass): 200 GET http://10.180.1.21/compute/v2.1/servers/b096da88-3e8b-43e5-ad56-1cb5e3fafd88/os-interface 1.312s
2025-02-21 02:20:25.656 63126 INFO tempest.lib.common.rest_client [req-aee6afec-42ed-42a2-b21c-65a597ebc86b req-aee6afec-42ed-42a2-b21c-65a597ebc86b ] Request (QuotasAdminTestV257:tearDownClass): 200 GET http://10.180.1.21:9696/networking/v2.0/security-groups?tenant_id=fb61fa00b87f4867b829edcc98337733&name=default 0.152s
2025-02-21 02:20:25.688 63084 INFO tempest.lib.common.rest_client [req-b172553b-7d15-4fff-a47a-7dadd7b21c21 req-b172553b-7d15-4fff-a47a-7dadd7b21c21 ] Request (HypervisorAdminV253TestBase:tearDownClass): 204 DELETE http://10.180.1.21/identity/v3/users/f12518b6b246469e9742c59156ef6f66 0.128s
2025-02-21 02:20:25.773 63122 INFO tempest.lib.common.rest_client [req-5dc74643-e6ac-44ab-9583-3c2ad86fb9b2 req-5dc74643-e6ac-44ab-9583-3c2ad86fb9b2 ] Request (VolumesAssistedSnapshotsTest:test_volume_assisted_snapshot_create_delete): 200 GET http://10.180.1.21/compute/v2.1/servers/b1fbf948-562d-4cd0-9c9a-8e83c8967592 1.454s
2025-02-21 02:20:25.781 63122 INFO tempest.common.waiters [-] State transition "BUILD/networking" ==> "BUILD/spawning" after 30 second wait
2025-02-21 02:20:25.813 63084 INFO tempest.lib.common.rest_client [req-9ee91559-b725-426f-b2fe-4ec6ea2e3814 req-9ee91559-b725-426f-b2fe-4ec6ea2e3814 ] Request (HypervisorAdminV253TestBase:tearDownClass): 204 DELETE http://10.180.1.21/identity/v3/users/62e58c9bf2e9465897aa29fbbeb6f243 0.124s
2025-02-21 02:20:25.813 63084 INFO tempest.lib.common.dynamic_creds [-] Deleting project and security group for project: 1782b8da3e2d4ac9b1ebaf459205cd98
2025-02-21 02:20:25.833 63126 INFO tempest.lib.common.rest_client [req-c763e05f-a783-4186-8974-4e8ee1ccda0c req-c763e05f-a783-4186-8974-4e8ee1ccda0c ] Request (QuotasAdminTestV257:tearDownClass): 204 DELETE http://10.180.1.21:9696/networking/v2.0/security-groups/0cf62d6e-113d-4bb4-8c29-5b497ad35e1e 0.176s
2025-02-21 02:20:25.856 63086 INFO tempest.lib.common.rest_client [req-d0e4c897-cb18-4d8b-aa56-e3b0e2087e65 req-d0e4c897-cb18-4d8b-aa56-e3b0e2087e65 ] Request (ServersAdminNegativeTestJSON:test_migrate_server_invalid_state): 200 GET http://10.180.1.21/compute/v2.1/servers/16cf0731-b768-4ef0-b131-9dcc456e4913 1.393s
2025-02-21 02:20:25.914 63084 INFO tempest.lib.common.rest_client [req-3870ea2b-ce4f-4cc7-a10a-3685460adba0 req-3870ea2b-ce4f-4cc7-a10a-3685460adba0 ] Request (HypervisorAdminV253TestBase:tearDownClass): 201 POST http://10.180.1.21/identity/v3/auth/tokens 0.100s
2025-02-21 02:20:25.949 63126 INFO tempest.lib.common.rest_client [req-a1b9404d-ee83-4ce0-a4a6-2dce03aa7067 req-a1b9404d-ee83-4ce0-a4a6-2dce03aa7067 ] Request (QuotasAdminTestV257:tearDownClass): 204 DELETE http://10.180.1.21/identity/v3/projects/fb61fa00b87f4867b829edcc98337733 0.116s
2025-02-21 02:20:25.972 63110 INFO tempest.lib.common.rest_client [req-664620ff-6614-46bd-a71f-db3e99259824 req-664620ff-6614-46bd-a71f-db3e99259824 ] Request (ServersTestMultiNic:test_verify_duplicate_network_nics): 200 GET http://10.180.1.21/compute/v2.1/servers/7808ea67-3dc2-40be-b425-7839d2b54d36 1.364s
2025-02-21 02:20:26.010 63126 INFO tempest.lib.common.rest_client [req-523023b8-f622-4186-85e2-50f826e9a785 req-523023b8-f622-4186-85e2-50f826e9a785 ] Request (QuotasAdminNegativeTest:setUpClass): 201 POST http://10.180.1.21/identity/v3/auth/tokens 0.058s
2025-02-21 02:20:26.041 63126 INFO tempest.lib.common.rest_client [req-c5c2fa26-4db8-474d-8ca5-e9e77c4d0f10 req-c5c2fa26-4db8-474d-8ca5-e9e77c4d0f10 ] Request (QuotasAdminNegativeTest:setUpClass): 201 POST http://10.180.1.21/identity/v3/auth/tokens 0.028s
2025-02-21 02:20:26.065 63126 INFO tempest.lib.common.rest_client [req-a869bb4a-957e-4838-91d7-7a8ea054257b req-a869bb4a-957e-4838-91d7-7a8ea054257b ] Request (QuotasAdminNegativeTest:setUpClass): 200 GET http://10.180.1.21/identity/v3/domains?name=Default 0.023s
2025-02-21 02:20:26.078 63120 INFO tempest.lib.common.rest_client [req-f44658f3-020f-4002-aa08-00691f38612e req-f44658f3-020f-4002-aa08-00691f38612e ] Request (InstanceActionsV221TestJSON:setUpClass): 201 POST http://10.180.1.21:9696/networking/v2.0/networks 0.812s
2025-02-21 02:20:26.102 63126 INFO tempest.lib.common.rest_client [req-3d193651-28c9-4ecc-88d0-0ca439b2032f req-3d193651-28c9-4ecc-88d0-0ca439b2032f ] Request (QuotasAdminNegativeTest:setUpClass): 201 POST http://10.180.1.21/identity/v3/projects 0.035s
2025-02-21 02:20:26.170 63126 INFO tempest.lib.common.rest_client [req-66d1f9a7-ce40-417f-9b5c-ca1f2672a60b req-66d1f9a7-ce40-417f-9b5c-ca1f2672a60b ] Request (QuotasAdminNegativeTest:setUpClass): 201 POST http://10.180.1.21/identity/v3/users 0.067s
2025-02-21 02:20:26.201 63126 INFO tempest.lib.common.rest_client [req-ac5c2f89-4afa-46ed-af44-75b407395d19 req-ac5c2f89-4afa-46ed-af44-75b407395d19 ] Request (QuotasAdminNegativeTest:setUpClass): 200 GET http://10.180.1.21/identity/v3/roles 0.029s
2025-02-21 02:20:26.243 63126 INFO tempest.lib.common.rest_client [req-716619ae-fa87-4d49-830b-dffa46cb6141 req-716619ae-fa87-4d49-830b-dffa46cb6141 ] Request (QuotasAdminNegativeTest:setUpClass): 204 PUT http://10.180.1.21/identity/v3/projects/886b47280e264c55ac9b217c1a741c1a/users/7ec46faa397448d497c259adec015ef4/roles/27c93ae9fe60443582f42d696b5c6941 0.041s
2025-02-21 02:20:26.243 63126 INFO tempest.lib.common.dynamic_creds [-] Dynamic test user 7ec46faa397448d497c259adec015ef4 is created with scope project and roles: ['member']
2025-02-21 02:20:26.244 63126 INFO tempest.lib.common.dynamic_creds [-] Acquired dynamic creds: credentials: Credentials: {'domain_id': 'default', 'domain_name': 'Default', 'username': 'tempest-QuotasAdminNegativeTest-244087951-project-member', 'project_domain_id': 'default', 'project_domain_name': 'Default', 'project_id': '886b47280e264c55ac9b217c1a741c1a', 'project_name': 'tempest-QuotasAdminNegativeTest-244087951', 'tenant_id': '886b47280e264c55ac9b217c1a741c1a', 'tenant_name': 'tempest-QuotasAdminNegativeTest-244087951', 'user_domain_id': 'default', 'user_domain_name': 'Default', 'user_id': '7ec46faa397448d497c259adec015ef4', 'system': None}, Network: None, Subnet: None, Router: None
2025-02-21 02:20:26.244 63126 INFO tempest.lib.common.dynamic_creds [-] Created isolated network resources for: credentials: Credentials: {'domain_id': 'default', 'domain_name': 'Default', 'username': 'tempest-QuotasAdminNegativeTest-244087951-project-member', 'project_domain_id': 'default', 'project_domain_name': 'Default', 'project_id': '886b47280e264c55ac9b217c1a741c1a', 'project_name': 'tempest-QuotasAdminNegativeTest-244087951', 'tenant_id': '886b47280e264c55ac9b217c1a741c1a', 'tenant_name': 'tempest-QuotasAdminNegativeTest-244087951', 'user_domain_id': 'default', 'user_domain_name': 'Default', 'user_id': '7ec46faa397448d497c259adec015ef4', 'system': None}, Network: None, Subnet: None, Router: None
2025-02-21 02:20:26.288 63084 INFO tempest.lib.common.rest_client [req-2132e93d-8d9e-4f93-afb3-31deb11e15d8 req-2132e93d-8d9e-4f93-afb3-31deb11e15d8 ] Request (HypervisorAdminV253TestBase:tearDownClass): 200 GET http://10.180.1.21:9696/networking/v2.0/security-groups?tenant_id=1782b8da3e2d4ac9b1ebaf459205cd98&name=default 0.373s
2025-02-21 02:20:26.340 63126 INFO tempest.lib.common.rest_client [req-5f47df78-e3c5-4e28-9bd0-1094dbfd77e6 req-5f47df78-e3c5-4e28-9bd0-1094dbfd77e6 ] Request (QuotasAdminNegativeTest:setUpClass): 201 POST http://10.180.1.21/identity/v3/auth/tokens 0.092s
2025-02-21 02:20:26.401 63126 INFO tempest.lib.common.rest_client [req-b5c202e5-cd5f-4895-b385-48d5fe13bb5a req-b5c202e5-cd5f-4895-b385-48d5fe13bb5a ] Request (QuotasAdminNegativeTest:setUpClass): 201 POST http://10.180.1.21/identity/v3/projects 0.061s
2025-02-21 02:20:26.460 63070 INFO tempest.lib.common.rest_client [req-18bb62a4-8e03-459d-a293-da8509bdd3ac req-18bb62a4-8e03-459d-a293-da8509bdd3ac ] Request (ImagesOneServerTestJSON:test_create_image_specify_multibyte_character_image_name): 202 POST http://10.180.1.21/compute/v2.1/servers/9a9c2168-d130-4407-8b67-c9918b195871/action 1.838s
2025-02-21 02:20:26.465 63126 INFO tempest.lib.common.rest_client [req-5a6dcd1f-959b-4ce5-a356-adda0272662a req-5a6dcd1f-959b-4ce5-a356-adda0272662a ] Request (QuotasAdminNegativeTest:setUpClass): 201 POST http://10.180.1.21/identity/v3/users 0.063s
2025-02-21 02:20:26.488 63084 INFO tempest.lib.common.rest_client [req-1a795aba-5a1c-4739-95ca-f83a9c8c22a1 req-1a795aba-5a1c-4739-95ca-f83a9c8c22a1 ] Request (HypervisorAdminV253TestBase:tearDownClass): 204 DELETE http://10.180.1.21:9696/networking/v2.0/security-groups/5e3f3b1b-bec0-4444-b249-cce0bc3270bc 0.200s
2025-02-21 02:20:26.493 63126 INFO tempest.lib.common.rest_client [req-bd33ee8c-3bcf-4769-8603-fbd8dbe16943 req-bd33ee8c-3bcf-4769-8603-fbd8dbe16943 ] Request (QuotasAdminNegativeTest:setUpClass): 200 GET http://10.180.1.21/identity/v3/roles 0.027s
2025-02-21 02:20:26.509 63120 INFO tempest.lib.common.rest_client [req-46e6861d-0b01-4611-aa50-63120aace14e req-46e6861d-0b01-4611-aa50-63120aace14e ] Request (InstanceActionsV221TestJSON:setUpClass): 201 POST http://10.180.1.21:9696/networking/v2.0/subnets 0.430s
2025-02-21 02:20:26.518 63116 INFO tempest.lib.common.rest_client [req-e2a64f55-180f-4825-bcfd-044fcb4951be req-e2a64f55-180f-4825-bcfd-044fcb4951be ] Request (ServersTestBootFromVolume:setUpClass): 200 GET http://10.180.1.21/volume/v3/volumes/36e220fb-c497-41af-8bf1-3a13f37ef20f 0.039s
2025-02-21 02:20:26.537 63126 INFO tempest.lib.common.rest_client [req-8d700167-67bf-49c8-9d02-948088f95338 req-8d700167-67bf-49c8-9d02-948088f95338 ] Request (QuotasAdminNegativeTest:setUpClass): 204 PUT http://10.180.1.21/identity/v3/projects/8167d886e669425093f39a27f7b1cb9b/users/c03e97129d2745cc8dd1daf4b24179af/roles/f392a47beec44e22ab302188a8e4dc08 0.044s
2025-02-21 02:20:26.560 63084 INFO tempest.lib.common.rest_client [req-20423677-f8d1-42a1-bcb3-414a58920685 req-20423677-f8d1-42a1-bcb3-414a58920685 ] Request (HypervisorAdminV253TestBase:tearDownClass): 204 DELETE http://10.180.1.21/identity/v3/projects/1782b8da3e2d4ac9b1ebaf459205cd98 0.071s
2025-02-21 02:20:26.560 63084 INFO tempest.lib.common.dynamic_creds [-] Deleting project and security group for project: 9f41311e4f93405d96b9d16e870c212f
2025-02-21 02:20:26.651 63126 INFO tempest.lib.common.rest_client [req-6d93b115-c00d-4274-9fda-7be47165789e req-6d93b115-c00d-4274-9fda-7be47165789e ] Request (QuotasAdminNegativeTest:setUpClass): 200 GET http://10.180.1.21/identity/v3/roles 0.113s
2025-02-21 02:20:26.669 63126 INFO tempest.lib.common.rest_client [req-4e524728-f67c-4783-8178-4e65d80d353d req-4e524728-f67c-4783-8178-4e65d80d353d ] Request (QuotasAdminNegativeTest:setUpClass): 204 PUT http://10.180.1.21/identity/v3/projects/8167d886e669425093f39a27f7b1cb9b/users/c03e97129d2745cc8dd1daf4b24179af/roles/f392a47beec44e22ab302188a8e4dc08 0.017s
2025-02-21 02:20:26.669 63126 INFO tempest.lib.common.dynamic_creds [-] Dynamic test user c03e97129d2745cc8dd1daf4b24179af is created with scope project and roles: ['admin']
2025-02-21 02:20:26.669 63126 INFO tempest.lib.common.dynamic_creds [-] Acquired dynamic creds: credentials: Credentials: {'domain_id': 'default', 'domain_name': 'Default', 'username': 'tempest-QuotasAdminNegativeTest-600802751-project-admin', 'project_domain_id': 'default', 'project_domain_name': 'Default', 'project_id': '8167d886e669425093f39a27f7b1cb9b', 'project_name': 'tempest-QuotasAdminNegativeTest-600802751', 'tenant_id': '8167d886e669425093f39a27f7b1cb9b', 'tenant_name': 'tempest-QuotasAdminNegativeTest-600802751', 'user_domain_id': 'default', 'user_domain_name': 'Default', 'user_id': 'c03e97129d2745cc8dd1daf4b24179af', 'system': None}, Network: None, Subnet: None, Router: None
2025-02-21 02:20:26.669 63126 INFO tempest.lib.common.dynamic_creds [-] Created isolated network resources for: credentials: Credentials: {'domain_id': 'default', 'domain_name': 'Default', 'username': 'tempest-QuotasAdminNegativeTest-600802751-project-admin', 'project_domain_id': 'default', 'project_domain_name': 'Default', 'project_id': '8167d886e669425093f39a27f7b1cb9b', 'project_name': 'tempest-QuotasAdminNegativeTest-600802751', 'tenant_id': '8167d886e669425093f39a27f7b1cb9b', 'tenant_name': 'tempest-QuotasAdminNegativeTest-600802751', 'user_domain_id': 'default', 'user_domain_name': 'Default', 'user_id': 'c03e97129d2745cc8dd1daf4b24179af', 'system': None}, Network: None, Subnet: None, Router: None
2025-02-21 02:20:26.739 63126 INFO tempest.lib.common.rest_client [req-49866995-29d1-42d6-aabd-be1918753e7c req-49866995-29d1-42d6-aabd-be1918753e7c ] Request (QuotasAdminNegativeTest:setUpClass): 201 POST http://10.180.1.21/identity/v3/auth/tokens 0.063s
2025-02-21 02:20:26.811 63108 INFO tempest.lib.common.rest_client [req-c574b5be-3c32-49df-8343-d3dcccfc196c req-c574b5be-3c32-49df-8343-d3dcccfc196c ] Request (ServersWithSpecificFlavorTestJSON:test_verify_created_server_ephemeral_disk): 200 GET http://10.180.1.21/compute/v2.1/servers/aa19eaa0-199a-4c26-8e3c-04b323280ba7 2.053s
2025-02-21 02:20:26.862 63064 INFO tempest.lib.common.rest_client [req-34e1e1d0-2f79-4ad1-9d62-e49994046127 req-34e1e1d0-2f79-4ad1-9d62-e49994046127 ] Request (FloatingIPDetailsTestJSON:test_get_floating_ip_details): 200 POST http://10.180.1.21/compute/v2.1/os-floating-ips 2.269s
2025-02-21 02:20:26.885 63084 INFO tempest.lib.common.rest_client [req-032bf869-9854-4928-bb18-81d20d817e80 req-032bf869-9854-4928-bb18-81d20d817e80 ] Request (HypervisorAdminV253TestBase:tearDownClass): 200 GET http://10.180.1.21:9696/networking/v2.0/security-groups?tenant_id=9f41311e4f93405d96b9d16e870c212f&name=default 0.324s
2025-02-21 02:20:27.053 63104 INFO tempest.lib.common.rest_client [req-81ed95b3-cb58-4767-8aff-a61bd9138ec8 req-81ed95b3-cb58-4767-8aff-a61bd9138ec8 ] Request (MigrationsAdminTest:test_list_migrations_in_flavor_resize_situation): 200 GET http://10.180.1.21/compute/v2.1/servers/a448b745-a791-4efe-aa38-e224492729f7 2.262s
2025-02-21 02:20:27.063 63098 INFO tempest.lib.common.rest_client [req-a8598ffa-f0e9-40d4-b48c-54f5f376b9d0 req-a8598ffa-f0e9-40d4-b48c-54f5f376b9d0 ] Request (SecurityGroupRulesNegativeTestJSON:test_create_security_group_rule_with_invalid_id): 400 POST http://10.180.1.21/compute/v2.1/os-security-group-rules 2.021s
2025-02-21 02:20:27.093 63084 INFO tempest.lib.common.rest_client [req-91597dfc-6511-4ad4-a90b-02bcce161323 req-91597dfc-6511-4ad4-a90b-02bcce161323 ] Request (HypervisorAdminV253TestBase:tearDownClass): 204 DELETE http://10.180.1.21:9696/networking/v2.0/security-groups/86c7ae54-a8d2-4574-b78b-057cdbadd16d 0.207s
2025-02-21 02:20:27.126 63068 INFO tempest.lib.common.rest_client [req-c4a8f7d9-cb8b-478a-8f4f-1c777034378a req-c4a8f7d9-cb8b-478a-8f4f-1c777034378a ] Request (SecurityGroupRulesTestJSON:tearDownClass): 202 DELETE http://10.180.1.21/compute/v2.1/os-security-groups/982dd333-5ecc-4961-9844-2aac6c196663 2.325s
2025-02-21 02:20:27.166 63072 INFO tempest.lib.common.rest_client [req-0d58a59f-b3d5-4e9d-9d1e-85efe45e7d2a req-0d58a59f-b3d5-4e9d-9d1e-85efe45e7d2a ] Request (ServersTestJSON:setUpClass): 200 PUT http://10.180.1.21:9696/networking/v2.0/floatingips/e93efd06-b543-4140-ab09-305214f86e3d 1.598s
2025-02-21 02:20:27.241 63084 INFO tempest.lib.common.rest_client [req-7459f58f-0ebc-4c20-ae36-e5fcc3a50631 req-7459f58f-0ebc-4c20-ae36-e5fcc3a50631 ] Request (HypervisorAdminV253TestBase:tearDownClass): 204 DELETE http://10.180.1.21/identity/v3/projects/9f41311e4f93405d96b9d16e870c212f 0.148s
2025-02-21 02:20:27.338 63084 INFO tempest.lib.common.rest_client [req-8c580e8e-b73c-4df0-b603-4d626c6e4611 req-8c580e8e-b73c-4df0-b603-4d626c6e4611 ] Request (ServerDiagnosticsV248Test:setUpClass): 201 POST http://10.180.1.21/identity/v3/auth/tokens 0.096s
2025-02-21 02:20:27.374 63084 INFO tempest.lib.common.rest_client [req-31e6650f-cc54-4717-8166-30a14dba4cf2 req-31e6650f-cc54-4717-8166-30a14dba4cf2 ] Request (ServerDiagnosticsV248Test:setUpClass): 201 POST http://10.180.1.21/identity/v3/auth/tokens 0.033s
2025-02-21 02:20:27.398 63084 INFO tempest.lib.common.rest_client [req-1eeec5ba-0954-4292-8fcf-088e76d2534f req-1eeec5ba-0954-4292-8fcf-088e76d2534f ] Request (ServerDiagnosticsV248Test:setUpClass): 200 GET http://10.180.1.21/identity/v3/domains?name=Default 0.024s
2025-02-21 02:20:27.432 63084 INFO tempest.lib.common.rest_client [req-22271296-a442-4cf5-b762-04579578d379 req-22271296-a442-4cf5-b762-04579578d379 ] Request (ServerDiagnosticsV248Test:setUpClass): 201 POST http://10.180.1.21/identity/v3/projects 0.033s
2025-02-21 02:20:27.498 63084 INFO tempest.lib.common.rest_client [req-a4b46550-fbe4-4d0a-99c8-498c44349538 req-a4b46550-fbe4-4d0a-99c8-498c44349538 ] Request (ServerDiagnosticsV248Test:setUpClass): 201 POST http://10.180.1.21/identity/v3/users 0.066s
2025-02-21 02:20:27.503 63094 INFO tempest.lib.common.rest_client [req-61b0edf4-5c22-463e-9d27-b809a7cd870e req-61b0edf4-5c22-463e-9d27-b809a7cd870e ] Request (DeleteServersTestJSON:test_delete_server_while_in_attached_volume): 202 POST http://10.180.1.21/compute/v2.1/servers 2.371s
2025-02-21 02:20:27.533 63084 INFO tempest.lib.common.rest_client [req-30c68d8b-dded-4bce-a795-d5ef7be00aa5 req-30c68d8b-dded-4bce-a795-d5ef7be00aa5 ] Request (ServerDiagnosticsV248Test:setUpClass): 200 GET http://10.180.1.21/identity/v3/roles 0.034s
2025-02-21 02:20:27.534 63106 INFO tempest.lib.common.rest_client [req-8f0cd745-718f-41e7-ba12-1081a46c359f req-8f0cd745-718f-41e7-ba12-1081a46c359f ] Request (FlavorsAdminTestJSON:test_list_non_public_flavor): 200 POST http://10.180.1.21/compute/v2.1/flavors 2.181s
2025-02-21 02:20:27.571 63084 INFO tempest.lib.common.rest_client [req-371b6fed-f83b-4b8b-adf6-4e72a9eeb273 req-371b6fed-f83b-4b8b-adf6-4e72a9eeb273 ] Request (ServerDiagnosticsV248Test:setUpClass): 204 PUT http://10.180.1.21/identity/v3/projects/648d4245d588479188174d4385b81f4c/users/c09c8fc3b539432db1507253638ed186/roles/27c93ae9fe60443582f42d696b5c6941 0.037s
2025-02-21 02:20:27.571 63084 INFO tempest.lib.common.dynamic_creds [-] Dynamic test user c09c8fc3b539432db1507253638ed186 is created with scope project and roles: ['member']
2025-02-21 02:20:27.571 63084 INFO tempest.lib.common.dynamic_creds [-] Acquired dynamic creds: credentials: Credentials: {'domain_id': 'default', 'domain_name': 'Default', 'username': 'tempest-ServerDiagnosticsV248Test-1073644822-project-member', 'project_domain_id': 'default', 'project_domain_name': 'Default', 'project_id': '648d4245d588479188174d4385b81f4c', 'project_name': 'tempest-ServerDiagnosticsV248Test-1073644822', 'tenant_id': '648d4245d588479188174d4385b81f4c', 'tenant_name': 'tempest-ServerDiagnosticsV248Test-1073644822', 'user_domain_id': 'default', 'user_domain_name': 'Default', 'user_id': 'c09c8fc3b539432db1507253638ed186', 'system': None}, Network: None, Subnet: None, Router: None
2025-02-21 02:20:27.571 63084 INFO tempest.lib.common.dynamic_creds [-] Created isolated network resources for: credentials: Credentials: {'domain_id': 'default', 'domain_name': 'Default', 'username': 'tempest-ServerDiagnosticsV248Test-1073644822-project-member', 'project_domain_id': 'default', 'project_domain_name': 'Default', 'project_id': '648d4245d588479188174d4385b81f4c', 'project_name': 'tempest-ServerDiagnosticsV248Test-1073644822', 'tenant_id': '648d4245d588479188174d4385b81f4c', 'tenant_name': 'tempest-ServerDiagnosticsV248Test-1073644822', 'user_domain_id': 'default', 'user_domain_name': 'Default', 'user_id': 'c09c8fc3b539432db1507253638ed186', 'system': None}, Network: None, Subnet: None, Router: None
2025-02-21 02:20:27.573 63116 INFO tempest.lib.common.rest_client [req-1899bad2-fe02-44d6-8a54-d526e7d41461 req-1899bad2-fe02-44d6-8a54-d526e7d41461 ] Request (ServersTestBootFromVolume:setUpClass): 200 GET http://10.180.1.21/volume/v3/volumes/36e220fb-c497-41af-8bf1-3a13f37ef20f 0.048s
2025-02-21 02:20:27.632 63080 INFO tempest.lib.common.rest_client [req-1af3072b-d6e5-4d51-9f92-0a92505f6889 req-1af3072b-d6e5-4d51-9f92-0a92505f6889 ] Request (ServersAdmin275Test:tearDownClass): 204 DELETE http://10.180.1.21/compute/v2.1/servers/027c9a03-8996-4ad6-a109-8728f08f58d7 2.171s
2025-02-21 02:20:27.672 63084 INFO tempest.lib.common.rest_client [req-14f6a5bd-1b42-4ad3-b2bd-7dac373175d5 req-14f6a5bd-1b42-4ad3-b2bd-7dac373175d5 ] Request (ServerDiagnosticsV248Test:setUpClass): 201 POST http://10.180.1.21/identity/v3/auth/tokens 0.096s
2025-02-21 02:20:27.706 63082 INFO tempest.lib.common.rest_client [req-7e344165-8910-4835-9564-72b2960963e6 req-7e344165-8910-4835-9564-72b2960963e6 ] Request (FloatingIPsAssociationNegativeTestJSON:setUpClass): 200 GET http://10.180.1.21/compute/v2.1/servers/8842fff5-d67c-4a65-aff9-caa201f5ac62 2.223s
2025-02-21 02:20:27.711 63078 INFO tempest.lib.common.rest_client [req-bc60668f-c550-4769-baa9-ab0175abfaad req-bc60668f-c550-4769-baa9-ab0175abfaad ] Request (ImagesTestJSON:test_create_image_from_stopped_server): 202 POST http://10.180.1.21/compute/v2.1/servers/22799428-aa99-4338-9e39-316b684846f7/action 2.388s
2025-02-21 02:20:27.744 63090 INFO tempest.lib.common.rest_client [req-c5f4cbc1-f44f-45ac-8004-c61a99ad57d8 req-c5f4cbc1-f44f-45ac-8004-c61a99ad57d8 ] Request (ImagesMetadataTestJSON:test_set_image_metadata_item): 200 GET http://10.180.1.21/compute/v2.1/images/478fdc56-e4e2-4ad3-84ce-88a3b6d6ffcb/metadata 2.222s
2025-02-21 02:20:27.745 63084 INFO tempest.lib.common.rest_client [req-c0047a7b-dd7e-4381-a647-e6b5d722ff08 req-c0047a7b-dd7e-4381-a647-e6b5d722ff08 ] Request (ServerDiagnosticsV248Test:setUpClass): 201 POST http://10.180.1.21/identity/v3/projects 0.073s
2025-02-21 02:20:27.796 63076 INFO tempest.lib.common.rest_client [req-c884c069-266b-413a-91f4-0a1ab963de1d req-c884c069-266b-413a-91f4-0a1ab963de1d ] Request (ListServersNegativeTestJSON:setUpClass): 200 GET http://10.180.1.21/compute/v2.1/servers/18574e64-00c3-4461-bdae-89bec9adb624 2.112s
2025-02-21 02:20:27.807 63084 INFO tempest.lib.common.rest_client [req-0a565701-2470-4f81-bc15-9e0cd1f3cb3e req-0a565701-2470-4f81-bc15-9e0cd1f3cb3e ] Request (ServerDiagnosticsV248Test:setUpClass): 201 POST http://10.180.1.21/identity/v3/users 0.061s
2025-02-21 02:20:27.831 63084 INFO tempest.lib.common.rest_client [req-da81ee66-7bf0-4e48-913f-b1f51a0d09b5 req-da81ee66-7bf0-4e48-913f-b1f51a0d09b5 ] Request (ServerDiagnosticsV248Test:setUpClass): 200 GET http://10.180.1.21/identity/v3/roles 0.024s
2025-02-21 02:20:27.852 63118 INFO tempest.lib.common.rest_client [req-3cf549af-e1cb-4968-bfca-d58c5a2a6fac req-3cf549af-e1cb-4968-bfca-d58c5a2a6fac ] Request (DeleteServersAdminTestJSON:test_delete_server_while_in_error_state): 200 GET http://10.180.1.21/compute/v2.1/servers/cee370ce-c987-4ae1-b922-1988654c6193 2.115s
2025-02-21 02:20:27.862 63084 INFO tempest.lib.common.rest_client [req-4b487ecd-a7eb-4780-b8c8-24171a80b821 req-4b487ecd-a7eb-4780-b8c8-24171a80b821 ] Request (ServerDiagnosticsV248Test:setUpClass): 204 PUT http://10.180.1.21/identity/v3/projects/b0e94a2e00cd458ab5d0fe543341a165/users/2539994ac63443f88502eeff03407325/roles/f392a47beec44e22ab302188a8e4dc08 0.030s
2025-02-21 02:20:27.866 63118 INFO tempest.common.waiters [-] State transition "BUILD/scheduling" ==> "BUILD/None" after 17 second wait
2025-02-21 02:20:27.875 63096 INFO tempest.lib.common.rest_client [req-d7a7babe-6a97-4138-b076-2f139508ba1c req-d7a7babe-6a97-4138-b076-2f139508ba1c ] Request (ServerExternalEventsTest:tearDownClass): 404 GET http://10.180.1.21/compute/v2.1/servers/dbad9694-ce56-4b0f-8289-c375a8aec7cd 2.061s
2025-02-21 02:20:27.918 63066 INFO tempest.lib.common.rest_client [req-772599cb-b5a1-4469-b3de-6b42ba9b01a4 req-772599cb-b5a1-4469-b3de-6b42ba9b01a4 ] Request (ListServerFiltersTestJSON:setUpClass): 200 GET http://10.180.1.21/compute/v2.1/servers/3a115dca-1f2a-45f3-bf8e-dad440c725d6 2.238s
2025-02-21 02:20:27.926 63066 INFO tempest.common.waiters [-] State transition "BUILD/spawning" ==> "ACTIVE/None" after 39 second wait
2025-02-21 02:20:27.928 63084 INFO tempest.lib.common.rest_client [req-38239365-0579-4b5c-b098-502fb7d6b716 req-38239365-0579-4b5c-b098-502fb7d6b716 ] Request (ServerDiagnosticsV248Test:setUpClass): 200 GET http://10.180.1.21/identity/v3/roles 0.065s
2025-02-21 02:20:27.943 63092 INFO tempest.lib.common.rest_client [req-4256894d-9499-4272-ae82-b4621bfb8e62 req-4256894d-9499-4272-ae82-b4621bfb8e62 ] Request (ListImageFiltersTestJSON:setUpClass): 200 GET http://10.180.1.21/compute/v2.1/servers/162ea36e-6177-499d-b468-479a71e74fc9 2.071s
2025-02-21 02:20:27.954 63084 INFO tempest.lib.common.rest_client [req-9b39f415-0008-4922-afcb-10109af5bc20 req-9b39f415-0008-4922-afcb-10109af5bc20 ] Request (ServerDiagnosticsV248Test:setUpClass): 204 PUT http://10.180.1.21/identity/v3/projects/b0e94a2e00cd458ab5d0fe543341a165/users/2539994ac63443f88502eeff03407325/roles/f392a47beec44e22ab302188a8e4dc08 0.025s
2025-02-21 02:20:27.954 63084 INFO tempest.lib.common.dynamic_creds [-] Dynamic test user 2539994ac63443f88502eeff03407325 is created with scope project and roles: ['admin']
2025-02-21 02:20:27.954 63084 INFO tempest.lib.common.dynamic_creds [-] Acquired dynamic creds: credentials: Credentials: {'domain_id': 'default', 'domain_name': 'Default', 'username': 'tempest-ServerDiagnosticsV248Test-387511999-project-admin', 'project_domain_id': 'default', 'project_domain_name': 'Default', 'project_id': 'b0e94a2e00cd458ab5d0fe543341a165', 'project_name': 'tempest-ServerDiagnosticsV248Test-387511999', 'tenant_id': 'b0e94a2e00cd458ab5d0fe543341a165', 'tenant_name': 'tempest-ServerDiagnosticsV248Test-387511999', 'user_domain_id': 'default', 'user_domain_name': 'Default', 'user_id': '2539994ac63443f88502eeff03407325', 'system': None}, Network: None, Subnet: None, Router: None
2025-02-21 02:20:27.955 63084 INFO tempest.lib.common.dynamic_creds [-] Created isolated network resources for: credentials: Credentials: {'domain_id': 'default', 'domain_name': 'Default', 'username': 'tempest-ServerDiagnosticsV248Test-387511999-project-admin', 'project_domain_id': 'default', 'project_domain_name': 'Default', 'project_id': 'b0e94a2e00cd458ab5d0fe543341a165', 'project_name': 'tempest-ServerDiagnosticsV248Test-387511999', 'tenant_id': 'b0e94a2e00cd458ab5d0fe543341a165', 'tenant_name': 'tempest-ServerDiagnosticsV248Test-387511999', 'user_domain_id': 'default', 'user_domain_name': 'Default', 'user_id': '2539994ac63443f88502eeff03407325', 'system': None}, Network: None, Subnet: None, Router: None
2025-02-21 02:20:27.975 63120 INFO tempest.lib.common.rest_client [req-c5e2d204-18d4-4505-8af2-ae5c13ed1574 req-c5e2d204-18d4-4505-8af2-ae5c13ed1574 ] Request (InstanceActionsV221TestJSON:setUpClass): 201 POST http://10.180.1.21:9696/networking/v2.0/routers 1.465s
2025-02-21 02:20:27.978 63100 INFO tempest.lib.common.rest_client [req-b1fca9dc-9cef-4d4a-9f4c-6dac6ef9fe2d req-b1fca9dc-9cef-4d4a-9f4c-6dac6ef9fe2d ] Request (ServersAdminTestJSON:setUpClass): 200 GET http://10.180.1.21/compute/v2.1/servers/95f65e57-04f6-42cd-99fc-13793c0a1f0e 2.050s
2025-02-21 02:20:28.018 63096 INFO tempest.lib.common.rest_client [req-dda37a46-939a-48f1-80d4-5e891a65774f req-dda37a46-939a-48f1-80d4-5e891a65774f ] Request (ServerExternalEventsTest:tearDownClass): 204 DELETE http://10.180.1.21/identity/v3/users/b9ec0493e86044788d22d7b41f20a990 0.142s
2025-02-21 02:20:28.071 63114 INFO tempest.lib.common.rest_client [req-b8825bba-4343-41f1-9e4e-8680792c04cb req-b8825bba-4343-41f1-9e4e-8680792c04cb ] Request (ServerDiagnosticsTest:tearDownClass): 200 GET http://10.180.1.21/compute/v2.1/servers/55255c36-66a5-4902-ade9-0bb7c0ea1ca0 2.067s
2025-02-21 02:20:28.078 63084 INFO tempest.lib.common.rest_client [req-18c1dc51-4da4-4071-a42c-ae7c5fdca8e7 req-18c1dc51-4da4-4071-a42c-ae7c5fdca8e7 ] Request (ServerDiagnosticsV248Test:setUpClass): 201 POST http://10.180.1.21/identity/v3/auth/tokens 0.121s
2025-02-21 02:20:28.090 63074 INFO tempest.lib.common.rest_client [req-cc70ef87-8680-4287-be07-305d551bb162 req-cc70ef87-8680-4287-be07-305d551bb162 ] Request (FloatingIPsAssociationTestJSON:test_associate_already_associated_floating_ip): 200 GET http://10.180.1.21/compute/v2.1/servers/bb2adeb8-a2fe-42aa-a722-d5184d71d096 2.135s
2025-02-21 02:20:28.149 63124 INFO tempest.lib.common.rest_client [req-1c4da1c2-af91-4e75-9afc-723f39484e5e req-1c4da1c2-af91-4e75-9afc-723f39484e5e ] Request (AttachVolumeShelveTestJSON:test_attach_volume_shelved_or_offload_server): 200 GET http://10.180.1.21/compute/v2.1/servers/27e3bcbc-7bc6-4a90-a135-d95e03ad99a3 1.899s
2025-02-21 02:20:28.165 63084 INFO tempest.lib.common.rest_client [req-7f6d8d70-ec12-4bcb-a6a2-e2fef1609abd req-7f6d8d70-ec12-4bcb-a6a2-e2fef1609abd ] Request (ServerDiagnosticsV248Test:test_get_server_diagnostics): 201 POST http://10.180.1.21/identity/v3/auth/tokens 0.083s
2025-02-21 02:20:28.166 63084 INFO tempest.lib.common.fixed_network [-] (ServerDiagnosticsV248Test:test_get_server_diagnostics) Found network None available for tenant
2025-02-21 02:20:28.183 63096 INFO tempest.lib.common.rest_client [req-5c185a03-0ee1-4d36-b81e-264c44a22d34 req-5c185a03-0ee1-4d36-b81e-264c44a22d34 ] Request (ServerExternalEventsTest:tearDownClass): 204 DELETE http://10.180.1.21/identity/v3/users/91cb1743e9bd4a74bcbe040179184389 0.165s
2025-02-21 02:20:28.201 63070 INFO tempest.lib.common.rest_client [req-c8b6ae1d-c72f-4aeb-bac1-12dfb2959ad3 req-c8b6ae1d-c72f-4aeb-bac1-12dfb2959ad3 ] Request (ImagesOneServerTestJSON:test_create_image_specify_multibyte_character_image_name): 200 GET http://10.180.1.21/compute/v2.1/images/0e032a94-1e0d-49a3-a39e-6e53b758359e 1.739s
2025-02-21 02:20:28.233 63088 INFO tempest.lib.common.rest_client [req-d1e34261-8089-42e5-8621-22d5192a60ff req-d1e34261-8089-42e5-8621-22d5192a60ff ] Request (VolumesAdminNegativeTest:test_update_attached_volume_with_nonexistent_volume_in_body): 200 GET http://10.180.1.21/compute/v2.1/servers/a2407427-0faa-4725-bc88-0bd543fed37b 2.087s
2025-02-21 02:20:28.247 63088 INFO tempest.common.waiters [-] State transition "BUILD/spawning" ==> "ACTIVE/None" after 40 second wait
2025-02-21 02:20:28.348 63096 INFO tempest.lib.common.rest_client [req-b4bb13e2-a662-4907-8d9a-e9155f5e8804 req-b4bb13e2-a662-4907-8d9a-e9155f5e8804 ] Request (ServerExternalEventsTest:tearDownClass): 204 DELETE http://10.180.1.21/identity/v3/users/f947d1846cbb4fb784cd78eeed06ef2e 0.164s
2025-02-21 02:20:28.348 63096 INFO tempest.lib.common.dynamic_creds [-] Deleting project and security group for project: 27b48caec4c94fd794a340ff627afdd8
2025-02-21 02:20:28.381 63122 INFO tempest.lib.common.rest_client [req-27f5160f-2ba1-4b7f-9a94-06bca38c168b req-27f5160f-2ba1-4b7f-9a94-06bca38c168b ] Request (VolumesAssistedSnapshotsTest:test_volume_assisted_snapshot_create_delete): 200 GET http://10.180.1.21/compute/v2.1/servers/b1fbf948-562d-4cd0-9c9a-8e83c8967592 1.600s
2025-02-21 02:20:28.413 63096 INFO tempest.lib.common.rest_client [req-01c04e2c-7ea7-4e54-b4cb-c77b4ed1897e req-01c04e2c-7ea7-4e54-b4cb-c77b4ed1897e ] Request (ServerExternalEventsTest:tearDownClass): 201 POST http://10.180.1.21/identity/v3/auth/tokens 0.064s
2025-02-21 02:20:28.478 63064 INFO tempest.lib.common.rest_client [req-f8346658-768c-4594-be59-363bad75d88c req-f8346658-768c-4594-be59-363bad75d88c ] Request (FloatingIPDetailsTestJSON:test_get_floating_ip_details): 200 GET http://10.180.1.21/compute/v2.1/os-floating-ips/0c47c2a0-0a0a-41e9-abb4-db4748294644 1.610s
2025-02-21 02:20:28.498 63096 INFO tempest.lib.common.rest_client [req-ca281fef-6342-485b-8be8-5d88731fe75a req-ca281fef-6342-485b-8be8-5d88731fe75a ] Request (ServerExternalEventsTest:tearDownClass): 200 GET http://10.180.1.21:9696/networking/v2.0/security-groups?tenant_id=27b48caec4c94fd794a340ff627afdd8&name=default 0.083s
2025-02-21 02:20:28.509 63126 INFO tempest.lib.common.rest_client [req-340ab8d3-6349-43a3-8f33-e9357318d06f req-340ab8d3-6349-43a3-8f33-e9357318d06f ] Request (QuotasAdminNegativeTest:test_create_server_when_cpu_quota_is_full): 200 GET http://10.180.1.21/compute/v2.1/os-quota-sets/886b47280e264c55ac9b217c1a741c1a 1.768s
2025-02-21 02:20:28.584 63110 INFO tempest.lib.common.rest_client [req-a9ec65f4-086c-4f18-84a3-1f15d8bab180 req-a9ec65f4-086c-4f18-84a3-1f15d8bab180 ] Request (ServersTestMultiNic:test_verify_duplicate_network_nics): 200 GET http://10.180.1.21/compute/v2.1/servers/7808ea67-3dc2-40be-b425-7839d2b54d36 1.602s
2025-02-21 02:20:28.619 63116 INFO tempest.lib.common.rest_client [req-28586454-ea8f-4a6c-baee-d26f5ff32d0b req-28586454-ea8f-4a6c-baee-d26f5ff32d0b ] Request (ServersTestBootFromVolume:setUpClass): 200 GET http://10.180.1.21/volume/v3/volumes/36e220fb-c497-41af-8bf1-3a13f37ef20f 0.034s
2025-02-21 02:20:28.620 63096 INFO tempest.lib.common.rest_client [req-ed12a341-1e17-47db-970e-3ef7a0e769d2 req-ed12a341-1e17-47db-970e-3ef7a0e769d2 ] Request (ServerExternalEventsTest:tearDownClass): 204 DELETE http://10.180.1.21:9696/networking/v2.0/security-groups/82be4a49-2a36-45d8-9d05-9380f621a407 0.121s
2025-02-21 02:20:28.648 63086 INFO tempest.lib.common.rest_client [req-54140a1a-ae76-4664-8f41-62622ea23727 req-54140a1a-ae76-4664-8f41-62622ea23727 ] Request (ServersAdminNegativeTestJSON:test_migrate_server_invalid_state): 200 GET http://10.180.1.21/compute/v2.1/servers/16cf0731-b768-4ef0-b131-9dcc456e4913 1.777s
2025-02-21 02:20:28.662 63086 INFO tempest.common.waiters [-] State transition "BUILD/spawning" ==> "ACTIVE/None" after 38 second wait
2025-02-21 02:20:28.684 63068 INFO tempest.lib.common.rest_client [req-fe410511-c7aa-4b5e-a7d6-a94131b02766 req-fe410511-c7aa-4b5e-a7d6-a94131b02766 ] Request (SecurityGroupRulesTestJSON:tearDownClass): 404 DELETE http://10.180.1.21/compute/v2.1/os-security-groups/c17a8806-d343-4f60-8144-3c3d295ef8c6 1.556s
2025-02-21 02:20:28.696 63098 INFO tempest.lib.common.rest_client [req-af3c6b23-0713-4244-a5f9-774ef4b8d231 req-af3c6b23-0713-4244-a5f9-774ef4b8d231 ] Request (SecurityGroupRulesNegativeTestJSON:test_create_security_group_rule_with_invalid_ip_protocol): 200 POST http://10.180.1.21/compute/v2.1/os-security-groups 1.631s
2025-02-21 02:20:28.705 63096 INFO tempest.lib.common.rest_client [req-1c31204d-de89-4f53-8b97-9a2a911d3f2b req-1c31204d-de89-4f53-8b97-9a2a911d3f2b ] Request (ServerExternalEventsTest:tearDownClass): 204 DELETE http://10.180.1.21/identity/v3/projects/27b48caec4c94fd794a340ff627afdd8 0.084s
2025-02-21 02:20:28.706 63096 INFO tempest.lib.common.dynamic_creds [-] Deleting project and security group for project: dfa74b4c5c364e66b343b744b7381a9c
2025-02-21 02:20:28.766 63094 INFO tempest.lib.common.rest_client [req-cfd4fc22-e237-49b0-b02c-29c4a421a06d req-cfd4fc22-e237-49b0-b02c-29c4a421a06d ] Request (DeleteServersTestJSON:test_delete_server_while_in_attached_volume): 200 GET http://10.180.1.21/compute/v2.1/servers/728dec63-e119-4825-8af5-55497ed20df0 1.261s
2025-02-21 02:20:28.790 63106 INFO tempest.lib.common.rest_client [req-c606f0e5-b2eb-41f2-b6af-ed44a49cf7d1 req-c606f0e5-b2eb-41f2-b6af-ed44a49cf7d1 ] Request (FlavorsAdminTestJSON:test_list_non_public_flavor): 200 GET http://10.180.1.21/compute/v2.1/flavors/detail 1.250s
2025-02-21 02:20:28.872 63080 INFO tempest.lib.common.rest_client [req-d0faf3f2-7b15-4ad8-bafb-81ff40bd53ee req-d0faf3f2-7b15-4ad8-bafb-81ff40bd53ee ] Request (ServersAdmin275Test:tearDownClass): 200 GET http://10.180.1.21/compute/v2.1/servers/027c9a03-8996-4ad6-a109-8728f08f58d7 1.239s
