2025-02-21 02:21:11.281 63116 INFO tempest.lib.common.rest_client [req-f09fff2a-795a-4322-84bc-2024d0122e45 req-f09fff2a-795a-4322-84bc-2024d0122e45 ] Request (ServersTestBootFromVolume:setUpClass): 200 GET http://10.180.1.21/compute/v2.1/servers/ac662667-1f68-4521-abc1-f5af98fd3e29 0.054s
2025-02-21 02:21:11.383 63086 INFO tempest.lib.common.rest_client [req-a4de6630-d617-4594-b2e4-2f66f9fba47f req-a4de6630-d617-4594-b2e4-2f66f9fba47f ] Request (ServersAdminNegativeTestJSON:tearDownClass): 200 GET http://10.180.1.21/compute/v2.1/servers/16cf0731-b768-4ef0-b131-9dcc456e4913 0.056s
2025-02-21 02:21:11.433 63090 INFO tempest.lib.common.rest_client [req-8db79f78-fa17-4ce4-9c86-218bf9452820 req-8db79f78-fa17-4ce4-9c86-218bf9452820 ] Request (ServerGroupTestJSON:test_create_server_with_scheduler_hint_group): 200 GET http://10.180.1.21/compute/v2.1/servers/717fed14-da66-44b8-a85e-ecee499dfeaf 0.046s
2025-02-21 02:21:11.481 63082 INFO tempest.lib.common.rest_client [req-7a12b33d-8585-477d-a344-36cb3d242f5b req-7a12b33d-8585-477d-a344-36cb3d242f5b ] Request (FloatingIPsAssociationNegativeTestJSON:setUpClass): 200 GET http://10.180.1.21/compute/v2.1/servers/8842fff5-d67c-4a65-aff9-caa201f5ac62 0.112s
2025-02-21 02:21:11.561 63100 INFO tempest.lib.common.rest_client [req-8ee8d5c4-4407-4ad2-8f30-dff81a1b7b92 req-8ee8d5c4-4407-4ad2-8f30-dff81a1b7b92 ] Request (ServersAdminTestJSON:setUpClass): 200 GET http://10.180.1.21/compute/v2.1/servers/95f65e57-04f6-42cd-99fc-13793c0a1f0e 0.110s
2025-02-21 02:21:11.568 63100 INFO tempest.common.waiters [-] State transition "BUILD/networking" ==> "BUILD/spawning" after 47 second wait
2025-02-21 02:21:11.600 63104 INFO tempest.lib.common.rest_client [req-9380345d-2802-4a24-8efa-78e7bd923578 req-9380345d-2802-4a24-8efa-78e7bd923578 ] Request (MigrationsAdminTest:test_list_migrations_in_flavor_resize_situation): 200 GET http://10.180.1.21/compute/v2.1/servers/a448b745-a791-4efe-aa38-e224492729f7 0.090s
2025-02-21 02:21:11.616 63120 INFO tempest.lib.common.rest_client [req-22dbb563-a5ab-461b-b764-41123128e3e1 req-22dbb563-a5ab-461b-b764-41123128e3e1 ] Request (InstanceActionsV221TestJSON:test_get_list_deleted_instance_actions): 200 GET http://10.180.1.21/compute/v2.1/servers/222810b1-343f-4ee0-bcc5-307f7a13fa8f 0.100s
2025-02-21 02:21:11.656 63106 INFO tempest.lib.common.rest_client [req-143aa9b1-11db-4ad8-b10c-da32dfd6834b req-143aa9b1-11db-4ad8-b10c-da32dfd6834b ] Request (TenantUsagesTestJSON:setUpClass): 200 GET http://10.180.1.21/compute/v2.1/servers/ba14c5ee-afa3-4ed6-9e94-1619cb75ef34 0.088s
2025-02-21 02:21:11.670 63068 INFO tempest.lib.common.rest_client [req-41598e04-d832-487c-9408-be8a1ad459aa req-41598e04-d832-487c-9408-be8a1ad459aa ] Request (ServerRescueNegativeTestJSON:setUpClass): 200 GET http://10.180.1.21/compute/v2.1/servers/e871c207-f227-4f3c-82a3-b314d26670b0 0.077s
2025-02-21 02:21:11.718 63098 INFO tempest.lib.common.rest_client [req-bde40a2d-61cd-435e-8821-6b30b7b8df73 req-bde40a2d-61cd-435e-8821-6b30b7b8df73 ] Request (ServerAddressesTestJSON:setUpClass): 200 GET http://10.180.1.21/compute/v2.1/servers/fbbdd3e4-48ef-4b4c-935f-03aac33efa5e 0.089s
2025-02-21 02:21:11.749 63096 INFO tempest.lib.common.rest_client [req-2a3e8a74-351c-4090-9ea9-51cdfbbcd84b req-2a3e8a74-351c-4090-9ea9-51cdfbbcd84b ] Request (ServersTestFqdnHostnames:test_create_server_with_fqdn_name): 200 GET http://10.180.1.21/compute/v2.1/servers/1aaf1e38-8dcb-4518-bff4-b0bd50acd5c3 0.084s
2025-02-21 02:21:11.786 63118 INFO tempest.lib.common.rest_client [req-446e4092-079c-4554-8641-a88281833fd4 req-446e4092-079c-4554-8641-a88281833fd4 ] Request (DeleteServersAdminTestJSON:test_delete_server_while_in_error_state): 200 GET http://10.180.1.21/compute/v2.1/servers/cee370ce-c987-4ae1-b922-1988654c6193 0.078s
2025-02-21 02:21:11.806 63074 INFO tempest.lib.common.rest_client [req-471e743d-77bc-46ed-b99e-23215eb9c7d8 req-471e743d-77bc-46ed-b99e-23215eb9c7d8 ] Request (FloatingIPsAssociationTestJSON:tearDownClass): 200 GET http://10.180.1.21/compute/v2.1/servers/bb2adeb8-a2fe-42aa-a722-d5184d71d096 0.076s
2025-02-21 02:21:11.834 63114 INFO tempest.lib.common.rest_client [req-8a602723-f604-42ba-8391-4360e7293ce3 req-8a602723-f604-42ba-8391-4360e7293ce3 ] Request (ServerDiagnosticsNegativeTest:test_get_server_diagnostics_by_non_admin): 200 GET http://10.180.1.21/compute/v2.1/servers/7ad8b488-ed59-40c8-9a33-f8d59448ee0d 0.066s
2025-02-21 02:21:11.882 63084 INFO tempest.lib.common.rest_client [req-47260935-594e-49ff-a6e5-b0961eae1e7f req-47260935-594e-49ff-a6e5-b0961eae1e7f ] Request (ServerDiagnosticsV248Test:test_get_server_diagnostics): 200 GET http://10.180.1.21/compute/v2.1/servers/407149f0-7c9a-4306-9640-f79eed59b7b6 0.054s
2025-02-21 02:21:11.892 63066 INFO tempest.lib.common.rest_client [req-772ac312-1b0c-426f-ace2-b2f687e8587a req-772ac312-1b0c-426f-ace2-b2f687e8587a ] Request (ListServerFiltersTestJSON:tearDownClass): 200 GET http://10.180.1.21/compute/v2.1/servers/3a115dca-1f2a-45f3-bf8e-dad440c725d6 0.053s
2025-02-21 02:21:11.910 63092 INFO tempest.lib.common.rest_client [req-b0849cb1-ca9d-4a45-ab22-724429864c01 req-b0849cb1-ca9d-4a45-ab22-724429864c01 ] Request (ListImageFiltersTestJSON:setUpClass): 200 GET http://10.180.1.21/compute/v2.1/images/0d92b8ff-84aa-4e8b-898c-8c9c59160cf2 0.029s
2025-02-21 02:21:11.924 63108 WARNING tempest.lib.common.ssh [-] Failed to establish authenticated ssh connection to cirros@10.180.180.215 ([Errno None] Unable to connect to port 22 on 10.180.180.215). Number attempts: 5. Retry after 6 seconds.: paramiko.ssh_exception.NoValidConnectionsError: [Errno None] Unable to connect to port 22 on 10.180.180.215
2025-02-21 02:21:11.947 63094 INFO tempest.lib.common.rest_client [req-32c3d820-1089-4507-b176-8aad91724c52 req-32c3d820-1089-4507-b176-8aad91724c52 ] Request (DeleteServersTestJSON:test_delete_server_while_in_attached_volume): 200 GET http://10.180.1.21/compute/v2.1/servers/728dec63-e119-4825-8af5-55497ed20df0 0.048s
2025-02-21 02:21:11.998 63070 INFO tempest.lib.common.rest_client [req-1f5d5edd-796a-449a-b6f0-d93341679456 req-1f5d5edd-796a-449a-b6f0-d93341679456 ] Request (ImagesOneServerTestJSON:tearDownClass): 200 GET http://10.180.1.21/compute/v2.1/servers/9a9c2168-d130-4407-8b67-c9918b195871 0.053s
2025-02-21 02:21:12.244 63064 INFO tempest.lib.common.rest_client [req-b8855b80-770b-4c93-b12d-dd1fef36f175 req-b8855b80-770b-4c93-b12d-dd1fef36f175 ] Request (ServersTestManualDisk:setUpClass): 200 GET http://10.180.1.21/compute/v2.1/servers/2378e4fb-a8a9-490f-86e4-4ee1bd6e25cd 0.096s
2025-02-21 02:21:12.273 63110 INFO tempest.lib.common.rest_client [req-520b2b64-66fd-4393-b36c-cb84d455415c req-520b2b64-66fd-4393-b36c-cb84d455415c ] Request (ServersTestMultiNic:test_verify_duplicate_network_nics): 200 GET http://10.180.1.21/compute/v2.1/servers/7808ea67-3dc2-40be-b425-7839d2b54d36 0.137s
2025-02-21 02:21:12.324 63078 INFO tempest.lib.common.rest_client [req-4fe0bc0b-f2c6-4356-b581-a7e262b63a35 req-4fe0bc0b-f2c6-4356-b581-a7e262b63a35 ] Request (ImagesTestJSON:test_create_image_from_suspended_server): 200 GET http://10.180.1.21/compute/v2.1/servers/8303b35e-60a0-421e-893e-ed8e93675879 0.093s
2025-02-21 02:21:12.349 63076 INFO tempest.lib.common.rest_client [req-966e0c5c-b357-45b6-8879-32df5c2771f5 req-966e0c5c-b357-45b6-8879-32df5c2771f5 ] Request (ListServersNegativeTestJSON:setUpClass): 200 GET http://10.180.1.21/compute/v2.1/servers/5dc37e5a-4054-4657-b716-0491e5126276 0.160s
2025-02-21 02:21:12.365 63076 INFO tempest.common.waiters [-] State transition "ACTIVE/deleting" ==> "DELETED/None" after 5 second wait
2025-02-21 02:21:12.377 63116 INFO tempest.lib.common.rest_client [req-48d8ef50-68a5-4169-8d97-7e0f5a36c2bf req-48d8ef50-68a5-4169-8d97-7e0f5a36c2bf ] Request (ServersTestBootFromVolume:setUpClass): 200 GET http://10.180.1.21/compute/v2.1/servers/ac662667-1f68-4521-abc1-f5af98fd3e29 0.088s
2025-02-21 02:21:12.483 63086 INFO tempest.lib.common.rest_client [req-f135fb8b-e224-4056-8045-a850c00bda69 req-f135fb8b-e224-4056-8045-a850c00bda69 ] Request (ServersAdminNegativeTestJSON:tearDownClass): 200 GET http://10.180.1.21/compute/v2.1/servers/16cf0731-b768-4ef0-b131-9dcc456e4913 0.093s
2025-02-21 02:21:12.508 63090 INFO tempest.lib.common.rest_client [req-ac92426d-4d0e-4b31-a18d-1a992245f44e req-ac92426d-4d0e-4b31-a18d-1a992245f44e ] Request (ServerGroupTestJSON:test_create_server_with_scheduler_hint_group): 200 GET http://10.180.1.21/compute/v2.1/servers/717fed14-da66-44b8-a85e-ecee499dfeaf 0.066s
2025-02-21 02:21:12.678 63082 INFO tempest.lib.common.rest_client [req-ab00c33e-6315-4548-9364-b81906232886 req-ab00c33e-6315-4548-9364-b81906232886 ] Request (FloatingIPsAssociationNegativeTestJSON:setUpClass): 200 GET http://10.180.1.21/compute/v2.1/servers/8842fff5-d67c-4a65-aff9-caa201f5ac62 0.188s
2025-02-21 02:21:12.714 63100 INFO tempest.lib.common.rest_client [req-3d0933bf-5737-4398-ae7e-61679ec25114 req-3d0933bf-5737-4398-ae7e-61679ec25114 ] Request (ServersAdminTestJSON:setUpClass): 200 GET http://10.180.1.21/compute/v2.1/servers/95f65e57-04f6-42cd-99fc-13793c0a1f0e 0.143s
2025-02-21 02:21:12.776 63120 INFO tempest.lib.common.rest_client [req-a166b06e-0ab8-4304-87bf-733a67e45577 req-a166b06e-0ab8-4304-87bf-733a67e45577 ] Request (InstanceActionsV221TestJSON:test_get_list_deleted_instance_actions): 200 GET http://10.180.1.21/compute/v2.1/servers/222810b1-343f-4ee0-bcc5-307f7a13fa8f 0.147s
2025-02-21 02:21:12.817 63104 INFO tempest.lib.common.rest_client [req-c79e829f-6340-4963-a376-a5095d6db41f req-c79e829f-6340-4963-a376-a5095d6db41f ] Request (MigrationsAdminTest:test_list_migrations_in_flavor_resize_situation): 200 GET http://10.180.1.21/compute/v2.1/servers/a448b745-a791-4efe-aa38-e224492729f7 0.209s
2025-02-21 02:21:12.832 63104 INFO tempest.common.waiters [-] State transition "VERIFY_RESIZE/None" ==> "ACTIVE/None" after 24 second wait
2025-02-21 02:21:12.849 63106 INFO tempest.lib.common.rest_client [req-fd8dd6f2-4d6b-4ddf-9436-07fba68a48c6 req-fd8dd6f2-4d6b-4ddf-9436-07fba68a48c6 ] Request (TenantUsagesTestJSON:setUpClass): 200 GET http://10.180.1.21/compute/v2.1/servers/ba14c5ee-afa3-4ed6-9e94-1619cb75ef34 0.185s
2025-02-21 02:21:12.889 63068 INFO tempest.lib.common.rest_client [req-1a1ff241-622c-4396-bc52-c987eab44992 req-1a1ff241-622c-4396-bc52-c987eab44992 ] Request (ServerRescueNegativeTestJSON:setUpClass): 200 GET http://10.180.1.21/compute/v2.1/servers/e871c207-f227-4f3c-82a3-b314d26670b0 0.206s
2025-02-21 02:21:12.927 63098 INFO tempest.lib.common.rest_client [req-3ce217d0-1dcf-4ac9-9838-f11e9761c29c req-3ce217d0-1dcf-4ac9-9838-f11e9761c29c ] Request (ServerAddressesTestJSON:setUpClass): 200 GET http://10.180.1.21/compute/v2.1/servers/fbbdd3e4-48ef-4b4c-935f-03aac33efa5e 0.194s
2025-02-21 02:21:12.951 63096 INFO tempest.lib.common.rest_client [req-0ca1232e-aeaa-4b09-8360-56fb1ae46f63 req-0ca1232e-aeaa-4b09-8360-56fb1ae46f63 ] Request (ServersTestFqdnHostnames:test_create_server_with_fqdn_name): 200 GET http://10.180.1.21/compute/v2.1/servers/1aaf1e38-8dcb-4518-bff4-b0bd50acd5c3 0.194s
2025-02-21 02:21:13.013 63118 INFO tempest.lib.common.rest_client [req-6e82c4ce-fa72-417d-a496-89df44c87555 req-6e82c4ce-fa72-417d-a496-89df44c87555 ] Request (DeleteServersAdminTestJSON:test_delete_server_while_in_error_state): 200 GET http://10.180.1.21/compute/v2.1/servers/cee370ce-c987-4ae1-b922-1988654c6193 0.217s
2025-02-21 02:21:13.021 63074 INFO tempest.lib.common.rest_client [req-85564ae3-6088-4c85-b2a9-fb96b99f0eab req-85564ae3-6088-4c85-b2a9-fb96b99f0eab ] Request (FloatingIPsAssociationTestJSON:tearDownClass): 200 GET http://10.180.1.21/compute/v2.1/servers/bb2adeb8-a2fe-42aa-a722-d5184d71d096 0.207s
2025-02-21 02:21:13.079 63114 INFO tempest.lib.common.rest_client [req-62c30393-2084-4d36-a81d-8a29b6940b7e req-62c30393-2084-4d36-a81d-8a29b6940b7e ] Request (ServerDiagnosticsNegativeTest:test_get_server_diagnostics_by_non_admin): 200 GET http://10.180.1.21/compute/v2.1/servers/7ad8b488-ed59-40c8-9a33-f8d59448ee0d 0.237s
2025-02-21 02:21:13.138 63084 INFO tempest.lib.common.rest_client [req-4dc4d13d-19fb-45cf-85b3-fe8a4f76e170 req-4dc4d13d-19fb-45cf-85b3-fe8a4f76e170 ] Request (ServerDiagnosticsV248Test:test_get_server_diagnostics): 200 GET http://10.180.1.21/compute/v2.1/servers/407149f0-7c9a-4306-9640-f79eed59b7b6 0.247s
2025-02-21 02:21:13.150 63104 INFO tempest.lib.common.rest_client [req-08c0c10a-219d-4e82-aed0-c4fac37266f2 req-08c0c10a-219d-4e82-aed0-c4fac37266f2 ] Request (MigrationsAdminTest:test_list_migrations_in_flavor_resize_situation): 200 GET http://10.180.1.21/compute/v2.1/servers/a448b745-a791-4efe-aa38-e224492729f7 0.317s
2025-02-21 02:21:13.183 63092 INFO tempest.lib.common.rest_client [req-af3aea4f-6767-47d4-aec4-7f6cb93cc97d req-af3aea4f-6767-47d4-aec4-7f6cb93cc97d ] Request (ListImageFiltersTestJSON:setUpClass): 200 GET http://10.180.1.21/compute/v2.1/images/0d92b8ff-84aa-4e8b-898c-8c9c59160cf2 0.268s
2025-02-21 02:21:13.197 63066 INFO tempest.lib.common.rest_client [req-cccd8ea8-a824-411a-af6b-1ab77b1d98d3 req-cccd8ea8-a824-411a-af6b-1ab77b1d98d3 ] Request (ListServerFiltersTestJSON:tearDownClass): 200 GET http://10.180.1.21/compute/v2.1/servers/3a115dca-1f2a-45f3-bf8e-dad440c725d6 0.297s
2025-02-21 02:21:13.241 63094 INFO tempest.lib.common.rest_client [req-04cde0f8-a1a8-41de-b026-34bd4b118fc3 req-04cde0f8-a1a8-41de-b026-34bd4b118fc3 ] Request (DeleteServersTestJSON:test_delete_server_while_in_attached_volume): 200 GET http://10.180.1.21/compute/v2.1/servers/728dec63-e119-4825-8af5-55497ed20df0 0.280s
2025-02-21 02:21:13.264 63070 INFO tempest.lib.common.rest_client [req-f153b37b-ff89-420e-81ae-c905aa4f9d7f req-f153b37b-ff89-420e-81ae-c905aa4f9d7f ] Request (ImagesOneServerTestJSON:tearDownClass): 200 GET http://10.180.1.21/compute/v2.1/servers/9a9c2168-d130-4407-8b67-c9918b195871 0.257s
2025-02-21 02:21:13.278 63104 INFO tempest.lib.common.rest_client [req-47127b54-f2f6-42e1-9a4c-5859e8e7b46b req-47127b54-f2f6-42e1-9a4c-5859e8e7b46b ] Request (MigrationsAdminTest:test_list_migrations_in_flavor_resize_situation): 200 POST http://10.180.1.21/compute/v2.1/os-keypairs 0.115s
2025-02-21 02:21:13.332 63064 INFO tempest.lib.common.rest_client [req-28a0e577-4293-479b-bf94-f600044a4b74 req-28a0e577-4293-479b-bf94-f600044a4b74 ] Request (ServersTestManualDisk:setUpClass): 200 GET http://10.180.1.21/compute/v2.1/servers/2378e4fb-a8a9-490f-86e4-4ee1bd6e25cd 0.075s
2025-02-21 02:21:13.402 63078 INFO tempest.lib.common.rest_client [req-b74c1a10-d00e-47e8-9125-a46e2f86f316 req-b74c1a10-d00e-47e8-9125-a46e2f86f316 ] Request (ImagesTestJSON:test_create_image_from_suspended_server): 200 GET http://10.180.1.21/compute/v2.1/servers/8303b35e-60a0-421e-893e-ed8e93675879 0.063s
2025-02-21 02:21:13.438 63104 INFO tempest.lib.common.rest_client [req-6d147970-9728-459d-a92b-da8efc31ea08 req-6d147970-9728-459d-a92b-da8efc31ea08 ] Request (MigrationsAdminTest:test_list_migrations_in_flavor_resize_situation): 201 POST http://10.180.1.21:9696/networking/v2.0/security-groups 0.156s
2025-02-21 02:21:13.466 63110 INFO tempest.lib.common.rest_client [req-2e4d7f27-a519-49cc-890f-94bca27a586a req-2e4d7f27-a519-49cc-890f-94bca27a586a ] Request (ServersTestMultiNic:test_verify_duplicate_network_nics): 200 GET http://10.180.1.21/compute/v2.1/servers/7808ea67-3dc2-40be-b425-7839d2b54d36 0.177s
2025-02-21 02:21:13.475 63076 INFO tempest.lib.common.rest_client [req-a73fd580-adeb-4a98-bfd6-fec17f24fce1 req-a73fd580-adeb-4a98-bfd6-fec17f24fce1 ] Request (ListServersNegativeTestJSON:setUpClass): 200 GET http://10.180.1.21/compute/v2.1/servers/5dc37e5a-4054-4657-b716-0491e5126276 0.109s
2025-02-21 02:21:13.534 63104 INFO tempest.lib.common.rest_client [req-55139137-cd8e-47a9-99b6-db7c36d2a182 req-55139137-cd8e-47a9-99b6-db7c36d2a182 ] Request (MigrationsAdminTest:test_list_migrations_in_flavor_resize_situation): 201 POST http://10.180.1.21:9696/networking/v2.0/security-group-rules 0.095s
2025-02-21 02:21:13.560 63086 INFO tempest.lib.common.rest_client [req-bd48cdf8-173d-4df5-a0e5-08615df9e45c req-bd48cdf8-173d-4df5-a0e5-08615df9e45c ] Request (ServersAdminNegativeTestJSON:tearDownClass): 200 GET http://10.180.1.21/compute/v2.1/servers/16cf0731-b768-4ef0-b131-9dcc456e4913 0.069s
2025-02-21 02:21:13.621 63090 INFO tempest.lib.common.rest_client [req-a38faaed-2147-40b3-bbb5-7dd811ada839 req-a38faaed-2147-40b3-bbb5-7dd811ada839 ] Request (ServerGroupTestJSON:test_create_server_with_scheduler_hint_group): 200 GET http://10.180.1.21/compute/v2.1/servers/717fed14-da66-44b8-a85e-ecee499dfeaf 0.103s
2025-02-21 02:21:13.645 63104 INFO tempest.lib.common.rest_client [req-dfffd873-ee57-45c9-8a95-6b484f6ad88f req-dfffd873-ee57-45c9-8a95-6b484f6ad88f ] Request (MigrationsAdminTest:test_list_migrations_in_flavor_resize_situation): 201 POST http://10.180.1.21:9696/networking/v2.0/security-group-rules 0.111s
2025-02-21 02:21:13.756 63116 INFO tempest.lib.common.rest_client [req-57c2f8d9-9e12-4ff0-8afe-4559ea43e9da req-57c2f8d9-9e12-4ff0-8afe-4559ea43e9da ] Request (ServersTestBootFromVolume:setUpClass): 200 GET http://10.180.1.21/compute/v2.1/servers/ac662667-1f68-4521-abc1-f5af98fd3e29 0.368s
2025-02-21 02:21:13.802 63082 INFO tempest.lib.common.rest_client [req-52c73fa9-d03b-48c5-8f22-be5e9a6a2fa2 req-52c73fa9-d03b-48c5-8f22-be5e9a6a2fa2 ] Request (FloatingIPsAssociationNegativeTestJSON:setUpClass): 200 GET http://10.180.1.21/compute/v2.1/servers/8842fff5-d67c-4a65-aff9-caa201f5ac62 0.112s
2025-02-21 02:21:13.885 63120 INFO tempest.lib.common.rest_client [req-d8a4a5f3-7f4e-4c66-9cb0-ad2ea7a35a49 req-d8a4a5f3-7f4e-4c66-9cb0-ad2ea7a35a49 ] Request (InstanceActionsV221TestJSON:test_get_list_deleted_instance_actions): 200 GET http://10.180.1.21/compute/v2.1/servers/222810b1-343f-4ee0-bcc5-307f7a13fa8f 0.099s
2025-02-21 02:21:13.886 63100 INFO tempest.lib.common.rest_client [req-713bbd6d-bb3d-49cc-b0a5-11c17ff345f0 req-713bbd6d-bb3d-49cc-b0a5-11c17ff345f0 ] Request (ServersAdminTestJSON:setUpClass): 200 GET http://10.180.1.21/compute/v2.1/servers/95f65e57-04f6-42cd-99fc-13793c0a1f0e 0.163s
2025-02-21 02:21:13.946 63106 INFO tempest.lib.common.rest_client [req-1e80269c-c3c1-461d-b6ec-87ea6f857156 req-1e80269c-c3c1-461d-b6ec-87ea6f857156 ] Request (TenantUsagesTestJSON:setUpClass): 200 GET http://10.180.1.21/compute/v2.1/servers/ba14c5ee-afa3-4ed6-9e94-1619cb75ef34 0.084s
2025-02-21 02:21:13.958 63068 INFO tempest.lib.common.rest_client [req-b614e923-f525-43d6-8616-32769cc05bf9 req-b614e923-f525-43d6-8616-32769cc05bf9 ] Request (ServerRescueNegativeTestJSON:setUpClass): 200 GET http://10.180.1.21/compute/v2.1/servers/e871c207-f227-4f3c-82a3-b314d26670b0 0.058s
2025-02-21 02:21:14.009 63098 INFO tempest.lib.common.rest_client [req-0bc57bdb-b0a6-49f2-b625-eedfb6e0add9 req-0bc57bdb-b0a6-49f2-b625-eedfb6e0add9 ] Request (ServerAddressesTestJSON:setUpClass): 200 GET http://10.180.1.21/compute/v2.1/servers/fbbdd3e4-48ef-4b4c-935f-03aac33efa5e 0.071s
2025-02-21 02:21:14.025 63096 INFO tempest.lib.common.rest_client [req-4bb12902-e314-4696-9db3-ade682b4575a req-4bb12902-e314-4696-9db3-ade682b4575a ] Request (ServersTestFqdnHostnames:test_create_server_with_fqdn_name): 200 GET http://10.180.1.21/compute/v2.1/servers/1aaf1e38-8dcb-4518-bff4-b0bd50acd5c3 0.065s
2025-02-21 02:21:14.103 63118 INFO tempest.lib.common.rest_client [req-611cc7d0-a8f0-468d-89a4-2bf3cac0c524 req-611cc7d0-a8f0-468d-89a4-2bf3cac0c524 ] Request (DeleteServersAdminTestJSON:test_delete_server_while_in_error_state): 200 GET http://10.180.1.21/compute/v2.1/servers/cee370ce-c987-4ae1-b922-1988654c6193 0.080s
2025-02-21 02:21:14.104 63074 INFO tempest.lib.common.rest_client [req-a0f4e615-bc0d-409f-8a00-1d09fdc03d0f req-a0f4e615-bc0d-409f-8a00-1d09fdc03d0f ] Request (FloatingIPsAssociationTestJSON:tearDownClass): 200 GET http://10.180.1.21/compute/v2.1/servers/bb2adeb8-a2fe-42aa-a722-d5184d71d096 0.070s
2025-02-21 02:21:14.175 63114 INFO tempest.lib.common.rest_client [req-b2acb887-09b0-4e80-81a7-e11c4f7634ef req-b2acb887-09b0-4e80-81a7-e11c4f7634ef ] Request (ServerDiagnosticsNegativeTest:test_get_server_diagnostics_by_non_admin): 200 GET http://10.180.1.21/compute/v2.1/servers/7ad8b488-ed59-40c8-9a33-f8d59448ee0d 0.087s
2025-02-21 02:21:14.216 63084 INFO tempest.lib.common.rest_client [req-e023cddc-bafa-4d84-85b9-a7c106cb995a req-e023cddc-bafa-4d84-85b9-a7c106cb995a ] Request (ServerDiagnosticsV248Test:test_get_server_diagnostics): 200 GET http://10.180.1.21/compute/v2.1/servers/407149f0-7c9a-4306-9640-f79eed59b7b6 0.063s
2025-02-21 02:21:14.237 63092 INFO tempest.lib.common.rest_client [req-41e1e08c-6e1c-44de-aecc-8ba8304077ee req-41e1e08c-6e1c-44de-aecc-8ba8304077ee ] Request (ListImageFiltersTestJSON:setUpClass): 200 GET http://10.180.1.21/compute/v2.1/images/0d92b8ff-84aa-4e8b-898c-8c9c59160cf2 0.050s
2025-02-21 02:21:14.280 63104 INFO tempest.lib.common.rest_client [req-ae2f5ce3-0885-4494-b1e9-254b74ed1bb4 req-ae2f5ce3-0885-4494-b1e9-254b74ed1bb4 ] Request (MigrationsAdminTest:test_list_migrations_in_flavor_resize_situation): 201 POST http://10.180.1.21:9696/networking/v2.0/floatingips 0.634s
2025-02-21 02:21:14.286 63066 INFO tempest.lib.common.rest_client [req-51142025-3e8c-4521-90e7-5e76c0eb0e92 req-51142025-3e8c-4521-90e7-5e76c0eb0e92 ] Request (ListServerFiltersTestJSON:tearDownClass): 200 GET http://10.180.1.21/compute/v2.1/servers/3a115dca-1f2a-45f3-bf8e-dad440c725d6 0.080s
2025-02-21 02:21:14.307 63094 INFO tempest.lib.common.rest_client [req-52aabceb-f04a-44b6-a22c-8c4f6a93d0c5 req-52aabceb-f04a-44b6-a22c-8c4f6a93d0c5 ] Request (DeleteServersTestJSON:test_delete_server_while_in_attached_volume): 200 GET http://10.180.1.21/compute/v2.1/servers/728dec63-e119-4825-8af5-55497ed20df0 0.056s
2025-02-21 02:21:14.318 63104 INFO tempest.lib.common.rest_client [req-727e2a3d-356c-4d36-9de5-88ba5814fd27 req-727e2a3d-356c-4d36-9de5-88ba5814fd27 ] Request (MigrationsAdminTest:test_list_migrations_in_flavor_resize_situation): 200 GET http://10.180.1.21/compute/v2.1/os-migrations 0.037s
2025-02-21 02:21:14.342 63104 INFO tempest.lib.common.rest_client [req-d96093b0-c5da-4c23-8918-a5b9c5071bf3 req-d96093b0-c5da-4c23-8918-a5b9c5071bf3 ] Request (MigrationsAdminTest:test_resize_server_revert_deleted_flavor): 200 GET http://10.180.1.21/compute/v2.1/flavors/42 0.019s
2025-02-21 02:21:14.344 63070 INFO tempest.lib.common.rest_client [req-c3708396-e267-41a1-b183-68a555aaa48a req-c3708396-e267-41a1-b183-68a555aaa48a ] Request (ImagesOneServerTestJSON:tearDownClass): 200 GET http://10.180.1.21/compute/v2.1/servers/9a9c2168-d130-4407-8b67-c9918b195871 0.072s
2025-02-21 02:21:14.365 63104 INFO tempest.lib.common.rest_client [req-27f5520c-4a3b-4631-9062-28f453495363 req-27f5520c-4a3b-4631-9062-28f453495363 ] Request (MigrationsAdminTest:test_resize_server_revert_deleted_flavor): 200 POST http://10.180.1.21/compute/v2.1/flavors 0.020s
2025-02-21 02:21:14.381 63104 INFO tempest.lib.common.rest_client [req-56623c21-2c92-4ff9-81e5-06672b5e519c req-56623c21-2c92-4ff9-81e5-06672b5e519c ] Request (MigrationsAdminTest:test_resize_server_revert_deleted_flavor): 200 GET http://10.180.1.21/compute/v2.1/flavors/42/os-extra_specs 0.014s
2025-02-21 02:21:14.396 63064 INFO tempest.lib.common.rest_client [req-927ab88d-0b3e-4eea-8049-87cf4fdcd6de req-927ab88d-0b3e-4eea-8049-87cf4fdcd6de ] Request (ServersTestManualDisk:setUpClass): 200 GET http://10.180.1.21/compute/v2.1/servers/2378e4fb-a8a9-490f-86e4-4ee1bd6e25cd 0.055s
2025-02-21 02:21:14.407 63104 INFO tempest.lib.common.rest_client [req-adab129f-1ad9-4e22-be8a-ba1214191e97 req-adab129f-1ad9-4e22-be8a-ba1214191e97 ] Request (MigrationsAdminTest:test_resize_server_revert_deleted_flavor): 200 POST http://10.180.1.21/compute/v2.1/flavors/12ea0582-5405-45d4-8880-aded61cf8fff/os-extra_specs 0.024s
2025-02-21 02:21:14.466 63078 INFO tempest.lib.common.rest_client [req-b4eeefec-1879-42a8-8e07-2a846f44976c req-b4eeefec-1879-42a8-8e07-2a846f44976c ] Request (ImagesTestJSON:test_create_image_from_suspended_server): 200 GET http://10.180.1.21/compute/v2.1/servers/8303b35e-60a0-421e-893e-ed8e93675879 0.056s
2025-02-21 02:21:14.478 63104 INFO tempest.lib.common.rest_client [req-858b7e7b-f1d5-475f-a607-e66c6234a6d8 req-858b7e7b-f1d5-475f-a607-e66c6234a6d8 ] Request (MigrationsAdminTest:test_resize_server_revert_deleted_flavor): 201 POST http://10.180.1.21/identity/v3/auth/tokens 0.067s
2025-02-21 02:21:14.479 63104 INFO tempest.lib.common.fixed_network [-] (MigrationsAdminTest:test_resize_server_revert_deleted_flavor) Found network None available for tenant
2025-02-21 02:21:14.548 63102 WARNING tempest.lib.common.ssh [-] Failed to establish authenticated ssh connection to cirros@10.180.180.227 ([Errno None] Unable to connect to port 22 on 10.180.180.227). Number attempts: 9. Retry after 10 seconds.: paramiko.ssh_exception.NoValidConnectionsError: [Errno None] Unable to connect to port 22 on 10.180.180.227
2025-02-21 02:21:14.648 63110 INFO tempest.lib.common.rest_client [req-2d84a3c5-008b-43c6-8e80-279fe391429a req-2d84a3c5-008b-43c6-8e80-279fe391429a ] Request (ServersTestMultiNic:test_verify_duplicate_network_nics): 200 GET http://10.180.1.21/compute/v2.1/servers/7808ea67-3dc2-40be-b425-7839d2b54d36 0.174s
2025-02-21 02:21:14.704 63076 INFO tempest.lib.common.rest_client [req-cb43838e-442d-45db-9c88-e3a899425477 req-cb43838e-442d-45db-9c88-e3a899425477 ] Request (ListServersNegativeTestJSON:setUpClass): 200 GET http://10.180.1.21/compute/v2.1/servers/5dc37e5a-4054-4657-b716-0491e5126276 0.222s
2025-02-21 02:21:14.730 63104 INFO tempest.lib.common.rest_client [req-6b19cc03-6042-470f-9384-6da7d4fe87ba req-6b19cc03-6042-470f-9384-6da7d4fe87ba ] Request (MigrationsAdminTest:test_resize_server_revert_deleted_flavor): 202 POST http://10.180.1.21/compute/v2.1/servers 0.251s
2025-02-21 02:21:14.768 63086 INFO tempest.lib.common.rest_client [req-1c49e5a4-447e-43d2-b747-4a5c4ca297ab req-1c49e5a4-447e-43d2-b747-4a5c4ca297ab ] Request (ServersAdminNegativeTestJSON:tearDownClass): 200 GET http://10.180.1.21/compute/v2.1/servers/16cf0731-b768-4ef0-b131-9dcc456e4913 0.194s
2025-02-21 02:21:14.784 63090 INFO tempest.lib.common.rest_client [req-0ebe3cc3-21d4-41ec-ad91-f2eee3bbf680 req-0ebe3cc3-21d4-41ec-ad91-f2eee3bbf680 ] Request (ServerGroupTestJSON:test_create_server_with_scheduler_hint_group): 200 GET http://10.180.1.21/compute/v2.1/servers/717fed14-da66-44b8-a85e-ecee499dfeaf 0.154s
2025-02-21 02:21:14.812 63104 INFO tempest.lib.common.rest_client [req-257c06c6-2fa1-4792-9ab6-ebac7e56e6b5 req-257c06c6-2fa1-4792-9ab6-ebac7e56e6b5 ] Request (MigrationsAdminTest:test_resize_server_revert_deleted_flavor): 200 GET http://10.180.1.21/compute/v2.1/servers/1dcba50a-360c-4b9f-8ef4-a4a53bbb32ae 0.079s
2025-02-21 02:21:14.835 63116 INFO tempest.lib.common.rest_client [req-1b55ec28-8710-4bf3-8f0a-0477980821e7 req-1b55ec28-8710-4bf3-8f0a-0477980821e7 ] Request (ServersTestBootFromVolume:setUpClass): 200 GET http://10.180.1.21/compute/v2.1/servers/ac662667-1f68-4521-abc1-f5af98fd3e29 0.067s
2025-02-21 02:21:14.868 63124 WARNING tempest.lib.common.ssh [-] Failed to establish authenticated ssh connection to cirros@10.180.180.180 ([Errno None] Unable to connect to port 22 on 10.180.180.180). Number attempts: 4. Retry after 5 seconds.: paramiko.ssh_exception.NoValidConnectionsError: [Errno None] Unable to connect to port 22 on 10.180.180.180
2025-02-21 02:21:14.938 63082 INFO tempest.lib.common.rest_client [req-3bda3a22-6816-4eb8-9cbc-2011218e8278 req-3bda3a22-6816-4eb8-9cbc-2011218e8278 ] Request (FloatingIPsAssociationNegativeTestJSON:setUpClass): 200 GET http://10.180.1.21/compute/v2.1/servers/8842fff5-d67c-4a65-aff9-caa201f5ac62 0.123s
2025-02-21 02:21:14.994 63120 INFO tempest.lib.common.rest_client [req-5ad7e639-b2a6-4e11-b767-5c3c74190476 req-5ad7e639-b2a6-4e11-b767-5c3c74190476 ] Request (InstanceActionsV221TestJSON:test_get_list_deleted_instance_actions): 200 GET http://10.180.1.21/compute/v2.1/servers/222810b1-343f-4ee0-bcc5-307f7a13fa8f 0.098s
2025-02-21 02:21:15.017 63100 INFO tempest.lib.common.rest_client [req-b2b32450-8f8d-4aca-82a1-a2e41922773b req-b2b32450-8f8d-4aca-82a1-a2e41922773b ] Request (ServersAdminTestJSON:setUpClass): 200 GET http://10.180.1.21/compute/v2.1/servers/95f65e57-04f6-42cd-99fc-13793c0a1f0e 0.123s
2025-02-21 02:21:15.047 63106 INFO tempest.lib.common.rest_client [req-95e4259b-84b5-4040-b96d-6b719bf9006c req-95e4259b-84b5-4040-b96d-6b719bf9006c ] Request (TenantUsagesTestJSON:setUpClass): 200 GET http://10.180.1.21/compute/v2.1/servers/ba14c5ee-afa3-4ed6-9e94-1619cb75ef34 0.093s
2025-02-21 02:21:15.066 63068 INFO tempest.lib.common.rest_client [req-d7cd9d55-357c-4435-81e4-7c0b102e4cae req-d7cd9d55-357c-4435-81e4-7c0b102e4cae ] Request (ServerRescueNegativeTestJSON:setUpClass): 200 GET http://10.180.1.21/compute/v2.1/servers/e871c207-f227-4f3c-82a3-b314d26670b0 0.097s
2025-02-21 02:21:15.099 63098 INFO tempest.lib.common.rest_client [req-944d8ba2-6503-45af-ac60-5557282739c0 req-944d8ba2-6503-45af-ac60-5557282739c0 ] Request (ServerAddressesTestJSON:setUpClass): 200 GET http://10.180.1.21/compute/v2.1/servers/fbbdd3e4-48ef-4b4c-935f-03aac33efa5e 0.078s
2025-02-21 02:21:15.113 63096 INFO tempest.lib.common.rest_client [req-f14bf682-1db3-4279-ba6d-7e58e2490f34 req-f14bf682-1db3-4279-ba6d-7e58e2490f34 ] Request (ServersTestFqdnHostnames:test_create_server_with_fqdn_name): 200 GET http://10.180.1.21/compute/v2.1/servers/1aaf1e38-8dcb-4518-bff4-b0bd50acd5c3 0.079s
2025-02-21 02:21:15.169 63118 INFO tempest.lib.common.rest_client [req-c1910bab-058b-48ae-a22a-6470d20f4189 req-c1910bab-058b-48ae-a22a-6470d20f4189 ] Request (DeleteServersAdminTestJSON:test_delete_server_while_in_error_state): 200 GET http://10.180.1.21/compute/v2.1/servers/cee370ce-c987-4ae1-b922-1988654c6193 0.057s
2025-02-21 02:21:15.170 63074 INFO tempest.lib.common.rest_client [req-7a3aa0ea-6bc3-4dc6-a4a9-01293889137e req-7a3aa0ea-6bc3-4dc6-a4a9-01293889137e ] Request (FloatingIPsAssociationTestJSON:tearDownClass): 200 GET http://10.180.1.21/compute/v2.1/servers/bb2adeb8-a2fe-42aa-a722-d5184d71d096 0.058s
2025-02-21 02:21:15.247 63114 INFO tempest.lib.common.rest_client [req-5b9bb0e5-f83e-4cfe-ba9a-aba00d1e92ee req-5b9bb0e5-f83e-4cfe-ba9a-aba00d1e92ee ] Request (ServerDiagnosticsNegativeTest:test_get_server_diagnostics_by_non_admin): 200 GET http://10.180.1.21/compute/v2.1/servers/7ad8b488-ed59-40c8-9a33-f8d59448ee0d 0.064s
2025-02-21 02:21:15.285 63084 INFO tempest.lib.common.rest_client [req-9d0a86a6-b10e-41fc-b832-a849568f0589 req-9d0a86a6-b10e-41fc-b832-a849568f0589 ] Request (ServerDiagnosticsV248Test:test_get_server_diagnostics): 200 GET http://10.180.1.21/compute/v2.1/servers/407149f0-7c9a-4306-9640-f79eed59b7b6 0.059s
2025-02-21 02:21:15.286 63092 INFO tempest.lib.common.rest_client [req-728de90c-3695-4c04-bd1b-a9f04521fcf9 req-728de90c-3695-4c04-bd1b-a9f04521fcf9 ] Request (ListImageFiltersTestJSON:setUpClass): 200 GET http://10.180.1.21/compute/v2.1/images/0d92b8ff-84aa-4e8b-898c-8c9c59160cf2 0.045s
2025-02-21 02:21:15.364 63066 INFO tempest.lib.common.rest_client [req-9f2e57cf-5a89-4978-a245-fb7df4180a20 req-9f2e57cf-5a89-4978-a245-fb7df4180a20 ] Request (ListServerFiltersTestJSON:tearDownClass): 200 GET http://10.180.1.21/compute/v2.1/servers/3a115dca-1f2a-45f3-bf8e-dad440c725d6 0.069s
2025-02-21 02:21:15.374 63094 INFO tempest.lib.common.rest_client [req-e9bc69d9-025b-418d-8ea0-b48c6f6321a0 req-e9bc69d9-025b-418d-8ea0-b48c6f6321a0 ] Request (DeleteServersTestJSON:test_delete_server_while_in_attached_volume): 200 GET http://10.180.1.21/compute/v2.1/servers/728dec63-e119-4825-8af5-55497ed20df0 0.058s
2025-02-21 02:21:15.427 63070 INFO tempest.lib.common.rest_client [req-f0c7bb6b-275e-49d9-93a2-e050f9b04d1b req-f0c7bb6b-275e-49d9-93a2-e050f9b04d1b ] Request (ImagesOneServerTestJSON:tearDownClass): 200 GET http://10.180.1.21/compute/v2.1/servers/9a9c2168-d130-4407-8b67-c9918b195871 0.074s
2025-02-21 02:21:15.462 63064 INFO tempest.lib.common.rest_client [req-03a2dd81-dd2e-42e9-9139-4bbdfc281b78 req-03a2dd81-dd2e-42e9-9139-4bbdfc281b78 ] Request (ServersTestManualDisk:setUpClass): 200 GET http://10.180.1.21/compute/v2.1/servers/2378e4fb-a8a9-490f-86e4-4ee1bd6e25cd 0.054s
2025-02-21 02:21:15.524 63078 INFO tempest.lib.common.rest_client [req-51815c20-bc79-4483-ab48-303edadac509 req-51815c20-bc79-4483-ab48-303edadac509 ] Request (ImagesTestJSON:test_create_image_from_suspended_server): 200 GET http://10.180.1.21/compute/v2.1/servers/8303b35e-60a0-421e-893e-ed8e93675879 0.050s
2025-02-21 02:21:15.764 63110 INFO tempest.lib.common.rest_client [req-b1a22379-e242-4471-82d9-24e8c71495e3 req-b1a22379-e242-4471-82d9-24e8c71495e3 ] Request (ServersTestMultiNic:test_verify_duplicate_network_nics): 200 GET http://10.180.1.21/compute/v2.1/servers/7808ea67-3dc2-40be-b425-7839d2b54d36 0.107s
2025-02-21 02:21:15.772 63076 INFO tempest.lib.common.rest_client [req-e371f26a-d98d-41c9-b0a4-d37ebbf2feae req-e371f26a-d98d-41c9-b0a4-d37ebbf2feae ] Request (ListServersNegativeTestJSON:setUpClass): 200 GET http://10.180.1.21/compute/v2.1/servers/5dc37e5a-4054-4657-b716-0491e5126276 0.059s
2025-02-21 02:21:15.836 63086 INFO tempest.lib.common.rest_client [req-308ec869-47c9-4093-9c71-6322fd347df0 req-308ec869-47c9-4093-9c71-6322fd347df0 ] Request (ServersAdminNegativeTestJSON:tearDownClass): 200 GET http://10.180.1.21/compute/v2.1/servers/16cf0731-b768-4ef0-b131-9dcc456e4913 0.060s
2025-02-21 02:21:15.849 63090 INFO tempest.lib.common.rest_client [req-ae5cbd6a-87ea-413f-844c-3edb72ed40c5 req-ae5cbd6a-87ea-413f-844c-3edb72ed40c5 ] Request (ServerGroupTestJSON:test_create_server_with_scheduler_hint_group): 200 GET http://10.180.1.21/compute/v2.1/servers/717fed14-da66-44b8-a85e-ecee499dfeaf 0.056s
2025-02-21 02:21:15.890 63104 INFO tempest.lib.common.rest_client [req-1c5542b8-e99e-4ba9-85ed-82abec595961 req-1c5542b8-e99e-4ba9-85ed-82abec595961 ] Request (MigrationsAdminTest:test_resize_server_revert_deleted_flavor): 200 GET http://10.180.1.21/compute/v2.1/servers/1dcba50a-360c-4b9f-8ef4-a4a53bbb32ae 0.069s
2025-02-21 02:21:15.906 63116 INFO tempest.lib.common.rest_client [req-a7cff73d-22ec-4ef1-8309-5525d7f031e3 req-a7cff73d-22ec-4ef1-8309-5525d7f031e3 ] Request (ServersTestBootFromVolume:setUpClass): 200 GET http://10.180.1.21/compute/v2.1/servers/ac662667-1f68-4521-abc1-f5af98fd3e29 0.064s
2025-02-21 02:21:15.956 63122 WARNING tempest.lib.common.ssh [-] Failed to establish authenticated ssh connection to cirros@10.180.180.254 ([Errno None] Unable to connect to port 22 on 10.180.180.254). Number attempts: 5. Retry after 6 seconds.: paramiko.ssh_exception.NoValidConnectionsError: [Errno None] Unable to connect to port 22 on 10.180.180.254
2025-02-21 02:21:16.038 63082 INFO tempest.lib.common.rest_client [req-747f1f55-2def-4751-a6fa-fcae6585180e req-747f1f55-2def-4751-a6fa-fcae6585180e ] Request (FloatingIPsAssociationNegativeTestJSON:setUpClass): 200 GET http://10.180.1.21/compute/v2.1/servers/8842fff5-d67c-4a65-aff9-caa201f5ac62 0.092s
2025-02-21 02:21:16.062 63120 INFO tempest.lib.common.rest_client [req-d0a77d25-6c54-4d77-aa66-f199b753f687 req-d0a77d25-6c54-4d77-aa66-f199b753f687 ] Request (InstanceActionsV221TestJSON:test_get_list_deleted_instance_actions): 200 GET http://10.180.1.21/compute/v2.1/servers/222810b1-343f-4ee0-bcc5-307f7a13fa8f 0.056s
2025-02-21 02:21:16.114 63106 INFO tempest.lib.common.rest_client [req-406eee99-46b1-4695-b898-53d9d0f6e709 req-406eee99-46b1-4695-b898-53d9d0f6e709 ] Request (TenantUsagesTestJSON:setUpClass): 200 GET http://10.180.1.21/compute/v2.1/servers/ba14c5ee-afa3-4ed6-9e94-1619cb75ef34 0.057s
2025-02-21 02:21:16.129 63100 INFO tempest.lib.common.rest_client [req-4e36c49c-f6bb-43fc-83e1-878d738c9d2d req-4e36c49c-f6bb-43fc-83e1-878d738c9d2d ] Request (ServersAdminTestJSON:setUpClass): 200 GET http://10.180.1.21/compute/v2.1/servers/95f65e57-04f6-42cd-99fc-13793c0a1f0e 0.103s
2025-02-21 02:21:16.164 63068 INFO tempest.lib.common.rest_client [req-412e479a-2111-472f-9a30-99d21bf724da req-412e479a-2111-472f-9a30-99d21bf724da ] Request (ServerRescueNegativeTestJSON:setUpClass): 200 GET http://10.180.1.21/compute/v2.1/servers/e871c207-f227-4f3c-82a3-b314d26670b0 0.089s
2025-02-21 02:21:16.182 63098 INFO tempest.lib.common.rest_client [req-b98606bd-a4ab-4476-9fbd-5167fba82ef5 req-b98606bd-a4ab-4476-9fbd-5167fba82ef5 ] Request (ServerAddressesTestJSON:setUpClass): 200 GET http://10.180.1.21/compute/v2.1/servers/fbbdd3e4-48ef-4b4c-935f-03aac33efa5e 0.074s
2025-02-21 02:21:16.218 63096 INFO tempest.lib.common.rest_client [req-92a0502b-b287-4ca6-ac09-d927c20c4497 req-92a0502b-b287-4ca6-ac09-d927c20c4497 ] Request (ServersTestFqdnHostnames:test_create_server_with_fqdn_name): 200 GET http://10.180.1.21/compute/v2.1/servers/1aaf1e38-8dcb-4518-bff4-b0bd50acd5c3 0.096s
2025-02-21 02:21:16.246 63118 INFO tempest.lib.common.rest_client [req-90ef200c-5734-47d2-9da0-bb9b1e430b60 req-90ef200c-5734-47d2-9da0-bb9b1e430b60 ] Request (DeleteServersAdminTestJSON:test_delete_server_while_in_error_state): 200 GET http://10.180.1.21/compute/v2.1/servers/cee370ce-c987-4ae1-b922-1988654c6193 0.069s
2025-02-21 02:21:16.280 63074 INFO tempest.lib.common.rest_client [req-69ed948a-6a5d-40b3-9e79-69ac39565d50 req-69ed948a-6a5d-40b3-9e79-69ac39565d50 ] Request (FloatingIPsAssociationTestJSON:tearDownClass): 200 GET http://10.180.1.21/compute/v2.1/servers/bb2adeb8-a2fe-42aa-a722-d5184d71d096 0.102s
2025-02-21 02:21:16.311 63114 INFO tempest.lib.common.rest_client [req-e0511b32-706e-43fe-a5e1-b267c5a9665e req-e0511b32-706e-43fe-a5e1-b267c5a9665e ] Request (ServerDiagnosticsNegativeTest:test_get_server_diagnostics_by_non_admin): 200 GET http://10.180.1.21/compute/v2.1/servers/7ad8b488-ed59-40c8-9a33-f8d59448ee0d 0.056s
2025-02-21 02:21:16.326 63092 INFO tempest.lib.common.rest_client [req-026e5e1f-17a5-4138-8ade-d03718ad052d req-026e5e1f-17a5-4138-8ade-d03718ad052d ] Request (ListImageFiltersTestJSON:setUpClass): 200 GET http://10.180.1.21/compute/v2.1/images/0d92b8ff-84aa-4e8b-898c-8c9c59160cf2 0.036s
2025-02-21 02:21:16.363 63092 INFO tempest.lib.common.rest_client [req-0d30bae8-4c77-4019-afd4-b60c4463cfbc req-0d30bae8-4c77-4019-afd4-b60c4463cfbc ] Request (ListImageFiltersTestJSON:setUpClass): 200 GET http://10.180.1.21/compute/v2.1/images/0d92b8ff-84aa-4e8b-898c-8c9c59160cf2 0.034s
2025-02-21 02:21:16.371 63084 INFO tempest.lib.common.rest_client [req-362c2b7c-d70f-47a4-a054-6e2f5e9190f0 req-362c2b7c-d70f-47a4-a054-6e2f5e9190f0 ] Request (ServerDiagnosticsV248Test:test_get_server_diagnostics): 200 GET http://10.180.1.21/compute/v2.1/servers/407149f0-7c9a-4306-9640-f79eed59b7b6 0.076s
2025-02-21 02:21:16.441 63066 INFO tempest.lib.common.rest_client [req-9e09f96d-b841-4563-9755-454a140b0f42 req-9e09f96d-b841-4563-9755-454a140b0f42 ] Request (ListServerFiltersTestJSON:tearDownClass): 200 GET http://10.180.1.21/compute/v2.1/servers/3a115dca-1f2a-45f3-bf8e-dad440c725d6 0.070s
2025-02-21 02:21:16.489 63094 INFO tempest.lib.common.rest_client [req-0b675d65-0f7c-4b9f-91f1-198f5f38ad33 req-0b675d65-0f7c-4b9f-91f1-198f5f38ad33 ] Request (DeleteServersTestJSON:test_delete_server_while_in_attached_volume): 200 GET http://10.180.1.21/compute/v2.1/servers/728dec63-e119-4825-8af5-55497ed20df0 0.106s
2025-02-21 02:21:16.499 63092 INFO tempest.lib.common.rest_client [req-1a10ed61-2b09-4f27-aae8-3b75704c7e2b req-1a10ed61-2b09-4f27-aae8-3b75704c7e2b ] Request (ListImageFiltersTestJSON:setUpClass): 200 GET http://10.180.1.21/compute/v2.1/servers/51bf0346-49a9-4ee6-b744-82763fc2ad70 0.131s
2025-02-21 02:21:16.539 63070 INFO tempest.lib.common.rest_client [req-fec14c7e-0840-4fc9-a74e-93168f071ce5 req-fec14c7e-0840-4fc9-a74e-93168f071ce5 ] Request (ImagesOneServerTestJSON:tearDownClass): 200 GET http://10.180.1.21/compute/v2.1/servers/9a9c2168-d130-4407-8b67-c9918b195871 0.103s
2025-02-21 02:21:16.542 63064 INFO tempest.lib.common.rest_client [req-856e1268-0d63-41a3-abc0-6e1e9210da54 req-856e1268-0d63-41a3-abc0-6e1e9210da54 ] Request (ServersTestManualDisk:setUpClass): 200 GET http://10.180.1.21/compute/v2.1/servers/2378e4fb-a8a9-490f-86e4-4ee1bd6e25cd 0.073s
2025-02-21 02:21:16.582 63078 INFO tempest.lib.common.rest_client [req-59a769c9-cf87-43c4-a244-53e9afddebae req-59a769c9-cf87-43c4-a244-53e9afddebae ] Request (ImagesTestJSON:test_create_image_from_suspended_server): 200 GET http://10.180.1.21/compute/v2.1/servers/8303b35e-60a0-421e-893e-ed8e93675879 0.051s
2025-02-21 02:21:16.836 63076 INFO tempest.lib.common.rest_client [req-f9c4d9a2-6ade-4b2d-901a-cc72575d721c req-f9c4d9a2-6ade-4b2d-901a-cc72575d721c ] Request (ListServersNegativeTestJSON:setUpClass): 200 GET http://10.180.1.21/compute/v2.1/servers/5dc37e5a-4054-4657-b716-0491e5126276 0.055s
2025-02-21 02:21:16.904 63086 INFO tempest.lib.common.rest_client [req-d753fb6d-b1c0-4dd1-a106-8331128488b3 req-d753fb6d-b1c0-4dd1-a106-8331128488b3 ] Request (ServersAdminNegativeTestJSON:tearDownClass): 200 GET http://10.180.1.21/compute/v2.1/servers/16cf0731-b768-4ef0-b131-9dcc456e4913 0.058s
2025-02-21 02:21:16.918 63110 INFO tempest.lib.common.rest_client [req-120bca7a-04ca-40b7-abcf-e8c7ae7ea250 req-120bca7a-04ca-40b7-abcf-e8c7ae7ea250 ] Request (ServersTestMultiNic:test_verify_duplicate_network_nics): 200 GET http://10.180.1.21/compute/v2.1/servers/7808ea67-3dc2-40be-b425-7839d2b54d36 0.146s
2025-02-21 02:21:16.958 63090 INFO tempest.lib.common.rest_client [req-f520aebe-d05f-4933-bbce-8ff6cf2729c3 req-f520aebe-d05f-4933-bbce-8ff6cf2729c3 ] Request (ServerGroupTestJSON:test_create_server_with_scheduler_hint_group): 200 GET http://10.180.1.21/compute/v2.1/servers/717fed14-da66-44b8-a85e-ecee499dfeaf 0.099s
2025-02-21 02:21:16.975 63104 INFO tempest.lib.common.rest_client [req-410e1589-2d08-4469-bd3c-f72e0ffaf168 req-410e1589-2d08-4469-bd3c-f72e0ffaf168 ] Request (MigrationsAdminTest:test_resize_server_revert_deleted_flavor): 200 GET http://10.180.1.21/compute/v2.1/servers/1dcba50a-360c-4b9f-8ef4-a4a53bbb32ae 0.076s
2025-02-21 02:21:17.003 63116 INFO tempest.lib.common.rest_client [req-a0de457f-e8b0-4137-b3fe-3cd878e7cf25 req-a0de457f-e8b0-4137-b3fe-3cd878e7cf25 ] Request (ServersTestBootFromVolume:setUpClass): 200 GET http://10.180.1.21/compute/v2.1/servers/ac662667-1f68-4521-abc1-f5af98fd3e29 0.089s
2025-02-21 02:21:17.121 63120 INFO tempest.lib.common.rest_client [req-58f321c0-cca2-4fcf-8c21-26d9bd94dc39 req-58f321c0-cca2-4fcf-8c21-26d9bd94dc39 ] Request (InstanceActionsV221TestJSON:test_get_list_deleted_instance_actions): 200 GET http://10.180.1.21/compute/v2.1/servers/222810b1-343f-4ee0-bcc5-307f7a13fa8f 0.048s
2025-02-21 02:21:17.158 63082 INFO tempest.lib.common.rest_client [req-8b150f6a-c29f-4726-a9cf-d7047abd858c req-8b150f6a-c29f-4726-a9cf-d7047abd858c ] Request (FloatingIPsAssociationNegativeTestJSON:setUpClass): 200 GET http://10.180.1.21/compute/v2.1/servers/8842fff5-d67c-4a65-aff9-caa201f5ac62 0.110s
2025-02-21 02:21:17.165 63082 INFO tempest.common.waiters [-] State transition "BUILD/spawning" ==> "ACTIVE/None" after 56 second wait
2025-02-21 02:21:17.169 63106 INFO tempest.lib.common.rest_client [req-72692364-87f4-4d68-8d43-d21a6796bc67 req-72692364-87f4-4d68-8d43-d21a6796bc67 ] Request (TenantUsagesTestJSON:setUpClass): 200 GET http://10.180.1.21/compute/v2.1/servers/ba14c5ee-afa3-4ed6-9e94-1619cb75ef34 0.046s
2025-02-21 02:21:17.243 63100 INFO tempest.lib.common.rest_client [req-f136155d-8253-4a04-bd10-3a395ece74a0 req-f136155d-8253-4a04-bd10-3a395ece74a0 ] Request (ServersAdminTestJSON:setUpClass): 200 GET http://10.180.1.21/compute/v2.1/servers/95f65e57-04f6-42cd-99fc-13793c0a1f0e 0.106s
2025-02-21 02:21:17.309 63068 INFO tempest.lib.common.rest_client [req-c7ddfec8-0ef2-4000-9802-7572a7600345 req-c7ddfec8-0ef2-4000-9802-7572a7600345 ] Request (ServerRescueNegativeTestJSON:setUpClass): 200 GET http://10.180.1.21/compute/v2.1/servers/e871c207-f227-4f3c-82a3-b314d26670b0 0.137s
2025-02-21 02:21:17.359 63098 INFO tempest.lib.common.rest_client [req-72c49be6-52b9-4cd2-8826-5dd830cf69ad req-72c49be6-52b9-4cd2-8826-5dd830cf69ad ] Request (ServerAddressesTestJSON:setUpClass): 200 GET http://10.180.1.21/compute/v2.1/servers/fbbdd3e4-48ef-4b4c-935f-03aac33efa5e 0.167s
2025-02-21 02:21:17.418 63096 INFO tempest.lib.common.rest_client [req-a481befa-bcd0-4521-842e-4f82b2d3375e req-a481befa-bcd0-4521-842e-4f82b2d3375e ] Request (ServersTestFqdnHostnames:test_create_server_with_fqdn_name): 200 GET http://10.180.1.21/compute/v2.1/servers/1aaf1e38-8dcb-4518-bff4-b0bd50acd5c3 0.189s
2025-02-21 02:21:17.487 63118 INFO tempest.lib.common.rest_client [req-3a34e38e-2b6f-4851-840b-8e539db3f820 req-3a34e38e-2b6f-4851-840b-8e539db3f820 ] Request (DeleteServersAdminTestJSON:test_delete_server_while_in_error_state): 200 GET http://10.180.1.21/compute/v2.1/servers/cee370ce-c987-4ae1-b922-1988654c6193 0.231s
2025-02-21 02:21:17.545 63074 INFO tempest.lib.common.rest_client [req-112281da-3b8b-4c5a-a14b-29c0857b8320 req-112281da-3b8b-4c5a-a14b-29c0857b8320 ] Request (FloatingIPsAssociationTestJSON:tearDownClass): 200 GET http://10.180.1.21/compute/v2.1/servers/bb2adeb8-a2fe-42aa-a722-d5184d71d096 0.257s
2025-02-21 02:21:17.597 63114 INFO tempest.lib.common.rest_client [req-824bc5c6-0d9c-4e64-b9fc-1dbf7b7e0a2e req-824bc5c6-0d9c-4e64-b9fc-1dbf7b7e0a2e ] Request (ServerDiagnosticsNegativeTest:test_get_server_diagnostics_by_non_admin): 200 GET http://10.180.1.21/compute/v2.1/servers/7ad8b488-ed59-40c8-9a33-f8d59448ee0d 0.277s
2025-02-21 02:21:17.648 63084 INFO tempest.lib.common.rest_client [req-adfc0292-d158-4339-989d-901cf97dcdeb req-adfc0292-d158-4339-989d-901cf97dcdeb ] Request (ServerDiagnosticsV248Test:test_get_server_diagnostics): 200 GET http://10.180.1.21/compute/v2.1/servers/407149f0-7c9a-4306-9640-f79eed59b7b6 0.267s
2025-02-21 02:21:17.674 63082 INFO tempest.lib.common.rest_client [req-d0523564-7043-4946-91cf-268a8166c710 req-d0523564-7043-4946-91cf-268a8166c710 ] Request (FloatingIPsAssociationNegativeTestJSON:test_associate_ip_to_server_with_floating_ip): 200 POST http://10.180.1.21/compute/v2.1/os-floating-ips 0.508s
2025-02-21 02:21:17.704 63066 INFO tempest.lib.common.rest_client [req-39ee87c0-5dc1-4b06-9113-3130cb98cd39 req-39ee87c0-5dc1-4b06-9113-3130cb98cd39 ] Request (ListServerFiltersTestJSON:tearDownClass): 200 GET http://10.180.1.21/compute/v2.1/servers/3a115dca-1f2a-45f3-bf8e-dad440c725d6 0.255s
2025-02-21 02:21:17.721 63094 INFO tempest.lib.common.rest_client [req-416d2a8b-f5ec-4e58-b0c4-a22dc4012bfb req-416d2a8b-f5ec-4e58-b0c4-a22dc4012bfb ] Request (DeleteServersTestJSON:test_delete_server_while_in_attached_volume): 200 GET http://10.180.1.21/compute/v2.1/servers/728dec63-e119-4825-8af5-55497ed20df0 0.224s
2025-02-21 02:21:17.740 63070 INFO tempest.lib.common.rest_client [req-ea4265f5-32ee-4a9a-b283-bda2453de5ad req-ea4265f5-32ee-4a9a-b283-bda2453de5ad ] Request (ImagesOneServerTestJSON:tearDownClass): 404 GET http://10.180.1.21/compute/v2.1/servers/9a9c2168-d130-4407-8b67-c9918b195871 0.193s
2025-02-21 02:21:17.789 63092 INFO tempest.lib.common.rest_client [req-3cfb0be9-7d44-4b61-98c2-b322e19d74af req-3cfb0be9-7d44-4b61-98c2-b322e19d74af ] Request (ListImageFiltersTestJSON:setUpClass): 200 GET http://10.180.1.21/compute/v2.1/servers/51bf0346-49a9-4ee6-b744-82763fc2ad70 0.282s
2025-02-21 02:21:17.798 63064 INFO tempest.lib.common.rest_client [req-4ddaa9ce-c4b5-4ddd-b385-fbeac88a81a9 req-4ddaa9ce-c4b5-4ddd-b385-fbeac88a81a9 ] Request (ServersTestManualDisk:setUpClass): 200 GET http://10.180.1.21/compute/v2.1/servers/2378e4fb-a8a9-490f-86e4-4ee1bd6e25cd 0.246s
2025-02-21 02:21:17.835 63078 INFO tempest.lib.common.rest_client [req-1a529cd0-85fe-4da4-a266-ce3c666c38b6 req-1a529cd0-85fe-4da4-a266-ce3c666c38b6 ] Request (ImagesTestJSON:test_create_image_from_suspended_server): 200 GET http://10.180.1.21/compute/v2.1/servers/8303b35e-60a0-421e-893e-ed8e93675879 0.242s
2025-02-21 02:21:17.903 63076 INFO tempest.lib.common.rest_client [req-31697e0f-8c5f-453f-9446-a9596a54e8ed req-31697e0f-8c5f-453f-9446-a9596a54e8ed ] Request (ListServersNegativeTestJSON:setUpClass): 200 GET http://10.180.1.21/compute/v2.1/servers/5dc37e5a-4054-4657-b716-0491e5126276 0.059s
2025-02-21 02:21:17.981 63086 INFO tempest.lib.common.rest_client [req-2c9c2db6-a4e4-4a2f-9716-150fe8964b7c req-2c9c2db6-a4e4-4a2f-9716-150fe8964b7c ] Request (ServersAdminNegativeTestJSON:tearDownClass): 200 GET http://10.180.1.21/compute/v2.1/servers/16cf0731-b768-4ef0-b131-9dcc456e4913 0.068s
2025-02-21 02:21:18.004 63072 WARNING tempest.lib.common.ssh [-] Failed to establish authenticated ssh connection to cirros@10.180.180.153 ([Errno None] Unable to connect to port 22 on 10.180.180.153). Number attempts: 7. Retry after 8 seconds.: paramiko.ssh_exception.NoValidConnectionsError: [Errno None] Unable to connect to port 22 on 10.180.180.153
2025-02-21 02:21:18.091 63110 INFO tempest.lib.common.rest_client [req-e80f65b4-178b-4686-b3a1-8aab8a9440f6 req-e80f65b4-178b-4686-b3a1-8aab8a9440f6 ] Request (ServersTestMultiNic:test_verify_duplicate_network_nics): 200 GET http://10.180.1.21/compute/v2.1/servers/7808ea67-3dc2-40be-b425-7839d2b54d36 0.165s
2025-02-21 02:21:18.140 63090 INFO tempest.lib.common.rest_client [req-d79a4167-b2b7-48eb-9d99-a7833423b572 req-d79a4167-b2b7-48eb-9d99-a7833423b572 ] Request (ServerGroupTestJSON:test_create_server_with_scheduler_hint_group): 200 GET http://10.180.1.21/compute/v2.1/servers/717fed14-da66-44b8-a85e-ecee499dfeaf 0.173s
2025-02-21 02:21:18.192 63104 INFO tempest.lib.common.rest_client [req-ecd550db-24b6-4b44-9344-8993b5dd7b68 req-ecd550db-24b6-4b44-9344-8993b5dd7b68 ] Request (MigrationsAdminTest:test_resize_server_revert_deleted_flavor): 200 GET http://10.180.1.21/compute/v2.1/servers/1dcba50a-360c-4b9f-8ef4-a4a53bbb32ae 0.207s
2025-02-21 02:21:18.244 63116 INFO tempest.lib.common.rest_client [req-a73967a0-51c9-40bb-9d07-3abffce24ae3 req-a73967a0-51c9-40bb-9d07-3abffce24ae3 ] Request (ServersTestBootFromVolume:setUpClass): 200 GET http://10.180.1.21/compute/v2.1/servers/ac662667-1f68-4521-abc1-f5af98fd3e29 0.233s
