2024-12-12 01:29:23.608 66590 INFO tempest.lib.common.rest_client [req-1c69e9c7-d932-4c73-92f2-ba7eb02d9009 req-1c69e9c7-d932-4c73-92f2-ba7eb02d9009 ] Request (FloatingIPsTestJSON:test_allocate_floating_ip): 200 GET http://10.180.1.21/compute/v2.1/os-floating-ips/fd1631ff-b7de-4951-a4f8-d003748ff949 3.872s
2024-12-12 01:29:23.716 66568 INFO tempest.lib.common.rest_client [req-b19fc25c-4a0b-4c7f-865f-fa3b633c79f9 req-b19fc25c-4a0b-4c7f-865f-fa3b633c79f9 ] Request (MigrationsAdminTest:test_list_migrations_in_flavor_resize_situation): 200 GET http://10.180.1.21/compute/v2.1/servers/03448a20-9731-4076-bf51-852e9fc7f016 3.414s
2024-12-12 01:29:23.742 66584 INFO tempest.lib.common.rest_client [req-28b429bc-aa5c-451b-ada3-1b1e047428b8 req-28b429bc-aa5c-451b-ada3-1b1e047428b8 ] Request (AggregatesAdminNegativeTestJSON:test_aggregate_remove_host_as_user): 200 POST http://10.180.1.21/compute/v2.1/os-aggregates 3.427s
2024-12-12 01:29:23.759 66562 INFO tempest.lib.common.rest_client [req-abca3b3a-6d44-4dff-bc42-c100974261f9 req-abca3b3a-6d44-4dff-bc42-c100974261f9 ] Request (FlavorsAdminTestJSON:test_is_public_string_variations): 200 POST http://10.180.1.21/compute/v2.1/flavors 3.421s
2024-12-12 01:29:23.791 66574 INFO tempest.lib.common.rest_client [req-48486870-6615-44b4-bc34-cb07e26b7678 req-48486870-6615-44b4-bc34-cb07e26b7678 ] Request (QuotasAdminNegativeTest:_run_cleanups): 200 PUT http://10.180.1.21/compute/v2.1/os-quota-sets/d05177b9dca546f49327aec97eb6c198 3.701s
2024-12-12 01:29:23.869 66620 INFO tempest.lib.common.rest_client [req-64244b86-682b-49de-bc66-6660de3a0451 req-64244b86-682b-49de-bc66-6660de3a0451 ] Request (ServerDiagnosticsTest:tearDownClass): 200 GET http://10.180.1.21/compute/v2.1/servers/a5fd1d2f-7006-4400-84ba-63cb62e46194 2.981s
2024-12-12 01:29:23.876 66614 INFO tempest.lib.common.rest_client [req-e3006af9-aca0-46e7-a0ce-8ec9f1f88583 req-e3006af9-aca0-46e7-a0ce-8ec9f1f88583 ] Request (ServersTestJSON:setUpClass): 201 POST http://10.180.1.21:9696/networking/v2.0/subnets 0.853s
2024-12-12 01:29:23.883 66558 INFO tempest.lib.common.rest_client [req-50fd0493-3a12-4d02-9c33-b5d11051d03a req-50fd0493-3a12-4d02-9c33-b5d11051d03a ] Request (HostsAdminNegativeTestJSON:test_update_nonexistent_host): 404 PUT http://10.180.1.21/compute/v2.1/os-hosts/nonexistent_hostname 2.986s
2024-12-12 01:29:23.899 66570 INFO tempest.lib.common.rest_client [req-4bb4ba84-0c92-40d1-b01d-b7f06bea7e0b req-4bb4ba84-0c92-40d1-b01d-b7f06bea7e0b ] Request (ServersWithSpecificFlavorTestJSON:test_verify_created_server_ephemeral_disk): 200 GET http://10.180.1.21/compute/v2.1/servers/b04481d2-d1cf-46e7-98c6-e714cf8c10c0 3.401s
2024-12-12 01:29:23.908 66570 INFO tempest.common.waiters [-] State transition "BUILD/spawning" ==> "ACTIVE/None" after 25 second wait
2024-12-12 01:29:23.970 66600 INFO tempest.lib.common.rest_client [req-75719306-4c30-486b-856c-42fe8ee813fe req-75719306-4c30-486b-856c-42fe8ee813fe ] Request (ServerActionsV293TestJSON:setUpClass): 200 GET http://10.180.1.21/volume/v3/volumes/83444f1f-6fbe-49cb-8cc3-56a7dbcbc96f 0.036s
2024-12-12 01:29:23.972 66560 INFO tempest.lib.common.rest_client [req-771d5a85-760f-4ee2-ab38-99fae20a3a74 req-771d5a85-760f-4ee2-ab38-99fae20a3a74 ] Request (SecurityGroupsNegativeTestJSON:setUpClass): 201 POST http://10.180.1.21:9696/networking/v2.0/networks 0.951s
2024-12-12 01:29:23.975 66604 INFO tempest.lib.common.rest_client [req-e75312c8-07b4-40b3-8b52-7fd5f2622e21 req-e75312c8-07b4-40b3-8b52-7fd5f2622e21 ] Request (DeleteServersAdminTestJSON:test_admin_delete_servers_of_others): 200 GET http://10.180.1.21/compute/v2.1/servers/ea561adf-aa56-465b-a0fe-b1f5faf3dc56 2.629s
2024-12-12 01:29:23.990 66558 INFO tempest.lib.common.rest_client [req-9b1204c1-d87d-4aa3-b33c-0c6b8bfaffd7 req-9b1204c1-d87d-4aa3-b33c-0c6b8bfaffd7 ] Request (HostsAdminNegativeTestJSON:tearDownClass): 204 DELETE http://10.180.1.21/identity/v3/users/7319cf9fcac949a1b00114869d8e4ab0 0.106s
2024-12-12 01:29:23.996 66594 INFO tempest.lib.common.rest_client [req-48b0f363-a8ab-4731-a5a2-f2971d98af33 req-48b0f363-a8ab-4731-a5a2-f2971d98af33 ] Request (FlavorsExtraSpecsNegativeTestJSON:test_flavor_non_admin_unset_keys): 200 POST http://10.180.1.21/compute/v2.1/flavors/1796989247/os-extra_specs 2.342s
2024-12-12 01:29:24.105 66558 INFO tempest.lib.common.rest_client [req-f2acca9d-4a84-4b46-88e4-2549b8b82b2c req-f2acca9d-4a84-4b46-88e4-2549b8b82b2c ] Request (HostsAdminNegativeTestJSON:tearDownClass): 204 DELETE http://10.180.1.21/identity/v3/users/1229c021f6024f62bae024fa74b12e6d 0.113s
2024-12-12 01:29:24.105 66558 INFO tempest.lib.common.dynamic_creds [-] Deleting project and security group for project: 2aaf7db96e084d64bddb817824073179
2024-12-12 01:29:24.175 66558 INFO tempest.lib.common.rest_client [req-c343dd30-d0b4-4e51-8ce9-d1534d3a7416 req-c343dd30-d0b4-4e51-8ce9-d1534d3a7416 ] Request (HostsAdminNegativeTestJSON:tearDownClass): 201 POST http://10.180.1.21/identity/v3/auth/tokens 0.069s
2024-12-12 01:29:24.207 66578 INFO tempest.lib.common.rest_client [req-aea5d31c-d441-40b7-b1c6-7840c7d4325f req-aea5d31c-d441-40b7-b1c6-7840c7d4325f ] Request (AbsoluteLimitsTestJSON:test_absLimits_get): 200 GET http://10.180.1.21/compute/v2.1/limits 2.287s
2024-12-12 01:29:24.314 66578 INFO tempest.lib.common.rest_client [req-46a1b29a-6d7a-4acd-9ed2-d1617fadfceb req-46a1b29a-6d7a-4acd-9ed2-d1617fadfceb ] Request (AbsoluteLimitsTestJSON:tearDownClass): 204 DELETE http://10.180.1.21/identity/v3/users/f747c879355c4d0a8773ccd62c94dee0 0.101s
2024-12-12 01:29:24.314 66578 INFO tempest.lib.common.dynamic_creds [-] Deleting project and security group for project: 3ac2b5469c8845579d6f849f11ad7f54
2024-12-12 01:29:24.324 66612 INFO tempest.lib.common.rest_client [req-33d8358a-4275-4979-aa26-d5bf46cff92f req-33d8358a-4275-4979-aa26-d5bf46cff92f ] Request (SecurityGroupRulesNegativeTestJSON:test_create_security_group_rule_duplicate): 200 POST http://10.180.1.21/compute/v2.1/os-security-group-rules 2.677s
2024-12-12 01:29:24.384 66578 INFO tempest.lib.common.rest_client [req-6c520c4f-6aca-40f0-9c24-eeace46e26bb req-6c520c4f-6aca-40f0-9c24-eeace46e26bb ] Request (AbsoluteLimitsTestJSON:tearDownClass): 201 POST http://10.180.1.21/identity/v3/auth/tokens 0.070s
2024-12-12 01:29:24.568 66558 INFO tempest.lib.common.rest_client [req-a627fed8-5655-4e28-b49f-1e130227f7da req-a627fed8-5655-4e28-b49f-1e130227f7da ] Request (HostsAdminNegativeTestJSON:tearDownClass): 200 GET http://10.180.1.21:9696/networking/v2.0/security-groups?tenant_id=2aaf7db96e084d64bddb817824073179&name=default 0.392s
2024-12-12 01:29:24.576 66564 INFO tempest.lib.common.rest_client [req-2aeab673-3f57-42f5-b76c-8fc0099fff85 req-2aeab673-3f57-42f5-b76c-8fc0099fff85 ] Request (AbsoluteLimitsNegativeTestJSON:test_max_metadata_exceed_limit): 403 POST http://10.180.1.21/compute/v2.1/servers 2.516s
2024-12-12 01:29:24.612 66606 INFO tempest.lib.common.rest_client [req-addc3846-c380-44f1-9775-8fd3028d4dfc req-addc3846-c380-44f1-9775-8fd3028d4dfc ] Request (ServerDiagnosticsNegativeTest:test_get_server_diagnostics_by_non_admin): 200 GET http://10.180.1.21/compute/v2.1/servers/ee90abad-2628-4c6e-880a-23fb6e8088f1 2.455s
2024-12-12 01:29:24.673 66564 INFO tempest.lib.common.rest_client [req-8411b7e4-c32f-4632-af18-2c0f662c3d59 req-8411b7e4-c32f-4632-af18-2c0f662c3d59 ] Request (AbsoluteLimitsNegativeTestJSON:tearDownClass): 204 DELETE http://10.180.1.21/identity/v3/users/bc8f886719b2414aa2e14dfde7da200e 0.095s
2024-12-12 01:29:24.673 66564 INFO tempest.lib.common.dynamic_creds [-] Deleting project and security group for project: 82bdc69bb5c94aebb3c708b7e012baf2
2024-12-12 01:29:24.716 66560 INFO tempest.lib.common.rest_client [req-b28b1af6-b366-4606-bf48-9c4b729bcd8b req-b28b1af6-b366-4606-bf48-9c4b729bcd8b ] Request (SecurityGroupsNegativeTestJSON:setUpClass): 201 POST http://10.180.1.21:9696/networking/v2.0/subnets 0.743s
2024-12-12 01:29:24.737 66564 INFO tempest.lib.common.rest_client [req-c4dd2b30-1c2f-489f-9e11-7f6675fe19cb req-c4dd2b30-1c2f-489f-9e11-7f6675fe19cb ] Request (AbsoluteLimitsNegativeTestJSON:tearDownClass): 201 POST http://10.180.1.21/identity/v3/auth/tokens 0.063s
2024-12-12 01:29:24.922 66566 INFO tempest.lib.common.rest_client [req-5d928914-4487-4be6-94e5-3ce9365bfd33 req-5d928914-4487-4be6-94e5-3ce9365bfd33 ] Request (ImagesNegativeTestJSON:setUpClass): 200 PUT http://10.180.1.21:9696/networking/v2.0/routers/f137a495-0502-427c-af03-b1cbd82d5891/add_router_interface 3.243s
2024-12-12 01:29:24.923 66566 INFO tempest.lib.common.dynamic_creds [-] Created isolated network resources for: credentials: Credentials: {'domain_id': 'default', 'domain_name': 'Default', 'username': 'tempest-ImagesNegativeTestJSON-259911288-project-member', 'project_domain_id': 'default', 'project_domain_name': 'Default', 'project_id': '678b596d748c44b2bc6a9300f3140fd7', 'project_name': 'tempest-ImagesNegativeTestJSON-259911288', 'tenant_id': '678b596d748c44b2bc6a9300f3140fd7', 'tenant_name': 'tempest-ImagesNegativeTestJSON-259911288', 'user_domain_id': 'default', 'user_domain_name': 'Default', 'user_id': '7fe0dc9f6a1f41e2af189c6093e136b8', 'system': None}, Network: {'id': 'febf21c0-aada-4fdf-a97a-98ba896b2cc5', 'name': 'tempest-ImagesNegativeTestJSON-415629331-network', 'tenant_id': '678b596d748c44b2bc6a9300f3140fd7', 'admin_state_up': True, 'mtu': 8950, 'status': 'ACTIVE', 'subnets': [], 'shared': False, 'project_id': '678b596d748c44b2bc6a9300f3140fd7', 'port_security_enabled': True, 'router:external': False, 'provider:network_type': 'vlan', 'provider:physical_network': 'default', 'provider:segmentation_id': 363, 'availability_zone_hints': [], 'availability_zones': [], 'ipv4_address_scope': None, 'ipv6_address_scope': None, 'description': '', 'tags': [], 'created_at': '2024-12-12T01:29:18Z', 'updated_at': '2024-12-12T01:29:18Z', 'revision_number': 1}, Subnet: {'id': '31de64eb-86c0-48b3-aece-10b94ae11fca', 'name': 'tempest-ImagesNegativeTestJSON-415629331-subnet', 'tenant_id': '678b596d748c44b2bc6a9300f3140fd7', 'network_id': 'febf21c0-aada-4fdf-a97a-98ba896b2cc5', 'ip_version': 4, 'subnetpool_id': None, 'enable_dhcp': True, 'ipv6_ra_mode': None, 'ipv6_address_mode': None, 'gateway_ip': '192.168.128.1', 'cidr': '192.168.128.0/28', 'allocation_pools': [{'start': '192.168.128.2', 'end': '192.168.128.14'}], 'host_routes': [], 'dns_nameservers': [], 'description': '', 'router:external': False, 'service_types': [], 'tags': [], 'created_at': '2024-12-12T01:29:19Z', 'updated_at': '2024-12-12T01:29:19Z', 'revision_number': 0, 'project_id': '678b596d748c44b2bc6a9300f3140fd7'}, Router: {'id': 'f137a495-0502-427c-af03-b1cbd82d5891', 'name': 'tempest-ImagesNegativeTestJSON-415629331-router', 'tenant_id': '678b596d748c44b2bc6a9300f3140fd7', 'admin_state_up': True, 'status': 'ACTIVE', 'external_gateway_info': {'network_id': 'f03ef469-5934-4a2e-9bd5-5f1dfb0912c7', 'external_fixed_ips': [{'subnet_id': '1f276d01-f4d2-4cce-b604-5c2f3f9a8ea4', 'ip_address': '10.180.180.166'}], 'enable_snat': True}, 'description': '', 'availability_zones': [], 'distributed': False, 'ha': False, 'availability_zone_hints': [], 'routes': [], 'flavor_id': None, 'tags': [], 'created_at': '2024-12-12T01:29:20Z', 'updated_at': '2024-12-12T01:29:21Z', 'revision_number': 2, 'project_id': '678b596d748c44b2bc6a9300f3140fd7'}
2024-12-12 01:29:24.957 66558 INFO tempest.lib.common.rest_client [req-e68e70d5-eba5-4237-b3b8-d278d7835631 req-e68e70d5-eba5-4237-b3b8-d278d7835631 ] Request (HostsAdminNegativeTestJSON:tearDownClass): 204 DELETE http://10.180.1.21:9696/networking/v2.0/security-groups/a79b020a-35bd-4dcd-981b-02d450c2f353 0.388s
2024-12-12 01:29:24.976 66578 INFO tempest.lib.common.rest_client [req-d1315758-6d6a-4e8c-8f60-3457ebb90952 req-d1315758-6d6a-4e8c-8f60-3457ebb90952 ] Request (AbsoluteLimitsTestJSON:tearDownClass): 200 GET http://10.180.1.21:9696/networking/v2.0/security-groups?tenant_id=3ac2b5469c8845579d6f849f11ad7f54&name=default 0.591s
2024-12-12 01:29:25.006 66600 INFO tempest.lib.common.rest_client [req-936b7eb1-17de-48f3-9ccb-7e787dc88484 req-936b7eb1-17de-48f3-9ccb-7e787dc88484 ] Request (ServerActionsV293TestJSON:setUpClass): 200 GET http://10.180.1.21/volume/v3/volumes/83444f1f-6fbe-49cb-8cc3-56a7dbcbc96f 0.029s
2024-12-12 01:29:25.022 66566 INFO tempest.lib.common.rest_client [req-95067b54-c6e0-499a-b8af-97ed1ff76e8d req-95067b54-c6e0-499a-b8af-97ed1ff76e8d ] Request (ImagesNegativeTestJSON:setUpClass): 201 POST http://10.180.1.21/identity/v3/auth/tokens 0.096s
2024-12-12 01:29:25.024 66558 INFO tempest.lib.common.rest_client [req-81fa1d18-b35d-405f-922b-8aed8e5cc857 req-81fa1d18-b35d-405f-922b-8aed8e5cc857 ] Request (HostsAdminNegativeTestJSON:tearDownClass): 204 DELETE http://10.180.1.21/identity/v3/projects/2aaf7db96e084d64bddb817824073179 0.066s
2024-12-12 01:29:25.024 66558 INFO tempest.lib.common.dynamic_creds [-] Deleting project and security group for project: cec2d5c23b6c4002bb124b8682ca1543
2024-12-12 01:29:25.108 66566 INFO tempest.lib.common.rest_client [req-342625f7-3b85-4e13-9daa-57d0837ad022 req-342625f7-3b85-4e13-9daa-57d0837ad022 ] Request (ImagesNegativeTestJSON:test_create_image_from_deleted_server): 201 POST http://10.180.1.21/identity/v3/auth/tokens 0.079s
2024-12-12 01:29:25.108 66566 INFO tempest.lib.common.fixed_network [-] (ImagesNegativeTestJSON:test_create_image_from_deleted_server) Found network {'id': 'febf21c0-aada-4fdf-a97a-98ba896b2cc5', 'name': 'tempest-ImagesNegativeTestJSON-415629331-network', 'tenant_id': '678b596d748c44b2bc6a9300f3140fd7', 'admin_state_up': True, 'mtu': 8950, 'status': 'ACTIVE', 'subnets': [], 'shared': False, 'project_id': '678b596d748c44b2bc6a9300f3140fd7', 'port_security_enabled': True, 'router:external': False, 'provider:network_type': 'vlan', 'provider:physical_network': 'default', 'provider:segmentation_id': 363, 'availability_zone_hints': [], 'availability_zones': [], 'ipv4_address_scope': None, 'ipv6_address_scope': None, 'description': '', 'tags': [], 'created_at': '2024-12-12T01:29:18Z', 'updated_at': '2024-12-12T01:29:18Z', 'revision_number': 1} available for tenant
2024-12-12 01:29:25.138 66578 INFO tempest.lib.common.rest_client [req-6f63ade7-b22b-4485-9e27-53d98117b4a0 req-6f63ade7-b22b-4485-9e27-53d98117b4a0 ] Request (AbsoluteLimitsTestJSON:tearDownClass): 204 DELETE http://10.180.1.21:9696/networking/v2.0/security-groups/3c9ef68b-a9fb-41e7-b481-0b757e80fd0d 0.161s
2024-12-12 01:29:25.168 66558 INFO tempest.lib.common.rest_client [req-266ad7d0-a1dc-4245-89dc-a0adadd8a38a req-266ad7d0-a1dc-4245-89dc-a0adadd8a38a ] Request (HostsAdminNegativeTestJSON:tearDownClass): 200 GET http://10.180.1.21:9696/networking/v2.0/security-groups?tenant_id=cec2d5c23b6c4002bb124b8682ca1543&name=default 0.144s
2024-12-12 01:29:25.268 66578 INFO tempest.lib.common.rest_client [req-2592a073-32cc-4e66-b3bb-56694f030ad6 req-2592a073-32cc-4e66-b3bb-56694f030ad6 ] Request (AbsoluteLimitsTestJSON:tearDownClass): 204 DELETE http://10.180.1.21/identity/v3/projects/3ac2b5469c8845579d6f849f11ad7f54 0.129s
2024-12-12 01:29:25.284 66558 INFO tempest.lib.common.rest_client [req-3cbe79aa-5020-4f37-9fd5-891861b6aff5 req-3cbe79aa-5020-4f37-9fd5-891861b6aff5 ] Request (HostsAdminNegativeTestJSON:tearDownClass): 204 DELETE http://10.180.1.21:9696/networking/v2.0/security-groups/9438f255-8a4f-4575-8642-e78ae8ce99df 0.114s
2024-12-12 01:29:25.355 66578 INFO tempest.lib.common.rest_client [req-87ed2d95-7e1f-4ec1-a187-6d42bf6d0ac0 req-87ed2d95-7e1f-4ec1-a187-6d42bf6d0ac0 ] Request (InstanceActionsTestJSON:setUpClass): 201 POST http://10.180.1.21/identity/v3/auth/tokens 0.085s
2024-12-12 01:29:25.389 66558 INFO tempest.lib.common.rest_client [req-b21bc210-dc8b-4deb-9467-752fa1f3969b req-b21bc210-dc8b-4deb-9467-752fa1f3969b ] Request (HostsAdminNegativeTestJSON:tearDownClass): 204 DELETE http://10.180.1.21/identity/v3/projects/cec2d5c23b6c4002bb124b8682ca1543 0.105s
2024-12-12 01:29:25.420 66578 INFO tempest.lib.common.rest_client [req-b1d79199-13df-4a30-af92-2695ec4e30cb req-b1d79199-13df-4a30-af92-2695ec4e30cb ] Request (InstanceActionsTestJSON:setUpClass): 201 POST http://10.180.1.21/identity/v3/auth/tokens 0.063s
2024-12-12 01:29:25.426 66558 INFO tempest.lib.common.rest_client [req-6ccd0a3a-32ca-4998-b32c-1e9e0484e53d req-6ccd0a3a-32ca-4998-b32c-1e9e0484e53d ] Request (TenantUsagesNegativeTestJSON:setUpClass): 201 POST http://10.180.1.21/identity/v3/auth/tokens 0.035s
2024-12-12 01:29:25.444 66578 INFO tempest.lib.common.rest_client [req-a2d732ac-5d7a-4993-aca8-6841e0db20a5 req-a2d732ac-5d7a-4993-aca8-6841e0db20a5 ] Request (InstanceActionsTestJSON:setUpClass): 200 GET http://10.180.1.21/identity/v3/domains?name=Default 0.024s
2024-12-12 01:29:25.460 66558 INFO tempest.lib.common.rest_client [req-7ab5cb3b-eb59-4929-b995-23f471fc6fe1 req-7ab5cb3b-eb59-4929-b995-23f471fc6fe1 ] Request (TenantUsagesNegativeTestJSON:setUpClass): 201 POST http://10.180.1.21/identity/v3/auth/tokens 0.031s
2024-12-12 01:29:25.478 66578 INFO tempest.lib.common.rest_client [req-996718ed-02cd-46a3-94e1-600af5567e00 req-996718ed-02cd-46a3-94e1-600af5567e00 ] Request (InstanceActionsTestJSON:setUpClass): 201 POST http://10.180.1.21/identity/v3/projects 0.033s
2024-12-12 01:29:25.487 66558 INFO tempest.lib.common.rest_client [req-d734b7c7-bac4-4e72-8a4b-a5576b31bd64 req-d734b7c7-bac4-4e72-8a4b-a5576b31bd64 ] Request (TenantUsagesNegativeTestJSON:setUpClass): 200 GET http://10.180.1.21/identity/v3/domains?name=Default 0.026s
2024-12-12 01:29:25.521 66572 WARNING tempest.lib.common.ssh [-] Failed to establish authenticated ssh connection to cirros@10.180.180.145 ([Errno None] Unable to connect to port 22 on 10.180.180.145). Number attempts: 1. Retry after 2 seconds.: paramiko.ssh_exception.NoValidConnectionsError: [Errno None] Unable to connect to port 22 on 10.180.180.145
2024-12-12 01:29:25.533 66578 INFO tempest.lib.common.rest_client [req-33ebdd67-30c4-4e68-9af2-8814526c2d6b req-33ebdd67-30c4-4e68-9af2-8814526c2d6b ] Request (InstanceActionsTestJSON:setUpClass): 201 POST http://10.180.1.21/identity/v3/users 0.055s
2024-12-12 01:29:25.548 66558 INFO tempest.lib.common.rest_client [req-1d50573f-844b-48fd-b39d-dfa8496ed38f req-1d50573f-844b-48fd-b39d-dfa8496ed38f ] Request (TenantUsagesNegativeTestJSON:setUpClass): 201 POST http://10.180.1.21/identity/v3/projects 0.061s
2024-12-12 01:29:25.549 66578 INFO tempest.lib.common.rest_client [req-c0ca8c7d-c6a1-43e9-82f6-f86cd4a48b0a req-c0ca8c7d-c6a1-43e9-82f6-f86cd4a48b0a ] Request (InstanceActionsTestJSON:setUpClass): 200 GET http://10.180.1.21/identity/v3/roles 0.015s
2024-12-12 01:29:25.603 66558 INFO tempest.lib.common.rest_client [req-80a7c191-c679-4af0-a3ac-f7c848ecc70d req-80a7c191-c679-4af0-a3ac-f7c848ecc70d ] Request (TenantUsagesNegativeTestJSON:setUpClass): 201 POST http://10.180.1.21/identity/v3/users 0.053s
2024-12-12 01:29:25.605 66578 INFO tempest.lib.common.rest_client [req-4fc8e851-9bfb-4a3e-b8dd-851f6f16e5ff req-4fc8e851-9bfb-4a3e-b8dd-851f6f16e5ff ] Request (InstanceActionsTestJSON:setUpClass): 204 PUT http://10.180.1.21/identity/v3/projects/c2d5e11c2159451ca0514f08f33839f8/users/4d3ed958ac694e0ab62404a708bb28f8/roles/9089c2f20ebf4d029641424c20f24331 0.055s
2024-12-12 01:29:25.605 66578 INFO tempest.lib.common.dynamic_creds [-] Dynamic test user 4d3ed958ac694e0ab62404a708bb28f8 is created with scope project and roles: ['member']
2024-12-12 01:29:25.605 66578 INFO tempest.lib.common.dynamic_creds [-] Acquired dynamic creds: credentials: Credentials: {'domain_id': 'default', 'domain_name': 'Default', 'username': 'tempest-InstanceActionsTestJSON-1047642484-project-member', 'project_domain_id': 'default', 'project_domain_name': 'Default', 'project_id': 'c2d5e11c2159451ca0514f08f33839f8', 'project_name': 'tempest-InstanceActionsTestJSON-1047642484', 'tenant_id': 'c2d5e11c2159451ca0514f08f33839f8', 'tenant_name': 'tempest-InstanceActionsTestJSON-1047642484', 'user_domain_id': 'default', 'user_domain_name': 'Default', 'user_id': '4d3ed958ac694e0ab62404a708bb28f8', 'system': None}, Network: None, Subnet: None, Router: None
2024-12-12 01:29:25.611 66564 INFO tempest.lib.common.rest_client [req-078777fb-b27a-4508-9ecb-8ec42f770182 req-078777fb-b27a-4508-9ecb-8ec42f770182 ] Request (AbsoluteLimitsNegativeTestJSON:tearDownClass): 200 GET http://10.180.1.21:9696/networking/v2.0/security-groups?tenant_id=82bdc69bb5c94aebb3c708b7e012baf2&name=default 0.873s
2024-12-12 01:29:25.654 66558 INFO tempest.lib.common.rest_client [req-3f54d005-f38e-4766-9c58-db9ab8aa2eec req-3f54d005-f38e-4766-9c58-db9ab8aa2eec ] Request (TenantUsagesNegativeTestJSON:setUpClass): 200 GET http://10.180.1.21/identity/v3/roles 0.051s
2024-12-12 01:29:25.675 66578 INFO tempest.lib.common.rest_client [req-22c44ea3-473e-428c-bf81-fcbaa167a7a5 req-22c44ea3-473e-428c-bf81-fcbaa167a7a5 ] Request (InstanceActionsTestJSON:setUpClass): 201 POST http://10.180.1.21/identity/v3/auth/tokens 0.069s
2024-12-12 01:29:25.690 66558 INFO tempest.lib.common.rest_client [req-a944df09-0fde-400d-bbc7-d5481e2210b8 req-a944df09-0fde-400d-bbc7-d5481e2210b8 ] Request (TenantUsagesNegativeTestJSON:setUpClass): 204 PUT http://10.180.1.21/identity/v3/projects/5d325f1b277d4a629c331f58e2d00f65/users/7ffb203dd44e46e0b2db10a82a4dd602/roles/9089c2f20ebf4d029641424c20f24331 0.036s
2024-12-12 01:29:25.691 66558 INFO tempest.lib.common.dynamic_creds [-] Dynamic test user 7ffb203dd44e46e0b2db10a82a4dd602 is created with scope project and roles: ['member']
2024-12-12 01:29:25.691 66558 INFO tempest.lib.common.dynamic_creds [-] Acquired dynamic creds: credentials: Credentials: {'domain_id': 'default', 'domain_name': 'Default', 'username': 'tempest-TenantUsagesNegativeTestJSON-1601765190-project-member', 'project_domain_id': 'default', 'project_domain_name': 'Default', 'project_id': '5d325f1b277d4a629c331f58e2d00f65', 'project_name': 'tempest-TenantUsagesNegativeTestJSON-1601765190', 'tenant_id': '5d325f1b277d4a629c331f58e2d00f65', 'tenant_name': 'tempest-TenantUsagesNegativeTestJSON-1601765190', 'user_domain_id': 'default', 'user_domain_name': 'Default', 'user_id': '7ffb203dd44e46e0b2db10a82a4dd602', 'system': None}, Network: None, Subnet: None, Router: None
2024-12-12 01:29:25.691 66558 INFO tempest.lib.common.dynamic_creds [-] Created isolated network resources for: credentials: Credentials: {'domain_id': 'default', 'domain_name': 'Default', 'username': 'tempest-TenantUsagesNegativeTestJSON-1601765190-project-member', 'project_domain_id': 'default', 'project_domain_name': 'Default', 'project_id': '5d325f1b277d4a629c331f58e2d00f65', 'project_name': 'tempest-TenantUsagesNegativeTestJSON-1601765190', 'tenant_id': '5d325f1b277d4a629c331f58e2d00f65', 'tenant_name': 'tempest-TenantUsagesNegativeTestJSON-1601765190', 'user_domain_id': 'default', 'user_domain_name': 'Default', 'user_id': '7ffb203dd44e46e0b2db10a82a4dd602', 'system': None}, Network: None, Subnet: None, Router: None
2024-12-12 01:29:25.717 66564 INFO tempest.lib.common.rest_client [req-c5bfc462-0dce-45b5-b53d-3750d41a9ca1 req-c5bfc462-0dce-45b5-b53d-3750d41a9ca1 ] Request (AbsoluteLimitsNegativeTestJSON:tearDownClass): 204 DELETE http://10.180.1.21:9696/networking/v2.0/security-groups/956fdb32-36fd-4f9e-af57-45d6fc69a2c0 0.106s
2024-12-12 01:29:25.760 66558 INFO tempest.lib.common.rest_client [req-ef34adcd-3d22-4657-9622-481c614bfe7c req-ef34adcd-3d22-4657-9622-481c614bfe7c ] Request (TenantUsagesNegativeTestJSON:setUpClass): 201 POST http://10.180.1.21/identity/v3/auth/tokens 0.065s
2024-12-12 01:29:25.837 66558 INFO tempest.lib.common.rest_client [req-208ca9f0-eb0a-40c8-9bea-d87160d6e82c req-208ca9f0-eb0a-40c8-9bea-d87160d6e82c ] Request (TenantUsagesNegativeTestJSON:setUpClass): 201 POST http://10.180.1.21/identity/v3/projects 0.077s
2024-12-12 01:29:25.843 66564 INFO tempest.lib.common.rest_client [req-a78d8ec9-c17c-4852-8cce-a89348b07a8c req-a78d8ec9-c17c-4852-8cce-a89348b07a8c ] Request (AbsoluteLimitsNegativeTestJSON:tearDownClass): 204 DELETE http://10.180.1.21/identity/v3/projects/82bdc69bb5c94aebb3c708b7e012baf2 0.125s
2024-12-12 01:29:25.900 66564 INFO tempest.lib.common.rest_client [req-b86fb888-7103-4f6f-927f-b8e7564e47d4 req-b86fb888-7103-4f6f-927f-b8e7564e47d4 ] Request (ServerDiskConfigTestJSON:setUpClass): 201 POST http://10.180.1.21/identity/v3/auth/tokens 0.052s
2024-12-12 01:29:25.904 66558 INFO tempest.lib.common.rest_client [req-b602b676-db39-4463-991a-2b89ddc944b2 req-b602b676-db39-4463-991a-2b89ddc944b2 ] Request (TenantUsagesNegativeTestJSON:setUpClass): 201 POST http://10.180.1.21/identity/v3/users 0.066s
2024-12-12 01:29:25.925 66558 INFO tempest.lib.common.rest_client [req-a627eb31-2ff2-4ae0-a0c2-e301d4aec8c4 req-a627eb31-2ff2-4ae0-a0c2-e301d4aec8c4 ] Request (TenantUsagesNegativeTestJSON:setUpClass): 200 GET http://10.180.1.21/identity/v3/roles 0.020s
2024-12-12 01:29:25.928 66564 INFO tempest.lib.common.rest_client [req-1c0692c4-3524-46c9-8df6-d574305d2c69 req-1c0692c4-3524-46c9-8df6-d574305d2c69 ] Request (ServerDiskConfigTestJSON:setUpClass): 201 POST http://10.180.1.21/identity/v3/auth/tokens 0.025s
2024-12-12 01:29:25.930 66582 INFO tempest.lib.common.rest_client [req-438476e5-f840-47c2-95ce-464e4b2bc748 req-438476e5-f840-47c2-95ce-464e4b2bc748 ] Request (SecurityGroupsTestAdminJSON:test_list_security_groups_list_all_tenants_filter): 200 POST http://10.180.1.21/compute/v2.1/os-security-groups 3.732s
2024-12-12 01:29:25.960 66564 INFO tempest.lib.common.rest_client [req-95638ee3-c642-4375-9a7c-d90ebc3adcee req-95638ee3-c642-4375-9a7c-d90ebc3adcee ] Request (ServerDiskConfigTestJSON:setUpClass): 200 GET http://10.180.1.21/identity/v3/domains?name=Default 0.031s
2024-12-12 01:29:25.969 66558 INFO tempest.lib.common.rest_client [req-05cae8e5-64fc-4c90-b8db-3b6def5a17a8 req-05cae8e5-64fc-4c90-b8db-3b6def5a17a8 ] Request (TenantUsagesNegativeTestJSON:setUpClass): 204 PUT http://10.180.1.21/identity/v3/projects/7bb2f842829c4e529316b6cd63e8fa95/users/50ae18e17f8346e784b2b79f1a016567/roles/0c8fa181163e4a84baa53ea5278f92f3 0.044s
2024-12-12 01:29:26.021 66558 INFO tempest.lib.common.rest_client [req-d3223d59-8363-455f-baba-f9ef9fcf3d86 req-d3223d59-8363-455f-baba-f9ef9fcf3d86 ] Request (TenantUsagesNegativeTestJSON:setUpClass): 200 GET http://10.180.1.21/identity/v3/roles 0.051s
2024-12-12 01:29:26.031 66564 INFO tempest.lib.common.rest_client [req-3bc55be8-f1ba-406f-af91-3e8b07007019 req-3bc55be8-f1ba-406f-af91-3e8b07007019 ] Request (ServerDiskConfigTestJSON:setUpClass): 201 POST http://10.180.1.21/identity/v3/projects 0.070s
2024-12-12 01:29:26.046 66558 INFO tempest.lib.common.rest_client [req-a7bb2c38-562a-4331-a204-e8b3ff51501b req-a7bb2c38-562a-4331-a204-e8b3ff51501b ] Request (TenantUsagesNegativeTestJSON:setUpClass): 204 PUT http://10.180.1.21/identity/v3/projects/7bb2f842829c4e529316b6cd63e8fa95/users/50ae18e17f8346e784b2b79f1a016567/roles/0c8fa181163e4a84baa53ea5278f92f3 0.025s
2024-12-12 01:29:26.046 66558 INFO tempest.lib.common.dynamic_creds [-] Dynamic test user 50ae18e17f8346e784b2b79f1a016567 is created with scope project and roles: ['admin']
2024-12-12 01:29:26.046 66558 INFO tempest.lib.common.dynamic_creds [-] Acquired dynamic creds: credentials: Credentials: {'domain_id': 'default', 'domain_name': 'Default', 'username': 'tempest-TenantUsagesNegativeTestJSON-465172748-project-admin', 'project_domain_id': 'default', 'project_domain_name': 'Default', 'project_id': '7bb2f842829c4e529316b6cd63e8fa95', 'project_name': 'tempest-TenantUsagesNegativeTestJSON-465172748', 'tenant_id': '7bb2f842829c4e529316b6cd63e8fa95', 'tenant_name': 'tempest-TenantUsagesNegativeTestJSON-465172748', 'user_domain_id': 'default', 'user_domain_name': 'Default', 'user_id': '50ae18e17f8346e784b2b79f1a016567', 'system': None}, Network: None, Subnet: None, Router: None
2024-12-12 01:29:26.047 66558 INFO tempest.lib.common.dynamic_creds [-] Created isolated network resources for: credentials: Credentials: {'domain_id': 'default', 'domain_name': 'Default', 'username': 'tempest-TenantUsagesNegativeTestJSON-465172748-project-admin', 'project_domain_id': 'default', 'project_domain_name': 'Default', 'project_id': '7bb2f842829c4e529316b6cd63e8fa95', 'project_name': 'tempest-TenantUsagesNegativeTestJSON-465172748', 'tenant_id': '7bb2f842829c4e529316b6cd63e8fa95', 'tenant_name': 'tempest-TenantUsagesNegativeTestJSON-465172748', 'user_domain_id': 'default', 'user_domain_name': 'Default', 'user_id': '50ae18e17f8346e784b2b79f1a016567', 'system': None}, Network: None, Subnet: None, Router: None
2024-12-12 01:29:26.047 66600 INFO tempest.lib.common.rest_client [req-887162a0-3f58-4662-8ad8-33957312020c req-887162a0-3f58-4662-8ad8-33957312020c ] Request (ServerActionsV293TestJSON:setUpClass): 200 GET http://10.180.1.21/volume/v3/volumes/83444f1f-6fbe-49cb-8cc3-56a7dbcbc96f 0.029s
2024-12-12 01:29:26.089 66578 INFO tempest.lib.common.rest_client [req-9db653a1-ab88-45b5-b390-bed224567ba3 req-9db653a1-ab88-45b5-b390-bed224567ba3 ] Request (InstanceActionsTestJSON:setUpClass): 201 POST http://10.180.1.21:9696/networking/v2.0/networks 0.414s
2024-12-12 01:29:26.135 66564 INFO tempest.lib.common.rest_client [req-96420f89-bd7d-4f3b-bdf6-7060ac9ac390 req-96420f89-bd7d-4f3b-bdf6-7060ac9ac390 ] Request (ServerDiskConfigTestJSON:setUpClass): 201 POST http://10.180.1.21/identity/v3/users 0.103s
2024-12-12 01:29:26.142 66558 INFO tempest.lib.common.rest_client [req-d5c55927-83a5-464e-a81a-b563bef23382 req-d5c55927-83a5-464e-a81a-b563bef23382 ] Request (TenantUsagesNegativeTestJSON:setUpClass): 201 POST http://10.180.1.21/identity/v3/auth/tokens 0.091s
2024-12-12 01:29:26.152 66564 INFO tempest.lib.common.rest_client [req-9ca33758-9770-4fb4-93e9-b886e530116f req-9ca33758-9770-4fb4-93e9-b886e530116f ] Request (ServerDiskConfigTestJSON:setUpClass): 200 GET http://10.180.1.21/identity/v3/roles 0.016s
2024-12-12 01:29:26.192 66564 INFO tempest.lib.common.rest_client [req-5fdad2f4-51dc-477a-803a-70bd697415da req-5fdad2f4-51dc-477a-803a-70bd697415da ] Request (ServerDiskConfigTestJSON:setUpClass): 204 PUT http://10.180.1.21/identity/v3/projects/4c7d5b4fe1064c71becc5699e8467387/users/e74422c2acac44a8a8303c0135989297/roles/9089c2f20ebf4d029641424c20f24331 0.039s
2024-12-12 01:29:26.192 66564 INFO tempest.lib.common.dynamic_creds [-] Dynamic test user e74422c2acac44a8a8303c0135989297 is created with scope project and roles: ['member']
2024-12-12 01:29:26.192 66564 INFO tempest.lib.common.dynamic_creds [-] Acquired dynamic creds: credentials: Credentials: {'domain_id': 'default', 'domain_name': 'Default', 'username': 'tempest-ServerDiskConfigTestJSON-1432183628-project-member', 'project_domain_id': 'default', 'project_domain_name': 'Default', 'project_id': '4c7d5b4fe1064c71becc5699e8467387', 'project_name': 'tempest-ServerDiskConfigTestJSON-1432183628', 'tenant_id': '4c7d5b4fe1064c71becc5699e8467387', 'tenant_name': 'tempest-ServerDiskConfigTestJSON-1432183628', 'user_domain_id': 'default', 'user_domain_name': 'Default', 'user_id': 'e74422c2acac44a8a8303c0135989297', 'system': None}, Network: None, Subnet: None, Router: None
2024-12-12 01:29:26.220 66576 INFO tempest.lib.common.rest_client [req-0a074513-9ca0-4e9e-9fdb-ee38f9c793d4 req-0a074513-9ca0-4e9e-9fdb-ee38f9c793d4 ] Request (SecurityGroupRulesTestJSON:_run_cleanups): 202 DELETE http://10.180.1.21/compute/v2.1/os-security-group-rules/986fc807-56b1-4ed9-a624-84314f6e88bf 3.078s
2024-12-12 01:29:26.254 66564 INFO tempest.lib.common.rest_client [req-81dc3aa9-b8f6-4c31-80e4-2bc6a89c86b0 req-81dc3aa9-b8f6-4c31-80e4-2bc6a89c86b0 ] Request (ServerDiskConfigTestJSON:setUpClass): 201 POST http://10.180.1.21/identity/v3/auth/tokens 0.062s
2024-12-12 01:29:26.357 66578 INFO tempest.lib.common.rest_client [req-282663a1-5f22-43a1-a7f9-cbd5fbbbd753 req-282663a1-5f22-43a1-a7f9-cbd5fbbbd753 ] Request (InstanceActionsTestJSON:setUpClass): 201 POST http://10.180.1.21:9696/networking/v2.0/subnets 0.267s
2024-12-12 01:29:26.685 66614 INFO tempest.lib.common.rest_client [req-8308bdf0-9467-4cf9-830a-5f7a449f6ae1 req-8308bdf0-9467-4cf9-830a-5f7a449f6ae1 ] Request (ServersTestJSON:setUpClass): 201 POST http://10.180.1.21:9696/networking/v2.0/routers 2.809s
2024-12-12 01:29:27.012 66596 INFO tempest.lib.common.rest_client [req-7cf90517-6748-4723-bdff-79f907da68ca req-7cf90517-6748-4723-bdff-79f907da68ca ] Request (FloatingIPDetailsTestJSON:test_get_floating_ip_details): 200 POST http://10.180.1.21/compute/v2.1/os-floating-ips 3.909s
2024-12-12 01:29:27.038 66593 INFO tempest.lib.common.rest_client [req-7daec3e7-5400-499b-8c8b-5e18d1ff74e0 req-7daec3e7-5400-499b-8c8b-5e18d1ff74e0 ] Request (KeyPairsV22TestJSON:_run_cleanups): 204 DELETE http://10.180.1.21/compute/v2.1/os-keypairs/tempest-KeyPairsV22TestJSON-keypair-1170348187 3.524s
2024-12-12 01:29:27.071 66564 INFO tempest.lib.common.rest_client [req-e7a23be1-e2a6-43e3-8d96-dc38731fdf07 req-e7a23be1-e2a6-43e3-8d96-dc38731fdf07 ] Request (ServerDiskConfigTestJSON:setUpClass): 201 POST http://10.180.1.21:9696/networking/v2.0/networks 0.816s
2024-12-12 01:29:27.098 66600 INFO tempest.lib.common.rest_client [req-5b802a40-3cb3-4faf-8c5c-f218987c3ff2 req-5b802a40-3cb3-4faf-8c5c-f218987c3ff2 ] Request (ServerActionsV293TestJSON:setUpClass): 200 GET http://10.180.1.21/volume/v3/volumes/83444f1f-6fbe-49cb-8cc3-56a7dbcbc96f 0.041s
2024-12-12 01:29:27.161 66602 INFO tempest.lib.common.rest_client [req-e6259e56-852e-4809-b72b-99320ac05d82 req-e6259e56-852e-4809-b72b-99320ac05d82 ] Request (VolumesAssistedSnapshotsTest:test_volume_assisted_snapshot_create_delete): 200 GET http://10.180.1.21/compute/v2.1/servers/277f271f-6f65-4d7b-af1c-e3383b78d775/os-interface 3.646s
2024-12-12 01:29:27.508 66610 INFO tempest.lib.common.rest_client [req-a486e1b3-27ca-463f-af74-c7d08e2b03f3 req-a486e1b3-27ca-463f-af74-c7d08e2b03f3 ] Request (VolumesAdminNegativeTest:test_update_attached_volume_with_nonexistent_volume_in_body): 202 POST http://10.180.1.21/compute/v2.1/servers 4.027s
2024-12-12 01:29:27.596 66590 INFO tempest.lib.common.rest_client [req-16f29055-e50e-44e5-8582-fd3a41e3b78c req-16f29055-e50e-44e5-8582-fd3a41e3b78c ] Request (FloatingIPsTestJSON:test_allocate_floating_ip): 200 GET http://10.180.1.21/compute/v2.1/os-floating-ips 3.985s
2024-12-12 01:29:27.615 66562 INFO tempest.lib.common.rest_client [req-da10ca4f-c7ae-4c43-b7d5-fe0f752f4cdc req-da10ca4f-c7ae-4c43-b7d5-fe0f752f4cdc ] Request (FlavorsAdminTestJSON:test_is_public_string_variations): 200 GET http://10.180.1.21/compute/v2.1/flavors/detail?is_public=f 3.853s
2024-12-12 01:29:27.683 66584 INFO tempest.lib.common.rest_client [req-a7f20293-4aa6-46f6-91f6-f5e1cafb60e8 req-a7f20293-4aa6-46f6-91f6-f5e1cafb60e8 ] Request (AggregatesAdminNegativeTestJSON:test_aggregate_remove_host_as_user): 200 POST http://10.180.1.21/compute/v2.1/os-aggregates/7/action 3.939s
2024-12-12 01:29:27.811 66560 INFO tempest.lib.common.rest_client [req-cb474876-43e1-4eda-8409-b17342e3c424 req-cb474876-43e1-4eda-8409-b17342e3c424 ] Request (SecurityGroupsNegativeTestJSON:setUpClass): 201 POST http://10.180.1.21:9696/networking/v2.0/routers 3.094s
2024-12-12 01:29:27.815 66574 INFO tempest.lib.common.rest_client [req-5f2a7c63-6101-477a-9526-43cd115c35b8 req-5f2a7c63-6101-477a-9526-43cd115c35b8 ] Request (QuotasAdminNegativeTest:test_create_server_when_instances_quota_is_full): 200 GET http://10.180.1.21/compute/v2.1/os-quota-sets/d05177b9dca546f49327aec97eb6c198 4.022s
2024-12-12 01:29:27.815 66578 INFO tempest.lib.common.rest_client [req-1f447bce-44ae-4817-9a03-7dd2c0b31c90 req-1f447bce-44ae-4817-9a03-7dd2c0b31c90 ] Request (InstanceActionsTestJSON:setUpClass): 201 POST http://10.180.1.21:9696/networking/v2.0/routers 1.457s
2024-12-12 01:29:27.821 66594 INFO tempest.lib.common.rest_client [req-0f8ca71d-825b-4156-b85c-fef1357f8fac req-0f8ca71d-825b-4156-b85c-fef1357f8fac ] Request (FlavorsExtraSpecsNegativeTestJSON:test_flavor_non_admin_unset_keys): 403 DELETE http://10.180.1.21/compute/v2.1/flavors/1796989247/os-extra_specs/hw:numa_nodes 3.824s
2024-12-12 01:29:28.009 66570 INFO tempest.lib.common.rest_client [req-ef726106-edfb-4fe5-b779-edfad7973da6 req-ef726106-edfb-4fe5-b779-edfad7973da6 ] Request (ServersWithSpecificFlavorTestJSON:test_verify_created_server_ephemeral_disk): 200 GET http://10.180.1.21/compute/v2.1/servers/b04481d2-d1cf-46e7-98c6-e714cf8c10c0/os-interface 4.100s
2024-12-12 01:29:28.125 66564 INFO tempest.lib.common.rest_client [req-3b80b3bb-df86-4d3f-879a-74a30709422f req-3b80b3bb-df86-4d3f-879a-74a30709422f ] Request (ServerDiskConfigTestJSON:setUpClass): 201 POST http://10.180.1.21:9696/networking/v2.0/subnets 1.053s
2024-12-12 01:29:28.136 66600 INFO tempest.lib.common.rest_client [req-1b90353c-6841-4fd1-80d5-7ea6e3b4d5c2 req-1b90353c-6841-4fd1-80d5-7ea6e3b4d5c2 ] Request (ServerActionsV293TestJSON:setUpClass): 200 GET http://10.180.1.21/volume/v3/volumes/83444f1f-6fbe-49cb-8cc3-56a7dbcbc96f 0.028s
2024-12-12 01:29:28.365 66586 INFO tempest.lib.common.rest_client [req-94b7b862-f957-48ea-a098-0ff6814f3760 req-94b7b862-f957-48ea-a098-0ff6814f3760 ] Request (ServersAdminNegativeTestJSON:setUpClass): 200 GET http://10.180.1.21/compute/v2.1/servers/21b50399-6922-44e4-b104-b20a62d9d9a2 4.087s
2024-12-12 01:29:28.377 66586 INFO tempest.common.waiters [-] State transition "BUILD/spawning" ==> "ACTIVE/None" after 25 second wait
2024-12-12 01:29:28.473 66612 INFO tempest.lib.common.rest_client [req-fe0d80f8-a4da-401f-b408-28b054d51b24 req-fe0d80f8-a4da-401f-b408-28b054d51b24 ] Request (SecurityGroupRulesNegativeTestJSON:test_create_security_group_rule_duplicate): 400 POST http://10.180.1.21/compute/v2.1/os-security-group-rules 4.146s
2024-12-12 01:29:28.551 66572 WARNING tempest.lib.common.ssh [-] Failed to establish authenticated ssh connection to cirros@10.180.180.145 ([Errno None] Unable to connect to port 22 on 10.180.180.145). Number attempts: 2. Retry after 3 seconds.: paramiko.ssh_exception.NoValidConnectionsError: [Errno None] Unable to connect to port 22 on 10.180.180.145
2024-12-12 01:29:28.579 66616 INFO tempest.lib.common.rest_client [req-bc73cf5d-fcc9-4dc8-9bb0-32994fc62e72 req-bc73cf5d-fcc9-4dc8-9bb0-32994fc62e72 ] Request (ListImageFiltersTestJSON:setUpClass): 200 GET http://10.180.1.21/compute/v2.1/servers/f9196911-d1ae-4b4a-a4be-08ec3690d516 4.271s
2024-12-12 01:29:28.821 66602 INFO tempest.lib.common.rest_client [req-cf4c8024-fd63-42ad-8b29-023072ca8e08 req-cf4c8024-fd63-42ad-8b29-023072ca8e08 ] Request (VolumesAssistedSnapshotsTest:test_volume_assisted_snapshot_create_delete): 200 PUT http://10.180.1.21:9696/networking/v2.0/floatingips/fd0006ee-94c0-4d0a-b291-0d3505d753c5 1.657s
2024-12-12 01:29:28.822 66602 INFO tempest.lib.common.ssh [-] Creating ssh connection to '10.180.180.180:22' as 'cirros' with public key authentication
2024-12-12 01:29:29.183 66600 INFO tempest.lib.common.rest_client [req-4c5855ad-fd22-4521-bdf6-a4d43cdb2f53 req-4c5855ad-fd22-4521-bdf6-a4d43cdb2f53 ] Request (ServerActionsV293TestJSON:setUpClass): 200 GET http://10.180.1.21/volume/v3/volumes/83444f1f-6fbe-49cb-8cc3-56a7dbcbc96f 0.034s
2024-12-12 01:29:29.315 66588 INFO tempest.lib.common.rest_client [req-5ebd9064-549b-420b-a6c8-bd0a4b5298f1 req-5ebd9064-549b-420b-a6c8-bd0a4b5298f1 ] Request (ImagesOneServerTestJSON:setUpClass): 200 GET http://10.180.1.21/compute/v2.1/servers/dafca806-482e-476d-aac6-f4844403efb3 4.804s
2024-12-12 01:29:29.331 66614 INFO tempest.lib.common.rest_client [req-9bd1285a-59f4-4fa3-87f8-60b0d29ae3c4 req-9bd1285a-59f4-4fa3-87f8-60b0d29ae3c4 ] Request (ServersTestJSON:setUpClass): 200 PUT http://10.180.1.21:9696/networking/v2.0/routers/431850dd-1566-4df1-a1f0-64a37b855546/add_router_interface 2.646s
2024-12-12 01:29:29.332 66614 INFO tempest.lib.common.dynamic_creds [-] Created isolated network resources for: credentials: Credentials: {'domain_id': 'default', 'domain_name': 'Default', 'username': 'tempest-ServersTestJSON-45021569-project-member', 'project_domain_id': 'default', 'project_domain_name': 'Default', 'project_id': '19c00de2f25148af9cc4f12b4db3af83', 'project_name': 'tempest-ServersTestJSON-45021569', 'tenant_id': '19c00de2f25148af9cc4f12b4db3af83', 'tenant_name': 'tempest-ServersTestJSON-45021569', 'user_domain_id': 'default', 'user_domain_name': 'Default', 'user_id': '3448ccce565a47069fcdf0e4ece09cc1', 'system': None}, Network: {'id': 'fd0bd2c4-6689-47a4-bef4-1ddbb250a1aa', 'name': 'tempest-ServersTestJSON-2140065026-network', 'tenant_id': '19c00de2f25148af9cc4f12b4db3af83', 'admin_state_up': True, 'mtu': 8950, 'status': 'ACTIVE', 'subnets': [], 'shared': False, 'project_id': '19c00de2f25148af9cc4f12b4db3af83', 'port_security_enabled': True, 'router:external': False, 'provider:network_type': 'vlan', 'provider:physical_network': 'default', 'provider:segmentation_id': 503, 'availability_zone_hints': [], 'availability_zones': [], 'ipv4_address_scope': None, 'ipv6_address_scope': None, 'description': '', 'tags': [], 'created_at': '2024-12-12T01:29:22Z', 'updated_at': '2024-12-12T01:29:22Z', 'revision_number': 1}, Subnet: {'id': 'f27eaf81-3e8c-497f-a5b4-0f5b2ef5137d', 'name': 'tempest-ServersTestJSON-2140065026-subnet', 'tenant_id': '19c00de2f25148af9cc4f12b4db3af83', 'network_id': 'fd0bd2c4-6689-47a4-bef4-1ddbb250a1aa', 'ip_version': 4, 'subnetpool_id': None, 'enable_dhcp': True, 'ipv6_ra_mode': None, 'ipv6_address_mode': None, 'gateway_ip': '192.168.128.1', 'cidr': '192.168.128.0/28', 'allocation_pools': [{'start': '192.168.128.2', 'end': '192.168.128.14'}], 'host_routes': [], 'dns_nameservers': [], 'description': '', 'router:external': False, 'service_types': [], 'tags': [], 'created_at': '2024-12-12T01:29:23Z', 'updated_at': '2024-12-12T01:29:23Z', 'revision_number': 0, 'project_id': '19c00de2f25148af9cc4f12b4db3af83'}, Router: {'id': '431850dd-1566-4df1-a1f0-64a37b855546', 'name': 'tempest-ServersTestJSON-2140065026-router', 'tenant_id': '19c00de2f25148af9cc4f12b4db3af83', 'admin_state_up': True, 'status': 'ACTIVE', 'external_gateway_info': {'network_id': 'f03ef469-5934-4a2e-9bd5-5f1dfb0912c7', 'external_fixed_ips': [{'subnet_id': '1f276d01-f4d2-4cce-b604-5c2f3f9a8ea4', 'ip_address': '10.180.180.237'}], 'enable_snat': True}, 'description': '', 'availability_zones': [], 'distributed': False, 'ha': False, 'availability_zone_hints': [], 'routes': [], 'flavor_id': None, 'tags': [], 'created_at': '2024-12-12T01:29:23Z', 'updated_at': '2024-12-12T01:29:25Z', 'revision_number': 2, 'project_id': '19c00de2f25148af9cc4f12b4db3af83'}
2024-12-12 01:29:29.362 66608 INFO tempest.lib.common.rest_client [req-5c962c69-c49e-4482-82c8-690cba85f107 req-5c962c69-c49e-4482-82c8-690cba85f107 ] Request (ServersAdminTestJSON:setUpClass): 200 GET http://10.180.1.21/compute/v2.1/servers/e3195d58-9c75-4fcc-8e4b-0c30bd69e311 4.767s
2024-12-12 01:29:29.372 66608 INFO tempest.common.waiters [-] State transition "BUILD/None" ==> "BUILD/spawning" after 6 second wait
2024-12-12 01:29:29.441 66618 INFO tempest.lib.common.rest_client [req-65b1097a-5ebb-4d26-b416-cf0ba252b1e0 req-65b1097a-5ebb-4d26-b416-cf0ba252b1e0 ] Request (QuotasAdminTestJSON:test_get_default_quotas): 200 GET http://10.180.1.21/compute/v2.1/os-quota-sets/3bfd6f0e636c408d84ec7ce09973d2d8/defaults 4.807s
2024-12-12 01:29:29.444 66614 INFO tempest.lib.common.rest_client [req-cf45cfff-9f7e-4bde-8daf-bb263c84b61d req-cf45cfff-9f7e-4bde-8daf-bb263c84b61d ] Request (ServersTestJSON:setUpClass): 201 POST http://10.180.1.21/identity/v3/auth/tokens 0.107s
2024-12-12 01:29:29.474 66618 INFO tempest.lib.common.rest_client [req-a58a6dc0-1035-4097-81c6-da74710802fb req-a58a6dc0-1035-4097-81c6-da74710802fb ] Request (QuotasAdminTestJSON:test_get_updated_quotas): 200 GET http://10.180.1.21/identity/v3/domains?name=Default 0.027s
2024-12-12 01:29:29.527 66618 INFO tempest.lib.common.rest_client [req-bf71a70c-e41c-4e57-8aff-103ebd93961f req-bf71a70c-e41c-4e57-8aff-103ebd93961f ] Request (QuotasAdminTestJSON:test_get_updated_quotas): 201 POST http://10.180.1.21/identity/v3/projects 0.052s
2024-12-12 01:29:29.580 66620 INFO tempest.lib.common.rest_client [req-c3961f4a-8566-4bc3-8d0b-ffbf5e92da1f req-c3961f4a-8566-4bc3-8d0b-ffbf5e92da1f ] Request (ServerDiagnosticsTest:tearDownClass): 200 GET http://10.180.1.21/compute/v2.1/servers/a5fd1d2f-7006-4400-84ba-63cb62e46194 4.703s
2024-12-12 01:29:29.587 66620 INFO tempest.common.waiters [-] State transition "ACTIVE/deleting" ==> "DELETED/None" after 6 second wait
2024-12-12 01:29:29.601 66618 INFO tempest.lib.common.rest_client [req-d07a7431-9935-4074-89a5-d3d2683e341d req-d07a7431-9935-4074-89a5-d3d2683e341d ] Request (QuotasAdminTestJSON:test_get_updated_quotas): 200 GET http://10.180.1.21/identity/v3/domains?name=Default 0.074s
2024-12-12 01:29:29.609 66604 INFO tempest.lib.common.rest_client [req-261cb5c0-539b-4211-ad5a-ff1a51c1b9fc req-261cb5c0-539b-4211-ad5a-ff1a51c1b9fc ] Request (DeleteServersAdminTestJSON:test_admin_delete_servers_of_others): 404 GET http://10.180.1.21/compute/v2.1/servers/ea561adf-aa56-465b-a0fe-b1f5faf3dc56 4.624s
2024-12-12 01:29:29.702 66604 INFO tempest.lib.common.rest_client [req-5fdaaf01-c413-49d3-ae1c-b5fb76d46ddd req-5fdaaf01-c413-49d3-ae1c-b5fb76d46ddd ] Request (DeleteServersAdminTestJSON:test_delete_server_while_in_error_state): 201 POST http://10.180.1.21/identity/v3/auth/tokens 0.077s
2024-12-12 01:29:29.702 66604 INFO tempest.lib.common.fixed_network [-] (DeleteServersAdminTestJSON:test_delete_server_while_in_error_state) Found network None available for tenant
2024-12-12 01:29:29.730 66568 INFO tempest.lib.common.rest_client [req-aafc29e2-5e90-488a-8298-ff9172cf7e50 req-aafc29e2-5e90-488a-8298-ff9172cf7e50 ] Request (MigrationsAdminTest:test_list_migrations_in_flavor_resize_situation): 200 GET http://10.180.1.21/compute/v2.1/servers/03448a20-9731-4076-bf51-852e9fc7f016 5.001s
2024-12-12 01:29:29.794 66578 INFO tempest.lib.common.rest_client [req-05769bf5-50a2-4a35-8e9b-724e7e1bcc5a req-05769bf5-50a2-4a35-8e9b-724e7e1bcc5a ] Request (InstanceActionsTestJSON:setUpClass): 200 PUT http://10.180.1.21:9696/networking/v2.0/routers/cf3db786-e4c6-45fa-b98f-c6997ebc4a8b/add_router_interface 1.977s
2024-12-12 01:29:29.795 66578 INFO tempest.lib.common.dynamic_creds [-] Created isolated network resources for: credentials: Credentials: {'domain_id': 'default', 'domain_name': 'Default', 'username': 'tempest-InstanceActionsTestJSON-1047642484-project-member', 'project_domain_id': 'default', 'project_domain_name': 'Default', 'project_id': 'c2d5e11c2159451ca0514f08f33839f8', 'project_name': 'tempest-InstanceActionsTestJSON-1047642484', 'tenant_id': 'c2d5e11c2159451ca0514f08f33839f8', 'tenant_name': 'tempest-InstanceActionsTestJSON-1047642484', 'user_domain_id': 'default', 'user_domain_name': 'Default', 'user_id': '4d3ed958ac694e0ab62404a708bb28f8', 'system': None}, Network: {'id': 'd115d4db-fbce-4548-bc36-41c4537ca974', 'name': 'tempest-InstanceActionsTestJSON-382786363-network', 'tenant_id': 'c2d5e11c2159451ca0514f08f33839f8', 'admin_state_up': True, 'mtu': 8950, 'status': 'ACTIVE', 'subnets': [], 'shared': False, 'project_id': 'c2d5e11c2159451ca0514f08f33839f8', 'port_security_enabled': True, 'router:external': False, 'provider:network_type': 'vlan', 'provider:physical_network': 'default', 'provider:segmentation_id': 432, 'availability_zone_hints': [], 'availability_zones': [], 'ipv4_address_scope': None, 'ipv6_address_scope': None, 'description': '', 'tags': [], 'created_at': '2024-12-12T01:29:25Z', 'updated_at': '2024-12-12T01:29:25Z', 'revision_number': 1}, Subnet: {'id': '93f3a783-b2ad-48ed-9d5c-d6aa24ea24b2', 'name': 'tempest-InstanceActionsTestJSON-382786363-subnet', 'tenant_id': 'c2d5e11c2159451ca0514f08f33839f8', 'network_id': 'd115d4db-fbce-4548-bc36-41c4537ca974', 'ip_version': 4, 'subnetpool_id': None, 'enable_dhcp': True, 'ipv6_ra_mode': None, 'ipv6_address_mode': None, 'gateway_ip': '192.168.128.1', 'cidr': '192.168.128.0/28', 'allocation_pools': [{'start': '192.168.128.2', 'end': '192.168.128.14'}], 'host_routes': [], 'dns_nameservers': [], 'description': '', 'router:external': False, 'service_types': [], 'tags': [], 'created_at': '2024-12-12T01:29:26Z', 'updated_at': '2024-12-12T01:29:26Z', 'revision_number': 0, 'project_id': 'c2d5e11c2159451ca0514f08f33839f8'}, Router: {'id': 'cf3db786-e4c6-45fa-b98f-c6997ebc4a8b', 'name': 'tempest-InstanceActionsTestJSON-382786363-router', 'tenant_id': 'c2d5e11c2159451ca0514f08f33839f8', 'admin_state_up': True, 'status': 'ACTIVE', 'external_gateway_info': {'network_id': 'f03ef469-5934-4a2e-9bd5-5f1dfb0912c7', 'external_fixed_ips': [{'subnet_id': '1f276d01-f4d2-4cce-b604-5c2f3f9a8ea4', 'ip_address': '10.180.180.159'}], 'enable_snat': True}, 'description': '', 'availability_zones': [], 'distributed': False, 'ha': False, 'availability_zone_hints': [], 'routes': [], 'flavor_id': None, 'tags': [], 'created_at': '2024-12-12T01:29:26Z', 'updated_at': '2024-12-12T01:29:26Z', 'revision_number': 2, 'project_id': 'c2d5e11c2159451ca0514f08f33839f8'}
2024-12-12 01:29:29.879 66578 INFO tempest.lib.common.rest_client [req-0afa440b-5901-4d9e-a8ee-f3f8386e3c9c req-0afa440b-5901-4d9e-a8ee-f3f8386e3c9c ] Request (InstanceActionsTestJSON:setUpClass): 201 POST http://10.180.1.21/identity/v3/auth/tokens 0.079s
2024-12-12 01:29:29.920 66578 INFO tempest.lib.common.rest_client [req-e332dbca-068b-4d5f-9778-eec8bf2bad52 req-e332dbca-068b-4d5f-9778-eec8bf2bad52 ] Request (InstanceActionsTestJSON:setUpClass): 201 POST http://10.180.1.21/identity/v3/auth/tokens 0.038s
