2024-12-12 01:31:24.035 66576 INFO tempest.lib.common.rest_client [req-818ee7a1-cb8e-4923-89c5-254494c0d267 req-818ee7a1-cb8e-4923-89c5-254494c0d267 ] Request (VolumesTestJSON:setUpClass): 201 POST http://10.180.1.21/identity/v3/auth/tokens 0.062s
2024-12-12 01:31:24.050 66558 INFO tempest.lib.common.rest_client [req-d2134401-a7de-4f05-bb64-f8790baf8f02 req-d2134401-a7de-4f05-bb64-f8790baf8f02 ] Request (AttachVolumeNegativeTest:test_attach_attached_volume_to_different_server): 200 GET http://10.180.1.21/compute/v2.1/servers/2b5c87fe-1c80-4cb9-86fe-4dd083322e71 0.169s
2024-12-12 01:31:24.067 66576 INFO tempest.lib.common.rest_client [req-868c5367-a304-4202-8fcc-3c6a6e0ec316 req-868c5367-a304-4202-8fcc-3c6a6e0ec316 ] Request (VolumesTestJSON:setUpClass): 201 POST http://10.180.1.21/identity/v3/auth/tokens 0.028s
2024-12-12 01:31:24.093 66576 INFO tempest.lib.common.rest_client [req-b6abdeda-d056-4f2f-a9a3-38b0379b4f43 req-b6abdeda-d056-4f2f-a9a3-38b0379b4f43 ] Request (VolumesTestJSON:setUpClass): 200 GET http://10.180.1.21/identity/v3/domains?name=Default 0.025s
2024-12-12 01:31:24.110 66584 INFO tempest.lib.common.rest_client [req-b5339e6a-209c-4aea-a892-d0cccd630bd0 req-b5339e6a-209c-4aea-a892-d0cccd630bd0 ] Request (ServersAdmin275Test:tearDownClass): 200 GET http://10.180.1.21/compute/v2.1/servers/8234c07d-eb31-429f-b804-a3250ea396a0 0.168s
2024-12-12 01:31:24.119 66576 INFO tempest.lib.common.rest_client [req-5adc61e2-4582-49a8-b4eb-ee277574a777 req-5adc61e2-4582-49a8-b4eb-ee277574a777 ] Request (VolumesTestJSON:setUpClass): 201 POST http://10.180.1.21/identity/v3/projects 0.025s
2024-12-12 01:31:24.165 66566 INFO tempest.lib.common.rest_client [req-21136e5a-769f-4e1e-8c7b-f5503a54365a req-21136e5a-769f-4e1e-8c7b-f5503a54365a ] Request (ServerRescueTestJSON:setUpClass): 200 GET http://10.180.1.21/compute/v2.1/servers/1ed63f2e-9e74-4d64-96fb-7a3315793ca9 0.272s
2024-12-12 01:31:24.166 66593 INFO tempest.lib.common.rest_client [req-9aff21e5-bb62-40b9-a55f-2f6a40b1aab0 req-9aff21e5-bb62-40b9-a55f-2f6a40b1aab0 ] Request (ServersTestMultiNic:_run_cleanups): 200 GET http://10.180.1.21/compute/v2.1/servers/2f2bdef2-e31e-446b-beec-b6be1970dc9e 0.217s
2024-12-12 01:31:24.184 66576 INFO tempest.lib.common.rest_client [req-62b85d18-3a3b-4d7f-938a-e3efb8936cda req-62b85d18-3a3b-4d7f-938a-e3efb8936cda ] Request (VolumesTestJSON:setUpClass): 201 POST http://10.180.1.21/identity/v3/users 0.065s
2024-12-12 01:31:24.202 66576 INFO tempest.lib.common.rest_client [req-e23c91f1-211c-4b9e-b5f8-0a87e4d06b28 req-e23c91f1-211c-4b9e-b5f8-0a87e4d06b28 ] Request (VolumesTestJSON:setUpClass): 200 GET http://10.180.1.21/identity/v3/roles 0.016s
2024-12-12 01:31:24.222 66604 INFO tempest.lib.common.rest_client [req-e5db217a-4de8-47ea-93d5-89ef5edbe2c8 req-e5db217a-4de8-47ea-93d5-89ef5edbe2c8 ] Request (ServerAddressesNegativeTestJSON:setUpClass): 200 GET http://10.180.1.21/compute/v2.1/servers/a0d2d3ba-cc22-45b0-92a8-0510ec0d85f9 0.240s
2024-12-12 01:31:24.226 66576 INFO tempest.lib.common.rest_client [req-6011a6c6-e669-4e42-9366-f3bce8ce2022 req-6011a6c6-e669-4e42-9366-f3bce8ce2022 ] Request (VolumesTestJSON:setUpClass): 204 PUT http://10.180.1.21/identity/v3/projects/3839d676eb3740a59b8fa6d645b7cbd1/users/07eccc7b6c7441f4996fac2d4ae92a52/roles/9089c2f20ebf4d029641424c20f24331 0.023s
2024-12-12 01:31:24.226 66576 INFO tempest.lib.common.dynamic_creds [-] Dynamic test user 07eccc7b6c7441f4996fac2d4ae92a52 is created with scope project and roles: ['member']
2024-12-12 01:31:24.226 66576 INFO tempest.lib.common.dynamic_creds [-] Acquired dynamic creds: credentials: Credentials: {'domain_id': 'default', 'domain_name': 'Default', 'username': 'tempest-VolumesTestJSON-991287391-project-member', 'project_domain_id': 'default', 'project_domain_name': 'Default', 'project_id': '3839d676eb3740a59b8fa6d645b7cbd1', 'project_name': 'tempest-VolumesTestJSON-991287391', 'tenant_id': '3839d676eb3740a59b8fa6d645b7cbd1', 'tenant_name': 'tempest-VolumesTestJSON-991287391', 'user_domain_id': 'default', 'user_domain_name': 'Default', 'user_id': '07eccc7b6c7441f4996fac2d4ae92a52', 'system': None}, Network: None, Subnet: None, Router: None
2024-12-12 01:31:24.226 66576 INFO tempest.lib.common.dynamic_creds [-] Created isolated network resources for: credentials: Credentials: {'domain_id': 'default', 'domain_name': 'Default', 'username': 'tempest-VolumesTestJSON-991287391-project-member', 'project_domain_id': 'default', 'project_domain_name': 'Default', 'project_id': '3839d676eb3740a59b8fa6d645b7cbd1', 'project_name': 'tempest-VolumesTestJSON-991287391', 'tenant_id': '3839d676eb3740a59b8fa6d645b7cbd1', 'tenant_name': 'tempest-VolumesTestJSON-991287391', 'user_domain_id': 'default', 'user_domain_name': 'Default', 'user_id': '07eccc7b6c7441f4996fac2d4ae92a52', 'system': None}, Network: None, Subnet: None, Router: None
2024-12-12 01:31:24.229 66574 INFO tempest.lib.common.rest_client [req-167dac3e-95f0-4ffb-bb00-9fd5a2d081aa req-167dac3e-95f0-4ffb-bb00-9fd5a2d081aa ] Request (ServerMetadataNegativeTestJSON:tearDownClass): 200 GET http://10.180.1.21/compute/v2.1/servers/e1af2037-ebee-4ea8-aade-9949bb2c4891 0.221s
2024-12-12 01:31:24.249 66586 INFO tempest.lib.common.rest_client [req-f35e3020-3a32-4ce8-a60e-2ec380a44427 req-f35e3020-3a32-4ce8-a60e-2ec380a44427 ] Request (ImagesMetadataTestJSON:test_set_image_metadata): 200 GET http://10.180.1.21/compute/v2.1/images/4962370b-0e16-47e2-9608-05489085b321/metadata 0.227s
2024-12-12 01:31:24.282 66580 INFO tempest.lib.common.rest_client [req-11a310ee-410d-4674-9631-cbdf4a1ecf14 req-11a310ee-410d-4674-9631-cbdf4a1ecf14 ] Request (TenantUsagesTestJSON:tearDownClass): 200 GET http://10.180.1.21/compute/v2.1/servers/75e311d0-fb4c-40b4-b25e-ca9df8db5f8e 0.223s
2024-12-12 01:31:24.292 66576 INFO tempest.lib.common.rest_client [req-f64b4de9-1845-458d-829d-7efebc02b141 req-f64b4de9-1845-458d-829d-7efebc02b141 ] Request (VolumesTestJSON:setUpClass): 201 POST http://10.180.1.21/identity/v3/auth/tokens 0.063s
2024-12-12 01:31:24.307 66616 INFO tempest.lib.common.rest_client [req-3e0a6eef-8db8-4e3a-a33f-0c9daaf4ee75 req-3e0a6eef-8db8-4e3a-a33f-0c9daaf4ee75 ] Request (ListImageFiltersTestJSON:tearDownClass): 200 GET http://10.180.1.21/compute/v2.1/servers/f9196911-d1ae-4b4a-a4be-08ec3690d516 0.188s
2024-12-12 01:31:24.422 66620 INFO tempest.lib.common.rest_client [req-eea14581-0c62-4c74-96d9-1bd2328f2e3b req-eea14581-0c62-4c74-96d9-1bd2328f2e3b ] Request (ImagesTestJSON:test_create_image_from_suspended_server): 200 GET http://10.180.1.21/compute/v2.1/servers/b24c2e75-f48d-4dbc-b44c-88123b72046c 0.282s
2024-12-12 01:31:24.436 66568 INFO tempest.lib.common.rest_client [req-7fa93f36-ca38-41b2-b117-11094ef69612 req-7fa93f36-ca38-41b2-b117-11094ef69612 ] Request (MigrationsAdminTest:test_resize_server_revert_deleted_flavor): 200 GET http://10.180.1.21/compute/v2.1/servers/84f3ff00-94b2-4595-8046-865c3016fc77 0.223s
2024-12-12 01:31:24.461 66582 INFO tempest.lib.common.rest_client [req-1d569182-bfad-4d83-b7cc-67f5284aace3 req-1d569182-bfad-4d83-b7cc-67f5284aace3 ] Request (AttachInterfacesV270Test:tearDownClass): 404 GET http://10.180.1.21/compute/v2.1/servers/8d4c832d-e0b5-44ef-a8ce-0d5c6b8ed7ed 0.118s
2024-12-12 01:31:24.534 66576 INFO tempest.lib.common.rest_client [req-d6c5c100-31ab-44fa-8bd9-1034da5f90c3 req-d6c5c100-31ab-44fa-8bd9-1034da5f90c3 ] Request (VolumesTestJSON:setUpClass): 202 POST http://10.180.1.21/volume/v3/volumes 0.241s
2024-12-12 01:31:24.571 66576 INFO tempest.lib.common.rest_client [req-2b617b0f-cffc-49c6-909c-c4a9a96137cf req-2b617b0f-cffc-49c6-909c-c4a9a96137cf ] Request (VolumesTestJSON:setUpClass): 200 GET http://10.180.1.21/volume/v3/volumes/1baa4e0f-91f2-4daa-9ded-417ad42f6ddd 0.031s
2024-12-12 01:31:24.666 66586 INFO tempest.lib.common.rest_client [req-4ab5a0d8-a3a2-4bb7-86a9-a863f2a49719 req-4ab5a0d8-a3a2-4bb7-86a9-a863f2a49719 ] Request (ImagesMetadataTestJSON:setUp): 200 PUT http://10.180.1.21/compute/v2.1/images/4962370b-0e16-47e2-9608-05489085b321/metadata 0.415s
2024-12-12 01:31:24.694 66618 INFO tempest.lib.common.rest_client [req-84141915-73c1-425f-b8cf-8dd86a3df048 req-84141915-73c1-425f-b8cf-8dd86a3df048 ] Request (DeleteServersTestJSON:test_delete_active_server): 200 GET http://10.180.1.21/compute/v2.1/servers/84dd2032-59a7-48a3-8f4c-a1e7661e78a0 0.081s
2024-12-12 01:31:24.762 66606 INFO tempest.lib.common.rest_client [req-19ebc59e-e217-437e-a147-4f391eb2d3e3 req-19ebc59e-e217-437e-a147-4f391eb2d3e3 ] Request (FloatingIPsAssociationTestJSON:test_associate_already_associated_floating_ip): 200 GET http://10.180.1.21/compute/v2.1/servers/2a23b794-2acb-487c-901d-7aeca03aec83 0.086s
2024-12-12 01:31:24.821 66600 WARNING tempest.lib.common.ssh [-] Failed to establish authenticated ssh connection to cirros@10.180.180.211 ([Errno None] Unable to connect to port 22 on 10.180.180.211). Number attempts: 9. Retry after 10 seconds.: paramiko.ssh_exception.NoValidConnectionsError: [Errno None] Unable to connect to port 22 on 10.180.180.211
2024-12-12 01:31:24.829 66562 INFO tempest.lib.common.rest_client [req-7772079f-12fc-4b90-afb3-4ab724f37b93 req-7772079f-12fc-4b90-afb3-4ab724f37b93 ] Request (ServersAaction247Test:tearDownClass): 200 GET http://10.180.1.21/compute/v2.1/servers/98544a26-b42e-4164-8397-18188e662d64 0.072s
2024-12-12 01:31:24.849 66586 INFO tempest.lib.common.rest_client [req-fc566f20-cfc5-4c95-b9a1-b2ad74c11914 req-fc566f20-cfc5-4c95-b9a1-b2ad74c11914 ] Request (ImagesMetadataTestJSON:test_set_image_metadata_item): 200 PUT http://10.180.1.21/compute/v2.1/images/4962370b-0e16-47e2-9608-05489085b321/metadata/os_version 0.182s
2024-12-12 01:31:24.880 66588 INFO tempest.lib.common.rest_client [req-c2ca6b5a-e4f0-4d6c-aada-a921b68bb5bd req-c2ca6b5a-e4f0-4d6c-aada-a921b68bb5bd ] Request (ServerActionsTestOtherB:setUpClass): 200 GET http://10.180.1.21/compute/v2.1/servers/0cae7f31-dbb9-4e27-81a7-34d1b1d22f8a 0.051s
2024-12-12 01:31:24.881 66586 INFO tempest.lib.common.rest_client [req-49e24271-7178-44d4-8662-4badf7d06373 req-49e24271-7178-44d4-8662-4badf7d06373 ] Request (ImagesMetadataTestJSON:test_set_image_metadata_item): 200 GET http://10.180.1.21/compute/v2.1/images/4962370b-0e16-47e2-9608-05489085b321/metadata 0.031s
2024-12-12 01:31:24.950 66564 INFO tempest.lib.common.rest_client [req-50e38f9b-239a-463e-bed0-4d02011d0cac req-50e38f9b-239a-463e-bed0-4d02011d0cac ] Request (ServerDiskConfigTestJSON:test_resize_server_from_auto_to_manual): 200 GET http://10.180.1.21/compute/v2.1/servers/fa1146c8-af2b-49a6-88f0-6fee8773ce67 0.056s
2024-12-12 01:31:25.087 66586 INFO tempest.lib.common.rest_client [req-35ce5d99-fe75-4274-8cc0-fc64acc44904 req-35ce5d99-fe75-4274-8cc0-fc64acc44904 ] Request (ImagesMetadataTestJSON:setUp): 200 PUT http://10.180.1.21/compute/v2.1/images/4962370b-0e16-47e2-9608-05489085b321/metadata 0.199s
2024-12-12 01:31:25.143 66558 INFO tempest.lib.common.rest_client [req-94ce31c3-e244-4814-a2a2-c8f926b8e4ad req-94ce31c3-e244-4814-a2a2-c8f926b8e4ad ] Request (AttachVolumeNegativeTest:test_attach_attached_volume_to_different_server): 200 GET http://10.180.1.21/compute/v2.1/servers/2b5c87fe-1c80-4cb9-86fe-4dd083322e71 0.085s
2024-12-12 01:31:25.164 66608 INFO tempest.lib.common.rest_client [req-b57ee335-7017-4ee1-a88d-955861eb92ad req-b57ee335-7017-4ee1-a88d-955861eb92ad ] Request (ServersAdminTestJSON:test_rebuild_server_in_error_state): 200 GET http://10.180.1.21/compute/v2.1/servers/c15b97da-95c7-4a9d-be28-cda5cea50c2b 0.158s
2024-12-12 01:31:25.170 66608 INFO tempest.common.waiters [-] State transition "REBUILD/rebuilding" ==> "REBUILD/rebuild_spawning" after 4 second wait
2024-12-12 01:31:25.233 66584 INFO tempest.lib.common.rest_client [req-c52e7785-f4c9-4bb5-b942-004890248896 req-c52e7785-f4c9-4bb5-b942-004890248896 ] Request (ServersAdmin275Test:tearDownClass): 200 GET http://10.180.1.21/compute/v2.1/servers/8234c07d-eb31-429f-b804-a3250ea396a0 0.115s
2024-12-12 01:31:25.256 66582 INFO tempest.lib.common.rest_client [req-7254fa74-81f7-49fa-a6b9-477a43ffc6ba req-7254fa74-81f7-49fa-a6b9-477a43ffc6ba ] Request (AttachInterfacesV270Test:tearDownClass): 200 PUT http://10.180.1.21:9696/networking/v2.0/routers/ac67ab16-b793-4def-a2bf-e295dae40945/remove_router_interface 0.794s
2024-12-12 01:31:25.375 66586 INFO tempest.lib.common.rest_client [req-4f643f6c-918e-42f7-abcb-b2192803329f req-4f643f6c-918e-42f7-abcb-b2192803329f ] Request (ImagesMetadataTestJSON:test_update_image_metadata): 200 POST http://10.180.1.21/compute/v2.1/images/4962370b-0e16-47e2-9608-05489085b321/metadata 0.287s
2024-12-12 01:31:25.396 66566 INFO tempest.lib.common.rest_client [req-1dbdd58b-6e3b-48a6-8559-870a0ee13cb6 req-1dbdd58b-6e3b-48a6-8559-870a0ee13cb6 ] Request (ServerRescueTestJSON:setUpClass): 200 GET http://10.180.1.21/compute/v2.1/servers/1ed63f2e-9e74-4d64-96fb-7a3315793ca9 0.224s
2024-12-12 01:31:25.455 66604 INFO tempest.lib.common.rest_client [req-3353026e-a235-4380-85ab-b4df3d93093c req-3353026e-a235-4380-85ab-b4df3d93093c ] Request (ServerAddressesNegativeTestJSON:setUpClass): 200 GET http://10.180.1.21/compute/v2.1/servers/a0d2d3ba-cc22-45b0-92a8-0510ec0d85f9 0.226s
2024-12-12 01:31:25.472 66593 INFO tempest.lib.common.rest_client [req-d3717572-6258-49a8-887b-b68038d368c1 req-d3717572-6258-49a8-887b-b68038d368c1 ] Request (ServersTestMultiNic:_run_cleanups): 200 GET http://10.180.1.21/compute/v2.1/servers/2f2bdef2-e31e-446b-beec-b6be1970dc9e 0.299s
2024-12-12 01:31:25.524 66574 INFO tempest.lib.common.rest_client [req-471e0390-c926-46f3-9832-f002b7484c5f req-471e0390-c926-46f3-9832-f002b7484c5f ] Request (ServerMetadataNegativeTestJSON:tearDownClass): 200 GET http://10.180.1.21/compute/v2.1/servers/e1af2037-ebee-4ea8-aade-9949bb2c4891 0.288s
2024-12-12 01:31:25.542 66580 INFO tempest.lib.common.rest_client [req-662dd6c4-f847-48b2-a9b7-e383f2553b39 req-662dd6c4-f847-48b2-a9b7-e383f2553b39 ] Request (TenantUsagesTestJSON:tearDownClass): 200 GET http://10.180.1.21/compute/v2.1/servers/75e311d0-fb4c-40b4-b25e-ca9df8db5f8e 0.251s
2024-12-12 01:31:25.570 66586 INFO tempest.lib.common.rest_client [req-6d7c62e3-b8be-4895-9c8d-8c24e6db62ca req-6d7c62e3-b8be-4895-9c8d-8c24e6db62ca ] Request (ImagesMetadataTestJSON:test_update_image_metadata): 200 GET http://10.180.1.21/compute/v2.1/images/4962370b-0e16-47e2-9608-05489085b321/metadata 0.195s
2024-12-12 01:31:25.611 66576 INFO tempest.lib.common.rest_client [req-12002f36-0976-4ab3-8095-1c8c5d162b9d req-12002f36-0976-4ab3-8095-1c8c5d162b9d ] Request (VolumesTestJSON:setUpClass): 200 GET http://10.180.1.21/volume/v3/volumes/1baa4e0f-91f2-4daa-9ded-417ad42f6ddd 0.031s
2024-12-12 01:31:25.621 66576 INFO tempest.common.waiters [-] volume 1baa4e0f-91f2-4daa-9ded-417ad42f6ddd reached available after waiting for 1.621205 seconds
2024-12-12 01:31:25.625 66586 INFO tempest.lib.common.rest_client [req-b7bf119a-6b88-4f8a-83ce-9517bbee72c4 req-b7bf119a-6b88-4f8a-83ce-9517bbee72c4 ] Request (ImagesMetadataTestJSON:tearDownClass): 204 DELETE http://10.180.1.21/image/v2/images/4962370b-0e16-47e2-9608-05489085b321 0.053s
2024-12-12 01:31:25.739 66586 INFO tempest.lib.common.rest_client [req-72a52a1a-2777-4a4c-90a2-c7b708d50f20 req-72a52a1a-2777-4a4c-90a2-c7b708d50f20 ] Request (ImagesMetadataTestJSON:tearDownClass): 204 DELETE http://10.180.1.21/identity/v3/users/b2ab0155ac0f4155a3353654847d0fc0 0.113s
2024-12-12 01:31:25.739 66586 INFO tempest.lib.common.dynamic_creds [-] Deleting project and security group for project: 2f829258ccc949c8871459872ff232a6
2024-12-12 01:31:25.808 66616 INFO tempest.lib.common.rest_client [req-18e08469-8401-40e8-8dfc-9c4318fcfa19 req-18e08469-8401-40e8-8dfc-9c4318fcfa19 ] Request (ListImageFiltersTestJSON:tearDownClass): 200 GET http://10.180.1.21/compute/v2.1/servers/f9196911-d1ae-4b4a-a4be-08ec3690d516 0.491s
2024-12-12 01:31:25.810 66586 INFO tempest.lib.common.rest_client [req-7812b6d7-98b9-4bc3-9a58-6a7bffd31f81 req-7812b6d7-98b9-4bc3-9a58-6a7bffd31f81 ] Request (ImagesMetadataTestJSON:tearDownClass): 201 POST http://10.180.1.21/identity/v3/auth/tokens 0.070s
2024-12-12 01:31:25.909 66620 INFO tempest.lib.common.rest_client [req-7da54640-7ca8-466f-a4f2-8f44391ab604 req-7da54640-7ca8-466f-a4f2-8f44391ab604 ] Request (ImagesTestJSON:test_create_image_from_suspended_server): 200 GET http://10.180.1.21/compute/v2.1/servers/b24c2e75-f48d-4dbc-b44c-88123b72046c 0.479s
2024-12-12 01:31:25.949 66576 INFO tempest.lib.common.rest_client [req-eac98089-c0b5-4b2c-a0f6-e6513655e7c9 req-eac98089-c0b5-4b2c-a0f6-e6513655e7c9 ] Request (VolumesTestJSON:setUpClass): 200 GET http://10.180.1.21/compute/v2.1/os-volumes/1baa4e0f-91f2-4daa-9ded-417ad42f6ddd 0.328s
2024-12-12 01:31:25.967 66586 INFO tempest.lib.common.rest_client [req-b9cb1666-58f4-4737-9e51-83fdabb0b0a4 req-b9cb1666-58f4-4737-9e51-83fdabb0b0a4 ] Request (ImagesMetadataTestJSON:tearDownClass): 200 GET http://10.180.1.21:9696/networking/v2.0/security-groups?tenant_id=2f829258ccc949c8871459872ff232a6&name=default 0.157s
2024-12-12 01:31:26.028 66582 INFO tempest.lib.common.rest_client [req-9f58ce7a-0a72-4c49-b999-0bb434114d3f req-9f58ce7a-0a72-4c49-b999-0bb434114d3f ] Request (AttachInterfacesV270Test:tearDownClass): 204 DELETE http://10.180.1.21:9696/networking/v2.0/routers/ac67ab16-b793-4def-a2bf-e295dae40945 0.771s
2024-12-12 01:31:26.040 66618 INFO tempest.lib.common.rest_client [req-c86ba304-3b4d-4ff1-b2b3-1594b9eb4cd9 req-c86ba304-3b4d-4ff1-b2b3-1594b9eb4cd9 ] Request (DeleteServersTestJSON:test_delete_active_server): 200 GET http://10.180.1.21/compute/v2.1/servers/84dd2032-59a7-48a3-8f4c-a1e7661e78a0 0.338s
2024-12-12 01:31:26.050 66568 INFO tempest.lib.common.rest_client [req-b7cb0e85-60cc-4d57-ad15-5cbe9844c1a9 req-b7cb0e85-60cc-4d57-ad15-5cbe9844c1a9 ] Request (MigrationsAdminTest:test_resize_server_revert_deleted_flavor): 200 GET http://10.180.1.21/compute/v2.1/servers/84f3ff00-94b2-4595-8046-865c3016fc77 0.607s
2024-12-12 01:31:26.054 66586 INFO tempest.lib.common.rest_client [req-4ab9a0b5-b502-4de5-9b39-3a36afaf85fd req-4ab9a0b5-b502-4de5-9b39-3a36afaf85fd ] Request (ImagesMetadataTestJSON:tearDownClass): 204 DELETE http://10.180.1.21:9696/networking/v2.0/security-groups/1981da79-ab9c-45d3-b304-cbc8a4655207 0.086s
2024-12-12 01:31:26.097 66606 INFO tempest.lib.common.rest_client [req-c068d958-54b3-44c2-9209-a7050290f082 req-c068d958-54b3-44c2-9209-a7050290f082 ] Request (FloatingIPsAssociationTestJSON:test_associate_already_associated_floating_ip): 200 GET http://10.180.1.21/compute/v2.1/servers/2a23b794-2acb-487c-901d-7aeca03aec83 0.326s
2024-12-12 01:31:26.116 66576 INFO tempest.lib.common.rest_client [req-2fc4525a-daa1-424d-8c76-d64c9f6b710e req-2fc4525a-daa1-424d-8c76-d64c9f6b710e ] Request (VolumesTestJSON:setUpClass): 202 POST http://10.180.1.21/volume/v3/volumes 0.163s
2024-12-12 01:31:26.121 66562 INFO tempest.lib.common.rest_client [req-9ef8ec5f-37b7-4c5b-b9cd-46fc5c747e39 req-9ef8ec5f-37b7-4c5b-b9cd-46fc5c747e39 ] Request (ServersAaction247Test:tearDownClass): 200 GET http://10.180.1.21/compute/v2.1/servers/98544a26-b42e-4164-8397-18188e662d64 0.283s
2024-12-12 01:31:26.146 66586 INFO tempest.lib.common.rest_client [req-0fa2d6cd-bbd0-4c17-9ad7-1494d5d29406 req-0fa2d6cd-bbd0-4c17-9ad7-1494d5d29406 ] Request (ImagesMetadataTestJSON:tearDownClass): 204 DELETE http://10.180.1.21/identity/v3/projects/2f829258ccc949c8871459872ff232a6 0.091s
2024-12-12 01:31:26.146 66576 INFO tempest.lib.common.rest_client [req-93d6fbaa-fcbe-4f4a-bd55-dc6f4f219ee2 req-93d6fbaa-fcbe-4f4a-bd55-dc6f4f219ee2 ] Request (VolumesTestJSON:setUpClass): 200 GET http://10.180.1.21/volume/v3/volumes/a3fb48b5-dd38-44dc-92a7-3e5e91ca8c43 0.025s
2024-12-12 01:31:26.171 66588 INFO tempest.lib.common.rest_client [req-42f6c31f-36e0-4cd2-844d-1d531ca486a5 req-42f6c31f-36e0-4cd2-844d-1d531ca486a5 ] Request (ServerActionsTestOtherB:setUpClass): 200 GET http://10.180.1.21/compute/v2.1/servers/0cae7f31-dbb9-4e27-81a7-34d1b1d22f8a 0.285s
2024-12-12 01:31:26.181 66564 INFO tempest.lib.common.rest_client [req-2d4b1d41-8b2f-4b04-a6c2-ec941fe15cb4 req-2d4b1d41-8b2f-4b04-a6c2-ec941fe15cb4 ] Request (ServerDiskConfigTestJSON:test_resize_server_from_auto_to_manual): 200 GET http://10.180.1.21/compute/v2.1/servers/fa1146c8-af2b-49a6-88f0-6fee8773ce67 0.224s
2024-12-12 01:31:26.241 66586 INFO tempest.lib.common.rest_client [req-41af3c0e-bc11-4a5f-b5d6-b0da3d5d0678 req-41af3c0e-bc11-4a5f-b5d6-b0da3d5d0678 ] Request (ServerMetadataTestJSON:setUpClass): 201 POST http://10.180.1.21/identity/v3/auth/tokens 0.093s
2024-12-12 01:31:26.243 66582 INFO tempest.lib.common.rest_client [req-7da9103e-635a-4e09-b6ab-da11b40299f8 req-7da9103e-635a-4e09-b6ab-da11b40299f8 ] Request (AttachInterfacesV270Test:tearDownClass): 204 DELETE http://10.180.1.21:9696/networking/v2.0/subnets/de4dc8a8-9092-4ff5-9335-fc7a4e24d0c5 0.215s
2024-12-12 01:31:26.244 66558 INFO tempest.lib.common.rest_client [req-d737babf-cfde-4538-84f1-3cdeae325d52 req-d737babf-cfde-4538-84f1-3cdeae325d52 ] Request (AttachVolumeNegativeTest:test_attach_attached_volume_to_different_server): 200 GET http://10.180.1.21/compute/v2.1/servers/2b5c87fe-1c80-4cb9-86fe-4dd083322e71 0.093s
2024-12-12 01:31:26.277 66586 INFO tempest.lib.common.rest_client [req-302aa3d4-29fd-44da-a2b0-42e5a3247a0d req-302aa3d4-29fd-44da-a2b0-42e5a3247a0d ] Request (ServerMetadataTestJSON:setUpClass): 201 POST http://10.180.1.21/identity/v3/auth/tokens 0.033s
2024-12-12 01:31:26.307 66586 INFO tempest.lib.common.rest_client [req-55d5b8aa-48a5-4145-85d5-d536386cb26f req-55d5b8aa-48a5-4145-85d5-d536386cb26f ] Request (ServerMetadataTestJSON:setUpClass): 200 GET http://10.180.1.21/identity/v3/domains?name=Default 0.030s
2024-12-12 01:31:26.316 66584 INFO tempest.lib.common.rest_client [req-77fa3f61-90b1-4fc4-ab57-5f73cf4b0b89 req-77fa3f61-90b1-4fc4-ab57-5f73cf4b0b89 ] Request (ServersAdmin275Test:tearDownClass): 200 GET http://10.180.1.21/compute/v2.1/servers/8234c07d-eb31-429f-b804-a3250ea396a0 0.071s
2024-12-12 01:31:26.319 66608 INFO tempest.lib.common.rest_client [req-c7d625b2-0cde-4284-bf0b-2e58862eea08 req-c7d625b2-0cde-4284-bf0b-2e58862eea08 ] Request (ServersAdminTestJSON:test_rebuild_server_in_error_state): 200 GET http://10.180.1.21/compute/v2.1/servers/c15b97da-95c7-4a9d-be28-cda5cea50c2b 0.144s
2024-12-12 01:31:26.338 66586 INFO tempest.lib.common.rest_client [req-6b69726c-bcea-45a5-a4c2-266d3e079c3f req-6b69726c-bcea-45a5-a4c2-266d3e079c3f ] Request (ServerMetadataTestJSON:setUpClass): 201 POST http://10.180.1.21/identity/v3/projects 0.030s
2024-12-12 01:31:26.397 66586 INFO tempest.lib.common.rest_client [req-76d09e8f-59e5-4653-9074-90f6e6b589fc req-76d09e8f-59e5-4653-9074-90f6e6b589fc ] Request (ServerMetadataTestJSON:setUpClass): 201 POST http://10.180.1.21/identity/v3/users 0.058s
2024-12-12 01:31:26.418 66586 INFO tempest.lib.common.rest_client [req-f4522dc1-5ef2-4003-a818-888cd015235e req-f4522dc1-5ef2-4003-a818-888cd015235e ] Request (ServerMetadataTestJSON:setUpClass): 200 GET http://10.180.1.21/identity/v3/roles 0.020s
2024-12-12 01:31:26.445 66586 INFO tempest.lib.common.rest_client [req-73e00ac7-2521-4b0f-a7b6-4ffcb2d791b7 req-73e00ac7-2521-4b0f-a7b6-4ffcb2d791b7 ] Request (ServerMetadataTestJSON:setUpClass): 204 PUT http://10.180.1.21/identity/v3/projects/f72f980185894a75bbf74e6932fc4c7c/users/5a495001d83c45f98cdb26b1498adf82/roles/9089c2f20ebf4d029641424c20f24331 0.026s
2024-12-12 01:31:26.445 66586 INFO tempest.lib.common.dynamic_creds [-] Dynamic test user 5a495001d83c45f98cdb26b1498adf82 is created with scope project and roles: ['member']
2024-12-12 01:31:26.445 66586 INFO tempest.lib.common.dynamic_creds [-] Acquired dynamic creds: credentials: Credentials: {'domain_id': 'default', 'domain_name': 'Default', 'username': 'tempest-ServerMetadataTestJSON-1597568511-project-member', 'project_domain_id': 'default', 'project_domain_name': 'Default', 'project_id': 'f72f980185894a75bbf74e6932fc4c7c', 'project_name': 'tempest-ServerMetadataTestJSON-1597568511', 'tenant_id': 'f72f980185894a75bbf74e6932fc4c7c', 'tenant_name': 'tempest-ServerMetadataTestJSON-1597568511', 'user_domain_id': 'default', 'user_domain_name': 'Default', 'user_id': '5a495001d83c45f98cdb26b1498adf82', 'system': None}, Network: None, Subnet: None, Router: None
2024-12-12 01:31:26.502 66582 INFO tempest.lib.common.rest_client [req-67c0185c-0916-40a0-be87-8f0d88b9c128 req-67c0185c-0916-40a0-be87-8f0d88b9c128 ] Request (AttachInterfacesV270Test:tearDownClass): 204 DELETE http://10.180.1.21:9696/networking/v2.0/networks/5123e49c-879f-492f-b078-52c8bd8287eb 0.258s
2024-12-12 01:31:26.505 66586 INFO tempest.lib.common.rest_client [req-b1df6c3d-9025-41e3-b4c6-96abadec6b68 req-b1df6c3d-9025-41e3-b4c6-96abadec6b68 ] Request (ServerMetadataTestJSON:setUpClass): 201 POST http://10.180.1.21/identity/v3/auth/tokens 0.060s
2024-12-12 01:31:26.522 66604 INFO tempest.lib.common.rest_client [req-4c8c0899-f7bd-48f8-9877-2e79648097c2 req-4c8c0899-f7bd-48f8-9877-2e79648097c2 ] Request (ServerAddressesNegativeTestJSON:setUpClass): 200 GET http://10.180.1.21/compute/v2.1/servers/a0d2d3ba-cc22-45b0-92a8-0510ec0d85f9 0.059s
2024-12-12 01:31:26.538 66566 INFO tempest.lib.common.rest_client [req-ea3e5f2e-f478-4450-be6e-6f771b6faf4d req-ea3e5f2e-f478-4450-be6e-6f771b6faf4d ] Request (ServerRescueTestJSON:setUpClass): 200 GET http://10.180.1.21/compute/v2.1/servers/1ed63f2e-9e74-4d64-96fb-7a3315793ca9 0.124s
2024-12-12 01:31:26.557 66574 INFO tempest.lib.common.rest_client [req-0cdadaa9-9bd7-4a02-955c-a36cd1137020 req-0cdadaa9-9bd7-4a02-955c-a36cd1137020 ] Request (ServerMetadataNegativeTestJSON:tearDownClass): 404 GET http://10.180.1.21/compute/v2.1/servers/e1af2037-ebee-4ea8-aade-9949bb2c4891 0.023s
2024-12-12 01:31:26.582 66582 INFO tempest.lib.common.rest_client [req-5cbe410c-d980-436a-925f-3aaf35591277 req-5cbe410c-d980-436a-925f-3aaf35591277 ] Request (AttachInterfacesV270Test:tearDownClass): 204 DELETE http://10.180.1.21/identity/v3/users/88883b310b8f4f7385919c62ff1f43f0 0.079s
2024-12-12 01:31:26.582 66582 INFO tempest.lib.common.dynamic_creds [-] Deleting project and security group for project: dc56d24397644320b2e7e8b8074c4af8
2024-12-12 01:31:26.598 66593 INFO tempest.lib.common.rest_client [req-9ab7d515-b341-45f6-9fd7-425d3fd840a0 req-9ab7d515-b341-45f6-9fd7-425d3fd840a0 ] Request (ServersTestMultiNic:_run_cleanups): 200 GET http://10.180.1.21/compute/v2.1/servers/2f2bdef2-e31e-446b-beec-b6be1970dc9e 0.116s
2024-12-12 01:31:26.613 66582 INFO tempest.lib.common.rest_client [req-c889a3c7-8bbd-432c-a967-406260fbcfda req-c889a3c7-8bbd-432c-a967-406260fbcfda ] Request (AttachInterfacesV270Test:tearDownClass): 200 GET http://10.180.1.21:9696/networking/v2.0/security-groups?tenant_id=dc56d24397644320b2e7e8b8074c4af8&name=default 0.030s
2024-12-12 01:31:26.627 66580 INFO tempest.lib.common.rest_client [req-5c36ceaa-0100-40a5-a8cd-18c3ed5b79d1 req-5c36ceaa-0100-40a5-a8cd-18c3ed5b79d1 ] Request (TenantUsagesTestJSON:tearDownClass): 200 GET http://10.180.1.21/compute/v2.1/servers/75e311d0-fb4c-40b4-b25e-ca9df8db5f8e 0.072s
2024-12-12 01:31:26.734 66582 INFO tempest.lib.common.rest_client [req-14b4daa2-2232-4911-aab2-db898ac7975b req-14b4daa2-2232-4911-aab2-db898ac7975b ] Request (AttachInterfacesV270Test:tearDownClass): 204 DELETE http://10.180.1.21:9696/networking/v2.0/security-groups/41b72f94-d4b1-49e4-9092-8d85b3154006 0.120s
2024-12-12 01:31:26.819 66582 INFO tempest.lib.common.rest_client [req-1ed6694f-5b2c-4e0c-b912-3335c2c5758a req-1ed6694f-5b2c-4e0c-b912-3335c2c5758a ] Request (AttachInterfacesV270Test:tearDownClass): 204 DELETE http://10.180.1.21/identity/v3/projects/dc56d24397644320b2e7e8b8074c4af8 0.084s
2024-12-12 01:31:26.832 66586 INFO tempest.lib.common.rest_client [req-b0d189bf-e265-4c46-be82-615fb60a71ec req-b0d189bf-e265-4c46-be82-615fb60a71ec ] Request (ServerMetadataTestJSON:setUpClass): 201 POST http://10.180.1.21:9696/networking/v2.0/networks 0.326s
2024-12-12 01:31:26.888 66582 INFO tempest.lib.common.rest_client [req-78156bbd-d161-4931-b4ea-653d397a1f05 req-78156bbd-d161-4931-b4ea-653d397a1f05 ] Request (ServerActionsTestOtherA:setUpClass): 201 POST http://10.180.1.21/identity/v3/auth/tokens 0.067s
2024-12-12 01:31:26.892 66616 INFO tempest.lib.common.rest_client [req-259706d3-e92a-4975-bdd3-6e6c8e27cb49 req-259706d3-e92a-4975-bdd3-6e6c8e27cb49 ] Request (ListImageFiltersTestJSON:tearDownClass): 200 GET http://10.180.1.21/compute/v2.1/servers/f9196911-d1ae-4b4a-a4be-08ec3690d516 0.075s
2024-12-12 01:31:26.915 66582 INFO tempest.lib.common.rest_client [req-48db5f77-2880-4085-b75f-7434839f5959 req-48db5f77-2880-4085-b75f-7434839f5959 ] Request (ServerActionsTestOtherA:setUpClass): 201 POST http://10.180.1.21/identity/v3/auth/tokens 0.025s
2024-12-12 01:31:26.942 66582 INFO tempest.lib.common.rest_client [req-5962fe86-4a9b-4dfe-9874-0654ccd37434 req-5962fe86-4a9b-4dfe-9874-0654ccd37434 ] Request (ServerActionsTestOtherA:setUpClass): 200 GET http://10.180.1.21/identity/v3/domains?name=Default 0.026s
2024-12-12 01:31:26.952 66602 WARNING tempest.lib.common.ssh [-] Failed to establish authenticated ssh connection to cirros@10.180.180.180 ([Errno None] Unable to connect to port 22 on 10.180.180.180). Number attempts: 12. Retry after 13 seconds.: paramiko.ssh_exception.NoValidConnectionsError: [Errno None] Unable to connect to port 22 on 10.180.180.180
2024-12-12 01:31:26.981 66586 INFO tempest.lib.common.rest_client [req-d91583d6-f586-4552-9d2a-0609fcc666ae req-d91583d6-f586-4552-9d2a-0609fcc666ae ] Request (ServerMetadataTestJSON:setUpClass): 201 POST http://10.180.1.21:9696/networking/v2.0/subnets 0.148s
2024-12-12 01:31:26.982 66582 INFO tempest.lib.common.rest_client [req-82eb4e2e-4d5c-465c-a8e8-3fda68372f55 req-82eb4e2e-4d5c-465c-a8e8-3fda68372f55 ] Request (ServerActionsTestOtherA:setUpClass): 201 POST http://10.180.1.21/identity/v3/projects 0.040s
2024-12-12 01:31:27.043 66582 INFO tempest.lib.common.rest_client [req-07b7b377-4265-4e7b-9175-03e30fe92065 req-07b7b377-4265-4e7b-9175-03e30fe92065 ] Request (ServerActionsTestOtherA:setUpClass): 201 POST http://10.180.1.21/identity/v3/users 0.060s
2024-12-12 01:31:27.068 66582 INFO tempest.lib.common.rest_client [req-f4dba0cb-0fa7-4a0c-b031-096c53a0e175 req-f4dba0cb-0fa7-4a0c-b031-096c53a0e175 ] Request (ServerActionsTestOtherA:setUpClass): 200 GET http://10.180.1.21/identity/v3/roles 0.025s
2024-12-12 01:31:27.105 66582 INFO tempest.lib.common.rest_client [req-a07840f3-72d0-494f-8d97-23cbc0a703ea req-a07840f3-72d0-494f-8d97-23cbc0a703ea ] Request (ServerActionsTestOtherA:setUpClass): 204 PUT http://10.180.1.21/identity/v3/projects/c02acab651304d05a66f470e452d1796/users/d601b7368e684d7b823c3508fc0ae813/roles/9089c2f20ebf4d029641424c20f24331 0.036s
2024-12-12 01:31:27.105 66582 INFO tempest.lib.common.dynamic_creds [-] Dynamic test user d601b7368e684d7b823c3508fc0ae813 is created with scope project and roles: ['member']
2024-12-12 01:31:27.105 66582 INFO tempest.lib.common.dynamic_creds [-] Acquired dynamic creds: credentials: Credentials: {'domain_id': 'default', 'domain_name': 'Default', 'username': 'tempest-ServerActionsTestOtherA-907987681-project-member', 'project_domain_id': 'default', 'project_domain_name': 'Default', 'project_id': 'c02acab651304d05a66f470e452d1796', 'project_name': 'tempest-ServerActionsTestOtherA-907987681', 'tenant_id': 'c02acab651304d05a66f470e452d1796', 'tenant_name': 'tempest-ServerActionsTestOtherA-907987681', 'user_domain_id': 'default', 'user_domain_name': 'Default', 'user_id': 'd601b7368e684d7b823c3508fc0ae813', 'system': None}, Network: None, Subnet: None, Router: None
2024-12-12 01:31:27.118 66618 INFO tempest.lib.common.rest_client [req-3944dce0-d047-4b8a-af83-0d726a779a6b req-3944dce0-d047-4b8a-af83-0d726a779a6b ] Request (DeleteServersTestJSON:test_delete_active_server): 200 GET http://10.180.1.21/compute/v2.1/servers/84dd2032-59a7-48a3-8f4c-a1e7661e78a0 0.070s
2024-12-12 01:31:27.133 66620 INFO tempest.lib.common.rest_client [req-5c2bac38-84ce-4b21-8857-47f895383396 req-5c2bac38-84ce-4b21-8857-47f895383396 ] Request (ImagesTestJSON:test_create_image_from_suspended_server): 200 GET http://10.180.1.21/compute/v2.1/servers/b24c2e75-f48d-4dbc-b44c-88123b72046c 0.212s
2024-12-12 01:31:27.142 66620 INFO tempest.common.waiters [-] State transition "BUILD/spawning" ==> "ACTIVE/None" after 50 second wait
2024-12-12 01:31:27.183 66576 INFO tempest.lib.common.rest_client [req-a6701599-48d5-45f0-97eb-34ab8d29e450 req-a6701599-48d5-45f0-97eb-34ab8d29e450 ] Request (VolumesTestJSON:setUpClass): 200 GET http://10.180.1.21/volume/v3/volumes/a3fb48b5-dd38-44dc-92a7-3e5e91ca8c43 0.030s
2024-12-12 01:31:27.185 66582 INFO tempest.lib.common.rest_client [req-46846040-5feb-4a98-ad7e-038761103a72 req-46846040-5feb-4a98-ad7e-038761103a72 ] Request (ServerActionsTestOtherA:setUpClass): 201 POST http://10.180.1.21/identity/v3/auth/tokens 0.079s
2024-12-12 01:31:27.193 66576 INFO tempest.common.waiters [-] volume a3fb48b5-dd38-44dc-92a7-3e5e91ca8c43 reached available after waiting for 1.193602 seconds
2024-12-12 01:31:27.200 66606 INFO tempest.lib.common.rest_client [req-7b35785a-6c2e-46c7-a8ed-c4d11d39bfdf req-7b35785a-6c2e-46c7-a8ed-c4d11d39bfdf ] Request (FloatingIPsAssociationTestJSON:test_associate_already_associated_floating_ip): 200 GET http://10.180.1.21/compute/v2.1/servers/2a23b794-2acb-487c-901d-7aeca03aec83 0.095s
2024-12-12 01:31:27.270 66562 INFO tempest.lib.common.rest_client [req-ccbcaf71-e842-4611-bd88-e3906ef703ff req-ccbcaf71-e842-4611-bd88-e3906ef703ff ] Request (ServersAaction247Test:tearDownClass): 200 GET http://10.180.1.21/compute/v2.1/servers/98544a26-b42e-4164-8397-18188e662d64 0.141s
2024-12-12 01:31:27.287 66568 INFO tempest.lib.common.rest_client [req-725e365d-91e0-401a-98cf-48bae1defc24 req-725e365d-91e0-401a-98cf-48bae1defc24 ] Request (MigrationsAdminTest:test_resize_server_revert_deleted_flavor): 200 GET http://10.180.1.21/compute/v2.1/servers/84f3ff00-94b2-4595-8046-865c3016fc77 0.227s
2024-12-12 01:31:27.358 66588 INFO tempest.lib.common.rest_client [req-89b5f12a-921b-435f-bf32-de15c79e60c3 req-89b5f12a-921b-435f-bf32-de15c79e60c3 ] Request (ServerActionsTestOtherB:setUpClass): 200 GET http://10.180.1.21/compute/v2.1/servers/0cae7f31-dbb9-4e27-81a7-34d1b1d22f8a 0.178s
2024-12-12 01:31:27.369 66620 INFO tempest.lib.common.rest_client [req-5c46a793-ee4d-4540-bc5e-7ed32f1f8e57 req-5c46a793-ee4d-4540-bc5e-7ed32f1f8e57 ] Request (ImagesTestJSON:test_create_image_from_suspended_server): 202 POST http://10.180.1.21/compute/v2.1/servers/b24c2e75-f48d-4dbc-b44c-88123b72046c/action 0.227s
2024-12-12 01:31:27.396 66576 INFO tempest.lib.common.rest_client [req-5088f54e-acc3-44f5-a437-149b2c5068ae req-5088f54e-acc3-44f5-a437-149b2c5068ae ] Request (VolumesTestJSON:setUpClass): 200 GET http://10.180.1.21/compute/v2.1/os-volumes/a3fb48b5-dd38-44dc-92a7-3e5e91ca8c43 0.203s
2024-12-12 01:31:27.436 66564 INFO tempest.lib.common.rest_client [req-f67a2c8f-6d0d-4a6e-870b-b8fbbc07e607 req-f67a2c8f-6d0d-4a6e-870b-b8fbbc07e607 ] Request (ServerDiskConfigTestJSON:test_resize_server_from_auto_to_manual): 200 GET http://10.180.1.21/compute/v2.1/servers/fa1146c8-af2b-49a6-88f0-6fee8773ce67 0.240s
2024-12-12 01:31:27.458 66574 INFO tempest.lib.common.rest_client [req-cce306c5-3fa0-4606-9676-56991abd4734 req-cce306c5-3fa0-4606-9676-56991abd4734 ] Request (ServerMetadataNegativeTestJSON:tearDownClass): 200 PUT http://10.180.1.21:9696/networking/v2.0/routers/8d5cc4ba-42c5-48bd-8fa1-c0174fc6a140/remove_router_interface 0.900s
2024-12-12 01:31:27.459 66558 INFO tempest.lib.common.rest_client [req-50c95e3c-8f30-485d-826b-a57ba278f4fb req-50c95e3c-8f30-485d-826b-a57ba278f4fb ] Request (AttachVolumeNegativeTest:test_attach_attached_volume_to_different_server): 200 GET http://10.180.1.21/compute/v2.1/servers/2b5c87fe-1c80-4cb9-86fe-4dd083322e71 0.206s
2024-12-12 01:31:27.540 66576 INFO tempest.lib.common.rest_client [req-78e76769-8d61-47ef-8113-7bf2abb0d732 req-78e76769-8d61-47ef-8113-7bf2abb0d732 ] Request (VolumesTestJSON:setUpClass): 202 POST http://10.180.1.21/volume/v3/volumes 0.140s
2024-12-12 01:31:27.550 66584 INFO tempest.lib.common.rest_client [req-0431927d-591f-4943-9ebe-d0dea3720f24 req-0431927d-591f-4943-9ebe-d0dea3720f24 ] Request (ServersAdmin275Test:tearDownClass): 200 GET http://10.180.1.21/compute/v2.1/servers/8234c07d-eb31-429f-b804-a3250ea396a0 0.223s
2024-12-12 01:31:27.578 66576 INFO tempest.lib.common.rest_client [req-667ed5e7-1a6f-4047-acc3-9fd5b511da35 req-667ed5e7-1a6f-4047-acc3-9fd5b511da35 ] Request (VolumesTestJSON:setUpClass): 200 GET http://10.180.1.21/volume/v3/volumes/2a4ed330-ecc7-4d9d-8594-1cccac39cd11 0.032s
2024-12-12 01:31:27.702 66608 INFO tempest.lib.common.rest_client [req-d453bf04-489b-47ea-98c1-f41e44665d7f req-d453bf04-489b-47ea-98c1-f41e44665d7f ] Request (ServersAdminTestJSON:test_rebuild_server_in_error_state): 200 GET http://10.180.1.21/compute/v2.1/servers/c15b97da-95c7-4a9d-be28-cda5cea50c2b 0.375s
2024-12-12 01:31:27.722 66620 INFO tempest.lib.common.rest_client [req-1c58a090-8991-45ba-aab1-69c07ae49685 req-1c58a090-8991-45ba-aab1-69c07ae49685 ] Request (ImagesTestJSON:test_create_image_from_suspended_server): 200 GET http://10.180.1.21/compute/v2.1/servers/b24c2e75-f48d-4dbc-b44c-88123b72046c 0.352s
2024-12-12 01:31:27.739 66582 INFO tempest.lib.common.rest_client [req-b3b78ec9-1007-416f-91b6-48d4680c2428 req-b3b78ec9-1007-416f-91b6-48d4680c2428 ] Request (ServerActionsTestOtherA:setUpClass): 201 POST http://10.180.1.21:9696/networking/v2.0/networks 0.553s
2024-12-12 01:31:27.767 66604 INFO tempest.lib.common.rest_client [req-5c5e3a1b-df89-4522-bf2e-546f0af58ee5 req-5c5e3a1b-df89-4522-bf2e-546f0af58ee5 ] Request (ServerAddressesNegativeTestJSON:setUpClass): 200 GET http://10.180.1.21/compute/v2.1/servers/a0d2d3ba-cc22-45b0-92a8-0510ec0d85f9 0.235s
2024-12-12 01:31:27.838 66593 INFO tempest.lib.common.rest_client [req-fe0abd98-e190-48a9-a2e9-f016f585a4cb req-fe0abd98-e190-48a9-a2e9-f016f585a4cb ] Request (ServersTestMultiNic:_run_cleanups): 200 GET http://10.180.1.21/compute/v2.1/servers/2f2bdef2-e31e-446b-beec-b6be1970dc9e 0.232s
2024-12-12 01:31:27.882 66566 INFO tempest.lib.common.rest_client [req-89172545-c5d3-414e-87bf-a2f0e7596c16 req-89172545-c5d3-414e-87bf-a2f0e7596c16 ] Request (ServerRescueTestJSON:setUpClass): 200 GET http://10.180.1.21/compute/v2.1/servers/1ed63f2e-9e74-4d64-96fb-7a3315793ca9 0.338s
2024-12-12 01:31:27.904 66580 INFO tempest.lib.common.rest_client [req-c0f552a3-6a21-462c-b9ce-a9d329b6157d req-c0f552a3-6a21-462c-b9ce-a9d329b6157d ] Request (TenantUsagesTestJSON:tearDownClass): 200 GET http://10.180.1.21/compute/v2.1/servers/75e311d0-fb4c-40b4-b25e-ca9df8db5f8e 0.268s
2024-12-12 01:31:27.995 66616 INFO tempest.lib.common.rest_client [req-33781738-4379-4102-af0b-72f320cf6339 req-33781738-4379-4102-af0b-72f320cf6339 ] Request (ListImageFiltersTestJSON:tearDownClass): 200 GET http://10.180.1.21/compute/v2.1/servers/f9196911-d1ae-4b4a-a4be-08ec3690d516 0.096s
2024-12-12 01:31:28.011 66582 INFO tempest.lib.common.rest_client [req-f1e80704-ef33-4e40-b99c-0e88640a1781 req-f1e80704-ef33-4e40-b99c-0e88640a1781 ] Request (ServerActionsTestOtherA:setUpClass): 201 POST http://10.180.1.21:9696/networking/v2.0/subnets 0.272s
2024-12-12 01:31:28.081 66586 INFO tempest.lib.common.rest_client [req-cc9db067-0207-4576-a637-6a8280183004 req-cc9db067-0207-4576-a637-6a8280183004 ] Request (ServerMetadataTestJSON:setUpClass): 201 POST http://10.180.1.21:9696/networking/v2.0/routers 1.099s
2024-12-12 01:31:28.106 66574 INFO tempest.lib.common.rest_client [req-9c5d3eb3-fa45-417a-9c47-fec3d2705359 req-9c5d3eb3-fa45-417a-9c47-fec3d2705359 ] Request (ServerMetadataNegativeTestJSON:tearDownClass): 204 DELETE http://10.180.1.21:9696/networking/v2.0/routers/8d5cc4ba-42c5-48bd-8fa1-c0174fc6a140 0.647s
2024-12-12 01:31:28.196 66618 INFO tempest.lib.common.rest_client [req-d7778c71-c162-44fe-aa64-8cce8afbc05c req-d7778c71-c162-44fe-aa64-8cce8afbc05c ] Request (DeleteServersTestJSON:test_delete_active_server): 200 GET http://10.180.1.21/compute/v2.1/servers/84dd2032-59a7-48a3-8f4c-a1e7661e78a0 0.070s
2024-12-12 01:31:28.272 66606 INFO tempest.lib.common.rest_client [req-025e08f5-6b21-459d-a1c1-c17dae212f1d req-025e08f5-6b21-459d-a1c1-c17dae212f1d ] Request (FloatingIPsAssociationTestJSON:test_associate_already_associated_floating_ip): 200 GET http://10.180.1.21/compute/v2.1/servers/2a23b794-2acb-487c-901d-7aeca03aec83 0.063s
2024-12-12 01:31:28.337 66574 INFO tempest.lib.common.rest_client [req-e5ab23fb-4d0d-443b-901e-d5215b60c620 req-e5ab23fb-4d0d-443b-901e-d5215b60c620 ] Request (ServerMetadataNegativeTestJSON:tearDownClass): 204 DELETE http://10.180.1.21:9696/networking/v2.0/subnets/4facdbfa-5941-40f7-82c8-756bd7d2d792 0.231s
2024-12-12 01:31:28.384 66562 INFO tempest.lib.common.rest_client [req-0a3aea92-8300-4615-a94b-775ae5f05513 req-0a3aea92-8300-4615-a94b-775ae5f05513 ] Request (ServersAaction247Test:tearDownClass): 200 GET http://10.180.1.21/compute/v2.1/servers/98544a26-b42e-4164-8397-18188e662d64 0.104s
2024-12-12 01:31:28.463 66588 INFO tempest.lib.common.rest_client [req-82040750-f4e9-4441-9667-97cb2876b494 req-82040750-f4e9-4441-9667-97cb2876b494 ] Request (ServerActionsTestOtherB:setUpClass): 200 GET http://10.180.1.21/compute/v2.1/servers/0cae7f31-dbb9-4e27-81a7-34d1b1d22f8a 0.093s
2024-12-12 01:31:28.475 66568 INFO tempest.lib.common.rest_client [req-39033837-2793-4533-a65b-a7f5dbc2c3d2 req-39033837-2793-4533-a65b-a7f5dbc2c3d2 ] Request (MigrationsAdminTest:test_resize_server_revert_deleted_flavor): 200 GET http://10.180.1.21/compute/v2.1/servers/84f3ff00-94b2-4595-8046-865c3016fc77 0.178s
2024-12-12 01:31:28.517 66564 INFO tempest.lib.common.rest_client [req-da01e04a-4eec-4aef-bde4-e3ef6ca03ec6 req-da01e04a-4eec-4aef-bde4-e3ef6ca03ec6 ] Request (ServerDiskConfigTestJSON:test_resize_server_from_auto_to_manual): 200 GET http://10.180.1.21/compute/v2.1/servers/fa1146c8-af2b-49a6-88f0-6fee8773ce67 0.074s
2024-12-12 01:31:28.543 66558 INFO tempest.lib.common.rest_client [req-23599844-8011-487f-af19-71a1da7de7e8 req-23599844-8011-487f-af19-71a1da7de7e8 ] Request (AttachVolumeNegativeTest:test_attach_attached_volume_to_different_server): 200 GET http://10.180.1.21/compute/v2.1/servers/2b5c87fe-1c80-4cb9-86fe-4dd083322e71 0.070s
2024-12-12 01:31:28.621 66576 INFO tempest.lib.common.rest_client [req-5c058bd2-7706-4345-9862-225de3ae4dbd req-5c058bd2-7706-4345-9862-225de3ae4dbd ] Request (VolumesTestJSON:setUpClass): 200 GET http://10.180.1.21/volume/v3/volumes/2a4ed330-ecc7-4d9d-8594-1cccac39cd11 0.035s
2024-12-12 01:31:28.628 66576 INFO tempest.common.waiters [-] volume 2a4ed330-ecc7-4d9d-8594-1cccac39cd11 reached available after waiting for 1.628257 seconds
2024-12-12 01:31:28.660 66584 INFO tempest.lib.common.rest_client [req-6be7bda8-870d-4a16-805a-2d24dfb794e1 req-6be7bda8-870d-4a16-805a-2d24dfb794e1 ] Request (ServersAdmin275Test:tearDownClass): 200 GET http://10.180.1.21/compute/v2.1/servers/8234c07d-eb31-429f-b804-a3250ea396a0 0.095s
2024-12-12 01:31:28.678 66576 INFO tempest.lib.common.rest_client [req-f24046d4-d1cb-4773-a65d-1fd82abf9478 req-f24046d4-d1cb-4773-a65d-1fd82abf9478 ] Request (VolumesTestJSON:setUpClass): 200 GET http://10.180.1.21/compute/v2.1/os-volumes/2a4ed330-ecc7-4d9d-8594-1cccac39cd11 0.049s
2024-12-12 01:31:28.727 66574 INFO tempest.lib.common.rest_client [req-ededba3c-74bc-43c6-9053-88bae173ba33 req-ededba3c-74bc-43c6-9053-88bae173ba33 ] Request (ServerMetadataNegativeTestJSON:tearDownClass): 204 DELETE http://10.180.1.21:9696/networking/v2.0/networks/e38db3a0-1e53-4002-8255-70fe5f55fd19 0.390s
2024-12-12 01:31:28.765 66576 INFO tempest.lib.common.rest_client [req-bd12ac04-4d26-4476-a0ad-2c40f98b2a92 req-bd12ac04-4d26-4476-a0ad-2c40f98b2a92 ] Request (VolumesTestJSON:test_volume_list): 200 GET http://10.180.1.21/compute/v2.1/os-volumes 0.083s
2024-12-12 01:31:28.842 66574 INFO tempest.lib.common.rest_client [req-a8b8dd13-1320-4eb9-a8e3-3d03dcf7b2cf req-a8b8dd13-1320-4eb9-a8e3-3d03dcf7b2cf ] Request (ServerMetadataNegativeTestJSON:tearDownClass): 204 DELETE http://10.180.1.21/identity/v3/users/7a06f8b76fa64f26a086f3f8884d660b 0.114s
2024-12-12 01:31:28.842 66574 INFO tempest.lib.common.dynamic_creds [-] Deleting project and security group for project: 52e2af640436496f9e1c9c0475b3d4dc
2024-12-12 01:31:28.895 66574 INFO tempest.lib.common.rest_client [req-1d9eae39-95e7-4dbc-9813-529822de286f req-1d9eae39-95e7-4dbc-9813-529822de286f ] Request (ServerMetadataNegativeTestJSON:tearDownClass): 200 GET http://10.180.1.21:9696/networking/v2.0/security-groups?tenant_id=52e2af640436496f9e1c9c0475b3d4dc&name=default 0.052s
2024-12-12 01:31:28.934 66608 INFO tempest.lib.common.rest_client [req-63da2540-22c6-4f1c-ba44-8729bfba96c4 req-63da2540-22c6-4f1c-ba44-8729bfba96c4 ] Request (ServersAdminTestJSON:test_rebuild_server_in_error_state): 200 GET http://10.180.1.21/compute/v2.1/servers/c15b97da-95c7-4a9d-be28-cda5cea50c2b 0.224s
2024-12-12 01:31:28.949 66620 INFO tempest.lib.common.rest_client [req-58514ef6-21b9-49d3-9352-c5f0ebc041a9 req-58514ef6-21b9-49d3-9352-c5f0ebc041a9 ] Request (ImagesTestJSON:test_create_image_from_suspended_server): 200 GET http://10.180.1.21/compute/v2.1/servers/b24c2e75-f48d-4dbc-b44c-88123b72046c 0.219s
2024-12-12 01:31:28.992 66576 INFO tempest.lib.common.rest_client [req-5960cec0-e751-4abc-bbde-fa8202f15d5d req-5960cec0-e751-4abc-bbde-fa8202f15d5d ] Request (VolumesTestJSON:test_volume_list_param_limit): 200 GET http://10.180.1.21/compute/v2.1/os-volumes?limit=2 0.221s
2024-12-12 01:31:29.016 66604 INFO tempest.lib.common.rest_client [req-f94d9f3c-3fd1-4784-ba02-429b02310a92 req-f94d9f3c-3fd1-4784-ba02-429b02310a92 ] Request (ServerAddressesNegativeTestJSON:setUpClass): 200 GET http://10.180.1.21/compute/v2.1/servers/a0d2d3ba-cc22-45b0-92a8-0510ec0d85f9 0.238s
2024-12-12 01:31:29.037 66574 INFO tempest.lib.common.rest_client [req-9e7e8694-07bc-4003-a248-38a5134a1a8d req-9e7e8694-07bc-4003-a248-38a5134a1a8d ] Request (ServerMetadataNegativeTestJSON:tearDownClass): 204 DELETE http://10.180.1.21:9696/networking/v2.0/security-groups/ee19b09a-dd43-4034-81bc-9560ac42e1ec 0.142s
2024-12-12 01:31:29.057 66582 INFO tempest.lib.common.rest_client [req-a390493e-28b5-4873-b2a0-344a92e749b7 req-a390493e-28b5-4873-b2a0-344a92e749b7 ] Request (ServerActionsTestOtherA:setUpClass): 201 POST http://10.180.1.21:9696/networking/v2.0/routers 1.046s
2024-12-12 01:31:29.060 66593 INFO tempest.lib.common.rest_client [req-85b2982e-0153-40a7-ada3-f4bf61bc6f87 req-85b2982e-0153-40a7-ada3-f4bf61bc6f87 ] Request (ServersTestMultiNic:_run_cleanups): 200 GET http://10.180.1.21/compute/v2.1/servers/2f2bdef2-e31e-446b-beec-b6be1970dc9e 0.210s
2024-12-12 01:31:29.146 66574 INFO tempest.lib.common.rest_client [req-375b1299-e5dc-4874-a833-12918b5e6e45 req-375b1299-e5dc-4874-a833-12918b5e6e45 ] Request (ServerMetadataNegativeTestJSON:tearDownClass): 204 DELETE http://10.180.1.21/identity/v3/projects/52e2af640436496f9e1c9c0475b3d4dc 0.108s
2024-12-12 01:31:29.345 66580 INFO tempest.lib.common.rest_client [req-be587d61-15d8-42ae-9342-113208557a16 req-be587d61-15d8-42ae-9342-113208557a16 ] Request (TenantUsagesTestJSON:tearDownClass): 200 GET http://10.180.1.21/compute/v2.1/servers/75e311d0-fb4c-40b4-b25e-ca9df8db5f8e 0.431s
2024-12-12 01:31:29.370 66566 INFO tempest.lib.common.rest_client [req-58ae2a95-66ff-4158-a424-5481afbab0d9 req-58ae2a95-66ff-4158-a424-5481afbab0d9 ] Request (ServerRescueTestJSON:setUpClass): 200 GET http://10.180.1.21/compute/v2.1/servers/1ed63f2e-9e74-4d64-96fb-7a3315793ca9 0.480s
2024-12-12 01:31:29.392 66576 INFO tempest.lib.common.rest_client [req-08cf4342-09e1-47a0-b741-595946f15b58 req-08cf4342-09e1-47a0-b741-595946f15b58 ] Request (VolumesTestJSON:test_volume_list_param_offset_and_limit): 200 GET http://10.180.1.21/compute/v2.1/os-volumes 0.396s
2024-12-12 01:31:29.403 66616 INFO tempest.lib.common.rest_client [req-17bf3a70-7420-4a10-9874-711f5d9affdb req-17bf3a70-7420-4a10-9874-711f5d9affdb ] Request (ListImageFiltersTestJSON:tearDownClass): 404 GET http://10.180.1.21/compute/v2.1/servers/f9196911-d1ae-4b4a-a4be-08ec3690d516 0.399s
2024-12-12 01:31:29.467 66618 INFO tempest.lib.common.rest_client [req-53c46f4f-77e0-4b44-ab82-0b1d73f711ce req-53c46f4f-77e0-4b44-ab82-0b1d73f711ce ] Request (DeleteServersTestJSON:test_delete_active_server): 200 GET http://10.180.1.21/compute/v2.1/servers/84dd2032-59a7-48a3-8f4c-a1e7661e78a0 0.262s
2024-12-12 01:31:29.475 66606 INFO tempest.lib.common.rest_client [req-23fafbbb-138b-4829-84dd-e060953fc937 req-23fafbbb-138b-4829-84dd-e060953fc937 ] Request (FloatingIPsAssociationTestJSON:test_associate_already_associated_floating_ip): 200 GET http://10.180.1.21/compute/v2.1/servers/2a23b794-2acb-487c-901d-7aeca03aec83 0.192s
2024-12-12 01:31:29.505 66576 INFO tempest.lib.common.rest_client [req-3ac1af82-6709-443d-92e8-c5a4a4b602e5 req-3ac1af82-6709-443d-92e8-c5a4a4b602e5 ] Request (VolumesTestJSON:test_volume_list_param_offset_and_limit): 200 GET http://10.180.1.21/compute/v2.1/os-volumes?offset=1&limit=1 0.109s
2024-12-12 01:31:29.522 66586 INFO tempest.lib.common.rest_client [req-582b6756-ce8a-41a4-8d21-e842d9a27e61 req-582b6756-ce8a-41a4-8d21-e842d9a27e61 ] Request (ServerMetadataTestJSON:setUpClass): 200 PUT http://10.180.1.21:9696/networking/v2.0/routers/ee8309bc-a029-46ad-bcae-8e62fa52c12e/add_router_interface 1.441s
