2024-12-12 01:28:46.791 66616 INFO tempest.lib.common.rest_client [req-64d142ef-7dd4-480d-bdb1-a1b759bf8544 req-64d142ef-7dd4-480d-bdb1-a1b759bf8544 ] Request (ListImageFiltersTestJSON:setUpClass): 200 GET http://10.180.1.21/compute/v2.1/images/3cf8da32-724b-4b1e-83d0-7e79eafd5b13 1.414s
2024-12-12 01:28:46.793 66568 INFO tempest.lib.common.rest_client [req-68ca35bb-df1a-4e35-b192-dd41eacc7c15 req-68ca35bb-df1a-4e35-b192-dd41eacc7c15 ] Request (MigrationsAdminTest:setUpClass): 201 POST http://10.180.1.21/identity/v3/projects 0.050s
2024-12-12 01:28:46.814 66558 INFO tempest.lib.common.rest_client [req-afc46b2b-7cb9-4741-9a68-7686c179577c req-afc46b2b-7cb9-4741-9a68-7686c179577c ] Request (AZAdminV2TestJSON:test_get_availability_zone_list_detail): 200 GET http://10.180.1.21/compute/v2.1/os-availability-zone/detail 1.325s
2024-12-12 01:28:46.854 66566 INFO tempest.lib.common.rest_client [req-94629dea-6c96-487b-9435-0c69ef3d50a9 req-94629dea-6c96-487b-9435-0c69ef3d50a9 ] Request (HypervisorAdminUnderV252Test:test_get_hypervisor_show_servers): 200 GET http://10.180.1.21/compute/v2.1/os-hypervisors/domain-c8.fc996f14-c53b-4953-92e3-bdfa48f5cc28/servers 1.210s
2024-12-12 01:28:46.879 66600 INFO tempest.lib.common.rest_client [req-47271aaf-af0b-4d40-ae2f-58279ce2efab req-47271aaf-af0b-4d40-ae2f-58279ce2efab ] Request (ServicesAdminNegativeTestJSON:test_get_service_by_invalid_params): 200 GET http://10.180.1.21/compute/v2.1/os-services?xxx=nova-compute 1.125s
2024-12-12 01:28:46.911 66568 INFO tempest.lib.common.rest_client [req-c3280c76-dae0-4ac1-946c-ba5cf06dd4e6 req-c3280c76-dae0-4ac1-946c-ba5cf06dd4e6 ] Request (MigrationsAdminTest:setUpClass): 201 POST http://10.180.1.21/identity/v3/users 0.117s
2024-12-12 01:28:46.912 66578 INFO tempest.lib.common.rest_client [req-aabe6d6e-5198-4d94-8b94-fa2d4e87faf1 req-aabe6d6e-5198-4d94-8b94-fa2d4e87faf1 ] Request (FlavorsV261TestJSON:test_crud_flavor): 200 GET http://10.180.1.21/compute/v2.1/flavors/356169675 1.341s
2024-12-12 01:28:46.928 66568 INFO tempest.lib.common.rest_client [req-41f0964a-871e-4aad-95d1-6bce393856cb req-41f0964a-871e-4aad-95d1-6bce393856cb ] Request (MigrationsAdminTest:setUpClass): 200 GET http://10.180.1.21/identity/v3/roles 0.017s
2024-12-12 01:28:46.953 66590 INFO tempest.lib.common.rest_client [req-a6baa19e-160d-4cfb-9f7e-54bb9342b59a req-a6baa19e-160d-4cfb-9f7e-54bb9342b59a ] Request (HypervisorAdminV253TestBase:test_list_show_detail_hypervisors): 200 GET http://10.180.1.21/compute/v2.1/os-hypervisors?with_servers=True 1.073s
2024-12-12 01:28:46.958 66568 INFO tempest.lib.common.rest_client [req-b0fdb013-3187-484a-bfc9-acd9789d3b0b req-b0fdb013-3187-484a-bfc9-acd9789d3b0b ] Request (MigrationsAdminTest:setUpClass): 204 PUT http://10.180.1.21/identity/v3/projects/5a7bf46da0364b579b790da2a6b62b20/users/1de7c648151d476b97be5c84fcbeba22/roles/9089c2f20ebf4d029641424c20f24331 0.029s
2024-12-12 01:28:46.958 66608 INFO tempest.lib.common.rest_client [req-0d06f022-707d-4c09-b5e7-d880287533cb req-0d06f022-707d-4c09-b5e7-d880287533cb ] Request (NetworksTest:test_get_network): 200 GET http://10.180.1.21/compute/v2.1/os-networks/f03ef469-5934-4a2e-9bd5-5f1dfb0912c7 1.201s
2024-12-12 01:28:46.958 66568 INFO tempest.lib.common.dynamic_creds [-] Dynamic test user 1de7c648151d476b97be5c84fcbeba22 is created with scope project and roles: ['member']
2024-12-12 01:28:46.960 66568 INFO tempest.lib.common.dynamic_creds [-] Acquired dynamic creds: credentials: Credentials: {'domain_id': 'default', 'domain_name': 'Default', 'username': 'tempest-MigrationsAdminTest-1674347275-project-member', 'project_domain_id': 'default', 'project_domain_name': 'Default', 'project_id': '5a7bf46da0364b579b790da2a6b62b20', 'project_name': 'tempest-MigrationsAdminTest-1674347275', 'tenant_id': '5a7bf46da0364b579b790da2a6b62b20', 'tenant_name': 'tempest-MigrationsAdminTest-1674347275', 'user_domain_id': 'default', 'user_domain_name': 'Default', 'user_id': '1de7c648151d476b97be5c84fcbeba22', 'system': None}, Network: None, Subnet: None, Router: None
2024-12-12 01:28:46.960 66568 INFO tempest.lib.common.dynamic_creds [-] Created isolated network resources for: credentials: Credentials: {'domain_id': 'default', 'domain_name': 'Default', 'username': 'tempest-MigrationsAdminTest-1674347275-project-member', 'project_domain_id': 'default', 'project_domain_name': 'Default', 'project_id': '5a7bf46da0364b579b790da2a6b62b20', 'project_name': 'tempest-MigrationsAdminTest-1674347275', 'tenant_id': '5a7bf46da0364b579b790da2a6b62b20', 'tenant_name': 'tempest-MigrationsAdminTest-1674347275', 'user_domain_id': 'default', 'user_domain_name': 'Default', 'user_id': '1de7c648151d476b97be5c84fcbeba22', 'system': None}, Network: None, Subnet: None, Router: None
2024-12-12 01:28:46.971 66612 INFO tempest.lib.common.rest_client [req-f5f14e5c-c67e-4192-8330-953ea739e5e0 req-f5f14e5c-c67e-4192-8330-953ea739e5e0 ] Request (InstanceUsageAuditLogTestJSON:test_list_instance_usage_audit_logs): 200 GET http://10.180.1.21/compute/v2.1/os-instance_usage_audit_log 1.078s
2024-12-12 01:28:46.990 66598 INFO tempest.lib.common.rest_client [req-0b79fd4b-58cf-4426-814c-fac79f76c9bf req-0b79fd4b-58cf-4426-814c-fac79f76c9bf ] Request (ImagesMetadataNegativeTestJSON:test_list_nonexistent_image_metadata): 404 GET http://10.180.1.21/compute/v2.1/images/7e550c87-005e-4966-86eb-c08424090d57/metadata 1.092s
2024-12-12 01:28:46.994 66558 INFO tempest.lib.common.rest_client [req-058f3d77-d890-4d73-909e-b28fb55e0133 req-058f3d77-d890-4d73-909e-b28fb55e0133 ] Request (AZAdminV2TestJSON:tearDownClass): 204 DELETE http://10.180.1.21/identity/v3/users/da6c01dbb2cc4dca87017eec690ac1d7 0.177s
2024-12-12 01:28:47.027 66586 INFO tempest.lib.common.rest_client [req-1841158f-466f-4d60-994d-34d6fe602bee req-1841158f-466f-4d60-994d-34d6fe602bee ] Request (HypervisorAdminV228Test:test_get_list_hypervisor_details): 200 GET http://10.180.1.21/compute/v2.1/os-hypervisors/1 1.091s
2024-12-12 01:28:47.036 66593 INFO tempest.lib.common.rest_client [req-c4d56caf-7c4a-4a91-ad0a-f308114af8f3 req-c4d56caf-7c4a-4a91-ad0a-f308114af8f3 ] Request (KeyPairsV2TestJSON:test_keypair_create_delete): 200 POST http://10.180.1.21/compute/v2.1/os-keypairs 1.113s
2024-12-12 01:28:47.109 66568 INFO tempest.lib.common.rest_client [req-17abf2d2-fdab-4ec3-b775-2edee49505b7 req-17abf2d2-fdab-4ec3-b775-2edee49505b7 ] Request (MigrationsAdminTest:setUpClass): 201 POST http://10.180.1.21/identity/v3/auth/tokens 0.142s
2024-12-12 01:28:47.158 66612 INFO tempest.lib.common.rest_client [req-aae67035-c226-4b11-ba64-4b4cdb382870 req-aae67035-c226-4b11-ba64-4b4cdb382870 ] Request (InstanceUsageAuditLogTestJSON:tearDownClass): 204 DELETE http://10.180.1.21/identity/v3/users/6a249d50204f4684a0049e40c92dda87 0.185s
2024-12-12 01:28:47.222 66558 INFO tempest.lib.common.rest_client [req-782c61b3-e5f0-4e8d-8084-12ec81572982 req-782c61b3-e5f0-4e8d-8084-12ec81572982 ] Request (AZAdminV2TestJSON:tearDownClass): 204 DELETE http://10.180.1.21/identity/v3/users/ccd2c20d330d4e8494a87f26e4193eaa 0.228s
2024-12-12 01:28:47.222 66558 INFO tempest.lib.common.dynamic_creds [-] Deleting project and security group for project: c2e5aa959f334698901d212cd2be9756
2024-12-12 01:28:47.282 66602 INFO tempest.lib.common.rest_client [req-f5491ce4-cc70-4ab7-9a37-0898808f341c req-f5491ce4-cc70-4ab7-9a37-0898808f341c ] Request (VolumesAssistedSnapshotsTest:setUpClass): 200 PUT http://10.180.1.21:9696/networking/v2.0/routers/074fae2f-7e71-464f-addb-ce6f78e51b4f/add_router_interface 0.857s
2024-12-12 01:28:47.282 66602 INFO tempest.lib.common.dynamic_creds [-] Created isolated network resources for: credentials: Credentials: {'domain_id': 'default', 'domain_name': 'Default', 'username': 'tempest-VolumesAssistedSnapshotsTest-473370268-project-admin', 'project_domain_id': 'default', 'project_domain_name': 'Default', 'project_id': '412f796cf7e44564bfef669c69995aec', 'project_name': 'tempest-VolumesAssistedSnapshotsTest-473370268', 'tenant_id': '412f796cf7e44564bfef669c69995aec', 'tenant_name': 'tempest-VolumesAssistedSnapshotsTest-473370268', 'user_domain_id': 'default', 'user_domain_name': 'Default', 'user_id': '4f147c3b6dc148f092ed6de4172011e2', 'system': None}, Network: {'id': 'f8ea0fb5-7835-407b-807b-218acf506012', 'name': 'tempest-VolumesAssistedSnapshotsTest-168836572-network', 'tenant_id': '412f796cf7e44564bfef669c69995aec', 'admin_state_up': True, 'mtu': 8950, 'status': 'ACTIVE', 'subnets': [], 'shared': False, 'project_id': '412f796cf7e44564bfef669c69995aec', 'port_security_enabled': True, 'router:external': False, 'provider:network_type': 'vlan', 'provider:physical_network': 'default', 'provider:segmentation_id': 232, 'availability_zone_hints': [], 'availability_zones': [], 'ipv4_address_scope': None, 'ipv6_address_scope': None, 'description': '', 'tags': [], 'created_at': '2024-12-12T01:28:45Z', 'updated_at': '2024-12-12T01:28:45Z', 'revision_number': 1}, Subnet: {'id': '470c64b8-be4d-4efc-bf53-54db30cb7bed', 'name': 'tempest-VolumesAssistedSnapshotsTest-168836572-subnet', 'tenant_id': '412f796cf7e44564bfef669c69995aec', 'network_id': 'f8ea0fb5-7835-407b-807b-218acf506012', 'ip_version': 4, 'subnetpool_id': None, 'enable_dhcp': True, 'ipv6_ra_mode': None, 'ipv6_address_mode': None, 'gateway_ip': '192.168.128.1', 'cidr': '192.168.128.0/28', 'allocation_pools': [{'start': '192.168.128.2', 'end': '192.168.128.14'}], 'host_routes': [], 'dns_nameservers': [], 'description': '', 'router:external': False, 'service_types': [], 'tags': [], 'created_at': '2024-12-12T01:28:45Z', 'updated_at': '2024-12-12T01:28:45Z', 'revision_number': 0, 'project_id': '412f796cf7e44564bfef669c69995aec'}, Router: {'id': '074fae2f-7e71-464f-addb-ce6f78e51b4f', 'name': 'tempest-VolumesAssistedSnapshotsTest-168836572-router', 'tenant_id': '412f796cf7e44564bfef669c69995aec', 'admin_state_up': True, 'status': 'ACTIVE', 'external_gateway_info': {'network_id': 'f03ef469-5934-4a2e-9bd5-5f1dfb0912c7', 'external_fixed_ips': [{'subnet_id': '1f276d01-f4d2-4cce-b604-5c2f3f9a8ea4', 'ip_address': '10.180.180.189'}], 'enable_snat': True}, 'description': '', 'availability_zones': [], 'distributed': False, 'ha': False, 'availability_zone_hints': [], 'routes': [], 'flavor_id': None, 'tags': [], 'created_at': '2024-12-12T01:28:45Z', 'updated_at': '2024-12-12T01:28:45Z', 'revision_number': 2, 'project_id': '412f796cf7e44564bfef669c69995aec'}
2024-12-12 01:28:47.292 66568 INFO tempest.lib.common.rest_client [req-4c9ac83d-ec16-41a3-9216-d332ede634d3 req-4c9ac83d-ec16-41a3-9216-d332ede634d3 ] Request (MigrationsAdminTest:setUpClass): 201 POST http://10.180.1.21/identity/v3/projects 0.182s
2024-12-12 01:28:47.304 66586 INFO tempest.lib.common.rest_client [req-6c92b03b-bef9-46e0-b536-8a007ada1624 req-6c92b03b-bef9-46e0-b536-8a007ada1624 ] Request (HypervisorAdminV228Test:tearDownClass): 204 DELETE http://10.180.1.21/identity/v3/users/edcab68cd81e487e86d0ef84d96e5e27 0.201s
2024-12-12 01:28:47.400 66612 INFO tempest.lib.common.rest_client [req-93f0c389-17e1-4169-b817-fa4f731acd98 req-93f0c389-17e1-4169-b817-fa4f731acd98 ] Request (InstanceUsageAuditLogTestJSON:tearDownClass): 204 DELETE http://10.180.1.21/identity/v3/users/855b233f4c974ef5bb9a43e24447d354 0.242s
2024-12-12 01:28:47.401 66612 INFO tempest.lib.common.dynamic_creds [-] Deleting project and security group for project: f4fcfd11aee04ae5a5506d2c385c3ac7
2024-12-12 01:28:47.410 66558 INFO tempest.lib.common.rest_client [req-2ad3fab3-3ea5-4e1b-be07-38834b3f4f56 req-2ad3fab3-3ea5-4e1b-be07-38834b3f4f56 ] Request (AZAdminV2TestJSON:tearDownClass): 201 POST http://10.180.1.21/identity/v3/auth/tokens 0.187s
2024-12-12 01:28:47.474 66576 INFO tempest.lib.common.rest_client [req-d9fd8c68-b36b-4a3b-96ef-5b4ba1090d23 req-d9fd8c68-b36b-4a3b-96ef-5b4ba1090d23 ] Request (SecurityGroupRulesTestJSON:setUpClass): 201 POST http://10.180.1.21:9696/networking/v2.0/networks 0.707s
2024-12-12 01:28:47.474 66568 INFO tempest.lib.common.rest_client [req-668a3991-b32b-4ef9-a44d-05397264545e req-668a3991-b32b-4ef9-a44d-05397264545e ] Request (MigrationsAdminTest:setUpClass): 201 POST http://10.180.1.21/identity/v3/users 0.181s
2024-12-12 01:28:47.478 66602 INFO tempest.lib.common.rest_client [req-a1122e53-9013-452e-83f6-d8b4d4d21792 req-a1122e53-9013-452e-83f6-d8b4d4d21792 ] Request (VolumesAssistedSnapshotsTest:setUpClass): 201 POST http://10.180.1.21/identity/v3/auth/tokens 0.191s
2024-12-12 01:28:47.539 66586 INFO tempest.lib.common.rest_client [req-3335625b-4021-46ca-91f7-8aeb8e82bf1e req-3335625b-4021-46ca-91f7-8aeb8e82bf1e ] Request (HypervisorAdminV228Test:tearDownClass): 204 DELETE http://10.180.1.21/identity/v3/users/555250a6caa64990a32d476954aaaa42 0.234s
2024-12-12 01:28:47.539 66586 INFO tempest.lib.common.dynamic_creds [-] Deleting project and security group for project: f3f0cb93003841349bceb94fbe15db7f
2024-12-12 01:28:47.593 66612 INFO tempest.lib.common.rest_client [req-93aa8977-2575-44d8-b4d2-563f1c6964b3 req-93aa8977-2575-44d8-b4d2-563f1c6964b3 ] Request (InstanceUsageAuditLogTestJSON:tearDownClass): 201 POST http://10.180.1.21/identity/v3/auth/tokens 0.192s
2024-12-12 01:28:47.682 66568 INFO tempest.lib.common.rest_client [req-d5c3e955-834b-44c1-bae3-dc22ede676b8 req-d5c3e955-834b-44c1-bae3-dc22ede676b8 ] Request (MigrationsAdminTest:setUpClass): 200 GET http://10.180.1.21/identity/v3/roles 0.207s
2024-12-12 01:28:47.684 66602 INFO tempest.lib.common.rest_client [req-8f4c57a5-f8c3-4b90-b523-b2b49da0827f req-8f4c57a5-f8c3-4b90-b523-b2b49da0827f ] Request (VolumesAssistedSnapshotsTest:setUpClass): 201 POST http://10.180.1.21/identity/v3/projects 0.205s
2024-12-12 01:28:47.719 66584 INFO tempest.lib.common.rest_client [req-4ad5f248-d6cc-43c3-a05c-38e5077573ec req-4ad5f248-d6cc-43c3-a05c-38e5077573ec ] Request (AggregatesAdminNegativeTestJSON:_run_cleanups): 200 POST http://10.180.1.21/compute/v2.1/os-aggregates/1/action 1.736s
2024-12-12 01:28:47.740 66610 INFO tempest.lib.common.rest_client [req-47e20ce1-a820-497d-b325-be6b5cb648aa req-47e20ce1-a820-497d-b325-be6b5cb648aa ] Request (ServicesAdminNegativeV253TestJSON:test_get_service_by_invalid_params): 200 GET http://10.180.1.21/compute/v2.1/os-services 1.741s
2024-12-12 01:28:47.755 66560 INFO tempest.lib.common.rest_client [req-f5c86785-d414-48a6-9dea-b8c1c67b486f req-f5c86785-d414-48a6-9dea-b8c1c67b486f ] Request (FlavorsV2TestJSON:test_list_flavors_detailed_filter_by_min_disk): 200 GET http://10.180.1.21/compute/v2.1/flavors/42 1.745s
2024-12-12 01:28:47.758 66586 INFO tempest.lib.common.rest_client [req-bfeadacd-a10c-4be3-8e5e-84df1977af71 req-bfeadacd-a10c-4be3-8e5e-84df1977af71 ] Request (HypervisorAdminV228Test:tearDownClass): 201 POST http://10.180.1.21/identity/v3/auth/tokens 0.218s
2024-12-12 01:28:47.762 66594 INFO tempest.lib.common.rest_client [req-b13cca56-395a-4119-ac52-5d1a6de74f15 req-b13cca56-395a-4119-ac52-5d1a6de74f15 ] Request (FlavorsAccessNegativeTestJSON:test_flavor_access_list_with_public_flavor): 404 GET http://10.180.1.21/compute/v2.1/flavors/377463414/os-flavor-access 1.740s
2024-12-12 01:28:47.778 66558 INFO tempest.lib.common.rest_client [req-2661d3c4-cf50-4ad5-9751-98fea0b4a21c req-2661d3c4-cf50-4ad5-9751-98fea0b4a21c ] Request (AZAdminV2TestJSON:tearDownClass): 200 GET http://10.180.1.21:9696/networking/v2.0/security-groups?tenant_id=c2e5aa959f334698901d212cd2be9756&name=default 0.368s
2024-12-12 01:28:47.801 66568 INFO tempest.lib.common.rest_client [req-0bb331fb-0fef-40f8-97b9-b50a15cebfa3 req-0bb331fb-0fef-40f8-97b9-b50a15cebfa3 ] Request (MigrationsAdminTest:setUpClass): 204 PUT http://10.180.1.21/identity/v3/projects/180000b6b2de440b9e5a36ca15590497/users/5670791dd2be4820b03095a8e6ec2746/roles/0c8fa181163e4a84baa53ea5278f92f3 0.118s
2024-12-12 01:28:47.866 66602 INFO tempest.lib.common.rest_client [req-5cc36fb8-1370-418d-954f-db35d0f74d35 req-5cc36fb8-1370-418d-954f-db35d0f74d35 ] Request (VolumesAssistedSnapshotsTest:setUpClass): 201 POST http://10.180.1.21/identity/v3/users 0.181s
2024-12-12 01:28:47.881 66576 INFO tempest.lib.common.rest_client [req-8e1be3c9-f37f-4e24-941e-2fdf4e1c9a2b req-8e1be3c9-f37f-4e24-941e-2fdf4e1c9a2b ] Request (SecurityGroupRulesTestJSON:setUpClass): 201 POST http://10.180.1.21:9696/networking/v2.0/subnets 0.407s
2024-12-12 01:28:47.883 66604 INFO tempest.lib.common.rest_client [req-21baf9f8-bfe7-4352-b37c-179b8e3bec00 req-21baf9f8-bfe7-4352-b37c-179b8e3bec00 ] Request (DeleteServersAdminTestJSON:test_admin_delete_servers_of_others): 200 GET http://10.180.1.21/compute/v2.1/servers/ea561adf-aa56-465b-a0fe-b1f5faf3dc56 1.600s
2024-12-12 01:28:47.888 66558 INFO tempest.lib.common.rest_client [req-61cfb007-cbdb-451a-9d0a-d588718a0ffe req-61cfb007-cbdb-451a-9d0a-d588718a0ffe ] Request (AZAdminV2TestJSON:tearDownClass): 204 DELETE http://10.180.1.21:9696/networking/v2.0/security-groups/a05b8056-2339-4882-8385-e4fabd10ad4a 0.109s
2024-12-12 01:28:47.891 66568 INFO tempest.lib.common.rest_client [req-2f2c2287-e2fe-4107-852b-97c15de3f308 req-2f2c2287-e2fe-4107-852b-97c15de3f308 ] Request (MigrationsAdminTest:setUpClass): 200 GET http://10.180.1.21/identity/v3/roles 0.089s
2024-12-12 01:28:47.898 66570 INFO tempest.lib.common.rest_client [req-20dfc724-b92e-42c8-ad36-c5249ec5a51f req-20dfc724-b92e-42c8-ad36-c5249ec5a51f ] Request (ServersWithSpecificFlavorTestJSON:setUpClass): 200 PUT http://10.180.1.21:9696/networking/v2.0/routers/e760a55d-0488-4b5e-9536-a87e4df119b3/add_router_interface 1.385s
2024-12-12 01:28:47.898 66570 INFO tempest.lib.common.dynamic_creds [-] Created isolated network resources for: credentials: Credentials: {'domain_id': 'default', 'domain_name': 'Default', 'username': 'tempest-ServersWithSpecificFlavorTestJSON-1907576277-project-admin', 'project_domain_id': 'default', 'project_domain_name': 'Default', 'project_id': '68588e18823e4a52a908b23dce5726c4', 'project_name': 'tempest-ServersWithSpecificFlavorTestJSON-1907576277', 'tenant_id': '68588e18823e4a52a908b23dce5726c4', 'tenant_name': 'tempest-ServersWithSpecificFlavorTestJSON-1907576277', 'user_domain_id': 'default', 'user_domain_name': 'Default', 'user_id': 'b596b7ab031245ca857260b27d2d9b28', 'system': None}, Network: {'id': '9b0cf969-514a-49bc-8935-8facc51f274b', 'name': 'tempest-ServersWithSpecificFlavorTestJSON-682593528-network', 'tenant_id': '68588e18823e4a52a908b23dce5726c4', 'admin_state_up': True, 'mtu': 8950, 'status': 'ACTIVE', 'subnets': [], 'shared': False, 'project_id': '68588e18823e4a52a908b23dce5726c4', 'port_security_enabled': True, 'router:external': False, 'provider:network_type': 'vlan', 'provider:physical_network': 'default', 'provider:segmentation_id': 631, 'availability_zone_hints': [], 'availability_zones': [], 'ipv4_address_scope': None, 'ipv6_address_scope': None, 'description': '', 'tags': [], 'created_at': '2024-12-12T01:28:45Z', 'updated_at': '2024-12-12T01:28:45Z', 'revision_number': 1}, Subnet: {'id': 'cb0e342d-90fa-46b8-bade-b188ef8fa605', 'name': 'tempest-ServersWithSpecificFlavorTestJSON-682593528-subnet', 'tenant_id': '68588e18823e4a52a908b23dce5726c4', 'network_id': '9b0cf969-514a-49bc-8935-8facc51f274b', 'ip_version': 4, 'subnetpool_id': None, 'enable_dhcp': True, 'ipv6_ra_mode': None, 'ipv6_address_mode': None, 'gateway_ip': '192.168.128.1', 'cidr': '192.168.128.0/28', 'allocation_pools': [{'start': '192.168.128.2', 'end': '192.168.128.14'}], 'host_routes': [], 'dns_nameservers': [], 'description': '', 'router:external': False, 'service_types': [], 'tags': [], 'created_at': '2024-12-12T01:28:45Z', 'updated_at': '2024-12-12T01:28:45Z', 'revision_number': 0, 'project_id': '68588e18823e4a52a908b23dce5726c4'}, Router: {'id': 'e760a55d-0488-4b5e-9536-a87e4df119b3', 'name': 'tempest-ServersWithSpecificFlavorTestJSON-682593528-router', 'tenant_id': '68588e18823e4a52a908b23dce5726c4', 'admin_state_up': True, 'status': 'ACTIVE', 'external_gateway_info': {'network_id': 'f03ef469-5934-4a2e-9bd5-5f1dfb0912c7', 'external_fixed_ips': [{'subnet_id': '1f276d01-f4d2-4cce-b604-5c2f3f9a8ea4', 'ip_address': '10.180.180.161'}], 'enable_snat': True}, 'description': '', 'availability_zones': [], 'distributed': False, 'ha': False, 'availability_zone_hints': [], 'routes': [], 'flavor_id': None, 'tags': [], 'created_at': '2024-12-12T01:28:45Z', 'updated_at': '2024-12-12T01:28:46Z', 'revision_number': 2, 'project_id': '68588e18823e4a52a908b23dce5726c4'}
2024-12-12 01:28:47.904 66602 INFO tempest.lib.common.rest_client [req-c59eb84a-2392-47c4-a8da-4bcf40110d39 req-c59eb84a-2392-47c4-a8da-4bcf40110d39 ] Request (VolumesAssistedSnapshotsTest:setUpClass): 200 GET http://10.180.1.21/identity/v3/roles 0.037s
2024-12-12 01:28:47.931 66568 INFO tempest.lib.common.rest_client [req-71fc9f95-2276-4eeb-9123-1de82421ef11 req-71fc9f95-2276-4eeb-9123-1de82421ef11 ] Request (MigrationsAdminTest:setUpClass): 204 PUT http://10.180.1.21/identity/v3/projects/180000b6b2de440b9e5a36ca15590497/users/5670791dd2be4820b03095a8e6ec2746/roles/0c8fa181163e4a84baa53ea5278f92f3 0.039s
2024-12-12 01:28:47.931 66568 INFO tempest.lib.common.dynamic_creds [-] Dynamic test user 5670791dd2be4820b03095a8e6ec2746 is created with scope project and roles: ['admin']
2024-12-12 01:28:47.931 66568 INFO tempest.lib.common.dynamic_creds [-] Acquired dynamic creds: credentials: Credentials: {'domain_id': 'default', 'domain_name': 'Default', 'username': 'tempest-MigrationsAdminTest-717835292-project-admin', 'project_domain_id': 'default', 'project_domain_name': 'Default', 'project_id': '180000b6b2de440b9e5a36ca15590497', 'project_name': 'tempest-MigrationsAdminTest-717835292', 'tenant_id': '180000b6b2de440b9e5a36ca15590497', 'tenant_name': 'tempest-MigrationsAdminTest-717835292', 'user_domain_id': 'default', 'user_domain_name': 'Default', 'user_id': '5670791dd2be4820b03095a8e6ec2746', 'system': None}, Network: None, Subnet: None, Router: None
2024-12-12 01:28:47.931 66568 INFO tempest.lib.common.dynamic_creds [-] Created isolated network resources for: credentials: Credentials: {'domain_id': 'default', 'domain_name': 'Default', 'username': 'tempest-MigrationsAdminTest-717835292-project-admin', 'project_domain_id': 'default', 'project_domain_name': 'Default', 'project_id': '180000b6b2de440b9e5a36ca15590497', 'project_name': 'tempest-MigrationsAdminTest-717835292', 'tenant_id': '180000b6b2de440b9e5a36ca15590497', 'tenant_name': 'tempest-MigrationsAdminTest-717835292', 'user_domain_id': 'default', 'user_domain_name': 'Default', 'user_id': '5670791dd2be4820b03095a8e6ec2746', 'system': None}, Network: None, Subnet: None, Router: None
2024-12-12 01:28:47.944 66620 INFO tempest.lib.common.rest_client [req-d91c7bd3-fdc0-4ad9-90ca-d173c8a115a4 req-d91c7bd3-fdc0-4ad9-90ca-d173c8a115a4 ] Request (ServerDiagnosticsTest:test_get_server_diagnostics): 200 GET http://10.180.1.21/compute/v2.1/servers/a5fd1d2f-7006-4400-84ba-63cb62e46194 1.535s
2024-12-12 01:28:47.963 66562 INFO tempest.lib.common.rest_client [req-9e4faca2-2b4e-486a-8d09-cf3f065bcd3b req-9e4faca2-2b4e-486a-8d09-cf3f065bcd3b ] Request (FlavorsAdminTestJSON:_run_cleanups): 200 GET http://10.180.1.21/compute/v2.1/flavors/detail 1.527s
2024-12-12 01:28:47.977 66558 INFO tempest.lib.common.rest_client [req-ba047b93-d799-4124-95d0-121f42e4c948 req-ba047b93-d799-4124-95d0-121f42e4c948 ] Request (AZAdminV2TestJSON:tearDownClass): 204 DELETE http://10.180.1.21/identity/v3/projects/c2e5aa959f334698901d212cd2be9756 0.088s
2024-12-12 01:28:47.977 66558 INFO tempest.lib.common.dynamic_creds [-] Deleting project and security group for project: 759ab84668bb4d3c8b4db452a8d4f65a
2024-12-12 01:28:48.001 66570 INFO tempest.lib.common.rest_client [req-70411db3-7d3b-41f3-9a0f-b7dd87e1df6e req-70411db3-7d3b-41f3-9a0f-b7dd87e1df6e ] Request (ServersWithSpecificFlavorTestJSON:setUpClass): 201 POST http://10.180.1.21/identity/v3/auth/tokens 0.098s
2024-12-12 01:28:48.024 66612 INFO tempest.lib.common.rest_client [req-6a2fa69c-d8b8-4c07-a14c-e1bc2f119b85 req-6a2fa69c-d8b8-4c07-a14c-e1bc2f119b85 ] Request (InstanceUsageAuditLogTestJSON:tearDownClass): 200 GET http://10.180.1.21:9696/networking/v2.0/security-groups?tenant_id=f4fcfd11aee04ae5a5506d2c385c3ac7&name=default 0.431s
2024-12-12 01:28:48.044 66586 INFO tempest.lib.common.rest_client [req-166fc318-04d8-4828-a79d-87b7a586a0bd req-166fc318-04d8-4828-a79d-87b7a586a0bd ] Request (HypervisorAdminV228Test:tearDownClass): 200 GET http://10.180.1.21:9696/networking/v2.0/security-groups?tenant_id=f3f0cb93003841349bceb94fbe15db7f&name=default 0.286s
2024-12-12 01:28:48.051 66602 INFO tempest.lib.common.rest_client [req-23f55d2a-2b0e-4603-9cc6-e10ef44dc238 req-23f55d2a-2b0e-4603-9cc6-e10ef44dc238 ] Request (VolumesAssistedSnapshotsTest:setUpClass): 204 PUT http://10.180.1.21/identity/v3/projects/8fdde15f4eda4b38b253676c160a1ff6/users/b4351b97fb0e45948a451fd6b23bd183/roles/0c8fa181163e4a84baa53ea5278f92f3 0.146s
2024-12-12 01:28:48.081 66568 INFO tempest.lib.common.rest_client [req-af4f4044-65b9-469d-b210-c1a50e1a44d9 req-af4f4044-65b9-469d-b210-c1a50e1a44d9 ] Request (MigrationsAdminTest:setUpClass): 201 POST http://10.180.1.21/identity/v3/auth/tokens 0.146s
2024-12-12 01:28:48.129 66602 INFO tempest.lib.common.rest_client [req-71f878da-f5ae-490c-b008-66baed63cbb6 req-71f878da-f5ae-490c-b008-66baed63cbb6 ] Request (VolumesAssistedSnapshotsTest:setUpClass): 200 GET http://10.180.1.21/identity/v3/roles 0.077s
2024-12-12 01:28:48.163 66602 INFO tempest.lib.common.rest_client [req-fe8a3e40-fbbb-4c2b-843d-0767303c9789 req-fe8a3e40-fbbb-4c2b-843d-0767303c9789 ] Request (VolumesAssistedSnapshotsTest:setUpClass): 204 PUT http://10.180.1.21/identity/v3/projects/8fdde15f4eda4b38b253676c160a1ff6/users/b4351b97fb0e45948a451fd6b23bd183/roles/5f48ce4eebe94194a9a23ac5b14d25af 0.034s
2024-12-12 01:28:48.164 66602 INFO tempest.lib.common.dynamic_creds [-] Dynamic test user b4351b97fb0e45948a451fd6b23bd183 is created with scope project and roles: ['admin', 'service']
2024-12-12 01:28:48.164 66602 INFO tempest.lib.common.dynamic_creds [-] Acquired dynamic creds: credentials: Credentials: {'domain_id': 'default', 'domain_name': 'Default', 'username': 'tempest-VolumesAssistedSnapshotsTest-504881926-project', 'project_domain_id': 'default', 'project_domain_name': 'Default', 'project_id': '8fdde15f4eda4b38b253676c160a1ff6', 'project_name': 'tempest-VolumesAssistedSnapshotsTest-504881926', 'tenant_id': '8fdde15f4eda4b38b253676c160a1ff6', 'tenant_name': 'tempest-VolumesAssistedSnapshotsTest-504881926', 'user_domain_id': 'default', 'user_domain_name': 'Default', 'user_id': 'b4351b97fb0e45948a451fd6b23bd183', 'system': None}, Network: None, Subnet: None, Router: None
2024-12-12 01:28:48.171 66612 INFO tempest.lib.common.rest_client [req-c426b54b-563c-4478-97b4-515c5a1c1e66 req-c426b54b-563c-4478-97b4-515c5a1c1e66 ] Request (InstanceUsageAuditLogTestJSON:tearDownClass): 204 DELETE http://10.180.1.21:9696/networking/v2.0/security-groups/c33b48a7-428b-4920-8db1-a29930c0f2be 0.146s
2024-12-12 01:28:48.174 66558 INFO tempest.lib.common.rest_client [req-9daa1de4-c334-4f45-b843-849a3a6f8efd req-9daa1de4-c334-4f45-b843-849a3a6f8efd ] Request (AZAdminV2TestJSON:tearDownClass): 200 GET http://10.180.1.21:9696/networking/v2.0/security-groups?tenant_id=759ab84668bb4d3c8b4db452a8d4f65a&name=default 0.196s
2024-12-12 01:28:48.175 66596 INFO tempest.lib.common.rest_client [req-a47c3772-ea82-47f1-8e32-97a86bc40656 req-a47c3772-ea82-47f1-8e32-97a86bc40656 ] Request (FlavorsAccessTestJSON:test_flavor_access_add_remove): 200 GET http://10.180.1.21/compute/v2.1/flavors/detail 1.580s
2024-12-12 01:28:48.178 66586 INFO tempest.lib.common.rest_client [req-ae820d0b-172b-4dca-bf93-28a22771cae4 req-ae820d0b-172b-4dca-bf93-28a22771cae4 ] Request (HypervisorAdminV228Test:tearDownClass): 204 DELETE http://10.180.1.21:9696/networking/v2.0/security-groups/ec877e3a-f6dc-44c9-ad64-54b8bca95803 0.132s
2024-12-12 01:28:48.275 66572 INFO tempest.lib.common.rest_client [req-3a320b0c-fecd-463b-8530-28e469e42336 req-3a320b0c-fecd-463b-8530-28e469e42336 ] Request (AttachInterfacesTestJSON:test_create_list_show_delete_interfaces_by_fixed_ip): 202 POST http://10.180.1.21/compute/v2.1/servers 2.301s
2024-12-12 01:28:48.302 66580 INFO tempest.lib.common.rest_client [req-450e93c4-d888-4ada-97c8-033680917520 req-450e93c4-d888-4ada-97c8-033680917520 ] Request (HypervisorAdminTestJSON:test_get_hypervisor_show_details): 200 GET http://10.180.1.21/compute/v2.1/os-hypervisors 1.635s
2024-12-12 01:28:48.319 66586 INFO tempest.lib.common.rest_client [req-104ebc51-406f-4b3e-b594-18111c387e47 req-104ebc51-406f-4b3e-b594-18111c387e47 ] Request (HypervisorAdminV228Test:tearDownClass): 204 DELETE http://10.180.1.21/identity/v3/projects/f3f0cb93003841349bceb94fbe15db7f 0.141s
2024-12-12 01:28:48.319 66586 INFO tempest.lib.common.dynamic_creds [-] Deleting project and security group for project: 6ba9993f2c084a9a858a9c75706bf1b4
2024-12-12 01:28:48.322 66612 INFO tempest.lib.common.rest_client [req-f61b1af5-023e-4ab4-a72e-b5781cfced5c req-f61b1af5-023e-4ab4-a72e-b5781cfced5c ] Request (InstanceUsageAuditLogTestJSON:tearDownClass): 204 DELETE http://10.180.1.21/identity/v3/projects/f4fcfd11aee04ae5a5506d2c385c3ac7 0.150s
2024-12-12 01:28:48.322 66612 INFO tempest.lib.common.dynamic_creds [-] Deleting project and security group for project: 81a6777f8f1e49ceb80cae4eb5d0a7e5
2024-12-12 01:28:48.338 66588 INFO tempest.lib.common.rest_client [req-7b863ff0-07f3-491a-8c6f-389b300c8780 req-7b863ff0-07f3-491a-8c6f-389b300c8780 ] Request (FlavorsV255TestJSON:test_crud_flavor): 200 PUT http://10.180.1.21/compute/v2.1/flavors/563874306 1.648s
2024-12-12 01:28:48.359 66614 INFO tempest.lib.common.rest_client [req-0c7f0cd2-7f67-4464-a19a-e3b94cef26cf req-0c7f0cd2-7f67-4464-a19a-e3b94cef26cf ] Request (FlavorMetadataValidation:_run_cleanups): 202 DELETE http://10.180.1.21/compute/v2.1/flavors/2019601719 1.607s
2024-12-12 01:28:48.409 66616 INFO tempest.lib.common.rest_client [req-fbcad437-7e91-4220-ab42-3383abd601d5 req-fbcad437-7e91-4220-ab42-3383abd601d5 ] Request (ListImageFiltersTestJSON:setUpClass): 200 GET http://10.180.1.21/compute/v2.1/images/3cf8da32-724b-4b1e-83d0-7e79eafd5b13 1.615s
2024-12-12 01:28:48.418 66564 INFO tempest.lib.common.rest_client [req-7ba18a0b-2c0a-417a-922d-d4ba990ba9f6 req-7ba18a0b-2c0a-417a-922d-d4ba990ba9f6 ] Request (HypervisorAdminNegativeUnderV252Test:test_search_nonexistent_hypervisor): 404 GET http://10.180.1.21/compute/v2.1/os-hypervisors/nonexistent_hypervisor_name/search 1.581s
2024-12-12 01:28:48.432 66558 INFO tempest.lib.common.rest_client [req-dfe78f57-f7d4-4f07-bf4a-556b94eefdcb req-dfe78f57-f7d4-4f07-bf4a-556b94eefdcb ] Request (AZAdminV2TestJSON:tearDownClass): 204 DELETE http://10.180.1.21:9696/networking/v2.0/security-groups/01efd9ed-b39c-4265-b699-21bf3903d35f 0.258s
2024-12-12 01:28:48.436 66566 INFO tempest.lib.common.rest_client [req-18f9558b-0a17-458d-b919-37ed3fbf3e25 req-18f9558b-0a17-458d-b919-37ed3fbf3e25 ] Request (HypervisorAdminUnderV252Test:test_search_hypervisor): 200 GET http://10.180.1.21/compute/v2.1/os-hypervisors 1.516s
2024-12-12 01:28:48.454 66578 INFO tempest.lib.common.rest_client [req-55384e75-5caa-4443-9962-18f3661e951d req-55384e75-5caa-4443-9962-18f3661e951d ] Request (FlavorsV261TestJSON:test_crud_flavor): 200 PUT http://10.180.1.21/compute/v2.1/flavors/356169675 1.537s
2024-12-12 01:28:48.476 66600 INFO tempest.lib.common.rest_client [req-b014cf9d-049d-4ebc-99fc-e7d0f1de55e1 req-b014cf9d-049d-4ebc-99fc-e7d0f1de55e1 ] Request (ServicesAdminNegativeTestJSON:test_get_service_by_invalid_service_and_valid_host): 200 GET http://10.180.1.21/compute/v2.1/os-services 1.536s
2024-12-12 01:28:48.501 66590 INFO tempest.lib.common.rest_client [req-28f3508f-e4b6-48c3-93f2-0d0f38a1cbad req-28f3508f-e4b6-48c3-93f2-0d0f38a1cbad ] Request (HypervisorAdminV253TestBase:test_list_show_detail_hypervisors): 200 GET http://10.180.1.21/compute/v2.1/os-hypervisors/3d204b25-fa3a-4320-b81b-738bc1f337f5 1.545s
2024-12-12 01:28:48.519 66586 INFO tempest.lib.common.rest_client [req-dc41d697-f275-45b4-9468-a1fdd87f1d3e req-dc41d697-f275-45b4-9468-a1fdd87f1d3e ] Request (HypervisorAdminV228Test:tearDownClass): 200 GET http://10.180.1.21:9696/networking/v2.0/security-groups?tenant_id=6ba9993f2c084a9a858a9c75706bf1b4&name=default 0.199s
2024-12-12 01:28:48.531 66598 INFO tempest.lib.common.rest_client [req-74c491f3-b8cb-4bff-8161-a771c00dc8fb req-74c491f3-b8cb-4bff-8161-a771c00dc8fb ] Request (ImagesMetadataNegativeTestJSON:test_set_nonexistent_image_metadata): 404 PUT http://10.180.1.21/compute/v2.1/images/c1d1f41a-8747-4eb8-a15f-f250a5ce082e/metadata 1.540s
2024-12-12 01:28:48.563 66602 INFO tempest.lib.common.rest_client [req-ab271409-6b94-49d6-a194-da583d3f11cb req-ab271409-6b94-49d6-a194-da583d3f11cb ] Request (VolumesAssistedSnapshotsTest:setUpClass): 201 POST http://10.180.1.21:9696/networking/v2.0/networks 0.399s
2024-12-12 01:28:48.579 66618 INFO tempest.lib.common.rest_client [req-8c05410c-f911-4f92-947e-671f1d1e0a5d req-8c05410c-f911-4f92-947e-671f1d1e0a5d ] Request (QuotasAdminTestJSON:test_delete_quota): 200 PUT http://10.180.1.21/compute/v2.1/os-quota-sets/b5873efda68646459c740d22050a1d82 1.934s
2024-12-12 01:28:48.585 66558 INFO tempest.lib.common.rest_client [req-3311ab12-147c-49f7-9102-58a5c121e0f0 req-3311ab12-147c-49f7-9102-58a5c121e0f0 ] Request (AZAdminV2TestJSON:tearDownClass): 204 DELETE http://10.180.1.21/identity/v3/projects/759ab84668bb4d3c8b4db452a8d4f65a 0.152s
2024-12-12 01:28:48.593 66612 INFO tempest.lib.common.rest_client [req-55dc94ed-1f03-4280-926a-f90c4e19c28d req-55dc94ed-1f03-4280-926a-f90c4e19c28d ] Request (InstanceUsageAuditLogTestJSON:tearDownClass): 200 GET http://10.180.1.21:9696/networking/v2.0/security-groups?tenant_id=81a6777f8f1e49ceb80cae4eb5d0a7e5&name=default 0.270s
2024-12-12 01:28:48.611 66593 INFO tempest.lib.common.rest_client [req-e8e6555f-0ddb-4dc8-b8c5-4c5ee2d49d8c req-e8e6555f-0ddb-4dc8-b8c5-4c5ee2d49d8c ] Request (KeyPairsV2TestJSON:_run_cleanups): 202 DELETE http://10.180.1.21/compute/v2.1/os-keypairs/tempest-keypair-1615240924 1.573s
2024-12-12 01:28:48.641 66584 INFO tempest.lib.common.rest_client [req-abf2f108-1eb6-48c8-b2e5-f029b3a80f96 req-abf2f108-1eb6-48c8-b2e5-f029b3a80f96 ] Request (AggregatesAdminNegativeTestJSON:_run_cleanups): 200 DELETE http://10.180.1.21/compute/v2.1/os-aggregates/1 0.920s
2024-12-12 01:28:48.641 66558 INFO tempest.lib.common.rest_client [req-dda639ab-422b-4042-bdde-d22924e8e67f req-dda639ab-422b-4042-bdde-d22924e8e67f ] Request (HostsAdminNegativeTestJSON:setUpClass): 201 POST http://10.180.1.21/identity/v3/auth/tokens 0.054s
2024-12-12 01:28:48.649 66586 INFO tempest.lib.common.rest_client [req-5002a98a-49d9-4154-8727-38fd0639a69c req-5002a98a-49d9-4154-8727-38fd0639a69c ] Request (HypervisorAdminV228Test:tearDownClass): 204 DELETE http://10.180.1.21:9696/networking/v2.0/security-groups/79c5c3f9-0371-4854-a97d-3e2a3a35b658 0.129s
2024-12-12 01:28:48.662 66610 INFO tempest.lib.common.rest_client [req-14a064f4-c8ab-4413-9168-6aba473cf786 req-14a064f4-c8ab-4413-9168-6aba473cf786 ] Request (ServicesAdminNegativeV253TestJSON:test_get_service_by_invalid_params): 200 GET http://10.180.1.21/compute/v2.1/os-services?xxx=nova-compute 0.918s
2024-12-12 01:28:48.683 66560 INFO tempest.lib.common.rest_client [req-2b95bad3-426c-449e-a3a7-1dee7d18513f req-2b95bad3-426c-449e-a3a7-1dee7d18513f ] Request (FlavorsV2TestJSON:test_list_flavors_detailed_filter_by_min_disk): 200 GET http://10.180.1.21/compute/v2.1/flavors/detail?minDisk=2 0.926s
2024-12-12 01:28:48.713 66594 INFO tempest.lib.common.rest_client [req-bdc62706-da50-4177-815f-60e99d64fb93 req-bdc62706-da50-4177-815f-60e99d64fb93 ] Request (FlavorsAccessNegativeTestJSON:_run_cleanups): 202 DELETE http://10.180.1.21/compute/v2.1/flavors/377463414 0.951s
2024-12-12 01:28:48.724 66612 INFO tempest.lib.common.rest_client [req-81ca7067-c196-4c95-856f-4448dde483b1 req-81ca7067-c196-4c95-856f-4448dde483b1 ] Request (InstanceUsageAuditLogTestJSON:tearDownClass): 204 DELETE http://10.180.1.21:9696/networking/v2.0/security-groups/dbd67dba-db6c-49a2-b23d-060eb8435918 0.131s
2024-12-12 01:28:48.726 66608 INFO tempest.lib.common.rest_client [req-478a028b-e912-448f-9ee5-459b2ebd3dab req-478a028b-e912-448f-9ee5-459b2ebd3dab ] Request (NetworksTest:test_list_all_networks): 200 GET http://10.180.1.21/compute/v2.1/os-networks 1.694s
2024-12-12 01:28:48.745 66562 INFO tempest.lib.common.rest_client [req-eddaba85-1bb5-4982-b161-fba0d8ab795f req-eddaba85-1bb5-4982-b161-fba0d8ab795f ] Request (FlavorsAdminTestJSON:test_create_flavor_verify_entry_in_list_details): 200 POST http://10.180.1.21/compute/v2.1/flavors 0.723s
2024-12-12 01:28:48.753 66590 INFO tempest.lib.common.rest_client [req-7ec25aaa-afc2-4802-bf00-1146a69e5f43 req-7ec25aaa-afc2-4802-bf00-1146a69e5f43 ] Request (HypervisorAdminV253TestBase:tearDownClass): 204 DELETE http://10.180.1.21/identity/v3/users/a23711cbc23a4ba9b7e7d4f51a60c08c 0.187s
2024-12-12 01:28:48.795 66558 INFO tempest.lib.common.rest_client [req-c5bbc0ac-ffdf-408a-b19b-ecc1f367cf6e req-c5bbc0ac-ffdf-408a-b19b-ecc1f367cf6e ] Request (HostsAdminNegativeTestJSON:setUpClass): 201 POST http://10.180.1.21/identity/v3/auth/tokens 0.151s
2024-12-12 01:28:48.859 66586 INFO tempest.lib.common.rest_client [req-2e23b9c7-88cf-4d50-bbd2-345d27e3fb3e req-2e23b9c7-88cf-4d50-bbd2-345d27e3fb3e ] Request (HypervisorAdminV228Test:tearDownClass): 204 DELETE http://10.180.1.21/identity/v3/projects/6ba9993f2c084a9a858a9c75706bf1b4 0.209s
2024-12-12 01:28:48.925 66570 INFO tempest.lib.common.rest_client [req-97ba6579-d6f0-4ebf-8c59-ca36352d598e req-97ba6579-d6f0-4ebf-8c59-ca36352d598e ] Request (ServersWithSpecificFlavorTestJSON:test_verify_created_server_ephemeral_disk): 200 GET http://10.180.1.21/compute/v2.1/flavors/42 0.922s
2024-12-12 01:28:48.968 66612 INFO tempest.lib.common.rest_client [req-00676f99-1912-4baf-83d8-5e300f09554c req-00676f99-1912-4baf-83d8-5e300f09554c ] Request (InstanceUsageAuditLogTestJSON:tearDownClass): 204 DELETE http://10.180.1.21/identity/v3/projects/81a6777f8f1e49ceb80cae4eb5d0a7e5 0.243s
2024-12-12 01:28:48.976 66608 INFO tempest.lib.common.rest_client [req-3e6a5971-3f28-450d-a8d7-bafcfa13ca06 req-3e6a5971-3f28-450d-a8d7-bafcfa13ca06 ] Request (NetworksTest:tearDownClass): 204 DELETE http://10.180.1.21/identity/v3/users/01811a7cb2c64c55a3619887c8e7032c 0.247s
2024-12-12 01:28:48.985 66602 INFO tempest.lib.common.rest_client [req-a8ceb1e0-93c6-4712-aac6-3458c3693a25 req-a8ceb1e0-93c6-4712-aac6-3458c3693a25 ] Request (VolumesAssistedSnapshotsTest:setUpClass): 201 POST http://10.180.1.21:9696/networking/v2.0/subnets 0.421s
2024-12-12 01:28:49.077 66568 INFO tempest.lib.common.rest_client [req-542d0699-4735-4a76-b49a-0873ab483b54 req-542d0699-4735-4a76-b49a-0873ab483b54 ] Request (MigrationsAdminTest:test_list_migrations): 200 GET http://10.180.1.21/compute/v2.1/os-migrations 0.991s
2024-12-12 01:28:49.092 66576 INFO tempest.lib.common.rest_client [req-b7edf8e2-4c18-430c-8b29-5c8d706e64ae req-b7edf8e2-4c18-430c-8b29-5c8d706e64ae ] Request (SecurityGroupRulesTestJSON:setUpClass): 201 POST http://10.180.1.21:9696/networking/v2.0/routers 1.211s
2024-12-12 01:28:49.113 66558 INFO tempest.lib.common.rest_client [req-fab2e5e6-63b1-451e-a3f1-bf72d3cb78e1 req-fab2e5e6-63b1-451e-a3f1-bf72d3cb78e1 ] Request (HostsAdminNegativeTestJSON:setUpClass): 200 GET http://10.180.1.21/identity/v3/domains?name=Default 0.317s
2024-12-12 01:28:49.158 66590 INFO tempest.lib.common.rest_client [req-04ad91b5-8567-4315-abfd-db0c5a94254c req-04ad91b5-8567-4315-abfd-db0c5a94254c ] Request (HypervisorAdminV253TestBase:tearDownClass): 204 DELETE http://10.180.1.21/identity/v3/users/39e17f821b3f41e48bf4496db7b8f4a7 0.405s
2024-12-12 01:28:49.159 66590 INFO tempest.lib.common.dynamic_creds [-] Deleting project and security group for project: ac5e4c6ec2f94a4fbeac2d294066836b
2024-12-12 01:28:49.170 66586 INFO tempest.lib.common.rest_client [req-69ae7ab5-dd9b-4fc0-871a-d211a80afba7 req-69ae7ab5-dd9b-4fc0-871a-d211a80afba7 ] Request (QuotasSecurityGroupAdminNegativeTest:setUpClass): 201 POST http://10.180.1.21/identity/v3/auth/tokens 0.310s
2024-12-12 01:28:49.209 66572 INFO tempest.lib.common.rest_client [req-1d87a232-2914-4cca-bfec-35224be1312d req-1d87a232-2914-4cca-bfec-35224be1312d ] Request (AttachInterfacesTestJSON:test_create_list_show_delete_interfaces_by_fixed_ip): 200 GET http://10.180.1.21/compute/v2.1/servers/d96af944-fba1-4df4-a0f7-0566ae562500 0.932s
2024-12-12 01:28:49.242 66580 INFO tempest.lib.common.rest_client [req-f498d417-96e2-4574-ad3c-b0ecc0af81bd req-f498d417-96e2-4574-ad3c-b0ecc0af81bd ] Request (HypervisorAdminTestJSON:test_get_hypervisor_show_details): 200 GET http://10.180.1.21/compute/v2.1/os-hypervisors/1 0.939s
2024-12-12 01:28:49.244 66612 INFO tempest.lib.common.rest_client [req-724578a8-eb3b-4c94-89e5-390f6fd75972 req-724578a8-eb3b-4c94-89e5-390f6fd75972 ] Request (KeyPairsV210TestJSON:setUpClass): 201 POST http://10.180.1.21/identity/v3/auth/tokens 0.275s
2024-12-12 01:28:49.271 66588 INFO tempest.lib.common.rest_client [req-44027cd4-9d5d-47ee-9cb8-7e2d1cd0479f req-44027cd4-9d5d-47ee-9cb8-7e2d1cd0479f ] Request (FlavorsV255TestJSON:test_crud_flavor): 200 GET http://10.180.1.21/compute/v2.1/flavors/detail 0.929s
2024-12-12 01:28:49.299 66614 INFO tempest.lib.common.rest_client [req-7b69fc31-7b5c-4be1-bd36-039e915d0ed4 req-7b69fc31-7b5c-4be1-bd36-039e915d0ed4 ] Request (FlavorMetadataValidation:_run_cleanups): 200 GET http://10.180.1.21/compute/v2.1/flavors/detail 0.939s
2024-12-12 01:28:49.317 66564 INFO tempest.lib.common.rest_client [req-27e24144-15bc-4822-bb68-6ecf9208df1b req-27e24144-15bc-4822-bb68-6ecf9208df1b ] Request (HypervisorAdminNegativeUnderV252Test:test_show_servers_with_non_admin_user): 200 GET http://10.180.1.21/compute/v2.1/os-hypervisors 0.896s
2024-12-12 01:28:49.345 66566 INFO tempest.lib.common.rest_client [req-faed5440-8e13-4407-82e2-ed054dd72d3c req-faed5440-8e13-4407-82e2-ed054dd72d3c ] Request (HypervisorAdminUnderV252Test:test_search_hypervisor): 200 GET http://10.180.1.21/compute/v2.1/os-hypervisors/domain-c8.fc996f14-c53b-4953-92e3-bdfa48f5cc28/search 0.908s
2024-12-12 01:28:49.362 66578 INFO tempest.lib.common.rest_client [req-e404e873-1d26-4480-97a6-fc25712e4692 req-e404e873-1d26-4480-97a6-fc25712e4692 ] Request (FlavorsV261TestJSON:test_crud_flavor): 200 GET http://10.180.1.21/compute/v2.1/flavors/detail 0.903s
2024-12-12 01:28:49.371 66608 INFO tempest.lib.common.rest_client [req-61cd9e0b-e0af-4e56-8fb4-7f8064e89175 req-61cd9e0b-e0af-4e56-8fb4-7f8064e89175 ] Request (NetworksTest:tearDownClass): 204 DELETE http://10.180.1.21/identity/v3/users/4a72a876702e445d95a476ff1d70f8b1 0.394s
2024-12-12 01:28:49.371 66608 INFO tempest.lib.common.dynamic_creds [-] Deleting project and security group for project: 7975421618ac49adae04c676a5bb92d3
2024-12-12 01:28:49.387 66600 INFO tempest.lib.common.rest_client [req-13ba5ff5-3068-4961-8d52-67ac6ac7f2a5 req-13ba5ff5-3068-4961-8d52-67ac6ac7f2a5 ] Request (ServicesAdminNegativeTestJSON:test_get_service_by_invalid_service_and_valid_host): 200 GET http://10.180.1.21/compute/v2.1/os-services?host=devstack&binary=xxx 0.908s
2024-12-12 01:28:49.409 66598 INFO tempest.lib.common.rest_client [req-904e8d8f-3bb1-4cb8-b8a7-a923643f5a70 req-904e8d8f-3bb1-4cb8-b8a7-a923643f5a70 ] Request (ImagesMetadataNegativeTestJSON:test_set_nonexistent_image_metadata_item): 404 PUT http://10.180.1.21/compute/v2.1/images/d7abe63a-048b-40f4-b986-e0d0fda4bf9e/metadata/os_distro 0.876s
2024-12-12 01:28:49.426 66616 INFO tempest.lib.common.rest_client [req-ac7ad2f3-7d50-40a8-b3ef-754caff742c5 req-ac7ad2f3-7d50-40a8-b3ef-754caff742c5 ] Request (ListImageFiltersTestJSON:setUpClass): 201 POST http://10.180.1.21/image/v2/images 1.012s
2024-12-12 01:28:49.428 66618 INFO tempest.lib.common.rest_client [req-ee40d1aa-57b2-4a4d-8da6-de698679d388 req-ee40d1aa-57b2-4a4d-8da6-de698679d388 ] Request (QuotasAdminTestJSON:test_delete_quota): 202 DELETE http://10.180.1.21/compute/v2.1/os-quota-sets/b5873efda68646459c740d22050a1d82 0.847s
2024-12-12 01:28:49.447 66568 INFO tempest.lib.common.rest_client [req-f5d5c6f3-4588-4d94-b926-8f0a7f30a7f0 req-f5d5c6f3-4588-4d94-b926-8f0a7f30a7f0 ] Request (MigrationsAdminTest:test_list_migrations_in_flavor_resize_situation): 201 POST http://10.180.1.21/identity/v3/auth/tokens 0.363s
2024-12-12 01:28:49.447 66568 INFO tempest.lib.common.fixed_network [-] (MigrationsAdminTest:test_list_migrations_in_flavor_resize_situation) Found network None available for tenant
2024-12-12 01:28:49.461 66593 INFO tempest.lib.common.rest_client [req-56678b4d-8863-42bc-9c82-94071e9bbdc3 req-56678b4d-8863-42bc-9c82-94071e9bbdc3 ] Request (KeyPairsV2TestJSON:test_keypair_create_with_pub_key): 200 POST http://10.180.1.21/compute/v2.1/os-keypairs 0.849s
2024-12-12 01:28:49.481 66610 INFO tempest.lib.common.rest_client [req-ee530835-fa25-4b2a-89e5-00bbaa009293 req-ee530835-fa25-4b2a-89e5-00bbaa009293 ] Request (ServicesAdminNegativeV253TestJSON:test_get_service_by_invalid_service_and_valid_host): 200 GET http://10.180.1.21/compute/v2.1/os-services 0.814s
2024-12-12 01:28:49.484 66558 INFO tempest.lib.common.rest_client [req-438d37a3-95a8-4f75-a9b5-1b8e543027eb req-438d37a3-95a8-4f75-a9b5-1b8e543027eb ] Request (HostsAdminNegativeTestJSON:setUpClass): 201 POST http://10.180.1.21/identity/v3/projects 0.370s
2024-12-12 01:28:49.487 66590 INFO tempest.lib.common.rest_client [req-f3453087-8e94-4735-8481-d4ff40397df6 req-f3453087-8e94-4735-8481-d4ff40397df6 ] Request (HypervisorAdminV253TestBase:tearDownClass): 201 POST http://10.180.1.21/identity/v3/auth/tokens 0.328s
2024-12-12 01:28:49.494 66560 INFO tempest.lib.common.rest_client [req-620d28ed-b662-408a-ae3f-db2a9835098f req-620d28ed-b662-408a-ae3f-db2a9835098f ] Request (FlavorsV2TestJSON:test_list_flavors_detailed_filter_by_min_ram): 200 GET http://10.180.1.21/compute/v2.1/flavors/42 0.805s
2024-12-12 01:28:49.534 66584 INFO tempest.lib.common.rest_client [req-7de98068-2f50-4820-8334-79187ae68be8 req-7de98068-2f50-4820-8334-79187ae68be8 ] Request (AggregatesAdminNegativeTestJSON:test_aggregate_add_host_as_user): 200 POST http://10.180.1.21/compute/v2.1/os-aggregates 0.837s
2024-12-12 01:28:49.541 66586 INFO tempest.lib.common.rest_client [req-32e90ccf-1976-43e5-a8c6-4c6e2e6539fe req-32e90ccf-1976-43e5-a8c6-4c6e2e6539fe ] Request (QuotasSecurityGroupAdminNegativeTest:setUpClass): 201 POST http://10.180.1.21/identity/v3/auth/tokens 0.368s
2024-12-12 01:28:49.551 66594 INFO tempest.lib.common.rest_client [req-7533a6b3-c7be-4c64-bf8c-0f7b46a202fa req-7533a6b3-c7be-4c64-bf8c-0f7b46a202fa ] Request (FlavorsAccessNegativeTestJSON:_run_cleanups): 200 GET http://10.180.1.21/compute/v2.1/flavors/detail 0.837s
2024-12-12 01:28:49.566 66562 INFO tempest.lib.common.rest_client [req-2f3caa47-8867-4174-a109-39f6e0d21f35 req-2f3caa47-8867-4174-a109-39f6e0d21f35 ] Request (FlavorsAdminTestJSON:test_create_flavor_verify_entry_in_list_details): 200 GET http://10.180.1.21/compute/v2.1/flavors/detail 0.819s
2024-12-12 01:28:49.575 66612 INFO tempest.lib.common.rest_client [req-397a1adf-df8b-4f87-beb5-65bcd82d3235 req-397a1adf-df8b-4f87-beb5-65bcd82d3235 ] Request (KeyPairsV210TestJSON:setUpClass): 201 POST http://10.180.1.21/identity/v3/auth/tokens 0.327s
2024-12-12 01:28:49.636 66566 INFO tempest.lib.common.rest_client [req-7d8247d1-e968-4910-9cbe-5fae7e8a49b2 req-7d8247d1-e968-4910-9cbe-5fae7e8a49b2 ] Request (HypervisorAdminUnderV252Test:tearDownClass): 204 DELETE http://10.180.1.21/identity/v3/users/9c41f412a9944139a62e9a750e284086 0.288s
2024-12-12 01:28:49.640 66604 INFO tempest.lib.common.rest_client [req-e75a3d83-6c83-4351-8449-206b4bd82f6c req-e75a3d83-6c83-4351-8449-206b4bd82f6c ] Request (DeleteServersAdminTestJSON:test_admin_delete_servers_of_others): 200 GET http://10.180.1.21/compute/v2.1/servers/ea561adf-aa56-465b-a0fe-b1f5faf3dc56 0.748s
2024-12-12 01:28:49.662 66596 INFO tempest.lib.common.rest_client [req-e428a940-4ee2-4484-887e-62cd8257ccd1 req-e428a940-4ee2-4484-887e-62cd8257ccd1 ] Request (FlavorsAccessTestJSON:test_flavor_access_add_remove): 200 POST http://10.180.1.21/compute/v2.1/flavors/2014800012/action 1.482s
2024-12-12 01:28:49.690 66608 INFO tempest.lib.common.rest_client [req-2f4e0758-31e2-4ca0-833b-117b13b5f439 req-2f4e0758-31e2-4ca0-833b-117b13b5f439 ] Request (NetworksTest:tearDownClass): 201 POST http://10.180.1.21/identity/v3/auth/tokens 0.319s
2024-12-12 01:28:49.712 66558 INFO tempest.lib.common.rest_client [req-f2a54f10-e624-4784-b53d-d576d9153dba req-f2a54f10-e624-4784-b53d-d576d9153dba ] Request (HostsAdminNegativeTestJSON:setUpClass): 201 POST http://10.180.1.21/identity/v3/users 0.227s
2024-12-12 01:28:49.746 66614 INFO tempest.lib.common.rest_client [req-02c1c20f-ff57-4925-ad81-c8767f1ab6bc req-02c1c20f-ff57-4925-ad81-c8767f1ab6bc ] Request (FlavorMetadataValidation:tearDownClass): 204 DELETE http://10.180.1.21/identity/v3/users/2caa237a12a04b67a03d8c55f125f000 0.356s
2024-12-12 01:28:49.779 66602 INFO tempest.lib.common.rest_client [req-404e3b96-c853-4f96-b3ce-60e785bf1934 req-404e3b96-c853-4f96-b3ce-60e785bf1934 ] Request (VolumesAssistedSnapshotsTest:setUpClass): 201 POST http://10.180.1.21:9696/networking/v2.0/routers 0.793s
2024-12-12 01:28:49.790 66620 INFO tempest.lib.common.rest_client [req-6f8c8af2-2d28-4043-8158-f2ba0bc5e5fb req-6f8c8af2-2d28-4043-8158-f2ba0bc5e5fb ] Request (ServerDiagnosticsTest:test_get_server_diagnostics): 200 GET http://10.180.1.21/compute/v2.1/servers/a5fd1d2f-7006-4400-84ba-63cb62e46194 0.838s
2024-12-12 01:28:49.793 66586 INFO tempest.lib.common.rest_client [req-ef32544a-f51c-4896-a275-076063583754 req-ef32544a-f51c-4896-a275-076063583754 ] Request (QuotasSecurityGroupAdminNegativeTest:setUpClass): 200 GET http://10.180.1.21/identity/v3/domains?name=Default 0.251s
