2024-12-12 01:31:52.705 66620 INFO tempest.lib.common.fixed_network [-] (ImagesTestJSON:test_create_server_from_snapshot) Found network {'id': '49820dcf-3697-48a5-a107-cef5a52d412e', 'name': 'tempest-ImagesTestJSON-1941663822-network', 'tenant_id': 'eee2ef2bcd664c558400dbccdc63582d', 'admin_state_up': True, 'mtu': 8950, 'status': 'ACTIVE', 'subnets': [], 'shared': False, 'project_id': 'eee2ef2bcd664c558400dbccdc63582d', 'port_security_enabled': True, 'router:external': False, 'provider:network_type': 'vlan', 'provider:physical_network': 'default', 'provider:segmentation_id': 271, 'availability_zone_hints': [], 'availability_zones': [], 'ipv4_address_scope': None, 'ipv6_address_scope': None, 'description': '', 'tags': [], 'created_at': '2024-12-12T01:29:34Z', 'updated_at': '2024-12-12T01:29:34Z', 'revision_number': 1} available for tenant
2024-12-12 01:31:52.771 66582 INFO tempest.lib.common.rest_client [req-bb6a9791-b543-495b-a5c6-8841fb794cd5 req-bb6a9791-b543-495b-a5c6-8841fb794cd5 ] Request (ServerActionsTestOtherA:setUpClass): 200 GET http://10.180.1.21/compute/v2.1/servers/29223975-ba66-48c1-9dd6-07143475fb2a 0.059s
2024-12-12 01:31:52.940 66618 INFO tempest.lib.common.rest_client [req-362129ed-59e5-4f80-a74e-bf43091c7593 req-362129ed-59e5-4f80-a74e-bf43091c7593 ] Request (DeleteServersTestJSON:test_delete_active_server): 200 GET http://10.180.1.21/compute/v2.1/servers/84dd2032-59a7-48a3-8f4c-a1e7661e78a0 0.185s
2024-12-12 01:31:53.015 66608 INFO tempest.lib.common.rest_client [req-b56005f9-fca5-46d1-bf0d-101ea008cf31 req-b56005f9-fca5-46d1-bf0d-101ea008cf31 ] Request (ServersAdminTestJSON:tearDownClass): 200 GET http://10.180.1.21/compute/v2.1/servers/77038eff-3013-423d-b1bf-a6d14e892441 0.221s
2024-12-12 01:31:53.085 66616 INFO tempest.lib.common.rest_client [req-0fc7bdbe-fcf4-4127-87d9-73a22748c41e req-0fc7bdbe-fcf4-4127-87d9-73a22748c41e ] Request (ListImageFiltersTestJSON:tearDownClass): 200 GET http://10.180.1.21/compute/v2.1/servers/123a890e-3772-4f4f-b12d-5fae028ee895 0.205s
2024-12-12 01:31:53.204 66620 INFO tempest.lib.common.rest_client [req-d86f8a2e-7815-4eb1-a0f3-e82110d0f971 req-d86f8a2e-7815-4eb1-a0f3-e82110d0f971 ] Request (ImagesTestJSON:test_create_server_from_snapshot): 202 POST http://10.180.1.21/compute/v2.1/servers 0.498s
2024-12-12 01:31:53.215 66568 INFO tempest.lib.common.rest_client [req-da1ee8f7-6168-41fc-a6a4-9b75c5c285e7 req-da1ee8f7-6168-41fc-a6a4-9b75c5c285e7 ] Request (MigrationsAdminTest:test_resize_server_revert_deleted_flavor): 200 GET http://10.180.1.21/compute/v2.1/servers/84f3ff00-94b2-4595-8046-865c3016fc77 0.305s
2024-12-12 01:31:53.290 66584 INFO tempest.lib.common.rest_client [req-52bd7e5e-5ae6-4709-b6c4-7ff65bcdeca9 req-52bd7e5e-5ae6-4709-b6c4-7ff65bcdeca9 ] Request (ServersV294TestFqdnHostnames:setUpClass): 200 GET http://10.180.1.21/compute/v2.1/servers/2eb62df9-005e-488f-b800-02867ec2fa81 0.336s
2024-12-12 01:31:53.297 66586 INFO tempest.lib.common.rest_client [req-7a06c956-6db8-4579-b1cb-0a0d97154957 req-7a06c956-6db8-4579-b1cb-0a0d97154957 ] Request (ServerMetadataTestJSON:setUpClass): 200 GET http://10.180.1.21/compute/v2.1/servers/5f2f6e09-af90-465e-9451-dc4ce16fb851 0.332s
2024-12-12 01:31:53.375 66593 INFO tempest.lib.common.rest_client [req-75dd2c14-fd38-42d9-bc6c-875d40b4ab84 req-75dd2c14-fd38-42d9-bc6c-875d40b4ab84 ] Request (ServersTestMultiNic:test_verify_multiple_nics_order): 200 GET http://10.180.1.21/compute/v2.1/servers/18dc9467-827b-4fe0-8ddf-03c0093c7737 0.372s
2024-12-12 01:31:53.386 66566 INFO tempest.lib.common.rest_client [req-60ab00c5-687a-47ed-bd6d-4a03302fa947 req-60ab00c5-687a-47ed-bd6d-4a03302fa947 ] Request (ServerRescueTestJSON:test_rescue_unrescue_instance): 200 GET http://10.180.1.21/compute/v2.1/servers/0cb4c6c0-63bc-4723-bac2-62479872be0d 0.369s
2024-12-12 01:31:53.458 66588 INFO tempest.lib.common.rest_client [req-c8859e0e-52d7-4998-8168-2a152edb1447 req-c8859e0e-52d7-4998-8168-2a152edb1447 ] Request (ServerActionsTestOtherB:setUpClass): 200 GET http://10.180.1.21/compute/v2.1/servers/0cae7f31-dbb9-4e27-81a7-34d1b1d22f8a 0.377s
2024-12-12 01:31:53.458 66604 INFO tempest.lib.common.rest_client [req-3903b88b-8706-4b67-a4ec-6e78a734a7fe req-3903b88b-8706-4b67-a4ec-6e78a734a7fe ] Request (ServerAddressesNegativeTestJSON:tearDownClass): 200 GET http://10.180.1.21/compute/v2.1/servers/a0d2d3ba-cc22-45b0-92a8-0510ec0d85f9 0.382s
2024-12-12 01:31:53.497 66620 INFO tempest.lib.common.rest_client [req-1d6fb787-c066-4e43-ac77-40d1471a3a49 req-1d6fb787-c066-4e43-ac77-40d1471a3a49 ] Request (ImagesTestJSON:test_create_server_from_snapshot): 200 GET http://10.180.1.21/compute/v2.1/servers/ac81bf4e-9010-4ff5-9857-18690b409637 0.292s
2024-12-12 01:31:53.526 66562 INFO tempest.lib.common.rest_client [req-c5682221-a408-483a-bfab-45c1e1b1d56b req-c5682221-a408-483a-bfab-45c1e1b1d56b ] Request (ServersAaction247Test:tearDownClass): 200 GET http://10.180.1.21/compute/v2.1/servers/98544a26-b42e-4164-8397-18188e662d64 0.359s
2024-12-12 01:31:53.757 66606 INFO tempest.lib.common.rest_client [req-b7683c4a-1b0b-49ca-817a-e68841b8de5e req-b7683c4a-1b0b-49ca-817a-e68841b8de5e ] Request (FloatingIPsAssociationTestJSON:test_associate_already_associated_floating_ip): 200 GET http://10.180.1.21/compute/v2.1/servers/2a23b794-2acb-487c-901d-7aeca03aec83 0.515s
2024-12-12 01:31:53.779 66564 INFO tempest.lib.common.rest_client [req-078b8a47-0fb5-4a3f-91de-d279f99dba74 req-078b8a47-0fb5-4a3f-91de-d279f99dba74 ] Request (ServerDiskConfigTestJSON:test_resize_server_from_auto_to_manual): 200 GET http://10.180.1.21/compute/v2.1/servers/fa1146c8-af2b-49a6-88f0-6fee8773ce67 0.344s
2024-12-12 01:31:53.788 66564 INFO tempest.common.waiters [-] State transition "BUILD/networking" ==> "BUILD/block_device_mapping" after 39 second wait
2024-12-12 01:31:53.817 66558 INFO tempest.lib.common.rest_client [req-925c5438-d991-496c-91a5-dbdffaddc9ee req-925c5438-d991-496c-91a5-dbdffaddc9ee ] Request (AttachVolumeNegativeTest:test_attach_attached_volume_to_different_server): 200 GET http://10.180.1.21/compute/v2.1/servers/2b5c87fe-1c80-4cb9-86fe-4dd083322e71 0.134s
2024-12-12 01:31:53.841 66582 INFO tempest.lib.common.rest_client [req-7fa51fd0-632d-4b33-9091-279be7ac525b req-7fa51fd0-632d-4b33-9091-279be7ac525b ] Request (ServerActionsTestOtherA:setUpClass): 200 GET http://10.180.1.21/compute/v2.1/servers/29223975-ba66-48c1-9dd6-07143475fb2a 0.060s
2024-12-12 01:31:53.959 66594 WARNING tempest.lib.common.ssh [-] Failed to establish authenticated ssh connection to cirros@10.180.180.244 ([Errno None] Unable to connect to port 22 on 10.180.180.244). Number attempts: 8. Retry after 9 seconds.: paramiko.ssh_exception.NoValidConnectionsError: [Errno None] Unable to connect to port 22 on 10.180.180.244
2024-12-12 01:31:54.045 66618 INFO tempest.lib.common.rest_client [req-76b06bca-c191-405f-8341-bdf30c265910 req-76b06bca-c191-405f-8341-bdf30c265910 ] Request (DeleteServersTestJSON:test_delete_active_server): 200 GET http://10.180.1.21/compute/v2.1/servers/84dd2032-59a7-48a3-8f4c-a1e7661e78a0 0.097s
2024-12-12 01:31:54.074 66608 INFO tempest.lib.common.rest_client [req-0af85c76-9293-4ff3-8958-d17956cee24f req-0af85c76-9293-4ff3-8958-d17956cee24f ] Request (ServersAdminTestJSON:tearDownClass): 200 GET http://10.180.1.21/compute/v2.1/servers/77038eff-3013-423d-b1bf-a6d14e892441 0.051s
2024-12-12 01:31:54.153 66616 INFO tempest.lib.common.rest_client [req-088c6695-2bdc-4aad-b825-fbde229539b7 req-088c6695-2bdc-4aad-b825-fbde229539b7 ] Request (ListImageFiltersTestJSON:tearDownClass): 200 GET http://10.180.1.21/compute/v2.1/servers/123a890e-3772-4f4f-b12d-5fae028ee895 0.059s
2024-12-12 01:31:54.279 66590 WARNING tempest.lib.common.ssh [-] Failed to establish authenticated ssh connection to cirros@10.180.180.207 ([Errno None] Unable to connect to port 22 on 10.180.180.207). Number attempts: 9. Retry after 10 seconds.: paramiko.ssh_exception.NoValidConnectionsError: [Errno None] Unable to connect to port 22 on 10.180.180.207
2024-12-12 01:31:54.375 66584 INFO tempest.lib.common.rest_client [req-a580fc00-10fc-469b-8b68-621c32120366 req-a580fc00-10fc-469b-8b68-621c32120366 ] Request (ServersV294TestFqdnHostnames:setUpClass): 200 GET http://10.180.1.21/compute/v2.1/servers/2eb62df9-005e-488f-b800-02867ec2fa81 0.071s
2024-12-12 01:31:54.375 66568 INFO tempest.lib.common.rest_client [req-3a838bec-20e4-4bdc-a650-3bdb8cebc1af req-3a838bec-20e4-4bdc-a650-3bdb8cebc1af ] Request (MigrationsAdminTest:test_resize_server_revert_deleted_flavor): 200 GET http://10.180.1.21/compute/v2.1/servers/84f3ff00-94b2-4595-8046-865c3016fc77 0.152s
2024-12-12 01:31:54.422 66586 INFO tempest.lib.common.rest_client [req-d924a543-6d44-4cfc-813f-11a46370bc3c req-d924a543-6d44-4cfc-813f-11a46370bc3c ] Request (ServerMetadataTestJSON:setUpClass): 200 GET http://10.180.1.21/compute/v2.1/servers/5f2f6e09-af90-465e-9451-dc4ce16fb851 0.115s
2024-12-12 01:31:54.437 66593 INFO tempest.lib.common.rest_client [req-ab066e36-e70e-44cc-a2b0-0f44da5acd3f req-ab066e36-e70e-44cc-a2b0-0f44da5acd3f ] Request (ServersTestMultiNic:test_verify_multiple_nics_order): 200 GET http://10.180.1.21/compute/v2.1/servers/18dc9467-827b-4fe0-8ddf-03c0093c7737 0.053s
2024-12-12 01:31:54.466 66566 INFO tempest.lib.common.rest_client [req-8709081d-99de-4c7a-9a11-c78da3d48028 req-8709081d-99de-4c7a-9a11-c78da3d48028 ] Request (ServerRescueTestJSON:test_rescue_unrescue_instance): 200 GET http://10.180.1.21/compute/v2.1/servers/0cb4c6c0-63bc-4723-bac2-62479872be0d 0.069s
2024-12-12 01:31:54.519 66588 INFO tempest.lib.common.rest_client [req-363f358e-2279-4afb-97bb-2b3e646af8b2 req-363f358e-2279-4afb-97bb-2b3e646af8b2 ] Request (ServerActionsTestOtherB:setUpClass): 200 GET http://10.180.1.21/compute/v2.1/servers/0cae7f31-dbb9-4e27-81a7-34d1b1d22f8a 0.053s
2024-12-12 01:31:54.532 66604 INFO tempest.lib.common.rest_client [req-39a77c82-6282-403d-bc61-0cdb795e6b81 req-39a77c82-6282-403d-bc61-0cdb795e6b81 ] Request (ServerAddressesNegativeTestJSON:tearDownClass): 200 GET http://10.180.1.21/compute/v2.1/servers/a0d2d3ba-cc22-45b0-92a8-0510ec0d85f9 0.066s
2024-12-12 01:31:54.565 66620 INFO tempest.lib.common.rest_client [req-245f8d59-354e-4867-9713-72ad91aa477c req-245f8d59-354e-4867-9713-72ad91aa477c ] Request (ImagesTestJSON:test_create_server_from_snapshot): 200 GET http://10.180.1.21/compute/v2.1/servers/ac81bf4e-9010-4ff5-9857-18690b409637 0.061s
2024-12-12 01:31:54.587 66562 INFO tempest.lib.common.rest_client [req-3598b26a-97d5-4d8d-b255-f376fd97308d req-3598b26a-97d5-4d8d-b255-f376fd97308d ] Request (ServersAaction247Test:tearDownClass): 200 GET http://10.180.1.21/compute/v2.1/servers/98544a26-b42e-4164-8397-18188e662d64 0.052s
2024-12-12 01:31:54.962 66606 INFO tempest.lib.common.rest_client [req-ad77c180-8519-43f7-992d-84316fc43683 req-ad77c180-8519-43f7-992d-84316fc43683 ] Request (FloatingIPsAssociationTestJSON:test_associate_already_associated_floating_ip): 200 GET http://10.180.1.21/compute/v2.1/servers/2a23b794-2acb-487c-901d-7aeca03aec83 0.193s
2024-12-12 01:31:54.973 66564 INFO tempest.lib.common.rest_client [req-1eeb82aa-4f50-41c0-83e4-05ecfc7c11fe req-1eeb82aa-4f50-41c0-83e4-05ecfc7c11fe ] Request (ServerDiskConfigTestJSON:test_resize_server_from_auto_to_manual): 200 GET http://10.180.1.21/compute/v2.1/servers/fa1146c8-af2b-49a6-88f0-6fee8773ce67 0.183s
2024-12-12 01:31:54.984 66602 WARNING tempest.lib.common.ssh [-] Failed to establish authenticated ssh connection to cirros@10.180.180.180 ([Errno None] Unable to connect to port 22 on 10.180.180.180). Number attempts: 14. Retry after 15 seconds.: paramiko.ssh_exception.NoValidConnectionsError: [Errno None] Unable to connect to port 22 on 10.180.180.180
2024-12-12 01:31:54.984 66564 INFO tempest.common.waiters [-] State transition "BUILD/block_device_mapping" ==> "BUILD/spawning" after 40 second wait
2024-12-12 01:31:55.036 66558 INFO tempest.lib.common.rest_client [req-7ce9d241-8abf-47e9-8291-ed14c416cbba req-7ce9d241-8abf-47e9-8291-ed14c416cbba ] Request (AttachVolumeNegativeTest:test_attach_attached_volume_to_different_server): 200 GET http://10.180.1.21/compute/v2.1/servers/2b5c87fe-1c80-4cb9-86fe-4dd083322e71 0.211s
2024-12-12 01:31:55.045 66582 INFO tempest.lib.common.rest_client [req-b4a8702f-141d-4fe7-9c21-0de791fc40c1 req-b4a8702f-141d-4fe7-9c21-0de791fc40c1 ] Request (ServerActionsTestOtherA:setUpClass): 200 GET http://10.180.1.21/compute/v2.1/servers/29223975-ba66-48c1-9dd6-07143475fb2a 0.197s
2024-12-12 01:31:55.145 66608 INFO tempest.lib.common.rest_client [req-e2a7154b-208b-4da1-b770-8aa28e6829fd req-e2a7154b-208b-4da1-b770-8aa28e6829fd ] Request (ServersAdminTestJSON:tearDownClass): 200 GET http://10.180.1.21/compute/v2.1/servers/77038eff-3013-423d-b1bf-a6d14e892441 0.064s
2024-12-12 01:31:55.183 66618 INFO tempest.lib.common.rest_client [req-17a7dc8a-8903-4d55-a477-fb94b49cfc44 req-17a7dc8a-8903-4d55-a477-fb94b49cfc44 ] Request (DeleteServersTestJSON:test_delete_active_server): 200 GET http://10.180.1.21/compute/v2.1/servers/84dd2032-59a7-48a3-8f4c-a1e7661e78a0 0.129s
2024-12-12 01:31:55.189 66618 INFO tempest.common.waiters [-] State transition "BUILD/spawning" ==> "ACTIVE/None" after 56 second wait
2024-12-12 01:31:55.221 66616 INFO tempest.lib.common.rest_client [req-ec2a2bb2-ee6f-4d7b-824a-f4827dfa916a req-ec2a2bb2-ee6f-4d7b-824a-f4827dfa916a ] Request (ListImageFiltersTestJSON:tearDownClass): 200 GET http://10.180.1.21/compute/v2.1/servers/123a890e-3772-4f4f-b12d-5fae028ee895 0.061s
2024-12-12 01:31:55.259 66618 INFO tempest.lib.common.rest_client [req-80622d25-807d-4236-9376-8935eddc607f req-80622d25-807d-4236-9376-8935eddc607f ] Request (DeleteServersTestJSON:test_delete_active_server): 204 DELETE http://10.180.1.21/compute/v2.1/servers/84dd2032-59a7-48a3-8f4c-a1e7661e78a0 0.069s
2024-12-12 01:31:55.351 66618 INFO tempest.lib.common.rest_client [req-35f1cdc8-ece0-433c-90a5-7dbd2bd91c3a req-35f1cdc8-ece0-433c-90a5-7dbd2bd91c3a ] Request (DeleteServersTestJSON:test_delete_active_server): 200 GET http://10.180.1.21/compute/v2.1/servers/84dd2032-59a7-48a3-8f4c-a1e7661e78a0 0.092s
2024-12-12 01:31:55.450 66584 INFO tempest.lib.common.rest_client [req-0441e57d-a1a0-4644-82ed-1dea46ced4aa req-0441e57d-a1a0-4644-82ed-1dea46ced4aa ] Request (ServersV294TestFqdnHostnames:setUpClass): 200 GET http://10.180.1.21/compute/v2.1/servers/2eb62df9-005e-488f-b800-02867ec2fa81 0.065s
2024-12-12 01:31:55.516 66586 INFO tempest.lib.common.rest_client [req-ef51b2e4-0b8d-4ae4-bf57-08ed50375a63 req-ef51b2e4-0b8d-4ae4-bf57-08ed50375a63 ] Request (ServerMetadataTestJSON:setUpClass): 200 GET http://10.180.1.21/compute/v2.1/servers/5f2f6e09-af90-465e-9451-dc4ce16fb851 0.086s
2024-12-12 01:31:55.544 66568 INFO tempest.lib.common.rest_client [req-99f7dc33-c2f3-4848-bf3c-b05cca360d3f req-99f7dc33-c2f3-4848-bf3c-b05cca360d3f ] Request (MigrationsAdminTest:test_resize_server_revert_deleted_flavor): 200 GET http://10.180.1.21/compute/v2.1/servers/84f3ff00-94b2-4595-8046-865c3016fc77 0.158s
2024-12-12 01:31:55.589 66593 INFO tempest.lib.common.rest_client [req-9f54a8cf-5453-463a-8e15-de34847b8918 req-9f54a8cf-5453-463a-8e15-de34847b8918 ] Request (ServersTestMultiNic:test_verify_multiple_nics_order): 200 GET http://10.180.1.21/compute/v2.1/servers/18dc9467-827b-4fe0-8ddf-03c0093c7737 0.144s
2024-12-12 01:31:55.611 66566 INFO tempest.lib.common.rest_client [req-5381cdeb-e41c-4ec2-9ec3-da3c46aa60aa req-5381cdeb-e41c-4ec2-9ec3-da3c46aa60aa ] Request (ServerRescueTestJSON:test_rescue_unrescue_instance): 200 GET http://10.180.1.21/compute/v2.1/servers/0cb4c6c0-63bc-4723-bac2-62479872be0d 0.136s
2024-12-12 01:31:55.650 66588 INFO tempest.lib.common.rest_client [req-2c47cc6a-f061-406d-81b2-a07c80954021 req-2c47cc6a-f061-406d-81b2-a07c80954021 ] Request (ServerActionsTestOtherB:setUpClass): 200 GET http://10.180.1.21/compute/v2.1/servers/0cae7f31-dbb9-4e27-81a7-34d1b1d22f8a 0.124s
2024-12-12 01:31:55.657 66588 INFO tempest.common.waiters [-] State transition "BUILD/None" ==> "BUILD/networking" after 40 second wait
2024-12-12 01:31:55.688 66604 INFO tempest.lib.common.rest_client [req-4f407635-29ed-4e74-9d38-6122703a6606 req-4f407635-29ed-4e74-9d38-6122703a6606 ] Request (ServerAddressesNegativeTestJSON:tearDownClass): 200 GET http://10.180.1.21/compute/v2.1/servers/a0d2d3ba-cc22-45b0-92a8-0510ec0d85f9 0.148s
2024-12-12 01:31:55.705 66620 INFO tempest.lib.common.rest_client [req-8838ba2f-477c-4923-9707-a6d09218ba79 req-8838ba2f-477c-4923-9707-a6d09218ba79 ] Request (ImagesTestJSON:test_create_server_from_snapshot): 200 GET http://10.180.1.21/compute/v2.1/servers/ac81bf4e-9010-4ff5-9857-18690b409637 0.133s
2024-12-12 01:31:55.709 66562 INFO tempest.lib.common.rest_client [req-fc96c1c9-df65-4b62-b9ae-71e40165e65a req-fc96c1c9-df65-4b62-b9ae-71e40165e65a ] Request (ServersAaction247Test:tearDownClass): 404 GET http://10.180.1.21/compute/v2.1/servers/98544a26-b42e-4164-8397-18188e662d64 0.112s
2024-12-12 01:31:55.814 66562 INFO tempest.lib.common.rest_client [req-ad07ae53-5a47-4e25-bdbc-cb909eda4087 req-ad07ae53-5a47-4e25-bdbc-cb909eda4087 ] Request (ServersAaction247Test:tearDownClass): 204 DELETE http://10.180.1.21/identity/v3/users/9b56e27303ee4c6aa89d1fc36a408c3a 0.104s
2024-12-12 01:31:55.814 66562 INFO tempest.lib.common.dynamic_creds [-] Deleting project and security group for project: 0855badaa2d342f7beacd2672283c286
2024-12-12 01:31:55.866 66562 INFO tempest.lib.common.rest_client [req-5ab91dec-be2a-4223-a355-f8c4bf311d45 req-5ab91dec-be2a-4223-a355-f8c4bf311d45 ] Request (ServersAaction247Test:tearDownClass): 201 POST http://10.180.1.21/identity/v3/auth/tokens 0.051s
2024-12-12 01:31:56.028 66562 INFO tempest.lib.common.rest_client [req-fc87b275-fa5e-4a8a-887b-2aba7c98fb27 req-fc87b275-fa5e-4a8a-887b-2aba7c98fb27 ] Request (ServersAaction247Test:tearDownClass): 200 GET http://10.180.1.21:9696/networking/v2.0/security-groups?tenant_id=0855badaa2d342f7beacd2672283c286&name=default 0.161s
2024-12-12 01:31:56.125 66562 INFO tempest.lib.common.rest_client [req-91f946d6-d08c-4b20-bf47-be431a63d9bc req-91f946d6-d08c-4b20-bf47-be431a63d9bc ] Request (ServersAaction247Test:tearDownClass): 204 DELETE http://10.180.1.21:9696/networking/v2.0/security-groups/1541771e-7d85-43df-a8a3-e56a6207fc7f 0.096s
2024-12-12 01:31:56.166 66606 INFO tempest.lib.common.rest_client [req-ce5fe4a6-055b-4bdf-86d1-64b74699c03b req-ce5fe4a6-055b-4bdf-86d1-64b74699c03b ] Request (FloatingIPsAssociationTestJSON:test_associate_already_associated_floating_ip): 200 GET http://10.180.1.21/compute/v2.1/servers/2a23b794-2acb-487c-901d-7aeca03aec83 0.192s
2024-12-12 01:31:56.181 66564 INFO tempest.lib.common.rest_client [req-3ed324cb-9c3a-4fdb-baf7-14558d4115ec req-3ed324cb-9c3a-4fdb-baf7-14558d4115ec ] Request (ServerDiskConfigTestJSON:test_resize_server_from_auto_to_manual): 200 GET http://10.180.1.21/compute/v2.1/servers/fa1146c8-af2b-49a6-88f0-6fee8773ce67 0.196s
2024-12-12 01:31:56.196 66562 INFO tempest.lib.common.rest_client [req-47569be5-202f-45af-88c8-6c47442f4323 req-47569be5-202f-45af-88c8-6c47442f4323 ] Request (ServersAaction247Test:tearDownClass): 204 DELETE http://10.180.1.21/identity/v3/projects/0855badaa2d342f7beacd2672283c286 0.071s
2024-12-12 01:31:56.234 66558 INFO tempest.lib.common.rest_client [req-2da819d6-562f-4cc7-9c0c-ef999cb5ca97 req-2da819d6-562f-4cc7-9c0c-ef999cb5ca97 ] Request (AttachVolumeNegativeTest:test_attach_attached_volume_to_different_server): 200 GET http://10.180.1.21/compute/v2.1/servers/2b5c87fe-1c80-4cb9-86fe-4dd083322e71 0.188s
2024-12-12 01:31:56.251 66582 INFO tempest.lib.common.rest_client [req-8e6f75bb-5708-4d2a-877b-c18abaf40466 req-8e6f75bb-5708-4d2a-877b-c18abaf40466 ] Request (ServerActionsTestOtherA:setUpClass): 200 GET http://10.180.1.21/compute/v2.1/servers/29223975-ba66-48c1-9dd6-07143475fb2a 0.199s
2024-12-12 01:31:56.276 66562 INFO tempest.lib.common.rest_client [req-7ee93487-8da0-4bf4-9ca6-0d7c94d103bb req-7ee93487-8da0-4bf4-9ca6-0d7c94d103bb ] Request (ServersListShow296Test:setUpClass): 201 POST http://10.180.1.21/identity/v3/auth/tokens 0.078s
2024-12-12 01:31:56.321 66562 INFO tempest.lib.common.rest_client [req-eec3347f-dc87-4a91-a175-6c19fe99a6a4 req-eec3347f-dc87-4a91-a175-6c19fe99a6a4 ] Request (ServersListShow296Test:setUpClass): 201 POST http://10.180.1.21/identity/v3/auth/tokens 0.043s
2024-12-12 01:31:56.357 66608 INFO tempest.lib.common.rest_client [req-6432c31d-87fe-497f-b699-5e2b75fe266a req-6432c31d-87fe-497f-b699-5e2b75fe266a ] Request (ServersAdminTestJSON:tearDownClass): 200 GET http://10.180.1.21/compute/v2.1/servers/77038eff-3013-423d-b1bf-a6d14e892441 0.204s
2024-12-12 01:31:56.361 66562 INFO tempest.lib.common.rest_client [req-eaa7dec2-92dc-4237-9a16-b506ab1b37c1 req-eaa7dec2-92dc-4237-9a16-b506ab1b37c1 ] Request (ServersListShow296Test:setUpClass): 200 GET http://10.180.1.21/identity/v3/domains?name=Default 0.039s
2024-12-12 01:31:56.369 66616 INFO tempest.lib.common.rest_client [req-ff6e0ee5-4a1b-4d96-89e9-20811cc9004a req-ff6e0ee5-4a1b-4d96-89e9-20811cc9004a ] Request (ListImageFiltersTestJSON:tearDownClass): 200 GET http://10.180.1.21/compute/v2.1/servers/123a890e-3772-4f4f-b12d-5fae028ee895 0.140s
2024-12-12 01:31:56.400 66562 INFO tempest.lib.common.rest_client [req-40ba7723-0593-4df2-a0e9-362cce88d4c6 req-40ba7723-0593-4df2-a0e9-362cce88d4c6 ] Request (ServersListShow296Test:setUpClass): 201 POST http://10.180.1.21/identity/v3/projects 0.039s
2024-12-12 01:31:56.484 66562 INFO tempest.lib.common.rest_client [req-c34d7a4f-04c6-4a72-a29e-75e4fe98a7d3 req-c34d7a4f-04c6-4a72-a29e-75e4fe98a7d3 ] Request (ServersListShow296Test:setUpClass): 201 POST http://10.180.1.21/identity/v3/users 0.083s
2024-12-12 01:31:56.505 66562 INFO tempest.lib.common.rest_client [req-f344524e-40d0-4af5-b118-728fe575106e req-f344524e-40d0-4af5-b118-728fe575106e ] Request (ServersListShow296Test:setUpClass): 200 GET http://10.180.1.21/identity/v3/roles 0.019s
2024-12-12 01:31:56.531 66562 INFO tempest.lib.common.rest_client [req-08377416-6c80-4411-8e10-cc5ac7d93c42 req-08377416-6c80-4411-8e10-cc5ac7d93c42 ] Request (ServersListShow296Test:setUpClass): 204 PUT http://10.180.1.21/identity/v3/projects/a9cfcbb5f1da409185e6bafb91b661ac/users/82cbf8bac8574bf491d18d416cd9f82b/roles/9089c2f20ebf4d029641424c20f24331 0.026s
2024-12-12 01:31:56.531 66562 INFO tempest.lib.common.dynamic_creds [-] Dynamic test user 82cbf8bac8574bf491d18d416cd9f82b is created with scope project and roles: ['member']
2024-12-12 01:31:56.531 66562 INFO tempest.lib.common.dynamic_creds [-] Acquired dynamic creds: credentials: Credentials: {'domain_id': 'default', 'domain_name': 'Default', 'username': 'tempest-ServersListShow296Test-650073688-project-member', 'project_domain_id': 'default', 'project_domain_name': 'Default', 'project_id': 'a9cfcbb5f1da409185e6bafb91b661ac', 'project_name': 'tempest-ServersListShow296Test-650073688', 'tenant_id': 'a9cfcbb5f1da409185e6bafb91b661ac', 'tenant_name': 'tempest-ServersListShow296Test-650073688', 'user_domain_id': 'default', 'user_domain_name': 'Default', 'user_id': '82cbf8bac8574bf491d18d416cd9f82b', 'system': None}, Network: None, Subnet: None, Router: None
2024-12-12 01:31:56.531 66562 INFO tempest.lib.common.dynamic_creds [-] Created isolated network resources for: credentials: Credentials: {'domain_id': 'default', 'domain_name': 'Default', 'username': 'tempest-ServersListShow296Test-650073688-project-member', 'project_domain_id': 'default', 'project_domain_name': 'Default', 'project_id': 'a9cfcbb5f1da409185e6bafb91b661ac', 'project_name': 'tempest-ServersListShow296Test-650073688', 'tenant_id': 'a9cfcbb5f1da409185e6bafb91b661ac', 'tenant_name': 'tempest-ServersListShow296Test-650073688', 'user_domain_id': 'default', 'user_domain_name': 'Default', 'user_id': '82cbf8bac8574bf491d18d416cd9f82b', 'system': None}, Network: None, Subnet: None, Router: None
2024-12-12 01:31:56.535 66584 INFO tempest.lib.common.rest_client [req-2896dec6-084c-490c-aa78-fd261c781eaa req-2896dec6-084c-490c-aa78-fd261c781eaa ] Request (ServersV294TestFqdnHostnames:setUpClass): 200 GET http://10.180.1.21/compute/v2.1/servers/2eb62df9-005e-488f-b800-02867ec2fa81 0.072s
2024-12-12 01:31:56.599 66586 INFO tempest.lib.common.rest_client [req-e454cd4d-b072-4be6-9cb5-d6149308f43f req-e454cd4d-b072-4be6-9cb5-d6149308f43f ] Request (ServerMetadataTestJSON:setUpClass): 200 GET http://10.180.1.21/compute/v2.1/servers/5f2f6e09-af90-465e-9451-dc4ce16fb851 0.071s
2024-12-12 01:31:56.614 66562 INFO tempest.lib.common.rest_client [req-8bcf4959-40b2-4239-bb02-0fa66967c84a req-8bcf4959-40b2-4239-bb02-0fa66967c84a ] Request (ServersListShow296Test:setUpClass): 201 POST http://10.180.1.21/identity/v3/auth/tokens 0.079s
2024-12-12 01:31:56.648 66562 INFO tempest.lib.common.rest_client [req-3d83043b-4959-4772-9828-41cffd3fb326 req-3d83043b-4959-4772-9828-41cffd3fb326 ] Request (ServersListShow296Test:test_list_show_server_296): 201 POST http://10.180.1.21/identity/v3/auth/tokens 0.028s
2024-12-12 01:31:56.649 66562 INFO tempest.lib.common.fixed_network [-] (ServersListShow296Test:test_list_show_server_296) Found network None available for tenant
2024-12-12 01:31:56.736 66568 INFO tempest.lib.common.rest_client [req-e3032724-8d82-473e-9418-b1af49eff3f1 req-e3032724-8d82-473e-9418-b1af49eff3f1 ] Request (MigrationsAdminTest:test_resize_server_revert_deleted_flavor): 200 GET http://10.180.1.21/compute/v2.1/servers/84f3ff00-94b2-4595-8046-865c3016fc77 0.184s
2024-12-12 01:31:56.780 66618 INFO tempest.lib.common.rest_client [req-54df3d8a-6048-4560-8a05-5d9b918c7b8d req-54df3d8a-6048-4560-8a05-5d9b918c7b8d ] Request (DeleteServersTestJSON:test_delete_active_server): 200 GET http://10.180.1.21/compute/v2.1/servers/84dd2032-59a7-48a3-8f4c-a1e7661e78a0 0.421s
2024-12-12 01:31:56.789 66593 INFO tempest.lib.common.rest_client [req-e76fcb4d-5b64-4277-a018-c0c8e46c6f09 req-e76fcb4d-5b64-4277-a018-c0c8e46c6f09 ] Request (ServersTestMultiNic:test_verify_multiple_nics_order): 200 GET http://10.180.1.21/compute/v2.1/servers/18dc9467-827b-4fe0-8ddf-03c0093c7737 0.193s
2024-12-12 01:31:56.825 66566 INFO tempest.lib.common.rest_client [req-17e19ff0-a83c-4fda-8c13-1efc59eb0618 req-17e19ff0-a83c-4fda-8c13-1efc59eb0618 ] Request (ServerRescueTestJSON:test_rescue_unrescue_instance): 200 GET http://10.180.1.21/compute/v2.1/servers/0cb4c6c0-63bc-4723-bac2-62479872be0d 0.206s
2024-12-12 01:31:56.934 66588 INFO tempest.lib.common.rest_client [req-904f2ca6-ef5e-46b7-95a2-b510cbe3207d req-904f2ca6-ef5e-46b7-95a2-b510cbe3207d ] Request (ServerActionsTestOtherB:setUpClass): 200 GET http://10.180.1.21/compute/v2.1/servers/0cae7f31-dbb9-4e27-81a7-34d1b1d22f8a 0.277s
2024-12-12 01:31:56.940 66588 INFO tempest.common.waiters [-] State transition "BUILD/networking" ==> "BUILD/spawning" after 41 second wait
2024-12-12 01:31:56.956 66562 INFO tempest.lib.common.rest_client [req-d736d24a-2353-4948-8636-55ba180c2bc6 req-d736d24a-2353-4948-8636-55ba180c2bc6 ] Request (ServersListShow296Test:test_list_show_server_296): 202 POST http://10.180.1.21/compute/v2.1/servers 0.307s
2024-12-12 01:31:56.991 66604 INFO tempest.lib.common.rest_client [req-2339f34c-3d74-4029-ac5c-a469a4c5ff49 req-2339f34c-3d74-4029-ac5c-a469a4c5ff49 ] Request (ServerAddressesNegativeTestJSON:tearDownClass): 200 GET http://10.180.1.21/compute/v2.1/servers/a0d2d3ba-cc22-45b0-92a8-0510ec0d85f9 0.296s
2024-12-12 01:31:57.006 66620 INFO tempest.lib.common.rest_client [req-3da0ae3a-2ab7-4e9d-b57d-e22dd538871e req-3da0ae3a-2ab7-4e9d-b57d-e22dd538871e ] Request (ImagesTestJSON:test_create_server_from_snapshot): 200 GET http://10.180.1.21/compute/v2.1/servers/ac81bf4e-9010-4ff5-9857-18690b409637 0.293s
2024-12-12 01:31:57.012 66620 INFO tempest.common.waiters [-] State transition "BUILD/scheduling" ==> "BUILD/None" after 4 second wait
2024-12-12 01:31:57.088 66562 INFO tempest.lib.common.rest_client [req-295f07a5-af7a-44b5-9980-a8055ca3d464 req-295f07a5-af7a-44b5-9980-a8055ca3d464 ] Request (ServersListShow296Test:test_list_show_server_296): 200 GET http://10.180.1.21/compute/v2.1/servers/detail 0.129s
2024-12-12 01:31:57.146 66562 INFO tempest.lib.common.rest_client [req-4036559d-7ae0-4a3f-8df2-0a6e722aa82c req-4036559d-7ae0-4a3f-8df2-0a6e722aa82c ] Request (ServersListShow296Test:test_list_show_server_296): 200 GET http://10.180.1.21/compute/v2.1/servers/7fb2c8ba-8d0a-485f-a4fe-f2bf624394a2 0.049s
2024-12-12 01:31:57.236 66562 INFO tempest.lib.common.rest_client [req-48ce9706-73a4-4052-899e-ba39ab7a9a67 req-48ce9706-73a4-4052-899e-ba39ab7a9a67 ] Request (ServersListShow296Test:tearDownClass): 204 DELETE http://10.180.1.21/compute/v2.1/servers/7fb2c8ba-8d0a-485f-a4fe-f2bf624394a2 0.077s
2024-12-12 01:31:57.289 66606 INFO tempest.lib.common.rest_client [req-19ac636d-a9c3-4567-936d-d6d80e3684f0 req-19ac636d-a9c3-4567-936d-d6d80e3684f0 ] Request (FloatingIPsAssociationTestJSON:test_associate_already_associated_floating_ip): 200 GET http://10.180.1.21/compute/v2.1/servers/2a23b794-2acb-487c-901d-7aeca03aec83 0.111s
2024-12-12 01:31:57.295 66606 INFO tempest.common.waiters [-] State transition "BUILD/spawning" ==> "ACTIVE/None" after 54 second wait
2024-12-12 01:31:57.301 66562 INFO tempest.lib.common.rest_client [req-7d36f7c8-fad4-4a19-8e3e-46e39ab1a073 req-7d36f7c8-fad4-4a19-8e3e-46e39ab1a073 ] Request (ServersListShow296Test:tearDownClass): 404 GET http://10.180.1.21/compute/v2.1/servers/7fb2c8ba-8d0a-485f-a4fe-f2bf624394a2 0.064s
2024-12-12 01:31:57.336 66564 INFO tempest.lib.common.rest_client [req-8e2a0ce6-c3fd-4a48-a797-8ab21af78d5a req-8e2a0ce6-c3fd-4a48-a797-8ab21af78d5a ] Request (ServerDiskConfigTestJSON:test_resize_server_from_auto_to_manual): 200 GET http://10.180.1.21/compute/v2.1/servers/fa1146c8-af2b-49a6-88f0-6fee8773ce67 0.144s
2024-12-12 01:31:57.351 66558 INFO tempest.lib.common.rest_client [req-921edcd7-01d2-4571-8d4f-5b69168696e4 req-921edcd7-01d2-4571-8d4f-5b69168696e4 ] Request (AttachVolumeNegativeTest:test_attach_attached_volume_to_different_server): 200 GET http://10.180.1.21/compute/v2.1/servers/2b5c87fe-1c80-4cb9-86fe-4dd083322e71 0.110s
2024-12-12 01:31:57.387 66582 INFO tempest.lib.common.rest_client [req-ffaac807-2f32-4779-a026-37dfc536ef7b req-ffaac807-2f32-4779-a026-37dfc536ef7b ] Request (ServerActionsTestOtherA:setUpClass): 200 GET http://10.180.1.21/compute/v2.1/servers/29223975-ba66-48c1-9dd6-07143475fb2a 0.127s
2024-12-12 01:31:57.415 66562 INFO tempest.lib.common.rest_client [req-03939b03-3604-4cc7-9ced-0eec4008c01b req-03939b03-3604-4cc7-9ced-0eec4008c01b ] Request (ServersListShow296Test:tearDownClass): 204 DELETE http://10.180.1.21/identity/v3/users/82cbf8bac8574bf491d18d416cd9f82b 0.114s
2024-12-12 01:31:57.415 66562 INFO tempest.lib.common.dynamic_creds [-] Deleting project and security group for project: a9cfcbb5f1da409185e6bafb91b661ac
2024-12-12 01:31:57.482 66562 INFO tempest.lib.common.rest_client [req-941851c9-f3a2-40c9-8936-53a1a68e4ba6 req-941851c9-f3a2-40c9-8936-53a1a68e4ba6 ] Request (ServersListShow296Test:tearDownClass): 201 POST http://10.180.1.21/identity/v3/auth/tokens 0.067s
2024-12-12 01:31:57.657 66608 INFO tempest.lib.common.rest_client [req-0205447c-d9fd-4a04-b320-8debf3ff87c1 req-0205447c-d9fd-4a04-b320-8debf3ff87c1 ] Request (ServersAdminTestJSON:tearDownClass): 200 GET http://10.180.1.21/compute/v2.1/servers/77038eff-3013-423d-b1bf-a6d14e892441 0.286s
2024-12-12 01:31:57.662 66562 INFO tempest.lib.common.rest_client [req-59571aaa-084c-4185-afec-49c50195beca req-59571aaa-084c-4185-afec-49c50195beca ] Request (ServersListShow296Test:tearDownClass): 200 GET http://10.180.1.21:9696/networking/v2.0/security-groups?tenant_id=a9cfcbb5f1da409185e6bafb91b661ac&name=default 0.179s
2024-12-12 01:31:57.755 66616 INFO tempest.lib.common.rest_client [req-dd919872-9c5a-40e6-ad0b-790cc9fcdf53 req-dd919872-9c5a-40e6-ad0b-790cc9fcdf53 ] Request (ListImageFiltersTestJSON:tearDownClass): 200 GET http://10.180.1.21/compute/v2.1/servers/123a890e-3772-4f4f-b12d-5fae028ee895 0.376s
2024-12-12 01:31:57.793 66562 INFO tempest.lib.common.rest_client [req-e2d1703c-648c-4809-8b65-a9d7948b5a0c req-e2d1703c-648c-4809-8b65-a9d7948b5a0c ] Request (ServersListShow296Test:tearDownClass): 204 DELETE http://10.180.1.21:9696/networking/v2.0/security-groups/9253024f-dac9-4152-afcb-28ab8755ec1e 0.131s
2024-12-12 01:31:57.825 66584 INFO tempest.lib.common.rest_client [req-3b22a80b-210b-4df1-b923-a2d6089a412b req-3b22a80b-210b-4df1-b923-a2d6089a412b ] Request (ServersV294TestFqdnHostnames:setUpClass): 200 GET http://10.180.1.21/compute/v2.1/servers/2eb62df9-005e-488f-b800-02867ec2fa81 0.279s
2024-12-12 01:31:57.869 66562 INFO tempest.lib.common.rest_client [req-3bbace7a-133f-4a3c-baa1-4a7c7c8d5ae8 req-3bbace7a-133f-4a3c-baa1-4a7c7c8d5ae8 ] Request (ServersListShow296Test:tearDownClass): 204 DELETE http://10.180.1.21/identity/v3/projects/a9cfcbb5f1da409185e6bafb91b661ac 0.075s
2024-12-12 01:31:57.901 66586 INFO tempest.lib.common.rest_client [req-c3d4f871-b7fc-4dec-9ed8-95ddea1ed188 req-c3d4f871-b7fc-4dec-9ed8-95ddea1ed188 ] Request (ServerMetadataTestJSON:setUpClass): 200 GET http://10.180.1.21/compute/v2.1/servers/5f2f6e09-af90-465e-9451-dc4ce16fb851 0.290s
2024-12-12 01:31:58.060 66570 WARNING tempest.lib.common.ssh [-] Failed to establish authenticated ssh connection to cirros@10.180.180.240 ([Errno None] Unable to connect to port 22 on 10.180.180.240). Number attempts: 14. Retry after 15 seconds.: paramiko.ssh_exception.NoValidConnectionsError: [Errno None] Unable to connect to port 22 on 10.180.180.240
2024-12-12 01:31:58.125 66568 INFO tempest.lib.common.rest_client [req-fa9f8475-b363-4bdf-8158-42219de4cb70 req-fa9f8475-b363-4bdf-8158-42219de4cb70 ] Request (MigrationsAdminTest:test_resize_server_revert_deleted_flavor): 200 GET http://10.180.1.21/compute/v2.1/servers/84f3ff00-94b2-4595-8046-865c3016fc77 0.382s
2024-12-12 01:31:58.138 66568 INFO tempest.common.waiters [-] State transition "RESIZE/resize_migrating" ==> "RESIZE/resize_migrated" after 48 second wait
2024-12-12 01:31:58.219 66618 INFO tempest.lib.common.rest_client [req-ec1026c8-acac-4fbf-8cb1-a02eed211d68 req-ec1026c8-acac-4fbf-8cb1-a02eed211d68 ] Request (DeleteServersTestJSON:test_delete_active_server): 200 GET http://10.180.1.21/compute/v2.1/servers/84dd2032-59a7-48a3-8f4c-a1e7661e78a0 0.430s
2024-12-12 01:31:58.303 66593 INFO tempest.lib.common.rest_client [req-95334c6b-fe17-46d1-aa72-752001cea43f req-95334c6b-fe17-46d1-aa72-752001cea43f ] Request (ServersTestMultiNic:test_verify_multiple_nics_order): 200 GET http://10.180.1.21/compute/v2.1/servers/18dc9467-827b-4fe0-8ddf-03c0093c7737 0.507s
2024-12-12 01:31:58.373 66566 INFO tempest.lib.common.rest_client [req-eb71f948-d1f7-4ce0-80d0-65a6f372f45d req-eb71f948-d1f7-4ce0-80d0-65a6f372f45d ] Request (ServerRescueTestJSON:test_rescue_unrescue_instance): 200 GET http://10.180.1.21/compute/v2.1/servers/0cb4c6c0-63bc-4723-bac2-62479872be0d 0.534s
2024-12-12 01:31:58.544 66588 INFO tempest.lib.common.rest_client [req-4c9c9248-dc20-4980-8261-62b1e42e8bda req-4c9c9248-dc20-4980-8261-62b1e42e8bda ] Request (ServerActionsTestOtherB:setUpClass): 200 GET http://10.180.1.21/compute/v2.1/servers/0cae7f31-dbb9-4e27-81a7-34d1b1d22f8a 0.602s
2024-12-12 01:31:58.619 66604 INFO tempest.lib.common.rest_client [req-e16533a1-b1c0-4f4d-8d09-98f0a89ce9ef req-e16533a1-b1c0-4f4d-8d09-98f0a89ce9ef ] Request (ServerAddressesNegativeTestJSON:tearDownClass): 200 GET http://10.180.1.21/compute/v2.1/servers/a0d2d3ba-cc22-45b0-92a8-0510ec0d85f9 0.621s
2024-12-12 01:31:58.689 66620 INFO tempest.lib.common.rest_client [req-d4ccdb17-1dd3-4b6b-841a-1310ec87cc98 req-d4ccdb17-1dd3-4b6b-841a-1310ec87cc98 ] Request (ImagesTestJSON:test_create_server_from_snapshot): 200 GET http://10.180.1.21/compute/v2.1/servers/ac81bf4e-9010-4ff5-9857-18690b409637 0.676s
2024-12-12 01:31:58.920 66564 INFO tempest.lib.common.rest_client [req-d43b3cab-3c94-4ad9-aa21-25ba22c76c37 req-d43b3cab-3c94-4ad9-aa21-25ba22c76c37 ] Request (ServerDiskConfigTestJSON:test_resize_server_from_auto_to_manual): 200 GET http://10.180.1.21/compute/v2.1/servers/fa1146c8-af2b-49a6-88f0-6fee8773ce67 0.577s
2024-12-12 01:31:59.013 66606 INFO tempest.lib.common.rest_client [req-238e5eb1-bfec-4319-969c-e207d2262892 req-238e5eb1-bfec-4319-969c-e207d2262892 ] Request (FloatingIPsAssociationTestJSON:test_associate_already_associated_floating_ip): 202 POST http://10.180.1.21/compute/v2.1/servers/82059c94-0c99-48af-8ecb-e9bd695ba6f3/action 1.716s
2024-12-12 01:31:59.068 66582 INFO tempest.lib.common.rest_client [req-cd1fe518-3525-444d-96d8-9e62e7c916e2 req-cd1fe518-3525-444d-96d8-9e62e7c916e2 ] Request (ServerActionsTestOtherA:setUpClass): 200 GET http://10.180.1.21/compute/v2.1/servers/29223975-ba66-48c1-9dd6-07143475fb2a 0.674s
2024-12-12 01:31:59.075 66558 INFO tempest.lib.common.rest_client [req-c703af77-3bef-4f89-810b-5b079cd193fb req-c703af77-3bef-4f89-810b-5b079cd193fb ] Request (AttachVolumeNegativeTest:test_attach_attached_volume_to_different_server): 200 GET http://10.180.1.21/compute/v2.1/servers/2b5c87fe-1c80-4cb9-86fe-4dd083322e71 0.714s
2024-12-12 01:31:59.081 66558 INFO tempest.common.waiters [-] State transition "BUILD/None" ==> "BUILD/block_device_mapping" after 38 second wait
2024-12-12 01:31:59.113 66608 INFO tempest.lib.common.rest_client [req-bd5db7e9-4669-4dea-80c1-a1e0982aec72 req-bd5db7e9-4669-4dea-80c1-a1e0982aec72 ] Request (ServersAdminTestJSON:tearDownClass): 200 GET http://10.180.1.21/compute/v2.1/servers/77038eff-3013-423d-b1bf-a6d14e892441 0.440s
2024-12-12 01:31:59.128 66616 INFO tempest.lib.common.rest_client [req-8121df1d-f8c9-4d88-86de-29a6c202806e req-8121df1d-f8c9-4d88-86de-29a6c202806e ] Request (ListImageFiltersTestJSON:tearDownClass): 200 GET http://10.180.1.21/compute/v2.1/servers/123a890e-3772-4f4f-b12d-5fae028ee895 0.365s
2024-12-12 01:31:59.166 66584 INFO tempest.lib.common.rest_client [req-28b604f4-3a29-488b-a722-9fc17f82fc90 req-28b604f4-3a29-488b-a722-9fc17f82fc90 ] Request (ServersV294TestFqdnHostnames:setUpClass): 200 GET http://10.180.1.21/compute/v2.1/servers/2eb62df9-005e-488f-b800-02867ec2fa81 0.325s
2024-12-12 01:31:59.174 66586 INFO tempest.lib.common.rest_client [req-e49a5117-3e23-4246-a8fb-2d88060f6783 req-e49a5117-3e23-4246-a8fb-2d88060f6783 ] Request (ServerMetadataTestJSON:setUpClass): 200 GET http://10.180.1.21/compute/v2.1/servers/5f2f6e09-af90-465e-9451-dc4ce16fb851 0.264s
2024-12-12 01:31:59.326 66568 INFO tempest.lib.common.rest_client [req-728f3fe1-cfdc-495d-a700-9197c63c31de req-728f3fe1-cfdc-495d-a700-9197c63c31de ] Request (MigrationsAdminTest:test_resize_server_revert_deleted_flavor): 200 GET http://10.180.1.21/compute/v2.1/servers/84f3ff00-94b2-4595-8046-865c3016fc77 0.187s
2024-12-12 01:31:59.363 66600 INFO paramiko.transport [-] Connected (version 2.0, client dropbear_2020.81)
2024-12-12 01:31:59.399 66618 INFO tempest.lib.common.rest_client [req-9f12c712-fad9-47d2-81ea-d47d0e7f50ba req-9f12c712-fad9-47d2-81ea-d47d0e7f50ba ] Request (DeleteServersTestJSON:test_delete_active_server): 200 GET http://10.180.1.21/compute/v2.1/servers/84dd2032-59a7-48a3-8f4c-a1e7661e78a0 0.167s
2024-12-12 01:31:59.406 66618 INFO tempest.common.waiters [-] State transition "ACTIVE/deleting" ==> "DELETED/None" after 4 second wait
2024-12-12 01:31:59.422 66600 INFO paramiko.transport [-] Authentication (publickey) successful!
2024-12-12 01:31:59.422 66600 INFO tempest.lib.common.ssh [-] ssh connection to cirros@10.180.180.211 successfully created
2024-12-12 01:31:59.457 66593 INFO tempest.lib.common.rest_client [req-84d778a3-95bd-4134-a81d-db45cebdb5fe req-84d778a3-95bd-4134-a81d-db45cebdb5fe ] Request (ServersTestMultiNic:test_verify_multiple_nics_order): 200 GET http://10.180.1.21/compute/v2.1/servers/18dc9467-827b-4fe0-8ddf-03c0093c7737 0.144s
2024-12-12 01:31:59.525 66566 INFO tempest.lib.common.rest_client [req-40253fbb-67b9-4819-a67a-fa9279d2bfd7 req-40253fbb-67b9-4819-a67a-fa9279d2bfd7 ] Request (ServerRescueTestJSON:test_rescue_unrescue_instance): 200 GET http://10.180.1.21/compute/v2.1/servers/0cb4c6c0-63bc-4723-bac2-62479872be0d 0.143s
2024-12-12 01:32:00.291 66600 INFO tempest.lib.common.rest_client [req-fa5a1fb8-eccf-4e04-a4a8-1ca10749dbcb req-fa5a1fb8-eccf-4e04-a4a8-1ca10749dbcb ] Request (ServerActionsV293TestJSON:test_rebuild_volume_backed_server): 202 POST http://10.180.1.21/compute/v2.1/servers/b791bdf7-feaa-4752-a8a6-45d1562e4874/action 0.864s
2024-12-12 01:32:00.440 66588 INFO tempest.lib.common.rest_client [req-5cd3d6bf-4035-4b26-be66-4d0f505a51e0 req-5cd3d6bf-4035-4b26-be66-4d0f505a51e0 ] Request (ServerActionsTestOtherB:setUpClass): 200 GET http://10.180.1.21/compute/v2.1/servers/0cae7f31-dbb9-4e27-81a7-34d1b1d22f8a 0.888s
2024-12-12 01:32:00.501 66604 INFO tempest.lib.common.rest_client [req-0be3975b-950d-4849-b1cd-97b6df1598c0 req-0be3975b-950d-4849-b1cd-97b6df1598c0 ] Request (ServerAddressesNegativeTestJSON:tearDownClass): 200 GET http://10.180.1.21/compute/v2.1/servers/a0d2d3ba-cc22-45b0-92a8-0510ec0d85f9 0.873s
2024-12-12 01:32:00.549 66620 INFO tempest.lib.common.rest_client [req-cd45bd1a-f8b0-48c4-9431-bc053f420962 req-cd45bd1a-f8b0-48c4-9431-bc053f420962 ] Request (ImagesTestJSON:test_create_server_from_snapshot): 200 GET http://10.180.1.21/compute/v2.1/servers/ac81bf4e-9010-4ff5-9857-18690b409637 0.854s
2024-12-12 01:32:00.674 66564 INFO tempest.lib.common.rest_client [req-5bfe49df-7ad1-406d-b29b-7e4c9ae7f780 req-5bfe49df-7ad1-406d-b29b-7e4c9ae7f780 ] Request (ServerDiskConfigTestJSON:test_resize_server_from_auto_to_manual): 200 GET http://10.180.1.21/compute/v2.1/servers/fa1146c8-af2b-49a6-88f0-6fee8773ce67 0.747s
2024-12-12 01:32:00.720 66582 INFO tempest.lib.common.rest_client [req-28a17b08-62ed-4353-9374-86b2185f8c32 req-28a17b08-62ed-4353-9374-86b2185f8c32 ] Request (ServerActionsTestOtherA:setUpClass): 200 GET http://10.180.1.21/compute/v2.1/servers/29223975-ba66-48c1-9dd6-07143475fb2a 0.643s
2024-12-12 01:32:00.833 66558 INFO tempest.lib.common.rest_client [req-46de4eb8-1d4d-4b89-8845-d44d5cdf9b48 req-46de4eb8-1d4d-4b89-8845-d44d5cdf9b48 ] Request (AttachVolumeNegativeTest:test_attach_attached_volume_to_different_server): 200 GET http://10.180.1.21/compute/v2.1/servers/2b5c87fe-1c80-4cb9-86fe-4dd083322e71 0.750s
2024-12-12 01:32:00.839 66558 INFO tempest.common.waiters [-] State transition "BUILD/block_device_mapping" ==> "BUILD/spawning" after 39 second wait
2024-12-12 01:32:00.889 66608 INFO tempest.lib.common.rest_client [req-2a2bdd40-f062-49a1-bd3c-ef078854f774 req-2a2bdd40-f062-49a1-bd3c-ef078854f774 ] Request (ServersAdminTestJSON:tearDownClass): 200 GET http://10.180.1.21/compute/v2.1/servers/77038eff-3013-423d-b1bf-a6d14e892441 0.770s
2024-12-12 01:32:00.950 66616 INFO tempest.lib.common.rest_client [req-44b0e1d7-debd-4eca-973e-275eda992c11 req-44b0e1d7-debd-4eca-973e-275eda992c11 ] Request (ListImageFiltersTestJSON:tearDownClass): 200 GET http://10.180.1.21/compute/v2.1/servers/123a890e-3772-4f4f-b12d-5fae028ee895 0.816s
2024-12-12 01:32:01.008 66584 INFO tempest.lib.common.rest_client [req-d1a7bda5-0a36-4867-b4a2-3a4fc0b81e9f req-d1a7bda5-0a36-4867-b4a2-3a4fc0b81e9f ] Request (ServersV294TestFqdnHostnames:setUpClass): 200 GET http://10.180.1.21/compute/v2.1/servers/2eb62df9-005e-488f-b800-02867ec2fa81 0.834s
2024-12-12 01:32:01.071 66586 INFO tempest.lib.common.rest_client [req-a05e1ee2-5824-47a8-84a4-7f6ffa99482b req-a05e1ee2-5824-47a8-84a4-7f6ffa99482b ] Request (ServerMetadataTestJSON:setUpClass): 200 GET http://10.180.1.21/compute/v2.1/servers/5f2f6e09-af90-465e-9451-dc4ce16fb851 0.884s
2024-12-12 01:32:01.082 66600 INFO tempest.lib.common.rest_client [req-77b63e60-9cf3-4ea8-b8ef-b35f30f8c03f req-77b63e60-9cf3-4ea8-b8ef-b35f30f8c03f ] Request (ServerActionsV293TestJSON:test_rebuild_volume_backed_server): 200 GET http://10.180.1.21/compute/v2.1/flavors/42 0.780s
2024-12-12 01:32:01.393 66568 INFO tempest.lib.common.rest_client [req-03e97912-774f-4dc0-9a13-f7bb0ff7d24a req-03e97912-774f-4dc0-9a13-f7bb0ff7d24a ] Request (MigrationsAdminTest:test_resize_server_revert_deleted_flavor): 200 GET http://10.180.1.21/compute/v2.1/servers/84f3ff00-94b2-4595-8046-865c3016fc77 1.058s
2024-12-12 01:32:01.401 66568 INFO tempest.common.waiters [-] State transition "RESIZE/resize_migrated" ==> "RESIZE/resize_finish" after 51 second wait
2024-12-12 01:32:01.470 66618 INFO tempest.lib.common.rest_client [req-a59c43e4-a767-4717-a99e-5275f5ed4d07 req-a59c43e4-a767-4717-a99e-5275f5ed4d07 ] Request (DeleteServersTestJSON:test_delete_active_server): 200 GET http://10.180.1.21/compute/v2.1/servers/84dd2032-59a7-48a3-8f4c-a1e7661e78a0 1.063s
2024-12-12 01:32:01.544 66593 INFO tempest.lib.common.rest_client [req-0b60fe90-1b8f-4647-866c-fcd9f0647f51 req-0b60fe90-1b8f-4647-866c-fcd9f0647f51 ] Request (ServersTestMultiNic:test_verify_multiple_nics_order): 200 GET http://10.180.1.21/compute/v2.1/servers/18dc9467-827b-4fe0-8ddf-03c0093c7737 1.078s
2024-12-12 01:32:01.618 66566 INFO tempest.lib.common.rest_client [req-1cc53b03-a6ab-40f7-9c03-bd40d1ccbebc req-1cc53b03-a6ab-40f7-9c03-bd40d1ccbebc ] Request (ServerRescueTestJSON:test_rescue_unrescue_instance): 200 GET http://10.180.1.21/compute/v2.1/servers/0cb4c6c0-63bc-4723-bac2-62479872be0d 1.085s
2024-12-12 01:32:01.785 66606 INFO tempest.lib.common.rest_client [req-8523b4ff-fe59-4f8c-acf4-0bfd6bbd8e0f req-8523b4ff-fe59-4f8c-acf4-0bfd6bbd8e0f ] Request (FloatingIPsAssociationTestJSON:test_associate_already_associated_floating_ip): 202 POST http://10.180.1.21/compute/v2.1/servers/2a23b794-2acb-487c-901d-7aeca03aec83/action 2.772s
2024-12-12 01:32:01.822 66600 INFO tempest.lib.common.rest_client [req-5d274480-7b6f-49d7-b123-0ba31d048e47 req-5d274480-7b6f-49d7-b123-0ba31d048e47 ] Request (ServerActionsV293TestJSON:test_rebuild_volume_backed_server): 200 GET http://10.180.1.21/compute/v2.1/servers/b791bdf7-feaa-4752-a8a6-45d1562e4874 0.737s
2024-12-12 01:32:01.894 66604 INFO tempest.lib.common.rest_client [req-31355600-0153-4eba-a0e3-b971d33b7706 req-31355600-0153-4eba-a0e3-b971d33b7706 ] Request (ServerAddressesNegativeTestJSON:tearDownClass): 200 GET http://10.180.1.21/compute/v2.1/servers/a0d2d3ba-cc22-45b0-92a8-0510ec0d85f9 0.382s
2024-12-12 01:32:01.951 66620 INFO tempest.lib.common.rest_client [req-5ea0b92c-3ed8-495b-b1b3-dae77e0e0460 req-5ea0b92c-3ed8-495b-b1b3-dae77e0e0460 ] Request (ImagesTestJSON:test_create_server_from_snapshot): 200 GET http://10.180.1.21/compute/v2.1/servers/ac81bf4e-9010-4ff5-9857-18690b409637 0.389s
2024-12-12 01:32:01.972 66588 INFO tempest.lib.common.rest_client [req-f5cfd792-4933-4118-bf3b-87e4c98110c7 req-f5cfd792-4933-4118-bf3b-87e4c98110c7 ] Request (ServerActionsTestOtherB:setUpClass): 200 GET http://10.180.1.21/compute/v2.1/servers/0cae7f31-dbb9-4e27-81a7-34d1b1d22f8a 0.525s
2024-12-12 01:32:02.033 66582 INFO tempest.lib.common.rest_client [req-ed5c53fc-89ac-4718-b74d-d3385727b1fe req-ed5c53fc-89ac-4718-b74d-d3385727b1fe ] Request (ServerActionsTestOtherA:setUpClass): 200 GET http://10.180.1.21/compute/v2.1/servers/29223975-ba66-48c1-9dd6-07143475fb2a 0.305s
2024-12-12 01:32:02.123 66564 INFO tempest.lib.common.rest_client [req-3a463ad9-755c-458c-8e2c-0482d27900d9 req-3a463ad9-755c-458c-8e2c-0482d27900d9 ] Request (ServerDiskConfigTestJSON:test_resize_server_from_auto_to_manual): 200 GET http://10.180.1.21/compute/v2.1/servers/fa1146c8-af2b-49a6-88f0-6fee8773ce67 0.441s
2024-12-12 01:32:02.297 66558 INFO tempest.lib.common.rest_client [req-c2a7b74a-46c5-44f5-a250-1b3f9b95e505 req-c2a7b74a-46c5-44f5-a250-1b3f9b95e505 ] Request (AttachVolumeNegativeTest:test_attach_attached_volume_to_different_server): 200 GET http://10.180.1.21/compute/v2.1/servers/2b5c87fe-1c80-4cb9-86fe-4dd083322e71 0.457s
2024-12-12 01:32:02.378 66608 INFO tempest.lib.common.rest_client [req-f815c06d-309d-4019-a897-cb800261955a req-f815c06d-309d-4019-a897-cb800261955a ] Request (ServersAdminTestJSON:tearDownClass): 200 GET http://10.180.1.21/compute/v2.1/servers/77038eff-3013-423d-b1bf-a6d14e892441 0.481s
2024-12-12 01:32:02.389 66606 INFO tempest.lib.common.rest_client [req-101741a1-bfa4-4ba4-90d0-d4815394d68c req-101741a1-bfa4-4ba4-90d0-d4815394d68c ] Request (FloatingIPsAssociationTestJSON:test_associate_already_associated_floating_ip): 409 POST http://10.180.1.21/compute/v2.1/servers/82059c94-0c99-48af-8ecb-e9bd695ba6f3/action 0.603s
2024-12-12 01:32:02.401 66616 INFO tempest.lib.common.rest_client [req-082bd4ce-361c-4029-9004-e47a3a95fcc0 req-082bd4ce-361c-4029-9004-e47a3a95fcc0 ] Request (ListImageFiltersTestJSON:tearDownClass): 404 GET http://10.180.1.21/compute/v2.1/servers/123a890e-3772-4f4f-b12d-5fae028ee895 0.442s
2024-12-12 01:32:02.471 66584 INFO tempest.lib.common.rest_client [req-1fda40aa-fe36-43d5-a82d-ff5b02904bff req-1fda40aa-fe36-43d5-a82d-ff5b02904bff ] Request (ServersV294TestFqdnHostnames:setUpClass): 200 GET http://10.180.1.21/compute/v2.1/servers/2eb62df9-005e-488f-b800-02867ec2fa81 0.454s
2024-12-12 01:32:02.722 66586 INFO tempest.lib.common.rest_client [req-62ee062b-0422-45c9-bd1d-1279ec350025 req-62ee062b-0422-45c9-bd1d-1279ec350025 ] Request (ServerMetadataTestJSON:setUpClass): 200 GET http://10.180.1.21/compute/v2.1/servers/5f2f6e09-af90-465e-9451-dc4ce16fb851 0.641s
2024-12-12 01:32:02.728 66586 INFO tempest.common.waiters [-] State transition "BUILD/None" ==> "BUILD/block_device_mapping" after 32 second wait
2024-12-12 01:32:02.784 66616 INFO tempest.lib.common.rest_client [req-dd7bbe08-82d9-40cc-9bad-f6eb651a47e5 req-dd7bbe08-82d9-40cc-9bad-f6eb651a47e5 ] Request (ListImageFiltersTestJSON:tearDownClass): 204 DELETE http://10.180.1.21/compute/v2.1/images/2a9e7547-dcd6-46c5-b58d-02e6ff33bba2 0.383s
2024-12-12 01:32:03.018 66572 INFO paramiko.transport [-] Connected (version 2.0, client dropbear_2020.81)
2024-12-12 01:32:03.123 66572 INFO paramiko.transport [-] Authentication (publickey) successful!
2024-12-12 01:32:03.124 66572 INFO tempest.lib.common.ssh [-] ssh connection to cirros@10.180.180.145 successfully created
