2024-12-12 01:29:57.764 66594 INFO tempest.lib.common.rest_client [req-95683a42-d559-4ea8-bbdd-de2c7b3c1a21 req-95683a42-d559-4ea8-bbdd-de2c7b3c1a21 ] Request (ListImagesTestJSON:tearDownClass): 204 DELETE http://10.180.1.21/identity/v3/projects/1f61d5d6a523479b876ca9c44a61aaae 0.068s
2024-12-12 01:29:57.822 66576 INFO tempest.lib.common.rest_client [req-8b55c7d1-a606-40cf-90a6-f1fb1f8c8363 req-8b55c7d1-a606-40cf-90a6-f1fb1f8c8363 ] Request (InstanceActionsV221TestJSON:setUpClass): 201 POST http://10.180.1.21:9696/networking/v2.0/networks 1.079s
2024-12-12 01:29:57.858 66594 INFO tempest.lib.common.rest_client [req-0b1e2dec-9d6b-436d-9791-20e5ac78e793 req-0b1e2dec-9d6b-436d-9791-20e5ac78e793 ] Request (AttachVolumeTestJSON:setUpClass): 201 POST http://10.180.1.21/identity/v3/auth/tokens 0.092s
2024-12-12 01:29:57.859 66600 INFO tempest.lib.common.rest_client [req-a4219cee-f23d-4c29-8d22-e2ffae4506e4 req-a4219cee-f23d-4c29-8d22-e2ffae4506e4 ] Request (ServerActionsV293TestJSON:setUpClass): 200 GET http://10.180.1.21/compute/v2.1/servers/b791bdf7-feaa-4752-a8a6-45d1562e4874 1.553s
2024-12-12 01:29:57.876 66596 INFO tempest.lib.common.rest_client [req-85e38243-48d6-487f-8f0e-28214bf6eaac req-85e38243-48d6-487f-8f0e-28214bf6eaac ] Request (InstanceActionsNegativeTestJSON:setUpClass): 201 POST http://10.180.1.21:9696/networking/v2.0/routers 2.663s
2024-12-12 01:29:57.891 66580 INFO tempest.lib.common.rest_client [req-da89ef4b-7d94-4eb7-999d-23ca6fda6da0 req-da89ef4b-7d94-4eb7-999d-23ca6fda6da0 ] Request (ServerDiagnosticsV248Test:tearDownClass): 404 GET http://10.180.1.21/compute/v2.1/servers/c1a86675-a28d-48e4-8fc3-b205726cdb7b 1.394s
2024-12-12 01:29:57.895 66594 INFO tempest.lib.common.rest_client [req-b9505445-c070-49bb-8234-88fb281af1e6 req-b9505445-c070-49bb-8234-88fb281af1e6 ] Request (AttachVolumeTestJSON:setUpClass): 201 POST http://10.180.1.21/identity/v3/auth/tokens 0.035s
2024-12-12 01:29:57.935 66594 INFO tempest.lib.common.rest_client [req-5d6971a2-4499-46fd-a189-a6bea15d80e0 req-5d6971a2-4499-46fd-a189-a6bea15d80e0 ] Request (AttachVolumeTestJSON:setUpClass): 200 GET http://10.180.1.21/identity/v3/domains?name=Default 0.039s
2024-12-12 01:29:57.953 66593 INFO tempest.lib.common.rest_client [req-2eb946ce-e0a2-41e9-aa99-5c93f3ae9f7f req-2eb946ce-e0a2-41e9-aa99-5c93f3ae9f7f ] Request (ServersTestMultiNic:setUpClass): 201 POST http://10.180.1.21:9696/networking/v2.0/subnets 0.768s
2024-12-12 01:29:57.954 66620 INFO tempest.lib.common.rest_client [req-bd91247a-0d67-4924-9017-9ef56bd3c214 req-bd91247a-0d67-4924-9017-9ef56bd3c214 ] Request (ImagesTestJSON:test_create_image_from_stopped_server): 200 GET http://10.180.1.21/compute/v2.1/servers/f23e6ad1-e92d-4d2d-b09e-cec7d33c551d 1.612s
2024-12-12 01:29:57.964 66620 INFO tempest.common.waiters [-] State transition "BUILD/block_device_mapping" ==> "BUILD/spawning" after 13 second wait
2024-12-12 01:29:58.028 66594 INFO tempest.lib.common.rest_client [req-ae632615-c124-41ba-ad39-798005c07ea3 req-ae632615-c124-41ba-ad39-798005c07ea3 ] Request (AttachVolumeTestJSON:setUpClass): 201 POST http://10.180.1.21/identity/v3/projects 0.091s
2024-12-12 01:29:58.027 66580 INFO tempest.lib.common.rest_client [req-5bd5837b-8fde-4862-9321-69bbadacae24 req-5bd5837b-8fde-4862-9321-69bbadacae24 ] Request (ServerDiagnosticsV248Test:tearDownClass): 204 DELETE http://10.180.1.21/identity/v3/users/e538100b634c4269a67f11d7d8fd4c16 0.135s
2024-12-12 01:29:58.152 66560 INFO tempest.lib.common.rest_client [req-e4c4b5a3-3249-4223-be69-90cb17690e82 req-e4c4b5a3-3249-4223-be69-90cb17690e82 ] Request (ExtensionsTest:test_get_extension): 200 GET http://10.180.1.21/compute/v2.1/extensions/os-consoles 1.378s
2024-12-12 01:29:58.166 66594 INFO tempest.lib.common.rest_client [req-6c16e96f-b55a-4ca2-b7cd-7b1a25895fef req-6c16e96f-b55a-4ca2-b7cd-7b1a25895fef ] Request (AttachVolumeTestJSON:setUpClass): 201 POST http://10.180.1.21/identity/v3/users 0.138s
2024-12-12 01:29:58.181 66586 INFO tempest.lib.common.rest_client [req-30e4bc5e-45ca-48e4-bcc7-04aa8f6ca506 req-30e4bc5e-45ca-48e4-bcc7-04aa8f6ca506 ] Request (ServersAdminNegativeTestJSON:test_migrate_server_invalid_state): 200 GET http://10.180.1.21/compute/v2.1/servers/e70070c2-d6dc-4337-b3b5-3ca1395ae963 1.462s
2024-12-12 01:29:58.190 66594 INFO tempest.lib.common.rest_client [req-322d9aca-d520-407c-94cc-9ae248bf60a9 req-322d9aca-d520-407c-94cc-9ae248bf60a9 ] Request (AttachVolumeTestJSON:setUpClass): 200 GET http://10.180.1.21/identity/v3/roles 0.023s
2024-12-12 01:29:58.191 66586 INFO tempest.common.waiters [-] State transition "BUILD/spawning" ==> "ACTIVE/None" after 21 second wait
2024-12-12 01:29:58.192 66612 INFO tempest.lib.common.rest_client [req-59bb2b3b-17b8-41bf-aecd-6f03a0c23d15 req-59bb2b3b-17b8-41bf-aecd-6f03a0c23d15 ] Request (SecurityGroupRulesNegativeTestJSON:test_delete_security_group_rule_with_non_existent_id): 404 DELETE http://10.180.1.21/compute/v2.1/os-security-group-rules/d21c2ce3-9272-4906-953f-cedb2d9564e1 1.313s
2024-12-12 01:29:58.236 66594 INFO tempest.lib.common.rest_client [req-12e018e3-2496-4b40-9182-5e25127b0e04 req-12e018e3-2496-4b40-9182-5e25127b0e04 ] Request (AttachVolumeTestJSON:setUpClass): 204 PUT http://10.180.1.21/identity/v3/projects/c2d033e444434a94b421400f7f016ac4/users/699a5c5e679f4c3e8f1d7aa46874cec5/roles/9089c2f20ebf4d029641424c20f24331 0.044s
2024-12-12 01:29:58.236 66594 INFO tempest.lib.common.dynamic_creds [-] Dynamic test user 699a5c5e679f4c3e8f1d7aa46874cec5 is created with scope project and roles: ['member']
2024-12-12 01:29:58.236 66594 INFO tempest.lib.common.dynamic_creds [-] Acquired dynamic creds: credentials: Credentials: {'domain_id': 'default', 'domain_name': 'Default', 'username': 'tempest-AttachVolumeTestJSON-1853550217-project-member', 'project_domain_id': 'default', 'project_domain_name': 'Default', 'project_id': 'c2d033e444434a94b421400f7f016ac4', 'project_name': 'tempest-AttachVolumeTestJSON-1853550217', 'tenant_id': 'c2d033e444434a94b421400f7f016ac4', 'tenant_name': 'tempest-AttachVolumeTestJSON-1853550217', 'user_domain_id': 'default', 'user_domain_name': 'Default', 'user_id': '699a5c5e679f4c3e8f1d7aa46874cec5', 'system': None}, Network: None, Subnet: None, Router: None
2024-12-12 01:29:58.250 66580 INFO tempest.lib.common.rest_client [req-59b2036a-6d30-4ac8-bb49-766dae7b89e6 req-59b2036a-6d30-4ac8-bb49-766dae7b89e6 ] Request (ServerDiagnosticsV248Test:tearDownClass): 204 DELETE http://10.180.1.21/identity/v3/users/6d437dc12abe44668d805c623b3ffbc2 0.221s
2024-12-12 01:29:58.250 66580 INFO tempest.lib.common.dynamic_creds [-] Deleting project and security group for project: a192b92bbdc247218ad11a39a6b5476c
2024-12-12 01:29:58.311 66606 INFO tempest.lib.common.rest_client [req-73298ae1-ac7a-4443-b02b-a5c8c7c93745 req-73298ae1-ac7a-4443-b02b-a5c8c7c93745 ] Request (ServerDiagnosticsNegativeTest:tearDownClass): 200 GET http://10.180.1.21/compute/v2.1/servers/ee90abad-2628-4c6e-880a-23fb6e8088f1 1.251s
2024-12-12 01:29:58.321 66594 INFO tempest.lib.common.rest_client [req-15c3426d-96a4-411a-9479-43c34d8868b5 req-15c3426d-96a4-411a-9479-43c34d8868b5 ] Request (AttachVolumeTestJSON:setUpClass): 201 POST http://10.180.1.21/identity/v3/auth/tokens 0.085s
2024-12-12 01:29:58.349 66580 INFO tempest.lib.common.rest_client [req-28afb3a1-c756-42e8-b1b4-93de910900c1 req-28afb3a1-c756-42e8-b1b4-93de910900c1 ] Request (ServerDiagnosticsV248Test:tearDownClass): 201 POST http://10.180.1.21/identity/v3/auth/tokens 0.099s
2024-12-12 01:29:58.390 66582 INFO tempest.lib.common.rest_client [req-0e2880ba-ac28-46bc-ad89-f10141a66ab1 req-0e2880ba-ac28-46bc-ad89-f10141a66ab1 ] Request (AttachInterfacesV270Test:setUpClass): 201 POST http://10.180.1.21:9696/networking/v2.0/networks 1.175s
2024-12-12 01:29:58.409 66584 INFO tempest.lib.common.rest_client [req-3f9f451d-4ad4-4fe6-b941-eb419e1351fa req-3f9f451d-4ad4-4fe6-b941-eb419e1351fa ] Request (ServersAdmin275Test:test_rebuild_update_server_275): 200 GET http://10.180.1.21/compute/v2.1/servers/8234c07d-eb31-429f-b804-a3250ea396a0 1.198s
2024-12-12 01:29:58.447 66564 INFO tempest.lib.common.rest_client [req-64c60568-8469-4d64-92d4-bb110279008f req-64c60568-8469-4d64-92d4-bb110279008f ] Request (ServerDiskConfigTestJSON:test_rebuild_server_with_auto_disk_config): 200 GET http://10.180.1.21/compute/v2.1/servers/ea6a6bb8-3a77-4ff9-9d96-58685fe3ed53 1.405s
2024-12-12 01:29:58.481 66618 INFO tempest.lib.common.rest_client [req-840774aa-6ce2-4b66-9da8-d1cd1cfb394e req-840774aa-6ce2-4b66-9da8-d1cd1cfb394e ] Request (ServerExternalEventsTest:test_create_server_external_events): 200 GET http://10.180.1.21/compute/v2.1/servers/9eb5afb2-9f91-428d-9590-0037b30b33b3 1.228s
2024-12-12 01:29:58.535 66590 INFO tempest.lib.common.rest_client [req-06c727e4-0ad6-4507-afb2-27a2e17d8816 req-06c727e4-0ad6-4507-afb2-27a2e17d8816 ] Request (ServersTestManualDisk:setUpClass): 201 POST http://10.180.1.21:9696/networking/v2.0/floatingips 1.954s
2024-12-12 01:29:58.552 66604 INFO tempest.lib.common.rest_client [req-d3ec2bb1-e953-430f-955e-b06906f94689 req-d3ec2bb1-e953-430f-955e-b06906f94689 ] Request (DeleteServersAdminTestJSON:test_delete_server_while_in_error_state): 204 DELETE http://10.180.1.21/compute/v2.1/servers/c26e95a2-1552-4c73-affe-a62df76b5efc 1.235s
2024-12-12 01:29:58.579 66562 INFO tempest.lib.common.rest_client [req-97f12f77-6921-4542-8ba9-98fce060d085 req-97f12f77-6921-4542-8ba9-98fce060d085 ] Request (FlavorsAdminTestJSON:test_list_non_public_flavor): 200 GET http://10.180.1.21/compute/v2.1/flavors/detail 1.250s
2024-12-12 01:29:58.613 66590 INFO tempest.lib.common.rest_client [req-1bb0532e-f73e-4ca6-9b69-aea350bd470e req-1bb0532e-f73e-4ca6-9b69-aea350bd470e ] Request (ServersTestManualDisk:setUpClass): 201 POST http://10.180.1.21/identity/v3/auth/tokens 0.074s
2024-12-12 01:29:58.614 66590 INFO tempest.lib.common.fixed_network [-] (ServersTestManualDisk:setUpClass) Found network {'id': '881afeaa-193b-4d5a-abd0-7c038cd6bfde', 'name': 'tempest-ServersTestManualDisk-1443821020-network', 'tenant_id': 'ae50e7a0076742958d559c8650144a2d', 'admin_state_up': True, 'mtu': 8950, 'status': 'ACTIVE', 'subnets': [], 'shared': False, 'project_id': 'ae50e7a0076742958d559c8650144a2d', 'port_security_enabled': True, 'router:external': False, 'provider:network_type': 'vlan', 'provider:physical_network': 'default', 'provider:segmentation_id': 310, 'availability_zone_hints': [], 'availability_zones': [], 'ipv4_address_scope': None, 'ipv6_address_scope': None, 'description': '', 'tags': [], 'created_at': '2024-12-12T01:29:49Z', 'updated_at': '2024-12-12T01:29:49Z', 'revision_number': 1} available for tenant
2024-12-12 01:29:58.633 66574 INFO tempest.lib.common.rest_client [req-8d6bab00-4b80-4478-807c-2c3bddef8002 req-8d6bab00-4b80-4478-807c-2c3bddef8002 ] Request (ServerMetadataNegativeTestJSON:setUpClass): 201 POST http://10.180.1.21:9696/networking/v2.0/routers 2.492s
2024-12-12 01:29:58.760 66602 WARNING tempest.lib.common.ssh [-] Failed to establish authenticated ssh connection to cirros@10.180.180.180 ([Errno None] Unable to connect to port 22 on 10.180.180.180). Number attempts: 5. Retry after 6 seconds.: paramiko.ssh_exception.NoValidConnectionsError: [Errno None] Unable to connect to port 22 on 10.180.180.180
2024-12-12 01:29:58.762 66610 WARNING tempest.lib.common.ssh [-] Failed to establish authenticated ssh connection to cirros@10.180.180.160 ([Errno None] Unable to connect to port 22 on 10.180.180.160). Number attempts: 2. Retry after 3 seconds.: paramiko.ssh_exception.NoValidConnectionsError: [Errno None] Unable to connect to port 22 on 10.180.180.160
2024-12-12 01:29:58.776 66568 INFO tempest.lib.common.rest_client [req-481444d7-4ddf-4f3c-9bd9-517c98a3334a req-481444d7-4ddf-4f3c-9bd9-517c98a3334a ] Request (MigrationsAdminTest:test_list_migrations_in_flavor_resize_situation): 200 GET http://10.180.1.21/compute/v2.1/servers/03448a20-9731-4076-bf51-852e9fc7f016 1.454s
2024-12-12 01:29:58.794 66576 INFO tempest.lib.common.rest_client [req-e243939e-d03d-4488-86c4-b17475a6c7b6 req-e243939e-d03d-4488-86c4-b17475a6c7b6 ] Request (InstanceActionsV221TestJSON:setUpClass): 201 POST http://10.180.1.21:9696/networking/v2.0/subnets 0.971s
2024-12-12 01:29:58.884 66580 INFO tempest.lib.common.rest_client [req-03d80f72-14f1-48e6-898d-eec54c637686 req-03d80f72-14f1-48e6-898d-eec54c637686 ] Request (ServerDiagnosticsV248Test:tearDownClass): 200 GET http://10.180.1.21:9696/networking/v2.0/security-groups?tenant_id=a192b92bbdc247218ad11a39a6b5476c&name=default 0.534s
2024-12-12 01:29:58.886 66566 INFO tempest.lib.common.rest_client [req-6d6bbba0-a5c6-413d-af19-b7c9b77cf01f req-6d6bbba0-a5c6-413d-af19-b7c9b77cf01f ] Request (ImagesNegativeTestJSON:test_create_image_from_deleted_server): 200 GET http://10.180.1.21/compute/v2.1/servers/82e27b68-979a-4f73-a150-ce2d32360d46 1.470s
2024-12-12 01:29:58.977 66608 INFO tempest.lib.common.rest_client [req-4e0ad3ee-ce39-4c64-a1b4-1c1577f34bde req-4e0ad3ee-ce39-4c64-a1b4-1c1577f34bde ] Request (ServersAdminTestJSON:test_create_server_with_scheduling_hint): 200 GET http://10.180.1.21/compute/v2.1/servers/da9c0fae-22ea-4a8a-b9de-e78fbcff5c7f 1.483s
2024-12-12 01:29:59.073 66578 INFO tempest.lib.common.rest_client [req-a4a0cff9-9509-46fe-a083-a309b45b7447 req-a4a0cff9-9509-46fe-a083-a309b45b7447 ] Request (InstanceActionsTestJSON:test_list_instance_actions): 200 GET http://10.180.1.21/compute/v2.1/servers/b2bf5c0d-e3c0-46e3-ade0-50f0dc7dff46 1.665s
2024-12-12 01:29:59.133 66558 INFO tempest.lib.common.rest_client [req-1946fad0-f624-47fe-ab42-14a66dcfbf76 req-1946fad0-f624-47fe-ab42-14a66dcfbf76 ] Request (FloatingIPsAssociationNegativeTestJSON:setUpClass): 200 GET http://10.180.1.21/compute/v2.1/servers/65ded97d-a41b-4c21-b289-baa0d75c739b 1.534s
2024-12-12 01:29:59.150 66594 INFO tempest.lib.common.rest_client [req-521bde0c-deb2-4716-9af5-4407c57f7a9e req-521bde0c-deb2-4716-9af5-4407c57f7a9e ] Request (AttachVolumeTestJSON:setUpClass): 201 POST http://10.180.1.21:9696/networking/v2.0/networks 0.828s
2024-12-12 01:29:59.183 66582 INFO tempest.lib.common.rest_client [req-8c11fb1a-000a-4ece-81c1-e3dc2436e79b req-8c11fb1a-000a-4ece-81c1-e3dc2436e79b ] Request (AttachInterfacesV270Test:setUpClass): 201 POST http://10.180.1.21:9696/networking/v2.0/subnets 0.793s
2024-12-12 01:29:59.304 66580 INFO tempest.lib.common.rest_client [req-e2ae64cc-bbd4-4b9e-a0a0-78a800f0971b req-e2ae64cc-bbd4-4b9e-a0a0-78a800f0971b ] Request (ServerDiagnosticsV248Test:tearDownClass): 204 DELETE http://10.180.1.21:9696/networking/v2.0/security-groups/617665c4-5f9b-4dce-bf6e-29f2fa8f17cf 0.420s
2024-12-12 01:29:59.418 66580 INFO tempest.lib.common.rest_client [req-05fa4d15-4c0a-44c8-9461-1596e328deb3 req-05fa4d15-4c0a-44c8-9461-1596e328deb3 ] Request (ServerDiagnosticsV248Test:tearDownClass): 204 DELETE http://10.180.1.21/identity/v3/projects/a192b92bbdc247218ad11a39a6b5476c 0.113s
2024-12-12 01:29:59.418 66580 INFO tempest.lib.common.dynamic_creds [-] Deleting project and security group for project: fd1b61d15bc44be59a79056b320ad810
2024-12-12 01:29:59.624 66588 INFO tempest.lib.common.rest_client [req-efb697fd-358d-41fd-829f-5eb1595aeb1f req-efb697fd-358d-41fd-829f-5eb1595aeb1f ] Request (ImagesOneServerTestJSON:test_create_delete_image): 200 GET http://10.180.1.21/compute/v2.1/images/2aa819bd-4701-46cc-ba25-fa222114e82c 1.700s
2024-12-12 01:29:59.658 66616 INFO tempest.lib.common.rest_client [req-aa1d5fe9-2ccc-46f6-b104-4b858066b49e req-aa1d5fe9-2ccc-46f6-b104-4b858066b49e ] Request (ListImageFiltersTestJSON:setUpClass): 202 POST http://10.180.1.21/compute/v2.1/servers/f9196911-d1ae-4b4a-a4be-08ec3690d516/action 1.901s
2024-12-12 01:29:59.665 66560 INFO tempest.lib.common.rest_client [req-d60e501f-5ca2-4021-9c91-aac44dd852ee req-d60e501f-5ca2-4021-9c91-aac44dd852ee ] Request (ExtensionsTest:test_list_extensions): 200 GET http://10.180.1.21/compute/v2.1/extensions 1.511s
2024-12-12 01:29:59.762 66586 INFO tempest.lib.common.rest_client [req-5d68896d-a5ec-423b-9278-68fe6a2df858 req-5d68896d-a5ec-423b-9278-68fe6a2df858 ] Request (ServersAdminNegativeTestJSON:test_migrate_server_invalid_state): 202 POST http://10.180.1.21/compute/v2.1/servers/e70070c2-d6dc-4337-b3b5-3ca1395ae963/action 1.570s
2024-12-12 01:29:59.823 66560 INFO tempest.lib.common.rest_client [req-ec6b7fc8-675d-4543-844e-2fa10ee5423b req-ec6b7fc8-675d-4543-844e-2fa10ee5423b ] Request (ExtensionsTest:tearDownClass): 204 DELETE http://10.180.1.21/identity/v3/users/585769de0fe945db9e876251c5352573 0.150s
2024-12-12 01:29:59.823 66560 INFO tempest.lib.common.dynamic_creds [-] Deleting project and security group for project: e9e9e91603b94064be009df8bd7468df
2024-12-12 01:29:59.897 66560 INFO tempest.lib.common.rest_client [req-f9dfd342-2dcc-44b0-a9ca-8522822e05cf req-f9dfd342-2dcc-44b0-a9ca-8522822e05cf ] Request (ExtensionsTest:tearDownClass): 201 POST http://10.180.1.21/identity/v3/auth/tokens 0.073s
2024-12-12 01:30:00.060 66604 INFO tempest.lib.common.rest_client [req-4d5b1fc3-ba41-488d-8be7-8ca1bf130dbd req-4d5b1fc3-ba41-488d-8be7-8ca1bf130dbd ] Request (DeleteServersAdminTestJSON:test_delete_server_while_in_error_state): 200 GET http://10.180.1.21/compute/v2.1/servers/c26e95a2-1552-4c73-affe-a62df76b5efc 1.508s
2024-12-12 01:30:00.069 66612 INFO tempest.lib.common.rest_client [req-5bbef552-9320-4047-a1c4-d89b1620cd9f req-5bbef552-9320-4047-a1c4-d89b1620cd9f ] Request (SecurityGroupRulesNegativeTestJSON:tearDownClass): 202 DELETE http://10.180.1.21/compute/v2.1/os-security-groups/c3b96d3d-ae28-4ee9-96b5-7ec9c7c7c4a5 1.869s
2024-12-12 01:30:00.089 66562 INFO tempest.lib.common.rest_client [req-b0b89eb0-47d8-4ce8-88dd-c72c48bd087a req-b0b89eb0-47d8-4ce8-88dd-c72c48bd087a ] Request (FlavorsAdminTestJSON:test_list_non_public_flavor): 200 GET http://10.180.1.21/compute/v2.1/flavors/detail 1.504s
2024-12-12 01:30:00.326 66580 INFO tempest.lib.common.rest_client [req-dfccdeb3-4f45-4f53-a428-6e9a9072e0db req-dfccdeb3-4f45-4f53-a428-6e9a9072e0db ] Request (ServerDiagnosticsV248Test:tearDownClass): 200 GET http://10.180.1.21:9696/networking/v2.0/security-groups?tenant_id=fd1b61d15bc44be59a79056b320ad810&name=default 0.907s
2024-12-12 01:30:00.448 66614 INFO tempest.lib.common.rest_client [req-906b052a-ec79-483c-82f1-250f755fdace req-906b052a-ec79-483c-82f1-250f755fdace ] Request (ServersTestJSON:setUpClass): 200 GET http://10.180.1.21/compute/v2.1/servers/43727bec-0fad-43ee-b4e7-a1e48a7169b2 1.692s
2024-12-12 01:30:00.542 66594 INFO tempest.lib.common.rest_client [req-b94ecb6f-9002-41bf-9ec6-136ef904305d req-b94ecb6f-9002-41bf-9ec6-136ef904305d ] Request (AttachVolumeTestJSON:setUpClass): 201 POST http://10.180.1.21:9696/networking/v2.0/subnets 1.391s
2024-12-12 01:30:00.568 66600 INFO tempest.lib.common.rest_client [req-8a7a8aee-4375-4c84-8ff4-50a22eb5d489 req-8a7a8aee-4375-4c84-8ff4-50a22eb5d489 ] Request (ServerActionsV293TestJSON:setUpClass): 200 GET http://10.180.1.21/compute/v2.1/servers/b791bdf7-feaa-4752-a8a6-45d1562e4874 1.696s
2024-12-12 01:30:00.577 66600 INFO tempest.common.waiters [-] State transition "BUILD/None" ==> "BUILD/block_device_mapping" after 16 second wait
2024-12-12 01:30:00.634 66560 INFO tempest.lib.common.rest_client [req-1a6ebf60-4999-43e2-8b07-611081ecdbeb req-1a6ebf60-4999-43e2-8b07-611081ecdbeb ] Request (ExtensionsTest:tearDownClass): 200 GET http://10.180.1.21:9696/networking/v2.0/security-groups?tenant_id=e9e9e91603b94064be009df8bd7468df&name=default 0.736s
2024-12-12 01:30:00.768 66580 INFO tempest.lib.common.rest_client [req-91d6885b-67b1-4681-8d80-a415db8f9e44 req-91d6885b-67b1-4681-8d80-a415db8f9e44 ] Request (ServerDiagnosticsV248Test:tearDownClass): 204 DELETE http://10.180.1.21:9696/networking/v2.0/security-groups/69d2ebf7-72a0-4332-a26e-912400c753ca 0.441s
2024-12-12 01:30:00.847 66580 INFO tempest.lib.common.rest_client [req-44024ca7-add9-47ef-83c2-79ea7468d7e0 req-44024ca7-add9-47ef-83c2-79ea7468d7e0 ] Request (ServerDiagnosticsV248Test:tearDownClass): 204 DELETE http://10.180.1.21/identity/v3/projects/fd1b61d15bc44be59a79056b320ad810 0.079s
2024-12-12 01:30:00.929 66580 INFO tempest.lib.common.rest_client [req-312b2787-fdd4-4a31-8799-450adbb0bf52 req-312b2787-fdd4-4a31-8799-450adbb0bf52 ] Request (ServicesAdminTestJSON:setUpClass): 201 POST http://10.180.1.21/identity/v3/auth/tokens 0.080s
2024-12-12 01:30:00.936 66572 WARNING tempest.lib.common.ssh [-] Failed to establish authenticated ssh connection to cirros@10.180.180.145 ([Errno None] Unable to connect to port 22 on 10.180.180.145). Number attempts: 6. Retry after 7 seconds.: paramiko.ssh_exception.NoValidConnectionsError: [Errno None] Unable to connect to port 22 on 10.180.180.145
2024-12-12 01:30:00.978 66580 INFO tempest.lib.common.rest_client [req-888f64c2-fe21-4186-bc1b-90ac02cdabec req-888f64c2-fe21-4186-bc1b-90ac02cdabec ] Request (ServicesAdminTestJSON:setUpClass): 201 POST http://10.180.1.21/identity/v3/auth/tokens 0.045s
2024-12-12 01:30:01.009 66580 INFO tempest.lib.common.rest_client [req-11b94168-fa75-4d58-8c75-f34de7dd9477 req-11b94168-fa75-4d58-8c75-f34de7dd9477 ] Request (ServicesAdminTestJSON:setUpClass): 200 GET http://10.180.1.21/identity/v3/domains?name=Default 0.030s
2024-12-12 01:30:01.014 66620 INFO tempest.lib.common.rest_client [req-906b9bff-baaa-4e01-b734-e846bd00ccb1 req-906b9bff-baaa-4e01-b734-e846bd00ccb1 ] Request (ImagesTestJSON:test_create_image_from_stopped_server): 200 GET http://10.180.1.21/compute/v2.1/servers/f23e6ad1-e92d-4d2d-b09e-cec7d33c551d 2.048s
2024-12-12 01:30:01.044 66580 INFO tempest.lib.common.rest_client [req-9744aff7-3763-4edc-bdfc-0afe1762d2a7 req-9744aff7-3763-4edc-bdfc-0afe1762d2a7 ] Request (ServicesAdminTestJSON:setUpClass): 201 POST http://10.180.1.21/identity/v3/projects 0.035s
2024-12-12 01:30:01.104 66560 INFO tempest.lib.common.rest_client [req-36e7334d-53dc-4db6-bc33-6189ae68bc4a req-36e7334d-53dc-4db6-bc33-6189ae68bc4a ] Request (ExtensionsTest:tearDownClass): 204 DELETE http://10.180.1.21:9696/networking/v2.0/security-groups/50c4635b-3b3b-4d67-8fa3-681e85843e5a 0.469s
2024-12-12 01:30:01.112 66606 INFO tempest.lib.common.rest_client [req-dec76314-1e29-40ec-b080-e4d7738bb1ef req-dec76314-1e29-40ec-b080-e4d7738bb1ef ] Request (ServerDiagnosticsNegativeTest:tearDownClass): 200 GET http://10.180.1.21/compute/v2.1/servers/ee90abad-2628-4c6e-880a-23fb6e8088f1 1.786s
2024-12-12 01:30:01.125 66580 INFO tempest.lib.common.rest_client [req-91757b5b-205f-48ba-9876-26e3c62d387b req-91757b5b-205f-48ba-9876-26e3c62d387b ] Request (ServicesAdminTestJSON:setUpClass): 201 POST http://10.180.1.21/identity/v3/users 0.080s
2024-12-12 01:30:01.144 66580 INFO tempest.lib.common.rest_client [req-16fa8a26-0c79-4209-9d13-4d7c32df2925 req-16fa8a26-0c79-4209-9d13-4d7c32df2925 ] Request (ServicesAdminTestJSON:setUpClass): 200 GET http://10.180.1.21/identity/v3/roles 0.019s
2024-12-12 01:30:01.178 66580 INFO tempest.lib.common.rest_client [req-84ce4c19-cd2a-4c56-bc34-463117da62ac req-84ce4c19-cd2a-4c56-bc34-463117da62ac ] Request (ServicesAdminTestJSON:setUpClass): 204 PUT http://10.180.1.21/identity/v3/projects/42a599eb16744b3b9447b03e69d8f0ba/users/e804f7ffce314b7e8a4fd3a5918ac6f8/roles/9089c2f20ebf4d029641424c20f24331 0.032s
2024-12-12 01:30:01.178 66580 INFO tempest.lib.common.dynamic_creds [-] Dynamic test user e804f7ffce314b7e8a4fd3a5918ac6f8 is created with scope project and roles: ['member']
2024-12-12 01:30:01.178 66580 INFO tempest.lib.common.dynamic_creds [-] Acquired dynamic creds: credentials: Credentials: {'domain_id': 'default', 'domain_name': 'Default', 'username': 'tempest-ServicesAdminTestJSON-243622232-project-member', 'project_domain_id': 'default', 'project_domain_name': 'Default', 'project_id': '42a599eb16744b3b9447b03e69d8f0ba', 'project_name': 'tempest-ServicesAdminTestJSON-243622232', 'tenant_id': '42a599eb16744b3b9447b03e69d8f0ba', 'tenant_name': 'tempest-ServicesAdminTestJSON-243622232', 'user_domain_id': 'default', 'user_domain_name': 'Default', 'user_id': 'e804f7ffce314b7e8a4fd3a5918ac6f8', 'system': None}, Network: None, Subnet: None, Router: None
2024-12-12 01:30:01.178 66580 INFO tempest.lib.common.dynamic_creds [-] Created isolated network resources for: credentials: Credentials: {'domain_id': 'default', 'domain_name': 'Default', 'username': 'tempest-ServicesAdminTestJSON-243622232-project-member', 'project_domain_id': 'default', 'project_domain_name': 'Default', 'project_id': '42a599eb16744b3b9447b03e69d8f0ba', 'project_name': 'tempest-ServicesAdminTestJSON-243622232', 'tenant_id': '42a599eb16744b3b9447b03e69d8f0ba', 'tenant_name': 'tempest-ServicesAdminTestJSON-243622232', 'user_domain_id': 'default', 'user_domain_name': 'Default', 'user_id': 'e804f7ffce314b7e8a4fd3a5918ac6f8', 'system': None}, Network: None, Subnet: None, Router: None
2024-12-12 01:30:01.184 66584 INFO tempest.lib.common.rest_client [req-8d1e3fa0-07db-4885-b5d3-064c14ecf556 req-8d1e3fa0-07db-4885-b5d3-064c14ecf556 ] Request (ServersAdmin275Test:test_rebuild_update_server_275): 200 GET http://10.180.1.21/compute/v2.1/servers/8234c07d-eb31-429f-b804-a3250ea396a0 1.758s
2024-12-12 01:30:01.202 66560 INFO tempest.lib.common.rest_client [req-58d513f0-6470-4445-8fd3-83f6d356253b req-58d513f0-6470-4445-8fd3-83f6d356253b ] Request (ExtensionsTest:tearDownClass): 204 DELETE http://10.180.1.21/identity/v3/projects/e9e9e91603b94064be009df8bd7468df 0.097s
2024-12-12 01:30:01.239 66590 INFO tempest.lib.common.rest_client [req-92020989-bed5-4d13-8553-90b13c3419ee req-92020989-bed5-4d13-8553-90b13c3419ee ] Request (ServersTestManualDisk:setUpClass): 202 POST http://10.180.1.21/compute/v2.1/servers 2.624s
2024-12-12 01:30:01.283 66560 INFO tempest.lib.common.rest_client [req-14905e1e-f765-446b-8668-94211ce3b332 req-14905e1e-f765-446b-8668-94211ce3b332 ] Request (VolumesNegativeTest:setUpClass): 201 POST http://10.180.1.21/identity/v3/auth/tokens 0.080s
2024-12-12 01:30:01.287 66596 INFO tempest.lib.common.rest_client [req-5d199876-d33a-4a74-8e66-d2775a2896da req-5d199876-d33a-4a74-8e66-d2775a2896da ] Request (InstanceActionsNegativeTestJSON:setUpClass): 200 PUT http://10.180.1.21:9696/networking/v2.0/routers/6231ce00-01ff-437e-9629-07cdcb4ebae6/add_router_interface 3.410s
2024-12-12 01:30:01.288 66596 INFO tempest.lib.common.dynamic_creds [-] Created isolated network resources for: credentials: Credentials: {'domain_id': 'default', 'domain_name': 'Default', 'username': 'tempest-InstanceActionsNegativeTestJSON-2070062656-project-member', 'project_domain_id': 'default', 'project_domain_name': 'Default', 'project_id': '9cc7983a38d44cf7ab3c25806945f39e', 'project_name': 'tempest-InstanceActionsNegativeTestJSON-2070062656', 'tenant_id': '9cc7983a38d44cf7ab3c25806945f39e', 'tenant_name': 'tempest-InstanceActionsNegativeTestJSON-2070062656', 'user_domain_id': 'default', 'user_domain_name': 'Default', 'user_id': '5f65e9afceaa43299d2f41e30c66280e', 'system': None}, Network: {'id': '5bf26cea-e60e-46f9-9fe8-b05912144806', 'name': 'tempest-InstanceActionsNegativeTestJSON-1921451431-network', 'tenant_id': '9cc7983a38d44cf7ab3c25806945f39e', 'admin_state_up': True, 'mtu': 8950, 'status': 'ACTIVE', 'subnets': [], 'shared': False, 'project_id': '9cc7983a38d44cf7ab3c25806945f39e', 'port_security_enabled': True, 'router:external': False, 'provider:network_type': 'vlan', 'provider:physical_network': 'default', 'provider:segmentation_id': 726, 'availability_zone_hints': [], 'availability_zones': [], 'ipv4_address_scope': None, 'ipv6_address_scope': None, 'description': '', 'tags': [], 'created_at': '2024-12-12T01:29:54Z', 'updated_at': '2024-12-12T01:29:54Z', 'revision_number': 1}, Subnet: {'id': 'cabfdd90-570d-4ed7-a3d4-40a376d40dae', 'name': 'tempest-InstanceActionsNegativeTestJSON-1921451431-subnet', 'tenant_id': '9cc7983a38d44cf7ab3c25806945f39e', 'network_id': '5bf26cea-e60e-46f9-9fe8-b05912144806', 'ip_version': 4, 'subnetpool_id': None, 'enable_dhcp': True, 'ipv6_ra_mode': None, 'ipv6_address_mode': None, 'gateway_ip': '192.168.128.1', 'cidr': '192.168.128.0/28', 'allocation_pools': [{'start': '192.168.128.2', 'end': '192.168.128.14'}], 'host_routes': [], 'dns_nameservers': [], 'description': '', 'router:external': False, 'service_types': [], 'tags': [], 'created_at': '2024-12-12T01:29:54Z', 'updated_at': '2024-12-12T01:29:54Z', 'revision_number': 0, 'project_id': '9cc7983a38d44cf7ab3c25806945f39e'}, Router: {'id': '6231ce00-01ff-437e-9629-07cdcb4ebae6', 'name': 'tempest-InstanceActionsNegativeTestJSON-1921451431-router', 'tenant_id': '9cc7983a38d44cf7ab3c25806945f39e', 'admin_state_up': True, 'status': 'ACTIVE', 'external_gateway_info': {'network_id': 'f03ef469-5934-4a2e-9bd5-5f1dfb0912c7', 'external_fixed_ips': [{'subnet_id': '1f276d01-f4d2-4cce-b604-5c2f3f9a8ea4', 'ip_address': '10.180.180.195'}], 'enable_snat': True}, 'description': '', 'availability_zones': [], 'distributed': False, 'ha': False, 'availability_zone_hints': [], 'routes': [], 'flavor_id': None, 'tags': [], 'created_at': '2024-12-12T01:29:55Z', 'updated_at': '2024-12-12T01:29:56Z', 'revision_number': 2, 'project_id': '9cc7983a38d44cf7ab3c25806945f39e'}
2024-12-12 01:30:01.316 66580 INFO tempest.lib.common.rest_client [req-b90c2b95-44af-4a69-a55c-fbe294f0e5c1 req-b90c2b95-44af-4a69-a55c-fbe294f0e5c1 ] Request (ServicesAdminTestJSON:setUpClass): 201 POST http://10.180.1.21/identity/v3/auth/tokens 0.133s
2024-12-12 01:30:01.317 66560 INFO tempest.lib.common.rest_client [req-c05d1a7c-9957-48c6-9787-8aa18a98523a req-c05d1a7c-9957-48c6-9787-8aa18a98523a ] Request (VolumesNegativeTest:setUpClass): 201 POST http://10.180.1.21/identity/v3/auth/tokens 0.031s
2024-12-12 01:30:01.332 66618 INFO tempest.lib.common.rest_client [req-48492acf-969c-4651-b419-07ce6ce9768a req-48492acf-969c-4651-b419-07ce6ce9768a ] Request (ServerExternalEventsTest:test_create_server_external_events): 200 GET http://10.180.1.21/compute/v2.1/servers/9eb5afb2-9f91-428d-9590-0037b30b33b3 1.842s
2024-12-12 01:30:01.343 66618 INFO tempest.common.waiters [-] State transition "BUILD/scheduling" ==> "BUILD/None" after 3 second wait
2024-12-12 01:30:01.392 66616 INFO tempest.lib.common.rest_client [req-dc65155b-e2ef-466e-b468-67b6298a1fc6 req-dc65155b-e2ef-466e-b468-67b6298a1fc6 ] Request (ListImageFiltersTestJSON:setUpClass): 200 GET http://10.180.1.21/compute/v2.1/images/d648477e-4763-4ff4-b8f6-57b26506f508 1.732s
2024-12-12 01:30:01.394 66580 INFO tempest.lib.common.rest_client [req-aab0c01c-eb69-48a9-aaf0-bfbb7947da78 req-aab0c01c-eb69-48a9-aaf0-bfbb7947da78 ] Request (ServicesAdminTestJSON:setUpClass): 201 POST http://10.180.1.21/identity/v3/projects 0.076s
2024-12-12 01:30:01.457 66596 INFO tempest.lib.common.rest_client [req-2748783e-41ee-4261-b015-56c2acaaf5f8 req-2748783e-41ee-4261-b015-56c2acaaf5f8 ] Request (InstanceActionsNegativeTestJSON:setUpClass): 201 POST http://10.180.1.21/identity/v3/auth/tokens 0.165s
2024-12-12 01:30:01.480 66564 INFO tempest.lib.common.rest_client [req-5811ec4d-8386-4e01-84db-4bf6fd9491e4 req-5811ec4d-8386-4e01-84db-4bf6fd9491e4 ] Request (ServerDiskConfigTestJSON:test_rebuild_server_with_auto_disk_config): 200 GET http://10.180.1.21/compute/v2.1/servers/ea6a6bb8-3a77-4ff9-9d96-58685fe3ed53 2.023s
2024-12-12 01:30:01.489 66564 INFO tempest.common.waiters [-] State transition "BUILD/spawning" ==> "ACTIVE/None" after 23 second wait
2024-12-12 01:30:01.512 66560 INFO tempest.lib.common.rest_client [req-18d1ceac-8ccf-43ba-a47e-cb839348d5e2 req-18d1ceac-8ccf-43ba-a47e-cb839348d5e2 ] Request (VolumesNegativeTest:setUpClass): 200 GET http://10.180.1.21/identity/v3/domains?name=Default 0.194s
2024-12-12 01:30:01.551 66580 INFO tempest.lib.common.rest_client [req-b7c8f734-b5e3-410e-ae86-7b250e8b4cea req-b7c8f734-b5e3-410e-ae86-7b250e8b4cea ] Request (ServicesAdminTestJSON:setUpClass): 201 POST http://10.180.1.21/identity/v3/users 0.156s
2024-12-12 01:30:01.582 66596 INFO tempest.lib.common.rest_client [req-5ee91251-9ce6-4df6-aabe-60da96d7b4f8 req-5ee91251-9ce6-4df6-aabe-60da96d7b4f8 ] Request (InstanceActionsNegativeTestJSON:setUpClass): 201 POST http://10.180.1.21/identity/v3/auth/tokens 0.119s
2024-12-12 01:30:01.582 66596 INFO tempest.lib.common.fixed_network [-] (InstanceActionsNegativeTestJSON:setUpClass) Found network {'id': '5bf26cea-e60e-46f9-9fe8-b05912144806', 'name': 'tempest-InstanceActionsNegativeTestJSON-1921451431-network', 'tenant_id': '9cc7983a38d44cf7ab3c25806945f39e', 'admin_state_up': True, 'mtu': 8950, 'status': 'ACTIVE', 'subnets': [], 'shared': False, 'project_id': '9cc7983a38d44cf7ab3c25806945f39e', 'port_security_enabled': True, 'router:external': False, 'provider:network_type': 'vlan', 'provider:physical_network': 'default', 'provider:segmentation_id': 726, 'availability_zone_hints': [], 'availability_zones': [], 'ipv4_address_scope': None, 'ipv6_address_scope': None, 'description': '', 'tags': [], 'created_at': '2024-12-12T01:29:54Z', 'updated_at': '2024-12-12T01:29:54Z', 'revision_number': 1} available for tenant
2024-12-12 01:30:01.586 66560 INFO tempest.lib.common.rest_client [req-83b5dbb6-fd54-4ccf-b948-f8b8eda8466c req-83b5dbb6-fd54-4ccf-b948-f8b8eda8466c ] Request (VolumesNegativeTest:setUpClass): 201 POST http://10.180.1.21/identity/v3/projects 0.073s
2024-12-12 01:30:01.633 66580 INFO tempest.lib.common.rest_client [req-a6c4f308-8649-4a37-9d06-490afbd47d96 req-a6c4f308-8649-4a37-9d06-490afbd47d96 ] Request (ServicesAdminTestJSON:setUpClass): 200 GET http://10.180.1.21/identity/v3/roles 0.082s
2024-12-12 01:30:01.655 66560 INFO tempest.lib.common.rest_client [req-a99bc747-ce61-4766-a042-b05e9df79715 req-a99bc747-ce61-4766-a042-b05e9df79715 ] Request (VolumesNegativeTest:setUpClass): 201 POST http://10.180.1.21/identity/v3/users 0.068s
2024-12-12 01:30:01.670 66580 INFO tempest.lib.common.rest_client [req-0087514f-8088-45f3-a254-0ff5b7490af6 req-0087514f-8088-45f3-a254-0ff5b7490af6 ] Request (ServicesAdminTestJSON:setUpClass): 204 PUT http://10.180.1.21/identity/v3/projects/dcab9093fadc4938899e4e57ae656016/users/321ac5194a234b92950dd649b2b2badb/roles/0c8fa181163e4a84baa53ea5278f92f3 0.036s
2024-12-12 01:30:01.670 66560 INFO tempest.lib.common.rest_client [req-9d3e2119-64e0-40d0-b176-bb9f74c0aa27 req-9d3e2119-64e0-40d0-b176-bb9f74c0aa27 ] Request (VolumesNegativeTest:setUpClass): 200 GET http://10.180.1.21/identity/v3/roles 0.015s
2024-12-12 01:30:01.721 66580 INFO tempest.lib.common.rest_client [req-82f99714-7fd5-405d-a02d-41bb65094f36 req-82f99714-7fd5-405d-a02d-41bb65094f36 ] Request (ServicesAdminTestJSON:setUpClass): 200 GET http://10.180.1.21/identity/v3/roles 0.051s
2024-12-12 01:30:01.737 66560 INFO tempest.lib.common.rest_client [req-432b0fae-133f-4cc7-848c-5fda7908f9a6 req-432b0fae-133f-4cc7-848c-5fda7908f9a6 ] Request (VolumesNegativeTest:setUpClass): 204 PUT http://10.180.1.21/identity/v3/projects/88893ca2aec3484fb869a6b553851080/users/bdce7f8dc3324ddf8fb4b780be0e926d/roles/9089c2f20ebf4d029641424c20f24331 0.065s
2024-12-12 01:30:01.737 66560 INFO tempest.lib.common.dynamic_creds [-] Dynamic test user bdce7f8dc3324ddf8fb4b780be0e926d is created with scope project and roles: ['member']
2024-12-12 01:30:01.737 66560 INFO tempest.lib.common.dynamic_creds [-] Acquired dynamic creds: credentials: Credentials: {'domain_id': 'default', 'domain_name': 'Default', 'username': 'tempest-VolumesNegativeTest-1291709332-project-member', 'project_domain_id': 'default', 'project_domain_name': 'Default', 'project_id': '88893ca2aec3484fb869a6b553851080', 'project_name': 'tempest-VolumesNegativeTest-1291709332', 'tenant_id': '88893ca2aec3484fb869a6b553851080', 'tenant_name': 'tempest-VolumesNegativeTest-1291709332', 'user_domain_id': 'default', 'user_domain_name': 'Default', 'user_id': 'bdce7f8dc3324ddf8fb4b780be0e926d', 'system': None}, Network: None, Subnet: None, Router: None
2024-12-12 01:30:01.737 66560 INFO tempest.lib.common.dynamic_creds [-] Created isolated network resources for: credentials: Credentials: {'domain_id': 'default', 'domain_name': 'Default', 'username': 'tempest-VolumesNegativeTest-1291709332-project-member', 'project_domain_id': 'default', 'project_domain_name': 'Default', 'project_id': '88893ca2aec3484fb869a6b553851080', 'project_name': 'tempest-VolumesNegativeTest-1291709332', 'tenant_id': '88893ca2aec3484fb869a6b553851080', 'tenant_name': 'tempest-VolumesNegativeTest-1291709332', 'user_domain_id': 'default', 'user_domain_name': 'Default', 'user_id': 'bdce7f8dc3324ddf8fb4b780be0e926d', 'system': None}, Network: None, Subnet: None, Router: None
2024-12-12 01:30:01.738 66580 INFO tempest.lib.common.rest_client [req-0ecbddfd-d255-43bb-9298-76219dad04c3 req-0ecbddfd-d255-43bb-9298-76219dad04c3 ] Request (ServicesAdminTestJSON:setUpClass): 204 PUT http://10.180.1.21/identity/v3/projects/dcab9093fadc4938899e4e57ae656016/users/321ac5194a234b92950dd649b2b2badb/roles/0c8fa181163e4a84baa53ea5278f92f3 0.016s
2024-12-12 01:30:01.739 66580 INFO tempest.lib.common.dynamic_creds [-] Dynamic test user 321ac5194a234b92950dd649b2b2badb is created with scope project and roles: ['admin']
2024-12-12 01:30:01.739 66580 INFO tempest.lib.common.dynamic_creds [-] Acquired dynamic creds: credentials: Credentials: {'domain_id': 'default', 'domain_name': 'Default', 'username': 'tempest-ServicesAdminTestJSON-1254319851-project-admin', 'project_domain_id': 'default', 'project_domain_name': 'Default', 'project_id': 'dcab9093fadc4938899e4e57ae656016', 'project_name': 'tempest-ServicesAdminTestJSON-1254319851', 'tenant_id': 'dcab9093fadc4938899e4e57ae656016', 'tenant_name': 'tempest-ServicesAdminTestJSON-1254319851', 'user_domain_id': 'default', 'user_domain_name': 'Default', 'user_id': '321ac5194a234b92950dd649b2b2badb', 'system': None}, Network: None, Subnet: None, Router: None
2024-12-12 01:30:01.739 66580 INFO tempest.lib.common.dynamic_creds [-] Created isolated network resources for: credentials: Credentials: {'domain_id': 'default', 'domain_name': 'Default', 'username': 'tempest-ServicesAdminTestJSON-1254319851-project-admin', 'project_domain_id': 'default', 'project_domain_name': 'Default', 'project_id': 'dcab9093fadc4938899e4e57ae656016', 'project_name': 'tempest-ServicesAdminTestJSON-1254319851', 'tenant_id': 'dcab9093fadc4938899e4e57ae656016', 'tenant_name': 'tempest-ServicesAdminTestJSON-1254319851', 'user_domain_id': 'default', 'user_domain_name': 'Default', 'user_id': '321ac5194a234b92950dd649b2b2badb', 'system': None}, Network: None, Subnet: None, Router: None
2024-12-12 01:30:01.780 66568 INFO tempest.lib.common.rest_client [req-ee5b3686-b479-49c7-9c05-df06d85b5136 req-ee5b3686-b479-49c7-9c05-df06d85b5136 ] Request (MigrationsAdminTest:test_list_migrations_in_flavor_resize_situation): 200 GET http://10.180.1.21/compute/v2.1/servers/03448a20-9731-4076-bf51-852e9fc7f016 1.988s
2024-12-12 01:30:01.828 66593 INFO tempest.lib.common.rest_client [req-1b525123-ad9d-4bf8-be20-d323e91e0339 req-1b525123-ad9d-4bf8-be20-d323e91e0339 ] Request (ServersTestMultiNic:setUpClass): 201 POST http://10.180.1.21:9696/networking/v2.0/routers 3.874s
2024-12-12 01:30:01.843 66586 INFO tempest.lib.common.rest_client [req-f8ea6cbc-0b87-4f4e-9e5e-1dbfe04431ee req-f8ea6cbc-0b87-4f4e-9e5e-1dbfe04431ee ] Request (ServersAdminNegativeTestJSON:test_migrate_server_invalid_state): 200 GET http://10.180.1.21/compute/v2.1/servers/e70070c2-d6dc-4337-b3b5-3ca1395ae963 2.079s
2024-12-12 01:30:01.847 66580 INFO tempest.lib.common.rest_client [req-6acadb68-f80a-4f6d-86c1-f098cb732841 req-6acadb68-f80a-4f6d-86c1-f098cb732841 ] Request (ServicesAdminTestJSON:setUpClass): 201 POST http://10.180.1.21/identity/v3/auth/tokens 0.104s
2024-12-12 01:30:01.852 66560 INFO tempest.lib.common.rest_client [req-738f26ec-9b23-42bb-a19a-f0464477a04e req-738f26ec-9b23-42bb-a19a-f0464477a04e ] Request (VolumesNegativeTest:setUpClass): 201 POST http://10.180.1.21/identity/v3/auth/tokens 0.110s
2024-12-12 01:30:01.896 66570 WARNING tempest.lib.common.ssh [-] Failed to establish authenticated ssh connection to cirros@10.180.180.240 ([Errno None] Unable to connect to port 22 on 10.180.180.240). Number attempts: 5. Retry after 6 seconds.: paramiko.ssh_exception.NoValidConnectionsError: [Errno None] Unable to connect to port 22 on 10.180.180.240
2024-12-12 01:30:01.914 66566 INFO tempest.lib.common.rest_client [req-69ebd982-5450-4eb5-9936-58356fe03194 req-69ebd982-5450-4eb5-9936-58356fe03194 ] Request (ImagesNegativeTestJSON:test_create_image_from_deleted_server): 200 GET http://10.180.1.21/compute/v2.1/servers/82e27b68-979a-4f73-a150-ce2d32360d46 2.020s
2024-12-12 01:30:01.942 66608 INFO tempest.lib.common.rest_client [req-225c02ea-7d3a-43a6-9864-c5ddf3769ad2 req-225c02ea-7d3a-43a6-9864-c5ddf3769ad2 ] Request (ServersAdminTestJSON:test_create_server_with_scheduling_hint): 200 GET http://10.180.1.21/compute/v2.1/servers/da9c0fae-22ea-4a8a-b9de-e78fbcff5c7f 1.953s
2024-12-12 01:30:02.095 66574 INFO tempest.lib.common.rest_client [req-58067096-7b74-4fb0-8b0a-412083519d64 req-58067096-7b74-4fb0-8b0a-412083519d64 ] Request (ServerMetadataNegativeTestJSON:setUpClass): 200 PUT http://10.180.1.21:9696/networking/v2.0/routers/8d5cc4ba-42c5-48bd-8fa1-c0174fc6a140/add_router_interface 3.462s
2024-12-12 01:30:02.095 66574 INFO tempest.lib.common.dynamic_creds [-] Created isolated network resources for: credentials: Credentials: {'domain_id': 'default', 'domain_name': 'Default', 'username': 'tempest-ServerMetadataNegativeTestJSON-1104102247-project-member', 'project_domain_id': 'default', 'project_domain_name': 'Default', 'project_id': '52e2af640436496f9e1c9c0475b3d4dc', 'project_name': 'tempest-ServerMetadataNegativeTestJSON-1104102247', 'tenant_id': '52e2af640436496f9e1c9c0475b3d4dc', 'tenant_name': 'tempest-ServerMetadataNegativeTestJSON-1104102247', 'user_domain_id': 'default', 'user_domain_name': 'Default', 'user_id': '7a06f8b76fa64f26a086f3f8884d660b', 'system': None}, Network: {'id': 'e38db3a0-1e53-4002-8255-70fe5f55fd19', 'name': 'tempest-ServerMetadataNegativeTestJSON-671600468-network', 'tenant_id': '52e2af640436496f9e1c9c0475b3d4dc', 'admin_state_up': True, 'mtu': 8950, 'status': 'ACTIVE', 'subnets': [], 'shared': False, 'project_id': '52e2af640436496f9e1c9c0475b3d4dc', 'port_security_enabled': True, 'router:external': False, 'provider:network_type': 'vlan', 'provider:physical_network': 'default', 'provider:segmentation_id': 462, 'availability_zone_hints': [], 'availability_zones': [], 'ipv4_address_scope': None, 'ipv6_address_scope': None, 'description': '', 'tags': [], 'created_at': '2024-12-12T01:29:55Z', 'updated_at': '2024-12-12T01:29:55Z', 'revision_number': 1}, Subnet: {'id': '4facdbfa-5941-40f7-82c8-756bd7d2d792', 'name': 'tempest-ServerMetadataNegativeTestJSON-671600468-subnet', 'tenant_id': '52e2af640436496f9e1c9c0475b3d4dc', 'network_id': 'e38db3a0-1e53-4002-8255-70fe5f55fd19', 'ip_version': 4, 'subnetpool_id': None, 'enable_dhcp': True, 'ipv6_ra_mode': None, 'ipv6_address_mode': None, 'gateway_ip': '192.168.128.1', 'cidr': '192.168.128.0/28', 'allocation_pools': [{'start': '192.168.128.2', 'end': '192.168.128.14'}], 'host_routes': [], 'dns_nameservers': [], 'description': '', 'router:external': False, 'service_types': [], 'tags': [], 'created_at': '2024-12-12T01:29:55Z', 'updated_at': '2024-12-12T01:29:55Z', 'revision_number': 0, 'project_id': '52e2af640436496f9e1c9c0475b3d4dc'}, Router: {'id': '8d5cc4ba-42c5-48bd-8fa1-c0174fc6a140', 'name': 'tempest-ServerMetadataNegativeTestJSON-671600468-router', 'tenant_id': '52e2af640436496f9e1c9c0475b3d4dc', 'admin_state_up': True, 'status': 'ACTIVE', 'external_gateway_info': {'network_id': 'f03ef469-5934-4a2e-9bd5-5f1dfb0912c7', 'external_fixed_ips': [{'subnet_id': '1f276d01-f4d2-4cce-b604-5c2f3f9a8ea4', 'ip_address': '10.180.180.181'}], 'enable_snat': True}, 'description': '', 'availability_zones': [], 'distributed': False, 'ha': False, 'availability_zone_hints': [], 'routes': [], 'flavor_id': None, 'tags': [], 'created_at': '2024-12-12T01:29:56Z', 'updated_at': '2024-12-12T01:29:56Z', 'revision_number': 2, 'project_id': '52e2af640436496f9e1c9c0475b3d4dc'}
2024-12-12 01:30:02.189 66578 INFO tempest.lib.common.rest_client [req-496e9e85-8745-4255-95e7-fb149c8091f7 req-496e9e85-8745-4255-95e7-fb149c8091f7 ] Request (InstanceActionsTestJSON:test_list_instance_actions): 200 GET http://10.180.1.21/compute/v2.1/servers/b2bf5c0d-e3c0-46e3-ade0-50f0dc7dff46 2.108s
2024-12-12 01:30:02.195 66578 INFO tempest.common.waiters [-] State transition "HARD_REBOOT/rebooting_hard" ==> "HARD_REBOOT/reboot_started_hard" after 3 second wait
2024-12-12 01:30:02.212 66612 INFO tempest.lib.common.rest_client [req-3be4caac-2dc2-4d9a-bdde-efda154915c2 req-3be4caac-2dc2-4d9a-bdde-efda154915c2 ] Request (SecurityGroupRulesNegativeTestJSON:tearDownClass): 202 DELETE http://10.180.1.21/compute/v2.1/os-security-groups/5eaf0977-3d3a-43c3-8134-aafe75263555 2.142s
2024-12-12 01:30:02.213 66574 INFO tempest.lib.common.rest_client [req-b5415fae-2f66-40f2-b099-7f71c841f884 req-b5415fae-2f66-40f2-b099-7f71c841f884 ] Request (ServerMetadataNegativeTestJSON:setUpClass): 201 POST http://10.180.1.21/identity/v3/auth/tokens 0.113s
2024-12-12 01:30:02.220 66562 INFO tempest.lib.common.rest_client [req-bfa972ed-b78c-49e2-b343-43ea8e3b0f3e req-bfa972ed-b78c-49e2-b343-43ea8e3b0f3e ] Request (FlavorsAdminTestJSON:_run_cleanups): 202 DELETE http://10.180.1.21/compute/v2.1/flavors/2106801032 2.127s
2024-12-12 01:30:02.264 66574 INFO tempest.lib.common.rest_client [req-78ec499d-36a4-473f-b5ea-f6f3b13be0e3 req-78ec499d-36a4-473f-b5ea-f6f3b13be0e3 ] Request (ServerMetadataNegativeTestJSON:setUpClass): 201 POST http://10.180.1.21/identity/v3/auth/tokens 0.045s
2024-12-12 01:30:02.265 66574 INFO tempest.lib.common.fixed_network [-] (ServerMetadataNegativeTestJSON:setUpClass) Found network {'id': 'e38db3a0-1e53-4002-8255-70fe5f55fd19', 'name': 'tempest-ServerMetadataNegativeTestJSON-671600468-network', 'tenant_id': '52e2af640436496f9e1c9c0475b3d4dc', 'admin_state_up': True, 'mtu': 8950, 'status': 'ACTIVE', 'subnets': [], 'shared': False, 'project_id': '52e2af640436496f9e1c9c0475b3d4dc', 'port_security_enabled': True, 'router:external': False, 'provider:network_type': 'vlan', 'provider:physical_network': 'default', 'provider:segmentation_id': 462, 'availability_zone_hints': [], 'availability_zones': [], 'ipv4_address_scope': None, 'ipv6_address_scope': None, 'description': '', 'tags': [], 'created_at': '2024-12-12T01:29:55Z', 'updated_at': '2024-12-12T01:29:55Z', 'revision_number': 1} available for tenant
2024-12-12 01:30:02.288 66588 INFO tempest.lib.common.rest_client [req-a5961fd9-bde8-4351-946f-a64d61e2a475 req-a5961fd9-bde8-4351-946f-a64d61e2a475 ] Request (ImagesOneServerTestJSON:test_create_delete_image): 200 GET http://10.180.1.21/compute/v2.1/images/2aa819bd-4701-46cc-ba25-fa222114e82c 1.658s
2024-12-12 01:30:02.306 66558 INFO tempest.lib.common.rest_client [req-3730c3c5-2ed5-4c60-b30a-1a27f63aa280 req-3730c3c5-2ed5-4c60-b30a-1a27f63aa280 ] Request (FloatingIPsAssociationNegativeTestJSON:setUpClass): 200 GET http://10.180.1.21/compute/v2.1/servers/65ded97d-a41b-4c21-b289-baa0d75c739b 2.160s
2024-12-12 01:30:02.395 66590 INFO tempest.lib.common.rest_client [req-b7a6c589-c966-4b74-b551-cc1f6e4eb676 req-b7a6c589-c966-4b74-b551-cc1f6e4eb676 ] Request (ServersTestManualDisk:setUpClass): 200 GET http://10.180.1.21/compute/v2.1/servers/bacfabaa-c0c2-43b7-841f-5539f5de2859 1.153s
2024-12-12 01:30:02.396 66604 INFO tempest.lib.common.rest_client [req-bd67563e-df12-4e06-a4d5-6514e8b95eee req-bd67563e-df12-4e06-a4d5-6514e8b95eee ] Request (DeleteServersAdminTestJSON:test_delete_server_while_in_error_state): 200 GET http://10.180.1.21/compute/v2.1/servers/c26e95a2-1552-4c73-affe-a62df76b5efc 1.323s
2024-12-12 01:30:02.405 66604 INFO tempest.common.waiters [-] State transition "ERROR/deleting" ==> "DELETED/None" after 2 second wait
2024-12-12 01:30:02.406 66576 INFO tempest.lib.common.rest_client [req-00c9e7f4-fea4-4982-a911-2e6b8615a7d1 req-00c9e7f4-fea4-4982-a911-2e6b8615a7d1 ] Request (InstanceActionsV221TestJSON:setUpClass): 201 POST http://10.180.1.21:9696/networking/v2.0/routers 3.611s
2024-12-12 01:30:02.803 66582 INFO tempest.lib.common.rest_client [req-7516fcfc-53da-450e-be17-1e3e7c944dcd req-7516fcfc-53da-450e-be17-1e3e7c944dcd ] Request (AttachInterfacesV270Test:setUpClass): 201 POST http://10.180.1.21:9696/networking/v2.0/routers 3.619s
2024-12-12 01:30:02.854 66564 INFO tempest.lib.common.rest_client [req-e0c32a3e-29a0-4c95-ba79-549ebcc2da61 req-e0c32a3e-29a0-4c95-ba79-549ebcc2da61 ] Request (ServerDiskConfigTestJSON:test_rebuild_server_with_auto_disk_config): 200 GET http://10.180.1.21/compute/v2.1/servers/ea6a6bb8-3a77-4ff9-9d96-58685fe3ed53 1.364s
2024-12-12 01:30:02.877 66594 INFO tempest.lib.common.rest_client [req-b87ddf3a-ba3b-4f81-9c88-ad72548c1689 req-b87ddf3a-ba3b-4f81-9c88-ad72548c1689 ] Request (AttachVolumeTestJSON:setUpClass): 201 POST http://10.180.1.21:9696/networking/v2.0/routers 2.334s
2024-12-12 01:30:03.009 66614 INFO tempest.lib.common.rest_client [req-d67297bc-28e5-4ee5-bd49-1963b633992d req-d67297bc-28e5-4ee5-bd49-1963b633992d ] Request (ServersTestJSON:setUpClass): 200 GET http://10.180.1.21/compute/v2.1/servers/43727bec-0fad-43ee-b4e7-a1e48a7169b2 1.552s
2024-12-12 01:30:03.017 66614 INFO tempest.common.waiters [-] State transition "BUILD/spawning" ==> "ACTIVE/None" after 24 second wait
2024-12-12 01:30:03.222 66600 INFO tempest.lib.common.rest_client [req-b546a7ee-d30f-44f0-83d5-2d3a6ad2c845 req-b546a7ee-d30f-44f0-83d5-2d3a6ad2c845 ] Request (ServerActionsV293TestJSON:setUpClass): 200 GET http://10.180.1.21/compute/v2.1/servers/b791bdf7-feaa-4752-a8a6-45d1562e4874 1.643s
2024-12-12 01:30:03.229 66600 INFO tempest.common.waiters [-] State transition "BUILD/block_device_mapping" ==> "BUILD/spawning" after 19 second wait
2024-12-12 01:30:03.352 66580 INFO tempest.lib.common.rest_client [req-a82fd828-2548-4538-a834-74506fb14aa2 req-a82fd828-2548-4538-a834-74506fb14aa2 ] Request (ServicesAdminTestJSON:test_get_service_by_host_name): 200 GET http://10.180.1.21/compute/v2.1/os-services 1.503s
