2024-12-12 01:31:35.869 66593 INFO tempest.lib.common.rest_client [req-9dc820c7-cb72-4c6f-91ca-32452dcb2c1c req-9dc820c7-cb72-4c6f-91ca-32452dcb2c1c ] Request (ServersTestMultiNic:_run_cleanups): 204 DELETE http://10.180.1.21:9696/networking/v2.0/networks/5bf5db5a-fdc5-4f0f-9a6e-99dc3be80e3f 0.202s
2024-12-12 01:31:35.970 66593 INFO tempest.lib.common.rest_client [req-baad9721-871c-4a8a-af66-06da9b306e95 req-baad9721-871c-4a8a-af66-06da9b306e95 ] Request (ServersTestMultiNic:test_verify_multiple_nics_order): 201 POST http://10.180.1.21:9696/networking/v2.0/networks 0.099s
2024-12-12 01:31:36.063 66616 INFO tempest.lib.common.rest_client [req-5df0723c-be88-49bf-ad33-f1f7af716480 req-5df0723c-be88-49bf-ad33-f1f7af716480 ] Request (ListImageFiltersTestJSON:tearDownClass): 200 GET http://10.180.1.21/compute/v2.1/servers/123a890e-3772-4f4f-b12d-5fae028ee895 0.065s
2024-12-12 01:31:36.066 66620 INFO tempest.lib.common.rest_client [req-25483bc7-f899-4a34-bf17-d4d28a21d618 req-25483bc7-f899-4a34-bf17-d4d28a21d618 ] Request (ImagesTestJSON:test_create_image_from_suspended_server): 200 GET http://10.180.1.21/compute/v2.1/images/1554be2b-3472-4e05-9c95-4d0307af3173 0.039s
2024-12-12 01:31:36.183 66568 INFO tempest.lib.common.rest_client [req-c1845bfa-7345-49c6-9911-82e775303801 req-c1845bfa-7345-49c6-9911-82e775303801 ] Request (MigrationsAdminTest:test_resize_server_revert_deleted_flavor): 200 GET http://10.180.1.21/compute/v2.1/servers/84f3ff00-94b2-4595-8046-865c3016fc77 0.123s
2024-12-12 01:31:36.220 66593 INFO tempest.lib.common.rest_client [req-bee8c602-85d0-436d-82fe-650d86d7b901 req-bee8c602-85d0-436d-82fe-650d86d7b901 ] Request (ServersTestMultiNic:test_verify_multiple_nics_order): 201 POST http://10.180.1.21:9696/networking/v2.0/subnets 0.249s
2024-12-12 01:31:36.243 66584 INFO tempest.lib.common.rest_client [req-9e927160-1a32-4504-8a80-9a2b0ca640ba req-9e927160-1a32-4504-8a80-9a2b0ca640ba ] Request (ServersAdmin275Test:tearDownClass): 200 GET http://10.180.1.21/compute/v2.1/servers/8234c07d-eb31-429f-b804-a3250ea396a0 0.070s
2024-12-12 01:31:36.320 66586 INFO tempest.lib.common.rest_client [req-6812c330-fba8-4ca8-8905-879635ba8c06 req-6812c330-fba8-4ca8-8905-879635ba8c06 ] Request (ServerMetadataTestJSON:setUpClass): 200 GET http://10.180.1.21/compute/v2.1/servers/5f2f6e09-af90-465e-9451-dc4ce16fb851 0.053s
2024-12-12 01:31:36.322 66593 INFO tempest.lib.common.rest_client [req-9df5b876-a41c-4e98-a1fe-ee6048b07a12 req-9df5b876-a41c-4e98-a1fe-ee6048b07a12 ] Request (ServersTestMultiNic:test_verify_multiple_nics_order): 201 POST http://10.180.1.21:9696/networking/v2.0/networks 0.101s
2024-12-12 01:31:36.399 66566 INFO tempest.lib.common.rest_client [req-c6c6a9cf-cbfb-4a67-9571-cde33c18022b req-c6c6a9cf-cbfb-4a67-9571-cde33c18022b ] Request (ServerRescueTestJSON:test_rescue_unrescue_instance): 200 GET http://10.180.1.21/compute/v2.1/servers/0cb4c6c0-63bc-4723-bac2-62479872be0d 0.057s
2024-12-12 01:31:36.483 66580 INFO tempest.lib.common.rest_client [req-ad8aa82e-2e2c-40b0-9bce-19978726cd36 req-ad8aa82e-2e2c-40b0-9bce-19978726cd36 ] Request (TenantUsagesTestJSON:tearDownClass): 200 GET http://10.180.1.21/compute/v2.1/servers/75e311d0-fb4c-40b4-b25e-ca9df8db5f8e 0.057s
2024-12-12 01:31:36.535 66618 INFO tempest.lib.common.rest_client [req-8febfa1a-8006-44b9-8522-1d43aa12c210 req-8febfa1a-8006-44b9-8522-1d43aa12c210 ] Request (DeleteServersTestJSON:test_delete_active_server): 200 GET http://10.180.1.21/compute/v2.1/servers/84dd2032-59a7-48a3-8f4c-a1e7661e78a0 0.056s
2024-12-12 01:31:36.584 66593 INFO tempest.lib.common.rest_client [req-3b031093-7f88-42ca-8ba5-20ac395907b1 req-3b031093-7f88-42ca-8ba5-20ac395907b1 ] Request (ServersTestMultiNic:test_verify_multiple_nics_order): 201 POST http://10.180.1.21:9696/networking/v2.0/subnets 0.262s
2024-12-12 01:31:36.593 66606 INFO tempest.lib.common.rest_client [req-fc67573e-dc75-4a46-9037-3ce353b84887 req-fc67573e-dc75-4a46-9037-3ce353b84887 ] Request (FloatingIPsAssociationTestJSON:test_associate_already_associated_floating_ip): 200 GET http://10.180.1.21/compute/v2.1/servers/2a23b794-2acb-487c-901d-7aeca03aec83 0.096s
2024-12-12 01:31:36.596 66604 INFO tempest.lib.common.rest_client [req-4cb3e744-7186-45be-95cd-ad207249cd72 req-4cb3e744-7186-45be-95cd-ad207249cd72 ] Request (ServerAddressesNegativeTestJSON:setUpClass): 200 GET http://10.180.1.21/compute/v2.1/servers/a0d2d3ba-cc22-45b0-92a8-0510ec0d85f9 0.154s
2024-12-12 01:31:36.646 66588 INFO tempest.lib.common.rest_client [req-df281c3f-8b11-496a-a812-f5dba98c8cff req-df281c3f-8b11-496a-a812-f5dba98c8cff ] Request (ServerActionsTestOtherB:setUpClass): 200 GET http://10.180.1.21/compute/v2.1/servers/0cae7f31-dbb9-4e27-81a7-34d1b1d22f8a 0.112s
2024-12-12 01:31:36.670 66593 INFO tempest.lib.common.rest_client [req-08c46904-326c-41b1-bf9e-86db264015ad req-08c46904-326c-41b1-bf9e-86db264015ad ] Request (ServersTestMultiNic:test_verify_multiple_nics_order): 201 POST http://10.180.1.21/identity/v3/auth/tokens 0.082s
2024-12-12 01:31:36.670 66593 INFO tempest.lib.common.fixed_network [-] (ServersTestMultiNic:test_verify_multiple_nics_order) Found network {'id': 'aaff25a5-060e-46f3-b7d6-e4320993cb08', 'name': 'tempest-ServersTestMultiNic-1668244077-network', 'tenant_id': '717c546fceb64599bbf7617fb9e93384', 'admin_state_up': True, 'mtu': 8950, 'status': 'ACTIVE', 'subnets': [], 'shared': False, 'project_id': '717c546fceb64599bbf7617fb9e93384', 'port_security_enabled': True, 'router:external': False, 'provider:network_type': 'vlan', 'provider:physical_network': 'default', 'provider:segmentation_id': 948, 'availability_zone_hints': [], 'availability_zones': [], 'ipv4_address_scope': None, 'ipv6_address_scope': None, 'description': '', 'tags': [], 'created_at': '2024-12-12T01:29:56Z', 'updated_at': '2024-12-12T01:29:56Z', 'revision_number': 1} available for tenant
2024-12-12 01:31:36.769 66562 INFO tempest.lib.common.rest_client [req-85ed98b4-82be-4b43-b5f5-451a6c35f856 req-85ed98b4-82be-4b43-b5f5-451a6c35f856 ] Request (ServersAaction247Test:tearDownClass): 200 GET http://10.180.1.21/compute/v2.1/servers/98544a26-b42e-4164-8397-18188e662d64 0.078s
2024-12-12 01:31:37.028 66564 INFO tempest.lib.common.rest_client [req-51816fc8-8009-4db8-be27-ec9d5dd71f32 req-51816fc8-8009-4db8-be27-ec9d5dd71f32 ] Request (ServerDiskConfigTestJSON:test_resize_server_from_auto_to_manual): 200 GET http://10.180.1.21/compute/v2.1/servers/fa1146c8-af2b-49a6-88f0-6fee8773ce67 0.277s
2024-12-12 01:31:37.084 66558 INFO tempest.lib.common.rest_client [req-61897631-e2f3-452b-8bed-f47383318988 req-61897631-e2f3-452b-8bed-f47383318988 ] Request (AttachVolumeNegativeTest:test_attach_attached_volume_to_different_server): 200 GET http://10.180.1.21/compute/v2.1/servers/2b5c87fe-1c80-4cb9-86fe-4dd083322e71 0.261s
2024-12-12 01:31:37.221 66608 INFO tempest.lib.common.rest_client [req-f0d92417-e4b1-4056-985d-6d3b756e402f req-f0d92417-e4b1-4056-985d-6d3b756e402f ] Request (ServersAdminTestJSON:_run_cleanups): 200 GET http://10.180.1.21/compute/v2.1/servers/c15b97da-95c7-4a9d-be28-cda5cea50c2b 0.373s
2024-12-12 01:31:37.271 66582 INFO tempest.lib.common.rest_client [req-52b8e617-5de2-47ee-abf1-2fcdd2ce3605 req-52b8e617-5de2-47ee-abf1-2fcdd2ce3605 ] Request (ServerActionsTestOtherA:setUpClass): 200 GET http://10.180.1.21/compute/v2.1/servers/29223975-ba66-48c1-9dd6-07143475fb2a 0.404s
2024-12-12 01:31:37.304 66620 INFO tempest.lib.common.rest_client [req-3eebb27f-ffb5-4c6e-b867-a0c3b36f6ccb req-3eebb27f-ffb5-4c6e-b867-a0c3b36f6ccb ] Request (ImagesTestJSON:test_create_image_from_suspended_server): 200 GET http://10.180.1.21/compute/v2.1/images/1554be2b-3472-4e05-9c95-4d0307af3173 0.234s
2024-12-12 01:31:37.370 66616 INFO tempest.lib.common.rest_client [req-475727e5-cf8c-44c1-a282-11386d15c0e7 req-475727e5-cf8c-44c1-a282-11386d15c0e7 ] Request (ListImageFiltersTestJSON:tearDownClass): 200 GET http://10.180.1.21/compute/v2.1/servers/123a890e-3772-4f4f-b12d-5fae028ee895 0.299s
2024-12-12 01:31:37.410 66593 INFO tempest.lib.common.rest_client [req-9ef1a7a5-c0b7-439b-8a61-65ef9d80892c req-9ef1a7a5-c0b7-439b-8a61-65ef9d80892c ] Request (ServersTestMultiNic:test_verify_multiple_nics_order): 202 POST http://10.180.1.21/compute/v2.1/servers 0.739s
2024-12-12 01:31:37.479 66584 INFO tempest.lib.common.rest_client [req-003cd8d7-0d73-4d10-b28f-49b8e59b5e9f req-003cd8d7-0d73-4d10-b28f-49b8e59b5e9f ] Request (ServersAdmin275Test:tearDownClass): 200 GET http://10.180.1.21/compute/v2.1/servers/8234c07d-eb31-429f-b804-a3250ea396a0 0.226s
2024-12-12 01:31:37.529 66586 INFO tempest.lib.common.rest_client [req-b1d7ccc9-d3d6-4412-a0af-d20fd8293a63 req-b1d7ccc9-d3d6-4412-a0af-d20fd8293a63 ] Request (ServerMetadataTestJSON:setUpClass): 200 GET http://10.180.1.21/compute/v2.1/servers/5f2f6e09-af90-465e-9451-dc4ce16fb851 0.203s
2024-12-12 01:31:37.541 66568 INFO tempest.lib.common.rest_client [req-13d88219-c94e-4d5e-8f48-d8f6c2271fa1 req-13d88219-c94e-4d5e-8f48-d8f6c2271fa1 ] Request (MigrationsAdminTest:test_resize_server_revert_deleted_flavor): 200 GET http://10.180.1.21/compute/v2.1/servers/84f3ff00-94b2-4595-8046-865c3016fc77 0.350s
2024-12-12 01:31:37.583 66566 INFO tempest.lib.common.rest_client [req-fb05c691-dfc0-4729-a0cb-2ff153850261 req-fb05c691-dfc0-4729-a0cb-2ff153850261 ] Request (ServerRescueTestJSON:test_rescue_unrescue_instance): 200 GET http://10.180.1.21/compute/v2.1/servers/0cb4c6c0-63bc-4723-bac2-62479872be0d 0.177s
2024-12-12 01:31:37.583 66593 INFO tempest.lib.common.rest_client [req-cef1e207-8f86-4aef-b45a-28aa55215b78 req-cef1e207-8f86-4aef-b45a-28aa55215b78 ] Request (ServersTestMultiNic:test_verify_multiple_nics_order): 200 GET http://10.180.1.21/compute/v2.1/servers/18dc9467-827b-4fe0-8ddf-03c0093c7737 0.172s
2024-12-12 01:31:37.634 66618 INFO tempest.lib.common.rest_client [req-9b2ab626-9193-4a45-8685-1eee45444ce1 req-9b2ab626-9193-4a45-8685-1eee45444ce1 ] Request (DeleteServersTestJSON:test_delete_active_server): 200 GET http://10.180.1.21/compute/v2.1/servers/84dd2032-59a7-48a3-8f4c-a1e7661e78a0 0.090s
2024-12-12 01:31:37.639 66580 INFO tempest.lib.common.rest_client [req-0193758d-3bb1-4e08-8500-978f0a73d0cf req-0193758d-3bb1-4e08-8500-978f0a73d0cf ] Request (TenantUsagesTestJSON:tearDownClass): 200 GET http://10.180.1.21/compute/v2.1/servers/75e311d0-fb4c-40b4-b25e-ca9df8db5f8e 0.150s
2024-12-12 01:31:37.681 66606 INFO tempest.lib.common.rest_client [req-39195956-67ef-4aa9-bfaf-2b6f7502b8f6 req-39195956-67ef-4aa9-bfaf-2b6f7502b8f6 ] Request (FloatingIPsAssociationTestJSON:test_associate_already_associated_floating_ip): 200 GET http://10.180.1.21/compute/v2.1/servers/2a23b794-2acb-487c-901d-7aeca03aec83 0.078s
2024-12-12 01:31:37.728 66588 INFO tempest.lib.common.rest_client [req-abe32d33-19b4-4de2-9085-a1a53bc140d3 req-abe32d33-19b4-4de2-9085-a1a53bc140d3 ] Request (ServerActionsTestOtherB:setUpClass): 200 GET http://10.180.1.21/compute/v2.1/servers/0cae7f31-dbb9-4e27-81a7-34d1b1d22f8a 0.069s
2024-12-12 01:31:37.739 66604 INFO tempest.lib.common.rest_client [req-e3bd3354-353c-46f3-9f2c-8cfd78d937cf req-e3bd3354-353c-46f3-9f2c-8cfd78d937cf ] Request (ServerAddressesNegativeTestJSON:setUpClass): 200 GET http://10.180.1.21/compute/v2.1/servers/a0d2d3ba-cc22-45b0-92a8-0510ec0d85f9 0.135s
2024-12-12 01:31:37.836 66562 INFO tempest.lib.common.rest_client [req-8c2a51ce-c09e-4730-90b1-32609834c8a1 req-8c2a51ce-c09e-4730-90b1-32609834c8a1 ] Request (ServersAaction247Test:tearDownClass): 200 GET http://10.180.1.21/compute/v2.1/servers/98544a26-b42e-4164-8397-18188e662d64 0.056s
2024-12-12 01:31:38.091 66564 INFO tempest.lib.common.rest_client [req-ed0f67e2-a342-4188-9e1f-978fa7fd050f req-ed0f67e2-a342-4188-9e1f-978fa7fd050f ] Request (ServerDiskConfigTestJSON:test_resize_server_from_auto_to_manual): 200 GET http://10.180.1.21/compute/v2.1/servers/fa1146c8-af2b-49a6-88f0-6fee8773ce67 0.054s
2024-12-12 01:31:38.146 66558 INFO tempest.lib.common.rest_client [req-0874d670-4760-4ded-9a3b-7a87ae54347b req-0874d670-4760-4ded-9a3b-7a87ae54347b ] Request (AttachVolumeNegativeTest:test_attach_attached_volume_to_different_server): 200 GET http://10.180.1.21/compute/v2.1/servers/2b5c87fe-1c80-4cb9-86fe-4dd083322e71 0.052s
2024-12-12 01:31:38.347 66582 INFO tempest.lib.common.rest_client [req-e4eab7bd-2a80-4fc8-b804-67efc56ec648 req-e4eab7bd-2a80-4fc8-b804-67efc56ec648 ] Request (ServerActionsTestOtherA:setUpClass): 200 GET http://10.180.1.21/compute/v2.1/servers/29223975-ba66-48c1-9dd6-07143475fb2a 0.067s
2024-12-12 01:31:38.378 66608 INFO tempest.lib.common.rest_client [req-8aeb92a7-10db-4bfb-be45-3893d26a6f51 req-8aeb92a7-10db-4bfb-be45-3893d26a6f51 ] Request (ServersAdminTestJSON:_run_cleanups): 200 GET http://10.180.1.21/compute/v2.1/servers/c15b97da-95c7-4a9d-be28-cda5cea50c2b 0.149s
2024-12-12 01:31:38.379 66620 INFO tempest.lib.common.rest_client [req-a6fb7181-55a8-4d17-b3f7-5e39c51446dc req-a6fb7181-55a8-4d17-b3f7-5e39c51446dc ] Request (ImagesTestJSON:test_create_image_from_suspended_server): 200 GET http://10.180.1.21/compute/v2.1/images/1554be2b-3472-4e05-9c95-4d0307af3173 0.070s
2024-12-12 01:31:38.384 66608 INFO tempest.common.waiters [-] State transition "REBUILD/rebuilding" ==> "REBUILD/rebuild_spawning" after 5 second wait
2024-12-12 01:31:38.441 66616 INFO tempest.lib.common.rest_client [req-15456161-6e97-4387-864f-52c4ece8d406 req-15456161-6e97-4387-864f-52c4ece8d406 ] Request (ListImageFiltersTestJSON:tearDownClass): 200 GET http://10.180.1.21/compute/v2.1/servers/123a890e-3772-4f4f-b12d-5fae028ee895 0.063s
2024-12-12 01:31:38.555 66584 INFO tempest.lib.common.rest_client [req-94d5763b-c316-40b8-bd30-65d3593fb393 req-94d5763b-c316-40b8-bd30-65d3593fb393 ] Request (ServersAdmin275Test:tearDownClass): 200 GET http://10.180.1.21/compute/v2.1/servers/8234c07d-eb31-429f-b804-a3250ea396a0 0.066s
2024-12-12 01:31:38.594 66586 INFO tempest.lib.common.rest_client [req-550b20c0-85d7-4f74-8021-83357db42e74 req-550b20c0-85d7-4f74-8021-83357db42e74 ] Request (ServerMetadataTestJSON:setUpClass): 200 GET http://10.180.1.21/compute/v2.1/servers/5f2f6e09-af90-465e-9451-dc4ce16fb851 0.051s
2024-12-12 01:31:38.643 66593 INFO tempest.lib.common.rest_client [req-f6a6d51e-ea4f-4963-8242-f85baec554f9 req-f6a6d51e-ea4f-4963-8242-f85baec554f9 ] Request (ServersTestMultiNic:test_verify_multiple_nics_order): 200 GET http://10.180.1.21/compute/v2.1/servers/18dc9467-827b-4fe0-8ddf-03c0093c7737 0.053s
2024-12-12 01:31:38.649 66593 INFO tempest.common.waiters [-] State transition "BUILD/scheduling" ==> "BUILD/None" after 1 second wait
2024-12-12 01:31:38.655 66568 INFO tempest.lib.common.rest_client [req-dd874880-7432-4f90-bfd7-f9c343ce8429 req-dd874880-7432-4f90-bfd7-f9c343ce8429 ] Request (MigrationsAdminTest:test_resize_server_revert_deleted_flavor): 200 GET http://10.180.1.21/compute/v2.1/servers/84f3ff00-94b2-4595-8046-865c3016fc77 0.103s
2024-12-12 01:31:38.694 66566 INFO tempest.lib.common.rest_client [req-f78a15a8-65b3-4b63-bfd7-5091680bb76d req-f78a15a8-65b3-4b63-bfd7-5091680bb76d ] Request (ServerRescueTestJSON:test_rescue_unrescue_instance): 200 GET http://10.180.1.21/compute/v2.1/servers/0cb4c6c0-63bc-4723-bac2-62479872be0d 0.103s
2024-12-12 01:31:38.701 66618 INFO tempest.lib.common.rest_client [req-0999c24a-299e-4e2d-a488-ba09e1fcbde5 req-0999c24a-299e-4e2d-a488-ba09e1fcbde5 ] Request (DeleteServersTestJSON:test_delete_active_server): 200 GET http://10.180.1.21/compute/v2.1/servers/84dd2032-59a7-48a3-8f4c-a1e7661e78a0 0.055s
2024-12-12 01:31:38.757 66580 INFO tempest.lib.common.rest_client [req-95747642-a40b-4f5c-a692-51ab668a2277 req-95747642-a40b-4f5c-a692-51ab668a2277 ] Request (TenantUsagesTestJSON:tearDownClass): 200 GET http://10.180.1.21/compute/v2.1/servers/75e311d0-fb4c-40b4-b25e-ca9df8db5f8e 0.112s
2024-12-12 01:31:38.759 66606 INFO tempest.lib.common.rest_client [req-ae2eefea-05cc-425f-9987-b49c997db71b req-ae2eefea-05cc-425f-9987-b49c997db71b ] Request (FloatingIPsAssociationTestJSON:test_associate_already_associated_floating_ip): 200 GET http://10.180.1.21/compute/v2.1/servers/2a23b794-2acb-487c-901d-7aeca03aec83 0.072s
2024-12-12 01:31:38.811 66588 INFO tempest.lib.common.rest_client [req-88b326d8-4827-46c9-a430-f82bb15be11e req-88b326d8-4827-46c9-a430-f82bb15be11e ] Request (ServerActionsTestOtherB:setUpClass): 200 GET http://10.180.1.21/compute/v2.1/servers/0cae7f31-dbb9-4e27-81a7-34d1b1d22f8a 0.076s
2024-12-12 01:31:38.908 66562 INFO tempest.lib.common.rest_client [req-1d9eb140-51b4-4da6-a1e7-ef93b6e553af req-1d9eb140-51b4-4da6-a1e7-ef93b6e553af ] Request (ServersAaction247Test:tearDownClass): 200 GET http://10.180.1.21/compute/v2.1/servers/98544a26-b42e-4164-8397-18188e662d64 0.065s
2024-12-12 01:31:38.912 66604 INFO tempest.lib.common.rest_client [req-00dc2630-9687-46d0-bc03-0aa87eb2a981 req-00dc2630-9687-46d0-bc03-0aa87eb2a981 ] Request (ServerAddressesNegativeTestJSON:setUpClass): 200 GET http://10.180.1.21/compute/v2.1/servers/a0d2d3ba-cc22-45b0-92a8-0510ec0d85f9 0.166s
2024-12-12 01:31:39.152 66564 INFO tempest.lib.common.rest_client [req-c5bd244f-3527-4703-b174-bf587dd7150e req-c5bd244f-3527-4703-b174-bf587dd7150e ] Request (ServerDiskConfigTestJSON:test_resize_server_from_auto_to_manual): 200 GET http://10.180.1.21/compute/v2.1/servers/fa1146c8-af2b-49a6-88f0-6fee8773ce67 0.054s
2024-12-12 01:31:39.202 66558 INFO tempest.lib.common.rest_client [req-58e3689c-6282-4a46-90cc-5a7d8b6d8ad2 req-58e3689c-6282-4a46-90cc-5a7d8b6d8ad2 ] Request (AttachVolumeNegativeTest:test_attach_attached_volume_to_different_server): 200 GET http://10.180.1.21/compute/v2.1/servers/2b5c87fe-1c80-4cb9-86fe-4dd083322e71 0.049s
2024-12-12 01:31:39.407 66582 INFO tempest.lib.common.rest_client [req-7526156a-72a6-4379-a240-2aff00b00411 req-7526156a-72a6-4379-a240-2aff00b00411 ] Request (ServerActionsTestOtherA:setUpClass): 200 GET http://10.180.1.21/compute/v2.1/servers/29223975-ba66-48c1-9dd6-07143475fb2a 0.052s
2024-12-12 01:31:39.422 66620 INFO tempest.lib.common.rest_client [req-090195af-713e-440a-9268-16205d354809 req-090195af-713e-440a-9268-16205d354809 ] Request (ImagesTestJSON:test_create_image_from_suspended_server): 200 GET http://10.180.1.21/compute/v2.1/images/1554be2b-3472-4e05-9c95-4d0307af3173 0.039s
2024-12-12 01:31:39.507 66616 INFO tempest.lib.common.rest_client [req-b7ea23ae-f079-47d3-950a-53742ee6a99d req-b7ea23ae-f079-47d3-950a-53742ee6a99d ] Request (ListImageFiltersTestJSON:tearDownClass): 200 GET http://10.180.1.21/compute/v2.1/servers/123a890e-3772-4f4f-b12d-5fae028ee895 0.058s
2024-12-12 01:31:39.510 66608 INFO tempest.lib.common.rest_client [req-eba34cfe-b1ec-4cd5-ab5f-72afbc50e1c6 req-eba34cfe-b1ec-4cd5-ab5f-72afbc50e1c6 ] Request (ServersAdminTestJSON:_run_cleanups): 200 GET http://10.180.1.21/compute/v2.1/servers/c15b97da-95c7-4a9d-be28-cda5cea50c2b 0.125s
2024-12-12 01:31:39.627 66584 INFO tempest.lib.common.rest_client [req-e02bfa39-ed68-465d-8b38-c28ac431bd99 req-e02bfa39-ed68-465d-8b38-c28ac431bd99 ] Request (ServersAdmin275Test:tearDownClass): 200 GET http://10.180.1.21/compute/v2.1/servers/8234c07d-eb31-429f-b804-a3250ea396a0 0.058s
2024-12-12 01:31:39.650 66586 INFO tempest.lib.common.rest_client [req-27b1a575-41e0-4266-b722-7ff3a1bff846 req-27b1a575-41e0-4266-b722-7ff3a1bff846 ] Request (ServerMetadataTestJSON:setUpClass): 200 GET http://10.180.1.21/compute/v2.1/servers/5f2f6e09-af90-465e-9451-dc4ce16fb851 0.048s
2024-12-12 01:31:39.700 66593 INFO tempest.lib.common.rest_client [req-ffdd629a-354c-431c-87fc-804e175bfbb8 req-ffdd629a-354c-431c-87fc-804e175bfbb8 ] Request (ServersTestMultiNic:test_verify_multiple_nics_order): 200 GET http://10.180.1.21/compute/v2.1/servers/18dc9467-827b-4fe0-8ddf-03c0093c7737 0.050s
2024-12-12 01:31:39.760 66566 INFO tempest.lib.common.rest_client [req-689c5970-1da4-4c7d-8361-59dcbfa94093 req-689c5970-1da4-4c7d-8361-59dcbfa94093 ] Request (ServerRescueTestJSON:test_rescue_unrescue_instance): 200 GET http://10.180.1.21/compute/v2.1/servers/0cb4c6c0-63bc-4723-bac2-62479872be0d 0.059s
2024-12-12 01:31:39.774 66568 INFO tempest.lib.common.rest_client [req-487e3e48-9e73-4ca4-ac08-98904bf4a040 req-487e3e48-9e73-4ca4-ac08-98904bf4a040 ] Request (MigrationsAdminTest:test_resize_server_revert_deleted_flavor): 200 GET http://10.180.1.21/compute/v2.1/servers/84f3ff00-94b2-4595-8046-865c3016fc77 0.111s
2024-12-12 01:31:39.804 66618 INFO tempest.lib.common.rest_client [req-b6d6bf55-fd9f-4ea1-9aab-a21521eb9fa8 req-b6d6bf55-fd9f-4ea1-9aab-a21521eb9fa8 ] Request (DeleteServersTestJSON:test_delete_active_server): 200 GET http://10.180.1.21/compute/v2.1/servers/84dd2032-59a7-48a3-8f4c-a1e7661e78a0 0.095s
2024-12-12 01:31:39.828 66580 INFO tempest.lib.common.rest_client [req-112401ad-4b52-42fa-bcfa-408cf6ec2ec6 req-112401ad-4b52-42fa-bcfa-408cf6ec2ec6 ] Request (TenantUsagesTestJSON:tearDownClass): 200 GET http://10.180.1.21/compute/v2.1/servers/75e311d0-fb4c-40b4-b25e-ca9df8db5f8e 0.062s
2024-12-12 01:31:39.847 66606 INFO tempest.lib.common.rest_client [req-6fe1e06c-282a-408f-9345-d66fd9afcb70 req-6fe1e06c-282a-408f-9345-d66fd9afcb70 ] Request (FloatingIPsAssociationTestJSON:test_associate_already_associated_floating_ip): 200 GET http://10.180.1.21/compute/v2.1/servers/2a23b794-2acb-487c-901d-7aeca03aec83 0.080s
2024-12-12 01:31:39.869 66588 INFO tempest.lib.common.rest_client [req-43a5ccc6-5567-413c-946a-4bba69faa060 req-43a5ccc6-5567-413c-946a-4bba69faa060 ] Request (ServerActionsTestOtherB:setUpClass): 200 GET http://10.180.1.21/compute/v2.1/servers/0cae7f31-dbb9-4e27-81a7-34d1b1d22f8a 0.049s
2024-12-12 01:31:39.982 66562 INFO tempest.lib.common.rest_client [req-5ae536a5-9a7b-4eb7-83d5-39f07536bde0 req-5ae536a5-9a7b-4eb7-83d5-39f07536bde0 ] Request (ServersAaction247Test:tearDownClass): 200 GET http://10.180.1.21/compute/v2.1/servers/98544a26-b42e-4164-8397-18188e662d64 0.066s
2024-12-12 01:31:40.022 66604 INFO tempest.lib.common.rest_client [req-7f2e59ab-da8f-44a7-8f79-25447325115c req-7f2e59ab-da8f-44a7-8f79-25447325115c ] Request (ServerAddressesNegativeTestJSON:setUpClass): 200 GET http://10.180.1.21/compute/v2.1/servers/a0d2d3ba-cc22-45b0-92a8-0510ec0d85f9 0.103s
2024-12-12 01:31:40.212 66564 INFO tempest.lib.common.rest_client [req-be5e52c4-999d-4415-a0c7-3301420f44ba req-be5e52c4-999d-4415-a0c7-3301420f44ba ] Request (ServerDiskConfigTestJSON:test_resize_server_from_auto_to_manual): 200 GET http://10.180.1.21/compute/v2.1/servers/fa1146c8-af2b-49a6-88f0-6fee8773ce67 0.053s
2024-12-12 01:31:40.259 66558 INFO tempest.lib.common.rest_client [req-bd0b984c-f6b7-4e0e-b3b9-f8651d6e2fe0 req-bd0b984c-f6b7-4e0e-b3b9-f8651d6e2fe0 ] Request (AttachVolumeNegativeTest:test_attach_attached_volume_to_different_server): 200 GET http://10.180.1.21/compute/v2.1/servers/2b5c87fe-1c80-4cb9-86fe-4dd083322e71 0.050s
2024-12-12 01:31:40.457 66620 INFO tempest.lib.common.rest_client [req-a68fe1f0-ba89-446e-9144-39ed5c95dd9d req-a68fe1f0-ba89-446e-9144-39ed5c95dd9d ] Request (ImagesTestJSON:test_create_image_from_suspended_server): 200 GET http://10.180.1.21/compute/v2.1/images/1554be2b-3472-4e05-9c95-4d0307af3173 0.032s
2024-12-12 01:31:40.467 66602 WARNING tempest.lib.common.ssh [-] Failed to establish authenticated ssh connection to cirros@10.180.180.180 ([Errno None] Unable to connect to port 22 on 10.180.180.180). Number attempts: 13. Retry after 14 seconds.: paramiko.ssh_exception.NoValidConnectionsError: [Errno None] Unable to connect to port 22 on 10.180.180.180
2024-12-12 01:31:40.475 66582 INFO tempest.lib.common.rest_client [req-0ef7b2df-04f8-491d-b6d9-332383a97cff req-0ef7b2df-04f8-491d-b6d9-332383a97cff ] Request (ServerActionsTestOtherA:setUpClass): 200 GET http://10.180.1.21/compute/v2.1/servers/29223975-ba66-48c1-9dd6-07143475fb2a 0.059s
2024-12-12 01:31:40.598 66616 INFO tempest.lib.common.rest_client [req-92320b0c-91db-4e45-9b8e-0e6220b5bac9 req-92320b0c-91db-4e45-9b8e-0e6220b5bac9 ] Request (ListImageFiltersTestJSON:tearDownClass): 200 GET http://10.180.1.21/compute/v2.1/servers/123a890e-3772-4f4f-b12d-5fae028ee895 0.085s
2024-12-12 01:31:40.626 66608 INFO tempest.lib.common.rest_client [req-967f9c8e-93af-4e87-9e3a-41bf3632f18d req-967f9c8e-93af-4e87-9e3a-41bf3632f18d ] Request (ServersAdminTestJSON:_run_cleanups): 200 GET http://10.180.1.21/compute/v2.1/servers/c15b97da-95c7-4a9d-be28-cda5cea50c2b 0.109s
2024-12-12 01:31:40.720 66586 INFO tempest.lib.common.rest_client [req-ddfa3b5f-f465-48fe-ade0-c49bc66f296a req-ddfa3b5f-f465-48fe-ade0-c49bc66f296a ] Request (ServerMetadataTestJSON:setUpClass): 200 GET http://10.180.1.21/compute/v2.1/servers/5f2f6e09-af90-465e-9451-dc4ce16fb851 0.063s
2024-12-12 01:31:40.725 66584 INFO tempest.lib.common.rest_client [req-057ab91f-68de-4a7d-beaf-96027bf9399b req-057ab91f-68de-4a7d-beaf-96027bf9399b ] Request (ServersAdmin275Test:tearDownClass): 200 GET http://10.180.1.21/compute/v2.1/servers/8234c07d-eb31-429f-b804-a3250ea396a0 0.088s
2024-12-12 01:31:40.775 66593 INFO tempest.lib.common.rest_client [req-25f5b12a-16b8-4c80-a215-181b8848ec1b req-25f5b12a-16b8-4c80-a215-181b8848ec1b ] Request (ServersTestMultiNic:test_verify_multiple_nics_order): 200 GET http://10.180.1.21/compute/v2.1/servers/18dc9467-827b-4fe0-8ddf-03c0093c7737 0.065s
2024-12-12 01:31:40.831 66566 INFO tempest.lib.common.rest_client [req-2cad7219-5980-4c33-9eb5-b12a0f6a5fe4 req-2cad7219-5980-4c33-9eb5-b12a0f6a5fe4 ] Request (ServerRescueTestJSON:test_rescue_unrescue_instance): 200 GET http://10.180.1.21/compute/v2.1/servers/0cb4c6c0-63bc-4723-bac2-62479872be0d 0.062s
2024-12-12 01:31:40.893 66618 INFO tempest.lib.common.rest_client [req-49700660-b799-4a70-96dc-d8a960acdb60 req-49700660-b799-4a70-96dc-d8a960acdb60 ] Request (DeleteServersTestJSON:test_delete_active_server): 200 GET http://10.180.1.21/compute/v2.1/servers/84dd2032-59a7-48a3-8f4c-a1e7661e78a0 0.083s
2024-12-12 01:31:40.927 66568 INFO tempest.lib.common.rest_client [req-f9d4b630-6359-4285-822f-25e9c77283b8 req-f9d4b630-6359-4285-822f-25e9c77283b8 ] Request (MigrationsAdminTest:test_resize_server_revert_deleted_flavor): 200 GET http://10.180.1.21/compute/v2.1/servers/84f3ff00-94b2-4595-8046-865c3016fc77 0.146s
2024-12-12 01:31:40.955 66580 INFO tempest.lib.common.rest_client [req-12602dc2-2ac3-4627-b4d4-5a37e4bf186b req-12602dc2-2ac3-4627-b4d4-5a37e4bf186b ] Request (TenantUsagesTestJSON:tearDownClass): 200 GET http://10.180.1.21/compute/v2.1/servers/75e311d0-fb4c-40b4-b25e-ca9df8db5f8e 0.120s
2024-12-12 01:31:40.979 66606 INFO tempest.lib.common.rest_client [req-5c3ad71b-db65-459b-993a-62de939003ac req-5c3ad71b-db65-459b-993a-62de939003ac ] Request (FloatingIPsAssociationTestJSON:test_associate_already_associated_floating_ip): 200 GET http://10.180.1.21/compute/v2.1/servers/2a23b794-2acb-487c-901d-7aeca03aec83 0.125s
2024-12-12 01:31:41.006 66588 INFO tempest.lib.common.rest_client [req-b43925dd-6b4c-4258-90a4-d8f8a4ec70d0 req-b43925dd-6b4c-4258-90a4-d8f8a4ec70d0 ] Request (ServerActionsTestOtherB:setUpClass): 200 GET http://10.180.1.21/compute/v2.1/servers/0cae7f31-dbb9-4e27-81a7-34d1b1d22f8a 0.129s
2024-12-12 01:31:41.050 66562 INFO tempest.lib.common.rest_client [req-812ebf81-ed2f-4984-af3d-8d1ac4eb4c35 req-812ebf81-ed2f-4984-af3d-8d1ac4eb4c35 ] Request (ServersAaction247Test:tearDownClass): 200 GET http://10.180.1.21/compute/v2.1/servers/98544a26-b42e-4164-8397-18188e662d64 0.059s
2024-12-12 01:31:41.127 66604 INFO tempest.lib.common.rest_client [req-52653c69-d28a-41f4-a10b-f77a7c67a261 req-52653c69-d28a-41f4-a10b-f77a7c67a261 ] Request (ServerAddressesNegativeTestJSON:setUpClass): 200 GET http://10.180.1.21/compute/v2.1/servers/a0d2d3ba-cc22-45b0-92a8-0510ec0d85f9 0.098s
2024-12-12 01:31:41.279 66564 INFO tempest.lib.common.rest_client [req-5b1d13ce-b742-4d45-a89d-6fbc375ee5eb req-5b1d13ce-b742-4d45-a89d-6fbc375ee5eb ] Request (ServerDiskConfigTestJSON:test_resize_server_from_auto_to_manual): 200 GET http://10.180.1.21/compute/v2.1/servers/fa1146c8-af2b-49a6-88f0-6fee8773ce67 0.054s
2024-12-12 01:31:41.321 66558 INFO tempest.lib.common.rest_client [req-206688be-52db-41e4-93c7-a77c82f612ed req-206688be-52db-41e4-93c7-a77c82f612ed ] Request (AttachVolumeNegativeTest:test_attach_attached_volume_to_different_server): 200 GET http://10.180.1.21/compute/v2.1/servers/2b5c87fe-1c80-4cb9-86fe-4dd083322e71 0.055s
2024-12-12 01:31:41.490 66620 INFO tempest.lib.common.rest_client [req-9cf9a861-db55-435b-b0a0-cbd266351045 req-9cf9a861-db55-435b-b0a0-cbd266351045 ] Request (ImagesTestJSON:test_create_image_from_suspended_server): 200 GET http://10.180.1.21/compute/v2.1/images/1554be2b-3472-4e05-9c95-4d0307af3173 0.030s
2024-12-12 01:31:41.546 66582 INFO tempest.lib.common.rest_client [req-4486f243-fc92-4e8e-88c8-2c0456d8b244 req-4486f243-fc92-4e8e-88c8-2c0456d8b244 ] Request (ServerActionsTestOtherA:setUpClass): 200 GET http://10.180.1.21/compute/v2.1/servers/29223975-ba66-48c1-9dd6-07143475fb2a 0.065s
2024-12-12 01:31:41.665 66616 INFO tempest.lib.common.rest_client [req-16d279e2-64ca-404e-95e0-dfd97eb613e4 req-16d279e2-64ca-404e-95e0-dfd97eb613e4 ] Request (ListImageFiltersTestJSON:tearDownClass): 200 GET http://10.180.1.21/compute/v2.1/servers/123a890e-3772-4f4f-b12d-5fae028ee895 0.059s
2024-12-12 01:31:41.671 66590 WARNING tempest.lib.common.ssh [-] Failed to establish authenticated ssh connection to cirros@10.180.180.207 ([Errno None] Unable to connect to port 22 on 10.180.180.207). Number attempts: 8. Retry after 9 seconds.: paramiko.ssh_exception.NoValidConnectionsError: [Errno None] Unable to connect to port 22 on 10.180.180.207
2024-12-12 01:31:41.738 66608 INFO tempest.lib.common.rest_client [req-28d173b3-486e-4c58-84e4-190484358f36 req-28d173b3-486e-4c58-84e4-190484358f36 ] Request (ServersAdminTestJSON:_run_cleanups): 200 GET http://10.180.1.21/compute/v2.1/servers/c15b97da-95c7-4a9d-be28-cda5cea50c2b 0.106s
2024-12-12 01:31:41.778 66584 INFO tempest.lib.common.rest_client [req-89b2fd4e-1869-450b-b38c-0e236604ff0c req-89b2fd4e-1869-450b-b38c-0e236604ff0c ] Request (ServersAdmin275Test:tearDownClass): 404 GET http://10.180.1.21/compute/v2.1/servers/8234c07d-eb31-429f-b804-a3250ea396a0 0.041s
2024-12-12 01:31:41.790 66586 INFO tempest.lib.common.rest_client [req-82914f47-aeb7-451f-9302-3f36906773aa req-82914f47-aeb7-451f-9302-3f36906773aa ] Request (ServerMetadataTestJSON:setUpClass): 200 GET http://10.180.1.21/compute/v2.1/servers/5f2f6e09-af90-465e-9451-dc4ce16fb851 0.062s
2024-12-12 01:31:41.843 66593 INFO tempest.lib.common.rest_client [req-7a2533f5-d7b2-43a3-a6f3-298c670e12e8 req-7a2533f5-d7b2-43a3-a6f3-298c670e12e8 ] Request (ServersTestMultiNic:test_verify_multiple_nics_order): 200 GET http://10.180.1.21/compute/v2.1/servers/18dc9467-827b-4fe0-8ddf-03c0093c7737 0.059s
2024-12-12 01:31:41.899 66566 INFO tempest.lib.common.rest_client [req-851a47a6-78f8-4022-87b9-e076be56d85c req-851a47a6-78f8-4022-87b9-e076be56d85c ] Request (ServerRescueTestJSON:test_rescue_unrescue_instance): 200 GET http://10.180.1.21/compute/v2.1/servers/0cb4c6c0-63bc-4723-bac2-62479872be0d 0.058s
2024-12-12 01:31:41.921 66584 INFO tempest.lib.common.rest_client [req-9dbfd5c4-445c-4bd4-ae2f-02c9fe6018b7 req-9dbfd5c4-445c-4bd4-ae2f-02c9fe6018b7 ] Request (ServersAdmin275Test:tearDownClass): 204 DELETE http://10.180.1.21/identity/v3/users/36eb5fd0f3724f56bdaed1ed360b60c5 0.142s
2024-12-12 01:31:41.979 66618 INFO tempest.lib.common.rest_client [req-7af044a4-0861-45e0-8342-5aa01cc33e42 req-7af044a4-0861-45e0-8342-5aa01cc33e42 ] Request (DeleteServersTestJSON:test_delete_active_server): 200 GET http://10.180.1.21/compute/v2.1/servers/84dd2032-59a7-48a3-8f4c-a1e7661e78a0 0.073s
2024-12-12 01:31:42.057 66584 INFO tempest.lib.common.rest_client [req-6a47a969-142a-4af1-ab83-62ff03039bb2 req-6a47a969-142a-4af1-ab83-62ff03039bb2 ] Request (ServersAdmin275Test:tearDownClass): 204 DELETE http://10.180.1.21/identity/v3/users/567cdcdbbfc6454f95affa9aa79870ca 0.135s
2024-12-12 01:31:42.057 66584 INFO tempest.lib.common.dynamic_creds [-] Deleting project and security group for project: 149cde3ee6c24c219d9fde46a0206a98
2024-12-12 01:31:42.078 66580 INFO tempest.lib.common.rest_client [req-25ff5701-ea0d-42c8-8db8-42cbdcb1cecc req-25ff5701-ea0d-42c8-8db8-42cbdcb1cecc ] Request (TenantUsagesTestJSON:tearDownClass): 200 GET http://10.180.1.21/compute/v2.1/servers/75e311d0-fb4c-40b4-b25e-ca9df8db5f8e 0.115s
2024-12-12 01:31:42.110 66568 INFO tempest.lib.common.rest_client [req-0db2754c-e6b3-4b50-9def-fd95416e74c3 req-0db2754c-e6b3-4b50-9def-fd95416e74c3 ] Request (MigrationsAdminTest:test_resize_server_revert_deleted_flavor): 200 GET http://10.180.1.21/compute/v2.1/servers/84f3ff00-94b2-4595-8046-865c3016fc77 0.176s
2024-12-12 01:31:42.134 66584 INFO tempest.lib.common.rest_client [req-22790eb5-01c8-432e-ad25-4fcbb736643f req-22790eb5-01c8-432e-ad25-4fcbb736643f ] Request (ServersAdmin275Test:tearDownClass): 201 POST http://10.180.1.21/identity/v3/auth/tokens 0.076s
2024-12-12 01:31:42.134 66606 INFO tempest.lib.common.rest_client [req-b0d537f2-7422-43dc-8a38-92c8f60bf50d req-b0d537f2-7422-43dc-8a38-92c8f60bf50d ] Request (FloatingIPsAssociationTestJSON:test_associate_already_associated_floating_ip): 200 GET http://10.180.1.21/compute/v2.1/servers/2a23b794-2acb-487c-901d-7aeca03aec83 0.147s
2024-12-12 01:31:42.172 66588 INFO tempest.lib.common.rest_client [req-269fb4ec-f2fa-4574-9a7c-0da1fc62fa6c req-269fb4ec-f2fa-4574-9a7c-0da1fc62fa6c ] Request (ServerActionsTestOtherB:setUpClass): 200 GET http://10.180.1.21/compute/v2.1/servers/0cae7f31-dbb9-4e27-81a7-34d1b1d22f8a 0.159s
2024-12-12 01:31:42.229 66562 INFO tempest.lib.common.rest_client [req-144631d0-10a3-4d9d-b23c-8dbd2fe1da33 req-144631d0-10a3-4d9d-b23c-8dbd2fe1da33 ] Request (ServersAaction247Test:tearDownClass): 200 GET http://10.180.1.21/compute/v2.1/servers/98544a26-b42e-4164-8397-18188e662d64 0.170s
2024-12-12 01:31:42.318 66604 INFO tempest.lib.common.rest_client [req-7ff703dd-aeea-438d-b300-ee23b2fba2cf req-7ff703dd-aeea-438d-b300-ee23b2fba2cf ] Request (ServerAddressesNegativeTestJSON:setUpClass): 200 GET http://10.180.1.21/compute/v2.1/servers/a0d2d3ba-cc22-45b0-92a8-0510ec0d85f9 0.180s
2024-12-12 01:31:42.353 66564 INFO tempest.lib.common.rest_client [req-c728458a-5aa8-45f4-ae6c-96df0feabac7 req-c728458a-5aa8-45f4-ae6c-96df0feabac7 ] Request (ServerDiskConfigTestJSON:test_resize_server_from_auto_to_manual): 200 GET http://10.180.1.21/compute/v2.1/servers/fa1146c8-af2b-49a6-88f0-6fee8773ce67 0.068s
2024-12-12 01:31:42.376 66594 WARNING tempest.lib.common.ssh [-] Failed to establish authenticated ssh connection to cirros@10.180.180.244 ([Errno None] Unable to connect to port 22 on 10.180.180.244). Number attempts: 7. Retry after 8 seconds.: paramiko.ssh_exception.NoValidConnectionsError: [Errno None] Unable to connect to port 22 on 10.180.180.244
2024-12-12 01:31:42.390 66584 INFO tempest.lib.common.rest_client [req-d68b606c-debb-4515-a5f9-2c5780349649 req-d68b606c-debb-4515-a5f9-2c5780349649 ] Request (ServersAdmin275Test:tearDownClass): 200 GET http://10.180.1.21:9696/networking/v2.0/security-groups?tenant_id=149cde3ee6c24c219d9fde46a0206a98&name=default 0.256s
2024-12-12 01:31:42.392 66558 INFO tempest.lib.common.rest_client [req-b4b8c62f-2901-4885-b323-9219ba137276 req-b4b8c62f-2901-4885-b323-9219ba137276 ] Request (AttachVolumeNegativeTest:test_attach_attached_volume_to_different_server): 200 GET http://10.180.1.21/compute/v2.1/servers/2b5c87fe-1c80-4cb9-86fe-4dd083322e71 0.061s
2024-12-12 01:31:42.473 66584 INFO tempest.lib.common.rest_client [req-f389fa70-9db7-45a3-ab80-d7e392ef4f51 req-f389fa70-9db7-45a3-ab80-d7e392ef4f51 ] Request (ServersAdmin275Test:tearDownClass): 204 DELETE http://10.180.1.21:9696/networking/v2.0/security-groups/549dae1f-36eb-4fa4-bea3-10fad1b7ee60 0.081s
2024-12-12 01:31:42.529 66620 INFO tempest.lib.common.rest_client [req-48d1b597-5a40-430c-8ce6-b451d5c6d437 req-48d1b597-5a40-430c-8ce6-b451d5c6d437 ] Request (ImagesTestJSON:test_create_image_from_suspended_server): 200 GET http://10.180.1.21/compute/v2.1/images/1554be2b-3472-4e05-9c95-4d0307af3173 0.034s
2024-12-12 01:31:42.536 66584 INFO tempest.lib.common.rest_client [req-2be86864-dd6e-46ae-839a-129e2b882ffb req-2be86864-dd6e-46ae-839a-129e2b882ffb ] Request (ServersAdmin275Test:tearDownClass): 204 DELETE http://10.180.1.21/identity/v3/projects/149cde3ee6c24c219d9fde46a0206a98 0.063s
2024-12-12 01:31:42.537 66584 INFO tempest.lib.common.dynamic_creds [-] Deleting project and security group for project: 60fdea825554460088fe26dc826f2679
2024-12-12 01:31:42.612 66582 INFO tempest.lib.common.rest_client [req-6ce97415-c699-4f0b-bb88-b581eea25841 req-6ce97415-c699-4f0b-bb88-b581eea25841 ] Request (ServerActionsTestOtherA:setUpClass): 200 GET http://10.180.1.21/compute/v2.1/servers/29223975-ba66-48c1-9dd6-07143475fb2a 0.059s
2024-12-12 01:31:42.650 66584 INFO tempest.lib.common.rest_client [req-90aa2ad7-a91d-4052-ad29-9a558ceea51f req-90aa2ad7-a91d-4052-ad29-9a558ceea51f ] Request (ServersAdmin275Test:tearDownClass): 200 GET http://10.180.1.21:9696/networking/v2.0/security-groups?tenant_id=60fdea825554460088fe26dc826f2679&name=default 0.113s
2024-12-12 01:31:42.725 66584 INFO tempest.lib.common.rest_client [req-b0f25c43-6054-4c58-850e-997dbe43b1a8 req-b0f25c43-6054-4c58-850e-997dbe43b1a8 ] Request (ServersAdmin275Test:tearDownClass): 204 DELETE http://10.180.1.21:9696/networking/v2.0/security-groups/3b13388d-77c8-4155-ad9d-8c09aad21b36 0.075s
2024-12-12 01:31:42.734 66616 INFO tempest.lib.common.rest_client [req-7420e175-c709-433b-b3c1-d70ef05e8c06 req-7420e175-c709-433b-b3c1-d70ef05e8c06 ] Request (ListImageFiltersTestJSON:tearDownClass): 200 GET http://10.180.1.21/compute/v2.1/servers/123a890e-3772-4f4f-b12d-5fae028ee895 0.062s
2024-12-12 01:31:42.824 66584 INFO tempest.lib.common.rest_client [req-98ef8f5f-243d-4857-a27f-eeabe89f8c22 req-98ef8f5f-243d-4857-a27f-eeabe89f8c22 ] Request (ServersAdmin275Test:tearDownClass): 204 DELETE http://10.180.1.21/identity/v3/projects/60fdea825554460088fe26dc826f2679 0.098s
2024-12-12 01:31:42.849 66608 INFO tempest.lib.common.rest_client [req-e8ecdfd6-8140-418f-b7e2-ec82fde7a11a req-e8ecdfd6-8140-418f-b7e2-ec82fde7a11a ] Request (ServersAdminTestJSON:_run_cleanups): 200 GET http://10.180.1.21/compute/v2.1/servers/c15b97da-95c7-4a9d-be28-cda5cea50c2b 0.103s
2024-12-12 01:31:42.856 66586 INFO tempest.lib.common.rest_client [req-6d450ce5-1ebe-428f-8d35-cb2ef1b171a1 req-6d450ce5-1ebe-428f-8d35-cb2ef1b171a1 ] Request (ServerMetadataTestJSON:setUpClass): 200 GET http://10.180.1.21/compute/v2.1/servers/5f2f6e09-af90-465e-9451-dc4ce16fb851 0.058s
2024-12-12 01:31:42.895 66593 INFO tempest.lib.common.rest_client [req-84a0f807-c9eb-4229-bdb6-d7e1748500da req-84a0f807-c9eb-4229-bdb6-d7e1748500da ] Request (ServersTestMultiNic:test_verify_multiple_nics_order): 200 GET http://10.180.1.21/compute/v2.1/servers/18dc9467-827b-4fe0-8ddf-03c0093c7737 0.044s
2024-12-12 01:31:42.899 66584 INFO tempest.lib.common.rest_client [req-3610b584-48d2-4772-bbf7-07dd908b26c8 req-3610b584-48d2-4772-bbf7-07dd908b26c8 ] Request (ServersV294TestFqdnHostnames:setUpClass): 201 POST http://10.180.1.21/identity/v3/auth/tokens 0.073s
2024-12-12 01:31:42.927 66584 INFO tempest.lib.common.rest_client [req-b0efe8ae-011c-4961-bae5-4466a7d2d26f req-b0efe8ae-011c-4961-bae5-4466a7d2d26f ] Request (ServersV294TestFqdnHostnames:setUpClass): 201 POST http://10.180.1.21/identity/v3/auth/tokens 0.024s
2024-12-12 01:31:42.951 66584 INFO tempest.lib.common.rest_client [req-9f75e366-b275-41f7-b61e-209191d7e0b1 req-9f75e366-b275-41f7-b61e-209191d7e0b1 ] Request (ServersV294TestFqdnHostnames:setUpClass): 200 GET http://10.180.1.21/identity/v3/domains?name=Default 0.023s
2024-12-12 01:31:42.951 66566 INFO tempest.lib.common.rest_client [req-7686665b-da59-4c51-ba3b-a01ba9b90767 req-7686665b-da59-4c51-ba3b-a01ba9b90767 ] Request (ServerRescueTestJSON:test_rescue_unrescue_instance): 200 GET http://10.180.1.21/compute/v2.1/servers/0cb4c6c0-63bc-4723-bac2-62479872be0d 0.046s
2024-12-12 01:31:42.976 66584 INFO tempest.lib.common.rest_client [req-722d96aa-4571-40c3-9cf5-43222f67edac req-722d96aa-4571-40c3-9cf5-43222f67edac ] Request (ServersV294TestFqdnHostnames:setUpClass): 201 POST http://10.180.1.21/identity/v3/projects 0.025s
2024-12-12 01:31:43.033 66584 INFO tempest.lib.common.rest_client [req-f264a2da-7df0-4e06-8a50-585af108f94e req-f264a2da-7df0-4e06-8a50-585af108f94e ] Request (ServersV294TestFqdnHostnames:setUpClass): 201 POST http://10.180.1.21/identity/v3/users 0.057s
2024-12-12 01:31:43.039 66618 INFO tempest.lib.common.rest_client [req-309d8650-5e68-479a-a280-c27faa34e712 req-309d8650-5e68-479a-a280-c27faa34e712 ] Request (DeleteServersTestJSON:test_delete_active_server): 200 GET http://10.180.1.21/compute/v2.1/servers/84dd2032-59a7-48a3-8f4c-a1e7661e78a0 0.051s
2024-12-12 01:31:43.050 66584 INFO tempest.lib.common.rest_client [req-f6b976bf-9fd9-41f7-a135-1265b6a9d830 req-f6b976bf-9fd9-41f7-a135-1265b6a9d830 ] Request (ServersV294TestFqdnHostnames:setUpClass): 200 GET http://10.180.1.21/identity/v3/roles 0.016s
2024-12-12 01:31:43.074 66584 INFO tempest.lib.common.rest_client [req-95d9e8be-c1ac-4b76-b75c-3a0f2e826028 req-95d9e8be-c1ac-4b76-b75c-3a0f2e826028 ] Request (ServersV294TestFqdnHostnames:setUpClass): 204 PUT http://10.180.1.21/identity/v3/projects/d3a0f6d01a164fea9953419e1db75957/users/ef2a6b025df2433f82e407fccf0a6846/roles/9089c2f20ebf4d029641424c20f24331 0.023s
2024-12-12 01:31:43.074 66584 INFO tempest.lib.common.dynamic_creds [-] Dynamic test user ef2a6b025df2433f82e407fccf0a6846 is created with scope project and roles: ['member']
2024-12-12 01:31:43.074 66584 INFO tempest.lib.common.dynamic_creds [-] Acquired dynamic creds: credentials: Credentials: {'domain_id': 'default', 'domain_name': 'Default', 'username': 'tempest-ServersV294TestFqdnHostnames-812867868-project-member', 'project_domain_id': 'default', 'project_domain_name': 'Default', 'project_id': 'd3a0f6d01a164fea9953419e1db75957', 'project_name': 'tempest-ServersV294TestFqdnHostnames-812867868', 'tenant_id': 'd3a0f6d01a164fea9953419e1db75957', 'tenant_name': 'tempest-ServersV294TestFqdnHostnames-812867868', 'user_domain_id': 'default', 'user_domain_name': 'Default', 'user_id': 'ef2a6b025df2433f82e407fccf0a6846', 'system': None}, Network: None, Subnet: None, Router: None
2024-12-12 01:31:43.127 66584 INFO tempest.lib.common.rest_client [req-02ebf7f4-a1af-4615-ad35-3e8910e44178 req-02ebf7f4-a1af-4615-ad35-3e8910e44178 ] Request (ServersV294TestFqdnHostnames:setUpClass): 201 POST http://10.180.1.21/identity/v3/auth/tokens 0.052s
2024-12-12 01:31:43.145 66580 INFO tempest.lib.common.rest_client [req-2dd5ee2a-b5ad-4dda-9057-a33584834b9d req-2dd5ee2a-b5ad-4dda-9057-a33584834b9d ] Request (TenantUsagesTestJSON:tearDownClass): 200 GET http://10.180.1.21/compute/v2.1/servers/75e311d0-fb4c-40b4-b25e-ca9df8db5f8e 0.057s
2024-12-12 01:31:43.195 66606 INFO tempest.lib.common.rest_client [req-3a83dfed-4219-4ccd-8478-d3e5568bfc57 req-3a83dfed-4219-4ccd-8478-d3e5568bfc57 ] Request (FloatingIPsAssociationTestJSON:test_associate_already_associated_floating_ip): 200 GET http://10.180.1.21/compute/v2.1/servers/2a23b794-2acb-487c-901d-7aeca03aec83 0.053s
2024-12-12 01:31:43.248 66588 INFO tempest.lib.common.rest_client [req-3070a06f-a338-48e0-b2c4-f74f0e119fb8 req-3070a06f-a338-48e0-b2c4-f74f0e119fb8 ] Request (ServerActionsTestOtherB:setUpClass): 200 GET http://10.180.1.21/compute/v2.1/servers/0cae7f31-dbb9-4e27-81a7-34d1b1d22f8a 0.065s
2024-12-12 01:31:43.282 66568 INFO tempest.lib.common.rest_client [req-b0d7f357-852e-4c09-b58d-f9efdc628c7d req-b0d7f357-852e-4c09-b58d-f9efdc628c7d ] Request (MigrationsAdminTest:test_resize_server_revert_deleted_flavor): 200 GET http://10.180.1.21/compute/v2.1/servers/84f3ff00-94b2-4595-8046-865c3016fc77 0.157s
2024-12-12 01:31:43.315 66562 INFO tempest.lib.common.rest_client [req-becfcf0c-caf2-4918-9150-71682b814604 req-becfcf0c-caf2-4918-9150-71682b814604 ] Request (ServersAaction247Test:tearDownClass): 200 GET http://10.180.1.21/compute/v2.1/servers/98544a26-b42e-4164-8397-18188e662d64 0.076s
2024-12-12 01:31:43.386 66584 INFO tempest.lib.common.rest_client [req-007d01e7-700d-458c-89f8-5eed80a26624 req-007d01e7-700d-458c-89f8-5eed80a26624 ] Request (ServersV294TestFqdnHostnames:setUpClass): 201 POST http://10.180.1.21:9696/networking/v2.0/networks 0.259s
2024-12-12 01:31:43.430 66564 INFO tempest.lib.common.rest_client [req-5d64fe08-2065-461d-b416-1412da9d8f78 req-5d64fe08-2065-461d-b416-1412da9d8f78 ] Request (ServerDiskConfigTestJSON:test_resize_server_from_auto_to_manual): 200 GET http://10.180.1.21/compute/v2.1/servers/fa1146c8-af2b-49a6-88f0-6fee8773ce67 0.069s
2024-12-12 01:31:43.469 66604 INFO tempest.lib.common.rest_client [req-56e42f0f-a7a8-467d-a1c2-b6c09eda1662 req-56e42f0f-a7a8-467d-a1c2-b6c09eda1662 ] Request (ServerAddressesNegativeTestJSON:setUpClass): 200 GET http://10.180.1.21/compute/v2.1/servers/a0d2d3ba-cc22-45b0-92a8-0510ec0d85f9 0.143s
2024-12-12 01:31:43.475 66604 INFO tempest.common.waiters [-] State transition "BUILD/spawning" ==> "ACTIVE/None" after 63 second wait
2024-12-12 01:31:43.488 66558 INFO tempest.lib.common.rest_client [req-b1a48c61-54a8-46dc-9e72-f54482c6db03 req-b1a48c61-54a8-46dc-9e72-f54482c6db03 ] Request (AttachVolumeNegativeTest:test_attach_attached_volume_to_different_server): 200 GET http://10.180.1.21/compute/v2.1/servers/2b5c87fe-1c80-4cb9-86fe-4dd083322e71 0.081s
2024-12-12 01:31:43.503 66604 INFO tempest.lib.common.rest_client [req-fe3c9d23-478c-47ef-9d22-2cbd62c8dcfa req-fe3c9d23-478c-47ef-9d22-2cbd62c8dcfa ] Request (ServerAddressesNegativeTestJSON:test_list_server_addresses_by_network_neg): 404 GET http://10.180.1.21/compute/v2.1/servers/a0d2d3ba-cc22-45b0-92a8-0510ec0d85f9/ips/invalid 0.027s
2024-12-12 01:31:43.513 66604 INFO tempest.lib.common.rest_client [req-ac4502d9-7e36-4cb3-b0e1-15007a89cdad req-ac4502d9-7e36-4cb3-b0e1-15007a89cdad ] Request (ServerAddressesNegativeTestJSON:test_list_server_addresses_invalid_server_id): 404 GET http://10.180.1.21/compute/v2.1/servers/999/ips 0.008s
2024-12-12 01:31:43.543 66570 WARNING tempest.lib.common.ssh [-] Failed to establish authenticated ssh connection to cirros@10.180.180.240 ([Errno None] Unable to connect to port 22 on 10.180.180.240). Number attempts: 13. Retry after 14 seconds.: paramiko.ssh_exception.NoValidConnectionsError: [Errno None] Unable to connect to port 22 on 10.180.180.240
2024-12-12 01:31:43.561 66584 INFO tempest.lib.common.rest_client [req-e9d91e6c-bb08-4b59-ae81-e5f4b2bfd66d req-e9d91e6c-bb08-4b59-ae81-e5f4b2bfd66d ] Request (ServersV294TestFqdnHostnames:setUpClass): 201 POST http://10.180.1.21:9696/networking/v2.0/subnets 0.171s
2024-12-12 01:31:43.574 66620 INFO tempest.lib.common.rest_client [req-a51acc1c-afdf-426f-b1e7-422075ecc5e8 req-a51acc1c-afdf-426f-b1e7-422075ecc5e8 ] Request (ImagesTestJSON:test_create_image_from_suspended_server): 200 GET http://10.180.1.21/compute/v2.1/images/1554be2b-3472-4e05-9c95-4d0307af3173 0.042s
2024-12-12 01:31:43.587 66604 INFO tempest.lib.common.rest_client [req-50e23b65-ee3a-43af-a93b-06628956685f req-50e23b65-ee3a-43af-a93b-06628956685f ] Request (ServerAddressesNegativeTestJSON:tearDownClass): 204 DELETE http://10.180.1.21/compute/v2.1/servers/a0d2d3ba-cc22-45b0-92a8-0510ec0d85f9 0.073s
2024-12-12 01:31:43.689 66582 INFO tempest.lib.common.rest_client [req-59cb1668-8008-4c7a-a1f0-a5fa32da6d38 req-59cb1668-8008-4c7a-a1f0-a5fa32da6d38 ] Request (ServerActionsTestOtherA:setUpClass): 200 GET http://10.180.1.21/compute/v2.1/servers/29223975-ba66-48c1-9dd6-07143475fb2a 0.069s
2024-12-12 01:31:43.755 66604 INFO tempest.lib.common.rest_client [req-2c96f171-b5f0-45dd-8574-57656b2ea00d req-2c96f171-b5f0-45dd-8574-57656b2ea00d ] Request (ServerAddressesNegativeTestJSON:tearDownClass): 200 GET http://10.180.1.21/compute/v2.1/servers/a0d2d3ba-cc22-45b0-92a8-0510ec0d85f9 0.168s
2024-12-12 01:31:43.808 66616 INFO tempest.lib.common.rest_client [req-a37caa47-5433-413c-b7f2-7030ceb63131 req-a37caa47-5433-413c-b7f2-7030ceb63131 ] Request (ListImageFiltersTestJSON:tearDownClass): 200 GET http://10.180.1.21/compute/v2.1/servers/123a890e-3772-4f4f-b12d-5fae028ee895 0.066s
2024-12-12 01:31:43.936 66586 INFO tempest.lib.common.rest_client [req-17c55fe1-715c-4521-9d94-79fc37299f15 req-17c55fe1-715c-4521-9d94-79fc37299f15 ] Request (ServerMetadataTestJSON:setUpClass): 200 GET http://10.180.1.21/compute/v2.1/servers/5f2f6e09-af90-465e-9451-dc4ce16fb851 0.073s
2024-12-12 01:31:44.009 66593 INFO tempest.lib.common.rest_client [req-9e0e9cb6-0518-4167-b76e-15513ad49201 req-9e0e9cb6-0518-4167-b76e-15513ad49201 ] Request (ServersTestMultiNic:test_verify_multiple_nics_order): 200 GET http://10.180.1.21/compute/v2.1/servers/18dc9467-827b-4fe0-8ddf-03c0093c7737 0.107s
2024-12-12 01:31:44.086 66566 INFO tempest.lib.common.rest_client [req-cbcd89f0-0190-4bab-bd7a-bdaeff7776bb req-cbcd89f0-0190-4bab-bd7a-bdaeff7776bb ] Request (ServerRescueTestJSON:test_rescue_unrescue_instance): 200 GET http://10.180.1.21/compute/v2.1/servers/0cb4c6c0-63bc-4723-bac2-62479872be0d 0.127s
2024-12-12 01:31:44.144 66608 INFO tempest.lib.common.rest_client [req-5c91db80-11b6-4524-9da8-04f872a4e861 req-5c91db80-11b6-4524-9da8-04f872a4e861 ] Request (ServersAdminTestJSON:_run_cleanups): 200 GET http://10.180.1.21/compute/v2.1/servers/c15b97da-95c7-4a9d-be28-cda5cea50c2b 0.288s
2024-12-12 01:31:44.153 66618 INFO tempest.lib.common.rest_client [req-effc0fb9-0d3d-4506-80bb-af5b799108e3 req-effc0fb9-0d3d-4506-80bb-af5b799108e3 ] Request (DeleteServersTestJSON:test_delete_active_server): 200 GET http://10.180.1.21/compute/v2.1/servers/84dd2032-59a7-48a3-8f4c-a1e7661e78a0 0.106s
2024-12-12 01:31:44.158 66618 INFO tempest.common.waiters [-] State transition "BUILD/None" ==> "BUILD/networking" after 45 second wait
2024-12-12 01:31:44.178 66580 INFO tempest.lib.common.rest_client [req-8d9b7c15-5d5a-4a6f-8977-74d7913212bc req-8d9b7c15-5d5a-4a6f-8977-74d7913212bc ] Request (TenantUsagesTestJSON:tearDownClass): 404 GET http://10.180.1.21/compute/v2.1/servers/75e311d0-fb4c-40b4-b25e-ca9df8db5f8e 0.025s
