2024-12-12 01:32:03.158 66568 INFO tempest.lib.common.rest_client [req-adb04d96-68a3-4d23-b2f8-a875ac19aeb8 req-adb04d96-68a3-4d23-b2f8-a875ac19aeb8 ] Request (MigrationsAdminTest:test_resize_server_revert_deleted_flavor): 200 GET http://10.180.1.21/compute/v2.1/servers/84f3ff00-94b2-4595-8046-865c3016fc77 0.755s
2024-12-12 01:32:03.222 66618 INFO tempest.lib.common.rest_client [req-ad41596f-ee92-4f30-a321-6422e812beb3 req-ad41596f-ee92-4f30-a321-6422e812beb3 ] Request (DeleteServersTestJSON:test_delete_active_server): 200 GET http://10.180.1.21/compute/v2.1/servers/84dd2032-59a7-48a3-8f4c-a1e7661e78a0 0.745s
2024-12-12 01:32:03.280 66593 INFO tempest.lib.common.rest_client [req-ad2515fb-8cf8-4f59-8e54-70a835b9c10d req-ad2515fb-8cf8-4f59-8e54-70a835b9c10d ] Request (ServersTestMultiNic:test_verify_multiple_nics_order): 200 GET http://10.180.1.21/compute/v2.1/servers/18dc9467-827b-4fe0-8ddf-03c0093c7737 0.728s
2024-12-12 01:32:03.363 66566 INFO tempest.lib.common.rest_client [req-c53b984a-1a74-423f-8b20-fcff7ca05ed8 req-c53b984a-1a74-423f-8b20-fcff7ca05ed8 ] Request (ServerRescueTestJSON:test_rescue_unrescue_instance): 200 GET http://10.180.1.21/compute/v2.1/servers/0cb4c6c0-63bc-4723-bac2-62479872be0d 0.736s
2024-12-12 01:32:03.429 66616 INFO tempest.lib.common.rest_client [req-50b3bbc5-2629-448e-8e3d-9c42cf58a9c0 req-50b3bbc5-2629-448e-8e3d-9c42cf58a9c0 ] Request (ListImageFiltersTestJSON:tearDownClass): 204 DELETE http://10.180.1.21/compute/v2.1/images/74946be8-bd5c-41ef-8732-88430e6933c0 0.644s
2024-12-12 01:32:03.584 66600 INFO tempest.lib.common.rest_client [req-08c1bd68-d77b-4919-b783-c398d8a38616 req-08c1bd68-d77b-4919-b783-c398d8a38616 ] Request (ServerActionsV293TestJSON:test_rebuild_volume_backed_server): 200 GET http://10.180.1.21/compute/v2.1/servers/b791bdf7-feaa-4752-a8a6-45d1562e4874 0.751s
2024-12-12 01:32:03.652 66604 INFO tempest.lib.common.rest_client [req-cbbde414-07ce-4d84-8ed6-65d774b7ff94 req-cbbde414-07ce-4d84-8ed6-65d774b7ff94 ] Request (ServerAddressesNegativeTestJSON:tearDownClass): 200 GET http://10.180.1.21/compute/v2.1/servers/a0d2d3ba-cc22-45b0-92a8-0510ec0d85f9 0.751s
2024-12-12 01:32:03.707 66620 INFO tempest.lib.common.rest_client [req-581fc9c8-4815-4a0c-814b-3e4903777767 req-581fc9c8-4815-4a0c-814b-3e4903777767 ] Request (ImagesTestJSON:test_create_server_from_snapshot): 200 GET http://10.180.1.21/compute/v2.1/servers/ac81bf4e-9010-4ff5-9857-18690b409637 0.745s
2024-12-12 01:32:03.883 66588 INFO tempest.lib.common.rest_client [req-34b50071-6502-4e12-a408-a12b5389fb83 req-34b50071-6502-4e12-a408-a12b5389fb83 ] Request (ServerActionsTestOtherB:setUpClass): 200 GET http://10.180.1.21/compute/v2.1/servers/0cae7f31-dbb9-4e27-81a7-34d1b1d22f8a 0.902s
2024-12-12 01:32:03.897 66606 INFO tempest.lib.common.rest_client [req-9e227de1-7c3e-4669-95d2-e2022f8d325a req-9e227de1-7c3e-4669-95d2-e2022f8d325a ] Request (FloatingIPsAssociationTestJSON:_run_cleanups): 202 POST http://10.180.1.21/compute/v2.1/servers/2a23b794-2acb-487c-901d-7aeca03aec83/action 1.507s
2024-12-12 01:32:03.938 66582 INFO tempest.lib.common.rest_client [req-02754c38-9af8-401b-a9e6-25447e80df90 req-02754c38-9af8-401b-a9e6-25447e80df90 ] Request (ServerActionsTestOtherA:setUpClass): 200 GET http://10.180.1.21/compute/v2.1/servers/29223975-ba66-48c1-9dd6-07143475fb2a 0.897s
2024-12-12 01:32:03.949 66582 INFO tempest.common.waiters [-] State transition "BUILD/None" ==> "BUILD/networking" after 31 second wait
2024-12-12 01:32:04.013 66572 INFO tempest.lib.common.rest_client [req-895f0915-71cd-4b58-b14f-53f05cdff28f req-895f0915-71cd-4b58-b14f-53f05cdff28f ] Request (AttachInterfacesTestJSON:test_create_list_show_delete_interfaces_by_fixed_ip): 200 GET http://10.180.1.21/compute/v2.1/servers/d96af944-fba1-4df4-a0f7-0566ae562500/os-interface 0.889s
2024-12-12 01:32:04.102 66564 INFO tempest.lib.common.rest_client [req-bcbe7f68-eba0-4b49-8773-8d1920251f92 req-bcbe7f68-eba0-4b49-8773-8d1920251f92 ] Request (ServerDiskConfigTestJSON:test_resize_server_from_auto_to_manual): 200 GET http://10.180.1.21/compute/v2.1/servers/fa1146c8-af2b-49a6-88f0-6fee8773ce67 0.967s
2024-12-12 01:32:04.164 66558 INFO tempest.lib.common.rest_client [req-967c0d1c-e124-4ca2-b775-f8ca40eee0ee req-967c0d1c-e124-4ca2-b775-f8ca40eee0ee ] Request (AttachVolumeNegativeTest:test_attach_attached_volume_to_different_server): 200 GET http://10.180.1.21/compute/v2.1/servers/2b5c87fe-1c80-4cb9-86fe-4dd083322e71 0.860s
2024-12-12 01:32:04.165 66608 INFO tempest.lib.common.rest_client [req-bc9ed9cc-bd30-4b1f-8fb2-1441b73a74df req-bc9ed9cc-bd30-4b1f-8fb2-1441b73a74df ] Request (ServersAdminTestJSON:tearDownClass): 200 GET http://10.180.1.21/compute/v2.1/servers/77038eff-3013-423d-b1bf-a6d14e892441 0.775s
2024-12-12 01:32:04.222 66584 INFO tempest.lib.common.rest_client [req-5f9af27f-2002-4ae3-ad30-06a62266b356 req-5f9af27f-2002-4ae3-ad30-06a62266b356 ] Request (ServersV294TestFqdnHostnames:setUpClass): 200 GET http://10.180.1.21/compute/v2.1/servers/2eb62df9-005e-488f-b800-02867ec2fa81 0.742s
2024-12-12 01:32:04.237 66616 INFO tempest.lib.common.rest_client [req-57a28c61-5cec-4b52-b0f4-fbf742adb3e8 req-57a28c61-5cec-4b52-b0f4-fbf742adb3e8 ] Request (ListImageFiltersTestJSON:tearDownClass): 204 DELETE http://10.180.1.21/compute/v2.1/images/3cf8da32-724b-4b1e-83d0-7e79eafd5b13 0.808s
2024-12-12 01:32:04.275 66610 WARNING tempest.lib.common.ssh [-] Failed to establish authenticated ssh connection to cirros@10.180.180.160 ([Errno None] Unable to connect to port 22 on 10.180.180.160). Number attempts: 13. Retry after 14 seconds.: paramiko.ssh_exception.NoValidConnectionsError: [Errno None] Unable to connect to port 22 on 10.180.180.160
2024-12-12 01:32:04.337 66606 INFO tempest.lib.common.rest_client [req-4d3a4205-5d24-40b2-bacf-846262f05633 req-4d3a4205-5d24-40b2-bacf-846262f05633 ] Request (FloatingIPsAssociationTestJSON:_run_cleanups): 204 DELETE http://10.180.1.21/compute/v2.1/servers/2a23b794-2acb-487c-901d-7aeca03aec83 0.440s
2024-12-12 01:32:04.366 66586 INFO tempest.lib.common.rest_client [req-36a8632c-70e2-4154-a774-15c6417d9b4d req-36a8632c-70e2-4154-a774-15c6417d9b4d ] Request (ServerMetadataTestJSON:setUpClass): 200 GET http://10.180.1.21/compute/v2.1/servers/5f2f6e09-af90-465e-9451-dc4ce16fb851 0.636s
2024-12-12 01:32:04.375 66586 INFO tempest.common.waiters [-] State transition "BUILD/block_device_mapping" ==> "BUILD/spawning" after 34 second wait
2024-12-12 01:32:04.402 66616 INFO tempest.lib.common.rest_client [req-01617ba5-cdc4-447a-a870-c660bf902fe4 req-01617ba5-cdc4-447a-a870-c660bf902fe4 ] Request (ListImageFiltersTestJSON:tearDownClass): 204 DELETE http://10.180.1.21/identity/v3/users/4d810ec10d064797b4b2dafab8b4ef9c 0.164s
2024-12-12 01:32:04.403 66616 INFO tempest.lib.common.dynamic_creds [-] Deleting project and security group for project: dcac247fc8bf4106b7d5257752dc2064
2024-12-12 01:32:04.481 66572 INFO tempest.lib.common.rest_client [req-8415608f-aefb-49f0-98f9-319e6b1290e1 req-8415608f-aefb-49f0-98f9-319e6b1290e1 ] Request (AttachInterfacesTestJSON:test_create_list_show_delete_interfaces_by_fixed_ip): 200 GET http://10.180.1.21/compute/v2.1/servers/d96af944-fba1-4df4-a0f7-0566ae562500/os-interface/e2fa7604-8c67-448e-9587-be06acc0986c 0.466s
2024-12-12 01:32:04.483 66616 INFO tempest.lib.common.rest_client [req-e3c5cb99-ae38-437c-a808-f262a372a8e7 req-e3c5cb99-ae38-437c-a808-f262a372a8e7 ] Request (ListImageFiltersTestJSON:tearDownClass): 201 POST http://10.180.1.21/identity/v3/auth/tokens 0.080s
2024-12-12 01:32:04.564 66568 INFO tempest.lib.common.rest_client [req-5ff14a99-f716-417e-9839-dde9c71533ee req-5ff14a99-f716-417e-9839-dde9c71533ee ] Request (MigrationsAdminTest:test_resize_server_revert_deleted_flavor): 200 GET http://10.180.1.21/compute/v2.1/servers/84f3ff00-94b2-4595-8046-865c3016fc77 0.394s
2024-12-12 01:32:04.568 66618 INFO tempest.lib.common.rest_client [req-10472f99-ed51-4b2e-89aa-062cec17adb7 req-10472f99-ed51-4b2e-89aa-062cec17adb7 ] Request (DeleteServersTestJSON:test_delete_active_server): 200 GET http://10.180.1.21/compute/v2.1/servers/84dd2032-59a7-48a3-8f4c-a1e7661e78a0 0.337s
2024-12-12 01:32:04.575 66568 INFO tempest.common.waiters [-] State transition "RESIZE/resize_finish" ==> "VERIFY_RESIZE/None" after 54 second wait
2024-12-12 01:32:04.627 66593 INFO tempest.lib.common.rest_client [req-98c0bed9-e659-4d34-94bd-a9b3e29b35a1 req-98c0bed9-e659-4d34-94bd-a9b3e29b35a1 ] Request (ServersTestMultiNic:test_verify_multiple_nics_order): 200 GET http://10.180.1.21/compute/v2.1/servers/18dc9467-827b-4fe0-8ddf-03c0093c7737 0.336s
2024-12-12 01:32:04.646 66616 INFO tempest.lib.common.rest_client [req-bcbcb2a0-0a90-4314-b05c-f4f2d4379744 req-bcbcb2a0-0a90-4314-b05c-f4f2d4379744 ] Request (ListImageFiltersTestJSON:tearDownClass): 200 GET http://10.180.1.21:9696/networking/v2.0/security-groups?tenant_id=dcac247fc8bf4106b7d5257752dc2064&name=default 0.163s
2024-12-12 01:32:04.665 66572 INFO tempest.lib.common.rest_client [req-c0485a5b-aaf7-4b97-840a-6e9f26c8e4d3 req-c0485a5b-aaf7-4b97-840a-6e9f26c8e4d3 ] Request (AttachInterfacesTestJSON:test_create_list_show_delete_interfaces_by_fixed_ip): 200 GET http://10.180.1.21:9696/networking/v2.0/ports?network_id=a94d385f-71ec-4be6-b04d-8fd365f0788d 0.182s
2024-12-12 01:32:04.694 66566 INFO tempest.lib.common.rest_client [req-a462e5b7-e4e9-48b5-a5fc-9ba5cccb5ef2 req-a462e5b7-e4e9-48b5-a5fc-9ba5cccb5ef2 ] Request (ServerRescueTestJSON:test_rescue_unrescue_instance): 200 GET http://10.180.1.21/compute/v2.1/servers/0cb4c6c0-63bc-4723-bac2-62479872be0d 0.322s
2024-12-12 01:32:04.725 66572 INFO tempest.lib.common.rest_client [req-44b4bf9a-4bd8-462f-b67b-2c2ac9f547ce req-44b4bf9a-4bd8-462f-b67b-2c2ac9f547ce ] Request (AttachInterfacesTestJSON:test_create_list_show_delete_interfaces_by_fixed_ip): 200 GET http://10.180.1.21:9696/networking/v2.0/subnets/e569ec85-e779-4ac6-9760-4af5194ee31d 0.060s
2024-12-12 01:32:04.816 66568 INFO tempest.lib.common.rest_client [req-c357c4a0-de8d-45ac-8125-ad1df32939e0 req-c357c4a0-de8d-45ac-8125-ad1df32939e0 ] Request (MigrationsAdminTest:test_resize_server_revert_deleted_flavor): 202 POST http://10.180.1.21/compute/v2.1/servers/84f3ff00-94b2-4595-8046-865c3016fc77/action 0.240s
2024-12-12 01:32:04.908 66616 INFO tempest.lib.common.rest_client [req-00faac0f-9843-40e4-93a9-0704aae93bdc req-00faac0f-9843-40e4-93a9-0704aae93bdc ] Request (ListImageFiltersTestJSON:tearDownClass): 204 DELETE http://10.180.1.21:9696/networking/v2.0/security-groups/71e3382b-e894-4492-a960-dd976437ee5e 0.261s
2024-12-12 01:32:05.009 66616 INFO tempest.lib.common.rest_client [req-faf42b8a-3b6c-452f-bbfc-841296671b18 req-faf42b8a-3b6c-452f-bbfc-841296671b18 ] Request (ListImageFiltersTestJSON:tearDownClass): 204 DELETE http://10.180.1.21/identity/v3/projects/dcac247fc8bf4106b7d5257752dc2064 0.100s
2024-12-12 01:32:05.026 66600 INFO tempest.lib.common.rest_client [req-0e2e8d01-641e-4ff2-8aa5-41ef4a3fae50 req-0e2e8d01-641e-4ff2-8aa5-41ef4a3fae50 ] Request (ServerActionsV293TestJSON:test_rebuild_volume_backed_server): 200 GET http://10.180.1.21/compute/v2.1/servers/b791bdf7-feaa-4752-a8a6-45d1562e4874 0.431s
2024-12-12 01:32:05.097 66614 WARNING tempest.lib.common.ssh [-] Failed to establish authenticated ssh connection to cirros@10.180.180.176 ([Errno None] Unable to connect to port 22 on 10.180.180.176). Number attempts: 12. Retry after 13 seconds.: paramiko.ssh_exception.NoValidConnectionsError: [Errno None] Unable to connect to port 22 on 10.180.180.176
2024-12-12 01:32:05.101 66616 INFO tempest.lib.common.rest_client [req-77503e95-fdb8-4056-92f1-815d321f4d08 req-77503e95-fdb8-4056-92f1-815d321f4d08 ] Request (ServersTestBootFromVolume:setUpClass): 201 POST http://10.180.1.21/identity/v3/auth/tokens 0.090s
2024-12-12 01:32:05.122 66604 INFO tempest.lib.common.rest_client [req-1b505cf6-c667-48c1-9077-b5dc2517e5a4 req-1b505cf6-c667-48c1-9077-b5dc2517e5a4 ] Request (ServerAddressesNegativeTestJSON:tearDownClass): 200 GET http://10.180.1.21/compute/v2.1/servers/a0d2d3ba-cc22-45b0-92a8-0510ec0d85f9 0.462s
2024-12-12 01:32:05.141 66616 INFO tempest.lib.common.rest_client [req-ec0e3185-b7ad-41b8-9ef7-bd801a444534 req-ec0e3185-b7ad-41b8-9ef7-bd801a444534 ] Request (ServersTestBootFromVolume:setUpClass): 201 POST http://10.180.1.21/identity/v3/auth/tokens 0.037s
2024-12-12 01:32:05.171 66616 INFO tempest.lib.common.rest_client [req-a95be034-29b6-4d97-81b3-7f6ce815bd47 req-a95be034-29b6-4d97-81b3-7f6ce815bd47 ] Request (ServersTestBootFromVolume:setUpClass): 200 GET http://10.180.1.21/identity/v3/domains?name=Default 0.030s
2024-12-12 01:32:05.187 66620 INFO tempest.lib.common.rest_client [req-39556fe3-c1bc-40f3-b51e-8389b7dfb28f req-39556fe3-c1bc-40f3-b51e-8389b7dfb28f ] Request (ImagesTestJSON:test_create_server_from_snapshot): 200 GET http://10.180.1.21/compute/v2.1/servers/ac81bf4e-9010-4ff5-9857-18690b409637 0.472s
2024-12-12 01:32:05.210 66616 INFO tempest.lib.common.rest_client [req-ecf99dc5-a946-4a68-8e74-fa13e9a9ecc7 req-ecf99dc5-a946-4a68-8e74-fa13e9a9ecc7 ] Request (ServersTestBootFromVolume:setUpClass): 201 POST http://10.180.1.21/identity/v3/projects 0.038s
2024-12-12 01:32:05.281 66616 INFO tempest.lib.common.rest_client [req-c26c01db-a1c3-48ab-ad81-b62a7797ddb1 req-c26c01db-a1c3-48ab-ad81-b62a7797ddb1 ] Request (ServersTestBootFromVolume:setUpClass): 201 POST http://10.180.1.21/identity/v3/users 0.070s
2024-12-12 01:32:05.302 66616 INFO tempest.lib.common.rest_client [req-41d3327e-c1db-4b4d-b8ce-f6b1b611ad99 req-41d3327e-c1db-4b4d-b8ce-f6b1b611ad99 ] Request (ServersTestBootFromVolume:setUpClass): 200 GET http://10.180.1.21/identity/v3/roles 0.020s
2024-12-12 01:32:05.339 66616 INFO tempest.lib.common.rest_client [req-0191f61e-eb52-406a-a520-f0ebf7f44838 req-0191f61e-eb52-406a-a520-f0ebf7f44838 ] Request (ServersTestBootFromVolume:setUpClass): 204 PUT http://10.180.1.21/identity/v3/projects/0cff4cb408424815a68972facd85e4f1/users/e089e8c32a1e4a9daeb54d804e693fe0/roles/9089c2f20ebf4d029641424c20f24331 0.036s
2024-12-12 01:32:05.339 66616 INFO tempest.lib.common.dynamic_creds [-] Dynamic test user e089e8c32a1e4a9daeb54d804e693fe0 is created with scope project and roles: ['member']
2024-12-12 01:32:05.339 66616 INFO tempest.lib.common.dynamic_creds [-] Acquired dynamic creds: credentials: Credentials: {'domain_id': 'default', 'domain_name': 'Default', 'username': 'tempest-ServersTestBootFromVolume-1467665514-project-member', 'project_domain_id': 'default', 'project_domain_name': 'Default', 'project_id': '0cff4cb408424815a68972facd85e4f1', 'project_name': 'tempest-ServersTestBootFromVolume-1467665514', 'tenant_id': '0cff4cb408424815a68972facd85e4f1', 'tenant_name': 'tempest-ServersTestBootFromVolume-1467665514', 'user_domain_id': 'default', 'user_domain_name': 'Default', 'user_id': 'e089e8c32a1e4a9daeb54d804e693fe0', 'system': None}, Network: None, Subnet: None, Router: None
2024-12-12 01:32:05.427 66616 INFO tempest.lib.common.rest_client [req-334c6158-b05b-446e-8df8-802c5a8cddca req-334c6158-b05b-446e-8df8-802c5a8cddca ] Request (ServersTestBootFromVolume:setUpClass): 201 POST http://10.180.1.21/identity/v3/auth/tokens 0.087s
2024-12-12 01:32:05.544 66594 WARNING tempest.lib.common.ssh [-] Failed to establish authenticated ssh connection to cirros@10.180.180.244 ([Errno None] Unable to connect to port 22 on 10.180.180.244). Number attempts: 9. Retry after 10 seconds.: paramiko.ssh_exception.NoValidConnectionsError: [Errno None] Unable to connect to port 22 on 10.180.180.244
2024-12-12 01:32:05.671 66616 INFO tempest.lib.common.rest_client [req-9f6149e3-2225-406c-89a9-aef01a118415 req-9f6149e3-2225-406c-89a9-aef01a118415 ] Request (ServersTestBootFromVolume:setUpClass): 201 POST http://10.180.1.21:9696/networking/v2.0/networks 0.244s
2024-12-12 01:32:05.822 66616 INFO tempest.lib.common.rest_client [req-6f4ccf7b-94e7-4789-9036-157a68cff80f req-6f4ccf7b-94e7-4789-9036-157a68cff80f ] Request (ServersTestBootFromVolume:setUpClass): 201 POST http://10.180.1.21:9696/networking/v2.0/subnets 0.151s
2024-12-12 01:32:05.899 66606 INFO tempest.lib.common.rest_client [req-de6bf2cd-e145-423a-ad6b-6393cbada648 req-de6bf2cd-e145-423a-ad6b-6393cbada648 ] Request (FloatingIPsAssociationTestJSON:test_associate_disassociate_floating_ip): 202 POST http://10.180.1.21/compute/v2.1/servers/82059c94-0c99-48af-8ecb-e9bd695ba6f3/action 1.561s
2024-12-12 01:32:06.007 66568 INFO tempest.lib.common.rest_client [req-4b8206de-5ef6-4f31-8fb2-578991c77cc5 req-4b8206de-5ef6-4f31-8fb2-578991c77cc5 ] Request (MigrationsAdminTest:test_resize_server_revert_deleted_flavor): 200 GET http://10.180.1.21/compute/v2.1/servers/84f3ff00-94b2-4595-8046-865c3016fc77 1.191s
2024-12-12 01:32:06.155 66588 INFO tempest.lib.common.rest_client [req-987d6bdf-835c-4ad4-9e72-7b2740ef2ae8 req-987d6bdf-835c-4ad4-9e72-7b2740ef2ae8 ] Request (ServerActionsTestOtherB:setUpClass): 200 GET http://10.180.1.21/compute/v2.1/servers/0cae7f31-dbb9-4e27-81a7-34d1b1d22f8a 1.263s
2024-12-12 01:32:06.429 66582 INFO tempest.lib.common.rest_client [req-85408ab9-6e0c-4565-8c63-2beac17f9148 req-85408ab9-6e0c-4565-8c63-2beac17f9148 ] Request (ServerActionsTestOtherA:setUpClass): 200 GET http://10.180.1.21/compute/v2.1/servers/29223975-ba66-48c1-9dd6-07143475fb2a 1.480s
2024-12-12 01:32:06.445 66582 INFO tempest.common.waiters [-] State transition "BUILD/networking" ==> "BUILD/spawning" after 34 second wait
2024-12-12 01:32:06.549 66564 INFO tempest.lib.common.rest_client [req-8e847fd6-2134-4e7d-952b-1dbfcb2f61c8 req-8e847fd6-2134-4e7d-952b-1dbfcb2f61c8 ] Request (ServerDiskConfigTestJSON:test_resize_server_from_auto_to_manual): 200 GET http://10.180.1.21/compute/v2.1/servers/fa1146c8-af2b-49a6-88f0-6fee8773ce67 1.438s
2024-12-12 01:32:06.557 66564 INFO tempest.common.waiters [-] State transition "BUILD/spawning" ==> "ACTIVE/None" after 52 second wait
2024-12-12 01:32:06.641 66558 INFO tempest.lib.common.rest_client [req-cbef5a5e-633b-4540-8d2f-1a1ed428beb0 req-cbef5a5e-633b-4540-8d2f-1a1ed428beb0 ] Request (AttachVolumeNegativeTest:test_attach_attached_volume_to_different_server): 200 GET http://10.180.1.21/compute/v2.1/servers/2b5c87fe-1c80-4cb9-86fe-4dd083322e71 1.469s
2024-12-12 01:32:06.691 66616 INFO tempest.lib.common.rest_client [req-40783811-8f2a-46f8-af4f-e64735b6af41 req-40783811-8f2a-46f8-af4f-e64735b6af41 ] Request (ServersTestBootFromVolume:setUpClass): 201 POST http://10.180.1.21:9696/networking/v2.0/routers 0.868s
2024-12-12 01:32:06.730 66608 INFO tempest.lib.common.rest_client [req-4c74029a-d9fe-4d84-a3bf-d75cb9a3358e req-4c74029a-d9fe-4d84-a3bf-d75cb9a3358e ] Request (ServersAdminTestJSON:tearDownClass): 200 GET http://10.180.1.21/compute/v2.1/servers/77038eff-3013-423d-b1bf-a6d14e892441 1.554s
2024-12-12 01:32:06.803 66584 INFO tempest.lib.common.rest_client [req-e217c5a7-9cb8-46ed-b97a-7cbecfde5d70 req-e217c5a7-9cb8-46ed-b97a-7cbecfde5d70 ] Request (ServersV294TestFqdnHostnames:setUpClass): 200 GET http://10.180.1.21/compute/v2.1/servers/2eb62df9-005e-488f-b800-02867ec2fa81 1.567s
2024-12-12 01:32:07.180 66586 INFO tempest.lib.common.rest_client [req-ac126666-91c9-4900-99a5-27b6532fedb8 req-ac126666-91c9-4900-99a5-27b6532fedb8 ] Request (ServerMetadataTestJSON:setUpClass): 200 GET http://10.180.1.21/compute/v2.1/servers/5f2f6e09-af90-465e-9451-dc4ce16fb851 1.805s
2024-12-12 01:32:07.251 66618 INFO tempest.lib.common.rest_client [req-7e81e670-b248-4bd9-a876-a51af4ce4fee req-7e81e670-b248-4bd9-a876-a51af4ce4fee ] Request (DeleteServersTestJSON:test_delete_active_server): 200 GET http://10.180.1.21/compute/v2.1/servers/84dd2032-59a7-48a3-8f4c-a1e7661e78a0 1.674s
2024-12-12 01:32:07.336 66593 INFO tempest.lib.common.rest_client [req-525f7c46-4697-4831-911b-6b8c355d50c3 req-525f7c46-4697-4831-911b-6b8c355d50c3 ] Request (ServersTestMultiNic:test_verify_multiple_nics_order): 200 GET http://10.180.1.21/compute/v2.1/servers/18dc9467-827b-4fe0-8ddf-03c0093c7737 1.702s
2024-12-12 01:32:07.659 66566 INFO tempest.lib.common.rest_client [req-8babfb51-1008-4201-a987-32ace8bcaa0f req-8babfb51-1008-4201-a987-32ace8bcaa0f ] Request (ServerRescueTestJSON:test_rescue_unrescue_instance): 200 GET http://10.180.1.21/compute/v2.1/servers/0cb4c6c0-63bc-4723-bac2-62479872be0d 1.952s
2024-12-12 01:32:07.667 66566 INFO tempest.common.waiters [-] State transition "BUILD/None" ==> "BUILD/networking" after 34 second wait
2024-12-12 01:32:07.843 66606 INFO tempest.lib.common.rest_client [req-9c66feca-27cf-4588-81f5-046578334f47 req-9c66feca-27cf-4588-81f5-046578334f47 ] Request (FloatingIPsAssociationTestJSON:test_associate_disassociate_floating_ip): 200 GET http://10.180.1.21/compute/v2.1/os-floating-ips/0f80df77-8794-4c64-a4f6-eeaeac34d417 1.943s
2024-12-12 01:32:07.847 66590 WARNING tempest.lib.common.ssh [-] Failed to establish authenticated ssh connection to cirros@10.180.180.207 ([Errno None] Unable to connect to port 22 on 10.180.180.207). Number attempts: 10. Retry after 11 seconds.: paramiko.ssh_exception.NoValidConnectionsError: [Errno None] Unable to connect to port 22 on 10.180.180.207
2024-12-12 01:32:08.118 66600 INFO tempest.lib.common.rest_client [req-eaa70333-c14c-49c0-8f00-8688f64eb553 req-eaa70333-c14c-49c0-8f00-8688f64eb553 ] Request (ServerActionsV293TestJSON:test_rebuild_volume_backed_server): 200 GET http://10.180.1.21/compute/v2.1/servers/b791bdf7-feaa-4752-a8a6-45d1562e4874 2.076s
2024-12-12 01:32:08.128 66600 INFO tempest.common.waiters [-] State transition "REBUILD/rebuilding" ==> "ERROR/None" after 7 second wait
2024-12-12 01:32:08.227 66604 INFO tempest.lib.common.rest_client [req-752e4c2c-97c3-40a5-9907-310d48704c1c req-752e4c2c-97c3-40a5-9907-310d48704c1c ] Request (ServerAddressesNegativeTestJSON:tearDownClass): 200 GET http://10.180.1.21/compute/v2.1/servers/a0d2d3ba-cc22-45b0-92a8-0510ec0d85f9 2.093s
2024-12-12 01:32:08.293 66620 INFO tempest.lib.common.rest_client [req-b6e334f7-f670-4e87-b4a3-f4a764acb2ed req-b6e334f7-f670-4e87-b4a3-f4a764acb2ed ] Request (ImagesTestJSON:test_create_server_from_snapshot): 200 GET http://10.180.1.21/compute/v2.1/servers/ac81bf4e-9010-4ff5-9857-18690b409637 2.096s
2024-12-12 01:32:08.504 66564 INFO tempest.lib.common.rest_client [req-2ce31c1a-90cd-4faa-aff8-3258469e1df6 req-2ce31c1a-90cd-4faa-aff8-3258469e1df6 ] Request (ServerDiskConfigTestJSON:test_resize_server_from_auto_to_manual): 200 GET http://10.180.1.21/compute/v2.1/servers/fa1146c8-af2b-49a6-88f0-6fee8773ce67 1.946s
2024-12-12 01:32:08.714 66568 INFO tempest.lib.common.rest_client [req-f8b66d01-74a8-41a3-a410-d35c4277d898 req-f8b66d01-74a8-41a3-a410-d35c4277d898 ] Request (MigrationsAdminTest:test_resize_server_revert_deleted_flavor): 200 GET http://10.180.1.21/compute/v2.1/servers/84f3ff00-94b2-4595-8046-865c3016fc77 1.698s
2024-12-12 01:32:08.715 66616 INFO tempest.lib.common.rest_client [req-431c1f06-abc0-4a29-91c7-2245ea919596 req-431c1f06-abc0-4a29-91c7-2245ea919596 ] Request (ServersTestBootFromVolume:setUpClass): 200 PUT http://10.180.1.21:9696/networking/v2.0/routers/c6de7ff2-da20-4dd2-a11c-322f1468ac4d/add_router_interface 2.023s
2024-12-12 01:32:08.715 66616 INFO tempest.lib.common.dynamic_creds [-] Created isolated network resources for: credentials: Credentials: {'domain_id': 'default', 'domain_name': 'Default', 'username': 'tempest-ServersTestBootFromVolume-1467665514-project-member', 'project_domain_id': 'default', 'project_domain_name': 'Default', 'project_id': '0cff4cb408424815a68972facd85e4f1', 'project_name': 'tempest-ServersTestBootFromVolume-1467665514', 'tenant_id': '0cff4cb408424815a68972facd85e4f1', 'tenant_name': 'tempest-ServersTestBootFromVolume-1467665514', 'user_domain_id': 'default', 'user_domain_name': 'Default', 'user_id': 'e089e8c32a1e4a9daeb54d804e693fe0', 'system': None}, Network: {'id': '69c80f2b-eb70-4a78-b161-111b1ca2cd12', 'name': 'tempest-ServersTestBootFromVolume-1939641634-network', 'tenant_id': '0cff4cb408424815a68972facd85e4f1', 'admin_state_up': True, 'mtu': 8950, 'status': 'ACTIVE', 'subnets': [], 'shared': False, 'project_id': '0cff4cb408424815a68972facd85e4f1', 'port_security_enabled': True, 'router:external': False, 'provider:network_type': 'vlan', 'provider:physical_network': 'default', 'provider:segmentation_id': 775, 'availability_zone_hints': [], 'availability_zones': [], 'ipv4_address_scope': None, 'ipv6_address_scope': None, 'description': '', 'tags': [], 'created_at': '2024-12-12T01:32:05Z', 'updated_at': '2024-12-12T01:32:05Z', 'revision_number': 1}, Subnet: {'id': 'c1909f76-044c-421c-a4cf-51e54915a40d', 'name': 'tempest-ServersTestBootFromVolume-1939641634-subnet', 'tenant_id': '0cff4cb408424815a68972facd85e4f1', 'network_id': '69c80f2b-eb70-4a78-b161-111b1ca2cd12', 'ip_version': 4, 'subnetpool_id': None, 'enable_dhcp': True, 'ipv6_ra_mode': None, 'ipv6_address_mode': None, 'gateway_ip': '192.168.128.1', 'cidr': '192.168.128.0/28', 'allocation_pools': [{'start': '192.168.128.2', 'end': '192.168.128.14'}], 'host_routes': [], 'dns_nameservers': [], 'description': '', 'router:external': False, 'service_types': [], 'tags': [], 'created_at': '2024-12-12T01:32:05Z', 'updated_at': '2024-12-12T01:32:05Z', 'revision_number': 0, 'project_id': '0cff4cb408424815a68972facd85e4f1'}, Router: {'id': 'c6de7ff2-da20-4dd2-a11c-322f1468ac4d', 'name': 'tempest-ServersTestBootFromVolume-1939641634-router', 'tenant_id': '0cff4cb408424815a68972facd85e4f1', 'admin_state_up': True, 'status': 'ACTIVE', 'external_gateway_info': {'network_id': 'f03ef469-5934-4a2e-9bd5-5f1dfb0912c7', 'external_fixed_ips': [{'subnet_id': '1f276d01-f4d2-4cce-b604-5c2f3f9a8ea4', 'ip_address': '10.180.180.152'}], 'enable_snat': True}, 'description': '', 'availability_zones': [], 'distributed': False, 'ha': False, 'availability_zone_hints': [], 'routes': [], 'flavor_id': None, 'tags': [], 'created_at': '2024-12-12T01:32:05Z', 'updated_at': '2024-12-12T01:32:06Z', 'revision_number': 2, 'project_id': '0cff4cb408424815a68972facd85e4f1'}
2024-12-12 01:32:08.803 66616 INFO tempest.lib.common.rest_client [req-00608531-e23f-4923-995d-42a5e41e45b9 req-00608531-e23f-4923-995d-42a5e41e45b9 ] Request (ServersTestBootFromVolume:setUpClass): 201 POST http://10.180.1.21/identity/v3/auth/tokens 0.085s
2024-12-12 01:32:08.827 66588 INFO tempest.lib.common.rest_client [req-f857e684-fd98-4546-9e57-b23f6ed6f29c req-f857e684-fd98-4546-9e57-b23f6ed6f29c ] Request (ServerActionsTestOtherB:setUpClass): 200 GET http://10.180.1.21/compute/v2.1/servers/0cae7f31-dbb9-4e27-81a7-34d1b1d22f8a 1.665s
2024-12-12 01:32:08.943 66582 INFO tempest.lib.common.rest_client [req-a37b539c-3fe1-40d9-936a-399ef2fb8d43 req-a37b539c-3fe1-40d9-936a-399ef2fb8d43 ] Request (ServerActionsTestOtherA:setUpClass): 200 GET http://10.180.1.21/compute/v2.1/servers/29223975-ba66-48c1-9dd6-07143475fb2a 1.496s
2024-12-12 01:32:09.042 66558 INFO tempest.lib.common.rest_client [req-8953b5e0-b1fe-46c8-8397-963718069abd req-8953b5e0-b1fe-46c8-8397-963718069abd ] Request (AttachVolumeNegativeTest:test_attach_attached_volume_to_different_server): 200 GET http://10.180.1.21/compute/v2.1/servers/2b5c87fe-1c80-4cb9-86fe-4dd083322e71 1.383s
2024-12-12 01:32:09.107 66608 INFO tempest.lib.common.rest_client [req-e38ba3f5-eeee-4048-a3b5-e028f44c0548 req-e38ba3f5-eeee-4048-a3b5-e028f44c0548 ] Request (ServersAdminTestJSON:tearDownClass): 200 GET http://10.180.1.21/compute/v2.1/servers/77038eff-3013-423d-b1bf-a6d14e892441 1.369s
2024-12-12 01:32:09.162 66584 INFO tempest.lib.common.rest_client [req-6e65b944-9fe7-49d5-90c0-202d99ef70eb req-6e65b944-9fe7-49d5-90c0-202d99ef70eb ] Request (ServersV294TestFqdnHostnames:setUpClass): 200 GET http://10.180.1.21/compute/v2.1/servers/2eb62df9-005e-488f-b800-02867ec2fa81 1.349s
2024-12-12 01:32:10.082 66606 INFO tempest.lib.common.rest_client [req-0cb9c153-bd23-41a2-a639-41917b006bf2 req-0cb9c153-bd23-41a2-a639-41917b006bf2 ] Request (FloatingIPsAssociationTestJSON:test_associate_disassociate_floating_ip): 202 POST http://10.180.1.21/compute/v2.1/servers/82059c94-0c99-48af-8ecb-e9bd695ba6f3/action 2.236s
2024-12-12 01:32:10.170 66600 INFO tempest.lib.common.rest_client [req-f057d424-2b50-4797-870d-37a70dcb1b3c req-f057d424-2b50-4797-870d-37a70dcb1b3c ] Request (ServerActionsV293TestJSON:tearDownClass): 204 DELETE http://10.180.1.21/compute/v2.1/servers/b791bdf7-feaa-4752-a8a6-45d1562e4874 2.039s
2024-12-12 01:32:10.374 66586 INFO tempest.lib.common.rest_client [req-d2c72878-d4f9-4351-9905-6b41ab9698ba req-d2c72878-d4f9-4351-9905-6b41ab9698ba ] Request (ServerMetadataTestJSON:setUpClass): 200 GET http://10.180.1.21/compute/v2.1/servers/5f2f6e09-af90-465e-9451-dc4ce16fb851 2.185s
2024-12-12 01:32:10.475 66618 INFO tempest.lib.common.rest_client [req-b790a8e9-4d17-4126-b00e-941cc8ef59a8 req-b790a8e9-4d17-4126-b00e-941cc8ef59a8 ] Request (DeleteServersTestJSON:test_delete_active_server): 200 GET http://10.180.1.21/compute/v2.1/servers/84dd2032-59a7-48a3-8f4c-a1e7661e78a0 2.216s
2024-12-12 01:32:10.508 66602 INFO paramiko.transport [-] Connected (version 2.0, client dropbear_2020.81)
2024-12-12 01:32:10.614 66602 INFO paramiko.transport [-] Authentication (publickey) successful!
2024-12-12 01:32:10.615 66602 INFO tempest.lib.common.ssh [-] ssh connection to cirros@10.180.180.180 successfully created
2024-12-12 01:32:10.653 66593 INFO tempest.lib.common.rest_client [req-58908c90-9545-4ba3-8146-a20ee3487a02 req-58908c90-9545-4ba3-8146-a20ee3487a02 ] Request (ServersTestMultiNic:test_verify_multiple_nics_order): 200 GET http://10.180.1.21/compute/v2.1/servers/18dc9467-827b-4fe0-8ddf-03c0093c7737 2.305s
2024-12-12 01:32:10.659 66593 INFO tempest.common.waiters [-] State transition "BUILD/None" ==> "BUILD/block_device_mapping" after 33 second wait
2024-12-12 01:32:10.703 66564 INFO tempest.lib.common.rest_client [req-85094c6b-51d5-4a07-8a39-984dfe44b32a req-85094c6b-51d5-4a07-8a39-984dfe44b32a ] Request (ServerDiskConfigTestJSON:test_resize_server_from_auto_to_manual): 200 PUT http://10.180.1.21/compute/v2.1/servers/fa1146c8-af2b-49a6-88f0-6fee8773ce67 2.186s
2024-12-12 01:32:10.794 66566 INFO tempest.lib.common.rest_client [req-b23d9be3-c185-4328-983d-1d26b30079a8 req-b23d9be3-c185-4328-983d-1d26b30079a8 ] Request (ServerRescueTestJSON:test_rescue_unrescue_instance): 200 GET http://10.180.1.21/compute/v2.1/servers/0cb4c6c0-63bc-4723-bac2-62479872be0d 2.126s
2024-12-12 01:32:10.800 66566 INFO tempest.common.waiters [-] State transition "BUILD/networking" ==> "BUILD/spawning" after 37 second wait
2024-12-12 01:32:10.920 66616 INFO tempest.lib.common.rest_client [req-c4c0b534-df98-4431-bb4e-3baac8ba5257 req-c4c0b534-df98-4431-bb4e-3baac8ba5257 ] Request (ServersTestBootFromVolume:setUpClass): 200 POST http://10.180.1.21/compute/v2.1/os-keypairs 2.113s
2024-12-12 01:32:11.011 66604 INFO tempest.lib.common.rest_client [req-ce256a13-e7dc-4fae-ac65-f30e1bd2725d req-ce256a13-e7dc-4fae-ac65-f30e1bd2725d ] Request (ServerAddressesNegativeTestJSON:tearDownClass): 200 GET http://10.180.1.21/compute/v2.1/servers/a0d2d3ba-cc22-45b0-92a8-0510ec0d85f9 1.778s
2024-12-12 01:32:11.078 66620 INFO tempest.lib.common.rest_client [req-58a629bc-4195-4491-86c5-bb79a8048106 req-58a629bc-4195-4491-86c5-bb79a8048106 ] Request (ImagesTestJSON:test_create_server_from_snapshot): 200 GET http://10.180.1.21/compute/v2.1/servers/ac81bf4e-9010-4ff5-9857-18690b409637 1.779s
2024-12-12 01:32:11.092 66616 INFO tempest.lib.common.rest_client [req-e692d7bf-5125-4966-9e71-1aae0140ddbf req-e692d7bf-5125-4966-9e71-1aae0140ddbf ] Request (ServersTestBootFromVolume:setUpClass): 201 POST http://10.180.1.21:9696/networking/v2.0/security-groups 0.170s
2024-12-12 01:32:11.226 66616 INFO tempest.lib.common.rest_client [req-fbc98959-16d4-4a5a-aaf1-3a1ad31932e8 req-fbc98959-16d4-4a5a-aaf1-3a1ad31932e8 ] Request (ServersTestBootFromVolume:setUpClass): 201 POST http://10.180.1.21:9696/networking/v2.0/security-group-rules 0.133s
2024-12-12 01:32:11.228 66568 INFO tempest.lib.common.rest_client [req-e3dc0f40-f81f-4db9-8153-f19a021d7fb2 req-e3dc0f40-f81f-4db9-8153-f19a021d7fb2 ] Request (MigrationsAdminTest:test_resize_server_revert_deleted_flavor): 200 GET http://10.180.1.21/compute/v2.1/servers/84f3ff00-94b2-4595-8046-865c3016fc77 1.505s
2024-12-12 01:32:11.464 66616 INFO tempest.lib.common.rest_client [req-73b4de26-060c-4733-92ea-8baed13d70df req-73b4de26-060c-4733-92ea-8baed13d70df ] Request (ServersTestBootFromVolume:setUpClass): 201 POST http://10.180.1.21:9696/networking/v2.0/security-group-rules 0.237s
2024-12-12 01:32:11.491 66588 INFO tempest.lib.common.rest_client [req-e19f23ca-9f76-4c10-af57-215cb24cb737 req-e19f23ca-9f76-4c10-af57-215cb24cb737 ] Request (ServerActionsTestOtherB:setUpClass): 200 GET http://10.180.1.21/compute/v2.1/servers/0cae7f31-dbb9-4e27-81a7-34d1b1d22f8a 1.656s
2024-12-12 01:32:11.501 66588 INFO tempest.common.waiters [-] State transition "BUILD/spawning" ==> "ACTIVE/None" after 56 second wait
2024-12-12 01:32:11.686 66582 INFO tempest.lib.common.rest_client [req-2d276c4d-20ae-4821-8165-e39435343e35 req-2d276c4d-20ae-4821-8165-e39435343e35 ] Request (ServerActionsTestOtherA:setUpClass): 200 GET http://10.180.1.21/compute/v2.1/servers/29223975-ba66-48c1-9dd6-07143475fb2a 1.736s
2024-12-12 01:32:11.823 66558 INFO tempest.lib.common.rest_client [req-a70d0ff4-46cd-4db4-be31-742ef05d35f8 req-a70d0ff4-46cd-4db4-be31-742ef05d35f8 ] Request (AttachVolumeNegativeTest:test_attach_attached_volume_to_different_server): 200 GET http://10.180.1.21/compute/v2.1/servers/2b5c87fe-1c80-4cb9-86fe-4dd083322e71 1.769s
2024-12-12 01:32:11.829 66558 INFO tempest.common.waiters [-] State transition "BUILD/spawning" ==> "ACTIVE/None" after 50 second wait
2024-12-12 01:32:11.895 66606 INFO tempest.lib.common.rest_client [req-a4fbcfe4-ddd3-4565-a2f4-ecce1a0de700 req-a4fbcfe4-ddd3-4565-a2f4-ecce1a0de700 ] Request (FloatingIPsAssociationTestJSON:tearDownClass): 204 DELETE http://10.180.1.21/compute/v2.1/servers/2a23b794-2acb-487c-901d-7aeca03aec83 1.803s
2024-12-12 01:32:11.967 66608 INFO tempest.lib.common.rest_client [req-f0c7234e-6d26-45fc-b064-2d7d1bce2de7 req-f0c7234e-6d26-45fc-b064-2d7d1bce2de7 ] Request (ServersAdminTestJSON:tearDownClass): 200 GET http://10.180.1.21/compute/v2.1/servers/77038eff-3013-423d-b1bf-a6d14e892441 1.851s
2024-12-12 01:32:12.024 66616 INFO tempest.lib.common.rest_client [req-40973aae-80fb-455c-af55-312aba56c2e8 req-40973aae-80fb-455c-af55-312aba56c2e8 ] Request (ServersTestBootFromVolume:setUpClass): 201 POST http://10.180.1.21:9696/networking/v2.0/floatingips 0.560s
2024-12-12 01:32:12.047 66600 INFO tempest.lib.common.rest_client [req-6499cc2b-0c1f-4199-be6a-e5478919fd96 req-6499cc2b-0c1f-4199-be6a-e5478919fd96 ] Request (ServerActionsV293TestJSON:tearDownClass): 200 GET http://10.180.1.21/compute/v2.1/servers/b791bdf7-feaa-4752-a8a6-45d1562e4874 1.877s
2024-12-12 01:32:12.063 66616 INFO tempest.lib.common.rest_client [req-88c4b259-1daa-4786-b63f-4679f9001bc0 req-88c4b259-1daa-4786-b63f-4679f9001bc0 ] Request (ServersTestBootFromVolume:setUpClass): 201 POST http://10.180.1.21/identity/v3/auth/tokens 0.034s
2024-12-12 01:32:12.064 66616 INFO tempest.lib.common.fixed_network [-] (ServersTestBootFromVolume:setUpClass) Found network {'id': '69c80f2b-eb70-4a78-b161-111b1ca2cd12', 'name': 'tempest-ServersTestBootFromVolume-1939641634-network', 'tenant_id': '0cff4cb408424815a68972facd85e4f1', 'admin_state_up': True, 'mtu': 8950, 'status': 'ACTIVE', 'subnets': [], 'shared': False, 'project_id': '0cff4cb408424815a68972facd85e4f1', 'port_security_enabled': True, 'router:external': False, 'provider:network_type': 'vlan', 'provider:physical_network': 'default', 'provider:segmentation_id': 775, 'availability_zone_hints': [], 'availability_zones': [], 'ipv4_address_scope': None, 'ipv6_address_scope': None, 'description': '', 'tags': [], 'created_at': '2024-12-12T01:32:05Z', 'updated_at': '2024-12-12T01:32:05Z', 'revision_number': 1} available for tenant
2024-12-12 01:32:12.102 66584 INFO tempest.lib.common.rest_client [req-0687862e-7983-4ada-80df-dae7447cd5b8 req-0687862e-7983-4ada-80df-dae7447cd5b8 ] Request (ServersV294TestFqdnHostnames:setUpClass): 200 GET http://10.180.1.21/compute/v2.1/servers/2eb62df9-005e-488f-b800-02867ec2fa81 1.930s
2024-12-12 01:32:12.311 66616 INFO tempest.lib.common.rest_client [req-d65869bc-03d6-436d-b6c8-f2a9befe7215 req-d65869bc-03d6-436d-b6c8-f2a9befe7215 ] Request (ServersTestBootFromVolume:setUpClass): 202 POST http://10.180.1.21/volume/v3/volumes 0.247s
2024-12-12 01:32:12.347 66616 INFO tempest.lib.common.rest_client [req-c7cf4858-0144-4cdb-910f-277fbfbb9a32 req-c7cf4858-0144-4cdb-910f-277fbfbb9a32 ] Request (ServersTestBootFromVolume:setUpClass): 200 GET http://10.180.1.21/volume/v3/volumes/d77260eb-6134-4fdd-9fe6-ebef86c9ff00 0.029s
2024-12-12 01:32:13.390 66616 INFO tempest.lib.common.rest_client [req-6ba079cf-b636-4c8e-8821-e9f478b93214 req-6ba079cf-b636-4c8e-8821-e9f478b93214 ] Request (ServersTestBootFromVolume:setUpClass): 200 GET http://10.180.1.21/volume/v3/volumes/d77260eb-6134-4fdd-9fe6-ebef86c9ff00 0.032s
2024-12-12 01:32:13.579 66570 INFO paramiko.transport [-] Connected (version 2.0, client dropbear_2020.81)
2024-12-12 01:32:13.683 66570 INFO paramiko.transport [-] Authentication (publickey) successful!
2024-12-12 01:32:13.683 66570 INFO tempest.lib.common.ssh [-] ssh connection to cirros@10.180.180.240 successfully created
2024-12-12 01:32:14.082 66602 INFO tempest.lib.common.rest_client [req-ff84361a-7d6c-4864-a157-e87697e8d73b req-ff84361a-7d6c-4864-a157-e87697e8d73b ] Request (VolumesAssistedSnapshotsTest:test_volume_assisted_snapshot_create_delete): 200 POST http://10.180.1.21/compute/v2.1/servers/277f271f-6f65-4d7b-af1c-e3383b78d775/os-volume_attachments 3.466s
2024-12-12 01:32:14.114 66602 INFO tempest.lib.common.rest_client [req-bd822fe5-1297-4c2e-b4d1-a37d329338f1 req-bd822fe5-1297-4c2e-b4d1-a37d329338f1 ] Request (VolumesAssistedSnapshotsTest:test_volume_assisted_snapshot_create_delete): 200 GET http://10.180.1.21/volume/v3/volumes/733cf772-1bcb-4979-b1a7-c3db8200026e 0.030s
2024-12-12 01:32:14.254 66564 INFO tempest.lib.common.rest_client [req-4190dcd3-9a9f-485e-b5f1-37d758de8cf3 req-4190dcd3-9a9f-485e-b5f1-37d758de8cf3 ] Request (ServerDiskConfigTestJSON:test_resize_server_from_auto_to_manual): 200 GET http://10.180.1.21/compute/v2.1/servers/fa1146c8-af2b-49a6-88f0-6fee8773ce67 3.547s
2024-12-12 01:32:14.390 66586 INFO tempest.lib.common.rest_client [req-5ed50024-bcf0-4ec8-9863-f7525c5d1fd1 req-5ed50024-bcf0-4ec8-9863-f7525c5d1fd1 ] Request (ServerMetadataTestJSON:setUpClass): 200 GET http://10.180.1.21/compute/v2.1/servers/5f2f6e09-af90-465e-9451-dc4ce16fb851 3.008s
2024-12-12 01:32:14.397 66586 INFO tempest.common.waiters [-] State transition "BUILD/spawning" ==> "ACTIVE/None" after 44 second wait
2024-12-12 01:32:14.438 66616 INFO tempest.lib.common.rest_client [req-94e98d06-1ac3-4db5-b14c-d0310f0802dd req-94e98d06-1ac3-4db5-b14c-d0310f0802dd ] Request (ServersTestBootFromVolume:setUpClass): 200 GET http://10.180.1.21/volume/v3/volumes/d77260eb-6134-4fdd-9fe6-ebef86c9ff00 0.039s
2024-12-12 01:32:14.457 66618 INFO tempest.lib.common.rest_client [req-6bd0124d-805e-4a4e-b0b6-15da67752af7 req-6bd0124d-805e-4a4e-b0b6-15da67752af7 ] Request (DeleteServersTestJSON:test_delete_active_server): 200 GET http://10.180.1.21/compute/v2.1/servers/84dd2032-59a7-48a3-8f4c-a1e7661e78a0 2.974s
2024-12-12 01:32:14.524 66588 INFO tempest.lib.common.rest_client [req-35ea0248-3abe-4ca0-83d2-1984b0cbc12d req-35ea0248-3abe-4ca0-83d2-1984b0cbc12d ] Request (ServerActionsTestOtherB:setUpClass): 200 GET http://10.180.1.21/compute/v2.1/servers/0cae7f31-dbb9-4e27-81a7-34d1b1d22f8a/os-interface 3.021s
2024-12-12 01:32:14.625 66593 INFO tempest.lib.common.rest_client [req-fabab7f4-294c-477c-b5bf-04f1bde3c2f4 req-fabab7f4-294c-477c-b5bf-04f1bde3c2f4 ] Request (ServersTestMultiNic:test_verify_multiple_nics_order): 200 GET http://10.180.1.21/compute/v2.1/servers/18dc9467-827b-4fe0-8ddf-03c0093c7737 2.965s
2024-12-12 01:32:14.632 66593 INFO tempest.common.waiters [-] State transition "BUILD/block_device_mapping" ==> "BUILD/spawning" after 37 second wait
2024-12-12 01:32:14.754 66566 INFO tempest.lib.common.rest_client [req-90677aef-8f37-4e07-8cfc-0286add88442 req-90677aef-8f37-4e07-8cfc-0286add88442 ] Request (ServerRescueTestJSON:test_rescue_unrescue_instance): 200 GET http://10.180.1.21/compute/v2.1/servers/0cb4c6c0-63bc-4723-bac2-62479872be0d 2.953s
2024-12-12 01:32:14.810 66558 INFO tempest.lib.common.rest_client [req-9542e2c3-400c-4389-a3e2-bdad39cbcb9a req-9542e2c3-400c-4389-a3e2-bdad39cbcb9a ] Request (AttachVolumeNegativeTest:test_attach_attached_volume_to_different_server): 200 GET http://10.180.1.21/compute/v2.1/servers/2b5c87fe-1c80-4cb9-86fe-4dd083322e71/os-interface 2.980s
2024-12-12 01:32:14.903 66606 INFO tempest.lib.common.rest_client [req-bddde3b7-e0f8-4392-8a09-81914a9bd0c5 req-bddde3b7-e0f8-4392-8a09-81914a9bd0c5 ] Request (FloatingIPsAssociationTestJSON:tearDownClass): 200 GET http://10.180.1.21/compute/v2.1/servers/2a23b794-2acb-487c-901d-7aeca03aec83 3.008s
2024-12-12 01:32:14.991 66604 INFO tempest.lib.common.rest_client [req-39953932-47c3-465d-9824-12424356c7cd req-39953932-47c3-465d-9824-12424356c7cd ] Request (ServerAddressesNegativeTestJSON:tearDownClass): 404 GET http://10.180.1.21/compute/v2.1/servers/a0d2d3ba-cc22-45b0-92a8-0510ec0d85f9 2.969s
2024-12-12 01:32:15.070 66620 INFO tempest.lib.common.rest_client [req-2d8c445a-4385-4df4-a14a-baff7401908a req-2d8c445a-4385-4df4-a14a-baff7401908a ] Request (ImagesTestJSON:test_create_server_from_snapshot): 200 GET http://10.180.1.21/compute/v2.1/servers/ac81bf4e-9010-4ff5-9857-18690b409637 2.984s
2024-12-12 01:32:15.152 66602 INFO tempest.lib.common.rest_client [req-b6902847-524f-4d6c-a434-602ea7c165a6 req-b6902847-524f-4d6c-a434-602ea7c165a6 ] Request (VolumesAssistedSnapshotsTest:test_volume_assisted_snapshot_create_delete): 200 GET http://10.180.1.21/volume/v3/volumes/733cf772-1bcb-4979-b1a7-c3db8200026e 0.030s
2024-12-12 01:32:15.239 66588 INFO tempest.lib.common.rest_client [req-894d3ea8-a50d-4f89-bf76-7aa7b16b185f req-894d3ea8-a50d-4f89-bf76-7aa7b16b185f ] Request (ServerActionsTestOtherB:setUpClass): 200 PUT http://10.180.1.21:9696/networking/v2.0/floatingips/a1d39e97-45e9-414f-bf14-04b447923656 0.712s
2024-12-12 01:32:15.240 66588 INFO tempest.lib.common.ssh [-] Creating ssh connection to '10.180.180.143:22' as 'cirros' with public key authentication
2024-12-12 01:32:15.336 66568 INFO tempest.lib.common.rest_client [req-901d9cdd-f7e7-4eb1-9033-f89af2072156 req-901d9cdd-f7e7-4eb1-9033-f89af2072156 ] Request (MigrationsAdminTest:test_resize_server_revert_deleted_flavor): 200 GET http://10.180.1.21/compute/v2.1/servers/84f3ff00-94b2-4595-8046-865c3016fc77 3.099s
2024-12-12 01:32:15.476 66616 INFO tempest.lib.common.rest_client [req-2ae1dbd7-91cd-4144-932f-b23fe1933c5f req-2ae1dbd7-91cd-4144-932f-b23fe1933c5f ] Request (ServersTestBootFromVolume:setUpClass): 200 GET http://10.180.1.21/volume/v3/volumes/d77260eb-6134-4fdd-9fe6-ebef86c9ff00 0.031s
2024-12-12 01:32:15.578 66582 INFO tempest.lib.common.rest_client [req-bdf8c2d9-36a0-4ecb-bf32-c7d036d32d84 req-bdf8c2d9-36a0-4ecb-bf32-c7d036d32d84 ] Request (ServerActionsTestOtherA:setUpClass): 200 GET http://10.180.1.21/compute/v2.1/servers/29223975-ba66-48c1-9dd6-07143475fb2a 2.882s
2024-12-12 01:32:15.592 66582 INFO tempest.common.waiters [-] State transition "BUILD/spawning" ==> "ACTIVE/None" after 43 second wait
2024-12-12 01:32:15.612 66608 INFO tempest.lib.common.rest_client [req-01f163c1-c3f1-4695-aa14-9e835a8851e3 req-01f163c1-c3f1-4695-aa14-9e835a8851e3 ] Request (ServersAdminTestJSON:tearDownClass): 404 GET http://10.180.1.21/compute/v2.1/servers/77038eff-3013-423d-b1bf-a6d14e892441 2.632s
2024-12-12 01:32:15.709 66600 INFO tempest.lib.common.rest_client [req-421a8559-08cc-468d-b5e4-1005b1e41cf3 req-421a8559-08cc-468d-b5e4-1005b1e41cf3 ] Request (ServerActionsV293TestJSON:tearDownClass): 200 GET http://10.180.1.21/compute/v2.1/servers/b791bdf7-feaa-4752-a8a6-45d1562e4874 2.652s
2024-12-12 01:32:15.719 66600 INFO tempest.common.waiters [-] State transition "ERROR/deleting" ==> "DELETED/None" after 3 second wait
2024-12-12 01:32:15.780 66584 INFO tempest.lib.common.rest_client [req-f0fef8d5-2733-419a-bdc5-3253d0818b09 req-f0fef8d5-2733-419a-bdc5-3253d0818b09 ] Request (ServersV294TestFqdnHostnames:setUpClass): 200 GET http://10.180.1.21/compute/v2.1/servers/2eb62df9-005e-488f-b800-02867ec2fa81 2.668s
2024-12-12 01:32:15.784 66558 INFO tempest.lib.common.rest_client [req-2456137b-c31b-432d-878c-23e809e50abe req-2456137b-c31b-432d-878c-23e809e50abe ] Request (AttachVolumeNegativeTest:test_attach_attached_volume_to_different_server): 200 PUT http://10.180.1.21:9696/networking/v2.0/floatingips/9f64859e-a65c-4999-91eb-0e8e5196cc9a 0.972s
2024-12-12 01:32:15.787 66558 INFO tempest.lib.common.ssh [-] Creating ssh connection to '10.180.180.194:22' as 'cirros' with public key authentication
2024-12-12 01:32:15.856 66570 INFO tempest.lib.common.rest_client [req-aee11919-7b7f-4095-8d2f-9b8e33870db9 req-aee11919-7b7f-4095-8d2f-9b8e33870db9 ] Request (ServersWithSpecificFlavorTestJSON:test_verify_created_server_ephemeral_disk): 204 DELETE http://10.180.1.21/compute/v2.1/servers/b04481d2-d1cf-46e7-98c6-e714cf8c10c0 2.167s
2024-12-12 01:32:15.941 66570 INFO tempest.lib.common.rest_client [req-0026b025-b493-424d-8f74-2ed68f7ad50c req-0026b025-b493-424d-8f74-2ed68f7ad50c ] Request (ServersWithSpecificFlavorTestJSON:test_verify_created_server_ephemeral_disk): 201 POST http://10.180.1.21/identity/v3/auth/tokens 0.079s
2024-12-12 01:32:15.941 66570 INFO tempest.lib.common.fixed_network [-] (ServersWithSpecificFlavorTestJSON:test_verify_created_server_ephemeral_disk) Found network {'id': 'ef9c7ee7-6797-4f8a-985d-5de0aa7e5024', 'name': 'tempest-ServersWithSpecificFlavorTestJSON-488588387-network', 'tenant_id': '33815b23dfb94faeb07c2724add3622e', 'admin_state_up': True, 'mtu': 8950, 'status': 'ACTIVE', 'subnets': [], 'shared': False, 'project_id': '33815b23dfb94faeb07c2724add3622e', 'port_security_enabled': True, 'router:external': False, 'provider:network_type': 'vlan', 'provider:physical_network': 'default', 'provider:segmentation_id': 227, 'availability_zone_hints': [], 'availability_zones': [], 'ipv4_address_scope': None, 'ipv6_address_scope': None, 'description': '', 'tags': [], 'created_at': '2024-12-12T01:28:40Z', 'updated_at': '2024-12-12T01:28:40Z', 'revision_number': 1} available for tenant
2024-12-12 01:32:16.031 66564 INFO tempest.lib.common.rest_client [req-945933ff-f1d0-485f-80e9-ec422dd8464a req-945933ff-f1d0-485f-80e9-ec422dd8464a ] Request (ServerDiskConfigTestJSON:test_resize_server_from_auto_to_manual): 200 GET http://10.180.1.21/compute/v2.1/servers/fa1146c8-af2b-49a6-88f0-6fee8773ce67 1.769s
2024-12-12 01:32:16.065 66594 WARNING tempest.lib.common.ssh [-] Failed to establish authenticated ssh connection to cirros@10.180.180.244 ([Errno None] Unable to connect to port 22 on 10.180.180.244). Number attempts: 10. Retry after 11 seconds.: paramiko.ssh_exception.NoValidConnectionsError: [Errno None] Unable to connect to port 22 on 10.180.180.244
2024-12-12 01:32:16.134 66586 INFO tempest.lib.common.rest_client [req-3c532e96-11b4-46e7-9e6a-b249128fd51e req-3c532e96-11b4-46e7-9e6a-b249128fd51e ] Request (ServerMetadataTestJSON:setUp): 200 PUT http://10.180.1.21/compute/v2.1/servers/5f2f6e09-af90-465e-9451-dc4ce16fb851/metadata 1.736s
2024-12-12 01:32:16.209 66602 INFO tempest.lib.common.rest_client [req-1dd3a409-83b4-42e9-98e7-3e7e5e18e59c req-1dd3a409-83b4-42e9-98e7-3e7e5e18e59c ] Request (VolumesAssistedSnapshotsTest:test_volume_assisted_snapshot_create_delete): 200 GET http://10.180.1.21/volume/v3/volumes/733cf772-1bcb-4979-b1a7-c3db8200026e 0.050s
2024-12-12 01:32:16.228 66618 INFO tempest.lib.common.rest_client [req-8bbef826-62b5-44ca-85ae-bef7748a3872 req-8bbef826-62b5-44ca-85ae-bef7748a3872 ] Request (DeleteServersTestJSON:test_delete_active_server): 200 GET http://10.180.1.21/compute/v2.1/servers/84dd2032-59a7-48a3-8f4c-a1e7661e78a0 0.764s
2024-12-12 01:32:16.286 66604 INFO tempest.lib.common.rest_client [req-237aec25-687b-46b8-9d06-f4a8925a4aab req-237aec25-687b-46b8-9d06-f4a8925a4aab ] Request (ServerAddressesNegativeTestJSON:tearDownClass): 200 PUT http://10.180.1.21:9696/networking/v2.0/routers/6c8b8352-d920-4df4-9183-75b618e4d3ef/remove_router_interface 1.295s
2024-12-12 01:32:16.322 66582 INFO tempest.lib.common.rest_client [req-14ad3ef5-e29e-4285-9148-3c5b937adc33 req-14ad3ef5-e29e-4285-9148-3c5b937adc33 ] Request (ServerActionsTestOtherA:setUpClass): 200 GET http://10.180.1.21/compute/v2.1/servers/29223975-ba66-48c1-9dd6-07143475fb2a/os-interface 0.730s
2024-12-12 01:32:16.443 66608 INFO tempest.lib.common.rest_client [req-352838cd-565b-4736-8684-d4d71adcb4ad req-352838cd-565b-4736-8684-d4d71adcb4ad ] Request (ServersAdminTestJSON:tearDownClass): 204 DELETE http://10.180.1.21/compute/v2.1/servers/da9c0fae-22ea-4a8a-b9de-e78fbcff5c7f 0.831s
2024-12-12 01:32:16.524 66616 INFO tempest.lib.common.rest_client [req-47c79dd9-be5d-4787-9416-dcb4c008ba15 req-47c79dd9-be5d-4787-9416-dcb4c008ba15 ] Request (ServersTestBootFromVolume:setUpClass): 200 GET http://10.180.1.21/volume/v3/volumes/d77260eb-6134-4fdd-9fe6-ebef86c9ff00 0.041s
2024-12-12 01:32:16.728 66593 INFO tempest.lib.common.rest_client [req-78115455-6132-4b24-813b-918bd8429b35 req-78115455-6132-4b24-813b-918bd8429b35 ] Request (ServersTestMultiNic:test_verify_multiple_nics_order): 200 GET http://10.180.1.21/compute/v2.1/servers/18dc9467-827b-4fe0-8ddf-03c0093c7737 1.095s
2024-12-12 01:32:16.876 66566 INFO tempest.lib.common.rest_client [req-cd6e7096-e9a4-407c-badd-985ddfc5ae48 req-cd6e7096-e9a4-407c-badd-985ddfc5ae48 ] Request (ServerRescueTestJSON:test_rescue_unrescue_instance): 200 GET http://10.180.1.21/compute/v2.1/servers/0cb4c6c0-63bc-4723-bac2-62479872be0d 1.115s
