2025-03-26 02:49:31.106 68662 INFO tempest.lib.common.dynamic_creds [-] Created isolated network resources for: credentials: Credentials: {'domain_id': 'default', 'domain_name': 'Default', 'username': 'tempest-HostsAdminNegativeTestJSON-1772199219-project-member', 'project_domain_id': 'default', 'project_domain_name': 'Default', 'project_id': 'd2da1f324bd44df9a69121c50e71ae26', 'project_name': 'tempest-HostsAdminNegativeTestJSON-1772199219', 'tenant_id': 'd2da1f324bd44df9a69121c50e71ae26', 'tenant_name': 'tempest-HostsAdminNegativeTestJSON-1772199219', 'user_domain_id': 'default', 'user_domain_name': 'Default', 'user_id': '8fbb9776ab36403a8a4b2a3a8e378222', 'system': None}, Network: None, Subnet: None, Router: None
2025-03-26 02:49:31.121 68660 INFO tempest.lib.common.rest_client [req-7d2a5a90-e9a9-4684-8103-e56f9c12a1ea req-7d2a5a90-e9a9-4684-8103-e56f9c12a1ea ] Request (ServerExternalEventsTest:tearDownClass): 200 GET http://10.180.1.21:9696/networking/v2.0/security-groups?tenant_id=a3395a7cd8924559a1fe325d83e46a00&name=default 0.187s
2025-03-26 02:49:31.155 68676 INFO tempest.lib.common.rest_client [req-a6952db3-d194-4f98-a5cf-8561f8034a37 req-a6952db3-d194-4f98-a5cf-8561f8034a37 ] Request (ImagesNegativeTestJSON:test_create_image_from_deleted_server): 200 GET http://10.180.1.21/compute/v2.1/servers/d1def803-d014-44d9-bf40-197dc1a097b3 0.207s
2025-03-26 02:49:31.174 68674 INFO tempest.lib.common.rest_client [req-df4a93b5-d4f2-4b28-9274-73109ce4ed5d req-df4a93b5-d4f2-4b28-9274-73109ce4ed5d ] Request (ServersAdminNegativeTestJSON:_run_cleanups): 202 DELETE http://10.180.1.21/compute/v2.1/flavors/207090443 0.196s
2025-03-26 02:49:31.184 68662 INFO tempest.lib.common.rest_client [req-42c554da-15e0-4833-922a-61a1ac871c05 req-42c554da-15e0-4833-922a-61a1ac871c05 ] Request (HostsAdminNegativeTestJSON:setUpClass): 201 POST http://10.180.1.21/identity/v3/auth/tokens 0.075s
2025-03-26 02:49:31.236 68660 INFO tempest.lib.common.rest_client [req-2c637ea4-5683-4cb7-a9c9-66cea49b2cdc req-2c637ea4-5683-4cb7-a9c9-66cea49b2cdc ] Request (ServerExternalEventsTest:tearDownClass): 204 DELETE http://10.180.1.21:9696/networking/v2.0/security-groups/6f7c30c8-aec0-4b43-90ce-a8b5df95b642 0.114s
2025-03-26 02:49:31.247 68662 INFO tempest.lib.common.rest_client [req-573cde0b-eb75-4631-840a-eb5bc957da7f req-573cde0b-eb75-4631-840a-eb5bc957da7f ] Request (HostsAdminNegativeTestJSON:setUpClass): 201 POST http://10.180.1.21/identity/v3/projects 0.062s
2025-03-26 02:49:31.249 68708 INFO tempest.lib.common.rest_client [req-efd9dce1-b3bd-46e0-aab3-746f278be454 req-efd9dce1-b3bd-46e0-aab3-746f278be454 ] Request (ServerActionsV293TestJSON:setUpClass): 200 GET http://10.180.1.21/compute/v2.1/servers/b554c544-8bd0-453c-9074-47e721570c7b 0.233s
2025-03-26 02:49:31.273 68680 INFO tempest.lib.common.rest_client [req-976ff134-1383-4d8e-98ee-798f87d1694d req-976ff134-1383-4d8e-98ee-798f87d1694d ] Request (ServerDiagnosticsV248Test:test_get_server_diagnostics): 202 POST http://10.180.1.21/compute/v2.1/servers 0.364s
2025-03-26 02:49:31.317 68652 INFO tempest.lib.common.rest_client [req-4c0f2b04-e706-431c-b7ed-704c3d2c6ad3 req-4c0f2b04-e706-431c-b7ed-704c3d2c6ad3 ] Request (MultipleCreateTestJSON:_run_cleanups): 200 GET http://10.180.1.21/compute/v2.1/servers/f324a81d-cef9-4a1b-9c38-6be5e4de0fce 0.285s
2025-03-26 02:49:31.325 68662 INFO tempest.lib.common.rest_client [req-80d30ad8-b6c2-41f1-9665-7feec88c7044 req-80d30ad8-b6c2-41f1-9665-7feec88c7044 ] Request (HostsAdminNegativeTestJSON:setUpClass): 201 POST http://10.180.1.21/identity/v3/users 0.076s
2025-03-26 02:49:31.342 68660 INFO tempest.lib.common.rest_client [req-eac52499-9377-4738-ad6d-48c2d0a9bf8b req-eac52499-9377-4738-ad6d-48c2d0a9bf8b ] Request (ServerExternalEventsTest:tearDownClass): 204 DELETE http://10.180.1.21/identity/v3/projects/a3395a7cd8924559a1fe325d83e46a00 0.106s
2025-03-26 02:49:31.342 68660 INFO tempest.lib.common.dynamic_creds [-] Deleting project and security group for project: 4b369004733a483aa0aeb7adcd35acb8
2025-03-26 02:49:31.347 68694 INFO tempest.lib.common.rest_client [req-b56cfbba-c5ad-4af4-a789-a42dd6e9dad0 req-b56cfbba-c5ad-4af4-a789-a42dd6e9dad0 ] Request (ServerShowV254Test:test_rebuild_server): 200 GET http://10.180.1.21/compute/v2.1/servers/e93d6f19-f14d-4b4b-8861-de18309a6637 0.262s
2025-03-26 02:49:31.374 68704 INFO tempest.lib.common.rest_client [req-77965eb3-7eb4-47a8-bc48-4c9d024c9278 req-77965eb3-7eb4-47a8-bc48-4c9d024c9278 ] Request (ServerDiagnosticsNegativeTest:test_get_server_diagnostics_by_non_admin): 200 GET http://10.180.1.21/compute/v2.1/servers/555bd730-2c1f-4276-ae54-dd443a3d6fa8 0.272s
2025-03-26 02:49:31.410 68662 INFO tempest.lib.common.rest_client [req-c302b0b1-ee13-466c-9375-07c21fee1646 req-c302b0b1-ee13-466c-9375-07c21fee1646 ] Request (HostsAdminNegativeTestJSON:setUpClass): 200 GET http://10.180.1.21/identity/v3/roles 0.084s
2025-03-26 02:49:31.411 68660 INFO tempest.lib.common.rest_client [req-ed84bf14-faa3-4932-ae76-645e968edf16 req-ed84bf14-faa3-4932-ae76-645e968edf16 ] Request (ServerExternalEventsTest:tearDownClass): 200 GET http://10.180.1.21:9696/networking/v2.0/security-groups?tenant_id=4b369004733a483aa0aeb7adcd35acb8&name=default 0.068s
2025-03-26 02:49:31.421 68686 INFO tempest.lib.common.rest_client [req-c3d08470-84c5-478e-8b64-c436cfd1669e req-c3d08470-84c5-478e-8b64-c436cfd1669e ] Request (ImagesTestJSON:test_create_image_from_stopped_server): 200 GET http://10.180.1.21/compute/v2.1/servers/68e45b06-5fba-44d3-bdb0-53a974198b56 0.283s
2025-03-26 02:49:31.452 68702 INFO tempest.lib.common.rest_client [req-2a924428-a41e-4c2a-aa5e-2de6c660da23 req-2a924428-a41e-4c2a-aa5e-2de6c660da23 ] Request (ServersAdminTestJSON:test_inject_network_info): 200 GET http://10.180.1.21/compute/v2.1/servers/78e6a2ac-d7ad-4f44-b759-a9f035d3a606 0.284s
2025-03-26 02:49:31.452 68674 INFO tempest.lib.common.rest_client [req-0c37cc7d-01e4-4527-97b1-2cbf98ed18f1 req-0c37cc7d-01e4-4527-97b1-2cbf98ed18f1 ] Request (ServersAdminNegativeTestJSON:_run_cleanups): 200 GET http://10.180.1.21/compute/v2.1/flavors/detail 0.278s
2025-03-26 02:49:31.475 68662 INFO tempest.lib.common.rest_client [req-8a7480a1-4996-4f3a-b2a8-5921845c75e3 req-8a7480a1-4996-4f3a-b2a8-5921845c75e3 ] Request (HostsAdminNegativeTestJSON:setUpClass): 204 PUT http://10.180.1.21/identity/v3/projects/6e78b58fddac420eb9cc3c2dd4e6cf93/users/5bfe2d7eb72b41409e38de221f1f05f8/roles/e827db31525943dfb142a52b416811c5 0.064s
2025-03-26 02:49:31.544 68662 INFO tempest.lib.common.rest_client [req-20b5195f-23c6-43c6-bcf8-a824f7533508 req-20b5195f-23c6-43c6-bcf8-a824f7533508 ] Request (HostsAdminNegativeTestJSON:setUpClass): 200 GET http://10.180.1.21/identity/v3/roles 0.068s
2025-03-26 02:49:31.556 68668 INFO tempest.lib.common.rest_client [req-eeed82d5-650d-4a24-aa98-0e0f9bb2d5aa req-eeed82d5-650d-4a24-aa98-0e0f9bb2d5aa ] Request (ServerActionsTestJSON:setUpClass): 200 GET http://10.180.1.21/compute/v2.1/servers/de3afbb1-8a9e-4c6e-84b1-2888ce859207 0.355s
2025-03-26 02:49:31.557 68670 INFO tempest.lib.common.rest_client [req-da1651a3-e068-4511-af64-c2e4d036e694 req-da1651a3-e068-4511-af64-c2e4d036e694 ] Request (ServerTagsTestJSON:setUpClass): 200 GET http://10.180.1.21/compute/v2.1/servers/d0f74717-3bea-42fe-b746-8cee7a46fb26 0.319s
2025-03-26 02:49:31.576 68662 INFO tempest.lib.common.rest_client [req-0495ddb9-53a0-48dd-937b-0014138b831a req-0495ddb9-53a0-48dd-937b-0014138b831a ] Request (HostsAdminNegativeTestJSON:setUpClass): 204 PUT http://10.180.1.21/identity/v3/projects/6e78b58fddac420eb9cc3c2dd4e6cf93/users/5bfe2d7eb72b41409e38de221f1f05f8/roles/e827db31525943dfb142a52b416811c5 0.031s
2025-03-26 02:49:31.577 68662 INFO tempest.lib.common.dynamic_creds [-] Dynamic test user 5bfe2d7eb72b41409e38de221f1f05f8 is created with scope project and roles: ['admin']
2025-03-26 02:49:31.577 68662 INFO tempest.lib.common.dynamic_creds [-] Acquired dynamic creds: credentials: Credentials: {'domain_id': 'default', 'domain_name': 'Default', 'username': 'tempest-HostsAdminNegativeTestJSON-614373390-project-admin', 'project_domain_id': 'default', 'project_domain_name': 'Default', 'project_id': '6e78b58fddac420eb9cc3c2dd4e6cf93', 'project_name': 'tempest-HostsAdminNegativeTestJSON-614373390', 'tenant_id': '6e78b58fddac420eb9cc3c2dd4e6cf93', 'tenant_name': 'tempest-HostsAdminNegativeTestJSON-614373390', 'user_domain_id': 'default', 'user_domain_name': 'Default', 'user_id': '5bfe2d7eb72b41409e38de221f1f05f8', 'system': None}, Network: None, Subnet: None, Router: None
2025-03-26 02:49:31.577 68662 INFO tempest.lib.common.dynamic_creds [-] Created isolated network resources for: credentials: Credentials: {'domain_id': 'default', 'domain_name': 'Default', 'username': 'tempest-HostsAdminNegativeTestJSON-614373390-project-admin', 'project_domain_id': 'default', 'project_domain_name': 'Default', 'project_id': '6e78b58fddac420eb9cc3c2dd4e6cf93', 'project_name': 'tempest-HostsAdminNegativeTestJSON-614373390', 'tenant_id': '6e78b58fddac420eb9cc3c2dd4e6cf93', 'tenant_name': 'tempest-HostsAdminNegativeTestJSON-614373390', 'user_domain_id': 'default', 'user_domain_name': 'Default', 'user_id': '5bfe2d7eb72b41409e38de221f1f05f8', 'system': None}, Network: None, Subnet: None, Router: None
2025-03-26 02:49:31.625 68680 INFO tempest.lib.common.rest_client [req-acd60786-fda6-4273-acd8-7b50024db211 req-acd60786-fda6-4273-acd8-7b50024db211 ] Request (ServerDiagnosticsV248Test:test_get_server_diagnostics): 200 GET http://10.180.1.21/compute/v2.1/servers/663658ba-100d-4c10-a244-935fc2a1bc81 0.349s
2025-03-26 02:49:31.632 68666 INFO tempest.lib.common.rest_client [req-e3431d0b-c8ff-40df-99fe-d1860da8ecc5 req-e3431d0b-c8ff-40df-99fe-d1860da8ecc5 ] Request (AttachInterfacesUnderV243Test:test_add_remove_fixed_ip): 200 GET http://10.180.1.21/compute/v2.1/servers/ba229ffb-c982-4f4e-b721-fe1458731eb1 0.359s
2025-03-26 02:49:31.647 68660 INFO tempest.lib.common.rest_client [req-7e7b7c26-5ba1-4c09-9acb-77370c1e008c req-7e7b7c26-5ba1-4c09-9acb-77370c1e008c ] Request (ServerExternalEventsTest:tearDownClass): 204 DELETE http://10.180.1.21:9696/networking/v2.0/security-groups/8c7a7cf5-5115-4a3d-aaa3-5b2c51f5f85b 0.235s
2025-03-26 02:49:31.682 68662 INFO tempest.lib.common.rest_client [req-16d7325e-5894-4e6d-995d-8d0c6673ed3f req-16d7325e-5894-4e6d-995d-8d0c6673ed3f ] Request (HostsAdminNegativeTestJSON:setUpClass): 201 POST http://10.180.1.21/identity/v3/auth/tokens 0.102s
2025-03-26 02:49:31.721 68690 INFO tempest.lib.common.rest_client [req-287cb9ae-687c-42ab-b49c-2b8c06de3f67 req-287cb9ae-687c-42ab-b49c-2b8c06de3f67 ] Request (AttachInterfacesTestJSON:test_create_list_show_delete_interfaces_by_fixed_ip): 200 GET http://10.180.1.21/compute/v2.1/servers/792f0671-3387-483c-8ae5-e14bc375ce5e 0.418s
2025-03-26 02:49:31.731 68678 INFO tempest.lib.common.rest_client [req-206a5454-747d-4bed-8afc-e55d23990f1f req-206a5454-747d-4bed-8afc-e55d23990f1f ] Request (ServersAdmin275Test:tearDownClass): 200 GET http://10.180.1.21/compute/v2.1/servers/34083c96-e967-4541-8f89-b5ac1ef4d1a3 0.345s
2025-03-26 02:49:31.750 68674 INFO tempest.lib.common.rest_client [req-6098ae93-84d6-4ece-a436-44b5927bcabb req-6098ae93-84d6-4ece-a436-44b5927bcabb ] Request (ServersAdminNegativeTestJSON:test_restore_server_invalid_state): 409 POST http://10.180.1.21/compute/v2.1/servers/e8552382-300a-4a58-84e3-663fa07e2d2a/action 0.291s
2025-03-26 02:49:31.756 68660 INFO tempest.lib.common.rest_client [req-494f7887-a53e-41fc-bdab-81dffce80112 req-494f7887-a53e-41fc-bdab-81dffce80112 ] Request (ServerExternalEventsTest:tearDownClass): 204 DELETE http://10.180.1.21/identity/v3/projects/4b369004733a483aa0aeb7adcd35acb8 0.108s
2025-03-26 02:49:31.756 68660 INFO tempest.lib.common.dynamic_creds [-] Deleting project and security group for project: abfdec76acdd426f9a94de0811ef32fb
2025-03-26 02:49:31.819 68696 INFO tempest.lib.common.rest_client [req-ba6d7a99-f555-4886-9b12-14331c894673 req-ba6d7a99-f555-4886-9b12-14331c894673 ] Request (ServersTestMultiNic:_run_cleanups): 200 GET http://10.180.1.21/compute/v2.1/servers/83b48c21-ef72-47bb-87aa-6c49a84eaaff 0.353s
2025-03-26 02:49:31.824 68688 INFO tempest.lib.common.rest_client [req-b75af36a-aad4-4f10-9b94-53966bcb0892 req-b75af36a-aad4-4f10-9b94-53966bcb0892 ] Request (ServersV294TestFqdnHostnames:setUpClass): 200 GET http://10.180.1.21/compute/v2.1/servers/6634d418-dc13-471c-8e70-aac396eb712c 0.257s
2025-03-26 02:49:31.897 68664 INFO tempest.lib.common.rest_client [req-a25f08e7-05b2-47ab-b814-200b356b850d req-a25f08e7-05b2-47ab-b814-200b356b850d ] Request (ListImageFiltersTestJSON:setUpClass): 200 GET http://10.180.1.21/compute/v2.1/servers/3d68ac69-3768-4b1b-9991-a636fdaec967 0.265s
2025-03-26 02:49:32.026 68674 INFO tempest.lib.common.rest_client [req-a0c2ef44-db6b-4848-9130-c19c2ba7a790 req-a0c2ef44-db6b-4848-9130-c19c2ba7a790 ] Request (ServersAdminNegativeTestJSON:tearDownClass): 204 DELETE http://10.180.1.21/compute/v2.1/servers/d42651db-8ba1-4cda-9798-ada9ce29dadb 0.275s
2025-03-26 02:49:32.032 68660 INFO tempest.lib.common.rest_client [req-75c2ccb1-188b-4d10-939b-3ee7731c82ac req-75c2ccb1-188b-4d10-939b-3ee7731c82ac ] Request (ServerExternalEventsTest:tearDownClass): 200 GET http://10.180.1.21:9696/networking/v2.0/security-groups?tenant_id=abfdec76acdd426f9a94de0811ef32fb&name=default 0.275s
2025-03-26 02:49:32.036 68662 INFO tempest.lib.common.rest_client [req-9dd127e7-6fd6-4697-908a-b8b525abe30a req-9dd127e7-6fd6-4697-908a-b8b525abe30a ] Request (HostsAdminNegativeTestJSON:setUpClass): 200 GET http://10.180.1.21/compute/v2.1/os-hosts 0.352s
2025-03-26 02:49:32.170 68660 INFO tempest.lib.common.rest_client [req-51b82421-3803-452c-a0f1-461330b43769 req-51b82421-3803-452c-a0f1-461330b43769 ] Request (ServerExternalEventsTest:tearDownClass): 204 DELETE http://10.180.1.21:9696/networking/v2.0/security-groups/72f60055-8272-48c7-a40f-108a5634b776 0.137s
2025-03-26 02:49:32.180 68682 INFO tempest.lib.common.rest_client [req-622ec878-821f-431d-b64e-1963b9f4fae5 req-622ec878-821f-431d-b64e-1963b9f4fae5 ] Request (MigrationsAdminTest:test_list_migrations_in_flavor_resize_situation): 200 GET http://10.180.1.21/compute/v2.1/servers/29c1d0b8-6372-467f-b6d3-df9fdae75530 0.384s
2025-03-26 02:49:32.216 68654 INFO tempest.lib.common.rest_client [req-4d445567-4c9d-436b-a2ef-bc59bb41199a req-4d445567-4c9d-436b-a2ef-bc59bb41199a ] Request (AttachInterfacesV270Test:setUpClass): 201 POST http://10.180.1.21:9696/networking/v2.0/routers 1.191s
2025-03-26 02:49:32.226 68658 INFO tempest.lib.common.rest_client [req-0f9d98c4-b639-492f-bc5d-853fa9628022 req-0f9d98c4-b639-492f-bc5d-853fa9628022 ] Request (SecurityGroupsTestJSON:test_list_security_groups_by_server): 200 GET http://10.180.1.21/compute/v2.1/servers/ebc75733-b03c-4d20-9ee9-abec0c278957 0.452s
2025-03-26 02:49:32.244 68672 INFO tempest.lib.common.rest_client [req-b3e1d375-19c8-4fab-ac8f-b497be3815da req-b3e1d375-19c8-4fab-ac8f-b497be3815da ] Request (DeleteServersAdminTestJSON:test_delete_server_while_in_error_state): 200 GET http://10.180.1.21/compute/v2.1/servers/fde77cce-4916-4fff-a857-f3d5fb52bff6 0.395s
2025-03-26 02:49:32.277 68660 INFO tempest.lib.common.rest_client [req-bf9df1e3-501f-41de-a8ae-04c7f6631651 req-bf9df1e3-501f-41de-a8ae-04c7f6631651 ] Request (ServerExternalEventsTest:tearDownClass): 204 DELETE http://10.180.1.21/identity/v3/projects/abfdec76acdd426f9a94de0811ef32fb 0.107s
2025-03-26 02:49:32.364 68660 INFO tempest.lib.common.rest_client [req-e38bb3a4-4294-4ed5-b298-a8447c5f0b32 req-e38bb3a4-4294-4ed5-b298-a8447c5f0b32 ] Request (ImagesOneServerNegativeTestJSON:setUpClass): 201 POST http://10.180.1.21/identity/v3/auth/tokens 0.084s
2025-03-26 02:49:32.369 68656 INFO tempest.lib.common.rest_client [req-0ece9c91-3bf2-4039-a1c0-dedc5e54f1a8 req-0ece9c91-3bf2-4039-a1c0-dedc5e54f1a8 ] Request (VolumesAdminNegativeTest:test_update_attached_volume_with_nonexistent_volume_in_body): 200 GET http://10.180.1.21/compute/v2.1/servers/8f92cb9b-f8ca-430b-be49-8a3d9e5f5157 0.406s
2025-03-26 02:49:32.395 68674 INFO tempest.lib.common.rest_client [req-2efb1df7-9e39-45fd-b75e-518684a3442c req-2efb1df7-9e39-45fd-b75e-518684a3442c ] Request (ServersAdminNegativeTestJSON:tearDownClass): 200 GET http://10.180.1.21/compute/v2.1/servers/d42651db-8ba1-4cda-9798-ada9ce29dadb 0.369s
2025-03-26 02:49:32.416 68660 INFO tempest.lib.common.rest_client [req-8a6d0954-11ba-46fb-8fd1-9bebb3703512 req-8a6d0954-11ba-46fb-8fd1-9bebb3703512 ] Request (ImagesOneServerNegativeTestJSON:setUpClass): 201 POST http://10.180.1.21/identity/v3/auth/tokens 0.045s
2025-03-26 02:49:32.444 68660 INFO tempest.lib.common.rest_client [req-58ba7d48-8e53-4d5d-b2f2-b0fee57cc251 req-58ba7d48-8e53-4d5d-b2f2-b0fee57cc251 ] Request (ImagesOneServerNegativeTestJSON:setUpClass): 200 GET http://10.180.1.21/identity/v3/domains?name=Default 0.028s
2025-03-26 02:49:32.461 68700 INFO tempest.lib.common.rest_client [req-81b3d6b7-57f5-4a0a-8e78-71b308259c69 req-81b3d6b7-57f5-4a0a-8e78-71b308259c69 ] Request (TenantUsagesTestJSON:tearDownClass): 200 GET http://10.180.1.21/compute/v2.1/servers/4150dfac-b245-43cd-b62d-097e4c4f9464 0.433s
2025-03-26 02:49:32.492 68660 INFO tempest.lib.common.rest_client [req-33c3c445-6dfa-4731-aa8e-1accd0403277 req-33c3c445-6dfa-4731-aa8e-1accd0403277 ] Request (ImagesOneServerNegativeTestJSON:setUpClass): 201 POST http://10.180.1.21/identity/v3/projects 0.046s
2025-03-26 02:49:32.523 68692 INFO tempest.lib.common.rest_client [req-cb933b39-cf69-4417-bb9a-d164783369ca req-cb933b39-cf69-4417-bb9a-d164783369ca ] Request (ServersTestJSON:setUpClass): 200 GET http://10.180.1.21/compute/v2.1/servers/5e55541f-335d-437e-8aa9-891de3b3dbdd 0.473s
2025-03-26 02:49:32.558 68662 INFO tempest.lib.common.rest_client [req-8db4d555-2a45-42ec-be30-5ef20af950c9 req-8db4d555-2a45-42ec-be30-5ef20af950c9 ] Request (HostsAdminNegativeTestJSON:test_list_hosts_with_non_admin_user): 403 GET http://10.180.1.21/compute/v2.1/os-hosts 0.520s
2025-03-26 02:49:32.572 68706 INFO tempest.lib.common.rest_client [req-ba5ac24e-641f-4c53-9fd9-7f5dc03b0ec2 req-ba5ac24e-641f-4c53-9fd9-7f5dc03b0ec2 ] Request (ImagesOneServerTestJSON:test_create_delete_image): 200 GET http://10.180.1.21/compute/v2.1/images/7ae758e5-8c29-4280-8f2d-8eeeee9515d1 0.482s
2025-03-26 02:49:32.575 68660 INFO tempest.lib.common.rest_client [req-d6c12aab-6b05-47a1-b9e5-32e7718a889f req-d6c12aab-6b05-47a1-b9e5-32e7718a889f ] Request (ImagesOneServerNegativeTestJSON:setUpClass): 201 POST http://10.180.1.21/identity/v3/users 0.083s
2025-03-26 02:49:32.606 68660 INFO tempest.lib.common.rest_client [req-f6e9d490-9a1b-4f86-bdea-0fa621f3702c req-f6e9d490-9a1b-4f86-bdea-0fa621f3702c ] Request (ImagesOneServerNegativeTestJSON:setUpClass): 200 GET http://10.180.1.21/identity/v3/roles 0.030s
2025-03-26 02:49:32.640 68708 INFO tempest.lib.common.rest_client [req-bd205de6-1bc4-497c-9f3f-c26586b26a3a req-bd205de6-1bc4-497c-9f3f-c26586b26a3a ] Request (ServerActionsV293TestJSON:setUpClass): 200 GET http://10.180.1.21/compute/v2.1/servers/b554c544-8bd0-453c-9074-47e721570c7b 0.378s
2025-03-26 02:49:32.642 68660 INFO tempest.lib.common.rest_client [req-f96fc974-8851-4d55-8914-26f81b54d4a5 req-f96fc974-8851-4d55-8914-26f81b54d4a5 ] Request (ImagesOneServerNegativeTestJSON:setUpClass): 204 PUT http://10.180.1.21/identity/v3/projects/8cb929a28ff946e88c2a40bdca65e203/users/9ed90009274946d694f4f1eb3923b001/roles/bdf5c2a6cebf4b948d42a8ade7d16bcb 0.035s
2025-03-26 02:49:32.642 68660 INFO tempest.lib.common.dynamic_creds [-] Dynamic test user 9ed90009274946d694f4f1eb3923b001 is created with scope project and roles: ['member']
2025-03-26 02:49:32.642 68660 INFO tempest.lib.common.dynamic_creds [-] Acquired dynamic creds: credentials: Credentials: {'domain_id': 'default', 'domain_name': 'Default', 'username': 'tempest-ImagesOneServerNegativeTestJSON-288072164-project-member', 'project_domain_id': 'default', 'project_domain_name': 'Default', 'project_id': '8cb929a28ff946e88c2a40bdca65e203', 'project_name': 'tempest-ImagesOneServerNegativeTestJSON-288072164', 'tenant_id': '8cb929a28ff946e88c2a40bdca65e203', 'tenant_name': 'tempest-ImagesOneServerNegativeTestJSON-288072164', 'user_domain_id': 'default', 'user_domain_name': 'Default', 'user_id': '9ed90009274946d694f4f1eb3923b001', 'system': None}, Network: None, Subnet: None, Router: None
2025-03-26 02:49:32.644 68676 INFO tempest.lib.common.rest_client [req-5aae4fa9-182e-44f0-be4a-97a364f8e438 req-5aae4fa9-182e-44f0-be4a-97a364f8e438 ] Request (ImagesNegativeTestJSON:test_create_image_from_deleted_server): 200 GET http://10.180.1.21/compute/v2.1/servers/d1def803-d014-44d9-bf40-197dc1a097b3 0.481s
2025-03-26 02:49:32.709 68660 INFO tempest.lib.common.rest_client [req-21347fbb-1d91-490b-bdcb-0f444c6cc3f2 req-21347fbb-1d91-490b-bdcb-0f444c6cc3f2 ] Request (ImagesOneServerNegativeTestJSON:setUpClass): 201 POST http://10.180.1.21/identity/v3/auth/tokens 0.067s
2025-03-26 02:49:32.711 68652 INFO tempest.lib.common.rest_client [req-cc37d153-eb9c-46d1-8522-f260fa2478b6 req-cc37d153-eb9c-46d1-8522-f260fa2478b6 ] Request (MultipleCreateTestJSON:_run_cleanups): 200 GET http://10.180.1.21/compute/v2.1/servers/f324a81d-cef9-4a1b-9c38-6be5e4de0fce 0.383s
2025-03-26 02:49:32.714 68694 INFO tempest.lib.common.rest_client [req-f1692697-060e-4796-a698-018d913e7305 req-f1692697-060e-4796-a698-018d913e7305 ] Request (ServerShowV254Test:test_rebuild_server): 200 GET http://10.180.1.21/compute/v2.1/servers/e93d6f19-f14d-4b4b-8861-de18309a6637 0.352s
2025-03-26 02:49:32.775 68704 INFO tempest.lib.common.rest_client [req-ed7b12fd-4db4-40bb-8c46-002db74aa9be req-ed7b12fd-4db4-40bb-8c46-002db74aa9be ] Request (ServerDiagnosticsNegativeTest:test_get_server_diagnostics_by_non_admin): 200 GET http://10.180.1.21/compute/v2.1/servers/555bd730-2c1f-4276-ae54-dd443a3d6fa8 0.386s
2025-03-26 02:49:32.781 68686 INFO tempest.lib.common.rest_client [req-4406f361-884a-429e-9447-7c2e26d31ffe req-4406f361-884a-429e-9447-7c2e26d31ffe ] Request (ImagesTestJSON:test_create_image_from_stopped_server): 200 GET http://10.180.1.21/compute/v2.1/servers/68e45b06-5fba-44d3-bdb0-53a974198b56 0.349s
2025-03-26 02:49:32.790 68662 INFO tempest.lib.common.rest_client [req-bdd30d79-800f-497e-9484-55cbd70f3a81 req-bdd30d79-800f-497e-9484-55cbd70f3a81 ] Request (HostsAdminNegativeTestJSON:test_reboot_host_with_non_admin_user): 403 GET http://10.180.1.21/compute/v2.1/os-hosts/devstack/reboot 0.229s
2025-03-26 02:49:32.832 68702 INFO tempest.lib.common.rest_client [req-db94fb29-1ede-415e-af92-7fb3f885c129 req-db94fb29-1ede-415e-af92-7fb3f885c129 ] Request (ServersAdminTestJSON:test_inject_network_info): 200 GET http://10.180.1.21/compute/v2.1/servers/78e6a2ac-d7ad-4f44-b759-a9f035d3a606 0.370s
2025-03-26 02:49:32.848 68668 INFO tempest.lib.common.rest_client [req-2bf13023-8a2f-4976-aa4a-7f9c3fc78173 req-2bf13023-8a2f-4976-aa4a-7f9c3fc78173 ] Request (ServerActionsTestJSON:setUpClass): 200 GET http://10.180.1.21/compute/v2.1/servers/de3afbb1-8a9e-4c6e-84b1-2888ce859207 0.274s
2025-03-26 02:49:32.899 68670 INFO tempest.lib.common.rest_client [req-5353af3d-e495-4b86-9ed8-af43ec27c4c0 req-5353af3d-e495-4b86-9ed8-af43ec27c4c0 ] Request (ServerTagsTestJSON:setUpClass): 200 GET http://10.180.1.21/compute/v2.1/servers/d0f74717-3bea-42fe-b746-8cee7a46fb26 0.325s
2025-03-26 02:49:32.917 68680 INFO tempest.lib.common.rest_client [req-793e4b64-ae40-4b58-b9e4-62478cf83b36 req-793e4b64-ae40-4b58-b9e4-62478cf83b36 ] Request (ServerDiagnosticsV248Test:test_get_server_diagnostics): 200 GET http://10.180.1.21/compute/v2.1/servers/663658ba-100d-4c10-a244-935fc2a1bc81 0.273s
2025-03-26 02:49:32.996 68666 INFO tempest.lib.common.rest_client [req-77de80ed-adb3-4b03-9477-7ad715a97ca9 req-77de80ed-adb3-4b03-9477-7ad715a97ca9 ] Request (AttachInterfacesUnderV243Test:test_add_remove_fixed_ip): 200 GET http://10.180.1.21/compute/v2.1/servers/ba229ffb-c982-4f4e-b721-fe1458731eb1 0.352s
2025-03-26 02:49:32.999 68690 INFO tempest.lib.common.rest_client [req-9a76c3d3-1da0-402f-bb9b-e738a0c12413 req-9a76c3d3-1da0-402f-bb9b-e738a0c12413 ] Request (AttachInterfacesTestJSON:test_create_list_show_delete_interfaces_by_fixed_ip): 200 GET http://10.180.1.21/compute/v2.1/servers/792f0671-3387-483c-8ae5-e14bc375ce5e 0.266s
2025-03-26 02:49:33.014 68662 INFO tempest.lib.common.rest_client [req-a661ba44-03e0-4a01-87fe-0a946fb5f9f7 req-a661ba44-03e0-4a01-87fe-0a946fb5f9f7 ] Request (HostsAdminNegativeTestJSON:test_reboot_nonexistent_host): 404 GET http://10.180.1.21/compute/v2.1/os-hosts/nonexistent_hostname/reboot 0.222s
2025-03-26 02:49:33.075 68678 INFO tempest.lib.common.rest_client [req-5dd2cf0b-bb89-41e2-9187-5ca08df7f506 req-5dd2cf0b-bb89-41e2-9187-5ca08df7f506 ] Request (ServersAdmin275Test:tearDownClass): 200 GET http://10.180.1.21/compute/v2.1/servers/34083c96-e967-4541-8f89-b5ac1ef4d1a3 0.328s
2025-03-26 02:49:33.078 68684 WARNING tempest.lib.common.ssh [-] Failed to establish authenticated ssh connection to cirros@10.180.180.133 ([Errno None] Unable to connect to port 22 on 10.180.180.133). Number attempts: 1. Retry after 2 seconds.: paramiko.ssh_exception.NoValidConnectionsError: [Errno None] Unable to connect to port 22 on 10.180.180.133
2025-03-26 02:49:33.152 68654 INFO tempest.lib.common.rest_client [req-b72020ad-7c90-45ee-910c-19f965ce176a req-b72020ad-7c90-45ee-910c-19f965ce176a ] Request (AttachInterfacesV270Test:setUpClass): 200 PUT http://10.180.1.21:9696/networking/v2.0/routers/91c84370-15f9-497c-904d-1f147e77757f/add_router_interface 0.935s
2025-03-26 02:49:33.153 68654 INFO tempest.lib.common.dynamic_creds [-] Created isolated network resources for: credentials: Credentials: {'domain_id': 'default', 'domain_name': 'Default', 'username': 'tempest-AttachInterfacesV270Test-309391658-project-member', 'project_domain_id': 'default', 'project_domain_name': 'Default', 'project_id': 'c1bbf9f4ba6940efaada57c5d08bc64c', 'project_name': 'tempest-AttachInterfacesV270Test-309391658', 'tenant_id': 'c1bbf9f4ba6940efaada57c5d08bc64c', 'tenant_name': 'tempest-AttachInterfacesV270Test-309391658', 'user_domain_id': 'default', 'user_domain_name': 'Default', 'user_id': '13abe8ae03034d07883bfcef254b020e', 'system': None}, Network: {'id': 'be03c623-65e8-4bc0-bb97-e9931b60ecb2', 'name': 'tempest-AttachInterfacesV270Test-840737218-network', 'tenant_id': 'c1bbf9f4ba6940efaada57c5d08bc64c', 'admin_state_up': True, 'mtu': 8950, 'status': 'ACTIVE', 'subnets': [], 'shared': False, 'project_id': 'c1bbf9f4ba6940efaada57c5d08bc64c', 'port_security_enabled': True, 'router:external': False, 'provider:network_type': 'vlan', 'provider:physical_network': 'default', 'provider:segmentation_id': 810, 'availability_zone_hints': [], 'availability_zones': [], 'ipv4_address_scope': None, 'ipv6_address_scope': None, 'description': '', 'tags': [], 'created_at': '2025-03-26T02:49:30Z', 'updated_at': '2025-03-26T02:49:30Z', 'revision_number': 1}, Subnet: {'id': 'fcc6d57d-a40e-4a81-b2ce-04f3d32d1c21', 'name': 'tempest-AttachInterfacesV270Test-840737218-subnet', 'tenant_id': 'c1bbf9f4ba6940efaada57c5d08bc64c', 'network_id': 'be03c623-65e8-4bc0-bb97-e9931b60ecb2', 'ip_version': 4, 'subnetpool_id': None, 'enable_dhcp': True, 'ipv6_ra_mode': None, 'ipv6_address_mode': None, 'gateway_ip': '192.168.128.1', 'cidr': '192.168.128.0/28', 'allocation_pools': [{'start': '192.168.128.2', 'end': '192.168.128.14'}], 'host_routes': [], 'dns_nameservers': [], 'description': '', 'router:external': False, 'service_types': [], 'tags': [], 'created_at': '2025-03-26T02:49:30Z', 'updated_at': '2025-03-26T02:49:30Z', 'revision_number': 0, 'project_id': 'c1bbf9f4ba6940efaada57c5d08bc64c'}, Router: {'id': '91c84370-15f9-497c-904d-1f147e77757f', 'name': 'tempest-AttachInterfacesV270Test-840737218-router', 'tenant_id': 'c1bbf9f4ba6940efaada57c5d08bc64c', 'admin_state_up': True, 'status': 'ACTIVE', 'external_gateway_info': {'network_id': '030409a1-02e0-4ac8-8168-7154d2cac928', 'external_fixed_ips': [{'subnet_id': '2d7e9623-9bb3-428b-a00f-25c68a125800', 'ip_address': '10.180.180.218'}], 'enable_snat': True}, 'description': '', 'availability_zones': [], 'distributed': False, 'ha': False, 'availability_zone_hints': [], 'routes': [], 'flavor_id': None, 'tags': [], 'created_at': '2025-03-26T02:49:31Z', 'updated_at': '2025-03-26T02:49:31Z', 'revision_number': 2, 'project_id': 'c1bbf9f4ba6940efaada57c5d08bc64c'}
2025-03-26 02:49:33.204 68712 WARNING tempest.lib.common.ssh [-] Failed to establish authenticated ssh connection to cirros@10.180.180.155 ([Errno None] Unable to connect to port 22 on 10.180.180.155). Number attempts: 2. Retry after 3 seconds.: paramiko.ssh_exception.NoValidConnectionsError: [Errno None] Unable to connect to port 22 on 10.180.180.155
2025-03-26 02:49:33.227 68654 INFO tempest.lib.common.rest_client [req-09b54f78-745b-4d2c-8585-00a7801baee9 req-09b54f78-745b-4d2c-8585-00a7801baee9 ] Request (AttachInterfacesV270Test:setUpClass): 201 POST http://10.180.1.21/identity/v3/auth/tokens 0.069s
2025-03-26 02:49:33.264 68654 INFO tempest.lib.common.rest_client [req-19566b3c-88cf-4eba-bd9c-f5506bcdab3d req-19566b3c-88cf-4eba-bd9c-f5506bcdab3d ] Request (AttachInterfacesV270Test:test_create_get_list_interfaces): 201 POST http://10.180.1.21/identity/v3/auth/tokens 0.032s
2025-03-26 02:49:33.264 68654 INFO tempest.lib.common.fixed_network [-] (AttachInterfacesV270Test:test_create_get_list_interfaces) Found network {'id': 'be03c623-65e8-4bc0-bb97-e9931b60ecb2', 'name': 'tempest-AttachInterfacesV270Test-840737218-network', 'tenant_id': 'c1bbf9f4ba6940efaada57c5d08bc64c', 'admin_state_up': True, 'mtu': 8950, 'status': 'ACTIVE', 'subnets': [], 'shared': False, 'project_id': 'c1bbf9f4ba6940efaada57c5d08bc64c', 'port_security_enabled': True, 'router:external': False, 'provider:network_type': 'vlan', 'provider:physical_network': 'default', 'provider:segmentation_id': 810, 'availability_zone_hints': [], 'availability_zones': [], 'ipv4_address_scope': None, 'ipv6_address_scope': None, 'description': '', 'tags': [], 'created_at': '2025-03-26T02:49:30Z', 'updated_at': '2025-03-26T02:49:30Z', 'revision_number': 1} available for tenant
2025-03-26 02:49:33.333 68696 INFO tempest.lib.common.rest_client [req-4d2844c0-1d95-4a93-9950-d88820689a41 req-4d2844c0-1d95-4a93-9950-d88820689a41 ] Request (ServersTestMultiNic:_run_cleanups): 200 GET http://10.180.1.21/compute/v2.1/servers/83b48c21-ef72-47bb-87aa-6c49a84eaaff 0.503s
2025-03-26 02:49:33.339 68688 INFO tempest.lib.common.rest_client [req-c312cfc7-7411-4028-ba81-c458cf942bb6 req-c312cfc7-7411-4028-ba81-c458cf942bb6 ] Request (ServersV294TestFqdnHostnames:setUpClass): 200 GET http://10.180.1.21/compute/v2.1/servers/6634d418-dc13-471c-8e70-aac396eb712c 0.497s
2025-03-26 02:49:33.339 68660 INFO tempest.lib.common.rest_client [req-59861344-2ff7-4a36-b76a-8b6d80af8bd4 req-59861344-2ff7-4a36-b76a-8b6d80af8bd4 ] Request (ImagesOneServerNegativeTestJSON:setUpClass): 201 POST http://10.180.1.21:9696/networking/v2.0/networks 0.629s
2025-03-26 02:49:33.345 68662 INFO tempest.lib.common.rest_client [req-47d96e73-518e-4888-a7be-1232465a15e7 req-47d96e73-518e-4888-a7be-1232465a15e7 ] Request (HostsAdminNegativeTestJSON:test_show_host_detail_with_non_admin_user): 403 GET http://10.180.1.21/compute/v2.1/os-hosts/devstack 0.329s
2025-03-26 02:49:33.413 68664 INFO tempest.lib.common.rest_client [req-95f96682-51ff-4f62-ac6e-f91923c9c640 req-95f96682-51ff-4f62-ac6e-f91923c9c640 ] Request (ListImageFiltersTestJSON:setUpClass): 200 GET http://10.180.1.21/compute/v2.1/servers/3d68ac69-3768-4b1b-9991-a636fdaec967 0.502s
2025-03-26 02:49:33.537 68682 INFO tempest.lib.common.rest_client [req-e72da9be-78b8-483e-9b0f-a3b2306015fc req-e72da9be-78b8-483e-9b0f-a3b2306015fc ] Request (MigrationsAdminTest:test_list_migrations_in_flavor_resize_situation): 200 GET http://10.180.1.21/compute/v2.1/servers/29c1d0b8-6372-467f-b6d3-df9fdae75530 0.348s
2025-03-26 02:49:33.554 68682 INFO tempest.common.waiters [-] State transition "RESIZE/resize_migrated" ==> "RESIZE/resize_finish" after 26 second wait
2025-03-26 02:49:33.584 68658 INFO tempest.lib.common.rest_client [req-62c2482b-f6c7-43a8-b25a-c819b4d1b03b req-62c2482b-f6c7-43a8-b25a-c819b4d1b03b ] Request (SecurityGroupsTestJSON:test_list_security_groups_by_server): 200 GET http://10.180.1.21/compute/v2.1/servers/ebc75733-b03c-4d20-9ee9-abec0c278957 0.348s
2025-03-26 02:49:33.619 68672 INFO tempest.lib.common.rest_client [req-d79b7639-fb90-4bc1-9f6c-b52406ed3f1a req-d79b7639-fb90-4bc1-9f6c-b52406ed3f1a ] Request (DeleteServersAdminTestJSON:test_delete_server_while_in_error_state): 200 GET http://10.180.1.21/compute/v2.1/servers/fde77cce-4916-4fff-a857-f3d5fb52bff6 0.362s
2025-03-26 02:49:33.628 68662 INFO tempest.lib.common.rest_client [req-122cced1-cacb-4517-9a66-04250e4be218 req-122cced1-cacb-4517-9a66-04250e4be218 ] Request (HostsAdminNegativeTestJSON:test_show_host_detail_with_nonexistent_hostname): 404 GET http://10.180.1.21/compute/v2.1/os-hosts/nonexistent_hostname 0.282s
2025-03-26 02:49:33.678 68660 INFO tempest.lib.common.rest_client [req-4a8e888d-09b9-4060-b725-46b20bd73f5d req-4a8e888d-09b9-4060-b725-46b20bd73f5d ] Request (ImagesOneServerNegativeTestJSON:setUpClass): 201 POST http://10.180.1.21:9696/networking/v2.0/subnets 0.338s
2025-03-26 02:49:33.814 68656 INFO tempest.lib.common.rest_client [req-1c275a56-f5d2-48cf-8c06-ad3a3a07fcde req-1c275a56-f5d2-48cf-8c06-ad3a3a07fcde ] Request (VolumesAdminNegativeTest:test_update_attached_volume_with_nonexistent_volume_in_body): 200 GET http://10.180.1.21/compute/v2.1/servers/8f92cb9b-f8ca-430b-be49-8a3d9e5f5157 0.429s
2025-03-26 02:49:33.844 68698 WARNING tempest.lib.common.ssh [-] Failed to establish authenticated ssh connection to cirros@10.180.180.169 ([Errno None] Unable to connect to port 22 on 10.180.180.169). Number attempts: 4. Retry after 5 seconds.: paramiko.ssh_exception.NoValidConnectionsError: [Errno None] Unable to connect to port 22 on 10.180.180.169
2025-03-26 02:49:33.845 68714 WARNING tempest.lib.common.ssh [-] Failed to establish authenticated ssh connection to cirros@10.180.180.215 ([Errno None] Unable to connect to port 22 on 10.180.180.215). Number attempts: 4. Retry after 5 seconds.: paramiko.ssh_exception.NoValidConnectionsError: [Errno None] Unable to connect to port 22 on 10.180.180.215
2025-03-26 02:49:33.962 68674 INFO tempest.lib.common.rest_client [req-43901eab-00f8-4be3-97c5-8eafc32819e0 req-43901eab-00f8-4be3-97c5-8eafc32819e0 ] Request (ServersAdminNegativeTestJSON:tearDownClass): 200 GET http://10.180.1.21/compute/v2.1/servers/d42651db-8ba1-4cda-9798-ada9ce29dadb 0.548s
2025-03-26 02:49:34.027 68700 INFO tempest.lib.common.rest_client [req-91ee6ff3-f8d9-482e-bbed-b3da7f93896b req-91ee6ff3-f8d9-482e-bbed-b3da7f93896b ] Request (TenantUsagesTestJSON:tearDownClass): 200 GET http://10.180.1.21/compute/v2.1/servers/4150dfac-b245-43cd-b62d-097e4c4f9464 0.551s
2025-03-26 02:49:34.080 68654 INFO tempest.lib.common.rest_client [req-c4a7b1fd-98a1-451d-93d7-8208f5538ccb req-c4a7b1fd-98a1-451d-93d7-8208f5538ccb ] Request (AttachInterfacesV270Test:test_create_get_list_interfaces): 202 POST http://10.180.1.21/compute/v2.1/servers 0.815s
2025-03-26 02:49:34.083 68692 INFO tempest.lib.common.rest_client [req-694f9dba-be8e-4387-90df-4a3ffad51cc8 req-694f9dba-be8e-4387-90df-4a3ffad51cc8 ] Request (ServersTestJSON:setUpClass): 200 GET http://10.180.1.21/compute/v2.1/servers/5e55541f-335d-437e-8aa9-891de3b3dbdd 0.547s
2025-03-26 02:49:34.092 68662 INFO tempest.lib.common.rest_client [req-50265f95-d45a-42f7-aec6-a36628c1b714 req-50265f95-d45a-42f7-aec6-a36628c1b714 ] Request (HostsAdminNegativeTestJSON:test_shutdown_host_with_non_admin_user): 403 GET http://10.180.1.21/compute/v2.1/os-hosts/devstack/shutdown 0.461s
2025-03-26 02:49:34.121 68706 INFO tempest.lib.common.rest_client [req-bc2af15f-8cb4-4e4a-8984-a7f0b8938235 req-bc2af15f-8cb4-4e4a-8984-a7f0b8938235 ] Request (ImagesOneServerTestJSON:test_create_delete_image): 200 GET http://10.180.1.21/compute/v2.1/images/7ae758e5-8c29-4280-8f2d-8eeeee9515d1 0.544s
2025-03-26 02:49:34.173 68708 INFO tempest.lib.common.rest_client [req-f903a258-eac5-42c0-b77f-d2573c079c22 req-f903a258-eac5-42c0-b77f-d2573c079c22 ] Request (ServerActionsV293TestJSON:setUpClass): 200 GET http://10.180.1.21/compute/v2.1/servers/b554c544-8bd0-453c-9074-47e721570c7b 0.521s
2025-03-26 02:49:34.188 68676 INFO tempest.lib.common.rest_client [req-434a5ed2-2ba8-44dd-8f14-41be5cd7563b req-434a5ed2-2ba8-44dd-8f14-41be5cd7563b ] Request (ImagesNegativeTestJSON:test_create_image_from_deleted_server): 200 GET http://10.180.1.21/compute/v2.1/servers/d1def803-d014-44d9-bf40-197dc1a097b3 0.532s
2025-03-26 02:49:34.249 68652 INFO tempest.lib.common.rest_client [req-dbfadf97-9785-4b9b-897b-335475124694 req-dbfadf97-9785-4b9b-897b-335475124694 ] Request (MultipleCreateTestJSON:_run_cleanups): 200 GET http://10.180.1.21/compute/v2.1/servers/f324a81d-cef9-4a1b-9c38-6be5e4de0fce 0.530s
2025-03-26 02:49:34.259 68694 INFO tempest.lib.common.rest_client [req-c7d1344f-a347-4e19-87a3-6186b263c819 req-c7d1344f-a347-4e19-87a3-6186b263c819 ] Request (ServerShowV254Test:test_rebuild_server): 200 GET http://10.180.1.21/compute/v2.1/servers/e93d6f19-f14d-4b4b-8861-de18309a6637 0.534s
2025-03-26 02:49:34.298 68704 INFO tempest.lib.common.rest_client [req-eb92a7eb-d388-4251-9ebc-907ec9c2fbc4 req-eb92a7eb-d388-4251-9ebc-907ec9c2fbc4 ] Request (ServerDiagnosticsNegativeTest:test_get_server_diagnostics_by_non_admin): 200 GET http://10.180.1.21/compute/v2.1/servers/555bd730-2c1f-4276-ae54-dd443a3d6fa8 0.513s
2025-03-26 02:49:34.317 68686 INFO tempest.lib.common.rest_client [req-b0220fcc-57aa-4c6d-b7b3-6b3216c94320 req-b0220fcc-57aa-4c6d-b7b3-6b3216c94320 ] Request (ImagesTestJSON:test_create_image_from_stopped_server): 200 GET http://10.180.1.21/compute/v2.1/servers/68e45b06-5fba-44d3-bdb0-53a974198b56 0.526s
2025-03-26 02:49:34.358 68702 INFO tempest.lib.common.rest_client [req-c633d188-7101-430e-8b3f-c7b78f952d16 req-c633d188-7101-430e-8b3f-c7b78f952d16 ] Request (ServersAdminTestJSON:test_inject_network_info): 200 GET http://10.180.1.21/compute/v2.1/servers/78e6a2ac-d7ad-4f44-b759-a9f035d3a606 0.516s
2025-03-26 02:49:34.382 68668 INFO tempest.lib.common.rest_client [req-7666ec56-527c-4408-bb2f-dde53805b642 req-7666ec56-527c-4408-bb2f-dde53805b642 ] Request (ServerActionsTestJSON:setUpClass): 200 GET http://10.180.1.21/compute/v2.1/servers/de3afbb1-8a9e-4c6e-84b1-2888ce859207 0.520s
2025-03-26 02:49:34.437 68670 INFO tempest.lib.common.rest_client [req-2a02f80d-6e47-40c9-a3c6-fc0d09809096 req-2a02f80d-6e47-40c9-a3c6-fc0d09809096 ] Request (ServerTagsTestJSON:setUpClass): 200 GET http://10.180.1.21/compute/v2.1/servers/d0f74717-3bea-42fe-b746-8cee7a46fb26 0.524s
2025-03-26 02:49:34.447 68680 INFO tempest.lib.common.rest_client [req-bcd1192b-9165-4bda-9fc4-a03b96de441f req-bcd1192b-9165-4bda-9fc4-a03b96de441f ] Request (ServerDiagnosticsV248Test:test_get_server_diagnostics): 200 GET http://10.180.1.21/compute/v2.1/servers/663658ba-100d-4c10-a244-935fc2a1bc81 0.487s
2025-03-26 02:49:34.507 68666 INFO tempest.lib.common.rest_client [req-6db867ee-7090-409b-a060-4d927f645b4b req-6db867ee-7090-409b-a060-4d927f645b4b ] Request (AttachInterfacesUnderV243Test:test_add_remove_fixed_ip): 200 GET http://10.180.1.21/compute/v2.1/servers/ba229ffb-c982-4f4e-b721-fe1458731eb1 0.501s
2025-03-26 02:49:34.514 68690 INFO tempest.lib.common.rest_client [req-3ada1462-bf8d-4632-8114-45b11224880b req-3ada1462-bf8d-4632-8114-45b11224880b ] Request (AttachInterfacesTestJSON:test_create_list_show_delete_interfaces_by_fixed_ip): 200 GET http://10.180.1.21/compute/v2.1/servers/792f0671-3387-483c-8ae5-e14bc375ce5e 0.504s
2025-03-26 02:49:34.519 68660 INFO tempest.lib.common.rest_client [req-a1622f1c-d264-4718-8459-750c27c8e0d3 req-a1622f1c-d264-4718-8459-750c27c8e0d3 ] Request (ImagesOneServerNegativeTestJSON:setUpClass): 201 POST http://10.180.1.21:9696/networking/v2.0/routers 0.841s
2025-03-26 02:49:34.527 68690 INFO tempest.common.waiters [-] State transition "BUILD/None" ==> "BUILD/networking" after 34 second wait
2025-03-26 02:49:34.566 68654 INFO tempest.lib.common.rest_client [req-b9bc711a-b5f2-483c-a020-0004be2d20e6 req-b9bc711a-b5f2-483c-a020-0004be2d20e6 ] Request (AttachInterfacesV270Test:test_create_get_list_interfaces): 200 GET http://10.180.1.21/compute/v2.1/servers/6e220a2b-88c6-46d0-9158-0be90b222d80 0.484s
2025-03-26 02:49:34.581 68662 INFO tempest.lib.common.rest_client [req-7dbb0ce8-d8c7-43f6-8c03-0514aed594fe req-7dbb0ce8-d8c7-43f6-8c03-0514aed594fe ] Request (HostsAdminNegativeTestJSON:test_shutdown_nonexistent_host): 404 GET http://10.180.1.21/compute/v2.1/os-hosts/nonexistent_hostname/shutdown 0.488s
2025-03-26 02:49:34.630 68678 INFO tempest.lib.common.rest_client [req-09c92f15-0ae7-415a-ab37-9e5dd1919988 req-09c92f15-0ae7-415a-ab37-9e5dd1919988 ] Request (ServersAdmin275Test:tearDownClass): 200 GET http://10.180.1.21/compute/v2.1/servers/34083c96-e967-4541-8f89-b5ac1ef4d1a3 0.543s
2025-03-26 02:49:34.652 68696 INFO tempest.lib.common.rest_client [req-c73eb09c-1957-45a8-8aa5-6c1e84ae6b2b req-c73eb09c-1957-45a8-8aa5-6c1e84ae6b2b ] Request (ServersTestMultiNic:_run_cleanups): 200 GET http://10.180.1.21/compute/v2.1/servers/83b48c21-ef72-47bb-87aa-6c49a84eaaff 0.304s
2025-03-26 02:49:34.715 68664 INFO tempest.lib.common.rest_client [req-86c650ed-7d29-4b15-8369-ba7785c8f989 req-86c650ed-7d29-4b15-8369-ba7785c8f989 ] Request (ListImageFiltersTestJSON:setUpClass): 200 GET http://10.180.1.21/compute/v2.1/servers/3d68ac69-3768-4b1b-9991-a636fdaec967 0.292s
2025-03-26 02:49:34.716 68688 INFO tempest.lib.common.rest_client [req-aa84ed70-6a04-4eaa-b27f-c4432cb0680c req-aa84ed70-6a04-4eaa-b27f-c4432cb0680c ] Request (ServersV294TestFqdnHostnames:setUpClass): 200 GET http://10.180.1.21/compute/v2.1/servers/6634d418-dc13-471c-8e70-aac396eb712c 0.365s
2025-03-26 02:49:34.725 68662 INFO tempest.lib.common.rest_client [req-66906040-6b70-4cfa-8252-ebfe23e03b0a req-66906040-6b70-4cfa-8252-ebfe23e03b0a ] Request (HostsAdminNegativeTestJSON:test_startup_host_with_non_admin_user): 403 GET http://10.180.1.21/compute/v2.1/os-hosts/devstack/startup 0.141s
2025-03-26 02:49:34.883 68682 INFO tempest.lib.common.rest_client [req-d81ff0c6-7cf4-4d42-8d95-deff048958d3 req-d81ff0c6-7cf4-4d42-8d95-deff048958d3 ] Request (MigrationsAdminTest:test_list_migrations_in_flavor_resize_situation): 200 GET http://10.180.1.21/compute/v2.1/servers/29c1d0b8-6372-467f-b6d3-df9fdae75530 0.327s
2025-03-26 02:49:34.903 68658 INFO tempest.lib.common.rest_client [req-348c24be-1df5-4a2d-b1ad-b17c3d5db2dd req-348c24be-1df5-4a2d-b1ad-b17c3d5db2dd ] Request (SecurityGroupsTestJSON:test_list_security_groups_by_server): 200 GET http://10.180.1.21/compute/v2.1/servers/ebc75733-b03c-4d20-9ee9-abec0c278957 0.302s
2025-03-26 02:49:34.914 68662 INFO tempest.lib.common.rest_client [req-1efea097-2e70-4a46-9668-b62fd6393872 req-1efea097-2e70-4a46-9668-b62fd6393872 ] Request (HostsAdminNegativeTestJSON:test_startup_nonexistent_host): 404 GET http://10.180.1.21/compute/v2.1/os-hosts/nonexistent_hostname/startup 0.188s
2025-03-26 02:49:34.956 68672 INFO tempest.lib.common.rest_client [req-572fdc10-cf4b-4977-a174-ac640f188519 req-572fdc10-cf4b-4977-a174-ac640f188519 ] Request (DeleteServersAdminTestJSON:test_delete_server_while_in_error_state): 200 GET http://10.180.1.21/compute/v2.1/servers/fde77cce-4916-4fff-a857-f3d5fb52bff6 0.327s
2025-03-26 02:49:34.964 68662 INFO tempest.lib.common.rest_client [req-c7d1c6a9-15a6-4135-9b6f-8fe72708dec6 req-c7d1c6a9-15a6-4135-9b6f-8fe72708dec6 ] Request (HostsAdminNegativeTestJSON:test_update_host_with_invalid_maintenance_mode): 400 PUT http://10.180.1.21/compute/v2.1/os-hosts/devstack 0.048s
2025-03-26 02:49:34.990 68662 INFO tempest.lib.common.rest_client [req-21cc940a-9122-432c-b155-0b4494a42e29 req-21cc940a-9122-432c-b155-0b4494a42e29 ] Request (HostsAdminNegativeTestJSON:test_update_host_with_invalid_status): 400 PUT http://10.180.1.21/compute/v2.1/os-hosts/devstack 0.024s
2025-03-26 02:49:35.043 68656 INFO tempest.lib.common.rest_client [req-b8b2f53a-10b0-4dab-8631-4c20f5a89518 req-b8b2f53a-10b0-4dab-8631-4c20f5a89518 ] Request (VolumesAdminNegativeTest:test_update_attached_volume_with_nonexistent_volume_in_body): 200 GET http://10.180.1.21/compute/v2.1/servers/8f92cb9b-f8ca-430b-be49-8a3d9e5f5157 0.215s
2025-03-26 02:49:35.051 68656 INFO tempest.common.waiters [-] State transition "BUILD/spawning" ==> "ACTIVE/None" after 38 second wait
2025-03-26 02:49:35.052 68662 INFO tempest.lib.common.rest_client [req-8d01bce4-60bd-42aa-8e8c-a80fc470bf21 req-8d01bce4-60bd-42aa-8e8c-a80fc470bf21 ] Request (HostsAdminNegativeTestJSON:test_update_host_with_non_admin_user): 403 PUT http://10.180.1.21/compute/v2.1/os-hosts/devstack 0.060s
2025-03-26 02:49:35.055 68674 INFO tempest.lib.common.rest_client [req-da992476-8e97-45cc-9fdd-0173b0d31573 req-da992476-8e97-45cc-9fdd-0173b0d31573 ] Request (ServersAdminNegativeTestJSON:tearDownClass): 200 GET http://10.180.1.21/compute/v2.1/servers/d42651db-8ba1-4cda-9798-ada9ce29dadb 0.084s
2025-03-26 02:49:35.137 68700 INFO tempest.lib.common.rest_client [req-dfbef4f9-f349-454a-9751-638dcf26cce1 req-dfbef4f9-f349-454a-9751-638dcf26cce1 ] Request (TenantUsagesTestJSON:tearDownClass): 200 GET http://10.180.1.21/compute/v2.1/servers/4150dfac-b245-43cd-b62d-097e4c4f9464 0.102s
2025-03-26 02:49:35.142 68656 INFO tempest.lib.common.rest_client [req-a78faf3c-15e1-4004-9c4f-1db5d85a7616 req-a78faf3c-15e1-4004-9c4f-1db5d85a7616 ] Request (VolumesAdminNegativeTest:test_update_attached_volume_with_nonexistent_volume_in_body): 200 GET http://10.180.1.21/compute/v2.1/servers/8f92cb9b-f8ca-430b-be49-8a3d9e5f5157/os-interface 0.090s
2025-03-26 02:49:35.143 68662 INFO tempest.lib.common.rest_client [req-7e60dbc7-725a-46a4-8e95-71508fea128d req-7e60dbc7-725a-46a4-8e95-71508fea128d ] Request (HostsAdminNegativeTestJSON:test_update_host_without_param): 400 PUT http://10.180.1.21/compute/v2.1/os-hosts/devstack 0.090s
2025-03-26 02:49:35.182 68706 INFO tempest.lib.common.rest_client [req-0cb80c2e-dfcb-42dd-96fd-1d0af7ac0830 req-0cb80c2e-dfcb-42dd-96fd-1d0af7ac0830 ] Request (ImagesOneServerTestJSON:test_create_delete_image): 200 GET http://10.180.1.21/compute/v2.1/images/7ae758e5-8c29-4280-8f2d-8eeeee9515d1 0.053s
2025-03-26 02:49:35.192 68662 INFO tempest.lib.common.rest_client [req-4395729c-1246-4c8b-b5cd-feaba6e88010 req-4395729c-1246-4c8b-b5cd-feaba6e88010 ] Request (HostsAdminNegativeTestJSON:test_update_nonexistent_host): 404 PUT http://10.180.1.21/compute/v2.1/os-hosts/nonexistent_hostname 0.048s
2025-03-26 02:49:35.207 68692 INFO tempest.lib.common.rest_client [req-06e04e17-62da-4188-8d57-aafb72f435a8 req-06e04e17-62da-4188-8d57-aafb72f435a8 ] Request (ServersTestJSON:setUpClass): 200 GET http://10.180.1.21/compute/v2.1/servers/5e55541f-335d-437e-8aa9-891de3b3dbdd 0.115s
2025-03-26 02:49:35.246 68706 INFO tempest.lib.common.rest_client [req-37774cb4-db2a-49ca-bf8f-ce156ecd3915 req-37774cb4-db2a-49ca-bf8f-ce156ecd3915 ] Request (ImagesOneServerTestJSON:test_create_delete_image): 200 GET http://10.180.1.21/compute/v2.1/images/7ae758e5-8c29-4280-8f2d-8eeeee9515d1 0.061s
2025-03-26 02:49:35.265 68708 INFO tempest.lib.common.rest_client [req-01c0be92-1691-4dd4-bdaf-773003e671bb req-01c0be92-1691-4dd4-bdaf-773003e671bb ] Request (ServerActionsV293TestJSON:setUpClass): 200 GET http://10.180.1.21/compute/v2.1/servers/b554c544-8bd0-453c-9074-47e721570c7b 0.081s
2025-03-26 02:49:35.306 68662 INFO tempest.lib.common.rest_client [req-14f4ffa1-cd4f-49b2-8652-a804c1c656f2 req-14f4ffa1-cd4f-49b2-8652-a804c1c656f2 ] Request (HostsAdminNegativeTestJSON:tearDownClass): 204 DELETE http://10.180.1.21/identity/v3/users/8fbb9776ab36403a8a4b2a3a8e378222 0.110s
2025-03-26 02:49:35.340 68676 INFO tempest.lib.common.rest_client [req-723df42d-41eb-47d4-957a-044c86f6686f req-723df42d-41eb-47d4-957a-044c86f6686f ] Request (ImagesNegativeTestJSON:test_create_image_from_deleted_server): 200 GET http://10.180.1.21/compute/v2.1/servers/d1def803-d014-44d9-bf40-197dc1a097b3 0.142s
2025-03-26 02:49:35.405 68662 INFO tempest.lib.common.rest_client [req-ac337cd6-9fae-4830-bd2a-20936104bc74 req-ac337cd6-9fae-4830-bd2a-20936104bc74 ] Request (HostsAdminNegativeTestJSON:tearDownClass): 204 DELETE http://10.180.1.21/identity/v3/users/5bfe2d7eb72b41409e38de221f1f05f8 0.099s
2025-03-26 02:49:35.405 68662 INFO tempest.lib.common.dynamic_creds [-] Deleting project and security group for project: d2da1f324bd44df9a69121c50e71ae26
2025-03-26 02:49:35.422 68652 INFO tempest.lib.common.rest_client [req-60c344b1-9bdb-450a-837d-8be3b8eb687b req-60c344b1-9bdb-450a-837d-8be3b8eb687b ] Request (MultipleCreateTestJSON:_run_cleanups): 200 GET http://10.180.1.21/compute/v2.1/servers/f324a81d-cef9-4a1b-9c38-6be5e4de0fce 0.162s
2025-03-26 02:49:35.491 68706 INFO tempest.lib.common.rest_client [req-c13d3a63-912c-49c6-b444-69738989c9e2 req-c13d3a63-912c-49c6-b444-69738989c9e2 ] Request (ImagesOneServerTestJSON:test_create_delete_image): 200 GET http://10.180.1.21/compute/v2.1/servers/23e79298-a98f-4a67-9f98-4c7fdc908493 0.238s
2025-03-26 02:49:35.494 68662 INFO tempest.lib.common.rest_client [req-a4f57c41-9216-4f66-a1b7-67bd8a1d35eb req-a4f57c41-9216-4f66-a1b7-67bd8a1d35eb ] Request (HostsAdminNegativeTestJSON:tearDownClass): 201 POST http://10.180.1.21/identity/v3/auth/tokens 0.088s
2025-03-26 02:49:35.503 68694 INFO tempest.lib.common.rest_client [req-8a702dc4-400b-4276-a19f-14a2d07e1866 req-8a702dc4-400b-4276-a19f-14a2d07e1866 ] Request (ServerShowV254Test:test_rebuild_server): 200 GET http://10.180.1.21/compute/v2.1/servers/e93d6f19-f14d-4b4b-8861-de18309a6637 0.232s
2025-03-26 02:49:35.564 68686 INFO tempest.lib.common.rest_client [req-2aee3441-c237-4387-bb9b-8a4e36ab40d6 req-2aee3441-c237-4387-bb9b-8a4e36ab40d6 ] Request (ImagesTestJSON:test_create_image_from_stopped_server): 200 GET http://10.180.1.21/compute/v2.1/servers/68e45b06-5fba-44d3-bdb0-53a974198b56 0.235s
