2025-03-26 02:49:56.737 68668 INFO tempest.lib.common.rest_client [req-a5195597-c51c-4c85-a41d-5bde55dae484 req-a5195597-c51c-4c85-a41d-5bde55dae484 ] Request (ServerActionsTestJSON:setUpClass): 200 GET http://10.180.1.21/compute/v2.1/servers/de3afbb1-8a9e-4c6e-84b1-2888ce859207 0.110s
2025-03-26 02:49:56.792 68696 INFO tempest.lib.common.rest_client [req-ae06f96a-e9c9-4b6c-b5cf-4bb8cab3035a req-ae06f96a-e9c9-4b6c-b5cf-4bb8cab3035a ] Request (ServersTestMultiNic:test_verify_multiple_nics_order): 200 GET http://10.180.1.21/compute/v2.1/servers/56afbf63-7873-40d0-ac88-8651b67b7d83 0.052s
2025-03-26 02:49:56.812 68692 INFO tempest.lib.common.rest_client [req-b9b30efe-2e22-4fca-a0f9-7ac66d79d4af req-b9b30efe-2e22-4fca-a0f9-7ac66d79d4af ] Request (ServersTestJSON:setUpClass): 200 GET http://10.180.1.21/compute/v2.1/servers/5e55541f-335d-437e-8aa9-891de3b3dbdd 0.066s
2025-03-26 02:49:56.858 68700 INFO tempest.lib.common.rest_client [req-72bfe669-8167-4d4a-9a11-aec5d40d253e req-72bfe669-8167-4d4a-9a11-aec5d40d253e ] Request (FloatingIPsAssociationNegativeTestJSON:setUpClass): 200 GET http://10.180.1.21/compute/v2.1/servers/d9ed7892-e388-4da5-b347-0c55dca64f3c 0.049s
2025-03-26 02:49:56.894 68674 INFO tempest.lib.common.rest_client [req-c2d832a3-3db6-4a59-a1f2-d204336387e1 req-c2d832a3-3db6-4a59-a1f2-d204336387e1 ] Request (ServersAdminNegativeTestJSON:tearDownClass): 200 GET http://10.180.1.21/compute/v2.1/servers/d42651db-8ba1-4cda-9798-ada9ce29dadb 0.070s
2025-03-26 02:49:56.938 68694 INFO tempest.lib.common.rest_client [req-174a66b5-5df7-4f90-a969-c4df8d47fbc8 req-174a66b5-5df7-4f90-a969-c4df8d47fbc8 ] Request (ServerShowV254Test:test_rebuild_server): 200 GET http://10.180.1.21/compute/v2.1/servers/e93d6f19-f14d-4b4b-8861-de18309a6637 0.070s
2025-03-26 02:49:56.963 68704 INFO tempest.lib.common.rest_client [req-8c2f594d-7351-4656-95c5-0fe41ffc25d3 req-8c2f594d-7351-4656-95c5-0fe41ffc25d3 ] Request (ServerDiagnosticsNegativeTest:test_get_server_diagnostics_by_non_admin): 200 GET http://10.180.1.21/compute/v2.1/servers/555bd730-2c1f-4276-ae54-dd443a3d6fa8 0.062s
2025-03-26 02:49:56.985 68658 INFO tempest.lib.common.rest_client [req-66bb5f02-94d4-4875-9f56-b070eee7b5a3 req-66bb5f02-94d4-4875-9f56-b070eee7b5a3 ] Request (SecurityGroupsTestJSON:test_server_security_groups): 200 GET http://10.180.1.21/compute/v2.1/servers/864b47ef-e221-4589-a445-7e7d1d66bc74 0.066s
2025-03-26 02:49:57.007 68686 INFO tempest.lib.common.rest_client [req-be76cde4-4987-4057-b88b-93992e7bb7c0 req-be76cde4-4987-4057-b88b-93992e7bb7c0 ] Request (ImagesTestJSON:test_create_image_from_stopped_server): 200 GET http://10.180.1.21/compute/v2.1/servers/68e45b06-5fba-44d3-bdb0-53a974198b56 0.056s
2025-03-26 02:49:57.060 68702 INFO tempest.lib.common.rest_client [req-08f6e5ed-12d1-4da7-ac5a-3bb13d653595 req-08f6e5ed-12d1-4da7-ac5a-3bb13d653595 ] Request (ServersAdminTestJSON:test_inject_network_info): 200 GET http://10.180.1.21/compute/v2.1/servers/78e6a2ac-d7ad-4f44-b759-a9f035d3a606 0.051s
2025-03-26 02:49:57.086 68670 INFO tempest.lib.common.rest_client [req-417ffd55-f40e-48cf-a786-df1a62e7a1f1 req-417ffd55-f40e-48cf-a786-df1a62e7a1f1 ] Request (ServerTagsTestJSON:setUpClass): 200 GET http://10.180.1.21/compute/v2.1/servers/d0f74717-3bea-42fe-b746-8cee7a46fb26 0.052s
2025-03-26 02:49:57.133 68680 INFO tempest.lib.common.rest_client [req-ec9e6dc4-21d0-40fc-b0de-89a230068541 req-ec9e6dc4-21d0-40fc-b0de-89a230068541 ] Request (ServerDiagnosticsV248Test:test_get_server_diagnostics): 200 GET http://10.180.1.21/compute/v2.1/servers/663658ba-100d-4c10-a244-935fc2a1bc81 0.061s
2025-03-26 02:49:57.139 68666 INFO tempest.lib.common.rest_client [req-e05b1b77-8f15-4228-acba-c710bee579a5 req-e05b1b77-8f15-4228-acba-c710bee579a5 ] Request (AttachInterfacesUnderV243Test:test_add_remove_fixed_ip): 200 GET http://10.180.1.21/compute/v2.1/servers/ba229ffb-c982-4f4e-b721-fe1458731eb1 0.059s
2025-03-26 02:49:57.450 68706 INFO tempest.lib.common.rest_client [req-358d37c1-e99b-4aa6-b823-55d3d8fc00b1 req-358d37c1-e99b-4aa6-b823-55d3d8fc00b1 ] Request (ImagesOneServerTestJSON:test_create_image_specify_multibyte_character_image_name): 200 GET http://10.180.1.21/compute/v2.1/images/0c95aa00-7bef-46f5-a823-75df2ae832b2 0.041s
2025-03-26 02:49:57.518 68682 INFO tempest.lib.common.rest_client [req-f380a387-b13f-46cf-80a0-7b0e95b828f4 req-f380a387-b13f-46cf-80a0-7b0e95b828f4 ] Request (MigrationsAdminTest:test_list_migrations_in_flavor_resize_situation): 200 GET http://10.180.1.21/compute/v2.1/servers/29c1d0b8-6372-467f-b6d3-df9fdae75530 0.138s
2025-03-26 02:49:57.534 68654 INFO tempest.lib.common.rest_client [req-6368919d-27f8-4b30-9027-8924d4412258 req-6368919d-27f8-4b30-9027-8924d4412258 ] Request (AttachInterfacesV270Test:test_create_get_list_interfaces): 200 GET http://10.180.1.21/compute/v2.1/servers/6e220a2b-88c6-46d0-9158-0be90b222d80 0.055s
2025-03-26 02:49:57.592 68662 INFO tempest.lib.common.rest_client [req-ee5cb3db-a031-4d54-ab53-9f1b85dc33ac req-ee5cb3db-a031-4d54-ab53-9f1b85dc33ac ] Request (ServerAddressesNegativeTestJSON:setUpClass): 200 GET http://10.180.1.21/compute/v2.1/servers/deafd24a-a902-435f-8502-6c636dfe9852 0.052s
2025-03-26 02:49:57.602 68664 INFO tempest.lib.common.rest_client [req-5babc020-9ce6-4ce7-a54b-c2f31360730b req-5babc020-9ce6-4ce7-a54b-c2f31360730b ] Request (ListImageFiltersTestJSON:setUpClass): 200 GET http://10.180.1.21/compute/v2.1/servers/3d68ac69-3768-4b1b-9991-a636fdaec967 0.053s
2025-03-26 02:49:57.656 68672 INFO tempest.lib.common.rest_client [req-865abc76-493b-48d5-a504-33f519968d24 req-865abc76-493b-48d5-a504-33f519968d24 ] Request (DeleteServersAdminTestJSON:test_delete_server_while_in_error_state): 200 GET http://10.180.1.21/compute/v2.1/servers/fde77cce-4916-4fff-a857-f3d5fb52bff6 0.050s
2025-03-26 02:49:57.704 68652 INFO tempest.lib.common.rest_client [req-5a62276e-abe7-4329-a56c-6e4d9bd3be8d req-5a62276e-abe7-4329-a56c-6e4d9bd3be8d ] Request (MultipleCreateTestJSON:test_multiple_create_with_reservation_return): 200 GET http://10.180.1.21/compute/v2.1/servers/23337338-ef2a-4b2f-b3f3-427d41d11264 0.051s
2025-03-26 02:49:57.775 68660 INFO tempest.lib.common.rest_client [req-619c38b0-8a9d-42ba-953d-853e7acc52bc req-619c38b0-8a9d-42ba-953d-853e7acc52bc ] Request (ImagesOneServerNegativeTestJSON:setUpClass): 200 GET http://10.180.1.21/compute/v2.1/servers/3d5317c0-2aa5-4c43-ae3b-546ca4ee7717 0.048s
2025-03-26 02:49:57.834 68668 INFO tempest.lib.common.rest_client [req-a4c0fd61-e02f-4abd-9d20-9c6aa9fa28c5 req-a4c0fd61-e02f-4abd-9d20-9c6aa9fa28c5 ] Request (ServerActionsTestJSON:setUpClass): 200 GET http://10.180.1.21/compute/v2.1/servers/de3afbb1-8a9e-4c6e-84b1-2888ce859207 0.089s
2025-03-26 02:49:57.849 68696 INFO tempest.lib.common.rest_client [req-d145bc06-3e7b-468d-80d1-4f5cbd439268 req-d145bc06-3e7b-468d-80d1-4f5cbd439268 ] Request (ServersTestMultiNic:test_verify_multiple_nics_order): 200 GET http://10.180.1.21/compute/v2.1/servers/56afbf63-7873-40d0-ac88-8651b67b7d83 0.049s
2025-03-26 02:49:57.880 68692 INFO tempest.lib.common.rest_client [req-8d7fb73b-3742-45a5-8533-f11d99eb2887 req-8d7fb73b-3742-45a5-8533-f11d99eb2887 ] Request (ServersTestJSON:setUpClass): 200 GET http://10.180.1.21/compute/v2.1/servers/5e55541f-335d-437e-8aa9-891de3b3dbdd 0.061s
2025-03-26 02:49:57.917 68700 INFO tempest.lib.common.rest_client [req-2d3bea6b-0b2d-49d7-9d7b-ffdfa32b70ee req-2d3bea6b-0b2d-49d7-9d7b-ffdfa32b70ee ] Request (FloatingIPsAssociationNegativeTestJSON:setUpClass): 200 GET http://10.180.1.21/compute/v2.1/servers/d9ed7892-e388-4da5-b347-0c55dca64f3c 0.050s
2025-03-26 02:49:57.964 68674 INFO tempest.lib.common.rest_client [req-5116634d-7901-4b70-a74a-0bfb4a0ac3f8 req-5116634d-7901-4b70-a74a-0bfb4a0ac3f8 ] Request (ServersAdminNegativeTestJSON:tearDownClass): 200 GET http://10.180.1.21/compute/v2.1/servers/d42651db-8ba1-4cda-9798-ada9ce29dadb 0.056s
2025-03-26 02:49:58.001 68694 INFO tempest.lib.common.rest_client [req-ed478689-2f64-4cd4-bd31-ba21423429bf req-ed478689-2f64-4cd4-bd31-ba21423429bf ] Request (ServerShowV254Test:test_rebuild_server): 200 GET http://10.180.1.21/compute/v2.1/servers/e93d6f19-f14d-4b4b-8861-de18309a6637 0.052s
2025-03-26 02:49:58.021 68704 INFO tempest.lib.common.rest_client [req-2718fe00-99d3-497b-8fad-800b2d97b57e req-2718fe00-99d3-497b-8fad-800b2d97b57e ] Request (ServerDiagnosticsNegativeTest:test_get_server_diagnostics_by_non_admin): 200 GET http://10.180.1.21/compute/v2.1/servers/555bd730-2c1f-4276-ae54-dd443a3d6fa8 0.051s
2025-03-26 02:49:58.271 68658 INFO tempest.lib.common.rest_client [req-af53133a-9207-4157-829f-3922d181514b req-af53133a-9207-4157-829f-3922d181514b ] Request (SecurityGroupsTestJSON:test_server_security_groups): 200 GET http://10.180.1.21/compute/v2.1/servers/864b47ef-e221-4589-a445-7e7d1d66bc74 0.277s
2025-03-26 02:49:58.284 68686 INFO tempest.lib.common.rest_client [req-e08f8de1-d5d2-4f6f-82cc-11b8500ea1ed req-e08f8de1-d5d2-4f6f-82cc-11b8500ea1ed ] Request (ImagesTestJSON:test_create_image_from_stopped_server): 200 GET http://10.180.1.21/compute/v2.1/servers/68e45b06-5fba-44d3-bdb0-53a974198b56 0.269s
2025-03-26 02:49:58.321 68702 INFO tempest.lib.common.rest_client [req-49089864-3e65-4abf-b414-1de60ad6c37b req-49089864-3e65-4abf-b414-1de60ad6c37b ] Request (ServersAdminTestJSON:test_inject_network_info): 200 GET http://10.180.1.21/compute/v2.1/servers/78e6a2ac-d7ad-4f44-b759-a9f035d3a606 0.253s
2025-03-26 02:49:58.333 68670 INFO tempest.lib.common.rest_client [req-ccb9a057-b036-4061-b489-92ae63baef0b req-ccb9a057-b036-4061-b489-92ae63baef0b ] Request (ServerTagsTestJSON:setUpClass): 200 GET http://10.180.1.21/compute/v2.1/servers/d0f74717-3bea-42fe-b746-8cee7a46fb26 0.237s
2025-03-26 02:49:58.372 68666 INFO tempest.lib.common.rest_client [req-745d36af-3078-40d7-8b6e-64fe18e9668f req-745d36af-3078-40d7-8b6e-64fe18e9668f ] Request (AttachInterfacesUnderV243Test:test_add_remove_fixed_ip): 200 GET http://10.180.1.21/compute/v2.1/servers/ba229ffb-c982-4f4e-b721-fe1458731eb1 0.225s
2025-03-26 02:49:58.386 68680 INFO tempest.lib.common.rest_client [req-e9586c63-307e-47c6-8165-6c60b0df5a9c req-e9586c63-307e-47c6-8165-6c60b0df5a9c ] Request (ServerDiagnosticsV248Test:test_get_server_diagnostics): 200 GET http://10.180.1.21/compute/v2.1/servers/663658ba-100d-4c10-a244-935fc2a1bc81 0.235s
2025-03-26 02:49:58.489 68706 INFO tempest.lib.common.rest_client [req-5b423eb8-7263-47f2-8716-9473cc52e021 req-5b423eb8-7263-47f2-8716-9473cc52e021 ] Request (ImagesOneServerTestJSON:test_create_image_specify_multibyte_character_image_name): 200 GET http://10.180.1.21/compute/v2.1/images/0c95aa00-7bef-46f5-a823-75df2ae832b2 0.034s
2025-03-26 02:49:58.621 68654 INFO tempest.lib.common.rest_client [req-42fc7012-66fc-473b-be77-1aefa9d633e6 req-42fc7012-66fc-473b-be77-1aefa9d633e6 ] Request (AttachInterfacesV270Test:test_create_get_list_interfaces): 200 GET http://10.180.1.21/compute/v2.1/servers/6e220a2b-88c6-46d0-9158-0be90b222d80 0.077s
2025-03-26 02:49:58.704 68662 INFO tempest.lib.common.rest_client [req-5bf27385-08de-4b20-b243-d64cc625d7e5 req-5bf27385-08de-4b20-b243-d64cc625d7e5 ] Request (ServerAddressesNegativeTestJSON:setUpClass): 200 GET http://10.180.1.21/compute/v2.1/servers/deafd24a-a902-435f-8502-6c636dfe9852 0.104s
2025-03-26 02:49:58.726 68682 INFO tempest.lib.common.rest_client [req-0172b612-c3d0-4e5b-8fbc-e19167f3aad8 req-0172b612-c3d0-4e5b-8fbc-e19167f3aad8 ] Request (MigrationsAdminTest:test_list_migrations_in_flavor_resize_situation): 200 GET http://10.180.1.21/compute/v2.1/servers/29c1d0b8-6372-467f-b6d3-df9fdae75530 0.200s
2025-03-26 02:49:58.761 68664 INFO tempest.lib.common.rest_client [req-1a233099-276f-410c-bbc2-9e64929c4479 req-1a233099-276f-410c-bbc2-9e64929c4479 ] Request (ListImageFiltersTestJSON:setUpClass): 200 GET http://10.180.1.21/compute/v2.1/servers/3d68ac69-3768-4b1b-9991-a636fdaec967 0.150s
2025-03-26 02:49:58.789 68672 INFO tempest.lib.common.rest_client [req-9e7e2945-d596-453d-8d8e-a61953ca5a8a req-9e7e2945-d596-453d-8d8e-a61953ca5a8a ] Request (DeleteServersAdminTestJSON:test_delete_server_while_in_error_state): 200 GET http://10.180.1.21/compute/v2.1/servers/fde77cce-4916-4fff-a857-f3d5fb52bff6 0.124s
2025-03-26 02:49:58.797 68672 INFO tempest.common.waiters [-] State transition "BUILD/None" ==> "BUILD/networking" after 51 second wait
2025-03-26 02:49:58.809 68652 INFO tempest.lib.common.rest_client [req-bad12f5d-da8a-4721-8433-a367a3ac4198 req-bad12f5d-da8a-4721-8433-a367a3ac4198 ] Request (MultipleCreateTestJSON:test_multiple_create_with_reservation_return): 200 GET http://10.180.1.21/compute/v2.1/servers/23337338-ef2a-4b2f-b3f3-427d41d11264 0.096s
2025-03-26 02:49:58.833 68660 INFO tempest.lib.common.rest_client [req-7381b20a-ff2c-4eeb-a267-63d37df48f67 req-7381b20a-ff2c-4eeb-a267-63d37df48f67 ] Request (ImagesOneServerNegativeTestJSON:setUpClass): 200 GET http://10.180.1.21/compute/v2.1/servers/3d5317c0-2aa5-4c43-ae3b-546ca4ee7717 0.049s
2025-03-26 02:49:58.906 68696 INFO tempest.lib.common.rest_client [req-b3db4a32-7616-4e5c-ba31-c30394f99bf1 req-b3db4a32-7616-4e5c-ba31-c30394f99bf1 ] Request (ServersTestMultiNic:test_verify_multiple_nics_order): 200 GET http://10.180.1.21/compute/v2.1/servers/56afbf63-7873-40d0-ac88-8651b67b7d83 0.049s
2025-03-26 02:49:58.939 68668 INFO tempest.lib.common.rest_client [req-97bfb2cf-7232-4fca-8fe4-e09b835b9e3f req-97bfb2cf-7232-4fca-8fe4-e09b835b9e3f ] Request (ServerActionsTestJSON:setUpClass): 200 GET http://10.180.1.21/compute/v2.1/servers/de3afbb1-8a9e-4c6e-84b1-2888ce859207 0.098s
2025-03-26 02:49:58.955 68692 INFO tempest.lib.common.rest_client [req-47a1e1a6-a0d5-4487-9301-353f9c581bf0 req-47a1e1a6-a0d5-4487-9301-353f9c581bf0 ] Request (ServersTestJSON:setUpClass): 200 GET http://10.180.1.21/compute/v2.1/servers/5e55541f-335d-437e-8aa9-891de3b3dbdd 0.068s
2025-03-26 02:49:58.984 68700 INFO tempest.lib.common.rest_client [req-f1c58441-085c-44cd-9dea-df779e14d1cc req-f1c58441-085c-44cd-9dea-df779e14d1cc ] Request (FloatingIPsAssociationNegativeTestJSON:setUpClass): 200 GET http://10.180.1.21/compute/v2.1/servers/d9ed7892-e388-4da5-b347-0c55dca64f3c 0.059s
2025-03-26 02:49:59.029 68674 INFO tempest.lib.common.rest_client [req-a50b33fe-5812-4285-b283-b807374c1412 req-a50b33fe-5812-4285-b283-b807374c1412 ] Request (ServersAdminNegativeTestJSON:tearDownClass): 200 GET http://10.180.1.21/compute/v2.1/servers/d42651db-8ba1-4cda-9798-ada9ce29dadb 0.057s
2025-03-26 02:49:59.065 68694 INFO tempest.lib.common.rest_client [req-c4f0891f-e038-4d44-9904-15c7e68c4bdd req-c4f0891f-e038-4d44-9904-15c7e68c4bdd ] Request (ServerShowV254Test:test_rebuild_server): 200 GET http://10.180.1.21/compute/v2.1/servers/e93d6f19-f14d-4b4b-8861-de18309a6637 0.054s
2025-03-26 02:49:59.069 68688 WARNING tempest.lib.common.ssh [-] Failed to establish authenticated ssh connection to cirros@10.180.180.158 ([Errno None] Unable to connect to port 22 on 10.180.180.158). Number attempts: 1. Retry after 2 seconds.: paramiko.ssh_exception.NoValidConnectionsError: [Errno None] Unable to connect to port 22 on 10.180.180.158
2025-03-26 02:49:59.076 68704 INFO tempest.lib.common.rest_client [req-9e87807c-8ce3-4495-a067-5441608a7a79 req-9e87807c-8ce3-4495-a067-5441608a7a79 ] Request (ServerDiagnosticsNegativeTest:test_get_server_diagnostics_by_non_admin): 200 GET http://10.180.1.21/compute/v2.1/servers/555bd730-2c1f-4276-ae54-dd443a3d6fa8 0.048s
2025-03-26 02:49:59.347 68686 INFO tempest.lib.common.rest_client [req-4a665729-82ba-4665-a1b8-9b1835463385 req-4a665729-82ba-4665-a1b8-9b1835463385 ] Request (ImagesTestJSON:test_create_image_from_stopped_server): 200 GET http://10.180.1.21/compute/v2.1/servers/68e45b06-5fba-44d3-bdb0-53a974198b56 0.056s
2025-03-26 02:49:59.350 68658 INFO tempest.lib.common.rest_client [req-57579ff7-82a6-47ea-a9b3-c5ae85a10813 req-57579ff7-82a6-47ea-a9b3-c5ae85a10813 ] Request (SecurityGroupsTestJSON:test_server_security_groups): 200 GET http://10.180.1.21/compute/v2.1/servers/864b47ef-e221-4589-a445-7e7d1d66bc74 0.072s
2025-03-26 02:49:59.393 68702 INFO tempest.lib.common.rest_client [req-07cfdf71-7df7-4a1f-a930-046e945aafd6 req-07cfdf71-7df7-4a1f-a930-046e945aafd6 ] Request (ServersAdminTestJSON:test_inject_network_info): 200 GET http://10.180.1.21/compute/v2.1/servers/78e6a2ac-d7ad-4f44-b759-a9f035d3a606 0.065s
2025-03-26 02:49:59.408 68670 INFO tempest.lib.common.rest_client [req-f728c292-72f8-4685-b56f-df766a5a5e7d req-f728c292-72f8-4685-b56f-df766a5a5e7d ] Request (ServerTagsTestJSON:setUpClass): 200 GET http://10.180.1.21/compute/v2.1/servers/d0f74717-3bea-42fe-b746-8cee7a46fb26 0.066s
2025-03-26 02:49:59.449 68666 INFO tempest.lib.common.rest_client [req-f1e04a58-aea3-4ba6-a5b0-fd412379c2d5 req-f1e04a58-aea3-4ba6-a5b0-fd412379c2d5 ] Request (AttachInterfacesUnderV243Test:test_add_remove_fixed_ip): 200 GET http://10.180.1.21/compute/v2.1/servers/ba229ffb-c982-4f4e-b721-fe1458731eb1 0.068s
2025-03-26 02:49:59.471 68680 INFO tempest.lib.common.rest_client [req-a3bb40e1-36de-4037-a394-0beeb0648215 req-a3bb40e1-36de-4037-a394-0beeb0648215 ] Request (ServerDiagnosticsV248Test:test_get_server_diagnostics): 200 GET http://10.180.1.21/compute/v2.1/servers/663658ba-100d-4c10-a244-935fc2a1bc81 0.076s
2025-03-26 02:49:59.551 68706 INFO tempest.lib.common.rest_client [req-9cf2b917-f96f-4caa-adaa-9ed839de19c0 req-9cf2b917-f96f-4caa-adaa-9ed839de19c0 ] Request (ImagesOneServerTestJSON:test_create_image_specify_multibyte_character_image_name): 200 GET http://10.180.1.21/compute/v2.1/images/0c95aa00-7bef-46f5-a823-75df2ae832b2 0.034s
2025-03-26 02:49:59.585 68706 INFO tempest.lib.common.rest_client [req-41f21c54-7efc-48d2-82e0-6892ebc6f562 req-41f21c54-7efc-48d2-82e0-6892ebc6f562 ] Request (ImagesOneServerTestJSON:test_create_image_specify_multibyte_character_image_name): 200 GET http://10.180.1.21/compute/v2.1/images/0c95aa00-7bef-46f5-a823-75df2ae832b2 0.031s
2025-03-26 02:49:59.693 68654 INFO tempest.lib.common.rest_client [req-092ed34a-d42c-4a29-8f09-74678a384d37 req-092ed34a-d42c-4a29-8f09-74678a384d37 ] Request (AttachInterfacesV270Test:test_create_get_list_interfaces): 200 GET http://10.180.1.21/compute/v2.1/servers/6e220a2b-88c6-46d0-9158-0be90b222d80 0.058s
2025-03-26 02:49:59.737 68706 INFO tempest.lib.common.rest_client [req-8f848cd8-1e8e-474d-a01b-99ab93a96535 req-8f848cd8-1e8e-474d-a01b-99ab93a96535 ] Request (ImagesOneServerTestJSON:test_create_image_specify_multibyte_character_image_name): 200 GET http://10.180.1.21/compute/v2.1/servers/23e79298-a98f-4a67-9f98-4c7fdc908493 0.146s
2025-03-26 02:49:59.766 68662 INFO tempest.lib.common.rest_client [req-f78d6c79-5663-410c-aba0-ffbf2ee17522 req-f78d6c79-5663-410c-aba0-ffbf2ee17522 ] Request (ServerAddressesNegativeTestJSON:setUpClass): 200 GET http://10.180.1.21/compute/v2.1/servers/deafd24a-a902-435f-8502-6c636dfe9852 0.053s
2025-03-26 02:49:59.835 68664 INFO tempest.lib.common.rest_client [req-da4dfb51-95e3-4f0b-be33-a48865df83c0 req-da4dfb51-95e3-4f0b-be33-a48865df83c0 ] Request (ListImageFiltersTestJSON:setUpClass): 200 GET http://10.180.1.21/compute/v2.1/servers/3d68ac69-3768-4b1b-9991-a636fdaec967 0.063s
2025-03-26 02:49:59.852 68682 INFO tempest.lib.common.rest_client [req-172da64b-9a6d-4812-96a2-cd0b36f0b58b req-172da64b-9a6d-4812-96a2-cd0b36f0b58b ] Request (MigrationsAdminTest:test_list_migrations_in_flavor_resize_situation): 200 GET http://10.180.1.21/compute/v2.1/servers/29c1d0b8-6372-467f-b6d3-df9fdae75530 0.114s
2025-03-26 02:49:59.904 68652 INFO tempest.lib.common.rest_client [req-fd7a0dbf-7bf0-41fe-bccf-6d7a48bdf082 req-fd7a0dbf-7bf0-41fe-bccf-6d7a48bdf082 ] Request (MultipleCreateTestJSON:test_multiple_create_with_reservation_return): 200 GET http://10.180.1.21/compute/v2.1/servers/23337338-ef2a-4b2f-b3f3-427d41d11264 0.088s
2025-03-26 02:49:59.942 68672 INFO tempest.lib.common.rest_client [req-741f38f0-443c-48d2-a4d8-bab8c216c816 req-741f38f0-443c-48d2-a4d8-bab8c216c816 ] Request (DeleteServersAdminTestJSON:test_delete_server_while_in_error_state): 200 GET http://10.180.1.21/compute/v2.1/servers/fde77cce-4916-4fff-a857-f3d5fb52bff6 0.144s
2025-03-26 02:49:59.949 68672 INFO tempest.common.waiters [-] State transition "BUILD/networking" ==> "BUILD/spawning" after 52 second wait
2025-03-26 02:49:59.956 68660 INFO tempest.lib.common.rest_client [req-c252af37-e94b-4c9a-b96d-fc2801cb47e9 req-c252af37-e94b-4c9a-b96d-fc2801cb47e9 ] Request (ImagesOneServerNegativeTestJSON:setUpClass): 200 GET http://10.180.1.21/compute/v2.1/servers/3d5317c0-2aa5-4c43-ae3b-546ca4ee7717 0.115s
2025-03-26 02:49:59.988 68696 INFO tempest.lib.common.rest_client [req-6e3ac3f4-6bc7-46fc-97dc-de5de3e0becf req-6e3ac3f4-6bc7-46fc-97dc-de5de3e0becf ] Request (ServersTestMultiNic:test_verify_multiple_nics_order): 200 GET http://10.180.1.21/compute/v2.1/servers/56afbf63-7873-40d0-ac88-8651b67b7d83 0.072s
2025-03-26 02:50:00.054 68692 INFO tempest.lib.common.rest_client [req-a464bc6b-28c0-4496-a6cf-ad7f94cf048e req-a464bc6b-28c0-4496-a6cf-ad7f94cf048e ] Request (ServersTestJSON:setUpClass): 200 GET http://10.180.1.21/compute/v2.1/servers/5e55541f-335d-437e-8aa9-891de3b3dbdd 0.091s
2025-03-26 02:50:00.067 68668 INFO tempest.lib.common.rest_client [req-fc3925cd-9971-417c-b79e-80e848778b04 req-fc3925cd-9971-417c-b79e-80e848778b04 ] Request (ServerActionsTestJSON:setUpClass): 200 GET http://10.180.1.21/compute/v2.1/servers/de3afbb1-8a9e-4c6e-84b1-2888ce859207 0.120s
2025-03-26 02:50:00.100 68700 INFO tempest.lib.common.rest_client [req-a674bb2f-883c-45c9-947f-35b854166623 req-a674bb2f-883c-45c9-947f-35b854166623 ] Request (FloatingIPsAssociationNegativeTestJSON:setUpClass): 200 GET http://10.180.1.21/compute/v2.1/servers/d9ed7892-e388-4da5-b347-0c55dca64f3c 0.109s
2025-03-26 02:50:00.118 68674 INFO tempest.lib.common.rest_client [req-19ee4163-dcdc-4847-9966-60353e93f599 req-19ee4163-dcdc-4847-9966-60353e93f599 ] Request (ServersAdminNegativeTestJSON:tearDownClass): 200 GET http://10.180.1.21/compute/v2.1/servers/d42651db-8ba1-4cda-9798-ada9ce29dadb 0.080s
2025-03-26 02:50:00.147 68694 INFO tempest.lib.common.rest_client [req-54a7aa15-5d81-4dee-8b4a-d223b41734f2 req-54a7aa15-5d81-4dee-8b4a-d223b41734f2 ] Request (ServerShowV254Test:test_rebuild_server): 200 GET http://10.180.1.21/compute/v2.1/servers/e93d6f19-f14d-4b4b-8861-de18309a6637 0.072s
2025-03-26 02:50:00.162 68704 INFO tempest.lib.common.rest_client [req-c11f77be-f615-45a4-affe-34c73054c9b6 req-c11f77be-f615-45a4-affe-34c73054c9b6 ] Request (ServerDiagnosticsNegativeTest:test_get_server_diagnostics_by_non_admin): 200 GET http://10.180.1.21/compute/v2.1/servers/555bd730-2c1f-4276-ae54-dd443a3d6fa8 0.078s
2025-03-26 02:50:00.405 68708 WARNING tempest.lib.common.ssh [-] Failed to establish authenticated ssh connection to cirros@10.180.180.201 ([Errno None] Unable to connect to port 22 on 10.180.180.201). Number attempts: 1. Retry after 2 seconds.: paramiko.ssh_exception.NoValidConnectionsError: [Errno None] Unable to connect to port 22 on 10.180.180.201
2025-03-26 02:50:00.425 68658 INFO tempest.lib.common.rest_client [req-32eb5b96-0c4c-4a76-a0b0-b55d668cc583 req-32eb5b96-0c4c-4a76-a0b0-b55d668cc583 ] Request (SecurityGroupsTestJSON:test_server_security_groups): 200 GET http://10.180.1.21/compute/v2.1/servers/864b47ef-e221-4589-a445-7e7d1d66bc74 0.067s
2025-03-26 02:50:00.435 68686 INFO tempest.lib.common.rest_client [req-3cacbd86-42a4-4bf4-bc0c-db5f2ed97579 req-3cacbd86-42a4-4bf4-bc0c-db5f2ed97579 ] Request (ImagesTestJSON:test_create_image_from_stopped_server): 200 GET http://10.180.1.21/compute/v2.1/servers/68e45b06-5fba-44d3-bdb0-53a974198b56 0.080s
2025-03-26 02:50:00.493 68702 INFO tempest.lib.common.rest_client [req-8764509f-eb92-4dd2-9467-f159950069ec req-8764509f-eb92-4dd2-9467-f159950069ec ] Request (ServersAdminTestJSON:test_inject_network_info): 200 GET http://10.180.1.21/compute/v2.1/servers/78e6a2ac-d7ad-4f44-b759-a9f035d3a606 0.092s
2025-03-26 02:50:00.505 68670 INFO tempest.lib.common.rest_client [req-524bb4a5-a911-4f47-bfe5-8cfe942e0ec3 req-524bb4a5-a911-4f47-bfe5-8cfe942e0ec3 ] Request (ServerTagsTestJSON:setUpClass): 200 GET http://10.180.1.21/compute/v2.1/servers/d0f74717-3bea-42fe-b746-8cee7a46fb26 0.086s
2025-03-26 02:50:00.552 68666 INFO tempest.lib.common.rest_client [req-006b0fb9-9e7b-404d-aa94-9fdba461abf5 req-006b0fb9-9e7b-404d-aa94-9fdba461abf5 ] Request (AttachInterfacesUnderV243Test:test_add_remove_fixed_ip): 200 GET http://10.180.1.21/compute/v2.1/servers/ba229ffb-c982-4f4e-b721-fe1458731eb1 0.092s
2025-03-26 02:50:00.567 68680 INFO tempest.lib.common.rest_client [req-58136b61-5136-4446-8016-30c5267acbba req-58136b61-5136-4446-8016-30c5267acbba ] Request (ServerDiagnosticsV248Test:test_get_server_diagnostics): 200 GET http://10.180.1.21/compute/v2.1/servers/663658ba-100d-4c10-a244-935fc2a1bc81 0.084s
2025-03-26 02:50:00.762 68654 INFO tempest.lib.common.rest_client [req-831565d6-4464-4610-b666-1824aacf9f21 req-831565d6-4464-4610-b666-1824aacf9f21 ] Request (AttachInterfacesV270Test:test_create_get_list_interfaces): 200 GET http://10.180.1.21/compute/v2.1/servers/6e220a2b-88c6-46d0-9158-0be90b222d80 0.058s
2025-03-26 02:50:00.841 68662 INFO tempest.lib.common.rest_client [req-c46febfd-5b71-47d4-af4e-bb6dfa92f3df req-c46febfd-5b71-47d4-af4e-bb6dfa92f3df ] Request (ServerAddressesNegativeTestJSON:setUpClass): 200 GET http://10.180.1.21/compute/v2.1/servers/deafd24a-a902-435f-8502-6c636dfe9852 0.066s
2025-03-26 02:50:00.859 68706 INFO tempest.lib.common.rest_client [req-59b26a2c-7901-4a17-bcc0-62723cacb698 req-59b26a2c-7901-4a17-bcc0-62723cacb698 ] Request (ImagesOneServerTestJSON:test_create_image_specify_multibyte_character_image_name): 200 GET http://10.180.1.21/compute/v2.1/servers/23e79298-a98f-4a67-9f98-4c7fdc908493 0.113s
2025-03-26 02:50:00.926 68664 INFO tempest.lib.common.rest_client [req-0eb924e2-f06f-4dd9-8e00-ee8e70e58778 req-0eb924e2-f06f-4dd9-8e00-ee8e70e58778 ] Request (ListImageFiltersTestJSON:setUpClass): 200 GET http://10.180.1.21/compute/v2.1/servers/3d68ac69-3768-4b1b-9991-a636fdaec967 0.081s
2025-03-26 02:50:00.972 68682 INFO tempest.lib.common.rest_client [req-310285af-11bd-459e-be3f-6777e6d6f906 req-310285af-11bd-459e-be3f-6777e6d6f906 ] Request (MigrationsAdminTest:test_list_migrations_in_flavor_resize_situation): 200 GET http://10.180.1.21/compute/v2.1/servers/29c1d0b8-6372-467f-b6d3-df9fdae75530 0.111s
2025-03-26 02:50:00.980 68652 INFO tempest.lib.common.rest_client [req-9768a584-9883-4230-97f2-d9d6df7f0112 req-9768a584-9883-4230-97f2-d9d6df7f0112 ] Request (MultipleCreateTestJSON:test_multiple_create_with_reservation_return): 200 GET http://10.180.1.21/compute/v2.1/servers/23337338-ef2a-4b2f-b3f3-427d41d11264 0.065s
2025-03-26 02:50:01.037 68660 INFO tempest.lib.common.rest_client [req-35b253bf-82e5-4853-b1f4-c2895d5b943d req-35b253bf-82e5-4853-b1f4-c2895d5b943d ] Request (ImagesOneServerNegativeTestJSON:setUpClass): 200 GET http://10.180.1.21/compute/v2.1/servers/3d5317c0-2aa5-4c43-ae3b-546ca4ee7717 0.071s
2025-03-26 02:50:01.073 68672 INFO tempest.lib.common.rest_client [req-e874aa65-cd66-4e94-b494-18afe00ee52f req-e874aa65-cd66-4e94-b494-18afe00ee52f ] Request (DeleteServersAdminTestJSON:test_delete_server_while_in_error_state): 200 GET http://10.180.1.21/compute/v2.1/servers/fde77cce-4916-4fff-a857-f3d5fb52bff6 0.122s
2025-03-26 02:50:01.089 68696 INFO tempest.lib.common.rest_client [req-f0469794-a3f6-4a0c-96ad-3250dc676f6a req-f0469794-a3f6-4a0c-96ad-3250dc676f6a ] Request (ServersTestMultiNic:test_verify_multiple_nics_order): 200 GET http://10.180.1.21/compute/v2.1/servers/56afbf63-7873-40d0-ac88-8651b67b7d83 0.094s
2025-03-26 02:50:01.126 68692 INFO tempest.lib.common.rest_client [req-50ff1090-8f30-4f5e-96e7-7db2e0d7ffea req-50ff1090-8f30-4f5e-96e7-7db2e0d7ffea ] Request (ServersTestJSON:setUpClass): 200 GET http://10.180.1.21/compute/v2.1/servers/5e55541f-335d-437e-8aa9-891de3b3dbdd 0.065s
2025-03-26 02:50:01.134 68692 INFO tempest.common.waiters [-] State transition "BUILD/None" ==> "BUILD/networking" after 50 second wait
2025-03-26 02:50:01.172 68656 WARNING tempest.lib.common.ssh [-] Failed to establish authenticated ssh connection to cirros@10.180.180.178 ([Errno None] Unable to connect to port 22 on 10.180.180.178). Number attempts: 4. Retry after 5 seconds.: paramiko.ssh_exception.NoValidConnectionsError: [Errno None] Unable to connect to port 22 on 10.180.180.178
2025-03-26 02:50:01.173 68700 INFO tempest.lib.common.rest_client [req-2c8ce756-c9c1-47b3-8082-a0e4b2da15ef req-2c8ce756-c9c1-47b3-8082-a0e4b2da15ef ] Request (FloatingIPsAssociationNegativeTestJSON:setUpClass): 200 GET http://10.180.1.21/compute/v2.1/servers/d9ed7892-e388-4da5-b347-0c55dca64f3c 0.066s
2025-03-26 02:50:01.208 68668 INFO tempest.lib.common.rest_client [req-ba15eaf5-6f0a-454a-a14e-46813ce8109c req-ba15eaf5-6f0a-454a-a14e-46813ce8109c ] Request (ServerActionsTestJSON:setUpClass): 200 GET http://10.180.1.21/compute/v2.1/servers/de3afbb1-8a9e-4c6e-84b1-2888ce859207 0.133s
2025-03-26 02:50:01.228 68674 INFO tempest.lib.common.rest_client [req-11828e3a-2067-493b-a182-d3a26ad24f03 req-11828e3a-2067-493b-a182-d3a26ad24f03 ] Request (ServersAdminNegativeTestJSON:tearDownClass): 200 GET http://10.180.1.21/compute/v2.1/servers/d42651db-8ba1-4cda-9798-ada9ce29dadb 0.102s
2025-03-26 02:50:01.260 68694 INFO tempest.lib.common.rest_client [req-1e997ca0-fa8a-43a4-9b75-11e7442a0927 req-1e997ca0-fa8a-43a4-9b75-11e7442a0927 ] Request (ServerShowV254Test:test_rebuild_server): 200 GET http://10.180.1.21/compute/v2.1/servers/e93d6f19-f14d-4b4b-8861-de18309a6637 0.103s
2025-03-26 02:50:01.273 68704 INFO tempest.lib.common.rest_client [req-ed9cdf94-e59e-41ff-b2ad-7f21e6f7df50 req-ed9cdf94-e59e-41ff-b2ad-7f21e6f7df50 ] Request (ServerDiagnosticsNegativeTest:test_get_server_diagnostics_by_non_admin): 200 GET http://10.180.1.21/compute/v2.1/servers/555bd730-2c1f-4276-ae54-dd443a3d6fa8 0.104s
2025-03-26 02:50:01.428 68684 WARNING tempest.lib.common.ssh [-] Failed to establish authenticated ssh connection to cirros@10.180.180.133 ([Errno None] Unable to connect to port 22 on 10.180.180.133). Number attempts: 5. Retry after 6 seconds.: paramiko.ssh_exception.NoValidConnectionsError: [Errno None] Unable to connect to port 22 on 10.180.180.133
2025-03-26 02:50:01.486 68658 INFO tempest.lib.common.rest_client [req-2efa63b9-d49e-44f6-842f-37e600d7bd59 req-2efa63b9-d49e-44f6-842f-37e600d7bd59 ] Request (SecurityGroupsTestJSON:test_server_security_groups): 200 GET http://10.180.1.21/compute/v2.1/servers/864b47ef-e221-4589-a445-7e7d1d66bc74 0.052s
2025-03-26 02:50:01.498 68686 INFO tempest.lib.common.rest_client [req-2f5fa999-0ab0-46c9-87c6-318bd4cbf4f8 req-2f5fa999-0ab0-46c9-87c6-318bd4cbf4f8 ] Request (ImagesTestJSON:test_create_image_from_stopped_server): 200 GET http://10.180.1.21/compute/v2.1/servers/68e45b06-5fba-44d3-bdb0-53a974198b56 0.051s
2025-03-26 02:50:01.559 68702 INFO tempest.lib.common.rest_client [req-d3fa32f7-2651-47aa-a9f0-fb7340fbf013 req-d3fa32f7-2651-47aa-a9f0-fb7340fbf013 ] Request (ServersAdminTestJSON:test_inject_network_info): 200 GET http://10.180.1.21/compute/v2.1/servers/78e6a2ac-d7ad-4f44-b759-a9f035d3a606 0.057s
2025-03-26 02:50:01.575 68670 INFO tempest.lib.common.rest_client [req-81e0b8f1-7c8d-469a-a691-4ec90dcf627c req-81e0b8f1-7c8d-469a-a691-4ec90dcf627c ] Request (ServerTagsTestJSON:setUpClass): 200 GET http://10.180.1.21/compute/v2.1/servers/d0f74717-3bea-42fe-b746-8cee7a46fb26 0.059s
2025-03-26 02:50:01.621 68666 INFO tempest.lib.common.rest_client [req-b3c4b7b4-4167-45fd-9e5d-a8889713e55b req-b3c4b7b4-4167-45fd-9e5d-a8889713e55b ] Request (AttachInterfacesUnderV243Test:test_add_remove_fixed_ip): 200 GET http://10.180.1.21/compute/v2.1/servers/ba229ffb-c982-4f4e-b721-fe1458731eb1 0.062s
2025-03-26 02:50:01.643 68680 INFO tempest.lib.common.rest_client [req-6a297f8f-aced-4b56-a179-922f4bd7dad0 req-6a297f8f-aced-4b56-a179-922f4bd7dad0 ] Request (ServerDiagnosticsV248Test:test_get_server_diagnostics): 200 GET http://10.180.1.21/compute/v2.1/servers/663658ba-100d-4c10-a244-935fc2a1bc81 0.066s
2025-03-26 02:50:01.824 68654 INFO tempest.lib.common.rest_client [req-b0111464-17fe-4bc4-971d-7baca98babb4 req-b0111464-17fe-4bc4-971d-7baca98babb4 ] Request (AttachInterfacesV270Test:test_create_get_list_interfaces): 200 GET http://10.180.1.21/compute/v2.1/servers/6e220a2b-88c6-46d0-9158-0be90b222d80 0.051s
2025-03-26 02:50:01.905 68662 INFO tempest.lib.common.rest_client [req-7a85aa1e-041c-4da6-b1f1-84ea0f1d9ebb req-7a85aa1e-041c-4da6-b1f1-84ea0f1d9ebb ] Request (ServerAddressesNegativeTestJSON:setUpClass): 200 GET http://10.180.1.21/compute/v2.1/servers/deafd24a-a902-435f-8502-6c636dfe9852 0.052s
2025-03-26 02:50:01.961 68706 INFO tempest.lib.common.rest_client [req-d0b70be8-0ff3-462a-9f69-8934755159ee req-d0b70be8-0ff3-462a-9f69-8934755159ee ] Request (ImagesOneServerTestJSON:test_create_image_specify_multibyte_character_image_name): 200 GET http://10.180.1.21/compute/v2.1/servers/23e79298-a98f-4a67-9f98-4c7fdc908493 0.093s
2025-03-26 02:50:01.969 68706 INFO tempest.common.waiters [-] State transition "ACTIVE/image_uploading" ==> "ACTIVE/None" after 2 second wait
2025-03-26 02:50:01.980 68664 INFO tempest.lib.common.rest_client [req-086fcd5b-7de5-4b69-a357-608f875376b7 req-086fcd5b-7de5-4b69-a357-608f875376b7 ] Request (ListImageFiltersTestJSON:setUpClass): 200 GET http://10.180.1.21/compute/v2.1/servers/3d68ac69-3768-4b1b-9991-a636fdaec967 0.046s
2025-03-26 02:50:02.064 68682 INFO tempest.lib.common.rest_client [req-6e1fa1b7-1b45-417b-8a2b-2d9c4c6cc993 req-6e1fa1b7-1b45-417b-8a2b-2d9c4c6cc993 ] Request (MigrationsAdminTest:test_list_migrations_in_flavor_resize_situation): 200 GET http://10.180.1.21/compute/v2.1/servers/29c1d0b8-6372-467f-b6d3-df9fdae75530 0.083s
2025-03-26 02:50:02.066 68706 INFO tempest.lib.common.rest_client [req-0873b835-efd0-403b-8283-e36d98efd283 req-0873b835-efd0-403b-8283-e36d98efd283 ] Request (ImagesOneServerTestJSON:tearDownClass): 204 DELETE http://10.180.1.21/compute/v2.1/images/0c95aa00-7bef-46f5-a823-75df2ae832b2 0.096s
2025-03-26 02:50:02.118 68660 INFO tempest.lib.common.rest_client [req-97bf3de8-0dd3-4200-b064-6174ad7fd59d req-97bf3de8-0dd3-4200-b064-6174ad7fd59d ] Request (ImagesOneServerNegativeTestJSON:setUpClass): 200 GET http://10.180.1.21/compute/v2.1/servers/3d5317c0-2aa5-4c43-ae3b-546ca4ee7717 0.074s
2025-03-26 02:50:02.119 68652 INFO tempest.lib.common.rest_client [req-22c4dad2-86b7-4c35-8020-14b890369d23 req-22c4dad2-86b7-4c35-8020-14b890369d23 ] Request (MultipleCreateTestJSON:test_multiple_create_with_reservation_return): 200 GET http://10.180.1.21/compute/v2.1/servers/23337338-ef2a-4b2f-b3f3-427d41d11264 0.129s
2025-03-26 02:50:02.133 68688 WARNING tempest.lib.common.ssh [-] Failed to establish authenticated ssh connection to cirros@10.180.180.158 ([Errno None] Unable to connect to port 22 on 10.180.180.158). Number attempts: 2. Retry after 3 seconds.: paramiko.ssh_exception.NoValidConnectionsError: [Errno None] Unable to connect to port 22 on 10.180.180.158
2025-03-26 02:50:02.136 68706 INFO tempest.lib.common.rest_client [req-2d3caa54-30ce-490a-83b8-d6a377075855 req-2d3caa54-30ce-490a-83b8-d6a377075855 ] Request (ImagesOneServerTestJSON:tearDownClass): 404 DELETE http://10.180.1.21/compute/v2.1/images/7ae758e5-8c29-4280-8f2d-8eeeee9515d1 0.070s
2025-03-26 02:50:02.182 68696 INFO tempest.lib.common.rest_client [req-da793bf9-a22e-4796-91e7-ed0e8b4eb83c req-da793bf9-a22e-4796-91e7-ed0e8b4eb83c ] Request (ServersTestMultiNic:test_verify_multiple_nics_order): 200 GET http://10.180.1.21/compute/v2.1/servers/56afbf63-7873-40d0-ac88-8651b67b7d83 0.081s
2025-03-26 02:50:02.214 68672 INFO tempest.lib.common.rest_client [req-07063b2b-4db2-4321-bde8-cb7ce747e9cc req-07063b2b-4db2-4321-bde8-cb7ce747e9cc ] Request (DeleteServersAdminTestJSON:test_delete_server_while_in_error_state): 200 GET http://10.180.1.21/compute/v2.1/servers/fde77cce-4916-4fff-a857-f3d5fb52bff6 0.133s
2025-03-26 02:50:02.287 68706 INFO tempest.lib.common.rest_client [req-2de41faf-2d10-4d6b-987c-040e894ac70b req-2de41faf-2d10-4d6b-987c-040e894ac70b ] Request (ImagesOneServerTestJSON:tearDownClass): 204 DELETE http://10.180.1.21/compute/v2.1/servers/23e79298-a98f-4a67-9f98-4c7fdc908493 0.151s
2025-03-26 02:50:02.289 68692 INFO tempest.lib.common.rest_client [req-6f36edfa-0426-4f6d-8d75-b813f196bf48 req-6f36edfa-0426-4f6d-8d75-b813f196bf48 ] Request (ServersTestJSON:setUpClass): 200 GET http://10.180.1.21/compute/v2.1/servers/5e55541f-335d-437e-8aa9-891de3b3dbdd 0.155s
2025-03-26 02:50:02.296 68692 INFO tempest.common.waiters [-] State transition "BUILD/networking" ==> "BUILD/block_device_mapping" after 51 second wait
2025-03-26 02:50:02.345 68700 INFO tempest.lib.common.rest_client [req-ebba336c-7294-401d-9404-8b9199c8ce84 req-ebba336c-7294-401d-9404-8b9199c8ce84 ] Request (FloatingIPsAssociationNegativeTestJSON:setUpClass): 200 GET http://10.180.1.21/compute/v2.1/servers/d9ed7892-e388-4da5-b347-0c55dca64f3c 0.163s
2025-03-26 02:50:02.399 68668 INFO tempest.lib.common.rest_client [req-2d612942-2167-47d7-b4da-74ea59ea35de req-2d612942-2167-47d7-b4da-74ea59ea35de ] Request (ServerActionsTestJSON:setUpClass): 200 GET http://10.180.1.21/compute/v2.1/servers/de3afbb1-8a9e-4c6e-84b1-2888ce859207 0.182s
2025-03-26 02:50:02.406 68668 INFO tempest.common.waiters [-] State transition "BUILD/spawning" ==> "ACTIVE/None" after 56 second wait
2025-03-26 02:50:02.407 68674 INFO tempest.lib.common.rest_client [req-81f58da5-c2f9-4eec-a2e5-99621d5ca0c0 req-81f58da5-c2f9-4eec-a2e5-99621d5ca0c0 ] Request (ServersAdminNegativeTestJSON:tearDownClass): 200 GET http://10.180.1.21/compute/v2.1/servers/d42651db-8ba1-4cda-9798-ada9ce29dadb 0.171s
2025-03-26 02:50:02.452 68690 WARNING tempest.lib.common.ssh [-] Failed to establish authenticated ssh connection to cirros@10.180.180.142 ([Errno None] Unable to connect to port 22 on 10.180.180.142). Number attempts: 3. Retry after 4 seconds.: paramiko.ssh_exception.NoValidConnectionsError: [Errno None] Unable to connect to port 22 on 10.180.180.142
2025-03-26 02:50:02.457 68704 INFO tempest.lib.common.rest_client [req-b14db6ba-052a-417c-8ef0-ef2fc8ed65b3 req-b14db6ba-052a-417c-8ef0-ef2fc8ed65b3 ] Request (ServerDiagnosticsNegativeTest:test_get_server_diagnostics_by_non_admin): 200 GET http://10.180.1.21/compute/v2.1/servers/555bd730-2c1f-4276-ae54-dd443a3d6fa8 0.172s
2025-03-26 02:50:02.458 68694 INFO tempest.lib.common.rest_client [req-c3347967-f3d3-4131-91d9-86cc82f6e0a3 req-c3347967-f3d3-4131-91d9-86cc82f6e0a3 ] Request (ServerShowV254Test:test_rebuild_server): 200 GET http://10.180.1.21/compute/v2.1/servers/e93d6f19-f14d-4b4b-8861-de18309a6637 0.189s
2025-03-26 02:50:02.527 68668 INFO tempest.lib.common.rest_client [req-20a1671a-5df2-4011-ae69-1e26804d6f51 req-20a1671a-5df2-4011-ae69-1e26804d6f51 ] Request (ServerActionsTestJSON:setUpClass): 200 GET http://10.180.1.21/compute/v2.1/servers/de3afbb1-8a9e-4c6e-84b1-2888ce859207/os-interface 0.120s
2025-03-26 02:50:02.559 68706 INFO tempest.lib.common.rest_client [req-a4dcf26c-c8f5-4461-8d79-09a6cc1b562e req-a4dcf26c-c8f5-4461-8d79-09a6cc1b562e ] Request (ImagesOneServerTestJSON:tearDownClass): 200 GET http://10.180.1.21/compute/v2.1/servers/23e79298-a98f-4a67-9f98-4c7fdc908493 0.271s
2025-03-26 02:50:02.573 68658 INFO tempest.lib.common.rest_client [req-fe2f5374-3895-4e04-97ab-971e073bde9e req-fe2f5374-3895-4e04-97ab-971e073bde9e ] Request (SecurityGroupsTestJSON:test_server_security_groups): 200 GET http://10.180.1.21/compute/v2.1/servers/864b47ef-e221-4589-a445-7e7d1d66bc74 0.080s
2025-03-26 02:50:02.581 68714 WARNING tempest.lib.common.ssh [-] Failed to establish authenticated ssh connection to cirros@10.180.180.215 ([Errno None] Unable to connect to port 22 on 10.180.180.215). Number attempts: 7. Retry after 8 seconds.: paramiko.ssh_exception.NoValidConnectionsError: [Errno None] Unable to connect to port 22 on 10.180.180.215
2025-03-26 02:50:02.581 68698 WARNING tempest.lib.common.ssh [-] Failed to establish authenticated ssh connection to cirros@10.180.180.169 ([Errno None] Unable to connect to port 22 on 10.180.180.169). Number attempts: 7. Retry after 8 seconds.: paramiko.ssh_exception.NoValidConnectionsError: [Errno None] Unable to connect to port 22 on 10.180.180.169
2025-03-26 02:50:02.609 68686 INFO tempest.lib.common.rest_client [req-83d410d3-ac25-439d-9910-e85d3c913e3c req-83d410d3-ac25-439d-9910-e85d3c913e3c ] Request (ImagesTestJSON:test_create_image_from_stopped_server): 200 GET http://10.180.1.21/compute/v2.1/servers/68e45b06-5fba-44d3-bdb0-53a974198b56 0.103s
2025-03-26 02:50:02.646 68702 INFO tempest.lib.common.rest_client [req-adf42cac-e70c-49c6-94da-90eb45b4e807 req-adf42cac-e70c-49c6-94da-90eb45b4e807 ] Request (ServersAdminTestJSON:test_inject_network_info): 200 GET http://10.180.1.21/compute/v2.1/servers/78e6a2ac-d7ad-4f44-b759-a9f035d3a606 0.077s
2025-03-26 02:50:02.675 68670 INFO tempest.lib.common.rest_client [req-6b04aeb8-3526-41ff-b4bf-61febe024c3d req-6b04aeb8-3526-41ff-b4bf-61febe024c3d ] Request (ServerTagsTestJSON:setUpClass): 200 GET http://10.180.1.21/compute/v2.1/servers/d0f74717-3bea-42fe-b746-8cee7a46fb26 0.090s
2025-03-26 02:50:02.697 68666 INFO tempest.lib.common.rest_client [req-049160ef-7457-4655-91cf-b4fb7fc195ab req-049160ef-7457-4655-91cf-b4fb7fc195ab ] Request (AttachInterfacesUnderV243Test:test_add_remove_fixed_ip): 200 GET http://10.180.1.21/compute/v2.1/servers/ba229ffb-c982-4f4e-b721-fe1458731eb1 0.064s
2025-03-26 02:50:02.736 68680 INFO tempest.lib.common.rest_client [req-1bcc7e76-b053-4e5d-a797-e9e8b2926413 req-1bcc7e76-b053-4e5d-a797-e9e8b2926413 ] Request (ServerDiagnosticsV248Test:test_get_server_diagnostics): 200 GET http://10.180.1.21/compute/v2.1/servers/663658ba-100d-4c10-a244-935fc2a1bc81 0.084s
2025-03-26 02:50:02.895 68654 INFO tempest.lib.common.rest_client [req-e9cd3b5a-5ee0-4d72-935a-c0657a479240 req-e9cd3b5a-5ee0-4d72-935a-c0657a479240 ] Request (AttachInterfacesV270Test:test_create_get_list_interfaces): 200 GET http://10.180.1.21/compute/v2.1/servers/6e220a2b-88c6-46d0-9158-0be90b222d80 0.061s
2025-03-26 02:50:02.965 68662 INFO tempest.lib.common.rest_client [req-f8e6af8e-6b50-4af3-897b-0af76e72c7e2 req-f8e6af8e-6b50-4af3-897b-0af76e72c7e2 ] Request (ServerAddressesNegativeTestJSON:setUpClass): 200 GET http://10.180.1.21/compute/v2.1/servers/deafd24a-a902-435f-8502-6c636dfe9852 0.051s
2025-03-26 02:50:03.051 68668 INFO tempest.lib.common.rest_client [req-153849f2-3f4d-49f6-a6cc-8d3fa450f306 req-153849f2-3f4d-49f6-a6cc-8d3fa450f306 ] Request (ServerActionsTestJSON:setUpClass): 200 PUT http://10.180.1.21:9696/networking/v2.0/floatingips/22fd0847-b4b4-4936-85d1-ef895bdc24c5 0.521s
2025-03-26 02:50:03.052 68668 INFO tempest.lib.common.ssh [-] Creating ssh connection to '10.180.180.214:22' as 'cirros' with public key authentication
2025-03-26 02:50:03.073 68664 INFO tempest.lib.common.rest_client [req-9d2872c5-b8dc-4c17-a349-9055670a6127 req-9d2872c5-b8dc-4c17-a349-9055670a6127 ] Request (ListImageFiltersTestJSON:setUpClass): 200 GET http://10.180.1.21/compute/v2.1/servers/3d68ac69-3768-4b1b-9991-a636fdaec967 0.085s
2025-03-26 02:50:03.188 68652 INFO tempest.lib.common.rest_client [req-0247c020-2cfb-469f-ab10-847ba9701b6d req-0247c020-2cfb-469f-ab10-847ba9701b6d ] Request (MultipleCreateTestJSON:test_multiple_create_with_reservation_return): 200 GET http://10.180.1.21/compute/v2.1/servers/23337338-ef2a-4b2f-b3f3-427d41d11264 0.060s
2025-03-26 02:50:03.252 68660 INFO tempest.lib.common.rest_client [req-b38d0b02-4138-4497-98d4-81a997e16799 req-b38d0b02-4138-4497-98d4-81a997e16799 ] Request (ImagesOneServerNegativeTestJSON:setUpClass): 200 GET http://10.180.1.21/compute/v2.1/servers/3d5317c0-2aa5-4c43-ae3b-546ca4ee7717 0.125s
2025-03-26 02:50:03.258 68682 INFO tempest.lib.common.rest_client [req-aee9442c-e6ed-44e8-bba8-592a03825743 req-aee9442c-e6ed-44e8-bba8-592a03825743 ] Request (MigrationsAdminTest:test_list_migrations_in_flavor_resize_situation): 200 GET http://10.180.1.21/compute/v2.1/servers/29c1d0b8-6372-467f-b6d3-df9fdae75530 0.187s
2025-03-26 02:50:03.308 68696 INFO tempest.lib.common.rest_client [req-c89b3496-c086-4572-be50-393dc894a255 req-c89b3496-c086-4572-be50-393dc894a255 ] Request (ServersTestMultiNic:test_verify_multiple_nics_order): 200 GET http://10.180.1.21/compute/v2.1/servers/56afbf63-7873-40d0-ac88-8651b67b7d83 0.119s
2025-03-26 02:50:03.423 68672 INFO tempest.lib.common.rest_client [req-9c0a34c1-3b25-4ccc-ae52-c74abf9e341d req-9c0a34c1-3b25-4ccc-ae52-c74abf9e341d ] Request (DeleteServersAdminTestJSON:test_delete_server_while_in_error_state): 200 GET http://10.180.1.21/compute/v2.1/servers/fde77cce-4916-4fff-a857-f3d5fb52bff6 0.201s
2025-03-26 02:50:03.462 68692 INFO tempest.lib.common.rest_client [req-d6d028fe-d2b4-405a-9624-a2240eecaf87 req-d6d028fe-d2b4-405a-9624-a2240eecaf87 ] Request (ServersTestJSON:setUpClass): 200 GET http://10.180.1.21/compute/v2.1/servers/5e55541f-335d-437e-8aa9-891de3b3dbdd 0.165s
2025-03-26 02:50:03.473 68692 INFO tempest.common.waiters [-] State transition "BUILD/block_device_mapping" ==> "BUILD/spawning" after 52 second wait
2025-03-26 02:50:03.476 68708 WARNING tempest.lib.common.ssh [-] Failed to establish authenticated ssh connection to cirros@10.180.180.201 ([Errno None] Unable to connect to port 22 on 10.180.180.201). Number attempts: 2. Retry after 3 seconds.: paramiko.ssh_exception.NoValidConnectionsError: [Errno None] Unable to connect to port 22 on 10.180.180.201
2025-03-26 02:50:03.491 68700 INFO tempest.lib.common.rest_client [req-7f299857-96ed-4bd0-aafa-38de2ba2c2a2 req-7f299857-96ed-4bd0-aafa-38de2ba2c2a2 ] Request (FloatingIPsAssociationNegativeTestJSON:setUpClass): 200 GET http://10.180.1.21/compute/v2.1/servers/d9ed7892-e388-4da5-b347-0c55dca64f3c 0.138s
2025-03-26 02:50:03.550 68674 INFO tempest.lib.common.rest_client [req-42a1ccf7-b8da-4be2-aedb-b008c28e25f0 req-42a1ccf7-b8da-4be2-aedb-b008c28e25f0 ] Request (ServersAdminNegativeTestJSON:tearDownClass): 200 GET http://10.180.1.21/compute/v2.1/servers/d42651db-8ba1-4cda-9798-ada9ce29dadb 0.135s
2025-03-26 02:50:03.556 68704 INFO tempest.lib.common.rest_client [req-2d5ce21c-238b-4036-ba35-50c6eaa0f7d6 req-2d5ce21c-238b-4036-ba35-50c6eaa0f7d6 ] Request (ServerDiagnosticsNegativeTest:test_get_server_diagnostics_by_non_admin): 200 GET http://10.180.1.21/compute/v2.1/servers/555bd730-2c1f-4276-ae54-dd443a3d6fa8 0.092s
2025-03-26 02:50:03.601 68694 INFO tempest.lib.common.rest_client [req-1750ea21-af90-4469-9a08-c37332c7d372 req-1750ea21-af90-4469-9a08-c37332c7d372 ] Request (ServerShowV254Test:test_rebuild_server): 200 GET http://10.180.1.21/compute/v2.1/servers/e93d6f19-f14d-4b4b-8861-de18309a6637 0.132s
2025-03-26 02:50:03.651 68658 INFO tempest.lib.common.rest_client [req-f4b6bd04-7e38-4e97-b75d-56c59d4aed6f req-f4b6bd04-7e38-4e97-b75d-56c59d4aed6f ] Request (SecurityGroupsTestJSON:test_server_security_groups): 200 GET http://10.180.1.21/compute/v2.1/servers/864b47ef-e221-4589-a445-7e7d1d66bc74 0.071s
2025-03-26 02:50:03.675 68706 INFO tempest.lib.common.rest_client [req-d8e4ab98-562c-47ce-b44d-3c15aad24b04 req-d8e4ab98-562c-47ce-b44d-3c15aad24b04 ] Request (ImagesOneServerTestJSON:tearDownClass): 200 GET http://10.180.1.21/compute/v2.1/servers/23e79298-a98f-4a67-9f98-4c7fdc908493 0.107s
2025-03-26 02:50:03.699 68686 INFO tempest.lib.common.rest_client [req-bd14cb60-8401-4247-9f0e-ca748238c48b req-bd14cb60-8401-4247-9f0e-ca748238c48b ] Request (ImagesTestJSON:test_create_image_from_stopped_server): 200 GET http://10.180.1.21/compute/v2.1/servers/68e45b06-5fba-44d3-bdb0-53a974198b56 0.082s
2025-03-26 02:50:03.725 68702 INFO tempest.lib.common.rest_client [req-3a09245f-3d1e-41e5-a1bc-b5cdd89c41b5 req-3a09245f-3d1e-41e5-a1bc-b5cdd89c41b5 ] Request (ServersAdminTestJSON:test_inject_network_info): 200 GET http://10.180.1.21/compute/v2.1/servers/78e6a2ac-d7ad-4f44-b759-a9f035d3a606 0.071s
2025-03-26 02:50:03.732 68702 INFO tempest.common.waiters [-] State transition "BUILD/scheduling" ==> "BUILD/None" after 33 second wait
2025-03-26 02:50:03.747 68670 INFO tempest.lib.common.rest_client [req-ea72a894-d83f-4133-a803-65c10257c75e req-ea72a894-d83f-4133-a803-65c10257c75e ] Request (ServerTagsTestJSON:setUpClass): 200 GET http://10.180.1.21/compute/v2.1/servers/d0f74717-3bea-42fe-b746-8cee7a46fb26 0.062s
2025-03-26 02:50:03.771 68666 INFO tempest.lib.common.rest_client [req-e19d309c-2586-4d0e-a7a0-9d1306d482d4 req-e19d309c-2586-4d0e-a7a0-9d1306d482d4 ] Request (AttachInterfacesUnderV243Test:test_add_remove_fixed_ip): 200 GET http://10.180.1.21/compute/v2.1/servers/ba229ffb-c982-4f4e-b721-fe1458731eb1 0.065s
2025-03-26 02:50:03.779 68666 INFO tempest.common.waiters [-] State transition "BUILD/None" ==> "BUILD/networking" after 48 second wait
2025-03-26 02:50:03.794 68680 INFO tempest.lib.common.rest_client [req-826585e6-987b-46cf-b157-f79ac073b1ae req-826585e6-987b-46cf-b157-f79ac073b1ae ] Request (ServerDiagnosticsV248Test:test_get_server_diagnostics): 200 GET http://10.180.1.21/compute/v2.1/servers/663658ba-100d-4c10-a244-935fc2a1bc81 0.048s
2025-03-26 02:50:03.972 68654 INFO tempest.lib.common.rest_client [req-bb97c936-289f-4dfb-9351-6677379d2493 req-bb97c936-289f-4dfb-9351-6677379d2493 ] Request (AttachInterfacesV270Test:test_create_get_list_interfaces): 200 GET http://10.180.1.21/compute/v2.1/servers/6e220a2b-88c6-46d0-9158-0be90b222d80 0.060s
2025-03-26 02:50:04.032 68662 INFO tempest.lib.common.rest_client [req-79150467-1acd-41be-8a16-c7ae507c8d72 req-79150467-1acd-41be-8a16-c7ae507c8d72 ] Request (ServerAddressesNegativeTestJSON:setUpClass): 200 GET http://10.180.1.21/compute/v2.1/servers/deafd24a-a902-435f-8502-6c636dfe9852 0.060s
2025-03-26 02:50:04.141 68664 INFO tempest.lib.common.rest_client [req-6026da08-0f9d-4732-9725-ce2c788a9b87 req-6026da08-0f9d-4732-9725-ce2c788a9b87 ] Request (ListImageFiltersTestJSON:setUpClass): 200 GET http://10.180.1.21/compute/v2.1/servers/3d68ac69-3768-4b1b-9991-a636fdaec967 0.054s
