2025-03-26 02:49:11.014 68694 INFO tempest.lib.common.rest_client [req-fb2214ba-31d2-4ccf-aa3d-c4c1270a592f req-fb2214ba-31d2-4ccf-aa3d-c4c1270a592f ] Request (SecurityGroupRulesTestJSON:tearDownClass): 202 DELETE http://10.180.1.21/compute/v2.1/os-security-groups/2cce6bb9-58c4-450a-9752-143e40b84f22 2.809s
2025-03-26 02:49:11.122 68660 INFO tempest.lib.common.rest_client [req-6c8bc54f-5a53-49e4-b106-f6c7204ca442 req-6c8bc54f-5a53-49e4-b106-f6c7204ca442 ] Request (ServerExternalEventsTest:tearDownClass): 200 GET http://10.180.1.21/compute/v2.1/servers/79e1e663-ed02-48ea-8e09-1b6fc3fbb2dd 2.713s
2025-03-26 02:49:11.133 68660 INFO tempest.common.waiters [-] State transition "ACTIVE/deleting" ==> "DELETED/None" after 4 second wait
2025-03-26 02:49:11.248 68688 INFO tempest.lib.common.rest_client [req-64a98af3-07a0-4aed-9618-7fc24e14cc88 req-64a98af3-07a0-4aed-9618-7fc24e14cc88 ] Request (ServersV294TestFqdnHostnames:setUpClass): 200 GET http://10.180.1.21/compute/v2.1/servers/6634d418-dc13-471c-8e70-aac396eb712c 2.714s
2025-03-26 02:49:11.299 68706 INFO tempest.lib.common.rest_client [req-05806d4a-17af-4485-9155-86eec8c51052 req-05806d4a-17af-4485-9155-86eec8c51052 ] Request (ImagesOneServerTestJSON:setUpClass): 200 GET http://10.180.1.21/compute/v2.1/servers/23e79298-a98f-4a67-9f98-4c7fdc908493 2.894s
2025-03-26 02:49:11.312 68706 INFO tempest.common.waiters [-] State transition "BUILD/block_device_mapping" ==> "BUILD/spawning" after 21 second wait
2025-03-26 02:49:11.334 68656 INFO tempest.lib.common.rest_client [req-c4b81624-0412-4587-a085-0a3650111f4d req-c4b81624-0412-4587-a085-0a3650111f4d ] Request (VolumesAdminNegativeTest:test_update_attached_volume_with_nonexistent_volume_in_body): 200 GET http://10.180.1.21/compute/v2.1/servers/8f92cb9b-f8ca-430b-be49-8a3d9e5f5157 2.796s
2025-03-26 02:49:11.382 68658 INFO tempest.lib.common.rest_client [req-b6c366cd-a5cf-4ed5-85d9-682f988cf9b0 req-b6c366cd-a5cf-4ed5-85d9-682f988cf9b0 ] Request (SecurityGroupsTestJSON:test_list_security_groups_by_server): 200 GET http://10.180.1.21/compute/v2.1/servers/ebc75733-b03c-4d20-9ee9-abec0c278957 2.763s
2025-03-26 02:49:11.415 68698 INFO tempest.lib.common.rest_client [req-f4da5aa2-cf29-41ba-89ce-da0d020e4577 req-f4da5aa2-cf29-41ba-89ce-da0d020e4577 ] Request (VolumesAssistedSnapshotsTest:test_volume_assisted_snapshot_create_delete): 200 PUT http://10.180.1.21:9696/networking/v2.0/floatingips/bba0f54a-05d6-459d-a450-ba14f4fc638e 1.846s
2025-03-26 02:49:11.418 68698 INFO tempest.lib.common.ssh [-] Creating ssh connection to '10.180.180.169:22' as 'cirros' with public key authentication
2025-03-26 02:49:11.424 68672 INFO tempest.lib.common.rest_client [req-d3ecca04-4823-4d9d-868f-4541292fde1e req-d3ecca04-4823-4d9d-868f-4541292fde1e ] Request (DeleteServersAdminTestJSON:test_delete_server_while_in_error_state): 200 GET http://10.180.1.21/compute/v2.1/servers/fde77cce-4916-4fff-a857-f3d5fb52bff6 2.782s
2025-03-26 02:49:11.479 68664 INFO tempest.lib.common.rest_client [req-171fc822-1bdb-45fb-a2fd-89edf67972a0 req-171fc822-1bdb-45fb-a2fd-89edf67972a0 ] Request (ListImageFiltersTestJSON:setUpClass): 200 GET http://10.180.1.21/compute/v2.1/images/92fa4d67-e49e-4048-92c0-e15d21adac0f 2.692s
2025-03-26 02:49:11.484 68712 INFO tempest.lib.common.rest_client [req-fdd70571-1d52-4084-9aa4-926d88dbdc7b req-fdd70571-1d52-4084-9aa4-926d88dbdc7b ] Request (ServersTestBootFromVolume:setUpClass): 200 GET http://10.180.1.21/compute/v2.1/servers/f40e55be-82c4-44ce-8788-c6c6ec7fb283 2.788s
2025-03-26 02:49:11.497 68712 INFO tempest.common.waiters [-] State transition "BUILD/None" ==> "BUILD/networking" after 17 second wait
2025-03-26 02:49:11.514 68714 INFO tempest.lib.common.rest_client [req-7f0c8ce9-e021-4e58-8cba-4a64eec5e75a req-7f0c8ce9-e021-4e58-8cba-4a64eec5e75a ] Request (ServersWithSpecificFlavorTestJSON:test_verify_created_server_ephemeral_disk): 200 PUT http://10.180.1.21:9696/networking/v2.0/floatingips/ca2593dd-322a-4254-ad18-71b8d3dadd87 1.732s
2025-03-26 02:49:11.531 68654 INFO tempest.lib.common.rest_client [req-c25c76ca-2515-4307-ad8f-8bc241de97b1 req-c25c76ca-2515-4307-ad8f-8bc241de97b1 ] Request (ImagesMetadataTestJSON:setUpClass): 200 GET http://10.180.1.21/compute/v2.1/images/299d3903-7aff-424a-b159-f89dc1e185b1 2.681s
2025-03-26 02:49:11.569 68700 INFO tempest.lib.common.rest_client [req-c98b18fb-c667-4476-af13-ebfea81c738a req-c98b18fb-c667-4476-af13-ebfea81c738a ] Request (TenantUsagesTestJSON:tearDownClass): 200 GET http://10.180.1.21/compute/v2.1/servers/4150dfac-b245-43cd-b62d-097e4c4f9464 2.741s
2025-03-26 02:49:11.633 68666 INFO tempest.lib.common.rest_client [req-72601f9d-039f-4e17-b7d1-f2c500d58a1f req-72601f9d-039f-4e17-b7d1-f2c500d58a1f ] Request (ValidationResourcesFixture:setUp): 201 POST http://10.180.1.21:9696/networking/v2.0/floatingips 0.881s
2025-03-26 02:49:11.673 68696 INFO tempest.lib.common.rest_client [req-08b1bb54-c0a5-405c-b6c5-de6b3099be62 req-08b1bb54-c0a5-405c-b6c5-de6b3099be62 ] Request (ServersTestMultiNic:_run_cleanups): 204 DELETE http://10.180.1.21/compute/v2.1/servers/83b48c21-ef72-47bb-87aa-6c49a84eaaff 2.568s
2025-03-26 02:49:11.676 68666 INFO tempest.lib.common.rest_client [req-0d2cda40-4ec7-443d-9dd9-a4be06f916b3 req-0d2cda40-4ec7-443d-9dd9-a4be06f916b3 ] Request (AttachInterfacesUnderV243Test:test_add_remove_fixed_ip): 201 POST http://10.180.1.21/identity/v3/auth/tokens 0.036s
2025-03-26 02:49:11.677 68666 INFO tempest.lib.common.fixed_network [-] (AttachInterfacesUnderV243Test:test_add_remove_fixed_ip) Found network {'id': '958689ce-33b6-4da6-865d-ab867d5d9540', 'name': 'tempest-AttachInterfacesUnderV243Test-1447165704-network', 'tenant_id': '13ab9748722f49de9ebe69ed68615978', 'admin_state_up': True, 'mtu': 8950, 'status': 'ACTIVE', 'subnets': [], 'shared': False, 'project_id': '13ab9748722f49de9ebe69ed68615978', 'port_security_enabled': True, 'router:external': False, 'provider:network_type': 'vlan', 'provider:physical_network': 'default', 'provider:segmentation_id': 8, 'availability_zone_hints': [], 'availability_zones': [], 'ipv4_address_scope': None, 'ipv6_address_scope': None, 'description': '', 'tags': [], 'created_at': '2025-03-26T02:49:03Z', 'updated_at': '2025-03-26T02:49:03Z', 'revision_number': 1} available for tenant
2025-03-26 02:49:11.682 68662 INFO tempest.lib.common.rest_client [req-04a940a5-0230-4f7e-aa45-411d000e6385 req-04a940a5-0230-4f7e-aa45-411d000e6385 ] Request (AggregatesAdminNegativeTestJSON:test_aggregate_remove_host_as_user): 403 POST http://10.180.1.21/compute/v2.1/os-aggregates/7/action 2.427s
2025-03-26 02:49:11.694 68704 INFO tempest.lib.common.rest_client [req-fbe13063-d9e8-4ff3-818e-41d37478be43 req-fbe13063-d9e8-4ff3-818e-41d37478be43 ] Request (QuotasAdminNegativeTest:_run_cleanups): 200 PUT http://10.180.1.21/compute/v2.1/os-quota-sets/3a4a157bb3504a2cab644049176930ed 2.625s
2025-03-26 02:49:11.752 68692 INFO tempest.lib.common.rest_client [req-1e0db976-cac8-4fe5-afdc-46b89c01e79c req-1e0db976-cac8-4fe5-afdc-46b89c01e79c ] Request (ServersTestJSON:setUpClass): 200 GET http://10.180.1.21/compute/v2.1/servers/5e55541f-335d-437e-8aa9-891de3b3dbdd 2.343s
2025-03-26 02:49:11.802 68676 INFO tempest.lib.common.rest_client [req-d8fda19b-f6d5-42b9-bfa9-26ccf5686257 req-d8fda19b-f6d5-42b9-bfa9-26ccf5686257 ] Request (ImagesNegativeTestJSON:test_create_image_from_deleted_server): 200 GET http://10.180.1.21/compute/v2.1/servers/d1def803-d014-44d9-bf40-197dc1a097b3 2.392s
2025-03-26 02:49:11.850 68686 INFO tempest.lib.common.rest_client [req-c5795321-3625-417a-b4d2-45208738aa8c req-c5795321-3625-417a-b4d2-45208738aa8c ] Request (QuotasAdminTestV257:test_get_updated_quotas): 200 PUT http://10.180.1.21/compute/v2.1/os-quota-sets/3977e8d3839644939ce79cdd5500047b?user_id=8ba7fedaba7544c9b3e1fb116169025b 2.316s
2025-03-26 02:49:11.904 68678 INFO tempest.lib.common.rest_client [req-f28c9892-0007-4d91-a387-9685b843f795 req-f28c9892-0007-4d91-a387-9685b843f795 ] Request (ServersAdmin275Test:_run_cleanups): 200 GET http://10.180.1.21/compute/v2.1/servers/34083c96-e967-4541-8f89-b5ac1ef4d1a3 1.359s
2025-03-26 02:49:11.912 68670 INFO tempest.lib.common.rest_client [req-4ff744a7-31fb-43f3-b6bd-f919134c9f9b req-4ff744a7-31fb-43f3-b6bd-f919134c9f9b ] Request (SecurityGroupRulesNegativeTestJSON:tearDownClass): 202 DELETE http://10.180.1.21/compute/v2.1/os-security-groups/d13c706f-b872-4cb9-9bfe-592805ec570f 2.004s
2025-03-26 02:49:11.919 68678 INFO tempest.common.waiters [-] State transition "REBUILD/rebuild_spawning" ==> "ACTIVE/None" after 9 second wait
2025-03-26 02:49:11.993 68684 INFO tempest.lib.common.rest_client [req-4a74f2b4-e7cc-461c-976e-0ddb51dfd1ef req-4a74f2b4-e7cc-461c-976e-0ddb51dfd1ef ] Request (ServersTestManualDisk:setUpClass): 200 GET http://10.180.1.21/compute/v2.1/servers/9872608e-7ceb-459c-9c30-c1d06289d1c5 1.135s
2025-03-26 02:49:12.025 68710 INFO tempest.lib.common.rest_client [req-fd98a244-15b0-4bd6-b556-8fa9e0e2609a req-fd98a244-15b0-4bd6-b556-8fa9e0e2609a ] Request (FloatingIPsTestJSON:_run_cleanups): 404 DELETE http://10.180.1.21/compute/v2.1/os-floating-ips/835b272d-3d0e-427e-b8db-45770c2fdb29 1.109s
2025-03-26 02:49:12.035 68652 INFO tempest.lib.common.rest_client [req-f9d2e02d-9f09-492d-ac0a-264dcea5039a req-f9d2e02d-9f09-492d-ac0a-264dcea5039a ] Request (MultipleCreateTestJSON:test_multiple_create): 200 GET http://10.180.1.21/compute/v2.1/servers/7f13fff1-850d-4cc6-b1a7-a66816a9aff2 1.201s
2025-03-26 02:49:12.088 68694 INFO tempest.lib.common.rest_client [req-60b9886b-9118-46ca-8c86-5f3e390c38dd req-60b9886b-9118-46ca-8c86-5f3e390c38dd ] Request (SecurityGroupRulesTestJSON:tearDownClass): 404 DELETE http://10.180.1.21/compute/v2.1/os-security-groups/72ce61b5-b489-4f5f-ae35-7f14a6593fe2 1.074s
2025-03-26 02:49:12.104 68708 INFO tempest.lib.common.rest_client [req-2b86aa1a-f2ca-422a-95f1-0e6335fc8a99 req-2b86aa1a-f2ca-422a-95f1-0e6335fc8a99 ] Request (ServerActionsV293TestJSON:setUpClass): 200 GET http://10.180.1.21/compute/v2.1/servers/b554c544-8bd0-453c-9074-47e721570c7b 1.168s
2025-03-26 02:49:12.153 68702 INFO tempest.lib.common.rest_client [req-093e61a6-e0cf-4dd0-98bc-e90cebdd886d req-093e61a6-e0cf-4dd0-98bc-e90cebdd886d ] Request (ServersAdminTestJSON:test_create_server_with_scheduling_hint): 200 GET http://10.180.1.21/compute/v2.1/servers/e23fa2d0-08ef-4aa1-8490-568ab85323eb 1.122s
2025-03-26 02:49:12.175 68680 INFO tempest.lib.common.rest_client [req-a529740d-52b5-4f6b-984f-6d64cfb4b73e req-a529740d-52b5-4f6b-984f-6d64cfb4b73e ] Request (ServerDiagnosticsTest:tearDownClass): 200 GET http://10.180.1.21/compute/v2.1/servers/5507a6d1-2b76-4e0b-bffe-0b65d7a6396a 1.122s
2025-03-26 02:49:12.216 68668 INFO tempest.lib.common.rest_client [req-9007e5f5-02a6-4226-a435-39005375f0cb req-9007e5f5-02a6-4226-a435-39005375f0cb ] Request (ServerActionsTestJSON:setUpClass): 200 GET http://10.180.1.21/compute/v2.1/servers/de3afbb1-8a9e-4c6e-84b1-2888ce859207 1.116s
2025-03-26 02:49:12.236 68690 INFO tempest.lib.common.rest_client [req-687f75c9-3618-4854-9fed-104c0d53b064 req-687f75c9-3618-4854-9fed-104c0d53b064 ] Request (AttachInterfacesTestJSON:test_create_list_show_delete_interfaces_by_fixed_ip): 200 GET http://10.180.1.21/compute/v2.1/servers/792f0671-3387-483c-8ae5-e14bc375ce5e 1.016s
2025-03-26 02:49:12.242 68690 INFO tempest.common.waiters [-] State transition "BUILD/scheduling" ==> "BUILD/None" after 12 second wait
2025-03-26 02:49:12.274 68664 INFO tempest.lib.common.rest_client [req-721b6132-1f13-4b8b-b3c3-5792319504fa req-721b6132-1f13-4b8b-b3c3-5792319504fa ] Request (ListImageFiltersTestJSON:setUpClass): 200 GET http://10.180.1.21/compute/v2.1/images/92fa4d67-e49e-4048-92c0-e15d21adac0f 0.790s
2025-03-26 02:49:12.450 68714 INFO tempest.lib.common.rest_client [req-a46f1466-a3aa-4b2a-9b2a-5db65f28be67 req-a46f1466-a3aa-4b2a-9b2a-5db65f28be67 ] Request (ServersWithSpecificFlavorTestJSON:test_verify_created_server_ephemeral_disk): 200 GET http://10.180.1.21/compute/v2.1/servers/604aea28-9889-430f-84f2-76fa2bce9615 0.936s
2025-03-26 02:49:12.454 68674 INFO tempest.lib.common.rest_client [req-d2b0abb5-3bc6-48c9-8a17-9ee44c4449f4 req-d2b0abb5-3bc6-48c9-8a17-9ee44c4449f4 ] Request (ServersAdminNegativeTestJSON:test_migrate_server_invalid_state): 200 GET http://10.180.1.21/compute/v2.1/servers/d42651db-8ba1-4cda-9798-ada9ce29dadb 1.138s
2025-03-26 02:49:12.465 68714 INFO tempest.lib.common.ssh [-] Creating ssh connection to '10.180.180.215:22' as 'cirros' with public key authentication
2025-03-26 02:49:12.466 68674 INFO tempest.common.waiters [-] State transition "BUILD/block_device_mapping" ==> "BUILD/spawning" after 22 second wait
2025-03-26 02:49:12.696 68664 INFO tempest.lib.common.rest_client [req-ea867eee-44de-4f88-a4c9-41100ef79f4f req-ea867eee-44de-4f88-a4c9-41100ef79f4f ] Request (ListImageFiltersTestJSON:setUpClass): 201 POST http://10.180.1.21/image/v2/images 0.419s
2025-03-26 02:49:12.737 68654 INFO tempest.lib.common.rest_client [req-b25d471e-3ba2-4de2-99eb-79c052c65baa req-b25d471e-3ba2-4de2-99eb-79c052c65baa ] Request (ImagesMetadataTestJSON:setUp): 200 PUT http://10.180.1.21/compute/v2.1/images/299d3903-7aff-424a-b159-f89dc1e185b1/metadata 1.200s
2025-03-26 02:49:12.766 68696 INFO tempest.lib.common.rest_client [req-b5a5e7b6-32a1-4997-a68a-548038536347 req-b5a5e7b6-32a1-4997-a68a-548038536347 ] Request (ServersTestMultiNic:_run_cleanups): 200 GET http://10.180.1.21/compute/v2.1/servers/83b48c21-ef72-47bb-87aa-6c49a84eaaff 1.093s
2025-03-26 02:49:12.910 68662 INFO tempest.lib.common.rest_client [req-04399d28-6faa-42f8-9ace-e0dfb87effae req-04399d28-6faa-42f8-9ace-e0dfb87effae ] Request (AggregatesAdminNegativeTestJSON:_run_cleanups): 200 POST http://10.180.1.21/compute/v2.1/os-aggregates/7/action 1.228s
2025-03-26 02:49:12.957 68704 INFO tempest.lib.common.rest_client [req-7f1928ac-5a65-4a35-8800-c84048430aa0 req-7f1928ac-5a65-4a35-8800-c84048430aa0 ] Request (QuotasAdminNegativeTest:test_create_server_when_instances_quota_is_full): 200 GET http://10.180.1.21/compute/v2.1/os-quota-sets/3a4a157bb3504a2cab644049176930ed 1.258s
2025-03-26 02:49:13.001 68686 INFO tempest.lib.common.rest_client [req-94936aef-7723-4b30-a27f-934b5fcee29a req-94936aef-7723-4b30-a27f-934b5fcee29a ] Request (QuotasAdminTestV257:test_get_updated_quotas): 200 GET http://10.180.1.21/compute/v2.1/os-quota-sets/3977e8d3839644939ce79cdd5500047b?user_id=8ba7fedaba7544c9b3e1fb116169025b 1.149s
2025-03-26 02:49:13.097 68686 INFO tempest.lib.common.rest_client [req-7cd96d32-2875-427e-97a3-db7c7150fa6b req-7cd96d32-2875-427e-97a3-db7c7150fa6b ] Request (QuotasAdminTestV257:_run_cleanups): 204 DELETE http://10.180.1.21/identity/v3/users/8ba7fedaba7544c9b3e1fb116169025b 0.094s
2025-03-26 02:49:13.200 68686 INFO tempest.lib.common.rest_client [req-43efc791-0d02-4cea-9656-336017bae633 req-43efc791-0d02-4cea-9656-336017bae633 ] Request (QuotasAdminTestV257:_run_cleanups): 204 DELETE http://10.180.1.21/identity/v3/projects/3977e8d3839644939ce79cdd5500047b 0.102s
2025-03-26 02:49:13.356 68686 INFO tempest.lib.common.rest_client [req-86718c8b-9b8a-47f7-9d27-49c68d43b195 req-86718c8b-9b8a-47f7-9d27-49c68d43b195 ] Request (QuotasAdminTestV257:tearDownClass): 204 DELETE http://10.180.1.21/identity/v3/users/00d78d8c30664da79e3b37225945b17b 0.154s
2025-03-26 02:49:13.412 68682 INFO tempest.lib.common.rest_client [req-8f79efee-fd35-4ed1-a58d-f05e654e8a4a req-8f79efee-fd35-4ed1-a58d-f05e654e8a4a ] Request (MigrationsAdminTest:test_list_migrations_in_flavor_resize_situation): 200 GET http://10.180.1.21/compute/v2.1/servers/29c1d0b8-6372-467f-b6d3-df9fdae75530 1.547s
2025-03-26 02:49:13.522 68686 INFO tempest.lib.common.rest_client [req-c388112f-2219-4d7a-a468-4c39d53a17e4 req-c388112f-2219-4d7a-a468-4c39d53a17e4 ] Request (QuotasAdminTestV257:tearDownClass): 204 DELETE http://10.180.1.21/identity/v3/users/a47667377a0e440497b739a36232bd4b 0.165s
2025-03-26 02:49:13.522 68686 INFO tempest.lib.common.dynamic_creds [-] Deleting project and security group for project: 43a8fe984d28415e92d59fa11086bd7c
2025-03-26 02:49:13.612 68686 INFO tempest.lib.common.rest_client [req-6442750a-33de-476e-b6aa-a84c381c8069 req-6442750a-33de-476e-b6aa-a84c381c8069 ] Request (QuotasAdminTestV257:tearDownClass): 201 POST http://10.180.1.21/identity/v3/auth/tokens 0.089s
2025-03-26 02:49:13.633 68670 INFO tempest.lib.common.rest_client [req-74afda60-83c5-451a-a1a0-bd965cfd953d req-74afda60-83c5-451a-a1a0-bd965cfd953d ] Request (SecurityGroupRulesNegativeTestJSON:tearDownClass): 202 DELETE http://10.180.1.21/compute/v2.1/os-security-groups/38cfc067-8afb-490c-8ab8-944fe719e524 1.721s
2025-03-26 02:49:13.651 68666 INFO tempest.lib.common.rest_client [req-659ef053-e16f-4bed-ad83-8c5893283765 req-659ef053-e16f-4bed-ad83-8c5893283765 ] Request (AttachInterfacesUnderV243Test:test_add_remove_fixed_ip): 202 POST http://10.180.1.21/compute/v2.1/servers 1.973s
2025-03-26 02:49:13.657 68710 INFO tempest.lib.common.rest_client [req-a3466a9c-2626-428c-9b8b-a530ffffdca9 req-a3466a9c-2626-428c-9b8b-a530ffffdca9 ] Request (FloatingIPsTestJSON:tearDownClass): 200 PUT http://10.180.1.21:9696/networking/v2.0/routers/802de972-a00a-4dcc-a683-4917f8d31956/remove_router_interface 1.630s
2025-03-26 02:49:13.750 68678 INFO tempest.lib.common.rest_client [req-d3415884-311f-4abf-a7b2-65c1dc0dfdf2 req-d3415884-311f-4abf-a7b2-65c1dc0dfdf2 ] Request (ServersAdmin275Test:tearDownClass): 204 DELETE http://10.180.1.21/compute/v2.1/servers/34083c96-e967-4541-8f89-b5ac1ef4d1a3 1.830s
2025-03-26 02:49:13.836 68660 INFO tempest.lib.common.rest_client [req-449e30b4-06b3-4688-95b6-1e402a4289b9 req-449e30b4-06b3-4688-95b6-1e402a4289b9 ] Request (ServerExternalEventsTest:tearDownClass): 200 GET http://10.180.1.21/compute/v2.1/servers/79e1e663-ed02-48ea-8e09-1b6fc3fbb2dd 1.703s
2025-03-26 02:49:13.859 68694 INFO tempest.lib.common.rest_client [req-3a563740-1baf-470b-8871-654c2f2f7e11 req-3a563740-1baf-470b-8871-654c2f2f7e11 ] Request (SecurityGroupRulesTestJSON:tearDownClass): 202 DELETE http://10.180.1.21/compute/v2.1/os-security-groups/99f9ac57-22d2-4cc7-b5b2-bd92942667bc 1.770s
2025-03-26 02:49:13.953 68688 INFO tempest.lib.common.rest_client [req-c43c5b13-74d6-4238-a271-e77820331b5f req-c43c5b13-74d6-4238-a271-e77820331b5f ] Request (ServersV294TestFqdnHostnames:setUpClass): 200 GET http://10.180.1.21/compute/v2.1/servers/6634d418-dc13-471c-8e70-aac396eb712c 1.691s
2025-03-26 02:49:13.982 68686 INFO tempest.lib.common.rest_client [req-796861bb-2ec6-43d2-8e21-50d435b9a4f1 req-796861bb-2ec6-43d2-8e21-50d435b9a4f1 ] Request (QuotasAdminTestV257:tearDownClass): 200 GET http://10.180.1.21:9696/networking/v2.0/security-groups?tenant_id=43a8fe984d28415e92d59fa11086bd7c&name=default 0.370s
2025-03-26 02:49:14.047 68656 INFO tempest.lib.common.rest_client [req-1c79b09a-4f6d-408d-af70-e4419262500b req-1c79b09a-4f6d-408d-af70-e4419262500b ] Request (VolumesAdminNegativeTest:test_update_attached_volume_with_nonexistent_volume_in_body): 200 GET http://10.180.1.21/compute/v2.1/servers/8f92cb9b-f8ca-430b-be49-8a3d9e5f5157 1.704s
2025-03-26 02:49:14.130 68658 INFO tempest.lib.common.rest_client [req-60b8a53a-30df-43ac-ace6-1d1d7a22f76b req-60b8a53a-30df-43ac-ace6-1d1d7a22f76b ] Request (SecurityGroupsTestJSON:test_list_security_groups_by_server): 200 GET http://10.180.1.21/compute/v2.1/servers/ebc75733-b03c-4d20-9ee9-abec0c278957 1.737s
2025-03-26 02:49:14.132 68686 INFO tempest.lib.common.rest_client [req-d02c6dff-0d5c-4ce0-b937-51f562c6d019 req-d02c6dff-0d5c-4ce0-b937-51f562c6d019 ] Request (QuotasAdminTestV257:tearDownClass): 204 DELETE http://10.180.1.21:9696/networking/v2.0/security-groups/68b908bb-182c-4c9d-a381-9c9292e4e7d5 0.150s
2025-03-26 02:49:14.147 68706 INFO tempest.lib.common.rest_client [req-55981d3e-436d-43e1-9c0e-b09db81779ab req-55981d3e-436d-43e1-9c0e-b09db81779ab ] Request (ImagesOneServerTestJSON:setUpClass): 200 GET http://10.180.1.21/compute/v2.1/servers/23e79298-a98f-4a67-9f98-4c7fdc908493 1.835s
2025-03-26 02:49:14.205 68672 INFO tempest.lib.common.rest_client [req-125040ae-1777-4b35-bcfb-00bf6ee97b85 req-125040ae-1777-4b35-bcfb-00bf6ee97b85 ] Request (DeleteServersAdminTestJSON:test_delete_server_while_in_error_state): 200 GET http://10.180.1.21/compute/v2.1/servers/fde77cce-4916-4fff-a857-f3d5fb52bff6 1.764s
2025-03-26 02:49:14.253 68686 INFO tempest.lib.common.rest_client [req-b24f56d5-6f6b-4585-ac3b-8194753bae74 req-b24f56d5-6f6b-4585-ac3b-8194753bae74 ] Request (QuotasAdminTestV257:tearDownClass): 204 DELETE http://10.180.1.21/identity/v3/projects/43a8fe984d28415e92d59fa11086bd7c 0.121s
2025-03-26 02:49:14.254 68686 INFO tempest.lib.common.dynamic_creds [-] Deleting project and security group for project: 7309b87ac1fc43f0804695bbaacf1f87
2025-03-26 02:49:14.281 68710 INFO tempest.lib.common.rest_client [req-abdc8f80-8a9a-40fd-9593-52ef648f0a67 req-abdc8f80-8a9a-40fd-9593-52ef648f0a67 ] Request (FloatingIPsTestJSON:tearDownClass): 204 DELETE http://10.180.1.21:9696/networking/v2.0/routers/802de972-a00a-4dcc-a683-4917f8d31956 0.624s
2025-03-26 02:49:14.301 68700 INFO tempest.lib.common.rest_client [req-f4f610c4-5f06-45ff-afdc-03d77eef544c req-f4f610c4-5f06-45ff-afdc-03d77eef544c ] Request (TenantUsagesTestJSON:tearDownClass): 200 GET http://10.180.1.21/compute/v2.1/servers/4150dfac-b245-43cd-b62d-097e4c4f9464 1.719s
2025-03-26 02:49:14.314 68700 INFO tempest.common.waiters [-] State transition "ACTIVE/deleting" ==> "DELETED/None" after 7 second wait
2025-03-26 02:49:14.389 68712 INFO tempest.lib.common.rest_client [req-3f200610-7311-42bc-83d7-cffcbc0877ae req-3f200610-7311-42bc-83d7-cffcbc0877ae ] Request (ServersTestBootFromVolume:setUpClass): 200 GET http://10.180.1.21/compute/v2.1/servers/f40e55be-82c4-44ce-8788-c6c6ec7fb283 1.890s
2025-03-26 02:49:14.400 68712 INFO tempest.common.waiters [-] State transition "BUILD/networking" ==> "BUILD/block_device_mapping" after 20 second wait
2025-03-26 02:49:14.422 68710 INFO tempest.lib.common.rest_client [req-37f72891-9d91-43d0-b334-889b6c89534d req-37f72891-9d91-43d0-b334-889b6c89534d ] Request (FloatingIPsTestJSON:tearDownClass): 204 DELETE http://10.180.1.21:9696/networking/v2.0/subnets/2ac68031-47fa-43d8-ae85-453a42ffd294 0.140s
2025-03-26 02:49:14.445 68686 INFO tempest.lib.common.rest_client [req-12983734-6f9a-4361-a12a-ebc8e76e18c7 req-12983734-6f9a-4361-a12a-ebc8e76e18c7 ] Request (QuotasAdminTestV257:tearDownClass): 200 GET http://10.180.1.21:9696/networking/v2.0/security-groups?tenant_id=7309b87ac1fc43f0804695bbaacf1f87&name=default 0.191s
2025-03-26 02:49:14.466 68664 INFO tempest.lib.common.rest_client [req-cc99e9d7-4571-42f3-b629-646816b29009 req-cc99e9d7-4571-42f3-b629-646816b29009 ] Request (ListImageFiltersTestJSON:setUpClass): 204 PUT http://10.180.1.21/image/v2/images/102fc50e-13dc-4d57-9738-c6548039197f/file 0.768s
2025-03-26 02:49:14.482 68692 INFO tempest.lib.common.rest_client [req-05b6b3de-2158-46e6-a6db-81d1e6180e0c req-05b6b3de-2158-46e6-a6db-81d1e6180e0c ] Request (ServersTestJSON:setUpClass): 200 GET http://10.180.1.21/compute/v2.1/servers/5e55541f-335d-437e-8aa9-891de3b3dbdd 1.714s
2025-03-26 02:49:14.527 68654 INFO tempest.lib.common.rest_client [req-c4fe6548-13e6-4782-aa7e-894c69ee0004 req-c4fe6548-13e6-4782-aa7e-894c69ee0004 ] Request (ImagesMetadataTestJSON:test_delete_image_metadata_item): 204 DELETE http://10.180.1.21/compute/v2.1/images/299d3903-7aff-424a-b159-f89dc1e185b1/metadata/os_version 1.789s
2025-03-26 02:49:14.549 68662 INFO tempest.lib.common.rest_client [req-03780b7e-db6d-49f8-8b60-c5faf583e12a req-03780b7e-db6d-49f8-8b60-c5faf583e12a ] Request (AggregatesAdminNegativeTestJSON:_run_cleanups): 200 DELETE http://10.180.1.21/compute/v2.1/os-aggregates/7 1.636s
2025-03-26 02:49:14.643 68686 INFO tempest.lib.common.rest_client [req-2d4709dc-05a3-41f3-9424-672a2f45c3c4 req-2d4709dc-05a3-41f3-9424-672a2f45c3c4 ] Request (QuotasAdminTestV257:tearDownClass): 204 DELETE http://10.180.1.21:9696/networking/v2.0/security-groups/685c7cc3-711b-4001-952c-84d9531662c5 0.198s
2025-03-26 02:49:14.721 68676 INFO tempest.lib.common.rest_client [req-f1538875-3514-44d3-9739-07914cf991e9 req-f1538875-3514-44d3-9739-07914cf991e9 ] Request (ImagesNegativeTestJSON:test_create_image_from_deleted_server): 200 GET http://10.180.1.21/compute/v2.1/servers/d1def803-d014-44d9-bf40-197dc1a097b3 1.910s
2025-03-26 02:49:14.733 68676 INFO tempest.common.waiters [-] State transition "BUILD/spawning" ==> "ACTIVE/None" after 27 second wait
2025-03-26 02:49:14.737 68704 INFO tempest.lib.common.rest_client [req-467e0fe8-2ac6-452c-892f-51e116c34618 req-467e0fe8-2ac6-452c-892f-51e116c34618 ] Request (QuotasAdminNegativeTest:test_create_server_when_instances_quota_is_full): 200 PUT http://10.180.1.21/compute/v2.1/os-quota-sets/3a4a157bb3504a2cab644049176930ed 1.777s
2025-03-26 02:49:14.769 68686 INFO tempest.lib.common.rest_client [req-eef4fb4e-1385-40c9-990e-5984620e3d9b req-eef4fb4e-1385-40c9-990e-5984620e3d9b ] Request (QuotasAdminTestV257:tearDownClass): 204 DELETE http://10.180.1.21/identity/v3/projects/7309b87ac1fc43f0804695bbaacf1f87 0.125s
2025-03-26 02:49:14.770 68686 INFO tempest.test [-] raised in UpdateMultiattachVolumeNegativeTest.setUpClass. Invoking tearDownClass.
2025-03-26 02:49:14.792 68684 INFO tempest.lib.common.rest_client [req-eaa8d789-e186-420b-82fc-3150f038d03f req-eaa8d789-e186-420b-82fc-3150f038d03f ] Request (ServersTestManualDisk:setUpClass): 200 GET http://10.180.1.21/compute/v2.1/servers/9872608e-7ceb-459c-9c30-c1d06289d1c5 1.789s
2025-03-26 02:49:14.800 68684 INFO tempest.common.waiters [-] State transition "BUILD/None" ==> "BUILD/networking" after 18 second wait
2025-03-26 02:49:14.803 68704 INFO tempest.lib.common.rest_client [req-518e0e40-0587-404d-b920-e7478cec505f req-518e0e40-0587-404d-b920-e7478cec505f ] Request (QuotasAdminNegativeTest:test_create_server_when_instances_quota_is_full): 201 POST http://10.180.1.21/identity/v3/auth/tokens 0.061s
2025-03-26 02:49:14.804 68704 INFO tempest.lib.common.fixed_network [-] (QuotasAdminNegativeTest:test_create_server_when_instances_quota_is_full) Found network None available for tenant
2025-03-26 02:49:14.838 68686 INFO tempest.lib.common.rest_client [req-5b744420-cb65-40cb-8fdb-0e54f713e509 req-5b744420-cb65-40cb-8fdb-0e54f713e509 ] Request (ImagesTestJSON:setUpClass): 201 POST http://10.180.1.21/identity/v3/auth/tokens 0.064s
2025-03-26 02:49:14.852 68710 INFO tempest.lib.common.rest_client [req-fda8e90c-37a1-402c-97f2-0e1b77069082 req-fda8e90c-37a1-402c-97f2-0e1b77069082 ] Request (FloatingIPsTestJSON:tearDownClass): 204 DELETE http://10.180.1.21:9696/networking/v2.0/networks/cb6ed2ce-1f54-4429-80a2-f1d68ec6c7a3 0.430s
2025-03-26 02:49:14.857 68708 INFO tempest.lib.common.rest_client [req-04692ead-fc07-4b04-bda5-ea62d980b9a5 req-04692ead-fc07-4b04-bda5-ea62d980b9a5 ] Request (ServerActionsV293TestJSON:setUpClass): 200 GET http://10.180.1.21/compute/v2.1/servers/b554c544-8bd0-453c-9074-47e721570c7b 1.741s
2025-03-26 02:49:14.869 68708 INFO tempest.common.waiters [-] State transition "BUILD/scheduling" ==> "BUILD/None" after 11 second wait
2025-03-26 02:49:14.874 68686 INFO tempest.lib.common.rest_client [req-00bbdb55-3cb8-4e6b-8629-a052b386b2d8 req-00bbdb55-3cb8-4e6b-8629-a052b386b2d8 ] Request (ImagesTestJSON:setUpClass): 201 POST http://10.180.1.21/identity/v3/auth/tokens 0.033s
2025-03-26 02:49:14.877 68652 INFO tempest.lib.common.rest_client [req-90cbf7b0-9f0e-47d0-89bd-88365db30903 req-90cbf7b0-9f0e-47d0-89bd-88365db30903 ] Request (MultipleCreateTestJSON:test_multiple_create): 200 GET http://10.180.1.21/compute/v2.1/servers/7f13fff1-850d-4cc6-b1a7-a66816a9aff2 1.827s
2025-03-26 02:49:14.888 68652 INFO tempest.common.waiters [-] State transition "BUILD/spawning" ==> "ACTIVE/None" after 23 second wait
2025-03-26 02:49:14.905 68686 INFO tempest.lib.common.rest_client [req-66141c18-d8a3-4a00-8836-929db6980c70 req-66141c18-d8a3-4a00-8836-929db6980c70 ] Request (ImagesTestJSON:setUpClass): 200 GET http://10.180.1.21/identity/v3/domains?name=Default 0.030s
2025-03-26 02:49:14.908 68702 INFO tempest.lib.common.rest_client [req-516e0bb8-18c9-40c1-8101-d08d1d750528 req-516e0bb8-18c9-40c1-8101-d08d1d750528 ] Request (ServersAdminTestJSON:test_create_server_with_scheduling_hint): 200 GET http://10.180.1.21/compute/v2.1/servers/e23fa2d0-08ef-4aa1-8490-568ab85323eb 1.739s
2025-03-26 02:49:14.926 68710 INFO tempest.lib.common.rest_client [req-7006cdd9-58ae-4c4d-90fa-01dd1cfeeff7 req-7006cdd9-58ae-4c4d-90fa-01dd1cfeeff7 ] Request (FloatingIPsTestJSON:tearDownClass): 204 DELETE http://10.180.1.21/identity/v3/users/a28365ab1f0d417ebc08d4417e1b54e9 0.073s
2025-03-26 02:49:14.927 68710 INFO tempest.lib.common.dynamic_creds [-] Deleting project and security group for project: fc544fba0eb8490bb059f737b1d9934d
2025-03-26 02:49:14.941 68680 INFO tempest.lib.common.rest_client [req-98e6ba58-ef80-4f1f-92bd-0371e8a45492 req-98e6ba58-ef80-4f1f-92bd-0371e8a45492 ] Request (ServerDiagnosticsTest:tearDownClass): 200 GET http://10.180.1.21/compute/v2.1/servers/5507a6d1-2b76-4e0b-bffe-0b65d7a6396a 1.755s
2025-03-26 02:49:14.960 68668 INFO tempest.lib.common.rest_client [req-525dac8d-d8a8-4325-b579-3cd79d9ed137 req-525dac8d-d8a8-4325-b579-3cd79d9ed137 ] Request (ServerActionsTestJSON:setUpClass): 200 GET http://10.180.1.21/compute/v2.1/servers/de3afbb1-8a9e-4c6e-84b1-2888ce859207 1.735s
2025-03-26 02:49:14.960 68686 INFO tempest.lib.common.rest_client [req-9808ae8d-b8ca-4f5e-8039-f591d35abaff req-9808ae8d-b8ca-4f5e-8039-f591d35abaff ] Request (ImagesTestJSON:setUpClass): 201 POST http://10.180.1.21/identity/v3/projects 0.055s
2025-03-26 02:49:14.992 68690 INFO tempest.lib.common.rest_client [req-47aa7851-bddd-4e09-83c3-5d5d0266cd6c req-47aa7851-bddd-4e09-83c3-5d5d0266cd6c ] Request (AttachInterfacesTestJSON:test_create_list_show_delete_interfaces_by_fixed_ip): 200 GET http://10.180.1.21/compute/v2.1/servers/792f0671-3387-483c-8ae5-e14bc375ce5e 1.749s
2025-03-26 02:49:15.009 68710 INFO tempest.lib.common.rest_client [req-a9274c65-ec25-44f4-9401-61b100e420f7 req-a9274c65-ec25-44f4-9401-61b100e420f7 ] Request (FloatingIPsTestJSON:tearDownClass): 200 GET http://10.180.1.21:9696/networking/v2.0/security-groups?tenant_id=fc544fba0eb8490bb059f737b1d9934d&name=default 0.082s
2025-03-26 02:49:15.054 68686 INFO tempest.lib.common.rest_client [req-ce7bc011-fffc-4e2a-a2f2-fe56b894cba8 req-ce7bc011-fffc-4e2a-a2f2-fe56b894cba8 ] Request (ImagesTestJSON:setUpClass): 201 POST http://10.180.1.21/identity/v3/users 0.094s
2025-03-26 02:49:15.077 68686 INFO tempest.lib.common.rest_client [req-91b0cd2f-dc00-44e3-a773-dd209e21fc10 req-91b0cd2f-dc00-44e3-a773-dd209e21fc10 ] Request (ImagesTestJSON:setUpClass): 200 GET http://10.180.1.21/identity/v3/roles 0.022s
2025-03-26 02:49:15.105 68674 INFO tempest.lib.common.rest_client [req-b23b443b-0f1a-4915-98c0-5a1ab3124404 req-b23b443b-0f1a-4915-98c0-5a1ab3124404 ] Request (ServersAdminNegativeTestJSON:test_migrate_server_invalid_state): 200 GET http://10.180.1.21/compute/v2.1/servers/d42651db-8ba1-4cda-9798-ada9ce29dadb 1.638s
2025-03-26 02:49:15.118 68686 INFO tempest.lib.common.rest_client [req-23ab4e28-0317-4056-af47-637060b30b98 req-23ab4e28-0317-4056-af47-637060b30b98 ] Request (ImagesTestJSON:setUpClass): 204 PUT http://10.180.1.21/identity/v3/projects/112d623505ce4a15bce706a94991077e/users/32123217e9764c32ae0d9bdf86d25334/roles/bdf5c2a6cebf4b948d42a8ade7d16bcb 0.041s
2025-03-26 02:49:15.119 68686 INFO tempest.lib.common.dynamic_creds [-] Dynamic test user 32123217e9764c32ae0d9bdf86d25334 is created with scope project and roles: ['member']
2025-03-26 02:49:15.119 68686 INFO tempest.lib.common.dynamic_creds [-] Acquired dynamic creds: credentials: Credentials: {'domain_id': 'default', 'domain_name': 'Default', 'username': 'tempest-ImagesTestJSON-69996350-project-member', 'project_domain_id': 'default', 'project_domain_name': 'Default', 'project_id': '112d623505ce4a15bce706a94991077e', 'project_name': 'tempest-ImagesTestJSON-69996350', 'tenant_id': '112d623505ce4a15bce706a94991077e', 'tenant_name': 'tempest-ImagesTestJSON-69996350', 'user_domain_id': 'default', 'user_domain_name': 'Default', 'user_id': '32123217e9764c32ae0d9bdf86d25334', 'system': None}, Network: None, Subnet: None, Router: None
2025-03-26 02:49:15.130 68670 INFO tempest.lib.common.rest_client [req-f330b8ce-826a-430d-8712-386bf1aeeb80 req-f330b8ce-826a-430d-8712-386bf1aeeb80 ] Request (SecurityGroupRulesNegativeTestJSON:tearDownClass): 202 DELETE http://10.180.1.21/compute/v2.1/os-security-groups/3d49b4dd-342e-45f7-894f-40116a7281d6 1.496s
2025-03-26 02:49:15.168 68666 INFO tempest.lib.common.rest_client [req-eb289cd6-d063-4cd5-878d-b11f74e756ef req-eb289cd6-d063-4cd5-878d-b11f74e756ef ] Request (AttachInterfacesUnderV243Test:test_add_remove_fixed_ip): 200 GET http://10.180.1.21/compute/v2.1/servers/ba229ffb-c982-4f4e-b721-fe1458731eb1 1.514s
2025-03-26 02:49:15.193 68678 INFO tempest.lib.common.rest_client [req-1e7e3060-9d94-496c-8187-3f24f602e0f4 req-1e7e3060-9d94-496c-8187-3f24f602e0f4 ] Request (ServersAdmin275Test:tearDownClass): 200 GET http://10.180.1.21/compute/v2.1/servers/34083c96-e967-4541-8f89-b5ac1ef4d1a3 1.442s
2025-03-26 02:49:15.195 68686 INFO tempest.lib.common.rest_client [req-72fe15a9-2314-40cc-9871-90f50b1622f0 req-72fe15a9-2314-40cc-9871-90f50b1622f0 ] Request (ImagesTestJSON:setUpClass): 201 POST http://10.180.1.21/identity/v3/auth/tokens 0.076s
2025-03-26 02:49:15.228 68710 INFO tempest.lib.common.rest_client [req-6655dca1-d3c8-429a-b8af-f6374784e446 req-6655dca1-d3c8-429a-b8af-f6374784e446 ] Request (FloatingIPsTestJSON:tearDownClass): 204 DELETE http://10.180.1.21:9696/networking/v2.0/security-groups/93a84e26-bc2b-47f8-8aaf-1800784f97fe 0.218s
2025-03-26 02:49:15.301 68696 INFO tempest.lib.common.rest_client [req-09d2edda-a266-487f-a18b-ea458054d2eb req-09d2edda-a266-487f-a18b-ea458054d2eb ] Request (ServersTestMultiNic:_run_cleanups): 200 GET http://10.180.1.21/compute/v2.1/servers/83b48c21-ef72-47bb-87aa-6c49a84eaaff 1.523s
2025-03-26 02:49:15.427 68694 INFO tempest.lib.common.rest_client [req-22ba33b3-8a62-4900-982c-c60d26bdbb12 req-22ba33b3-8a62-4900-982c-c60d26bdbb12 ] Request (SecurityGroupRulesTestJSON:tearDownClass): 202 DELETE http://10.180.1.21/compute/v2.1/os-security-groups/ca77451c-db56-4a80-b6e1-d5c0140dc816 1.568s
2025-03-26 02:49:15.454 68710 INFO tempest.lib.common.rest_client [req-c94d5e17-b23d-47ad-bd12-237965fba23f req-c94d5e17-b23d-47ad-bd12-237965fba23f ] Request (FloatingIPsTestJSON:tearDownClass): 204 DELETE http://10.180.1.21/identity/v3/projects/fc544fba0eb8490bb059f737b1d9934d 0.225s
2025-03-26 02:49:15.461 68682 INFO tempest.lib.common.rest_client [req-666a0997-af4b-4397-ab3e-c14e6767d0f8 req-666a0997-af4b-4397-ab3e-c14e6767d0f8 ] Request (MigrationsAdminTest:test_list_migrations_in_flavor_resize_situation): 200 GET http://10.180.1.21/compute/v2.1/servers/29c1d0b8-6372-467f-b6d3-df9fdae75530 1.035s
2025-03-26 02:49:15.473 68664 INFO tempest.lib.common.rest_client [req-1df5e50f-47fb-4463-bc56-a3607b96a84d req-1df5e50f-47fb-4463-bc56-a3607b96a84d ] Request (ListImageFiltersTestJSON:setUpClass): 200 GET http://10.180.1.21/compute/v2.1/images/102fc50e-13dc-4d57-9738-c6548039197f 1.007s
2025-03-26 02:49:15.499 68654 INFO tempest.lib.common.rest_client [req-a12d2468-f728-42e0-bfac-0dd0dd9939e8 req-a12d2468-f728-42e0-bfac-0dd0dd9939e8 ] Request (ImagesMetadataTestJSON:test_delete_image_metadata_item): 200 GET http://10.180.1.21/compute/v2.1/images/299d3903-7aff-424a-b159-f89dc1e185b1/metadata 0.972s
2025-03-26 02:49:15.504 68662 INFO tempest.lib.common.rest_client [req-b5abd4e4-80aa-44e5-a698-546daa4edcf1 req-b5abd4e4-80aa-44e5-a698-546daa4edcf1 ] Request (AggregatesAdminNegativeTestJSON:test_aggregate_remove_nonexistent_host): 200 POST http://10.180.1.21/compute/v2.1/os-aggregates 0.953s
2025-03-26 02:49:15.542 68710 INFO tempest.lib.common.rest_client [req-55cdbe7f-5976-4f4e-afbf-168840e33d26 req-55cdbe7f-5976-4f4e-afbf-168840e33d26 ] Request (AbsoluteLimitsTestJSON:setUpClass): 201 POST http://10.180.1.21/identity/v3/auth/tokens 0.086s
2025-03-26 02:49:15.589 68710 INFO tempest.lib.common.rest_client [req-bb964c8f-6a43-4f10-8a21-78b2a8988f07 req-bb964c8f-6a43-4f10-8a21-78b2a8988f07 ] Request (AbsoluteLimitsTestJSON:setUpClass): 201 POST http://10.180.1.21/identity/v3/auth/tokens 0.043s
2025-03-26 02:49:15.615 68676 INFO tempest.lib.common.rest_client [req-05fcf16a-8327-4c56-b5be-e38d7d4196b0 req-05fcf16a-8327-4c56-b5be-e38d7d4196b0 ] Request (ImagesNegativeTestJSON:test_create_image_from_deleted_server): 204 DELETE http://10.180.1.21/compute/v2.1/servers/d1def803-d014-44d9-bf40-197dc1a097b3 0.882s
2025-03-26 02:49:15.641 68710 INFO tempest.lib.common.rest_client [req-264002e7-6fa3-475b-a11e-9e4891bf8176 req-264002e7-6fa3-475b-a11e-9e4891bf8176 ] Request (AbsoluteLimitsTestJSON:setUpClass): 200 GET http://10.180.1.21/identity/v3/domains?name=Default 0.051s
2025-03-26 02:49:15.679 68710 INFO tempest.lib.common.rest_client [req-cbd8f081-76f8-4a11-a6cd-a468453dd6a2 req-cbd8f081-76f8-4a11-a6cd-a468453dd6a2 ] Request (AbsoluteLimitsTestJSON:setUpClass): 201 POST http://10.180.1.21/identity/v3/projects 0.036s
2025-03-26 02:49:15.691 68660 INFO tempest.lib.common.rest_client [req-2c4379d4-355a-4fb5-9660-67799df384ea req-2c4379d4-355a-4fb5-9660-67799df384ea ] Request (ServerExternalEventsTest:tearDownClass): 200 GET http://10.180.1.21/compute/v2.1/servers/79e1e663-ed02-48ea-8e09-1b6fc3fbb2dd 0.846s
2025-03-26 02:49:15.725 68704 INFO tempest.lib.common.rest_client [req-fc6debc4-f474-48f0-9e15-ef33cf2900ae req-fc6debc4-f474-48f0-9e15-ef33cf2900ae ] Request (QuotasAdminNegativeTest:test_create_server_when_instances_quota_is_full): 403 POST http://10.180.1.21/compute/v2.1/servers 0.921s
2025-03-26 02:49:15.757 68710 INFO tempest.lib.common.rest_client [req-8ec3a453-a525-4b25-ac9f-13b0c96706fa req-8ec3a453-a525-4b25-ac9f-13b0c96706fa ] Request (AbsoluteLimitsTestJSON:setUpClass): 201 POST http://10.180.1.21/identity/v3/users 0.077s
2025-03-26 02:49:15.782 68688 INFO tempest.lib.common.rest_client [req-417bfa47-1dde-4a13-aa03-60ad2f5e77d6 req-417bfa47-1dde-4a13-aa03-60ad2f5e77d6 ] Request (ServersV294TestFqdnHostnames:setUpClass): 200 GET http://10.180.1.21/compute/v2.1/servers/6634d418-dc13-471c-8e70-aac396eb712c 0.815s
2025-03-26 02:49:15.784 68710 INFO tempest.lib.common.rest_client [req-7881b355-de9c-4fbb-b960-58ed66ee8d7c req-7881b355-de9c-4fbb-b960-58ed66ee8d7c ] Request (AbsoluteLimitsTestJSON:setUpClass): 200 GET http://10.180.1.21/identity/v3/roles 0.027s
2025-03-26 02:49:15.791 68652 INFO tempest.lib.common.rest_client [req-c642e8da-3798-4d28-a8eb-8b9cac5fe268 req-c642e8da-3798-4d28-a8eb-8b9cac5fe268 ] Request (MultipleCreateTestJSON:test_multiple_create): 200 GET http://10.180.1.21/compute/v2.1/servers/f324a81d-cef9-4a1b-9c38-6be5e4de0fce 0.902s
2025-03-26 02:49:15.793 68688 INFO tempest.common.waiters [-] State transition "BUILD/scheduling" ==> "BUILD/None" after 11 second wait
2025-03-26 02:49:15.819 68710 INFO tempest.lib.common.rest_client [req-92e5e983-0ca1-4e20-96e7-7898f365d589 req-92e5e983-0ca1-4e20-96e7-7898f365d589 ] Request (AbsoluteLimitsTestJSON:setUpClass): 204 PUT http://10.180.1.21/identity/v3/projects/fd78bc851cd8419588dc0229166ce281/users/59c0b482e4e84b9493bb5e68125a41a0/roles/bdf5c2a6cebf4b948d42a8ade7d16bcb 0.034s
2025-03-26 02:49:15.819 68710 INFO tempest.lib.common.dynamic_creds [-] Dynamic test user 59c0b482e4e84b9493bb5e68125a41a0 is created with scope project and roles: ['member']
2025-03-26 02:49:15.819 68710 INFO tempest.lib.common.dynamic_creds [-] Acquired dynamic creds: credentials: Credentials: {'domain_id': 'default', 'domain_name': 'Default', 'username': 'tempest-AbsoluteLimitsTestJSON-667896798-project-member', 'project_domain_id': 'default', 'project_domain_name': 'Default', 'project_id': 'fd78bc851cd8419588dc0229166ce281', 'project_name': 'tempest-AbsoluteLimitsTestJSON-667896798', 'tenant_id': 'fd78bc851cd8419588dc0229166ce281', 'tenant_name': 'tempest-AbsoluteLimitsTestJSON-667896798', 'user_domain_id': 'default', 'user_domain_name': 'Default', 'user_id': '59c0b482e4e84b9493bb5e68125a41a0', 'system': None}, Network: None, Subnet: None, Router: None
2025-03-26 02:49:15.819 68710 INFO tempest.lib.common.dynamic_creds [-] Created isolated network resources for: credentials: Credentials: {'domain_id': 'default', 'domain_name': 'Default', 'username': 'tempest-AbsoluteLimitsTestJSON-667896798-project-member', 'project_domain_id': 'default', 'project_domain_name': 'Default', 'project_id': 'fd78bc851cd8419588dc0229166ce281', 'project_name': 'tempest-AbsoluteLimitsTestJSON-667896798', 'tenant_id': 'fd78bc851cd8419588dc0229166ce281', 'tenant_name': 'tempest-AbsoluteLimitsTestJSON-667896798', 'user_domain_id': 'default', 'user_domain_name': 'Default', 'user_id': '59c0b482e4e84b9493bb5e68125a41a0', 'system': None}, Network: None, Subnet: None, Router: None
2025-03-26 02:49:15.835 68656 INFO tempest.lib.common.rest_client [req-6541b690-bc85-47c9-ac20-313dc7af1c26 req-6541b690-bc85-47c9-ac20-313dc7af1c26 ] Request (VolumesAdminNegativeTest:test_update_attached_volume_with_nonexistent_volume_in_body): 200 GET http://10.180.1.21/compute/v2.1/servers/8f92cb9b-f8ca-430b-be49-8a3d9e5f5157 0.779s
2025-03-26 02:49:15.890 68658 INFO tempest.lib.common.rest_client [req-4aaf954c-89aa-47ba-b6b4-d2be04e188a5 req-4aaf954c-89aa-47ba-b6b4-d2be04e188a5 ] Request (SecurityGroupsTestJSON:test_list_security_groups_by_server): 200 GET http://10.180.1.21/compute/v2.1/servers/ebc75733-b03c-4d20-9ee9-abec0c278957 0.748s
2025-03-26 02:49:15.901 68710 INFO tempest.lib.common.rest_client [req-e43d8317-10f9-4fed-a482-b4c28ada6a40 req-e43d8317-10f9-4fed-a482-b4c28ada6a40 ] Request (AbsoluteLimitsTestJSON:setUpClass): 201 POST http://10.180.1.21/identity/v3/auth/tokens 0.078s
2025-03-26 02:49:15.911 68670 INFO tempest.lib.common.rest_client [req-fd102e55-b990-4b49-8f21-7e2cb4b114e8 req-fd102e55-b990-4b49-8f21-7e2cb4b114e8 ] Request (SecurityGroupRulesNegativeTestJSON:tearDownClass): 202 DELETE http://10.180.1.21/compute/v2.1/os-security-groups/284a597b-fce6-4cd1-9c97-3d1670e28236 0.780s
2025-03-26 02:49:15.971 68672 INFO tempest.lib.common.rest_client [req-eeb72aaa-8ea4-4dc0-934a-034229d8b9d3 req-eeb72aaa-8ea4-4dc0-934a-034229d8b9d3 ] Request (DeleteServersAdminTestJSON:test_delete_server_while_in_error_state): 200 GET http://10.180.1.21/compute/v2.1/servers/fde77cce-4916-4fff-a857-f3d5fb52bff6 0.751s
2025-03-26 02:49:16.001 68706 INFO tempest.lib.common.rest_client [req-4010b2b1-c01d-4ffc-9d32-e196775ff168 req-4010b2b1-c01d-4ffc-9d32-e196775ff168 ] Request (ImagesOneServerTestJSON:setUpClass): 200 GET http://10.180.1.21/compute/v2.1/servers/23e79298-a98f-4a67-9f98-4c7fdc908493 0.845s
2025-03-26 02:49:16.045 68700 INFO tempest.lib.common.rest_client [req-4f4f4788-570a-4fd7-bb3e-25028d697380 req-4f4f4788-570a-4fd7-bb3e-25028d697380 ] Request (TenantUsagesTestJSON:tearDownClass): 200 GET http://10.180.1.21/compute/v2.1/servers/4150dfac-b245-43cd-b62d-097e4c4f9464 0.729s
2025-03-26 02:49:16.109 68712 INFO tempest.lib.common.rest_client [req-eed33f6b-4809-4790-aec4-2cd0d2ecfded req-eed33f6b-4809-4790-aec4-2cd0d2ecfded ] Request (ServersTestBootFromVolume:setUpClass): 200 GET http://10.180.1.21/compute/v2.1/servers/f40e55be-82c4-44ce-8788-c6c6ec7fb283 0.707s
2025-03-26 02:49:16.117 68712 INFO tempest.common.waiters [-] State transition "BUILD/block_device_mapping" ==> "BUILD/spawning" after 22 second wait
2025-03-26 02:49:16.135 68686 INFO tempest.lib.common.rest_client [req-77c2995e-90a4-4e16-bc87-9e2427aeb088 req-77c2995e-90a4-4e16-bc87-9e2427aeb088 ] Request (ImagesTestJSON:setUpClass): 201 POST http://10.180.1.21:9696/networking/v2.0/networks 0.939s
2025-03-26 02:49:16.148 68664 INFO tempest.lib.common.rest_client [req-2a7d3b6e-de8f-4d38-b7e1-bc87369c8f4f req-2a7d3b6e-de8f-4d38-b7e1-bc87369c8f4f ] Request (ListImageFiltersTestJSON:setUpClass): 200 GET http://10.180.1.21/compute/v2.1/images/102fc50e-13dc-4d57-9738-c6548039197f 0.671s
2025-03-26 02:49:16.169 68694 INFO tempest.lib.common.rest_client [req-2e299c96-c89b-4ebf-8784-ebcbd7afc961 req-2e299c96-c89b-4ebf-8784-ebcbd7afc961 ] Request (SecurityGroupRulesTestJSON:tearDownClass): 202 DELETE http://10.180.1.21/compute/v2.1/os-security-groups/2b9c892e-1dc9-4692-b073-922dbd6ab245 0.742s
2025-03-26 02:49:16.204 68692 INFO tempest.lib.common.rest_client [req-2646f00f-c715-4c58-aac2-0afc75616683 req-2646f00f-c715-4c58-aac2-0afc75616683 ] Request (ServersTestJSON:setUpClass): 200 GET http://10.180.1.21/compute/v2.1/servers/5e55541f-335d-437e-8aa9-891de3b3dbdd 0.712s
2025-03-26 02:49:16.242 68662 INFO tempest.lib.common.rest_client [req-ee0355be-5b90-4006-9f4f-122b18805cad req-ee0355be-5b90-4006-9f4f-122b18805cad ] Request (AggregatesAdminNegativeTestJSON:test_aggregate_remove_nonexistent_host): 404 POST http://10.180.1.21/compute/v2.1/os-aggregates/8/action 0.736s
2025-03-26 02:49:16.341 68686 INFO tempest.lib.common.rest_client [req-9b27bd06-eb81-4233-89ad-d9771547bfee req-9b27bd06-eb81-4233-89ad-d9771547bfee ] Request (ImagesTestJSON:setUpClass): 201 POST http://10.180.1.21:9696/networking/v2.0/subnets 0.206s
2025-03-26 02:49:16.351 68676 INFO tempest.lib.common.rest_client [req-23674d1d-781d-4622-ae9f-15e7430bd24a req-23674d1d-781d-4622-ae9f-15e7430bd24a ] Request (ImagesNegativeTestJSON:test_create_image_from_deleted_server): 200 GET http://10.180.1.21/compute/v2.1/servers/d1def803-d014-44d9-bf40-197dc1a097b3 0.735s
2025-03-26 02:49:16.385 68654 INFO tempest.lib.common.rest_client [req-27eb1eef-cd67-4042-b2f8-dde6ac51c5bb req-27eb1eef-cd67-4042-b2f8-dde6ac51c5bb ] Request (ImagesMetadataTestJSON:setUp): 200 PUT http://10.180.1.21/compute/v2.1/images/299d3903-7aff-424a-b159-f89dc1e185b1/metadata 0.884s
2025-03-26 02:49:16.548 68704 INFO tempest.lib.common.rest_client [req-074df5d9-95bf-4033-b9b1-4bb36faa9c2a req-074df5d9-95bf-4033-b9b1-4bb36faa9c2a ] Request (QuotasAdminNegativeTest:_run_cleanups): 200 PUT http://10.180.1.21/compute/v2.1/os-quota-sets/3a4a157bb3504a2cab644049176930ed 0.822s
2025-03-26 02:49:16.566 68714 WARNING tempest.lib.common.ssh [-] Failed to establish authenticated ssh connection to cirros@10.180.180.215 ([Errno None] Unable to connect to port 22 on 10.180.180.215). Number attempts: 1. Retry after 2 seconds.: paramiko.ssh_exception.NoValidConnectionsError: [Errno None] Unable to connect to port 22 on 10.180.180.215
2025-03-26 02:49:16.567 68698 WARNING tempest.lib.common.ssh [-] Failed to establish authenticated ssh connection to cirros@10.180.180.169 ([Errno None] Unable to connect to port 22 on 10.180.180.169). Number attempts: 1. Retry after 2 seconds.: paramiko.ssh_exception.NoValidConnectionsError: [Errno None] Unable to connect to port 22 on 10.180.180.169
2025-03-26 02:49:16.570 68664 INFO tempest.lib.common.rest_client [req-e6970085-985e-41f2-bbaf-3d60d4262923 req-e6970085-985e-41f2-bbaf-3d60d4262923 ] Request (ListImageFiltersTestJSON:setUpClass): 201 POST http://10.180.1.21/image/v2/images 0.419s
2025-03-26 02:49:16.578 68652 INFO tempest.lib.common.rest_client [req-78becec9-026f-4282-810e-009793ba06d2 req-78becec9-026f-4282-810e-009793ba06d2 ] Request (MultipleCreateTestJSON:_run_cleanups): 204 DELETE http://10.180.1.21/compute/v2.1/servers/f324a81d-cef9-4a1b-9c38-6be5e4de0fce 0.779s
2025-03-26 02:49:16.659 68708 INFO tempest.lib.common.rest_client [req-aa5463ba-e634-4fe7-81c5-e27494a67693 req-aa5463ba-e634-4fe7-81c5-e27494a67693 ] Request (ServerActionsV293TestJSON:setUpClass): 200 GET http://10.180.1.21/compute/v2.1/servers/b554c544-8bd0-453c-9074-47e721570c7b 0.790s
2025-03-26 02:49:16.760 68710 INFO tempest.lib.common.rest_client [req-79bba479-07c9-42ab-88e1-80be86351256 req-79bba479-07c9-42ab-88e1-80be86351256 ] Request (AbsoluteLimitsTestJSON:test_absLimits_get): 200 GET http://10.180.1.21/compute/v2.1/limits 0.857s
2025-03-26 02:49:16.773 68684 INFO tempest.lib.common.rest_client [req-e2a294d6-8ca8-4800-9ee2-325c2192ec04 req-e2a294d6-8ca8-4800-9ee2-325c2192ec04 ] Request (ServersTestManualDisk:setUpClass): 200 GET http://10.180.1.21/compute/v2.1/servers/9872608e-7ceb-459c-9c30-c1d06289d1c5 0.972s
2025-03-26 02:49:16.785 68684 INFO tempest.common.waiters [-] State transition "BUILD/networking" ==> "BUILD/spawning" after 20 second wait
2025-03-26 02:49:16.868 68702 INFO tempest.lib.common.rest_client [req-50dca372-3e7a-4356-a800-7b4d2da96a5e req-50dca372-3e7a-4356-a800-7b4d2da96a5e ] Request (ServersAdminTestJSON:test_create_server_with_scheduling_hint): 200 GET http://10.180.1.21/compute/v2.1/servers/e23fa2d0-08ef-4aa1-8490-568ab85323eb 0.946s
2025-03-26 02:49:16.879 68702 INFO tempest.common.waiters [-] State transition "BUILD/None" ==> "BUILD/networking" after 19 second wait
2025-03-26 02:49:16.912 68710 INFO tempest.lib.common.rest_client [req-26436b89-0d4b-4875-9a2a-cae3d4d5ca26 req-26436b89-0d4b-4875-9a2a-cae3d4d5ca26 ] Request (AbsoluteLimitsTestJSON:tearDownClass): 204 DELETE http://10.180.1.21/identity/v3/users/59c0b482e4e84b9493bb5e68125a41a0 0.139s
2025-03-26 02:49:16.912 68710 INFO tempest.lib.common.dynamic_creds [-] Deleting project and security group for project: fd78bc851cd8419588dc0229166ce281
2025-03-26 02:49:16.968 68680 INFO tempest.lib.common.rest_client [req-7b39323e-2dc1-420c-8db9-35e952595e84 req-7b39323e-2dc1-420c-8db9-35e952595e84 ] Request (ServerDiagnosticsTest:tearDownClass): 200 GET http://10.180.1.21/compute/v2.1/servers/5507a6d1-2b76-4e0b-bffe-0b65d7a6396a 1.019s
2025-03-26 02:49:16.984 68710 INFO tempest.lib.common.rest_client [req-a165afda-4596-4cb1-b5e8-a3156375d7d7 req-a165afda-4596-4cb1-b5e8-a3156375d7d7 ] Request (AbsoluteLimitsTestJSON:tearDownClass): 201 POST http://10.180.1.21/identity/v3/auth/tokens 0.071s
