2025-03-26 02:49:22.690 68688 INFO tempest.lib.common.rest_client [req-2ac0de3b-a3aa-4f79-a21d-bb27fe5ae1eb req-2ac0de3b-a3aa-4f79-a21d-bb27fe5ae1eb ] Request (ServersV294TestFqdnHostnames:setUpClass): 200 GET http://10.180.1.21/compute/v2.1/servers/6634d418-dc13-471c-8e70-aac396eb712c 1.149s
2025-03-26 02:49:22.746 68694 INFO tempest.lib.common.rest_client [req-9a622877-7a4b-4017-beec-55161d52d8fd req-9a622877-7a4b-4017-beec-55161d52d8fd ] Request (SecurityGroupRulesTestJSON:tearDownClass): 204 DELETE http://10.180.1.21/identity/v3/projects/7e3ba01068a2452f94f59778e8a8687d 0.126s
2025-03-26 02:49:22.761 68658 INFO tempest.lib.common.rest_client [req-5a33400e-3556-4249-b0d1-7a6966337945 req-5a33400e-3556-4249-b0d1-7a6966337945 ] Request (SecurityGroupsTestJSON:test_list_security_groups_by_server): 200 GET http://10.180.1.21/compute/v2.1/servers/ebc75733-b03c-4d20-9ee9-abec0c278957 1.127s
2025-03-26 02:49:22.819 68654 INFO tempest.lib.common.rest_client [req-91228451-8c00-466b-afcf-602af1100afa req-91228451-8c00-466b-afcf-602af1100afa ] Request (ImagesMetadataTestJSON:test_set_image_metadata): 200 PUT http://10.180.1.21/compute/v2.1/images/299d3903-7aff-424a-b159-f89dc1e185b1/metadata 1.279s
2025-03-26 02:49:22.825 68656 INFO tempest.lib.common.rest_client [req-b33806d7-6de8-487e-8fcc-4139930c21a8 req-b33806d7-6de8-487e-8fcc-4139930c21a8 ] Request (VolumesAdminNegativeTest:test_update_attached_volume_with_nonexistent_volume_in_body): 200 GET http://10.180.1.21/compute/v2.1/servers/8f92cb9b-f8ca-430b-be49-8a3d9e5f5157 1.186s
2025-03-26 02:49:22.832 68694 INFO tempest.lib.common.rest_client [req-3f120fdb-06a4-4224-a048-4b6f8bdc6baa req-3f120fdb-06a4-4224-a048-4b6f8bdc6baa ] Request (ServerShowV254Test:setUpClass): 201 POST http://10.180.1.21/identity/v3/auth/tokens 0.083s
2025-03-26 02:49:22.832 68656 INFO tempest.common.waiters [-] State transition "BUILD/None" ==> "BUILD/networking" after 25 second wait
2025-03-26 02:49:22.875 68694 INFO tempest.lib.common.rest_client [req-ae0cc1ff-3d60-4fe2-aa7f-19d04b102e8c req-ae0cc1ff-3d60-4fe2-aa7f-19d04b102e8c ] Request (ServerShowV254Test:setUpClass): 201 POST http://10.180.1.21/identity/v3/auth/tokens 0.040s
2025-03-26 02:49:22.881 68672 INFO tempest.lib.common.rest_client [req-f16a9de7-dd9e-480e-9080-c2c9013f638c req-f16a9de7-dd9e-480e-9080-c2c9013f638c ] Request (DeleteServersAdminTestJSON:test_delete_server_while_in_error_state): 200 GET http://10.180.1.21/compute/v2.1/servers/fde77cce-4916-4fff-a857-f3d5fb52bff6 1.177s
2025-03-26 02:49:22.889 68672 INFO tempest.common.waiters [-] State transition "BUILD/scheduling" ==> "BUILD/None" after 15 second wait
2025-03-26 02:49:22.908 68700 INFO tempest.lib.common.rest_client [req-a0695962-48a2-4aa7-886d-c3937dc2a4c8 req-a0695962-48a2-4aa7-886d-c3937dc2a4c8 ] Request (TenantUsagesTestJSON:tearDownClass): 200 GET http://10.180.1.21/compute/v2.1/servers/4150dfac-b245-43cd-b62d-097e4c4f9464 1.104s
2025-03-26 02:49:22.923 68694 INFO tempest.lib.common.rest_client [req-d845d519-e319-4c29-9fde-c8f35de1ac97 req-d845d519-e319-4c29-9fde-c8f35de1ac97 ] Request (ServerShowV254Test:setUpClass): 200 GET http://10.180.1.21/identity/v3/domains?name=Default 0.047s
2025-03-26 02:49:22.956 68694 INFO tempest.lib.common.rest_client [req-53dee310-6b99-485e-917f-f598cd488f8f req-53dee310-6b99-485e-917f-f598cd488f8f ] Request (ServerShowV254Test:setUpClass): 201 POST http://10.180.1.21/identity/v3/projects 0.033s
2025-03-26 02:49:22.964 68692 INFO tempest.lib.common.rest_client [req-81b1a9c1-2f92-408e-bd9d-d470690341b4 req-81b1a9c1-2f92-408e-bd9d-d470690341b4 ] Request (ServersTestJSON:setUpClass): 200 GET http://10.180.1.21/compute/v2.1/servers/5e55541f-335d-437e-8aa9-891de3b3dbdd 1.065s
2025-03-26 02:49:22.970 68704 INFO tempest.lib.common.rest_client [req-75d3185a-1f91-4d4e-9aad-25420016ad2a req-75d3185a-1f91-4d4e-9aad-25420016ad2a ] Request (QuotasAdminNegativeTest:test_update_quota_normal_user): 403 PUT http://10.180.1.21/compute/v2.1/os-quota-sets/3a4a157bb3504a2cab644049176930ed 0.946s
2025-03-26 02:49:22.971 68692 INFO tempest.common.waiters [-] State transition "BUILD/scheduling" ==> "BUILD/None" after 11 second wait
2025-03-26 02:49:22.996 68674 INFO tempest.lib.common.rest_client [req-728ed456-0b5b-4dc8-82e3-fc4a4e799e4a req-728ed456-0b5b-4dc8-82e3-fc4a4e799e4a ] Request (ServersAdminNegativeTestJSON:test_migrate_server_invalid_state): 202 POST http://10.180.1.21/compute/v2.1/servers/d42651db-8ba1-4cda-9798-ada9ce29dadb/action 1.171s
2025-03-26 02:49:23.034 68676 INFO tempest.lib.common.rest_client [req-ced66bb7-6fe0-47d3-bea9-97a09a8ed6fc req-ced66bb7-6fe0-47d3-bea9-97a09a8ed6fc ] Request (ImagesNegativeTestJSON:test_create_image_from_deleted_server): 200 GET http://10.180.1.21/compute/v2.1/servers/d1def803-d014-44d9-bf40-197dc1a097b3 0.928s
2025-03-26 02:49:23.046 68694 INFO tempest.lib.common.rest_client [req-a5b5fc3d-216c-46b6-b234-4819c7c44077 req-a5b5fc3d-216c-46b6-b234-4819c7c44077 ] Request (ServerShowV254Test:setUpClass): 201 POST http://10.180.1.21/identity/v3/users 0.089s
2025-03-26 02:49:23.078 68694 INFO tempest.lib.common.rest_client [req-2d5ef365-61b7-4703-83bd-a2a4d453f047 req-2d5ef365-61b7-4703-83bd-a2a4d453f047 ] Request (ServerShowV254Test:setUpClass): 200 GET http://10.180.1.21/identity/v3/roles 0.031s
2025-03-26 02:49:23.096 68704 INFO tempest.lib.common.rest_client [req-1debb959-a5f7-4336-ac5f-899e41ddad65 req-1debb959-a5f7-4336-ac5f-899e41ddad65 ] Request (QuotasAdminNegativeTest:tearDownClass): 204 DELETE http://10.180.1.21/identity/v3/users/d6da397e300c416e9504d52fb479e313 0.123s
2025-03-26 02:49:23.120 68708 INFO tempest.lib.common.rest_client [req-bc98c3a3-dbd5-4fcf-b562-0d9d89c01a08 req-bc98c3a3-dbd5-4fcf-b562-0d9d89c01a08 ] Request (ServerActionsV293TestJSON:setUpClass): 200 GET http://10.180.1.21/compute/v2.1/servers/b554c544-8bd0-453c-9074-47e721570c7b 0.939s
2025-03-26 02:49:23.151 68712 INFO tempest.lib.common.rest_client [req-761d3267-23b9-4a11-80c1-3ceee7806a41 req-761d3267-23b9-4a11-80c1-3ceee7806a41 ] Request (ServersTestBootFromVolume:setUpClass): 200 GET http://10.180.1.21/compute/v2.1/servers/f40e55be-82c4-44ce-8788-c6c6ec7fb283 1.028s
2025-03-26 02:49:23.153 68694 INFO tempest.lib.common.rest_client [req-a359ae2d-e264-443a-a633-7992cdf662a0 req-a359ae2d-e264-443a-a633-7992cdf662a0 ] Request (ServerShowV254Test:setUpClass): 204 PUT http://10.180.1.21/identity/v3/projects/6593bd7db2e84a0bb63052c758738a3d/users/25ea0660a1284b4a9e2bdc470d1b1202/roles/bdf5c2a6cebf4b948d42a8ade7d16bcb 0.074s
2025-03-26 02:49:23.153 68694 INFO tempest.lib.common.dynamic_creds [-] Dynamic test user 25ea0660a1284b4a9e2bdc470d1b1202 is created with scope project and roles: ['member']
2025-03-26 02:49:23.154 68694 INFO tempest.lib.common.dynamic_creds [-] Acquired dynamic creds: credentials: Credentials: {'domain_id': 'default', 'domain_name': 'Default', 'username': 'tempest-ServerShowV254Test-2101644100-project-member', 'project_domain_id': 'default', 'project_domain_name': 'Default', 'project_id': '6593bd7db2e84a0bb63052c758738a3d', 'project_name': 'tempest-ServerShowV254Test-2101644100', 'tenant_id': '6593bd7db2e84a0bb63052c758738a3d', 'tenant_name': 'tempest-ServerShowV254Test-2101644100', 'user_domain_id': 'default', 'user_domain_name': 'Default', 'user_id': '25ea0660a1284b4a9e2bdc470d1b1202', 'system': None}, Network: None, Subnet: None, Router: None
2025-03-26 02:49:23.154 68694 INFO tempest.lib.common.dynamic_creds [-] Created isolated network resources for: credentials: Credentials: {'domain_id': 'default', 'domain_name': 'Default', 'username': 'tempest-ServerShowV254Test-2101644100-project-member', 'project_domain_id': 'default', 'project_domain_name': 'Default', 'project_id': '6593bd7db2e84a0bb63052c758738a3d', 'project_name': 'tempest-ServerShowV254Test-2101644100', 'tenant_id': '6593bd7db2e84a0bb63052c758738a3d', 'tenant_name': 'tempest-ServerShowV254Test-2101644100', 'user_domain_id': 'default', 'user_domain_name': 'Default', 'user_id': '25ea0660a1284b4a9e2bdc470d1b1202', 'system': None}, Network: None, Subnet: None, Router: None
2025-03-26 02:49:23.164 68712 INFO tempest.common.waiters [-] State transition "BUILD/spawning" ==> "ACTIVE/None" after 29 second wait
2025-03-26 02:49:23.198 68706 INFO tempest.lib.common.rest_client [req-6a27f29a-9663-4198-a178-1212032a0a49 req-6a27f29a-9663-4198-a178-1212032a0a49 ] Request (ImagesOneServerTestJSON:test_create_delete_image): 200 GET http://10.180.1.21/compute/v2.1/images/7ae758e5-8c29-4280-8f2d-8eeeee9515d1 0.985s
2025-03-26 02:49:23.218 68652 INFO tempest.lib.common.rest_client [req-e998678c-d9e2-450d-b765-fc3d6046d0ad req-e998678c-d9e2-450d-b765-fc3d6046d0ad ] Request (MultipleCreateTestJSON:_run_cleanups): 200 GET http://10.180.1.21/compute/v2.1/servers/f324a81d-cef9-4a1b-9c38-6be5e4de0fce 1.015s
2025-03-26 02:49:23.230 68704 INFO tempest.lib.common.rest_client [req-e7c121e3-285c-4b3f-978d-ebfaeb7fd0b1 req-e7c121e3-285c-4b3f-978d-ebfaeb7fd0b1 ] Request (QuotasAdminNegativeTest:tearDownClass): 204 DELETE http://10.180.1.21/identity/v3/users/dafb9b35aba34219916539ee023e2562 0.133s
2025-03-26 02:49:23.230 68704 INFO tempest.lib.common.dynamic_creds [-] Deleting project and security group for project: 3a4a157bb3504a2cab644049176930ed
2025-03-26 02:49:23.240 68694 INFO tempest.lib.common.rest_client [req-e0cdfe65-79bd-4fa8-a3aa-ec80a44b2664 req-e0cdfe65-79bd-4fa8-a3aa-ec80a44b2664 ] Request (ServerShowV254Test:setUpClass): 201 POST http://10.180.1.21/identity/v3/auth/tokens 0.082s
2025-03-26 02:49:23.302 68704 INFO tempest.lib.common.rest_client [req-875ca762-adbc-4b14-a604-6cd96513583e req-875ca762-adbc-4b14-a604-6cd96513583e ] Request (QuotasAdminNegativeTest:tearDownClass): 201 POST http://10.180.1.21/identity/v3/auth/tokens 0.071s
2025-03-26 02:49:23.303 68694 INFO tempest.lib.common.rest_client [req-3de8948f-0e18-4158-ab6f-cc028e7687e8 req-3de8948f-0e18-4158-ab6f-cc028e7687e8 ] Request (ServerShowV254Test:test_rebuild_server): 201 POST http://10.180.1.21/identity/v3/auth/tokens 0.059s
2025-03-26 02:49:23.304 68694 INFO tempest.lib.common.fixed_network [-] (ServerShowV254Test:test_rebuild_server) Found network None available for tenant
2025-03-26 02:49:23.357 68684 INFO tempest.lib.common.rest_client [req-7e674802-1157-4abe-ac8d-3483c3f3756a req-7e674802-1157-4abe-ac8d-3483c3f3756a ] Request (ServersTestManualDisk:setUpClass): 200 GET http://10.180.1.21/compute/v2.1/servers/9872608e-7ceb-459c-9c30-c1d06289d1c5 1.000s
2025-03-26 02:49:23.432 68662 INFO tempest.lib.common.rest_client [req-6f9e6402-0a08-40c6-8589-a9effb62af01 req-6f9e6402-0a08-40c6-8589-a9effb62af01 ] Request (FlavorsExtraSpecsTestJSON:test_flavor_non_admin_get_all_keys): 200 GET http://10.180.1.21/compute/v2.1/flavors/2020447954/os-extra_specs 1.030s
2025-03-26 02:49:23.474 68680 INFO tempest.lib.common.rest_client [req-debab69a-13ee-45d0-a16b-b36ad374833e req-debab69a-13ee-45d0-a16b-b36ad374833e ] Request (ServerDiagnosticsTest:tearDownClass): 200 GET http://10.180.1.21/compute/v2.1/servers/5507a6d1-2b76-4e0b-bffe-0b65d7a6396a 1.027s
2025-03-26 02:49:23.555 68686 INFO tempest.lib.common.rest_client [req-5f575483-5228-4061-bad4-15875f6d1202 req-5f575483-5228-4061-bad4-15875f6d1202 ] Request (ImagesTestJSON:test_create_image_from_stopped_server): 200 GET http://10.180.1.21/compute/v2.1/servers/68e45b06-5fba-44d3-bdb0-53a974198b56 1.019s
2025-03-26 02:49:23.639 68704 INFO tempest.lib.common.rest_client [req-cace48be-9a27-4fc1-8163-a9761edf7757 req-cace48be-9a27-4fc1-8163-a9761edf7757 ] Request (QuotasAdminNegativeTest:tearDownClass): 200 GET http://10.180.1.21:9696/networking/v2.0/security-groups?tenant_id=3a4a157bb3504a2cab644049176930ed&name=default 0.336s
2025-03-26 02:49:23.706 68702 INFO tempest.lib.common.rest_client [req-c86a5bd7-0975-40b2-a059-9c2530aecbea req-c86a5bd7-0975-40b2-a059-9c2530aecbea ] Request (ServersAdminTestJSON:test_create_server_with_scheduling_hint): 200 GET http://10.180.1.21/compute/v2.1/servers/e23fa2d0-08ef-4aa1-8490-568ab85323eb 1.130s
2025-03-26 02:49:23.761 68664 INFO tempest.lib.common.rest_client [req-10ed5dea-922a-40ec-9ac9-804fd95d136a req-10ed5dea-922a-40ec-9ac9-804fd95d136a ] Request (ListImageFiltersTestJSON:setUpClass): 202 POST http://10.180.1.21/compute/v2.1/servers 1.301s
2025-03-26 02:49:23.762 68668 INFO tempest.lib.common.rest_client [req-678a8b79-c187-45b9-a38b-22b1c1ffcb31 req-678a8b79-c187-45b9-a38b-22b1c1ffcb31 ] Request (ServerActionsTestJSON:setUpClass): 200 GET http://10.180.1.21/compute/v2.1/servers/de3afbb1-8a9e-4c6e-84b1-2888ce859207 1.115s
2025-03-26 02:49:23.817 68666 INFO tempest.lib.common.rest_client [req-7ed4a181-5480-4c2f-8e39-3bcc3db3e175 req-7ed4a181-5480-4c2f-8e39-3bcc3db3e175 ] Request (AttachInterfacesUnderV243Test:test_add_remove_fixed_ip): 200 GET http://10.180.1.21/compute/v2.1/servers/ba229ffb-c982-4f4e-b721-fe1458731eb1 1.081s
2025-03-26 02:49:23.825 68690 INFO tempest.lib.common.rest_client [req-5cbfb473-f4d0-4571-ab61-c8a743c22191 req-5cbfb473-f4d0-4571-ab61-c8a743c22191 ] Request (AttachInterfacesTestJSON:test_create_list_show_delete_interfaces_by_fixed_ip): 200 GET http://10.180.1.21/compute/v2.1/servers/792f0671-3387-483c-8ae5-e14bc375ce5e 1.160s
2025-03-26 02:49:23.841 68704 INFO tempest.lib.common.rest_client [req-26c116b4-2440-47c6-9eb3-4812546d4f19 req-26c116b4-2440-47c6-9eb3-4812546d4f19 ] Request (QuotasAdminNegativeTest:tearDownClass): 204 DELETE http://10.180.1.21:9696/networking/v2.0/security-groups/73e3ab7d-e7f2-4395-b90a-f25ee3939e2d 0.201s
2025-03-26 02:49:23.860 68654 INFO tempest.lib.common.rest_client [req-0e3ebc40-24c8-4411-85cb-9a3ecf721a9a req-0e3ebc40-24c8-4411-85cb-9a3ecf721a9a ] Request (ImagesMetadataTestJSON:test_set_image_metadata): 200 GET http://10.180.1.21/compute/v2.1/images/299d3903-7aff-424a-b159-f89dc1e185b1/metadata 1.040s
2025-03-26 02:49:23.916 68678 INFO tempest.lib.common.rest_client [req-67d2f5a4-a48d-4069-b91a-49b44d9582f2 req-67d2f5a4-a48d-4069-b91a-49b44d9582f2 ] Request (ServersAdmin275Test:tearDownClass): 200 GET http://10.180.1.21/compute/v2.1/servers/34083c96-e967-4541-8f89-b5ac1ef4d1a3 1.071s
2025-03-26 02:49:23.938 68696 INFO tempest.lib.common.rest_client [req-a1c3e01e-c618-4717-ae53-e2e1a1655f69 req-a1c3e01e-c618-4717-ae53-e2e1a1655f69 ] Request (ServersTestMultiNic:_run_cleanups): 200 GET http://10.180.1.21/compute/v2.1/servers/83b48c21-ef72-47bb-87aa-6c49a84eaaff 1.051s
2025-03-26 02:49:23.940 68704 INFO tempest.lib.common.rest_client [req-2ec44473-9ab3-453f-a752-8aef4557137e req-2ec44473-9ab3-453f-a752-8aef4557137e ] Request (QuotasAdminNegativeTest:tearDownClass): 204 DELETE http://10.180.1.21/identity/v3/projects/3a4a157bb3504a2cab644049176930ed 0.099s
2025-03-26 02:49:23.940 68704 INFO tempest.lib.common.dynamic_creds [-] Deleting project and security group for project: aeb4ce5b000a4977add9d1473a8dc5f3
2025-03-26 02:49:23.986 68670 INFO tempest.lib.common.rest_client [req-038d8f63-eff6-4e71-b363-71d1cc0e1ceb req-038d8f63-eff6-4e71-b363-71d1cc0e1ceb ] Request (ServerTagsTestJSON:setUpClass): 201 POST http://10.180.1.21:9696/networking/v2.0/routers 1.355s
2025-03-26 02:49:24.041 68712 INFO tempest.lib.common.rest_client [req-e1bf80db-d936-40f5-9563-06bb62cff7c2 req-e1bf80db-d936-40f5-9563-06bb62cff7c2 ] Request (ServersTestBootFromVolume:setUpClass): 200 GET http://10.180.1.21/compute/v2.1/servers/f40e55be-82c4-44ce-8788-c6c6ec7fb283/os-interface 0.876s
2025-03-26 02:49:24.154 68704 INFO tempest.lib.common.rest_client [req-45562787-33f9-47cc-9f86-c853f4b4c5a4 req-45562787-33f9-47cc-9f86-c853f4b4c5a4 ] Request (QuotasAdminNegativeTest:tearDownClass): 200 GET http://10.180.1.21:9696/networking/v2.0/security-groups?tenant_id=aeb4ce5b000a4977add9d1473a8dc5f3&name=default 0.213s
2025-03-26 02:49:24.297 68694 INFO tempest.lib.common.rest_client [req-fe147f5e-c8b1-447e-a3ea-7ff1012b1966 req-fe147f5e-c8b1-447e-a3ea-7ff1012b1966 ] Request (ServerShowV254Test:test_rebuild_server): 202 POST http://10.180.1.21/compute/v2.1/servers 0.992s
2025-03-26 02:49:24.312 68674 INFO tempest.lib.common.rest_client [req-a8ebf2a7-9ac0-4cc1-b73c-2984365f5cc9 req-a8ebf2a7-9ac0-4cc1-b73c-2984365f5cc9 ] Request (ServersAdminNegativeTestJSON:test_migrate_server_invalid_state): 200 GET http://10.180.1.21/compute/v2.1/servers/d42651db-8ba1-4cda-9798-ada9ce29dadb 1.315s
2025-03-26 02:49:24.327 68662 INFO tempest.lib.common.rest_client [req-b50cadde-cb77-4830-8cc7-89ff3f398867 req-b50cadde-cb77-4830-8cc7-89ff3f398867 ] Request (FlavorsExtraSpecsTestJSON:test_flavor_non_admin_get_specific_key): 200 POST http://10.180.1.21/compute/v2.1/flavors/2020447954/os-extra_specs 0.892s
2025-03-26 02:49:24.330 68704 INFO tempest.lib.common.rest_client [req-c5563204-3bea-4f8f-b473-f7e9945c8f98 req-c5563204-3bea-4f8f-b473-f7e9945c8f98 ] Request (QuotasAdminNegativeTest:tearDownClass): 204 DELETE http://10.180.1.21:9696/networking/v2.0/security-groups/7d5b94c8-182a-4cb1-b24b-cebe1e6c4cee 0.176s
2025-03-26 02:49:24.429 68660 INFO tempest.lib.common.rest_client [req-889e02ba-a007-4a0a-804a-cc90f78b31fc req-889e02ba-a007-4a0a-804a-cc90f78b31fc ] Request (ServerExternalEventsTest:tearDownClass): 200 GET http://10.180.1.21/compute/v2.1/servers/79e1e663-ed02-48ea-8e09-1b6fc3fbb2dd 0.804s
2025-03-26 02:49:24.501 68704 INFO tempest.lib.common.rest_client [req-eec2f1aa-20cb-4486-b3b7-97efd6ab1a54 req-eec2f1aa-20cb-4486-b3b7-97efd6ab1a54 ] Request (QuotasAdminNegativeTest:tearDownClass): 204 DELETE http://10.180.1.21/identity/v3/projects/aeb4ce5b000a4977add9d1473a8dc5f3 0.170s
2025-03-26 02:49:24.508 68688 INFO tempest.lib.common.rest_client [req-78af0c6f-22c0-4690-8993-a4812ceaf787 req-78af0c6f-22c0-4690-8993-a4812ceaf787 ] Request (ServersV294TestFqdnHostnames:setUpClass): 200 GET http://10.180.1.21/compute/v2.1/servers/6634d418-dc13-471c-8e70-aac396eb712c 0.801s
2025-03-26 02:49:24.578 68704 INFO tempest.lib.common.rest_client [req-c2b6d5a7-25c3-455f-85a8-2dd830ca095e req-c2b6d5a7-25c3-455f-85a8-2dd830ca095e ] Request (ServerDiagnosticsNegativeTest:setUpClass): 201 POST http://10.180.1.21/identity/v3/auth/tokens 0.075s
2025-03-26 02:49:24.624 68704 INFO tempest.lib.common.rest_client [req-3a37d0af-c2fb-44b9-bbd7-8c1fb7c52146 req-3a37d0af-c2fb-44b9-bbd7-8c1fb7c52146 ] Request (ServerDiagnosticsNegativeTest:setUpClass): 201 POST http://10.180.1.21/identity/v3/auth/tokens 0.043s
2025-03-26 02:49:24.654 68704 INFO tempest.lib.common.rest_client [req-d34c26a4-c3f7-464c-9f01-cf6c50d53534 req-d34c26a4-c3f7-464c-9f01-cf6c50d53534 ] Request (ServerDiagnosticsNegativeTest:setUpClass): 200 GET http://10.180.1.21/identity/v3/domains?name=Default 0.029s
2025-03-26 02:49:24.681 68704 INFO tempest.lib.common.rest_client [req-0918fef7-46b3-42ee-94b8-9b3bfbc13609 req-0918fef7-46b3-42ee-94b8-9b3bfbc13609 ] Request (ServerDiagnosticsNegativeTest:setUpClass): 201 POST http://10.180.1.21/identity/v3/projects 0.026s
2025-03-26 02:49:24.745 68704 INFO tempest.lib.common.rest_client [req-a7776aac-713f-4e42-aaee-720b635cb2f5 req-a7776aac-713f-4e42-aaee-720b635cb2f5 ] Request (ServerDiagnosticsNegativeTest:setUpClass): 201 POST http://10.180.1.21/identity/v3/users 0.063s
2025-03-26 02:49:24.766 68704 INFO tempest.lib.common.rest_client [req-fa10e2a3-ed76-4482-8aa3-c418f1356a2f req-fa10e2a3-ed76-4482-8aa3-c418f1356a2f ] Request (ServerDiagnosticsNegativeTest:setUpClass): 200 GET http://10.180.1.21/identity/v3/roles 0.021s
2025-03-26 02:49:24.771 68664 INFO tempest.lib.common.rest_client [req-1edb00d1-bd7b-4c5a-9f02-03b05e0405bf req-1edb00d1-bd7b-4c5a-9f02-03b05e0405bf ] Request (ListImageFiltersTestJSON:setUpClass): 200 GET http://10.180.1.21/compute/v2.1/servers/3d68ac69-3768-4b1b-9991-a636fdaec967 1.008s
2025-03-26 02:49:24.818 68704 INFO tempest.lib.common.rest_client [req-4c6a3af8-0dd0-4c3e-b99e-e62eac1a8d1a req-4c6a3af8-0dd0-4c3e-b99e-e62eac1a8d1a ] Request (ServerDiagnosticsNegativeTest:setUpClass): 204 PUT http://10.180.1.21/identity/v3/projects/bfc92ea2da004c28a98fc5b2afbe73d5/users/6afe72180b04414b8b13558a0d9581a4/roles/bdf5c2a6cebf4b948d42a8ade7d16bcb 0.051s
2025-03-26 02:49:24.818 68704 INFO tempest.lib.common.dynamic_creds [-] Dynamic test user 6afe72180b04414b8b13558a0d9581a4 is created with scope project and roles: ['member']
2025-03-26 02:49:24.818 68704 INFO tempest.lib.common.dynamic_creds [-] Acquired dynamic creds: credentials: Credentials: {'domain_id': 'default', 'domain_name': 'Default', 'username': 'tempest-ServerDiagnosticsNegativeTest-389669999-project-member', 'project_domain_id': 'default', 'project_domain_name': 'Default', 'project_id': 'bfc92ea2da004c28a98fc5b2afbe73d5', 'project_name': 'tempest-ServerDiagnosticsNegativeTest-389669999', 'tenant_id': 'bfc92ea2da004c28a98fc5b2afbe73d5', 'tenant_name': 'tempest-ServerDiagnosticsNegativeTest-389669999', 'user_domain_id': 'default', 'user_domain_name': 'Default', 'user_id': '6afe72180b04414b8b13558a0d9581a4', 'system': None}, Network: None, Subnet: None, Router: None
2025-03-26 02:49:24.819 68704 INFO tempest.lib.common.dynamic_creds [-] Created isolated network resources for: credentials: Credentials: {'domain_id': 'default', 'domain_name': 'Default', 'username': 'tempest-ServerDiagnosticsNegativeTest-389669999-project-member', 'project_domain_id': 'default', 'project_domain_name': 'Default', 'project_id': 'bfc92ea2da004c28a98fc5b2afbe73d5', 'project_name': 'tempest-ServerDiagnosticsNegativeTest-389669999', 'tenant_id': 'bfc92ea2da004c28a98fc5b2afbe73d5', 'tenant_name': 'tempest-ServerDiagnosticsNegativeTest-389669999', 'user_domain_id': 'default', 'user_domain_name': 'Default', 'user_id': '6afe72180b04414b8b13558a0d9581a4', 'system': None}, Network: None, Subnet: None, Router: None
2025-03-26 02:49:24.824 68682 INFO tempest.lib.common.rest_client [req-3713730f-a6a9-4821-9adf-d3eb08fb1089 req-3713730f-a6a9-4821-9adf-d3eb08fb1089 ] Request (MigrationsAdminTest:test_list_migrations_in_flavor_resize_situation): 200 GET http://10.180.1.21/compute/v2.1/servers/29c1d0b8-6372-467f-b6d3-df9fdae75530 1.265s
2025-03-26 02:49:24.852 68658 INFO tempest.lib.common.rest_client [req-366158bc-0b8a-4b7f-b333-559de68ceaf9 req-366158bc-0b8a-4b7f-b333-559de68ceaf9 ] Request (SecurityGroupsTestJSON:test_list_security_groups_by_server): 200 GET http://10.180.1.21/compute/v2.1/servers/ebc75733-b03c-4d20-9ee9-abec0c278957 1.076s
2025-03-26 02:49:24.916 68704 INFO tempest.lib.common.rest_client [req-58880a79-33cc-4feb-9fb5-87e1cfe13978 req-58880a79-33cc-4feb-9fb5-87e1cfe13978 ] Request (ServerDiagnosticsNegativeTest:setUpClass): 201 POST http://10.180.1.21/identity/v3/auth/tokens 0.094s
2025-03-26 02:49:25.003 68704 INFO tempest.lib.common.rest_client [req-f540c61a-038e-4ec1-a7bd-781c67236b8c req-f540c61a-038e-4ec1-a7bd-781c67236b8c ] Request (ServerDiagnosticsNegativeTest:setUpClass): 201 POST http://10.180.1.21/identity/v3/projects 0.086s
2025-03-26 02:49:25.023 68656 INFO tempest.lib.common.rest_client [req-033f6f83-2ff6-47aa-8c5f-fe2b9c8f6827 req-033f6f83-2ff6-47aa-8c5f-fe2b9c8f6827 ] Request (VolumesAdminNegativeTest:test_update_attached_volume_with_nonexistent_volume_in_body): 200 GET http://10.180.1.21/compute/v2.1/servers/8f92cb9b-f8ca-430b-be49-8a3d9e5f5157 1.190s
2025-03-26 02:49:25.037 68656 INFO tempest.common.waiters [-] State transition "BUILD/networking" ==> "BUILD/spawning" after 28 second wait
2025-03-26 02:49:25.083 68704 INFO tempest.lib.common.rest_client [req-6ae93424-3d4a-4398-a154-5c2823aae60b req-6ae93424-3d4a-4398-a154-5c2823aae60b ] Request (ServerDiagnosticsNegativeTest:setUpClass): 201 POST http://10.180.1.21/identity/v3/users 0.079s
2025-03-26 02:49:25.083 68712 INFO tempest.lib.common.rest_client [req-13ac263d-6017-4a3c-9d50-7c59ba1c1110 req-13ac263d-6017-4a3c-9d50-7c59ba1c1110 ] Request (ServersTestBootFromVolume:setUpClass): 200 PUT http://10.180.1.21:9696/networking/v2.0/floatingips/35bb1507-5333-4925-aaab-fc0147ee47a6 1.040s
2025-03-26 02:49:25.090 68672 INFO tempest.lib.common.rest_client [req-b4308287-c49e-44cc-9493-cb1e48791d32 req-b4308287-c49e-44cc-9493-cb1e48791d32 ] Request (DeleteServersAdminTestJSON:test_delete_server_while_in_error_state): 200 GET http://10.180.1.21/compute/v2.1/servers/fde77cce-4916-4fff-a857-f3d5fb52bff6 1.199s
2025-03-26 02:49:25.114 68704 INFO tempest.lib.common.rest_client [req-2b2c63ce-53f4-402e-b1cd-4337a81367da req-2b2c63ce-53f4-402e-b1cd-4337a81367da ] Request (ServerDiagnosticsNegativeTest:setUpClass): 200 GET http://10.180.1.21/identity/v3/roles 0.031s
2025-03-26 02:49:25.139 68654 INFO tempest.lib.common.rest_client [req-becf9ca8-5b73-452b-8955-7cc07020dcd7 req-becf9ca8-5b73-452b-8955-7cc07020dcd7 ] Request (ImagesMetadataTestJSON:setUp): 200 PUT http://10.180.1.21/compute/v2.1/images/299d3903-7aff-424a-b159-f89dc1e185b1/metadata 1.277s
2025-03-26 02:49:25.161 68704 INFO tempest.lib.common.rest_client [req-cea9276e-409c-4479-b61d-e64b2ac47f2f req-cea9276e-409c-4479-b61d-e64b2ac47f2f ] Request (ServerDiagnosticsNegativeTest:setUpClass): 204 PUT http://10.180.1.21/identity/v3/projects/76a86faf10e5412c8639109cf50844b6/users/63765afd200246e6877f5afd75dec01e/roles/e827db31525943dfb142a52b416811c5 0.046s
2025-03-26 02:49:25.168 68700 INFO tempest.lib.common.rest_client [req-69a8dbcc-db9d-4feb-952c-53576569f088 req-69a8dbcc-db9d-4feb-952c-53576569f088 ] Request (TenantUsagesTestJSON:tearDownClass): 200 GET http://10.180.1.21/compute/v2.1/servers/4150dfac-b245-43cd-b62d-097e4c4f9464 1.240s
2025-03-26 02:49:25.224 68692 INFO tempest.lib.common.rest_client [req-896ed76d-fac5-41aa-801c-b5f74696dd56 req-896ed76d-fac5-41aa-801c-b5f74696dd56 ] Request (ServersTestJSON:setUpClass): 200 GET http://10.180.1.21/compute/v2.1/servers/5e55541f-335d-437e-8aa9-891de3b3dbdd 1.248s
2025-03-26 02:49:25.244 68676 INFO tempest.lib.common.rest_client [req-e0cbaa92-922e-48ac-8050-1be0c1092dac req-e0cbaa92-922e-48ac-8050-1be0c1092dac ] Request (ImagesNegativeTestJSON:test_create_image_from_deleted_server): 200 GET http://10.180.1.21/compute/v2.1/servers/d1def803-d014-44d9-bf40-197dc1a097b3 1.199s
2025-03-26 02:49:25.253 68704 INFO tempest.lib.common.rest_client [req-029acb66-ed7b-4427-88cb-52cf8f4143cd req-029acb66-ed7b-4427-88cb-52cf8f4143cd ] Request (ServerDiagnosticsNegativeTest:setUpClass): 200 GET http://10.180.1.21/identity/v3/roles 0.091s
2025-03-26 02:49:25.273 68670 INFO tempest.lib.common.rest_client [req-2f84d4b6-c91b-47ea-afac-c246ee1ea14a req-2f84d4b6-c91b-47ea-afac-c246ee1ea14a ] Request (ServerTagsTestJSON:setUpClass): 200 PUT http://10.180.1.21:9696/networking/v2.0/routers/86d5bcb9-13c7-4790-92c2-f06d12fbd9c6/add_router_interface 1.287s
2025-03-26 02:49:25.273 68670 INFO tempest.lib.common.dynamic_creds [-] Created isolated network resources for: credentials: Credentials: {'domain_id': 'default', 'domain_name': 'Default', 'username': 'tempest-ServerTagsTestJSON-1558331348-project-member', 'project_domain_id': 'default', 'project_domain_name': 'Default', 'project_id': '509a0edfc2944a74ab6458238bc6ae80', 'project_name': 'tempest-ServerTagsTestJSON-1558331348', 'tenant_id': '509a0edfc2944a74ab6458238bc6ae80', 'tenant_name': 'tempest-ServerTagsTestJSON-1558331348', 'user_domain_id': 'default', 'user_domain_name': 'Default', 'user_id': '2a39de744a814445867f4c00e4e8ee55', 'system': None}, Network: {'id': '30a0cb8a-1faf-4ab3-abf4-d528745a527e', 'name': 'tempest-ServerTagsTestJSON-1127798326-network', 'tenant_id': '509a0edfc2944a74ab6458238bc6ae80', 'admin_state_up': True, 'mtu': 8950, 'status': 'ACTIVE', 'subnets': [], 'shared': False, 'project_id': '509a0edfc2944a74ab6458238bc6ae80', 'port_security_enabled': True, 'router:external': False, 'provider:network_type': 'vlan', 'provider:physical_network': 'default', 'provider:segmentation_id': 204, 'availability_zone_hints': [], 'availability_zones': [], 'ipv4_address_scope': None, 'ipv6_address_scope': None, 'description': '', 'tags': [], 'created_at': '2025-03-26T02:49:22Z', 'updated_at': '2025-03-26T02:49:22Z', 'revision_number': 1}, Subnet: {'id': '7c7ca6af-3d3d-4c5a-bb3c-662bae288fbf', 'name': 'tempest-ServerTagsTestJSON-1127798326-subnet', 'tenant_id': '509a0edfc2944a74ab6458238bc6ae80', 'network_id': '30a0cb8a-1faf-4ab3-abf4-d528745a527e', 'ip_version': 4, 'subnetpool_id': None, 'enable_dhcp': True, 'ipv6_ra_mode': None, 'ipv6_address_mode': None, 'gateway_ip': '192.168.128.1', 'cidr': '192.168.128.0/28', 'allocation_pools': [{'start': '192.168.128.2', 'end': '192.168.128.14'}], 'host_routes': [], 'dns_nameservers': [], 'description': '', 'router:external': False, 'service_types': [], 'tags': [], 'created_at': '2025-03-26T02:49:22Z', 'updated_at': '2025-03-26T02:49:22Z', 'revision_number': 0, 'project_id': '509a0edfc2944a74ab6458238bc6ae80'}, Router: {'id': '86d5bcb9-13c7-4790-92c2-f06d12fbd9c6', 'name': 'tempest-ServerTagsTestJSON-1127798326-router', 'tenant_id': '509a0edfc2944a74ab6458238bc6ae80', 'admin_state_up': True, 'status': 'ACTIVE', 'external_gateway_info': {'network_id': '030409a1-02e0-4ac8-8168-7154d2cac928', 'external_fixed_ips': [{'subnet_id': '2d7e9623-9bb3-428b-a00f-25c68a125800', 'ip_address': '10.180.180.160'}], 'enable_snat': True}, 'description': '', 'availability_zones': [], 'distributed': False, 'ha': False, 'availability_zone_hints': [], 'routes': [], 'flavor_id': None, 'tags': [], 'created_at': '2025-03-26T02:49:22Z', 'updated_at': '2025-03-26T02:49:23Z', 'revision_number': 2, 'project_id': '509a0edfc2944a74ab6458238bc6ae80'}
2025-03-26 02:49:25.279 68704 INFO tempest.lib.common.rest_client [req-cc01e781-a013-401f-92d2-39f63fb4f370 req-cc01e781-a013-401f-92d2-39f63fb4f370 ] Request (ServerDiagnosticsNegativeTest:setUpClass): 204 PUT http://10.180.1.21/identity/v3/projects/76a86faf10e5412c8639109cf50844b6/users/63765afd200246e6877f5afd75dec01e/roles/e827db31525943dfb142a52b416811c5 0.026s
2025-03-26 02:49:25.280 68704 INFO tempest.lib.common.dynamic_creds [-] Dynamic test user 63765afd200246e6877f5afd75dec01e is created with scope project and roles: ['admin']
2025-03-26 02:49:25.280 68704 INFO tempest.lib.common.dynamic_creds [-] Acquired dynamic creds: credentials: Credentials: {'domain_id': 'default', 'domain_name': 'Default', 'username': 'tempest-ServerDiagnosticsNegativeTest-512281997-project-admin', 'project_domain_id': 'default', 'project_domain_name': 'Default', 'project_id': '76a86faf10e5412c8639109cf50844b6', 'project_name': 'tempest-ServerDiagnosticsNegativeTest-512281997', 'tenant_id': '76a86faf10e5412c8639109cf50844b6', 'tenant_name': 'tempest-ServerDiagnosticsNegativeTest-512281997', 'user_domain_id': 'default', 'user_domain_name': 'Default', 'user_id': '63765afd200246e6877f5afd75dec01e', 'system': None}, Network: None, Subnet: None, Router: None
2025-03-26 02:49:25.281 68704 INFO tempest.lib.common.dynamic_creds [-] Created isolated network resources for: credentials: Credentials: {'domain_id': 'default', 'domain_name': 'Default', 'username': 'tempest-ServerDiagnosticsNegativeTest-512281997-project-admin', 'project_domain_id': 'default', 'project_domain_name': 'Default', 'project_id': '76a86faf10e5412c8639109cf50844b6', 'project_name': 'tempest-ServerDiagnosticsNegativeTest-512281997', 'tenant_id': '76a86faf10e5412c8639109cf50844b6', 'tenant_name': 'tempest-ServerDiagnosticsNegativeTest-512281997', 'user_domain_id': 'default', 'user_domain_name': 'Default', 'user_id': '63765afd200246e6877f5afd75dec01e', 'system': None}, Network: None, Subnet: None, Router: None
2025-03-26 02:49:25.285 68706 INFO tempest.lib.common.rest_client [req-11d49468-d558-4b88-b805-d1cd81750aa6 req-11d49468-d558-4b88-b805-d1cd81750aa6 ] Request (ImagesOneServerTestJSON:test_create_delete_image): 200 GET http://10.180.1.21/compute/v2.1/images/7ae758e5-8c29-4280-8f2d-8eeeee9515d1 1.081s
2025-03-26 02:49:25.300 68708 INFO tempest.lib.common.rest_client [req-e939bdab-7cb1-426e-9290-c9cf34c97b97 req-e939bdab-7cb1-426e-9290-c9cf34c97b97 ] Request (ServerActionsV293TestJSON:setUpClass): 200 GET http://10.180.1.21/compute/v2.1/servers/b554c544-8bd0-453c-9074-47e721570c7b 1.168s
2025-03-26 02:49:25.358 68652 INFO tempest.lib.common.rest_client [req-15a5557c-076b-42e1-9ef8-bac6c796a2b6 req-15a5557c-076b-42e1-9ef8-bac6c796a2b6 ] Request (MultipleCreateTestJSON:_run_cleanups): 200 GET http://10.180.1.21/compute/v2.1/servers/f324a81d-cef9-4a1b-9c38-6be5e4de0fce 1.132s
2025-03-26 02:49:25.375 68670 INFO tempest.lib.common.rest_client [req-0afef9ce-fc69-4f93-9ccf-3a3535f109f0 req-0afef9ce-fc69-4f93-9ccf-3a3535f109f0 ] Request (ServerTagsTestJSON:setUpClass): 201 POST http://10.180.1.21/identity/v3/auth/tokens 0.096s
2025-03-26 02:49:25.377 68704 INFO tempest.lib.common.rest_client [req-a3c3950e-bc85-480a-a589-805a70da369c req-a3c3950e-bc85-480a-a589-805a70da369c ] Request (ServerDiagnosticsNegativeTest:setUpClass): 201 POST http://10.180.1.21/identity/v3/auth/tokens 0.093s
2025-03-26 02:49:25.377 68662 INFO tempest.lib.common.rest_client [req-f9d2c8d4-2772-4a81-8250-f7cefa6b2e27 req-f9d2c8d4-2772-4a81-8250-f7cefa6b2e27 ] Request (FlavorsExtraSpecsTestJSON:test_flavor_non_admin_get_specific_key): 200 GET http://10.180.1.21/compute/v2.1/flavors/2020447954/os-extra_specs/hw:numa_nodes 1.049s
2025-03-26 02:49:25.400 68694 INFO tempest.lib.common.rest_client [req-729f5af7-2861-4a2e-83e3-5223a4926e5c req-729f5af7-2861-4a2e-83e3-5223a4926e5c ] Request (ServerShowV254Test:test_rebuild_server): 200 GET http://10.180.1.21/compute/v2.1/servers/e93d6f19-f14d-4b4b-8861-de18309a6637 1.100s
2025-03-26 02:49:25.428 68670 INFO tempest.lib.common.rest_client [req-c5d25dcc-19ea-4396-a94a-97423e64810f req-c5d25dcc-19ea-4396-a94a-97423e64810f ] Request (ServerTagsTestJSON:setUpClass): 201 POST http://10.180.1.21/identity/v3/auth/tokens 0.048s
2025-03-26 02:49:25.429 68670 INFO tempest.lib.common.fixed_network [-] (ServerTagsTestJSON:setUpClass) Found network {'id': '30a0cb8a-1faf-4ab3-abf4-d528745a527e', 'name': 'tempest-ServerTagsTestJSON-1127798326-network', 'tenant_id': '509a0edfc2944a74ab6458238bc6ae80', 'admin_state_up': True, 'mtu': 8950, 'status': 'ACTIVE', 'subnets': [], 'shared': False, 'project_id': '509a0edfc2944a74ab6458238bc6ae80', 'port_security_enabled': True, 'router:external': False, 'provider:network_type': 'vlan', 'provider:physical_network': 'default', 'provider:segmentation_id': 204, 'availability_zone_hints': [], 'availability_zones': [], 'ipv4_address_scope': None, 'ipv6_address_scope': None, 'description': '', 'tags': [], 'created_at': '2025-03-26T02:49:22Z', 'updated_at': '2025-03-26T02:49:22Z', 'revision_number': 1} available for tenant
2025-03-26 02:49:25.498 68704 INFO tempest.lib.common.rest_client [req-b56f5ebd-dbca-4b5f-b4ee-52b260b156c8 req-b56f5ebd-dbca-4b5f-b4ee-52b260b156c8 ] Request (ServerDiagnosticsNegativeTest:test_get_server_diagnostics_by_non_admin): 201 POST http://10.180.1.21/identity/v3/auth/tokens 0.115s
2025-03-26 02:49:25.499 68704 INFO tempest.lib.common.fixed_network [-] (ServerDiagnosticsNegativeTest:test_get_server_diagnostics_by_non_admin) Found network None available for tenant
2025-03-26 02:49:25.519 68680 INFO tempest.lib.common.rest_client [req-ac5df06e-6175-4144-a29d-a0bd8a00a5d4 req-ac5df06e-6175-4144-a29d-a0bd8a00a5d4 ] Request (ServerDiagnosticsTest:tearDownClass): 200 GET http://10.180.1.21/compute/v2.1/servers/5507a6d1-2b76-4e0b-bffe-0b65d7a6396a 1.036s
2025-03-26 02:49:25.571 68684 INFO tempest.lib.common.rest_client [req-665940aa-216d-4f30-90ef-c0cfdca097b2 req-665940aa-216d-4f30-90ef-c0cfdca097b2 ] Request (ServersTestManualDisk:setUpClass): 200 GET http://10.180.1.21/compute/v2.1/servers/9872608e-7ceb-459c-9c30-c1d06289d1c5 1.204s
2025-03-26 02:49:25.621 68686 INFO tempest.lib.common.rest_client [req-9bdaf3da-c4d5-46df-ab8d-f64c407b4d20 req-9bdaf3da-c4d5-46df-ab8d-f64c407b4d20 ] Request (ImagesTestJSON:test_create_image_from_stopped_server): 200 GET http://10.180.1.21/compute/v2.1/servers/68e45b06-5fba-44d3-bdb0-53a974198b56 1.052s
2025-03-26 02:49:25.683 68668 INFO tempest.lib.common.rest_client [req-eae2d789-9bfe-47d6-8904-38b6099aaa0e req-eae2d789-9bfe-47d6-8904-38b6099aaa0e ] Request (ServerActionsTestJSON:setUpClass): 200 GET http://10.180.1.21/compute/v2.1/servers/de3afbb1-8a9e-4c6e-84b1-2888ce859207 0.912s
2025-03-26 02:49:25.748 68666 INFO tempest.lib.common.rest_client [req-8383522d-3137-4ca2-a101-b5a4ed65f1bf req-8383522d-3137-4ca2-a101-b5a4ed65f1bf ] Request (AttachInterfacesUnderV243Test:test_add_remove_fixed_ip): 200 GET http://10.180.1.21/compute/v2.1/servers/ba229ffb-c982-4f4e-b721-fe1458731eb1 0.918s
2025-03-26 02:49:25.803 68702 INFO tempest.lib.common.rest_client [req-bdbcb7f2-48ca-4095-af0f-a3ce1115b376 req-bdbcb7f2-48ca-4095-af0f-a3ce1115b376 ] Request (ServersAdminTestJSON:test_create_server_with_scheduling_hint): 200 GET http://10.180.1.21/compute/v2.1/servers/e23fa2d0-08ef-4aa1-8490-568ab85323eb 1.090s
2025-03-26 02:49:25.816 68690 INFO tempest.lib.common.rest_client [req-77caa42e-86db-428e-bf0f-0f0166f988f1 req-77caa42e-86db-428e-bf0f-0f0166f988f1 ] Request (AttachInterfacesTestJSON:test_create_list_show_delete_interfaces_by_fixed_ip): 200 GET http://10.180.1.21/compute/v2.1/servers/792f0671-3387-483c-8ae5-e14bc375ce5e 0.982s
2025-03-26 02:49:25.881 68678 INFO tempest.lib.common.rest_client [req-b7620c72-2540-4e03-a1d2-c9623653c33f req-b7620c72-2540-4e03-a1d2-c9623653c33f ] Request (ServersAdmin275Test:tearDownClass): 200 GET http://10.180.1.21/compute/v2.1/servers/34083c96-e967-4541-8f89-b5ac1ef4d1a3 0.949s
2025-03-26 02:49:25.886 68696 INFO tempest.lib.common.rest_client [req-05854efd-2889-4e35-be32-3a04a956a47d req-05854efd-2889-4e35-be32-3a04a956a47d ] Request (ServersTestMultiNic:_run_cleanups): 200 GET http://10.180.1.21/compute/v2.1/servers/83b48c21-ef72-47bb-87aa-6c49a84eaaff 0.935s
2025-03-26 02:49:26.021 68712 INFO tempest.lib.common.rest_client [req-3b976151-3b9b-4e21-9041-c05cf7afb03b req-3b976151-3b9b-4e21-9041-c05cf7afb03b ] Request (ServersTestBootFromVolume:setUpClass): 200 GET http://10.180.1.21/compute/v2.1/servers/f40e55be-82c4-44ce-8788-c6c6ec7fb283 0.938s
2025-03-26 02:49:26.034 68712 INFO tempest.lib.common.ssh [-] Creating ssh connection to '10.180.180.155:22' as 'cirros' with public key authentication
2025-03-26 02:49:26.141 68654 INFO tempest.lib.common.rest_client [req-081e0363-f5b5-4edc-aa22-a11f63f71a95 req-081e0363-f5b5-4edc-aa22-a11f63f71a95 ] Request (ImagesMetadataTestJSON:test_set_image_metadata_item): 200 PUT http://10.180.1.21/compute/v2.1/images/299d3903-7aff-424a-b159-f89dc1e185b1/metadata/os_version 1.001s
2025-03-26 02:49:26.154 68674 INFO tempest.lib.common.rest_client [req-4f01caf4-9cf0-4621-b0ad-140c7d35d957 req-4f01caf4-9cf0-4621-b0ad-140c7d35d957 ] Request (ServersAdminNegativeTestJSON:test_migrate_server_invalid_state): 200 GET http://10.180.1.21/compute/v2.1/servers/d42651db-8ba1-4cda-9798-ada9ce29dadb 0.832s
2025-03-26 02:49:26.164 68674 INFO tempest.common.waiters [-] State transition "ACTIVE/suspending" ==> "SUSPENDED/None" after 2 second wait
2025-03-26 02:49:26.183 68662 INFO tempest.lib.common.rest_client [req-5c4bf1ee-3bd2-44ad-81e7-62522c11fd2e req-5c4bf1ee-3bd2-44ad-81e7-62522c11fd2e ] Request (FlavorsExtraSpecsTestJSON:test_flavor_set_get_update_show_unset_keys): 200 POST http://10.180.1.21/compute/v2.1/flavors/2020447954/os-extra_specs 0.803s
2025-03-26 02:49:26.228 68698 WARNING tempest.lib.common.ssh [-] Failed to establish authenticated ssh connection to cirros@10.180.180.169 ([Errno None] Unable to connect to port 22 on 10.180.180.169). Number attempts: 3. Retry after 4 seconds.: paramiko.ssh_exception.NoValidConnectionsError: [Errno None] Unable to connect to port 22 on 10.180.180.169
2025-03-26 02:49:26.228 68714 WARNING tempest.lib.common.ssh [-] Failed to establish authenticated ssh connection to cirros@10.180.180.215 ([Errno None] Unable to connect to port 22 on 10.180.180.215). Number attempts: 3. Retry after 4 seconds.: paramiko.ssh_exception.NoValidConnectionsError: [Errno None] Unable to connect to port 22 on 10.180.180.215
2025-03-26 02:49:26.250 68660 INFO tempest.lib.common.rest_client [req-9343fa1a-8618-4cff-b92e-2f68bbc325d3 req-9343fa1a-8618-4cff-b92e-2f68bbc325d3 ] Request (ServerExternalEventsTest:tearDownClass): 200 GET http://10.180.1.21/compute/v2.1/servers/79e1e663-ed02-48ea-8e09-1b6fc3fbb2dd 0.811s
2025-03-26 02:49:26.589 68704 INFO tempest.lib.common.rest_client [req-4be1b524-9e87-494e-b6c9-20af19a173a4 req-4be1b524-9e87-494e-b6c9-20af19a173a4 ] Request (ServerDiagnosticsNegativeTest:test_get_server_diagnostics_by_non_admin): 202 POST http://10.180.1.21/compute/v2.1/servers 1.089s
2025-03-26 02:49:26.655 68688 INFO tempest.lib.common.rest_client [req-8661554a-3220-4819-946b-6e82a74faf44 req-8661554a-3220-4819-946b-6e82a74faf44 ] Request (ServersV294TestFqdnHostnames:setUpClass): 200 GET http://10.180.1.21/compute/v2.1/servers/6634d418-dc13-471c-8e70-aac396eb712c 1.134s
2025-03-26 02:49:26.680 68670 INFO tempest.lib.common.rest_client [req-01c0b27b-821e-48a0-811e-078177cfe88b req-01c0b27b-821e-48a0-811e-078177cfe88b ] Request (ServerTagsTestJSON:setUpClass): 202 POST http://10.180.1.21/compute/v2.1/servers 1.250s
2025-03-26 02:49:26.712 68664 INFO tempest.lib.common.rest_client [req-9c4330c5-5916-4230-b971-64b858c721ea req-9c4330c5-5916-4230-b971-64b858c721ea ] Request (ListImageFiltersTestJSON:setUpClass): 200 GET http://10.180.1.21/compute/v2.1/servers/3d68ac69-3768-4b1b-9991-a636fdaec967 0.932s
2025-03-26 02:49:26.821 68682 INFO tempest.lib.common.rest_client [req-1a27a937-9282-446a-b89a-26de3041f036 req-1a27a937-9282-446a-b89a-26de3041f036 ] Request (MigrationsAdminTest:test_list_migrations_in_flavor_resize_situation): 200 GET http://10.180.1.21/compute/v2.1/servers/29c1d0b8-6372-467f-b6d3-df9fdae75530 0.983s
2025-03-26 02:49:26.838 68658 INFO tempest.lib.common.rest_client [req-76105b6d-a426-48c8-a729-5a8a853d20d4 req-76105b6d-a426-48c8-a729-5a8a853d20d4 ] Request (SecurityGroupsTestJSON:test_list_security_groups_by_server): 200 GET http://10.180.1.21/compute/v2.1/servers/ebc75733-b03c-4d20-9ee9-abec0c278957 0.974s
2025-03-26 02:49:26.850 68658 INFO tempest.common.waiters [-] State transition "BUILD/None" ==> "BUILD/spawning" after 29 second wait
2025-03-26 02:49:26.895 68672 INFO tempest.lib.common.rest_client [req-6fae7ba8-1b8f-4425-8a3b-1c603368b936 req-6fae7ba8-1b8f-4425-8a3b-1c603368b936 ] Request (DeleteServersAdminTestJSON:test_delete_server_while_in_error_state): 200 GET http://10.180.1.21/compute/v2.1/servers/fde77cce-4916-4fff-a857-f3d5fb52bff6 0.796s
2025-03-26 02:49:26.930 68654 INFO tempest.lib.common.rest_client [req-eaa89f2e-0ba8-4b57-91dd-ef8d0a5bd7f7 req-eaa89f2e-0ba8-4b57-91dd-ef8d0a5bd7f7 ] Request (ImagesMetadataTestJSON:test_set_image_metadata_item): 200 GET http://10.180.1.21/compute/v2.1/images/299d3903-7aff-424a-b159-f89dc1e185b1/metadata 0.787s
2025-03-26 02:49:26.939 68656 INFO tempest.lib.common.rest_client [req-a057e74a-850a-4f72-88e9-4b33d1bd98a1 req-a057e74a-850a-4f72-88e9-4b33d1bd98a1 ] Request (VolumesAdminNegativeTest:test_update_attached_volume_with_nonexistent_volume_in_body): 200 GET http://10.180.1.21/compute/v2.1/servers/8f92cb9b-f8ca-430b-be49-8a3d9e5f5157 0.901s
2025-03-26 02:49:26.993 68700 INFO tempest.lib.common.rest_client [req-f342f7ae-83ac-46e3-bd6a-65458ea1dd57 req-f342f7ae-83ac-46e3-bd6a-65458ea1dd57 ] Request (TenantUsagesTestJSON:tearDownClass): 200 GET http://10.180.1.21/compute/v2.1/servers/4150dfac-b245-43cd-b62d-097e4c4f9464 0.813s
2025-03-26 02:49:27.007 68662 INFO tempest.lib.common.rest_client [req-29968dfa-36b4-4254-b81d-14840fda0681 req-29968dfa-36b4-4254-b81d-14840fda0681 ] Request (FlavorsExtraSpecsTestJSON:test_flavor_set_get_update_show_unset_keys): 200 GET http://10.180.1.21/compute/v2.1/flavors/2020447954/os-extra_specs 0.822s
2025-03-26 02:49:27.010 68674 INFO tempest.lib.common.rest_client [req-d11159b4-ec3b-4046-bf98-3a6612fec50a req-d11159b4-ec3b-4046-bf98-3a6612fec50a ] Request (ServersAdminNegativeTestJSON:test_migrate_server_invalid_state): 409 POST http://10.180.1.21/compute/v2.1/servers/d42651db-8ba1-4cda-9798-ada9ce29dadb/action 0.845s
2025-03-26 02:49:27.066 68692 INFO tempest.lib.common.rest_client [req-15fbba26-531b-493f-9220-4f90061195c4 req-15fbba26-531b-493f-9220-4f90061195c4 ] Request (ServersTestJSON:setUpClass): 200 GET http://10.180.1.21/compute/v2.1/servers/5e55541f-335d-437e-8aa9-891de3b3dbdd 0.829s
2025-03-26 02:49:27.079 68676 INFO tempest.lib.common.rest_client [req-e4a72838-5059-47a6-b9c3-6f7c4e1d08c3 req-e4a72838-5059-47a6-b9c3-6f7c4e1d08c3 ] Request (ImagesNegativeTestJSON:test_create_image_from_deleted_server): 200 GET http://10.180.1.21/compute/v2.1/servers/d1def803-d014-44d9-bf40-197dc1a097b3 0.824s
2025-03-26 02:49:27.097 68706 INFO tempest.lib.common.rest_client [req-911dd423-e431-4090-ba3d-6d6fc162116a req-911dd423-e431-4090-ba3d-6d6fc162116a ] Request (ImagesOneServerTestJSON:test_create_delete_image): 200 GET http://10.180.1.21/compute/v2.1/images/7ae758e5-8c29-4280-8f2d-8eeeee9515d1 0.806s
2025-03-26 02:49:27.141 68708 INFO tempest.lib.common.rest_client [req-58940e12-c081-4ec0-994e-ddf86cbcc122 req-58940e12-c081-4ec0-994e-ddf86cbcc122 ] Request (ServerActionsV293TestJSON:setUpClass): 200 GET http://10.180.1.21/compute/v2.1/servers/b554c544-8bd0-453c-9074-47e721570c7b 0.825s
2025-03-26 02:49:27.163 68652 INFO tempest.lib.common.rest_client [req-403b6c99-3fad-4447-840f-23846570103c req-403b6c99-3fad-4447-840f-23846570103c ] Request (MultipleCreateTestJSON:_run_cleanups): 200 GET http://10.180.1.21/compute/v2.1/servers/f324a81d-cef9-4a1b-9c38-6be5e4de0fce 0.792s
2025-03-26 02:49:27.211 68694 INFO tempest.lib.common.rest_client [req-ea736d8d-e170-4f40-862c-5090f2327688 req-ea736d8d-e170-4f40-862c-5090f2327688 ] Request (ServerShowV254Test:test_rebuild_server): 200 GET http://10.180.1.21/compute/v2.1/servers/e93d6f19-f14d-4b4b-8861-de18309a6637 0.788s
2025-03-26 02:49:27.237 68680 INFO tempest.lib.common.rest_client [req-c3f46a67-b1fd-413f-84a0-f1a248dbc9ab req-c3f46a67-b1fd-413f-84a0-f1a248dbc9ab ] Request (ServerDiagnosticsTest:tearDownClass): 200 GET http://10.180.1.21/compute/v2.1/servers/5507a6d1-2b76-4e0b-bffe-0b65d7a6396a 0.702s
2025-03-26 02:49:27.294 68704 INFO tempest.lib.common.rest_client [req-91cf24e9-df22-4a60-9331-fbfe2477ca2a req-91cf24e9-df22-4a60-9331-fbfe2477ca2a ] Request (ServerDiagnosticsNegativeTest:test_get_server_diagnostics_by_non_admin): 200 GET http://10.180.1.21/compute/v2.1/servers/555bd730-2c1f-4276-ae54-dd443a3d6fa8 0.703s
2025-03-26 02:49:27.335 68684 INFO tempest.lib.common.rest_client [req-fed3506a-df67-4f3f-a52d-d4487a1536c7 req-fed3506a-df67-4f3f-a52d-d4487a1536c7 ] Request (ServersTestManualDisk:setUpClass): 200 GET http://10.180.1.21/compute/v2.1/servers/9872608e-7ceb-459c-9c30-c1d06289d1c5 0.752s
2025-03-26 02:49:27.342 68684 INFO tempest.common.waiters [-] State transition "BUILD/spawning" ==> "ACTIVE/None" after 31 second wait
2025-03-26 02:49:27.353 68686 INFO tempest.lib.common.rest_client [req-a6014050-64f5-4e2d-8e10-0afb067ba03f req-a6014050-64f5-4e2d-8e10-0afb067ba03f ] Request (ImagesTestJSON:test_create_image_from_stopped_server): 200 GET http://10.180.1.21/compute/v2.1/servers/68e45b06-5fba-44d3-bdb0-53a974198b56 0.724s
2025-03-26 02:49:27.396 68670 INFO tempest.lib.common.rest_client [req-0212a250-5052-424c-a0fd-10b92aeb3ea7 req-0212a250-5052-424c-a0fd-10b92aeb3ea7 ] Request (ServerTagsTestJSON:setUpClass): 200 GET http://10.180.1.21/compute/v2.1/servers/d0f74717-3bea-42fe-b746-8cee7a46fb26 0.715s
2025-03-26 02:49:27.411 68668 INFO tempest.lib.common.rest_client [req-b4b077cf-7253-4188-a066-9592c8578ff2 req-b4b077cf-7253-4188-a066-9592c8578ff2 ] Request (ServerActionsTestJSON:setUpClass): 200 GET http://10.180.1.21/compute/v2.1/servers/de3afbb1-8a9e-4c6e-84b1-2888ce859207 0.716s
2025-03-26 02:49:27.465 68666 INFO tempest.lib.common.rest_client [req-f060641c-b6cf-40c4-b382-a0c9b0bfd627 req-f060641c-b6cf-40c4-b382-a0c9b0bfd627 ] Request (AttachInterfacesUnderV243Test:test_add_remove_fixed_ip): 200 GET http://10.180.1.21/compute/v2.1/servers/ba229ffb-c982-4f4e-b721-fe1458731eb1 0.706s
2025-03-26 02:49:27.528 68690 INFO tempest.lib.common.rest_client [req-9f19d333-ec9b-4759-859b-48eefeeecaca req-9f19d333-ec9b-4759-859b-48eefeeecaca ] Request (AttachInterfacesTestJSON:test_create_list_show_delete_interfaces_by_fixed_ip): 200 GET http://10.180.1.21/compute/v2.1/servers/792f0671-3387-483c-8ae5-e14bc375ce5e 0.704s
2025-03-26 02:49:27.572 68702 INFO tempest.lib.common.rest_client [req-649f89e7-c82a-4477-918c-2c6ddd8ae1d2 req-649f89e7-c82a-4477-918c-2c6ddd8ae1d2 ] Request (ServersAdminTestJSON:test_create_server_with_scheduling_hint): 200 GET http://10.180.1.21/compute/v2.1/servers/e23fa2d0-08ef-4aa1-8490-568ab85323eb 0.759s
2025-03-26 02:49:27.601 68678 INFO tempest.lib.common.rest_client [req-9982523c-c475-4868-a46f-c3fbfa0ca78c req-9982523c-c475-4868-a46f-c3fbfa0ca78c ] Request (ServersAdmin275Test:tearDownClass): 200 GET http://10.180.1.21/compute/v2.1/servers/34083c96-e967-4541-8f89-b5ac1ef4d1a3 0.709s
2025-03-26 02:49:27.640 68696 INFO tempest.lib.common.rest_client [req-df8f1d8e-8089-48c9-a0a9-4b205b300fae req-df8f1d8e-8089-48c9-a0a9-4b205b300fae ] Request (ServersTestMultiNic:_run_cleanups): 200 GET http://10.180.1.21/compute/v2.1/servers/83b48c21-ef72-47bb-87aa-6c49a84eaaff 0.744s
2025-03-26 02:49:27.676 68662 INFO tempest.lib.common.rest_client [req-554fb4bf-3116-4b23-9941-ace30ff9e4f9 req-554fb4bf-3116-4b23-9941-ace30ff9e4f9 ] Request (FlavorsExtraSpecsTestJSON:test_flavor_set_get_update_show_unset_keys): 200 PUT http://10.180.1.21/compute/v2.1/flavors/2020447954/os-extra_specs/hw:numa_nodes 0.668s
2025-03-26 02:49:27.683 68674 INFO tempest.lib.common.rest_client [req-94dbef98-46d6-418e-87d4-1f7a82681a46 req-94dbef98-46d6-418e-87d4-1f7a82681a46 ] Request (ServersAdminNegativeTestJSON:test_reset_state_server_invalid_state): 400 POST http://10.180.1.21/compute/v2.1/servers/e8552382-300a-4a58-84e3-663fa07e2d2a/action 0.672s
