2025-03-26 02:49:03.506 68666 INFO tempest.lib.common.rest_client [req-9a027384-ee34-4390-addc-255d5e6e3333 req-9a027384-ee34-4390-addc-255d5e6e3333 ] Request (AttachInterfacesUnderV243Test:setUpClass): 201 POST http://10.180.1.21/identity/v3/auth/tokens 0.084s
2025-03-26 02:49:03.658 68670 INFO tempest.lib.common.rest_client [req-b105af56-370c-4134-b36b-7da68d04cf2f req-b105af56-370c-4134-b36b-7da68d04cf2f ] Request (SecurityGroupRulesNegativeTestJSON:test_create_security_group_rule_with_invalid_to_port): 200 POST http://10.180.1.21/compute/v2.1/os-security-groups 2.459s
2025-03-26 02:49:03.664 68704 INFO tempest.lib.common.rest_client [req-bb86eb34-08c4-4439-a906-7eea77b3960b req-bb86eb34-08c4-4439-a906-7eea77b3960b ] Request (QuotasAdminNegativeTest:test_create_server_when_cpu_quota_is_full): 200 GET http://10.180.1.21/compute/v2.1/os-quota-sets/3a4a157bb3504a2cab644049176930ed 2.327s
2025-03-26 02:49:03.772 68664 INFO tempest.lib.common.rest_client [req-785ed8a5-57ae-4240-8d2b-511c3a7b987a req-785ed8a5-57ae-4240-8d2b-511c3a7b987a ] Request (QuotasAdminTestV236:test_get_updated_quotas): 200 GET http://10.180.1.21/compute/v2.1/os-quota-sets/0518500b1bce4c7db658ae8e55d51910?user_id=54028d1d6d48416389de504cd805bf1f 2.300s
2025-03-26 02:49:03.864 68674 INFO tempest.lib.common.rest_client [req-f4d55583-5bca-404b-986f-a380df76fab9 req-f4d55583-5bca-404b-986f-a380df76fab9 ] Request (ServersAdminNegativeTestJSON:test_migrate_server_invalid_state): 200 GET http://10.180.1.21/compute/v2.1/servers/d42651db-8ba1-4cda-9798-ada9ce29dadb 2.099s
2025-03-26 02:49:03.877 68664 INFO tempest.lib.common.rest_client [req-cbae55de-dea8-4ae1-8ee0-ef9dd3eace91 req-cbae55de-dea8-4ae1-8ee0-ef9dd3eace91 ] Request (QuotasAdminTestV236:_run_cleanups): 204 DELETE http://10.180.1.21/identity/v3/users/54028d1d6d48416389de504cd805bf1f 0.103s
2025-03-26 02:49:03.954 68690 INFO tempest.lib.common.rest_client [req-1c567c1f-ced4-4275-acf8-2e36a09a0e28 req-1c567c1f-ced4-4275-acf8-2e36a09a0e28 ] Request (AttachInterfacesTestJSON:test_create_list_show_delete_interfaces_by_fixed_ip): 200 GET http://10.180.1.21/compute/v2.1/servers/792f0671-3387-483c-8ae5-e14bc375ce5e 2.104s
2025-03-26 02:49:03.969 68714 INFO tempest.lib.common.rest_client [req-b3751b27-2369-4745-a9ce-c5e00ca966a6 req-b3751b27-2369-4745-a9ce-c5e00ca966a6 ] Request (ServersWithSpecificFlavorTestJSON:test_verify_created_server_ephemeral_disk): 200 GET http://10.180.1.21/compute/v2.1/servers/604aea28-9889-430f-84f2-76fa2bce9615 2.264s
2025-03-26 02:49:04.031 68664 INFO tempest.lib.common.rest_client [req-e48ae4a7-4799-48b6-89a3-8758c8306bc6 req-e48ae4a7-4799-48b6-89a3-8758c8306bc6 ] Request (QuotasAdminTestV236:_run_cleanups): 204 DELETE http://10.180.1.21/identity/v3/projects/0518500b1bce4c7db658ae8e55d51910 0.153s
2025-03-26 02:49:04.052 68706 INFO tempest.lib.common.rest_client [req-8deb5a7c-e180-45ff-b6b8-ffda79048ac3 req-8deb5a7c-e180-45ff-b6b8-ffda79048ac3 ] Request (ImagesOneServerTestJSON:setUpClass): 200 GET http://10.180.1.21/compute/v2.1/servers/23e79298-a98f-4a67-9f98-4c7fdc908493 2.120s
2025-03-26 02:49:04.115 68666 INFO tempest.lib.common.rest_client [req-8b583d17-5515-449e-8972-2ea09817cc4c req-8b583d17-5515-449e-8972-2ea09817cc4c ] Request (AttachInterfacesUnderV243Test:setUpClass): 201 POST http://10.180.1.21:9696/networking/v2.0/networks 0.609s
2025-03-26 02:49:04.118 68686 INFO tempest.lib.common.rest_client [req-9a336a12-6ef3-4ce0-8881-85ce7f6859bd req-9a336a12-6ef3-4ce0-8881-85ce7f6859bd ] Request (QuotasAdminTestV257:test_get_updated_quotas): 200 GET http://10.180.1.21/identity/v3/domains?name=Default 0.067s
2025-03-26 02:49:04.123 68688 INFO tempest.lib.common.rest_client [req-dbeb766d-0ac0-40f9-aeef-c83201ab6888 req-dbeb766d-0ac0-40f9-aeef-c83201ab6888 ] Request (ServersV294TestFqdnHostnames:setUpClass): 200 GET http://10.180.1.21/compute/v2.1/servers/6634d418-dc13-471c-8e70-aac396eb712c 2.190s
2025-03-26 02:49:04.161 68686 INFO tempest.lib.common.rest_client [req-33eaa24c-4c2a-4078-b151-22b8445c850a req-33eaa24c-4c2a-4078-b151-22b8445c850a ] Request (QuotasAdminTestV257:test_get_updated_quotas): 201 POST http://10.180.1.21/identity/v3/projects 0.038s
2025-03-26 02:49:04.194 68656 INFO tempest.lib.common.rest_client [req-61d2651c-be47-4a3e-948d-3f612f872ad2 req-61d2651c-be47-4a3e-948d-3f612f872ad2 ] Request (VolumesAdminNegativeTest:test_update_attached_volume_with_nonexistent_volume_in_body): 200 GET http://10.180.1.21/compute/v2.1/servers/8f92cb9b-f8ca-430b-be49-8a3d9e5f5157 2.180s
2025-03-26 02:49:04.212 68694 INFO tempest.lib.common.rest_client [req-9e6f97e0-6528-4777-bb2c-1fb8c49eef7e req-9e6f97e0-6528-4777-bb2c-1fb8c49eef7e ] Request (SecurityGroupRulesTestJSON:test_security_group_rules_list): 200 POST http://10.180.1.21/compute/v2.1/os-security-group-rules 2.357s
2025-03-26 02:49:04.211 68664 INFO tempest.lib.common.rest_client [req-0ee3e345-bc42-4a07-bc65-b741afbe0946 req-0ee3e345-bc42-4a07-bc65-b741afbe0946 ] Request (QuotasAdminTestV236:tearDownClass): 204 DELETE http://10.180.1.21/identity/v3/users/31e73a53c7a045209ac1277535ec9bc4 0.178s
2025-03-26 02:49:04.254 68686 INFO tempest.lib.common.rest_client [req-92b6e016-dba4-490a-8fd2-6f85185974a7 req-92b6e016-dba4-490a-8fd2-6f85185974a7 ] Request (QuotasAdminTestV257:test_get_updated_quotas): 200 GET http://10.180.1.21/identity/v3/domains?name=Default 0.093s
2025-03-26 02:49:04.256 68658 INFO tempest.lib.common.rest_client [req-a82b52a1-f5a0-407b-ae0c-71300a599e4e req-a82b52a1-f5a0-407b-ae0c-71300a599e4e ] Request (SecurityGroupsTestJSON:test_list_security_groups_by_server): 200 GET http://10.180.1.21/compute/v2.1/servers/ebc75733-b03c-4d20-9ee9-abec0c278957 2.134s
2025-03-26 02:49:04.263 68662 INFO tempest.lib.common.rest_client [req-dba3c1af-8040-4a8f-b02b-6aea51aaf724 req-dba3c1af-8040-4a8f-b02b-6aea51aaf724 ] Request (AggregatesAdminNegativeTestJSON:test_aggregate_list_as_user): 403 GET http://10.180.1.21/compute/v2.1/os-aggregates 2.067s
2025-03-26 02:49:04.370 68664 INFO tempest.lib.common.rest_client [req-198ec121-d9d5-46a0-a0f7-42bd297195fd req-198ec121-d9d5-46a0-a0f7-42bd297195fd ] Request (QuotasAdminTestV236:tearDownClass): 204 DELETE http://10.180.1.21/identity/v3/users/41e38bc23d924fef91f4afdec5b39e77 0.157s
2025-03-26 02:49:04.370 68664 INFO tempest.lib.common.dynamic_creds [-] Deleting project and security group for project: 689c9d0774314585a7b83240843dd0cf
2025-03-26 02:49:04.372 68666 INFO tempest.lib.common.rest_client [req-c8369d98-7bc5-41a0-8017-5cbd52a1c93b req-c8369d98-7bc5-41a0-8017-5cbd52a1c93b ] Request (AttachInterfacesUnderV243Test:setUpClass): 201 POST http://10.180.1.21:9696/networking/v2.0/subnets 0.256s
2025-03-26 02:49:04.372 68692 INFO tempest.lib.common.rest_client [req-53fde8d9-7e1e-497a-ae11-e7143a124f90 req-53fde8d9-7e1e-497a-ae11-e7143a124f90 ] Request (ServersTestJSON:setUpClass): 200 POST http://10.180.1.21/compute/v2.1/os-keypairs 2.234s
2025-03-26 02:49:04.397 68654 INFO tempest.lib.common.rest_client [req-3cb4cbf9-0e8a-48bd-8068-7a9d682554f7 req-3cb4cbf9-0e8a-48bd-8068-7a9d682554f7 ] Request (FlavorsAccessNegativeTestJSON:_run_cleanups): 200 GET http://10.180.1.21/compute/v2.1/flavors/detail 2.086s
2025-03-26 02:49:04.438 68664 INFO tempest.lib.common.rest_client [req-6556ca0e-0d21-4100-a144-abf8b19f5ee6 req-6556ca0e-0d21-4100-a144-abf8b19f5ee6 ] Request (QuotasAdminTestV236:tearDownClass): 201 POST http://10.180.1.21/identity/v3/auth/tokens 0.067s
2025-03-26 02:49:04.521 68654 INFO tempest.lib.common.rest_client [req-bfd0ac65-f8bd-4371-be2e-c5746e79914c req-bfd0ac65-f8bd-4371-be2e-c5746e79914c ] Request (FlavorsAccessNegativeTestJSON:tearDownClass): 204 DELETE http://10.180.1.21/identity/v3/users/afeb3279bc9042ce8b6c409130253e97 0.117s
2025-03-26 02:49:04.549 68680 INFO tempest.lib.common.rest_client [req-2036d1fa-8d98-40bc-bcc6-e6e3f0b16f84 req-2036d1fa-8d98-40bc-bcc6-e6e3f0b16f84 ] Request (ServerDiagnosticsTest:tearDownClass): 204 DELETE http://10.180.1.21/compute/v2.1/servers/5507a6d1-2b76-4e0b-bffe-0b65d7a6396a 1.792s
2025-03-26 02:49:04.570 68692 INFO tempest.lib.common.rest_client [req-a076fea7-ab36-45f3-9bf6-9236c6575aa1 req-a076fea7-ab36-45f3-9bf6-9236c6575aa1 ] Request (ServersTestJSON:setUpClass): 201 POST http://10.180.1.21:9696/networking/v2.0/security-groups 0.195s
2025-03-26 02:49:04.628 68654 INFO tempest.lib.common.rest_client [req-d8c5c057-598d-4644-b1a4-c22957a12cb6 req-d8c5c057-598d-4644-b1a4-c22957a12cb6 ] Request (FlavorsAccessNegativeTestJSON:tearDownClass): 204 DELETE http://10.180.1.21/identity/v3/users/2639bde4ddf94ea19b64cc2f92563ad3 0.107s
2025-03-26 02:49:04.725 68664 INFO tempest.lib.common.rest_client [req-ada68844-b56d-479e-888f-e8b066b5d22d req-ada68844-b56d-479e-888f-e8b066b5d22d ] Request (QuotasAdminTestV236:tearDownClass): 200 GET http://10.180.1.21:9696/networking/v2.0/security-groups?tenant_id=689c9d0774314585a7b83240843dd0cf&name=default 0.287s
2025-03-26 02:49:04.730 68654 INFO tempest.lib.common.rest_client [req-4f4cdeff-948f-45b3-82a0-c934f0ee3f6b req-4f4cdeff-948f-45b3-82a0-c934f0ee3f6b ] Request (FlavorsAccessNegativeTestJSON:tearDownClass): 204 DELETE http://10.180.1.21/identity/v3/users/7745eefe37ef407d857b4c20facb5089 0.101s
2025-03-26 02:49:04.730 68654 INFO tempest.lib.common.dynamic_creds [-] Deleting project and security group for project: a8377202969940c788029b25efadc715
2025-03-26 02:49:04.738 68692 INFO tempest.lib.common.rest_client [req-2bd75b17-47cd-44eb-8e78-649794cda9eb req-2bd75b17-47cd-44eb-8e78-649794cda9eb ] Request (ServersTestJSON:setUpClass): 201 POST http://10.180.1.21:9696/networking/v2.0/security-group-rules 0.167s
2025-03-26 02:49:04.758 68668 INFO tempest.lib.common.rest_client [req-f7993dab-1982-4bdc-bc6b-92176b30e7e2 req-f7993dab-1982-4bdc-bc6b-92176b30e7e2 ] Request (ServerActionsTestJSON:setUpClass): 202 POST http://10.180.1.21/compute/v2.1/servers 2.524s
2025-03-26 02:49:04.821 68654 INFO tempest.lib.common.rest_client [req-15aaafb6-1285-4b1f-a695-18dd7ded403b req-15aaafb6-1285-4b1f-a695-18dd7ded403b ] Request (FlavorsAccessNegativeTestJSON:tearDownClass): 201 POST http://10.180.1.21/identity/v3/auth/tokens 0.090s
2025-03-26 02:49:04.842 68664 INFO tempest.lib.common.rest_client [req-6ef29302-61ec-469a-acd5-628df617da67 req-6ef29302-61ec-469a-acd5-628df617da67 ] Request (QuotasAdminTestV236:tearDownClass): 204 DELETE http://10.180.1.21:9696/networking/v2.0/security-groups/cb86b2dd-9f65-4ee9-af60-edd454217de5 0.114s
2025-03-26 02:49:04.852 68712 INFO tempest.lib.common.rest_client [req-0d938537-0e30-4211-9b96-cc8c5ea7c484 req-0d938537-0e30-4211-9b96-cc8c5ea7c484 ] Request (ServersTestBootFromVolume:setUpClass): 200 GET http://10.180.1.21/compute/v2.1/servers/f40e55be-82c4-44ce-8788-c6c6ec7fb283 1.843s
2025-03-26 02:49:04.897 68692 INFO tempest.lib.common.rest_client [req-de0ef847-adaf-444c-9820-97793ff7351e req-de0ef847-adaf-444c-9820-97793ff7351e ] Request (ServersTestJSON:setUpClass): 201 POST http://10.180.1.21:9696/networking/v2.0/security-group-rules 0.158s
2025-03-26 02:49:04.934 68664 INFO tempest.lib.common.rest_client [req-4f97c5ea-5e90-45c8-89ac-2d02e0683594 req-4f97c5ea-5e90-45c8-89ac-2d02e0683594 ] Request (QuotasAdminTestV236:tearDownClass): 204 DELETE http://10.180.1.21/identity/v3/projects/689c9d0774314585a7b83240843dd0cf 0.091s
2025-03-26 02:49:04.934 68664 INFO tempest.lib.common.dynamic_creds [-] Deleting project and security group for project: 7e32bc1c189149afb1fd596709efe929
2025-03-26 02:49:04.997 68682 INFO tempest.lib.common.rest_client [req-1413f4bb-16b2-44aa-be25-f5316a288673 req-1413f4bb-16b2-44aa-be25-f5316a288673 ] Request (MigrationsAdminTest:test_list_migrations_in_flavor_resize_situation): 202 POST http://10.180.1.21/compute/v2.1/servers/29c1d0b8-6372-467f-b6d3-df9fdae75530/action 2.059s
2025-03-26 02:49:05.081 68660 INFO tempest.lib.common.rest_client [req-f44d894b-18e5-45f5-8a94-7cf5f3464ee9 req-f44d894b-18e5-45f5-8a94-7cf5f3464ee9 ] Request (ServerExternalEventsTest:tearDownClass): 204 DELETE http://10.180.1.21/compute/v2.1/servers/79e1e663-ed02-48ea-8e09-1b6fc3fbb2dd 1.975s
2025-03-26 02:49:05.344 68676 INFO tempest.lib.common.rest_client [req-f1429209-57e5-4b3b-9b8e-659d1f9607a8 req-f1429209-57e5-4b3b-9b8e-659d1f9607a8 ] Request (ImagesNegativeTestJSON:test_create_image_from_deleted_server): 200 GET http://10.180.1.21/compute/v2.1/servers/d1def803-d014-44d9-bf40-197dc1a097b3 2.223s
2025-03-26 02:49:05.558 68664 INFO tempest.lib.common.rest_client [req-68b6ef8a-5110-4674-91e1-3e92fb9d78b6 req-68b6ef8a-5110-4674-91e1-3e92fb9d78b6 ] Request (QuotasAdminTestV236:tearDownClass): 200 GET http://10.180.1.21:9696/networking/v2.0/security-groups?tenant_id=7e32bc1c189149afb1fd596709efe929&name=default 0.624s
2025-03-26 02:49:05.754 68654 INFO tempest.lib.common.rest_client [req-7fe26492-f0a2-441f-85e7-5a7e634d6a50 req-7fe26492-f0a2-441f-85e7-5a7e634d6a50 ] Request (FlavorsAccessNegativeTestJSON:tearDownClass): 200 GET http://10.180.1.21:9696/networking/v2.0/security-groups?tenant_id=a8377202969940c788029b25efadc715&name=default 0.933s
2025-03-26 02:49:05.755 68672 INFO tempest.lib.common.rest_client [req-ed2f2aa0-9b30-4ac0-b102-7fac54e534ec req-ed2f2aa0-9b30-4ac0-b102-7fac54e534ec ] Request (DeleteServersAdminTestJSON:test_delete_server_while_in_error_state): 202 POST http://10.180.1.21/compute/v2.1/servers 2.452s
2025-03-26 02:49:05.871 68664 INFO tempest.lib.common.rest_client [req-38438531-7781-4292-93a1-50bd9f6db8eb req-38438531-7781-4292-93a1-50bd9f6db8eb ] Request (QuotasAdminTestV236:tearDownClass): 204 DELETE http://10.180.1.21:9696/networking/v2.0/security-groups/daae0653-f7c3-47a9-bd89-df22cacb5f20 0.312s
2025-03-26 02:49:05.873 68678 INFO tempest.lib.common.rest_client [req-549270aa-c285-403f-966c-712e779ee8ed req-549270aa-c285-403f-966c-712e779ee8ed ] Request (ServersAdmin275Test:_run_cleanups): 200 GET http://10.180.1.21/compute/v2.1/servers/34083c96-e967-4541-8f89-b5ac1ef4d1a3 2.565s
2025-03-26 02:49:05.886 68678 INFO tempest.common.waiters [-] State transition "REBUILD/rebuilding" ==> "REBUILD/rebuild_spawning" after 3 second wait
2025-03-26 02:49:05.973 68700 INFO tempest.lib.common.rest_client [req-b650fbe6-4c5c-4aa3-9811-46e81165c8e0 req-b650fbe6-4c5c-4aa3-9811-46e81165c8e0 ] Request (TenantUsagesTestJSON:tearDownClass): 204 DELETE http://10.180.1.21/compute/v2.1/servers/4150dfac-b245-43cd-b62d-097e4c4f9464 2.564s
2025-03-26 02:49:05.977 68654 INFO tempest.lib.common.rest_client [req-e98e00be-84d0-41bc-a81a-bc0eaab27ecf req-e98e00be-84d0-41bc-a81a-bc0eaab27ecf ] Request (FlavorsAccessNegativeTestJSON:tearDownClass): 204 DELETE http://10.180.1.21:9696/networking/v2.0/security-groups/5434be4b-d147-4fd9-b109-1dbe81fd74a9 0.222s
2025-03-26 02:49:05.984 68664 INFO tempest.lib.common.rest_client [req-87eb810f-9dbc-401c-ada8-9ca8734429c2 req-87eb810f-9dbc-401c-ada8-9ca8734429c2 ] Request (QuotasAdminTestV236:tearDownClass): 204 DELETE http://10.180.1.21/identity/v3/projects/7e32bc1c189149afb1fd596709efe929 0.113s
2025-03-26 02:49:06.013 68670 INFO tempest.lib.common.rest_client [req-ae21362c-4681-4e0e-8733-0b5a20ac12af req-ae21362c-4681-4e0e-8733-0b5a20ac12af ] Request (SecurityGroupRulesNegativeTestJSON:test_create_security_group_rule_with_invalid_to_port): 400 POST http://10.180.1.21/compute/v2.1/os-security-group-rules 2.352s
2025-03-26 02:49:06.021 68710 INFO tempest.lib.common.rest_client [req-cd5f5ead-956c-497d-9665-cad9cee8dc57 req-cd5f5ead-956c-497d-9665-cad9cee8dc57 ] Request (FloatingIPsTestJSON:test_delete_floating_ip): 200 POST http://10.180.1.21/compute/v2.1/os-floating-ips 2.987s
2025-03-26 02:49:06.071 68664 INFO tempest.lib.common.rest_client [req-032426d0-a09d-4569-8b24-bc2e463f806b req-032426d0-a09d-4569-8b24-bc2e463f806b ] Request (ListImageFiltersTestJSON:setUpClass): 201 POST http://10.180.1.21/identity/v3/auth/tokens 0.083s
2025-03-26 02:49:06.088 68666 INFO tempest.lib.common.rest_client [req-1eea8407-c2ea-426e-8eb7-b3de13f17ebc req-1eea8407-c2ea-426e-8eb7-b3de13f17ebc ] Request (AttachInterfacesUnderV243Test:setUpClass): 201 POST http://10.180.1.21:9696/networking/v2.0/routers 1.715s
2025-03-26 02:49:06.108 68654 INFO tempest.lib.common.rest_client [req-b1c4991d-a327-469f-b5ca-97dcb7e8dcab req-b1c4991d-a327-469f-b5ca-97dcb7e8dcab ] Request (FlavorsAccessNegativeTestJSON:tearDownClass): 204 DELETE http://10.180.1.21/identity/v3/projects/a8377202969940c788029b25efadc715 0.131s
2025-03-26 02:49:06.108 68654 INFO tempest.lib.common.dynamic_creds [-] Deleting project and security group for project: fea4845860ba4b538edcd5af80e8274e
2025-03-26 02:49:06.172 68664 INFO tempest.lib.common.rest_client [req-d1ac5bbb-7243-4490-a917-047ebc8d5ef7 req-d1ac5bbb-7243-4490-a917-047ebc8d5ef7 ] Request (ListImageFiltersTestJSON:setUpClass): 201 POST http://10.180.1.21/identity/v3/auth/tokens 0.099s
2025-03-26 02:49:06.208 68664 INFO tempest.lib.common.rest_client [req-e4501142-2f62-494b-be69-15828d59afb5 req-e4501142-2f62-494b-be69-15828d59afb5 ] Request (ListImageFiltersTestJSON:setUpClass): 200 GET http://10.180.1.21/identity/v3/domains?name=Default 0.035s
2025-03-26 02:49:06.222 68652 INFO tempest.lib.common.rest_client [req-b58b4a75-8c26-40f1-932e-ff834873496a req-b58b4a75-8c26-40f1-932e-ff834873496a ] Request (MultipleCreateTestJSON:test_multiple_create): 200 GET http://10.180.1.21/compute/v2.1/servers/7f13fff1-850d-4cc6-b1a7-a66816a9aff2 2.037s
2025-03-26 02:49:06.246 68664 INFO tempest.lib.common.rest_client [req-63e34940-c8e3-4e87-822e-792a432ed7db req-63e34940-c8e3-4e87-822e-792a432ed7db ] Request (ListImageFiltersTestJSON:setUpClass): 201 POST http://10.180.1.21/identity/v3/projects 0.037s
2025-03-26 02:49:06.263 68704 INFO tempest.lib.common.rest_client [req-8280d6c8-40f6-4be7-bfd1-a173a1c8ba68 req-8280d6c8-40f6-4be7-bfd1-a173a1c8ba68 ] Request (QuotasAdminNegativeTest:test_create_server_when_cpu_quota_is_full): 200 PUT http://10.180.1.21/compute/v2.1/os-quota-sets/3a4a157bb3504a2cab644049176930ed 2.596s
2025-03-26 02:49:06.276 68694 INFO tempest.lib.common.rest_client [req-a05adad3-84f1-4624-9c4a-cd6ea425b86d req-a05adad3-84f1-4624-9c4a-cd6ea425b86d ] Request (SecurityGroupRulesTestJSON:test_security_group_rules_list): 200 GET http://10.180.1.21/compute/v2.1/os-security-groups/2cce6bb9-58c4-450a-9752-143e40b84f22 2.062s
2025-03-26 02:49:06.288 68654 INFO tempest.lib.common.rest_client [req-fe3498e3-2e12-4899-8c7b-33caf42c8dc5 req-fe3498e3-2e12-4899-8c7b-33caf42c8dc5 ] Request (FlavorsAccessNegativeTestJSON:tearDownClass): 200 GET http://10.180.1.21:9696/networking/v2.0/security-groups?tenant_id=fea4845860ba4b538edcd5af80e8274e&name=default 0.179s
2025-03-26 02:49:06.298 68692 INFO tempest.lib.common.rest_client [req-37526480-2cc6-4457-89da-132427e65a5f req-37526480-2cc6-4457-89da-132427e65a5f ] Request (ServersTestJSON:setUpClass): 201 POST http://10.180.1.21:9696/networking/v2.0/floatingips 1.400s
2025-03-26 02:49:06.323 68664 INFO tempest.lib.common.rest_client [req-97525c24-5e01-4309-a932-7e17359cf802 req-97525c24-5e01-4309-a932-7e17359cf802 ] Request (ListImageFiltersTestJSON:setUpClass): 201 POST http://10.180.1.21/identity/v3/users 0.076s
2025-03-26 02:49:06.389 68704 INFO tempest.lib.common.rest_client [req-a429770a-95e4-438c-afad-a245c3e937c7 req-a429770a-95e4-438c-afad-a245c3e937c7 ] Request (QuotasAdminNegativeTest:test_create_server_when_cpu_quota_is_full): 201 POST http://10.180.1.21/identity/v3/auth/tokens 0.116s
2025-03-26 02:49:06.389 68704 INFO tempest.lib.common.fixed_network [-] (QuotasAdminNegativeTest:test_create_server_when_cpu_quota_is_full) Found network None available for tenant
2025-03-26 02:49:06.455 68664 INFO tempest.lib.common.rest_client [req-53b847d9-9867-4399-b5a1-ac4263742d58 req-53b847d9-9867-4399-b5a1-ac4263742d58 ] Request (ListImageFiltersTestJSON:setUpClass): 200 GET http://10.180.1.21/identity/v3/roles 0.131s
2025-03-26 02:49:06.455 68654 INFO tempest.lib.common.rest_client [req-974ce652-a31c-4880-b027-438ea5e64a85 req-974ce652-a31c-4880-b027-438ea5e64a85 ] Request (FlavorsAccessNegativeTestJSON:tearDownClass): 204 DELETE http://10.180.1.21:9696/networking/v2.0/security-groups/41679f87-c32a-4510-a55c-a3c8a51d4814 0.166s
2025-03-26 02:49:06.482 68692 INFO tempest.lib.common.rest_client [req-d7fde2f8-1724-49eb-9726-212061bef9ab req-d7fde2f8-1724-49eb-9726-212061bef9ab ] Request (ServersTestJSON:setUpClass): 201 POST http://10.180.1.21/identity/v3/auth/tokens 0.181s
2025-03-26 02:49:06.482 68692 INFO tempest.lib.common.fixed_network [-] (ServersTestJSON:setUpClass) Found network {'id': '0b3839ff-34a4-41b4-9d76-f55ddacbd45f', 'name': 'tempest-ServersTestJSON-1949434827-network', 'tenant_id': '6160c4fc424e44008865222c3084f634', 'admin_state_up': True, 'mtu': 8950, 'status': 'ACTIVE', 'subnets': [], 'shared': False, 'project_id': '6160c4fc424e44008865222c3084f634', 'port_security_enabled': True, 'router:external': False, 'provider:network_type': 'vlan', 'provider:physical_network': 'default', 'provider:segmentation_id': 950, 'availability_zone_hints': [], 'availability_zones': [], 'ipv4_address_scope': None, 'ipv6_address_scope': None, 'description': '', 'tags': [], 'created_at': '2025-03-26T02:48:59Z', 'updated_at': '2025-03-26T02:48:59Z', 'revision_number': 1} available for tenant
2025-03-26 02:49:06.491 68696 INFO tempest.lib.common.rest_client [req-81d51a04-2611-4a29-b11b-bba374e22a97 req-81d51a04-2611-4a29-b11b-bba374e22a97 ] Request (ServersTestMultiNic:test_verify_duplicate_network_nics): 200 GET http://10.180.1.21/compute/v2.1/servers/83b48c21-ef72-47bb-87aa-6c49a84eaaff 2.231s
2025-03-26 02:49:06.497 68664 INFO tempest.lib.common.rest_client [req-b5a5083f-4e55-4bbb-9fff-f9ba871dc59b req-b5a5083f-4e55-4bbb-9fff-f9ba871dc59b ] Request (ListImageFiltersTestJSON:setUpClass): 204 PUT http://10.180.1.21/identity/v3/projects/c037a55451984db397f9652dfc1d55b8/users/0e9885dd666b450cb2b9e1d595f0ecef/roles/bdf5c2a6cebf4b948d42a8ade7d16bcb 0.042s
2025-03-26 02:49:06.497 68664 INFO tempest.lib.common.dynamic_creds [-] Dynamic test user 0e9885dd666b450cb2b9e1d595f0ecef is created with scope project and roles: ['member']
2025-03-26 02:49:06.498 68664 INFO tempest.lib.common.dynamic_creds [-] Acquired dynamic creds: credentials: Credentials: {'domain_id': 'default', 'domain_name': 'Default', 'username': 'tempest-ListImageFiltersTestJSON-876538757-project-member', 'project_domain_id': 'default', 'project_domain_name': 'Default', 'project_id': 'c037a55451984db397f9652dfc1d55b8', 'project_name': 'tempest-ListImageFiltersTestJSON-876538757', 'tenant_id': 'c037a55451984db397f9652dfc1d55b8', 'tenant_name': 'tempest-ListImageFiltersTestJSON-876538757', 'user_domain_id': 'default', 'user_domain_name': 'Default', 'user_id': '0e9885dd666b450cb2b9e1d595f0ecef', 'system': None}, Network: None, Subnet: None, Router: None
2025-03-26 02:49:06.498 68664 INFO tempest.lib.common.dynamic_creds [-] Created isolated network resources for: credentials: Credentials: {'domain_id': 'default', 'domain_name': 'Default', 'username': 'tempest-ListImageFiltersTestJSON-876538757-project-member', 'project_domain_id': 'default', 'project_domain_name': 'Default', 'project_id': 'c037a55451984db397f9652dfc1d55b8', 'project_name': 'tempest-ListImageFiltersTestJSON-876538757', 'tenant_id': 'c037a55451984db397f9652dfc1d55b8', 'tenant_name': 'tempest-ListImageFiltersTestJSON-876538757', 'user_domain_id': 'default', 'user_domain_name': 'Default', 'user_id': '0e9885dd666b450cb2b9e1d595f0ecef', 'system': None}, Network: None, Subnet: None, Router: None
2025-03-26 02:49:06.503 68696 INFO tempest.common.waiters [-] State transition "BUILD/spawning" ==> "ACTIVE/None" after 37 second wait
2025-03-26 02:49:06.519 68662 INFO tempest.lib.common.rest_client [req-48062a56-f290-49f2-bcce-71f74f6d016e req-48062a56-f290-49f2-bcce-71f74f6d016e ] Request (AggregatesAdminNegativeTestJSON:test_aggregate_remove_host_as_user): 200 POST http://10.180.1.21/compute/v2.1/os-aggregates 2.250s
2025-03-26 02:49:06.586 68654 INFO tempest.lib.common.rest_client [req-2f9b5ea2-edff-4ec8-a77d-502687ade241 req-2f9b5ea2-edff-4ec8-a77d-502687ade241 ] Request (FlavorsAccessNegativeTestJSON:tearDownClass): 204 DELETE http://10.180.1.21/identity/v3/projects/fea4845860ba4b538edcd5af80e8274e 0.129s
2025-03-26 02:49:06.586 68654 INFO tempest.lib.common.dynamic_creds [-] Deleting project and security group for project: 62ff4d4dc0b541b0a759013a8f6ff352
2025-03-26 02:49:06.608 68684 INFO tempest.lib.common.rest_client [req-71f443f1-028d-4bd4-99c0-52f1e371414d req-71f443f1-028d-4bd4-99c0-52f1e371414d ] Request (ServersTestManualDisk:setUpClass): 200 GET http://10.180.1.21/compute/v2.1/servers/9872608e-7ceb-459c-9c30-c1d06289d1c5 2.319s
2025-03-26 02:49:06.659 68664 INFO tempest.lib.common.rest_client [req-598c76a9-9b29-4ad1-85c3-0cbca29a4484 req-598c76a9-9b29-4ad1-85c3-0cbca29a4484 ] Request (ListImageFiltersTestJSON:setUpClass): 201 POST http://10.180.1.21/identity/v3/auth/tokens 0.156s
2025-03-26 02:49:06.687 68708 INFO tempest.lib.common.rest_client [req-46b8c80c-7e3f-4541-b3d6-d1c66034fcff req-46b8c80c-7e3f-4541-b3d6-d1c66034fcff ] Request (ServerActionsV293TestJSON:setUpClass): 200 GET http://10.180.1.21/compute/v2.1/servers/b554c544-8bd0-453c-9074-47e721570c7b 2.325s
2025-03-26 02:49:06.706 68686 INFO tempest.lib.common.rest_client [req-68b1666c-265e-4001-b3d5-ec06b2d6de22 req-68b1666c-265e-4001-b3d5-ec06b2d6de22 ] Request (QuotasAdminTestV257:test_get_updated_quotas): 200 PUT http://10.180.1.21/compute/v2.1/os-quota-sets/3977e8d3839644939ce79cdd5500047b 2.451s
2025-03-26 02:49:06.786 68702 INFO tempest.lib.common.rest_client [req-40c37591-4cb7-447f-a80d-b15a545d6bb4 req-40c37591-4cb7-447f-a80d-b15a545d6bb4 ] Request (ServersAdminTestJSON:test_create_server_with_scheduling_hint): 200 GET http://10.180.1.21/compute/v2.1/servers/e23fa2d0-08ef-4aa1-8490-568ab85323eb 2.296s
2025-03-26 02:49:06.796 68702 INFO tempest.common.waiters [-] State transition "BUILD/scheduling" ==> "BUILD/None" after 9 second wait
2025-03-26 02:49:06.873 68654 INFO tempest.lib.common.rest_client [req-ca3c0140-28ea-4a5d-b764-47ba2abbee60 req-ca3c0140-28ea-4a5d-b764-47ba2abbee60 ] Request (FlavorsAccessNegativeTestJSON:tearDownClass): 200 GET http://10.180.1.21:9696/networking/v2.0/security-groups?tenant_id=62ff4d4dc0b541b0a759013a8f6ff352&name=default 0.286s
2025-03-26 02:49:06.893 68698 INFO tempest.lib.common.rest_client [req-82d95d8c-cb71-43cf-8570-5c439eb694b1 req-82d95d8c-cb71-43cf-8570-5c439eb694b1 ] Request (VolumesAssistedSnapshotsTest:test_volume_assisted_snapshot_create_delete): 200 GET http://10.180.1.21/compute/v2.1/servers/c5554b18-36da-4397-8a6c-cfedb3955077 2.431s
2025-03-26 02:49:06.900 68698 INFO tempest.common.waiters [-] State transition "BUILD/spawning" ==> "ACTIVE/None" after 21 second wait
2025-03-26 02:49:06.938 68680 INFO tempest.lib.common.rest_client [req-8f1d07db-65d5-43bf-a801-cb6c81ecd173 req-8f1d07db-65d5-43bf-a801-cb6c81ecd173 ] Request (ServerDiagnosticsTest:tearDownClass): 200 GET http://10.180.1.21/compute/v2.1/servers/5507a6d1-2b76-4e0b-bffe-0b65d7a6396a 2.388s
2025-03-26 02:49:06.968 68668 INFO tempest.lib.common.rest_client [req-062740bc-46c0-45d9-bafd-fb456edfabf4 req-062740bc-46c0-45d9-bafd-fb456edfabf4 ] Request (ServerActionsTestJSON:setUpClass): 200 GET http://10.180.1.21/compute/v2.1/servers/de3afbb1-8a9e-4c6e-84b1-2888ce859207 2.208s
2025-03-26 02:49:07.037 68690 INFO tempest.lib.common.rest_client [req-fd81a750-8669-40d1-9f56-afca6d859ed4 req-fd81a750-8669-40d1-9f56-afca6d859ed4 ] Request (AttachInterfacesTestJSON:test_create_list_show_delete_interfaces_by_fixed_ip): 200 GET http://10.180.1.21/compute/v2.1/servers/792f0671-3387-483c-8ae5-e14bc375ce5e 2.075s
2025-03-26 02:49:07.040 68674 INFO tempest.lib.common.rest_client [req-983af029-8272-4480-8509-795eb2b5b182 req-983af029-8272-4480-8509-795eb2b5b182 ] Request (ServersAdminNegativeTestJSON:test_migrate_server_invalid_state): 200 GET http://10.180.1.21/compute/v2.1/servers/d42651db-8ba1-4cda-9798-ada9ce29dadb 2.160s
2025-03-26 02:49:07.108 68664 INFO tempest.lib.common.rest_client [req-692950f2-2577-4d4a-841c-5779685f272a req-692950f2-2577-4d4a-841c-5779685f272a ] Request (ListImageFiltersTestJSON:setUpClass): 201 POST http://10.180.1.21/image/v2/images 0.447s
2025-03-26 02:49:07.209 68682 INFO tempest.lib.common.rest_client [req-246094ab-db8d-48b8-b88c-e643189f4a53 req-246094ab-db8d-48b8-b88c-e643189f4a53 ] Request (MigrationsAdminTest:test_list_migrations_in_flavor_resize_situation): 200 GET http://10.180.1.21/compute/v2.1/servers/29c1d0b8-6372-467f-b6d3-df9fdae75530 2.211s
2025-03-26 02:49:07.223 68714 INFO tempest.lib.common.rest_client [req-da500a16-8504-4cb1-baf2-79bd3351fc7f req-da500a16-8504-4cb1-baf2-79bd3351fc7f ] Request (ServersWithSpecificFlavorTestJSON:test_verify_created_server_ephemeral_disk): 200 GET http://10.180.1.21/compute/v2.1/servers/604aea28-9889-430f-84f2-76fa2bce9615 2.244s
2025-03-26 02:49:07.235 68714 INFO tempest.common.waiters [-] State transition "BUILD/spawning" ==> "ACTIVE/None" after 21 second wait
2025-03-26 02:49:07.244 68654 INFO tempest.lib.common.rest_client [req-ecc1cdb1-56b2-4892-b97b-cda1faa986ad req-ecc1cdb1-56b2-4892-b97b-cda1faa986ad ] Request (FlavorsAccessNegativeTestJSON:tearDownClass): 204 DELETE http://10.180.1.21:9696/networking/v2.0/security-groups/8664a18d-b805-4d3a-a9b9-a00d9a96b4c6 0.371s
2025-03-26 02:49:07.369 68654 INFO tempest.lib.common.rest_client [req-39676785-d955-40e9-ac01-47b42212d18d req-39676785-d955-40e9-ac01-47b42212d18d ] Request (FlavorsAccessNegativeTestJSON:tearDownClass): 204 DELETE http://10.180.1.21/identity/v3/projects/62ff4d4dc0b541b0a759013a8f6ff352 0.124s
2025-03-26 02:49:07.395 68706 INFO tempest.lib.common.rest_client [req-01d06a40-13fc-4854-bb24-08cdd3da8b23 req-01d06a40-13fc-4854-bb24-08cdd3da8b23 ] Request (ImagesOneServerTestJSON:setUpClass): 200 GET http://10.180.1.21/compute/v2.1/servers/23e79298-a98f-4a67-9f98-4c7fdc908493 2.332s
2025-03-26 02:49:07.400 68660 INFO tempest.lib.common.rest_client [req-8ff48df3-5ad2-4a45-8ce8-2f1cd1398a99 req-8ff48df3-5ad2-4a45-8ce8-2f1cd1398a99 ] Request (ServerExternalEventsTest:tearDownClass): 200 GET http://10.180.1.21/compute/v2.1/servers/79e1e663-ed02-48ea-8e09-1b6fc3fbb2dd 2.318s
2025-03-26 02:49:07.404 68706 INFO tempest.common.waiters [-] State transition "BUILD/None" ==> "BUILD/block_device_mapping" after 17 second wait
2025-03-26 02:49:07.453 68654 INFO tempest.lib.common.rest_client [req-0e8564a0-b18e-4703-9de6-8a8364c14fff req-0e8564a0-b18e-4703-9de6-8a8364c14fff ] Request (ImagesMetadataTestJSON:setUpClass): 201 POST http://10.180.1.21/identity/v3/auth/tokens 0.082s
2025-03-26 02:49:07.490 68654 INFO tempest.lib.common.rest_client [req-b39b11ba-8e33-4928-9c61-0ff6a2062bf9 req-b39b11ba-8e33-4928-9c61-0ff6a2062bf9 ] Request (ImagesMetadataTestJSON:setUpClass): 201 POST http://10.180.1.21/identity/v3/auth/tokens 0.034s
2025-03-26 02:49:07.522 68654 INFO tempest.lib.common.rest_client [req-f8b69d2c-53a3-47ae-8c7e-bf39ff73949f req-f8b69d2c-53a3-47ae-8c7e-bf39ff73949f ] Request (ImagesMetadataTestJSON:setUpClass): 200 GET http://10.180.1.21/identity/v3/domains?name=Default 0.031s
2025-03-26 02:49:07.522 68688 INFO tempest.lib.common.rest_client [req-4b0bee92-3bc2-40be-80ac-285219b5e5f9 req-4b0bee92-3bc2-40be-80ac-285219b5e5f9 ] Request (ServersV294TestFqdnHostnames:setUpClass): 200 GET http://10.180.1.21/compute/v2.1/servers/6634d418-dc13-471c-8e70-aac396eb712c 2.383s
2025-03-26 02:49:07.529 68656 INFO tempest.lib.common.rest_client [req-ab6a90d5-59cc-4835-9a34-bb8e05c9e34c req-ab6a90d5-59cc-4835-9a34-bb8e05c9e34c ] Request (VolumesAdminNegativeTest:test_update_attached_volume_with_nonexistent_volume_in_body): 200 GET http://10.180.1.21/compute/v2.1/servers/8f92cb9b-f8ca-430b-be49-8a3d9e5f5157 2.320s
2025-03-26 02:49:07.538 68656 INFO tempest.common.waiters [-] State transition "BUILD/scheduling" ==> "BUILD/None" after 10 second wait
2025-03-26 02:49:07.566 68654 INFO tempest.lib.common.rest_client [req-b5138955-7373-4070-947b-1c680d6ef209 req-b5138955-7373-4070-947b-1c680d6ef209 ] Request (ImagesMetadataTestJSON:setUpClass): 201 POST http://10.180.1.21/identity/v3/projects 0.043s
2025-03-26 02:49:07.607 68658 INFO tempest.lib.common.rest_client [req-68ea062e-216a-4add-91bf-5ab729d71a4a req-68ea062e-216a-4add-91bf-5ab729d71a4a ] Request (SecurityGroupsTestJSON:test_list_security_groups_by_server): 200 GET http://10.180.1.21/compute/v2.1/servers/ebc75733-b03c-4d20-9ee9-abec0c278957 2.340s
2025-03-26 02:49:07.617 68658 INFO tempest.common.waiters [-] State transition "BUILD/scheduling" ==> "BUILD/None" after 10 second wait
2025-03-26 02:49:07.632 68672 INFO tempest.lib.common.rest_client [req-4b040a11-92ca-40ee-8a2f-204f4e55b76a req-4b040a11-92ca-40ee-8a2f-204f4e55b76a ] Request (DeleteServersAdminTestJSON:test_delete_server_while_in_error_state): 200 GET http://10.180.1.21/compute/v2.1/servers/fde77cce-4916-4fff-a857-f3d5fb52bff6 1.876s
2025-03-26 02:49:07.648 68654 INFO tempest.lib.common.rest_client [req-7b89dbaf-2e8b-4560-92c0-0da2c95cad2a req-7b89dbaf-2e8b-4560-92c0-0da2c95cad2a ] Request (ImagesMetadataTestJSON:setUpClass): 201 POST http://10.180.1.21/identity/v3/users 0.082s
2025-03-26 02:49:07.680 68654 INFO tempest.lib.common.rest_client [req-139f7a8a-b1b1-4545-bdfc-840611e160eb req-139f7a8a-b1b1-4545-bdfc-840611e160eb ] Request (ImagesMetadataTestJSON:setUpClass): 200 GET http://10.180.1.21/identity/v3/roles 0.031s
2025-03-26 02:49:07.680 68712 INFO tempest.lib.common.rest_client [req-54e9fa5b-aab6-4647-86ed-f235961f6a63 req-54e9fa5b-aab6-4647-86ed-f235961f6a63 ] Request (ServersTestBootFromVolume:setUpClass): 200 GET http://10.180.1.21/compute/v2.1/servers/f40e55be-82c4-44ce-8788-c6c6ec7fb283 1.810s
2025-03-26 02:49:07.707 68654 INFO tempest.lib.common.rest_client [req-542bb11f-bc8f-4816-92f9-91d3e383873c req-542bb11f-bc8f-4816-92f9-91d3e383873c ] Request (ImagesMetadataTestJSON:setUpClass): 204 PUT http://10.180.1.21/identity/v3/projects/5cba5c4d988740029f4f4477f33615ac/users/c1a57fb8e18641f1a5b0fb5b087f5347/roles/bdf5c2a6cebf4b948d42a8ade7d16bcb 0.026s
2025-03-26 02:49:07.707 68654 INFO tempest.lib.common.dynamic_creds [-] Dynamic test user c1a57fb8e18641f1a5b0fb5b087f5347 is created with scope project and roles: ['member']
2025-03-26 02:49:07.707 68654 INFO tempest.lib.common.dynamic_creds [-] Acquired dynamic creds: credentials: Credentials: {'domain_id': 'default', 'domain_name': 'Default', 'username': 'tempest-ImagesMetadataTestJSON-1796440765-project-member', 'project_domain_id': 'default', 'project_domain_name': 'Default', 'project_id': '5cba5c4d988740029f4f4477f33615ac', 'project_name': 'tempest-ImagesMetadataTestJSON-1796440765', 'tenant_id': '5cba5c4d988740029f4f4477f33615ac', 'tenant_name': 'tempest-ImagesMetadataTestJSON-1796440765', 'user_domain_id': 'default', 'user_domain_name': 'Default', 'user_id': 'c1a57fb8e18641f1a5b0fb5b087f5347', 'system': None}, Network: None, Subnet: None, Router: None
2025-03-26 02:49:07.707 68654 INFO tempest.lib.common.dynamic_creds [-] Created isolated network resources for: credentials: Credentials: {'domain_id': 'default', 'domain_name': 'Default', 'username': 'tempest-ImagesMetadataTestJSON-1796440765-project-member', 'project_domain_id': 'default', 'project_domain_name': 'Default', 'project_id': '5cba5c4d988740029f4f4477f33615ac', 'project_name': 'tempest-ImagesMetadataTestJSON-1796440765', 'tenant_id': '5cba5c4d988740029f4f4477f33615ac', 'tenant_name': 'tempest-ImagesMetadataTestJSON-1796440765', 'user_domain_id': 'default', 'user_domain_name': 'Default', 'user_id': 'c1a57fb8e18641f1a5b0fb5b087f5347', 'system': None}, Network: None, Subnet: None, Router: None
2025-03-26 02:49:07.723 68670 INFO tempest.lib.common.rest_client [req-a3c4409b-8b6b-458a-a3d0-446a72ca2e96 req-a3c4409b-8b6b-458a-a3d0-446a72ca2e96 ] Request (SecurityGroupRulesNegativeTestJSON:test_create_security_group_rule_with_non_existent_id): 404 POST http://10.180.1.21/compute/v2.1/os-security-group-rules 1.709s
2025-03-26 02:49:07.777 68654 INFO tempest.lib.common.rest_client [req-9aef9a1c-6899-46bf-a955-924aa940c552 req-9aef9a1c-6899-46bf-a955-924aa940c552 ] Request (ImagesMetadataTestJSON:setUpClass): 201 POST http://10.180.1.21/identity/v3/auth/tokens 0.067s
2025-03-26 02:49:07.812 68700 INFO tempest.lib.common.rest_client [req-7ad5789c-48e7-45f7-8795-8776b5d1259c req-7ad5789c-48e7-45f7-8795-8776b5d1259c ] Request (TenantUsagesTestJSON:tearDownClass): 200 GET http://10.180.1.21/compute/v2.1/servers/4150dfac-b245-43cd-b62d-097e4c4f9464 1.838s
2025-03-26 02:49:08.001 68666 INFO tempest.lib.common.rest_client [req-5a9593cf-17bc-4d1c-9059-cca6d6696cdd req-5a9593cf-17bc-4d1c-9059-cca6d6696cdd ] Request (AttachInterfacesUnderV243Test:setUpClass): 200 PUT http://10.180.1.21:9696/networking/v2.0/routers/69e96bbd-ebb4-4d4a-b474-ea1363eca3e5/add_router_interface 1.913s
2025-03-26 02:49:08.002 68666 INFO tempest.lib.common.dynamic_creds [-] Created isolated network resources for: credentials: Credentials: {'domain_id': 'default', 'domain_name': 'Default', 'username': 'tempest-AttachInterfacesUnderV243Test-835992920-project-member', 'project_domain_id': 'default', 'project_domain_name': 'Default', 'project_id': '13ab9748722f49de9ebe69ed68615978', 'project_name': 'tempest-AttachInterfacesUnderV243Test-835992920', 'tenant_id': '13ab9748722f49de9ebe69ed68615978', 'tenant_name': 'tempest-AttachInterfacesUnderV243Test-835992920', 'user_domain_id': 'default', 'user_domain_name': 'Default', 'user_id': '7404dcb78b384082b716b6ac9ff379e3', 'system': None}, Network: {'id': '958689ce-33b6-4da6-865d-ab867d5d9540', 'name': 'tempest-AttachInterfacesUnderV243Test-1447165704-network', 'tenant_id': '13ab9748722f49de9ebe69ed68615978', 'admin_state_up': True, 'mtu': 8950, 'status': 'ACTIVE', 'subnets': [], 'shared': False, 'project_id': '13ab9748722f49de9ebe69ed68615978', 'port_security_enabled': True, 'router:external': False, 'provider:network_type': 'vlan', 'provider:physical_network': 'default', 'provider:segmentation_id': 8, 'availability_zone_hints': [], 'availability_zones': [], 'ipv4_address_scope': None, 'ipv6_address_scope': None, 'description': '', 'tags': [], 'created_at': '2025-03-26T02:49:03Z', 'updated_at': '2025-03-26T02:49:03Z', 'revision_number': 1}, Subnet: {'id': 'a2284790-9084-451e-9b46-f10bff79d41f', 'name': 'tempest-AttachInterfacesUnderV243Test-1447165704-subnet', 'tenant_id': '13ab9748722f49de9ebe69ed68615978', 'network_id': '958689ce-33b6-4da6-865d-ab867d5d9540', 'ip_version': 4, 'subnetpool_id': None, 'enable_dhcp': True, 'ipv6_ra_mode': None, 'ipv6_address_mode': None, 'gateway_ip': '192.168.128.1', 'cidr': '192.168.128.0/28', 'allocation_pools': [{'start': '192.168.128.2', 'end': '192.168.128.14'}], 'host_routes': [], 'dns_nameservers': [], 'description': '', 'router:external': False, 'service_types': [], 'tags': [], 'created_at': '2025-03-26T02:49:04Z', 'updated_at': '2025-03-26T02:49:04Z', 'revision_number': 0, 'project_id': '13ab9748722f49de9ebe69ed68615978'}, Router: {'id': '69e96bbd-ebb4-4d4a-b474-ea1363eca3e5', 'name': 'tempest-AttachInterfacesUnderV243Test-1447165704-router', 'tenant_id': '13ab9748722f49de9ebe69ed68615978', 'admin_state_up': True, 'status': 'ACTIVE', 'external_gateway_info': {'network_id': '030409a1-02e0-4ac8-8168-7154d2cac928', 'external_fixed_ips': [{'subnet_id': '2d7e9623-9bb3-428b-a00f-25c68a125800', 'ip_address': '10.180.180.185'}], 'enable_snat': True}, 'description': '', 'availability_zones': [], 'distributed': False, 'ha': False, 'availability_zone_hints': [], 'routes': [], 'flavor_id': None, 'tags': [], 'created_at': '2025-03-26T02:49:04Z', 'updated_at': '2025-03-26T02:49:04Z', 'revision_number': 2, 'project_id': '13ab9748722f49de9ebe69ed68615978'}
2025-03-26 02:49:08.095 68666 INFO tempest.lib.common.rest_client [req-762c907e-bd0b-4f85-9997-2d32b3aa32a5 req-762c907e-bd0b-4f85-9997-2d32b3aa32a5 ] Request (AttachInterfacesUnderV243Test:setUpClass): 201 POST http://10.180.1.21/identity/v3/auth/tokens 0.086s
2025-03-26 02:49:08.202 68694 INFO tempest.lib.common.rest_client [req-c467b2a7-6a92-4ab1-88c7-c943a9884dd2 req-c467b2a7-6a92-4ab1-88c7-c943a9884dd2 ] Request (SecurityGroupRulesTestJSON:_run_cleanups): 202 DELETE http://10.180.1.21/compute/v2.1/os-security-group-rules/dc945679-3df6-4943-8b3b-d99198f0020f 1.919s
2025-03-26 02:49:08.213 68654 INFO tempest.lib.common.rest_client [req-9c048edb-a7db-4e61-9548-28a2a770967b req-9c048edb-a7db-4e61-9548-28a2a770967b ] Request (ImagesMetadataTestJSON:setUpClass): 201 POST http://10.180.1.21/image/v2/images 0.435s
2025-03-26 02:49:08.365 68710 INFO tempest.lib.common.rest_client [req-9a2b1a94-6e89-462d-98ac-b359a3ad7191 req-9a2b1a94-6e89-462d-98ac-b359a3ad7191 ] Request (FloatingIPsTestJSON:test_delete_floating_ip): 202 DELETE http://10.180.1.21/compute/v2.1/os-floating-ips/835b272d-3d0e-427e-b8db-45770c2fdb29 2.339s
2025-03-26 02:49:08.400 68676 INFO tempest.lib.common.rest_client [req-2fc2f0d0-fc00-4c30-a23f-475fb7cc0724 req-2fc2f0d0-fc00-4c30-a23f-475fb7cc0724 ] Request (ImagesNegativeTestJSON:test_create_image_from_deleted_server): 200 GET http://10.180.1.21/compute/v2.1/servers/d1def803-d014-44d9-bf40-197dc1a097b3 2.035s
2025-03-26 02:49:08.786 68664 INFO tempest.lib.common.rest_client [req-7097b757-8ae8-4ce8-b16b-3bea9af8ea9a req-7097b757-8ae8-4ce8-b16b-3bea9af8ea9a ] Request (ListImageFiltersTestJSON:setUpClass): 204 PUT http://10.180.1.21/image/v2/images/92fa4d67-e49e-4048-92c0-e15d21adac0f/file 0.677s
2025-03-26 02:49:08.850 68654 INFO tempest.lib.common.rest_client [req-368fe8ca-f659-4a11-8643-09b988ebac5e req-368fe8ca-f659-4a11-8643-09b988ebac5e ] Request (ImagesMetadataTestJSON:setUpClass): 204 PUT http://10.180.1.21/image/v2/images/299d3903-7aff-424a-b159-f89dc1e185b1/file 0.637s
2025-03-26 02:49:09.068 68704 INFO tempest.lib.common.rest_client [req-2b9acd10-25ad-40ef-8ba3-04efa33e53c1 req-2b9acd10-25ad-40ef-8ba3-04efa33e53c1 ] Request (QuotasAdminNegativeTest:test_create_server_when_cpu_quota_is_full): 403 POST http://10.180.1.21/compute/v2.1/servers 2.678s
2025-03-26 02:49:09.101 68696 INFO tempest.lib.common.rest_client [req-9141f3c3-001e-49e3-a165-48ee3fc454d4 req-9141f3c3-001e-49e3-a165-48ee3fc454d4 ] Request (ServersTestMultiNic:test_verify_duplicate_network_nics): 200 GET http://10.180.1.21/compute/v2.1/servers/83b48c21-ef72-47bb-87aa-6c49a84eaaff/ips 2.597s
2025-03-26 02:49:09.251 68662 INFO tempest.lib.common.rest_client [req-0082ad7f-2bdc-424a-9f6b-67c778736f24 req-0082ad7f-2bdc-424a-9f6b-67c778736f24 ] Request (AggregatesAdminNegativeTestJSON:test_aggregate_remove_host_as_user): 200 POST http://10.180.1.21/compute/v2.1/os-aggregates/7/action 2.730s
2025-03-26 02:49:09.394 68686 INFO tempest.lib.common.rest_client [req-544fbf43-6a83-4b87-b2c7-1593c3cdce5b req-544fbf43-6a83-4b87-b2c7-1593c3cdce5b ] Request (QuotasAdminTestV257:test_get_updated_quotas): 200 GET http://10.180.1.21/compute/v2.1/os-quota-sets/3977e8d3839644939ce79cdd5500047b/detail 2.686s
2025-03-26 02:49:09.406 68692 INFO tempest.lib.common.rest_client [req-262f2065-2ba8-49ea-aa36-e0e4c08868fd req-262f2065-2ba8-49ea-aa36-e0e4c08868fd ] Request (ServersTestJSON:setUpClass): 202 POST http://10.180.1.21/compute/v2.1/servers 2.922s
2025-03-26 02:49:09.441 68686 INFO tempest.lib.common.rest_client [req-aae3cc14-9f1b-4902-84cf-8d9d4b58a7f9 req-aae3cc14-9f1b-4902-84cf-8d9d4b58a7f9 ] Request (QuotasAdminTestV257:test_get_updated_quotas): 200 GET http://10.180.1.21/identity/v3/domains?name=Default 0.043s
2025-03-26 02:49:09.505 68686 INFO tempest.lib.common.rest_client [req-fa166e52-450e-4363-85e1-9f1027f4c082 req-fa166e52-450e-4363-85e1-9f1027f4c082 ] Request (QuotasAdminTestV257:test_get_updated_quotas): 201 POST http://10.180.1.21/identity/v3/users 0.063s
2025-03-26 02:49:09.531 68678 INFO tempest.lib.common.rest_client [req-da307593-aff1-45ce-9c55-a014a591f253 req-da307593-aff1-45ce-9c55-a014a591f253 ] Request (ServersAdmin275Test:_run_cleanups): 200 GET http://10.180.1.21/compute/v2.1/servers/34083c96-e967-4541-8f89-b5ac1ef4d1a3 2.643s
2025-03-26 02:49:09.532 68686 INFO tempest.lib.common.rest_client [req-1e263cb5-421d-4ea8-b964-b57ab7a4b0d0 req-1e263cb5-421d-4ea8-b964-b57ab7a4b0d0 ] Request (QuotasAdminTestV257:test_get_updated_quotas): 200 GET http://10.180.1.21/identity/v3/domains?name=Default 0.027s
2025-03-26 02:49:09.566 68698 INFO tempest.lib.common.rest_client [req-4dde7ce2-864b-44a5-8c0a-186f5611200f req-4dde7ce2-864b-44a5-8c0a-186f5611200f ] Request (VolumesAssistedSnapshotsTest:test_volume_assisted_snapshot_create_delete): 200 GET http://10.180.1.21/compute/v2.1/servers/c5554b18-36da-4397-8a6c-cfedb3955077/os-interface 2.666s
2025-03-26 02:49:09.779 68714 INFO tempest.lib.common.rest_client [req-76881334-8813-4b1d-a771-a2c2f8363f21 req-76881334-8813-4b1d-a771-a2c2f8363f21 ] Request (ServersWithSpecificFlavorTestJSON:test_verify_created_server_ephemeral_disk): 200 GET http://10.180.1.21/compute/v2.1/servers/604aea28-9889-430f-84f2-76fa2bce9615/os-interface 2.543s
2025-03-26 02:49:09.825 68652 INFO tempest.lib.common.rest_client [req-f933429f-e76b-497c-a357-436bd65f28f0 req-f933429f-e76b-497c-a357-436bd65f28f0 ] Request (MultipleCreateTestJSON:test_multiple_create): 200 GET http://10.180.1.21/compute/v2.1/servers/7f13fff1-850d-4cc6-b1a7-a66816a9aff2 2.591s
2025-03-26 02:49:09.850 68684 INFO tempest.lib.common.rest_client [req-a7d506a9-bb21-4b70-88b8-d3fd2419e36f req-a7d506a9-bb21-4b70-88b8-d3fd2419e36f ] Request (ServersTestManualDisk:setUpClass): 200 GET http://10.180.1.21/compute/v2.1/servers/9872608e-7ceb-459c-9c30-c1d06289d1c5 2.229s
2025-03-26 02:49:09.905 68670 INFO tempest.lib.common.rest_client [req-6d216ed3-2666-455a-9207-0711ef31615a req-6d216ed3-2666-455a-9207-0711ef31615a ] Request (SecurityGroupRulesNegativeTestJSON:test_delete_security_group_rule_with_non_existent_id): 404 DELETE http://10.180.1.21/compute/v2.1/os-security-group-rules/fcd624db-2ccc-4fba-bbab-1063f1d28e85 2.178s
2025-03-26 02:49:09.919 68708 INFO tempest.lib.common.rest_client [req-c8a0585a-136d-4a79-af21-6a9ec658096e req-c8a0585a-136d-4a79-af21-6a9ec658096e ] Request (ServerActionsV293TestJSON:setUpClass): 200 GET http://10.180.1.21/compute/v2.1/servers/b554c544-8bd0-453c-9074-47e721570c7b 2.215s
2025-03-26 02:49:10.015 68702 INFO tempest.lib.common.rest_client [req-abab7bd1-d46c-442e-ba10-98e25201f538 req-abab7bd1-d46c-442e-ba10-98e25201f538 ] Request (ServersAdminTestJSON:test_create_server_with_scheduling_hint): 200 GET http://10.180.1.21/compute/v2.1/servers/e23fa2d0-08ef-4aa1-8490-568ab85323eb 2.218s
2025-03-26 02:49:10.043 68680 INFO tempest.lib.common.rest_client [req-39e960e0-c64b-474b-8004-5be301480db3 req-39e960e0-c64b-474b-8004-5be301480db3 ] Request (ServerDiagnosticsTest:tearDownClass): 200 GET http://10.180.1.21/compute/v2.1/servers/5507a6d1-2b76-4e0b-bffe-0b65d7a6396a 2.091s
2025-03-26 02:49:10.051 68680 INFO tempest.common.waiters [-] State transition "ACTIVE/deleting" ==> "DELETED/None" after 4 second wait
2025-03-26 02:49:10.089 68668 INFO tempest.lib.common.rest_client [req-2e3f6197-3490-4193-97d9-27da7aca21c2 req-2e3f6197-3490-4193-97d9-27da7aca21c2 ] Request (ServerActionsTestJSON:setUpClass): 200 GET http://10.180.1.21/compute/v2.1/servers/de3afbb1-8a9e-4c6e-84b1-2888ce859207 2.107s
2025-03-26 02:49:10.207 68690 INFO tempest.lib.common.rest_client [req-c4990caf-215b-43f4-bd1f-139f9e7cc238 req-c4990caf-215b-43f4-bd1f-139f9e7cc238 ] Request (AttachInterfacesTestJSON:test_create_list_show_delete_interfaces_by_fixed_ip): 200 GET http://10.180.1.21/compute/v2.1/servers/792f0671-3387-483c-8ae5-e14bc375ce5e 2.155s
2025-03-26 02:49:10.306 68674 INFO tempest.lib.common.rest_client [req-8e494197-3213-4eb1-9e36-53839dece8a5 req-8e494197-3213-4eb1-9e36-53839dece8a5 ] Request (ServersAdminNegativeTestJSON:test_migrate_server_invalid_state): 200 GET http://10.180.1.21/compute/v2.1/servers/d42651db-8ba1-4cda-9798-ada9ce29dadb 2.255s
2025-03-26 02:49:10.314 68674 INFO tempest.common.waiters [-] State transition "BUILD/None" ==> "BUILD/block_device_mapping" after 20 second wait
2025-03-26 02:49:10.324 68666 INFO tempest.lib.common.rest_client [req-0f07a2af-b365-49c0-b4e3-3be0dc44bc3d req-0f07a2af-b365-49c0-b4e3-3be0dc44bc3d ] Request (ValidationResourcesFixture:setUp): 200 POST http://10.180.1.21/compute/v2.1/os-keypairs 2.224s
2025-03-26 02:49:10.537 68666 INFO tempest.lib.common.rest_client [req-51bd0d1f-686f-422f-98a0-0970c3f88466 req-51bd0d1f-686f-422f-98a0-0970c3f88466 ] Request (ValidationResourcesFixture:setUp): 201 POST http://10.180.1.21:9696/networking/v2.0/security-groups 0.211s
2025-03-26 02:49:10.667 68666 INFO tempest.lib.common.rest_client [req-18179b86-b953-407b-9d75-76cb42ba7917 req-18179b86-b953-407b-9d75-76cb42ba7917 ] Request (ValidationResourcesFixture:setUp): 201 POST http://10.180.1.21:9696/networking/v2.0/security-group-rules 0.129s
2025-03-26 02:49:10.751 68666 INFO tempest.lib.common.rest_client [req-9fd10a9a-159a-4c93-b989-dafbc078dedc req-9fd10a9a-159a-4c93-b989-dafbc078dedc ] Request (ValidationResourcesFixture:setUp): 201 POST http://10.180.1.21:9696/networking/v2.0/security-group-rules 0.083s
2025-03-26 02:49:10.848 68682 INFO tempest.lib.common.rest_client [req-666ba019-87b4-4273-b786-1fc9349fac6c req-666ba019-87b4-4273-b786-1fc9349fac6c ] Request (MigrationsAdminTest:test_list_migrations_in_flavor_resize_situation): 200 GET http://10.180.1.21/compute/v2.1/servers/29c1d0b8-6372-467f-b6d3-df9fdae75530 2.626s
2025-03-26 02:49:10.915 68710 INFO tempest.lib.common.rest_client [req-2b5ca41c-6768-494c-832f-d61c177bb9c3 req-2b5ca41c-6768-494c-832f-d61c177bb9c3 ] Request (FloatingIPsTestJSON:test_delete_floating_ip): 404 GET http://10.180.1.21/compute/v2.1/os-floating-ips/835b272d-3d0e-427e-b8db-45770c2fdb29 2.549s
