2025-03-26 02:50:57.257 68698 INFO tempest.lib.common.rest_client [req-d50bbba0-1808-4be3-acae-43e66699aee3 req-d50bbba0-1808-4be3-acae-43e66699aee3 ] Request (VolumesAssistedSnapshotsTest:_run_cleanups): 202 DELETE http://10.180.1.21/compute/v2.1/servers/c5554b18-36da-4397-8a6c-cfedb3955077/os-volume_attachments/a2a20168-3bd9-44c5-8c9f-8e92dd2664f6 0.439s
2025-03-26 02:50:57.296 68672 INFO tempest.lib.common.rest_client [req-c5fed1c9-99ed-4675-a659-e4bad45d6f81 req-c5fed1c9-99ed-4675-a659-e4bad45d6f81 ] Request (FloatingIPsAssociationTestJSON:setUpClass): 200 GET http://10.180.1.21/compute/v2.1/servers/778c4d0b-847e-4ff6-bfef-bfe475e2177f 0.223s
2025-03-26 02:50:57.322 68652 INFO tempest.lib.common.rest_client [req-29387792-ba84-49d7-8caa-dbd78153d326 req-29387792-ba84-49d7-8caa-dbd78153d326 ] Request (MultipleCreateTestJSON:test_multiple_create_with_reservation_return): 200 GET http://10.180.1.21/compute/v2.1/servers/23337338-ef2a-4b2f-b3f3-427d41d11264 0.243s
2025-03-26 02:50:57.326 68698 INFO tempest.lib.common.rest_client [req-e89746ad-6923-468d-a1f1-045cd3cf47df req-e89746ad-6923-468d-a1f1-045cd3cf47df ] Request (VolumesAssistedSnapshotsTest:_run_cleanups): 200 GET http://10.180.1.21/compute/v2.1/servers/c5554b18-36da-4397-8a6c-cfedb3955077/os-volume_attachments 0.068s
2025-03-26 02:50:57.410 68654 INFO tempest.lib.common.rest_client [req-e49352d1-c5a5-498a-9519-576534f5644c req-e49352d1-c5a5-498a-9519-576534f5644c ] Request (AttachInterfacesV270Test:tearDownClass): 200 GET http://10.180.1.21/compute/v2.1/servers/6e220a2b-88c6-46d0-9158-0be90b222d80 0.143s
2025-03-26 02:50:57.422 68654 INFO tempest.common.waiters [-] State transition "ACTIVE/deleting" ==> "DELETED/None" after 4 second wait
2025-03-26 02:50:57.484 68706 INFO tempest.lib.common.rest_client [req-dd079fa0-7ee0-4854-8cc4-aa1e8870fe2f req-dd079fa0-7ee0-4854-8cc4-aa1e8870fe2f ] Request (ListServersNegativeTestJSON:setUpClass): 200 GET http://10.180.1.21/compute/v2.1/servers/28079660-f1d5-4840-9f9b-b351f13ce934 0.152s
2025-03-26 02:50:57.488 68702 INFO tempest.lib.common.rest_client [req-7335686e-8607-453a-b3cc-b2498e5a2ec9 req-7335686e-8607-453a-b3cc-b2498e5a2ec9 ] Request (ServersAdminTestJSON:_run_cleanups): 200 GET http://10.180.1.21/compute/v2.1/servers/7a3e67bb-ccd4-4239-876b-caba17a4fa71 0.223s
2025-03-26 02:50:57.578 68694 INFO tempest.lib.common.rest_client [req-569e5d49-1abf-4f9a-8d0c-7582a4f2979f req-569e5d49-1abf-4f9a-8d0c-7582a4f2979f ] Request (ServerShowV254Test:tearDownClass): 200 GET http://10.180.1.21/compute/v2.1/servers/e93d6f19-f14d-4b4b-8861-de18309a6637 0.234s
2025-03-26 02:50:57.653 68660 INFO tempest.lib.common.rest_client [req-6657b7c7-c9ce-4892-852f-3c7193e9e6c2 req-6657b7c7-c9ce-4892-852f-3c7193e9e6c2 ] Request (ImagesOneServerNegativeTestJSON:setUpClass): 200 GET http://10.180.1.21/compute/v2.1/servers/3d5317c0-2aa5-4c43-ae3b-546ca4ee7717 0.184s
2025-03-26 02:50:57.847 68696 INFO tempest.lib.common.rest_client [req-d772139a-7852-47b0-bf66-0b856b159a70 req-d772139a-7852-47b0-bf66-0b856b159a70 ] Request (ServersTestMultiNic:test_verify_multiple_nics_order): 200 GET http://10.180.1.21/compute/v2.1/servers/56afbf63-7873-40d0-ac88-8651b67b7d83 0.180s
2025-03-26 02:50:57.875 68662 INFO tempest.lib.common.rest_client [req-cd057f23-4451-4f86-b85f-7aa82bec7232 req-cd057f23-4451-4f86-b85f-7aa82bec7232 ] Request (ServerAddressesNegativeTestJSON:setUpClass): 200 GET http://10.180.1.21/compute/v2.1/servers/deafd24a-a902-435f-8502-6c636dfe9852 0.192s
2025-03-26 02:50:57.916 68714 INFO tempest.lib.common.rest_client [req-7749c6ff-72ac-4aea-8c25-b0369f0740ad req-7749c6ff-72ac-4aea-8c25-b0369f0740ad ] Request (ServersWithSpecificFlavorTestJSON:test_verify_created_server_ephemeral_disk): 200 GET http://10.180.1.21/compute/v2.1/servers/047f2248-1771-47f7-80eb-904e0c3a0e15 0.171s
2025-03-26 02:50:57.984 68670 INFO tempest.lib.common.rest_client [req-6f9bb54b-9936-44d6-a684-1940df80863c req-6f9bb54b-9936-44d6-a684-1940df80863c ] Request (ServerTagsTestJSON:tearDownClass): 200 GET http://10.180.1.21/compute/v2.1/servers/d0f74717-3bea-42fe-b746-8cee7a46fb26 0.152s
2025-03-26 02:50:58.053 68682 INFO tempest.lib.common.rest_client [req-78d190ec-71d6-4ca6-8cef-cf2ef9b796a6 req-78d190ec-71d6-4ca6-8cef-cf2ef9b796a6 ] Request (MigrationsAdminTest:test_resize_server_revert_deleted_flavor): 200 GET http://10.180.1.21/compute/v2.1/servers/7fed51c5-9e52-4109-b686-121dd0c2ee63 0.146s
2025-03-26 02:50:58.073 68658 INFO tempest.lib.common.rest_client [req-ea1141a6-789f-41b2-b2cd-9dfc6f51b4f8 req-ea1141a6-789f-41b2-b2cd-9dfc6f51b4f8 ] Request (SecurityGroupsTestJSON:test_server_security_groups): 200 GET http://10.180.1.21/compute/v2.1/servers/864b47ef-e221-4589-a445-7e7d1d66bc74 0.314s
2025-03-26 02:50:58.080 68658 INFO tempest.common.waiters [-] State transition "BUILD/networking" ==> "BUILD/spawning" after 70 second wait
2025-03-26 02:50:58.086 68674 INFO tempest.lib.common.rest_client [req-ae1142a2-c948-467b-b5cc-2a3ae77fc8fa req-ae1142a2-c948-467b-b5cc-2a3ae77fc8fa ] Request (DeleteServersTestJSON:setUpClass): 200 PUT http://10.180.1.21:9696/networking/v2.0/routers/e6b9cdc4-38b9-410d-bc78-01b121727f10/add_router_interface 1.328s
2025-03-26 02:50:58.086 68674 INFO tempest.lib.common.dynamic_creds [-] Created isolated network resources for: credentials: Credentials: {'domain_id': 'default', 'domain_name': 'Default', 'username': 'tempest-DeleteServersTestJSON-1696259291-project-member', 'project_domain_id': 'default', 'project_domain_name': 'Default', 'project_id': 'dcd06ae8456d45f499a4e3e254c0499e', 'project_name': 'tempest-DeleteServersTestJSON-1696259291', 'tenant_id': 'dcd06ae8456d45f499a4e3e254c0499e', 'tenant_name': 'tempest-DeleteServersTestJSON-1696259291', 'user_domain_id': 'default', 'user_domain_name': 'Default', 'user_id': '3e3e3a75dadc4ca48fd819433817d079', 'system': None}, Network: {'id': '9c4c89df-b267-4868-8428-5099dc01d8c4', 'name': 'tempest-DeleteServersTestJSON-1410025977-network', 'tenant_id': 'dcd06ae8456d45f499a4e3e254c0499e', 'admin_state_up': True, 'mtu': 8950, 'status': 'ACTIVE', 'subnets': [], 'shared': False, 'project_id': 'dcd06ae8456d45f499a4e3e254c0499e', 'port_security_enabled': True, 'router:external': False, 'provider:network_type': 'vlan', 'provider:physical_network': 'default', 'provider:segmentation_id': 280, 'availability_zone_hints': [], 'availability_zones': [], 'ipv4_address_scope': None, 'ipv6_address_scope': None, 'description': '', 'tags': [], 'created_at': '2025-03-26T02:50:54Z', 'updated_at': '2025-03-26T02:50:54Z', 'revision_number': 1}, Subnet: {'id': 'c8a2c319-629c-4b4c-98a3-ff58f60276bc', 'name': 'tempest-DeleteServersTestJSON-1410025977-subnet', 'tenant_id': 'dcd06ae8456d45f499a4e3e254c0499e', 'network_id': '9c4c89df-b267-4868-8428-5099dc01d8c4', 'ip_version': 4, 'subnetpool_id': None, 'enable_dhcp': True, 'ipv6_ra_mode': None, 'ipv6_address_mode': None, 'gateway_ip': '192.168.128.1', 'cidr': '192.168.128.0/28', 'allocation_pools': [{'start': '192.168.128.2', 'end': '192.168.128.14'}], 'host_routes': [], 'dns_nameservers': [], 'description': '', 'router:external': False, 'service_types': [], 'tags': [], 'created_at': '2025-03-26T02:50:55Z', 'updated_at': '2025-03-26T02:50:55Z', 'revision_number': 0, 'project_id': 'dcd06ae8456d45f499a4e3e254c0499e'}, Router: {'id': 'e6b9cdc4-38b9-410d-bc78-01b121727f10', 'name': 'tempest-DeleteServersTestJSON-1410025977-router', 'tenant_id': 'dcd06ae8456d45f499a4e3e254c0499e', 'admin_state_up': True, 'status': 'ACTIVE', 'external_gateway_info': {'network_id': '030409a1-02e0-4ac8-8168-7154d2cac928', 'external_fixed_ips': [{'subnet_id': '2d7e9623-9bb3-428b-a00f-25c68a125800', 'ip_address': '10.180.180.221'}], 'enable_snat': True}, 'description': '', 'availability_zones': [], 'distributed': False, 'ha': False, 'availability_zone_hints': [], 'routes': [], 'flavor_id': None, 'tags': [], 'created_at': '2025-03-26T02:50:55Z', 'updated_at': '2025-03-26T02:50:56Z', 'revision_number': 2, 'project_id': 'dcd06ae8456d45f499a4e3e254c0499e'}
2025-03-26 02:50:58.109 68686 INFO tempest.lib.common.rest_client [req-7b9373f5-d90e-4c1f-b626-0220fe103f27 req-7b9373f5-d90e-4c1f-b626-0220fe103f27 ] Request (ImagesTestJSON:test_create_image_from_suspended_server): 200 GET http://10.180.1.21/compute/v2.1/servers/cfa14b8e-a694-4e94-a932-c2f1587e5197 0.130s
2025-03-26 02:50:58.179 68674 INFO tempest.lib.common.rest_client [req-968cc586-9217-45d8-a576-6385120c91c1 req-968cc586-9217-45d8-a576-6385120c91c1 ] Request (DeleteServersTestJSON:setUpClass): 201 POST http://10.180.1.21/identity/v3/auth/tokens 0.089s
2025-03-26 02:50:58.217 68674 INFO tempest.lib.common.rest_client [req-75701673-a363-4648-b4db-3bfc1f8e0ee3 req-75701673-a363-4648-b4db-3bfc1f8e0ee3 ] Request (DeleteServersTestJSON:test_delete_active_server): 201 POST http://10.180.1.21/identity/v3/auth/tokens 0.031s
2025-03-26 02:50:58.218 68674 INFO tempest.lib.common.fixed_network [-] (DeleteServersTestJSON:test_delete_active_server) Found network {'id': '9c4c89df-b267-4868-8428-5099dc01d8c4', 'name': 'tempest-DeleteServersTestJSON-1410025977-network', 'tenant_id': 'dcd06ae8456d45f499a4e3e254c0499e', 'admin_state_up': True, 'mtu': 8950, 'status': 'ACTIVE', 'subnets': [], 'shared': False, 'project_id': 'dcd06ae8456d45f499a4e3e254c0499e', 'port_security_enabled': True, 'router:external': False, 'provider:network_type': 'vlan', 'provider:physical_network': 'default', 'provider:segmentation_id': 280, 'availability_zone_hints': [], 'availability_zones': [], 'ipv4_address_scope': None, 'ipv6_address_scope': None, 'description': '', 'tags': [], 'created_at': '2025-03-26T02:50:54Z', 'updated_at': '2025-03-26T02:50:54Z', 'revision_number': 1} available for tenant
2025-03-26 02:50:58.242 68700 INFO tempest.lib.common.rest_client [req-b885dcef-73dd-4a8c-9103-524a4b3d25cd req-b885dcef-73dd-4a8c-9103-524a4b3d25cd ] Request (FloatingIPsAssociationNegativeTestJSON:setUpClass): 200 GET http://10.180.1.21/compute/v2.1/servers/d9ed7892-e388-4da5-b347-0c55dca64f3c 0.112s
2025-03-26 02:50:58.263 68704 INFO tempest.lib.common.rest_client [req-95c0d222-0cd7-4797-b586-335141362311 req-95c0d222-0cd7-4797-b586-335141362311 ] Request (ServerDiagnosticsNegativeTest:tearDownClass): 200 GET http://10.180.1.21/compute/v2.1/servers/555bd730-2c1f-4276-ae54-dd443a3d6fa8 0.065s
2025-03-26 02:50:58.295 68664 INFO tempest.lib.common.rest_client [req-e8a034fc-904b-44cc-a8dc-ced3d73ca3ef req-e8a034fc-904b-44cc-a8dc-ced3d73ca3ef ] Request (ListImageFiltersTestJSON:setUpClass): 200 GET http://10.180.1.21/compute/v2.1/images/7f78b691-265b-487d-8c3e-0fb2a9bd96ef 0.054s
2025-03-26 02:50:58.333 68664 INFO tempest.lib.common.rest_client [req-b8fd45bb-7907-456e-811c-16c5cebac7e1 req-b8fd45bb-7907-456e-811c-16c5cebac7e1 ] Request (ListImageFiltersTestJSON:setUpClass): 200 GET http://10.180.1.21/compute/v2.1/images/7f78b691-265b-487d-8c3e-0fb2a9bd96ef 0.034s
2025-03-26 02:50:58.391 68672 INFO tempest.lib.common.rest_client [req-67b1d6b7-1819-445a-8168-6b073679e044 req-67b1d6b7-1819-445a-8168-6b073679e044 ] Request (FloatingIPsAssociationTestJSON:setUpClass): 200 GET http://10.180.1.21/compute/v2.1/servers/778c4d0b-847e-4ff6-bfef-bfe475e2177f 0.086s
2025-03-26 02:50:58.422 68698 INFO tempest.lib.common.rest_client [req-1880255e-009e-43b1-b5a1-52275b29901b req-1880255e-009e-43b1-b5a1-52275b29901b ] Request (VolumesAssistedSnapshotsTest:_run_cleanups): 200 GET http://10.180.1.21/compute/v2.1/servers/c5554b18-36da-4397-8a6c-cfedb3955077/os-volume_attachments 0.094s
2025-03-26 02:50:58.487 68652 INFO tempest.lib.common.rest_client [req-6c30934a-24ce-44f8-b0fb-bb5209eae170 req-6c30934a-24ce-44f8-b0fb-bb5209eae170 ] Request (MultipleCreateTestJSON:test_multiple_create_with_reservation_return): 200 GET http://10.180.1.21/compute/v2.1/servers/23337338-ef2a-4b2f-b3f3-427d41d11264 0.153s
2025-03-26 02:50:58.649 68664 INFO tempest.lib.common.rest_client [req-e58bcdd6-f3c6-4763-bbac-eb96234a70d8 req-e58bcdd6-f3c6-4763-bbac-eb96234a70d8 ] Request (ListImageFiltersTestJSON:setUpClass): 200 GET http://10.180.1.21/compute/v2.1/servers/3d68ac69-3768-4b1b-9991-a636fdaec967 0.311s
2025-03-26 02:50:58.654 68674 INFO tempest.lib.common.rest_client [req-7d094593-be37-4ba7-bf99-342a8d376ab9 req-7d094593-be37-4ba7-bf99-342a8d376ab9 ] Request (DeleteServersTestJSON:test_delete_active_server): 202 POST http://10.180.1.21/compute/v2.1/servers 0.435s
2025-03-26 02:50:58.724 68654 INFO tempest.lib.common.rest_client [req-2dff1081-f0d3-4432-a5b1-f85cde3d7526 req-2dff1081-f0d3-4432-a5b1-f85cde3d7526 ] Request (AttachInterfacesV270Test:tearDownClass): 200 GET http://10.180.1.21/compute/v2.1/servers/6e220a2b-88c6-46d0-9158-0be90b222d80 0.300s
2025-03-26 02:50:58.783 68706 INFO tempest.lib.common.rest_client [req-62bc9f45-6976-4c40-accd-04cc02d39398 req-62bc9f45-6976-4c40-accd-04cc02d39398 ] Request (ListServersNegativeTestJSON:setUpClass): 200 GET http://10.180.1.21/compute/v2.1/servers/28079660-f1d5-4840-9f9b-b351f13ce934 0.286s
2025-03-26 02:50:58.801 68702 INFO tempest.lib.common.rest_client [req-3e952efe-8c0d-4837-8bdd-e7eb6fc8a3cf req-3e952efe-8c0d-4837-8bdd-e7eb6fc8a3cf ] Request (ServersAdminTestJSON:_run_cleanups): 200 GET http://10.180.1.21/compute/v2.1/servers/7a3e67bb-ccd4-4239-876b-caba17a4fa71 0.304s
2025-03-26 02:50:58.811 68702 INFO tempest.common.waiters [-] State transition "REBUILD/rebuilding" ==> "REBUILD/rebuild_block_device_mapping" after 2 second wait
2025-03-26 02:50:58.859 68674 INFO tempest.lib.common.rest_client [req-f7cf526b-d511-4382-8978-db935d1ffaff req-f7cf526b-d511-4382-8978-db935d1ffaff ] Request (DeleteServersTestJSON:test_delete_active_server): 200 GET http://10.180.1.21/compute/v2.1/servers/8def5dd4-1403-430f-b7fb-407a540934e4 0.203s
2025-03-26 02:50:58.864 68694 INFO tempest.lib.common.rest_client [req-91725de9-17d4-4f07-90a8-7deb34d8b36f req-91725de9-17d4-4f07-90a8-7deb34d8b36f ] Request (ServerShowV254Test:tearDownClass): 200 GET http://10.180.1.21/compute/v2.1/servers/e93d6f19-f14d-4b4b-8861-de18309a6637 0.274s
2025-03-26 02:50:59.009 68696 INFO tempest.lib.common.rest_client [req-43815efb-f2b6-4de4-924b-316299485e6a req-43815efb-f2b6-4de4-924b-316299485e6a ] Request (ServersTestMultiNic:test_verify_multiple_nics_order): 200 GET http://10.180.1.21/compute/v2.1/servers/56afbf63-7873-40d0-ac88-8651b67b7d83 0.154s
2025-03-26 02:50:59.060 68660 INFO tempest.lib.common.rest_client [req-9b444c60-0347-4eb0-8b79-399a23615598 req-9b444c60-0347-4eb0-8b79-399a23615598 ] Request (ImagesOneServerNegativeTestJSON:setUpClass): 200 GET http://10.180.1.21/compute/v2.1/servers/3d5317c0-2aa5-4c43-ae3b-546ca4ee7717 0.394s
2025-03-26 02:50:59.070 68660 INFO tempest.common.waiters [-] State transition "BUILD/spawning" ==> "ACTIVE/None" after 82 second wait
2025-03-26 02:50:59.123 68714 INFO tempest.lib.common.rest_client [req-84a9fbbb-326a-4bbb-9042-9b5fc692f4d6 req-84a9fbbb-326a-4bbb-9042-9b5fc692f4d6 ] Request (ServersWithSpecificFlavorTestJSON:test_verify_created_server_ephemeral_disk): 200 GET http://10.180.1.21/compute/v2.1/servers/047f2248-1771-47f7-80eb-904e0c3a0e15 0.197s
2025-03-26 02:50:59.158 68662 INFO tempest.lib.common.rest_client [req-73bae850-6f86-41da-bcb5-0c76741b6f68 req-73bae850-6f86-41da-bcb5-0c76741b6f68 ] Request (ServerAddressesNegativeTestJSON:setUpClass): 200 GET http://10.180.1.21/compute/v2.1/servers/deafd24a-a902-435f-8502-6c636dfe9852 0.271s
2025-03-26 02:50:59.193 68670 INFO tempest.lib.common.rest_client [req-e636cce9-107e-4d96-9f3c-a2460ad19558 req-e636cce9-107e-4d96-9f3c-a2460ad19558 ] Request (ServerTagsTestJSON:tearDownClass): 200 GET http://10.180.1.21/compute/v2.1/servers/d0f74717-3bea-42fe-b746-8cee7a46fb26 0.199s
2025-03-26 02:50:59.212 68682 INFO tempest.lib.common.rest_client [req-f0362aa0-b53b-4780-bdd0-d993c0178e8b req-f0362aa0-b53b-4780-bdd0-d993c0178e8b ] Request (MigrationsAdminTest:test_resize_server_revert_deleted_flavor): 200 GET http://10.180.1.21/compute/v2.1/servers/7fed51c5-9e52-4109-b686-121dd0c2ee63 0.143s
2025-03-26 02:50:59.268 68712 WARNING tempest.lib.common.ssh [-] Failed to establish authenticated ssh connection to cirros@10.180.180.155 ([Errno None] Unable to connect to port 22 on 10.180.180.155). Number attempts: 11. Retry after 12 seconds.: paramiko.ssh_exception.NoValidConnectionsError: [Errno None] Unable to connect to port 22 on 10.180.180.155
2025-03-26 02:50:59.353 68660 INFO tempest.lib.common.rest_client [req-bbd3903f-afe6-44e0-a5ae-ed00387526e0 req-bbd3903f-afe6-44e0-a5ae-ed00387526e0 ] Request (ImagesOneServerNegativeTestJSON:setUp): 200 GET http://10.180.1.21/compute/v2.1/servers/3d5317c0-2aa5-4c43-ae3b-546ca4ee7717 0.282s
2025-03-26 02:50:59.360 68658 INFO tempest.lib.common.rest_client [req-3794336e-aee4-4cfe-8ab5-7b2f71db7167 req-3794336e-aee4-4cfe-8ab5-7b2f71db7167 ] Request (SecurityGroupsTestJSON:test_server_security_groups): 200 GET http://10.180.1.21/compute/v2.1/servers/864b47ef-e221-4589-a445-7e7d1d66bc74 0.279s
2025-03-26 02:50:59.421 68686 INFO tempest.lib.common.rest_client [req-b866fca7-399c-42ea-a733-90205ad1bace req-b866fca7-399c-42ea-a733-90205ad1bace ] Request (ImagesTestJSON:test_create_image_from_suspended_server): 200 GET http://10.180.1.21/compute/v2.1/servers/cfa14b8e-a694-4e94-a932-c2f1587e5197 0.295s
2025-03-26 02:50:59.469 68700 INFO tempest.lib.common.rest_client [req-a4e1c2af-37bb-472b-82ea-57cab6a1128f req-a4e1c2af-37bb-472b-82ea-57cab6a1128f ] Request (FloatingIPsAssociationNegativeTestJSON:setUpClass): 200 GET http://10.180.1.21/compute/v2.1/servers/d9ed7892-e388-4da5-b347-0c55dca64f3c 0.216s
2025-03-26 02:50:59.475 68660 INFO tempest.lib.common.rest_client [req-d69b239e-0d6c-4049-9a88-64a7571b09e7 req-d69b239e-0d6c-4049-9a88-64a7571b09e7 ] Request (ImagesOneServerNegativeTestJSON:test_create_image_specify_invalid_metadata): 400 POST http://10.180.1.21/compute/v2.1/servers/3d5317c0-2aa5-4c43-ae3b-546ca4ee7717/action 0.113s
2025-03-26 02:50:59.477 68700 INFO tempest.common.waiters [-] State transition "BUILD/spawning" ==> "ACTIVE/None" after 77 second wait
2025-03-26 02:50:59.487 68704 INFO tempest.lib.common.rest_client [req-b46e50a2-7fcf-4c87-b780-49d129200222 req-b46e50a2-7fcf-4c87-b780-49d129200222 ] Request (ServerDiagnosticsNegativeTest:tearDownClass): 200 GET http://10.180.1.21/compute/v2.1/servers/555bd730-2c1f-4276-ae54-dd443a3d6fa8 0.214s
2025-03-26 02:50:59.522 68698 INFO tempest.lib.common.rest_client [req-a39c1c96-60e5-4278-81a6-9d1f5bc9d00e req-a39c1c96-60e5-4278-81a6-9d1f5bc9d00e ] Request (VolumesAssistedSnapshotsTest:_run_cleanups): 200 GET http://10.180.1.21/compute/v2.1/servers/c5554b18-36da-4397-8a6c-cfedb3955077/os-volume_attachments 0.097s
2025-03-26 02:50:59.543 68672 INFO tempest.lib.common.rest_client [req-d6cac575-7a17-4763-8f40-2b2bf6bb63ad req-d6cac575-7a17-4763-8f40-2b2bf6bb63ad ] Request (FloatingIPsAssociationTestJSON:setUpClass): 200 GET http://10.180.1.21/compute/v2.1/servers/778c4d0b-847e-4ff6-bfef-bfe475e2177f 0.142s
2025-03-26 02:50:59.684 68660 INFO tempest.lib.common.rest_client [req-cd4cc114-2da4-43e2-92c1-963185d50857 req-cd4cc114-2da4-43e2-92c1-963185d50857 ] Request (ImagesOneServerNegativeTestJSON:tearDown): 200 GET http://10.180.1.21/compute/v2.1/servers/3d5317c0-2aa5-4c43-ae3b-546ca4ee7717 0.208s
2025-03-26 02:50:59.744 68652 INFO tempest.lib.common.rest_client [req-0ca4ccb8-f5aa-40b4-8bff-d89731cb2285 req-0ca4ccb8-f5aa-40b4-8bff-d89731cb2285 ] Request (MultipleCreateTestJSON:test_multiple_create_with_reservation_return): 200 GET http://10.180.1.21/compute/v2.1/servers/23337338-ef2a-4b2f-b3f3-427d41d11264 0.246s
2025-03-26 02:50:59.861 68664 INFO tempest.lib.common.rest_client [req-3b26ddb7-0e17-4b25-9275-6043476d58b7 req-3b26ddb7-0e17-4b25-9275-6043476d58b7 ] Request (ListImageFiltersTestJSON:setUpClass): 200 GET http://10.180.1.21/compute/v2.1/servers/3d68ac69-3768-4b1b-9991-a636fdaec967 0.202s
2025-03-26 02:50:59.901 68690 WARNING tempest.lib.common.ssh [-] Failed to establish authenticated ssh connection to cirros@10.180.180.142 ([Errno None] Unable to connect to port 22 on 10.180.180.142). Number attempts: 9. Retry after 10 seconds.: paramiko.ssh_exception.NoValidConnectionsError: [Errno None] Unable to connect to port 22 on 10.180.180.142
2025-03-26 02:51:00.005 68660 INFO tempest.lib.common.rest_client [req-1d61762e-4ab0-4b4f-9caf-446eba7df6e3 req-1d61762e-4ab0-4b4f-9caf-446eba7df6e3 ] Request (ImagesOneServerNegativeTestJSON:setUp): 200 GET http://10.180.1.21/compute/v2.1/servers/3d5317c0-2aa5-4c43-ae3b-546ca4ee7717 0.313s
2025-03-26 02:51:00.082 68654 INFO tempest.lib.common.rest_client [req-e9299bb0-0b62-4b6a-a90f-2eeea45e9645 req-e9299bb0-0b62-4b6a-a90f-2eeea45e9645 ] Request (AttachInterfacesV270Test:tearDownClass): 200 GET http://10.180.1.21/compute/v2.1/servers/6e220a2b-88c6-46d0-9158-0be90b222d80 0.346s
2025-03-26 02:51:00.137 68706 INFO tempest.lib.common.rest_client [req-ffff1477-e049-4c72-9170-8f2d5239c828 req-ffff1477-e049-4c72-9170-8f2d5239c828 ] Request (ListServersNegativeTestJSON:setUpClass): 200 GET http://10.180.1.21/compute/v2.1/servers/28079660-f1d5-4840-9f9b-b351f13ce934 0.343s
2025-03-26 02:51:00.296 68700 INFO tempest.lib.common.rest_client [req-01767485-5de3-489c-8a87-6895bd6c063e req-01767485-5de3-489c-8a87-6895bd6c063e ] Request (FloatingIPsAssociationNegativeTestJSON:test_associate_ip_to_server_with_floating_ip): 200 POST http://10.180.1.21/compute/v2.1/os-floating-ips 0.819s
2025-03-26 02:51:00.332 68702 INFO tempest.lib.common.rest_client [req-051de83e-cc1f-4f2a-a228-601dfbac5cfd req-051de83e-cc1f-4f2a-a228-601dfbac5cfd ] Request (ServersAdminTestJSON:_run_cleanups): 200 GET http://10.180.1.21/compute/v2.1/servers/7a3e67bb-ccd4-4239-876b-caba17a4fa71 0.519s
2025-03-26 02:51:00.339 68702 INFO tempest.common.waiters [-] State transition "REBUILD/rebuild_block_device_mapping" ==> "REBUILD/rebuild_spawning" after 4 second wait
2025-03-26 02:51:00.356 68674 INFO tempest.lib.common.rest_client [req-c634334c-2512-465b-a6be-485e9e13de64 req-c634334c-2512-465b-a6be-485e9e13de64 ] Request (DeleteServersTestJSON:test_delete_active_server): 200 GET http://10.180.1.21/compute/v2.1/servers/8def5dd4-1403-430f-b7fb-407a540934e4 0.488s
2025-03-26 02:51:00.362 68660 INFO tempest.lib.common.rest_client [req-bae818c8-b616-45db-8677-6657d8538300 req-bae818c8-b616-45db-8677-6657d8538300 ] Request (ImagesOneServerNegativeTestJSON:test_create_image_specify_metadata_over_limits): 400 POST http://10.180.1.21/compute/v2.1/servers/3d5317c0-2aa5-4c43-ae3b-546ca4ee7717/action 0.346s
2025-03-26 02:51:00.393 68694 INFO tempest.lib.common.rest_client [req-c486cb9f-6d2d-4a96-b6df-d76b608e8741 req-c486cb9f-6d2d-4a96-b6df-d76b608e8741 ] Request (ServerShowV254Test:tearDownClass): 200 GET http://10.180.1.21/compute/v2.1/servers/e93d6f19-f14d-4b4b-8861-de18309a6637 0.517s
2025-03-26 02:51:00.446 68714 INFO tempest.lib.common.rest_client [req-093cd97a-0ff8-42b2-8fc7-6f74855106c3 req-093cd97a-0ff8-42b2-8fc7-6f74855106c3 ] Request (ServersWithSpecificFlavorTestJSON:test_verify_created_server_ephemeral_disk): 200 GET http://10.180.1.21/compute/v2.1/servers/047f2248-1771-47f7-80eb-904e0c3a0e15 0.312s
2025-03-26 02:51:00.792 68696 INFO tempest.lib.common.rest_client [req-c6914cdb-158e-4200-82b9-69532ead20fe req-c6914cdb-158e-4200-82b9-69532ead20fe ] Request (ServersTestMultiNic:test_verify_multiple_nics_order): 200 GET http://10.180.1.21/compute/v2.1/servers/56afbf63-7873-40d0-ac88-8651b67b7d83 0.766s
2025-03-26 02:51:00.794 68662 INFO tempest.lib.common.rest_client [req-de4a515b-6c77-469e-9883-db1fcd5c52ec req-de4a515b-6c77-469e-9883-db1fcd5c52ec ] Request (ServerAddressesNegativeTestJSON:setUpClass): 200 GET http://10.180.1.21/compute/v2.1/servers/deafd24a-a902-435f-8502-6c636dfe9852 0.626s
2025-03-26 02:51:00.853 68682 INFO tempest.lib.common.rest_client [req-fffeccce-0a15-41bd-9d07-09329d7541c4 req-fffeccce-0a15-41bd-9d07-09329d7541c4 ] Request (MigrationsAdminTest:test_resize_server_revert_deleted_flavor): 200 GET http://10.180.1.21/compute/v2.1/servers/7fed51c5-9e52-4109-b686-121dd0c2ee63 0.628s
2025-03-26 02:51:00.859 68670 INFO tempest.lib.common.rest_client [req-5215792a-bab2-4e42-ba2f-1843d997d770 req-5215792a-bab2-4e42-ba2f-1843d997d770 ] Request (ServerTagsTestJSON:tearDownClass): 200 GET http://10.180.1.21/compute/v2.1/servers/d0f74717-3bea-42fe-b746-8cee7a46fb26 0.650s
2025-03-26 02:51:01.007 68660 INFO tempest.lib.common.rest_client [req-31cb25ab-1bd6-45e5-a469-f809de6da1a4 req-31cb25ab-1bd6-45e5-a469-f809de6da1a4 ] Request (ImagesOneServerNegativeTestJSON:tearDown): 200 GET http://10.180.1.21/compute/v2.1/servers/3d5317c0-2aa5-4c43-ae3b-546ca4ee7717 0.645s
2025-03-26 02:51:01.176 68658 INFO tempest.lib.common.rest_client [req-71f42808-c833-4afc-96b2-19b12aecbf4f req-71f42808-c833-4afc-96b2-19b12aecbf4f ] Request (SecurityGroupsTestJSON:test_server_security_groups): 200 GET http://10.180.1.21/compute/v2.1/servers/864b47ef-e221-4589-a445-7e7d1d66bc74 0.806s
2025-03-26 02:51:01.236 68686 INFO tempest.lib.common.rest_client [req-f404c5ec-7869-451b-b497-58b48fbb222e req-f404c5ec-7869-451b-b497-58b48fbb222e ] Request (ImagesTestJSON:test_create_image_from_suspended_server): 200 GET http://10.180.1.21/compute/v2.1/servers/cfa14b8e-a694-4e94-a932-c2f1587e5197 0.808s
2025-03-26 02:51:01.320 68704 INFO tempest.lib.common.rest_client [req-78b5b898-6782-4ab7-821e-54b9dd0e632d req-78b5b898-6782-4ab7-821e-54b9dd0e632d ] Request (ServerDiagnosticsNegativeTest:tearDownClass): 200 GET http://10.180.1.21/compute/v2.1/servers/555bd730-2c1f-4276-ae54-dd443a3d6fa8 0.818s
2025-03-26 02:51:01.357 68698 INFO tempest.lib.common.rest_client [req-6aeb7b30-8c3f-49c4-a457-20e97e7e4e1a req-6aeb7b30-8c3f-49c4-a457-20e97e7e4e1a ] Request (VolumesAssistedSnapshotsTest:_run_cleanups): 200 GET http://10.180.1.21/compute/v2.1/servers/c5554b18-36da-4397-8a6c-cfedb3955077/os-volume_attachments 0.832s
2025-03-26 02:51:01.389 68708 WARNING tempest.lib.common.ssh [-] Failed to establish authenticated ssh connection to cirros@10.180.180.201 ([Errno None] Unable to connect to port 22 on 10.180.180.201). Number attempts: 9. Retry after 10 seconds.: paramiko.ssh_exception.NoValidConnectionsError: [Errno None] Unable to connect to port 22 on 10.180.180.201
2025-03-26 02:51:01.391 68698 INFO tempest.lib.common.rest_client [req-eb1a52fa-2977-49e0-8a89-a8dfe320a15a req-eb1a52fa-2977-49e0-8a89-a8dfe320a15a ] Request (VolumesAssistedSnapshotsTest:_run_cleanups): 200 GET http://10.180.1.21/volume/v3/volumes/a2a20168-3bd9-44c5-8c9f-8e92dd2664f6 0.032s
2025-03-26 02:51:01.398 68698 INFO tempest.common.waiters [-] volume a2a20168-3bd9-44c5-8c9f-8e92dd2664f6 reached available after waiting for 0.398112 seconds
2025-03-26 02:51:01.419 68672 INFO tempest.lib.common.rest_client [req-8654c189-b6a7-4760-b5ac-5ed8087f7c54 req-8654c189-b6a7-4760-b5ac-5ed8087f7c54 ] Request (FloatingIPsAssociationTestJSON:setUpClass): 200 GET http://10.180.1.21/compute/v2.1/servers/778c4d0b-847e-4ff6-bfef-bfe475e2177f 0.863s
2025-03-26 02:51:01.451 68698 INFO tempest.lib.common.rest_client [req-979bee2c-6abb-4c1b-bf7b-ac5efabff57f req-979bee2c-6abb-4c1b-bf7b-ac5efabff57f ] Request (VolumesAssistedSnapshotsTest:_run_cleanups): 202 DELETE http://10.180.1.21/volume/v3/volumes/a2a20168-3bd9-44c5-8c9f-8e92dd2664f6 0.053s
2025-03-26 02:51:01.508 68698 INFO tempest.lib.common.rest_client [req-6a9fd8e3-5440-4b19-9ddb-e8a289b41151 req-6a9fd8e3-5440-4b19-9ddb-e8a289b41151 ] Request (VolumesAssistedSnapshotsTest:_run_cleanups): 200 GET http://10.180.1.21/volume/v3/volumes/a2a20168-3bd9-44c5-8c9f-8e92dd2664f6 0.055s
2025-03-26 02:51:01.509 68652 INFO tempest.lib.common.rest_client [req-e81b63b3-8406-46fe-8a0a-a61739b0e22b req-e81b63b3-8406-46fe-8a0a-a61739b0e22b ] Request (MultipleCreateTestJSON:test_multiple_create_with_reservation_return): 200 GET http://10.180.1.21/compute/v2.1/servers/23337338-ef2a-4b2f-b3f3-427d41d11264 0.758s
2025-03-26 02:51:01.525 68656 WARNING tempest.lib.common.ssh [-] Failed to establish authenticated ssh connection to cirros@10.180.180.178 ([Errno None] Unable to connect to port 22 on 10.180.180.178). Number attempts: 10. Retry after 11 seconds.: paramiko.ssh_exception.NoValidConnectionsError: [Errno None] Unable to connect to port 22 on 10.180.180.178
2025-03-26 02:51:01.964 68700 INFO tempest.lib.common.rest_client [req-4e813af0-f9ca-45b9-9818-c608f63ede43 req-4e813af0-f9ca-45b9-9818-c608f63ede43 ] Request (FloatingIPsAssociationNegativeTestJSON:test_associate_ip_to_server_with_floating_ip): 202 POST http://10.180.1.21/compute/v2.1/servers/d9ed7892-e388-4da5-b347-0c55dca64f3c/action 1.666s
2025-03-26 02:51:02.060 68664 INFO tempest.lib.common.rest_client [req-eef42ea0-3e66-43fc-a513-9ed69b963579 req-eef42ea0-3e66-43fc-a513-9ed69b963579 ] Request (ListImageFiltersTestJSON:setUpClass): 200 GET http://10.180.1.21/compute/v2.1/servers/3d68ac69-3768-4b1b-9991-a636fdaec967 1.190s
2025-03-26 02:51:02.064 68680 INFO tempest.lib.common.rest_client [req-0ed59a73-649d-4fce-bf81-e3a88e312cc0 req-0ed59a73-649d-4fce-bf81-e3a88e312cc0 ] Request (ServerDiagnosticsV248Test:test_get_server_diagnostics): 200 GET http://10.180.1.21/compute/v2.1/servers/663658ba-100d-4c10-a244-935fc2a1bc81/diagnostics 1.254s
2025-03-26 02:51:02.073 68664 INFO tempest.common.waiters [-] State transition "ACTIVE/image_uploading" ==> "ACTIVE/None" after 4 second wait
2025-03-26 02:51:02.133 68654 INFO tempest.lib.common.rest_client [req-1def21e8-d9bd-4ace-acd5-680be5cd4388 req-1def21e8-d9bd-4ace-acd5-680be5cd4388 ] Request (AttachInterfacesV270Test:tearDownClass): 200 GET http://10.180.1.21/compute/v2.1/servers/6e220a2b-88c6-46d0-9158-0be90b222d80 1.036s
2025-03-26 02:51:02.170 68660 INFO tempest.lib.common.rest_client [req-275c73e2-03ad-4f03-98b9-0c28aac82cd0 req-275c73e2-03ad-4f03-98b9-0c28aac82cd0 ] Request (ImagesOneServerNegativeTestJSON:setUp): 200 GET http://10.180.1.21/compute/v2.1/servers/3d5317c0-2aa5-4c43-ae3b-546ca4ee7717 1.136s
2025-03-26 02:51:02.182 68706 INFO tempest.lib.common.rest_client [req-6d722f1b-abbc-422f-a4da-d2df3ce958ba req-6d722f1b-abbc-422f-a4da-d2df3ce958ba ] Request (ListServersNegativeTestJSON:setUpClass): 200 GET http://10.180.1.21/compute/v2.1/servers/28079660-f1d5-4840-9f9b-b351f13ce934 1.033s
2025-03-26 02:51:02.191 68706 INFO tempest.common.waiters [-] State transition "BUILD/scheduling" ==> "BUILD/None" after 12 second wait
2025-03-26 02:51:02.244 68674 INFO tempest.lib.common.rest_client [req-e1d4b613-1461-4e8e-ac90-6413bbbd5d0e req-e1d4b613-1461-4e8e-ac90-6413bbbd5d0e ] Request (DeleteServersTestJSON:test_delete_active_server): 200 GET http://10.180.1.21/compute/v2.1/servers/8def5dd4-1403-430f-b7fb-407a540934e4 0.876s
2025-03-26 02:51:02.279 68702 INFO tempest.lib.common.rest_client [req-74679531-3f54-42fc-92ec-f9d6ec485ce6 req-74679531-3f54-42fc-92ec-f9d6ec485ce6 ] Request (ServersAdminTestJSON:_run_cleanups): 200 GET http://10.180.1.21/compute/v2.1/servers/7a3e67bb-ccd4-4239-876b-caba17a4fa71 0.938s
2025-03-26 02:51:02.303 68694 INFO tempest.lib.common.rest_client [req-51cfaf42-184a-4ace-ae6e-dc0b3a9c1a6c req-51cfaf42-184a-4ace-ae6e-dc0b3a9c1a6c ] Request (ServerShowV254Test:tearDownClass): 200 GET http://10.180.1.21/compute/v2.1/servers/e93d6f19-f14d-4b4b-8861-de18309a6637 0.900s
2025-03-26 02:51:02.331 68714 INFO tempest.lib.common.rest_client [req-e55e080a-e73d-41cb-9239-69fedf2f4b3e req-e55e080a-e73d-41cb-9239-69fedf2f4b3e ] Request (ServersWithSpecificFlavorTestJSON:test_verify_created_server_ephemeral_disk): 200 GET http://10.180.1.21/compute/v2.1/servers/047f2248-1771-47f7-80eb-904e0c3a0e15 0.866s
2025-03-26 02:51:02.447 68662 INFO tempest.lib.common.rest_client [req-f7f73072-10ac-417a-819e-c9c7c3770cc0 req-f7f73072-10ac-417a-819e-c9c7c3770cc0 ] Request (ServerAddressesNegativeTestJSON:setUpClass): 200 GET http://10.180.1.21/compute/v2.1/servers/deafd24a-a902-435f-8502-6c636dfe9852 0.644s
2025-03-26 02:51:02.455 68662 INFO tempest.common.waiters [-] State transition "BUILD/spawning" ==> "ACTIVE/None" after 77 second wait
2025-03-26 02:51:02.461 68696 INFO tempest.lib.common.rest_client [req-5697a8cc-b282-4a00-a563-c66c2639ba20 req-5697a8cc-b282-4a00-a563-c66c2639ba20 ] Request (ServersTestMultiNic:test_verify_multiple_nics_order): 200 GET http://10.180.1.21/compute/v2.1/servers/56afbf63-7873-40d0-ac88-8651b67b7d83 0.661s
2025-03-26 02:51:02.500 68682 INFO tempest.lib.common.rest_client [req-894419e5-5de6-4719-8df4-52020a6bd6d4 req-894419e5-5de6-4719-8df4-52020a6bd6d4 ] Request (MigrationsAdminTest:test_resize_server_revert_deleted_flavor): 200 GET http://10.180.1.21/compute/v2.1/servers/7fed51c5-9e52-4109-b686-121dd0c2ee63 0.640s
2025-03-26 02:51:02.518 68670 INFO tempest.lib.common.rest_client [req-b2d2a917-039d-41cf-bf84-c235e0272bf9 req-b2d2a917-039d-41cf-bf84-c235e0272bf9 ] Request (ServerTagsTestJSON:tearDownClass): 200 GET http://10.180.1.21/compute/v2.1/servers/d0f74717-3bea-42fe-b746-8cee7a46fb26 0.648s
2025-03-26 02:51:02.552 68698 INFO tempest.lib.common.rest_client [req-cf5131c1-61db-430b-9bd9-fb594d257d55 req-cf5131c1-61db-430b-9bd9-fb594d257d55 ] Request (VolumesAssistedSnapshotsTest:_run_cleanups): 200 GET http://10.180.1.21/volume/v3/volumes/a2a20168-3bd9-44c5-8c9f-8e92dd2664f6 0.035s
2025-03-26 02:51:02.973 68664 INFO tempest.lib.common.rest_client [req-197b2816-79c9-41ec-b205-7be2bf0a2356 req-197b2816-79c9-41ec-b205-7be2bf0a2356 ] Request (ListImageFiltersTestJSON:setUpClass): 202 POST http://10.180.1.21/compute/v2.1/servers/f74cd4a0-0b5c-4404-8317-aea88e1a8a4c/action 0.899s
2025-03-26 02:51:02.983 68700 INFO tempest.lib.common.rest_client [req-41f1a606-7ce7-426e-afa5-6ae0d89bf9dc req-41f1a606-7ce7-426e-afa5-6ae0d89bf9dc ] Request (FloatingIPsAssociationNegativeTestJSON:test_associate_ip_to_server_with_floating_ip): 200 POST http://10.180.1.21/compute/v2.1/os-floating-ips 1.018s
2025-03-26 02:51:02.994 68660 INFO tempest.lib.common.rest_client [req-f015d507-1e2e-44d7-8024-a62f30a80dfd req-f015d507-1e2e-44d7-8024-a62f30a80dfd ] Request (ImagesOneServerNegativeTestJSON:test_create_image_specify_name_over_character_limit): 400 POST http://10.180.1.21/compute/v2.1/servers/3d5317c0-2aa5-4c43-ae3b-546ca4ee7717/action 0.813s
2025-03-26 02:51:03.075 68680 INFO tempest.lib.common.rest_client [req-a44733e2-4b8f-4a82-8234-5323e0f15036 req-a44733e2-4b8f-4a82-8234-5323e0f15036 ] Request (ServerDiagnosticsV248Test:tearDownClass): 204 DELETE http://10.180.1.21/compute/v2.1/servers/663658ba-100d-4c10-a244-935fc2a1bc81 1.002s
2025-03-26 02:51:03.146 68686 INFO tempest.lib.common.rest_client [req-b3d149e6-85f0-461e-8abe-a09d486cdf1d req-b3d149e6-85f0-461e-8abe-a09d486cdf1d ] Request (ImagesTestJSON:test_create_image_from_suspended_server): 200 GET http://10.180.1.21/compute/v2.1/servers/cfa14b8e-a694-4e94-a932-c2f1587e5197 0.892s
2025-03-26 02:51:03.172 68658 INFO tempest.lib.common.rest_client [req-faabf071-9497-45ec-9922-810e75a0e321 req-faabf071-9497-45ec-9922-810e75a0e321 ] Request (SecurityGroupsTestJSON:test_server_security_groups): 200 GET http://10.180.1.21/compute/v2.1/servers/864b47ef-e221-4589-a445-7e7d1d66bc74 0.982s
2025-03-26 02:51:03.265 68704 INFO tempest.lib.common.rest_client [req-16c19632-3550-4382-b4d9-0557d45ae2af req-16c19632-3550-4382-b4d9-0557d45ae2af ] Request (ServerDiagnosticsNegativeTest:tearDownClass): 200 GET http://10.180.1.21/compute/v2.1/servers/555bd730-2c1f-4276-ae54-dd443a3d6fa8 0.935s
2025-03-26 02:51:03.265 68672 INFO tempest.lib.common.rest_client [req-8aed945c-a2af-4045-b3db-1223dc274703 req-8aed945c-a2af-4045-b3db-1223dc274703 ] Request (FloatingIPsAssociationTestJSON:setUpClass): 200 GET http://10.180.1.21/compute/v2.1/servers/778c4d0b-847e-4ff6-bfef-bfe475e2177f 0.836s
2025-03-26 02:51:03.296 68662 INFO tempest.lib.common.rest_client [req-ebbd8bc5-875f-4b0e-a521-e2b481836318 req-ebbd8bc5-875f-4b0e-a521-e2b481836318 ] Request (ServerAddressesNegativeTestJSON:test_list_server_addresses_by_network_neg): 404 GET http://10.180.1.21/compute/v2.1/servers/deafd24a-a902-435f-8502-6c636dfe9852/ips/invalid 0.840s
2025-03-26 02:51:03.317 68692 WARNING tempest.lib.common.ssh [-] Failed to establish authenticated ssh connection to cirros@10.180.180.230 ([Errno None] Unable to connect to port 22 on 10.180.180.230). Number attempts: 7. Retry after 8 seconds.: paramiko.ssh_exception.NoValidConnectionsError: [Errno None] Unable to connect to port 22 on 10.180.180.230
2025-03-26 02:51:03.333 68664 INFO tempest.lib.common.rest_client [req-998c9de1-7811-427d-8f64-5621f73d21ce req-998c9de1-7811-427d-8f64-5621f73d21ce ] Request (ListImageFiltersTestJSON:setUpClass): 200 GET http://10.180.1.21/compute/v2.1/images/c9a55804-a919-46bd-955b-df04a7711ecb 0.358s
2025-03-26 02:51:03.343 68652 INFO tempest.lib.common.rest_client [req-2c3720f1-4a74-406d-9eec-b9c1d519c45b req-2c3720f1-4a74-406d-9eec-b9c1d519c45b ] Request (MultipleCreateTestJSON:test_multiple_create_with_reservation_return): 200 GET http://10.180.1.21/compute/v2.1/servers/23337338-ef2a-4b2f-b3f3-427d41d11264 0.822s
2025-03-26 02:51:03.601 68698 INFO tempest.lib.common.rest_client [req-a1a6a623-b126-483a-a55a-cc66d60aba3f req-a1a6a623-b126-483a-a55a-cc66d60aba3f ] Request (VolumesAssistedSnapshotsTest:_run_cleanups): 200 GET http://10.180.1.21/volume/v3/volumes/a2a20168-3bd9-44c5-8c9f-8e92dd2664f6 0.036s
2025-03-26 02:51:03.625 68660 INFO tempest.lib.common.rest_client [req-74459ab8-61a3-44b8-9c2b-c95b2e557431 req-74459ab8-61a3-44b8-9c2b-c95b2e557431 ] Request (ImagesOneServerNegativeTestJSON:tearDown): 200 GET http://10.180.1.21/compute/v2.1/servers/3d5317c0-2aa5-4c43-ae3b-546ca4ee7717 0.630s
2025-03-26 02:51:03.698 68680 INFO tempest.lib.common.rest_client [req-60f0b944-95e0-4185-89f3-109f43722fc7 req-60f0b944-95e0-4185-89f3-109f43722fc7 ] Request (ServerDiagnosticsV248Test:tearDownClass): 200 GET http://10.180.1.21/compute/v2.1/servers/663658ba-100d-4c10-a244-935fc2a1bc81 0.622s
2025-03-26 02:51:03.767 68654 INFO tempest.lib.common.rest_client [req-8d8b910b-01ea-4dfc-910a-b1475659aa6f req-8d8b910b-01ea-4dfc-910a-b1475659aa6f ] Request (AttachInterfacesV270Test:tearDownClass): 200 GET http://10.180.1.21/compute/v2.1/servers/6e220a2b-88c6-46d0-9158-0be90b222d80 0.623s
2025-03-26 02:51:03.773 68700 INFO tempest.lib.common.rest_client [req-9fedfb8c-c03d-4d3d-b723-f0619b6fb423 req-9fedfb8c-c03d-4d3d-b723-f0619b6fb423 ] Request (FloatingIPsAssociationNegativeTestJSON:test_associate_ip_to_server_with_floating_ip): 400 POST http://10.180.1.21/compute/v2.1/servers/d9ed7892-e388-4da5-b347-0c55dca64f3c/action 0.787s
2025-03-26 02:51:03.817 68706 INFO tempest.lib.common.rest_client [req-1a57ed83-23a9-42d2-9325-53582aeceb4f req-1a57ed83-23a9-42d2-9325-53582aeceb4f ] Request (ListServersNegativeTestJSON:setUpClass): 200 GET http://10.180.1.21/compute/v2.1/servers/28079660-f1d5-4840-9f9b-b351f13ce934 0.623s
2025-03-26 02:51:03.909 68702 INFO tempest.lib.common.rest_client [req-369299b7-5b8a-42e9-a6df-152ba67c84d6 req-369299b7-5b8a-42e9-a6df-152ba67c84d6 ] Request (ServersAdminTestJSON:_run_cleanups): 200 GET http://10.180.1.21/compute/v2.1/servers/7a3e67bb-ccd4-4239-876b-caba17a4fa71 0.622s
2025-03-26 02:51:03.918 68662 INFO tempest.lib.common.rest_client [req-4d5ab222-b680-4409-a2e9-043814d683b5 req-4d5ab222-b680-4409-a2e9-043814d683b5 ] Request (ServerAddressesNegativeTestJSON:test_list_server_addresses_invalid_server_id): 404 GET http://10.180.1.21/compute/v2.1/servers/999/ips 0.618s
2025-03-26 02:51:03.984 68694 INFO tempest.lib.common.rest_client [req-0a1147eb-070c-4923-8e14-65ca6752a0bc req-0a1147eb-070c-4923-8e14-65ca6752a0bc ] Request (ServerShowV254Test:tearDownClass): 200 GET http://10.180.1.21/compute/v2.1/servers/e93d6f19-f14d-4b4b-8861-de18309a6637 0.672s
2025-03-26 02:51:04.040 68714 INFO tempest.lib.common.rest_client [req-d6209e07-7544-4115-98c1-2f11dfcbc5c3 req-d6209e07-7544-4115-98c1-2f11dfcbc5c3 ] Request (ServersWithSpecificFlavorTestJSON:test_verify_created_server_ephemeral_disk): 200 GET http://10.180.1.21/compute/v2.1/servers/047f2248-1771-47f7-80eb-904e0c3a0e15 0.700s
2025-03-26 02:51:04.084 68674 INFO tempest.lib.common.rest_client [req-f1ea1135-52d8-4001-8300-62a87b749314 req-f1ea1135-52d8-4001-8300-62a87b749314 ] Request (DeleteServersTestJSON:test_delete_active_server): 200 GET http://10.180.1.21/compute/v2.1/servers/8def5dd4-1403-430f-b7fb-407a540934e4 0.832s
2025-03-26 02:51:04.130 68682 INFO tempest.lib.common.rest_client [req-34bd3580-39dd-4263-b6d5-fd3acd3b58d3 req-34bd3580-39dd-4263-b6d5-fd3acd3b58d3 ] Request (MigrationsAdminTest:test_resize_server_revert_deleted_flavor): 200 GET http://10.180.1.21/compute/v2.1/servers/7fed51c5-9e52-4109-b686-121dd0c2ee63 0.622s
2025-03-26 02:51:04.167 68696 INFO tempest.lib.common.rest_client [req-ad36815a-546a-458e-b2ad-24048486c4e2 req-ad36815a-546a-458e-b2ad-24048486c4e2 ] Request (ServersTestMultiNic:test_verify_multiple_nics_order): 200 GET http://10.180.1.21/compute/v2.1/servers/56afbf63-7873-40d0-ac88-8651b67b7d83 0.694s
2025-03-26 02:51:04.192 68670 INFO tempest.lib.common.rest_client [req-a33232d6-801a-4e54-bb89-bcf17ed039bf req-a33232d6-801a-4e54-bb89-bcf17ed039bf ] Request (ServerTagsTestJSON:tearDownClass): 200 GET http://10.180.1.21/compute/v2.1/servers/d0f74717-3bea-42fe-b746-8cee7a46fb26 0.665s
2025-03-26 02:51:04.426 68660 INFO tempest.lib.common.rest_client [req-c8c4ad9b-7093-4857-a790-58da22937703 req-c8c4ad9b-7093-4857-a790-58da22937703 ] Request (ImagesOneServerNegativeTestJSON:setUp): 200 GET http://10.180.1.21/compute/v2.1/servers/3d5317c0-2aa5-4c43-ae3b-546ca4ee7717 0.787s
2025-03-26 02:51:04.521 68662 INFO tempest.lib.common.rest_client [req-5c643dd4-ccb9-4a88-ac1c-6a0f107446f9 req-5c643dd4-ccb9-4a88-ac1c-6a0f107446f9 ] Request (ServerAddressesNegativeTestJSON:tearDownClass): 204 DELETE http://10.180.1.21/compute/v2.1/servers/deafd24a-a902-435f-8502-6c636dfe9852 0.598s
2025-03-26 02:51:04.591 68686 INFO tempest.lib.common.rest_client [req-b40ee70e-de16-4f64-b6b9-c2ed6b940994 req-b40ee70e-de16-4f64-b6b9-c2ed6b940994 ] Request (ImagesTestJSON:test_create_image_from_suspended_server): 200 GET http://10.180.1.21/compute/v2.1/servers/cfa14b8e-a694-4e94-a932-c2f1587e5197 0.431s
2025-03-26 02:51:04.623 68698 INFO tempest.lib.common.rest_client [req-f09c47fc-ad6e-4544-ab48-a806b517cf6f req-f09c47fc-ad6e-4544-ab48-a806b517cf6f ] Request (VolumesAssistedSnapshotsTest:_run_cleanups): 404 GET http://10.180.1.21/volume/v3/volumes/a2a20168-3bd9-44c5-8c9f-8e92dd2664f6 0.014s
2025-03-26 02:51:04.713 68684 INFO paramiko.transport [-] Connected (version 2.0, client dropbear_2020.81)
2025-03-26 02:51:04.715 68658 INFO tempest.lib.common.rest_client [req-46fc6cb0-8786-4e69-b740-1a9a3973601b req-46fc6cb0-8786-4e69-b740-1a9a3973601b ] Request (SecurityGroupsTestJSON:test_server_security_groups): 200 GET http://10.180.1.21/compute/v2.1/servers/864b47ef-e221-4589-a445-7e7d1d66bc74 0.529s
2025-03-26 02:51:04.718 68700 INFO tempest.lib.common.rest_client [req-cdef288c-c738-4c85-8c50-ab26afeeb261 req-cdef288c-c738-4c85-8c50-ab26afeeb261 ] Request (FloatingIPsAssociationNegativeTestJSON:_run_cleanups): 202 DELETE http://10.180.1.21/compute/v2.1/os-floating-ips/1eec2e65-fb9a-4856-aea1-fa83ac90ea69 0.945s
2025-03-26 02:51:04.768 68672 INFO tempest.lib.common.rest_client [req-4125795a-305c-4094-8677-05e4c440c60b req-4125795a-305c-4094-8677-05e4c440c60b ] Request (FloatingIPsAssociationTestJSON:setUpClass): 200 GET http://10.180.1.21/compute/v2.1/servers/778c4d0b-847e-4ff6-bfef-bfe475e2177f 0.492s
2025-03-26 02:51:04.775 68704 INFO tempest.lib.common.rest_client [req-0e6421ab-939c-4378-b12f-34119807ff06 req-0e6421ab-939c-4378-b12f-34119807ff06 ] Request (ServerDiagnosticsNegativeTest:tearDownClass): 200 GET http://10.180.1.21/compute/v2.1/servers/555bd730-2c1f-4276-ae54-dd443a3d6fa8 0.495s
2025-03-26 02:51:04.789 68668 WARNING tempest.lib.common.ssh [-] Failed to establish authenticated ssh connection to cirros@10.180.180.214 ([Errno None] Unable to connect to port 22 on 10.180.180.214). Number attempts: 8. Retry after 9 seconds.: paramiko.ssh_exception.NoValidConnectionsError: [Errno None] Unable to connect to port 22 on 10.180.180.214
2025-03-26 02:51:04.802 68664 INFO tempest.lib.common.rest_client [req-eb5c04db-b8a3-42bf-9f9c-fff0b9d45275 req-eb5c04db-b8a3-42bf-9f9c-fff0b9d45275 ] Request (ListImageFiltersTestJSON:setUpClass): 200 GET http://10.180.1.21/compute/v2.1/images/c9a55804-a919-46bd-955b-df04a7711ecb 0.465s
2025-03-26 02:51:04.824 68652 INFO tempest.lib.common.rest_client [req-1a4abf29-2c7a-4f82-a658-3d81abd2c1fb req-1a4abf29-2c7a-4f82-a658-3d81abd2c1fb ] Request (MultipleCreateTestJSON:test_multiple_create_with_reservation_return): 200 GET http://10.180.1.21/compute/v2.1/servers/23337338-ef2a-4b2f-b3f3-427d41d11264 0.473s
2025-03-26 02:51:04.831 68652 INFO tempest.common.waiters [-] State transition "BUILD/None" ==> "BUILD/networking" after 68 second wait
2025-03-26 02:51:04.833 68684 INFO paramiko.transport [-] Authentication (publickey) successful!
2025-03-26 02:51:04.833 68684 INFO tempest.lib.common.ssh [-] ssh connection to cirros@10.180.180.133 successfully created
2025-03-26 02:51:04.934 68662 INFO tempest.lib.common.rest_client [req-e7e2119e-47d4-4fa8-b6ea-cfb98c2953f7 req-e7e2119e-47d4-4fa8-b6ea-cfb98c2953f7 ] Request (ServerAddressesNegativeTestJSON:tearDownClass): 200 GET http://10.180.1.21/compute/v2.1/servers/deafd24a-a902-435f-8502-6c636dfe9852 0.412s
2025-03-26 02:51:05.011 68698 INFO tempest.lib.common.rest_client [req-a5a5d4a8-517f-40e3-ad6b-016c5c82cea2 req-a5a5d4a8-517f-40e3-ad6b-016c5c82cea2 ] Request (VolumesAssistedSnapshotsTest:tearDownClass): 204 DELETE http://10.180.1.21/compute/v2.1/servers/c5554b18-36da-4397-8a6c-cfedb3955077 0.382s
2025-03-26 02:51:05.066 68680 INFO tempest.lib.common.rest_client [req-2769b33f-d5b9-4a76-bc73-3fe1625681fd req-2769b33f-d5b9-4a76-bc73-3fe1625681fd ] Request (ServerDiagnosticsV248Test:tearDownClass): 200 GET http://10.180.1.21/compute/v2.1/servers/663658ba-100d-4c10-a244-935fc2a1bc81 0.358s
2025-03-26 02:51:05.187 68660 INFO tempest.lib.common.rest_client [req-a8cfd401-3a57-4dc0-95c0-bf9d6353b708 req-a8cfd401-3a57-4dc0-95c0-bf9d6353b708 ] Request (ImagesOneServerNegativeTestJSON:test_create_second_image_when_first_image_is_being_saved): 202 POST http://10.180.1.21/compute/v2.1/servers/3d5317c0-2aa5-4c43-ae3b-546ca4ee7717/action 0.750s
2025-03-26 02:51:05.275 68654 INFO tempest.lib.common.rest_client [req-6302560c-bc8f-4341-8630-583d1bff9db2 req-6302560c-bc8f-4341-8630-583d1bff9db2 ] Request (AttachInterfacesV270Test:tearDownClass): 200 GET http://10.180.1.21/compute/v2.1/servers/6e220a2b-88c6-46d0-9158-0be90b222d80 0.497s
2025-03-26 02:51:05.300 68666 WARNING tempest.lib.common.ssh [-] Failed to establish authenticated ssh connection to cirros@10.180.180.191 ([Errno None] Unable to connect to port 22 on 10.180.180.191). Number attempts: 7. Retry after 8 seconds.: paramiko.ssh_exception.NoValidConnectionsError: [Errno None] Unable to connect to port 22 on 10.180.180.191
2025-03-26 02:51:05.350 68706 INFO tempest.lib.common.rest_client [req-f3a526b6-5bdf-4c24-b55f-122c0bf4a129 req-f3a526b6-5bdf-4c24-b55f-122c0bf4a129 ] Request (ListServersNegativeTestJSON:setUpClass): 200 GET http://10.180.1.21/compute/v2.1/servers/28079660-f1d5-4840-9f9b-b351f13ce934 0.525s
2025-03-26 02:51:05.412 68684 INFO tempest.lib.common.rest_client [req-9cd85b27-b1fe-4f3c-a050-bd4a461f8e1f req-9cd85b27-b1fe-4f3c-a050-bd4a461f8e1f ] Request (ServersTestManualDisk:test_list_servers): 200 GET http://10.180.1.21/compute/v2.1/servers 0.566s
2025-03-26 02:51:05.661 68702 INFO tempest.lib.common.rest_client [req-eb395b13-9dc2-443f-9c53-190a0dd374bc req-eb395b13-9dc2-443f-9c53-190a0dd374bc ] Request (ServersAdminTestJSON:_run_cleanups): 200 GET http://10.180.1.21/compute/v2.1/servers/7a3e67bb-ccd4-4239-876b-caba17a4fa71 0.745s
2025-03-26 02:51:05.760 68694 INFO tempest.lib.common.rest_client [req-d42c57a5-82ea-471d-b8e7-294cbcbb3cd5 req-d42c57a5-82ea-471d-b8e7-294cbcbb3cd5 ] Request (ServerShowV254Test:tearDownClass): 200 GET http://10.180.1.21/compute/v2.1/servers/e93d6f19-f14d-4b4b-8861-de18309a6637 0.766s
2025-03-26 02:51:06.175 68688 WARNING tempest.lib.common.ssh [-] Failed to establish authenticated ssh connection to cirros@10.180.180.158 ([Errno None] Unable to connect to port 22 on 10.180.180.158). Number attempts: 9. Retry after 10 seconds.: paramiko.ssh_exception.NoValidConnectionsError: [Errno None] Unable to connect to port 22 on 10.180.180.158
2025-03-26 02:51:06.246 68698 INFO tempest.lib.common.rest_client [req-597b3f64-bed3-4eda-970a-bff6760fb40d req-597b3f64-bed3-4eda-970a-bff6760fb40d ] Request (VolumesAssistedSnapshotsTest:tearDownClass): 200 GET http://10.180.1.21/compute/v2.1/servers/c5554b18-36da-4397-8a6c-cfedb3955077 1.234s
2025-03-26 02:51:06.316 68714 INFO tempest.lib.common.rest_client [req-51dc5a17-a5dd-4a71-9db4-91c432bb42ce req-51dc5a17-a5dd-4a71-9db4-91c432bb42ce ] Request (ServersWithSpecificFlavorTestJSON:test_verify_created_server_ephemeral_disk): 200 GET http://10.180.1.21/compute/v2.1/servers/047f2248-1771-47f7-80eb-904e0c3a0e15 1.267s
2025-03-26 02:51:06.388 68674 INFO tempest.lib.common.rest_client [req-e2acbb51-8fda-4e0b-9a1a-ecc094f26d65 req-e2acbb51-8fda-4e0b-9a1a-ecc094f26d65 ] Request (DeleteServersTestJSON:test_delete_active_server): 200 GET http://10.180.1.21/compute/v2.1/servers/8def5dd4-1403-430f-b7fb-407a540934e4 1.293s
2025-03-26 02:51:06.461 68682 INFO tempest.lib.common.rest_client [req-b1693e32-9c32-469e-99fb-27c59f3e8588 req-b1693e32-9c32-469e-99fb-27c59f3e8588 ] Request (MigrationsAdminTest:test_resize_server_revert_deleted_flavor): 200 GET http://10.180.1.21/compute/v2.1/servers/7fed51c5-9e52-4109-b686-121dd0c2ee63 1.321s
2025-03-26 02:51:06.648 68700 INFO tempest.lib.common.rest_client [req-6de2af07-4eb8-47b5-9a4d-54edbeb03282 req-6de2af07-4eb8-47b5-9a4d-54edbeb03282 ] Request (FloatingIPsAssociationNegativeTestJSON:_run_cleanups): 202 POST http://10.180.1.21/compute/v2.1/servers/d9ed7892-e388-4da5-b347-0c55dca64f3c/action 1.929s
