2025-03-26 02:48:07.409 68704 INFO tempest.lib.common.rest_client [req-c8ad61e6-b70c-44da-9b31-f9501c998060 req-c8ad61e6-b70c-44da-9b31-f9501c998060 ] Request (FlavorsAccessTestJSON:setUpClass): 201 POST http://10.180.1.21/identity/v3/users 0.750s
2025-03-26 02:48:07.429 68662 INFO tempest.lib.common.rest_client [req-11f5e942-792b-4c51-9c91-baac8544c5e0 req-11f5e942-792b-4c51-9c91-baac8544c5e0 ] Request (AggregatesAdminNegativeTestJSON:setUpClass): 200 GET http://10.180.1.21/identity/v3/roles 0.717s
2025-03-26 02:48:07.439 68658 INFO tempest.lib.common.rest_client [req-026fad30-e988-48d3-93c7-4f509d416482 req-026fad30-e988-48d3-93c7-4f509d416482 ] Request (HostsAdminTestJSON:setUpClass): 201 POST http://10.180.1.21/identity/v3/projects 0.719s
2025-03-26 02:48:07.494 68670 INFO tempest.lib.common.rest_client [req-1c42b303-f60e-4651-9181-50a2c48d1463 req-1c42b303-f60e-4651-9181-50a2c48d1463 ] Request (HypervisorAdminV253TestBase:setUpClass): 201 POST http://10.180.1.21/identity/v3/users 0.751s
2025-03-26 02:48:07.502 68654 INFO tempest.lib.common.rest_client [req-93b116a6-ff0d-4c6b-84a8-97d4fdf6b46e req-93b116a6-ff0d-4c6b-84a8-97d4fdf6b46e ] Request (FlavorsAccessNegativeTestJSON:setUpClass): 204 PUT http://10.180.1.21/identity/v3/projects/a8377202969940c788029b25efadc715/users/afeb3279bc9042ce8b6c409130253e97/roles/bdf5c2a6cebf4b948d42a8ade7d16bcb 0.758s
2025-03-26 02:48:07.502 68654 INFO tempest.lib.common.dynamic_creds [-] Dynamic test user afeb3279bc9042ce8b6c409130253e97 is created with scope project and roles: ['member']
2025-03-26 02:48:07.503 68654 INFO tempest.lib.common.dynamic_creds [-] Acquired dynamic creds: credentials: Credentials: {'domain_id': 'default', 'domain_name': 'Default', 'username': 'tempest-FlavorsAccessNegativeTestJSON-1890939169-project-member', 'project_domain_id': 'default', 'project_domain_name': 'Default', 'project_id': 'a8377202969940c788029b25efadc715', 'project_name': 'tempest-FlavorsAccessNegativeTestJSON-1890939169', 'tenant_id': 'a8377202969940c788029b25efadc715', 'tenant_name': 'tempest-FlavorsAccessNegativeTestJSON-1890939169', 'user_domain_id': 'default', 'user_domain_name': 'Default', 'user_id': 'afeb3279bc9042ce8b6c409130253e97', 'system': None}, Network: None, Subnet: None, Router: None
2025-03-26 02:48:07.503 68654 INFO tempest.lib.common.dynamic_creds [-] Created isolated network resources for: credentials: Credentials: {'domain_id': 'default', 'domain_name': 'Default', 'username': 'tempest-FlavorsAccessNegativeTestJSON-1890939169-project-member', 'project_domain_id': 'default', 'project_domain_name': 'Default', 'project_id': 'a8377202969940c788029b25efadc715', 'project_name': 'tempest-FlavorsAccessNegativeTestJSON-1890939169', 'tenant_id': 'a8377202969940c788029b25efadc715', 'tenant_name': 'tempest-FlavorsAccessNegativeTestJSON-1890939169', 'user_domain_id': 'default', 'user_domain_name': 'Default', 'user_id': 'afeb3279bc9042ce8b6c409130253e97', 'system': None}, Network: None, Subnet: None, Router: None
2025-03-26 02:48:07.555 68698 INFO tempest.lib.common.rest_client [req-0c51489d-fd45-4219-895f-12f3626e5637 req-0c51489d-fd45-4219-895f-12f3626e5637 ] Request (VolumesAssistedSnapshotsTest:setUpClass): 200 GET http://10.180.1.21/identity/v3/roles 0.754s
2025-03-26 02:48:07.574 68686 INFO tempest.lib.common.rest_client [req-ed9b98ea-6a0e-4aa1-abf5-59a2233aff4a req-ed9b98ea-6a0e-4aa1-abf5-59a2233aff4a ] Request (HypervisorAdminTestJSON:setUpClass): 201 POST http://10.180.1.21/identity/v3/auth/tokens 0.739s
2025-03-26 02:48:07.582 68702 INFO tempest.lib.common.rest_client [req-8ffca358-947d-4216-b25c-4faaf5021e2b req-8ffca358-947d-4216-b25c-4faaf5021e2b ] Request (ServersAdminTestJSON:setUpClass): 201 POST http://10.180.1.21/identity/v3/users 0.725s
2025-03-26 02:48:07.603 68700 INFO tempest.lib.common.rest_client [req-b6985301-eb52-441c-a5e7-e572ba95afef req-b6985301-eb52-441c-a5e7-e572ba95afef ] Request (HypervisorAdminUnderV252Test:setUpClass): 201 POST http://10.180.1.21/identity/v3/users 0.739s
2025-03-26 02:48:07.612 68694 INFO tempest.lib.common.rest_client [req-a703eb69-51c6-4208-a592-d3e7a30098dc req-a703eb69-51c6-4208-a592-d3e7a30098dc ] Request (InstanceUsageAuditLogTestJSON:setUpClass): 204 PUT http://10.180.1.21/identity/v3/projects/7685bbf5463346ab933ce6594a85242c/users/141af70b2c3341899244d4336e318efb/roles/bdf5c2a6cebf4b948d42a8ade7d16bcb 0.701s
2025-03-26 02:48:07.613 68694 INFO tempest.lib.common.dynamic_creds [-] Dynamic test user 141af70b2c3341899244d4336e318efb is created with scope project and roles: ['member']
2025-03-26 02:48:07.613 68694 INFO tempest.lib.common.dynamic_creds [-] Acquired dynamic creds: credentials: Credentials: {'domain_id': 'default', 'domain_name': 'Default', 'username': 'tempest-InstanceUsageAuditLogTestJSON-1070529277-project-member', 'project_domain_id': 'default', 'project_domain_name': 'Default', 'project_id': '7685bbf5463346ab933ce6594a85242c', 'project_name': 'tempest-InstanceUsageAuditLogTestJSON-1070529277', 'tenant_id': '7685bbf5463346ab933ce6594a85242c', 'tenant_name': 'tempest-InstanceUsageAuditLogTestJSON-1070529277', 'user_domain_id': 'default', 'user_domain_name': 'Default', 'user_id': '141af70b2c3341899244d4336e318efb', 'system': None}, Network: None, Subnet: None, Router: None
2025-03-26 02:48:07.613 68694 INFO tempest.lib.common.dynamic_creds [-] Created isolated network resources for: credentials: Credentials: {'domain_id': 'default', 'domain_name': 'Default', 'username': 'tempest-InstanceUsageAuditLogTestJSON-1070529277-project-member', 'project_domain_id': 'default', 'project_domain_name': 'Default', 'project_id': '7685bbf5463346ab933ce6594a85242c', 'project_name': 'tempest-InstanceUsageAuditLogTestJSON-1070529277', 'tenant_id': '7685bbf5463346ab933ce6594a85242c', 'tenant_name': 'tempest-InstanceUsageAuditLogTestJSON-1070529277', 'user_domain_id': 'default', 'user_domain_name': 'Default', 'user_id': '141af70b2c3341899244d4336e318efb', 'system': None}, Network: None, Subnet: None, Router: None
2025-03-26 02:48:07.666 68710 INFO tempest.lib.common.rest_client [req-5c96560a-a33b-4ac1-ba12-d16dcf40243d req-5c96560a-a33b-4ac1-ba12-d16dcf40243d ] Request (NetworksTest:setUpClass): 204 PUT http://10.180.1.21/identity/v3/projects/24d83ca89175463e81e9d60ff1399cd5/users/19b1b34bbf6449c6bd3a0dc3620e54bf/roles/bdf5c2a6cebf4b948d42a8ade7d16bcb 0.680s
2025-03-26 02:48:07.667 68710 INFO tempest.lib.common.dynamic_creds [-] Dynamic test user 19b1b34bbf6449c6bd3a0dc3620e54bf is created with scope project and roles: ['member']
2025-03-26 02:48:07.667 68710 INFO tempest.lib.common.dynamic_creds [-] Acquired dynamic creds: credentials: Credentials: {'domain_id': 'default', 'domain_name': 'Default', 'username': 'tempest-NetworksTest-1036107772-project-member', 'project_domain_id': 'default', 'project_domain_name': 'Default', 'project_id': '24d83ca89175463e81e9d60ff1399cd5', 'project_name': 'tempest-NetworksTest-1036107772', 'tenant_id': '24d83ca89175463e81e9d60ff1399cd5', 'tenant_name': 'tempest-NetworksTest-1036107772', 'user_domain_id': 'default', 'user_domain_name': 'Default', 'user_id': '19b1b34bbf6449c6bd3a0dc3620e54bf', 'system': None}, Network: None, Subnet: None, Router: None
2025-03-26 02:48:07.667 68710 INFO tempest.lib.common.dynamic_creds [-] Created isolated network resources for: credentials: Credentials: {'domain_id': 'default', 'domain_name': 'Default', 'username': 'tempest-NetworksTest-1036107772-project-member', 'project_domain_id': 'default', 'project_domain_name': 'Default', 'project_id': '24d83ca89175463e81e9d60ff1399cd5', 'project_name': 'tempest-NetworksTest-1036107772', 'tenant_id': '24d83ca89175463e81e9d60ff1399cd5', 'tenant_name': 'tempest-NetworksTest-1036107772', 'user_domain_id': 'default', 'user_domain_name': 'Default', 'user_id': '19b1b34bbf6449c6bd3a0dc3620e54bf', 'system': None}, Network: None, Subnet: None, Router: None
2025-03-26 02:48:07.721 68660 INFO tempest.lib.common.rest_client [req-caef215b-332c-4fd4-90ec-848661def9c8 req-caef215b-332c-4fd4-90ec-848661def9c8 ] Request (HypervisorAdminNegativeUnderV252Test:setUpClass): 201 POST http://10.180.1.21/identity/v3/auth/tokens 0.735s
2025-03-26 02:48:07.738 68696 INFO tempest.lib.common.rest_client [req-2fc20e15-d8dd-45d2-acaf-be2935964d2b req-2fc20e15-d8dd-45d2-acaf-be2935964d2b ] Request (AZAdminV2TestJSON:test_get_availability_zone_list): 200 GET http://10.180.1.21/compute/v2.1/os-availability-zone 0.764s
2025-03-26 02:48:07.766 68696 INFO tempest.lib.common.rest_client [req-603e1a1a-9ce1-44ca-bb5f-1b6f870dac55 req-603e1a1a-9ce1-44ca-bb5f-1b6f870dac55 ] Request (AZAdminV2TestJSON:test_get_availability_zone_list_detail): 200 GET http://10.180.1.21/compute/v2.1/os-availability-zone/detail 0.020s
2025-03-26 02:48:07.782 68688 INFO tempest.lib.common.rest_client [req-f4bbe7ea-40ec-4deb-ad57-cfea81a91122 req-f4bbe7ea-40ec-4deb-ad57-cfea81a91122 ] Request (FloatingIPDetailsTestJSON:setUpClass): 201 POST http://10.180.1.21/identity/v3/auth/tokens 0.791s
2025-03-26 02:48:07.827 68708 INFO tempest.lib.common.rest_client [req-880dd9c3-0595-4e4c-b19a-344ab9a29cab req-880dd9c3-0595-4e4c-b19a-344ab9a29cab ] Request (MultipleCreateNegativeTestJSON:setUpClass): 201 POST http://10.180.1.21/identity/v3/users 0.826s
2025-03-26 02:48:07.831 68682 INFO tempest.lib.common.rest_client [req-4e095fe8-4483-4a5e-999b-3902aad249ec req-4e095fe8-4483-4a5e-999b-3902aad249ec ] Request (FlavorsV255TestJSON:setUpClass): 200 GET http://10.180.1.21/identity/v3/roles 0.817s
2025-03-26 02:48:07.851 68712 INFO tempest.lib.common.rest_client [req-91f8a826-c458-4255-b843-b1fbbbb83d20 req-91f8a826-c458-4255-b843-b1fbbbb83d20 ] Request (AbsoluteLimitsNegativeTestJSON:setUpClass): 200 GET http://10.180.1.21/identity/v3/roles 0.782s
2025-03-26 02:48:07.853 68690 INFO tempest.lib.common.rest_client [req-b431c5d0-21bb-43b2-b01b-20de9b9e8339 req-b431c5d0-21bb-43b2-b01b-20de9b9e8339 ] Request (ServicesAdminNegativeV253TestJSON:setUpClass): 204 PUT http://10.180.1.21/identity/v3/projects/7901c2dcdfd34b55bde1ef830b38b0e7/users/2c8e7cefb01b4484a796d244b14bb345/roles/bdf5c2a6cebf4b948d42a8ade7d16bcb 0.806s
2025-03-26 02:48:07.853 68690 INFO tempest.lib.common.dynamic_creds [-] Dynamic test user 2c8e7cefb01b4484a796d244b14bb345 is created with scope project and roles: ['member']
2025-03-26 02:48:07.854 68690 INFO tempest.lib.common.dynamic_creds [-] Acquired dynamic creds: credentials: Credentials: {'domain_id': 'default', 'domain_name': 'Default', 'username': 'tempest-ServicesAdminNegativeV253TestJSON-343698218-project-member', 'project_domain_id': 'default', 'project_domain_name': 'Default', 'project_id': '7901c2dcdfd34b55bde1ef830b38b0e7', 'project_name': 'tempest-ServicesAdminNegativeV253TestJSON-343698218', 'tenant_id': '7901c2dcdfd34b55bde1ef830b38b0e7', 'tenant_name': 'tempest-ServicesAdminNegativeV253TestJSON-343698218', 'user_domain_id': 'default', 'user_domain_name': 'Default', 'user_id': '2c8e7cefb01b4484a796d244b14bb345', 'system': None}, Network: None, Subnet: None, Router: None
2025-03-26 02:48:07.854 68690 INFO tempest.lib.common.dynamic_creds [-] Created isolated network resources for: credentials: Credentials: {'domain_id': 'default', 'domain_name': 'Default', 'username': 'tempest-ServicesAdminNegativeV253TestJSON-343698218-project-member', 'project_domain_id': 'default', 'project_domain_name': 'Default', 'project_id': '7901c2dcdfd34b55bde1ef830b38b0e7', 'project_name': 'tempest-ServicesAdminNegativeV253TestJSON-343698218', 'tenant_id': '7901c2dcdfd34b55bde1ef830b38b0e7', 'tenant_name': 'tempest-ServicesAdminNegativeV253TestJSON-343698218', 'user_domain_id': 'default', 'user_domain_name': 'Default', 'user_id': '2c8e7cefb01b4484a796d244b14bb345', 'system': None}, Network: None, Subnet: None, Router: None
2025-03-26 02:48:07.897 68678 INFO tempest.lib.common.rest_client [req-2f73294a-ca04-4724-b3d5-7e95ac501cc9 req-2f73294a-ca04-4724-b3d5-7e95ac501cc9 ] Request (FlavorsExtraSpecsNegativeTestJSON:tearDownClass): 201 POST http://10.180.1.21/identity/v3/auth/tokens 0.800s
2025-03-26 02:48:07.907 68672 INFO tempest.lib.common.rest_client [req-c63a2a6b-481d-41d3-9ea9-454c67ad1341 req-c63a2a6b-481d-41d3-9ea9-454c67ad1341 ] Request (DeleteServersAdminTestJSON:setUpClass): 200 GET http://10.180.1.21/identity/v3/roles 0.785s
2025-03-26 02:48:07.921 68692 INFO tempest.lib.common.rest_client [req-960ab137-808d-4c93-b42e-a3223fc7113c req-960ab137-808d-4c93-b42e-a3223fc7113c ] Request (AZAdminNegativeTestJSON:setUpClass): 200 GET http://10.180.1.21/identity/v3/roles 0.740s
2025-03-26 02:48:07.957 68652 INFO tempest.lib.common.rest_client [req-588e6300-0558-4f02-ab76-1875a6f6a912 req-588e6300-0558-4f02-ab76-1875a6f6a912 ] Request (QuotasSecurityGroupAdminNegativeTest:setUpClass): 204 PUT http://10.180.1.21/identity/v3/projects/1dc4ab43fe1c444ab25fae30d173be1d/users/043bb55bf06447d094b4bb41cadf9df9/roles/bdf5c2a6cebf4b948d42a8ade7d16bcb 0.717s
2025-03-26 02:48:07.958 68652 INFO tempest.lib.common.dynamic_creds [-] Dynamic test user 043bb55bf06447d094b4bb41cadf9df9 is created with scope project and roles: ['member']
2025-03-26 02:48:07.958 68652 INFO tempest.lib.common.dynamic_creds [-] Acquired dynamic creds: credentials: Credentials: {'domain_id': 'default', 'domain_name': 'Default', 'username': 'tempest-QuotasSecurityGroupAdminNegativeTest-1490875422-project-member', 'project_domain_id': 'default', 'project_domain_name': 'Default', 'project_id': '1dc4ab43fe1c444ab25fae30d173be1d', 'project_name': 'tempest-QuotasSecurityGroupAdminNegativeTest-1490875422', 'tenant_id': '1dc4ab43fe1c444ab25fae30d173be1d', 'tenant_name': 'tempest-QuotasSecurityGroupAdminNegativeTest-1490875422', 'user_domain_id': 'default', 'user_domain_name': 'Default', 'user_id': '043bb55bf06447d094b4bb41cadf9df9', 'system': None}, Network: None, Subnet: None, Router: None
2025-03-26 02:48:07.958 68652 INFO tempest.lib.common.dynamic_creds [-] Created isolated network resources for: credentials: Credentials: {'domain_id': 'default', 'domain_name': 'Default', 'username': 'tempest-QuotasSecurityGroupAdminNegativeTest-1490875422-project-member', 'project_domain_id': 'default', 'project_domain_name': 'Default', 'project_id': '1dc4ab43fe1c444ab25fae30d173be1d', 'project_name': 'tempest-QuotasSecurityGroupAdminNegativeTest-1490875422', 'tenant_id': '1dc4ab43fe1c444ab25fae30d173be1d', 'tenant_name': 'tempest-QuotasSecurityGroupAdminNegativeTest-1490875422', 'user_domain_id': 'default', 'user_domain_name': 'Default', 'user_id': '043bb55bf06447d094b4bb41cadf9df9', 'system': None}, Network: None, Subnet: None, Router: None
2025-03-26 02:48:07.975 68656 INFO tempest.lib.common.rest_client [req-ef9df0a8-0d7d-4997-bb11-734d46e3770b req-ef9df0a8-0d7d-4997-bb11-734d46e3770b ] Request (TenantUsagesNegativeTestJSON:setUpClass): 201 POST http://10.180.1.21/identity/v3/auth/tokens 0.735s
2025-03-26 02:48:08.007 68684 INFO tempest.lib.common.rest_client [req-2e92aa92-57e1-4b7f-9a0e-23e5736d4b6e req-2e92aa92-57e1-4b7f-9a0e-23e5736d4b6e ] Request (FlavorMetadataValidation:setUpClass): 201 POST http://10.180.1.21/identity/v3/users 0.751s
2025-03-26 02:48:08.017 68706 INFO tempest.lib.common.rest_client [req-d41009a5-e714-4d89-8afa-039d051d43c9 req-d41009a5-e714-4d89-8afa-039d051d43c9 ] Request (KeyPairsV210TestJSON:setUpClass): 200 GET http://10.180.1.21/identity/v3/roles 0.745s
2025-03-26 02:48:08.022 68666 INFO tempest.lib.common.rest_client [req-ea317594-ee96-4e35-b042-f79e87d11b0b req-ea317594-ee96-4e35-b042-f79e87d11b0b ] Request (QuotaClassesAdminTestJSON:setUpClass): 200 GET http://10.180.1.21/identity/v3/roles 0.693s
2025-03-26 02:48:08.038 68714 INFO tempest.lib.common.rest_client [req-6f7c2d5b-74b2-4c5c-b02f-42b8d56597d7 req-6f7c2d5b-74b2-4c5c-b02f-42b8d56597d7 ] Request (ServersWithSpecificFlavorTestJSON:setUpClass): 200 GET http://10.180.1.21/identity/v3/roles 0.659s
2025-03-26 02:48:08.041 68668 INFO tempest.lib.common.rest_client [req-8b3d0459-d251-4f72-bb34-a83aff144105 req-8b3d0459-d251-4f72-bb34-a83aff144105 ] Request (FlavorsAdminTestJSON:tearDownClass): 200 GET http://10.180.1.21:9696/networking/v2.0/security-groups?tenant_id=b27997a5c3404061a62f33e4c7ea3cad&name=default 0.890s
2025-03-26 02:48:08.062 68664 INFO tempest.lib.common.rest_client [req-8cd0cec2-6905-48c3-8907-ef48fb5498bd req-8cd0cec2-6905-48c3-8907-ef48fb5498bd ] Request (InstanceUsageAuditLogNegativeTestJSON:setUpClass): 204 PUT http://10.180.1.21/identity/v3/projects/517a3500531a4669ab015eb7b5f975e3/users/8baf8a2646b74e6994a21ac9dc83b0fa/roles/bdf5c2a6cebf4b948d42a8ade7d16bcb 0.676s
2025-03-26 02:48:08.063 68664 INFO tempest.lib.common.dynamic_creds [-] Dynamic test user 8baf8a2646b74e6994a21ac9dc83b0fa is created with scope project and roles: ['member']
2025-03-26 02:48:08.063 68664 INFO tempest.lib.common.dynamic_creds [-] Acquired dynamic creds: credentials: Credentials: {'domain_id': 'default', 'domain_name': 'Default', 'username': 'tempest-InstanceUsageAuditLogNegativeTestJSON-124082701-project-member', 'project_domain_id': 'default', 'project_domain_name': 'Default', 'project_id': '517a3500531a4669ab015eb7b5f975e3', 'project_name': 'tempest-InstanceUsageAuditLogNegativeTestJSON-124082701', 'tenant_id': '517a3500531a4669ab015eb7b5f975e3', 'tenant_name': 'tempest-InstanceUsageAuditLogNegativeTestJSON-124082701', 'user_domain_id': 'default', 'user_domain_name': 'Default', 'user_id': '8baf8a2646b74e6994a21ac9dc83b0fa', 'system': None}, Network: None, Subnet: None, Router: None
2025-03-26 02:48:08.063 68664 INFO tempest.lib.common.dynamic_creds [-] Created isolated network resources for: credentials: Credentials: {'domain_id': 'default', 'domain_name': 'Default', 'username': 'tempest-InstanceUsageAuditLogNegativeTestJSON-124082701-project-member', 'project_domain_id': 'default', 'project_domain_name': 'Default', 'project_id': '517a3500531a4669ab015eb7b5f975e3', 'project_name': 'tempest-InstanceUsageAuditLogNegativeTestJSON-124082701', 'tenant_id': '517a3500531a4669ab015eb7b5f975e3', 'tenant_name': 'tempest-InstanceUsageAuditLogNegativeTestJSON-124082701', 'user_domain_id': 'default', 'user_domain_name': 'Default', 'user_id': '8baf8a2646b74e6994a21ac9dc83b0fa', 'system': None}, Network: None, Subnet: None, Router: None
2025-03-26 02:48:08.078 68680 INFO tempest.lib.common.rest_client [req-1049770b-53bf-40a4-816d-fb271336d6e7 req-1049770b-53bf-40a4-816d-fb271336d6e7 ] Request (QuotaClassesAdmin257Test:setUpClass): 201 POST http://10.180.1.21/identity/v3/auth/tokens 0.713s
2025-03-26 02:48:08.114 68674 INFO tempest.lib.common.rest_client [req-2501edee-f95b-4c9b-a1aa-a3ac858bd9a9 req-2501edee-f95b-4c9b-a1aa-a3ac858bd9a9 ] Request (ServersAdminNegativeTestJSON:setUpClass): 204 PUT http://10.180.1.21/identity/v3/projects/891576c895534a3faf94e58cbc0de063/users/2dd8c0fbc9f24c9fb218253a20ab4815/roles/bdf5c2a6cebf4b948d42a8ade7d16bcb 0.710s
2025-03-26 02:48:08.114 68674 INFO tempest.lib.common.dynamic_creds [-] Dynamic test user 2dd8c0fbc9f24c9fb218253a20ab4815 is created with scope project and roles: ['member']
2025-03-26 02:48:08.114 68674 INFO tempest.lib.common.dynamic_creds [-] Acquired dynamic creds: credentials: Credentials: {'domain_id': 'default', 'domain_name': 'Default', 'username': 'tempest-ServersAdminNegativeTestJSON-100889397-project-member', 'project_domain_id': 'default', 'project_domain_name': 'Default', 'project_id': '891576c895534a3faf94e58cbc0de063', 'project_name': 'tempest-ServersAdminNegativeTestJSON-100889397', 'tenant_id': '891576c895534a3faf94e58cbc0de063', 'tenant_name': 'tempest-ServersAdminNegativeTestJSON-100889397', 'user_domain_id': 'default', 'user_domain_name': 'Default', 'user_id': '2dd8c0fbc9f24c9fb218253a20ab4815', 'system': None}, Network: None, Subnet: None, Router: None
2025-03-26 02:48:08.114 68674 INFO tempest.lib.common.dynamic_creds [-] Created isolated network resources for: credentials: Credentials: {'domain_id': 'default', 'domain_name': 'Default', 'username': 'tempest-ServersAdminNegativeTestJSON-100889397-project-member', 'project_domain_id': 'default', 'project_domain_name': 'Default', 'project_id': '891576c895534a3faf94e58cbc0de063', 'project_name': 'tempest-ServersAdminNegativeTestJSON-100889397', 'tenant_id': '891576c895534a3faf94e58cbc0de063', 'tenant_name': 'tempest-ServersAdminNegativeTestJSON-100889397', 'user_domain_id': 'default', 'user_domain_name': 'Default', 'user_id': '2dd8c0fbc9f24c9fb218253a20ab4815', 'system': None}, Network: None, Subnet: None, Router: None
2025-03-26 02:48:08.125 68704 INFO tempest.lib.common.rest_client [req-1a2bc544-145c-4a29-9295-17257fc65e49 req-1a2bc544-145c-4a29-9295-17257fc65e49 ] Request (FlavorsAccessTestJSON:setUpClass): 200 GET http://10.180.1.21/identity/v3/roles 0.716s
2025-03-26 02:48:08.164 68662 INFO tempest.lib.common.rest_client [req-a22570fd-37d7-41a7-8f59-5bfcec08629e req-a22570fd-37d7-41a7-8f59-5bfcec08629e ] Request (AggregatesAdminNegativeTestJSON:setUpClass): 204 PUT http://10.180.1.21/identity/v3/projects/875051aee4fe482abc54f00489ad880b/users/572f0117c14643fabe2837952f655479/roles/e827db31525943dfb142a52b416811c5 0.734s
2025-03-26 02:48:08.170 68658 INFO tempest.lib.common.rest_client [req-ee5ddc15-fc23-4518-abba-197c22a11a60 req-ee5ddc15-fc23-4518-abba-197c22a11a60 ] Request (HostsAdminTestJSON:setUpClass): 201 POST http://10.180.1.21/identity/v3/users 0.730s
2025-03-26 02:48:08.192 68668 INFO tempest.lib.common.rest_client [req-8c756b10-ad70-41ef-a2d4-5705a2536dd0 req-8c756b10-ad70-41ef-a2d4-5705a2536dd0 ] Request (FlavorsAdminTestJSON:tearDownClass): 204 DELETE http://10.180.1.21:9696/networking/v2.0/security-groups/0012697b-ef7e-4d39-a792-19d7342ba9a1 0.150s
2025-03-26 02:48:08.207 68670 INFO tempest.lib.common.rest_client [req-24c02b87-6dc6-4384-92db-b0d7f1d8a2f3 req-24c02b87-6dc6-4384-92db-b0d7f1d8a2f3 ] Request (HypervisorAdminV253TestBase:setUpClass): 200 GET http://10.180.1.21/identity/v3/roles 0.712s
2025-03-26 02:48:08.225 68654 INFO tempest.lib.common.rest_client [req-e8dea490-4f79-4620-a286-b5dfc275ac2f req-e8dea490-4f79-4620-a286-b5dfc275ac2f ] Request (FlavorsAccessNegativeTestJSON:setUpClass): 201 POST http://10.180.1.21/identity/v3/auth/tokens 0.673s
2025-03-26 02:48:08.226 68698 INFO tempest.lib.common.rest_client [req-6d518b7e-a3d0-40c4-b321-2e0bc774c55f req-6d518b7e-a3d0-40c4-b321-2e0bc774c55f ] Request (VolumesAssistedSnapshotsTest:setUpClass): 204 PUT http://10.180.1.21/identity/v3/projects/8a5b2913cbc04c76b84c4d412e28d4b1/users/a6cdbd54d1eb434ba6718ce46e5dc3ce/roles/bdf5c2a6cebf4b948d42a8ade7d16bcb 0.670s
2025-03-26 02:48:08.226 68698 INFO tempest.lib.common.dynamic_creds [-] Dynamic test user a6cdbd54d1eb434ba6718ce46e5dc3ce is created with scope project and roles: ['member']
2025-03-26 02:48:08.226 68698 INFO tempest.lib.common.dynamic_creds [-] Acquired dynamic creds: credentials: Credentials: {'domain_id': 'default', 'domain_name': 'Default', 'username': 'tempest-VolumesAssistedSnapshotsTest-819686352-project-member', 'project_domain_id': 'default', 'project_domain_name': 'Default', 'project_id': '8a5b2913cbc04c76b84c4d412e28d4b1', 'project_name': 'tempest-VolumesAssistedSnapshotsTest-819686352', 'tenant_id': '8a5b2913cbc04c76b84c4d412e28d4b1', 'tenant_name': 'tempest-VolumesAssistedSnapshotsTest-819686352', 'user_domain_id': 'default', 'user_domain_name': 'Default', 'user_id': 'a6cdbd54d1eb434ba6718ce46e5dc3ce', 'system': None}, Network: None, Subnet: None, Router: None
2025-03-26 02:48:08.269 68702 INFO tempest.lib.common.rest_client [req-110239e5-8405-4ddc-8347-4ad510a9f7b6 req-110239e5-8405-4ddc-8347-4ad510a9f7b6 ] Request (ServersAdminTestJSON:setUpClass): 200 GET http://10.180.1.21/identity/v3/roles 0.686s
2025-03-26 02:48:08.283 68686 INFO tempest.lib.common.rest_client [req-19a51220-a111-4553-a349-010d6f049134 req-19a51220-a111-4553-a349-010d6f049134 ] Request (HypervisorAdminTestJSON:setUpClass): 201 POST http://10.180.1.21/identity/v3/projects 0.708s
2025-03-26 02:48:08.285 68700 INFO tempest.lib.common.rest_client [req-7e59c33e-8df5-4569-a80d-ee6816fb4388 req-7e59c33e-8df5-4569-a80d-ee6816fb4388 ] Request (HypervisorAdminUnderV252Test:setUpClass): 200 GET http://10.180.1.21/identity/v3/roles 0.681s
2025-03-26 02:48:08.339 68710 INFO tempest.lib.common.rest_client [req-188d43c7-b880-43f7-b517-ca8d18606721 req-188d43c7-b880-43f7-b517-ca8d18606721 ] Request (NetworksTest:setUpClass): 201 POST http://10.180.1.21/identity/v3/auth/tokens 0.625s
2025-03-26 02:48:08.340 68694 INFO tempest.lib.common.rest_client [req-0eb1d6eb-6e79-44b9-88e9-46f23c780879 req-0eb1d6eb-6e79-44b9-88e9-46f23c780879 ] Request (InstanceUsageAuditLogTestJSON:setUpClass): 201 POST http://10.180.1.21/identity/v3/auth/tokens 0.690s
2025-03-26 02:48:08.392 68660 INFO tempest.lib.common.rest_client [req-0b6547c7-6b42-4b96-be64-f83bf91b5818 req-0b6547c7-6b42-4b96-be64-f83bf91b5818 ] Request (HypervisorAdminNegativeUnderV252Test:setUpClass): 201 POST http://10.180.1.21/identity/v3/projects 0.670s
2025-03-26 02:48:08.418 68696 INFO tempest.lib.common.rest_client [req-c88a50dd-9617-4ebb-b8dd-efe5b32b4ab4 req-c88a50dd-9617-4ebb-b8dd-efe5b32b4ab4 ] Request (AZAdminV2TestJSON:tearDownClass): 204 DELETE http://10.180.1.21/identity/v3/users/1f9e5639108f4c7ca89e852fb93df7d4 0.647s
2025-03-26 02:48:08.517 68676 INFO tempest.lib.common.rest_client [req-9730bfc2-c399-438d-916b-89ee869519c3 req-9730bfc2-c399-438d-916b-89ee869519c3 ] Request (FloatingIPsNegativeTestJSON:setUpClass): 200 GET http://10.180.1.21/compute/v2.1/os-floating-ips 3.167s
2025-03-26 02:48:08.521 68708 INFO tempest.lib.common.rest_client [req-7d79ec70-0b53-45ec-a71a-db14c4ef6835 req-7d79ec70-0b53-45ec-a71a-db14c4ef6835 ] Request (MultipleCreateNegativeTestJSON:setUpClass): 200 GET http://10.180.1.21/identity/v3/roles 0.693s
2025-03-26 02:48:08.541 68682 INFO tempest.lib.common.rest_client [req-bf62bc2a-4dc6-47a2-9ba1-c15650245427 req-bf62bc2a-4dc6-47a2-9ba1-c15650245427 ] Request (FlavorsV255TestJSON:setUpClass): 204 PUT http://10.180.1.21/identity/v3/projects/7e038c9402774415ad8f3e854fca593c/users/1f278e7e5b884b20a5a07699b974fccc/roles/bdf5c2a6cebf4b948d42a8ade7d16bcb 0.709s
2025-03-26 02:48:08.541 68682 INFO tempest.lib.common.dynamic_creds [-] Dynamic test user 1f278e7e5b884b20a5a07699b974fccc is created with scope project and roles: ['member']
2025-03-26 02:48:08.541 68682 INFO tempest.lib.common.dynamic_creds [-] Acquired dynamic creds: credentials: Credentials: {'domain_id': 'default', 'domain_name': 'Default', 'username': 'tempest-FlavorsV255TestJSON-1141095164-project-member', 'project_domain_id': 'default', 'project_domain_name': 'Default', 'project_id': '7e038c9402774415ad8f3e854fca593c', 'project_name': 'tempest-FlavorsV255TestJSON-1141095164', 'tenant_id': '7e038c9402774415ad8f3e854fca593c', 'tenant_name': 'tempest-FlavorsV255TestJSON-1141095164', 'user_domain_id': 'default', 'user_domain_name': 'Default', 'user_id': '1f278e7e5b884b20a5a07699b974fccc', 'system': None}, Network: None, Subnet: None, Router: None
2025-03-26 02:48:08.542 68682 INFO tempest.lib.common.dynamic_creds [-] Created isolated network resources for: credentials: Credentials: {'domain_id': 'default', 'domain_name': 'Default', 'username': 'tempest-FlavorsV255TestJSON-1141095164-project-member', 'project_domain_id': 'default', 'project_domain_name': 'Default', 'project_id': '7e038c9402774415ad8f3e854fca593c', 'project_name': 'tempest-FlavorsV255TestJSON-1141095164', 'tenant_id': '7e038c9402774415ad8f3e854fca593c', 'tenant_name': 'tempest-FlavorsV255TestJSON-1141095164', 'user_domain_id': 'default', 'user_domain_name': 'Default', 'user_id': '1f278e7e5b884b20a5a07699b974fccc', 'system': None}, Network: None, Subnet: None, Router: None
2025-03-26 02:48:08.552 68712 INFO tempest.lib.common.rest_client [req-f4113cbc-21d2-487c-8b73-7e0fb6bc0fde req-f4113cbc-21d2-487c-8b73-7e0fb6bc0fde ] Request (AbsoluteLimitsNegativeTestJSON:setUpClass): 204 PUT http://10.180.1.21/identity/v3/projects/fbc4e0166608470889973f4a7d7e0b67/users/3e3c869ab8e94e4ba6e15ff1b4b507a9/roles/bdf5c2a6cebf4b948d42a8ade7d16bcb 0.701s
2025-03-26 02:48:08.552 68712 INFO tempest.lib.common.dynamic_creds [-] Dynamic test user 3e3c869ab8e94e4ba6e15ff1b4b507a9 is created with scope project and roles: ['member']
2025-03-26 02:48:08.552 68712 INFO tempest.lib.common.dynamic_creds [-] Acquired dynamic creds: credentials: Credentials: {'domain_id': 'default', 'domain_name': 'Default', 'username': 'tempest-AbsoluteLimitsNegativeTestJSON-1883812628-project-member', 'project_domain_id': 'default', 'project_domain_name': 'Default', 'project_id': 'fbc4e0166608470889973f4a7d7e0b67', 'project_name': 'tempest-AbsoluteLimitsNegativeTestJSON-1883812628', 'tenant_id': 'fbc4e0166608470889973f4a7d7e0b67', 'tenant_name': 'tempest-AbsoluteLimitsNegativeTestJSON-1883812628', 'user_domain_id': 'default', 'user_domain_name': 'Default', 'user_id': '3e3c869ab8e94e4ba6e15ff1b4b507a9', 'system': None}, Network: None, Subnet: None, Router: None
2025-03-26 02:48:08.552 68712 INFO tempest.lib.common.dynamic_creds [-] Created isolated network resources for: credentials: Credentials: {'domain_id': 'default', 'domain_name': 'Default', 'username': 'tempest-AbsoluteLimitsNegativeTestJSON-1883812628-project-member', 'project_domain_id': 'default', 'project_domain_name': 'Default', 'project_id': 'fbc4e0166608470889973f4a7d7e0b67', 'project_name': 'tempest-AbsoluteLimitsNegativeTestJSON-1883812628', 'tenant_id': 'fbc4e0166608470889973f4a7d7e0b67', 'tenant_name': 'tempest-AbsoluteLimitsNegativeTestJSON-1883812628', 'user_domain_id': 'default', 'user_domain_name': 'Default', 'user_id': '3e3c869ab8e94e4ba6e15ff1b4b507a9', 'system': None}, Network: None, Subnet: None, Router: None
2025-03-26 02:48:08.553 68676 INFO tempest.lib.common.rest_client [req-df81dcde-d74d-42c6-acdf-186496569279 req-df81dcde-d74d-42c6-acdf-186496569279 ] Request (FloatingIPsNegativeTestJSON:test_allocate_floating_ip_from_nonexistent_pool): 404 POST http://10.180.1.21/compute/v2.1/os-floating-ips 0.032s
2025-03-26 02:48:08.599 68690 INFO tempest.lib.common.rest_client [req-ebc174ca-11d9-4235-85f9-83931ae97320 req-ebc174ca-11d9-4235-85f9-83931ae97320 ] Request (ServicesAdminNegativeV253TestJSON:setUpClass): 201 POST http://10.180.1.21/identity/v3/auth/tokens 0.705s
2025-03-26 02:48:08.613 68676 INFO tempest.lib.common.rest_client [req-d0d67fcb-4651-4137-9e14-268f86a95642 req-d0d67fcb-4651-4137-9e14-268f86a95642 ] Request (FloatingIPsNegativeTestJSON:test_delete_nonexistent_floating_ip): 404 DELETE http://10.180.1.21/compute/v2.1/os-floating-ips/f0c50419-1704-441c-a060-eeb3687c5f3f 0.059s
2025-03-26 02:48:08.653 68672 INFO tempest.lib.common.rest_client [req-b201a2c2-150d-4a30-b7d9-aecbeb245fca req-b201a2c2-150d-4a30-b7d9-aecbeb245fca ] Request (DeleteServersAdminTestJSON:setUpClass): 204 PUT http://10.180.1.21/identity/v3/projects/8c44c5e6645a4fcfa4f473b2510e2a67/users/94e873791671433780c308a66e81c32e/roles/bdf5c2a6cebf4b948d42a8ade7d16bcb 0.746s
2025-03-26 02:48:08.653 68692 INFO tempest.lib.common.rest_client [req-e6a60346-87c2-4285-9586-804cf630225e req-e6a60346-87c2-4285-9586-804cf630225e ] Request (AZAdminNegativeTestJSON:setUpClass): 204 PUT http://10.180.1.21/identity/v3/projects/660031bc6cda4b9681da7e48a1be924f/users/ceb922faa398430580c22726bcd43846/roles/bdf5c2a6cebf4b948d42a8ade7d16bcb 0.731s
2025-03-26 02:48:08.654 68692 INFO tempest.lib.common.dynamic_creds [-] Dynamic test user ceb922faa398430580c22726bcd43846 is created with scope project and roles: ['member']
2025-03-26 02:48:08.654 68672 INFO tempest.lib.common.dynamic_creds [-] Dynamic test user 94e873791671433780c308a66e81c32e is created with scope project and roles: ['member']
2025-03-26 02:48:08.654 68692 INFO tempest.lib.common.dynamic_creds [-] Acquired dynamic creds: credentials: Credentials: {'domain_id': 'default', 'domain_name': 'Default', 'username': 'tempest-AZAdminNegativeTestJSON-1270104034-project-member', 'project_domain_id': 'default', 'project_domain_name': 'Default', 'project_id': '660031bc6cda4b9681da7e48a1be924f', 'project_name': 'tempest-AZAdminNegativeTestJSON-1270104034', 'tenant_id': '660031bc6cda4b9681da7e48a1be924f', 'tenant_name': 'tempest-AZAdminNegativeTestJSON-1270104034', 'user_domain_id': 'default', 'user_domain_name': 'Default', 'user_id': 'ceb922faa398430580c22726bcd43846', 'system': None}, Network: None, Subnet: None, Router: None
2025-03-26 02:48:08.654 68672 INFO tempest.lib.common.dynamic_creds [-] Acquired dynamic creds: credentials: Credentials: {'domain_id': 'default', 'domain_name': 'Default', 'username': 'tempest-DeleteServersAdminTestJSON-355449425-project-member', 'project_domain_id': 'default', 'project_domain_name': 'Default', 'project_id': '8c44c5e6645a4fcfa4f473b2510e2a67', 'project_name': 'tempest-DeleteServersAdminTestJSON-355449425', 'tenant_id': '8c44c5e6645a4fcfa4f473b2510e2a67', 'tenant_name': 'tempest-DeleteServersAdminTestJSON-355449425', 'user_domain_id': 'default', 'user_domain_name': 'Default', 'user_id': '94e873791671433780c308a66e81c32e', 'system': None}, Network: None, Subnet: None, Router: None
2025-03-26 02:48:08.654 68672 INFO tempest.lib.common.dynamic_creds [-] Created isolated network resources for: credentials: Credentials: {'domain_id': 'default', 'domain_name': 'Default', 'username': 'tempest-DeleteServersAdminTestJSON-355449425-project-member', 'project_domain_id': 'default', 'project_domain_name': 'Default', 'project_id': '8c44c5e6645a4fcfa4f473b2510e2a67', 'project_name': 'tempest-DeleteServersAdminTestJSON-355449425', 'tenant_id': '8c44c5e6645a4fcfa4f473b2510e2a67', 'tenant_name': 'tempest-DeleteServersAdminTestJSON-355449425', 'user_domain_id': 'default', 'user_domain_name': 'Default', 'user_id': '94e873791671433780c308a66e81c32e', 'system': None}, Network: None, Subnet: None, Router: None
2025-03-26 02:48:08.654 68692 INFO tempest.lib.common.dynamic_creds [-] Created isolated network resources for: credentials: Credentials: {'domain_id': 'default', 'domain_name': 'Default', 'username': 'tempest-AZAdminNegativeTestJSON-1270104034-project-member', 'project_domain_id': 'default', 'project_domain_name': 'Default', 'project_id': '660031bc6cda4b9681da7e48a1be924f', 'project_name': 'tempest-AZAdminNegativeTestJSON-1270104034', 'tenant_id': '660031bc6cda4b9681da7e48a1be924f', 'tenant_name': 'tempest-AZAdminNegativeTestJSON-1270104034', 'user_domain_id': 'default', 'user_domain_name': 'Default', 'user_id': 'ceb922faa398430580c22726bcd43846', 'system': None}, Network: None, Subnet: None, Router: None
2025-03-26 02:48:08.720 68652 INFO tempest.lib.common.rest_client [req-9f19d90d-daea-4111-878e-740994a2c6d6 req-9f19d90d-daea-4111-878e-740994a2c6d6 ] Request (QuotasSecurityGroupAdminNegativeTest:setUpClass): 201 POST http://10.180.1.21/identity/v3/auth/tokens 0.713s
2025-03-26 02:48:08.733 68678 INFO tempest.lib.common.rest_client [req-761580b6-1ede-4178-a135-0a607ba2bebe req-761580b6-1ede-4178-a135-0a607ba2bebe ] Request (FlavorsExtraSpecsNegativeTestJSON:tearDownClass): 200 GET http://10.180.1.21:9696/networking/v2.0/security-groups?tenant_id=70b869665516410ba1909c525adf55a2&name=default 0.835s
2025-03-26 02:48:08.753 68656 INFO tempest.lib.common.rest_client [req-763226a5-c736-4bc0-90b2-939b251a9ba4 req-763226a5-c736-4bc0-90b2-939b251a9ba4 ] Request (TenantUsagesNegativeTestJSON:setUpClass): 201 POST http://10.180.1.21/identity/v3/projects 0.777s
2025-03-26 02:48:08.795 68684 INFO tempest.lib.common.rest_client [req-68f19cf0-d052-4d6c-bcfb-a344360c2290 req-68f19cf0-d052-4d6c-bcfb-a344360c2290 ] Request (FlavorMetadataValidation:setUpClass): 200 GET http://10.180.1.21/identity/v3/roles 0.787s
2025-03-26 02:48:08.807 68678 INFO tempest.lib.common.rest_client [req-c66b7021-9e9a-442d-ad4d-1d1a8e25ecf9 req-c66b7021-9e9a-442d-ad4d-1d1a8e25ecf9 ] Request (FlavorsExtraSpecsNegativeTestJSON:tearDownClass): 204 DELETE http://10.180.1.21:9696/networking/v2.0/security-groups/2e2fd4a3-2ef8-4a1e-80c2-86cf9a29bf5e 0.073s
2025-03-26 02:48:08.811 68706 INFO tempest.lib.common.rest_client [req-6f7b6dc0-434e-4626-a1b3-3f03bf09c7a7 req-6f7b6dc0-434e-4626-a1b3-3f03bf09c7a7 ] Request (KeyPairsV210TestJSON:setUpClass): 204 PUT http://10.180.1.21/identity/v3/projects/8d2b56ed5c3b448185d35ed7fc7c1314/users/b67ef142d34f43459ec3912488458550/roles/bdf5c2a6cebf4b948d42a8ade7d16bcb 0.793s
2025-03-26 02:48:08.812 68706 INFO tempest.lib.common.dynamic_creds [-] Dynamic test user b67ef142d34f43459ec3912488458550 is created with scope project and roles: ['member']
2025-03-26 02:48:08.812 68706 INFO tempest.lib.common.dynamic_creds [-] Acquired dynamic creds: credentials: Credentials: {'domain_id': 'default', 'domain_name': 'Default', 'username': 'tempest-KeyPairsV210TestJSON-486135600-project-member', 'project_domain_id': 'default', 'project_domain_name': 'Default', 'project_id': '8d2b56ed5c3b448185d35ed7fc7c1314', 'project_name': 'tempest-KeyPairsV210TestJSON-486135600', 'tenant_id': '8d2b56ed5c3b448185d35ed7fc7c1314', 'tenant_name': 'tempest-KeyPairsV210TestJSON-486135600', 'user_domain_id': 'default', 'user_domain_name': 'Default', 'user_id': 'b67ef142d34f43459ec3912488458550', 'system': None}, Network: None, Subnet: None, Router: None
2025-03-26 02:48:08.812 68706 INFO tempest.lib.common.dynamic_creds [-] Created isolated network resources for: credentials: Credentials: {'domain_id': 'default', 'domain_name': 'Default', 'username': 'tempest-KeyPairsV210TestJSON-486135600-project-member', 'project_domain_id': 'default', 'project_domain_name': 'Default', 'project_id': '8d2b56ed5c3b448185d35ed7fc7c1314', 'project_name': 'tempest-KeyPairsV210TestJSON-486135600', 'tenant_id': '8d2b56ed5c3b448185d35ed7fc7c1314', 'tenant_name': 'tempest-KeyPairsV210TestJSON-486135600', 'user_domain_id': 'default', 'user_domain_name': 'Default', 'user_id': 'b67ef142d34f43459ec3912488458550', 'system': None}, Network: None, Subnet: None, Router: None
2025-03-26 02:48:08.825 68666 INFO tempest.lib.common.rest_client [req-4499b325-9a6a-434d-947e-72839858099b req-4499b325-9a6a-434d-947e-72839858099b ] Request (QuotaClassesAdminTestJSON:setUpClass): 204 PUT http://10.180.1.21/identity/v3/projects/0532db49a59a425984709fea912e6d22/users/4c31170ff2c54eba9dd3a1b4c3a1df03/roles/bdf5c2a6cebf4b948d42a8ade7d16bcb 0.802s
2025-03-26 02:48:08.825 68666 INFO tempest.lib.common.dynamic_creds [-] Dynamic test user 4c31170ff2c54eba9dd3a1b4c3a1df03 is created with scope project and roles: ['member']
2025-03-26 02:48:08.825 68666 INFO tempest.lib.common.dynamic_creds [-] Acquired dynamic creds: credentials: Credentials: {'domain_id': 'default', 'domain_name': 'Default', 'username': 'tempest-QuotaClassesAdminTestJSON-1438883124-project-member', 'project_domain_id': 'default', 'project_domain_name': 'Default', 'project_id': '0532db49a59a425984709fea912e6d22', 'project_name': 'tempest-QuotaClassesAdminTestJSON-1438883124', 'tenant_id': '0532db49a59a425984709fea912e6d22', 'tenant_name': 'tempest-QuotaClassesAdminTestJSON-1438883124', 'user_domain_id': 'default', 'user_domain_name': 'Default', 'user_id': '4c31170ff2c54eba9dd3a1b4c3a1df03', 'system': None}, Network: None, Subnet: None, Router: None
2025-03-26 02:48:08.825 68666 INFO tempest.lib.common.dynamic_creds [-] Created isolated network resources for: credentials: Credentials: {'domain_id': 'default', 'domain_name': 'Default', 'username': 'tempest-QuotaClassesAdminTestJSON-1438883124-project-member', 'project_domain_id': 'default', 'project_domain_name': 'Default', 'project_id': '0532db49a59a425984709fea912e6d22', 'project_name': 'tempest-QuotaClassesAdminTestJSON-1438883124', 'tenant_id': '0532db49a59a425984709fea912e6d22', 'tenant_name': 'tempest-QuotaClassesAdminTestJSON-1438883124', 'user_domain_id': 'default', 'user_domain_name': 'Default', 'user_id': '4c31170ff2c54eba9dd3a1b4c3a1df03', 'system': None}, Network: None, Subnet: None, Router: None
2025-03-26 02:48:08.877 68680 INFO tempest.lib.common.rest_client [req-86f1b25f-6644-4074-a60f-2ff74376881e req-86f1b25f-6644-4074-a60f-2ff74376881e ] Request (QuotaClassesAdmin257Test:setUpClass): 201 POST http://10.180.1.21/identity/v3/projects 0.799s
2025-03-26 02:48:08.889 68714 INFO tempest.lib.common.rest_client [req-3894dc24-836c-4e29-8b47-2f57dc0c9eda req-3894dc24-836c-4e29-8b47-2f57dc0c9eda ] Request (ServersWithSpecificFlavorTestJSON:setUpClass): 204 PUT http://10.180.1.21/identity/v3/projects/908a3b19ac6b4a9a99691e09fff5a6d0/users/54580c39b10a498394396605e3757427/roles/bdf5c2a6cebf4b948d42a8ade7d16bcb 0.851s
2025-03-26 02:48:08.889 68714 INFO tempest.lib.common.dynamic_creds [-] Dynamic test user 54580c39b10a498394396605e3757427 is created with scope project and roles: ['member']
2025-03-26 02:48:08.890 68714 INFO tempest.lib.common.dynamic_creds [-] Acquired dynamic creds: credentials: Credentials: {'domain_id': 'default', 'domain_name': 'Default', 'username': 'tempest-ServersWithSpecificFlavorTestJSON-2033217338-project-member', 'project_domain_id': 'default', 'project_domain_name': 'Default', 'project_id': '908a3b19ac6b4a9a99691e09fff5a6d0', 'project_name': 'tempest-ServersWithSpecificFlavorTestJSON-2033217338', 'tenant_id': '908a3b19ac6b4a9a99691e09fff5a6d0', 'tenant_name': 'tempest-ServersWithSpecificFlavorTestJSON-2033217338', 'user_domain_id': 'default', 'user_domain_name': 'Default', 'user_id': '54580c39b10a498394396605e3757427', 'system': None}, Network: None, Subnet: None, Router: None
2025-03-26 02:48:08.931 68664 INFO tempest.lib.common.rest_client [req-e17e6f94-afe5-461c-a1a5-417cd4134f28 req-e17e6f94-afe5-461c-a1a5-417cd4134f28 ] Request (InstanceUsageAuditLogNegativeTestJSON:setUpClass): 201 POST http://10.180.1.21/identity/v3/auth/tokens 0.826s
2025-03-26 02:48:08.937 68704 INFO tempest.lib.common.rest_client [req-36fd4af2-3e84-4675-9e03-007b37e00baa req-36fd4af2-3e84-4675-9e03-007b37e00baa ] Request (FlavorsAccessTestJSON:setUpClass): 204 PUT http://10.180.1.21/identity/v3/projects/b8f0d144a8b2442da2c19ca513c0dbbd/users/c139fbb0d0c1400c9b216a4382246ea0/roles/bdf5c2a6cebf4b948d42a8ade7d16bcb 0.811s
2025-03-26 02:48:08.937 68704 INFO tempest.lib.common.dynamic_creds [-] Dynamic test user c139fbb0d0c1400c9b216a4382246ea0 is created with scope project and roles: ['member']
2025-03-26 02:48:08.937 68704 INFO tempest.lib.common.dynamic_creds [-] Acquired dynamic creds: credentials: Credentials: {'domain_id': 'default', 'domain_name': 'Default', 'username': 'tempest-FlavorsAccessTestJSON-703566835-project-member', 'project_domain_id': 'default', 'project_domain_name': 'Default', 'project_id': 'b8f0d144a8b2442da2c19ca513c0dbbd', 'project_name': 'tempest-FlavorsAccessTestJSON-703566835', 'tenant_id': 'b8f0d144a8b2442da2c19ca513c0dbbd', 'tenant_name': 'tempest-FlavorsAccessTestJSON-703566835', 'user_domain_id': 'default', 'user_domain_name': 'Default', 'user_id': 'c139fbb0d0c1400c9b216a4382246ea0', 'system': None}, Network: None, Subnet: None, Router: None
2025-03-26 02:48:08.937 68704 INFO tempest.lib.common.dynamic_creds [-] Created isolated network resources for: credentials: Credentials: {'domain_id': 'default', 'domain_name': 'Default', 'username': 'tempest-FlavorsAccessTestJSON-703566835-project-member', 'project_domain_id': 'default', 'project_domain_name': 'Default', 'project_id': 'b8f0d144a8b2442da2c19ca513c0dbbd', 'project_name': 'tempest-FlavorsAccessTestJSON-703566835', 'tenant_id': 'b8f0d144a8b2442da2c19ca513c0dbbd', 'tenant_name': 'tempest-FlavorsAccessTestJSON-703566835', 'user_domain_id': 'default', 'user_domain_name': 'Default', 'user_id': 'c139fbb0d0c1400c9b216a4382246ea0', 'system': None}, Network: None, Subnet: None, Router: None
2025-03-26 02:48:08.980 68662 INFO tempest.lib.common.rest_client [req-5cd3c330-4593-464a-87f4-fb7e7cedb1d5 req-5cd3c330-4593-464a-87f4-fb7e7cedb1d5 ] Request (AggregatesAdminNegativeTestJSON:setUpClass): 200 GET http://10.180.1.21/identity/v3/roles 0.815s
2025-03-26 02:48:08.989 68674 INFO tempest.lib.common.rest_client [req-8fb1bb59-b07e-41a8-948d-d19ba9f19a78 req-8fb1bb59-b07e-41a8-948d-d19ba9f19a78 ] Request (ServersAdminNegativeTestJSON:setUpClass): 201 POST http://10.180.1.21/identity/v3/auth/tokens 0.820s
2025-03-26 02:48:09.000 68658 INFO tempest.lib.common.rest_client [req-99b907e1-4060-4dee-8a3a-3a8be0c2701f req-99b907e1-4060-4dee-8a3a-3a8be0c2701f ] Request (HostsAdminTestJSON:setUpClass): 200 GET http://10.180.1.21/identity/v3/roles 0.829s
2025-03-26 02:48:09.023 68670 INFO tempest.lib.common.rest_client [req-fca930ec-65fc-4e7c-9174-651b1d38d9c7 req-fca930ec-65fc-4e7c-9174-651b1d38d9c7 ] Request (HypervisorAdminV253TestBase:setUpClass): 204 PUT http://10.180.1.21/identity/v3/projects/209ded2a09bc49cf8dcafb9719f92eb3/users/99c9cf13c5874bf5a0ea86966ef2349e/roles/bdf5c2a6cebf4b948d42a8ade7d16bcb 0.815s
2025-03-26 02:48:09.023 68670 INFO tempest.lib.common.dynamic_creds [-] Dynamic test user 99c9cf13c5874bf5a0ea86966ef2349e is created with scope project and roles: ['member']
2025-03-26 02:48:09.023 68670 INFO tempest.lib.common.dynamic_creds [-] Acquired dynamic creds: credentials: Credentials: {'domain_id': 'default', 'domain_name': 'Default', 'username': 'tempest-HypervisorAdminV253TestBase-2120819244-project-member', 'project_domain_id': 'default', 'project_domain_name': 'Default', 'project_id': '209ded2a09bc49cf8dcafb9719f92eb3', 'project_name': 'tempest-HypervisorAdminV253TestBase-2120819244', 'tenant_id': '209ded2a09bc49cf8dcafb9719f92eb3', 'tenant_name': 'tempest-HypervisorAdminV253TestBase-2120819244', 'user_domain_id': 'default', 'user_domain_name': 'Default', 'user_id': '99c9cf13c5874bf5a0ea86966ef2349e', 'system': None}, Network: None, Subnet: None, Router: None
2025-03-26 02:48:09.023 68670 INFO tempest.lib.common.dynamic_creds [-] Created isolated network resources for: credentials: Credentials: {'domain_id': 'default', 'domain_name': 'Default', 'username': 'tempest-HypervisorAdminV253TestBase-2120819244-project-member', 'project_domain_id': 'default', 'project_domain_name': 'Default', 'project_id': '209ded2a09bc49cf8dcafb9719f92eb3', 'project_name': 'tempest-HypervisorAdminV253TestBase-2120819244', 'tenant_id': '209ded2a09bc49cf8dcafb9719f92eb3', 'tenant_name': 'tempest-HypervisorAdminV253TestBase-2120819244', 'user_domain_id': 'default', 'user_domain_name': 'Default', 'user_id': '99c9cf13c5874bf5a0ea86966ef2349e', 'system': None}, Network: None, Subnet: None, Router: None
2025-03-26 02:48:09.050 68668 INFO tempest.lib.common.rest_client [req-470f0767-7954-43ec-a601-6b1ab182f397 req-470f0767-7954-43ec-a601-6b1ab182f397 ] Request (FlavorsAdminTestJSON:tearDownClass): 204 DELETE http://10.180.1.21/identity/v3/projects/b27997a5c3404061a62f33e4c7ea3cad 0.857s
2025-03-26 02:48:09.050 68668 INFO tempest.lib.common.dynamic_creds [-] Deleting project and security group for project: 1ccffe71b4684f2b85973e431d56f952
2025-03-26 02:48:09.074 68698 INFO tempest.lib.common.rest_client [req-25aa4f8a-6c27-4879-bd7f-7b85d16a0fdc req-25aa4f8a-6c27-4879-bd7f-7b85d16a0fdc ] Request (VolumesAssistedSnapshotsTest:setUpClass): 201 POST http://10.180.1.21/identity/v3/auth/tokens 0.847s
2025-03-26 02:48:09.108 68702 INFO tempest.lib.common.rest_client [req-aece6984-c456-4589-ac21-a4503c66fb9e req-aece6984-c456-4589-ac21-a4503c66fb9e ] Request (ServersAdminTestJSON:setUpClass): 204 PUT http://10.180.1.21/identity/v3/projects/6b4ceddc23ea489d91cd2db447612030/users/db378f40dba34b0bb63b9917e439bc54/roles/bdf5c2a6cebf4b948d42a8ade7d16bcb 0.838s
2025-03-26 02:48:09.108 68702 INFO tempest.lib.common.dynamic_creds [-] Dynamic test user db378f40dba34b0bb63b9917e439bc54 is created with scope project and roles: ['member']
2025-03-26 02:48:09.108 68702 INFO tempest.lib.common.dynamic_creds [-] Acquired dynamic creds: credentials: Credentials: {'domain_id': 'default', 'domain_name': 'Default', 'username': 'tempest-ServersAdminTestJSON-340534059-project-member', 'project_domain_id': 'default', 'project_domain_name': 'Default', 'project_id': '6b4ceddc23ea489d91cd2db447612030', 'project_name': 'tempest-ServersAdminTestJSON-340534059', 'tenant_id': '6b4ceddc23ea489d91cd2db447612030', 'tenant_name': 'tempest-ServersAdminTestJSON-340534059', 'user_domain_id': 'default', 'user_domain_name': 'Default', 'user_id': 'db378f40dba34b0bb63b9917e439bc54', 'system': None}, Network: None, Subnet: None, Router: None
2025-03-26 02:48:09.115 68654 INFO tempest.lib.common.rest_client [req-b8bc437e-fd54-4ec6-a177-83778c838dc7 req-b8bc437e-fd54-4ec6-a177-83778c838dc7 ] Request (FlavorsAccessNegativeTestJSON:setUpClass): 201 POST http://10.180.1.21/identity/v3/projects 0.890s
2025-03-26 02:48:09.150 68668 INFO tempest.lib.common.rest_client [req-245de40a-b02b-4cb8-a529-a6ce5969164f req-245de40a-b02b-4cb8-a529-a6ce5969164f ] Request (FlavorsAdminTestJSON:tearDownClass): 200 GET http://10.180.1.21:9696/networking/v2.0/security-groups?tenant_id=1ccffe71b4684f2b85973e431d56f952&name=default 0.099s
2025-03-26 02:48:09.165 68686 INFO tempest.lib.common.rest_client [req-9df76e3a-9a22-4263-89af-3489cbd4b8b5 req-9df76e3a-9a22-4263-89af-3489cbd4b8b5 ] Request (HypervisorAdminTestJSON:setUpClass): 201 POST http://10.180.1.21/identity/v3/users 0.882s
2025-03-26 02:48:09.168 68700 INFO tempest.lib.common.rest_client [req-815ebc7b-1bc7-4b26-b83b-fde5d3f1eeeb req-815ebc7b-1bc7-4b26-b83b-fde5d3f1eeeb ] Request (HypervisorAdminUnderV252Test:setUpClass): 204 PUT http://10.180.1.21/identity/v3/projects/ed19ca2c876c4024a5d372df82b872cc/users/c3e8a411239b4870ac512ae941453fe4/roles/bdf5c2a6cebf4b948d42a8ade7d16bcb 0.883s
2025-03-26 02:48:09.168 68700 INFO tempest.lib.common.dynamic_creds [-] Dynamic test user c3e8a411239b4870ac512ae941453fe4 is created with scope project and roles: ['member']
