2024-09-02 06:55:58.713 62478 INFO tempest.lib.common.rest_client [req-6da94a22-3c1b-4147-80c6-c440efe94e9c req-6da94a22-3c1b-4147-80c6-c440efe94e9c ] Request (ServersWithSpecificFlavorTestJSON:test_verify_created_server_ephemeral_disk): 200 POST http://10.180.1.21/compute/v2.1/flavors/412266999/os-extra_specs 0.900s
2024-09-02 06:55:58.724 62484 INFO tempest.lib.common.rest_client [req-1189e154-48b7-40bb-b621-2684bdc237d3 req-1189e154-48b7-40bb-b621-2684bdc237d3 ] Request (QuotaClassesAdminTestJSON:tearDownClass): 204 DELETE http://10.180.1.21:9696/networking/v2.0/security-groups/b1110a35-3f7a-4b5a-9e43-8c5a14c1f19f 0.381s
2024-09-02 06:55:58.746 62442 INFO tempest.lib.common.rest_client [req-c9b276cc-4ba2-4d84-8e74-9b1d4861791e req-c9b276cc-4ba2-4d84-8e74-9b1d4861791e ] Request (ImagesOneServerTestJSON:setUpClass): 200 PUT http://10.180.1.21:9696/networking/v2.0/routers/affeade1-b843-486d-b1c4-86ff1f19d369/add_router_interface 2.072s
2024-09-02 06:55:58.747 62442 INFO tempest.lib.common.dynamic_creds [-] Created isolated network resources for: credentials: Credentials: {'domain_id': 'default', 'domain_name': 'Default', 'username': 'tempest-ImagesOneServerTestJSON-1429869881-project-member', 'project_domain_id': 'default', 'project_domain_name': 'Default', 'project_id': '0fe7d06cb7c848f29d4014a33031580e', 'project_name': 'tempest-ImagesOneServerTestJSON-1429869881', 'tenant_id': '0fe7d06cb7c848f29d4014a33031580e', 'tenant_name': 'tempest-ImagesOneServerTestJSON-1429869881', 'user_domain_id': 'default', 'user_domain_name': 'Default', 'user_id': 'e389ce677b8a447d8ec28121442b2f68', 'system': None}, Network: {'id': 'ca757fb3-345f-48d6-ac1b-abe5f1098be3', 'name': 'tempest-ImagesOneServerTestJSON-1555797019-network', 'tenant_id': '0fe7d06cb7c848f29d4014a33031580e', 'admin_state_up': True, 'mtu': 8950, 'status': 'ACTIVE', 'subnets': [], 'shared': False, 'project_id': '0fe7d06cb7c848f29d4014a33031580e', 'port_security_enabled': True, 'router:external': False, 'provider:network_type': 'vlan', 'provider:physical_network': 'default', 'provider:segmentation_id': 204, 'is_default': False, 'availability_zone_hints': [], 'availability_zones': [], 'ipv4_address_scope': None, 'ipv6_address_scope': None, 'description': '', 'tags': [], 'created_at': '2024-09-02T06:55:55Z', 'updated_at': '2024-09-02T06:55:55Z', 'revision_number': 1}, Subnet: {'id': '102e4360-b794-41e7-8654-de415b54f4b7', 'name': 'tempest-ImagesOneServerTestJSON-1555797019-subnet', 'tenant_id': '0fe7d06cb7c848f29d4014a33031580e', 'network_id': 'ca757fb3-345f-48d6-ac1b-abe5f1098be3', 'ip_version': 4, 'subnetpool_id': None, 'enable_dhcp': True, 'ipv6_ra_mode': None, 'ipv6_address_mode': None, 'gateway_ip': '192.168.128.1', 'cidr': '192.168.128.0/28', 'allocation_pools': [{'start': '192.168.128.2', 'end': '192.168.128.14'}], 'host_routes': [], 'dns_nameservers': [], 'description': '', 'router:external': False, 'service_types': [], 'tags': [], 'created_at': '2024-09-02T06:55:55Z', 'updated_at': '2024-09-02T06:55:55Z', 'revision_number': 0, 'project_id': '0fe7d06cb7c848f29d4014a33031580e'}, Router: {'id': 'affeade1-b843-486d-b1c4-86ff1f19d369', 'name': 'tempest-ImagesOneServerTestJSON-1555797019-router', 'tenant_id': '0fe7d06cb7c848f29d4014a33031580e', 'admin_state_up': True, 'status': 'ACTIVE', 'external_gateway_info': {'network_id': '062aa859-33c9-4226-aeb7-b443e7b23e6f', 'external_fixed_ips': [{'subnet_id': '21420581-23cc-4538-a6ef-fe97fb48f579', 'ip_address': '10.180.180.147'}], 'enable_snat': True}, 'description': '', 'availability_zones': [], 'distributed': False, 'ha': False, 'availability_zone_hints': [], 'routes': [], 'flavor_id': None, 'tags': [], 'created_at': '2024-09-02T06:55:55Z', 'updated_at': '2024-09-02T06:55:56Z', 'revision_number': 2, 'project_id': '0fe7d06cb7c848f29d4014a33031580e'}
2024-09-02 06:55:58.773 62456 INFO tempest.lib.common.rest_client [req-3c690ee2-fb93-4708-ae15-d33ae836b156 req-3c690ee2-fb93-4708-ae15-d33ae836b156 ] Request (QuotasAdminTestJSON:setUpClass): 200 GET http://10.180.1.21/identity/v3/roles 0.232s
2024-09-02 06:55:58.797 62474 INFO tempest.lib.common.rest_client [req-323474b4-67b5-4804-a7c2-b60bbf29c4a1 req-323474b4-67b5-4804-a7c2-b60bbf29c4a1 ] Request (ServerDiagnosticsV248Test:test_get_server_diagnostics): 200 GET http://10.180.1.21/compute/v2.1/servers/a4e33863-ad92-49b4-a07f-fc0516d34cfb 0.845s
2024-09-02 06:55:58.799 62496 INFO tempest.lib.common.rest_client [req-b1886123-7091-4fc3-9e21-51f73241d91e req-b1886123-7091-4fc3-9e21-51f73241d91e ] Request (MigrationsAdminTest:test_list_migrations_in_flavor_resize_situation): 200 GET http://10.180.1.21/compute/v2.1/servers/c8d07bb2-0c57-47a0-af95-539ac36023f1 0.694s
2024-09-02 06:55:58.797 62476 INFO tempest.lib.common.rest_client [req-509fd7d7-cd34-4970-8dde-96521d3a7ebf req-509fd7d7-cd34-4970-8dde-96521d3a7ebf ] Request (FlavorMetadataValidation:tearDownClass): 204 DELETE http://10.180.1.21:9696/networking/v2.0/security-groups/fad15149-edb6-4393-bfc9-eae7e348a102 0.360s
2024-09-02 06:55:58.824 62436 INFO tempest.lib.common.rest_client [req-295526d6-afd6-4a9e-8c70-0a8b13586c2d req-295526d6-afd6-4a9e-8c70-0a8b13586c2d ] Request (ImagesOneServerNegativeTestJSON:setUpClass): 204 PUT http://10.180.1.21/identity/v3/projects/1ccc0cd7514146dba6e6ca7ba4c13c9c/users/a771a518789c42f1b684189a39688a43/roles/3eb15b0e8c75456b86567e8ac673be7b 0.244s
2024-09-02 06:55:58.825 62436 INFO tempest.lib.common.dynamic_creds [-] Dynamic test user a771a518789c42f1b684189a39688a43 is created with scope project and roles: ['member']
2024-09-02 06:55:58.825 62436 INFO tempest.lib.common.dynamic_creds [-] Acquired dynamic creds: credentials: Credentials: {'domain_id': 'default', 'domain_name': 'Default', 'username': 'tempest-ImagesOneServerNegativeTestJSON-1847779107-project-member', 'project_domain_id': 'default', 'project_domain_name': 'Default', 'project_id': '1ccc0cd7514146dba6e6ca7ba4c13c9c', 'project_name': 'tempest-ImagesOneServerNegativeTestJSON-1847779107', 'tenant_id': '1ccc0cd7514146dba6e6ca7ba4c13c9c', 'tenant_name': 'tempest-ImagesOneServerNegativeTestJSON-1847779107', 'user_domain_id': 'default', 'user_domain_name': 'Default', 'user_id': 'a771a518789c42f1b684189a39688a43', 'system': None}, Network: None, Subnet: None, Router: None
2024-09-02 06:55:58.862 62446 INFO tempest.lib.common.rest_client [req-9d49ab22-6eab-4f3d-8f8a-708e236afd45 req-9d49ab22-6eab-4f3d-8f8a-708e236afd45 ] Request (ServerDiskConfigTestJSON:test_rebuild_server_with_auto_disk_config): 200 GET http://10.180.1.21/compute/v2.1/servers/2b841cc2-67d1-4e7e-ba82-67beb8d1bb19 0.703s
2024-09-02 06:55:58.862 62486 INFO tempest.lib.common.rest_client [req-7b8ad6a4-36f7-42cd-9903-33f5ba05376e req-7b8ad6a4-36f7-42cd-9903-33f5ba05376e ] Request (ServerDiagnosticsTest:test_get_server_diagnostics): 200 GET http://10.180.1.21/compute/v2.1/servers/89978ed9-fb09-4de3-b872-5036444dc0c6 0.519s
2024-09-02 06:55:58.876 62482 INFO tempest.lib.common.rest_client [req-821ef078-e89e-4071-87e5-abf5ad83316b req-821ef078-e89e-4071-87e5-abf5ad83316b ] Request (HostsAdminNegativeTestJSON:test_shutdown_host_with_non_admin_user): 403 GET http://10.180.1.21/compute/v2.1/os-hosts/devstack/shutdown 0.447s
2024-09-02 06:55:58.892 62450 INFO tempest.lib.common.rest_client [req-e1d51c5a-3554-47ab-b2eb-0478ecdd5f4f req-e1d51c5a-3554-47ab-b2eb-0478ecdd5f4f ] Request (QuotaClassesAdmin257Test:test_update_default_quotas): 200 GET http://10.180.1.21/compute/v2.1/os-quota-class-sets/default 0.541s
2024-09-02 06:55:58.893 62434 INFO tempest.lib.common.rest_client [req-1367fbc2-315f-45ab-b730-b9765986da08 req-1367fbc2-315f-45ab-b730-b9765986da08 ] Request (FlavorsV255TestJSON:_run_cleanups): 200 GET http://10.180.1.21/compute/v2.1/flavors/detail 0.443s
2024-09-02 06:55:58.922 62462 INFO tempest.lib.common.rest_client [req-bdd87c04-3926-478a-95f3-e7ea741470a0 req-bdd87c04-3926-478a-95f3-e7ea741470a0 ] Request (KeyPairsV210TestJSON:_run_cleanups): 204 DELETE http://10.180.1.21/compute/v2.1/os-keypairs/tempest-keypair-1170626738?user_id=518dec5d38d8406f815f8ec19def5307 0.451s
2024-09-02 06:55:58.925 62472 INFO tempest.lib.common.rest_client [req-c5648e9a-a9f3-432d-8a9d-8e33cbc90310 req-c5648e9a-a9f3-432d-8a9d-8e33cbc90310 ] Request (SecurityGroupsTestAdminJSON:setUpClass): 200 GET http://10.180.1.21/identity/v3/domains?name=Default 0.319s
2024-09-02 06:55:58.935 62448 INFO tempest.lib.common.rest_client [req-9b746dd3-2eb3-4f14-92f1-733a538717ce req-9b746dd3-2eb3-4f14-92f1-733a538717ce ] Request (AggregatesAdminNegativeTestJSON:test_aggregate_add_host_as_user): 200 POST http://10.180.1.21/compute/v2.1/os-aggregates 0.481s
2024-09-02 06:55:58.942 62460 INFO tempest.lib.common.rest_client [req-3dd43dc8-94fa-44df-85d6-712959b18d17 req-3dd43dc8-94fa-44df-85d6-712959b18d17 ] Request (FlavorsAdminTestJSON:_run_cleanups): 200 GET http://10.180.1.21/compute/v2.1/flavors/detail 0.453s
2024-09-02 06:55:58.974 62464 INFO tempest.lib.common.rest_client [req-32c6eee5-65fa-466a-8b7e-03a10d4a952e req-32c6eee5-65fa-466a-8b7e-03a10d4a952e ] Request (HypervisorAdminNegativeTestJSON:test_show_hypervisor_with_non_admin_user): 200 GET http://10.180.1.21/compute/v2.1/os-hypervisors 0.468s
2024-09-02 06:55:58.980 62488 INFO tempest.lib.common.rest_client [req-5e0af483-394e-4f98-826f-e4a2070fe340 req-5e0af483-394e-4f98-826f-e4a2070fe340 ] Request (HypervisorAdminTestJSON:tearDownClass): 204 DELETE http://10.180.1.21/identity/v3/projects/1ed0e8122bbc4b15976b6ce862762c6f 0.388s
2024-09-02 06:55:58.980 62488 INFO tempest.lib.common.dynamic_creds [-] Deleting project and security group for project: 3f0402f611f84b3499127ea9265c22bd
2024-09-02 06:55:58.983 62440 INFO tempest.lib.common.rest_client [req-91d1c71a-a441-4454-b17a-945a8ccab4e5 req-91d1c71a-a441-4454-b17a-945a8ccab4e5 ] Request (FlavorsExtraSpecsNegativeTestJSON:test_flavor_update_more_key): 400 PUT http://10.180.1.21/compute/v2.1/flavors/515868279/os-extra_specs/hw:numa_nodes 0.427s
2024-09-02 06:55:59.001 62492 INFO tempest.lib.common.rest_client [req-a19e622e-6fe8-4726-b520-278548600ca0 req-a19e622e-6fe8-4726-b520-278548600ca0 ] Request (KeyPairsV2TestJSON:test_keypairs_create_list_delete): 200 POST http://10.180.1.21/compute/v2.1/os-keypairs 0.453s
2024-09-02 06:55:59.026 62494 INFO tempest.lib.common.rest_client [req-53669f8f-8e94-4a76-bf0a-b4fe872c5fb7 req-53669f8f-8e94-4a76-bf0a-b4fe872c5fb7 ] Request (KeyPairsV22TestJSON:test_keypairs_create_list_delete): 201 POST http://10.180.1.21/compute/v2.1/os-keypairs 0.441s
2024-09-02 06:55:59.029 62444 INFO tempest.lib.common.rest_client [req-c926b444-18e1-4f42-922a-a790b5a45bb5 req-c926b444-18e1-4f42-922a-a790b5a45bb5 ] Request (ServerDiagnosticsNegativeTest:setUpClass): 201 POST http://10.180.1.21/identity/v3/projects 0.377s
2024-09-02 06:55:59.050 62470 INFO tempest.lib.common.rest_client [req-cfffc68b-4f5a-4b83-b918-5af474b9e899 req-cfffc68b-4f5a-4b83-b918-5af474b9e899 ] Request (FlavorsAccessNegativeTestJSON:_run_cleanups): 200 GET http://10.180.1.21/compute/v2.1/flavors/detail 0.352s
2024-09-02 06:55:59.064 62480 INFO tempest.lib.common.rest_client [req-057d7832-26fe-404f-bb3f-168a75c1a7fd req-057d7832-26fe-404f-bb3f-168a75c1a7fd ] Request (ImagesMetadataTestJSON:test_get_image_metadata_item): 200 GET http://10.180.1.21/compute/v2.1/images/b73ed34d-162c-4d47-9677-00bbc37cd943/metadata/os_distro 0.397s
2024-09-02 06:55:59.079 62478 INFO tempest.lib.common.rest_client [req-0d08d21b-c84c-431c-935d-1f733653f793 req-0d08d21b-c84c-431c-935d-1f733653f793 ] Request (ServersWithSpecificFlavorTestJSON:test_verify_created_server_ephemeral_disk): 200 POST http://10.180.1.21/compute/v2.1/flavors 0.364s
2024-09-02 06:55:59.094 62482 INFO tempest.lib.common.rest_client [req-47fd33df-1135-42b0-baa0-78b59ceb0bdb req-47fd33df-1135-42b0-baa0-78b59ceb0bdb ] Request (HostsAdminNegativeTestJSON:test_shutdown_nonexistent_host): 404 GET http://10.180.1.21/compute/v2.1/os-hosts/nonexistent_hostname/shutdown 0.212s
2024-09-02 06:55:59.133 62490 INFO tempest.lib.common.rest_client [req-d8faef00-4d72-45d2-94f0-bb39eee59cc1 req-d8faef00-4d72-45d2-94f0-bb39eee59cc1 ] Request (VolumesAssistedSnapshotsTest:setUpClass): 201 POST http://10.180.1.21:9696/networking/v2.0/routers 1.589s
2024-09-02 06:55:59.136 62450 INFO tempest.lib.common.rest_client [req-5e73fa4e-ee1d-47e8-83a1-078ff8d3a610 req-5e73fa4e-ee1d-47e8-83a1-078ff8d3a610 ] Request (QuotaClassesAdmin257Test:_run_cleanups): 200 PUT http://10.180.1.21/compute/v2.1/os-quota-class-sets/default 0.241s
2024-09-02 06:55:59.147 62484 INFO tempest.lib.common.rest_client [req-4cf49884-5c41-4701-95d2-2b20465760c0 req-4cf49884-5c41-4701-95d2-2b20465760c0 ] Request (QuotaClassesAdminTestJSON:tearDownClass): 204 DELETE http://10.180.1.21/identity/v3/projects/9abb914acf924bbda5dc2e36b3a0deee 0.422s
2024-09-02 06:55:59.151 62462 INFO tempest.lib.common.rest_client [req-14101f6c-f02c-48b9-a5c4-8dfaa56f2d4f req-14101f6c-f02c-48b9-a5c4-8dfaa56f2d4f ] Request (KeyPairsV210TestJSON:_run_cleanups): 204 DELETE http://10.180.1.21/compute/v2.1/os-keypairs/tempest-keypair-51921243?user_id=518dec5d38d8406f815f8ec19def5307 0.228s
2024-09-02 06:55:59.180 62488 INFO tempest.lib.common.rest_client [req-f605c181-7fca-4580-b89b-edda49bc09ff req-f605c181-7fca-4580-b89b-edda49bc09ff ] Request (HypervisorAdminTestJSON:tearDownClass): 200 GET http://10.180.1.21:9696/networking/v2.0/security-groups?tenant_id=3f0402f611f84b3499127ea9265c22bd&name=default 0.198s
2024-09-02 06:55:59.183 62454 INFO tempest.lib.common.rest_client [req-3cf3ad34-3da2-452a-99de-7b7c5e819129 req-3cf3ad34-3da2-452a-99de-7b7c5e819129 ] Request (FlavorsV261TestJSON:tearDownClass): 204 DELETE http://10.180.1.21/identity/v3/users/902ec3c7a54a4fb78be5cdd5c999bd2c 0.484s
2024-09-02 06:55:59.183 62454 INFO tempest.lib.common.dynamic_creds [-] Deleting project and security group for project: b1a48844338047e38d021f118a93f3e3
2024-09-02 06:55:59.214 62442 INFO tempest.lib.common.rest_client [req-626ad407-e2c8-4b22-a5f8-da44fdf3082b req-626ad407-e2c8-4b22-a5f8-da44fdf3082b ] Request (ImagesOneServerTestJSON:setUpClass): 201 POST http://10.180.1.21/identity/v3/auth/tokens 0.463s
2024-09-02 06:55:59.242 62456 INFO tempest.lib.common.rest_client [req-077213ff-59d3-455e-ad16-10c5506fe114 req-077213ff-59d3-455e-ad16-10c5506fe114 ] Request (QuotasAdminTestJSON:setUpClass): 204 PUT http://10.180.1.21/identity/v3/projects/6838b544a7104becb971d7898735a103/users/7eec093fba024a478c6768b8949c736d/roles/24955ca6c3b64a369a8ce12212e9a002 0.468s
2024-09-02 06:55:59.242 62456 INFO tempest.lib.common.dynamic_creds [-] Dynamic test user 7eec093fba024a478c6768b8949c736d is created with scope project and roles: ['admin']
2024-09-02 06:55:59.243 62456 INFO tempest.lib.common.dynamic_creds [-] Acquired dynamic creds: credentials: Credentials: {'domain_id': 'default', 'domain_name': 'Default', 'username': 'tempest-QuotasAdminTestJSON-1706287849-project-admin', 'project_domain_id': 'default', 'project_domain_name': 'Default', 'project_id': '6838b544a7104becb971d7898735a103', 'project_name': 'tempest-QuotasAdminTestJSON-1706287849', 'tenant_id': '6838b544a7104becb971d7898735a103', 'tenant_name': 'tempest-QuotasAdminTestJSON-1706287849', 'user_domain_id': 'default', 'user_domain_name': 'Default', 'user_id': '7eec093fba024a478c6768b8949c736d', 'system': None}, Network: None, Subnet: None, Router: None
2024-09-02 06:55:59.243 62456 INFO tempest.lib.common.dynamic_creds [-] Created isolated network resources for: credentials: Credentials: {'domain_id': 'default', 'domain_name': 'Default', 'username': 'tempest-QuotasAdminTestJSON-1706287849-project-admin', 'project_domain_id': 'default', 'project_domain_name': 'Default', 'project_id': '6838b544a7104becb971d7898735a103', 'project_name': 'tempest-QuotasAdminTestJSON-1706287849', 'tenant_id': '6838b544a7104becb971d7898735a103', 'tenant_name': 'tempest-QuotasAdminTestJSON-1706287849', 'user_domain_id': 'default', 'user_domain_name': 'Default', 'user_id': '7eec093fba024a478c6768b8949c736d', 'system': None}, Network: None, Subnet: None, Router: None
2024-09-02 06:55:59.293 62436 INFO tempest.lib.common.rest_client [req-295b6f51-9296-41a3-ab7c-fb28fb7dd325 req-295b6f51-9296-41a3-ab7c-fb28fb7dd325 ] Request (ImagesOneServerNegativeTestJSON:setUpClass): 201 POST http://10.180.1.21/identity/v3/auth/tokens 0.467s
2024-09-02 06:55:59.321 62472 INFO tempest.lib.common.rest_client [req-50a99f3c-e304-4013-b831-9bc5da5b2129 req-50a99f3c-e304-4013-b831-9bc5da5b2129 ] Request (SecurityGroupsTestAdminJSON:setUpClass): 201 POST http://10.180.1.21/identity/v3/projects 0.395s
2024-09-02 06:55:59.335 62438 INFO tempest.lib.common.rest_client [req-b81869c4-b07e-4bee-9c1c-d7e0ccf0dba4 req-b81869c4-b07e-4bee-9c1c-d7e0ccf0dba4 ] Request (ServerAddressesNegativeTestJSON:setUpClass): 200 GET http://10.180.1.21/compute/v2.1/servers/02b78fc1-49a9-44aa-b9e8-4ca9f8aed3f4 0.525s
2024-09-02 06:55:59.345 62438 INFO tempest.common.waiters [-] State transition "BUILD/block_device_mapping" ==> "BUILD/spawning" after 5 second wait
2024-09-02 06:55:59.354 62460 INFO tempest.lib.common.rest_client [req-2f64a6b3-1ff8-4618-833f-1e660e55b911 req-2f64a6b3-1ff8-4618-833f-1e660e55b911 ] Request (FlavorsAdminTestJSON:test_create_flavor_with_int_id): 200 POST http://10.180.1.21/compute/v2.1/flavors 0.406s
2024-09-02 06:55:59.362 62464 INFO tempest.lib.common.rest_client [req-240fa933-8795-4192-aa15-ef013fb1ec26 req-240fa933-8795-4192-aa15-ef013fb1ec26 ] Request (HypervisorAdminNegativeTestJSON:test_show_hypervisor_with_non_admin_user): 403 GET http://10.180.1.21/compute/v2.1/os-hypervisors/1 0.385s
2024-09-02 06:55:59.378 62476 INFO tempest.lib.common.rest_client [req-176b4214-56b9-4daa-b343-c28c6abbeaef req-176b4214-56b9-4daa-b343-c28c6abbeaef ] Request (FlavorMetadataValidation:tearDownClass): 204 DELETE http://10.180.1.21/identity/v3/projects/d7d967f237cb4a72a0ba3b9c6f7a18da 0.575s
2024-09-02 06:55:59.382 62440 INFO tempest.lib.common.rest_client [req-23d536cf-d672-438e-8995-4d162ea2b40d req-23d536cf-d672-438e-8995-4d162ea2b40d ] Request (FlavorsExtraSpecsNegativeTestJSON:tearDownClass): 202 DELETE http://10.180.1.21/compute/v2.1/flavors/515868279 0.396s
2024-09-02 06:55:59.386 62488 INFO tempest.lib.common.rest_client [req-fbfaef0f-dfa0-4fb0-8516-33a006c3ab6e req-fbfaef0f-dfa0-4fb0-8516-33a006c3ab6e ] Request (HypervisorAdminTestJSON:tearDownClass): 204 DELETE http://10.180.1.21:9696/networking/v2.0/security-groups/4508ce37-54cd-4875-83e0-13dd0268f985 0.206s
2024-09-02 06:55:59.395 62492 INFO tempest.lib.common.rest_client [req-59691f28-57ea-4f2c-9dcc-fc812a3f6160 req-59691f28-57ea-4f2c-9dcc-fc812a3f6160 ] Request (KeyPairsV2TestJSON:test_keypairs_create_list_delete): 200 GET http://10.180.1.21/compute/v2.1/os-keypairs 0.390s
2024-09-02 06:55:59.399 62494 INFO tempest.lib.common.rest_client [req-914078cc-b516-47ee-b02f-98fb33635f96 req-914078cc-b516-47ee-b02f-98fb33635f96 ] Request (KeyPairsV22TestJSON:test_keypairs_create_list_delete): 200 GET http://10.180.1.21/compute/v2.1/os-keypairs 0.371s
2024-09-02 06:55:59.444 62444 INFO tempest.lib.common.rest_client [req-c463f3f6-d423-4db7-ad2f-bde5d54ef05d req-c463f3f6-d423-4db7-ad2f-bde5d54ef05d ] Request (ServerDiagnosticsNegativeTest:setUpClass): 201 POST http://10.180.1.21/identity/v3/users 0.415s
2024-09-02 06:55:59.492 62434 INFO tempest.lib.common.rest_client [req-7f0f9a3c-61f2-4b64-bc7e-70f3890854e1 req-7f0f9a3c-61f2-4b64-bc7e-70f3890854e1 ] Request (FlavorsV255TestJSON:tearDownClass): 204 DELETE http://10.180.1.21/identity/v3/users/849b411cc7cc40eba5c0f6a6e12d0f02 0.528s
2024-09-02 06:55:59.520 62450 INFO tempest.lib.common.rest_client [req-c54544d4-8d90-4ab2-8626-1ff5c9d4aa39 req-c54544d4-8d90-4ab2-8626-1ff5c9d4aa39 ] Request (QuotaClassesAdmin257Test:tearDownClass): 204 DELETE http://10.180.1.21/identity/v3/users/bfa8ca26ab9e43d4b4cde749dc85f088 0.381s
2024-09-02 06:55:59.551 62484 INFO tempest.lib.common.rest_client [req-792108e1-c208-49fd-ba23-468aedecc2ba req-792108e1-c208-49fd-ba23-468aedecc2ba ] Request (TenantUsagesTestJSON:setUpClass): 201 POST http://10.180.1.21/identity/v3/auth/tokens 0.402s
2024-09-02 06:55:59.558 62480 INFO tempest.lib.common.rest_client [req-9466903f-e248-4157-8902-8f378262efe0 req-9466903f-e248-4157-8902-8f378262efe0 ] Request (ImagesMetadataTestJSON:setUp): 200 PUT http://10.180.1.21/compute/v2.1/images/b73ed34d-162c-4d47-9677-00bbc37cd943/metadata 0.493s
2024-09-02 06:55:59.575 62470 INFO tempest.lib.common.rest_client [req-5e4402c6-3a20-4c79-a3ae-22894b9f49f4 req-5e4402c6-3a20-4c79-a3ae-22894b9f49f4 ] Request (FlavorsAccessNegativeTestJSON:test_flavor_access_list_with_public_flavor): 200 POST http://10.180.1.21/compute/v2.1/flavors 0.506s
2024-09-02 06:55:59.586 62478 INFO tempest.lib.common.rest_client [req-2024d7f2-fe42-432c-bcb3-fdc154e4cd41 req-2024d7f2-fe42-432c-bcb3-fdc154e4cd41 ] Request (ServersWithSpecificFlavorTestJSON:test_verify_created_server_ephemeral_disk): 200 GET http://10.180.1.21/compute/v2.1/flavors/42/os-extra_specs 0.505s
2024-09-02 06:55:59.589 62482 INFO tempest.lib.common.rest_client [req-0b8fc69f-fbf6-499b-98f2-0266602a4298 req-0b8fc69f-fbf6-499b-98f2-0266602a4298 ] Request (HostsAdminNegativeTestJSON:test_startup_host_with_non_admin_user): 403 GET http://10.180.1.21/compute/v2.1/os-hosts/devstack/startup 0.490s
2024-09-02 06:55:59.609 62454 INFO tempest.lib.common.rest_client [req-eae94038-26ab-4877-8818-4a8cd5832dbd req-eae94038-26ab-4877-8818-4a8cd5832dbd ] Request (FlavorsV261TestJSON:tearDownClass): 201 POST http://10.180.1.21/identity/v3/auth/tokens 0.425s
2024-09-02 06:55:59.617 62448 INFO tempest.lib.common.rest_client [req-65fbd918-243c-4265-9605-dff1f868e758 req-65fbd918-243c-4265-9605-dff1f868e758 ] Request (AggregatesAdminNegativeTestJSON:test_aggregate_add_host_as_user): 403 POST http://10.180.1.21/compute/v2.1/os-aggregates/2/action 0.679s
2024-09-02 06:55:59.635 62460 INFO tempest.lib.common.rest_client [req-76c3b7ff-adf9-4c4d-84c6-925143098c92 req-76c3b7ff-adf9-4c4d-84c6-925143098c92 ] Request (FlavorsAdminTestJSON:_run_cleanups): 202 DELETE http://10.180.1.21/compute/v2.1/flavors/2063264749 0.279s
2024-09-02 06:55:59.640 62464 INFO tempest.lib.common.rest_client [req-72f115c2-1d0f-4981-9066-d650bb0e2ef3 req-72f115c2-1d0f-4981-9066-d650bb0e2ef3 ] Request (HypervisorAdminNegativeTestJSON:test_show_nonexistent_hypervisor): 404 GET http://10.180.1.21/compute/v2.1/os-hypervisors/8a1809a8-1fa0-4788-bd52-01b9f4da3d14 0.275s
2024-09-02 06:55:59.654 62466 INFO tempest.lib.common.rest_client [req-8f3a8442-c011-477f-8288-225ccbb2f506 req-8f3a8442-c011-477f-8288-225ccbb2f506 ] Request (DeleteServersAdminTestJSON:test_admin_delete_servers_of_others): 200 GET http://10.180.1.21/compute/v2.1/servers/7bdef85b-57a2-422d-9e93-e5a425b9cc59 0.388s
2024-09-02 06:55:59.656 62440 INFO tempest.lib.common.rest_client [req-405442e8-51c4-4ef7-865a-3c83071b2bb2 req-405442e8-51c4-4ef7-865a-3c83071b2bb2 ] Request (FlavorsExtraSpecsNegativeTestJSON:tearDownClass): 200 GET http://10.180.1.21/compute/v2.1/flavors/detail 0.274s
2024-09-02 06:55:59.662 62466 INFO tempest.common.waiters [-] State transition "BUILD/None" ==> "BUILD/block_device_mapping" after 5 second wait
2024-09-02 06:55:59.668 62492 INFO tempest.lib.common.rest_client [req-75859152-e18b-457e-8dab-0d71a51a8d18 req-75859152-e18b-457e-8dab-0d71a51a8d18 ] Request (KeyPairsV2TestJSON:_run_cleanups): 202 DELETE http://10.180.1.21/compute/v2.1/os-keypairs/tempest-KeyPairsV2TestJSON-keypair-2030416084 0.270s
2024-09-02 06:55:59.675 62462 INFO tempest.lib.common.rest_client [req-51f5b0ab-495c-4e20-86a1-f9618004d03b req-51f5b0ab-495c-4e20-86a1-f9618004d03b ] Request (KeyPairsV210TestJSON:tearDownClass): 204 DELETE http://10.180.1.21/identity/v3/users/518dec5d38d8406f815f8ec19def5307 0.473s
2024-09-02 06:55:59.677 62494 INFO tempest.lib.common.rest_client [req-3e853d1d-1569-4803-8729-1399e1f0b4a5 req-3e853d1d-1569-4803-8729-1399e1f0b4a5 ] Request (KeyPairsV22TestJSON:_run_cleanups): 204 DELETE http://10.180.1.21/compute/v2.1/os-keypairs/tempest-KeyPairsV22TestJSON-keypair-2135462874 0.277s
2024-09-02 06:55:59.689 62452 INFO tempest.lib.common.rest_client [req-bd269910-f617-4224-b58b-bbe613dabdd0 req-bd269910-f617-4224-b58b-bbe613dabdd0 ] Request (QuotasAdminTestV236:test_get_updated_quotas): 200 GET http://10.180.1.21/identity/v3/domains?name=Default 0.480s
2024-09-02 06:55:59.697 62480 INFO tempest.lib.common.rest_client [req-573a8055-bf2e-4517-80e9-d66cb363c6c5 req-573a8055-bf2e-4517-80e9-d66cb363c6c5 ] Request (ImagesMetadataTestJSON:test_list_image_metadata): 200 GET http://10.180.1.21/compute/v2.1/images/b73ed34d-162c-4d47-9677-00bbc37cd943/metadata 0.138s
2024-09-02 06:55:59.703 62470 INFO tempest.lib.common.rest_client [req-988f5882-2e56-4507-95dd-347422a270f5 req-988f5882-2e56-4507-95dd-347422a270f5 ] Request (FlavorsAccessNegativeTestJSON:test_flavor_access_list_with_public_flavor): 404 GET http://10.180.1.21/compute/v2.1/flavors/667910270/os-flavor-access 0.125s
2024-09-02 06:55:59.716 62482 INFO tempest.lib.common.rest_client [req-43586bcc-0be7-465d-8f77-34f1e542d43d req-43586bcc-0be7-465d-8f77-34f1e542d43d ] Request (HostsAdminNegativeTestJSON:test_startup_nonexistent_host): 404 GET http://10.180.1.21/compute/v2.1/os-hosts/nonexistent_hostname/startup 0.125s
2024-09-02 06:55:59.723 62478 INFO tempest.lib.common.rest_client [req-9b7716bb-acc2-48c4-91f2-e52fcca05774 req-9b7716bb-acc2-48c4-91f2-e52fcca05774 ] Request (ServersWithSpecificFlavorTestJSON:test_verify_created_server_ephemeral_disk): 200 POST http://10.180.1.21/compute/v2.1/flavors/1657232082/os-extra_specs 0.136s
2024-09-02 06:55:59.742 62460 INFO tempest.lib.common.rest_client [req-8583ce86-128a-46a3-addd-8ceb7437f244 req-8583ce86-128a-46a3-addd-8ceb7437f244 ] Request (FlavorsAdminTestJSON:_run_cleanups): 200 GET http://10.180.1.21/compute/v2.1/flavors/detail 0.106s
2024-09-02 06:55:59.745 62442 INFO tempest.lib.common.rest_client [req-803f883f-a0ce-4363-a9b1-684ec933f91d req-803f883f-a0ce-4363-a9b1-684ec933f91d ] Request (ImagesOneServerTestJSON:setUpClass): 201 POST http://10.180.1.21/identity/v3/auth/tokens 0.524s
2024-09-02 06:55:59.746 62442 INFO tempest.lib.common.fixed_network [-] (ImagesOneServerTestJSON:setUpClass) Found network {'id': 'ca757fb3-345f-48d6-ac1b-abe5f1098be3', 'name': 'tempest-ImagesOneServerTestJSON-1555797019-network', 'tenant_id': '0fe7d06cb7c848f29d4014a33031580e', 'admin_state_up': True, 'mtu': 8950, 'status': 'ACTIVE', 'subnets': [], 'shared': False, 'project_id': '0fe7d06cb7c848f29d4014a33031580e', 'port_security_enabled': True, 'router:external': False, 'provider:network_type': 'vlan', 'provider:physical_network': 'default', 'provider:segmentation_id': 204, 'is_default': False, 'availability_zone_hints': [], 'availability_zones': [], 'ipv4_address_scope': None, 'ipv6_address_scope': None, 'description': '', 'tags': [], 'created_at': '2024-09-02T06:55:55Z', 'updated_at': '2024-09-02T06:55:55Z', 'revision_number': 1} available for tenant
2024-09-02 06:55:59.756 62448 INFO tempest.lib.common.rest_client [req-76b6fddb-2e0f-4f64-b2da-c29ca7f79920 req-76b6fddb-2e0f-4f64-b2da-c29ca7f79920 ] Request (AggregatesAdminNegativeTestJSON:_run_cleanups): 200 DELETE http://10.180.1.21/compute/v2.1/os-aggregates/2 0.135s
2024-09-02 06:55:59.761 62492 INFO tempest.lib.common.rest_client [req-bfa9c5af-ee78-497e-85e7-1a50973f2528 req-bfa9c5af-ee78-497e-85e7-1a50973f2528 ] Request (KeyPairsV2TestJSON:_run_cleanups): 202 DELETE http://10.180.1.21/compute/v2.1/os-keypairs/tempest-KeyPairsV2TestJSON-keypair-10755009 0.092s
2024-09-02 06:55:59.764 62456 INFO tempest.lib.common.rest_client [req-0704bde2-5425-4e36-b08e-d1b264fd68ee req-0704bde2-5425-4e36-b08e-d1b264fd68ee ] Request (QuotasAdminTestJSON:setUpClass): 201 POST http://10.180.1.21/identity/v3/auth/tokens 0.518s
2024-09-02 06:55:59.765 62456 WARNING tempest.lib.common.rest_client [-] Deprecated: "tenant_id" property is deprecated for removal, use "project_id" instead
2024-09-02 06:55:59.786 62494 INFO tempest.lib.common.rest_client [req-78bd481d-9807-4138-8dd8-68952788dd48 req-78bd481d-9807-4138-8dd8-68952788dd48 ] Request (KeyPairsV22TestJSON:_run_cleanups): 204 DELETE http://10.180.1.21/compute/v2.1/os-keypairs/tempest-KeyPairsV22TestJSON-keypair-1268851846 0.108s
2024-09-02 06:55:59.838 62468 INFO tempest.lib.common.rest_client [req-3487292a-0c92-48a3-ac88-aebb2a894944 req-3487292a-0c92-48a3-ac88-aebb2a894944 ] Request (ServersAdminNegativeTestJSON:setUpClass): 200 GET http://10.180.1.21/compute/v2.1/servers/af848e85-34e4-4d31-a5c1-32dc950f2897 0.157s
2024-09-02 06:55:59.858 62472 INFO tempest.lib.common.rest_client [req-ec375ff3-aa98-4f07-a548-303c974ad5df req-ec375ff3-aa98-4f07-a548-303c974ad5df ] Request (SecurityGroupsTestAdminJSON:setUpClass): 201 POST http://10.180.1.21/identity/v3/users 0.537s
2024-09-02 06:55:59.863 62470 INFO tempest.lib.common.rest_client [req-57471095-6e0e-4ec6-a99e-2475be5e25b6 req-57471095-6e0e-4ec6-a99e-2475be5e25b6 ] Request (FlavorsAccessNegativeTestJSON:_run_cleanups): 202 DELETE http://10.180.1.21/compute/v2.1/flavors/667910270 0.159s
2024-09-02 06:55:59.871 62482 INFO tempest.lib.common.rest_client [req-686c1cf2-406f-407e-87ea-4dfcf9f67278 req-686c1cf2-406f-407e-87ea-4dfcf9f67278 ] Request (HostsAdminNegativeTestJSON:test_update_host_with_invalid_maintenance_mode): 400 PUT http://10.180.1.21/compute/v2.1/os-hosts/devstack 0.152s
2024-09-02 06:55:59.884 62476 INFO tempest.lib.common.rest_client [req-15da654e-8e66-461d-82d0-6a7679d6d896 req-15da654e-8e66-461d-82d0-6a7679d6d896 ] Request (FloatingIPsTestJSON:setUpClass): 201 POST http://10.180.1.21/identity/v3/auth/tokens 0.502s
2024-09-02 06:55:59.906 62478 INFO tempest.lib.common.rest_client [req-2f13a390-9458-458b-9940-89f2790c93b5 req-2f13a390-9458-458b-9940-89f2790c93b5 ] Request (ValidationResourcesFixture:setUp): 200 POST http://10.180.1.21/compute/v2.1/os-keypairs 0.181s
2024-09-02 06:55:59.916 62444 INFO tempest.lib.common.rest_client [req-8487b288-1436-4584-a2e2-8f345c2e81b3 req-8487b288-1436-4584-a2e2-8f345c2e81b3 ] Request (ServerDiagnosticsNegativeTest:setUpClass): 200 GET http://10.180.1.21/identity/v3/roles 0.471s
2024-09-02 06:55:59.940 62488 INFO tempest.lib.common.rest_client [req-37897e4d-8b85-40cb-bf6d-33146caea7cd req-37897e4d-8b85-40cb-bf6d-33146caea7cd ] Request (HypervisorAdminTestJSON:tearDownClass): 204 DELETE http://10.180.1.21/identity/v3/projects/3f0402f611f84b3499127ea9265c22bd 0.553s
2024-09-02 06:55:59.955 62480 INFO tempest.lib.common.rest_client [req-8f859c14-59d9-4cba-87f9-60826c87073d req-8f859c14-59d9-4cba-87f9-60826c87073d ] Request (ImagesMetadataTestJSON:setUp): 200 PUT http://10.180.1.21/compute/v2.1/images/b73ed34d-162c-4d47-9677-00bbc37cd943/metadata 0.257s
2024-09-02 06:55:59.969 62460 INFO tempest.lib.common.rest_client [req-295f609b-176d-42c1-b697-6192fc1f0847 req-295f609b-176d-42c1-b697-6192fc1f0847 ] Request (FlavorsAdminTestJSON:test_create_flavor_with_none_id): 200 POST http://10.180.1.21/compute/v2.1/flavors 0.222s
2024-09-02 06:55:59.999 62448 INFO tempest.lib.common.rest_client [req-dad0e360-6c6b-484a-b61e-0c52b4c79bb3 req-dad0e360-6c6b-484a-b61e-0c52b4c79bb3 ] Request (AggregatesAdminNegativeTestJSON:test_aggregate_add_non_exist_host): 200 POST http://10.180.1.21/compute/v2.1/os-aggregates 0.237s
2024-09-02 06:56:00.020 62492 INFO tempest.lib.common.rest_client [req-6758cbe1-93f7-4e56-95b5-bccbd9f3dbac req-6758cbe1-93f7-4e56-95b5-bccbd9f3dbac ] Request (KeyPairsV2TestJSON:_run_cleanups): 202 DELETE http://10.180.1.21/compute/v2.1/os-keypairs/tempest-KeyPairsV2TestJSON-keypair-241841556 0.258s
2024-09-02 06:56:00.041 62434 INFO tempest.lib.common.rest_client [req-35035743-25d9-40d3-adae-197e20564cc2 req-35035743-25d9-40d3-adae-197e20564cc2 ] Request (FlavorsV255TestJSON:tearDownClass): 204 DELETE http://10.180.1.21/identity/v3/users/b4bbda852d194d4e9639513f392d1884 0.547s
2024-09-02 06:56:00.042 62434 INFO tempest.lib.common.dynamic_creds [-] Deleting project and security group for project: c06c368a5f54475e8bf030acab6a9a0e
2024-09-02 06:56:00.044 62494 INFO tempest.lib.common.rest_client [req-3632e3f7-9f00-4f1b-bc1b-ec5f235e8e3c req-3632e3f7-9f00-4f1b-bc1b-ec5f235e8e3c ] Request (KeyPairsV22TestJSON:_run_cleanups): 204 DELETE http://10.180.1.21/compute/v2.1/os-keypairs/tempest-KeyPairsV22TestJSON-keypair-1148073968 0.258s
2024-09-02 06:56:00.045 62450 INFO tempest.lib.common.rest_client [req-a93fc235-7bb9-476f-9fec-f8ed4d38d563 req-a93fc235-7bb9-476f-9fec-f8ed4d38d563 ] Request (QuotaClassesAdmin257Test:tearDownClass): 204 DELETE http://10.180.1.21/identity/v3/users/71bd8a1cfdf042178c56be33140b5170 0.525s
2024-09-02 06:56:00.046 62450 INFO tempest.lib.common.dynamic_creds [-] Deleting project and security group for project: 6875f253cf9f48aaa678ed78e01c4f1a
2024-09-02 06:56:00.108 62484 INFO tempest.lib.common.rest_client [req-755faf00-32e9-4494-a3a1-b3fe2414e251 req-755faf00-32e9-4494-a3a1-b3fe2414e251 ] Request (TenantUsagesTestJSON:setUpClass): 201 POST http://10.180.1.21/identity/v3/auth/tokens 0.554s
2024-09-02 06:56:00.133 62496 INFO tempest.lib.common.rest_client [req-feea8174-1b03-463e-b5b7-6ddd974feebc req-feea8174-1b03-463e-b5b7-6ddd974feebc ] Request (MigrationsAdminTest:test_list_migrations_in_flavor_resize_situation): 200 GET http://10.180.1.21/compute/v2.1/servers/c8d07bb2-0c57-47a0-af95-539ac36023f1 0.325s
2024-09-02 06:56:00.166 62464 INFO tempest.lib.common.rest_client [req-85b67381-f52e-402e-b92a-24168c8a4622 req-85b67381-f52e-402e-b92a-24168c8a4622 ] Request (HypervisorAdminNegativeTestJSON:tearDownClass): 204 DELETE http://10.180.1.21/identity/v3/users/f437f40e6be04dba8907d92ff0baab64 0.525s
2024-09-02 06:56:00.195 62436 INFO tempest.lib.common.rest_client [req-d37e940d-2363-4b94-99c6-d7728cfd7cde req-d37e940d-2363-4b94-99c6-d7728cfd7cde ] Request (ImagesOneServerNegativeTestJSON:setUpClass): 201 POST http://10.180.1.21:9696/networking/v2.0/networks 0.902s
2024-09-02 06:56:00.200 62440 INFO tempest.lib.common.rest_client [req-8f5f9159-8c86-452a-8560-b78bc69416e8 req-8f5f9159-8c86-452a-8560-b78bc69416e8 ] Request (FlavorsExtraSpecsNegativeTestJSON:tearDownClass): 204 DELETE http://10.180.1.21/identity/v3/users/fb7bc0f3cb204d6cae9424d1897164a5 0.537s
2024-09-02 06:56:00.203 62478 INFO tempest.lib.common.rest_client [req-3e6c9ea6-029d-43b7-922f-81bed575cd7a req-3e6c9ea6-029d-43b7-922f-81bed575cd7a ] Request (ValidationResourcesFixture:setUp): 201 POST http://10.180.1.21:9696/networking/v2.0/security-groups 0.295s
2024-09-02 06:56:00.206 62474 INFO tempest.lib.common.rest_client [req-2d40c9a6-80c0-4098-bbf9-aa26a9a72622 req-2d40c9a6-80c0-4098-bbf9-aa26a9a72622 ] Request (ServerDiagnosticsV248Test:test_get_server_diagnostics): 200 GET http://10.180.1.21/compute/v2.1/servers/a4e33863-ad92-49b4-a07f-fc0516d34cfb 0.395s
2024-09-02 06:56:00.229 62470 INFO tempest.lib.common.rest_client [req-43ad33cb-68a5-40d9-a8b2-ce8dc9f94e54 req-43ad33cb-68a5-40d9-a8b2-ce8dc9f94e54 ] Request (FlavorsAccessNegativeTestJSON:_run_cleanups): 200 GET http://10.180.1.21/compute/v2.1/flavors/detail 0.366s
2024-09-02 06:56:00.242 62482 INFO tempest.lib.common.rest_client [req-a6b0298b-dce8-406e-b601-023172876118 req-a6b0298b-dce8-406e-b601-023172876118 ] Request (HostsAdminNegativeTestJSON:test_update_host_with_invalid_status): 400 PUT http://10.180.1.21/compute/v2.1/os-hosts/devstack 0.370s
2024-09-02 06:56:00.280 62452 INFO tempest.lib.common.rest_client [req-f46c2cea-1745-4141-a471-2a9cc0f6f242 req-f46c2cea-1745-4141-a471-2a9cc0f6f242 ] Request (QuotasAdminTestV236:test_get_updated_quotas): 201 POST http://10.180.1.21/identity/v3/projects 0.590s
2024-09-02 06:56:00.293 62486 INFO tempest.lib.common.rest_client [req-75410fed-f696-41f9-a31b-fc071949f7d7 req-75410fed-f696-41f9-a31b-fc071949f7d7 ] Request (ServerDiagnosticsTest:test_get_server_diagnostics): 200 GET http://10.180.1.21/compute/v2.1/servers/89978ed9-fb09-4de3-b872-5036444dc0c6 0.419s
2024-09-02 06:56:00.303 62486 INFO tempest.common.waiters [-] State transition "BUILD/scheduling" ==> "BUILD/None" after 2 second wait
2024-09-02 06:56:00.305 62462 INFO tempest.lib.common.rest_client [req-df5c53ae-b33c-410f-bd96-ee92ec2fd94e req-df5c53ae-b33c-410f-bd96-ee92ec2fd94e ] Request (KeyPairsV210TestJSON:tearDownClass): 204 DELETE http://10.180.1.21/identity/v3/users/b6ab50ae9c9d413990e424517881e593 0.629s
2024-09-02 06:56:00.305 62462 INFO tempest.lib.common.dynamic_creds [-] Deleting project and security group for project: 8aaeb582e7dc4917ab44574af03f426e
2024-09-02 06:56:00.352 62476 INFO tempest.lib.common.rest_client [req-3d214172-89e3-4880-8650-031c92270322 req-3d214172-89e3-4880-8650-031c92270322 ] Request (FloatingIPsTestJSON:setUpClass): 201 POST http://10.180.1.21/identity/v3/auth/tokens 0.465s
2024-09-02 06:56:00.368 62446 INFO tempest.lib.common.rest_client [req-76c6d23d-6097-40ae-8dc6-fa9179874651 req-76c6d23d-6097-40ae-8dc6-fa9179874651 ] Request (ServerDiskConfigTestJSON:test_rebuild_server_with_auto_disk_config): 200 GET http://10.180.1.21/compute/v2.1/servers/2b841cc2-67d1-4e7e-ba82-67beb8d1bb19 0.491s
2024-09-02 06:56:00.370 62472 INFO tempest.lib.common.rest_client [req-e2d3758d-22c2-4257-8798-3ba8801f4161 req-e2d3758d-22c2-4257-8798-3ba8801f4161 ] Request (SecurityGroupsTestAdminJSON:setUpClass): 200 GET http://10.180.1.21/identity/v3/roles 0.510s
2024-09-02 06:56:00.377 62446 INFO tempest.common.waiters [-] State transition "BUILD/scheduling" ==> "BUILD/None" after 2 second wait
2024-09-02 06:56:00.411 62478 INFO tempest.lib.common.rest_client [req-2636a6ff-849e-4e23-977d-b2bb5446a08d req-2636a6ff-849e-4e23-977d-b2bb5446a08d ] Request (ValidationResourcesFixture:setUp): 201 POST http://10.180.1.21:9696/networking/v2.0/security-group-rules 0.207s
2024-09-02 06:56:00.414 62444 INFO tempest.lib.common.rest_client [req-66ed3599-0490-470d-905b-99566c661d4e req-66ed3599-0490-470d-905b-99566c661d4e ] Request (ServerDiagnosticsNegativeTest:setUpClass): 204 PUT http://10.180.1.21/identity/v3/projects/18ca8024240148d888e0b75cd7a90a68/users/e00acc0457ac4fe7913181fcf26189ef/roles/24955ca6c3b64a369a8ce12212e9a002 0.497s
2024-09-02 06:56:00.427 62454 INFO tempest.lib.common.rest_client [req-f0b305d4-19d9-43bb-8882-cdd026fd58cc req-f0b305d4-19d9-43bb-8882-cdd026fd58cc ] Request (FlavorsV261TestJSON:tearDownClass): 200 GET http://10.180.1.21:9696/networking/v2.0/security-groups?tenant_id=b1a48844338047e38d021f118a93f3e3&name=default 0.818s
2024-09-02 06:56:00.478 62488 INFO tempest.lib.common.rest_client [req-113d84d6-7538-493c-b0ed-b4a8c5947ad4 req-113d84d6-7538-493c-b0ed-b4a8c5947ad4 ] Request (HypervisorAdminUnderV252Test:setUpClass): 201 POST http://10.180.1.21/identity/v3/auth/tokens 0.536s
2024-09-02 06:56:00.504 62434 INFO tempest.lib.common.rest_client [req-88684fdb-9d73-4ea0-be96-a62fc043c9b9 req-88684fdb-9d73-4ea0-be96-a62fc043c9b9 ] Request (FlavorsV255TestJSON:tearDownClass): 201 POST http://10.180.1.21/identity/v3/auth/tokens 0.462s
2024-09-02 06:56:00.531 62450 INFO tempest.lib.common.rest_client [req-25c76a60-9f99-4543-9d06-2ee57b3885c7 req-25c76a60-9f99-4543-9d06-2ee57b3885c7 ] Request (QuotaClassesAdmin257Test:tearDownClass): 201 POST http://10.180.1.21/identity/v3/auth/tokens 0.485s
2024-09-02 06:56:00.564 62492 INFO tempest.lib.common.rest_client [req-3f24a81b-cd59-4ddf-909e-73393062151b req-3f24a81b-cd59-4ddf-909e-73393062151b ] Request (KeyPairsV2TestJSON:tearDownClass): 204 DELETE http://10.180.1.21/identity/v3/users/9dbb5e64e4f3438c87d33e1fc1fbb3ff 0.544s
2024-09-02 06:56:00.564 62492 INFO tempest.lib.common.dynamic_creds [-] Deleting project and security group for project: ae4b2755e8144dfdba1199b19189c25d
2024-09-02 06:56:00.581 62484 INFO tempest.lib.common.rest_client [req-7efaf958-46f3-4003-a392-b5aadff235c0 req-7efaf958-46f3-4003-a392-b5aadff235c0 ] Request (TenantUsagesTestJSON:setUpClass): 200 GET http://10.180.1.21/identity/v3/domains?name=Default 0.473s
2024-09-02 06:56:00.620 62480 INFO tempest.lib.common.rest_client [req-c8d7299a-8c73-419c-a7eb-7cfe36c75e3d req-c8d7299a-8c73-419c-a7eb-7cfe36c75e3d ] Request (ImagesMetadataTestJSON:test_set_image_metadata): 200 PUT http://10.180.1.21/compute/v2.1/images/b73ed34d-162c-4d47-9677-00bbc37cd943/metadata 0.664s
2024-09-02 06:56:00.642 62460 INFO tempest.lib.common.rest_client [req-337615e6-76f4-4d2a-929d-6a1b55306c87 req-337615e6-76f4-4d2a-929d-6a1b55306c87 ] Request (FlavorsAdminTestJSON:_run_cleanups): 202 DELETE http://10.180.1.21/compute/v2.1/flavors/6a258bf5-6509-4ede-81b2-78705e3ede8d 0.666s
2024-09-02 06:56:00.661 62464 INFO tempest.lib.common.rest_client [req-b5f4c3d8-5c4e-413f-a849-e14b362a8a8d req-b5f4c3d8-5c4e-413f-a849-e14b362a8a8d ] Request (HypervisorAdminNegativeTestJSON:tearDownClass): 204 DELETE http://10.180.1.21/identity/v3/users/64afd0ae44e04d9cb836cb5d7f08dd59 0.494s
2024-09-02 06:56:00.661 62464 INFO tempest.lib.common.dynamic_creds [-] Deleting project and security group for project: db15df3c06594a40860a7ba9841e6989
2024-09-02 06:56:00.671 62440 INFO tempest.lib.common.rest_client [req-8cefdf1e-04b0-4b80-88d5-ae2261b521d0 req-8cefdf1e-04b0-4b80-88d5-ae2261b521d0 ] Request (FlavorsExtraSpecsNegativeTestJSON:tearDownClass): 204 DELETE http://10.180.1.21/identity/v3/users/c0791749d39f43818c8cd855d5294f3b 0.470s
2024-09-02 06:56:00.671 62440 INFO tempest.lib.common.dynamic_creds [-] Deleting project and security group for project: 8ad487aec34e408dae267127af7820b1
2024-09-02 06:56:00.677 62448 INFO tempest.lib.common.rest_client [req-0f1e62b0-a5be-4350-9dc6-3a3981ef0475 req-0f1e62b0-a5be-4350-9dc6-3a3981ef0475 ] Request (AggregatesAdminNegativeTestJSON:test_aggregate_add_non_exist_host): 404 POST http://10.180.1.21/compute/v2.1/os-aggregates/3/action 0.676s
2024-09-02 06:56:00.723 62494 INFO tempest.lib.common.rest_client [req-08b2363a-5a89-4925-9c53-b75b4899706e req-08b2363a-5a89-4925-9c53-b75b4899706e ] Request (KeyPairsV22TestJSON:test_keypairsv22_create_list_show): 201 POST http://10.180.1.21/compute/v2.1/os-keypairs 0.677s
2024-09-02 06:56:00.728 62462 INFO tempest.lib.common.rest_client [req-42d5fceb-ccd3-4fbb-ae9c-3bdc0aba4dcb req-42d5fceb-ccd3-4fbb-ae9c-3bdc0aba4dcb ] Request (KeyPairsV210TestJSON:tearDownClass): 201 POST http://10.180.1.21/identity/v3/auth/tokens 0.423s
2024-09-02 06:56:00.738 62470 INFO tempest.lib.common.rest_client [req-f305fce3-e004-4635-8895-eb61a8726a0f req-f305fce3-e004-4635-8895-eb61a8726a0f ] Request (FlavorsAccessNegativeTestJSON:test_flavor_non_admin_add): 200 POST http://10.180.1.21/compute/v2.1/flavors 0.501s
2024-09-02 06:56:00.747 62482 INFO tempest.lib.common.rest_client [req-8dd603c9-4637-4dc5-ae79-ac48a22ae3c8 req-8dd603c9-4637-4dc5-ae79-ac48a22ae3c8 ] Request (HostsAdminNegativeTestJSON:test_update_host_with_non_admin_user): 403 PUT http://10.180.1.21/compute/v2.1/os-hosts/devstack 0.503s
2024-09-02 06:56:00.751 62476 INFO tempest.lib.common.rest_client [req-adcaac55-20a0-44bd-bb7f-e635407e5c91 req-adcaac55-20a0-44bd-bb7f-e635407e5c91 ] Request (FloatingIPsTestJSON:setUpClass): 200 GET http://10.180.1.21/identity/v3/domains?name=Default 0.398s
2024-09-02 06:56:00.780 62472 INFO tempest.lib.common.rest_client [req-2db5c060-026c-4092-8139-7a8ce6c987aa req-2db5c060-026c-4092-8139-7a8ce6c987aa ] Request (SecurityGroupsTestAdminJSON:setUpClass): 204 PUT http://10.180.1.21/identity/v3/projects/240e2919396642afbd99352db9c083d5/users/ec4e0d1e9c5c4546ad21ca30077089c0/roles/3eb15b0e8c75456b86567e8ac673be7b 0.410s
2024-09-02 06:56:00.781 62472 INFO tempest.lib.common.dynamic_creds [-] Dynamic test user ec4e0d1e9c5c4546ad21ca30077089c0 is created with scope project and roles: ['member']
2024-09-02 06:56:00.782 62472 INFO tempest.lib.common.dynamic_creds [-] Acquired dynamic creds: credentials: Credentials: {'domain_id': 'default', 'domain_name': 'Default', 'username': 'tempest-SecurityGroupsTestAdminJSON-908437588-project-member', 'project_domain_id': 'default', 'project_domain_name': 'Default', 'project_id': '240e2919396642afbd99352db9c083d5', 'project_name': 'tempest-SecurityGroupsTestAdminJSON-908437588', 'tenant_id': '240e2919396642afbd99352db9c083d5', 'tenant_name': 'tempest-SecurityGroupsTestAdminJSON-908437588', 'user_domain_id': 'default', 'user_domain_name': 'Default', 'user_id': 'ec4e0d1e9c5c4546ad21ca30077089c0', 'system': None}, Network: None, Subnet: None, Router: None
2024-09-02 06:56:00.783 62472 INFO tempest.lib.common.dynamic_creds [-] Created isolated network resources for: credentials: Credentials: {'domain_id': 'default', 'domain_name': 'Default', 'username': 'tempest-SecurityGroupsTestAdminJSON-908437588-project-member', 'project_domain_id': 'default', 'project_domain_name': 'Default', 'project_id': '240e2919396642afbd99352db9c083d5', 'project_name': 'tempest-SecurityGroupsTestAdminJSON-908437588', 'tenant_id': '240e2919396642afbd99352db9c083d5', 'tenant_name': 'tempest-SecurityGroupsTestAdminJSON-908437588', 'user_domain_id': 'default', 'user_domain_name': 'Default', 'user_id': 'ec4e0d1e9c5c4546ad21ca30077089c0', 'system': None}, Network: None, Subnet: None, Router: None
2024-09-02 06:56:00.783 62452 INFO tempest.lib.common.rest_client [req-5e6e374b-a739-4b52-9f85-cd9801130d64 req-5e6e374b-a739-4b52-9f85-cd9801130d64 ] Request (QuotasAdminTestV236:test_get_updated_quotas): 200 GET http://10.180.1.21/identity/v3/domains?name=Default 0.502s
2024-09-02 06:56:00.848 62488 INFO tempest.lib.common.rest_client [req-8ba840e2-6107-4934-895b-ea3dde703b52 req-8ba840e2-6107-4934-895b-ea3dde703b52 ] Request (HypervisorAdminUnderV252Test:setUpClass): 201 POST http://10.180.1.21/identity/v3/auth/tokens 0.363s
2024-09-02 06:56:00.851 62444 INFO tempest.lib.common.rest_client [req-fe87175c-49e0-412d-9880-e05e2f43869e req-fe87175c-49e0-412d-9880-e05e2f43869e ] Request (ServerDiagnosticsNegativeTest:setUpClass): 200 GET http://10.180.1.21/identity/v3/roles 0.436s
2024-09-02 06:56:00.880 62492 INFO tempest.lib.common.rest_client [req-be066c7f-4122-43a9-8923-eefceefeb0ae req-be066c7f-4122-43a9-8923-eefceefeb0ae ] Request (KeyPairsV2TestJSON:tearDownClass): 201 POST http://10.180.1.21/identity/v3/auth/tokens 0.315s
2024-09-02 06:56:00.896 62478 INFO tempest.lib.common.rest_client [req-eb47de2d-30d0-4b76-9715-d7e1e413c6b0 req-eb47de2d-30d0-4b76-9715-d7e1e413c6b0 ] Request (ValidationResourcesFixture:setUp): 201 POST http://10.180.1.21:9696/networking/v2.0/security-group-rules 0.485s
2024-09-02 06:56:00.932 62484 INFO tempest.lib.common.rest_client [req-61099073-c292-4cd5-bf27-e6e32669246e req-61099073-c292-4cd5-bf27-e6e32669246e ] Request (TenantUsagesTestJSON:setUpClass): 201 POST http://10.180.1.21/identity/v3/projects 0.350s
2024-09-02 06:56:00.996 62464 INFO tempest.lib.common.rest_client [req-9ad0f055-a5db-4580-a845-ca75f2e2f785 req-9ad0f055-a5db-4580-a845-ca75f2e2f785 ] Request (HypervisorAdminNegativeTestJSON:tearDownClass): 201 POST http://10.180.1.21/identity/v3/auth/tokens 0.334s
2024-09-02 06:56:01.015 62440 INFO tempest.lib.common.rest_client [req-63641b9a-6f76-44b1-b9f5-b7d5c60d4021 req-63641b9a-6f76-44b1-b9f5-b7d5c60d4021 ] Request (FlavorsExtraSpecsNegativeTestJSON:tearDownClass): 201 POST http://10.180.1.21/identity/v3/auth/tokens 0.343s
2024-09-02 06:56:01.035 62454 INFO tempest.lib.common.rest_client [req-9dfa72f6-0208-4388-9b56-25790e278640 req-9dfa72f6-0208-4388-9b56-25790e278640 ] Request (FlavorsV261TestJSON:tearDownClass): 204 DELETE http://10.180.1.21:9696/networking/v2.0/security-groups/584fb6f8-0473-43b9-bddf-f95610d91a70 0.607s
2024-09-02 06:56:01.051 62476 INFO tempest.lib.common.rest_client [req-6ec0c365-2fc3-49c2-9cd7-1453edf2fb50 req-6ec0c365-2fc3-49c2-9cd7-1453edf2fb50 ] Request (FloatingIPsTestJSON:setUpClass): 201 POST http://10.180.1.21/identity/v3/projects 0.300s
2024-09-02 06:56:01.086 62436 INFO tempest.lib.common.rest_client [req-fad8daca-319e-4c3e-9d45-fad89e0ea3e2 req-fad8daca-319e-4c3e-9d45-fad89e0ea3e2 ] Request (ImagesOneServerNegativeTestJSON:setUpClass): 201 POST http://10.180.1.21:9696/networking/v2.0/subnets 0.890s
2024-09-02 06:56:01.105 62488 INFO tempest.lib.common.rest_client [req-d127c2b4-717f-431a-8925-bbf53fcae954 req-d127c2b4-717f-431a-8925-bbf53fcae954 ] Request (HypervisorAdminUnderV252Test:setUpClass): 200 GET http://10.180.1.21/identity/v3/domains?name=Default 0.256s
2024-09-02 06:56:01.109 62438 INFO tempest.lib.common.rest_client [req-57f7b26f-7e9a-4c22-bd09-02d7e4db03ba req-57f7b26f-7e9a-4c22-bd09-02d7e4db03ba ] Request (ServerAddressesNegativeTestJSON:setUpClass): 200 GET http://10.180.1.21/compute/v2.1/servers/02b78fc1-49a9-44aa-b9e8-4ca9f8aed3f4 0.762s
2024-09-02 06:56:01.122 62444 INFO tempest.lib.common.rest_client [req-860f2168-da94-4b2f-ae24-411369efd099 req-860f2168-da94-4b2f-ae24-411369efd099 ] Request (ServerDiagnosticsNegativeTest:setUpClass): 204 PUT http://10.180.1.21/identity/v3/projects/18ca8024240148d888e0b75cd7a90a68/users/e00acc0457ac4fe7913181fcf26189ef/roles/24955ca6c3b64a369a8ce12212e9a002 0.271s
2024-09-02 06:56:01.123 62444 INFO tempest.lib.common.dynamic_creds [-] Dynamic test user e00acc0457ac4fe7913181fcf26189ef is created with scope project and roles: ['admin']
2024-09-02 06:56:01.123 62444 INFO tempest.lib.common.dynamic_creds [-] Acquired dynamic creds: credentials: Credentials: {'domain_id': 'default', 'domain_name': 'Default', 'username': 'tempest-ServerDiagnosticsNegativeTest-1605345839-project-admin', 'project_domain_id': 'default', 'project_domain_name': 'Default', 'project_id': '18ca8024240148d888e0b75cd7a90a68', 'project_name': 'tempest-ServerDiagnosticsNegativeTest-1605345839', 'tenant_id': '18ca8024240148d888e0b75cd7a90a68', 'tenant_name': 'tempest-ServerDiagnosticsNegativeTest-1605345839', 'user_domain_id': 'default', 'user_domain_name': 'Default', 'user_id': 'e00acc0457ac4fe7913181fcf26189ef', 'system': None}, Network: None, Subnet: None, Router: None
