2024-09-02 06:55:52.557 62450 INFO tempest.lib.common.dynamic_creds [-] Acquired dynamic creds: credentials: Credentials: {'domain_id': 'default', 'domain_name': 'Default', 'username': 'tempest-QuotaClassesAdmin257Test-849843722-project-member', 'project_domain_id': 'default', 'project_domain_name': 'Default', 'project_id': '6875f253cf9f48aaa678ed78e01c4f1a', 'project_name': 'tempest-QuotaClassesAdmin257Test-849843722', 'tenant_id': '6875f253cf9f48aaa678ed78e01c4f1a', 'tenant_name': 'tempest-QuotaClassesAdmin257Test-849843722', 'user_domain_id': 'default', 'user_domain_name': 'Default', 'user_id': 'bfa8ca26ab9e43d4b4cde749dc85f088', 'system': None}, Network: None, Subnet: None, Router: None
2024-09-02 06:55:52.557 62450 INFO tempest.lib.common.dynamic_creds [-] Created isolated network resources for: credentials: Credentials: {'domain_id': 'default', 'domain_name': 'Default', 'username': 'tempest-QuotaClassesAdmin257Test-849843722-project-member', 'project_domain_id': 'default', 'project_domain_name': 'Default', 'project_id': '6875f253cf9f48aaa678ed78e01c4f1a', 'project_name': 'tempest-QuotaClassesAdmin257Test-849843722', 'tenant_id': '6875f253cf9f48aaa678ed78e01c4f1a', 'tenant_name': 'tempest-QuotaClassesAdmin257Test-849843722', 'user_domain_id': 'default', 'user_domain_name': 'Default', 'user_id': 'bfa8ca26ab9e43d4b4cde749dc85f088', 'system': None}, Network: None, Subnet: None, Router: None
2024-09-02 06:55:52.586 62482 INFO tempest.lib.common.rest_client [req-d4599dd8-7d9e-41d0-9552-641dd5774cec req-d4599dd8-7d9e-41d0-9552-641dd5774cec ] Request (HostsAdminNegativeTestJSON:setUpClass): 200 GET http://10.180.1.21/compute/v2.1/os-hosts 1.859s
2024-09-02 06:55:52.685 62486 INFO tempest.lib.common.rest_client [req-655cb6dc-dec9-49e3-9b7d-d275d18b08e6 req-655cb6dc-dec9-49e3-9b7d-d275d18b08e6 ] Request (AZAdminNegativeTestJSON:tearDownClass): 204 DELETE http://10.180.1.21/identity/v3/users/7833e4bea567435da7501c58599eacc6 0.194s
2024-09-02 06:55:52.685 62486 INFO tempest.lib.common.dynamic_creds [-] Deleting project and security group for project: 587d7b2bf6ed41ca819e8cb9df66580d
2024-09-02 06:55:52.717 62450 INFO tempest.lib.common.rest_client [req-53fc4a48-6de2-4d76-865b-4061657511cf req-53fc4a48-6de2-4d76-865b-4061657511cf ] Request (QuotaClassesAdmin257Test:setUpClass): 201 POST http://10.180.1.21/identity/v3/auth/tokens 0.157s
2024-09-02 06:55:52.768 62486 INFO tempest.lib.common.rest_client [req-968fdb3f-8efa-464b-b8d2-cbd4a4b9b9e8 req-968fdb3f-8efa-464b-b8d2-cbd4a4b9b9e8 ] Request (AZAdminNegativeTestJSON:tearDownClass): 201 POST http://10.180.1.21/identity/v3/auth/tokens 0.082s
2024-09-02 06:55:52.796 62450 INFO tempest.lib.common.rest_client [req-068fee63-6cba-4006-a542-ac50b2793d66 req-068fee63-6cba-4006-a542-ac50b2793d66 ] Request (QuotaClassesAdmin257Test:setUpClass): 201 POST http://10.180.1.21/identity/v3/projects 0.078s
2024-09-02 06:55:52.840 62446 INFO tempest.lib.common.rest_client [req-e7daa44a-857a-4f7d-a558-dc4fae00ea9f req-e7daa44a-857a-4f7d-a558-dc4fae00ea9f ] Request (ServerDiskConfigTestJSON:setUpClass): 201 POST http://10.180.1.21:9696/networking/v2.0/networks 0.647s
2024-09-02 06:55:52.855 62450 INFO tempest.lib.common.rest_client [req-5deecc45-4c19-429f-b490-463e9671c45f req-5deecc45-4c19-429f-b490-463e9671c45f ] Request (QuotaClassesAdmin257Test:setUpClass): 201 POST http://10.180.1.21/identity/v3/users 0.058s
2024-09-02 06:55:52.875 62450 INFO tempest.lib.common.rest_client [req-de83c0da-a9b7-48be-bd28-c0a29cec9ef1 req-de83c0da-a9b7-48be-bd28-c0a29cec9ef1 ] Request (QuotaClassesAdmin257Test:setUpClass): 200 GET http://10.180.1.21/identity/v3/roles 0.020s
2024-09-02 06:55:52.904 62450 INFO tempest.lib.common.rest_client [req-af673452-c9e9-44c9-8cf1-f949a58974af req-af673452-c9e9-44c9-8cf1-f949a58974af ] Request (QuotaClassesAdmin257Test:setUpClass): 204 PUT http://10.180.1.21/identity/v3/projects/63c1ba6b797d441c81bb368efa5b0109/users/71bd8a1cfdf042178c56be33140b5170/roles/24955ca6c3b64a369a8ce12212e9a002 0.028s
2024-09-02 06:55:52.935 62466 INFO tempest.lib.common.rest_client [req-98febec0-6117-48ae-883e-180c52b24b7a req-98febec0-6117-48ae-883e-180c52b24b7a ] Request (DeleteServersAdminTestJSON:test_admin_delete_servers_of_others): 202 POST http://10.180.1.21/compute/v2.1/servers 2.261s
2024-09-02 06:55:52.952 62450 INFO tempest.lib.common.rest_client [req-135ee0a9-0e52-44d8-9041-3faa26c9f9bb req-135ee0a9-0e52-44d8-9041-3faa26c9f9bb ] Request (QuotaClassesAdmin257Test:setUpClass): 200 GET http://10.180.1.21/identity/v3/roles 0.048s
2024-09-02 06:55:52.961 62456 INFO tempest.lib.common.rest_client [req-2cf9cc6b-0711-48c8-8d0e-675299887ec5 req-2cf9cc6b-0711-48c8-8d0e-675299887ec5 ] Request (AZAdminV2TestJSON:test_get_availability_zone_list): 200 GET http://10.180.1.21/compute/v2.1/os-availability-zone 2.175s
2024-09-02 06:55:52.961 62442 INFO tempest.lib.common.rest_client [req-d9e76d83-2379-487f-81b9-cd5af0fb5d97 req-d9e76d83-2379-487f-81b9-cd5af0fb5d97 ] Request (InstanceUsageAuditLogTestJSON:tearDownClass): 200 GET http://10.180.1.21:9696/networking/v2.0/security-groups?tenant_id=76281ac5961e4eac99a567cbb65c92a4&name=default 0.526s
2024-09-02 06:55:52.974 62450 INFO tempest.lib.common.rest_client [req-2d0f73e8-82dc-408b-9f6c-bde5b9f1d423 req-2d0f73e8-82dc-408b-9f6c-bde5b9f1d423 ] Request (QuotaClassesAdmin257Test:setUpClass): 204 PUT http://10.180.1.21/identity/v3/projects/63c1ba6b797d441c81bb368efa5b0109/users/71bd8a1cfdf042178c56be33140b5170/roles/24955ca6c3b64a369a8ce12212e9a002 0.021s
2024-09-02 06:55:52.974 62450 INFO tempest.lib.common.dynamic_creds [-] Dynamic test user 71bd8a1cfdf042178c56be33140b5170 is created with scope project and roles: ['admin']
2024-09-02 06:55:52.975 62450 INFO tempest.lib.common.dynamic_creds [-] Acquired dynamic creds: credentials: Credentials: {'domain_id': 'default', 'domain_name': 'Default', 'username': 'tempest-QuotaClassesAdmin257Test-1615325677-project-admin', 'project_domain_id': 'default', 'project_domain_name': 'Default', 'project_id': '63c1ba6b797d441c81bb368efa5b0109', 'project_name': 'tempest-QuotaClassesAdmin257Test-1615325677', 'tenant_id': '63c1ba6b797d441c81bb368efa5b0109', 'tenant_name': 'tempest-QuotaClassesAdmin257Test-1615325677', 'user_domain_id': 'default', 'user_domain_name': 'Default', 'user_id': '71bd8a1cfdf042178c56be33140b5170', 'system': None}, Network: None, Subnet: None, Router: None
2024-09-02 06:55:52.975 62450 INFO tempest.lib.common.dynamic_creds [-] Created isolated network resources for: credentials: Credentials: {'domain_id': 'default', 'domain_name': 'Default', 'username': 'tempest-QuotaClassesAdmin257Test-1615325677-project-admin', 'project_domain_id': 'default', 'project_domain_name': 'Default', 'project_id': '63c1ba6b797d441c81bb368efa5b0109', 'project_name': 'tempest-QuotaClassesAdmin257Test-1615325677', 'tenant_id': '63c1ba6b797d441c81bb368efa5b0109', 'tenant_name': 'tempest-QuotaClassesAdmin257Test-1615325677', 'user_domain_id': 'default', 'user_domain_name': 'Default', 'user_id': '71bd8a1cfdf042178c56be33140b5170', 'system': None}, Network: None, Subnet: None, Router: None
2024-09-02 06:55:53.076 62460 INFO tempest.lib.common.rest_client [req-4d00eef8-6b39-496a-87aa-d3b0091f62b5 req-4d00eef8-6b39-496a-87aa-d3b0091f62b5 ] Request (FlavorsAdminTestJSON:test_create_flavor_using_string_ram): 200 POST http://10.180.1.21/compute/v2.1/flavors 2.205s
2024-09-02 06:55:53.086 62488 INFO tempest.lib.common.rest_client [req-00dda31c-7cdc-4e27-86ed-5f050e58ab1e req-00dda31c-7cdc-4e27-86ed-5f050e58ab1e ] Request (HypervisorAdminTestJSON:test_get_hypervisor_list): 200 GET http://10.180.1.21/compute/v2.1/os-hypervisors 2.237s
2024-09-02 06:55:53.106 62486 INFO tempest.lib.common.rest_client [req-18fad364-41e2-4611-b5c3-4e3811602e51 req-18fad364-41e2-4611-b5c3-4e3811602e51 ] Request (AZAdminNegativeTestJSON:tearDownClass): 200 GET http://10.180.1.21:9696/networking/v2.0/security-groups?tenant_id=587d7b2bf6ed41ca819e8cb9df66580d&name=default 0.337s
2024-09-02 06:55:53.121 62450 INFO tempest.lib.common.rest_client [req-bc5534f5-9a40-4950-87d4-cb1cfe8fbd11 req-bc5534f5-9a40-4950-87d4-cb1cfe8fbd11 ] Request (QuotaClassesAdmin257Test:setUpClass): 201 POST http://10.180.1.21/identity/v3/auth/tokens 0.142s
2024-09-02 06:55:53.141 62464 INFO tempest.lib.common.rest_client [req-5b814427-eacb-42bb-ac98-c75af1fa3e66 req-5b814427-eacb-42bb-ac98-c75af1fa3e66 ] Request (HypervisorAdminNegativeTestJSON:test_get_hypervisor_list_details_with_non_admin_user): 403 GET http://10.180.1.21/compute/v2.1/os-hypervisors/detail 2.109s
2024-09-02 06:55:53.176 62448 INFO tempest.lib.common.rest_client [req-206696c4-4210-4850-8a51-c687e182c60f req-206696c4-4210-4850-8a51-c687e182c60f ] Request (AggregatesAdminNegativeTestJSON:test_aggregate_add_existent_host): 200 POST http://10.180.1.21/compute/v2.1/os-aggregates 2.030s
2024-09-02 06:55:53.212 62472 INFO tempest.lib.common.rest_client [req-1ff813d1-98e2-4db8-9179-36102b63b565 req-1ff813d1-98e2-4db8-9179-36102b63b565 ] Request (HypervisorAdminV253TestBase:test_list_show_detail_hypervisors): 200 GET http://10.180.1.21/compute/v2.1/os-hypervisors/detail?with_servers=True 2.115s
2024-09-02 06:55:53.220 62442 INFO tempest.lib.common.rest_client [req-0d470ae2-4f54-45fa-a38d-fa95d18bc4a4 req-0d470ae2-4f54-45fa-a38d-fa95d18bc4a4 ] Request (InstanceUsageAuditLogTestJSON:tearDownClass): 204 DELETE http://10.180.1.21:9696/networking/v2.0/security-groups/84fa4e14-1c3d-465b-aa0b-c3695a3e4248 0.258s
2024-09-02 06:55:53.247 62478 INFO tempest.lib.common.rest_client [req-1317e44e-fe9e-45ce-8193-fc3607c936b4 req-1317e44e-fe9e-45ce-8193-fc3607c936b4 ] Request (ServersWithSpecificFlavorTestJSON:setUpClass): 201 POST http://10.180.1.21:9696/networking/v2.0/routers 1.062s
2024-09-02 06:55:53.264 62446 INFO tempest.lib.common.rest_client [req-ccce4b27-6b4c-4972-a215-42bfe4056e08 req-ccce4b27-6b4c-4972-a215-42bfe4056e08 ] Request (ServerDiskConfigTestJSON:setUpClass): 201 POST http://10.180.1.21:9696/networking/v2.0/subnets 0.424s
2024-09-02 06:55:53.280 62490 INFO tempest.lib.common.rest_client [req-8d6644aa-ecf2-4938-9b4c-c1d04b832464 req-8d6644aa-ecf2-4938-9b4c-c1d04b832464 ] Request (VolumesAssistedSnapshotsTest:setUpClass): 201 POST http://10.180.1.21:9696/networking/v2.0/routers 0.945s
2024-09-02 06:55:53.293 62462 INFO tempest.lib.common.rest_client [req-4215cb69-f67b-4bcb-aa16-5a1b62cb2547 req-4215cb69-f67b-4bcb-aa16-5a1b62cb2547 ] Request (KeyPairsV210TestJSON:test_admin_manage_keypairs_for_other_users): 201 POST http://10.180.1.21/compute/v2.1/os-keypairs 2.134s
2024-09-02 06:55:53.330 62492 INFO tempest.lib.common.rest_client [req-819d1ea9-f9e7-467e-871b-669bb845d2fa req-819d1ea9-f9e7-467e-871b-669bb845d2fa ] Request (KeyPairsV2TestJSON:test_keypair_create_delete): 200 POST http://10.180.1.21/compute/v2.1/os-keypairs 2.142s
2024-09-02 06:55:53.332 62442 INFO tempest.lib.common.rest_client [req-e155dccd-c94f-4c84-b2a4-925cc5339c56 req-e155dccd-c94f-4c84-b2a4-925cc5339c56 ] Request (InstanceUsageAuditLogTestJSON:tearDownClass): 204 DELETE http://10.180.1.21/identity/v3/projects/76281ac5961e4eac99a567cbb65c92a4 0.112s
2024-09-02 06:55:53.332 62442 INFO tempest.lib.common.dynamic_creds [-] Deleting project and security group for project: 1f6afc6da12c4007b1f74168c2d0b72e
2024-09-02 06:55:53.339 62486 INFO tempest.lib.common.rest_client [req-0f30aa24-712f-4f0c-9813-c88388b5fd8d req-0f30aa24-712f-4f0c-9813-c88388b5fd8d ] Request (AZAdminNegativeTestJSON:tearDownClass): 204 DELETE http://10.180.1.21:9696/networking/v2.0/security-groups/cae5199c-2b67-448f-b158-f0df427036f8 0.232s
2024-09-02 06:55:53.425 62486 INFO tempest.lib.common.rest_client [req-66e1990b-b1bf-401d-9607-2b32b297ceea req-66e1990b-b1bf-401d-9607-2b32b297ceea ] Request (AZAdminNegativeTestJSON:tearDownClass): 204 DELETE http://10.180.1.21/identity/v3/projects/587d7b2bf6ed41ca819e8cb9df66580d 0.086s
2024-09-02 06:55:53.425 62486 INFO tempest.lib.common.dynamic_creds [-] Deleting project and security group for project: db7fc5d8feb34b12b7957ebf335e8873
2024-09-02 06:55:53.441 62476 INFO tempest.lib.common.rest_client [req-946f819c-6019-4ef4-a617-deabc01212af req-946f819c-6019-4ef4-a617-deabc01212af ] Request (FlavorMetadataValidation:test_flavor_update_with_custom_namespace): 200 POST http://10.180.1.21/compute/v2.1/flavors 2.207s
2024-09-02 06:55:53.469 62436 INFO tempest.lib.common.rest_client [req-84a2532e-cc0b-4459-b115-4107bb65f3a2 req-84a2532e-cc0b-4459-b115-4107bb65f3a2 ] Request (ImagesMetadataNegativeTestJSON:test_set_nonexistent_image_metadata): 404 PUT http://10.180.1.21/compute/v2.1/images/04c47919-0814-48c7-86e1-52c24e2e5325/metadata 2.222s
2024-09-02 06:55:53.500 62494 INFO tempest.lib.common.rest_client [req-4d86370a-b768-496e-accb-d387b8ae5c59 req-4d86370a-b768-496e-accb-d387b8ae5c59 ] Request (KeyPairsV22TestJSON:test_keypair_create_delete): 201 POST http://10.180.1.21/compute/v2.1/os-keypairs 2.235s
2024-09-02 06:55:53.521 62440 INFO tempest.lib.common.rest_client [req-e8e29f64-0209-4c26-92ba-beb7e8e367cb req-e8e29f64-0209-4c26-92ba-beb7e8e367cb ] Request (FlavorsExtraSpecsNegativeTestJSON:test_flavor_non_admin_unset_keys): 200 POST http://10.180.1.21/compute/v2.1/flavors/515868279/os-extra_specs 2.252s
2024-09-02 06:55:53.609 62468 INFO tempest.lib.common.rest_client [req-c581865a-bef4-4b5f-9864-ba56b885dfc5 req-c581865a-bef4-4b5f-9864-ba56b885dfc5 ] Request (ServersAdminNegativeTestJSON:setUpClass): 202 POST http://10.180.1.21/compute/v2.1/servers 2.435s
2024-09-02 06:55:53.619 62442 INFO tempest.lib.common.rest_client [req-3b579571-ca0b-4291-a0e0-957a0705404b req-3b579571-ca0b-4291-a0e0-957a0705404b ] Request (InstanceUsageAuditLogTestJSON:tearDownClass): 200 GET http://10.180.1.21:9696/networking/v2.0/security-groups?tenant_id=1f6afc6da12c4007b1f74168c2d0b72e&name=default 0.286s
2024-09-02 06:55:53.737 62486 INFO tempest.lib.common.rest_client [req-7627769d-4767-423d-9cee-aa013b9f90ce req-7627769d-4767-423d-9cee-aa013b9f90ce ] Request (AZAdminNegativeTestJSON:tearDownClass): 200 GET http://10.180.1.21:9696/networking/v2.0/security-groups?tenant_id=db7fc5d8feb34b12b7957ebf335e8873&name=default 0.311s
2024-09-02 06:55:53.791 62474 INFO tempest.lib.common.rest_client [req-dbc1f162-51a5-49d1-9db4-fcd7995ac7b2 req-dbc1f162-51a5-49d1-9db4-fcd7995ac7b2 ] Request (ServerDiagnosticsV248Test:test_get_server_diagnostics): 202 POST http://10.180.1.21/compute/v2.1/servers 2.398s
2024-09-02 06:55:53.903 62442 INFO tempest.lib.common.rest_client [req-37a0db36-21c5-4f5e-8db9-4e1a91af5f3c req-37a0db36-21c5-4f5e-8db9-4e1a91af5f3c ] Request (InstanceUsageAuditLogTestJSON:tearDownClass): 204 DELETE http://10.180.1.21:9696/networking/v2.0/security-groups/371601dd-1d2e-4901-90e2-9ba7e1c43a2c 0.284s
2024-09-02 06:55:53.944 62484 INFO tempest.lib.common.rest_client [req-68b53c61-6156-4f06-aac6-55c70b0dae02 req-68b53c61-6156-4f06-aac6-55c70b0dae02 ] Request (QuotaClassesAdminTestJSON:test_update_default_quotas): 200 PUT http://10.180.1.21/compute/v2.1/os-quota-class-sets/default 2.212s
2024-09-02 06:55:54.001 62486 INFO tempest.lib.common.rest_client [req-e49bc362-1188-48cb-a396-b890c6a7ef12 req-e49bc362-1188-48cb-a396-b890c6a7ef12 ] Request (AZAdminNegativeTestJSON:tearDownClass): 204 DELETE http://10.180.1.21:9696/networking/v2.0/security-groups/16776e6e-fb0b-4e6d-a364-a5176332a437 0.263s
2024-09-02 06:55:54.009 62496 INFO tempest.lib.common.rest_client [req-9282ca6b-1358-4a2f-a771-66a1f5c0ea82 req-9282ca6b-1358-4a2f-a771-66a1f5c0ea82 ] Request (MigrationsAdminTest:test_list_migrations_in_flavor_resize_situation): 202 POST http://10.180.1.21/compute/v2.1/servers 2.327s
2024-09-02 06:55:54.042 62444 INFO tempest.lib.common.rest_client [req-fde6fc55-632a-44c5-8448-c7310f160080 req-fde6fc55-632a-44c5-8448-c7310f160080 ] Request (InstanceUsageAuditLogNegativeTestJSON:test_instance_usage_audit_logs_with_nonadmin_user): 403 GET http://10.180.1.21/compute/v2.1/os-instance_usage_audit_log 2.070s
2024-09-02 06:55:54.047 62442 INFO tempest.lib.common.rest_client [req-fea72cee-ac01-44f5-b710-6c1652f6c079 req-fea72cee-ac01-44f5-b710-6c1652f6c079 ] Request (InstanceUsageAuditLogTestJSON:tearDownClass): 204 DELETE http://10.180.1.21/identity/v3/projects/1f6afc6da12c4007b1f74168c2d0b72e 0.143s
2024-09-02 06:55:54.085 62480 INFO tempest.lib.common.rest_client [req-6c8aba49-25eb-40d5-917b-c6acb2a89865 req-6c8aba49-25eb-40d5-917b-c6acb2a89865 ] Request (ImagesMetadataTestJSON:setUpClass): 200 GET http://10.180.1.21/compute/v2.1/images/b73ed34d-162c-4d47-9677-00bbc37cd943 2.077s
2024-09-02 06:55:54.157 62470 INFO tempest.lib.common.rest_client [req-c77bd83d-636d-4e4d-91af-66d1a5b0424c req-c77bd83d-636d-4e4d-91af-66d1a5b0424c ] Request (FlavorsAccessNegativeTestJSON:test_add_flavor_access_duplicate): 200 POST http://10.180.1.21/compute/v2.1/flavors 2.155s
2024-09-02 06:55:54.160 62486 INFO tempest.lib.common.rest_client [req-9c36cfe5-b4b4-4a72-9eca-091598b48808 req-9c36cfe5-b4b4-4a72-9eca-091598b48808 ] Request (AZAdminNegativeTestJSON:tearDownClass): 204 DELETE http://10.180.1.21/identity/v3/projects/db7fc5d8feb34b12b7957ebf335e8873 0.159s
2024-09-02 06:55:54.185 62442 INFO tempest.lib.common.rest_client [req-340449c5-e58e-40c8-b0ca-c0620cdbbd4a req-340449c5-e58e-40c8-b0ca-c0620cdbbd4a ] Request (ImagesOneServerTestJSON:setUpClass): 201 POST http://10.180.1.21/identity/v3/auth/tokens 0.136s
2024-09-02 06:55:54.207 62486 INFO tempest.lib.common.rest_client [req-8cc1a9b5-ce0a-4db0-8a6b-2ca955e3e6d4 req-8cc1a9b5-ce0a-4db0-8a6b-2ca955e3e6d4 ] Request (ServerDiagnosticsTest:setUpClass): 201 POST http://10.180.1.21/identity/v3/auth/tokens 0.043s
2024-09-02 06:55:54.215 62438 INFO tempest.lib.common.rest_client [req-9f288ca2-3487-4c9a-8227-e06470be7f8f req-9f288ca2-3487-4c9a-8227-e06470be7f8f ] Request (ServerAddressesNegativeTestJSON:setUpClass): 200 GET http://10.180.1.21/compute/v2.1/servers/02b78fc1-49a9-44aa-b9e8-4ca9f8aed3f4 2.094s
2024-09-02 06:55:54.232 62442 INFO tempest.lib.common.rest_client [req-0213b6f4-29df-4b1e-a613-3f156da82f8a req-0213b6f4-29df-4b1e-a613-3f156da82f8a ] Request (ImagesOneServerTestJSON:setUpClass): 201 POST http://10.180.1.21/identity/v3/auth/tokens 0.045s
2024-09-02 06:55:54.237 62454 INFO tempest.lib.common.rest_client [req-b1ab1de0-4f02-4963-8e60-d6b2b3310ba6 req-b1ab1de0-4f02-4963-8e60-d6b2b3310ba6 ] Request (FlavorsV261TestJSON:test_crud_flavor): 200 PUT http://10.180.1.21/compute/v2.1/flavors/1079864621 1.881s
2024-09-02 06:55:54.263 62442 INFO tempest.lib.common.rest_client [req-bc610bb0-fd4e-44f6-90a6-ecdd633b7562 req-bc610bb0-fd4e-44f6-90a6-ecdd633b7562 ] Request (ImagesOneServerTestJSON:setUpClass): 200 GET http://10.180.1.21/identity/v3/domains?name=Default 0.030s
2024-09-02 06:55:54.283 62434 INFO tempest.lib.common.rest_client [req-1671d6ae-f578-44d8-afec-a21bcd96ffbc req-1671d6ae-f578-44d8-afec-a21bcd96ffbc ] Request (FlavorsV255TestJSON:test_crud_flavor): 200 GET http://10.180.1.21/compute/v2.1/flavors/1190261345 2.115s
2024-09-02 06:55:54.293 62442 INFO tempest.lib.common.rest_client [req-8e946e2e-da79-4bfa-bcfb-b35799526731 req-8e946e2e-da79-4bfa-bcfb-b35799526731 ] Request (ImagesOneServerTestJSON:setUpClass): 201 POST http://10.180.1.21/identity/v3/projects 0.029s
2024-09-02 06:55:54.318 62482 INFO tempest.lib.common.rest_client [req-48fe43ac-b7a8-4670-80a9-64fec580d010 req-48fe43ac-b7a8-4670-80a9-64fec580d010 ] Request (HostsAdminNegativeTestJSON:test_list_hosts_with_non_admin_user): 403 GET http://10.180.1.21/compute/v2.1/os-hosts 1.729s
2024-09-02 06:55:54.359 62456 INFO tempest.lib.common.rest_client [req-1856cd25-463a-481b-8cc9-9d90de5600a2 req-1856cd25-463a-481b-8cc9-9d90de5600a2 ] Request (AZAdminV2TestJSON:test_get_availability_zone_list_detail): 200 GET http://10.180.1.21/compute/v2.1/os-availability-zone/detail 1.386s
2024-09-02 06:55:54.377 62460 INFO tempest.lib.common.rest_client [req-c4f62e8b-6ad6-4ab3-9bd2-8be22cf4cbf4 req-c4f62e8b-6ad6-4ab3-9bd2-8be22cf4cbf4 ] Request (FlavorsAdminTestJSON:_run_cleanups): 202 DELETE http://10.180.1.21/compute/v2.1/flavors/737304219 1.299s
2024-09-02 06:55:54.399 62486 INFO tempest.lib.common.rest_client [req-393a8039-4238-4478-a37c-cda1baf80912 req-393a8039-4238-4478-a37c-cda1baf80912 ] Request (ServerDiagnosticsTest:setUpClass): 201 POST http://10.180.1.21/identity/v3/auth/tokens 0.129s
2024-09-02 06:55:54.394 62442 INFO tempest.lib.common.rest_client [req-10a3eb86-f3a7-4167-99ba-93a419388507 req-10a3eb86-f3a7-4167-99ba-93a419388507 ] Request (ImagesOneServerTestJSON:setUpClass): 201 POST http://10.180.1.21/identity/v3/users 0.101s
2024-09-02 06:55:54.409 62488 INFO tempest.lib.common.rest_client [req-86e22978-6b76-44ff-8cce-675933e7fb19 req-86e22978-6b76-44ff-8cce-675933e7fb19 ] Request (HypervisorAdminTestJSON:test_get_hypervisor_list_details): 200 GET http://10.180.1.21/compute/v2.1/os-hypervisors/detail 1.315s
2024-09-02 06:55:54.419 62466 INFO tempest.lib.common.rest_client [req-9f6c6013-faa3-4c58-95f1-c1c390d42d5b req-9f6c6013-faa3-4c58-95f1-c1c390d42d5b ] Request (DeleteServersAdminTestJSON:test_admin_delete_servers_of_others): 200 GET http://10.180.1.21/compute/v2.1/servers/7bdef85b-57a2-422d-9e93-e5a425b9cc59 1.482s
2024-09-02 06:55:54.427 62464 INFO tempest.lib.common.rest_client [req-e8f4e746-b82b-4f05-8e2a-9face5d9124f req-e8f4e746-b82b-4f05-8e2a-9face5d9124f ] Request (HypervisorAdminNegativeTestJSON:test_get_hypervisor_list_with_non_admin_user): 403 GET http://10.180.1.21/compute/v2.1/os-hypervisors 1.236s
2024-09-02 06:55:54.430 62478 INFO tempest.lib.common.rest_client [req-56002805-1a03-4fcf-93eb-e4e7826daecc req-56002805-1a03-4fcf-93eb-e4e7826daecc ] Request (ServersWithSpecificFlavorTestJSON:setUpClass): 200 PUT http://10.180.1.21:9696/networking/v2.0/routers/cf85df61-65ef-4c3f-a0bb-38e9129ae490/add_router_interface 1.182s
2024-09-02 06:55:54.430 62478 INFO tempest.lib.common.dynamic_creds [-] Created isolated network resources for: credentials: Credentials: {'domain_id': 'default', 'domain_name': 'Default', 'username': 'tempest-ServersWithSpecificFlavorTestJSON-1115782835-project-admin', 'project_domain_id': 'default', 'project_domain_name': 'Default', 'project_id': '0fb24ac6c16840469609228f6ef53b14', 'project_name': 'tempest-ServersWithSpecificFlavorTestJSON-1115782835', 'tenant_id': '0fb24ac6c16840469609228f6ef53b14', 'tenant_name': 'tempest-ServersWithSpecificFlavorTestJSON-1115782835', 'user_domain_id': 'default', 'user_domain_name': 'Default', 'user_id': '709ee015545542edba58f70e3bda0068', 'system': None}, Network: {'id': '49fbcacd-dab5-4bd9-b326-acf0dbb3b4d3', 'name': 'tempest-ServersWithSpecificFlavorTestJSON-361489489-network', 'tenant_id': '0fb24ac6c16840469609228f6ef53b14', 'admin_state_up': True, 'mtu': 8950, 'status': 'ACTIVE', 'subnets': [], 'shared': False, 'project_id': '0fb24ac6c16840469609228f6ef53b14', 'port_security_enabled': True, 'router:external': False, 'provider:network_type': 'vlan', 'provider:physical_network': 'default', 'provider:segmentation_id': 955, 'is_default': False, 'availability_zone_hints': [], 'availability_zones': [], 'ipv4_address_scope': None, 'ipv6_address_scope': None, 'description': '', 'tags': [], 'created_at': '2024-09-02T06:55:51Z', 'updated_at': '2024-09-02T06:55:51Z', 'revision_number': 1}, Subnet: {'id': '3d0ecbe7-fcd4-41c3-9584-be927474d409', 'name': 'tempest-ServersWithSpecificFlavorTestJSON-361489489-subnet', 'tenant_id': '0fb24ac6c16840469609228f6ef53b14', 'network_id': '49fbcacd-dab5-4bd9-b326-acf0dbb3b4d3', 'ip_version': 4, 'subnetpool_id': None, 'enable_dhcp': True, 'ipv6_ra_mode': None, 'ipv6_address_mode': None, 'gateway_ip': '192.168.128.1', 'cidr': '192.168.128.0/28', 'allocation_pools': [{'start': '192.168.128.2', 'end': '192.168.128.14'}], 'host_routes': [], 'dns_nameservers': [], 'description': '', 'router:external': False, 'service_types': [], 'tags': [], 'created_at': '2024-09-02T06:55:52Z', 'updated_at': '2024-09-02T06:55:52Z', 'revision_number': 0, 'project_id': '0fb24ac6c16840469609228f6ef53b14'}, Router: {'id': 'cf85df61-65ef-4c3f-a0bb-38e9129ae490', 'name': 'tempest-ServersWithSpecificFlavorTestJSON-361489489-router', 'tenant_id': '0fb24ac6c16840469609228f6ef53b14', 'admin_state_up': True, 'status': 'ACTIVE', 'external_gateway_info': {'network_id': '062aa859-33c9-4226-aeb7-b443e7b23e6f', 'external_fixed_ips': [{'subnet_id': '21420581-23cc-4538-a6ef-fe97fb48f579', 'ip_address': '10.180.180.145'}], 'enable_snat': True}, 'description': '', 'availability_zones': [], 'distributed': False, 'ha': False, 'availability_zone_hints': [], 'routes': [], 'flavor_id': None, 'tags': [], 'created_at': '2024-09-02T06:55:52Z', 'updated_at': '2024-09-02T06:55:52Z', 'revision_number': 2, 'project_id': '0fb24ac6c16840469609228f6ef53b14'}
2024-09-02 06:55:54.442 62442 INFO tempest.lib.common.rest_client [req-5948a823-83c7-4feb-b16d-5562458f2361 req-5948a823-83c7-4feb-b16d-5562458f2361 ] Request (ImagesOneServerTestJSON:setUpClass): 200 GET http://10.180.1.21/identity/v3/roles 0.042s
2024-09-02 06:55:54.478 62472 INFO tempest.lib.common.rest_client [req-33c199f3-b16d-4177-a4ea-8b966cc26af0 req-33c199f3-b16d-4177-a4ea-8b966cc26af0 ] Request (HypervisorAdminV253TestBase:test_list_show_detail_hypervisors): 200 GET http://10.180.1.21/compute/v2.1/os-hypervisors?with_servers=True 1.261s
2024-09-02 06:55:54.505 62456 INFO tempest.lib.common.rest_client [req-4c1cc621-fcb8-4abb-9f63-8fd344a418cc req-4c1cc621-fcb8-4abb-9f63-8fd344a418cc ] Request (AZAdminV2TestJSON:tearDownClass): 204 DELETE http://10.180.1.21/identity/v3/users/f5f26833cdc3470aad7cb2dd60a09032 0.142s
2024-09-02 06:55:54.513 62462 INFO tempest.lib.common.rest_client [req-32ad8a0b-a9d5-4f23-83d6-87dc6260993c req-32ad8a0b-a9d5-4f23-83d6-87dc6260993c ] Request (KeyPairsV210TestJSON:test_admin_manage_keypairs_for_other_users): 201 POST http://10.180.1.21/compute/v2.1/os-keypairs 1.215s
2024-09-02 06:55:54.513 62486 INFO tempest.lib.common.rest_client [req-f60d744d-4076-4da1-ac43-8ed26576d745 req-f60d744d-4076-4da1-ac43-8ed26576d745 ] Request (ServerDiagnosticsTest:setUpClass): 200 GET http://10.180.1.21/identity/v3/domains?name=Default 0.112s
2024-09-02 06:55:54.534 62492 INFO tempest.lib.common.rest_client [req-c6a626f9-38ce-431b-8819-68ac70cb75b9 req-c6a626f9-38ce-431b-8819-68ac70cb75b9 ] Request (KeyPairsV2TestJSON:_run_cleanups): 202 DELETE http://10.180.1.21/compute/v2.1/os-keypairs/tempest-keypair-1851912900 1.202s
2024-09-02 06:55:54.536 62446 INFO tempest.lib.common.rest_client [req-f7aeafe9-7466-48c2-b64d-13bdd40bb8b5 req-f7aeafe9-7466-48c2-b64d-13bdd40bb8b5 ] Request (ServerDiskConfigTestJSON:setUpClass): 201 POST http://10.180.1.21:9696/networking/v2.0/routers 1.271s
2024-09-02 06:55:54.579 62442 INFO tempest.lib.common.rest_client [req-554de1a3-5d74-4a1d-819c-0ad96be44aab req-554de1a3-5d74-4a1d-819c-0ad96be44aab ] Request (ImagesOneServerTestJSON:setUpClass): 204 PUT http://10.180.1.21/identity/v3/projects/0fe7d06cb7c848f29d4014a33031580e/users/e389ce677b8a447d8ec28121442b2f68/roles/3eb15b0e8c75456b86567e8ac673be7b 0.136s
2024-09-02 06:55:54.579 62442 INFO tempest.lib.common.dynamic_creds [-] Dynamic test user e389ce677b8a447d8ec28121442b2f68 is created with scope project and roles: ['member']
2024-09-02 06:55:54.579 62442 INFO tempest.lib.common.dynamic_creds [-] Acquired dynamic creds: credentials: Credentials: {'domain_id': 'default', 'domain_name': 'Default', 'username': 'tempest-ImagesOneServerTestJSON-1429869881-project-member', 'project_domain_id': 'default', 'project_domain_name': 'Default', 'project_id': '0fe7d06cb7c848f29d4014a33031580e', 'project_name': 'tempest-ImagesOneServerTestJSON-1429869881', 'tenant_id': '0fe7d06cb7c848f29d4014a33031580e', 'tenant_name': 'tempest-ImagesOneServerTestJSON-1429869881', 'user_domain_id': 'default', 'user_domain_name': 'Default', 'user_id': 'e389ce677b8a447d8ec28121442b2f68', 'system': None}, Network: None, Subnet: None, Router: None
2024-09-02 06:55:54.582 62478 INFO tempest.lib.common.rest_client [req-864dfe28-bd30-4e9d-9ed0-8c584f279852 req-864dfe28-bd30-4e9d-9ed0-8c584f279852 ] Request (ServersWithSpecificFlavorTestJSON:setUpClass): 201 POST http://10.180.1.21/identity/v3/auth/tokens 0.149s
2024-09-02 06:55:54.629 62476 INFO tempest.lib.common.rest_client [req-d656767a-bc76-49f5-b934-3c4e59a2857a req-d656767a-bc76-49f5-b934-3c4e59a2857a ] Request (FlavorMetadataValidation:test_flavor_update_with_custom_namespace): 200 POST http://10.180.1.21/compute/v2.1/flavors/1013182905/os-extra_specs 1.186s
2024-09-02 06:55:54.656 62436 INFO tempest.lib.common.rest_client [req-99a44816-e3a9-4763-ba63-da8e92a5863c req-99a44816-e3a9-4763-ba63-da8e92a5863c ] Request (ImagesMetadataNegativeTestJSON:test_set_nonexistent_image_metadata_item): 404 PUT http://10.180.1.21/compute/v2.1/images/4cf6c9a6-1415-40a0-ae4f-c52de3a379fe/metadata/os_distro 1.185s
2024-09-02 06:55:54.669 62486 INFO tempest.lib.common.rest_client [req-66caea7a-bcae-4e73-96ea-f020a03c53f7 req-66caea7a-bcae-4e73-96ea-f020a03c53f7 ] Request (ServerDiagnosticsTest:setUpClass): 201 POST http://10.180.1.21/identity/v3/projects 0.154s
2024-09-02 06:55:54.672 62494 INFO tempest.lib.common.rest_client [req-95f2a6a5-fbb8-4a7e-80b1-ad1be7e3f9ce req-95f2a6a5-fbb8-4a7e-80b1-ad1be7e3f9ce ] Request (KeyPairsV22TestJSON:_run_cleanups): 204 DELETE http://10.180.1.21/compute/v2.1/os-keypairs/tempest-keypair-1141792862 1.170s
2024-09-02 06:55:54.680 62440 INFO tempest.lib.common.rest_client [req-bc9d1b30-1d48-4a95-aa8e-6e9b60984b35 req-bc9d1b30-1d48-4a95-aa8e-6e9b60984b35 ] Request (FlavorsExtraSpecsNegativeTestJSON:test_flavor_non_admin_unset_keys): 403 DELETE http://10.180.1.21/compute/v2.1/flavors/515868279/os-extra_specs/hw:numa_nodes 1.157s
2024-09-02 06:55:54.739 62456 INFO tempest.lib.common.rest_client [req-03bd90a9-6ba6-4f78-9f64-0b9f5314c237 req-03bd90a9-6ba6-4f78-9f64-0b9f5314c237 ] Request (AZAdminV2TestJSON:tearDownClass): 204 DELETE http://10.180.1.21/identity/v3/users/47e96bf6ebe849e887ad8dd2afc5ca54 0.233s
2024-09-02 06:55:54.739 62456 INFO tempest.lib.common.dynamic_creds [-] Deleting project and security group for project: dd6fab5b9f7e4a2695e104d31613b99d
2024-09-02 06:55:54.741 62442 INFO tempest.lib.common.rest_client [req-3ac27304-8e36-479a-a610-933548084cfe req-3ac27304-8e36-479a-a610-933548084cfe ] Request (ImagesOneServerTestJSON:setUpClass): 201 POST http://10.180.1.21/identity/v3/auth/tokens 0.161s
2024-09-02 06:55:54.746 62468 INFO tempest.lib.common.rest_client [req-90415d6c-7715-48cc-9398-5630fee6203d req-90415d6c-7715-48cc-9398-5630fee6203d ] Request (ServersAdminNegativeTestJSON:setUpClass): 200 GET http://10.180.1.21/compute/v2.1/servers/af848e85-34e4-4d31-a5c1-32dc950f2897 1.136s
2024-09-02 06:55:54.811 62486 INFO tempest.lib.common.rest_client [req-02554c62-74fb-406a-b1a2-b3e017099306 req-02554c62-74fb-406a-b1a2-b3e017099306 ] Request (ServerDiagnosticsTest:setUpClass): 201 POST http://10.180.1.21/identity/v3/users 0.140s
2024-09-02 06:55:54.839 62474 INFO tempest.lib.common.rest_client [req-66fd2121-031a-42dd-b373-fa6d5287137d req-66fd2121-031a-42dd-b373-fa6d5287137d ] Request (ServerDiagnosticsV248Test:test_get_server_diagnostics): 200 GET http://10.180.1.21/compute/v2.1/servers/a4e33863-ad92-49b4-a07f-fc0516d34cfb 1.046s
2024-09-02 06:55:54.844 62456 INFO tempest.lib.common.rest_client [req-70ef6098-2793-4ed8-a54c-f4e962d54da6 req-70ef6098-2793-4ed8-a54c-f4e962d54da6 ] Request (AZAdminV2TestJSON:tearDownClass): 201 POST http://10.180.1.21/identity/v3/auth/tokens 0.105s
2024-09-02 06:55:54.854 62484 INFO tempest.lib.common.rest_client [req-9eefc284-6fe9-485a-9d2e-5adfc751daee req-9eefc284-6fe9-485a-9d2e-5adfc751daee ] Request (QuotaClassesAdminTestJSON:test_update_default_quotas): 200 GET http://10.180.1.21/compute/v2.1/os-quota-class-sets/default 0.909s
2024-09-02 06:55:54.865 62486 INFO tempest.lib.common.rest_client [req-478ba87f-7e79-46dc-83b3-ebce6379a591 req-478ba87f-7e79-46dc-83b3-ebce6379a591 ] Request (ServerDiagnosticsTest:setUpClass): 200 GET http://10.180.1.21/identity/v3/roles 0.054s
2024-09-02 06:55:54.910 62486 INFO tempest.lib.common.rest_client [req-8f287268-d2eb-414c-a765-7fcd80c55b74 req-8f287268-d2eb-414c-a765-7fcd80c55b74 ] Request (ServerDiagnosticsTest:setUpClass): 204 PUT http://10.180.1.21/identity/v3/projects/e45f39a335a84676a595f40db80b6f9d/users/fc1fa585bb0a4761988aefc3c65634b1/roles/3eb15b0e8c75456b86567e8ac673be7b 0.045s
2024-09-02 06:55:54.911 62486 INFO tempest.lib.common.dynamic_creds [-] Dynamic test user fc1fa585bb0a4761988aefc3c65634b1 is created with scope project and roles: ['member']
2024-09-02 06:55:54.911 62486 INFO tempest.lib.common.dynamic_creds [-] Acquired dynamic creds: credentials: Credentials: {'domain_id': 'default', 'domain_name': 'Default', 'username': 'tempest-ServerDiagnosticsTest-415208092-project-member', 'project_domain_id': 'default', 'project_domain_name': 'Default', 'project_id': 'e45f39a335a84676a595f40db80b6f9d', 'project_name': 'tempest-ServerDiagnosticsTest-415208092', 'tenant_id': 'e45f39a335a84676a595f40db80b6f9d', 'tenant_name': 'tempest-ServerDiagnosticsTest-415208092', 'user_domain_id': 'default', 'user_domain_name': 'Default', 'user_id': 'fc1fa585bb0a4761988aefc3c65634b1', 'system': None}, Network: None, Subnet: None, Router: None
2024-09-02 06:55:54.911 62486 INFO tempest.lib.common.dynamic_creds [-] Created isolated network resources for: credentials: Credentials: {'domain_id': 'default', 'domain_name': 'Default', 'username': 'tempest-ServerDiagnosticsTest-415208092-project-member', 'project_domain_id': 'default', 'project_domain_name': 'Default', 'project_id': 'e45f39a335a84676a595f40db80b6f9d', 'project_name': 'tempest-ServerDiagnosticsTest-415208092', 'tenant_id': 'e45f39a335a84676a595f40db80b6f9d', 'tenant_name': 'tempest-ServerDiagnosticsTest-415208092', 'user_domain_id': 'default', 'user_domain_name': 'Default', 'user_id': 'fc1fa585bb0a4761988aefc3c65634b1', 'system': None}, Network: None, Subnet: None, Router: None
2024-09-02 06:55:54.923 62496 INFO tempest.lib.common.rest_client [req-161fbd44-fa28-4a75-a95d-bfb9a3bdfba3 req-161fbd44-fa28-4a75-a95d-bfb9a3bdfba3 ] Request (MigrationsAdminTest:test_list_migrations_in_flavor_resize_situation): 200 GET http://10.180.1.21/compute/v2.1/servers/c8d07bb2-0c57-47a0-af95-539ac36023f1 0.912s
2024-09-02 06:55:54.932 62444 INFO tempest.lib.common.rest_client [req-7d4c5c74-3d1a-42ca-8712-589872a092fd req-7d4c5c74-3d1a-42ca-8712-589872a092fd ] Request (InstanceUsageAuditLogNegativeTestJSON:test_instance_usage_audit_logs_with_nonadmin_user): 403 GET http://10.180.1.21/compute/v2.1/os-instance_usage_audit_log/2024-09-02%2006%3A55%3A54 0.887s
2024-09-02 06:55:54.969 62490 INFO tempest.lib.common.rest_client [req-456748d3-e214-4bf4-bf82-0364f1dc6e63 req-456748d3-e214-4bf4-bf82-0364f1dc6e63 ] Request (VolumesAssistedSnapshotsTest:setUpClass): 200 PUT http://10.180.1.21:9696/networking/v2.0/routers/c2f319d3-1374-4136-97a3-37f6fdc1b1ac/add_router_interface 1.688s
2024-09-02 06:55:54.969 62490 INFO tempest.lib.common.dynamic_creds [-] Created isolated network resources for: credentials: Credentials: {'domain_id': 'default', 'domain_name': 'Default', 'username': 'tempest-VolumesAssistedSnapshotsTest-621431989-project-admin', 'project_domain_id': 'default', 'project_domain_name': 'Default', 'project_id': '9765df03b2bc4ba2b4cde0098b794826', 'project_name': 'tempest-VolumesAssistedSnapshotsTest-621431989', 'tenant_id': '9765df03b2bc4ba2b4cde0098b794826', 'tenant_name': 'tempest-VolumesAssistedSnapshotsTest-621431989', 'user_domain_id': 'default', 'user_domain_name': 'Default', 'user_id': 'de6e7562ee2244b8b6a472615add87e3', 'system': None}, Network: {'id': 'c4669927-fa2f-4dae-9f6c-3493238dd51e', 'name': 'tempest-VolumesAssistedSnapshotsTest-581542819-network', 'tenant_id': '9765df03b2bc4ba2b4cde0098b794826', 'admin_state_up': True, 'mtu': 8950, 'status': 'ACTIVE', 'subnets': [], 'shared': False, 'project_id': '9765df03b2bc4ba2b4cde0098b794826', 'port_security_enabled': True, 'router:external': False, 'provider:network_type': 'vlan', 'provider:physical_network': 'default', 'provider:segmentation_id': 405, 'is_default': False, 'availability_zone_hints': [], 'availability_zones': [], 'ipv4_address_scope': None, 'ipv6_address_scope': None, 'description': '', 'tags': [], 'created_at': '2024-09-02T06:55:52Z', 'updated_at': '2024-09-02T06:55:52Z', 'revision_number': 1}, Subnet: {'id': '9dbd4dfc-1354-4991-929b-70f6fd7ae4cf', 'name': 'tempest-VolumesAssistedSnapshotsTest-581542819-subnet', 'tenant_id': '9765df03b2bc4ba2b4cde0098b794826', 'network_id': 'c4669927-fa2f-4dae-9f6c-3493238dd51e', 'ip_version': 4, 'subnetpool_id': None, 'enable_dhcp': True, 'ipv6_ra_mode': None, 'ipv6_address_mode': None, 'gateway_ip': '192.168.128.1', 'cidr': '192.168.128.0/28', 'allocation_pools': [{'start': '192.168.128.2', 'end': '192.168.128.14'}], 'host_routes': [], 'dns_nameservers': [], 'description': '', 'router:external': False, 'service_types': [], 'tags': [], 'created_at': '2024-09-02T06:55:52Z', 'updated_at': '2024-09-02T06:55:52Z', 'revision_number': 0, 'project_id': '9765df03b2bc4ba2b4cde0098b794826'}, Router: {'id': 'c2f319d3-1374-4136-97a3-37f6fdc1b1ac', 'name': 'tempest-VolumesAssistedSnapshotsTest-581542819-router', 'tenant_id': '9765df03b2bc4ba2b4cde0098b794826', 'admin_state_up': True, 'status': 'ACTIVE', 'external_gateway_info': {'network_id': '062aa859-33c9-4226-aeb7-b443e7b23e6f', 'external_fixed_ips': [{'subnet_id': '21420581-23cc-4538-a6ef-fe97fb48f579', 'ip_address': '10.180.180.196'}], 'enable_snat': True}, 'description': '', 'availability_zones': [], 'distributed': False, 'ha': False, 'availability_zone_hints': [], 'routes': [], 'flavor_id': None, 'tags': [], 'created_at': '2024-09-02T06:55:52Z', 'updated_at': '2024-09-02T06:55:52Z', 'revision_number': 2, 'project_id': '9765df03b2bc4ba2b4cde0098b794826'}
2024-09-02 06:55:55.029 62486 INFO tempest.lib.common.rest_client [req-96db05c0-c5bc-4475-9481-40d858a501ab req-96db05c0-c5bc-4475-9481-40d858a501ab ] Request (ServerDiagnosticsTest:setUpClass): 201 POST http://10.180.1.21/identity/v3/auth/tokens 0.115s
2024-09-02 06:55:55.139 62490 INFO tempest.lib.common.rest_client [req-69c54804-acff-4c6d-91bd-11a87bd634cb req-69c54804-acff-4c6d-91bd-11a87bd634cb ] Request (VolumesAssistedSnapshotsTest:setUpClass): 201 POST http://10.180.1.21/identity/v3/auth/tokens 0.166s
2024-09-02 06:55:55.165 62444 INFO tempest.lib.common.rest_client [req-59e52720-0ecc-4b8b-a5b0-582af7b54074 req-59e52720-0ecc-4b8b-a5b0-582af7b54074 ] Request (InstanceUsageAuditLogNegativeTestJSON:tearDownClass): 204 DELETE http://10.180.1.21/identity/v3/users/90a858c98d4e43a0af75587250cbe6f3 0.232s
2024-09-02 06:55:55.199 62456 INFO tempest.lib.common.rest_client [req-e30b7700-df20-447e-91df-22088ec8d037 req-e30b7700-df20-447e-91df-22088ec8d037 ] Request (AZAdminV2TestJSON:tearDownClass): 200 GET http://10.180.1.21:9696/networking/v2.0/security-groups?tenant_id=dd6fab5b9f7e4a2695e104d31613b99d&name=default 0.354s
2024-09-02 06:55:55.209 62480 INFO tempest.lib.common.rest_client [req-9c62d05c-351d-4bad-a9d4-1d085443690e req-9c62d05c-351d-4bad-a9d4-1d085443690e ] Request (ImagesMetadataTestJSON:setUp): 200 PUT http://10.180.1.21/compute/v2.1/images/b73ed34d-162c-4d47-9677-00bbc37cd943/metadata 1.120s
2024-09-02 06:55:55.262 62486 INFO tempest.lib.common.rest_client [req-601091a5-9e2b-4511-bc2b-fd9c871f287e req-601091a5-9e2b-4511-bc2b-fd9c871f287e ] Request (ServerDiagnosticsTest:setUpClass): 201 POST http://10.180.1.21/identity/v3/projects 0.232s
2024-09-02 06:55:55.271 62442 INFO tempest.lib.common.rest_client [req-64e6327d-a2e1-4935-b04e-5e996d51e8ea req-64e6327d-a2e1-4935-b04e-5e996d51e8ea ] Request (ImagesOneServerTestJSON:setUpClass): 201 POST http://10.180.1.21:9696/networking/v2.0/networks 0.530s
2024-09-02 06:55:55.358 62448 INFO tempest.lib.common.rest_client [req-a6ef1102-15e2-4576-a0c5-e6ee97101de1 req-a6ef1102-15e2-4576-a0c5-e6ee97101de1 ] Request (AggregatesAdminNegativeTestJSON:test_aggregate_add_existent_host): 200 POST http://10.180.1.21/compute/v2.1/os-aggregates/1/action 2.180s
2024-09-02 06:55:55.360 62490 INFO tempest.lib.common.rest_client [req-cd0707e8-8669-403d-9c3b-6d32150e9281 req-cd0707e8-8669-403d-9c3b-6d32150e9281 ] Request (VolumesAssistedSnapshotsTest:setUpClass): 201 POST http://10.180.1.21/identity/v3/projects 0.221s
2024-09-02 06:55:55.394 62454 INFO tempest.lib.common.rest_client [req-14b9de9d-a9ce-4168-a306-66c60b90e44e req-14b9de9d-a9ce-4168-a306-66c60b90e44e ] Request (FlavorsV261TestJSON:test_crud_flavor): 200 GET http://10.180.1.21/compute/v2.1/flavors/detail 1.154s
2024-09-02 06:55:55.397 62456 INFO tempest.lib.common.rest_client [req-3198edca-42a9-4da3-ba59-2b826077be33 req-3198edca-42a9-4da3-ba59-2b826077be33 ] Request (AZAdminV2TestJSON:tearDownClass): 204 DELETE http://10.180.1.21:9696/networking/v2.0/security-groups/4f9cc344-04b7-4d25-b2e7-56037ab0e24c 0.197s
2024-09-02 06:55:55.423 62434 INFO tempest.lib.common.rest_client [req-18c28e15-00b3-4e23-a2b9-acfb27c3c0e7 req-18c28e15-00b3-4e23-a2b9-acfb27c3c0e7 ] Request (FlavorsV255TestJSON:test_crud_flavor): 200 PUT http://10.180.1.21/compute/v2.1/flavors/1190261345 1.137s
2024-09-02 06:55:55.437 62460 INFO tempest.lib.common.rest_client [req-c4bfcf21-6feb-4e0a-ae5a-57750fae5439 req-c4bfcf21-6feb-4e0a-ae5a-57750fae5439 ] Request (FlavorsAdminTestJSON:_run_cleanups): 200 GET http://10.180.1.21/compute/v2.1/flavors/detail 1.059s
2024-09-02 06:55:55.449 62482 INFO tempest.lib.common.rest_client [req-f93d596b-450a-4cc3-a138-e625c8f2a174 req-f93d596b-450a-4cc3-a138-e625c8f2a174 ] Request (HostsAdminNegativeTestJSON:test_reboot_host_with_non_admin_user): 403 GET http://10.180.1.21/compute/v2.1/os-hosts/devstack/reboot 1.066s
2024-09-02 06:55:55.457 62444 INFO tempest.lib.common.rest_client [req-3c4f8ad3-3acc-4af3-964e-6efbef626595 req-3c4f8ad3-3acc-4af3-964e-6efbef626595 ] Request (InstanceUsageAuditLogNegativeTestJSON:tearDownClass): 204 DELETE http://10.180.1.21/identity/v3/users/47fa62c3e2e24d76afd69b4698ae87bd 0.291s
2024-09-02 06:55:55.457 62444 INFO tempest.lib.common.dynamic_creds [-] Deleting project and security group for project: e957441431b5473f9c7f8a544057baa1
2024-09-02 06:55:55.471 62488 INFO tempest.lib.common.rest_client [req-38f3b6ec-eea9-4ea8-b88f-0cf01eddf23a req-38f3b6ec-eea9-4ea8-b88f-0cf01eddf23a ] Request (HypervisorAdminTestJSON:test_get_hypervisor_show_details): 200 GET http://10.180.1.21/compute/v2.1/os-hypervisors 1.054s
2024-09-02 06:55:55.473 62486 INFO tempest.lib.common.rest_client [req-3275a7e5-ff37-46a8-b3aa-e7a4c5dda7a2 req-3275a7e5-ff37-46a8-b3aa-e7a4c5dda7a2 ] Request (ServerDiagnosticsTest:setUpClass): 201 POST http://10.180.1.21/identity/v3/users 0.211s
2024-09-02 06:55:55.476 62464 INFO tempest.lib.common.rest_client [req-ac3365f7-cb0b-4571-819e-8c6f1c699cdd req-ac3365f7-cb0b-4571-819e-8c6f1c699cdd ] Request (HypervisorAdminNegativeTestJSON:test_get_hypervisor_stats_with_non_admin_user): 403 GET http://10.180.1.21/compute/v2.1/os-hypervisors/statistics 1.045s
2024-09-02 06:55:55.503 62472 INFO tempest.lib.common.rest_client [req-c05ccfde-fde4-45b8-833e-f1b3b6b02378 req-c05ccfde-fde4-45b8-833e-f1b3b6b02378 ] Request (HypervisorAdminV253TestBase:test_list_show_detail_hypervisors): 200 GET http://10.180.1.21/compute/v2.1/os-hypervisors/e30706f0-c603-4ac3-b30a-081c9f0e49db 1.022s
2024-09-02 06:55:55.512 62462 INFO tempest.lib.common.rest_client [req-54f1d43e-a04d-450a-8169-d82c1ccb10e4 req-54f1d43e-a04d-450a-8169-d82c1ccb10e4 ] Request (KeyPairsV210TestJSON:test_admin_manage_keypairs_for_other_users): 200 GET http://10.180.1.21/compute/v2.1/os-keypairs/tempest-keypair-51921243?user_id=518dec5d38d8406f815f8ec19def5307 0.997s
2024-09-02 06:55:55.518 62490 INFO tempest.lib.common.rest_client [req-6bcbfffb-4026-465d-8ddd-a2d7b2621f54 req-6bcbfffb-4026-465d-8ddd-a2d7b2621f54 ] Request (VolumesAssistedSnapshotsTest:setUpClass): 201 POST http://10.180.1.21/identity/v3/users 0.155s
2024-09-02 06:55:55.563 62492 INFO tempest.lib.common.rest_client [req-ece9be0b-c6b0-4d75-8ee3-a3836fff068b req-ece9be0b-c6b0-4d75-8ee3-a3836fff068b ] Request (KeyPairsV2TestJSON:test_keypair_create_with_pub_key): 200 POST http://10.180.1.21/compute/v2.1/os-keypairs 1.026s
2024-09-02 06:55:55.586 62456 INFO tempest.lib.common.rest_client [req-68214839-bc14-42dd-b42a-fd9d2ba9ab70 req-68214839-bc14-42dd-b42a-fd9d2ba9ab70 ] Request (AZAdminV2TestJSON:tearDownClass): 204 DELETE http://10.180.1.21/identity/v3/projects/dd6fab5b9f7e4a2695e104d31613b99d 0.189s
2024-09-02 06:55:55.586 62456 INFO tempest.lib.common.dynamic_creds [-] Deleting project and security group for project: 05ceafc5e22d4c1ba8f377a83f0c7983
2024-09-02 06:55:55.629 62470 INFO tempest.lib.common.rest_client [req-9365f1ce-07f4-4794-88fb-f990e38c6d9d req-9365f1ce-07f4-4794-88fb-f990e38c6d9d ] Request (FlavorsAccessNegativeTestJSON:test_add_flavor_access_duplicate): 200 POST http://10.180.1.21/compute/v2.1/flavors/1831689677/action 1.469s
2024-09-02 06:55:55.654 62444 INFO tempest.lib.common.rest_client [req-131cda05-cd10-456b-bb0e-53cbdf1441ef req-131cda05-cd10-456b-bb0e-53cbdf1441ef ] Request (InstanceUsageAuditLogNegativeTestJSON:tearDownClass): 201 POST http://10.180.1.21/identity/v3/auth/tokens 0.196s
2024-09-02 06:55:55.655 62476 INFO tempest.lib.common.rest_client [req-9536958f-3c73-4139-afc7-24a1eb2ae157 req-9536958f-3c73-4139-afc7-24a1eb2ae157 ] Request (FlavorMetadataValidation:_run_cleanups): 202 DELETE http://10.180.1.21/compute/v2.1/flavors/1013182905 1.024s
2024-09-02 06:55:55.664 62486 INFO tempest.lib.common.rest_client [req-7432c2c8-19f4-4d4b-b504-4565666bfb30 req-7432c2c8-19f4-4d4b-b504-4565666bfb30 ] Request (ServerDiagnosticsTest:setUpClass): 200 GET http://10.180.1.21/identity/v3/roles 0.190s
2024-09-02 06:55:55.682 62436 INFO tempest.lib.common.rest_client [req-19aeeb5d-4762-4c86-ad73-5674e7f9f18c req-19aeeb5d-4762-4c86-ad73-5674e7f9f18c ] Request (ImagesMetadataNegativeTestJSON:test_update_nonexistent_image_metadata): 404 POST http://10.180.1.21/compute/v2.1/images/e21fea33-18a4-4133-baea-d04c268e106c/metadata 1.025s
2024-09-02 06:55:55.691 62490 INFO tempest.lib.common.rest_client [req-a6c70527-2d5d-48e8-ace3-f387cde38c04 req-a6c70527-2d5d-48e8-ace3-f387cde38c04 ] Request (VolumesAssistedSnapshotsTest:setUpClass): 200 GET http://10.180.1.21/identity/v3/roles 0.172s
2024-09-02 06:55:55.695 62442 INFO tempest.lib.common.rest_client [req-cdaf9584-5b33-4e9d-9a1f-d491ee02240f req-cdaf9584-5b33-4e9d-9a1f-d491ee02240f ] Request (ImagesOneServerTestJSON:setUpClass): 201 POST http://10.180.1.21:9696/networking/v2.0/subnets 0.422s
2024-09-02 06:55:55.761 62494 INFO tempest.lib.common.rest_client [req-56d264ce-4401-4484-bb96-be8e9bb972e3 req-56d264ce-4401-4484-bb96-be8e9bb972e3 ] Request (KeyPairsV22TestJSON:test_keypair_create_with_pub_key): 201 POST http://10.180.1.21/compute/v2.1/os-keypairs 1.088s
2024-09-02 06:55:55.790 62440 INFO tempest.lib.common.rest_client [req-3338f8ff-123c-49f7-b489-cc7f0ed0326a req-3338f8ff-123c-49f7-b489-cc7f0ed0326a ] Request (FlavorsExtraSpecsNegativeTestJSON:test_flavor_non_admin_update_specific_key): 200 POST http://10.180.1.21/compute/v2.1/flavors/515868279/os-extra_specs 1.109s
2024-09-02 06:55:55.830 62456 INFO tempest.lib.common.rest_client [req-2c2e8066-16d1-46e2-92f2-62f8832555b4 req-2c2e8066-16d1-46e2-92f2-62f8832555b4 ] Request (AZAdminV2TestJSON:tearDownClass): 200 GET http://10.180.1.21:9696/networking/v2.0/security-groups?tenant_id=05ceafc5e22d4c1ba8f377a83f0c7983&name=default 0.244s
2024-09-02 06:55:55.839 62478 INFO tempest.lib.common.rest_client [req-e33ec440-4f4d-4952-bfb1-51b941f65f83 req-e33ec440-4f4d-4952-bfb1-51b941f65f83 ] Request (ServersWithSpecificFlavorTestJSON:test_verify_created_server_ephemeral_disk): 200 GET http://10.180.1.21/compute/v2.1/flavors/42 1.254s
2024-09-02 06:55:55.860 62472 INFO tempest.lib.common.rest_client [req-3a4046a0-f776-46b3-ba28-20619c835687 req-3a4046a0-f776-46b3-ba28-20619c835687 ] Request (HypervisorAdminV253TestBase:tearDownClass): 204 DELETE http://10.180.1.21/identity/v3/users/68d996efbdde4b278e6436f20e3d62c0 0.294s
2024-09-02 06:55:55.879 62484 INFO tempest.lib.common.rest_client [req-751e6bf2-a800-41b5-b3d1-576c3f552cf7 req-751e6bf2-a800-41b5-b3d1-576c3f552cf7 ] Request (QuotaClassesAdminTestJSON:_run_cleanups): 200 PUT http://10.180.1.21/compute/v2.1/os-quota-class-sets/default 1.022s
2024-09-02 06:55:55.974 62438 INFO tempest.lib.common.rest_client [req-ec61e097-352d-4ce3-94cf-84c58b72eb92 req-ec61e097-352d-4ce3-94cf-84c58b72eb92 ] Request (ServerAddressesNegativeTestJSON:setUpClass): 200 GET http://10.180.1.21/compute/v2.1/servers/02b78fc1-49a9-44aa-b9e8-4ca9f8aed3f4 0.751s
2024-09-02 06:55:55.986 62486 INFO tempest.lib.common.rest_client [req-214b311e-bad3-422c-a509-7d1cbecf41fa req-214b311e-bad3-422c-a509-7d1cbecf41fa ] Request (ServerDiagnosticsTest:setUpClass): 204 PUT http://10.180.1.21/identity/v3/projects/1aedf223c7314adf8cf2001fdabe004b/users/6b81eee32b29400da785b1ee26b409b0/roles/24955ca6c3b64a369a8ce12212e9a002 0.321s
2024-09-02 06:55:56.049 62448 INFO tempest.lib.common.rest_client [req-e800712e-539c-416b-ab51-1cd118d0496f req-e800712e-539c-416b-ab51-1cd118d0496f ] Request (AggregatesAdminNegativeTestJSON:test_aggregate_add_existent_host): 409 POST http://10.180.1.21/compute/v2.1/os-aggregates/1/action 0.686s
2024-09-02 06:55:56.057 62480 INFO tempest.lib.common.rest_client [req-7c77284e-c098-4a1b-97a4-89c3ddfd38aa req-7c77284e-c098-4a1b-97a4-89c3ddfd38aa ] Request (ImagesMetadataTestJSON:test_delete_image_metadata_item): 204 DELETE http://10.180.1.21/compute/v2.1/images/b73ed34d-162c-4d47-9677-00bbc37cd943/metadata/os_version 0.847s
