2024-12-12 10:12:57.694 66524 INFO tempest.lib.common.rest_client [req-e1c6185e-e8c7-4f41-b585-51037f0d3da9 req-e1c6185e-e8c7-4f41-b585-51037f0d3da9 ] Request (SecurityGroupsTestJSON:test_server_security_groups): 202 POST http://10.180.1.21/compute/v2.1/servers/c28dc1c5-6a41-4e47-829d-6cb1160bf83f/action 0.432s
2024-12-12 10:12:57.718 66522 INFO tempest.lib.common.rest_client [req-4161784f-13ef-4aa9-aa88-051c0545628c req-4161784f-13ef-4aa9-aa88-051c0545628c ] Request (ServerActionsTestOtherB:test_create_backup): 200 GET http://10.180.1.21/image/v2/images?status=active&sort_key=created_at&sort_dir=asc&image_type=backup&backup_type=daily&instance_uuid=63cf4d09-5f4f-4327-9dda-5542e41948e7 0.052s
2024-12-12 10:12:57.759 66492 INFO tempest.lib.common.rest_client [req-223dd6f8-9646-4a80-b52d-4f6d968ac13f req-223dd6f8-9646-4a80-b52d-4f6d968ac13f ] Request (ServerGroupTestJSON:test_create_server_with_scheduler_hint_group): 200 GET http://10.180.1.21/compute/v2.1/servers/c5ab3ed9-f37d-48f9-9695-5848935b2293 0.343s
2024-12-12 10:12:57.819 66550 INFO tempest.lib.common.rest_client [req-bcbd5758-9fc9-400e-a5e8-bb66d2a2cedd req-bcbd5758-9fc9-400e-a5e8-bb66d2a2cedd ] Request (DeleteServersAdminTestJSON:test_admin_delete_servers_of_others): 200 GET http://10.180.1.21/compute/v2.1/servers/3a2513c7-8afd-4eb5-a510-7bd73ae4aa69 0.186s
2024-12-12 10:12:57.843 66504 INFO tempest.lib.common.rest_client [req-ae1a55eb-81c5-41f1-9ca3-3cc8e8db9949 req-ae1a55eb-81c5-41f1-9ca3-3cc8e8db9949 ] Request (MigrationsAdminTest:test_list_migrations_in_flavor_resize_situation): 200 GET http://10.180.1.21/compute/v2.1/servers/bcde5138-2515-4fa1-9bfe-f737c8e51a62 0.265s
2024-12-12 10:12:57.880 66508 INFO tempest.lib.common.rest_client [req-7c99ffc7-bce0-424a-bda7-77ac2f777988 req-7c99ffc7-bce0-424a-bda7-77ac2f777988 ] Request (ServerPasswordTestJSON:setUpClass): 200 GET http://10.180.1.21/compute/v2.1/servers/54cedec2-7cd1-41cb-a787-ad21ae57fef6 0.192s
2024-12-12 10:12:57.942 66524 INFO tempest.lib.common.rest_client [req-d544277f-bcca-4c8c-8e37-326d1723b98f req-d544277f-bcca-4c8c-8e37-326d1723b98f ] Request (SecurityGroupsTestJSON:test_server_security_groups): 400 DELETE http://10.180.1.21/compute/v2.1/os-security-groups/03b0dab3-7ad0-4c37-8e4d-957f1f2966e9 0.244s
2024-12-12 10:12:58.012 66516 INFO tempest.lib.common.rest_client [req-963c928f-9e57-46d2-8b86-39a068a3e03f req-963c928f-9e57-46d2-8b86-39a068a3e03f ] Request (ServerActionsTestOtherA:test_rebuild_server_in_stop_state): 200 GET http://10.180.1.21/compute/v2.1/servers/9b5b87f5-9a55-4d35-a51b-50d6603f9674 0.273s
2024-12-12 10:12:58.039 66522 INFO tempest.lib.common.rest_client [req-bfb3f18b-4a0e-47c7-8142-3c8ba61abe9d req-bfb3f18b-4a0e-47c7-8142-3c8ba61abe9d ] Request (ServerActionsTestOtherB:tearDown): 200 GET http://10.180.1.21/compute/v2.1/servers/63cf4d09-5f4f-4327-9dda-5542e41948e7 0.320s
2024-12-12 10:12:58.070 66512 INFO tempest.lib.common.rest_client [req-ce16f0cf-15c7-458a-aad5-e16c74ccbeeb req-ce16f0cf-15c7-458a-aad5-e16c74ccbeeb ] Request (ListServerFiltersTestJSON:tearDownClass): 200 GET http://10.180.1.21/compute/v2.1/servers/3f36f848-4559-4a9c-a1ad-1fb6418172cd 0.291s
2024-12-12 10:12:58.092 66500 INFO tempest.lib.common.rest_client [req-a67c9c04-269c-4c13-baf8-f87137479247 req-a67c9c04-269c-4c13-baf8-f87137479247 ] Request (ListServersNegativeTestJSON:setUpClass): 200 GET http://10.180.1.21/compute/v2.1/servers/7af4d732-4d7c-4eeb-95d0-84b4544dd752 0.297s
2024-12-12 10:12:58.116 66532 INFO tempest.lib.common.rest_client [req-32e90fdd-216e-4b86-8f51-66de175c7113 req-32e90fdd-216e-4b86-8f51-66de175c7113 ] Request (ImagesOneServerNegativeTestJSON:_run_cleanups): 200 GET http://10.180.1.21/compute/v2.1/servers/84e5cf9f-7de1-4edf-8097-3b89533f86a8 0.268s
2024-12-12 10:12:58.122 66532 INFO tempest.common.waiters [-] State transition "BUILD/None" ==> "BUILD/networking" after 57 second wait
2024-12-12 10:12:58.140 66522 INFO tempest.lib.common.rest_client [req-4d208f36-1b9b-470d-82fb-748044833158 req-4d208f36-1b9b-470d-82fb-748044833158 ] Request (ServerActionsTestOtherB:_run_cleanups): 204 DELETE http://10.180.1.21/image/v2/images/7e6ab324-ec44-4318-b8b5-2d2aa102481f 0.095s
2024-12-12 10:12:58.141 66490 INFO tempest.lib.common.rest_client [req-1214f9ad-2627-42ba-91ad-bda4a6b3fb43 req-1214f9ad-2627-42ba-91ad-bda4a6b3fb43 ] Request (ServersTestManualDisk:setUpClass): 200 GET http://10.180.1.21/compute/v2.1/servers/9589743c-942e-4b50-81ab-dbf90046df3f 0.257s
2024-12-12 10:12:58.188 66524 INFO tempest.lib.common.rest_client [req-a05fd51e-5fcf-4fde-ad5b-e8b259f3a134 req-a05fd51e-5fcf-4fde-ad5b-e8b259f3a134 ] Request (SecurityGroupsTestJSON:test_server_security_groups): 202 POST http://10.180.1.21/compute/v2.1/servers/c28dc1c5-6a41-4e47-829d-6cb1160bf83f/action 0.245s
2024-12-12 10:12:58.238 66522 INFO tempest.lib.common.rest_client [req-d4542396-743e-4d6e-98fa-e2b53ead1cdf req-d4542396-743e-4d6e-98fa-e2b53ead1cdf ] Request (ServerActionsTestOtherB:_run_cleanups): 204 DELETE http://10.180.1.21/image/v2/images/8d5d8c39-2e62-4836-ac38-a58f266c478d 0.097s
2024-12-12 10:12:58.243 66496 INFO tempest.lib.common.rest_client [req-64d59fdb-ae98-48f0-9d4b-531b52a7a72c req-64d59fdb-ae98-48f0-9d4b-531b52a7a72c ] Request (ListImageFiltersTestJSON:setUpClass): 200 GET http://10.180.1.21/compute/v2.1/servers/ad39b04a-0f77-42be-a28d-0b4c3b10a377 0.143s
2024-12-12 10:12:58.254 66494 INFO tempest.lib.common.rest_client [req-75ab15ba-f5d5-43cc-a215-244180fad1f6 req-75ab15ba-f5d5-43cc-a215-244180fad1f6 ] Request (ServersAdminTestJSON:test_create_server_with_scheduling_hint): 200 GET http://10.180.1.21/compute/v2.1/servers/fe9fc951-7e94-4859-94a6-ed84defd14a4 0.241s
2024-12-12 10:12:58.265 66520 INFO tempest.lib.common.rest_client [req-7da1ca87-86ca-496c-ab71-5f8a371c8073 req-7da1ca87-86ca-496c-ab71-5f8a371c8073 ] Request (VolumesGetTestJSON:tearDownClass): 404 GET http://10.180.1.21/compute/v2.1/os-volumes/3c59067e-fc46-4ccf-9ffc-bf5dcbd86bfd 0.143s
2024-12-12 10:12:58.376 66520 INFO tempest.lib.common.rest_client [req-e8f97ae2-998a-4221-9160-ff42424039c4 req-e8f97ae2-998a-4221-9160-ff42424039c4 ] Request (VolumesGetTestJSON:tearDownClass): 204 DELETE http://10.180.1.21/identity/v3/users/6de2b08bff2943579d438ba84fd2f43d 0.111s
2024-12-12 10:12:58.377 66520 INFO tempest.lib.common.dynamic_creds [-] Deleting project and security group for project: 94af881e58104b78afdb224ee4c80ec8
2024-12-12 10:12:58.395 66524 INFO tempest.lib.common.rest_client [req-089e1e97-d86e-46aa-8143-eb593b742758 req-089e1e97-d86e-46aa-8143-eb593b742758 ] Request (SecurityGroupsTestJSON:test_server_security_groups): 200 GET http://10.180.1.21/compute/v2.1/servers/c28dc1c5-6a41-4e47-829d-6cb1160bf83f 0.207s
2024-12-12 10:12:58.405 66522 INFO tempest.lib.common.rest_client [req-838f2d31-ee72-4513-a933-7e67a346fac4 req-838f2d31-ee72-4513-a933-7e67a346fac4 ] Request (ServerActionsTestOtherB:setUp): 200 GET http://10.180.1.21/compute/v2.1/servers/63cf4d09-5f4f-4327-9dda-5542e41948e7 0.165s
2024-12-12 10:12:58.432 66520 INFO tempest.lib.common.rest_client [req-ed6f0950-edcf-490b-960e-9213c0bb462d req-ed6f0950-edcf-490b-960e-9213c0bb462d ] Request (VolumesGetTestJSON:tearDownClass): 201 POST http://10.180.1.21/identity/v3/auth/tokens 0.055s
2024-12-12 10:12:58.471 66488 INFO tempest.lib.common.rest_client [req-72f0a3e7-e598-4438-918e-a30fa63a563c req-72f0a3e7-e598-4438-918e-a30fa63a563c ] Request (ServersTestMultiNic:_run_cleanups): 200 GET http://10.180.1.21/compute/v2.1/servers/e9c5487e-4527-4ec5-9008-4e2c98a04249 0.147s
2024-12-12 10:12:58.510 66519 INFO tempest.lib.common.rest_client [req-0d331bac-4365-480e-bc51-08c36de86010 req-0d331bac-4365-480e-bc51-08c36de86010 ] Request (ImagesTestJSON:test_create_image_from_suspended_server): 200 GET http://10.180.1.21/compute/v2.1/servers/a2308b1a-6617-49f9-a731-e445b3c61cf7 0.241s
2024-12-12 10:12:58.565 66510 INFO tempest.lib.common.rest_client [req-08e44f41-96b2-4dc0-a372-11af89a08a54 req-08e44f41-96b2-4dc0-a372-11af89a08a54 ] Request (ServerExternalEventsTest:tearDownClass): 200 GET http://10.180.1.21/compute/v2.1/servers/9f6e75aa-8611-42ea-a82b-cf288f8a4324 0.086s
2024-12-12 10:12:58.575 66522 INFO tempest.lib.common.rest_client [req-2dd911b6-57f1-487a-a417-0f220dd471e8 req-2dd911b6-57f1-487a-a417-0f220dd471e8 ] Request (ServerActionsTestOtherB:setUp): 200 GET http://10.180.1.21/compute/v2.1/servers/63cf4d09-5f4f-4327-9dda-5542e41948e7 0.164s
2024-12-12 10:12:58.676 66522 INFO tempest.lib.common.rest_client [req-05d0a9a6-5dbf-410c-bcaa-f50f3fd05b6a req-05d0a9a6-5dbf-410c-bcaa-f50f3fd05b6a ] Request (ServerActionsTestOtherB:setUp): 200 GET http://10.180.1.21/compute/v2.1/servers/63cf4d09-5f4f-4327-9dda-5542e41948e7 0.094s
2024-12-12 10:12:58.785 66538 INFO tempest.lib.common.rest_client [req-3b676442-0cbb-4d18-a9ce-7b5bc0dfb548 req-3b676442-0cbb-4d18-a9ce-7b5bc0dfb548 ] Request (AttachInterfacesUnderV243Test:test_add_remove_fixed_ip): 200 GET http://10.180.1.21/compute/v2.1/servers/bed28386-52af-4870-a74d-67f7dd6215c7 0.078s
2024-12-12 10:12:58.792 66538 INFO tempest.common.waiters [-] State transition "BUILD/scheduling" ==> "BUILD/None" after 7 second wait
2024-12-12 10:12:58.799 66522 INFO tempest.lib.common.rest_client [req-7405c7de-a643-4c3d-8bd6-5548ab212b11 req-7405c7de-a643-4c3d-8bd6-5548ab212b11 ] Request (ServerActionsTestOtherB:tearDown): 200 GET http://10.180.1.21/compute/v2.1/servers/63cf4d09-5f4f-4327-9dda-5542e41948e7 0.117s
2024-12-12 10:12:58.838 66492 INFO tempest.lib.common.rest_client [req-3dfd2a7a-6f54-49c3-bb9e-da750bf43729 req-3dfd2a7a-6f54-49c3-bb9e-da750bf43729 ] Request (ServerGroupTestJSON:test_create_server_with_scheduler_hint_group): 200 GET http://10.180.1.21/compute/v2.1/servers/c5ab3ed9-f37d-48f9-9695-5848935b2293 0.072s
2024-12-12 10:12:58.853 66520 INFO tempest.lib.common.rest_client [req-a22fafcb-abcc-42a8-827a-e3dcaa39f9d7 req-a22fafcb-abcc-42a8-827a-e3dcaa39f9d7 ] Request (VolumesGetTestJSON:tearDownClass): 200 GET http://10.180.1.21:9696/networking/v2.0/security-groups?tenant_id=94af881e58104b78afdb224ee4c80ec8&name=default 0.420s
2024-12-12 10:12:58.884 66514 WARNING tempest.lib.common.ssh [-] Failed to establish authenticated ssh connection to cirros@10.180.180.203 ([Errno None] Unable to connect to port 22 on 10.180.180.203). Number attempts: 5. Retry after 6 seconds.: paramiko.ssh_exception.NoValidConnectionsError: [Errno None] Unable to connect to port 22 on 10.180.180.203
2024-12-12 10:12:58.903 66550 INFO tempest.lib.common.rest_client [req-00865d97-d760-41e0-bd4d-ff3a7c3609de req-00865d97-d760-41e0-bd4d-ff3a7c3609de ] Request (DeleteServersAdminTestJSON:test_admin_delete_servers_of_others): 200 GET http://10.180.1.21/compute/v2.1/servers/3a2513c7-8afd-4eb5-a510-7bd73ae4aa69 0.076s
2024-12-12 10:12:58.930 66522 INFO tempest.lib.common.rest_client [req-87046092-691b-428c-adac-d2416b7ba974 req-87046092-691b-428c-adac-d2416b7ba974 ] Request (ServerActionsTestOtherB:setUp): 200 GET http://10.180.1.21/compute/v2.1/servers/63cf4d09-5f4f-4327-9dda-5542e41948e7 0.123s
2024-12-12 10:12:59.005 66508 INFO tempest.lib.common.rest_client [req-62507c80-f58e-4378-b55d-c36759869ae4 req-62507c80-f58e-4378-b55d-c36759869ae4 ] Request (ServerPasswordTestJSON:setUpClass): 200 GET http://10.180.1.21/compute/v2.1/servers/54cedec2-7cd1-41cb-a787-ad21ae57fef6 0.109s
2024-12-12 10:12:59.012 66520 INFO tempest.lib.common.rest_client [req-e7276bb9-c7a6-4e09-af77-97e16b6afbbd req-e7276bb9-c7a6-4e09-af77-97e16b6afbbd ] Request (VolumesGetTestJSON:tearDownClass): 204 DELETE http://10.180.1.21:9696/networking/v2.0/security-groups/5d1c42de-19c5-4ee3-9e6a-691bded8fde5 0.158s
2024-12-12 10:12:59.036 66504 INFO tempest.lib.common.rest_client [req-9983976a-1c13-48f0-82a7-57f089a3c3c6 req-9983976a-1c13-48f0-82a7-57f089a3c3c6 ] Request (MigrationsAdminTest:test_list_migrations_in_flavor_resize_situation): 200 GET http://10.180.1.21/compute/v2.1/servers/bcde5138-2515-4fa1-9bfe-f737c8e51a62 0.186s
2024-12-12 10:12:59.083 66520 INFO tempest.lib.common.rest_client [req-253a7f35-da70-4b39-bfc2-20b1b1a09929 req-253a7f35-da70-4b39-bfc2-20b1b1a09929 ] Request (VolumesGetTestJSON:tearDownClass): 204 DELETE http://10.180.1.21/identity/v3/projects/94af881e58104b78afdb224ee4c80ec8 0.070s
2024-12-12 10:12:59.100 66516 INFO tempest.lib.common.rest_client [req-77495ba8-0194-4278-9caf-69a7224fb754 req-77495ba8-0194-4278-9caf-69a7224fb754 ] Request (ServerActionsTestOtherA:test_rebuild_server_in_stop_state): 200 GET http://10.180.1.21/compute/v2.1/servers/9b5b87f5-9a55-4d35-a51b-50d6603f9674 0.081s
2024-12-12 10:12:59.131 66522 INFO tempest.lib.common.rest_client [req-1fef2bb6-3f09-4299-a846-cb22d0bff251 req-1fef2bb6-3f09-4299-a846-cb22d0bff251 ] Request (ServerActionsTestOtherB:setUp): 200 GET http://10.180.1.21/compute/v2.1/servers/63cf4d09-5f4f-4327-9dda-5542e41948e7 0.194s
2024-12-12 10:12:59.160 66512 INFO tempest.lib.common.rest_client [req-30298a99-963b-4188-8389-58c6c43acdda req-30298a99-963b-4188-8389-58c6c43acdda ] Request (ListServerFiltersTestJSON:tearDownClass): 200 GET http://10.180.1.21/compute/v2.1/servers/3f36f848-4559-4a9c-a1ad-1fb6418172cd 0.083s
2024-12-12 10:12:59.186 66500 INFO tempest.lib.common.rest_client [req-6b3b01ff-391f-4e5d-93c0-26adab092c7a req-6b3b01ff-391f-4e5d-93c0-26adab092c7a ] Request (ListServersNegativeTestJSON:setUpClass): 200 GET http://10.180.1.21/compute/v2.1/servers/7af4d732-4d7c-4eeb-95d0-84b4544dd752 0.086s
2024-12-12 10:12:59.330 66522 INFO tempest.lib.common.rest_client [req-510dc8b1-7f6e-4f37-90e6-e75b51764551 req-510dc8b1-7f6e-4f37-90e6-e75b51764551 ] Request (ServerActionsTestOtherB:setUp): 200 GET http://10.180.1.21/compute/v2.1/servers/63cf4d09-5f4f-4327-9dda-5542e41948e7 0.192s
2024-12-12 10:12:59.381 66532 INFO tempest.lib.common.rest_client [req-ed505261-b113-45e4-aac2-f57c5edec95c req-ed505261-b113-45e4-aac2-f57c5edec95c ] Request (ImagesOneServerNegativeTestJSON:_run_cleanups): 200 GET http://10.180.1.21/compute/v2.1/servers/84e5cf9f-7de1-4edf-8097-3b89533f86a8 0.258s
2024-12-12 10:12:59.387 66532 INFO tempest.common.waiters [-] State transition "BUILD/networking" ==> "BUILD/block_device_mapping" after 58 second wait
2024-12-12 10:12:59.393 66490 INFO tempest.lib.common.rest_client [req-36ad8b48-4322-4f38-a09a-55ced74305d3 req-36ad8b48-4322-4f38-a09a-55ced74305d3 ] Request (ServersTestManualDisk:setUpClass): 200 GET http://10.180.1.21/compute/v2.1/servers/9589743c-942e-4b50-81ab-dbf90046df3f 0.241s
2024-12-12 10:12:59.446 66496 INFO tempest.lib.common.rest_client [req-88d1de3c-7e98-4f0c-9ca8-d6c3eff3c577 req-88d1de3c-7e98-4f0c-9ca8-d6c3eff3c577 ] Request (ListImageFiltersTestJSON:setUpClass): 200 GET http://10.180.1.21/compute/v2.1/servers/ad39b04a-0f77-42be-a28d-0b4c3b10a377 0.195s
2024-12-12 10:12:59.461 66530 WARNING tempest.lib.common.ssh [-] Failed to establish authenticated ssh connection to cirros@10.180.180.246 ([Errno None] Unable to connect to port 22 on 10.180.180.246). Number attempts: 3. Retry after 4 seconds.: paramiko.ssh_exception.NoValidConnectionsError: [Errno None] Unable to connect to port 22 on 10.180.180.246
2024-12-12 10:12:59.494 66522 INFO tempest.lib.common.rest_client [req-161c9d78-b080-40d7-9624-45ab25f5cc27 req-161c9d78-b080-40d7-9624-45ab25f5cc27 ] Request (ServerActionsTestOtherB:test_resize_server_confirm_from_stopped): 202 POST http://10.180.1.21/compute/v2.1/servers/63cf4d09-5f4f-4327-9dda-5542e41948e7/action 0.152s
2024-12-12 10:12:59.530 66494 INFO tempest.lib.common.rest_client [req-280ce3d2-6ef6-4b65-8274-badde0382b06 req-280ce3d2-6ef6-4b65-8274-badde0382b06 ] Request (ServersAdminTestJSON:test_create_server_with_scheduling_hint): 200 GET http://10.180.1.21/compute/v2.1/servers/fe9fc951-7e94-4859-94a6-ed84defd14a4 0.269s
2024-12-12 10:12:59.536 66494 INFO tempest.common.waiters [-] State transition "BUILD/spawning" ==> "ACTIVE/None" after 62 second wait
2024-12-12 10:12:59.589 66488 INFO tempest.lib.common.rest_client [req-e1d80cd3-ea90-4149-9fb1-a5b5585bf9ef req-e1d80cd3-ea90-4149-9fb1-a5b5585bf9ef ] Request (ServersTestMultiNic:_run_cleanups): 200 GET http://10.180.1.21/compute/v2.1/servers/e9c5487e-4527-4ec5-9008-4e2c98a04249 0.110s
2024-12-12 10:12:59.599 66494 INFO tempest.lib.common.rest_client [req-ad3a106c-d86d-441c-aab8-6d9d4e385b50 req-ad3a106c-d86d-441c-aab8-6d9d4e385b50 ] Request (ServersAdminTestJSON:test_inject_network_info): 201 POST http://10.180.1.21/identity/v3/auth/tokens 0.057s
2024-12-12 10:12:59.599 66494 INFO tempest.lib.common.fixed_network [-] (ServersAdminTestJSON:test_inject_network_info) Found network {'id': '33078c29-4ffb-47a2-90e1-0d5ec4d332f3', 'name': 'tempest-ServersAdminTestJSON-1795703821-network', 'tenant_id': 'af41e3c137a646d28ac59b4c915bdb16', 'admin_state_up': True, 'mtu': 8950, 'status': 'ACTIVE', 'subnets': [], 'shared': False, 'project_id': 'af41e3c137a646d28ac59b4c915bdb16', 'port_security_enabled': True, 'router:external': False, 'provider:network_type': 'vlan', 'provider:physical_network': 'default', 'provider:segmentation_id': 879, 'availability_zone_hints': [], 'availability_zones': [], 'ipv4_address_scope': None, 'ipv6_address_scope': None, 'description': '', 'tags': [], 'created_at': '2024-12-12T10:10:43Z', 'updated_at': '2024-12-12T10:10:43Z', 'revision_number': 1} available for tenant
2024-12-12 10:12:59.614 66524 INFO tempest.lib.common.rest_client [req-a40935d4-e85c-47a7-bef7-30a6472afbf8 req-a40935d4-e85c-47a7-bef7-30a6472afbf8 ] Request (SecurityGroupsTestJSON:test_server_security_groups): 200 GET http://10.180.1.21/compute/v2.1/servers/c28dc1c5-6a41-4e47-829d-6cb1160bf83f 0.207s
2024-12-12 10:12:59.720 66522 INFO tempest.lib.common.rest_client [req-11bb4924-8418-4612-ac54-ae47db34e210 req-11bb4924-8418-4612-ac54-ae47db34e210 ] Request (ServerActionsTestOtherB:test_resize_server_confirm_from_stopped): 200 GET http://10.180.1.21/compute/v2.1/servers/63cf4d09-5f4f-4327-9dda-5542e41948e7 0.226s
2024-12-12 10:12:59.729 66519 INFO tempest.lib.common.rest_client [req-e2ce074f-4edd-4fc8-8e5f-f12e3e032a0e req-e2ce074f-4edd-4fc8-8e5f-f12e3e032a0e ] Request (ImagesTestJSON:test_create_image_from_suspended_server): 200 GET http://10.180.1.21/compute/v2.1/servers/a2308b1a-6617-49f9-a731-e445b3c61cf7 0.212s
2024-12-12 10:12:59.796 66510 INFO tempest.lib.common.rest_client [req-0e4735f8-daaf-4295-95ef-5658dea2b5ea req-0e4735f8-daaf-4295-95ef-5658dea2b5ea ] Request (ServerExternalEventsTest:tearDownClass): 200 GET http://10.180.1.21/compute/v2.1/servers/9f6e75aa-8611-42ea-a82b-cf288f8a4324 0.221s
2024-12-12 10:12:59.803 66510 INFO tempest.common.waiters [-] State transition "ACTIVE/deleting" ==> "DELETED/None" after 4 second wait
2024-12-12 10:12:59.850 66538 INFO tempest.lib.common.rest_client [req-c539b6fe-cc35-4432-a982-9df479efcf3c req-c539b6fe-cc35-4432-a982-9df479efcf3c ] Request (AttachInterfacesUnderV243Test:test_add_remove_fixed_ip): 200 GET http://10.180.1.21/compute/v2.1/servers/bed28386-52af-4870-a74d-67f7dd6215c7 0.057s
2024-12-12 10:13:00.101 66492 INFO tempest.lib.common.rest_client [req-9ca5329c-aaeb-4820-956a-8a201d867321 req-9ca5329c-aaeb-4820-956a-8a201d867321 ] Request (ServerGroupTestJSON:test_create_server_with_scheduler_hint_group): 200 GET http://10.180.1.21/compute/v2.1/servers/c5ab3ed9-f37d-48f9-9695-5848935b2293 0.255s
2024-12-12 10:13:00.171 66550 INFO tempest.lib.common.rest_client [req-d2381e7b-3f66-4c82-85c8-a7bb5dd9e6e8 req-d2381e7b-3f66-4c82-85c8-a7bb5dd9e6e8 ] Request (DeleteServersAdminTestJSON:test_admin_delete_servers_of_others): 200 GET http://10.180.1.21/compute/v2.1/servers/3a2513c7-8afd-4eb5-a510-7bd73ae4aa69 0.257s
2024-12-12 10:13:00.232 66508 INFO tempest.lib.common.rest_client [req-87e28d1b-0b93-4788-a016-78b1fcd93000 req-87e28d1b-0b93-4788-a016-78b1fcd93000 ] Request (ServerPasswordTestJSON:setUpClass): 200 GET http://10.180.1.21/compute/v2.1/servers/54cedec2-7cd1-41cb-a787-ad21ae57fef6 0.218s
2024-12-12 10:13:00.386 66504 INFO tempest.lib.common.rest_client [req-30aa8c82-7c50-42d5-8260-84026ee51485 req-30aa8c82-7c50-42d5-8260-84026ee51485 ] Request (MigrationsAdminTest:test_list_migrations_in_flavor_resize_situation): 200 GET http://10.180.1.21/compute/v2.1/servers/bcde5138-2515-4fa1-9bfe-f737c8e51a62 0.342s
2024-12-12 10:13:00.407 66494 INFO tempest.lib.common.rest_client [req-e0514db8-8e73-45e5-a0ec-931eac1a92d6 req-e0514db8-8e73-45e5-a0ec-931eac1a92d6 ] Request (ServersAdminTestJSON:test_inject_network_info): 202 POST http://10.180.1.21/compute/v2.1/servers 0.807s
2024-12-12 10:13:00.445 66516 INFO tempest.lib.common.rest_client [req-a062beff-ac73-48b1-8f43-0eb14ef302c1 req-a062beff-ac73-48b1-8f43-0eb14ef302c1 ] Request (ServerActionsTestOtherA:test_rebuild_server_in_stop_state): 200 GET http://10.180.1.21/compute/v2.1/servers/9b5b87f5-9a55-4d35-a51b-50d6603f9674 0.337s
2024-12-12 10:13:00.470 66512 INFO tempest.lib.common.rest_client [req-0f9fe0eb-fb84-4c40-9bd5-3f07a9faf3fd req-0f9fe0eb-fb84-4c40-9bd5-3f07a9faf3fd ] Request (ListServerFiltersTestJSON:tearDownClass): 200 GET http://10.180.1.21/compute/v2.1/servers/3f36f848-4559-4a9c-a1ad-1fb6418172cd 0.301s
2024-12-12 10:13:00.504 66500 INFO tempest.lib.common.rest_client [req-f1eaf73d-87e3-4453-b07b-8bc1c7a3b8ab req-f1eaf73d-87e3-4453-b07b-8bc1c7a3b8ab ] Request (ListServersNegativeTestJSON:setUpClass): 200 GET http://10.180.1.21/compute/v2.1/servers/7af4d732-4d7c-4eeb-95d0-84b4544dd752 0.304s
2024-12-12 10:13:00.574 66490 INFO tempest.lib.common.rest_client [req-352de9ea-fba1-480e-9e16-49ad4f26ce58 req-352de9ea-fba1-480e-9e16-49ad4f26ce58 ] Request (ServersTestManualDisk:setUpClass): 200 GET http://10.180.1.21/compute/v2.1/servers/9589743c-942e-4b50-81ab-dbf90046df3f 0.174s
2024-12-12 10:13:00.593 66532 INFO tempest.lib.common.rest_client [req-0f138de8-74ab-4d2a-8ad8-6f30bc92a170 req-0f138de8-74ab-4d2a-8ad8-6f30bc92a170 ] Request (ImagesOneServerNegativeTestJSON:_run_cleanups): 200 GET http://10.180.1.21/compute/v2.1/servers/84e5cf9f-7de1-4edf-8097-3b89533f86a8 0.205s
2024-12-12 10:13:00.599 66532 INFO tempest.common.waiters [-] State transition "BUILD/block_device_mapping" ==> "BUILD/spawning" after 59 second wait
2024-12-12 10:13:00.619 66494 INFO tempest.lib.common.rest_client [req-d25216e3-e4cd-4cd9-ada6-aff5f0479661 req-d25216e3-e4cd-4cd9-ada6-aff5f0479661 ] Request (ServersAdminTestJSON:test_inject_network_info): 200 GET http://10.180.1.21/compute/v2.1/servers/168e702c-1484-4812-b107-eaab2a116b66 0.210s
2024-12-12 10:13:00.655 66496 INFO tempest.lib.common.rest_client [req-d9f6c042-ab3d-489f-add7-af0ce024f490 req-d9f6c042-ab3d-489f-add7-af0ce024f490 ] Request (ListImageFiltersTestJSON:setUpClass): 200 GET http://10.180.1.21/compute/v2.1/servers/ad39b04a-0f77-42be-a28d-0b4c3b10a377 0.197s
2024-12-12 10:13:00.718 66488 INFO tempest.lib.common.rest_client [req-83f4c679-440e-4dd5-a3b7-0471d0af5d5b req-83f4c679-440e-4dd5-a3b7-0471d0af5d5b ] Request (ServersTestMultiNic:_run_cleanups): 200 GET http://10.180.1.21/compute/v2.1/servers/e9c5487e-4527-4ec5-9008-4e2c98a04249 0.122s
2024-12-12 10:13:00.762 66524 INFO tempest.lib.common.rest_client [req-bf8007ed-6480-4f38-a954-a8ef0120dc28 req-bf8007ed-6480-4f38-a954-a8ef0120dc28 ] Request (SecurityGroupsTestJSON:test_server_security_groups): 200 GET http://10.180.1.21/compute/v2.1/servers/c28dc1c5-6a41-4e47-829d-6cb1160bf83f 0.138s
2024-12-12 10:13:00.841 66522 INFO tempest.lib.common.rest_client [req-7e9647cd-053d-4052-a4b3-fa5e71f7af2b req-7e9647cd-053d-4052-a4b3-fa5e71f7af2b ] Request (ServerActionsTestOtherB:test_resize_server_confirm_from_stopped): 200 GET http://10.180.1.21/compute/v2.1/servers/63cf4d09-5f4f-4327-9dda-5542e41948e7 0.109s
2024-12-12 10:13:00.912 66510 INFO tempest.lib.common.rest_client [req-1813ce0c-7a97-4358-93bc-1cb4c77c4caa req-1813ce0c-7a97-4358-93bc-1cb4c77c4caa ] Request (ServerExternalEventsTest:tearDownClass): 200 GET http://10.180.1.21/compute/v2.1/servers/9f6e75aa-8611-42ea-a82b-cf288f8a4324 0.108s
2024-12-12 10:13:00.913 66519 INFO tempest.lib.common.rest_client [req-464fd6ee-68d8-4ba0-80a9-73573764e2bf req-464fd6ee-68d8-4ba0-80a9-73573764e2bf ] Request (ImagesTestJSON:test_create_image_from_suspended_server): 200 GET http://10.180.1.21/compute/v2.1/servers/a2308b1a-6617-49f9-a731-e445b3c61cf7 0.176s
2024-12-12 10:13:00.976 66538 INFO tempest.lib.common.rest_client [req-c72f47f7-3398-4af5-8d85-fd5ffc5d0bef req-c72f47f7-3398-4af5-8d85-fd5ffc5d0bef ] Request (AttachInterfacesUnderV243Test:test_add_remove_fixed_ip): 200 GET http://10.180.1.21/compute/v2.1/servers/bed28386-52af-4870-a74d-67f7dd6215c7 0.119s
2024-12-12 10:13:01.163 66492 INFO tempest.lib.common.rest_client [req-6d5374a1-1ec6-4bb4-b856-54aee643439d req-6d5374a1-1ec6-4bb4-b856-54aee643439d ] Request (ServerGroupTestJSON:test_create_server_with_scheduler_hint_group): 200 GET http://10.180.1.21/compute/v2.1/servers/c5ab3ed9-f37d-48f9-9695-5848935b2293 0.054s
2024-12-12 10:13:01.170 66492 INFO tempest.common.waiters [-] State transition "BUILD/scheduling" ==> "BUILD/None" after 10 second wait
2024-12-12 10:13:01.250 66550 INFO tempest.lib.common.rest_client [req-79ac1bfb-7d54-4b65-a3c6-8d2e50af69e6 req-79ac1bfb-7d54-4b65-a3c6-8d2e50af69e6 ] Request (DeleteServersAdminTestJSON:test_admin_delete_servers_of_others): 200 GET http://10.180.1.21/compute/v2.1/servers/3a2513c7-8afd-4eb5-a510-7bd73ae4aa69 0.063s
2024-12-12 10:13:01.287 66508 INFO tempest.lib.common.rest_client [req-e9d68aeb-0efa-4bde-9a2e-f297af159606 req-e9d68aeb-0efa-4bde-9a2e-f297af159606 ] Request (ServerPasswordTestJSON:setUpClass): 200 GET http://10.180.1.21/compute/v2.1/servers/54cedec2-7cd1-41cb-a787-ad21ae57fef6 0.047s
2024-12-12 10:13:01.519 66516 INFO tempest.lib.common.rest_client [req-aa42cea8-b727-4c3e-a476-678e7101f53b req-aa42cea8-b727-4c3e-a476-678e7101f53b ] Request (ServerActionsTestOtherA:test_rebuild_server_in_stop_state): 200 GET http://10.180.1.21/compute/v2.1/servers/9b5b87f5-9a55-4d35-a51b-50d6603f9674 0.066s
2024-12-12 10:13:01.543 66504 INFO tempest.lib.common.rest_client [req-07e55dba-25cf-46e0-bd6c-e6739fc5cf5b req-07e55dba-25cf-46e0-bd6c-e6739fc5cf5b ] Request (MigrationsAdminTest:test_list_migrations_in_flavor_resize_situation): 200 GET http://10.180.1.21/compute/v2.1/servers/bcde5138-2515-4fa1-9bfe-f737c8e51a62 0.148s
2024-12-12 10:13:01.580 66512 INFO tempest.lib.common.rest_client [req-c8b109cf-cca3-48f1-bd58-c16a12b5885a req-c8b109cf-cca3-48f1-bd58-c16a12b5885a ] Request (ListServerFiltersTestJSON:tearDownClass): 200 GET http://10.180.1.21/compute/v2.1/servers/3f36f848-4559-4a9c-a1ad-1fb6418172cd 0.102s
2024-12-12 10:13:01.646 66490 INFO tempest.lib.common.rest_client [req-50fba9af-2799-4c92-b006-a603423db7af req-50fba9af-2799-4c92-b006-a603423db7af ] Request (ServersTestManualDisk:setUpClass): 200 GET http://10.180.1.21/compute/v2.1/servers/9589743c-942e-4b50-81ab-dbf90046df3f 0.063s
2024-12-12 10:13:01.702 66526 WARNING tempest.lib.common.ssh [-] Failed to establish authenticated ssh connection to cirros@10.180.180.150 ([Errno None] Unable to connect to port 22 on 10.180.180.150). Number attempts: 12. Retry after 13 seconds.: paramiko.ssh_exception.NoValidConnectionsError: [Errno None] Unable to connect to port 22 on 10.180.180.150
2024-12-12 10:13:01.710 66500 INFO tempest.lib.common.rest_client [req-dbb64240-8780-4329-b176-f61681a20242 req-dbb64240-8780-4329-b176-f61681a20242 ] Request (ListServersNegativeTestJSON:setUpClass): 200 GET http://10.180.1.21/compute/v2.1/servers/7af4d732-4d7c-4eeb-95d0-84b4544dd752 0.198s
2024-12-12 10:13:01.718 66500 INFO tempest.common.waiters [-] State transition "BUILD/None" ==> "BUILD/networking" after 58 second wait
2024-12-12 10:13:01.771 66494 INFO tempest.lib.common.rest_client [req-5ccab1a9-6a12-4f99-b37f-ed5e024c0df1 req-5ccab1a9-6a12-4f99-b37f-ed5e024c0df1 ] Request (ServersAdminTestJSON:test_inject_network_info): 200 GET http://10.180.1.21/compute/v2.1/servers/168e702c-1484-4812-b107-eaab2a116b66 0.144s
2024-12-12 10:13:01.795 66532 INFO tempest.lib.common.rest_client [req-51d94620-da61-418b-8936-cce6409d05fd req-51d94620-da61-418b-8936-cce6409d05fd ] Request (ImagesOneServerNegativeTestJSON:_run_cleanups): 200 GET http://10.180.1.21/compute/v2.1/servers/84e5cf9f-7de1-4edf-8097-3b89533f86a8 0.194s
2024-12-12 10:13:01.825 66496 INFO tempest.lib.common.rest_client [req-48c16d4f-2196-496a-a94c-dd3deff64d97 req-48c16d4f-2196-496a-a94c-dd3deff64d97 ] Request (ListImageFiltersTestJSON:setUpClass): 200 GET http://10.180.1.21/compute/v2.1/servers/ad39b04a-0f77-42be-a28d-0b4c3b10a377 0.160s
2024-12-12 10:13:01.878 66488 INFO tempest.lib.common.rest_client [req-2f32931d-f83c-48b1-8ea9-06bcb6e410d9 req-2f32931d-f83c-48b1-8ea9-06bcb6e410d9 ] Request (ServersTestMultiNic:_run_cleanups): 200 GET http://10.180.1.21/compute/v2.1/servers/e9c5487e-4527-4ec5-9008-4e2c98a04249 0.152s
2024-12-12 10:13:02.052 66524 INFO tempest.lib.common.rest_client [req-d2d8fc83-0da9-4666-b878-75ca67490097 req-d2d8fc83-0da9-4666-b878-75ca67490097 ] Request (SecurityGroupsTestJSON:test_server_security_groups): 200 GET http://10.180.1.21/compute/v2.1/servers/c28dc1c5-6a41-4e47-829d-6cb1160bf83f 0.283s
2024-12-12 10:13:02.059 66524 INFO tempest.common.waiters [-] State transition "HARD_REBOOT/rebooting_hard" ==> "HARD_REBOOT/reboot_started_hard" after 4 second wait
2024-12-12 10:13:02.066 66522 INFO tempest.lib.common.rest_client [req-a39e52f2-d16a-4b2b-8caa-23cc6b903878 req-a39e52f2-d16a-4b2b-8caa-23cc6b903878 ] Request (ServerActionsTestOtherB:test_resize_server_confirm_from_stopped): 200 GET http://10.180.1.21/compute/v2.1/servers/63cf4d09-5f4f-4327-9dda-5542e41948e7 0.218s
2024-12-12 10:13:02.073 66522 INFO tempest.common.waiters [-] State transition "ACTIVE/powering-off" ==> "SHUTOFF/None" after 3 second wait
2024-12-12 10:13:02.108 66510 INFO tempest.lib.common.rest_client [req-a2b774db-b20b-4c7d-9fd5-e3686b66579e req-a2b774db-b20b-4c7d-9fd5-e3686b66579e ] Request (ServerExternalEventsTest:tearDownClass): 200 GET http://10.180.1.21/compute/v2.1/servers/9f6e75aa-8611-42ea-a82b-cf288f8a4324 0.189s
2024-12-12 10:13:02.161 66538 INFO tempest.lib.common.rest_client [req-0b2a4c4a-1ee2-48da-94d6-241fbb716f46 req-0b2a4c4a-1ee2-48da-94d6-241fbb716f46 ] Request (AttachInterfacesUnderV243Test:test_add_remove_fixed_ip): 200 GET http://10.180.1.21/compute/v2.1/servers/bed28386-52af-4870-a74d-67f7dd6215c7 0.178s
2024-12-12 10:13:02.176 66519 INFO tempest.lib.common.rest_client [req-d86a29d8-8a56-4051-ba7f-a5c342c67358 req-d86a29d8-8a56-4051-ba7f-a5c342c67358 ] Request (ImagesTestJSON:test_create_image_from_suspended_server): 200 GET http://10.180.1.21/compute/v2.1/servers/a2308b1a-6617-49f9-a731-e445b3c61cf7 0.252s
2024-12-12 10:13:02.226 66492 INFO tempest.lib.common.rest_client [req-8d95a61a-6fdb-493e-a946-479db0a79ee8 req-8d95a61a-6fdb-493e-a946-479db0a79ee8 ] Request (ServerGroupTestJSON:test_create_server_with_scheduler_hint_group): 200 GET http://10.180.1.21/compute/v2.1/servers/c5ab3ed9-f37d-48f9-9695-5848935b2293 0.055s
2024-12-12 10:13:02.272 66522 INFO tempest.lib.common.rest_client [req-9bcde444-f05d-4b8d-b762-cc1d17c78a38 req-9bcde444-f05d-4b8d-b762-cc1d17c78a38 ] Request (ServerActionsTestOtherB:test_resize_server_confirm_from_stopped): 202 POST http://10.180.1.21/compute/v2.1/servers/63cf4d09-5f4f-4327-9dda-5542e41948e7/action 0.199s
2024-12-12 10:13:02.312 66550 INFO tempest.lib.common.rest_client [req-445d9d45-fe01-467d-bfad-e56fe2db5e82 req-445d9d45-fe01-467d-bfad-e56fe2db5e82 ] Request (DeleteServersAdminTestJSON:test_admin_delete_servers_of_others): 200 GET http://10.180.1.21/compute/v2.1/servers/3a2513c7-8afd-4eb5-a510-7bd73ae4aa69 0.056s
2024-12-12 10:13:02.365 66508 INFO tempest.lib.common.rest_client [req-1e14fc19-b68f-4ce1-8723-1daf844d22ec req-1e14fc19-b68f-4ce1-8723-1daf844d22ec ] Request (ServerPasswordTestJSON:setUpClass): 200 GET http://10.180.1.21/compute/v2.1/servers/54cedec2-7cd1-41cb-a787-ad21ae57fef6 0.070s
2024-12-12 10:13:02.377 66522 INFO tempest.lib.common.rest_client [req-83e67cdb-9b03-46e5-a79c-79e0e31c983f req-83e67cdb-9b03-46e5-a79c-79e0e31c983f ] Request (ServerActionsTestOtherB:test_resize_server_confirm_from_stopped): 200 GET http://10.180.1.21/compute/v2.1/servers/63cf4d09-5f4f-4327-9dda-5542e41948e7 0.104s
2024-12-12 10:13:02.574 66516 INFO tempest.lib.common.rest_client [req-8086420a-18c4-4b6e-aaf9-6a8aeeb2c6f2 req-8086420a-18c4-4b6e-aaf9-6a8aeeb2c6f2 ] Request (ServerActionsTestOtherA:test_rebuild_server_in_stop_state): 200 GET http://10.180.1.21/compute/v2.1/servers/9b5b87f5-9a55-4d35-a51b-50d6603f9674 0.048s
2024-12-12 10:13:02.662 66512 INFO tempest.lib.common.rest_client [req-e47344d4-4795-4a5e-a611-1671352da65f req-e47344d4-4795-4a5e-a611-1671352da65f ] Request (ListServerFiltersTestJSON:tearDownClass): 200 GET http://10.180.1.21/compute/v2.1/servers/3f36f848-4559-4a9c-a1ad-1fb6418172cd 0.073s
2024-12-12 10:13:02.681 66504 INFO tempest.lib.common.rest_client [req-9e574f9c-4814-417b-9040-cd964cda6470 req-9e574f9c-4814-417b-9040-cd964cda6470 ] Request (MigrationsAdminTest:test_list_migrations_in_flavor_resize_situation): 200 GET http://10.180.1.21/compute/v2.1/servers/bcde5138-2515-4fa1-9bfe-f737c8e51a62 0.127s
2024-12-12 10:13:02.730 66490 INFO tempest.lib.common.rest_client [req-ffc14bc0-71de-4759-af7d-cf1a8754f470 req-ffc14bc0-71de-4759-af7d-cf1a8754f470 ] Request (ServersTestManualDisk:setUpClass): 200 GET http://10.180.1.21/compute/v2.1/servers/9589743c-942e-4b50-81ab-dbf90046df3f 0.074s
2024-12-12 10:13:02.811 66500 INFO tempest.lib.common.rest_client [req-c5b507ef-dcd5-40f9-8ebf-07615e7d4230 req-c5b507ef-dcd5-40f9-8ebf-07615e7d4230 ] Request (ListServersNegativeTestJSON:setUpClass): 200 GET http://10.180.1.21/compute/v2.1/servers/7af4d732-4d7c-4eeb-95d0-84b4544dd752 0.091s
2024-12-12 10:13:02.817 66500 INFO tempest.common.waiters [-] State transition "BUILD/networking" ==> "BUILD/spawning" after 59 second wait
2024-12-12 10:13:02.832 66494 INFO tempest.lib.common.rest_client [req-a9e92635-ac9a-4b9c-8981-5d19655aefec req-a9e92635-ac9a-4b9c-8981-5d19655aefec ] Request (ServersAdminTestJSON:test_inject_network_info): 200 GET http://10.180.1.21/compute/v2.1/servers/168e702c-1484-4812-b107-eaab2a116b66 0.053s
2024-12-12 10:13:02.897 66496 INFO tempest.lib.common.rest_client [req-483b1809-776f-4a2b-8c77-a2f1a8930472 req-483b1809-776f-4a2b-8c77-a2f1a8930472 ] Request (ListImageFiltersTestJSON:setUpClass): 200 GET http://10.180.1.21/compute/v2.1/servers/ad39b04a-0f77-42be-a28d-0b4c3b10a377 0.065s
2024-12-12 10:13:02.920 66532 INFO tempest.lib.common.rest_client [req-ac5798a6-bb09-4579-9833-0ab3e98cdade req-ac5798a6-bb09-4579-9833-0ab3e98cdade ] Request (ImagesOneServerNegativeTestJSON:_run_cleanups): 200 GET http://10.180.1.21/compute/v2.1/servers/84e5cf9f-7de1-4edf-8097-3b89533f86a8 0.112s
2024-12-12 10:13:02.959 66488 INFO tempest.lib.common.rest_client [req-caca7672-3fbd-4071-b062-771c3391478f req-caca7672-3fbd-4071-b062-771c3391478f ] Request (ServersTestMultiNic:_run_cleanups): 200 GET http://10.180.1.21/compute/v2.1/servers/e9c5487e-4527-4ec5-9008-4e2c98a04249 0.071s
2024-12-12 10:13:03.156 66524 INFO tempest.lib.common.rest_client [req-2ceffaa3-b04a-4097-97ae-aec5fa1d6905 req-2ceffaa3-b04a-4097-97ae-aec5fa1d6905 ] Request (SecurityGroupsTestJSON:test_server_security_groups): 200 GET http://10.180.1.21/compute/v2.1/servers/c28dc1c5-6a41-4e47-829d-6cb1160bf83f 0.096s
2024-12-12 10:13:03.162 66524 INFO tempest.common.waiters [-] State transition "HARD_REBOOT/reboot_started_hard" ==> "ACTIVE/None" after 5 second wait
2024-12-12 10:13:03.170 66510 INFO tempest.lib.common.rest_client [req-d2fb84e6-3d62-4077-8d62-0f939a0da551 req-d2fb84e6-3d62-4077-8d62-0f939a0da551 ] Request (ServerExternalEventsTest:tearDownClass): 200 GET http://10.180.1.21/compute/v2.1/servers/9f6e75aa-8611-42ea-a82b-cf288f8a4324 0.054s
2024-12-12 10:13:03.217 66538 INFO tempest.lib.common.rest_client [req-b1d4d454-45dc-49e1-8bea-93d8e0f336ac req-b1d4d454-45dc-49e1-8bea-93d8e0f336ac ] Request (AttachInterfacesUnderV243Test:test_add_remove_fixed_ip): 200 GET http://10.180.1.21/compute/v2.1/servers/bed28386-52af-4870-a74d-67f7dd6215c7 0.049s
2024-12-12 10:13:03.351 66519 INFO tempest.lib.common.rest_client [req-a32b1039-d762-4c37-88e1-057c2bd5effa req-a32b1039-d762-4c37-88e1-057c2bd5effa ] Request (ImagesTestJSON:test_create_image_from_suspended_server): 200 GET http://10.180.1.21/compute/v2.1/servers/a2308b1a-6617-49f9-a731-e445b3c61cf7 0.167s
2024-12-12 10:13:03.406 66492 INFO tempest.lib.common.rest_client [req-8ec2e197-f695-4b51-b3bd-d41d43de218a req-8ec2e197-f695-4b51-b3bd-d41d43de218a ] Request (ServerGroupTestJSON:test_create_server_with_scheduler_hint_group): 200 GET http://10.180.1.21/compute/v2.1/servers/c5ab3ed9-f37d-48f9-9695-5848935b2293 0.173s
2024-12-12 10:13:03.461 66550 INFO tempest.lib.common.rest_client [req-4bd7f5d9-f74e-44c1-8476-d9514eb30720 req-4bd7f5d9-f74e-44c1-8476-d9514eb30720 ] Request (DeleteServersAdminTestJSON:test_admin_delete_servers_of_others): 200 GET http://10.180.1.21/compute/v2.1/servers/3a2513c7-8afd-4eb5-a510-7bd73ae4aa69 0.142s
2024-12-12 10:13:03.492 66546 WARNING tempest.lib.common.ssh [-] Failed to establish authenticated ssh connection to cirros@10.180.180.170 ([Errno None] Unable to connect to port 22 on 10.180.180.170). Number attempts: 6. Retry after 7 seconds.: paramiko.ssh_exception.NoValidConnectionsError: [Errno None] Unable to connect to port 22 on 10.180.180.170
2024-12-12 10:13:03.510 66508 INFO tempest.lib.common.rest_client [req-3ef9c08a-249d-4b16-a873-a3c6f5fa2b97 req-3ef9c08a-249d-4b16-a873-a3c6f5fa2b97 ] Request (ServerPasswordTestJSON:setUpClass): 200 GET http://10.180.1.21/compute/v2.1/servers/54cedec2-7cd1-41cb-a787-ad21ae57fef6 0.137s
2024-12-12 10:13:03.566 66524 INFO tempest.lib.common.rest_client [req-3332863c-2f10-40e6-a6a7-a4d0fc525b7e req-3332863c-2f10-40e6-a6a7-a4d0fc525b7e ] Request (SecurityGroupsTestJSON:test_server_security_groups): 202 POST http://10.180.1.21/compute/v2.1/servers/c28dc1c5-6a41-4e47-829d-6cb1160bf83f/action 0.403s
2024-12-12 10:13:03.632 66522 INFO tempest.lib.common.rest_client [req-1932edc7-d48d-407a-9205-4bee5167d392 req-1932edc7-d48d-407a-9205-4bee5167d392 ] Request (ServerActionsTestOtherB:test_resize_server_confirm_from_stopped): 200 GET http://10.180.1.21/compute/v2.1/servers/63cf4d09-5f4f-4327-9dda-5542e41948e7 0.247s
2024-12-12 10:13:03.653 66524 INFO tempest.lib.common.rest_client [req-15ba5e46-cd06-48b1-8313-38c2e2867f96 req-15ba5e46-cd06-48b1-8313-38c2e2867f96 ] Request (SecurityGroupsTestJSON:test_server_security_groups): 400 DELETE http://10.180.1.21/compute/v2.1/os-security-groups/2c58cfbc-1964-43ba-b1f2-bed87cec8601 0.086s
2024-12-12 10:13:03.676 66516 INFO tempest.lib.common.rest_client [req-f4b9a600-3539-46cd-902a-1179601f2469 req-f4b9a600-3539-46cd-902a-1179601f2469 ] Request (ServerActionsTestOtherA:test_rebuild_server_in_stop_state): 200 GET http://10.180.1.21/compute/v2.1/servers/9b5b87f5-9a55-4d35-a51b-50d6603f9674 0.095s
2024-12-12 10:13:03.725 66524 INFO tempest.lib.common.rest_client [req-e929aa72-b432-45ff-86f3-06833123d718 req-e929aa72-b432-45ff-86f3-06833123d718 ] Request (SecurityGroupsTestJSON:test_server_security_groups): 204 DELETE http://10.180.1.21/compute/v2.1/servers/c28dc1c5-6a41-4e47-829d-6cb1160bf83f 0.072s
2024-12-12 10:13:03.727 66512 INFO tempest.lib.common.rest_client [req-28a067f3-477a-430b-9f4c-0b4e550883f4 req-28a067f3-477a-430b-9f4c-0b4e550883f4 ] Request (ListServerFiltersTestJSON:tearDownClass): 200 GET http://10.180.1.21/compute/v2.1/servers/3f36f848-4559-4a9c-a1ad-1fb6418172cd 0.057s
2024-12-12 10:13:03.849 66524 INFO tempest.lib.common.rest_client [req-45e41c17-22a1-448b-a7ad-5ef9224552af req-45e41c17-22a1-448b-a7ad-5ef9224552af ] Request (SecurityGroupsTestJSON:test_server_security_groups): 200 GET http://10.180.1.21/compute/v2.1/servers/c28dc1c5-6a41-4e47-829d-6cb1160bf83f 0.123s
2024-12-12 10:13:03.851 66504 INFO tempest.lib.common.rest_client [req-67c02290-d3d6-4cf6-ab9e-65bafcc6f0e2 req-67c02290-d3d6-4cf6-ab9e-65bafcc6f0e2 ] Request (MigrationsAdminTest:test_list_migrations_in_flavor_resize_situation): 200 GET http://10.180.1.21/compute/v2.1/servers/bcde5138-2515-4fa1-9bfe-f737c8e51a62 0.162s
2024-12-12 10:13:03.909 66490 INFO tempest.lib.common.rest_client [req-1896c26e-53c2-4b29-919d-93fa225b61c0 req-1896c26e-53c2-4b29-919d-93fa225b61c0 ] Request (ServersTestManualDisk:setUpClass): 200 GET http://10.180.1.21/compute/v2.1/servers/9589743c-942e-4b50-81ab-dbf90046df3f 0.172s
2024-12-12 10:13:03.959 66500 INFO tempest.lib.common.rest_client [req-ee3c4e6b-fe8e-4b36-9567-e1093077cf31 req-ee3c4e6b-fe8e-4b36-9567-e1093077cf31 ] Request (ListServersNegativeTestJSON:setUpClass): 200 GET http://10.180.1.21/compute/v2.1/servers/7af4d732-4d7c-4eeb-95d0-84b4544dd752 0.141s
2024-12-12 10:13:03.964 66494 INFO tempest.lib.common.rest_client [req-37fdd1f9-0304-4ba2-ae52-3d7eb5adea38 req-37fdd1f9-0304-4ba2-ae52-3d7eb5adea38 ] Request (ServersAdminTestJSON:test_inject_network_info): 200 GET http://10.180.1.21/compute/v2.1/servers/168e702c-1484-4812-b107-eaab2a116b66 0.123s
2024-12-12 10:13:04.018 66496 INFO tempest.lib.common.rest_client [req-46bfdd99-08a9-4c38-8f64-7de4a292f680 req-46bfdd99-08a9-4c38-8f64-7de4a292f680 ] Request (ListImageFiltersTestJSON:setUpClass): 200 GET http://10.180.1.21/compute/v2.1/servers/ad39b04a-0f77-42be-a28d-0b4c3b10a377 0.114s
2024-12-12 10:13:04.085 66488 INFO tempest.lib.common.rest_client [req-5681bb14-89d7-43c0-bedd-3ade15cb44eb req-5681bb14-89d7-43c0-bedd-3ade15cb44eb ] Request (ServersTestMultiNic:_run_cleanups): 200 GET http://10.180.1.21/compute/v2.1/servers/e9c5487e-4527-4ec5-9008-4e2c98a04249 0.117s
2024-12-12 10:13:04.088 66532 INFO tempest.lib.common.rest_client [req-20825178-7d7e-452f-822c-24f9c6a90002 req-20825178-7d7e-452f-822c-24f9c6a90002 ] Request (ImagesOneServerNegativeTestJSON:_run_cleanups): 200 GET http://10.180.1.21/compute/v2.1/servers/84e5cf9f-7de1-4edf-8097-3b89533f86a8 0.160s
2024-12-12 10:13:04.245 66510 INFO tempest.lib.common.rest_client [req-a0d19907-a46b-49dc-a3c3-6b17b2061f1c req-a0d19907-a46b-49dc-a3c3-6b17b2061f1c ] Request (ServerExternalEventsTest:tearDownClass): 200 GET http://10.180.1.21/compute/v2.1/servers/9f6e75aa-8611-42ea-a82b-cf288f8a4324 0.068s
2024-12-12 10:13:04.289 66538 INFO tempest.lib.common.rest_client [req-01963fc1-f589-44bc-ac7c-10968482a83a req-01963fc1-f589-44bc-ac7c-10968482a83a ] Request (AttachInterfacesUnderV243Test:test_add_remove_fixed_ip): 200 GET http://10.180.1.21/compute/v2.1/servers/bed28386-52af-4870-a74d-67f7dd6215c7 0.065s
2024-12-12 10:13:04.472 66492 INFO tempest.lib.common.rest_client [req-a97ad287-493f-4d93-81bd-2ce7ed67d595 req-a97ad287-493f-4d93-81bd-2ce7ed67d595 ] Request (ServerGroupTestJSON:test_create_server_with_scheduler_hint_group): 200 GET http://10.180.1.21/compute/v2.1/servers/c5ab3ed9-f37d-48f9-9695-5848935b2293 0.059s
2024-12-12 10:13:04.491 66519 INFO tempest.lib.common.rest_client [req-b68be798-0465-41fa-a015-3f40a586900b req-b68be798-0465-41fa-a015-3f40a586900b ] Request (ImagesTestJSON:test_create_image_from_suspended_server): 200 GET http://10.180.1.21/compute/v2.1/servers/a2308b1a-6617-49f9-a731-e445b3c61cf7 0.132s
2024-12-12 10:13:04.530 66550 INFO tempest.lib.common.rest_client [req-c0beb8ff-69f8-47f9-bbe6-b7a64969050b req-c0beb8ff-69f8-47f9-bbe6-b7a64969050b ] Request (DeleteServersAdminTestJSON:test_admin_delete_servers_of_others): 200 GET http://10.180.1.21/compute/v2.1/servers/3a2513c7-8afd-4eb5-a510-7bd73ae4aa69 0.060s
2024-12-12 10:13:04.562 66508 INFO tempest.lib.common.rest_client [req-15ad9a08-e669-40c9-ac59-69e4f28553c9 req-15ad9a08-e669-40c9-ac59-69e4f28553c9 ] Request (ServerPasswordTestJSON:setUpClass): 200 GET http://10.180.1.21/compute/v2.1/servers/54cedec2-7cd1-41cb-a787-ad21ae57fef6 0.045s
2024-12-12 10:13:04.734 66516 INFO tempest.lib.common.rest_client [req-3bc55b9b-af57-4d02-80f9-d2b4ba1c74e4 req-3bc55b9b-af57-4d02-80f9-d2b4ba1c74e4 ] Request (ServerActionsTestOtherA:test_rebuild_server_in_stop_state): 200 GET http://10.180.1.21/compute/v2.1/servers/9b5b87f5-9a55-4d35-a51b-50d6603f9674 0.051s
2024-12-12 10:13:04.739 66522 INFO tempest.lib.common.rest_client [req-f93c5a4d-94cb-4240-9b53-eb7f9990b23c req-f93c5a4d-94cb-4240-9b53-eb7f9990b23c ] Request (ServerActionsTestOtherB:test_resize_server_confirm_from_stopped): 200 GET http://10.180.1.21/compute/v2.1/servers/63cf4d09-5f4f-4327-9dda-5542e41948e7 0.098s
2024-12-12 10:13:04.787 66512 INFO tempest.lib.common.rest_client [req-4f7db0ab-51d2-4459-9a22-e25ee5cd4f0f req-4f7db0ab-51d2-4459-9a22-e25ee5cd4f0f ] Request (ListServerFiltersTestJSON:tearDownClass): 200 GET http://10.180.1.21/compute/v2.1/servers/3f36f848-4559-4a9c-a1ad-1fb6418172cd 0.054s
2024-12-12 10:13:04.896 66528 INFO paramiko.transport [-] Connected (version 2.0, client dropbear_2020.81)
2024-12-12 10:13:04.990 66524 INFO tempest.lib.common.rest_client [req-3f06df8a-7d96-48c0-8a7c-bdfdcf28a06d req-3f06df8a-7d96-48c0-8a7c-bdfdcf28a06d ] Request (SecurityGroupsTestJSON:test_server_security_groups): 200 GET http://10.180.1.21/compute/v2.1/servers/c28dc1c5-6a41-4e47-829d-6cb1160bf83f 0.134s
2024-12-12 10:13:04.998 66528 INFO paramiko.transport [-] Authentication (publickey) successful!
2024-12-12 10:13:04.999 66528 INFO tempest.lib.common.ssh [-] ssh connection to cirros@10.180.180.133 successfully created
2024-12-12 10:13:05.001 66504 INFO tempest.lib.common.rest_client [req-8ca7165d-27fd-43ce-9d49-d84780984951 req-8ca7165d-27fd-43ce-9d49-d84780984951 ] Request (MigrationsAdminTest:test_list_migrations_in_flavor_resize_situation): 200 GET http://10.180.1.21/compute/v2.1/servers/bcde5138-2515-4fa1-9bfe-f737c8e51a62 0.143s
2024-12-12 10:13:05.052 66490 INFO tempest.lib.common.rest_client [req-3b27ba4c-5ad7-48ff-af9d-65b644b0c528 req-3b27ba4c-5ad7-48ff-af9d-65b644b0c528 ] Request (ServersTestManualDisk:setUpClass): 200 GET http://10.180.1.21/compute/v2.1/servers/9589743c-942e-4b50-81ab-dbf90046df3f 0.136s
2024-12-12 10:13:05.093 66502 WARNING tempest.lib.common.ssh [-] Failed to establish authenticated ssh connection to cirros@10.180.180.172 ([Errno None] Unable to connect to port 22 on 10.180.180.172). Number attempts: 8. Retry after 9 seconds.: paramiko.ssh_exception.NoValidConnectionsError: [Errno None] Unable to connect to port 22 on 10.180.180.172
2024-12-12 10:13:05.104 66494 INFO tempest.lib.common.rest_client [req-8d872188-ff4b-4665-a363-c44d8b92b269 req-8d872188-ff4b-4665-a363-c44d8b92b269 ] Request (ServersAdminTestJSON:test_inject_network_info): 200 GET http://10.180.1.21/compute/v2.1/servers/168e702c-1484-4812-b107-eaab2a116b66 0.128s
2024-12-12 10:13:05.109 66500 INFO tempest.lib.common.rest_client [req-ac4183b9-fca6-4ffc-96e2-967a006c47bc req-ac4183b9-fca6-4ffc-96e2-967a006c47bc ] Request (ListServersNegativeTestJSON:setUpClass): 200 GET http://10.180.1.21/compute/v2.1/servers/7af4d732-4d7c-4eeb-95d0-84b4544dd752 0.142s
2024-12-12 10:13:05.156 66496 INFO tempest.lib.common.rest_client [req-9031c7f4-7d2b-4c51-baa7-379fca95780e req-9031c7f4-7d2b-4c51-baa7-379fca95780e ] Request (ListImageFiltersTestJSON:setUpClass): 200 GET http://10.180.1.21/compute/v2.1/servers/ad39b04a-0f77-42be-a28d-0b4c3b10a377 0.130s
2024-12-12 10:13:05.181 66528 INFO tempest.lib.common.rest_client [req-826b0d9a-76b8-4c91-8ab4-dd9d3f549378 req-826b0d9a-76b8-4c91-8ab4-dd9d3f549378 ] Request (ServersWithSpecificFlavorTestJSON:test_verify_created_server_ephemeral_disk): 204 DELETE http://10.180.1.21/compute/v2.1/servers/7d33e64b-6379-4bc2-a8ba-6581c23a6caa 0.175s
2024-12-12 10:13:05.225 66488 INFO tempest.lib.common.rest_client [req-ec8c88e1-9da7-429c-aa24-7f40b509fbf5 req-ec8c88e1-9da7-429c-aa24-7f40b509fbf5 ] Request (ServersTestMultiNic:_run_cleanups): 200 GET http://10.180.1.21/compute/v2.1/servers/e9c5487e-4527-4ec5-9008-4e2c98a04249 0.133s
2024-12-12 10:13:05.251 66528 INFO tempest.lib.common.rest_client [req-8c005ea4-028a-4d5e-8cb7-67d0dcfd168b req-8c005ea4-028a-4d5e-8cb7-67d0dcfd168b ] Request (ServersWithSpecificFlavorTestJSON:test_verify_created_server_ephemeral_disk): 201 POST http://10.180.1.21/identity/v3/auth/tokens 0.066s
2024-12-12 10:13:05.251 66528 INFO tempest.lib.common.fixed_network [-] (ServersWithSpecificFlavorTestJSON:test_verify_created_server_ephemeral_disk) Found network {'id': '648e2976-3351-4033-bfd6-aededf59a4fc', 'name': 'tempest-ServersWithSpecificFlavorTestJSON-201341877-network', 'tenant_id': '09a2b39f2c38407c95454f36bb18643d', 'admin_state_up': True, 'mtu': 8950, 'status': 'ACTIVE', 'subnets': [], 'shared': False, 'project_id': '09a2b39f2c38407c95454f36bb18643d', 'port_security_enabled': True, 'router:external': False, 'provider:network_type': 'vlan', 'provider:physical_network': 'default', 'provider:segmentation_id': 260, 'availability_zone_hints': [], 'availability_zones': [], 'ipv4_address_scope': None, 'ipv6_address_scope': None, 'description': '', 'tags': [], 'created_at': '2024-12-12T10:10:09Z', 'updated_at': '2024-12-12T10:10:09Z', 'revision_number': 1} available for tenant
2024-12-12 10:13:05.321 66532 INFO tempest.lib.common.rest_client [req-c7058974-e35e-4d10-85e2-be0c874a6947 req-c7058974-e35e-4d10-85e2-be0c874a6947 ] Request (ImagesOneServerNegativeTestJSON:_run_cleanups): 200 GET http://10.180.1.21/compute/v2.1/servers/84e5cf9f-7de1-4edf-8097-3b89533f86a8 0.225s
2024-12-12 10:13:05.374 66510 INFO tempest.lib.common.rest_client [req-f57f7b95-4e00-47e0-8c24-8070781fc3f1 req-f57f7b95-4e00-47e0-8c24-8070781fc3f1 ] Request (ServerExternalEventsTest:tearDownClass): 200 GET http://10.180.1.21/compute/v2.1/servers/9f6e75aa-8611-42ea-a82b-cf288f8a4324 0.122s
2024-12-12 10:13:05.451 66538 INFO tempest.lib.common.rest_client [req-ffb2c245-10e6-4894-8863-f5def9c9e0c5 req-ffb2c245-10e6-4894-8863-f5def9c9e0c5 ] Request (AttachInterfacesUnderV243Test:test_add_remove_fixed_ip): 200 GET http://10.180.1.21/compute/v2.1/servers/bed28386-52af-4870-a74d-67f7dd6215c7 0.154s
