2024-12-12 10:13:14.713 66510 INFO tempest.lib.common.rest_client [req-7ca6d308-05c1-498c-b780-b42e97f6cfaa req-7ca6d308-05c1-498c-b780-b42e97f6cfaa ] Request (ServerExternalEventsTest:tearDownClass): 200 GET http://10.180.1.21/compute/v2.1/servers/9f6e75aa-8611-42ea-a82b-cf288f8a4324 0.153s
2024-12-12 10:13:14.838 66532 INFO tempest.lib.common.rest_client [req-3acebef4-7300-47f1-b36e-830012245e1f req-3acebef4-7300-47f1-b36e-830012245e1f ] Request (ImagesOneServerNegativeTestJSON:tearDown): 200 GET http://10.180.1.21/compute/v2.1/servers/84e5cf9f-7de1-4edf-8097-3b89533f86a8 0.142s
2024-12-12 10:13:14.845 66532 INFO tempest.common.waiters [-] State transition "ACTIVE/image_pending_upload" ==> "ACTIVE/image_uploading" after 3 second wait
2024-12-12 10:13:14.910 66538 INFO tempest.lib.common.rest_client [req-e3b03d56-9190-49cc-b372-48c803e0440c req-e3b03d56-9190-49cc-b372-48c803e0440c ] Request (AttachInterfacesUnderV243Test:test_add_remove_fixed_ip): 200 GET http://10.180.1.21/compute/v2.1/servers/bed28386-52af-4870-a74d-67f7dd6215c7 0.054s
2024-12-12 10:13:14.979 66492 INFO tempest.lib.common.rest_client [req-3c58f177-e162-45c2-8f61-88400a395160 req-3c58f177-e162-45c2-8f61-88400a395160 ] Request (ServerGroupTestJSON:test_create_server_with_scheduler_hint_group): 200 GET http://10.180.1.21/compute/v2.1/servers/c5ab3ed9-f37d-48f9-9695-5848935b2293 0.067s
2024-12-12 10:13:14.990 66534 WARNING tempest.lib.common.ssh [-] Failed to establish authenticated ssh connection to cirros@10.180.180.188 ([Errno None] Unable to connect to port 22 on 10.180.180.188). Number attempts: 9. Retry after 10 seconds.: paramiko.ssh_exception.NoValidConnectionsError: [Errno None] Unable to connect to port 22 on 10.180.180.188
2024-12-12 10:13:15.027 66504 INFO tempest.lib.common.rest_client [req-ffabe4d3-7e2a-4d7b-8727-6852f9dce60a req-ffabe4d3-7e2a-4d7b-8727-6852f9dce60a ] Request (MigrationsAdminTest:test_list_migrations_in_flavor_resize_situation): 200 GET http://10.180.1.21/compute/v2.1/servers/bcde5138-2515-4fa1-9bfe-f737c8e51a62 0.124s
2024-12-12 10:13:15.034 66504 INFO tempest.common.waiters [-] State transition "VERIFY_RESIZE/None" ==> "ACTIVE/None" after 26 second wait
2024-12-12 10:13:15.039 66550 INFO tempest.lib.common.rest_client [req-29f7a7db-87c3-4d38-8ef6-7377685a67fd req-29f7a7db-87c3-4d38-8ef6-7377685a67fd ] Request (DeleteServersAdminTestJSON:test_admin_delete_servers_of_others): 200 GET http://10.180.1.21/compute/v2.1/servers/3a2513c7-8afd-4eb5-a510-7bd73ae4aa69 0.076s
2024-12-12 10:13:15.071 66516 INFO tempest.lib.common.rest_client [req-be566d92-181a-4d8b-98c5-43690ea5a403 req-be566d92-181a-4d8b-98c5-43690ea5a403 ] Request (ServerActionsTestOtherA:test_rebuild_server_in_stop_state): 200 GET http://10.180.1.21/compute/v2.1/servers/9b5b87f5-9a55-4d35-a51b-50d6603f9674 0.082s
2024-12-12 10:13:15.072 66519 INFO tempest.lib.common.rest_client [req-341b2a83-6cf8-4b7d-a081-11f343d21d98 req-341b2a83-6cf8-4b7d-a081-11f343d21d98 ] Request (ImagesTestJSON:test_create_image_from_suspended_server): 200 GET http://10.180.1.21/compute/v2.1/images/f91d9622-7b4f-4032-9745-7042a6b61e09 0.080s
2024-12-12 10:13:15.166 66504 INFO tempest.lib.common.rest_client [req-992e1aae-05b4-4f69-838d-27c044145ad6 req-992e1aae-05b4-4f69-838d-27c044145ad6 ] Request (MigrationsAdminTest:test_list_migrations_in_flavor_resize_situation): 200 GET http://10.180.1.21/compute/v2.1/servers/bcde5138-2515-4fa1-9bfe-f737c8e51a62 0.131s
2024-12-12 10:13:15.180 66528 INFO tempest.lib.common.rest_client [req-b8bff1a4-ab34-46ba-90d8-8a728b146748 req-b8bff1a4-ab34-46ba-90d8-8a728b146748 ] Request (ServersWithSpecificFlavorTestJSON:test_verify_created_server_ephemeral_disk): 200 GET http://10.180.1.21/compute/v2.1/servers/ec578d53-b1f7-41e3-9d97-c3a52d078893 0.048s
2024-12-12 10:13:15.206 66504 INFO tempest.lib.common.rest_client [req-4f937556-9c53-41ed-845c-4afe0938e4e1 req-4f937556-9c53-41ed-845c-4afe0938e4e1 ] Request (MigrationsAdminTest:test_list_migrations_in_flavor_resize_situation): 200 POST http://10.180.1.21/compute/v2.1/os-keypairs 0.033s
2024-12-12 10:13:15.276 66512 INFO tempest.lib.common.rest_client [req-fc9c7d59-1919-4dd3-8e52-72fd47c02f5d req-fc9c7d59-1919-4dd3-8e52-72fd47c02f5d ] Request (ListServerFiltersTestJSON:tearDownClass): 200 GET http://10.180.1.21/compute/v2.1/servers/cf86a1a0-715d-4b14-9151-4249ab7c53d7 0.075s
2024-12-12 10:13:15.334 66490 INFO tempest.lib.common.rest_client [req-1ed471ba-ddc4-4cde-8608-ae5df47ffbfa req-1ed471ba-ddc4-4cde-8608-ae5df47ffbfa ] Request (ServersTestManualDisk:setUpClass): 200 GET http://10.180.1.21/compute/v2.1/servers/9589743c-942e-4b50-81ab-dbf90046df3f 0.086s
2024-12-12 10:13:15.364 66508 INFO tempest.lib.common.rest_client [req-f8f9a241-783a-41cc-b85c-9b45eff5173d req-f8f9a241-783a-41cc-b85c-9b45eff5173d ] Request (ServerPasswordTestJSON:setUpClass): 200 GET http://10.180.1.21/compute/v2.1/servers/54cedec2-7cd1-41cb-a787-ad21ae57fef6 0.150s
2024-12-12 10:13:15.374 66504 INFO tempest.lib.common.rest_client [req-c228b7da-5360-41ed-a531-45669b632284 req-c228b7da-5360-41ed-a531-45669b632284 ] Request (MigrationsAdminTest:test_list_migrations_in_flavor_resize_situation): 201 POST http://10.180.1.21:9696/networking/v2.0/security-groups 0.167s
2024-12-12 10:13:15.445 66504 INFO tempest.lib.common.rest_client [req-e287211d-765a-46d2-b79c-2062e2171397 req-e287211d-765a-46d2-b79c-2062e2171397 ] Request (MigrationsAdminTest:test_list_migrations_in_flavor_resize_situation): 201 POST http://10.180.1.21:9696/networking/v2.0/security-group-rules 0.070s
2024-12-12 10:13:15.520 66504 INFO tempest.lib.common.rest_client [req-b56ac8d0-78d1-4a9d-8a20-aa971ca53b1f req-b56ac8d0-78d1-4a9d-8a20-aa971ca53b1f ] Request (MigrationsAdminTest:test_list_migrations_in_flavor_resize_situation): 201 POST http://10.180.1.21:9696/networking/v2.0/security-group-rules 0.075s
2024-12-12 10:13:15.599 66524 INFO tempest.lib.common.rest_client [req-31fa133c-0a94-4a50-9d85-d5cd7ae1c6fe req-31fa133c-0a94-4a50-9d85-d5cd7ae1c6fe ] Request (SecurityGroupsTestJSON:test_server_security_groups): 200 GET http://10.180.1.21/compute/v2.1/servers/c28dc1c5-6a41-4e47-829d-6cb1160bf83f 0.088s
2024-12-12 10:13:15.652 66530 WARNING tempest.lib.common.ssh [-] Failed to establish authenticated ssh connection to cirros@10.180.180.246 ([Errno None] Unable to connect to port 22 on 10.180.180.246). Number attempts: 5. Retry after 6 seconds.: paramiko.ssh_exception.NoValidConnectionsError: [Errno None] Unable to connect to port 22 on 10.180.180.246
2024-12-12 10:13:15.664 66494 INFO tempest.lib.common.rest_client [req-62747fc5-0923-47d6-9e51-d091501a70b6 req-62747fc5-0923-47d6-9e51-d091501a70b6 ] Request (ServersAdminTestJSON:test_inject_network_info): 200 GET http://10.180.1.21/compute/v2.1/servers/168e702c-1484-4812-b107-eaab2a116b66 0.103s
2024-12-12 10:13:15.728 66496 INFO tempest.lib.common.rest_client [req-8072e754-4c6f-48fd-91de-62343d73263c req-8072e754-4c6f-48fd-91de-62343d73263c ] Request (ListImageFiltersTestJSON:setUpClass): 200 GET http://10.180.1.21/compute/v2.1/servers/ad39b04a-0f77-42be-a28d-0b4c3b10a377 0.121s
2024-12-12 10:13:15.749 66500 INFO tempest.lib.common.rest_client [req-c04f60f3-b3e4-4937-a736-c298c44c3df6 req-c04f60f3-b3e4-4937-a736-c298c44c3df6 ] Request (ListServersNegativeTestJSON:setUpClass): 200 GET http://10.180.1.21/compute/v2.1/servers/7f1691f3-c302-45a8-b5f2-3da9f56d565e 0.194s
2024-12-12 10:13:15.761 66500 INFO tempest.common.waiters [-] State transition "BUILD/spawning" ==> "ACTIVE/None" after 3 second wait
2024-12-12 10:13:15.801 66488 INFO tempest.lib.common.rest_client [req-6f8fe570-5bd7-47b0-bdf0-14371f99eb9a req-6f8fe570-5bd7-47b0-bdf0-14371f99eb9a ] Request (ServersTestMultiNic:_run_cleanups): 200 GET http://10.180.1.21/compute/v2.1/servers/e9c5487e-4527-4ec5-9008-4e2c98a04249 0.134s
2024-12-12 10:13:15.879 66510 INFO tempest.lib.common.rest_client [req-72bbc16e-4da0-4177-96f6-ccefd3a79af3 req-72bbc16e-4da0-4177-96f6-ccefd3a79af3 ] Request (ServerExternalEventsTest:tearDownClass): 200 GET http://10.180.1.21/compute/v2.1/servers/9f6e75aa-8611-42ea-a82b-cf288f8a4324 0.159s
2024-12-12 10:13:15.907 66522 INFO tempest.lib.common.rest_client [req-2eeede19-fb50-4438-936a-b2f102016635 req-2eeede19-fb50-4438-936a-b2f102016635 ] Request (ServerActionsTestOtherB:test_resize_server_confirm_from_stopped): 200 GET http://10.180.1.21/compute/v2.1/servers/63cf4d09-5f4f-4327-9dda-5542e41948e7 0.197s
2024-12-12 10:13:16.079 66500 INFO tempest.lib.common.rest_client [req-080fb492-a9e6-41ee-bfae-bd4ff556a7ef req-080fb492-a9e6-41ee-bfae-bd4ff556a7ef ] Request (ListServersNegativeTestJSON:setUpClass): 200 GET http://10.180.1.21/compute/v2.1/servers/e6ecc5a4-d3d1-4777-ad2d-48b79b784d8a 0.318s
2024-12-12 10:13:16.159 66538 INFO tempest.lib.common.rest_client [req-b043cd74-9b0a-4ed9-bbfd-dbc048011e29 req-b043cd74-9b0a-4ed9-bbfd-dbc048011e29 ] Request (AttachInterfacesUnderV243Test:test_add_remove_fixed_ip): 200 GET http://10.180.1.21/compute/v2.1/servers/bed28386-52af-4870-a74d-67f7dd6215c7 0.242s
2024-12-12 10:13:16.171 66532 INFO tempest.lib.common.rest_client [req-e1b66e34-552a-4ed3-8f32-5cb64ae07808 req-e1b66e34-552a-4ed3-8f32-5cb64ae07808 ] Request (ImagesOneServerNegativeTestJSON:tearDown): 200 GET http://10.180.1.21/compute/v2.1/servers/84e5cf9f-7de1-4edf-8097-3b89533f86a8 0.325s
2024-12-12 10:13:16.226 66492 INFO tempest.lib.common.rest_client [req-3d25a080-5966-4551-be8a-b06edacbbccb req-3d25a080-5966-4551-be8a-b06edacbbccb ] Request (ServerGroupTestJSON:test_create_server_with_scheduler_hint_group): 200 GET http://10.180.1.21/compute/v2.1/servers/c5ab3ed9-f37d-48f9-9695-5848935b2293 0.240s
2024-12-12 10:13:16.247 66550 INFO tempest.lib.common.rest_client [req-b73f6eee-2e2d-47f5-bb7e-3c3021381fde req-b73f6eee-2e2d-47f5-bb7e-3c3021381fde ] Request (DeleteServersAdminTestJSON:test_admin_delete_servers_of_others): 200 GET http://10.180.1.21/compute/v2.1/servers/3a2513c7-8afd-4eb5-a510-7bd73ae4aa69 0.201s
2024-12-12 10:13:16.274 66519 INFO tempest.lib.common.rest_client [req-e1c7b0ef-2d25-4b6d-b009-b141aefd0aad req-e1c7b0ef-2d25-4b6d-b009-b141aefd0aad ] Request (ImagesTestJSON:test_create_image_from_suspended_server): 200 GET http://10.180.1.21/compute/v2.1/images/f91d9622-7b4f-4032-9745-7042a6b61e09 0.193s
2024-12-12 10:13:16.319 66516 INFO tempest.lib.common.rest_client [req-3f4ee936-97d8-4893-99bb-cc433893dbfa req-3f4ee936-97d8-4893-99bb-cc433893dbfa ] Request (ServerActionsTestOtherA:test_rebuild_server_in_stop_state): 200 GET http://10.180.1.21/compute/v2.1/servers/9b5b87f5-9a55-4d35-a51b-50d6603f9674 0.236s
2024-12-12 10:13:16.336 66528 INFO tempest.lib.common.rest_client [req-31fe3d22-9121-4bbd-aa9e-b0d2a7a3a124 req-31fe3d22-9121-4bbd-aa9e-b0d2a7a3a124 ] Request (ServersWithSpecificFlavorTestJSON:test_verify_created_server_ephemeral_disk): 200 GET http://10.180.1.21/compute/v2.1/servers/ec578d53-b1f7-41e3-9d97-c3a52d078893 0.149s
2024-12-12 10:13:16.347 66504 INFO tempest.lib.common.rest_client [req-08e4bd8b-4c96-4aa1-b79d-2302a2d313cd req-08e4bd8b-4c96-4aa1-b79d-2302a2d313cd ] Request (MigrationsAdminTest:test_list_migrations_in_flavor_resize_situation): 201 POST http://10.180.1.21:9696/networking/v2.0/floatingips 0.826s
2024-12-12 10:13:16.386 66512 INFO tempest.lib.common.rest_client [req-d9584783-1e21-4070-9df9-77d7ae84bfab req-d9584783-1e21-4070-9df9-77d7ae84bfab ] Request (ListServerFiltersTestJSON:tearDownClass): 200 GET http://10.180.1.21/compute/v2.1/servers/cf86a1a0-715d-4b14-9151-4249ab7c53d7 0.103s
2024-12-12 10:13:16.402 66504 INFO tempest.lib.common.rest_client [req-00c16522-c12c-414e-93f3-56357d34ec61 req-00c16522-c12c-414e-93f3-56357d34ec61 ] Request (MigrationsAdminTest:test_list_migrations_in_flavor_resize_situation): 200 GET http://10.180.1.21/compute/v2.1/os-migrations 0.055s
2024-12-12 10:13:16.408 66490 INFO tempest.lib.common.rest_client [req-65fa6da2-5f1f-408a-aa55-a481a0a6597d req-65fa6da2-5f1f-408a-aa55-a481a0a6597d ] Request (ServersTestManualDisk:setUpClass): 200 GET http://10.180.1.21/compute/v2.1/servers/9589743c-942e-4b50-81ab-dbf90046df3f 0.066s
2024-12-12 10:13:16.425 66504 INFO tempest.lib.common.rest_client [req-ff8f1327-9a48-4ebf-8551-694df54c21b6 req-ff8f1327-9a48-4ebf-8551-694df54c21b6 ] Request (MigrationsAdminTest:test_resize_server_revert_deleted_flavor): 200 GET http://10.180.1.21/compute/v2.1/flavors/42 0.013s
2024-12-12 10:13:16.446 66504 INFO tempest.lib.common.rest_client [req-8e2e0ef8-3aee-466c-9e34-55958f917e3d req-8e2e0ef8-3aee-466c-9e34-55958f917e3d ] Request (MigrationsAdminTest:test_resize_server_revert_deleted_flavor): 200 POST http://10.180.1.21/compute/v2.1/flavors 0.019s
2024-12-12 10:13:16.461 66504 INFO tempest.lib.common.rest_client [req-f7883c56-1c82-4cb5-b611-f35810437678 req-f7883c56-1c82-4cb5-b611-f35810437678 ] Request (MigrationsAdminTest:test_resize_server_revert_deleted_flavor): 200 GET http://10.180.1.21/compute/v2.1/flavors/42/os-extra_specs 0.012s
2024-12-12 10:13:16.481 66504 INFO tempest.lib.common.rest_client [req-fda073f4-4fe8-4add-9c80-35f3465cb55c req-fda073f4-4fe8-4add-9c80-35f3465cb55c ] Request (MigrationsAdminTest:test_resize_server_revert_deleted_flavor): 200 POST http://10.180.1.21/compute/v2.1/flavors/074773f6-1aca-45fc-a2d8-b933a7811606/os-extra_specs 0.019s
2024-12-12 10:13:16.519 66508 INFO tempest.lib.common.rest_client [req-fe4a05b0-b848-4d95-917a-bd0bf77c4826 req-fe4a05b0-b848-4d95-917a-bd0bf77c4826 ] Request (ServerPasswordTestJSON:setUpClass): 200 GET http://10.180.1.21/compute/v2.1/servers/54cedec2-7cd1-41cb-a787-ad21ae57fef6 0.147s
2024-12-12 10:13:16.546 66504 INFO tempest.lib.common.rest_client [req-e810e700-f506-4332-8fea-d105348ce232 req-e810e700-f506-4332-8fea-d105348ce232 ] Request (MigrationsAdminTest:test_resize_server_revert_deleted_flavor): 201 POST http://10.180.1.21/identity/v3/auth/tokens 0.061s
2024-12-12 10:13:16.546 66504 INFO tempest.lib.common.fixed_network [-] (MigrationsAdminTest:test_resize_server_revert_deleted_flavor) Found network None available for tenant
2024-12-12 10:13:16.685 66524 INFO tempest.lib.common.rest_client [req-2a46a756-6cab-4fcb-8ee4-0e7b6dc8f709 req-2a46a756-6cab-4fcb-8ee4-0e7b6dc8f709 ] Request (SecurityGroupsTestJSON:test_server_security_groups): 200 GET http://10.180.1.21/compute/v2.1/servers/c28dc1c5-6a41-4e47-829d-6cb1160bf83f 0.078s
2024-12-12 10:13:16.732 66494 INFO tempest.lib.common.rest_client [req-ec7ec5ac-e9ae-443a-b80d-8cfce954c7c8 req-ec7ec5ac-e9ae-443a-b80d-8cfce954c7c8 ] Request (ServersAdminTestJSON:test_inject_network_info): 200 GET http://10.180.1.21/compute/v2.1/servers/168e702c-1484-4812-b107-eaab2a116b66 0.059s
2024-12-12 10:13:16.788 66496 INFO tempest.lib.common.rest_client [req-1f2ee6bc-f333-4c54-823f-d594654c2a8a req-1f2ee6bc-f333-4c54-823f-d594654c2a8a ] Request (ListImageFiltersTestJSON:setUpClass): 200 GET http://10.180.1.21/compute/v2.1/servers/ad39b04a-0f77-42be-a28d-0b4c3b10a377 0.053s
2024-12-12 10:13:16.810 66504 INFO tempest.lib.common.rest_client [req-38e2615b-d7c2-4e64-88d4-b44f66d26214 req-38e2615b-d7c2-4e64-88d4-b44f66d26214 ] Request (MigrationsAdminTest:test_resize_server_revert_deleted_flavor): 202 POST http://10.180.1.21/compute/v2.1/servers 0.263s
2024-12-12 10:13:16.852 66504 INFO tempest.lib.common.rest_client [req-2bb04f0c-e427-4cc1-b977-c8d8b7f3ea8e req-2bb04f0c-e427-4cc1-b977-c8d8b7f3ea8e ] Request (MigrationsAdminTest:test_resize_server_revert_deleted_flavor): 200 GET http://10.180.1.21/compute/v2.1/servers/83b841b7-ac47-45c4-bcea-4020242cf996 0.040s
2024-12-12 10:13:16.869 66488 INFO tempest.lib.common.rest_client [req-aca1d2d2-d032-4408-a3e8-a3fe28e9378c req-aca1d2d2-d032-4408-a3e8-a3fe28e9378c ] Request (ServersTestMultiNic:_run_cleanups): 200 GET http://10.180.1.21/compute/v2.1/servers/e9c5487e-4527-4ec5-9008-4e2c98a04249 0.057s
2024-12-12 10:13:16.973 66510 INFO tempest.lib.common.rest_client [req-624c4b35-33c8-4840-8a23-6537a0db0296 req-624c4b35-33c8-4840-8a23-6537a0db0296 ] Request (ServerExternalEventsTest:tearDownClass): 200 GET http://10.180.1.21/compute/v2.1/servers/9f6e75aa-8611-42ea-a82b-cf288f8a4324 0.083s
2024-12-12 10:13:17.037 66522 INFO tempest.lib.common.rest_client [req-97fd2f54-a4fb-46a6-a236-e0524cf8a42f req-97fd2f54-a4fb-46a6-a236-e0524cf8a42f ] Request (ServerActionsTestOtherB:test_resize_server_confirm_from_stopped): 200 GET http://10.180.1.21/compute/v2.1/servers/63cf4d09-5f4f-4327-9dda-5542e41948e7 0.122s
2024-12-12 10:13:17.201 66500 INFO tempest.lib.common.rest_client [req-d9c5a1fa-bd20-421d-9c18-649891de0cb4 req-d9c5a1fa-bd20-421d-9c18-649891de0cb4 ] Request (ListServersNegativeTestJSON:setUpClass): 200 GET http://10.180.1.21/compute/v2.1/servers/e6ecc5a4-d3d1-4777-ad2d-48b79b784d8a 0.110s
2024-12-12 10:13:17.208 66500 INFO tempest.common.waiters [-] State transition "BUILD/spawning" ==> "ACTIVE/None" after 1 second wait
2024-12-12 10:13:17.225 66538 INFO tempest.lib.common.rest_client [req-1ea571b5-af4f-4af4-8d0e-fd628560efb1 req-1ea571b5-af4f-4af4-8d0e-fd628560efb1 ] Request (AttachInterfacesUnderV243Test:test_add_remove_fixed_ip): 200 GET http://10.180.1.21/compute/v2.1/servers/bed28386-52af-4870-a74d-67f7dd6215c7 0.055s
2024-12-12 10:13:17.305 66532 INFO tempest.lib.common.rest_client [req-f4bc020b-c7b6-44c9-89d4-aa2e78b95b77 req-f4bc020b-c7b6-44c9-89d4-aa2e78b95b77 ] Request (ImagesOneServerNegativeTestJSON:tearDown): 200 GET http://10.180.1.21/compute/v2.1/servers/84e5cf9f-7de1-4edf-8097-3b89533f86a8 0.123s
2024-12-12 10:13:17.311 66500 INFO tempest.lib.common.rest_client [req-6bdb6879-6fa1-4442-871b-cae395de90a9 req-6bdb6879-6fa1-4442-871b-cae395de90a9 ] Request (ListServersNegativeTestJSON:setUpClass): 204 DELETE http://10.180.1.21/compute/v2.1/servers/7af4d732-4d7c-4eeb-95d0-84b4544dd752 0.103s
2024-12-12 10:13:17.398 66492 INFO tempest.lib.common.rest_client [req-08bcb9d0-2c55-4c43-93d0-06ef35288a29 req-08bcb9d0-2c55-4c43-93d0-06ef35288a29 ] Request (ServerGroupTestJSON:test_create_server_with_scheduler_hint_group): 200 GET http://10.180.1.21/compute/v2.1/servers/c5ab3ed9-f37d-48f9-9695-5848935b2293 0.153s
2024-12-12 10:13:17.399 66550 INFO tempest.lib.common.rest_client [req-dec90c01-5900-4571-973b-7390a0b00ed6 req-dec90c01-5900-4571-973b-7390a0b00ed6 ] Request (DeleteServersAdminTestJSON:test_admin_delete_servers_of_others): 200 GET http://10.180.1.21/compute/v2.1/servers/3a2513c7-8afd-4eb5-a510-7bd73ae4aa69 0.141s
2024-12-12 10:13:17.436 66519 INFO tempest.lib.common.rest_client [req-20bce5c2-e19c-44a9-9a85-b20ff44c2d4d req-20bce5c2-e19c-44a9-9a85-b20ff44c2d4d ] Request (ImagesTestJSON:test_create_image_from_suspended_server): 200 GET http://10.180.1.21/compute/v2.1/images/f91d9622-7b4f-4032-9745-7042a6b61e09 0.158s
2024-12-12 10:13:17.498 66516 INFO tempest.lib.common.rest_client [req-470792b1-4fa8-40e3-a084-856f5295de85 req-470792b1-4fa8-40e3-a084-856f5295de85 ] Request (ServerActionsTestOtherA:test_rebuild_server_in_stop_state): 200 GET http://10.180.1.21/compute/v2.1/servers/9b5b87f5-9a55-4d35-a51b-50d6603f9674 0.171s
2024-12-12 10:13:17.523 66500 INFO tempest.lib.common.rest_client [req-917dc435-dcc2-49fb-b4ce-4147890d3ae6 req-917dc435-dcc2-49fb-b4ce-4147890d3ae6 ] Request (ListServersNegativeTestJSON:setUpClass): 200 GET http://10.180.1.21/compute/v2.1/servers/7af4d732-4d7c-4eeb-95d0-84b4544dd752 0.212s
2024-12-12 10:13:17.548 66528 INFO tempest.lib.common.rest_client [req-ad2c31f0-962e-4c08-b74b-c3b033cef679 req-ad2c31f0-962e-4c08-b74b-c3b033cef679 ] Request (ServersWithSpecificFlavorTestJSON:test_verify_created_server_ephemeral_disk): 200 GET http://10.180.1.21/compute/v2.1/servers/ec578d53-b1f7-41e3-9d97-c3a52d078893 0.204s
2024-12-12 10:13:17.554 66528 INFO tempest.common.waiters [-] State transition "BUILD/scheduling" ==> "BUILD/None" after 12 second wait
2024-12-12 10:13:17.579 66512 INFO tempest.lib.common.rest_client [req-0ab6a035-fc45-4ba2-80c0-2e31b4c9712c req-0ab6a035-fc45-4ba2-80c0-2e31b4c9712c ] Request (ListServerFiltersTestJSON:tearDownClass): 200 GET http://10.180.1.21/compute/v2.1/servers/cf86a1a0-715d-4b14-9151-4249ab7c53d7 0.184s
2024-12-12 10:13:17.596 66490 INFO tempest.lib.common.rest_client [req-b18267c3-2d89-48d9-97a1-2e1512171156 req-b18267c3-2d89-48d9-97a1-2e1512171156 ] Request (ServersTestManualDisk:setUpClass): 200 GET http://10.180.1.21/compute/v2.1/servers/9589743c-942e-4b50-81ab-dbf90046df3f 0.180s
2024-12-12 10:13:17.700 66508 INFO tempest.lib.common.rest_client [req-f988f468-f883-4d53-9390-2069cc7269bb req-f988f468-f883-4d53-9390-2069cc7269bb ] Request (ServerPasswordTestJSON:setUpClass): 200 GET http://10.180.1.21/compute/v2.1/servers/54cedec2-7cd1-41cb-a787-ad21ae57fef6 0.173s
2024-12-12 10:13:17.751 66524 INFO tempest.lib.common.rest_client [req-2045c136-dbff-4a4a-acbf-bd61a3dcc2dd req-2045c136-dbff-4a4a-acbf-bd61a3dcc2dd ] Request (SecurityGroupsTestJSON:test_server_security_groups): 200 GET http://10.180.1.21/compute/v2.1/servers/c28dc1c5-6a41-4e47-829d-6cb1160bf83f 0.058s
2024-12-12 10:13:17.790 66494 INFO tempest.lib.common.rest_client [req-fb4e898d-28c1-47c1-b09e-532464af912b req-fb4e898d-28c1-47c1-b09e-532464af912b ] Request (ServersAdminTestJSON:test_inject_network_info): 200 GET http://10.180.1.21/compute/v2.1/servers/168e702c-1484-4812-b107-eaab2a116b66 0.051s
2024-12-12 10:13:17.850 66496 INFO tempest.lib.common.rest_client [req-fc9a1504-230d-45d2-9153-08e2944ae9e9 req-fc9a1504-230d-45d2-9153-08e2944ae9e9 ] Request (ListImageFiltersTestJSON:setUpClass): 200 GET http://10.180.1.21/compute/v2.1/servers/ad39b04a-0f77-42be-a28d-0b4c3b10a377 0.056s
2024-12-12 10:13:17.914 66504 INFO tempest.lib.common.rest_client [req-52d525e2-7c93-42dd-a90d-785c5be9936e req-52d525e2-7c93-42dd-a90d-785c5be9936e ] Request (MigrationsAdminTest:test_resize_server_revert_deleted_flavor): 200 GET http://10.180.1.21/compute/v2.1/servers/83b841b7-ac47-45c4-bcea-4020242cf996 0.055s
2024-12-12 10:13:17.952 66488 INFO tempest.lib.common.rest_client [req-3f39f524-1d0c-4866-9e0c-78cc7f68a9e3 req-3f39f524-1d0c-4866-9e0c-78cc7f68a9e3 ] Request (ServersTestMultiNic:_run_cleanups): 200 GET http://10.180.1.21/compute/v2.1/servers/e9c5487e-4527-4ec5-9008-4e2c98a04249 0.076s
2024-12-12 10:13:18.063 66510 INFO tempest.lib.common.rest_client [req-ccf2677c-113a-4e3d-8e3a-a90a3b74c862 req-ccf2677c-113a-4e3d-8e3a-a90a3b74c862 ] Request (ServerExternalEventsTest:tearDownClass): 200 GET http://10.180.1.21/compute/v2.1/servers/9f6e75aa-8611-42ea-a82b-cf288f8a4324 0.084s
2024-12-12 10:13:18.198 66522 INFO tempest.lib.common.rest_client [req-ad979ed7-4cb4-463f-94e1-86838c9033fd req-ad979ed7-4cb4-463f-94e1-86838c9033fd ] Request (ServerActionsTestOtherB:test_resize_server_confirm_from_stopped): 200 GET http://10.180.1.21/compute/v2.1/servers/63cf4d09-5f4f-4327-9dda-5542e41948e7 0.154s
2024-12-12 10:13:18.276 66526 WARNING tempest.lib.common.ssh [-] Failed to establish authenticated ssh connection to cirros@10.180.180.150 ([Errno None] Unable to connect to port 22 on 10.180.180.150). Number attempts: 13. Retry after 14 seconds.: paramiko.ssh_exception.NoValidConnectionsError: [Errno None] Unable to connect to port 22 on 10.180.180.150
2024-12-12 10:13:18.292 66538 INFO tempest.lib.common.rest_client [req-522d53c4-451d-4af5-99e0-1aa850b46e98 req-522d53c4-451d-4af5-99e0-1aa850b46e98 ] Request (AttachInterfacesUnderV243Test:test_add_remove_fixed_ip): 200 GET http://10.180.1.21/compute/v2.1/servers/bed28386-52af-4870-a74d-67f7dd6215c7 0.056s
2024-12-12 10:13:18.482 66550 INFO tempest.lib.common.rest_client [req-46cc2712-48bb-44f8-a3db-d10c63434fe2 req-46cc2712-48bb-44f8-a3db-d10c63434fe2 ] Request (DeleteServersAdminTestJSON:test_admin_delete_servers_of_others): 200 GET http://10.180.1.21/compute/v2.1/servers/3a2513c7-8afd-4eb5-a510-7bd73ae4aa69 0.072s
2024-12-12 10:13:18.485 66532 INFO tempest.lib.common.rest_client [req-c097bfc9-4db1-4334-bb3f-f079a56940d0 req-c097bfc9-4db1-4334-bb3f-f079a56940d0 ] Request (ImagesOneServerNegativeTestJSON:tearDown): 200 GET http://10.180.1.21/compute/v2.1/servers/84e5cf9f-7de1-4edf-8097-3b89533f86a8 0.171s
2024-12-12 10:13:18.519 66519 INFO tempest.lib.common.rest_client [req-5039419c-ed3f-4f0b-bb21-7163a3ea0a90 req-5039419c-ed3f-4f0b-bb21-7163a3ea0a90 ] Request (ImagesTestJSON:test_create_image_from_suspended_server): 200 GET http://10.180.1.21/compute/v2.1/images/f91d9622-7b4f-4032-9745-7042a6b61e09 0.079s
2024-12-12 10:13:18.544 66492 INFO tempest.lib.common.rest_client [req-2c5c9b3b-ace2-4516-969d-ba7038a9dbc8 req-2c5c9b3b-ace2-4516-969d-ba7038a9dbc8 ] Request (ServerGroupTestJSON:test_create_server_with_scheduler_hint_group): 200 GET http://10.180.1.21/compute/v2.1/servers/c5ab3ed9-f37d-48f9-9695-5848935b2293 0.133s
2024-12-12 10:13:18.772 66516 INFO tempest.lib.common.rest_client [req-430ba572-a91e-4039-9df5-0655538414c3 req-430ba572-a91e-4039-9df5-0655538414c3 ] Request (ServerActionsTestOtherA:test_rebuild_server_in_stop_state): 200 GET http://10.180.1.21/compute/v2.1/servers/9b5b87f5-9a55-4d35-a51b-50d6603f9674 0.265s
2024-12-12 10:13:18.778 66516 INFO tempest.common.waiters [-] State transition "BUILD/None" ==> "BUILD/block_device_mapping" after 74 second wait
2024-12-12 10:13:18.789 66500 INFO tempest.lib.common.rest_client [req-06611cb2-d2a4-4584-bce6-5014305ed4bf req-06611cb2-d2a4-4584-bce6-5014305ed4bf ] Request (ListServersNegativeTestJSON:setUpClass): 200 GET http://10.180.1.21/compute/v2.1/servers/7af4d732-4d7c-4eeb-95d0-84b4544dd752 0.256s
2024-12-12 10:13:18.850 66512 INFO tempest.lib.common.rest_client [req-fb9b3938-2e7a-4fe8-904e-fc30df99bb32 req-fb9b3938-2e7a-4fe8-904e-fc30df99bb32 ] Request (ListServerFiltersTestJSON:tearDownClass): 200 GET http://10.180.1.21/compute/v2.1/servers/cf86a1a0-715d-4b14-9151-4249ab7c53d7 0.262s
2024-12-12 10:13:18.906 66490 INFO tempest.lib.common.rest_client [req-d600d2bc-0cbe-48b7-a080-08459e1309ec req-d600d2bc-0cbe-48b7-a080-08459e1309ec ] Request (ServersTestManualDisk:setUpClass): 200 GET http://10.180.1.21/compute/v2.1/servers/9589743c-942e-4b50-81ab-dbf90046df3f 0.302s
2024-12-12 10:13:19.028 66508 INFO tempest.lib.common.rest_client [req-54e84d03-3fa7-41af-9b62-68a5bf1fff2f req-54e84d03-3fa7-41af-9b62-68a5bf1fff2f ] Request (ServerPasswordTestJSON:setUpClass): 200 GET http://10.180.1.21/compute/v2.1/servers/54cedec2-7cd1-41cb-a787-ad21ae57fef6 0.320s
2024-12-12 10:13:19.044 66514 WARNING tempest.lib.common.ssh [-] Failed to establish authenticated ssh connection to cirros@10.180.180.203 ([Errno None] Unable to connect to port 22 on 10.180.180.203). Number attempts: 7. Retry after 8 seconds.: paramiko.ssh_exception.NoValidConnectionsError: [Errno None] Unable to connect to port 22 on 10.180.180.203
2024-12-12 10:13:19.089 66528 INFO tempest.lib.common.rest_client [req-b2f41778-b158-4efe-85f0-d68300e9577f req-b2f41778-b158-4efe-85f0-d68300e9577f ] Request (ServersWithSpecificFlavorTestJSON:test_verify_created_server_ephemeral_disk): 200 GET http://10.180.1.21/compute/v2.1/servers/ec578d53-b1f7-41e3-9d97-c3a52d078893 0.531s
2024-12-12 10:13:19.103 66524 INFO tempest.lib.common.rest_client [req-68e55197-dd41-4239-bcbd-240a63aaaa90 req-68e55197-dd41-4239-bcbd-240a63aaaa90 ] Request (SecurityGroupsTestJSON:test_server_security_groups): 200 GET http://10.180.1.21/compute/v2.1/servers/c28dc1c5-6a41-4e47-829d-6cb1160bf83f 0.342s
2024-12-12 10:13:19.147 66494 INFO tempest.lib.common.rest_client [req-a3892e33-2350-4f51-84ad-c0cb16f51c37 req-a3892e33-2350-4f51-84ad-c0cb16f51c37 ] Request (ServersAdminTestJSON:test_inject_network_info): 200 GET http://10.180.1.21/compute/v2.1/servers/168e702c-1484-4812-b107-eaab2a116b66 0.350s
2024-12-12 10:13:19.175 66496 INFO tempest.lib.common.rest_client [req-a027961c-7df7-4aa8-ba1d-1eff425c91ad req-a027961c-7df7-4aa8-ba1d-1eff425c91ad ] Request (ListImageFiltersTestJSON:setUpClass): 200 GET http://10.180.1.21/compute/v2.1/servers/ad39b04a-0f77-42be-a28d-0b4c3b10a377 0.317s
2024-12-12 10:13:19.200 66504 INFO tempest.lib.common.rest_client [req-b42fb659-7241-447b-a923-bacfeb38ecca req-b42fb659-7241-447b-a923-bacfeb38ecca ] Request (MigrationsAdminTest:test_resize_server_revert_deleted_flavor): 200 GET http://10.180.1.21/compute/v2.1/servers/83b841b7-ac47-45c4-bcea-4020242cf996 0.279s
2024-12-12 10:13:19.211 66504 INFO tempest.common.waiters [-] State transition "BUILD/scheduling" ==> "BUILD/None" after 3 second wait
2024-12-12 10:13:19.264 66510 INFO tempest.lib.common.rest_client [req-21915f64-1620-4e5a-81d8-dde14c22f181 req-21915f64-1620-4e5a-81d8-dde14c22f181 ] Request (ServerExternalEventsTest:tearDownClass): 200 GET http://10.180.1.21/compute/v2.1/servers/9f6e75aa-8611-42ea-a82b-cf288f8a4324 0.192s
2024-12-12 10:13:19.272 66488 INFO tempest.lib.common.rest_client [req-a621e0e1-41f3-4b18-86d3-ba1dc2c6803e req-a621e0e1-41f3-4b18-86d3-ba1dc2c6803e ] Request (ServersTestMultiNic:_run_cleanups): 200 GET http://10.180.1.21/compute/v2.1/servers/e9c5487e-4527-4ec5-9008-4e2c98a04249 0.309s
2024-12-12 10:13:19.366 66538 INFO tempest.lib.common.rest_client [req-d0efce72-ec57-434c-be33-7fc957f2c0dc req-d0efce72-ec57-434c-be33-7fc957f2c0dc ] Request (AttachInterfacesUnderV243Test:test_add_remove_fixed_ip): 200 GET http://10.180.1.21/compute/v2.1/servers/bed28386-52af-4870-a74d-67f7dd6215c7 0.067s
2024-12-12 10:13:19.390 66522 INFO tempest.lib.common.rest_client [req-2ecb16e4-9f2f-4969-9205-d290c032ebd6 req-2ecb16e4-9f2f-4969-9205-d290c032ebd6 ] Request (ServerActionsTestOtherB:test_resize_server_confirm_from_stopped): 200 GET http://10.180.1.21/compute/v2.1/servers/63cf4d09-5f4f-4327-9dda-5542e41948e7 0.184s
2024-12-12 10:13:19.554 66550 INFO tempest.lib.common.rest_client [req-ddb70149-9fc8-4c83-8119-885057414f3e req-ddb70149-9fc8-4c83-8119-885057414f3e ] Request (DeleteServersAdminTestJSON:test_admin_delete_servers_of_others): 200 GET http://10.180.1.21/compute/v2.1/servers/3a2513c7-8afd-4eb5-a510-7bd73ae4aa69 0.065s
2024-12-12 10:13:19.586 66519 INFO tempest.lib.common.rest_client [req-3c78578b-e183-46c1-b8ce-9886bd0b067d req-3c78578b-e183-46c1-b8ce-9886bd0b067d ] Request (ImagesTestJSON:test_create_image_from_suspended_server): 200 GET http://10.180.1.21/compute/v2.1/images/f91d9622-7b4f-4032-9745-7042a6b61e09 0.063s
2024-12-12 10:13:19.594 66532 INFO tempest.lib.common.rest_client [req-d9123387-c013-4ef3-9732-5d068fb62dff req-d9123387-c013-4ef3-9732-5d068fb62dff ] Request (ImagesOneServerNegativeTestJSON:tearDown): 200 GET http://10.180.1.21/compute/v2.1/servers/84e5cf9f-7de1-4edf-8097-3b89533f86a8 0.102s
2024-12-12 10:13:19.600 66532 INFO tempest.common.waiters [-] State transition "ACTIVE/image_uploading" ==> "ACTIVE/None" after 8 second wait
2024-12-12 10:13:19.638 66492 INFO tempest.lib.common.rest_client [req-de2fedee-2c10-45d8-ae7d-a30cdc2aa25e req-de2fedee-2c10-45d8-ae7d-a30cdc2aa25e ] Request (ServerGroupTestJSON:test_create_server_with_scheduler_hint_group): 200 GET http://10.180.1.21/compute/v2.1/servers/c5ab3ed9-f37d-48f9-9695-5848935b2293 0.087s
2024-12-12 10:13:19.674 66532 INFO tempest.lib.common.rest_client [req-ae83f307-3e6a-4b57-a3ea-bd97c43becf4 req-ae83f307-3e6a-4b57-a3ea-bd97c43becf4 ] Request (ImagesOneServerNegativeTestJSON:_run_cleanups): 204 DELETE http://10.180.1.21/compute/v2.1/servers/84e5cf9f-7de1-4edf-8097-3b89533f86a8 0.073s
2024-12-12 10:13:19.771 66532 INFO tempest.lib.common.rest_client [req-48acd591-2c19-46b5-a5ee-cc72b00ad47c req-48acd591-2c19-46b5-a5ee-cc72b00ad47c ] Request (ImagesOneServerNegativeTestJSON:_run_cleanups): 200 GET http://10.180.1.21/compute/v2.1/servers/84e5cf9f-7de1-4edf-8097-3b89533f86a8 0.097s
2024-12-12 10:13:19.848 66500 INFO tempest.lib.common.rest_client [req-a681b978-7eb7-4d15-b5f0-6a5c883cbcc8 req-a681b978-7eb7-4d15-b5f0-6a5c883cbcc8 ] Request (ListServersNegativeTestJSON:setUpClass): 200 GET http://10.180.1.21/compute/v2.1/servers/7af4d732-4d7c-4eeb-95d0-84b4544dd752 0.052s
2024-12-12 10:13:19.901 66516 INFO tempest.lib.common.rest_client [req-3cb4fead-d957-43c3-9f71-501e95eb8022 req-3cb4fead-d957-43c3-9f71-501e95eb8022 ] Request (ServerActionsTestOtherA:test_rebuild_server_in_stop_state): 200 GET http://10.180.1.21/compute/v2.1/servers/9b5b87f5-9a55-4d35-a51b-50d6603f9674 0.122s
2024-12-12 10:13:19.908 66516 INFO tempest.common.waiters [-] State transition "BUILD/block_device_mapping" ==> "BUILD/spawning" after 75 second wait
2024-12-12 10:13:19.921 66512 INFO tempest.lib.common.rest_client [req-b7b4eb6b-4a55-4d3d-8b54-0490806f4b52 req-b7b4eb6b-4a55-4d3d-8b54-0490806f4b52 ] Request (ListServerFiltersTestJSON:tearDownClass): 200 GET http://10.180.1.21/compute/v2.1/servers/cf86a1a0-715d-4b14-9151-4249ab7c53d7 0.063s
2024-12-12 10:13:19.965 66490 INFO tempest.lib.common.rest_client [req-4d7e11c3-72dd-40b3-a0c9-9664ed2b97d7 req-4d7e11c3-72dd-40b3-a0c9-9664ed2b97d7 ] Request (ServersTestManualDisk:setUpClass): 200 GET http://10.180.1.21/compute/v2.1/servers/9589743c-942e-4b50-81ab-dbf90046df3f 0.051s
2024-12-12 10:13:20.158 66528 INFO tempest.lib.common.rest_client [req-2fa96145-a2b4-4b02-89f0-68faf646dc21 req-2fa96145-a2b4-4b02-89f0-68faf646dc21 ] Request (ServersWithSpecificFlavorTestJSON:test_verify_created_server_ephemeral_disk): 200 GET http://10.180.1.21/compute/v2.1/servers/ec578d53-b1f7-41e3-9d97-c3a52d078893 0.061s
2024-12-12 10:13:20.171 66508 INFO tempest.lib.common.rest_client [req-8827ef9e-6443-4ae7-b515-36d5f0642929 req-8827ef9e-6443-4ae7-b515-36d5f0642929 ] Request (ServerPasswordTestJSON:setUpClass): 200 GET http://10.180.1.21/compute/v2.1/servers/54cedec2-7cd1-41cb-a787-ad21ae57fef6 0.134s
2024-12-12 10:13:20.233 66494 INFO tempest.lib.common.rest_client [req-7a0e98c5-5557-41da-a909-e031473b89a1 req-7a0e98c5-5557-41da-a909-e031473b89a1 ] Request (ServersAdminTestJSON:test_inject_network_info): 200 GET http://10.180.1.21/compute/v2.1/servers/168e702c-1484-4812-b107-eaab2a116b66 0.079s
2024-12-12 10:13:20.239 66524 INFO tempest.lib.common.rest_client [req-82b53759-9ef1-4796-a37b-852258a77333 req-82b53759-9ef1-4796-a37b-852258a77333 ] Request (SecurityGroupsTestJSON:test_server_security_groups): 200 GET http://10.180.1.21/compute/v2.1/servers/c28dc1c5-6a41-4e47-829d-6cb1160bf83f 0.126s
2024-12-12 10:13:20.289 66496 INFO tempest.lib.common.rest_client [req-f74f8b4d-d217-4e6a-9db1-f031c03b71ba req-f74f8b4d-d217-4e6a-9db1-f031c03b71ba ] Request (ListImageFiltersTestJSON:setUpClass): 200 GET http://10.180.1.21/compute/v2.1/servers/ad39b04a-0f77-42be-a28d-0b4c3b10a377 0.100s
2024-12-12 10:13:20.302 66504 INFO tempest.lib.common.rest_client [req-2c7cbe8a-b459-453e-9625-d4e62695bbec req-2c7cbe8a-b459-453e-9625-d4e62695bbec ] Request (MigrationsAdminTest:test_resize_server_revert_deleted_flavor): 200 GET http://10.180.1.21/compute/v2.1/servers/83b841b7-ac47-45c4-bcea-4020242cf996 0.090s
2024-12-12 10:13:20.351 66510 INFO tempest.lib.common.rest_client [req-db66bb87-aafa-457c-a7a5-00b32c99bec7 req-db66bb87-aafa-457c-a7a5-00b32c99bec7 ] Request (ServerExternalEventsTest:tearDownClass): 200 GET http://10.180.1.21/compute/v2.1/servers/9f6e75aa-8611-42ea-a82b-cf288f8a4324 0.079s
2024-12-12 10:13:20.359 66488 INFO tempest.lib.common.rest_client [req-7a277eb3-3175-4fa0-a9a6-5a8b879d7e93 req-7a277eb3-3175-4fa0-a9a6-5a8b879d7e93 ] Request (ServersTestMultiNic:_run_cleanups): 200 GET http://10.180.1.21/compute/v2.1/servers/e9c5487e-4527-4ec5-9008-4e2c98a04249 0.079s
2024-12-12 10:13:20.438 66538 INFO tempest.lib.common.rest_client [req-d91b1454-b166-4c1c-b287-12c9502ebf3e req-d91b1454-b166-4c1c-b287-12c9502ebf3e ] Request (AttachInterfacesUnderV243Test:test_add_remove_fixed_ip): 200 GET http://10.180.1.21/compute/v2.1/servers/bed28386-52af-4870-a74d-67f7dd6215c7 0.066s
2024-12-12 10:13:20.564 66522 INFO tempest.lib.common.rest_client [req-7dcfc931-9632-4a1f-aa71-ab465f672247 req-7dcfc931-9632-4a1f-aa71-ab465f672247 ] Request (ServerActionsTestOtherB:test_resize_server_confirm_from_stopped): 200 GET http://10.180.1.21/compute/v2.1/servers/63cf4d09-5f4f-4327-9dda-5542e41948e7 0.167s
2024-12-12 10:13:20.582 66550 INFO tempest.lib.common.rest_client [req-3efa864f-8e79-45bf-814d-9fbe23312eb8 req-3efa864f-8e79-45bf-814d-9fbe23312eb8 ] Request (DeleteServersAdminTestJSON:test_admin_delete_servers_of_others): 404 GET http://10.180.1.21/compute/v2.1/servers/3a2513c7-8afd-4eb5-a510-7bd73ae4aa69 0.021s
2024-12-12 10:13:20.627 66519 INFO tempest.lib.common.rest_client [req-70517a47-d88f-4f42-ab03-a003fa5aba38 req-70517a47-d88f-4f42-ab03-a003fa5aba38 ] Request (ImagesTestJSON:test_create_image_from_suspended_server): 200 GET http://10.180.1.21/compute/v2.1/images/f91d9622-7b4f-4032-9745-7042a6b61e09 0.037s
2024-12-12 10:13:20.651 66550 INFO tempest.lib.common.rest_client [req-6098c791-55c6-4e20-9e01-6b972fd402a2 req-6098c791-55c6-4e20-9e01-6b972fd402a2 ] Request (DeleteServersAdminTestJSON:test_delete_server_while_in_error_state): 201 POST http://10.180.1.21/identity/v3/auth/tokens 0.064s
2024-12-12 10:13:20.651 66550 INFO tempest.lib.common.fixed_network [-] (DeleteServersAdminTestJSON:test_delete_server_while_in_error_state) Found network None available for tenant
2024-12-12 10:13:20.702 66492 INFO tempest.lib.common.rest_client [req-ed642557-da5e-4a11-b95b-d32c1ad03e79 req-ed642557-da5e-4a11-b95b-d32c1ad03e79 ] Request (ServerGroupTestJSON:test_create_server_with_scheduler_hint_group): 200 GET http://10.180.1.21/compute/v2.1/servers/c5ab3ed9-f37d-48f9-9695-5848935b2293 0.053s
2024-12-12 10:13:20.843 66550 INFO tempest.lib.common.rest_client [req-227e1000-676e-4d50-abc5-abd827ffbf68 req-227e1000-676e-4d50-abc5-abd827ffbf68 ] Request (DeleteServersAdminTestJSON:test_delete_server_while_in_error_state): 202 POST http://10.180.1.21/compute/v2.1/servers 0.191s
2024-12-12 10:13:20.890 66550 INFO tempest.lib.common.rest_client [req-77813b78-deab-4aa6-a250-8825afd53f95 req-77813b78-deab-4aa6-a250-8825afd53f95 ] Request (DeleteServersAdminTestJSON:test_delete_server_while_in_error_state): 200 GET http://10.180.1.21/compute/v2.1/servers/84963b46-9f11-4e75-8242-6ea5bb918499 0.045s
2024-12-12 10:13:20.894 66532 INFO tempest.lib.common.rest_client [req-368978a0-289b-41ae-b9b3-96431acf4741 req-368978a0-289b-41ae-b9b3-96431acf4741 ] Request (ImagesOneServerNegativeTestJSON:_run_cleanups): 200 GET http://10.180.1.21/compute/v2.1/servers/84e5cf9f-7de1-4edf-8097-3b89533f86a8 0.115s
2024-12-12 10:13:20.959 66500 INFO tempest.lib.common.rest_client [req-7f1d2943-f5f1-4754-b451-507791b90c07 req-7f1d2943-f5f1-4754-b451-507791b90c07 ] Request (ListServersNegativeTestJSON:setUpClass): 200 GET http://10.180.1.21/compute/v2.1/servers/7af4d732-4d7c-4eeb-95d0-84b4544dd752 0.104s
2024-12-12 10:13:20.966 66500 INFO tempest.common.waiters [-] State transition "ACTIVE/deleting" ==> "DELETED/None" after 3 second wait
2024-12-12 10:13:21.026 66512 INFO tempest.lib.common.rest_client [req-31876ace-5e98-4a09-950b-4c48b676425c req-31876ace-5e98-4a09-950b-4c48b676425c ] Request (ListServerFiltersTestJSON:tearDownClass): 200 GET http://10.180.1.21/compute/v2.1/servers/cf86a1a0-715d-4b14-9151-4249ab7c53d7 0.097s
2024-12-12 10:13:21.027 66516 INFO tempest.lib.common.rest_client [req-1fdf7943-6725-4500-8414-b8b600e4e50a req-1fdf7943-6725-4500-8414-b8b600e4e50a ] Request (ServerActionsTestOtherA:test_rebuild_server_in_stop_state): 200 GET http://10.180.1.21/compute/v2.1/servers/9b5b87f5-9a55-4d35-a51b-50d6603f9674 0.118s
2024-12-12 10:13:21.071 66490 INFO tempest.lib.common.rest_client [req-99182e07-90df-4330-8fa6-dacce96dc9f3 req-99182e07-90df-4330-8fa6-dacce96dc9f3 ] Request (ServersTestManualDisk:setUpClass): 200 GET http://10.180.1.21/compute/v2.1/servers/9589743c-942e-4b50-81ab-dbf90046df3f 0.099s
2024-12-12 10:13:21.217 66528 INFO tempest.lib.common.rest_client [req-b88bf7aa-5d7d-4f49-a474-329d302f126a req-b88bf7aa-5d7d-4f49-a474-329d302f126a ] Request (ServersWithSpecificFlavorTestJSON:test_verify_created_server_ephemeral_disk): 200 GET http://10.180.1.21/compute/v2.1/servers/ec578d53-b1f7-41e3-9d97-c3a52d078893 0.051s
2024-12-12 10:13:21.274 66508 INFO tempest.lib.common.rest_client [req-43e6cb29-ecbf-4519-81d7-341ddde2476b req-43e6cb29-ecbf-4519-81d7-341ddde2476b ] Request (ServerPasswordTestJSON:setUpClass): 200 GET http://10.180.1.21/compute/v2.1/servers/54cedec2-7cd1-41cb-a787-ad21ae57fef6 0.095s
2024-12-12 10:13:21.292 66494 INFO tempest.lib.common.rest_client [req-78bd00d1-567e-4908-b389-cbd7746050c6 req-78bd00d1-567e-4908-b389-cbd7746050c6 ] Request (ServersAdminTestJSON:test_inject_network_info): 200 GET http://10.180.1.21/compute/v2.1/servers/168e702c-1484-4812-b107-eaab2a116b66 0.050s
2024-12-12 10:13:21.333 66524 INFO tempest.lib.common.rest_client [req-f0584ed0-1c16-40a0-8f17-9170fa65fb1f req-f0584ed0-1c16-40a0-8f17-9170fa65fb1f ] Request (SecurityGroupsTestJSON:test_server_security_groups): 200 GET http://10.180.1.21/compute/v2.1/servers/c28dc1c5-6a41-4e47-829d-6cb1160bf83f 0.083s
2024-12-12 10:13:21.360 66496 INFO tempest.lib.common.rest_client [req-f97162fb-9b89-495e-8e78-230a25510ed2 req-f97162fb-9b89-495e-8e78-230a25510ed2 ] Request (ListImageFiltersTestJSON:setUpClass): 200 GET http://10.180.1.21/compute/v2.1/servers/ad39b04a-0f77-42be-a28d-0b4c3b10a377 0.062s
2024-12-12 10:13:21.388 66504 INFO tempest.lib.common.rest_client [req-d10e33bb-a7c7-44f0-a4d6-ca18b3b2f906 req-d10e33bb-a7c7-44f0-a4d6-ca18b3b2f906 ] Request (MigrationsAdminTest:test_resize_server_revert_deleted_flavor): 200 GET http://10.180.1.21/compute/v2.1/servers/83b841b7-ac47-45c4-bcea-4020242cf996 0.078s
2024-12-12 10:13:21.429 66510 INFO tempest.lib.common.rest_client [req-e3d4a02d-2c07-4ccc-9ac8-545407d35a38 req-e3d4a02d-2c07-4ccc-9ac8-545407d35a38 ] Request (ServerExternalEventsTest:tearDownClass): 200 GET http://10.180.1.21/compute/v2.1/servers/9f6e75aa-8611-42ea-a82b-cf288f8a4324 0.071s
2024-12-12 10:13:21.450 66488 INFO tempest.lib.common.rest_client [req-8ff9fdab-ee9f-4b18-9634-15700ef272c6 req-8ff9fdab-ee9f-4b18-9634-15700ef272c6 ] Request (ServersTestMultiNic:_run_cleanups): 200 GET http://10.180.1.21/compute/v2.1/servers/e9c5487e-4527-4ec5-9008-4e2c98a04249 0.081s
2024-12-12 10:13:21.509 66538 INFO tempest.lib.common.rest_client [req-1e9e85b4-5461-476a-8083-1697717bed5f req-1e9e85b4-5461-476a-8083-1697717bed5f ] Request (AttachInterfacesUnderV243Test:test_add_remove_fixed_ip): 200 GET http://10.180.1.21/compute/v2.1/servers/bed28386-52af-4870-a74d-67f7dd6215c7 0.063s
2024-12-12 10:13:21.673 66519 INFO tempest.lib.common.rest_client [req-e2110351-f25a-4c08-ba74-596c5ac6e0fd req-e2110351-f25a-4c08-ba74-596c5ac6e0fd ] Request (ImagesTestJSON:test_create_image_from_suspended_server): 200 GET http://10.180.1.21/compute/v2.1/images/f91d9622-7b4f-4032-9745-7042a6b61e09 0.042s
2024-12-12 10:13:21.680 66522 INFO tempest.lib.common.rest_client [req-0d805f37-a4c2-4f78-a127-ff3ff00a7677 req-0d805f37-a4c2-4f78-a127-ff3ff00a7677 ] Request (ServerActionsTestOtherB:test_resize_server_confirm_from_stopped): 200 GET http://10.180.1.21/compute/v2.1/servers/63cf4d09-5f4f-4327-9dda-5542e41948e7 0.109s
2024-12-12 10:13:21.756 66492 INFO tempest.lib.common.rest_client [req-7fefd198-b478-4c72-b887-d95846165f8c req-7fefd198-b478-4c72-b887-d95846165f8c ] Request (ServerGroupTestJSON:test_create_server_with_scheduler_hint_group): 200 GET http://10.180.1.21/compute/v2.1/servers/c5ab3ed9-f37d-48f9-9695-5848935b2293 0.048s
2024-12-12 10:13:21.992 66550 INFO tempest.lib.common.rest_client [req-68a2fa5d-06b2-456b-8591-6443aaba4f5d req-68a2fa5d-06b2-456b-8591-6443aaba4f5d ] Request (DeleteServersAdminTestJSON:test_delete_server_while_in_error_state): 200 GET http://10.180.1.21/compute/v2.1/servers/84963b46-9f11-4e75-8242-6ea5bb918499 0.093s
2024-12-12 10:13:22.060 66500 INFO tempest.lib.common.rest_client [req-d9702af2-a66d-484e-90bd-a2565d52e056 req-d9702af2-a66d-484e-90bd-a2565d52e056 ] Request (ListServersNegativeTestJSON:setUpClass): 200 GET http://10.180.1.21/compute/v2.1/servers/7af4d732-4d7c-4eeb-95d0-84b4544dd752 0.093s
2024-12-12 10:13:22.092 66532 INFO tempest.lib.common.rest_client [req-16bcaf47-9ee3-4f63-82fb-66162db507cd req-16bcaf47-9ee3-4f63-82fb-66162db507cd ] Request (ImagesOneServerNegativeTestJSON:_run_cleanups): 200 GET http://10.180.1.21/compute/v2.1/servers/84e5cf9f-7de1-4edf-8097-3b89533f86a8 0.191s
2024-12-12 10:13:22.129 66512 INFO tempest.lib.common.rest_client [req-3b866e38-2a37-466f-8667-404c9a676f51 req-3b866e38-2a37-466f-8667-404c9a676f51 ] Request (ListServerFiltersTestJSON:tearDownClass): 200 GET http://10.180.1.21/compute/v2.1/servers/cf86a1a0-715d-4b14-9151-4249ab7c53d7 0.095s
2024-12-12 10:13:22.210 66490 INFO tempest.lib.common.rest_client [req-941741b5-d75e-4ccd-b43a-e7dcefbc53b3 req-941741b5-d75e-4ccd-b43a-e7dcefbc53b3 ] Request (ServersTestManualDisk:setUpClass): 200 GET http://10.180.1.21/compute/v2.1/servers/9589743c-942e-4b50-81ab-dbf90046df3f 0.131s
2024-12-12 10:13:22.232 66516 INFO tempest.lib.common.rest_client [req-830f1a5f-db77-4ca3-83ee-76039c17f267 req-830f1a5f-db77-4ca3-83ee-76039c17f267 ] Request (ServerActionsTestOtherA:test_rebuild_server_in_stop_state): 200 GET http://10.180.1.21/compute/v2.1/servers/9b5b87f5-9a55-4d35-a51b-50d6603f9674 0.198s
2024-12-12 10:13:22.273 66528 INFO tempest.lib.common.rest_client [req-841dc18c-c17f-4d96-b6aa-14aa361610d6 req-841dc18c-c17f-4d96-b6aa-14aa361610d6 ] Request (ServersWithSpecificFlavorTestJSON:test_verify_created_server_ephemeral_disk): 200 GET http://10.180.1.21/compute/v2.1/servers/ec578d53-b1f7-41e3-9d97-c3a52d078893 0.049s
2024-12-12 10:13:22.359 66494 INFO tempest.lib.common.rest_client [req-3a3abf80-d753-4636-bca0-80f3be19418e req-3a3abf80-d753-4636-bca0-80f3be19418e ] Request (ServersAdminTestJSON:test_inject_network_info): 200 GET http://10.180.1.21/compute/v2.1/servers/168e702c-1484-4812-b107-eaab2a116b66 0.059s
2024-12-12 10:13:22.399 66508 INFO tempest.lib.common.rest_client [req-a06b58f3-dace-4a48-97bb-a13a607b8501 req-a06b58f3-dace-4a48-97bb-a13a607b8501 ] Request (ServerPasswordTestJSON:setUpClass): 200 GET http://10.180.1.21/compute/v2.1/servers/54cedec2-7cd1-41cb-a787-ad21ae57fef6 0.118s
2024-12-12 10:13:22.405 66508 INFO tempest.common.waiters [-] State transition "BUILD/spawning" ==> "ACTIVE/None" after 78 second wait
2024-12-12 10:13:22.429 66524 INFO tempest.lib.common.rest_client [req-bd24bdde-5ddf-4c1f-942b-db55b3966ea1 req-bd24bdde-5ddf-4c1f-942b-db55b3966ea1 ] Request (SecurityGroupsTestJSON:test_server_security_groups): 200 GET http://10.180.1.21/compute/v2.1/servers/c28dc1c5-6a41-4e47-829d-6cb1160bf83f 0.089s
2024-12-12 10:13:22.449 66496 INFO tempest.lib.common.rest_client [req-f8956ee1-7357-4b38-8842-721324229f84 req-f8956ee1-7357-4b38-8842-721324229f84 ] Request (ListImageFiltersTestJSON:setUpClass): 200 GET http://10.180.1.21/compute/v2.1/servers/ad39b04a-0f77-42be-a28d-0b4c3b10a377 0.082s
2024-12-12 10:13:22.478 66504 INFO tempest.lib.common.rest_client [req-a8eba904-2d48-4c78-a2b6-c12651182a1d req-a8eba904-2d48-4c78-a2b6-c12651182a1d ] Request (MigrationsAdminTest:test_resize_server_revert_deleted_flavor): 200 GET http://10.180.1.21/compute/v2.1/servers/83b841b7-ac47-45c4-bcea-4020242cf996 0.081s
2024-12-12 10:13:22.496 66508 INFO tempest.lib.common.rest_client [req-7928e2b5-26ce-43ed-9c1c-164b1b8e9217 req-7928e2b5-26ce-43ed-9c1c-164b1b8e9217 ] Request (ServerPasswordTestJSON:test_delete_server_password): 204 DELETE http://10.180.1.21/compute/v2.1/servers/54cedec2-7cd1-41cb-a787-ad21ae57fef6/os-server-password 0.089s
2024-12-12 10:13:22.516 66488 INFO tempest.lib.common.rest_client [req-6f61fcf4-6d2b-4681-b382-0dc31504a7df req-6f61fcf4-6d2b-4681-b382-0dc31504a7df ] Request (ServersTestMultiNic:_run_cleanups): 404 GET http://10.180.1.21/compute/v2.1/servers/e9c5487e-4527-4ec5-9008-4e2c98a04249 0.057s
2024-12-12 10:13:22.537 66510 INFO tempest.lib.common.rest_client [req-a3f445a6-a053-479b-b1d0-29134a990307 req-a3f445a6-a053-479b-b1d0-29134a990307 ] Request (ServerExternalEventsTest:tearDownClass): 200 GET http://10.180.1.21/compute/v2.1/servers/9f6e75aa-8611-42ea-a82b-cf288f8a4324 0.100s
2024-12-12 10:13:22.547 66508 INFO tempest.lib.common.rest_client [req-dee19244-1d32-48a2-a55a-c8dfbeba56fa req-dee19244-1d32-48a2-a55a-c8dfbeba56fa ] Request (ServerPasswordTestJSON:test_get_server_password): 200 GET http://10.180.1.21/compute/v2.1/servers/54cedec2-7cd1-41cb-a787-ad21ae57fef6/os-server-password 0.050s
2024-12-12 10:13:22.588 66538 INFO tempest.lib.common.rest_client [req-9f256e4a-ec92-4110-a55a-f9776742055d req-9f256e4a-ec92-4110-a55a-f9776742055d ] Request (AttachInterfacesUnderV243Test:test_add_remove_fixed_ip): 200 GET http://10.180.1.21/compute/v2.1/servers/bed28386-52af-4870-a74d-67f7dd6215c7 0.072s
2024-12-12 10:13:22.632 66508 INFO tempest.lib.common.rest_client [req-2560a18a-f50a-40a3-99b4-68553c4c2936 req-2560a18a-f50a-40a3-99b4-68553c4c2936 ] Request (ServerPasswordTestJSON:tearDownClass): 204 DELETE http://10.180.1.21/compute/v2.1/servers/54cedec2-7cd1-41cb-a787-ad21ae57fef6 0.083s
2024-12-12 10:13:22.649 66488 INFO tempest.lib.common.rest_client [req-7f599d39-0eb3-4ebb-b375-ba5411c0f36a req-7f599d39-0eb3-4ebb-b375-ba5411c0f36a ] Request (ServersTestMultiNic:_run_cleanups): 204 DELETE http://10.180.1.21:9696/networking/v2.0/subnets/fa2c2574-32b9-4c5f-9d21-bd9ac008141a 0.131s
2024-12-12 10:13:22.716 66519 INFO tempest.lib.common.rest_client [req-c53bf42f-9296-4449-b7b7-197c001222e3 req-c53bf42f-9296-4449-b7b7-197c001222e3 ] Request (ImagesTestJSON:test_create_image_from_suspended_server): 200 GET http://10.180.1.21/compute/v2.1/images/f91d9622-7b4f-4032-9745-7042a6b61e09 0.039s
2024-12-12 10:13:22.757 66506 WARNING tempest.lib.common.ssh [-] Failed to establish authenticated ssh connection to cirros@10.180.180.196 ([Errno None] Unable to connect to port 22 on 10.180.180.196). Number attempts: 11. Retry after 12 seconds.: paramiko.ssh_exception.NoValidConnectionsError: [Errno None] Unable to connect to port 22 on 10.180.180.196
