2024-12-12 10:12:52.845 66498 INFO tempest.lib.common.dynamic_creds [-] Created isolated network resources for: credentials: Credentials: {'domain_id': 'default', 'domain_name': 'Default', 'username': 'tempest-VolumesSnapshotsTestJSON-1639787804-project-member', 'project_domain_id': 'default', 'project_domain_name': 'Default', 'project_id': '514f383df8f341d6833e68696d5b5ee3', 'project_name': 'tempest-VolumesSnapshotsTestJSON-1639787804', 'tenant_id': '514f383df8f341d6833e68696d5b5ee3', 'tenant_name': 'tempest-VolumesSnapshotsTestJSON-1639787804', 'user_domain_id': 'default', 'user_domain_name': 'Default', 'user_id': 'e92e4d30989849d5a5cb8606e1fb89f6', 'system': None}, Network: None, Subnet: None, Router: None
2024-12-12 10:12:52.870 66530 WARNING tempest.lib.common.ssh [-] Failed to establish authenticated ssh connection to cirros@10.180.180.246 ([Errno None] Unable to connect to port 22 on 10.180.180.246). Number attempts: 2. Retry after 3 seconds.: paramiko.ssh_exception.NoValidConnectionsError: [Errno None] Unable to connect to port 22 on 10.180.180.246
2024-12-12 10:12:52.888 66504 INFO tempest.lib.common.rest_client [req-bc33b004-5e1a-4391-8a6f-f79d0cd0dde2 req-bc33b004-5e1a-4391-8a6f-f79d0cd0dde2 ] Request (MigrationsAdminTest:test_list_migrations_in_flavor_resize_situation): 200 GET http://10.180.1.21/compute/v2.1/servers/bcde5138-2515-4fa1-9bfe-f737c8e51a62 0.601s
2024-12-12 10:12:52.932 66544 WARNING tempest.lib.common.ssh [-] Failed to establish authenticated ssh connection to cirros@10.180.180.142 ([Errno None] Unable to connect to port 22 on 10.180.180.142). Number attempts: 11. Retry after 12 seconds.: paramiko.ssh_exception.NoValidConnectionsError: [Errno None] Unable to connect to port 22 on 10.180.180.142
2024-12-12 10:12:52.940 66498 INFO tempest.lib.common.rest_client [req-c9bc740a-a22c-457b-8742-c0846302edca req-c9bc740a-a22c-457b-8742-c0846302edca ] Request (VolumesSnapshotsTestJSON:setUpClass): 201 POST http://10.180.1.21/identity/v3/auth/tokens 0.090s
2024-12-12 10:12:53.019 66510 INFO tempest.lib.common.rest_client [req-a69f571e-cded-4995-92bf-76657b5a373d req-a69f571e-cded-4995-92bf-76657b5a373d ] Request (ServerExternalEventsTest:test_create_server_external_events): 200 GET http://10.180.1.21/compute/v2.1/servers/9f6e75aa-8611-42ea-a82b-cf288f8a4324 0.568s
2024-12-12 10:12:53.065 66520 INFO tempest.lib.common.rest_client [req-a299f770-76bf-4ee1-8757-cbe528b51fb9 req-a299f770-76bf-4ee1-8757-cbe528b51fb9 ] Request (ServersAdminNegativeTestJSON:tearDownClass): 204 DELETE http://10.180.1.21:9696/networking/v2.0/security-groups/b422d594-bf58-4eca-bdb9-72a3b9f3e88c 0.446s
2024-12-12 10:12:53.091 66550 INFO tempest.lib.common.rest_client [req-98135192-a12e-4939-98ae-46ec3f134bc6 req-98135192-a12e-4939-98ae-46ec3f134bc6 ] Request (DeleteServersAdminTestJSON:test_admin_delete_servers_of_others): 200 GET http://10.180.1.21/compute/v2.1/servers/3a2513c7-8afd-4eb5-a510-7bd73ae4aa69 0.508s
2024-12-12 10:12:53.097 66508 INFO tempest.lib.common.rest_client [req-f7a322f8-d371-4711-a765-28e15a9c0127 req-f7a322f8-d371-4711-a765-28e15a9c0127 ] Request (ServerPasswordTestJSON:setUpClass): 200 GET http://10.180.1.21/compute/v2.1/servers/54cedec2-7cd1-41cb-a787-ad21ae57fef6 0.485s
2024-12-12 10:12:53.163 66516 INFO tempest.lib.common.rest_client [req-b23112a6-8adb-4e26-976f-b84bdc560a9a req-b23112a6-8adb-4e26-976f-b84bdc560a9a ] Request (ServerActionsTestOtherA:test_rebuild_server_in_stop_state): 200 GET http://10.180.1.21/compute/v2.1/servers/9b5b87f5-9a55-4d35-a51b-50d6603f9674 0.486s
2024-12-12 10:12:53.170 66516 INFO tempest.common.waiters [-] State transition "BUILD/scheduling" ==> "BUILD/None" after 49 second wait
2024-12-12 10:12:53.171 66512 INFO tempest.lib.common.rest_client [req-1c19be2e-23fd-45af-a6e6-d41640a8ce41 req-1c19be2e-23fd-45af-a6e6-d41640a8ce41 ] Request (ListServerFiltersTestJSON:tearDownClass): 200 GET http://10.180.1.21/compute/v2.1/servers/3f36f848-4559-4a9c-a1ad-1fb6418172cd 0.509s
2024-12-12 10:12:53.187 66520 INFO tempest.lib.common.rest_client [req-f0fbb104-9a14-48d1-8bce-14c75c34f73e req-f0fbb104-9a14-48d1-8bce-14c75c34f73e ] Request (ServersAdminNegativeTestJSON:tearDownClass): 204 DELETE http://10.180.1.21/identity/v3/projects/bb0c007c07a34ac2b9ff165bddf58d25 0.121s
2024-12-12 10:12:53.188 66520 INFO tempest.test [-] raised in TestVolumeSwap.setUpClass. Invoking tearDownClass.
2024-12-12 10:12:53.228 66500 INFO tempest.lib.common.rest_client [req-c4976adb-59f4-49d5-abeb-5bfffde84f02 req-c4976adb-59f4-49d5-abeb-5bfffde84f02 ] Request (ListServersNegativeTestJSON:setUpClass): 200 GET http://10.180.1.21/compute/v2.1/servers/7af4d732-4d7c-4eeb-95d0-84b4544dd752 0.486s
2024-12-12 10:12:53.311 66520 INFO tempest.lib.common.rest_client [req-7f0bbf18-8b6d-46cf-9009-4b0de947e649 req-7f0bbf18-8b6d-46cf-9009-4b0de947e649 ] Request (MultipleCreateNegativeTestJSON:setUpClass): 201 POST http://10.180.1.21/identity/v3/auth/tokens 0.118s
2024-12-12 10:12:53.343 66494 INFO tempest.lib.common.rest_client [req-d5fb9a2e-92a7-4b5e-9bda-2b00d031b3f4 req-d5fb9a2e-92a7-4b5e-9bda-2b00d031b3f4 ] Request (ServersAdminTestJSON:test_create_server_with_scheduling_hint): 200 GET http://10.180.1.21/compute/v2.1/servers/fe9fc951-7e94-4859-94a6-ed84defd14a4 0.233s
2024-12-12 10:12:53.345 66520 INFO tempest.lib.common.rest_client [req-f4b2b8dc-67fe-4334-b9f2-d88178c42697 req-f4b2b8dc-67fe-4334-b9f2-d88178c42697 ] Request (MultipleCreateNegativeTestJSON:setUpClass): 201 POST http://10.180.1.21/identity/v3/auth/tokens 0.030s
2024-12-12 10:12:53.375 66520 INFO tempest.lib.common.rest_client [req-549cd438-4d0d-4cd5-b8bc-7ac129d85b62 req-549cd438-4d0d-4cd5-b8bc-7ac129d85b62 ] Request (MultipleCreateNegativeTestJSON:setUpClass): 200 GET http://10.180.1.21/identity/v3/domains?name=Default 0.030s
2024-12-12 10:12:53.380 66528 WARNING tempest.lib.common.ssh [-] Failed to establish authenticated ssh connection to cirros@10.180.180.133 ([Errno None] Unable to connect to port 22 on 10.180.180.133). Number attempts: 10. Retry after 11 seconds.: paramiko.ssh_exception.NoValidConnectionsError: [Errno None] Unable to connect to port 22 on 10.180.180.133
2024-12-12 10:12:53.407 66532 INFO tempest.lib.common.rest_client [req-204b8667-6c32-4df9-8156-bb530425aed2 req-204b8667-6c32-4df9-8156-bb530425aed2 ] Request (ImagesOneServerNegativeTestJSON:_run_cleanups): 200 GET http://10.180.1.21/compute/v2.1/servers/84e5cf9f-7de1-4edf-8097-3b89533f86a8 0.234s
2024-12-12 10:12:53.414 66520 INFO tempest.lib.common.rest_client [req-258b21bc-b796-4af0-b08f-44b969284357 req-258b21bc-b796-4af0-b08f-44b969284357 ] Request (MultipleCreateNegativeTestJSON:setUpClass): 201 POST http://10.180.1.21/identity/v3/projects 0.038s
2024-12-12 10:12:53.458 66490 INFO tempest.lib.common.rest_client [req-49946047-cfe5-41d4-8ac1-d8dfdf3ee635 req-49946047-cfe5-41d4-8ac1-d8dfdf3ee635 ] Request (ServersTestManualDisk:setUpClass): 200 GET http://10.180.1.21/compute/v2.1/servers/9589743c-942e-4b50-81ab-dbf90046df3f 0.229s
2024-12-12 10:12:53.468 66520 INFO tempest.lib.common.rest_client [req-19e449b1-5cda-4113-96ae-f28cc61e049f req-19e449b1-5cda-4113-96ae-f28cc61e049f ] Request (MultipleCreateNegativeTestJSON:setUpClass): 201 POST http://10.180.1.21/identity/v3/users 0.053s
2024-12-12 10:12:53.485 66520 INFO tempest.lib.common.rest_client [req-1cc64989-def5-4772-a591-8eda14ade3db req-1cc64989-def5-4772-a591-8eda14ade3db ] Request (MultipleCreateNegativeTestJSON:setUpClass): 200 GET http://10.180.1.21/identity/v3/roles 0.017s
2024-12-12 10:12:53.502 66498 INFO tempest.lib.common.rest_client [req-6d1636d3-efb1-485c-9432-62da7e1d4ab9 req-6d1636d3-efb1-485c-9432-62da7e1d4ab9 ] Request (VolumesSnapshotsTestJSON:test_volume_snapshot_create_get_list_delete): 200 POST http://10.180.1.21/compute/v2.1/os-volumes 0.560s
2024-12-12 10:12:53.508 66502 WARNING tempest.lib.common.ssh [-] Failed to establish authenticated ssh connection to cirros@10.180.180.172 ([Errno None] Unable to connect to port 22 on 10.180.180.172). Number attempts: 7. Retry after 8 seconds.: paramiko.ssh_exception.NoValidConnectionsError: [Errno None] Unable to connect to port 22 on 10.180.180.172
2024-12-12 10:12:53.520 66520 INFO tempest.lib.common.rest_client [req-6b83ff92-8749-4cfb-b58c-ea73064e3e67 req-6b83ff92-8749-4cfb-b58c-ea73064e3e67 ] Request (MultipleCreateNegativeTestJSON:setUpClass): 204 PUT http://10.180.1.21/identity/v3/projects/1cec572ca0254ae789c206eb2b7f6d96/users/d3bbc23342344d3b955d5df33822c049/roles/49d325ffd9c943d596ba1d489f3824b2 0.033s
2024-12-12 10:12:53.520 66520 INFO tempest.lib.common.dynamic_creds [-] Dynamic test user d3bbc23342344d3b955d5df33822c049 is created with scope project and roles: ['member']
2024-12-12 10:12:53.520 66520 INFO tempest.lib.common.dynamic_creds [-] Acquired dynamic creds: credentials: Credentials: {'domain_id': 'default', 'domain_name': 'Default', 'username': 'tempest-MultipleCreateNegativeTestJSON-437898175-project-member', 'project_domain_id': 'default', 'project_domain_name': 'Default', 'project_id': '1cec572ca0254ae789c206eb2b7f6d96', 'project_name': 'tempest-MultipleCreateNegativeTestJSON-437898175', 'tenant_id': '1cec572ca0254ae789c206eb2b7f6d96', 'tenant_name': 'tempest-MultipleCreateNegativeTestJSON-437898175', 'user_domain_id': 'default', 'user_domain_name': 'Default', 'user_id': 'd3bbc23342344d3b955d5df33822c049', 'system': None}, Network: None, Subnet: None, Router: None
2024-12-12 10:12:53.520 66520 INFO tempest.lib.common.dynamic_creds [-] Created isolated network resources for: credentials: Credentials: {'domain_id': 'default', 'domain_name': 'Default', 'username': 'tempest-MultipleCreateNegativeTestJSON-437898175-project-member', 'project_domain_id': 'default', 'project_domain_name': 'Default', 'project_id': '1cec572ca0254ae789c206eb2b7f6d96', 'project_name': 'tempest-MultipleCreateNegativeTestJSON-437898175', 'tenant_id': '1cec572ca0254ae789c206eb2b7f6d96', 'tenant_name': 'tempest-MultipleCreateNegativeTestJSON-437898175', 'user_domain_id': 'default', 'user_domain_name': 'Default', 'user_id': 'd3bbc23342344d3b955d5df33822c049', 'system': None}, Network: None, Subnet: None, Router: None
2024-12-12 10:12:53.583 66524 INFO tempest.lib.common.rest_client [req-d8ca54d3-2eb3-4cb8-93bf-c36f405de1a8 req-d8ca54d3-2eb3-4cb8-93bf-c36f405de1a8 ] Request (SecurityGroupsTestJSON:test_server_security_groups): 200 GET http://10.180.1.21/compute/v2.1/servers/c28dc1c5-6a41-4e47-829d-6cb1160bf83f 0.345s
2024-12-12 10:12:53.598 66519 INFO tempest.lib.common.rest_client [req-fd39724c-30e6-4501-8422-2079de5761ed req-fd39724c-30e6-4501-8422-2079de5761ed ] Request (ImagesTestJSON:test_create_image_from_suspended_server): 200 GET http://10.180.1.21/compute/v2.1/servers/a2308b1a-6617-49f9-a731-e445b3c61cf7 0.292s
2024-12-12 10:12:53.599 66520 INFO tempest.lib.common.rest_client [req-3412f78e-14e4-484e-9bf8-ebdca56aa00e req-3412f78e-14e4-484e-9bf8-ebdca56aa00e ] Request (MultipleCreateNegativeTestJSON:setUpClass): 201 POST http://10.180.1.21/identity/v3/auth/tokens 0.074s
2024-12-12 10:12:53.627 66520 INFO tempest.lib.common.rest_client [req-ab117631-b1b5-414a-aaf8-e9d99af8f815 req-ab117631-b1b5-414a-aaf8-e9d99af8f815 ] Request (MultipleCreateNegativeTestJSON:test_max_count_less_than_min_count): 201 POST http://10.180.1.21/identity/v3/auth/tokens 0.023s
2024-12-12 10:12:53.628 66520 INFO tempest.lib.common.fixed_network [-] (MultipleCreateNegativeTestJSON:test_max_count_less_than_min_count) Found network None available for tenant
2024-12-12 10:12:53.632 66498 INFO tempest.lib.common.rest_client [req-2839dd8b-8dbf-4b97-9017-bfdb5c543a63 req-2839dd8b-8dbf-4b97-9017-bfdb5c543a63 ] Request (VolumesSnapshotsTestJSON:test_volume_snapshot_create_get_list_delete): 200 GET http://10.180.1.21/compute/v2.1/os-volumes/9b466461-0834-4a59-abf5-3c2444e35c53 0.127s
2024-12-12 10:12:53.634 66498 INFO tempest.common.waiters [-] volume 9b466461-0834-4a59-abf5-3c2444e35c53 reached available after waiting for 0.634520 seconds
2024-12-12 10:12:53.683 66496 INFO tempest.lib.common.rest_client [req-e7a8f6d9-9de8-4fb6-84b2-5dcdd1e83ef7 req-e7a8f6d9-9de8-4fb6-84b2-5dcdd1e83ef7 ] Request (ListImageFiltersTestJSON:setUpClass): 204 PUT http://10.180.1.21/image/v2/images/93fdeaa9-d464-493f-b283-b298b5abb7ce/file 0.684s
2024-12-12 10:12:53.713 66488 INFO tempest.lib.common.rest_client [req-574b11b8-bd0e-4c78-a26c-11718c864d29 req-574b11b8-bd0e-4c78-a26c-11718c864d29 ] Request (ServersTestMultiNic:_run_cleanups): 200 GET http://10.180.1.21/compute/v2.1/servers/e9c5487e-4527-4ec5-9008-4e2c98a04249 0.229s
2024-12-12 10:12:53.743 66522 INFO tempest.lib.common.rest_client [req-1d828922-771b-40ee-ad76-438f89742496 req-1d828922-771b-40ee-ad76-438f89742496 ] Request (ServerActionsTestOtherB:test_create_backup): 200 GET http://10.180.1.21/compute/v2.1/servers/63cf4d09-5f4f-4327-9dda-5542e41948e7 0.220s
2024-12-12 10:12:53.761 66538 INFO tempest.lib.common.rest_client [req-0e525565-53ec-436e-9894-b9bcb85908a3 req-0e525565-53ec-436e-9894-b9bcb85908a3 ] Request (AttachInterfacesUnderV243Test:test_add_remove_fixed_ip): 200 GET http://10.180.1.21/compute/v2.1/servers/bed28386-52af-4870-a74d-67f7dd6215c7 0.224s
2024-12-12 10:12:53.792 66492 INFO tempest.lib.common.rest_client [req-8a16b23c-5268-45eb-8440-22c8ff764c6a req-8a16b23c-5268-45eb-8440-22c8ff764c6a ] Request (ServerGroupTestJSON:test_create_server_with_scheduler_hint_group): 200 GET http://10.180.1.21/compute/v2.1/servers/c5ab3ed9-f37d-48f9-9695-5848935b2293 0.166s
2024-12-12 10:12:53.828 66520 INFO tempest.lib.common.rest_client [req-1d317a70-eda5-4bf3-8aba-dfba00f1c1b6 req-1d317a70-eda5-4bf3-8aba-dfba00f1c1b6 ] Request (MultipleCreateNegativeTestJSON:test_max_count_less_than_min_count): 400 POST http://10.180.1.21/compute/v2.1/servers 0.200s
2024-12-12 10:12:53.860 66496 INFO tempest.lib.common.rest_client [req-4347fb5e-d1d9-44fb-95ff-fe56f3e8df76 req-4347fb5e-d1d9-44fb-95ff-fe56f3e8df76 ] Request (ListImageFiltersTestJSON:setUpClass): 200 GET http://10.180.1.21/compute/v2.1/images/93fdeaa9-d464-493f-b283-b298b5abb7ce 0.176s
2024-12-12 10:12:53.863 66520 INFO tempest.lib.common.rest_client [req-9c3996b9-59f1-4794-83c0-e1dd0300cfdf req-9c3996b9-59f1-4794-83c0-e1dd0300cfdf ] Request (MultipleCreateNegativeTestJSON:test_max_count_less_than_one): 201 POST http://10.180.1.21/identity/v3/auth/tokens 0.027s
2024-12-12 10:12:53.863 66520 INFO tempest.lib.common.fixed_network [-] (MultipleCreateNegativeTestJSON:test_max_count_less_than_one) Found network None available for tenant
2024-12-12 10:12:53.893 66546 WARNING tempest.lib.common.ssh [-] Failed to establish authenticated ssh connection to cirros@10.180.180.170 ([Errno None] Unable to connect to port 22 on 10.180.180.170). Number attempts: 5. Retry after 6 seconds.: paramiko.ssh_exception.NoValidConnectionsError: [Errno None] Unable to connect to port 22 on 10.180.180.170
2024-12-12 10:12:53.893 66534 WARNING tempest.lib.common.ssh [-] Failed to establish authenticated ssh connection to cirros@10.180.180.188 ([Errno None] Unable to connect to port 22 on 10.180.180.188). Number attempts: 7. Retry after 8 seconds.: paramiko.ssh_exception.NoValidConnectionsError: [Errno None] Unable to connect to port 22 on 10.180.180.188
2024-12-12 10:12:53.898 66496 INFO tempest.lib.common.rest_client [req-c2028c9c-433f-4e0b-a9c9-888f86c54f11 req-c2028c9c-433f-4e0b-a9c9-888f86c54f11 ] Request (ListImageFiltersTestJSON:setUpClass): 200 GET http://10.180.1.21/compute/v2.1/images/93fdeaa9-d464-493f-b283-b298b5abb7ce 0.034s
2024-12-12 10:12:53.903 66520 INFO tempest.lib.common.rest_client [req-bde68376-3533-4bc9-87c6-33cd6f989dba req-bde68376-3533-4bc9-87c6-33cd6f989dba ] Request (MultipleCreateNegativeTestJSON:test_max_count_less_than_one): 400 POST http://10.180.1.21/compute/v2.1/servers 0.039s
2024-12-12 10:12:53.919 66498 INFO tempest.lib.common.rest_client [req-563fde0d-a6ef-4664-baff-2f3daa53a0ee req-563fde0d-a6ef-4664-baff-2f3daa53a0ee ] Request (VolumesSnapshotsTestJSON:test_volume_snapshot_create_get_list_delete): 200 POST http://10.180.1.21/compute/v2.1/os-snapshots 0.284s
2024-12-12 10:12:53.947 66520 INFO tempest.lib.common.rest_client [req-2064a89f-2f35-4590-a17e-28051d7d25af req-2064a89f-2f35-4590-a17e-28051d7d25af ] Request (MultipleCreateNegativeTestJSON:test_max_count_non_integer): 201 POST http://10.180.1.21/identity/v3/auth/tokens 0.040s
2024-12-12 10:12:53.948 66520 INFO tempest.lib.common.fixed_network [-] (MultipleCreateNegativeTestJSON:test_max_count_non_integer) Found network None available for tenant
2024-12-12 10:12:53.969 66498 INFO tempest.lib.common.rest_client [req-140f0f1d-c6d0-4e3b-88ba-f1575080a3ae req-140f0f1d-c6d0-4e3b-88ba-f1575080a3ae ] Request (VolumesSnapshotsTestJSON:test_volume_snapshot_create_get_list_delete): 200 GET http://10.180.1.21/compute/v2.1/os-snapshots/7c6288a5-efae-474c-bf76-a08bf87a0974 0.049s
2024-12-12 10:12:53.977 66520 INFO tempest.lib.common.rest_client [req-ef6d424d-691c-4f1c-92e7-4598e18a4648 req-ef6d424d-691c-4f1c-92e7-4598e18a4648 ] Request (MultipleCreateNegativeTestJSON:test_max_count_non_integer): 400 POST http://10.180.1.21/compute/v2.1/servers 0.029s
2024-12-12 10:12:54.014 66520 INFO tempest.lib.common.rest_client [req-344ac008-d5dc-4137-8612-7aceefb4de92 req-344ac008-d5dc-4137-8612-7aceefb4de92 ] Request (MultipleCreateNegativeTestJSON:test_min_count_less_than_one): 201 POST http://10.180.1.21/identity/v3/auth/tokens 0.032s
2024-12-12 10:12:54.014 66520 INFO tempest.lib.common.fixed_network [-] (MultipleCreateNegativeTestJSON:test_min_count_less_than_one) Found network None available for tenant
2024-12-12 10:12:54.016 66498 INFO tempest.lib.common.rest_client [req-a20302e8-3c2c-4df8-823f-171f1bfda01e req-a20302e8-3c2c-4df8-823f-171f1bfda01e ] Request (VolumesSnapshotsTestJSON:test_volume_snapshot_create_get_list_delete): 200 GET http://10.180.1.21/compute/v2.1/os-snapshots 0.045s
2024-12-12 10:12:54.022 66520 INFO tempest.lib.common.rest_client [req-87f9a1cf-ad89-411a-b4a3-45cf985f9fa3 req-87f9a1cf-ad89-411a-b4a3-45cf985f9fa3 ] Request (MultipleCreateNegativeTestJSON:test_min_count_less_than_one): 400 POST http://10.180.1.21/compute/v2.1/servers 0.008s
2024-12-12 10:12:54.047 66498 INFO tempest.lib.common.rest_client [req-603bc961-d05e-4d70-ae36-604ca817c0f0 req-603bc961-d05e-4d70-ae36-604ca817c0f0 ] Request (VolumesSnapshotsTestJSON:_run_cleanups): 200 GET http://10.180.1.21/compute/v2.1/os-snapshots/7c6288a5-efae-474c-bf76-a08bf87a0974 0.028s
2024-12-12 10:12:54.048 66498 INFO tempest.common.waiters [-] snapshot 7c6288a5-efae-474c-bf76-a08bf87a0974 reached available after waiting for 0.048707 seconds
2024-12-12 10:12:54.059 66520 INFO tempest.lib.common.rest_client [req-29460482-0fb0-4e61-b89e-001528378f7c req-29460482-0fb0-4e61-b89e-001528378f7c ] Request (MultipleCreateNegativeTestJSON:test_min_count_non_integer): 201 POST http://10.180.1.21/identity/v3/auth/tokens 0.032s
2024-12-12 10:12:54.061 66520 INFO tempest.lib.common.fixed_network [-] (MultipleCreateNegativeTestJSON:test_min_count_non_integer) Found network None available for tenant
2024-12-12 10:12:54.078 66504 INFO tempest.lib.common.rest_client [req-dedc61b7-4b00-4dba-bb74-8903eeccaa23 req-dedc61b7-4b00-4dba-bb74-8903eeccaa23 ] Request (MigrationsAdminTest:test_list_migrations_in_flavor_resize_situation): 200 GET http://10.180.1.21/compute/v2.1/servers/bcde5138-2515-4fa1-9bfe-f737c8e51a62 0.180s
2024-12-12 10:12:54.126 66498 INFO tempest.lib.common.rest_client [req-2ad0a5c6-38ff-48ab-8c09-aaa5850d3081 req-2ad0a5c6-38ff-48ab-8c09-aaa5850d3081 ] Request (VolumesSnapshotsTestJSON:_run_cleanups): 202 DELETE http://10.180.1.21/compute/v2.1/os-snapshots/7c6288a5-efae-474c-bf76-a08bf87a0974 0.077s
2024-12-12 10:12:54.133 66520 INFO tempest.lib.common.rest_client [req-8e0e6516-dc37-4b31-84e1-c6192c62e778 req-8e0e6516-dc37-4b31-84e1-c6192c62e778 ] Request (MultipleCreateNegativeTestJSON:test_min_count_non_integer): 400 POST http://10.180.1.21/compute/v2.1/servers 0.072s
2024-12-12 10:12:54.213 66550 INFO tempest.lib.common.rest_client [req-8f5e1b4e-eec3-4d9e-bd87-e09fea5052aa req-8f5e1b4e-eec3-4d9e-bd87-e09fea5052aa ] Request (DeleteServersAdminTestJSON:test_admin_delete_servers_of_others): 200 GET http://10.180.1.21/compute/v2.1/servers/3a2513c7-8afd-4eb5-a510-7bd73ae4aa69 0.112s
2024-12-12 10:12:54.214 66510 INFO tempest.lib.common.rest_client [req-c11e1855-f1e2-4693-be8d-cc4613c70dbc req-c11e1855-f1e2-4693-be8d-cc4613c70dbc ] Request (ServerExternalEventsTest:test_create_server_external_events): 200 GET http://10.180.1.21/compute/v2.1/servers/9f6e75aa-8611-42ea-a82b-cf288f8a4324 0.184s
2024-12-12 10:12:54.230 66510 INFO tempest.common.waiters [-] State transition "BUILD/spawning" ==> "ACTIVE/None" after 71 second wait
2024-12-12 10:12:54.250 66498 INFO tempest.lib.common.rest_client [req-1ffacf39-5ed5-4ef8-864f-b96887f34dae req-1ffacf39-5ed5-4ef8-864f-b96887f34dae ] Request (VolumesSnapshotsTestJSON:_run_cleanups): 404 GET http://10.180.1.21/compute/v2.1/os-snapshots/7c6288a5-efae-474c-bf76-a08bf87a0974 0.123s
2024-12-12 10:12:54.268 66496 INFO tempest.lib.common.rest_client [req-9ddf89dc-56a0-43f8-adbf-e3a23ea9035b req-9ddf89dc-56a0-43f8-adbf-e3a23ea9035b ] Request (ListImageFiltersTestJSON:setUpClass): 201 POST http://10.180.1.21/image/v2/images 0.367s
2024-12-12 10:12:54.274 66520 INFO tempest.lib.common.rest_client [req-ce9334cb-a987-43b3-a341-f82958b64307 req-ce9334cb-a987-43b3-a341-f82958b64307 ] Request (MultipleCreateNegativeTestJSON:tearDownClass): 204 DELETE http://10.180.1.21/identity/v3/users/d3bbc23342344d3b955d5df33822c049 0.139s
2024-12-12 10:12:54.274 66520 INFO tempest.lib.common.dynamic_creds [-] Deleting project and security group for project: 1cec572ca0254ae789c206eb2b7f6d96
2024-12-12 10:12:54.293 66508 INFO tempest.lib.common.rest_client [req-74ccb390-6dcc-4c41-8a20-bf142c3504e4 req-74ccb390-6dcc-4c41-8a20-bf142c3504e4 ] Request (ServerPasswordTestJSON:setUpClass): 200 GET http://10.180.1.21/compute/v2.1/servers/54cedec2-7cd1-41cb-a787-ad21ae57fef6 0.187s
2024-12-12 10:12:54.325 66516 INFO tempest.lib.common.rest_client [req-9440dd13-1ca0-4da7-a9dd-eb303a30e660 req-9440dd13-1ca0-4da7-a9dd-eb303a30e660 ] Request (ServerActionsTestOtherA:test_rebuild_server_in_stop_state): 200 GET http://10.180.1.21/compute/v2.1/servers/9b5b87f5-9a55-4d35-a51b-50d6603f9674 0.154s
2024-12-12 10:12:54.350 66520 INFO tempest.lib.common.rest_client [req-c3425625-aa95-468f-9439-b8dc1d34ae79 req-c3425625-aa95-468f-9439-b8dc1d34ae79 ] Request (MultipleCreateNegativeTestJSON:tearDownClass): 201 POST http://10.180.1.21/identity/v3/auth/tokens 0.075s
2024-12-12 10:12:54.378 66512 INFO tempest.lib.common.rest_client [req-eb085ce0-2fa7-4040-a1a0-aa11c1faa335 req-eb085ce0-2fa7-4040-a1a0-aa11c1faa335 ] Request (ListServerFiltersTestJSON:tearDownClass): 200 GET http://10.180.1.21/compute/v2.1/servers/3f36f848-4559-4a9c-a1ad-1fb6418172cd 0.199s
2024-12-12 10:12:54.449 66500 INFO tempest.lib.common.rest_client [req-4b225251-93ac-4dfe-9246-6484bdde6ec8 req-4b225251-93ac-4dfe-9246-6484bdde6ec8 ] Request (ListServersNegativeTestJSON:setUpClass): 200 GET http://10.180.1.21/compute/v2.1/servers/7af4d732-4d7c-4eeb-95d0-84b4544dd752 0.211s
2024-12-12 10:12:54.466 66510 INFO tempest.lib.common.rest_client [req-20de9586-9b17-4e06-94d8-dc868baaba3f req-20de9586-9b17-4e06-94d8-dc868baaba3f ] Request (ServerExternalEventsTest:test_create_server_external_events): 200 POST http://10.180.1.21/compute/v2.1/os-server-external-events 0.234s
2024-12-12 10:12:54.508 66498 INFO tempest.lib.common.rest_client [req-602ebc1e-a3d7-45d0-be8f-ad0caae6f80f req-602ebc1e-a3d7-45d0-be8f-ad0caae6f80f ] Request (VolumesSnapshotsTestJSON:_run_cleanups): 202 DELETE http://10.180.1.21/compute/v2.1/os-volumes/9b466461-0834-4a59-abf5-3c2444e35c53 0.258s
2024-12-12 10:12:54.522 66520 INFO tempest.lib.common.rest_client [req-795a96a0-dfcb-4f00-98f5-ea1a66dd0d4f req-795a96a0-dfcb-4f00-98f5-ea1a66dd0d4f ] Request (MultipleCreateNegativeTestJSON:tearDownClass): 200 GET http://10.180.1.21:9696/networking/v2.0/security-groups?tenant_id=1cec572ca0254ae789c206eb2b7f6d96&name=default 0.171s
2024-12-12 10:12:54.564 66532 INFO tempest.lib.common.rest_client [req-69069462-8c5e-4257-90bd-2df4587c237f req-69069462-8c5e-4257-90bd-2df4587c237f ] Request (ImagesOneServerNegativeTestJSON:_run_cleanups): 200 GET http://10.180.1.21/compute/v2.1/servers/84e5cf9f-7de1-4edf-8097-3b89533f86a8 0.150s
2024-12-12 10:12:54.598 66506 WARNING tempest.lib.common.ssh [-] Failed to establish authenticated ssh connection to cirros@10.180.180.196 ([Errno None] Unable to connect to port 22 on 10.180.180.196). Number attempts: 9. Retry after 10 seconds.: paramiko.ssh_exception.NoValidConnectionsError: [Errno None] Unable to connect to port 22 on 10.180.180.196
2024-12-12 10:12:54.613 66520 INFO tempest.lib.common.rest_client [req-b6f42ead-5e58-4ec6-82e7-06362c4d80df req-b6f42ead-5e58-4ec6-82e7-06362c4d80df ] Request (MultipleCreateNegativeTestJSON:tearDownClass): 204 DELETE http://10.180.1.21:9696/networking/v2.0/security-groups/75739dbc-4538-4fd4-9290-8df30527492d 0.090s
2024-12-12 10:12:54.640 66490 INFO tempest.lib.common.rest_client [req-a79f34a0-78fb-4a48-b724-087e773ecad5 req-a79f34a0-78fb-4a48-b724-087e773ecad5 ] Request (ServersTestManualDisk:setUpClass): 200 GET http://10.180.1.21/compute/v2.1/servers/9589743c-942e-4b50-81ab-dbf90046df3f 0.174s
2024-12-12 10:12:54.704 66520 INFO tempest.lib.common.rest_client [req-7e068179-e81f-4e14-9ed7-318c1711f5ef req-7e068179-e81f-4e14-9ed7-318c1711f5ef ] Request (MultipleCreateNegativeTestJSON:tearDownClass): 204 DELETE http://10.180.1.21/identity/v3/projects/1cec572ca0254ae789c206eb2b7f6d96 0.090s
2024-12-12 10:12:54.704 66494 INFO tempest.lib.common.rest_client [req-c0959f55-8afd-4792-953a-4051107056ec req-c0959f55-8afd-4792-953a-4051107056ec ] Request (ServersAdminTestJSON:test_create_server_with_scheduling_hint): 200 GET http://10.180.1.21/compute/v2.1/servers/fe9fc951-7e94-4859-94a6-ed84defd14a4 0.353s
2024-12-12 10:12:54.705 66520 INFO tempest.test [-] raised in ServerStableDeviceRescueTest.setUpClass. Invoking tearDownClass.
2024-12-12 10:12:54.727 66498 INFO tempest.lib.common.rest_client [req-b1304468-de9e-46e0-8122-bb7a58304464 req-b1304468-de9e-46e0-8122-bb7a58304464 ] Request (VolumesSnapshotsTestJSON:_run_cleanups): 404 GET http://10.180.1.21/compute/v2.1/os-volumes/9b466461-0834-4a59-abf5-3c2444e35c53 0.218s
2024-12-12 10:12:54.728 66510 INFO tempest.lib.common.rest_client [req-c4eda3bc-6181-433a-abd8-8a3f94662398 req-c4eda3bc-6181-433a-abd8-8a3f94662398 ] Request (ServerExternalEventsTest:tearDownClass): 204 DELETE http://10.180.1.21/compute/v2.1/servers/9f6e75aa-8611-42ea-a82b-cf288f8a4324 0.259s
2024-12-12 10:12:54.782 66520 INFO tempest.lib.common.rest_client [req-e920a606-add7-4db9-bcfb-cd495fd486f1 req-e920a606-add7-4db9-bcfb-cd495fd486f1 ] Request (VolumesGetTestJSON:setUpClass): 201 POST http://10.180.1.21/identity/v3/auth/tokens 0.073s
2024-12-12 10:12:54.820 66520 INFO tempest.lib.common.rest_client [req-db73d650-fa97-4f37-b96b-6e4a961daf48 req-db73d650-fa97-4f37-b96b-6e4a961daf48 ] Request (VolumesGetTestJSON:setUpClass): 201 POST http://10.180.1.21/identity/v3/auth/tokens 0.035s
2024-12-12 10:12:54.847 66520 INFO tempest.lib.common.rest_client [req-3fc504b1-98f8-443e-90c0-9823f345e763 req-3fc504b1-98f8-443e-90c0-9823f345e763 ] Request (VolumesGetTestJSON:setUpClass): 200 GET http://10.180.1.21/identity/v3/domains?name=Default 0.027s
2024-12-12 10:12:54.898 66520 INFO tempest.lib.common.rest_client [req-7903c8d2-ba7a-464b-b791-3d4047584baf req-7903c8d2-ba7a-464b-b791-3d4047584baf ] Request (VolumesGetTestJSON:setUpClass): 201 POST http://10.180.1.21/identity/v3/projects 0.050s
2024-12-12 10:12:54.902 66524 INFO tempest.lib.common.rest_client [req-0f1143dc-82fa-4a03-878e-a831e2ec6c94 req-0f1143dc-82fa-4a03-878e-a831e2ec6c94 ] Request (SecurityGroupsTestJSON:test_server_security_groups): 200 GET http://10.180.1.21/compute/v2.1/servers/c28dc1c5-6a41-4e47-829d-6cb1160bf83f 0.310s
2024-12-12 10:12:54.968 66519 INFO tempest.lib.common.rest_client [req-2bd23e94-f7e7-43c8-ba33-8de1c8596650 req-2bd23e94-f7e7-43c8-ba33-8de1c8596650 ] Request (ImagesTestJSON:test_create_image_from_suspended_server): 200 GET http://10.180.1.21/compute/v2.1/servers/a2308b1a-6617-49f9-a731-e445b3c61cf7 0.359s
2024-12-12 10:12:54.975 66519 INFO tempest.common.waiters [-] State transition "BUILD/None" ==> "BUILD/block_device_mapping" after 55 second wait
2024-12-12 10:12:54.983 66520 INFO tempest.lib.common.rest_client [req-b241a409-55a3-4d0e-a19a-3dfab39434de req-b241a409-55a3-4d0e-a19a-3dfab39434de ] Request (VolumesGetTestJSON:setUpClass): 201 POST http://10.180.1.21/identity/v3/users 0.084s
2024-12-12 10:12:54.991 66488 INFO tempest.lib.common.rest_client [req-833d1e7c-17c6-415d-917d-e1400b888589 req-833d1e7c-17c6-415d-917d-e1400b888589 ] Request (ServersTestMultiNic:_run_cleanups): 200 GET http://10.180.1.21/compute/v2.1/servers/e9c5487e-4527-4ec5-9008-4e2c98a04249 0.266s
2024-12-12 10:12:55.012 66520 INFO tempest.lib.common.rest_client [req-20edbbb9-df16-4d47-979a-6bad2f686a56 req-20edbbb9-df16-4d47-979a-6bad2f686a56 ] Request (VolumesGetTestJSON:setUpClass): 200 GET http://10.180.1.21/identity/v3/roles 0.028s
2024-12-12 10:12:55.020 66498 INFO tempest.lib.common.rest_client [req-1eb70d6e-3485-4ea0-92c2-172c6328b932 req-1eb70d6e-3485-4ea0-92c2-172c6328b932 ] Request (VolumesSnapshotsTestJSON:tearDownClass): 404 DELETE http://10.180.1.21/compute/v2.1/os-volumes/9b466461-0834-4a59-abf5-3c2444e35c53 0.288s
2024-12-12 10:12:55.044 66520 INFO tempest.lib.common.rest_client [req-07530afb-3a62-4a18-8697-24fd69c23402 req-07530afb-3a62-4a18-8697-24fd69c23402 ] Request (VolumesGetTestJSON:setUpClass): 204 PUT http://10.180.1.21/identity/v3/projects/94af881e58104b78afdb224ee4c80ec8/users/6de2b08bff2943579d438ba84fd2f43d/roles/49d325ffd9c943d596ba1d489f3824b2 0.032s
2024-12-12 10:12:55.044 66520 INFO tempest.lib.common.dynamic_creds [-] Dynamic test user 6de2b08bff2943579d438ba84fd2f43d is created with scope project and roles: ['member']
2024-12-12 10:12:55.045 66520 INFO tempest.lib.common.dynamic_creds [-] Acquired dynamic creds: credentials: Credentials: {'domain_id': 'default', 'domain_name': 'Default', 'username': 'tempest-VolumesGetTestJSON-2147139311-project-member', 'project_domain_id': 'default', 'project_domain_name': 'Default', 'project_id': '94af881e58104b78afdb224ee4c80ec8', 'project_name': 'tempest-VolumesGetTestJSON-2147139311', 'tenant_id': '94af881e58104b78afdb224ee4c80ec8', 'tenant_name': 'tempest-VolumesGetTestJSON-2147139311', 'user_domain_id': 'default', 'user_domain_name': 'Default', 'user_id': '6de2b08bff2943579d438ba84fd2f43d', 'system': None}, Network: None, Subnet: None, Router: None
2024-12-12 10:12:55.045 66520 INFO tempest.lib.common.dynamic_creds [-] Created isolated network resources for: credentials: Credentials: {'domain_id': 'default', 'domain_name': 'Default', 'username': 'tempest-VolumesGetTestJSON-2147139311-project-member', 'project_domain_id': 'default', 'project_domain_name': 'Default', 'project_id': '94af881e58104b78afdb224ee4c80ec8', 'project_name': 'tempest-VolumesGetTestJSON-2147139311', 'tenant_id': '94af881e58104b78afdb224ee4c80ec8', 'tenant_name': 'tempest-VolumesGetTestJSON-2147139311', 'user_domain_id': 'default', 'user_domain_name': 'Default', 'user_id': '6de2b08bff2943579d438ba84fd2f43d', 'system': None}, Network: None, Subnet: None, Router: None
2024-12-12 10:12:55.146 66520 INFO tempest.lib.common.rest_client [req-a293fa8e-69d5-4689-b55a-1d8c5c9c2612 req-a293fa8e-69d5-4689-b55a-1d8c5c9c2612 ] Request (VolumesGetTestJSON:setUpClass): 201 POST http://10.180.1.21/identity/v3/auth/tokens 0.097s
2024-12-12 10:12:55.148 66510 INFO tempest.lib.common.rest_client [req-a1b41dbf-1460-4fd6-a978-b63e930187b9 req-a1b41dbf-1460-4fd6-a978-b63e930187b9 ] Request (ServerExternalEventsTest:tearDownClass): 200 GET http://10.180.1.21/compute/v2.1/servers/9f6e75aa-8611-42ea-a82b-cf288f8a4324 0.420s
2024-12-12 10:12:55.173 66522 INFO tempest.lib.common.rest_client [req-ffe3562a-8f60-454f-8366-72c9bf4ca4b9 req-ffe3562a-8f60-454f-8366-72c9bf4ca4b9 ] Request (ServerActionsTestOtherB:test_create_backup): 200 GET http://10.180.1.21/compute/v2.1/servers/63cf4d09-5f4f-4327-9dda-5542e41948e7 0.422s
2024-12-12 10:12:55.203 66538 INFO tempest.lib.common.rest_client [req-c564bd94-b73a-4d5a-9140-dbb281627966 req-c564bd94-b73a-4d5a-9140-dbb281627966 ] Request (AttachInterfacesUnderV243Test:test_add_remove_fixed_ip): 200 GET http://10.180.1.21/compute/v2.1/servers/bed28386-52af-4870-a74d-67f7dd6215c7 0.433s
2024-12-12 10:12:55.223 66492 INFO tempest.lib.common.rest_client [req-4484de6c-c8b9-4d13-a7ab-10fe2c2df9c7 req-4484de6c-c8b9-4d13-a7ab-10fe2c2df9c7 ] Request (ServerGroupTestJSON:test_create_server_with_scheduler_hint_group): 200 GET http://10.180.1.21/compute/v2.1/servers/c5ab3ed9-f37d-48f9-9695-5848935b2293 0.422s
2024-12-12 10:12:55.234 66498 INFO tempest.lib.common.rest_client [req-db33c322-5b03-4119-8333-b8dadd5225b8 req-db33c322-5b03-4119-8333-b8dadd5225b8 ] Request (VolumesSnapshotsTestJSON:tearDownClass): 404 GET http://10.180.1.21/compute/v2.1/os-volumes/9b466461-0834-4a59-abf5-3c2444e35c53 0.214s
2024-12-12 10:12:55.316 66504 INFO tempest.lib.common.rest_client [req-ae7c6e3e-3a64-443b-a7b5-6a3cce8437b0 req-ae7c6e3e-3a64-443b-a7b5-6a3cce8437b0 ] Request (MigrationsAdminTest:test_list_migrations_in_flavor_resize_situation): 200 GET http://10.180.1.21/compute/v2.1/servers/bcde5138-2515-4fa1-9bfe-f737c8e51a62 0.230s
2024-12-12 10:12:55.355 66498 INFO tempest.lib.common.rest_client [req-b510b1c4-876e-4856-a8f2-d0f4e92b425d req-b510b1c4-876e-4856-a8f2-d0f4e92b425d ] Request (VolumesSnapshotsTestJSON:tearDownClass): 204 DELETE http://10.180.1.21/identity/v3/users/e92e4d30989849d5a5cb8606e1fb89f6 0.120s
2024-12-12 10:12:55.355 66498 INFO tempest.lib.common.dynamic_creds [-] Deleting project and security group for project: 514f383df8f341d6833e68696d5b5ee3
2024-12-12 10:12:55.383 66550 INFO tempest.lib.common.rest_client [req-0bda1775-f439-4cb3-911f-56bd4b17be66 req-0bda1775-f439-4cb3-911f-56bd4b17be66 ] Request (DeleteServersAdminTestJSON:test_admin_delete_servers_of_others): 200 GET http://10.180.1.21/compute/v2.1/servers/3a2513c7-8afd-4eb5-a510-7bd73ae4aa69 0.159s
2024-12-12 10:12:55.393 66550 INFO tempest.common.waiters [-] State transition "ACTIVE/deleting" ==> "DELETED/None" after 4 second wait
2024-12-12 10:12:55.434 66498 INFO tempest.lib.common.rest_client [req-dbfa4b09-6cea-4110-a741-6b4481bdc374 req-dbfa4b09-6cea-4110-a741-6b4481bdc374 ] Request (VolumesSnapshotsTestJSON:tearDownClass): 201 POST http://10.180.1.21/identity/v3/auth/tokens 0.078s
2024-12-12 10:12:55.435 66508 INFO tempest.lib.common.rest_client [req-217a88a6-2521-4ea2-8490-84a052e45097 req-217a88a6-2521-4ea2-8490-84a052e45097 ] Request (ServerPasswordTestJSON:setUpClass): 200 GET http://10.180.1.21/compute/v2.1/servers/54cedec2-7cd1-41cb-a787-ad21ae57fef6 0.132s
2024-12-12 10:12:55.497 66516 INFO tempest.lib.common.rest_client [req-5390a2e8-5893-4238-8b75-46756d97548c req-5390a2e8-5893-4238-8b75-46756d97548c ] Request (ServerActionsTestOtherA:test_rebuild_server_in_stop_state): 200 GET http://10.180.1.21/compute/v2.1/servers/9b5b87f5-9a55-4d35-a51b-50d6603f9674 0.160s
2024-12-12 10:12:55.506 66520 INFO tempest.lib.common.rest_client [req-d4760147-48e3-40df-92a2-4391c6e8adfa req-d4760147-48e3-40df-92a2-4391c6e8adfa ] Request (VolumesGetTestJSON:test_volume_create_get_delete): 200 POST http://10.180.1.21/compute/v2.1/os-volumes 0.359s
2024-12-12 10:12:55.560 66512 INFO tempest.lib.common.rest_client [req-29c9b123-e4ef-4826-afd4-038932aa48f3 req-29c9b123-e4ef-4826-afd4-038932aa48f3 ] Request (ListServerFiltersTestJSON:tearDownClass): 200 GET http://10.180.1.21/compute/v2.1/servers/3f36f848-4559-4a9c-a1ad-1fb6418172cd 0.172s
2024-12-12 10:12:55.577 66500 INFO tempest.lib.common.rest_client [req-4c5b88c4-f169-49f2-8b1b-20681de7eec9 req-4c5b88c4-f169-49f2-8b1b-20681de7eec9 ] Request (ListServersNegativeTestJSON:setUpClass): 200 GET http://10.180.1.21/compute/v2.1/servers/7af4d732-4d7c-4eeb-95d0-84b4544dd752 0.116s
2024-12-12 10:12:55.602 66520 INFO tempest.lib.common.rest_client [req-039cd4f4-bf12-4ac2-980b-bc95d6967651 req-039cd4f4-bf12-4ac2-980b-bc95d6967651 ] Request (VolumesGetTestJSON:test_volume_create_get_delete): 200 GET http://10.180.1.21/compute/v2.1/os-volumes/3c59067e-fc46-4ccf-9ffc-bf5dcbd86bfd 0.091s
2024-12-12 10:12:55.630 66532 INFO tempest.lib.common.rest_client [req-41f4785b-d801-4702-9f2f-7ae580b7c923 req-41f4785b-d801-4702-9f2f-7ae580b7c923 ] Request (ImagesOneServerNegativeTestJSON:_run_cleanups): 200 GET http://10.180.1.21/compute/v2.1/servers/84e5cf9f-7de1-4edf-8097-3b89533f86a8 0.056s
2024-12-12 10:12:55.649 66498 INFO tempest.lib.common.rest_client [req-eaafd2c3-37e0-450c-a2f6-2b9dde425f34 req-eaafd2c3-37e0-450c-a2f6-2b9dde425f34 ] Request (VolumesSnapshotsTestJSON:tearDownClass): 200 GET http://10.180.1.21:9696/networking/v2.0/security-groups?tenant_id=514f383df8f341d6833e68696d5b5ee3&name=default 0.215s
2024-12-12 10:12:55.700 66490 INFO tempest.lib.common.rest_client [req-254e368a-a0ac-4eb5-b977-fa7dc0445cc0 req-254e368a-a0ac-4eb5-b977-fa7dc0445cc0 ] Request (ServersTestManualDisk:setUpClass): 200 GET http://10.180.1.21/compute/v2.1/servers/9589743c-942e-4b50-81ab-dbf90046df3f 0.053s
2024-12-12 10:12:55.708 66490 INFO tempest.common.waiters [-] State transition "BUILD/scheduling" ==> "BUILD/None" after 34 second wait
2024-12-12 10:12:55.737 66498 INFO tempest.lib.common.rest_client [req-eff231ba-fdff-4675-a421-b094e4285870 req-eff231ba-fdff-4675-a421-b094e4285870 ] Request (VolumesSnapshotsTestJSON:tearDownClass): 204 DELETE http://10.180.1.21:9696/networking/v2.0/security-groups/91e7f3eb-9162-46fe-8d26-3d8a87b817ec 0.087s
2024-12-12 10:12:55.807 66498 INFO tempest.lib.common.rest_client [req-3979ceeb-b322-4bda-a983-27cafe4307b7 req-3979ceeb-b322-4bda-a983-27cafe4307b7 ] Request (VolumesSnapshotsTestJSON:tearDownClass): 204 DELETE http://10.180.1.21/identity/v3/projects/514f383df8f341d6833e68696d5b5ee3 0.070s
2024-12-12 10:12:55.817 66494 INFO tempest.lib.common.rest_client [req-f09882f7-b4af-4326-a563-a4b666a7262c req-f09882f7-b4af-4326-a563-a4b666a7262c ] Request (ServersAdminTestJSON:test_create_server_with_scheduling_hint): 200 GET http://10.180.1.21/compute/v2.1/servers/fe9fc951-7e94-4859-94a6-ed84defd14a4 0.106s
2024-12-12 10:12:55.972 66496 INFO tempest.lib.common.rest_client [req-db094192-38bf-44e7-9dda-5c93fe42f335 req-db094192-38bf-44e7-9dda-5c93fe42f335 ] Request (ListImageFiltersTestJSON:setUpClass): 204 PUT http://10.180.1.21/image/v2/images/bf93a9a5-5e3c-4699-8b0d-941e832bb2f0/file 0.703s
2024-12-12 10:12:56.005 66496 INFO tempest.lib.common.rest_client [req-cc9b9dad-487e-4562-83bc-5346c92802f6 req-cc9b9dad-487e-4562-83bc-5346c92802f6 ] Request (ListImageFiltersTestJSON:setUpClass): 200 GET http://10.180.1.21/compute/v2.1/images/bf93a9a5-5e3c-4699-8b0d-941e832bb2f0 0.033s
2024-12-12 10:12:56.127 66524 INFO tempest.lib.common.rest_client [req-59313af5-6c42-4db8-99ae-491db7230ffd req-59313af5-6c42-4db8-99ae-491db7230ffd ] Request (SecurityGroupsTestJSON:test_server_security_groups): 200 GET http://10.180.1.21/compute/v2.1/servers/c28dc1c5-6a41-4e47-829d-6cb1160bf83f 0.215s
2024-12-12 10:12:56.130 66519 INFO tempest.lib.common.rest_client [req-5a51da5e-d2d3-4466-8414-d342b0fa1663 req-5a51da5e-d2d3-4466-8414-d342b0fa1663 ] Request (ImagesTestJSON:test_create_image_from_suspended_server): 200 GET http://10.180.1.21/compute/v2.1/servers/a2308b1a-6617-49f9-a731-e445b3c61cf7 0.153s
2024-12-12 10:12:56.139 66519 INFO tempest.common.waiters [-] State transition "BUILD/block_device_mapping" ==> "BUILD/spawning" after 57 second wait
2024-12-12 10:12:56.168 66496 INFO tempest.lib.common.rest_client [req-1ab278d7-ba1c-4c5a-9321-2568df7dda1b req-1ab278d7-ba1c-4c5a-9321-2568df7dda1b ] Request (ListImageFiltersTestJSON:setUpClass): 200 GET http://10.180.1.21/compute/v2.1/images/bf93a9a5-5e3c-4699-8b0d-941e832bb2f0 0.160s
2024-12-12 10:12:56.202 66488 INFO tempest.lib.common.rest_client [req-4c086db5-3e31-4bce-8744-1c71caefe89b req-4c086db5-3e31-4bce-8744-1c71caefe89b ] Request (ServersTestMultiNic:_run_cleanups): 200 GET http://10.180.1.21/compute/v2.1/servers/e9c5487e-4527-4ec5-9008-4e2c98a04249 0.202s
2024-12-12 10:12:56.209 66488 INFO tempest.common.waiters [-] State transition "ACTIVE/deleting" ==> "DELETED/None" after 4 second wait
2024-12-12 10:12:56.240 66496 INFO tempest.lib.common.rest_client [req-c21bcc38-1f1c-42fe-be65-feb3d7dc5e21 req-c21bcc38-1f1c-42fe-be65-feb3d7dc5e21 ] Request (ListImageFiltersTestJSON:setUpClass): 201 POST http://10.180.1.21/identity/v3/auth/tokens 0.064s
2024-12-12 10:12:56.240 66496 INFO tempest.lib.common.fixed_network [-] (ListImageFiltersTestJSON:setUpClass) Found network None available for tenant
2024-12-12 10:12:56.338 66510 INFO tempest.lib.common.rest_client [req-5b3615a7-c72d-413e-b2c4-6bd1a30f7ff3 req-5b3615a7-c72d-413e-b2c4-6bd1a30f7ff3 ] Request (ServerExternalEventsTest:tearDownClass): 200 GET http://10.180.1.21/compute/v2.1/servers/9f6e75aa-8611-42ea-a82b-cf288f8a4324 0.179s
2024-12-12 10:12:56.350 66522 INFO tempest.lib.common.rest_client [req-d4ed7211-4de5-4901-bfe2-89437ac8af97 req-d4ed7211-4de5-4901-bfe2-89437ac8af97 ] Request (ServerActionsTestOtherB:test_create_backup): 200 GET http://10.180.1.21/compute/v2.1/servers/63cf4d09-5f4f-4327-9dda-5542e41948e7 0.169s
2024-12-12 10:12:56.390 66538 INFO tempest.lib.common.rest_client [req-985138b1-f34d-49bb-bae2-aa08fa0093fa req-985138b1-f34d-49bb-bae2-aa08fa0093fa ] Request (AttachInterfacesUnderV243Test:test_add_remove_fixed_ip): 200 GET http://10.180.1.21/compute/v2.1/servers/bed28386-52af-4870-a74d-67f7dd6215c7 0.178s
2024-12-12 10:12:56.408 66492 INFO tempest.lib.common.rest_client [req-e0deca75-e5ec-4619-97bf-3d4b05669caf req-e0deca75-e5ec-4619-97bf-3d4b05669caf ] Request (ServerGroupTestJSON:test_create_server_with_scheduler_hint_group): 200 GET http://10.180.1.21/compute/v2.1/servers/c5ab3ed9-f37d-48f9-9695-5848935b2293 0.178s
2024-12-12 10:12:56.570 66504 INFO tempest.lib.common.rest_client [req-3ac24e36-a042-487a-92f0-bf3eaef5082a req-3ac24e36-a042-487a-92f0-bf3eaef5082a ] Request (MigrationsAdminTest:test_list_migrations_in_flavor_resize_situation): 200 GET http://10.180.1.21/compute/v2.1/servers/bcde5138-2515-4fa1-9bfe-f737c8e51a62 0.244s
2024-12-12 10:12:56.625 66550 INFO tempest.lib.common.rest_client [req-1262c054-723d-4916-821e-ec9fc600f5d3 req-1262c054-723d-4916-821e-ec9fc600f5d3 ] Request (DeleteServersAdminTestJSON:test_admin_delete_servers_of_others): 200 GET http://10.180.1.21/compute/v2.1/servers/3a2513c7-8afd-4eb5-a510-7bd73ae4aa69 0.231s
2024-12-12 10:12:56.674 66496 INFO tempest.lib.common.rest_client [req-9198827a-daa8-428c-9e6b-4c5bd6a00d47 req-9198827a-daa8-428c-9e6b-4c5bd6a00d47 ] Request (ListImageFiltersTestJSON:setUpClass): 202 POST http://10.180.1.21/compute/v2.1/servers 0.433s
2024-12-12 10:12:56.678 66508 INFO tempest.lib.common.rest_client [req-1b447f76-92e7-483e-ad59-bd021e4f59d1 req-1b447f76-92e7-483e-ad59-bd021e4f59d1 ] Request (ServerPasswordTestJSON:setUpClass): 200 GET http://10.180.1.21/compute/v2.1/servers/54cedec2-7cd1-41cb-a787-ad21ae57fef6 0.230s
2024-12-12 10:12:56.717 66496 INFO tempest.lib.common.rest_client [req-c67cfcf2-1b94-461c-95d6-b6b49b997902 req-c67cfcf2-1b94-461c-95d6-b6b49b997902 ] Request (ListImageFiltersTestJSON:setUpClass): 201 POST http://10.180.1.21/identity/v3/auth/tokens 0.037s
2024-12-12 10:12:56.717 66496 INFO tempest.lib.common.fixed_network [-] (ListImageFiltersTestJSON:setUpClass) Found network None available for tenant
2024-12-12 10:12:56.729 66516 INFO tempest.lib.common.rest_client [req-a4d08a6e-ecd8-4769-a3bb-38abb59ae846 req-a4d08a6e-ecd8-4769-a3bb-38abb59ae846 ] Request (ServerActionsTestOtherA:test_rebuild_server_in_stop_state): 200 GET http://10.180.1.21/compute/v2.1/servers/9b5b87f5-9a55-4d35-a51b-50d6603f9674 0.220s
2024-12-12 10:12:56.767 66512 INFO tempest.lib.common.rest_client [req-9e15229d-a2fe-44df-81cd-88886bfac3f7 req-9e15229d-a2fe-44df-81cd-88886bfac3f7 ] Request (ListServerFiltersTestJSON:tearDownClass): 200 GET http://10.180.1.21/compute/v2.1/servers/3f36f848-4559-4a9c-a1ad-1fb6418172cd 0.196s
2024-12-12 10:12:56.787 66500 INFO tempest.lib.common.rest_client [req-7020cf29-3b96-4851-950f-5ace8f033290 req-7020cf29-3b96-4851-950f-5ace8f033290 ] Request (ListServersNegativeTestJSON:setUpClass): 200 GET http://10.180.1.21/compute/v2.1/servers/7af4d732-4d7c-4eeb-95d0-84b4544dd752 0.199s
2024-12-12 10:12:56.823 66520 INFO tempest.lib.common.rest_client [req-72797ee6-8787-4aa4-bdf4-0228f6dd97b8 req-72797ee6-8787-4aa4-bdf4-0228f6dd97b8 ] Request (VolumesGetTestJSON:test_volume_create_get_delete): 200 GET http://10.180.1.21/compute/v2.1/os-volumes/3c59067e-fc46-4ccf-9ffc-bf5dcbd86bfd 0.214s
2024-12-12 10:12:56.825 66520 INFO tempest.common.waiters [-] volume 3c59067e-fc46-4ccf-9ffc-bf5dcbd86bfd reached available after waiting for 1.825484 seconds
2024-12-12 10:12:56.838 66532 INFO tempest.lib.common.rest_client [req-f7983a0b-9234-4cff-870d-77d8c9a9fc95 req-f7983a0b-9234-4cff-870d-77d8c9a9fc95 ] Request (ImagesOneServerNegativeTestJSON:_run_cleanups): 200 GET http://10.180.1.21/compute/v2.1/servers/84e5cf9f-7de1-4edf-8097-3b89533f86a8 0.201s
2024-12-12 10:12:56.877 66490 INFO tempest.lib.common.rest_client [req-ca7d15c9-557e-474d-9c0e-f40c911f08a8 req-ca7d15c9-557e-474d-9c0e-f40c911f08a8 ] Request (ServersTestManualDisk:setUpClass): 200 GET http://10.180.1.21/compute/v2.1/servers/9589743c-942e-4b50-81ab-dbf90046df3f 0.167s
2024-12-12 10:12:57.006 66494 INFO tempest.lib.common.rest_client [req-92b81363-234a-435b-9e85-25b6d13f310c req-92b81363-234a-435b-9e85-25b6d13f310c ] Request (ServersAdminTestJSON:test_create_server_with_scheduling_hint): 200 GET http://10.180.1.21/compute/v2.1/servers/fe9fc951-7e94-4859-94a6-ed84defd14a4 0.182s
2024-12-12 10:12:57.039 66520 INFO tempest.lib.common.rest_client [req-01ddb8ca-dcf0-4491-841f-6c11914411aa req-01ddb8ca-dcf0-4491-841f-6c11914411aa ] Request (VolumesGetTestJSON:test_volume_create_get_delete): 200 GET http://10.180.1.21/compute/v2.1/os-volumes/3c59067e-fc46-4ccf-9ffc-bf5dcbd86bfd 0.213s
2024-12-12 10:12:57.056 66496 INFO tempest.lib.common.rest_client [req-9f45fc14-044b-48ae-b4d2-377b220f39d9 req-9f45fc14-044b-48ae-b4d2-377b220f39d9 ] Request (ListImageFiltersTestJSON:setUpClass): 202 POST http://10.180.1.21/compute/v2.1/servers 0.338s
2024-12-12 10:12:57.088 66520 INFO tempest.lib.common.rest_client [req-8ac28e38-c9d8-4ce8-8eaa-4818a70e602a req-8ac28e38-c9d8-4ce8-8eaa-4818a70e602a ] Request (VolumesGetTestJSON:tearDownClass): 202 DELETE http://10.180.1.21/compute/v2.1/os-volumes/3c59067e-fc46-4ccf-9ffc-bf5dcbd86bfd 0.042s
2024-12-12 10:12:57.094 66496 INFO tempest.lib.common.rest_client [req-6c29c333-ef43-47ab-aaa2-fc867466355a req-6c29c333-ef43-47ab-aaa2-fc867466355a ] Request (ListImageFiltersTestJSON:setUpClass): 200 GET http://10.180.1.21/compute/v2.1/servers/ad39b04a-0f77-42be-a28d-0b4c3b10a377 0.036s
2024-12-12 10:12:57.120 66520 INFO tempest.lib.common.rest_client [req-e7bafcc8-cc62-42ab-8a8d-a83feb8b8347 req-e7bafcc8-cc62-42ab-8a8d-a83feb8b8347 ] Request (VolumesGetTestJSON:tearDownClass): 200 GET http://10.180.1.21/compute/v2.1/os-volumes/3c59067e-fc46-4ccf-9ffc-bf5dcbd86bfd 0.031s
2024-12-12 10:12:57.256 66524 INFO tempest.lib.common.rest_client [req-e901c697-39dc-4fc4-a82a-da8d0737c5a9 req-e901c697-39dc-4fc4-a82a-da8d0737c5a9 ] Request (SecurityGroupsTestJSON:test_server_security_groups): 200 GET http://10.180.1.21/compute/v2.1/servers/c28dc1c5-6a41-4e47-829d-6cb1160bf83f 0.121s
2024-12-12 10:12:57.261 66524 INFO tempest.common.waiters [-] State transition "BUILD/spawning" ==> "ACTIVE/None" after 73 second wait
2024-12-12 10:12:57.262 66519 INFO tempest.lib.common.rest_client [req-d67e3607-4329-4c4d-bc4c-73d8dd6802f1 req-d67e3607-4329-4c4d-bc4c-73d8dd6802f1 ] Request (ImagesTestJSON:test_create_image_from_suspended_server): 200 GET http://10.180.1.21/compute/v2.1/servers/a2308b1a-6617-49f9-a731-e445b3c61cf7 0.117s
2024-12-12 10:12:57.316 66488 INFO tempest.lib.common.rest_client [req-84eec2e8-6b2e-4aad-abca-d506fc603ebb req-84eec2e8-6b2e-4aad-abca-d506fc603ebb ] Request (ServersTestMultiNic:_run_cleanups): 200 GET http://10.180.1.21/compute/v2.1/servers/e9c5487e-4527-4ec5-9008-4e2c98a04249 0.106s
2024-12-12 10:12:57.472 66510 INFO tempest.lib.common.rest_client [req-86460939-f044-46ee-b880-575b89aa93dc req-86460939-f044-46ee-b880-575b89aa93dc ] Request (ServerExternalEventsTest:tearDownClass): 200 GET http://10.180.1.21/compute/v2.1/servers/9f6e75aa-8611-42ea-a82b-cf288f8a4324 0.124s
2024-12-12 10:12:57.644 66522 INFO tempest.lib.common.rest_client [req-0b9e5f03-df2d-4a0f-b39a-0a0a42a99b12 req-0b9e5f03-df2d-4a0f-b39a-0a0a42a99b12 ] Request (ServerActionsTestOtherB:test_create_backup): 200 GET http://10.180.1.21/compute/v2.1/servers/63cf4d09-5f4f-4327-9dda-5542e41948e7 0.287s
2024-12-12 10:12:57.650 66522 INFO tempest.common.waiters [-] State transition "ACTIVE/image_uploading" ==> "ACTIVE/None" after 19 second wait
2024-12-12 10:12:57.665 66522 INFO tempest.lib.common.rest_client [req-f32bf265-9b1b-4971-8298-b8b2fe740f32 req-f32bf265-9b1b-4971-8298-b8b2fe740f32 ] Request (ServerActionsTestOtherB:test_create_backup): 404 GET http://10.180.1.21/image/v2/images/1442d984-a852-4474-b383-f7d77ed3e66e 0.015s
2024-12-12 10:12:57.693 66538 INFO tempest.lib.common.rest_client [req-951b7da2-1e0d-4ce6-a251-56aa5ce1db24 req-951b7da2-1e0d-4ce6-a251-56aa5ce1db24 ] Request (AttachInterfacesUnderV243Test:test_add_remove_fixed_ip): 200 GET http://10.180.1.21/compute/v2.1/servers/bed28386-52af-4870-a74d-67f7dd6215c7 0.293s
