2025-12-09 01:19:39.496 67066 INFO tempest.lib.common.rest_client [req-a5f221e9-1e69-4aed-a2ea-593c339788cf req-a5f221e9-1e69-4aed-a2ea-593c339788cf ] Request (ImagesTestJSON:test_create_image_from_stopped_server): 200 GET http://10.180.1.21/compute/v2.1/servers/73667900-f197-4353-a2d3-39b8f1cf5ec4 0.982s
2025-12-09 01:19:39.502 67060 INFO tempest.lib.common.rest_client [req-65dd8b81-5dfc-4da1-81fd-8556105fa269 req-65dd8b81-5dfc-4da1-81fd-8556105fa269 ] Request (AttachInterfacesV270Test:tearDownClass): 204 DELETE http://10.180.1.21/networking/v2.0/networks/e87a8391-88bd-4676-b90e-638925f24662 0.420s
2025-12-09 01:19:39.534 67054 INFO tempest.lib.common.rest_client [req-96f69850-eaa4-49f0-b2d1-ebd46d12b972 req-96f69850-eaa4-49f0-b2d1-ebd46d12b972 ] Request (ServersTestBootFromVolume:setUpClass): 202 POST http://10.180.1.21/volume/v3/volumes 0.571s
2025-12-09 01:19:39.591 67094 WARNING tempest.lib.common.ssh [-] Failed to establish authenticated ssh connection to cirros@10.180.180.234 ([Errno None] Unable to connect to port 22 on 10.180.180.234). Number attempts: 2. Retry after 3 seconds.: paramiko.ssh_exception.NoValidConnectionsError: [Errno None] Unable to connect to port 22 on 10.180.180.234
2025-12-09 01:19:39.595 67054 INFO tempest.lib.common.rest_client [req-81cd7fdb-4cd0-457c-a3b5-2de115101a2e req-81cd7fdb-4cd0-457c-a3b5-2de115101a2e ] Request (ServersTestBootFromVolume:setUpClass): 200 GET http://10.180.1.21/volume/v3/volumes/5b1d4a1c-c751-484f-bd3a-5279aeb3b228 0.053s
2025-12-09 01:19:39.625 67048 INFO tempest.lib.common.rest_client [req-cf466902-2175-4acd-ba73-9f1a4f3a528b req-cf466902-2175-4acd-ba73-9f1a4f3a528b ] Request (ServerShowV257Test:tearDownClass): 200 GET http://10.180.1.21/compute/v2.1/servers/c4e8f1ce-9f50-434d-b23d-2a230a5f2261 1.108s
2025-12-09 01:19:39.635 67048 INFO tempest.common.waiters [-] State transition "ACTIVE/deleting" ==> "DELETED/None" after 6 second wait
2025-12-09 01:19:39.668 67080 INFO tempest.lib.common.rest_client [req-dac4a96d-9bc3-4a6d-8e13-7f75db406b5d req-dac4a96d-9bc3-4a6d-8e13-7f75db406b5d ] Request (ListImageFiltersTestJSON:setUpClass): 202 POST http://10.180.1.21/compute/v2.1/servers/c798bad1-b0bc-4cf4-aabb-ca2ffdcca465/action 1.226s
2025-12-09 01:19:39.698 67060 INFO tempest.lib.common.rest_client [req-b818eefd-145e-4e80-8700-9f02a50c8b6e req-b818eefd-145e-4e80-8700-9f02a50c8b6e ] Request (AttachInterfacesV270Test:tearDownClass): 204 DELETE http://10.180.1.21/identity/v3/users/52d5801f92a545c1a75fad94b7316ca6 0.196s
2025-12-09 01:19:39.699 67060 INFO tempest.lib.common.dynamic_creds [-] Deleting project and security group for project: fed8f7769c7d4b3f895c9a141b5907cf
2025-12-09 01:19:39.738 67060 INFO tempest.lib.common.rest_client [req-a6cbc6dd-60d4-4241-aa44-31fe36d3b761 req-a6cbc6dd-60d4-4241-aa44-31fe36d3b761 ] Request (AttachInterfacesV270Test:tearDownClass): 200 GET http://10.180.1.21/networking/v2.0/security-groups?tenant_id=fed8f7769c7d4b3f895c9a141b5907cf&name=default 0.039s
2025-12-09 01:19:39.766 67106 INFO tempest.lib.common.rest_client [req-6d78eccb-bfdc-49a7-bd1d-5f0997524b76 req-6d78eccb-bfdc-49a7-bd1d-5f0997524b76 ] Request (SecurityGroupsTestJSON:test_server_security_groups): 200 GET http://10.180.1.21/compute/v2.1/servers/3445c167-c44b-4fd0-955b-e54d6278a1f4 1.123s
2025-12-09 01:19:39.821 67068 INFO tempest.lib.common.rest_client [req-8229d3fb-e8e6-4d65-80e3-8021b12cafac req-8229d3fb-e8e6-4d65-80e3-8021b12cafac ] Request (ServersAdminTestJSON:tearDownClass): 200 GET http://10.180.1.21/compute/v2.1/servers/b07a4752-d25d-4de2-8330-5d314a7e64ae 1.284s
2025-12-09 01:19:39.875 67060 INFO tempest.lib.common.rest_client [req-2b8a1273-84c9-48c8-aaf8-2f47d2e64061 req-2b8a1273-84c9-48c8-aaf8-2f47d2e64061 ] Request (AttachInterfacesV270Test:tearDownClass): 204 DELETE http://10.180.1.21/networking/v2.0/security-groups/9d708fc2-2a8a-496b-aa38-543da371d27a 0.136s
2025-12-09 01:19:39.901 67090 INFO tempest.lib.common.rest_client [req-28b21b82-d51d-4003-9422-eb343d7772f0 req-28b21b82-d51d-4003-9422-eb343d7772f0 ] Request (ServerMetadataTestJSON:setUpClass): 200 GET http://10.180.1.21/compute/v2.1/servers/e1487f7b-5d8c-4b13-8dab-23d6adca70c1 1.226s
2025-12-09 01:19:39.973 67108 INFO tempest.lib.common.rest_client [req-acf9f0a9-4b5f-432f-a1eb-878846f9123f req-acf9f0a9-4b5f-432f-a1eb-878846f9123f ] Request (ListServersNegativeTestJSON:tearDownClass): 200 GET http://10.180.1.21/compute/v2.1/servers/c8c00a6c-caa2-45cc-a84c-edf531124125 1.139s
2025-12-09 01:19:39.976 67104 INFO tempest.lib.common.rest_client [req-5a50ac9b-ce77-4c88-b7c3-b9282bdd5b9f req-5a50ac9b-ce77-4c88-b7c3-b9282bdd5b9f ] Request (MigrationsAdminTest:test_resize_server_revert_deleted_flavor): 200 GET http://10.180.1.21/compute/v2.1/servers/ec0bf743-1bd4-4af7-b596-3691b2f1eb8d 1.209s
2025-12-09 01:19:39.989 67060 INFO tempest.lib.common.rest_client [req-6bbe60b4-0a2f-4a2e-b416-9595302b15c9 req-6bbe60b4-0a2f-4a2e-b416-9595302b15c9 ] Request (AttachInterfacesV270Test:tearDownClass): 204 DELETE http://10.180.1.21/identity/v3/projects/fed8f7769c7d4b3f895c9a141b5907cf 0.113s
2025-12-09 01:19:40.050 67072 INFO tempest.lib.common.rest_client [req-1a8f1744-4da3-47ca-ad6d-0166b56c22d9 req-1a8f1744-4da3-47ca-ad6d-0166b56c22d9 ] Request (ServersTestManualDisk:setUpClass): 200 GET http://10.180.1.21/compute/v2.1/servers/a5af2b0e-de51-430a-8e2b-752dcaa09722 0.932s
2025-12-09 01:19:40.072 67060 INFO tempest.lib.common.rest_client [req-ace44a7d-a893-440d-92ca-ffbc8fbfad9d req-ace44a7d-a893-440d-92ca-ffbc8fbfad9d ] Request (ServersListShow296Test:setUpClass): 201 POST http://10.180.1.21/identity/v3/auth/tokens 0.082s
2025-12-09 01:19:40.118 67088 INFO tempest.lib.common.rest_client [req-32a7814a-a756-41aa-81c0-e2beee2d758b req-32a7814a-a756-41aa-81c0-e2beee2d758b ] Request (ServerRescueNegativeTestJSON:setUpClass): 200 GET http://10.180.1.21/compute/v2.1/servers/c93c4303-a498-4c24-a063-f396a1753ad2 0.838s
2025-12-09 01:19:40.123 67060 INFO tempest.lib.common.rest_client [req-0b480350-6cac-4513-a01a-2d0d5863c0cd req-0b480350-6cac-4513-a01a-2d0d5863c0cd ] Request (ServersListShow296Test:setUpClass): 201 POST http://10.180.1.21/identity/v3/auth/tokens 0.047s
2025-12-09 01:19:40.156 67052 INFO tempest.lib.common.rest_client [req-f5910a50-4e6f-4335-9f68-d4698e17de0e req-f5910a50-4e6f-4335-9f68-d4698e17de0e ] Request (ServerRescueTestJSON:setUpClass): 200 GET http://10.180.1.21/compute/v2.1/servers/e0f82a16-b475-48db-9865-454a97f158f4 1.061s
2025-12-09 01:19:40.162 67060 INFO tempest.lib.common.rest_client [req-bd81d512-d58f-4c68-a1d7-c515c7de137b req-bd81d512-d58f-4c68-a1d7-c515c7de137b ] Request (ServersListShow296Test:setUpClass): 200 GET http://10.180.1.21/identity/v3/domains?name=Default 0.038s
2025-12-09 01:19:40.197 67076 INFO tempest.lib.common.rest_client [req-551905ca-c21f-402f-820d-e797f7cda672 req-551905ca-c21f-402f-820d-e797f7cda672 ] Request (ServerGroupTestJSON:test_create_server_with_scheduler_hint_group): 200 GET http://10.180.1.21/compute/v2.1/servers/ff027a65-418f-4b6f-b264-c0115ff3775f 0.737s
2025-12-09 01:19:40.205 67060 INFO tempest.lib.common.rest_client [req-e3f9e01a-8da0-4c21-b17a-937d4d57ed80 req-e3f9e01a-8da0-4c21-b17a-937d4d57ed80 ] Request (ServersListShow296Test:setUpClass): 201 POST http://10.180.1.21/identity/v3/projects 0.042s
2025-12-09 01:19:40.236 67058 INFO tempest.lib.common.rest_client [req-39b1413e-b625-4c09-9bc9-b8ba54d863cc req-39b1413e-b625-4c09-9bc9-b8ba54d863cc ] Request (ServersAdminNegativeTestJSON:tearDownClass): 404 GET http://10.180.1.21/compute/v2.1/servers/31095cc2-1d3e-4e11-90d1-9503954722d1 0.351s
2025-12-09 01:19:40.268 67080 INFO tempest.lib.common.rest_client [req-5f3898d8-4ecd-4900-9bbe-9a3a44e0dd2a req-5f3898d8-4ecd-4900-9bbe-9a3a44e0dd2a ] Request (ListImageFiltersTestJSON:setUpClass): 200 GET http://10.180.1.21/compute/v2.1/images/f2e6cabd-85cc-4030-a980-ffecc21089f0 0.598s
2025-12-09 01:19:40.319 67060 INFO tempest.lib.common.rest_client [req-afae4a0f-1e04-43d1-9361-93fe3b9d128e req-afae4a0f-1e04-43d1-9361-93fe3b9d128e ] Request (ServersListShow296Test:setUpClass): 201 POST http://10.180.1.21/identity/v3/users 0.114s
2025-12-09 01:19:40.353 67060 INFO tempest.lib.common.rest_client [req-ce0a2460-2710-44f8-8b25-f3ce5765080c req-ce0a2460-2710-44f8-8b25-f3ce5765080c ] Request (ServersListShow296Test:setUpClass): 200 GET http://10.180.1.21/identity/v3/roles 0.033s
2025-12-09 01:19:40.357 67082 INFO tempest.lib.common.rest_client [req-b7a3c750-5e51-4d5a-a422-c8624e9c822d req-b7a3c750-5e51-4d5a-a422-c8624e9c822d ] Request (InstanceActionsTestJSON:setUpClass): 200 GET http://10.180.1.21/compute/v2.1/servers/ada3be4c-9443-45bb-8cb4-1fbca45f50b1 0.371s
2025-12-09 01:19:40.374 67056 INFO tempest.lib.common.rest_client [req-7c2e8635-a5c6-4a6c-8a5e-f9e06f2e0e1a req-7c2e8635-a5c6-4a6c-8a5e-f9e06f2e0e1a ] Request (ImagesOneServerNegativeTestJSON:_run_cleanups): 200 GET http://10.180.1.21/compute/v2.1/servers/896e2f63-0e3e-497a-a4d1-83919195667f 0.469s
2025-12-09 01:19:40.402 67060 INFO tempest.lib.common.rest_client [req-d927fb1f-1b30-496d-b665-398379b35903 req-d927fb1f-1b30-496d-b665-398379b35903 ] Request (ServersListShow296Test:setUpClass): 204 PUT http://10.180.1.21/identity/v3/projects/bafc0f690f594bbc88d1afe69aa09f97/users/707953cad02243b28405a25b7814bf79/roles/819cb7db9d6f4b7495e80f3add51f957 0.048s
2025-12-09 01:19:40.402 67060 INFO tempest.lib.common.dynamic_creds [-] Dynamic test user 707953cad02243b28405a25b7814bf79 is created with scope project and roles: ['member']
2025-12-09 01:19:40.403 67060 INFO tempest.lib.common.dynamic_creds [-] Acquired dynamic creds: credentials: Credentials: {'domain_id': 'default', 'domain_name': 'Default', 'username': 'tempest-ServersListShow296Test-1506757188-project-member', 'project_domain_id': 'default', 'project_domain_name': 'Default', 'project_id': 'bafc0f690f594bbc88d1afe69aa09f97', 'project_name': 'tempest-ServersListShow296Test-1506757188', 'tenant_id': 'bafc0f690f594bbc88d1afe69aa09f97', 'tenant_name': 'tempest-ServersListShow296Test-1506757188', 'user_domain_id': 'default', 'user_domain_name': 'Default', 'user_id': '707953cad02243b28405a25b7814bf79', 'system': None}, Network: None, Subnet: None, Router: None
2025-12-09 01:19:40.403 67060 INFO tempest.lib.common.dynamic_creds [-] Created isolated network resources for: credentials: Credentials: {'domain_id': 'default', 'domain_name': 'Default', 'username': 'tempest-ServersListShow296Test-1506757188-project-member', 'project_domain_id': 'default', 'project_domain_name': 'Default', 'project_id': 'bafc0f690f594bbc88d1afe69aa09f97', 'project_name': 'tempest-ServersListShow296Test-1506757188', 'tenant_id': 'bafc0f690f594bbc88d1afe69aa09f97', 'tenant_name': 'tempest-ServersListShow296Test-1506757188', 'user_domain_id': 'default', 'user_domain_name': 'Default', 'user_id': '707953cad02243b28405a25b7814bf79', 'system': None}, Network: None, Subnet: None, Router: None
2025-12-09 01:19:40.418 67058 INFO tempest.lib.common.rest_client [req-f38a6620-2c15-49d3-b057-9de6b861ea91 req-f38a6620-2c15-49d3-b057-9de6b861ea91 ] Request (ServersAdminNegativeTestJSON:tearDownClass): 204 DELETE http://10.180.1.21/identity/v3/users/181eb989018c4fc7bf696f74a60d145f 0.181s
2025-12-09 01:19:40.446 67071 INFO tempest.lib.common.rest_client [req-4386fc31-0b29-45bd-be78-204ca483a0ba req-4386fc31-0b29-45bd-be78-204ca483a0ba ] Request (ServerShowV254Test:tearDownClass): 200 GET http://10.180.1.21/compute/v2.1/servers/1cc14be9-70ae-4467-8535-7072d14f7ed1 0.350s
2025-12-09 01:19:40.451 67064 INFO tempest.lib.common.rest_client [req-170d84d1-406f-4303-a2d7-abf02a534573 req-170d84d1-406f-4303-a2d7-abf02a534573 ] Request (ImagesNegativeTestJSON:test_create_image_from_deleted_server): 200 GET http://10.180.1.21/compute/v2.1/servers/5854850a-04a1-4652-8d37-f0ff343b9376 0.148s
2025-12-09 01:19:40.491 67060 INFO tempest.lib.common.rest_client [req-a926f316-4397-48f4-8d69-20089b54834e req-a926f316-4397-48f4-8d69-20089b54834e ] Request (ServersListShow296Test:setUpClass): 201 POST http://10.180.1.21/identity/v3/auth/tokens 0.084s
2025-12-09 01:19:40.538 67058 INFO tempest.lib.common.rest_client [req-b1176f0d-1866-4608-89e7-0a77a2cdaa41 req-b1176f0d-1866-4608-89e7-0a77a2cdaa41 ] Request (ServersAdminNegativeTestJSON:tearDownClass): 204 DELETE http://10.180.1.21/identity/v3/users/32f57e1b6b904ba6aeacc5fafd13eedb 0.119s
2025-12-09 01:19:40.538 67058 INFO tempest.lib.common.dynamic_creds [-] Deleting project and security group for project: ad75e0404e394f16822767e0441e86bd
2025-12-09 01:19:40.556 67060 INFO tempest.lib.common.rest_client [req-e95e253a-1e85-4b58-a334-0036345276d7 req-e95e253a-1e85-4b58-a334-0036345276d7 ] Request (ServersListShow296Test:test_list_show_update_rebuild_server_296): 201 POST http://10.180.1.21/identity/v3/auth/tokens 0.060s
2025-12-09 01:19:40.556 67060 INFO tempest.lib.common.fixed_network [-] (ServersListShow296Test:test_list_show_update_rebuild_server_296) Found network None available for tenant
2025-12-09 01:19:40.619 67058 INFO tempest.lib.common.rest_client [req-86d903a9-ec38-4e26-98d9-e022828287f6 req-86d903a9-ec38-4e26-98d9-e022828287f6 ] Request (ServersAdminNegativeTestJSON:tearDownClass): 201 POST http://10.180.1.21/identity/v3/auth/tokens 0.079s
2025-12-09 01:19:40.658 67054 INFO tempest.lib.common.rest_client [req-11851275-cf80-4e7d-a523-34f29f97e077 req-11851275-cf80-4e7d-a523-34f29f97e077 ] Request (ServersTestBootFromVolume:setUpClass): 200 GET http://10.180.1.21/volume/v3/volumes/5b1d4a1c-c751-484f-bd3a-5279aeb3b228 0.050s
2025-12-09 01:19:40.721 67066 INFO tempest.lib.common.rest_client [req-e2eff92b-4f1f-4d90-af9d-03a906fdfb49 req-e2eff92b-4f1f-4d90-af9d-03a906fdfb49 ] Request (ImagesTestJSON:test_create_image_from_stopped_server): 200 GET http://10.180.1.21/compute/v2.1/servers/73667900-f197-4353-a2d3-39b8f1cf5ec4 0.209s
2025-12-09 01:19:40.741 67058 INFO tempest.lib.common.rest_client [req-cf1f2a6f-fad2-45a5-88be-b9444a6ab446 req-cf1f2a6f-fad2-45a5-88be-b9444a6ab446 ] Request (ServersAdminNegativeTestJSON:tearDownClass): 200 GET http://10.180.1.21/networking/v2.0/security-groups?tenant_id=ad75e0404e394f16822767e0441e86bd&name=default 0.122s
2025-12-09 01:19:40.767 67079 WARNING tempest.lib.common.ssh [-] Failed to establish authenticated ssh connection to cirros@10.180.180.211 ([Errno None] Unable to connect to port 22 on 10.180.180.211). Number attempts: 8. Retry after 9 seconds.: paramiko.ssh_exception.NoValidConnectionsError: [Errno None] Unable to connect to port 22 on 10.180.180.211
2025-12-09 01:19:40.836 67058 INFO tempest.lib.common.rest_client [req-3b2af326-da69-4cf3-9eff-37065acfdfd3 req-3b2af326-da69-4cf3-9eff-37065acfdfd3 ] Request (ServersAdminNegativeTestJSON:tearDownClass): 204 DELETE http://10.180.1.21/networking/v2.0/security-groups/032352ff-6227-450a-8583-521478433ab2 0.095s
2025-12-09 01:19:40.857 67048 INFO tempest.lib.common.rest_client [req-b56763f0-790c-4a1c-b502-dcac7ffe74e9 req-b56763f0-790c-4a1c-b502-dcac7ffe74e9 ] Request (ServerShowV257Test:tearDownClass): 200 GET http://10.180.1.21/compute/v2.1/servers/c4e8f1ce-9f50-434d-b23d-2a230a5f2261 0.216s
2025-12-09 01:19:40.879 67060 INFO tempest.lib.common.rest_client [req-91a215d6-a4b0-456c-a801-6a21f727600a req-91a215d6-a4b0-456c-a801-6a21f727600a ] Request (ServersListShow296Test:test_list_show_update_rebuild_server_296): 202 POST http://10.180.1.21/compute/v2.1/servers 0.322s
2025-12-09 01:19:40.928 67058 INFO tempest.lib.common.rest_client [req-b67e6def-c00d-4d72-b757-af1acf03a0fb req-b67e6def-c00d-4d72-b757-af1acf03a0fb ] Request (ServersAdminNegativeTestJSON:tearDownClass): 204 DELETE http://10.180.1.21/identity/v3/projects/ad75e0404e394f16822767e0441e86bd 0.091s
2025-12-09 01:19:40.928 67058 INFO tempest.lib.common.dynamic_creds [-] Deleting project and security group for project: 2a53338166754171ba74b6a2cee5d531
2025-12-09 01:19:40.959 67106 INFO tempest.lib.common.rest_client [req-5a24c016-2e10-424e-b310-d2efbfcfb74b req-5a24c016-2e10-424e-b310-d2efbfcfb74b ] Request (SecurityGroupsTestJSON:test_server_security_groups): 200 GET http://10.180.1.21/compute/v2.1/servers/3445c167-c44b-4fd0-955b-e54d6278a1f4 0.180s
2025-12-09 01:19:41.031 67058 INFO tempest.lib.common.rest_client [req-0cd38ef0-fe31-49f7-9b5e-0043d534bd72 req-0cd38ef0-fe31-49f7-9b5e-0043d534bd72 ] Request (ServersAdminNegativeTestJSON:tearDownClass): 200 GET http://10.180.1.21/networking/v2.0/security-groups?tenant_id=2a53338166754171ba74b6a2cee5d531&name=default 0.103s
2025-12-09 01:19:41.070 67060 INFO tempest.lib.common.rest_client [req-8c669f57-6d88-4ea5-9230-85168ed6f7c5 req-8c669f57-6d88-4ea5-9230-85168ed6f7c5 ] Request (ServersListShow296Test:test_list_show_update_rebuild_server_296): 200 GET http://10.180.1.21/compute/v2.1/servers/5e45737f-5d63-4ab2-bbe8-d53a598a8eec 0.187s
2025-12-09 01:19:41.094 67068 INFO tempest.lib.common.rest_client [req-d233d1d5-3d02-4494-b6b0-e0abaa20cf63 req-d233d1d5-3d02-4494-b6b0-e0abaa20cf63 ] Request (ServersAdminTestJSON:tearDownClass): 200 GET http://10.180.1.21/compute/v2.1/servers/b07a4752-d25d-4de2-8330-5d314a7e64ae 0.264s
2025-12-09 01:19:41.164 67058 INFO tempest.lib.common.rest_client [req-2ff287fd-e7d5-4cda-a0b4-ccd0719b6dc9 req-2ff287fd-e7d5-4cda-a0b4-ccd0719b6dc9 ] Request (ServersAdminNegativeTestJSON:tearDownClass): 204 DELETE http://10.180.1.21/networking/v2.0/security-groups/9c72a991-17a8-4796-a798-3c6fc18e13c7 0.132s
2025-12-09 01:19:41.186 67108 INFO tempest.lib.common.rest_client [req-a809b149-2cc0-4a63-9ec9-0b15261618cc req-a809b149-2cc0-4a63-9ec9-0b15261618cc ] Request (ListServersNegativeTestJSON:tearDownClass): 200 GET http://10.180.1.21/compute/v2.1/servers/c8c00a6c-caa2-45cc-a84c-edf531124125 0.204s
2025-12-09 01:19:41.217 67062 WARNING tempest.lib.common.ssh [-] Failed to establish authenticated ssh connection to cirros@10.180.180.244 ([Errno None] Unable to connect to port 22 on 10.180.180.244). Number attempts: 4. Retry after 5 seconds.: paramiko.ssh_exception.NoValidConnectionsError: [Errno None] Unable to connect to port 22 on 10.180.180.244
2025-12-09 01:19:41.274 67046 WARNING tempest.lib.common.ssh [-] Failed to establish authenticated ssh connection to cirros@10.180.180.192 ([Errno None] Unable to connect to port 22 on 10.180.180.192). Number attempts: 7. Retry after 8 seconds.: paramiko.ssh_exception.NoValidConnectionsError: [Errno None] Unable to connect to port 22 on 10.180.180.192
2025-12-09 01:19:41.303 67090 INFO tempest.lib.common.rest_client [req-7e64614e-b36e-4c63-8d18-647aec48abe6 req-7e64614e-b36e-4c63-8d18-647aec48abe6 ] Request (ServerMetadataTestJSON:setUpClass): 200 GET http://10.180.1.21/compute/v2.1/servers/e1487f7b-5d8c-4b13-8dab-23d6adca70c1 0.391s
2025-12-09 01:19:41.314 67058 INFO tempest.lib.common.rest_client [req-802a51ca-f54b-4ff1-8820-0d573c090e89 req-802a51ca-f54b-4ff1-8820-0d573c090e89 ] Request (ServersAdminNegativeTestJSON:tearDownClass): 204 DELETE http://10.180.1.21/identity/v3/projects/2a53338166754171ba74b6a2cee5d531 0.150s
2025-12-09 01:19:41.368 67072 INFO tempest.lib.common.rest_client [req-39d6aed6-cfe6-4283-acba-ddec298e036f req-39d6aed6-cfe6-4283-acba-ddec298e036f ] Request (ServersTestManualDisk:setUpClass): 200 GET http://10.180.1.21/compute/v2.1/servers/a5af2b0e-de51-430a-8e2b-752dcaa09722 0.307s
2025-12-09 01:19:41.377 67104 INFO tempest.lib.common.rest_client [req-928e9bb0-c9eb-4f2d-b1c8-89277b22b819 req-928e9bb0-c9eb-4f2d-b1c8-89277b22b819 ] Request (MigrationsAdminTest:test_resize_server_revert_deleted_flavor): 200 GET http://10.180.1.21/compute/v2.1/servers/ec0bf743-1bd4-4af7-b596-3691b2f1eb8d 0.391s
2025-12-09 01:19:41.392 67058 INFO tempest.lib.common.rest_client [req-f253cffc-2f5c-4625-a01b-cb97fb3ffb18 req-f253cffc-2f5c-4625-a01b-cb97fb3ffb18 ] Request (TenantUsagesTestJSON:setUpClass): 201 POST http://10.180.1.21/identity/v3/auth/tokens 0.076s
2025-12-09 01:19:41.438 67058 INFO tempest.lib.common.rest_client [req-f48f08c8-25dd-4c1e-a10e-4765563b538d req-f48f08c8-25dd-4c1e-a10e-4765563b538d ] Request (TenantUsagesTestJSON:setUpClass): 201 POST http://10.180.1.21/identity/v3/auth/tokens 0.043s
2025-12-09 01:19:41.445 67088 INFO tempest.lib.common.rest_client [req-0407ae19-50a1-4886-a815-b27deb1f0256 req-0407ae19-50a1-4886-a815-b27deb1f0256 ] Request (ServerRescueNegativeTestJSON:setUpClass): 200 GET http://10.180.1.21/compute/v2.1/servers/c93c4303-a498-4c24-a063-f396a1753ad2 0.319s
2025-12-09 01:19:41.467 67058 INFO tempest.lib.common.rest_client [req-c19a46a9-de23-4040-8320-ab5ccb8109d6 req-c19a46a9-de23-4040-8320-ab5ccb8109d6 ] Request (TenantUsagesTestJSON:setUpClass): 200 GET http://10.180.1.21/identity/v3/domains?name=Default 0.028s
2025-12-09 01:19:41.501 67058 INFO tempest.lib.common.rest_client [req-676aa831-fb1c-4e62-82ae-d14e532f7084 req-676aa831-fb1c-4e62-82ae-d14e532f7084 ] Request (TenantUsagesTestJSON:setUpClass): 201 POST http://10.180.1.21/identity/v3/projects 0.033s
2025-12-09 01:19:41.504 67076 INFO tempest.lib.common.rest_client [req-3e80b0e1-98c3-4161-8f4c-d0b5228435d5 req-3e80b0e1-98c3-4161-8f4c-d0b5228435d5 ] Request (ServerGroupTestJSON:test_create_server_with_scheduler_hint_group): 200 GET http://10.180.1.21/compute/v2.1/servers/ff027a65-418f-4b6f-b264-c0115ff3775f 0.293s
2025-12-09 01:19:41.508 67052 INFO tempest.lib.common.rest_client [req-4bf697d7-f0ff-45e1-8895-f2438d1110b7 req-4bf697d7-f0ff-45e1-8895-f2438d1110b7 ] Request (ServerRescueTestJSON:setUpClass): 200 GET http://10.180.1.21/compute/v2.1/servers/e0f82a16-b475-48db-9865-454a97f158f4 0.334s
2025-12-09 01:19:41.515 67052 INFO tempest.common.waiters [-] State transition "ACTIVE/rescuing" ==> "RESCUE/None" after 10 second wait
2025-12-09 01:19:41.554 67080 INFO tempest.lib.common.rest_client [req-27cffca9-1dc7-4b20-9ceb-c59adb262c1f req-27cffca9-1dc7-4b20-9ceb-c59adb262c1f ] Request (ListImageFiltersTestJSON:setUpClass): 200 GET http://10.180.1.21/compute/v2.1/images/f2e6cabd-85cc-4030-a980-ffecc21089f0 0.277s
2025-12-09 01:19:41.562 67082 INFO tempest.lib.common.rest_client [req-b10ce0d1-e44d-4a2a-b7bb-b85f4969adec req-b10ce0d1-e44d-4a2a-b7bb-b85f4969adec ] Request (InstanceActionsTestJSON:setUpClass): 200 GET http://10.180.1.21/compute/v2.1/servers/ada3be4c-9443-45bb-8cb4-1fbca45f50b1 0.194s
2025-12-09 01:19:41.581 67058 INFO tempest.lib.common.rest_client [req-98544943-7546-4250-b44f-c0ee2438c2fe req-98544943-7546-4250-b44f-c0ee2438c2fe ] Request (TenantUsagesTestJSON:setUpClass): 201 POST http://10.180.1.21/identity/v3/users 0.079s
2025-12-09 01:19:41.582 67052 INFO tempest.lib.common.rest_client [req-0ec4ddb9-6364-4543-95e4-f64335c0f73a req-0ec4ddb9-6364-4543-95e4-f64335c0f73a ] Request (ServerRescueTestJSON:test_rescue_unrescue_instance): 201 POST http://10.180.1.21/identity/v3/auth/tokens 0.063s
2025-12-09 01:19:41.582 67052 INFO tempest.lib.common.fixed_network [-] (ServerRescueTestJSON:test_rescue_unrescue_instance) Found network {'id': 'bafabd53-b059-4ae4-9ca0-466ffedf7118', 'name': 'tempest-ServerRescueTestJSON-1820962069-network', 'tenant_id': '9e29923c950b4db1848320ab8d486512', 'project_id': '9e29923c950b4db1848320ab8d486512', 'admin_state_up': True, 'mtu': 8950, 'status': 'ACTIVE', 'subnets': [], 'shared': False, 'port_security_enabled': True, 'router:external': False, 'provider:network_type': 'vlan', 'provider:physical_network': 'default', 'provider:segmentation_id': 512, 'availability_zone_hints': [], 'availability_zones': [], 'ipv4_address_scope': None, 'ipv6_address_scope': None, 'description': '', 'tags': [], 'created_at': '2025-12-09T01:18:33Z', 'updated_at': '2025-12-09T01:18:33Z', 'revision_number': 1} available for tenant
2025-12-09 01:19:41.605 67058 INFO tempest.lib.common.rest_client [req-06862f46-c534-408f-b71f-417938d51a8c req-06862f46-c534-408f-b71f-417938d51a8c ] Request (TenantUsagesTestJSON:setUpClass): 200 GET http://10.180.1.21/identity/v3/roles 0.023s
2025-12-09 01:19:41.630 67071 INFO tempest.lib.common.rest_client [req-4fec22ce-5eab-4d7b-83f0-3a7aca9cd9ef req-4fec22ce-5eab-4d7b-83f0-3a7aca9cd9ef ] Request (ServerShowV254Test:tearDownClass): 200 GET http://10.180.1.21/compute/v2.1/servers/1cc14be9-70ae-4467-8535-7072d14f7ed1 0.173s
2025-12-09 01:19:41.631 67056 INFO tempest.lib.common.rest_client [req-e6d2acba-52c6-461e-bdc6-a75c834dc021 req-e6d2acba-52c6-461e-bdc6-a75c834dc021 ] Request (ImagesOneServerNegativeTestJSON:_run_cleanups): 200 GET http://10.180.1.21/compute/v2.1/servers/896e2f63-0e3e-497a-a4d1-83919195667f 0.244s
2025-12-09 01:19:41.640 67058 INFO tempest.lib.common.rest_client [req-31384e37-4ddb-47dd-b2d2-471ae585dac9 req-31384e37-4ddb-47dd-b2d2-471ae585dac9 ] Request (TenantUsagesTestJSON:setUpClass): 204 PUT http://10.180.1.21/identity/v3/projects/912ee7d39de94a4f8be5be465743ac61/users/6f61556a0d624a03b6f44da7099148e1/roles/819cb7db9d6f4b7495e80f3add51f957 0.035s
2025-12-09 01:19:41.640 67058 INFO tempest.lib.common.dynamic_creds [-] Dynamic test user 6f61556a0d624a03b6f44da7099148e1 is created with scope project and roles: ['member']
2025-12-09 01:19:41.641 67058 INFO tempest.lib.common.dynamic_creds [-] Acquired dynamic creds: credentials: Credentials: {'domain_id': 'default', 'domain_name': 'Default', 'username': 'tempest-TenantUsagesTestJSON-247318601-project-member', 'project_domain_id': 'default', 'project_domain_name': 'Default', 'project_id': '912ee7d39de94a4f8be5be465743ac61', 'project_name': 'tempest-TenantUsagesTestJSON-247318601', 'tenant_id': '912ee7d39de94a4f8be5be465743ac61', 'tenant_name': 'tempest-TenantUsagesTestJSON-247318601', 'user_domain_id': 'default', 'user_domain_name': 'Default', 'user_id': '6f61556a0d624a03b6f44da7099148e1', 'system': None}, Network: None, Subnet: None, Router: None
2025-12-09 01:19:41.641 67058 INFO tempest.lib.common.dynamic_creds [-] Created isolated network resources for: credentials: Credentials: {'domain_id': 'default', 'domain_name': 'Default', 'username': 'tempest-TenantUsagesTestJSON-247318601-project-member', 'project_domain_id': 'default', 'project_domain_name': 'Default', 'project_id': '912ee7d39de94a4f8be5be465743ac61', 'project_name': 'tempest-TenantUsagesTestJSON-247318601', 'tenant_id': '912ee7d39de94a4f8be5be465743ac61', 'tenant_name': 'tempest-TenantUsagesTestJSON-247318601', 'user_domain_id': 'default', 'user_domain_name': 'Default', 'user_id': '6f61556a0d624a03b6f44da7099148e1', 'system': None}, Network: None, Subnet: None, Router: None
2025-12-09 01:19:41.709 67054 INFO tempest.lib.common.rest_client [req-ebf862cd-936f-44fc-8b9b-f9fa5d8482d3 req-ebf862cd-936f-44fc-8b9b-f9fa5d8482d3 ] Request (ServersTestBootFromVolume:setUpClass): 200 GET http://10.180.1.21/volume/v3/volumes/5b1d4a1c-c751-484f-bd3a-5279aeb3b228 0.041s
2025-12-09 01:19:41.711 67064 INFO tempest.lib.common.rest_client [req-86dccfe1-95b9-4d08-a9c4-2b56433fa26b req-86dccfe1-95b9-4d08-a9c4-2b56433fa26b ] Request (ImagesNegativeTestJSON:test_create_image_from_deleted_server): 200 GET http://10.180.1.21/compute/v2.1/servers/5854850a-04a1-4652-8d37-f0ff343b9376 0.248s
2025-12-09 01:19:41.737 67058 INFO tempest.lib.common.rest_client [req-8a21f357-2f37-46e4-8825-4e4cde7e6ddd req-8a21f357-2f37-46e4-8825-4e4cde7e6ddd ] Request (TenantUsagesTestJSON:setUpClass): 201 POST http://10.180.1.21/identity/v3/auth/tokens 0.092s
2025-12-09 01:19:41.812 67058 INFO tempest.lib.common.rest_client [req-99d77d4c-339b-44f9-8f38-fbb927862665 req-99d77d4c-339b-44f9-8f38-fbb927862665 ] Request (TenantUsagesTestJSON:setUpClass): 201 POST http://10.180.1.21/identity/v3/projects 0.074s
2025-12-09 01:19:41.865 67066 INFO tempest.lib.common.rest_client [req-21125219-4fe6-49af-a9fc-896a7a71158a req-21125219-4fe6-49af-a9fc-896a7a71158a ] Request (ImagesTestJSON:test_create_image_from_stopped_server): 200 GET http://10.180.1.21/compute/v2.1/servers/73667900-f197-4353-a2d3-39b8f1cf5ec4 0.129s
2025-12-09 01:19:41.876 67066 INFO tempest.common.waiters [-] State transition "ACTIVE/powering-off" ==> "SHUTOFF/None" after 2 second wait
2025-12-09 01:19:41.888 67058 INFO tempest.lib.common.rest_client [req-0a997ce6-828a-40c7-b936-ae890a81c8f0 req-0a997ce6-828a-40c7-b936-ae890a81c8f0 ] Request (TenantUsagesTestJSON:setUpClass): 201 POST http://10.180.1.21/identity/v3/users 0.075s
2025-12-09 01:19:41.916 67058 INFO tempest.lib.common.rest_client [req-1ead3b2f-c1cb-466a-a2b8-b1e8a8de6d41 req-1ead3b2f-c1cb-466a-a2b8-b1e8a8de6d41 ] Request (TenantUsagesTestJSON:setUpClass): 200 GET http://10.180.1.21/identity/v3/roles 0.027s
2025-12-09 01:19:41.947 67048 INFO tempest.lib.common.rest_client [req-786de9d3-47c8-467f-b192-cc5969d988d8 req-786de9d3-47c8-467f-b192-cc5969d988d8 ] Request (ServerShowV257Test:tearDownClass): 200 GET http://10.180.1.21/compute/v2.1/servers/c4e8f1ce-9f50-434d-b23d-2a230a5f2261 0.078s
2025-12-09 01:19:41.958 67058 INFO tempest.lib.common.rest_client [req-fcb7a359-7439-41e9-aa89-1eff9ff6d51a req-fcb7a359-7439-41e9-aa89-1eff9ff6d51a ] Request (TenantUsagesTestJSON:setUpClass): 204 PUT http://10.180.1.21/identity/v3/projects/f6371a6f344a4e2686007a3017a5b074/users/5de131b6ca504337b98c22238d43f9f3/roles/17231d19fda745d7afb08ebbe10dab52 0.041s
2025-12-09 01:19:42.032 67058 INFO tempest.lib.common.rest_client [req-b66febbf-ed40-4da8-be37-ccc7bc132556 req-b66febbf-ed40-4da8-be37-ccc7bc132556 ] Request (TenantUsagesTestJSON:setUpClass): 200 GET http://10.180.1.21/identity/v3/roles 0.071s
2025-12-09 01:19:42.050 67052 INFO tempest.lib.common.rest_client [req-d29fbe03-005e-490b-94d0-db695e1e070b req-d29fbe03-005e-490b-94d0-db695e1e070b ] Request (ServerRescueTestJSON:test_rescue_unrescue_instance): 202 POST http://10.180.1.21/compute/v2.1/servers 0.467s
2025-12-09 01:19:42.061 67058 INFO tempest.lib.common.rest_client [req-260d4e01-a81d-4639-aa6b-623111ea430d req-260d4e01-a81d-4639-aa6b-623111ea430d ] Request (TenantUsagesTestJSON:setUpClass): 204 PUT http://10.180.1.21/identity/v3/projects/f6371a6f344a4e2686007a3017a5b074/users/5de131b6ca504337b98c22238d43f9f3/roles/17231d19fda745d7afb08ebbe10dab52 0.028s
2025-12-09 01:19:42.061 67058 INFO tempest.lib.common.dynamic_creds [-] Dynamic test user 5de131b6ca504337b98c22238d43f9f3 is created with scope project and roles: ['admin']
2025-12-09 01:19:42.061 67058 INFO tempest.lib.common.dynamic_creds [-] Acquired dynamic creds: credentials: Credentials: {'domain_id': 'default', 'domain_name': 'Default', 'username': 'tempest-TenantUsagesTestJSON-213855850-project-admin', 'project_domain_id': 'default', 'project_domain_name': 'Default', 'project_id': 'f6371a6f344a4e2686007a3017a5b074', 'project_name': 'tempest-TenantUsagesTestJSON-213855850', 'tenant_id': 'f6371a6f344a4e2686007a3017a5b074', 'tenant_name': 'tempest-TenantUsagesTestJSON-213855850', 'user_domain_id': 'default', 'user_domain_name': 'Default', 'user_id': '5de131b6ca504337b98c22238d43f9f3', 'system': None}, Network: None, Subnet: None, Router: None
2025-12-09 01:19:42.061 67058 INFO tempest.lib.common.dynamic_creds [-] Created isolated network resources for: credentials: Credentials: {'domain_id': 'default', 'domain_name': 'Default', 'username': 'tempest-TenantUsagesTestJSON-213855850-project-admin', 'project_domain_id': 'default', 'project_domain_name': 'Default', 'project_id': 'f6371a6f344a4e2686007a3017a5b074', 'project_name': 'tempest-TenantUsagesTestJSON-213855850', 'tenant_id': 'f6371a6f344a4e2686007a3017a5b074', 'tenant_name': 'tempest-TenantUsagesTestJSON-213855850', 'user_domain_id': 'default', 'user_domain_name': 'Default', 'user_id': '5de131b6ca504337b98c22238d43f9f3', 'system': None}, Network: None, Subnet: None, Router: None
2025-12-09 01:19:42.140 67106 INFO tempest.lib.common.rest_client [req-b390fdb6-6f15-417b-a962-d724f28650e9 req-b390fdb6-6f15-417b-a962-d724f28650e9 ] Request (SecurityGroupsTestJSON:test_server_security_groups): 200 GET http://10.180.1.21/compute/v2.1/servers/3445c167-c44b-4fd0-955b-e54d6278a1f4 0.169s
2025-12-09 01:19:42.173 67058 INFO tempest.lib.common.rest_client [req-477d406a-f62e-4b40-8cf6-87e6fcd6c8ab req-477d406a-f62e-4b40-8cf6-87e6fcd6c8ab ] Request (TenantUsagesTestJSON:setUpClass): 201 POST http://10.180.1.21/identity/v3/auth/tokens 0.105s
2025-12-09 01:19:42.198 67052 INFO tempest.lib.common.rest_client [req-bd7e8b35-69d9-46cb-9389-0274d615f35a req-bd7e8b35-69d9-46cb-9389-0274d615f35a ] Request (ServerRescueTestJSON:test_rescue_unrescue_instance): 200 GET http://10.180.1.21/compute/v2.1/servers/20360775-1d24-426c-9e51-79bc49cefd0d 0.146s
2025-12-09 01:19:42.259 67058 INFO tempest.lib.common.rest_client [req-cb7e3d6a-5345-4d8d-ad16-2a8be3f7124a req-cb7e3d6a-5345-4d8d-ad16-2a8be3f7124a ] Request (TenantUsagesTestJSON:setUpClass): 201 POST http://10.180.1.21/identity/v3/auth/tokens 0.080s
2025-12-09 01:19:42.259 67058 INFO tempest.lib.common.fixed_network [-] (TenantUsagesTestJSON:setUpClass) Found network None available for tenant
2025-12-09 01:19:42.272 67060 INFO tempest.lib.common.rest_client [req-2de56ae9-4ab4-4133-ac6e-c17e2adc62a2 req-2de56ae9-4ab4-4133-ac6e-c17e2adc62a2 ] Request (ServersListShow296Test:test_list_show_update_rebuild_server_296): 200 GET http://10.180.1.21/compute/v2.1/servers/5e45737f-5d63-4ab2-bbe8-d53a598a8eec 0.188s
2025-12-09 01:19:42.288 67060 INFO tempest.common.waiters [-] State transition "BUILD/scheduling" ==> "BUILD/None" after 1 second wait
2025-12-09 01:19:42.345 67068 INFO tempest.lib.common.rest_client [req-73b4ab39-835d-4ee4-a5f7-876bf4ab57c1 req-73b4ab39-835d-4ee4-a5f7-876bf4ab57c1 ] Request (ServersAdminTestJSON:tearDownClass): 200 GET http://10.180.1.21/compute/v2.1/servers/b07a4752-d25d-4de2-8330-5d314a7e64ae 0.239s
2025-12-09 01:19:42.352 67068 INFO tempest.common.waiters [-] State transition "ACTIVE/deleting" ==> "DELETED/None" after 3 second wait
2025-12-09 01:19:42.410 67108 INFO tempest.lib.common.rest_client [req-2fd20fa5-89b5-4b10-8770-ddb8e542a555 req-2fd20fa5-89b5-4b10-8770-ddb8e542a555 ] Request (ListServersNegativeTestJSON:tearDownClass): 200 GET http://10.180.1.21/compute/v2.1/servers/c8c00a6c-caa2-45cc-a84c-edf531124125 0.213s
2025-12-09 01:19:42.501 67066 INFO tempest.lib.common.rest_client [req-fc87ec5a-1eb3-42e1-8d1f-e91f477edf6e req-fc87ec5a-1eb3-42e1-8d1f-e91f477edf6e ] Request (ImagesTestJSON:test_create_image_from_stopped_server): 202 POST http://10.180.1.21/compute/v2.1/servers/73667900-f197-4353-a2d3-39b8f1cf5ec4/action 0.623s
2025-12-09 01:19:42.665 67090 INFO tempest.lib.common.rest_client [req-68cb28d9-5545-417e-bc54-876469035a1b req-68cb28d9-5545-417e-bc54-876469035a1b ] Request (ServerMetadataTestJSON:setUpClass): 200 GET http://10.180.1.21/compute/v2.1/servers/e1487f7b-5d8c-4b13-8dab-23d6adca70c1 0.351s
2025-12-09 01:19:42.738 67072 INFO tempest.lib.common.rest_client [req-c565deb8-0b27-46d1-8786-9d60057255c9 req-c565deb8-0b27-46d1-8786-9d60057255c9 ] Request (ServersTestManualDisk:setUpClass): 200 GET http://10.180.1.21/compute/v2.1/servers/a5af2b0e-de51-430a-8e2b-752dcaa09722 0.359s
2025-12-09 01:19:42.752 67054 INFO tempest.lib.common.rest_client [req-a8de066d-ae14-4dba-9bfa-5c0b08474e79 req-a8de066d-ae14-4dba-9bfa-5c0b08474e79 ] Request (ServersTestBootFromVolume:setUpClass): 200 GET http://10.180.1.21/volume/v3/volumes/5b1d4a1c-c751-484f-bd3a-5279aeb3b228 0.033s
2025-12-09 01:19:42.836 67058 INFO tempest.lib.common.rest_client [req-3adf5bcb-599d-41c8-be37-cfb943702853 req-3adf5bcb-599d-41c8-be37-cfb943702853 ] Request (TenantUsagesTestJSON:setUpClass): 202 POST http://10.180.1.21/compute/v2.1/servers 0.576s
2025-12-09 01:19:43.011 67104 INFO tempest.lib.common.rest_client [req-cfe0f90b-5930-45d0-a90a-c898564da2a2 req-cfe0f90b-5930-45d0-a90a-c898564da2a2 ] Request (MigrationsAdminTest:test_resize_server_revert_deleted_flavor): 200 GET http://10.180.1.21/compute/v2.1/servers/ec0bf743-1bd4-4af7-b596-3691b2f1eb8d 0.625s
2025-12-09 01:19:43.044 67088 INFO tempest.lib.common.rest_client [req-15453ad8-90c0-49f7-8534-4d5d356da67a req-15453ad8-90c0-49f7-8534-4d5d356da67a ] Request (ServerRescueNegativeTestJSON:setUpClass): 200 GET http://10.180.1.21/compute/v2.1/servers/c93c4303-a498-4c24-a063-f396a1753ad2 0.589s
2025-12-09 01:19:43.061 67088 INFO tempest.common.waiters [-] State transition "BUILD/None" ==> "BUILD/networking" after 34 second wait
2025-12-09 01:19:43.072 67066 INFO tempest.lib.common.rest_client [req-1c091149-2c36-444c-b6ae-752cb5b4dc6f req-1c091149-2c36-444c-b6ae-752cb5b4dc6f ] Request (ImagesTestJSON:test_create_image_from_stopped_server): 200 GET http://10.180.1.21/compute/v2.1/images/279294e7-ca42-4213-94ee-12c984a4909f 0.570s
2025-12-09 01:19:43.121 67080 INFO tempest.lib.common.rest_client [req-5c695643-8165-4dbd-9a21-d2f2edbdc848 req-5c695643-8165-4dbd-9a21-d2f2edbdc848 ] Request (ListImageFiltersTestJSON:setUpClass): 200 GET http://10.180.1.21/compute/v2.1/images/f2e6cabd-85cc-4030-a980-ffecc21089f0 0.561s
2025-12-09 01:19:43.126 67076 INFO tempest.lib.common.rest_client [req-45e3351c-27ca-4222-a51e-43c0f74c6be1 req-45e3351c-27ca-4222-a51e-43c0f74c6be1 ] Request (ServerGroupTestJSON:test_create_server_with_scheduler_hint_group): 200 GET http://10.180.1.21/compute/v2.1/servers/ff027a65-418f-4b6f-b264-c0115ff3775f 0.608s
2025-12-09 01:19:43.196 67082 INFO tempest.lib.common.rest_client [req-7e01516e-3496-4061-a166-26f5a584ca0c req-7e01516e-3496-4061-a166-26f5a584ca0c ] Request (InstanceActionsTestJSON:setUpClass): 200 GET http://10.180.1.21/compute/v2.1/servers/ada3be4c-9443-45bb-8cb4-1fbca45f50b1 0.625s
2025-12-09 01:19:43.221 67056 INFO tempest.lib.common.rest_client [req-749face7-e390-4acb-a3b0-47a6ecad06e4 req-749face7-e390-4acb-a3b0-47a6ecad06e4 ] Request (ImagesOneServerNegativeTestJSON:_run_cleanups): 200 GET http://10.180.1.21/compute/v2.1/servers/896e2f63-0e3e-497a-a4d1-83919195667f 0.578s
2025-12-09 01:19:43.304 67071 INFO tempest.lib.common.rest_client [req-7f335260-5a62-445d-bbe7-5d19bb69c8ea req-7f335260-5a62-445d-bbe7-5d19bb69c8ea ] Request (ServerShowV254Test:tearDownClass): 200 GET http://10.180.1.21/compute/v2.1/servers/1cc14be9-70ae-4467-8535-7072d14f7ed1 0.656s
2025-12-09 01:19:43.319 67064 INFO tempest.lib.common.rest_client [req-c6aa4726-314b-43fd-ae6c-a02b965ba187 req-c6aa4726-314b-43fd-ae6c-a02b965ba187 ] Request (ImagesNegativeTestJSON:test_create_image_from_deleted_server): 200 GET http://10.180.1.21/compute/v2.1/servers/5854850a-04a1-4652-8d37-f0ff343b9376 0.592s
2025-12-09 01:19:43.356 67058 INFO tempest.lib.common.rest_client [req-6d75ac57-dd9b-423e-95e9-f491d1c81d32 req-6d75ac57-dd9b-423e-95e9-f491d1c81d32 ] Request (TenantUsagesTestJSON:setUpClass): 200 GET http://10.180.1.21/compute/v2.1/servers/a916ae06-5728-4d0a-bb66-9f2f6c5e9f09 0.517s
2025-12-09 01:19:43.400 67048 INFO tempest.lib.common.rest_client [req-a4eb3aee-8b19-4239-b2a1-5c549ca26170 req-a4eb3aee-8b19-4239-b2a1-5c549ca26170 ] Request (ServerShowV257Test:tearDownClass): 200 GET http://10.180.1.21/compute/v2.1/servers/c4e8f1ce-9f50-434d-b23d-2a230a5f2261 0.441s
2025-12-09 01:19:43.417 67106 INFO tempest.lib.common.rest_client [req-c4dae9b1-f14f-4223-bad8-aa2a19572ee8 req-c4dae9b1-f14f-4223-bad8-aa2a19572ee8 ] Request (SecurityGroupsTestJSON:test_server_security_groups): 200 GET http://10.180.1.21/compute/v2.1/servers/3445c167-c44b-4fd0-955b-e54d6278a1f4 0.260s
2025-12-09 01:19:43.456 67052 INFO tempest.lib.common.rest_client [req-ed09a587-01da-48df-8064-0d95cf5947ac req-ed09a587-01da-48df-8064-0d95cf5947ac ] Request (ServerRescueTestJSON:test_rescue_unrescue_instance): 200 GET http://10.180.1.21/compute/v2.1/servers/20360775-1d24-426c-9e51-79bc49cefd0d 0.249s
2025-12-09 01:19:43.463 67052 INFO tempest.common.waiters [-] State transition "BUILD/scheduling" ==> "BUILD/None" after 1 second wait
2025-12-09 01:19:43.493 67060 INFO tempest.lib.common.rest_client [req-f796c1ff-d137-4e92-b897-dc98d310810c req-f796c1ff-d137-4e92-b897-dc98d310810c ] Request (ServersListShow296Test:test_list_show_update_rebuild_server_296): 200 GET http://10.180.1.21/compute/v2.1/servers/5e45737f-5d63-4ab2-bbe8-d53a598a8eec 0.203s
2025-12-09 01:19:43.533 67068 INFO tempest.lib.common.rest_client [req-b77d6567-017f-40f5-9596-56150bdd57e2 req-b77d6567-017f-40f5-9596-56150bdd57e2 ] Request (ServersAdminTestJSON:tearDownClass): 200 GET http://10.180.1.21/compute/v2.1/servers/b07a4752-d25d-4de2-8330-5d314a7e64ae 0.179s
2025-12-09 01:19:43.580 67108 INFO tempest.lib.common.rest_client [req-417667b8-1565-47ae-b1cf-0818fef7753b req-417667b8-1565-47ae-b1cf-0818fef7753b ] Request (ListServersNegativeTestJSON:tearDownClass): 200 GET http://10.180.1.21/compute/v2.1/servers/c8c00a6c-caa2-45cc-a84c-edf531124125 0.162s
2025-12-09 01:19:43.793 67090 INFO tempest.lib.common.rest_client [req-aed66c6c-32a7-498c-b9cb-302e0b14545d req-aed66c6c-32a7-498c-b9cb-302e0b14545d ] Request (ServerMetadataTestJSON:setUpClass): 200 GET http://10.180.1.21/compute/v2.1/servers/e1487f7b-5d8c-4b13-8dab-23d6adca70c1 0.115s
2025-12-09 01:19:43.795 67054 INFO tempest.lib.common.rest_client [req-d8f7cb8f-0258-41d6-8437-3b6abe096fdb req-d8f7cb8f-0258-41d6-8437-3b6abe096fdb ] Request (ServersTestBootFromVolume:setUpClass): 200 GET http://10.180.1.21/volume/v3/volumes/5b1d4a1c-c751-484f-bd3a-5279aeb3b228 0.032s
2025-12-09 01:19:43.811 67072 INFO tempest.lib.common.rest_client [req-9b058901-43d8-423e-b60c-fc294d7ef11a req-9b058901-43d8-423e-b60c-fc294d7ef11a ] Request (ServersTestManualDisk:setUpClass): 200 GET http://10.180.1.21/compute/v2.1/servers/a5af2b0e-de51-430a-8e2b-752dcaa09722 0.062s
2025-12-09 01:19:44.171 67104 INFO tempest.lib.common.rest_client [req-0c060f3d-fd06-43aa-8371-215601c8c101 req-0c060f3d-fd06-43aa-8371-215601c8c101 ] Request (MigrationsAdminTest:test_resize_server_revert_deleted_flavor): 200 GET http://10.180.1.21/compute/v2.1/servers/ec0bf743-1bd4-4af7-b596-3691b2f1eb8d 0.148s
2025-12-09 01:19:44.200 67088 INFO tempest.lib.common.rest_client [req-8e11d51b-1b93-4bc8-964b-b01ceded288f req-8e11d51b-1b93-4bc8-964b-b01ceded288f ] Request (ServerRescueNegativeTestJSON:setUpClass): 200 GET http://10.180.1.21/compute/v2.1/servers/c93c4303-a498-4c24-a063-f396a1753ad2 0.138s
2025-12-09 01:19:44.210 67066 INFO tempest.lib.common.rest_client [req-04bd90bc-20c4-4199-a021-7b738d43fea6 req-04bd90bc-20c4-4199-a021-7b738d43fea6 ] Request (ImagesTestJSON:test_create_image_from_stopped_server): 200 GET http://10.180.1.21/compute/v2.1/images/279294e7-ca42-4213-94ee-12c984a4909f 0.132s
2025-12-09 01:19:44.209 67088 INFO tempest.common.waiters [-] State transition "BUILD/networking" ==> "BUILD/spawning" after 35 second wait
2025-12-09 01:19:44.242 67080 INFO tempest.lib.common.rest_client [req-b17fb598-c2a8-4e4b-8d75-a75dc87c2e2b req-b17fb598-c2a8-4e4b-8d75-a75dc87c2e2b ] Request (ListImageFiltersTestJSON:setUpClass): 200 GET http://10.180.1.21/compute/v2.1/images/f2e6cabd-85cc-4030-a980-ffecc21089f0 0.116s
2025-12-09 01:19:44.277 67076 INFO tempest.lib.common.rest_client [req-8ed64efa-5227-44ae-a6f9-5a92cd225b4a req-8ed64efa-5227-44ae-a6f9-5a92cd225b4a ] Request (ServerGroupTestJSON:test_create_server_with_scheduler_hint_group): 200 GET http://10.180.1.21/compute/v2.1/servers/ff027a65-418f-4b6f-b264-c0115ff3775f 0.140s
2025-12-09 01:19:44.432 67056 INFO tempest.lib.common.rest_client [req-fea4d596-f7cc-4ef2-85c7-eb86e8c1c203 req-fea4d596-f7cc-4ef2-85c7-eb86e8c1c203 ] Request (ImagesOneServerNegativeTestJSON:_run_cleanups): 200 GET http://10.180.1.21/compute/v2.1/servers/896e2f63-0e3e-497a-a4d1-83919195667f 0.202s
2025-12-09 01:19:44.436 67082 INFO tempest.lib.common.rest_client [req-6d12cb59-6844-437b-ae05-6e1aba4a4d42 req-6d12cb59-6844-437b-ae05-6e1aba4a4d42 ] Request (InstanceActionsTestJSON:setUpClass): 200 GET http://10.180.1.21/compute/v2.1/servers/ada3be4c-9443-45bb-8cb4-1fbca45f50b1 0.232s
2025-12-09 01:19:44.498 67071 INFO tempest.lib.common.rest_client [req-b16fde27-6ec7-4bbd-901f-f41eed291590 req-b16fde27-6ec7-4bbd-901f-f41eed291590 ] Request (ServerShowV254Test:tearDownClass): 200 GET http://10.180.1.21/compute/v2.1/servers/1cc14be9-70ae-4467-8535-7072d14f7ed1 0.183s
2025-12-09 01:19:44.513 67064 INFO tempest.lib.common.rest_client [req-6c8d7a98-e4ad-4bd7-a5a5-49dc71a264ff req-6c8d7a98-e4ad-4bd7-a5a5-49dc71a264ff ] Request (ImagesNegativeTestJSON:test_create_image_from_deleted_server): 200 GET http://10.180.1.21/compute/v2.1/servers/5854850a-04a1-4652-8d37-f0ff343b9376 0.186s
2025-12-09 01:19:44.566 67058 INFO tempest.lib.common.rest_client [req-bc9944c3-e973-4741-8072-780946cc5b73 req-bc9944c3-e973-4741-8072-780946cc5b73 ] Request (TenantUsagesTestJSON:setUpClass): 200 GET http://10.180.1.21/compute/v2.1/servers/a916ae06-5728-4d0a-bb66-9f2f6c5e9f09 0.201s
2025-12-09 01:19:44.574 67058 INFO tempest.common.waiters [-] State transition "BUILD/scheduling" ==> "BUILD/None" after 1 second wait
2025-12-09 01:19:44.589 67048 INFO tempest.lib.common.rest_client [req-08a81f75-d4d7-4f54-a267-23c9adb94084 req-08a81f75-d4d7-4f54-a267-23c9adb94084 ] Request (ServerShowV257Test:tearDownClass): 200 GET http://10.180.1.21/compute/v2.1/servers/c4e8f1ce-9f50-434d-b23d-2a230a5f2261 0.178s
2025-12-09 01:19:44.642 67106 INFO tempest.lib.common.rest_client [req-651e9e6b-f878-4ec4-9ab0-8480bb1616e3 req-651e9e6b-f878-4ec4-9ab0-8480bb1616e3 ] Request (SecurityGroupsTestJSON:test_server_security_groups): 200 GET http://10.180.1.21/compute/v2.1/servers/3445c167-c44b-4fd0-955b-e54d6278a1f4 0.216s
2025-12-09 01:19:44.688 67094 WARNING tempest.lib.common.ssh [-] Failed to establish authenticated ssh connection to cirros@10.180.180.234 ([Errno None] Unable to connect to port 22 on 10.180.180.234). Number attempts: 3. Retry after 4 seconds.: paramiko.ssh_exception.NoValidConnectionsError: [Errno None] Unable to connect to port 22 on 10.180.180.234
2025-12-09 01:19:44.699 67052 INFO tempest.lib.common.rest_client [req-dbdff899-e673-46cf-916b-83df9385d095 req-dbdff899-e673-46cf-916b-83df9385d095 ] Request (ServerRescueTestJSON:test_rescue_unrescue_instance): 200 GET http://10.180.1.21/compute/v2.1/servers/20360775-1d24-426c-9e51-79bc49cefd0d 0.234s
2025-12-09 01:19:44.747 67060 INFO tempest.lib.common.rest_client [req-d5eea161-5037-45cd-aaea-3d678c0dc736 req-d5eea161-5037-45cd-aaea-3d678c0dc736 ] Request (ServersListShow296Test:test_list_show_update_rebuild_server_296): 200 GET http://10.180.1.21/compute/v2.1/servers/5e45737f-5d63-4ab2-bbe8-d53a598a8eec 0.243s
2025-12-09 01:19:44.817 67108 INFO tempest.lib.common.rest_client [req-6caa1b82-b78f-4b3b-9920-e4c9d5fb4943 req-6caa1b82-b78f-4b3b-9920-e4c9d5fb4943 ] Request (ListServersNegativeTestJSON:tearDownClass): 200 GET http://10.180.1.21/compute/v2.1/servers/c8c00a6c-caa2-45cc-a84c-edf531124125 0.229s
2025-12-09 01:19:44.818 67068 INFO tempest.lib.common.rest_client [req-4f3b4bcc-f797-499e-b75f-5bc7be30a27c req-4f3b4bcc-f797-499e-b75f-5bc7be30a27c ] Request (ServersAdminTestJSON:tearDownClass): 200 GET http://10.180.1.21/compute/v2.1/servers/b07a4752-d25d-4de2-8330-5d314a7e64ae 0.275s
2025-12-09 01:19:44.839 67054 INFO tempest.lib.common.rest_client [req-67d6a49b-6028-4c3f-886b-f263c1aca48c req-67d6a49b-6028-4c3f-886b-f263c1aca48c ] Request (ServersTestBootFromVolume:setUpClass): 200 GET http://10.180.1.21/volume/v3/volumes/5b1d4a1c-c751-484f-bd3a-5279aeb3b228 0.036s
2025-12-09 01:19:44.877 67072 INFO tempest.lib.common.rest_client [req-42dead56-c9f4-4478-9ccc-a9abb69b42ce req-42dead56-c9f4-4478-9ccc-a9abb69b42ce ] Request (ServersTestManualDisk:setUpClass): 200 GET http://10.180.1.21/compute/v2.1/servers/a5af2b0e-de51-430a-8e2b-752dcaa09722 0.056s
2025-12-09 01:19:44.913 67090 INFO tempest.lib.common.rest_client [req-9957c075-e363-4ba8-89cc-29900baede0b req-9957c075-e363-4ba8-89cc-29900baede0b ] Request (ServerMetadataTestJSON:setUpClass): 200 GET http://10.180.1.21/compute/v2.1/servers/e1487f7b-5d8c-4b13-8dab-23d6adca70c1 0.107s
2025-12-09 01:19:45.303 67104 INFO tempest.lib.common.rest_client [req-588d5a29-79ac-4194-b4d4-fdd1e20c49c7 req-588d5a29-79ac-4194-b4d4-fdd1e20c49c7 ] Request (MigrationsAdminTest:test_resize_server_revert_deleted_flavor): 200 GET http://10.180.1.21/compute/v2.1/servers/ec0bf743-1bd4-4af7-b596-3691b2f1eb8d 0.117s
2025-12-09 01:19:45.329 67088 INFO tempest.lib.common.rest_client [req-bd1b36fd-10e1-4e7c-a90f-26f118c94e8d req-bd1b36fd-10e1-4e7c-a90f-26f118c94e8d ] Request (ServerRescueNegativeTestJSON:setUpClass): 200 GET http://10.180.1.21/compute/v2.1/servers/c93c4303-a498-4c24-a063-f396a1753ad2 0.116s
2025-12-09 01:19:45.340 67066 INFO tempest.lib.common.rest_client [req-b444029d-d705-4177-b3b1-a7b76eb9eda9 req-b444029d-d705-4177-b3b1-a7b76eb9eda9 ] Request (ImagesTestJSON:test_create_image_from_stopped_server): 200 GET http://10.180.1.21/compute/v2.1/images/279294e7-ca42-4213-94ee-12c984a4909f 0.125s
2025-12-09 01:19:45.365 67080 INFO tempest.lib.common.rest_client [req-0ff301ae-2f48-4c35-bb59-fe779ae35b0c req-0ff301ae-2f48-4c35-bb59-fe779ae35b0c ] Request (ListImageFiltersTestJSON:setUpClass): 200 GET http://10.180.1.21/compute/v2.1/images/f2e6cabd-85cc-4030-a980-ffecc21089f0 0.116s
2025-12-09 01:19:45.401 67076 INFO tempest.lib.common.rest_client [req-6d8a7bfe-4b0f-41c2-9c40-8d1b5b88a620 req-6d8a7bfe-4b0f-41c2-9c40-8d1b5b88a620 ] Request (ServerGroupTestJSON:test_create_server_with_scheduler_hint_group): 200 GET http://10.180.1.21/compute/v2.1/servers/ff027a65-418f-4b6f-b264-c0115ff3775f 0.115s
2025-12-09 01:19:45.498 67082 INFO tempest.lib.common.rest_client [req-1641a1ed-321e-43a6-a13a-74acd31109a9 req-1641a1ed-321e-43a6-a13a-74acd31109a9 ] Request (InstanceActionsTestJSON:setUpClass): 200 GET http://10.180.1.21/compute/v2.1/servers/ada3be4c-9443-45bb-8cb4-1fbca45f50b1 0.050s
2025-12-09 01:19:45.505 67056 INFO tempest.lib.common.rest_client [req-36bcdeb0-3828-48c8-9cd3-2115ce37becb req-36bcdeb0-3828-48c8-9cd3-2115ce37becb ] Request (ImagesOneServerNegativeTestJSON:_run_cleanups): 200 GET http://10.180.1.21/compute/v2.1/servers/896e2f63-0e3e-497a-a4d1-83919195667f 0.063s
2025-12-09 01:19:45.538 67084 INFO paramiko.transport [-] Connected (version 2.0, client dropbear_2020.81)
