2025-12-09 01:20:44.718 67064 INFO tempest.lib.common.rest_client [req-3335c4c8-dfd9-46ab-ab2b-09617157169b req-3335c4c8-dfd9-46ab-ab2b-09617157169b ] Request (ServerActionsV293TestJSON:setUpClass): 202 POST http://10.180.1.21/compute/v2.1/servers 0.784s
2025-12-09 01:20:44.748 67060 INFO tempest.lib.common.rest_client [req-a15f9e26-e23c-40bb-b761-52617df1accc req-a15f9e26-e23c-40bb-b761-52617df1accc ] Request (ServersListShow296Test:tearDownClass): 200 GET http://10.180.1.21/compute/v2.1/servers/5e45737f-5d63-4ab2-bbe8-d53a598a8eec 0.518s
2025-12-09 01:20:44.749 67076 INFO tempest.lib.common.rest_client [req-76c7cb2d-40b8-4aef-a7ae-6ab735a360f6 req-76c7cb2d-40b8-4aef-a7ae-6ab735a360f6 ] Request (ServerGroupTestJSON:tearDownClass): 404 GET http://10.180.1.21/compute/v2.1/servers/ff027a65-418f-4b6f-b264-c0115ff3775f 0.517s
2025-12-09 01:20:44.794 67066 INFO tempest.lib.common.rest_client [req-a30ce8de-7f18-4134-a608-2dd49c449a0e req-a30ce8de-7f18-4134-a608-2dd49c449a0e ] Request (ImagesTestJSON:test_create_image_from_suspended_server): 200 GET http://10.180.1.21/compute/v2.1/images/d29bf20e-d889-40da-8fab-42f895803e7c 0.515s
2025-12-09 01:20:44.795 67080 INFO tempest.lib.common.rest_client [req-64ee9807-da3a-49c4-9452-6aff973af90a req-64ee9807-da3a-49c4-9452-6aff973af90a ] Request (ListImageFiltersTestJSON:test_list_images_filter_by_server_ref): 200 GET http://10.180.1.21/compute/v2.1/images?server=http%3A%2F%2F10.180.1.21%2Fcompute%2Fservers%2F921e2292-7a5f-49c7-a2bb-310574c10884 0.395s
2025-12-09 01:20:44.865 67092 INFO tempest.lib.common.rest_client [req-596df806-5386-458f-adb4-c0744453421b req-596df806-5386-458f-adb4-c0744453421b ] Request (ServerAddressesNegativeTestJSON:setUpClass): 200 GET http://10.180.1.21/compute/v2.1/servers/0a766e11-c92d-429a-b8f9-b5f88a683f74 0.380s
2025-12-09 01:20:44.872 67092 INFO tempest.common.waiters [-] State transition "BUILD/scheduling" ==> "BUILD/None" after 1 second wait
2025-12-09 01:20:44.937 67094 INFO tempest.lib.common.rest_client [req-d812f42a-6eaa-4bef-af71-4aecf2acbf81 req-d812f42a-6eaa-4bef-af71-4aecf2acbf81 ] Request (AttachVolumeShelveTestJSON:test_attach_volume_shelved_or_offload_server): 200 GET http://10.180.1.21/compute/v2.1/servers/1b34b298-6e7d-437e-863e-aed4a08543ea 0.501s
2025-12-09 01:20:44.940 67088 INFO tempest.lib.common.rest_client [req-828b800c-2a78-48b4-bfa0-67e71639c2c3 req-828b800c-2a78-48b4-bfa0-67e71639c2c3 ] Request (ServerRescueNegativeTestJSON:test_rescued_vm_detach_volume): 200 GET http://10.180.1.21/compute/v2.1/servers/1ccbfca0-3a23-48d6-ba18-6b4a19472c87 0.437s
2025-12-09 01:20:44.945 67094 INFO tempest.common.waiters [-] State transition "ACTIVE/shelving_image_pending_upload" ==> "ACTIVE/shelving_image_uploading" after 4 second wait
2025-12-09 01:20:45.005 67068 INFO tempest.lib.common.rest_client [req-298a8646-6095-439d-9db8-b63151f2a297 req-298a8646-6095-439d-9db8-b63151f2a297 ] Request (ServersAdminTestJSON:tearDownClass): 200 GET http://10.180.1.21/compute/v2.1/servers/d121d952-7c47-481c-84a0-884a581c90a3 0.397s
2025-12-09 01:20:45.016 67079 INFO tempest.lib.common.rest_client [req-d97531c2-3103-4487-b335-7f0e560d91a5 req-d97531c2-3103-4487-b335-7f0e560d91a5 ] Request (AttachInterfacesTestJSON:test_create_list_show_delete_interfaces_by_fixed_ip): 200 GET http://10.180.1.21/compute/v2.1/servers/c0bed061-82c4-438e-a609-5a330654f8b5/os-interface 0.332s
2025-12-09 01:20:45.046 67079 INFO tempest.lib.common.rest_client [req-760a856d-3b9e-4463-b585-3210e4eff2ef req-760a856d-3b9e-4463-b585-3210e4eff2ef ] Request (AttachInterfacesTestJSON:_run_cleanups): 404 DELETE http://10.180.1.21/networking/v2.0/ports/4e8bb614-59d5-4ff6-850d-150bb7fe92ed 0.026s
2025-12-09 01:20:45.089 67064 INFO tempest.lib.common.rest_client [req-f2ad9a15-d74e-4517-814c-70236bf953f8 req-f2ad9a15-d74e-4517-814c-70236bf953f8 ] Request (ServerActionsV293TestJSON:setUpClass): 200 GET http://10.180.1.21/compute/v2.1/servers/5e5883a3-af0f-4e0e-9285-1a0277825d06 0.369s
2025-12-09 01:20:45.098 67076 INFO tempest.lib.common.rest_client [req-797180ff-385b-4a3b-bac6-408c0df87c83 req-797180ff-385b-4a3b-bac6-408c0df87c83 ] Request (ServerGroupTestJSON:tearDownClass): 404 DELETE http://10.180.1.21/compute/v2.1/os-server-groups/0d8a9d64-998f-4300-94aa-0e6cd77821fe 0.348s
2025-12-09 01:20:45.107 67082 INFO tempest.lib.common.rest_client [req-603b97cc-fa11-41f7-83c9-89a3ea1d6342 req-603b97cc-fa11-41f7-83c9-89a3ea1d6342 ] Request (InstanceActionsTestJSON:tearDownClass): 200 GET http://10.180.1.21/compute/v2.1/servers/ada3be4c-9443-45bb-8cb4-1fbca45f50b1 0.392s
2025-12-09 01:20:45.176 67080 INFO tempest.lib.common.rest_client [req-11ee1fb0-edaf-405d-9e74-61b490c60f7f req-11ee1fb0-edaf-405d-9e74-61b490c60f7f ] Request (ListImageFiltersTestJSON:test_list_images_filter_by_status): 200 GET http://10.180.1.21/compute/v2.1/images?status=ACTIVE 0.377s
2025-12-09 01:20:45.237 67058 INFO tempest.lib.common.rest_client [req-2434fab1-4c87-455a-84cd-cc9cf3f5c566 req-2434fab1-4c87-455a-84cd-cc9cf3f5c566 ] Request (TenantUsagesTestJSON:tearDownClass): 200 GET http://10.180.1.21/compute/v2.1/servers/a916ae06-5728-4d0a-bb66-9f2f6c5e9f09 0.233s
2025-12-09 01:20:45.247 67056 INFO tempest.lib.common.rest_client [req-98821bda-7d56-465e-86e1-42ff5b5106af req-98821bda-7d56-465e-86e1-42ff5b5106af ] Request (ImagesOneServerNegativeTestJSON:_run_cleanups): 200 GET http://10.180.1.21/compute/v2.1/servers/f157b555-daed-4723-b1b0-4571d0e539bd 0.372s
2025-12-09 01:20:45.338 67046 INFO tempest.lib.common.rest_client [req-314ee3c0-31ba-492f-a219-6b1692f9425e req-314ee3c0-31ba-492f-a219-6b1692f9425e ] Request (ServersTestJSON:tearDownClass): 200 GET http://10.180.1.21/compute/v2.1/servers/13b45ed6-af85-488c-967c-8ce201dd1a22 0.290s
2025-12-09 01:20:45.347 67076 INFO tempest.lib.common.rest_client [req-934dd0fd-4273-40ee-b538-35ca7baee57f req-934dd0fd-4273-40ee-b538-35ca7baee57f ] Request (ServerGroupTestJSON:tearDownClass): 404 DELETE http://10.180.1.21/compute/v2.1/os-server-groups/51c05195-40b7-4e15-9400-54c80b107e6a 0.249s
2025-12-09 01:20:45.389 67079 INFO tempest.lib.common.rest_client [req-a364a6e6-6693-48b1-92e6-d7816273f798 req-a364a6e6-6693-48b1-92e6-d7816273f798 ] Request (AttachInterfacesTestJSON:_run_cleanups): 204 DELETE http://10.180.1.21/compute/v2.1/servers/c0bed061-82c4-438e-a609-5a330654f8b5 0.343s
2025-12-09 01:20:45.436 67080 INFO tempest.lib.common.rest_client [req-3d03f2f4-46ac-4db0-a518-2e72934a42fc req-3d03f2f4-46ac-4db0-a518-2e72934a42fc ] Request (ListImageFiltersTestJSON:test_list_images_filter_by_type): 200 GET http://10.180.1.21/compute/v2.1/images?type=snapshot 0.256s
2025-12-09 01:20:45.455 67076 INFO tempest.lib.common.rest_client [req-d80f4b7a-15f4-49c4-879e-3721d3cde46e req-d80f4b7a-15f4-49c4-879e-3721d3cde46e ] Request (ServerGroupTestJSON:tearDownClass): 404 DELETE http://10.180.1.21/compute/v2.1/os-server-groups/ccafad2c-b2e4-4d99-b0a6-4956bad63a41 0.107s
2025-12-09 01:20:45.528 67052 INFO tempest.lib.common.rest_client [req-0b15454b-7248-4b0b-8e40-f3a64805f6f7 req-0b15454b-7248-4b0b-8e40-f3a64805f6f7 ] Request (ServerRescueTestJSON:tearDownClass): 200 GET http://10.180.1.21/compute/v2.1/servers/20360775-1d24-426c-9e51-79bc49cefd0d 0.193s
2025-12-09 01:20:45.534 67052 INFO tempest.common.waiters [-] State transition "ACTIVE/deleting" ==> "DELETED/None" after 4 second wait
2025-12-09 01:20:45.570 67080 INFO tempest.lib.common.rest_client [req-0acbd930-81d2-4645-8a81-963db5cd784a req-0acbd930-81d2-4645-8a81-963db5cd784a ] Request (ListImageFiltersTestJSON:test_list_images_limit_results): 200 GET http://10.180.1.21/compute/v2.1/images?limit=1 0.127s
2025-12-09 01:20:45.583 67076 INFO tempest.lib.common.rest_client [req-b0e1f3e5-57c7-4a72-90a2-d4b5a57cd254 req-b0e1f3e5-57c7-4a72-90a2-d4b5a57cd254 ] Request (ServerGroupTestJSON:tearDownClass): 404 DELETE http://10.180.1.21/compute/v2.1/os-server-groups/c31a4332-13a1-4c59-bcd7-6d6877625d1c 0.127s
2025-12-09 01:20:45.621 67079 INFO tempest.lib.common.rest_client [req-fa78b973-9241-4a5b-967b-148039794c07 req-fa78b973-9241-4a5b-967b-148039794c07 ] Request (AttachInterfacesTestJSON:_run_cleanups): 200 GET http://10.180.1.21/compute/v2.1/servers/c0bed061-82c4-438e-a609-5a330654f8b5 0.231s
2025-12-09 01:20:45.652 67106 INFO tempest.lib.common.rest_client [req-9881030d-363f-4427-9f55-877f04908f5c req-9881030d-363f-4427-9f55-877f04908f5c ] Request (SecurityGroupsTestJSON:tearDownClass): 200 GET http://10.180.1.21/compute/v2.1/servers/64a4ba0d-1d18-477c-8e52-8a13c43b2e7d 0.173s
2025-12-09 01:20:45.676 67076 INFO tempest.lib.common.rest_client [req-fad0c2ca-43f1-4387-8224-f91097e00987 req-fad0c2ca-43f1-4387-8224-f91097e00987 ] Request (ServerGroupTestJSON:tearDownClass): 204 DELETE http://10.180.1.21/compute/v2.1/os-server-groups/f3aca17f-d794-4c07-ad44-b1bef1faa523 0.093s
2025-12-09 01:20:45.699 67080 INFO tempest.lib.common.rest_client [req-6bcb7c87-4915-4530-a409-e58c4947ff32 req-6bcb7c87-4915-4530-a409-e58c4947ff32 ] Request (ListImageFiltersTestJSON:test_list_images_with_detail_filter_by_changes_since): 200 GET http://10.180.1.21/compute/v2.1/images/detail?changes-since=2025-12-09T01%3A18%3A29Z 0.123s
2025-12-09 01:20:45.759 67080 INFO tempest.lib.common.rest_client [req-3a632be8-6c49-4ffb-9ac5-357cdc0dc68b req-3a632be8-6c49-4ffb-9ac5-357cdc0dc68b ] Request (ListImageFiltersTestJSON:test_list_images_with_detail_filter_by_name): 200 GET http://10.180.1.21/compute/v2.1/images/detail?name=tempest-ListImageFiltersTestJSON-image-656756455 0.054s
2025-12-09 01:20:45.773 67104 INFO tempest.lib.common.rest_client [req-5400b0b2-2ec4-4a24-886e-96cf240077f9 req-5400b0b2-2ec4-4a24-886e-96cf240077f9 ] Request (MigrationsAdminTest:tearDownClass): 200 GET http://10.180.1.21/compute/v2.1/servers/ec0bf743-1bd4-4af7-b596-3691b2f1eb8d 0.114s
2025-12-09 01:20:45.813 67080 INFO tempest.lib.common.rest_client [req-ec646fd1-f163-4b68-8311-e9326789d015 req-ec646fd1-f163-4b68-8311-e9326789d015 ] Request (ListImageFiltersTestJSON:test_list_images_with_detail_filter_by_server_ref): 200 GET http://10.180.1.21/compute/v2.1/images/detail?server=http%3A%2F%2F10.180.1.21%2Fcompute%2Fv2.1%2Fservers%2F921e2292-7a5f-49c7-a2bb-310574c10884 0.050s
2025-12-09 01:20:45.838 67060 INFO tempest.lib.common.rest_client [req-2134cf08-9cc8-4c18-b1ae-3ad888ecdd90 req-2134cf08-9cc8-4c18-b1ae-3ad888ecdd90 ] Request (ServersListShow296Test:tearDownClass): 200 GET http://10.180.1.21/compute/v2.1/servers/5e45737f-5d63-4ab2-bbe8-d53a598a8eec 0.079s
2025-12-09 01:20:45.850 67066 INFO tempest.lib.common.rest_client [req-06e8691c-c25f-4467-920f-e4c328f2235f req-06e8691c-c25f-4467-920f-e4c328f2235f ] Request (ImagesTestJSON:test_create_image_from_suspended_server): 200 GET http://10.180.1.21/compute/v2.1/images/d29bf20e-d889-40da-8fab-42f895803e7c 0.053s
2025-12-09 01:20:45.877 67080 INFO tempest.lib.common.rest_client [req-decc2f4f-e316-4850-a80e-fd2f65eccdb5 req-decc2f4f-e316-4850-a80e-fd2f65eccdb5 ] Request (ListImageFiltersTestJSON:test_list_images_with_detail_filter_by_server_ref): 200 GET http://10.180.1.21/compute/v2.1/images/detail?server=http%3A%2F%2F10.180.1.21%2Fcompute%2Fservers%2F921e2292-7a5f-49c7-a2bb-310574c10884 0.059s
2025-12-09 01:20:45.923 67092 INFO tempest.lib.common.rest_client [req-8b87dedb-89ae-426e-b422-76833b465f0e req-8b87dedb-89ae-426e-b422-76833b465f0e ] Request (ServerAddressesNegativeTestJSON:setUpClass): 200 GET http://10.180.1.21/compute/v2.1/servers/0a766e11-c92d-429a-b8f9-b5f88a683f74 0.051s
2025-12-09 01:20:45.951 67080 INFO tempest.lib.common.rest_client [req-4684ed80-09b5-41dc-9af0-670011578ffa req-4684ed80-09b5-41dc-9af0-670011578ffa ] Request (ListImageFiltersTestJSON:test_list_images_with_detail_filter_by_status): 200 GET http://10.180.1.21/compute/v2.1/images/detail?status=ACTIVE 0.069s
2025-12-09 01:20:46.077 67088 INFO tempest.lib.common.rest_client [req-878b1b01-9ced-4f2b-8e41-3ac244154973 req-878b1b01-9ced-4f2b-8e41-3ac244154973 ] Request (ServerRescueNegativeTestJSON:test_rescued_vm_detach_volume): 200 GET http://10.180.1.21/compute/v2.1/servers/1ccbfca0-3a23-48d6-ba18-6b4a19472c87 0.125s
2025-12-09 01:20:46.128 67094 INFO tempest.lib.common.rest_client [req-13377914-5666-43fe-9c26-6dd609377fea req-13377914-5666-43fe-9c26-6dd609377fea ] Request (AttachVolumeShelveTestJSON:test_attach_volume_shelved_or_offload_server): 200 GET http://10.180.1.21/compute/v2.1/servers/1b34b298-6e7d-437e-863e-aed4a08543ea 0.181s
2025-12-09 01:20:46.141 67080 INFO tempest.lib.common.rest_client [req-0a327e79-eae8-42d8-9185-2f397e3f2aab req-0a327e79-eae8-42d8-9185-2f397e3f2aab ] Request (ListImageFiltersTestJSON:test_list_images_with_detail_filter_by_type): 200 GET http://10.180.1.21/compute/v2.1/images/detail?type=snapshot 0.184s
2025-12-09 01:20:46.194 67064 INFO tempest.lib.common.rest_client [req-948a897c-a187-4ae9-aa93-ce88f190da1c req-948a897c-a187-4ae9-aa93-ce88f190da1c ] Request (ServerActionsV293TestJSON:setUpClass): 200 GET http://10.180.1.21/compute/v2.1/servers/5e5883a3-af0f-4e0e-9285-1a0277825d06 0.090s
2025-12-09 01:20:46.204 67064 INFO tempest.common.waiters [-] State transition "BUILD/scheduling" ==> "BUILD/None" after 1 second wait
2025-12-09 01:20:46.208 67068 INFO tempest.lib.common.rest_client [req-d2a21911-6d1c-4bf5-9141-1915e2a1ebae req-d2a21911-6d1c-4bf5-9141-1915e2a1ebae ] Request (ServersAdminTestJSON:tearDownClass): 200 GET http://10.180.1.21/compute/v2.1/servers/d121d952-7c47-481c-84a0-884a581c90a3 0.190s
2025-12-09 01:20:46.216 67068 INFO tempest.common.waiters [-] State transition "ACTIVE/deleting" ==> "DELETED/None" after 4 second wait
2025-12-09 01:20:46.259 67080 INFO tempest.lib.common.rest_client [req-72160dda-8a75-4209-b671-debde7a16066 req-72160dda-8a75-4209-b671-debde7a16066 ] Request (ListImageFiltersTestJSON:test_list_images_with_detail_filter_by_type): 200 GET http://10.180.1.21/compute/v2.1/images/7ae5dcc1-5909-46ea-8455-8d584422936d 0.112s
2025-12-09 01:20:46.277 67082 INFO tempest.lib.common.rest_client [req-6f3c0476-b188-434a-86cc-1898d28dc925 req-6f3c0476-b188-434a-86cc-1898d28dc925 ] Request (InstanceActionsTestJSON:tearDownClass): 200 GET http://10.180.1.21/compute/v2.1/servers/ada3be4c-9443-45bb-8cb4-1fbca45f50b1 0.161s
2025-12-09 01:20:46.441 67058 INFO tempest.lib.common.rest_client [req-da886c76-8f53-47fa-9254-140f37f5c801 req-da886c76-8f53-47fa-9254-140f37f5c801 ] Request (TenantUsagesTestJSON:tearDownClass): 200 GET http://10.180.1.21/compute/v2.1/servers/a916ae06-5728-4d0a-bb66-9f2f6c5e9f09 0.193s
2025-12-09 01:20:46.498 67080 INFO tempest.lib.common.rest_client [req-2e9792cb-d21e-4836-91ab-3041b11a68bd req-2e9792cb-d21e-4836-91ab-3041b11a68bd ] Request (ListImageFiltersTestJSON:test_list_images_with_detail_limit_results): 200 GET http://10.180.1.21/compute/v2.1/images/detail?limit=1 0.234s
2025-12-09 01:20:46.505 67056 INFO tempest.lib.common.rest_client [req-33aa5734-85f3-4ef6-baee-be649c550a1b req-33aa5734-85f3-4ef6-baee-be649c550a1b ] Request (ImagesOneServerNegativeTestJSON:_run_cleanups): 200 GET http://10.180.1.21/compute/v2.1/servers/f157b555-daed-4723-b1b0-4571d0e539bd 0.245s
2025-12-09 01:20:46.528 67046 INFO tempest.lib.common.rest_client [req-ad26d6ca-6a96-49b6-a9ce-280b42e697d3 req-ad26d6ca-6a96-49b6-a9ce-280b42e697d3 ] Request (ServersTestJSON:tearDownClass): 404 GET http://10.180.1.21/compute/v2.1/servers/13b45ed6-af85-488c-967c-8ce201dd1a22 0.180s
2025-12-09 01:20:46.543 67054 WARNING tempest.lib.common.ssh [-] Failed to establish authenticated ssh connection to cirros@10.180.180.232 ([Errno None] Unable to connect to port 22 on 10.180.180.232). Number attempts: 3. Retry after 4 seconds.: paramiko.ssh_exception.NoValidConnectionsError: [Errno None] Unable to connect to port 22 on 10.180.180.232
2025-12-09 01:20:46.550 67046 INFO tempest.lib.common.rest_client [req-02812305-d496-4bf9-9bed-addd584447ed req-02812305-d496-4bf9-9bed-addd584447ed ] Request (ServersTestJSON:tearDownClass): 202 DELETE http://10.180.1.21/compute/v2.1/os-keypairs/tempest-keypair-2125041033 0.020s
2025-12-09 01:20:46.560 67076 INFO tempest.lib.common.rest_client [req-91ff1c31-4b37-4dfd-8eae-3020b91dac87 req-91ff1c31-4b37-4dfd-8eae-3020b91dac87 ] Request (ServerGroupTestJSON:tearDownClass): 200 PUT http://10.180.1.21/networking/v2.0/routers/c44a0599-1430-4c5b-a3bf-09e39faa2f7f/remove_router_interface 0.884s
2025-12-09 01:20:46.648 67080 INFO tempest.lib.common.rest_client [req-056b8349-b920-4e59-9036-f379278e991d req-056b8349-b920-4e59-9036-f379278e991d ] Request (ListImageFiltersTestJSON:tearDownClass): 204 DELETE http://10.180.1.21/compute/v2.1/images/69364b5d-5d4d-417b-989b-4489ad95d17d 0.139s
2025-12-09 01:20:46.747 67046 INFO tempest.lib.common.rest_client [req-800d6073-20e1-47cc-85ff-3a42c9238f27 req-800d6073-20e1-47cc-85ff-3a42c9238f27 ] Request (ServersTestJSON:tearDownClass): 204 DELETE http://10.180.1.21/networking/v2.0/security-groups/e263c369-b216-401d-8a8d-2cff3604990f 0.197s
2025-12-09 01:20:46.832 67052 INFO tempest.lib.common.rest_client [req-14bcb491-3a3e-489a-a6fc-df7fb6c85a0d req-14bcb491-3a3e-489a-a6fc-df7fb6c85a0d ] Request (ServerRescueTestJSON:tearDownClass): 200 GET http://10.180.1.21/compute/v2.1/servers/20360775-1d24-426c-9e51-79bc49cefd0d 0.296s
2025-12-09 01:20:46.926 67046 INFO tempest.lib.common.rest_client [req-7310ffe7-6fe7-4554-beb3-bb2e90d656ed req-7310ffe7-6fe7-4554-beb3-bb2e90d656ed ] Request (ServersTestJSON:tearDownClass): 404 GET http://10.180.1.21/networking/v2.0/security-groups/e263c369-b216-401d-8a8d-2cff3604990f 0.178s
2025-12-09 01:20:46.987 67080 INFO tempest.lib.common.rest_client [req-37bcb5ab-756c-4ab8-bdfc-c38e1a023682 req-37bcb5ab-756c-4ab8-bdfc-c38e1a023682 ] Request (ListImageFiltersTestJSON:tearDownClass): 204 DELETE http://10.180.1.21/compute/v2.1/images/baa08c8b-b46a-4598-b44e-bef68ec2cba4 0.339s
2025-12-09 01:20:47.024 67079 INFO tempest.lib.common.rest_client [req-f3db26df-2294-43a7-ace3-11d05d5d3dea req-f3db26df-2294-43a7-ace3-11d05d5d3dea ] Request (AttachInterfacesTestJSON:_run_cleanups): 200 GET http://10.180.1.21/compute/v2.1/servers/c0bed061-82c4-438e-a609-5a330654f8b5 0.395s
2025-12-09 01:20:47.264 67076 INFO tempest.lib.common.rest_client [req-c4263795-353c-4014-abe2-00acf8a7b8b0 req-c4263795-353c-4014-abe2-00acf8a7b8b0 ] Request (ServerGroupTestJSON:tearDownClass): 204 DELETE http://10.180.1.21/networking/v2.0/routers/c44a0599-1430-4c5b-a3bf-09e39faa2f7f 0.703s
2025-12-09 01:20:47.309 67106 INFO tempest.lib.common.rest_client [req-8d2d185c-bc34-42c9-a68f-b705e202c7ee req-8d2d185c-bc34-42c9-a68f-b705e202c7ee ] Request (SecurityGroupsTestJSON:tearDownClass): 200 GET http://10.180.1.21/compute/v2.1/servers/64a4ba0d-1d18-477c-8e52-8a13c43b2e7d 0.648s
2025-12-09 01:20:47.331 67104 INFO tempest.lib.common.rest_client [req-1916076d-3858-4dca-baa9-71d1bd756cfa req-1916076d-3858-4dca-baa9-71d1bd756cfa ] Request (MigrationsAdminTest:tearDownClass): 200 GET http://10.180.1.21/compute/v2.1/servers/ec0bf743-1bd4-4af7-b596-3691b2f1eb8d 0.548s
2025-12-09 01:20:47.389 67066 INFO tempest.lib.common.rest_client [req-546394a6-2356-4fdb-819f-ca3169ddf292 req-546394a6-2356-4fdb-819f-ca3169ddf292 ] Request (ImagesTestJSON:test_create_image_from_suspended_server): 200 GET http://10.180.1.21/compute/v2.1/images/d29bf20e-d889-40da-8fab-42f895803e7c 0.532s
2025-12-09 01:20:47.396 67046 INFO tempest.lib.common.rest_client [req-4611fbaa-c81b-4360-8bf2-8a3127e8abc6 req-4611fbaa-c81b-4360-8bf2-8a3127e8abc6 ] Request (ServersTestJSON:tearDownClass): 204 DELETE http://10.180.1.21/networking/v2.0/floatingips/8579bcad-e31c-43a0-bda0-d985a413d5ad 0.469s
2025-12-09 01:20:47.442 67060 INFO tempest.lib.common.rest_client [req-dbf28642-5f2e-49cc-ba6f-ee50ff662ad1 req-dbf28642-5f2e-49cc-ba6f-ee50ff662ad1 ] Request (ServersListShow296Test:tearDownClass): 200 GET http://10.180.1.21/compute/v2.1/servers/5e45737f-5d63-4ab2-bbe8-d53a598a8eec 0.592s
2025-12-09 01:20:47.497 67076 INFO tempest.lib.common.rest_client [req-cc774d27-d758-4a4c-bbc9-884dc61ca800 req-cc774d27-d758-4a4c-bbc9-884dc61ca800 ] Request (ServerGroupTestJSON:tearDownClass): 204 DELETE http://10.180.1.21/networking/v2.0/subnets/05209aab-f7ad-44af-b2ed-10baa2bf0cd1 0.233s
2025-12-09 01:20:47.522 67092 INFO tempest.lib.common.rest_client [req-5de2f08b-583b-49b0-87bc-bc896d81bf6d req-5de2f08b-583b-49b0-87bc-bc896d81bf6d ] Request (ServerAddressesNegativeTestJSON:setUpClass): 200 GET http://10.180.1.21/compute/v2.1/servers/0a766e11-c92d-429a-b8f9-b5f88a683f74 0.590s
2025-12-09 01:20:47.566 67080 INFO tempest.lib.common.rest_client [req-defadf22-21a0-457b-8f58-0949a75d0708 req-defadf22-21a0-457b-8f58-0949a75d0708 ] Request (ListImageFiltersTestJSON:tearDownClass): 204 DELETE http://10.180.1.21/compute/v2.1/images/f2e6cabd-85cc-4030-a980-ffecc21089f0 0.578s
2025-12-09 01:20:47.814 67076 INFO tempest.lib.common.rest_client [req-a8f014d1-3dc3-45d1-8ef9-76b78365f692 req-a8f014d1-3dc3-45d1-8ef9-76b78365f692 ] Request (ServerGroupTestJSON:tearDownClass): 204 DELETE http://10.180.1.21/networking/v2.0/networks/3a3c946e-7641-46a6-93d5-7ec42625783c 0.316s
2025-12-09 01:20:47.840 67088 INFO tempest.lib.common.rest_client [req-b9e078f8-e7b1-4217-8d4a-f924a7f0f413 req-b9e078f8-e7b1-4217-8d4a-f924a7f0f413 ] Request (ServerRescueNegativeTestJSON:test_rescued_vm_detach_volume): 200 GET http://10.180.1.21/compute/v2.1/servers/1ccbfca0-3a23-48d6-ba18-6b4a19472c87 0.749s
2025-12-09 01:20:47.926 67076 INFO tempest.lib.common.rest_client [req-92717da4-af87-4a44-a23e-790c8a9983f3 req-92717da4-af87-4a44-a23e-790c8a9983f3 ] Request (ServerGroupTestJSON:tearDownClass): 204 DELETE http://10.180.1.21/identity/v3/users/0234d8480c9b4760a432327f41d8933c 0.111s
2025-12-09 01:20:47.926 67076 INFO tempest.lib.common.dynamic_creds [-] Deleting project and security group for project: 67729bee4e644213af4abd19bcb12ada
2025-12-09 01:20:48.011 67064 INFO tempest.lib.common.rest_client [req-c399136a-0d11-45ea-be43-b2885dd728f4 req-c399136a-0d11-45ea-be43-b2885dd728f4 ] Request (ServerActionsV293TestJSON:setUpClass): 200 GET http://10.180.1.21/compute/v2.1/servers/5e5883a3-af0f-4e0e-9285-1a0277825d06 0.805s
2025-12-09 01:20:48.256 67046 INFO tempest.lib.common.rest_client [req-7ac0fba9-76ad-4e90-9edb-8524b34fa693 req-7ac0fba9-76ad-4e90-9edb-8524b34fa693 ] Request (ServersTestJSON:tearDownClass): 200 PUT http://10.180.1.21/networking/v2.0/routers/ff5bf7c9-f78a-4f33-9177-233f7b99e615/remove_router_interface 0.860s
2025-12-09 01:20:48.311 67076 INFO tempest.lib.common.rest_client [req-e6c6d2a9-65cc-48ba-808b-43a8b8334acb req-e6c6d2a9-65cc-48ba-808b-43a8b8334acb ] Request (ServerGroupTestJSON:tearDownClass): 200 GET http://10.180.1.21/networking/v2.0/security-groups?tenant_id=67729bee4e644213af4abd19bcb12ada&name=default 0.384s
2025-12-09 01:20:48.380 67094 INFO tempest.lib.common.rest_client [req-43ff5403-a111-4403-a5ad-6bb432c93f96 req-43ff5403-a111-4403-a5ad-6bb432c93f96 ] Request (AttachVolumeShelveTestJSON:test_attach_volume_shelved_or_offload_server): 200 GET http://10.180.1.21/compute/v2.1/servers/1b34b298-6e7d-437e-863e-aed4a08543ea 1.238s
2025-12-09 01:20:48.394 67068 INFO tempest.lib.common.rest_client [req-2d93d458-8831-4530-aff9-36bbd9dabd92 req-2d93d458-8831-4530-aff9-36bbd9dabd92 ] Request (ServersAdminTestJSON:tearDownClass): 200 GET http://10.180.1.21/compute/v2.1/servers/d121d952-7c47-481c-84a0-884a581c90a3 1.177s
2025-12-09 01:20:48.515 67072 WARNING tempest.lib.common.ssh [-] Failed to establish authenticated ssh connection to cirros@10.180.180.246 ([Errno None] Unable to connect to port 22 on 10.180.180.246). Number attempts: 6. Retry after 7 seconds.: paramiko.ssh_exception.NoValidConnectionsError: [Errno None] Unable to connect to port 22 on 10.180.180.246
2025-12-09 01:20:48.520 67084 WARNING tempest.lib.common.ssh [-] Failed to establish authenticated ssh connection to cirros@10.180.180.171 ([Errno None] Unable to connect to port 22 on 10.180.180.171). Number attempts: 3. Retry after 4 seconds.: paramiko.ssh_exception.NoValidConnectionsError: [Errno None] Unable to connect to port 22 on 10.180.180.171
2025-12-09 01:20:48.617 67076 INFO tempest.lib.common.rest_client [req-40a76f0a-3b5f-49d5-a3ae-b6ef5ff6083c req-40a76f0a-3b5f-49d5-a3ae-b6ef5ff6083c ] Request (ServerGroupTestJSON:tearDownClass): 204 DELETE http://10.180.1.21/networking/v2.0/security-groups/76b8a19a-5d5b-4eb3-8423-857750231b9d 0.306s
2025-12-09 01:20:48.649 67082 INFO tempest.lib.common.rest_client [req-25948baf-7bcd-470d-9b16-281abe9ee345 req-25948baf-7bcd-470d-9b16-281abe9ee345 ] Request (InstanceActionsTestJSON:tearDownClass): 200 GET http://10.180.1.21/compute/v2.1/servers/ada3be4c-9443-45bb-8cb4-1fbca45f50b1 1.351s
2025-12-09 01:20:48.670 67058 INFO tempest.lib.common.rest_client [req-ad54ca89-b30e-41a1-8f88-8af5c4d965da req-ad54ca89-b30e-41a1-8f88-8af5c4d965da ] Request (TenantUsagesTestJSON:tearDownClass): 200 GET http://10.180.1.21/compute/v2.1/servers/a916ae06-5728-4d0a-bb66-9f2f6c5e9f09 1.219s
2025-12-09 01:20:48.761 67076 INFO tempest.lib.common.rest_client [req-5ccf0b13-3bc6-44ab-b9a0-f4e0fed96129 req-5ccf0b13-3bc6-44ab-b9a0-f4e0fed96129 ] Request (ServerGroupTestJSON:tearDownClass): 204 DELETE http://10.180.1.21/identity/v3/projects/67729bee4e644213af4abd19bcb12ada 0.144s
2025-12-09 01:20:48.810 67080 INFO tempest.lib.common.rest_client [req-55b3e015-2853-493e-8e38-24ee616398c7 req-55b3e015-2853-493e-8e38-24ee616398c7 ] Request (ListImageFiltersTestJSON:tearDownClass): 204 DELETE http://10.180.1.21/compute/v2.1/servers/921e2292-7a5f-49c7-a2bb-310574c10884 1.243s
2025-12-09 01:20:48.865 67056 INFO tempest.lib.common.rest_client [req-30be58eb-fa4c-4023-95d5-8e8f01c37c8d req-30be58eb-fa4c-4023-95d5-8e8f01c37c8d ] Request (ImagesOneServerNegativeTestJSON:_run_cleanups): 200 GET http://10.180.1.21/compute/v2.1/servers/f157b555-daed-4723-b1b0-4571d0e539bd 1.338s
2025-12-09 01:20:48.912 67052 INFO tempest.lib.common.rest_client [req-7459a908-ff3d-467a-a1c7-e7578897fd56 req-7459a908-ff3d-467a-a1c7-e7578897fd56 ] Request (ServerRescueTestJSON:tearDownClass): 200 GET http://10.180.1.21/compute/v2.1/servers/20360775-1d24-426c-9e51-79bc49cefd0d 1.067s
2025-12-09 01:20:48.933 67079 INFO tempest.lib.common.rest_client [req-96dfaea4-e4ea-4e28-bb28-659be491c854 req-96dfaea4-e4ea-4e28-bb28-659be491c854 ] Request (AttachInterfacesTestJSON:_run_cleanups): 200 GET http://10.180.1.21/compute/v2.1/servers/c0bed061-82c4-438e-a609-5a330654f8b5 0.896s
2025-12-09 01:20:48.945 67106 INFO tempest.lib.common.rest_client [req-af475132-f0ab-4097-b205-8ed0de2e9aa2 req-af475132-f0ab-4097-b205-8ed0de2e9aa2 ] Request (SecurityGroupsTestJSON:tearDownClass): 404 GET http://10.180.1.21/compute/v2.1/servers/64a4ba0d-1d18-477c-8e52-8a13c43b2e7d 0.619s
2025-12-09 01:20:48.945 67046 INFO tempest.lib.common.rest_client [req-e88845ff-a601-48fa-b0ee-09dd834bd5ca req-e88845ff-a601-48fa-b0ee-09dd834bd5ca ] Request (ServersTestJSON:tearDownClass): 204 DELETE http://10.180.1.21/networking/v2.0/routers/ff5bf7c9-f78a-4f33-9177-233f7b99e615 0.688s
2025-12-09 01:20:48.995 67066 INFO tempest.lib.common.rest_client [req-284fc332-594a-433e-9346-4f19670ff67c req-284fc332-594a-433e-9346-4f19670ff67c ] Request (ImagesTestJSON:test_create_image_from_suspended_server): 200 GET http://10.180.1.21/compute/v2.1/images/d29bf20e-d889-40da-8fab-42f895803e7c 0.601s
2025-12-09 01:20:49.015 67104 INFO tempest.lib.common.rest_client [req-e124e9b7-ca37-44ba-8611-5265debd3c4b req-e124e9b7-ca37-44ba-8611-5265debd3c4b ] Request (MigrationsAdminTest:tearDownClass): 200 GET http://10.180.1.21/compute/v2.1/servers/ec0bf743-1bd4-4af7-b596-3691b2f1eb8d 0.670s
2025-12-09 01:20:49.023 67104 INFO tempest.common.waiters [-] State transition "ACTIVE/deleting" ==> "DELETED/None" after 5 second wait
2025-12-09 01:20:49.097 67046 INFO tempest.lib.common.rest_client [req-38d06e5f-1420-4b02-82ff-23cacfa2de5d req-38d06e5f-1420-4b02-82ff-23cacfa2de5d ] Request (ServersTestJSON:tearDownClass): 204 DELETE http://10.180.1.21/networking/v2.0/subnets/1c24b2b9-7ade-4bd3-acc1-aa6db09551ef 0.152s
2025-12-09 01:20:49.109 67060 INFO tempest.lib.common.rest_client [req-b1197e9d-d16c-4b50-9fd0-24b26df2fd32 req-b1197e9d-d16c-4b50-9fd0-24b26df2fd32 ] Request (ServersListShow296Test:tearDownClass): 200 GET http://10.180.1.21/compute/v2.1/servers/5e45737f-5d63-4ab2-bbe8-d53a598a8eec 0.653s
2025-12-09 01:20:49.126 67092 INFO tempest.lib.common.rest_client [req-319f01bc-440e-42e0-a1f0-b67f950bb63c req-319f01bc-440e-42e0-a1f0-b67f950bb63c ] Request (ServerAddressesNegativeTestJSON:setUpClass): 200 GET http://10.180.1.21/compute/v2.1/servers/0a766e11-c92d-429a-b8f9-b5f88a683f74 0.591s
2025-12-09 01:20:49.184 67088 INFO tempest.lib.common.rest_client [req-90bc8571-2601-4de7-92ce-32a35b6df3c4 req-90bc8571-2601-4de7-92ce-32a35b6df3c4 ] Request (ServerRescueNegativeTestJSON:test_rescued_vm_detach_volume): 200 GET http://10.180.1.21/compute/v2.1/servers/1ccbfca0-3a23-48d6-ba18-6b4a19472c87 0.331s
2025-12-09 01:20:49.269 67080 INFO tempest.lib.common.rest_client [req-4e517483-07d9-4ac3-8660-8f61f1b4e6d1 req-4e517483-07d9-4ac3-8660-8f61f1b4e6d1 ] Request (ListImageFiltersTestJSON:tearDownClass): 200 GET http://10.180.1.21/compute/v2.1/servers/921e2292-7a5f-49c7-a2bb-310574c10884 0.458s
2025-12-09 01:20:49.366 67106 INFO tempest.lib.common.rest_client [req-4d80c8a8-2674-4387-b739-a2d35a96e6f5 req-4d80c8a8-2674-4387-b739-a2d35a96e6f5 ] Request (SecurityGroupsTestJSON:tearDownClass): 202 DELETE http://10.180.1.21/compute/v2.1/os-security-groups/dba46c46-83ed-4641-bece-1eb60b15b4ad 0.421s
2025-12-09 01:20:49.398 67064 INFO tempest.lib.common.rest_client [req-b35490fb-dfef-43aa-b191-5bbafdc789fd req-b35490fb-dfef-43aa-b191-5bbafdc789fd ] Request (ServerActionsV293TestJSON:setUpClass): 200 GET http://10.180.1.21/compute/v2.1/servers/5e5883a3-af0f-4e0e-9285-1a0277825d06 0.368s
2025-12-09 01:20:49.449 67046 INFO tempest.lib.common.rest_client [req-229fe418-859c-4a1c-a649-88b1dbd72a09 req-229fe418-859c-4a1c-a649-88b1dbd72a09 ] Request (ServersTestJSON:tearDownClass): 204 DELETE http://10.180.1.21/networking/v2.0/networks/2d7bf2a9-3926-4e46-8cdf-0dd99395dff0 0.351s
2025-12-09 01:20:49.482 67106 INFO tempest.lib.common.rest_client [req-cf2cdb86-6846-495c-bcb8-ad55d3e4d2ab req-cf2cdb86-6846-495c-bcb8-ad55d3e4d2ab ] Request (SecurityGroupsTestJSON:tearDownClass): 202 DELETE http://10.180.1.21/compute/v2.1/os-security-groups/648c7659-e49a-4078-aa14-69eb0da731b2 0.115s
2025-12-09 01:20:49.543 67094 INFO tempest.lib.common.rest_client [req-4a189245-fd94-4332-8002-4c193009fe3e req-4a189245-fd94-4332-8002-4c193009fe3e ] Request (AttachVolumeShelveTestJSON:test_attach_volume_shelved_or_offload_server): 200 GET http://10.180.1.21/compute/v2.1/servers/1b34b298-6e7d-437e-863e-aed4a08543ea 0.150s
2025-12-09 01:20:49.558 67068 INFO tempest.lib.common.rest_client [req-fd441418-4dcd-448a-ad03-da17382d625e req-fd441418-4dcd-448a-ad03-da17382d625e ] Request (ServersAdminTestJSON:tearDownClass): 200 GET http://10.180.1.21/compute/v2.1/servers/d121d952-7c47-481c-84a0-884a581c90a3 0.150s
2025-12-09 01:20:49.600 67046 INFO tempest.lib.common.rest_client [req-aca51095-6fcb-4d00-91ba-7885b078d41d req-aca51095-6fcb-4d00-91ba-7885b078d41d ] Request (ServersTestJSON:tearDownClass): 204 DELETE http://10.180.1.21/identity/v3/users/5df30a67fbab4e8cb0fc120974808ae0 0.151s
2025-12-09 01:20:49.600 67046 INFO tempest.lib.common.dynamic_creds [-] Deleting project and security group for project: 29e3a2d470974245ad6b0775e5751517
2025-12-09 01:20:49.628 67046 INFO tempest.lib.common.rest_client [req-158753d7-4247-4f94-be2f-a30fae818dcd req-158753d7-4247-4f94-be2f-a30fae818dcd ] Request (ServersTestJSON:tearDownClass): 200 GET http://10.180.1.21/networking/v2.0/security-groups?tenant_id=29e3a2d470974245ad6b0775e5751517&name=default 0.027s
2025-12-09 01:20:49.747 67046 INFO tempest.lib.common.rest_client [req-7027ff9f-0b46-42da-9c97-7968230358f5 req-7027ff9f-0b46-42da-9c97-7968230358f5 ] Request (ServersTestJSON:tearDownClass): 204 DELETE http://10.180.1.21/networking/v2.0/security-groups/0db6a74d-a2bf-4cb8-99ed-dc8889d27afc 0.118s
2025-12-09 01:20:49.825 67082 INFO tempest.lib.common.rest_client [req-444b2d73-8a09-4c7f-ba21-26541d2636ec req-444b2d73-8a09-4c7f-ba21-26541d2636ec ] Request (InstanceActionsTestJSON:tearDownClass): 200 GET http://10.180.1.21/compute/v2.1/servers/ada3be4c-9443-45bb-8cb4-1fbca45f50b1 0.162s
2025-12-09 01:20:49.846 67058 INFO tempest.lib.common.rest_client [req-e2e07bf1-09cb-474c-94ff-e8a688092371 req-e2e07bf1-09cb-474c-94ff-e8a688092371 ] Request (TenantUsagesTestJSON:tearDownClass): 200 GET http://10.180.1.21/compute/v2.1/servers/a916ae06-5728-4d0a-bb66-9f2f6c5e9f09 0.161s
2025-12-09 01:20:49.914 67046 INFO tempest.lib.common.rest_client [req-d4738c6f-71ab-41e2-b0bc-988b93745cbc req-d4738c6f-71ab-41e2-b0bc-988b93745cbc ] Request (ServersTestJSON:tearDownClass): 204 DELETE http://10.180.1.21/identity/v3/projects/29e3a2d470974245ad6b0775e5751517 0.166s
2025-12-09 01:20:50.011 67046 INFO tempest.lib.common.rest_client [req-0dcd44b4-404b-4daa-a516-9d9f2bb3dfe8 req-0dcd44b4-404b-4daa-a516-9d9f2bb3dfe8 ] Request (ServersListShow2100Test:setUpClass): 201 POST http://10.180.1.21/identity/v3/auth/tokens 0.095s
2025-12-09 01:20:50.048 67046 INFO tempest.lib.common.rest_client [req-98739d4c-0e86-46c2-abe8-85806e786ecf req-98739d4c-0e86-46c2-abe8-85806e786ecf ] Request (ServersListShow2100Test:setUpClass): 201 POST http://10.180.1.21/identity/v3/auth/tokens 0.033s
2025-12-09 01:20:50.080 67046 INFO tempest.lib.common.rest_client [req-52f4e3ca-dc36-4b73-959d-08748dc6dda3 req-52f4e3ca-dc36-4b73-959d-08748dc6dda3 ] Request (ServersListShow2100Test:setUpClass): 200 GET http://10.180.1.21/identity/v3/domains?name=Default 0.031s
2025-12-09 01:20:50.088 67056 INFO tempest.lib.common.rest_client [req-efe52119-1316-43e8-94a4-98d1afe36f8c req-efe52119-1316-43e8-94a4-98d1afe36f8c ] Request (ImagesOneServerNegativeTestJSON:_run_cleanups): 200 GET http://10.180.1.21/compute/v2.1/servers/f157b555-daed-4723-b1b0-4571d0e539bd 0.211s
2025-12-09 01:20:50.100 67056 INFO tempest.common.waiters [-] State transition "BUILD/spawning" ==> "ACTIVE/None" after 40 second wait
2025-12-09 01:20:50.115 67052 INFO tempest.lib.common.rest_client [req-9a1a4cd7-5c42-4702-a2ec-ae85bc34d47e req-9a1a4cd7-5c42-4702-a2ec-ae85bc34d47e ] Request (ServerRescueTestJSON:tearDownClass): 200 GET http://10.180.1.21/compute/v2.1/servers/20360775-1d24-426c-9e51-79bc49cefd0d 0.190s
2025-12-09 01:20:50.125 67046 INFO tempest.lib.common.rest_client [req-3d3a3fab-fc4a-49ab-a70f-8c43ba6f62e8 req-3d3a3fab-fc4a-49ab-a70f-8c43ba6f62e8 ] Request (ServersListShow2100Test:setUpClass): 201 POST http://10.180.1.21/identity/v3/projects 0.044s
2025-12-09 01:20:50.179 67079 INFO tempest.lib.common.rest_client [req-555ee912-0414-4391-969f-dd57466fddd9 req-555ee912-0414-4391-969f-dd57466fddd9 ] Request (AttachInterfacesTestJSON:_run_cleanups): 200 GET http://10.180.1.21/compute/v2.1/servers/c0bed061-82c4-438e-a609-5a330654f8b5 0.236s
2025-12-09 01:20:50.191 67079 INFO tempest.common.waiters [-] State transition "ACTIVE/deleting" ==> "DELETED/None" after 5 second wait
2025-12-09 01:20:50.204 67046 INFO tempest.lib.common.rest_client [req-1f33f7a7-b886-4270-8a1c-50fbd5660443 req-1f33f7a7-b886-4270-8a1c-50fbd5660443 ] Request (ServersListShow2100Test:setUpClass): 201 POST http://10.180.1.21/identity/v3/users 0.078s
2025-12-09 01:20:50.229 67046 INFO tempest.lib.common.rest_client [req-31ef2927-cc4c-4326-b749-51464bc10e55 req-31ef2927-cc4c-4326-b749-51464bc10e55 ] Request (ServersListShow2100Test:setUpClass): 200 GET http://10.180.1.21/identity/v3/roles 0.024s
2025-12-09 01:20:50.249 67104 INFO tempest.lib.common.rest_client [req-83b5e534-fd22-4769-bcae-5a9af27200ea req-83b5e534-fd22-4769-bcae-5a9af27200ea ] Request (MigrationsAdminTest:tearDownClass): 200 GET http://10.180.1.21/compute/v2.1/servers/ec0bf743-1bd4-4af7-b596-3691b2f1eb8d 0.224s
2025-12-09 01:20:50.279 67046 INFO tempest.lib.common.rest_client [req-cd1ba893-b1c2-462a-bc44-906477cb37dc req-cd1ba893-b1c2-462a-bc44-906477cb37dc ] Request (ServersListShow2100Test:setUpClass): 204 PUT http://10.180.1.21/identity/v3/projects/efc49466fd434de8b8a4793a8d5a7540/users/99ddb21475834f868a55bfac27d0ab80/roles/819cb7db9d6f4b7495e80f3add51f957 0.050s
2025-12-09 01:20:50.279 67046 INFO tempest.lib.common.dynamic_creds [-] Dynamic test user 99ddb21475834f868a55bfac27d0ab80 is created with scope project and roles: ['member']
2025-12-09 01:20:50.279 67046 INFO tempest.lib.common.dynamic_creds [-] Acquired dynamic creds: credentials: Credentials: {'domain_id': 'default', 'domain_name': 'Default', 'username': 'tempest-ServersListShow2100Test-5165194-project-member', 'project_domain_id': 'default', 'project_domain_name': 'Default', 'project_id': 'efc49466fd434de8b8a4793a8d5a7540', 'project_name': 'tempest-ServersListShow2100Test-5165194', 'tenant_id': 'efc49466fd434de8b8a4793a8d5a7540', 'tenant_name': 'tempest-ServersListShow2100Test-5165194', 'user_domain_id': 'default', 'user_domain_name': 'Default', 'user_id': '99ddb21475834f868a55bfac27d0ab80', 'system': None}, Network: None, Subnet: None, Router: None
2025-12-09 01:20:50.280 67046 INFO tempest.lib.common.dynamic_creds [-] Created isolated network resources for: credentials: Credentials: {'domain_id': 'default', 'domain_name': 'Default', 'username': 'tempest-ServersListShow2100Test-5165194-project-member', 'project_domain_id': 'default', 'project_domain_name': 'Default', 'project_id': 'efc49466fd434de8b8a4793a8d5a7540', 'project_name': 'tempest-ServersListShow2100Test-5165194', 'tenant_id': 'efc49466fd434de8b8a4793a8d5a7540', 'tenant_name': 'tempest-ServersListShow2100Test-5165194', 'user_domain_id': 'default', 'user_domain_name': 'Default', 'user_id': '99ddb21475834f868a55bfac27d0ab80', 'system': None}, Network: None, Subnet: None, Router: None
2025-12-09 01:20:50.402 67046 INFO tempest.lib.common.rest_client [req-de3eee7d-d34c-4e5c-897c-67db7df76c0b req-de3eee7d-d34c-4e5c-897c-67db7df76c0b ] Request (ServersListShow2100Test:setUpClass): 201 POST http://10.180.1.21/identity/v3/auth/tokens 0.118s
2025-12-09 01:20:50.446 67046 INFO tempest.lib.common.rest_client [req-ba5d7f72-57f2-400d-be99-4a6c1a10e073 req-ba5d7f72-57f2-400d-be99-4a6c1a10e073 ] Request (ServersListShow2100Test:test_list_show_rebuild_update_server_2100): 201 POST http://10.180.1.21/identity/v3/auth/tokens 0.039s
2025-12-09 01:20:50.446 67046 INFO tempest.lib.common.fixed_network [-] (ServersListShow2100Test:test_list_show_rebuild_update_server_2100) Found network None available for tenant
2025-12-09 01:20:50.461 67056 INFO tempest.lib.common.rest_client [req-e565496d-e6b2-46da-998e-8a1247f27360 req-e565496d-e6b2-46da-998e-8a1247f27360 ] Request (ImagesOneServerNegativeTestJSON:setUp): 200 GET http://10.180.1.21/compute/v2.1/servers/f157b555-daed-4723-b1b0-4571d0e539bd 0.357s
2025-12-09 01:20:50.548 67106 INFO tempest.lib.common.rest_client [req-718708c1-2a6d-48a1-b841-bbca5bdf9fcc req-718708c1-2a6d-48a1-b841-bbca5bdf9fcc ] Request (SecurityGroupsTestJSON:tearDownClass): 200 PUT http://10.180.1.21/networking/v2.0/routers/5fd70e2c-c8a6-47a9-8cc0-9a5279385f1e/remove_router_interface 1.065s
2025-12-09 01:20:50.567 67060 INFO tempest.lib.common.rest_client [req-da5c2eb7-0e90-4552-8ccc-a90362b12d32 req-da5c2eb7-0e90-4552-8ccc-a90362b12d32 ] Request (ServersListShow296Test:tearDownClass): 200 GET http://10.180.1.21/compute/v2.1/servers/5e45737f-5d63-4ab2-bbe8-d53a598a8eec 0.439s
2025-12-09 01:20:50.629 67092 INFO tempest.lib.common.rest_client [req-b63b2539-401f-4e01-9eb4-42834422d181 req-b63b2539-401f-4e01-9eb4-42834422d181 ] Request (ServerAddressesNegativeTestJSON:setUpClass): 200 GET http://10.180.1.21/compute/v2.1/servers/0a766e11-c92d-429a-b8f9-b5f88a683f74 0.493s
2025-12-09 01:20:50.695 67088 INFO tempest.lib.common.rest_client [req-62fe7c08-354f-4b3f-b174-f34d79c8196e req-62fe7c08-354f-4b3f-b174-f34d79c8196e ] Request (ServerRescueNegativeTestJSON:test_rescued_vm_detach_volume): 200 GET http://10.180.1.21/compute/v2.1/servers/1ccbfca0-3a23-48d6-ba18-6b4a19472c87 0.503s
2025-12-09 01:20:50.880 67080 INFO tempest.lib.common.rest_client [req-61d27f6d-4586-4f85-a306-d1290a01157f req-61d27f6d-4586-4f85-a306-d1290a01157f ] Request (ListImageFiltersTestJSON:tearDownClass): 200 GET http://10.180.1.21/compute/v2.1/servers/921e2292-7a5f-49c7-a2bb-310574c10884 0.596s
2025-12-09 01:20:50.964 67064 INFO tempest.lib.common.rest_client [req-1761ee5d-12b1-4a43-a63b-f7e0fb37d908 req-1761ee5d-12b1-4a43-a63b-f7e0fb37d908 ] Request (ServerActionsV293TestJSON:setUpClass): 200 GET http://10.180.1.21/compute/v2.1/servers/5e5883a3-af0f-4e0e-9285-1a0277825d06 0.552s
2025-12-09 01:20:51.050 67054 WARNING tempest.lib.common.ssh [-] Failed to establish authenticated ssh connection to cirros@10.180.180.232 ([Errno None] Unable to connect to port 22 on 10.180.180.232). Number attempts: 4. Retry after 5 seconds.: paramiko.ssh_exception.NoValidConnectionsError: [Errno None] Unable to connect to port 22 on 10.180.180.232
2025-12-09 01:20:51.070 67106 INFO tempest.lib.common.rest_client [req-62be8dc0-c1fc-4962-8538-66817c96c9aa req-62be8dc0-c1fc-4962-8538-66817c96c9aa ] Request (SecurityGroupsTestJSON:tearDownClass): 204 DELETE http://10.180.1.21/networking/v2.0/routers/5fd70e2c-c8a6-47a9-8cc0-9a5279385f1e 0.521s
2025-12-09 01:20:51.231 67106 INFO tempest.lib.common.rest_client [req-94240c67-51ef-45c7-b255-45288608c246 req-94240c67-51ef-45c7-b255-45288608c246 ] Request (SecurityGroupsTestJSON:tearDownClass): 204 DELETE http://10.180.1.21/networking/v2.0/subnets/02a40d90-3a7b-415c-8cf5-8900536e2487 0.161s
2025-12-09 01:20:51.563 67106 INFO tempest.lib.common.rest_client [req-f8919de0-06a5-4db4-a90b-a0c3dde84b6f req-f8919de0-06a5-4db4-a90b-a0c3dde84b6f ] Request (SecurityGroupsTestJSON:tearDownClass): 204 DELETE http://10.180.1.21/networking/v2.0/networks/e364a23f-096f-4dd1-989c-92eaa69c9f07 0.331s
2025-12-09 01:20:51.677 67106 INFO tempest.lib.common.rest_client [req-41f37f67-de54-473d-8ff7-1457627e7164 req-41f37f67-de54-473d-8ff7-1457627e7164 ] Request (SecurityGroupsTestJSON:tearDownClass): 204 DELETE http://10.180.1.21/identity/v3/users/787bb6c8dfef4537bbda646787815a90 0.114s
2025-12-09 01:20:51.677 67106 INFO tempest.lib.common.dynamic_creds [-] Deleting project and security group for project: a8a706fd1ed041968e58eeb0b927907d
2025-12-09 01:20:51.708 67106 INFO tempest.lib.common.rest_client [req-d67b2c51-3dbb-4f32-8240-85351c86f69d req-d67b2c51-3dbb-4f32-8240-85351c86f69d ] Request (SecurityGroupsTestJSON:tearDownClass): 200 GET http://10.180.1.21/networking/v2.0/security-groups?tenant_id=a8a706fd1ed041968e58eeb0b927907d&name=default 0.031s
2025-12-09 01:20:51.793 67106 INFO tempest.lib.common.rest_client [req-5ebfcd3e-6a6a-41f8-ba19-331e52458836 req-5ebfcd3e-6a6a-41f8-ba19-331e52458836 ] Request (SecurityGroupsTestJSON:tearDownClass): 204 DELETE http://10.180.1.21/networking/v2.0/security-groups/2aa159b9-db17-4ffc-815d-e3095746609a 0.085s
2025-12-09 01:20:51.888 67106 INFO tempest.lib.common.rest_client [req-4a99aeea-f6fe-417b-841b-ac0a1ea856ae req-4a99aeea-f6fe-417b-841b-ac0a1ea856ae ] Request (SecurityGroupsTestJSON:tearDownClass): 204 DELETE http://10.180.1.21/identity/v3/projects/a8a706fd1ed041968e58eeb0b927907d 0.094s
2025-12-09 01:20:51.948 67106 INFO tempest.lib.common.rest_client [req-cb7af498-e906-458d-8681-d2f73a46375c req-cb7af498-e906-458d-8681-d2f73a46375c ] Request (MultipleCreateNegativeTestJSON:setUpClass): 201 POST http://10.180.1.21/identity/v3/auth/tokens 0.059s
2025-12-09 01:20:51.976 67106 INFO tempest.lib.common.rest_client [req-a05bfe7c-7414-4186-add6-42dbcefa1524 req-a05bfe7c-7414-4186-add6-42dbcefa1524 ] Request (MultipleCreateNegativeTestJSON:setUpClass): 201 POST http://10.180.1.21/identity/v3/auth/tokens 0.025s
2025-12-09 01:20:51.999 67106 INFO tempest.lib.common.rest_client [req-d1eb2e9f-7bd0-408d-ac70-1edfa03c4ad7 req-d1eb2e9f-7bd0-408d-ac70-1edfa03c4ad7 ] Request (MultipleCreateNegativeTestJSON:setUpClass): 200 GET http://10.180.1.21/identity/v3/domains?name=Default 0.023s
2025-12-09 01:20:52.026 67106 INFO tempest.lib.common.rest_client [req-a9ba1a76-95e7-4df8-b8d7-bbf5ac277a50 req-a9ba1a76-95e7-4df8-b8d7-bbf5ac277a50 ] Request (MultipleCreateNegativeTestJSON:setUpClass): 201 POST http://10.180.1.21/identity/v3/projects 0.026s
2025-12-09 01:20:52.080 67106 INFO tempest.lib.common.rest_client [req-97ce22a4-0704-46c9-ba6b-728d4fc56d57 req-97ce22a4-0704-46c9-ba6b-728d4fc56d57 ] Request (MultipleCreateNegativeTestJSON:setUpClass): 201 POST http://10.180.1.21/identity/v3/users 0.052s
2025-12-09 01:20:52.100 67106 INFO tempest.lib.common.rest_client [req-0195f5d3-6759-4645-a078-2e5ca9b20961 req-0195f5d3-6759-4645-a078-2e5ca9b20961 ] Request (MultipleCreateNegativeTestJSON:setUpClass): 200 GET http://10.180.1.21/identity/v3/roles 0.020s
2025-12-09 01:20:52.125 67106 INFO tempest.lib.common.rest_client [req-0d2c1fd9-81c9-4591-9043-f9900ca64f4b req-0d2c1fd9-81c9-4591-9043-f9900ca64f4b ] Request (MultipleCreateNegativeTestJSON:setUpClass): 204 PUT http://10.180.1.21/identity/v3/projects/c3f0fd57b22e4884a8b25507851b287e/users/c906969ebf764c72b8add1c90038e182/roles/819cb7db9d6f4b7495e80f3add51f957 0.024s
2025-12-09 01:20:52.125 67106 INFO tempest.lib.common.dynamic_creds [-] Dynamic test user c906969ebf764c72b8add1c90038e182 is created with scope project and roles: ['member']
2025-12-09 01:20:52.126 67106 INFO tempest.lib.common.dynamic_creds [-] Acquired dynamic creds: credentials: Credentials: {'domain_id': 'default', 'domain_name': 'Default', 'username': 'tempest-MultipleCreateNegativeTestJSON-1849839536-project-member', 'project_domain_id': 'default', 'project_domain_name': 'Default', 'project_id': 'c3f0fd57b22e4884a8b25507851b287e', 'project_name': 'tempest-MultipleCreateNegativeTestJSON-1849839536', 'tenant_id': 'c3f0fd57b22e4884a8b25507851b287e', 'tenant_name': 'tempest-MultipleCreateNegativeTestJSON-1849839536', 'user_domain_id': 'default', 'user_domain_name': 'Default', 'user_id': 'c906969ebf764c72b8add1c90038e182', 'system': None}, Network: None, Subnet: None, Router: None
2025-12-09 01:20:52.126 67106 INFO tempest.lib.common.dynamic_creds [-] Created isolated network resources for: credentials: Credentials: {'domain_id': 'default', 'domain_name': 'Default', 'username': 'tempest-MultipleCreateNegativeTestJSON-1849839536-project-member', 'project_domain_id': 'default', 'project_domain_name': 'Default', 'project_id': 'c3f0fd57b22e4884a8b25507851b287e', 'project_name': 'tempest-MultipleCreateNegativeTestJSON-1849839536', 'tenant_id': 'c3f0fd57b22e4884a8b25507851b287e', 'tenant_name': 'tempest-MultipleCreateNegativeTestJSON-1849839536', 'user_domain_id': 'default', 'user_domain_name': 'Default', 'user_id': 'c906969ebf764c72b8add1c90038e182', 'system': None}, Network: None, Subnet: None, Router: None
2025-12-09 01:20:52.195 67106 INFO tempest.lib.common.rest_client [req-0f349c8a-b5a3-4e5e-ab43-a73d1c646887 req-0f349c8a-b5a3-4e5e-ab43-a73d1c646887 ] Request (MultipleCreateNegativeTestJSON:setUpClass): 201 POST http://10.180.1.21/identity/v3/auth/tokens 0.066s
2025-12-09 01:20:52.228 67106 INFO tempest.lib.common.rest_client [req-ac9347e2-922a-4138-8e46-587d98528032 req-ac9347e2-922a-4138-8e46-587d98528032 ] Request (MultipleCreateNegativeTestJSON:test_max_count_less_than_min_count): 201 POST http://10.180.1.21/identity/v3/auth/tokens 0.029s
2025-12-09 01:20:52.229 67106 INFO tempest.lib.common.fixed_network [-] (MultipleCreateNegativeTestJSON:test_max_count_less_than_min_count) Found network None available for tenant
2025-12-09 01:20:53.027 67084 WARNING tempest.lib.common.ssh [-] Failed to establish authenticated ssh connection to cirros@10.180.180.171 ([Errno None] Unable to connect to port 22 on 10.180.180.171). Number attempts: 4. Retry after 5 seconds.: paramiko.ssh_exception.NoValidConnectionsError: [Errno None] Unable to connect to port 22 on 10.180.180.171
2025-12-09 01:20:55.370 67062 WARNING tempest.lib.common.ssh [-] Failed to establish authenticated ssh connection to cirros@10.180.180.244 ([Errno None] Unable to connect to port 22 on 10.180.180.244). Number attempts: 1. Retry after 2 seconds.: paramiko.ssh_exception.NoValidConnectionsError: [Errno None] Unable to connect to port 22 on 10.180.180.244
2025-12-09 01:20:55.700 67066 INFO tempest.lib.common.rest_client [req-e8c5ca36-34a6-42fc-b894-e63fd0283649 req-e8c5ca36-34a6-42fc-b894-e63fd0283649 ] Request (ImagesTestJSON:test_create_image_from_suspended_server): 200 GET http://10.180.1.21/compute/v2.1/images/d29bf20e-d889-40da-8fab-42f895803e7c 5.698s
2025-12-09 01:20:55.793 67046 INFO tempest.lib.common.rest_client [req-242f6c7f-4a34-4c8f-8acd-15f29eb8dc31 req-242f6c7f-4a34-4c8f-8acd-15f29eb8dc31 ] Request (ServersListShow2100Test:test_list_show_rebuild_update_server_2100): 202 POST http://10.180.1.21/compute/v2.1/servers 5.346s
2025-12-09 01:20:55.974 67094 INFO tempest.lib.common.rest_client [req-44f20698-d553-4318-991f-426ffdbdb0d8 req-44f20698-d553-4318-991f-426ffdbdb0d8 ] Request (AttachVolumeShelveTestJSON:test_attach_volume_shelved_or_offload_server): 200 GET http://10.180.1.21/compute/v2.1/servers/1b34b298-6e7d-437e-863e-aed4a08543ea 5.413s
2025-12-09 01:20:56.027 67072 INFO paramiko.transport [-] Connected (version 2.0, client dropbear_2020.81)
2025-12-09 01:20:56.043 67068 INFO tempest.lib.common.rest_client [req-e5ba7945-9efb-4685-b71c-6155ef014866 req-e5ba7945-9efb-4685-b71c-6155ef014866 ] Request (ServersAdminTestJSON:tearDownClass): 200 GET http://10.180.1.21/compute/v2.1/servers/d121d952-7c47-481c-84a0-884a581c90a3 5.474s
2025-12-09 01:20:56.062 67082 INFO tempest.lib.common.rest_client [req-8daaeade-d6b4-4a33-a870-c994ab8be3bf req-8daaeade-d6b4-4a33-a870-c994ab8be3bf ] Request (InstanceActionsTestJSON:tearDownClass): 404 GET http://10.180.1.21/compute/v2.1/servers/ada3be4c-9443-45bb-8cb4-1fbca45f50b1 5.216s
