2025-12-09 01:17:18.359 67094 INFO tempest.lib.common.rest_client [req-cc39cbd9-42c2-467a-9e01-b92b1a81e7e7 req-cc39cbd9-42c2-467a-9e01-b92b1a81e7e7 ] Request (SecurityGroupsNegativeTestJSON:tearDownClass): 204 DELETE http://10.180.1.21/identity/v3/users/4aca215768f14c30bf697f10aa56d7c5 0.110s
2025-12-09 01:17:18.359 67094 INFO tempest.lib.common.dynamic_creds [-] Deleting project and security group for project: b961c6dad27a4233a852f197865ebd6c
2025-12-09 01:17:18.383 67098 INFO tempest.lib.common.rest_client [req-b2774e15-b88d-401e-a8ab-f2471612eb15 req-b2774e15-b88d-401e-a8ab-f2471612eb15 ] Request (NetworksTest:test_get_network): 200 GET http://10.180.1.21/compute/v2.1/os-networks 5.673s
2025-12-09 01:17:18.426 67094 INFO tempest.lib.common.rest_client [req-990ca372-1125-4aa8-99fe-bd510c63528c req-990ca372-1125-4aa8-99fe-bd510c63528c ] Request (SecurityGroupsNegativeTestJSON:tearDownClass): 200 GET http://10.180.1.21/networking/v2.0/security-groups?tenant_id=b961c6dad27a4233a852f197865ebd6c&name=default 0.067s
2025-12-09 01:17:18.552 67076 INFO tempest.lib.common.rest_client [req-8e811a38-bebd-44c4-bbcf-205ed9f4e66e req-8e811a38-bebd-44c4-bbcf-205ed9f4e66e ] Request (QuotaClassesAdmin257Test:test_update_default_quotas): 200 GET http://10.180.1.21/compute/v2.1/os-quota-class-sets/default 4.743s
2025-12-09 01:17:18.564 67094 INFO tempest.lib.common.rest_client [req-f986f817-bb47-44cf-aca4-a3e46b705584 req-f986f817-bb47-44cf-aca4-a3e46b705584 ] Request (SecurityGroupsNegativeTestJSON:tearDownClass): 204 DELETE http://10.180.1.21/networking/v2.0/security-groups/2ca411e5-96c7-4b7c-bc9b-a17b4b2a5ee4 0.137s
2025-12-09 01:17:18.616 67068 INFO tempest.lib.common.rest_client [req-afd662c1-4bda-4e98-a57e-e1b268af2673 req-afd662c1-4bda-4e98-a57e-e1b268af2673 ] Request (ServersAdminTestJSON:setUpClass): 200 GET http://10.180.1.21/compute/v2.1/servers/6904a9ab-7e9e-47d0-bb81-cc3712a50e42 5.378s
2025-12-09 01:17:18.711 67068 INFO tempest.lib.common.rest_client [req-7f483529-0c8a-4c18-9465-c1bc1d721db4 req-7f483529-0c8a-4c18-9465-c1bc1d721db4 ] Request (ServersAdminTestJSON:test_create_server_with_scheduling_hint): 201 POST http://10.180.1.21/identity/v3/auth/tokens 0.079s
2025-12-09 01:17:18.711 67068 INFO tempest.lib.common.fixed_network [-] (ServersAdminTestJSON:test_create_server_with_scheduling_hint) Found network {'id': '1978802c-579c-41ce-b6a4-3ad5f63770ad', 'name': 'tempest-ServersAdminTestJSON-896731936-network', 'tenant_id': '2b33277e8646460da62bd89e1989c14c', 'project_id': '2b33277e8646460da62bd89e1989c14c', 'admin_state_up': True, 'mtu': 8950, 'status': 'ACTIVE', 'subnets': [], 'shared': False, 'port_security_enabled': True, 'router:external': False, 'provider:network_type': 'vlan', 'provider:physical_network': 'default', 'provider:segmentation_id': 509, 'availability_zone_hints': [], 'availability_zones': [], 'ipv4_address_scope': None, 'ipv6_address_scope': None, 'description': '', 'tags': [], 'created_at': '2025-12-09T01:16:23Z', 'updated_at': '2025-12-09T01:16:23Z', 'revision_number': 1} available for tenant
2025-12-09 01:17:18.712 67094 INFO tempest.lib.common.rest_client [req-96e72366-8833-49ed-98d1-98b1bbf6fbef req-96e72366-8833-49ed-98d1-98b1bbf6fbef ] Request (SecurityGroupsNegativeTestJSON:tearDownClass): 204 DELETE http://10.180.1.21/identity/v3/projects/b961c6dad27a4233a852f197865ebd6c 0.146s
2025-12-09 01:17:18.776 67082 INFO tempest.lib.common.rest_client [req-66799dba-601f-4df1-bdab-09cbb5a903ee req-66799dba-601f-4df1-bdab-09cbb5a903ee ] Request (VolumesAssistedSnapshotsTest:test_volume_assisted_snapshot_create_delete): 200 GET http://10.180.1.21/compute/v2.1/servers/d0d682ac-1636-40bf-a217-1ad7e686f8e5/os-interface 4.878s
2025-12-09 01:17:18.792 67094 INFO tempest.lib.common.rest_client [req-87adf442-8599-4a6e-b94f-ae0a01c89147 req-87adf442-8599-4a6e-b94f-ae0a01c89147 ] Request (ServerAddressesTestJSON:setUpClass): 201 POST http://10.180.1.21/identity/v3/auth/tokens 0.078s
2025-12-09 01:17:18.816 67104 INFO tempest.lib.common.rest_client [req-a15ad964-3097-40a8-9d93-b7dd384b9761 req-a15ad964-3097-40a8-9d93-b7dd384b9761 ] Request (MigrationsAdminTest:test_list_migrations_in_flavor_resize_situation): 200 GET http://10.180.1.21/compute/v2.1/servers/d3e6f0c4-5fdf-4e0a-bc17-b04dc329bfc9 4.969s
2025-12-09 01:17:18.840 67094 INFO tempest.lib.common.rest_client [req-f2600235-f2c1-46cb-8bef-234f5e008b5c req-f2600235-f2c1-46cb-8bef-234f5e008b5c ] Request (ServerAddressesTestJSON:setUpClass): 201 POST http://10.180.1.21/identity/v3/auth/tokens 0.043s
2025-12-09 01:17:18.872 67094 INFO tempest.lib.common.rest_client [req-62f8d2c4-4984-45a1-92d5-5affd376f5cb req-62f8d2c4-4984-45a1-92d5-5affd376f5cb ] Request (ServerAddressesTestJSON:setUpClass): 200 GET http://10.180.1.21/identity/v3/domains?name=Default 0.032s
2025-12-09 01:17:18.904 67094 INFO tempest.lib.common.rest_client [req-10151579-c18b-4418-8671-19e3e7d714a8 req-10151579-c18b-4418-8671-19e3e7d714a8 ] Request (ServerAddressesTestJSON:setUpClass): 201 POST http://10.180.1.21/identity/v3/projects 0.030s
2025-12-09 01:17:18.967 67094 INFO tempest.lib.common.rest_client [req-1b62f8ef-ae30-4e1a-9d07-e2f8250da46a req-1b62f8ef-ae30-4e1a-9d07-e2f8250da46a ] Request (ServerAddressesTestJSON:setUpClass): 201 POST http://10.180.1.21/identity/v3/users 0.063s
2025-12-09 01:17:18.995 67094 INFO tempest.lib.common.rest_client [req-5aac8ae8-bed2-47b8-b591-11dd77267908 req-5aac8ae8-bed2-47b8-b591-11dd77267908 ] Request (ServerAddressesTestJSON:setUpClass): 200 GET http://10.180.1.21/identity/v3/roles 0.027s
2025-12-09 01:17:19.034 67094 INFO tempest.lib.common.rest_client [req-81f443ef-d0b1-4130-9c0f-fff8575de2a9 req-81f443ef-d0b1-4130-9c0f-fff8575de2a9 ] Request (ServerAddressesTestJSON:setUpClass): 204 PUT http://10.180.1.21/identity/v3/projects/fc95fe40d94f48a785c00dbcc0fe02f4/users/fcaf741b9a06427f855ea113fb3b6753/roles/819cb7db9d6f4b7495e80f3add51f957 0.039s
2025-12-09 01:17:19.036 67094 INFO tempest.lib.common.dynamic_creds [-] Dynamic test user fcaf741b9a06427f855ea113fb3b6753 is created with scope project and roles: ['member']
2025-12-09 01:17:19.036 67094 INFO tempest.lib.common.dynamic_creds [-] Acquired dynamic creds: credentials: Credentials: {'domain_id': 'default', 'domain_name': 'Default', 'username': 'tempest-ServerAddressesTestJSON-200400717-project-member', 'project_domain_id': 'default', 'project_domain_name': 'Default', 'project_id': 'fc95fe40d94f48a785c00dbcc0fe02f4', 'project_name': 'tempest-ServerAddressesTestJSON-200400717', 'tenant_id': 'fc95fe40d94f48a785c00dbcc0fe02f4', 'tenant_name': 'tempest-ServerAddressesTestJSON-200400717', 'user_domain_id': 'default', 'user_domain_name': 'Default', 'user_id': 'fcaf741b9a06427f855ea113fb3b6753', 'system': None}, Network: None, Subnet: None, Router: None
2025-12-09 01:17:19.119 67094 INFO tempest.lib.common.rest_client [req-12030985-622f-452c-a826-08ab939b4194 req-12030985-622f-452c-a826-08ab939b4194 ] Request (ServerAddressesTestJSON:setUpClass): 201 POST http://10.180.1.21/identity/v3/auth/tokens 0.082s
2025-12-09 01:17:19.414 67082 INFO tempest.lib.common.rest_client [req-3aed773c-6347-488a-a75d-5e6ad0c9bd68 req-3aed773c-6347-488a-a75d-5e6ad0c9bd68 ] Request (VolumesAssistedSnapshotsTest:test_volume_assisted_snapshot_create_delete): 200 PUT http://10.180.1.21/networking/v2.0/floatingips/457d6c0a-5b6d-413c-b382-d66ffc1b1d43 0.635s
2025-12-09 01:17:19.416 67082 INFO tempest.lib.common.ssh [-] Creating ssh connection to '10.180.180.166:22' as 'cirros' with public key authentication
2025-12-09 01:17:19.507 67071 INFO tempest.lib.common.rest_client [req-69ff0db2-8005-4bbb-8e5e-e60c376d3893 req-69ff0db2-8005-4bbb-8e5e-e60c376d3893 ] Request (ServerExternalEventsTest:tearDownClass): 200 GET http://10.180.1.21/compute/v2.1/servers/50dd524b-ad81-435a-aca1-2385e3e1a0fe 4.818s
2025-12-09 01:17:19.528 67102 INFO tempest.lib.common.rest_client [req-6b983c47-3367-4593-8350-bc16d8ddcd0f req-6b983c47-3367-4593-8350-bc16d8ddcd0f ] Request (ServicesAdminNegativeV253TestJSON:test_get_service_by_invalid_params): 200 GET http://10.180.1.21/compute/v2.1/os-services?xxx=nova-compute 3.865s
2025-12-09 01:17:19.533 67054 INFO tempest.lib.common.rest_client [req-1ec53bf7-6604-4022-b220-1ac684bd212b req-1ec53bf7-6604-4022-b220-1ac684bd212b ] Request (FlavorsExtraSpecsNegativeTestJSON:test_flavor_update_more_key): 400 PUT http://10.180.1.21/compute/v2.1/flavors/579693090/os-extra_specs/hw:numa_nodes 3.862s
2025-12-09 01:17:19.549 67088 INFO tempest.lib.common.rest_client [req-18194593-720f-48eb-b0da-0ee7cc09551c req-18194593-720f-48eb-b0da-0ee7cc09551c ] Request (FlavorsAccessTestJSON:_run_cleanups): 202 DELETE http://10.180.1.21/compute/v2.1/flavors/1289956217 3.858s
2025-12-09 01:17:19.796 67094 INFO tempest.lib.common.rest_client [req-f26920d2-49d2-4a10-b770-3b09e6f32694 req-f26920d2-49d2-4a10-b770-3b09e6f32694 ] Request (ServerAddressesTestJSON:setUpClass): 201 POST http://10.180.1.21/networking/v2.0/networks 0.676s
2025-12-09 01:17:19.837 67058 INFO tempest.lib.common.rest_client [req-998085c9-1e8d-46cf-81c2-842b8e502cab req-998085c9-1e8d-46cf-81c2-842b8e502cab ] Request (ServersAdminNegativeTestJSON:test_migrate_server_invalid_state): 200 GET http://10.180.1.21/compute/v2.1/servers/68bbaaf1-67f9-403b-b866-ec5a59c4c59e 5.570s
2025-12-09 01:17:20.013 67094 INFO tempest.lib.common.rest_client [req-29b08aaf-7044-4edf-b464-092c2b40d09f req-29b08aaf-7044-4edf-b464-092c2b40d09f ] Request (ServerAddressesTestJSON:setUpClass): 201 POST http://10.180.1.21/networking/v2.0/subnets 0.217s
2025-12-09 01:17:20.173 67074 INFO tempest.lib.common.rest_client [req-b8209c5d-f62c-4aa2-b2c6-f01b0e63cbb4 req-b8209c5d-f62c-4aa2-b2c6-f01b0e63cbb4 ] Request (SecurityGroupsTestAdminJSON:_run_cleanups): 202 DELETE http://10.180.1.21/compute/v2.1/os-security-groups/dd44dffd-347c-45a2-902f-4c8520a5f8b6 4.384s
2025-12-09 01:17:20.472 67100 INFO tempest.lib.common.rest_client [req-a7319c11-0cb8-436b-907f-fee767936f6a req-a7319c11-0cb8-436b-907f-fee767936f6a ] Request (ServersTestFqdnHostnames:test_create_server_with_fqdn_name): 200 GET http://10.180.1.21/compute/v2.1/servers/09b33f0d-1740-459c-8b35-91c6cbefc53c 4.570s
2025-12-09 01:17:20.504 67066 INFO tempest.lib.common.rest_client [req-5b9f0a32-ee1f-4970-a9bf-27fbe63a63c7 req-5b9f0a32-ee1f-4970-a9bf-27fbe63a63c7 ] Request (FlavorsAdminTestJSON:_run_cleanups): 200 GET http://10.180.1.21/compute/v2.1/flavors/detail 4.374s
2025-12-09 01:17:20.530 67064 INFO tempest.lib.common.rest_client [req-02d90607-6e14-443f-9067-dbfeea28d03f req-02d90607-6e14-443f-9067-dbfeea28d03f ] Request (AggregatesAdminNegativeTestJSON:test_aggregate_add_non_exist_host): 200 POST http://10.180.1.21/compute/v2.1/os-aggregates 4.368s
2025-12-09 01:17:20.583 67050 INFO tempest.lib.common.rest_client [req-643c5af0-106d-41a8-8892-9480dc08d3aa req-643c5af0-106d-41a8-8892-9480dc08d3aa ] Request (HostsAdminTestJSON:test_show_host_detail): 200 GET http://10.180.1.21/compute/v2.1/os-hosts/cpu-1 4.397s
2025-12-09 01:17:20.695 67050 INFO tempest.lib.common.rest_client [req-96119d9a-a0a3-4dd6-8d0a-24973b4abc05 req-96119d9a-a0a3-4dd6-8d0a-24973b4abc05 ] Request (HostsAdminTestJSON:tearDownClass): 204 DELETE http://10.180.1.21/identity/v3/users/238c6f746d954bb5a6ad69f1319062a6 0.111s
2025-12-09 01:17:20.744 67060 INFO tempest.lib.common.rest_client [req-7b5f17ec-f75a-4048-8512-ded5443d21bd req-7b5f17ec-f75a-4048-8512-ded5443d21bd ] Request (ImagesMetadataTestJSON:setUp): 200 PUT http://10.180.1.21/compute/v2.1/images/d3602901-a093-418c-8193-161611b37a49/metadata 4.524s
2025-12-09 01:17:20.774 67062 INFO tempest.lib.common.rest_client [req-298c2865-8206-4657-85d3-81568590766e req-298c2865-8206-4657-85d3-81568590766e ] Request (ServerActionsTestJSON:setUpClass): 202 POST http://10.180.1.21/compute/v2.1/servers 4.703s
2025-12-09 01:17:20.854 67050 INFO tempest.lib.common.rest_client [req-b9798682-a753-45ef-a30f-2bbfd0cb0235 req-b9798682-a753-45ef-a30f-2bbfd0cb0235 ] Request (HostsAdminTestJSON:tearDownClass): 204 DELETE http://10.180.1.21/identity/v3/users/f6cf24cc177a4d17afd2c457d56032ff 0.158s
2025-12-09 01:17:20.854 67050 INFO tempest.lib.common.dynamic_creds [-] Deleting project and security group for project: 0764c1f1f1ce46e1bd3b96fddfddf02c
2025-12-09 01:17:20.939 67050 INFO tempest.lib.common.rest_client [req-29c6d93c-4d4d-44b4-bb9c-f00efd88e5eb req-29c6d93c-4d4d-44b4-bb9c-f00efd88e5eb ] Request (HostsAdminTestJSON:tearDownClass): 201 POST http://10.180.1.21/identity/v3/auth/tokens 0.084s
2025-12-09 01:17:21.043 67108 INFO tempest.lib.common.rest_client [req-7af84c8e-013f-48cb-969d-4a9cd6c6a8d9 req-7af84c8e-013f-48cb-969d-4a9cd6c6a8d9 ] Request (VolumesAdminNegativeTest:test_update_attached_volume_with_nonexistent_volume_in_uri): 404 PUT http://10.180.1.21/compute/v2.1/servers/ffc655ab-5eaa-4086-8cc2-ea9b2ddbd35a/os-volume_attachments/bd9d0f11-c5df-40a5-a68e-bf9fea92e7ac 4.628s
2025-12-09 01:17:21.129 67108 INFO tempest.lib.common.rest_client [req-e85697a9-b6b2-4f6b-b1ee-23a020a878e9 req-e85697a9-b6b2-4f6b-b1ee-23a020a878e9 ] Request (VolumesAdminNegativeTest:tearDownClass): 202 DELETE http://10.180.1.21/volume/v3/volumes/d8718ba3-59a5-4c6d-9997-becfc0763d0a 0.083s
2025-12-09 01:17:21.169 67108 INFO tempest.lib.common.rest_client [req-538613c3-9a11-4397-8264-8e43a00e21d5 req-538613c3-9a11-4397-8264-8e43a00e21d5 ] Request (VolumesAdminNegativeTest:tearDownClass): 200 GET http://10.180.1.21/volume/v3/volumes/d8718ba3-59a5-4c6d-9997-becfc0763d0a 0.039s
2025-12-09 01:17:21.262 67050 INFO tempest.lib.common.rest_client [req-5fb43a20-0058-496a-8ef5-21378e06c5c2 req-5fb43a20-0058-496a-8ef5-21378e06c5c2 ] Request (HostsAdminTestJSON:tearDownClass): 200 GET http://10.180.1.21/networking/v2.0/security-groups?tenant_id=0764c1f1f1ce46e1bd3b96fddfddf02c&name=default 0.321s
2025-12-09 01:17:21.316 67090 INFO tempest.lib.common.rest_client [req-497df2bf-71e1-44d3-98d5-727e2d67c8a7 req-497df2bf-71e1-44d3-98d5-727e2d67c8a7 ] Request (FloatingIPsAssociationTestJSON:test_associate_already_associated_floating_ip): 200 GET http://10.180.1.21/compute/v2.1/servers/325f24ea-356a-4716-995c-2e533fd4b7f6 4.668s
2025-12-09 01:17:21.323 67096 INFO tempest.lib.common.rest_client [req-0bcffa0c-bd25-413b-925b-cbe0601738da req-0bcffa0c-bd25-413b-925b-cbe0601738da ] Request (FloatingIPsNegativeTestJSON:setUpClass): 200 GET http://10.180.1.21/compute/v2.1/os-floating-ips 4.527s
2025-12-09 01:17:21.350 67052 INFO tempest.lib.common.rest_client [req-c76e6de9-1f89-461f-abd1-1eed3f90584e req-c76e6de9-1f89-461f-abd1-1eed3f90584e ] Request (FlavorsExtraSpecsTestJSON:tearDownClass): 200 GET http://10.180.1.21/compute/v2.1/flavors/detail 4.429s
2025-12-09 01:17:21.432 67050 INFO tempest.lib.common.rest_client [req-64a55b52-bdbb-4bd1-b1c7-800e28f7ff0e req-64a55b52-bdbb-4bd1-b1c7-800e28f7ff0e ] Request (HostsAdminTestJSON:tearDownClass): 204 DELETE http://10.180.1.21/networking/v2.0/security-groups/7f542c9c-76b4-46af-9d97-d7638401f9e5 0.170s
2025-12-09 01:17:21.470 67052 INFO tempest.lib.common.rest_client [req-76e42baa-8beb-4c73-adbd-b9009daef06f req-76e42baa-8beb-4c73-adbd-b9009daef06f ] Request (FlavorsExtraSpecsTestJSON:tearDownClass): 204 DELETE http://10.180.1.21/identity/v3/users/0b05ff3e94f942f7b3c735af80a5da66 0.114s
2025-12-09 01:17:21.545 67092 INFO tempest.lib.common.rest_client [req-94fbc4ca-76b6-470a-b8f8-7f0e17ebc9bb req-94fbc4ca-76b6-470a-b8f8-7f0e17ebc9bb ] Request (QuotasAdminNegativeTest:test_create_server_when_memory_quota_is_full): 200 PUT http://10.180.1.21/compute/v2.1/os-quota-sets/dadbd49cbb914df78fcc824fa21da5b9 4.515s
2025-12-09 01:17:21.571 67050 INFO tempest.lib.common.rest_client [req-6a76661c-6ead-411a-8a91-a708000b56fd req-6a76661c-6ead-411a-8a91-a708000b56fd ] Request (HostsAdminTestJSON:tearDownClass): 204 DELETE http://10.180.1.21/identity/v3/projects/0764c1f1f1ce46e1bd3b96fddfddf02c 0.138s
2025-12-09 01:17:21.572 67050 INFO tempest.lib.common.dynamic_creds [-] Deleting project and security group for project: a9745e5df1594a1fa240c60cb4397c5c
2025-12-09 01:17:21.605 67052 INFO tempest.lib.common.rest_client [req-343c26ea-c131-4c74-9915-af2ddaa31060 req-343c26ea-c131-4c74-9915-af2ddaa31060 ] Request (FlavorsExtraSpecsTestJSON:tearDownClass): 204 DELETE http://10.180.1.21/identity/v3/users/7a0d9116b2da4109a890bfce5b6a0ca2 0.134s
2025-12-09 01:17:21.605 67052 INFO tempest.lib.common.dynamic_creds [-] Deleting project and security group for project: 842029c64b6c4b72b6912b6fc2c4b97e
2025-12-09 01:17:21.628 67092 INFO tempest.lib.common.rest_client [req-7ac727c1-194b-4e7d-a703-64e6436ff94f req-7ac727c1-194b-4e7d-a703-64e6436ff94f ] Request (QuotasAdminNegativeTest:test_create_server_when_memory_quota_is_full): 201 POST http://10.180.1.21/identity/v3/auth/tokens 0.077s
2025-12-09 01:17:21.629 67092 INFO tempest.lib.common.fixed_network [-] (QuotasAdminNegativeTest:test_create_server_when_memory_quota_is_full) Found network None available for tenant
2025-12-09 01:17:21.652 67094 INFO tempest.lib.common.rest_client [req-c8f74f8d-55d4-423c-afe4-ab39bfbb030a req-c8f74f8d-55d4-423c-afe4-ab39bfbb030a ] Request (ServerAddressesTestJSON:setUpClass): 201 POST http://10.180.1.21/networking/v2.0/routers 1.638s
2025-12-09 01:17:21.679 67052 INFO tempest.lib.common.rest_client [req-22f4f3fc-6b6f-4c5f-a57e-00ca25898382 req-22f4f3fc-6b6f-4c5f-a57e-00ca25898382 ] Request (FlavorsExtraSpecsTestJSON:tearDownClass): 201 POST http://10.180.1.21/identity/v3/auth/tokens 0.074s
2025-12-09 01:17:21.716 67046 INFO tempest.lib.common.rest_client [req-ce175edf-5b8f-4623-a65d-2fe6cff5e8e4 req-ce175edf-5b8f-4623-a65d-2fe6cff5e8e4 ] Request (SecurityGroupRulesNegativeTestJSON:test_create_security_group_rule_with_invalid_from_port): 200 POST http://10.180.1.21/compute/v2.1/os-security-groups 4.361s
2025-12-09 01:17:21.770 67050 INFO tempest.lib.common.rest_client [req-9c440879-43ee-4eea-8866-1a289fe2a98f req-9c440879-43ee-4eea-8866-1a289fe2a98f ] Request (HostsAdminTestJSON:tearDownClass): 200 GET http://10.180.1.21/networking/v2.0/security-groups?tenant_id=a9745e5df1594a1fa240c60cb4397c5c&name=default 0.198s
2025-12-09 01:17:21.972 67052 INFO tempest.lib.common.rest_client [req-0dffadc5-1a83-4e65-b9a8-95efd4db5cad req-0dffadc5-1a83-4e65-b9a8-95efd4db5cad ] Request (FlavorsExtraSpecsTestJSON:tearDownClass): 200 GET http://10.180.1.21/networking/v2.0/security-groups?tenant_id=842029c64b6c4b72b6912b6fc2c4b97e&name=default 0.292s
2025-12-09 01:17:22.061 67080 INFO tempest.lib.common.rest_client [req-4c3f5936-7b31-41eb-94cd-788fe56106f1 req-4c3f5936-7b31-41eb-94cd-788fe56106f1 ] Request (ServerDiagnosticsV248Test:test_get_server_diagnostics): 200 GET http://10.180.1.21/compute/v2.1/servers/9ae31025-5422-49a6-b779-9249f2a62b97 4.153s
2025-12-09 01:17:22.072 67080 INFO tempest.common.waiters [-] State transition "BUILD/None" ==> "BUILD/block_device_mapping" after 6 second wait
2025-12-09 01:17:22.193 67108 INFO tempest.lib.common.rest_client [req-8adf9eb6-1fb5-40fc-b520-6f4b213ba213 req-8adf9eb6-1fb5-40fc-b520-6f4b213ba213 ] Request (VolumesAdminNegativeTest:tearDownClass): 404 GET http://10.180.1.21/volume/v3/volumes/d8718ba3-59a5-4c6d-9997-becfc0763d0a 0.015s
2025-12-09 01:17:22.216 67050 INFO tempest.lib.common.rest_client [req-ad090513-f9ce-4e6b-a150-4c096ccec0ea req-ad090513-f9ce-4e6b-a150-4c096ccec0ea ] Request (HostsAdminTestJSON:tearDownClass): 204 DELETE http://10.180.1.21/networking/v2.0/security-groups/5eb3367f-d1e8-4933-9d3f-e668dd982856 0.445s
2025-12-09 01:17:22.300 67050 INFO tempest.lib.common.rest_client [req-e4cd9ae3-6335-4bda-aa8c-676c640f27bf req-e4cd9ae3-6335-4bda-aa8c-676c640f27bf ] Request (HostsAdminTestJSON:tearDownClass): 204 DELETE http://10.180.1.21/identity/v3/projects/a9745e5df1594a1fa240c60cb4397c5c 0.083s
2025-12-09 01:17:22.319 67052 INFO tempest.lib.common.rest_client [req-89ebb4b3-96f7-4570-a21e-52002f081945 req-89ebb4b3-96f7-4570-a21e-52002f081945 ] Request (FlavorsExtraSpecsTestJSON:tearDownClass): 204 DELETE http://10.180.1.21/networking/v2.0/security-groups/800147da-01a5-4e60-aca1-c2f2401a6103 0.346s
2025-12-09 01:17:22.406 67050 INFO tempest.lib.common.rest_client [req-fe721f28-fe71-4ef0-b1f8-33fcccefcb41 req-fe721f28-fe71-4ef0-b1f8-33fcccefcb41 ] Request (HostsAdminNegativeTestJSON:setUpClass): 201 POST http://10.180.1.21/identity/v3/auth/tokens 0.104s
2025-12-09 01:17:22.449 67050 INFO tempest.lib.common.rest_client [req-6e7f6131-a8c7-46ed-9160-a23e39814660 req-6e7f6131-a8c7-46ed-9160-a23e39814660 ] Request (HostsAdminNegativeTestJSON:setUpClass): 201 POST http://10.180.1.21/identity/v3/auth/tokens 0.034s
2025-12-09 01:17:22.486 67052 INFO tempest.lib.common.rest_client [req-93eeb76b-d871-45dd-b33d-8a3ade456196 req-93eeb76b-d871-45dd-b33d-8a3ade456196 ] Request (FlavorsExtraSpecsTestJSON:tearDownClass): 204 DELETE http://10.180.1.21/identity/v3/projects/842029c64b6c4b72b6912b6fc2c4b97e 0.166s
2025-12-09 01:17:22.486 67052 INFO tempest.lib.common.dynamic_creds [-] Deleting project and security group for project: aca56865c7d2420480b693f9862240e7
2025-12-09 01:17:22.507 67050 INFO tempest.lib.common.rest_client [req-e396f15f-cfea-4f28-bab2-f8548de987a4 req-e396f15f-cfea-4f28-bab2-f8548de987a4 ] Request (HostsAdminNegativeTestJSON:setUpClass): 200 GET http://10.180.1.21/identity/v3/domains?name=Default 0.058s
2025-12-09 01:17:22.543 67050 INFO tempest.lib.common.rest_client [req-8afd129e-5df1-4392-a9c9-c00191563b10 req-8afd129e-5df1-4392-a9c9-c00191563b10 ] Request (HostsAdminNegativeTestJSON:setUpClass): 201 POST http://10.180.1.21/identity/v3/projects 0.035s
2025-12-09 01:17:22.603 67050 INFO tempest.lib.common.rest_client [req-7106bdc8-4f8d-401e-ace0-bc8290da2bca req-7106bdc8-4f8d-401e-ace0-bc8290da2bca ] Request (HostsAdminNegativeTestJSON:setUpClass): 201 POST http://10.180.1.21/identity/v3/users 0.060s
2025-12-09 01:17:22.636 67050 INFO tempest.lib.common.rest_client [req-e6b3df89-1531-4cab-975d-1fd99c432aff req-e6b3df89-1531-4cab-975d-1fd99c432aff ] Request (HostsAdminNegativeTestJSON:setUpClass): 200 GET http://10.180.1.21/identity/v3/roles 0.032s
2025-12-09 01:17:22.674 67050 INFO tempest.lib.common.rest_client [req-3ffaebb9-ac66-48d4-98fb-1a175c826cf2 req-3ffaebb9-ac66-48d4-98fb-1a175c826cf2 ] Request (HostsAdminNegativeTestJSON:setUpClass): 204 PUT http://10.180.1.21/identity/v3/projects/60f3a67fbdee4c888c7b211a40973b2d/users/ab9ac221ad184af4aa61a67ef9341a9c/roles/819cb7db9d6f4b7495e80f3add51f957 0.037s
2025-12-09 01:17:22.674 67050 INFO tempest.lib.common.dynamic_creds [-] Dynamic test user ab9ac221ad184af4aa61a67ef9341a9c is created with scope project and roles: ['member']
2025-12-09 01:17:22.674 67050 INFO tempest.lib.common.dynamic_creds [-] Acquired dynamic creds: credentials: Credentials: {'domain_id': 'default', 'domain_name': 'Default', 'username': 'tempest-HostsAdminNegativeTestJSON-1188775251-project-member', 'project_domain_id': 'default', 'project_domain_name': 'Default', 'project_id': '60f3a67fbdee4c888c7b211a40973b2d', 'project_name': 'tempest-HostsAdminNegativeTestJSON-1188775251', 'tenant_id': '60f3a67fbdee4c888c7b211a40973b2d', 'tenant_name': 'tempest-HostsAdminNegativeTestJSON-1188775251', 'user_domain_id': 'default', 'user_domain_name': 'Default', 'user_id': 'ab9ac221ad184af4aa61a67ef9341a9c', 'system': None}, Network: None, Subnet: None, Router: None
2025-12-09 01:17:22.675 67050 INFO tempest.lib.common.dynamic_creds [-] Created isolated network resources for: credentials: Credentials: {'domain_id': 'default', 'domain_name': 'Default', 'username': 'tempest-HostsAdminNegativeTestJSON-1188775251-project-member', 'project_domain_id': 'default', 'project_domain_name': 'Default', 'project_id': '60f3a67fbdee4c888c7b211a40973b2d', 'project_name': 'tempest-HostsAdminNegativeTestJSON-1188775251', 'tenant_id': '60f3a67fbdee4c888c7b211a40973b2d', 'tenant_name': 'tempest-HostsAdminNegativeTestJSON-1188775251', 'user_domain_id': 'default', 'user_domain_name': 'Default', 'user_id': 'ab9ac221ad184af4aa61a67ef9341a9c', 'system': None}, Network: None, Subnet: None, Router: None
2025-12-09 01:17:22.682 67094 INFO tempest.lib.common.rest_client [req-a65786dc-5488-4115-9936-0d980cdd623f req-a65786dc-5488-4115-9936-0d980cdd623f ] Request (ServerAddressesTestJSON:setUpClass): 200 PUT http://10.180.1.21/networking/v2.0/routers/adee61e2-8017-47e3-a97f-a0836c3a0ced/add_router_interface 1.030s
2025-12-09 01:17:22.683 67094 INFO tempest.lib.common.dynamic_creds [-] Created isolated network resources for: credentials: Credentials: {'domain_id': 'default', 'domain_name': 'Default', 'username': 'tempest-ServerAddressesTestJSON-200400717-project-member', 'project_domain_id': 'default', 'project_domain_name': 'Default', 'project_id': 'fc95fe40d94f48a785c00dbcc0fe02f4', 'project_name': 'tempest-ServerAddressesTestJSON-200400717', 'tenant_id': 'fc95fe40d94f48a785c00dbcc0fe02f4', 'tenant_name': 'tempest-ServerAddressesTestJSON-200400717', 'user_domain_id': 'default', 'user_domain_name': 'Default', 'user_id': 'fcaf741b9a06427f855ea113fb3b6753', 'system': None}, Network: {'id': 'f2d2129a-a384-48a1-8ee3-a915c9336006', 'name': 'tempest-ServerAddressesTestJSON-1715542902-network', 'tenant_id': 'fc95fe40d94f48a785c00dbcc0fe02f4', 'project_id': 'fc95fe40d94f48a785c00dbcc0fe02f4', 'admin_state_up': True, 'mtu': 8950, 'status': 'ACTIVE', 'subnets': [], 'shared': False, 'port_security_enabled': True, 'router:external': False, 'provider:network_type': 'vlan', 'provider:physical_network': 'default', 'provider:segmentation_id': 640, 'availability_zone_hints': [], 'availability_zones': [], 'ipv4_address_scope': None, 'ipv6_address_scope': None, 'description': '', 'tags': [], 'created_at': '2025-12-09T01:17:19Z', 'updated_at': '2025-12-09T01:17:19Z', 'revision_number': 1}, Subnet: {'id': '358ff1f9-e705-446d-8ec6-f98bba618472', 'name': 'tempest-ServerAddressesTestJSON-1715542902-subnet', 'tenant_id': 'fc95fe40d94f48a785c00dbcc0fe02f4', 'network_id': 'f2d2129a-a384-48a1-8ee3-a915c9336006', 'ip_version': 4, 'subnetpool_id': None, 'enable_dhcp': True, 'ipv6_ra_mode': None, 'ipv6_address_mode': None, 'gateway_ip': '192.168.128.1', 'cidr': '192.168.128.0/28', 'allocation_pools': [{'start': '192.168.128.2', 'end': '192.168.128.14'}], 'host_routes': [], 'dns_nameservers': [], 'description': '', 'router:external': False, 'service_types': [], 'tags': [], 'created_at': '2025-12-09T01:17:19Z', 'updated_at': '2025-12-09T01:17:19Z', 'revision_number': 0, 'project_id': 'fc95fe40d94f48a785c00dbcc0fe02f4'}, Router: {'id': 'adee61e2-8017-47e3-a97f-a0836c3a0ced', 'name': 'tempest-ServerAddressesTestJSON-1715542902-router', 'tenant_id': 'fc95fe40d94f48a785c00dbcc0fe02f4', 'admin_state_up': True, 'status': 'ACTIVE', 'external_gateway_info': {'network_id': '2cc498ca-315d-4595-9de5-ec3dde249d17', 'external_fixed_ips': [{'subnet_id': '4c983a1f-eb6e-4b36-8e7f-e34e5a10866e', 'ip_address': '10.180.180.191'}], 'enable_snat': True}, 'description': '', 'availability_zones': [], 'distributed': False, 'ha': False, 'availability_zone_hints': [], 'routes': [], 'flavor_id': None, 'tags': [], 'created_at': '2025-12-09T01:17:20Z', 'updated_at': '2025-12-09T01:17:21Z', 'revision_number': 2, 'project_id': 'fc95fe40d94f48a785c00dbcc0fe02f4'}
2025-12-09 01:17:22.704 67056 INFO tempest.lib.common.rest_client [req-b701e496-5e10-4129-bc78-03b18de38835 req-b701e496-5e10-4129-bc78-03b18de38835 ] Request (FloatingIPsAssociationNegativeTestJSON:_run_cleanups): 202 DELETE http://10.180.1.21/compute/v2.1/os-floating-ips/572eec9a-afc0-4696-9285-0df31c7c66bb 5.838s
2025-12-09 01:17:22.802 67094 INFO tempest.lib.common.rest_client [req-4eeb119e-0f7f-402e-beb9-b53f9b81266f req-4eeb119e-0f7f-402e-beb9-b53f9b81266f ] Request (ServerAddressesTestJSON:setUpClass): 201 POST http://10.180.1.21/identity/v3/auth/tokens 0.115s
2025-12-09 01:17:22.803 67050 INFO tempest.lib.common.rest_client [req-9dce3103-50d8-49da-a645-e2bfe513a3d9 req-9dce3103-50d8-49da-a645-e2bfe513a3d9 ] Request (HostsAdminNegativeTestJSON:setUpClass): 201 POST http://10.180.1.21/identity/v3/auth/tokens 0.125s
2025-12-09 01:17:22.837 67094 INFO tempest.lib.common.rest_client [req-f157509c-c409-44c0-8b22-ff2c6348615e req-f157509c-c409-44c0-8b22-ff2c6348615e ] Request (ServerAddressesTestJSON:setUpClass): 201 POST http://10.180.1.21/identity/v3/auth/tokens 0.031s
2025-12-09 01:17:22.837 67094 INFO tempest.lib.common.fixed_network [-] (ServerAddressesTestJSON:setUpClass) Found network {'id': 'f2d2129a-a384-48a1-8ee3-a915c9336006', 'name': 'tempest-ServerAddressesTestJSON-1715542902-network', 'tenant_id': 'fc95fe40d94f48a785c00dbcc0fe02f4', 'project_id': 'fc95fe40d94f48a785c00dbcc0fe02f4', 'admin_state_up': True, 'mtu': 8950, 'status': 'ACTIVE', 'subnets': [], 'shared': False, 'port_security_enabled': True, 'router:external': False, 'provider:network_type': 'vlan', 'provider:physical_network': 'default', 'provider:segmentation_id': 640, 'availability_zone_hints': [], 'availability_zones': [], 'ipv4_address_scope': None, 'ipv6_address_scope': None, 'description': '', 'tags': [], 'created_at': '2025-12-09T01:17:19Z', 'updated_at': '2025-12-09T01:17:19Z', 'revision_number': 1} available for tenant
2025-12-09 01:17:22.878 67050 INFO tempest.lib.common.rest_client [req-2e413cd8-3d31-4f25-a206-80c308bf9225 req-2e413cd8-3d31-4f25-a206-80c308bf9225 ] Request (HostsAdminNegativeTestJSON:setUpClass): 201 POST http://10.180.1.21/identity/v3/projects 0.073s
2025-12-09 01:17:22.892 67052 INFO tempest.lib.common.rest_client [req-91a70955-613b-4849-80e2-5e1ada9b1f11 req-91a70955-613b-4849-80e2-5e1ada9b1f11 ] Request (FlavorsExtraSpecsTestJSON:tearDownClass): 200 GET http://10.180.1.21/networking/v2.0/security-groups?tenant_id=aca56865c7d2420480b693f9862240e7&name=default 0.406s
2025-12-09 01:17:22.938 67050 INFO tempest.lib.common.rest_client [req-48e3f2c0-e41e-492a-bb4c-930780394b4c req-48e3f2c0-e41e-492a-bb4c-930780394b4c ] Request (HostsAdminNegativeTestJSON:setUpClass): 201 POST http://10.180.1.21/identity/v3/users 0.060s
2025-12-09 01:17:22.960 67050 INFO tempest.lib.common.rest_client [req-44421d51-5bd8-443a-ae79-76baa441831a req-44421d51-5bd8-443a-ae79-76baa441831a ] Request (HostsAdminNegativeTestJSON:setUpClass): 200 GET http://10.180.1.21/identity/v3/roles 0.021s
2025-12-09 01:17:22.987 67052 INFO tempest.lib.common.rest_client [req-f0679832-ebba-4d3e-b200-a43f9a54ece6 req-f0679832-ebba-4d3e-b200-a43f9a54ece6 ] Request (FlavorsExtraSpecsTestJSON:tearDownClass): 204 DELETE http://10.180.1.21/networking/v2.0/security-groups/f81ccbfa-7a8a-41c1-af59-9349222ace7b 0.094s
2025-12-09 01:17:22.990 67050 INFO tempest.lib.common.rest_client [req-a2831958-c8df-4f7d-908f-1d41bb1fc6e2 req-a2831958-c8df-4f7d-908f-1d41bb1fc6e2 ] Request (HostsAdminNegativeTestJSON:setUpClass): 204 PUT http://10.180.1.21/identity/v3/projects/174af576c65e448cb70e8add951ef6a2/users/8eff13a3fbb44570a02ce7bac0a178fc/roles/17231d19fda745d7afb08ebbe10dab52 0.030s
2025-12-09 01:17:23.056 67050 INFO tempest.lib.common.rest_client [req-dcf17d02-da81-4f3f-8eec-a488431d77cf req-dcf17d02-da81-4f3f-8eec-a488431d77cf ] Request (HostsAdminNegativeTestJSON:setUpClass): 200 GET http://10.180.1.21/identity/v3/roles 0.065s
2025-12-09 01:17:23.079 67050 INFO tempest.lib.common.rest_client [req-0ca6ccba-4d4e-449c-a962-9d22dc8b5749 req-0ca6ccba-4d4e-449c-a962-9d22dc8b5749 ] Request (HostsAdminNegativeTestJSON:setUpClass): 204 PUT http://10.180.1.21/identity/v3/projects/174af576c65e448cb70e8add951ef6a2/users/8eff13a3fbb44570a02ce7bac0a178fc/roles/17231d19fda745d7afb08ebbe10dab52 0.022s
2025-12-09 01:17:23.079 67050 INFO tempest.lib.common.dynamic_creds [-] Dynamic test user 8eff13a3fbb44570a02ce7bac0a178fc is created with scope project and roles: ['admin']
2025-12-09 01:17:23.079 67050 INFO tempest.lib.common.dynamic_creds [-] Acquired dynamic creds: credentials: Credentials: {'domain_id': 'default', 'domain_name': 'Default', 'username': 'tempest-HostsAdminNegativeTestJSON-382317855-project-admin', 'project_domain_id': 'default', 'project_domain_name': 'Default', 'project_id': '174af576c65e448cb70e8add951ef6a2', 'project_name': 'tempest-HostsAdminNegativeTestJSON-382317855', 'tenant_id': '174af576c65e448cb70e8add951ef6a2', 'tenant_name': 'tempest-HostsAdminNegativeTestJSON-382317855', 'user_domain_id': 'default', 'user_domain_name': 'Default', 'user_id': '8eff13a3fbb44570a02ce7bac0a178fc', 'system': None}, Network: None, Subnet: None, Router: None
2025-12-09 01:17:23.079 67050 INFO tempest.lib.common.dynamic_creds [-] Created isolated network resources for: credentials: Credentials: {'domain_id': 'default', 'domain_name': 'Default', 'username': 'tempest-HostsAdminNegativeTestJSON-382317855-project-admin', 'project_domain_id': 'default', 'project_domain_name': 'Default', 'project_id': '174af576c65e448cb70e8add951ef6a2', 'project_name': 'tempest-HostsAdminNegativeTestJSON-382317855', 'tenant_id': '174af576c65e448cb70e8add951ef6a2', 'tenant_name': 'tempest-HostsAdminNegativeTestJSON-382317855', 'user_domain_id': 'default', 'user_domain_name': 'Default', 'user_id': '8eff13a3fbb44570a02ce7bac0a178fc', 'system': None}, Network: None, Subnet: None, Router: None
2025-12-09 01:17:23.119 67086 INFO tempest.lib.common.rest_client [req-8f7563fb-a478-49af-951b-6812a240a213 req-8f7563fb-a478-49af-951b-6812a240a213 ] Request (FloatingIPDetailsTestJSON:tearDownClass): 202 DELETE http://10.180.1.21/compute/v2.1/os-floating-ips/3f28262b-ad86-43f6-b3e5-d0accfe2bf4f 4.926s
2025-12-09 01:17:23.122 67052 INFO tempest.lib.common.rest_client [req-6a7a80f0-c63f-43c3-8e71-f2e91c319bc7 req-6a7a80f0-c63f-43c3-8e71-f2e91c319bc7 ] Request (FlavorsExtraSpecsTestJSON:tearDownClass): 204 DELETE http://10.180.1.21/identity/v3/projects/aca56865c7d2420480b693f9862240e7 0.134s
2025-12-09 01:17:23.123 67052 INFO tempest.test [-] raised in LiveMigrationTest.setUpClass. Invoking tearDownClass.
2025-12-09 01:17:23.186 67098 INFO tempest.lib.common.rest_client [req-565e5702-9fa0-4100-adc1-344f346ec405 req-565e5702-9fa0-4100-adc1-344f346ec405 ] Request (NetworksTest:test_get_network): 200 GET http://10.180.1.21/compute/v2.1/os-networks/2cc498ca-315d-4595-9de5-ec3dde249d17 4.802s
2025-12-09 01:17:23.189 67050 INFO tempest.lib.common.rest_client [req-01e91084-936e-41b6-970b-3fd017d2a033 req-01e91084-936e-41b6-970b-3fd017d2a033 ] Request (HostsAdminNegativeTestJSON:setUpClass): 201 POST http://10.180.1.21/identity/v3/auth/tokens 0.107s
2025-12-09 01:17:23.211 67052 INFO tempest.lib.common.rest_client [req-3f2c4b11-60b8-4d3c-8ff3-7ccde9f6cf4c req-3f2c4b11-60b8-4d3c-8ff3-7ccde9f6cf4c ] Request (ServerDiagnosticsNegativeTest:setUpClass): 201 POST http://10.180.1.21/identity/v3/auth/tokens 0.086s
2025-12-09 01:17:23.243 67052 INFO tempest.lib.common.rest_client [req-4555d24a-8b65-41fc-a53d-9deff6f3409a req-4555d24a-8b65-41fc-a53d-9deff6f3409a ] Request (ServerDiagnosticsNegativeTest:setUpClass): 201 POST http://10.180.1.21/identity/v3/auth/tokens 0.029s
2025-12-09 01:17:23.267 67084 INFO tempest.lib.common.rest_client [req-a611b5d6-80e1-48ee-a7f6-6e8ec2de1f82 req-a611b5d6-80e1-48ee-a7f6-6e8ec2de1f82 ] Request (ServersWithSpecificFlavorTestJSON:test_verify_created_server_ephemeral_disk): 202 POST http://10.180.1.21/compute/v2.1/servers 5.007s
2025-12-09 01:17:23.276 67052 INFO tempest.lib.common.rest_client [req-4c347e47-efe4-493e-9cca-7dade00a85e2 req-4c347e47-efe4-493e-9cca-7dade00a85e2 ] Request (ServerDiagnosticsNegativeTest:setUpClass): 200 GET http://10.180.1.21/identity/v3/domains?name=Default 0.033s
2025-12-09 01:17:23.298 67076 INFO tempest.lib.common.rest_client [req-e83f97d8-0734-4d2b-bf72-3ee14eec16ea req-e83f97d8-0734-4d2b-bf72-3ee14eec16ea ] Request (QuotaClassesAdmin257Test:test_update_default_quotas): 200 PUT http://10.180.1.21/compute/v2.1/os-quota-class-sets/default 4.744s
2025-12-09 01:17:23.320 67052 INFO tempest.lib.common.rest_client [req-8d1dbb67-819c-4d32-ad7b-633dfb274da8 req-8d1dbb67-819c-4d32-ad7b-633dfb274da8 ] Request (ServerDiagnosticsNegativeTest:setUpClass): 201 POST http://10.180.1.21/identity/v3/projects 0.043s
2025-12-09 01:17:23.375 67079 INFO tempest.lib.common.rest_client [req-f3352652-9d36-40f1-a896-b5ad6bf74616 req-f3352652-9d36-40f1-a896-b5ad6bf74616 ] Request (ServerDiagnosticsTest:tearDownClass): 200 GET http://10.180.1.21/compute/v2.1/servers/2bdf0c8e-8514-4909-a4fc-6788861d88e9 4.801s
2025-12-09 01:17:23.420 67052 INFO tempest.lib.common.rest_client [req-13aa1089-1c39-4511-b148-e8e40d10cfb5 req-13aa1089-1c39-4511-b148-e8e40d10cfb5 ] Request (ServerDiagnosticsNegativeTest:setUpClass): 201 POST http://10.180.1.21/identity/v3/users 0.100s
2025-12-09 01:17:23.456 67052 INFO tempest.lib.common.rest_client [req-784bf518-24cb-47e0-b8ce-ebebef047fe8 req-784bf518-24cb-47e0-b8ce-ebebef047fe8 ] Request (ServerDiagnosticsNegativeTest:setUpClass): 200 GET http://10.180.1.21/identity/v3/roles 0.036s
2025-12-09 01:17:23.494 67052 INFO tempest.lib.common.rest_client [req-2fa7292b-880d-4861-a90a-91608c4da55f req-2fa7292b-880d-4861-a90a-91608c4da55f ] Request (ServerDiagnosticsNegativeTest:setUpClass): 204 PUT http://10.180.1.21/identity/v3/projects/de18ff4b4cc04169a725e8f81c67034b/users/54f37a0c6c374b439a873896dfbbe3d5/roles/819cb7db9d6f4b7495e80f3add51f957 0.037s
2025-12-09 01:17:23.494 67052 INFO tempest.lib.common.dynamic_creds [-] Dynamic test user 54f37a0c6c374b439a873896dfbbe3d5 is created with scope project and roles: ['member']
2025-12-09 01:17:23.494 67052 INFO tempest.lib.common.dynamic_creds [-] Acquired dynamic creds: credentials: Credentials: {'domain_id': 'default', 'domain_name': 'Default', 'username': 'tempest-ServerDiagnosticsNegativeTest-1998711744-project-member', 'project_domain_id': 'default', 'project_domain_name': 'Default', 'project_id': 'de18ff4b4cc04169a725e8f81c67034b', 'project_name': 'tempest-ServerDiagnosticsNegativeTest-1998711744', 'tenant_id': 'de18ff4b4cc04169a725e8f81c67034b', 'tenant_name': 'tempest-ServerDiagnosticsNegativeTest-1998711744', 'user_domain_id': 'default', 'user_domain_name': 'Default', 'user_id': '54f37a0c6c374b439a873896dfbbe3d5', 'system': None}, Network: None, Subnet: None, Router: None
2025-12-09 01:17:23.495 67052 INFO tempest.lib.common.dynamic_creds [-] Created isolated network resources for: credentials: Credentials: {'domain_id': 'default', 'domain_name': 'Default', 'username': 'tempest-ServerDiagnosticsNegativeTest-1998711744-project-member', 'project_domain_id': 'default', 'project_domain_name': 'Default', 'project_id': 'de18ff4b4cc04169a725e8f81c67034b', 'project_name': 'tempest-ServerDiagnosticsNegativeTest-1998711744', 'tenant_id': 'de18ff4b4cc04169a725e8f81c67034b', 'tenant_name': 'tempest-ServerDiagnosticsNegativeTest-1998711744', 'user_domain_id': 'default', 'user_domain_name': 'Default', 'user_id': '54f37a0c6c374b439a873896dfbbe3d5', 'system': None}, Network: None, Subnet: None, Router: None
2025-12-09 01:17:23.507 67048 INFO tempest.lib.common.rest_client [req-cd2a35f8-3f18-4e57-86ae-ca3bc16196e2 req-cd2a35f8-3f18-4e57-86ae-ca3bc16196e2 ] Request (ServerRescueTestJSONUnderV235:setUpClass): 200 GET http://10.180.1.21/compute/v2.1/servers/54def964-28de-4256-85a6-ff13633eebe3 4.948s
2025-12-09 01:17:23.520 67048 INFO tempest.common.waiters [-] State transition "ACTIVE/rescuing" ==> "RESCUE/None" after 6 second wait
2025-12-09 01:17:23.581 67052 INFO tempest.lib.common.rest_client [req-1408e53e-4a22-4869-88b9-0b2601e88a21 req-1408e53e-4a22-4869-88b9-0b2601e88a21 ] Request (ServerDiagnosticsNegativeTest:setUpClass): 201 POST http://10.180.1.21/identity/v3/auth/tokens 0.083s
2025-12-09 01:17:23.660 67052 INFO tempest.lib.common.rest_client [req-12de0fa9-6db4-4018-9319-aa98b66c6051 req-12de0fa9-6db4-4018-9319-aa98b66c6051 ] Request (ServerDiagnosticsNegativeTest:setUpClass): 201 POST http://10.180.1.21/identity/v3/projects 0.079s
2025-12-09 01:17:23.671 67106 INFO tempest.lib.common.rest_client [req-0e143c58-a440-4814-8592-3887fd2ccfcf req-0e143c58-a440-4814-8592-3887fd2ccfcf ] Request (SecurityGroupsTestJSON:test_list_security_groups_by_server): 200 GET http://10.180.1.21/compute/v2.1/servers/64a4ba0d-1d18-477c-8e52-8a13c43b2e7d 4.892s
2025-12-09 01:17:23.680 67106 INFO tempest.common.waiters [-] State transition "BUILD/None" ==> "BUILD/spawning" after 14 second wait
2025-12-09 01:17:23.740 67052 INFO tempest.lib.common.rest_client [req-dafad851-f402-4ac6-9e6a-fcc2f06fe558 req-dafad851-f402-4ac6-9e6a-fcc2f06fe558 ] Request (ServerDiagnosticsNegativeTest:setUpClass): 201 POST http://10.180.1.21/identity/v3/users 0.078s
2025-12-09 01:17:23.744 67068 INFO tempest.lib.common.rest_client [req-55db2363-1c1d-44f4-9381-21ed013a295c req-55db2363-1c1d-44f4-9381-21ed013a295c ] Request (ServersAdminTestJSON:test_create_server_with_scheduling_hint): 202 POST http://10.180.1.21/compute/v2.1/servers 5.032s
2025-12-09 01:17:23.763 67072 INFO tempest.lib.common.rest_client [req-54ab02e5-4b2e-4036-a0ce-9337eb8059bb req-54ab02e5-4b2e-4036-a0ce-9337eb8059bb ] Request (DeleteServersAdminTestJSON:test_delete_server_while_in_error_state): 200 GET http://10.180.1.21/compute/v2.1/servers/8bb9eade-c826-41f0-8bb3-268b5ac78704 4.432s
2025-12-09 01:17:23.763 67052 INFO tempest.lib.common.rest_client [req-01502f94-3756-4642-897f-54bcf2ee3187 req-01502f94-3756-4642-897f-54bcf2ee3187 ] Request (ServerDiagnosticsNegativeTest:setUpClass): 200 GET http://10.180.1.21/identity/v3/roles 0.023s
2025-12-09 01:17:23.765 67102 INFO tempest.lib.common.rest_client [req-70f392ff-7559-407f-90de-5dd2889a3844 req-70f392ff-7559-407f-90de-5dd2889a3844 ] Request (ServicesAdminNegativeV253TestJSON:test_get_service_by_invalid_service_and_valid_host): 200 GET http://10.180.1.21/compute/v2.1/os-services 4.234s
2025-12-09 01:17:23.779 67054 INFO tempest.lib.common.rest_client [req-676c962b-f191-4340-b29f-283bfe1fbc35 req-676c962b-f191-4340-b29f-283bfe1fbc35 ] Request (FlavorsExtraSpecsNegativeTestJSON:tearDownClass): 202 DELETE http://10.180.1.21/compute/v2.1/flavors/579693090 4.244s
2025-12-09 01:17:23.787 67088 INFO tempest.lib.common.rest_client [req-c412da06-490f-4813-8f84-8209bb44c544 req-c412da06-490f-4813-8f84-8209bb44c544 ] Request (FlavorsAccessTestJSON:_run_cleanups): 200 GET http://10.180.1.21/compute/v2.1/flavors/detail 4.238s
2025-12-09 01:17:23.795 67052 INFO tempest.lib.common.rest_client [req-ffc6baf5-f371-47b2-b05c-b0a4f76f3269 req-ffc6baf5-f371-47b2-b05c-b0a4f76f3269 ] Request (ServerDiagnosticsNegativeTest:setUpClass): 204 PUT http://10.180.1.21/identity/v3/projects/f516e7d0bfec4d5984462913b8be1932/users/9e82640e2be9474fb3ccb011f1cf3c63/roles/17231d19fda745d7afb08ebbe10dab52 0.031s
2025-12-09 01:17:23.873 67052 INFO tempest.lib.common.rest_client [req-ab558ff7-896d-493c-9c18-62b2b4a272d4 req-ab558ff7-896d-493c-9c18-62b2b4a272d4 ] Request (ServerDiagnosticsNegativeTest:setUpClass): 200 GET http://10.180.1.21/identity/v3/roles 0.078s
2025-12-09 01:17:23.896 67052 INFO tempest.lib.common.rest_client [req-63bec2d2-167d-4150-ac6f-660c7b3bfddb req-63bec2d2-167d-4150-ac6f-660c7b3bfddb ] Request (ServerDiagnosticsNegativeTest:setUpClass): 204 PUT http://10.180.1.21/identity/v3/projects/f516e7d0bfec4d5984462913b8be1932/users/9e82640e2be9474fb3ccb011f1cf3c63/roles/17231d19fda745d7afb08ebbe10dab52 0.023s
2025-12-09 01:17:23.897 67052 INFO tempest.lib.common.dynamic_creds [-] Dynamic test user 9e82640e2be9474fb3ccb011f1cf3c63 is created with scope project and roles: ['admin']
2025-12-09 01:17:23.897 67052 INFO tempest.lib.common.dynamic_creds [-] Acquired dynamic creds: credentials: Credentials: {'domain_id': 'default', 'domain_name': 'Default', 'username': 'tempest-ServerDiagnosticsNegativeTest-1082290108-project-admin', 'project_domain_id': 'default', 'project_domain_name': 'Default', 'project_id': 'f516e7d0bfec4d5984462913b8be1932', 'project_name': 'tempest-ServerDiagnosticsNegativeTest-1082290108', 'tenant_id': 'f516e7d0bfec4d5984462913b8be1932', 'tenant_name': 'tempest-ServerDiagnosticsNegativeTest-1082290108', 'user_domain_id': 'default', 'user_domain_name': 'Default', 'user_id': '9e82640e2be9474fb3ccb011f1cf3c63', 'system': None}, Network: None, Subnet: None, Router: None
2025-12-09 01:17:23.897 67052 INFO tempest.lib.common.dynamic_creds [-] Created isolated network resources for: credentials: Credentials: {'domain_id': 'default', 'domain_name': 'Default', 'username': 'tempest-ServerDiagnosticsNegativeTest-1082290108-project-admin', 'project_domain_id': 'default', 'project_domain_name': 'Default', 'project_id': 'f516e7d0bfec4d5984462913b8be1932', 'project_name': 'tempest-ServerDiagnosticsNegativeTest-1082290108', 'tenant_id': 'f516e7d0bfec4d5984462913b8be1932', 'tenant_name': 'tempest-ServerDiagnosticsNegativeTest-1082290108', 'user_domain_id': 'default', 'user_domain_name': 'Default', 'user_id': '9e82640e2be9474fb3ccb011f1cf3c63', 'system': None}, Network: None, Subnet: None, Router: None
2025-12-09 01:17:23.934 67088 INFO tempest.lib.common.rest_client [req-fdcad0b5-08cc-422e-97e7-4ba62a82805e req-fdcad0b5-08cc-422e-97e7-4ba62a82805e ] Request (FlavorsAccessTestJSON:tearDownClass): 204 DELETE http://10.180.1.21/identity/v3/users/f279c204f7e3440d93f653124e280ee3 0.137s
2025-12-09 01:17:23.951 67104 INFO tempest.lib.common.rest_client [req-2238d6eb-c12d-4cad-baba-7f8b36e3f7e5 req-2238d6eb-c12d-4cad-baba-7f8b36e3f7e5 ] Request (MigrationsAdminTest:test_list_migrations_in_flavor_resize_situation): 200 GET http://10.180.1.21/compute/v2.1/servers/d3e6f0c4-5fdf-4e0a-bc17-b04dc329bfc9 4.118s
2025-12-09 01:17:23.968 67074 INFO tempest.lib.common.rest_client [req-6ac45b95-0a1e-4b52-a4cd-727f93f8d854 req-6ac45b95-0a1e-4b52-a4cd-727f93f8d854 ] Request (SecurityGroupsTestAdminJSON:_run_cleanups): 202 DELETE http://10.180.1.21/compute/v2.1/os-security-groups/343e56fb-d524-4023-bb2c-51c7b079f5df 3.794s
2025-12-09 01:17:23.991 67071 INFO tempest.lib.common.rest_client [req-68498df2-0cb5-491c-be80-de4dc780a423 req-68498df2-0cb5-491c-be80-de4dc780a423 ] Request (ServerExternalEventsTest:tearDownClass): 404 GET http://10.180.1.21/compute/v2.1/servers/50dd524b-ad81-435a-aca1-2385e3e1a0fe 3.476s
2025-12-09 01:17:24.001 67066 INFO tempest.lib.common.rest_client [req-088007df-5ea9-4a69-a1eb-1ca9b2b7f335 req-088007df-5ea9-4a69-a1eb-1ca9b2b7f335 ] Request (FlavorsAdminTestJSON:test_create_flavor_with_none_id): 200 POST http://10.180.1.21/compute/v2.1/flavors 3.482s
2025-12-09 01:17:24.014 67052 INFO tempest.lib.common.rest_client [req-23a988e5-f60b-4f05-88c8-4f534a6c1963 req-23a988e5-f60b-4f05-88c8-4f534a6c1963 ] Request (ServerDiagnosticsNegativeTest:setUpClass): 201 POST http://10.180.1.21/identity/v3/auth/tokens 0.112s
2025-12-09 01:17:24.022 67064 INFO tempest.lib.common.rest_client [req-4b4a2e8f-8152-4126-b512-f4a3bdbb9fbd req-4b4a2e8f-8152-4126-b512-f4a3bdbb9fbd ] Request (AggregatesAdminNegativeTestJSON:test_aggregate_add_non_exist_host): 404 POST http://10.180.1.21/compute/v2.1/os-aggregates/3/action 3.491s
2025-12-09 01:17:24.052 67088 INFO tempest.lib.common.rest_client [req-32632214-459e-4894-a3a7-013da17b06bc req-32632214-459e-4894-a3a7-013da17b06bc ] Request (FlavorsAccessTestJSON:tearDownClass): 204 DELETE http://10.180.1.21/identity/v3/users/e85801d968a9446a846648d13f853126 0.118s
2025-12-09 01:17:24.052 67088 INFO tempest.lib.common.dynamic_creds [-] Deleting project and security group for project: 769047ac349e478e8854b53291cc81a9
2025-12-09 01:17:24.075 67074 INFO tempest.lib.common.rest_client [req-378e5562-4840-4314-9e77-efab27cdc247 req-378e5562-4840-4314-9e77-efab27cdc247 ] Request (SecurityGroupsTestAdminJSON:tearDownClass): 204 DELETE http://10.180.1.21/identity/v3/users/38d30a87112f4762b9761f2433006913 0.100s
2025-12-09 01:17:24.080 67062 INFO tempest.lib.common.rest_client [req-cf73d34f-b86e-4d40-86ca-8fac4c499776 req-cf73d34f-b86e-4d40-86ca-8fac4c499776 ] Request (ServerActionsTestJSON:setUpClass): 200 GET http://10.180.1.21/compute/v2.1/servers/5d4e9ff7-a672-464b-bbdd-2ecff5c5c4f9 3.304s
2025-12-09 01:17:24.152 67052 INFO tempest.lib.common.rest_client [req-49a35dd9-543c-4f2a-8677-5724ac370ed2 req-49a35dd9-543c-4f2a-8677-5724ac370ed2 ] Request (ServerDiagnosticsNegativeTest:test_get_server_diagnostics_by_non_admin): 201 POST http://10.180.1.21/identity/v3/auth/tokens 0.134s
2025-12-09 01:17:24.152 67052 INFO tempest.lib.common.fixed_network [-] (ServerDiagnosticsNegativeTest:test_get_server_diagnostics_by_non_admin) Found network None available for tenant
2025-12-09 01:17:24.219 67071 INFO tempest.lib.common.rest_client [req-b8abadb4-13eb-4048-90ca-7a6adb8707f6 req-b8abadb4-13eb-4048-90ca-7a6adb8707f6 ] Request (ServerExternalEventsTest:tearDownClass): 204 DELETE http://10.180.1.21/identity/v3/users/1040cb9233a6409ab534492d5cb91a2b 0.228s
2025-12-09 01:17:24.234 67088 INFO tempest.lib.common.rest_client [req-6826a315-08ac-4b08-a035-e96770afbc89 req-6826a315-08ac-4b08-a035-e96770afbc89 ] Request (FlavorsAccessTestJSON:tearDownClass): 201 POST http://10.180.1.21/identity/v3/auth/tokens 0.182s
2025-12-09 01:17:24.238 67058 INFO tempest.lib.common.rest_client [req-82a4f979-93fe-448d-9d13-e32a62aa0f9d req-82a4f979-93fe-448d-9d13-e32a62aa0f9d ] Request (ServersAdminNegativeTestJSON:test_migrate_server_invalid_state): 200 GET http://10.180.1.21/compute/v2.1/servers/68bbaaf1-67f9-403b-b866-ec5a59c4c59e 3.391s
2025-12-09 01:17:24.279 67060 INFO tempest.lib.common.rest_client [req-9179ffbd-9acd-4078-af88-0b4142bd4636 req-9179ffbd-9acd-4078-af88-0b4142bd4636 ] Request (ImagesMetadataTestJSON:test_set_image_metadata): 200 PUT http://10.180.1.21/compute/v2.1/images/d3602901-a093-418c-8193-161611b37a49/metadata 3.534s
2025-12-09 01:17:24.283 67096 INFO tempest.lib.common.rest_client [req-9df8be0a-0ed1-45ee-96c3-7e2f4e8f4913 req-9df8be0a-0ed1-45ee-96c3-7e2f4e8f4913 ] Request (FloatingIPsNegativeTestJSON:test_allocate_floating_ip_from_nonexistent_pool): 404 POST http://10.180.1.21/compute/v2.1/os-floating-ips 2.957s
