2025-12-09 01:16:41.146 67094 INFO tempest.lib.common.rest_client [req-73e26a48-4164-470d-a35b-b98fbe25f7b7 req-73e26a48-4164-470d-a35b-b98fbe25f7b7 ] Request (SecurityGroupsNegativeTestJSON:setUpClass): 200 GET http://10.180.1.21/identity/v3/domains?name=Default 0.098s
2025-12-09 01:16:41.162 67108 INFO tempest.lib.common.rest_client [req-bf4d1150-9da3-4e6b-9b3a-b64cbe0bfca5 req-bf4d1150-9da3-4e6b-9b3a-b64cbe0bfca5 ] Request (VolumesAdminNegativeTest:setUpClass): 200 GET http://10.180.1.21/identity/v3/roles 0.069s
2025-12-09 01:16:41.188 67100 INFO tempest.lib.common.rest_client [req-10a10a48-9936-45d7-ae85-9f39f2e949c3 req-10a10a48-9936-45d7-ae85-9f39f2e949c3 ] Request (ServersTestFqdnHostnames:setUpClass): 201 POST http://10.180.1.21/identity/v3/auth/tokens 0.049s
2025-12-09 01:16:41.210 67094 INFO tempest.lib.common.rest_client [req-091bdc3f-c5f6-46d1-8fb4-60142d1bc7a5 req-091bdc3f-c5f6-46d1-8fb4-60142d1bc7a5 ] Request (SecurityGroupsNegativeTestJSON:setUpClass): 201 POST http://10.180.1.21/identity/v3/projects 0.063s
2025-12-09 01:16:41.225 67108 INFO tempest.lib.common.rest_client [req-0fc8b916-8f80-4ee6-ac5a-b78c79661b56 req-0fc8b916-8f80-4ee6-ac5a-b78c79661b56 ] Request (VolumesAdminNegativeTest:setUpClass): 204 PUT http://10.180.1.21/identity/v3/projects/603e049303194522a69c6cf3946731e7/users/0591fd39588443d5a6ab202483e55fe4/roles/ce091ea0015e4698b990f23a743b9660 0.063s
2025-12-09 01:16:41.286 67068 INFO tempest.lib.common.rest_client [req-09caf4c7-4f72-41e6-94a3-ed1384d9370b req-09caf4c7-4f72-41e6-94a3-ed1384d9370b ] Request (ServersAdminTestJSON:setUpClass): 202 POST http://10.180.1.21/compute/v2.1/servers 7.583s
2025-12-09 01:16:41.294 67100 INFO tempest.lib.common.rest_client [req-efe12a7e-5b8a-4849-9d05-678350054bf0 req-efe12a7e-5b8a-4849-9d05-678350054bf0 ] Request (ServersTestFqdnHostnames:setUpClass): 200 GET http://10.180.1.21/identity/v3/domains?name=Default 0.105s
2025-12-09 01:16:41.295 67094 INFO tempest.lib.common.rest_client [req-b46de80b-5373-4d70-b3ec-c2d346264446 req-b46de80b-5373-4d70-b3ec-c2d346264446 ] Request (SecurityGroupsNegativeTestJSON:setUpClass): 201 POST http://10.180.1.21/identity/v3/users 0.084s
2025-12-09 01:16:41.319 67108 INFO tempest.lib.common.rest_client [req-c79fece7-8449-471a-ae17-1a8d0dcdf7f0 req-c79fece7-8449-471a-ae17-1a8d0dcdf7f0 ] Request (VolumesAdminNegativeTest:setUpClass): 200 GET http://10.180.1.21/identity/v3/roles 0.093s
2025-12-09 01:16:41.361 67100 INFO tempest.lib.common.rest_client [req-b60b4b60-8da8-4ad3-a508-3da0b642c95c req-b60b4b60-8da8-4ad3-a508-3da0b642c95c ] Request (ServersTestFqdnHostnames:setUpClass): 201 POST http://10.180.1.21/identity/v3/projects 0.066s
2025-12-09 01:16:41.367 67068 INFO tempest.lib.common.rest_client [req-f07e1cfd-89c3-4e41-98e3-7f462da74332 req-f07e1cfd-89c3-4e41-98e3-7f462da74332 ] Request (ServersAdminTestJSON:setUpClass): 201 POST http://10.180.1.21/identity/v3/auth/tokens 0.073s
2025-12-09 01:16:41.367 67068 INFO tempest.lib.common.fixed_network [-] (ServersAdminTestJSON:setUpClass) Found network {'id': '1978802c-579c-41ce-b6a4-3ad5f63770ad', 'name': 'tempest-ServersAdminTestJSON-896731936-network', 'tenant_id': '2b33277e8646460da62bd89e1989c14c', 'project_id': '2b33277e8646460da62bd89e1989c14c', 'admin_state_up': True, 'mtu': 8950, 'status': 'ACTIVE', 'subnets': [], 'shared': False, 'port_security_enabled': True, 'router:external': False, 'provider:network_type': 'vlan', 'provider:physical_network': 'default', 'provider:segmentation_id': 509, 'availability_zone_hints': [], 'availability_zones': [], 'ipv4_address_scope': None, 'ipv6_address_scope': None, 'description': '', 'tags': [], 'created_at': '2025-12-09T01:16:23Z', 'updated_at': '2025-12-09T01:16:23Z', 'revision_number': 1} available for tenant
2025-12-09 01:16:41.377 67090 INFO tempest.lib.common.rest_client [req-54e76bd3-b7f1-4a90-a6c6-6bacd6723402 req-54e76bd3-b7f1-4a90-a6c6-6bacd6723402 ] Request (FloatingIPsAssociationTestJSON:setUpClass): 200 GET http://10.180.1.21/compute/v2.1/servers/03b5674f-d666-47a4-9ec3-4a6de0f5523e 5.514s
2025-12-09 01:16:41.432 67108 INFO tempest.lib.common.rest_client [req-1581d249-590e-4a49-af12-ffea0c7e1cf6 req-1581d249-590e-4a49-af12-ffea0c7e1cf6 ] Request (VolumesAdminNegativeTest:setUpClass): 204 PUT http://10.180.1.21/identity/v3/projects/603e049303194522a69c6cf3946731e7/users/0591fd39588443d5a6ab202483e55fe4/roles/17231d19fda745d7afb08ebbe10dab52 0.112s
2025-12-09 01:16:41.432 67108 INFO tempest.lib.common.dynamic_creds [-] Dynamic test user 0591fd39588443d5a6ab202483e55fe4 is created with scope project and roles: ['service', 'admin']
2025-12-09 01:16:41.433 67108 INFO tempest.lib.common.dynamic_creds [-] Acquired dynamic creds: credentials: Credentials: {'domain_id': 'default', 'domain_name': 'Default', 'username': 'tempest-VolumesAdminNegativeTest-20192291-project', 'project_domain_id': 'default', 'project_domain_name': 'Default', 'project_id': '603e049303194522a69c6cf3946731e7', 'project_name': 'tempest-VolumesAdminNegativeTest-20192291', 'tenant_id': '603e049303194522a69c6cf3946731e7', 'tenant_name': 'tempest-VolumesAdminNegativeTest-20192291', 'user_domain_id': 'default', 'user_domain_name': 'Default', 'user_id': '0591fd39588443d5a6ab202483e55fe4', 'system': None}, Network: None, Subnet: None, Router: None
2025-12-09 01:16:41.445 67094 INFO tempest.lib.common.rest_client [req-33e3766e-d196-4ffd-86e0-6376dd78b49c req-33e3766e-d196-4ffd-86e0-6376dd78b49c ] Request (SecurityGroupsNegativeTestJSON:setUpClass): 200 GET http://10.180.1.21/identity/v3/roles 0.150s
2025-12-09 01:16:41.519 67100 INFO tempest.lib.common.rest_client [req-458db533-c563-41d8-a94d-03a4bf20e6f2 req-458db533-c563-41d8-a94d-03a4bf20e6f2 ] Request (ServersTestFqdnHostnames:setUpClass): 201 POST http://10.180.1.21/identity/v3/users 0.158s
2025-12-09 01:16:41.619 67048 INFO tempest.lib.common.rest_client [req-082f5b0a-cea8-471c-9de9-caca7a4eddcd req-082f5b0a-cea8-471c-9de9-caca7a4eddcd ] Request (ServerRescueTestJSONUnderV235:setUpClass): 202 POST http://10.180.1.21/compute/v2.1/servers 7.155s
2025-12-09 01:16:41.620 67094 INFO tempest.lib.common.rest_client [req-c17d86be-468e-497c-8118-e8a91026ba4e req-c17d86be-468e-497c-8118-e8a91026ba4e ] Request (SecurityGroupsNegativeTestJSON:setUpClass): 204 PUT http://10.180.1.21/identity/v3/projects/b961c6dad27a4233a852f197865ebd6c/users/4aca215768f14c30bf697f10aa56d7c5/roles/819cb7db9d6f4b7495e80f3add51f957 0.174s
2025-12-09 01:16:41.621 67094 INFO tempest.lib.common.dynamic_creds [-] Dynamic test user 4aca215768f14c30bf697f10aa56d7c5 is created with scope project and roles: ['member']
2025-12-09 01:16:41.621 67094 INFO tempest.lib.common.dynamic_creds [-] Acquired dynamic creds: credentials: Credentials: {'domain_id': 'default', 'domain_name': 'Default', 'username': 'tempest-SecurityGroupsNegativeTestJSON-1820973979-project-member', 'project_domain_id': 'default', 'project_domain_name': 'Default', 'project_id': 'b961c6dad27a4233a852f197865ebd6c', 'project_name': 'tempest-SecurityGroupsNegativeTestJSON-1820973979', 'tenant_id': 'b961c6dad27a4233a852f197865ebd6c', 'tenant_name': 'tempest-SecurityGroupsNegativeTestJSON-1820973979', 'user_domain_id': 'default', 'user_domain_name': 'Default', 'user_id': '4aca215768f14c30bf697f10aa56d7c5', 'system': None}, Network: None, Subnet: None, Router: None
2025-12-09 01:16:41.684 67100 INFO tempest.lib.common.rest_client [req-f70dfac6-3b2e-4bcf-bf67-fbf76997049f req-f70dfac6-3b2e-4bcf-bf67-fbf76997049f ] Request (ServersTestFqdnHostnames:setUpClass): 200 GET http://10.180.1.21/identity/v3/roles 0.164s
2025-12-09 01:16:41.718 67094 INFO tempest.lib.common.rest_client [req-0a286123-e832-4b00-b041-53e3fc33e6f6 req-0a286123-e832-4b00-b041-53e3fc33e6f6 ] Request (SecurityGroupsNegativeTestJSON:setUpClass): 201 POST http://10.180.1.21/identity/v3/auth/tokens 0.096s
2025-12-09 01:16:41.740 67100 INFO tempest.lib.common.rest_client [req-3ff53b85-d2a8-4a70-a768-8e0c683a8421 req-3ff53b85-d2a8-4a70-a768-8e0c683a8421 ] Request (ServersTestFqdnHostnames:setUpClass): 204 PUT http://10.180.1.21/identity/v3/projects/34382e74dfce47d990ca7eeabb1a81af/users/e497a9c0b2884d9b9f72b7af0fc85496/roles/819cb7db9d6f4b7495e80f3add51f957 0.055s
2025-12-09 01:16:41.741 67100 INFO tempest.lib.common.dynamic_creds [-] Dynamic test user e497a9c0b2884d9b9f72b7af0fc85496 is created with scope project and roles: ['member']
2025-12-09 01:16:41.741 67100 INFO tempest.lib.common.dynamic_creds [-] Acquired dynamic creds: credentials: Credentials: {'domain_id': 'default', 'domain_name': 'Default', 'username': 'tempest-ServersTestFqdnHostnames-984508611-project-member', 'project_domain_id': 'default', 'project_domain_name': 'Default', 'project_id': '34382e74dfce47d990ca7eeabb1a81af', 'project_name': 'tempest-ServersTestFqdnHostnames-984508611', 'tenant_id': '34382e74dfce47d990ca7eeabb1a81af', 'tenant_name': 'tempest-ServersTestFqdnHostnames-984508611', 'user_domain_id': 'default', 'user_domain_name': 'Default', 'user_id': 'e497a9c0b2884d9b9f72b7af0fc85496', 'system': None}, Network: None, Subnet: None, Router: None
2025-12-09 01:16:41.742 67082 INFO tempest.lib.common.rest_client [req-9644a5c7-8120-4f82-8a51-823523f321c2 req-9644a5c7-8120-4f82-8a51-823523f321c2 ] Request (VolumesAssistedSnapshotsTest:test_volume_assisted_snapshot_create_delete): 200 POST http://10.180.1.21/compute/v2.1/os-keypairs 4.886s
2025-12-09 01:16:41.814 67100 INFO tempest.lib.common.rest_client [req-9a3e9d25-7792-49c2-ad94-1173a6f7ffa3 req-9a3e9d25-7792-49c2-ad94-1173a6f7ffa3 ] Request (ServersTestFqdnHostnames:setUpClass): 201 POST http://10.180.1.21/identity/v3/auth/tokens 0.072s
2025-12-09 01:16:41.901 67052 INFO tempest.lib.common.rest_client [req-7688f2b2-7181-44d7-b53c-e886c2b7ae51 req-7688f2b2-7181-44d7-b53c-e886c2b7ae51 ] Request (FlavorsExtraSpecsTestJSON:test_flavor_set_get_update_show_unset_keys): 200 POST http://10.180.1.21/compute/v2.1/flavors/1748800749/os-extra_specs 3.658s
2025-12-09 01:16:41.983 67046 INFO tempest.lib.common.rest_client [req-407db19c-3e53-4636-924c-7adef87226d3 req-407db19c-3e53-4636-924c-7adef87226d3 ] Request (QuotasAdminTestV257:test_get_updated_quotas): 200 GET http://10.180.1.21/compute/v2.1/os-quota-sets/5d530f3b01d54b6c9489ad1d53d460a4/detail 3.574s
2025-12-09 01:16:41.989 67076 INFO tempest.lib.common.rest_client [req-2d9bf982-ca49-4ed5-8628-ab2f99ec9cf4 req-2d9bf982-ca49-4ed5-8628-ab2f99ec9cf4 ] Request (HypervisorAdminNegativeTestJSON:test_get_hypervisor_stats_with_non_admin_user): 403 GET http://10.180.1.21/compute/v2.1/os-hypervisors/statistics 3.460s
2025-12-09 01:16:42.024 67046 INFO tempest.lib.common.rest_client [req-f9390434-a700-4a0e-abec-d1af928cca56 req-f9390434-a700-4a0e-abec-d1af928cca56 ] Request (QuotasAdminTestV257:test_get_updated_quotas): 200 GET http://10.180.1.21/identity/v3/domains?name=Default 0.037s
2025-12-09 01:16:42.028 67108 INFO tempest.lib.common.rest_client [req-d4199350-095a-4673-9091-7e99a7c9328f req-d4199350-095a-4673-9091-7e99a7c9328f ] Request (VolumesAdminNegativeTest:setUpClass): 201 POST http://10.180.1.21/networking/v2.0/networks 0.595s
2025-12-09 01:16:42.051 67046 INFO tempest.lib.common.rest_client [req-82cfedf0-63a6-484f-95c1-86ab4cb9674d req-82cfedf0-63a6-484f-95c1-86ab4cb9674d ] Request (QuotasAdminTestV257:test_get_updated_quotas): 201 POST http://10.180.1.21/identity/v3/users 0.027s
2025-12-09 01:16:42.093 67046 INFO tempest.lib.common.rest_client [req-df668768-7ad8-4c56-9431-9cf686ea195c req-df668768-7ad8-4c56-9431-9cf686ea195c ] Request (QuotasAdminTestV257:test_get_updated_quotas): 200 GET http://10.180.1.21/identity/v3/domains?name=Default 0.041s
2025-12-09 01:16:42.309 67094 INFO tempest.lib.common.rest_client [req-cca2f6a6-fd26-4cde-9fce-0fef9a8c1f35 req-cca2f6a6-fd26-4cde-9fce-0fef9a8c1f35 ] Request (SecurityGroupsNegativeTestJSON:setUpClass): 201 POST http://10.180.1.21/networking/v2.0/networks 0.591s
2025-12-09 01:16:42.404 67082 INFO tempest.lib.common.rest_client [req-3983c8e6-254c-449a-9e6c-3b9da7a8a77b req-3983c8e6-254c-449a-9e6c-3b9da7a8a77b ] Request (VolumesAssistedSnapshotsTest:test_volume_assisted_snapshot_create_delete): 201 POST http://10.180.1.21/networking/v2.0/security-groups 0.658s
2025-12-09 01:16:42.427 67079 INFO tempest.lib.common.rest_client [req-c4e319d7-080d-4641-963b-7b8a042c94c3 req-c4e319d7-080d-4641-963b-7b8a042c94c3 ] Request (ServerDiagnosticsTest:test_get_server_diagnostics): 200 GET http://10.180.1.21/compute/v2.1/servers/2bdf0c8e-8514-4909-a4fc-6788861d88e9 4.199s
2025-12-09 01:16:42.457 67062 INFO tempest.lib.common.rest_client [req-25f80e9c-268a-4bba-b421-a38124a637e5 req-25f80e9c-268a-4bba-b421-a38124a637e5 ] Request (FlavorsV261TestJSON:test_crud_flavor): 200 PUT http://10.180.1.21/compute/v2.1/flavors/1575946177 3.698s
2025-12-09 01:16:42.703 67100 INFO tempest.lib.common.rest_client [req-44aae658-e13b-4c8b-8d48-e007ef14301f req-44aae658-e13b-4c8b-8d48-e007ef14301f ] Request (ServersTestFqdnHostnames:setUpClass): 201 POST http://10.180.1.21/networking/v2.0/networks 0.888s
2025-12-09 01:16:42.871 67108 INFO tempest.lib.common.rest_client [req-4a3e9eaf-49ce-41e6-95bb-06d3bc81d31d req-4a3e9eaf-49ce-41e6-95bb-06d3bc81d31d ] Request (VolumesAdminNegativeTest:setUpClass): 201 POST http://10.180.1.21/networking/v2.0/subnets 0.842s
2025-12-09 01:16:43.011 67094 INFO tempest.lib.common.rest_client [req-9b89da16-9fab-47f3-b5e5-0e93478a1925 req-9b89da16-9fab-47f3-b5e5-0e93478a1925 ] Request (SecurityGroupsNegativeTestJSON:setUpClass): 201 POST http://10.180.1.21/networking/v2.0/subnets 0.702s
2025-12-09 01:16:43.135 67082 INFO tempest.lib.common.rest_client [req-bbc0bd9a-cb6d-4782-84ee-3e5c46aff22c req-bbc0bd9a-cb6d-4782-84ee-3e5c46aff22c ] Request (VolumesAssistedSnapshotsTest:test_volume_assisted_snapshot_create_delete): 201 POST http://10.180.1.21/networking/v2.0/security-group-rules 0.730s
2025-12-09 01:16:43.323 67100 INFO tempest.lib.common.rest_client [req-beffd020-a73f-47be-be1d-7c264dcd71d2 req-beffd020-a73f-47be-be1d-7c264dcd71d2 ] Request (ServersTestFqdnHostnames:setUpClass): 201 POST http://10.180.1.21/networking/v2.0/subnets 0.620s
2025-12-09 01:16:43.808 67108 INFO tempest.lib.common.rest_client [req-bed4bd42-4eb6-4b77-a574-29b6e149c0d7 req-bed4bd42-4eb6-4b77-a574-29b6e149c0d7 ] Request (VolumesAdminNegativeTest:setUpClass): 201 POST http://10.180.1.21/networking/v2.0/routers 0.933s
2025-12-09 01:16:43.909 67082 INFO tempest.lib.common.rest_client [req-b10512bf-ad46-4120-8c70-a1554ee11e59 req-b10512bf-ad46-4120-8c70-a1554ee11e59 ] Request (VolumesAssistedSnapshotsTest:test_volume_assisted_snapshot_create_delete): 201 POST http://10.180.1.21/networking/v2.0/security-group-rules 0.773s
2025-12-09 01:16:44.042 67094 INFO tempest.lib.common.rest_client [req-2c5f1c0f-d6d7-4367-8829-439a527bc5aa req-2c5f1c0f-d6d7-4367-8829-439a527bc5aa ] Request (SecurityGroupsNegativeTestJSON:setUpClass): 201 POST http://10.180.1.21/networking/v2.0/routers 1.030s
2025-12-09 01:16:44.645 67100 INFO tempest.lib.common.rest_client [req-5fc100bd-eeba-4029-aea3-d2a8b1f5dddb req-5fc100bd-eeba-4029-aea3-d2a8b1f5dddb ] Request (ServersTestFqdnHostnames:setUpClass): 201 POST http://10.180.1.21/networking/v2.0/routers 1.322s
2025-12-09 01:16:44.878 67108 INFO tempest.lib.common.rest_client [req-fbbb7e49-6fb9-4de7-88df-d221838f750e req-fbbb7e49-6fb9-4de7-88df-d221838f750e ] Request (VolumesAdminNegativeTest:setUpClass): 200 PUT http://10.180.1.21/networking/v2.0/routers/007912ef-bcab-4a5d-8b7c-f12ec497614f/add_router_interface 1.070s
2025-12-09 01:16:44.879 67108 INFO tempest.lib.common.dynamic_creds [-] Created isolated network resources for: credentials: Credentials: {'domain_id': 'default', 'domain_name': 'Default', 'username': 'tempest-VolumesAdminNegativeTest-20192291-project', 'project_domain_id': 'default', 'project_domain_name': 'Default', 'project_id': '603e049303194522a69c6cf3946731e7', 'project_name': 'tempest-VolumesAdminNegativeTest-20192291', 'tenant_id': '603e049303194522a69c6cf3946731e7', 'tenant_name': 'tempest-VolumesAdminNegativeTest-20192291', 'user_domain_id': 'default', 'user_domain_name': 'Default', 'user_id': '0591fd39588443d5a6ab202483e55fe4', 'system': None}, Network: {'id': '640f7f64-0f81-4537-90ba-42eda8f7fcb1', 'name': 'tempest-VolumesAdminNegativeTest-770087616-network', 'tenant_id': '603e049303194522a69c6cf3946731e7', 'project_id': '603e049303194522a69c6cf3946731e7', 'admin_state_up': True, 'mtu': 8950, 'status': 'ACTIVE', 'subnets': [], 'shared': False, 'port_security_enabled': True, 'router:external': False, 'provider:network_type': 'vlan', 'provider:physical_network': 'default', 'provider:segmentation_id': 823, 'availability_zone_hints': [], 'availability_zones': [], 'ipv4_address_scope': None, 'ipv6_address_scope': None, 'description': '', 'tags': [], 'created_at': '2025-12-09T01:16:41Z', 'updated_at': '2025-12-09T01:16:41Z', 'revision_number': 1}, Subnet: {'id': '8cb1d648-8414-4b7a-93bf-053418af7cf5', 'name': 'tempest-VolumesAdminNegativeTest-770087616-subnet', 'tenant_id': '603e049303194522a69c6cf3946731e7', 'network_id': '640f7f64-0f81-4537-90ba-42eda8f7fcb1', 'ip_version': 4, 'subnetpool_id': None, 'enable_dhcp': True, 'ipv6_ra_mode': None, 'ipv6_address_mode': None, 'gateway_ip': '192.168.128.1', 'cidr': '192.168.128.0/28', 'allocation_pools': [{'start': '192.168.128.2', 'end': '192.168.128.14'}], 'host_routes': [], 'dns_nameservers': [], 'description': '', 'router:external': False, 'service_types': [], 'tags': [], 'created_at': '2025-12-09T01:16:42Z', 'updated_at': '2025-12-09T01:16:42Z', 'revision_number': 0, 'project_id': '603e049303194522a69c6cf3946731e7'}, Router: {'id': '007912ef-bcab-4a5d-8b7c-f12ec497614f', 'name': 'tempest-VolumesAdminNegativeTest-770087616-router', 'tenant_id': '603e049303194522a69c6cf3946731e7', 'admin_state_up': True, 'status': 'ACTIVE', 'external_gateway_info': {'network_id': '2cc498ca-315d-4595-9de5-ec3dde249d17', 'external_fixed_ips': [{'subnet_id': '4c983a1f-eb6e-4b36-8e7f-e34e5a10866e', 'ip_address': '10.180.180.233'}], 'enable_snat': True}, 'description': '', 'availability_zones': [], 'distributed': False, 'ha': False, 'availability_zone_hints': [], 'routes': [], 'flavor_id': None, 'tags': [], 'created_at': '2025-12-09T01:16:43Z', 'updated_at': '2025-12-09T01:16:43Z', 'revision_number': 2, 'project_id': '603e049303194522a69c6cf3946731e7'}
2025-12-09 01:16:44.991 67108 INFO tempest.lib.common.rest_client [req-aae8f7b6-2bec-4666-8d25-5c4d44858c46 req-aae8f7b6-2bec-4666-8d25-5c4d44858c46 ] Request (VolumesAdminNegativeTest:setUpClass): 201 POST http://10.180.1.21/identity/v3/auth/tokens 0.109s
2025-12-09 01:16:45.062 67108 INFO tempest.lib.common.rest_client [req-7dda5c81-f95b-48e0-95ff-03f3e6eb2b0d req-7dda5c81-f95b-48e0-95ff-03f3e6eb2b0d ] Request (VolumesAdminNegativeTest:test_update_attached_volume_with_nonexistent_volume_in_uri): 201 POST http://10.180.1.21/identity/v3/auth/tokens 0.063s
2025-12-09 01:16:45.062 67108 INFO tempest.lib.common.fixed_network [-] (VolumesAdminNegativeTest:test_update_attached_volume_with_nonexistent_volume_in_uri) Found network {'id': 'd354d313-3c36-4e56-8010-41fb6a7034c1', 'name': 'tempest-VolumesAdminNegativeTest-1983613500-network', 'tenant_id': 'dfa6bb90c9394472b9ebfbf7acd0729d', 'project_id': 'dfa6bb90c9394472b9ebfbf7acd0729d', 'admin_state_up': True, 'mtu': 8950, 'status': 'ACTIVE', 'subnets': [], 'shared': False, 'port_security_enabled': True, 'router:external': False, 'provider:network_type': 'vlan', 'provider:physical_network': 'default', 'provider:segmentation_id': 246, 'availability_zone_hints': [], 'availability_zones': [], 'ipv4_address_scope': None, 'ipv6_address_scope': None, 'description': '', 'tags': [], 'created_at': '2025-12-09T01:16:31Z', 'updated_at': '2025-12-09T01:16:31Z', 'revision_number': 1} available for tenant
2025-12-09 01:16:45.068 67082 INFO tempest.lib.common.rest_client [req-bb711cc9-8b29-4467-8fab-a3109bdd45cf req-bb711cc9-8b29-4467-8fab-a3109bdd45cf ] Request (VolumesAssistedSnapshotsTest:test_volume_assisted_snapshot_create_delete): 201 POST http://10.180.1.21/networking/v2.0/floatingips 1.159s
2025-12-09 01:16:45.170 67082 INFO tempest.lib.common.rest_client [req-ba1832cd-6d68-4b6f-bf5e-dd4c8668c440 req-ba1832cd-6d68-4b6f-bf5e-dd4c8668c440 ] Request (VolumesAssistedSnapshotsTest:test_volume_assisted_snapshot_create_delete): 201 POST http://10.180.1.21/identity/v3/auth/tokens 0.099s
2025-12-09 01:16:45.170 67082 INFO tempest.lib.common.fixed_network [-] (VolumesAssistedSnapshotsTest:test_volume_assisted_snapshot_create_delete) Found network {'id': 'e42211a1-8112-4e51-afc2-ce177b4f83cb', 'name': 'tempest-VolumesAssistedSnapshotsTest-1802693984-network', 'tenant_id': 'e0bdff26c51c4c93b8acbcb922e85aec', 'project_id': 'e0bdff26c51c4c93b8acbcb922e85aec', 'admin_state_up': True, 'mtu': 8950, 'status': 'ACTIVE', 'subnets': [], 'shared': False, 'port_security_enabled': True, 'router:external': False, 'provider:network_type': 'vlan', 'provider:physical_network': 'default', 'provider:segmentation_id': 230, 'availability_zone_hints': [], 'availability_zones': [], 'ipv4_address_scope': None, 'ipv6_address_scope': None, 'description': '', 'tags': [], 'created_at': '2025-12-09T01:16:17Z', 'updated_at': '2025-12-09T01:16:17Z', 'revision_number': 1} available for tenant
2025-12-09 01:16:45.187 67104 INFO tempest.lib.common.rest_client [req-cf86b4df-f29c-4478-bdeb-1e29f5654d3c req-cf86b4df-f29c-4478-bdeb-1e29f5654d3c ] Request (MigrationsAdminTest:test_list_migrations_in_flavor_resize_situation): 202 POST http://10.180.1.21/compute/v2.1/servers 6.620s
2025-12-09 01:16:45.793 67094 INFO tempest.lib.common.rest_client [req-123428b7-eb35-48d3-988c-816d9f1a1e1f req-123428b7-eb35-48d3-988c-816d9f1a1e1f ] Request (SecurityGroupsNegativeTestJSON:setUpClass): 200 PUT http://10.180.1.21/networking/v2.0/routers/85a5e97d-d9ea-42e3-a477-a3fe91172766/add_router_interface 1.750s
2025-12-09 01:16:45.793 67094 INFO tempest.lib.common.dynamic_creds [-] Created isolated network resources for: credentials: Credentials: {'domain_id': 'default', 'domain_name': 'Default', 'username': 'tempest-SecurityGroupsNegativeTestJSON-1820973979-project-member', 'project_domain_id': 'default', 'project_domain_name': 'Default', 'project_id': 'b961c6dad27a4233a852f197865ebd6c', 'project_name': 'tempest-SecurityGroupsNegativeTestJSON-1820973979', 'tenant_id': 'b961c6dad27a4233a852f197865ebd6c', 'tenant_name': 'tempest-SecurityGroupsNegativeTestJSON-1820973979', 'user_domain_id': 'default', 'user_domain_name': 'Default', 'user_id': '4aca215768f14c30bf697f10aa56d7c5', 'system': None}, Network: {'id': '36c950cd-4788-4673-9ba5-1eb05d67cb6b', 'name': 'tempest-SecurityGroupsNegativeTestJSON-1967088337-network', 'tenant_id': 'b961c6dad27a4233a852f197865ebd6c', 'project_id': 'b961c6dad27a4233a852f197865ebd6c', 'admin_state_up': True, 'mtu': 8950, 'status': 'ACTIVE', 'subnets': [], 'shared': False, 'port_security_enabled': True, 'router:external': False, 'provider:network_type': 'vlan', 'provider:physical_network': 'default', 'provider:segmentation_id': 102, 'availability_zone_hints': [], 'availability_zones': [], 'ipv4_address_scope': None, 'ipv6_address_scope': None, 'description': '', 'tags': [], 'created_at': '2025-12-09T01:16:42Z', 'updated_at': '2025-12-09T01:16:42Z', 'revision_number': 1}, Subnet: {'id': '4796453f-0cfb-4106-b3b4-09edaef1e6d5', 'name': 'tempest-SecurityGroupsNegativeTestJSON-1967088337-subnet', 'tenant_id': 'b961c6dad27a4233a852f197865ebd6c', 'network_id': '36c950cd-4788-4673-9ba5-1eb05d67cb6b', 'ip_version': 4, 'subnetpool_id': None, 'enable_dhcp': True, 'ipv6_ra_mode': None, 'ipv6_address_mode': None, 'gateway_ip': '192.168.128.1', 'cidr': '192.168.128.0/28', 'allocation_pools': [{'start': '192.168.128.2', 'end': '192.168.128.14'}], 'host_routes': [], 'dns_nameservers': [], 'description': '', 'router:external': False, 'service_types': [], 'tags': [], 'created_at': '2025-12-09T01:16:42Z', 'updated_at': '2025-12-09T01:16:42Z', 'revision_number': 0, 'project_id': 'b961c6dad27a4233a852f197865ebd6c'}, Router: {'id': '85a5e97d-d9ea-42e3-a477-a3fe91172766', 'name': 'tempest-SecurityGroupsNegativeTestJSON-1967088337-router', 'tenant_id': 'b961c6dad27a4233a852f197865ebd6c', 'admin_state_up': True, 'status': 'ACTIVE', 'external_gateway_info': {'network_id': '2cc498ca-315d-4595-9de5-ec3dde249d17', 'external_fixed_ips': [{'subnet_id': '4c983a1f-eb6e-4b36-8e7f-e34e5a10866e', 'ip_address': '10.180.180.241'}], 'enable_snat': True}, 'description': '', 'availability_zones': [], 'distributed': False, 'ha': False, 'availability_zone_hints': [], 'routes': [], 'flavor_id': None, 'tags': [], 'created_at': '2025-12-09T01:16:43Z', 'updated_at': '2025-12-09T01:16:43Z', 'revision_number': 2, 'project_id': 'b961c6dad27a4233a852f197865ebd6c'}
2025-12-09 01:16:45.867 67092 INFO tempest.lib.common.rest_client [req-98440e79-9cd3-4ccc-8a39-064947fc618a req-98440e79-9cd3-4ccc-8a39-064947fc618a ] Request (QuotasAdminNegativeTest:test_create_server_when_cpu_quota_is_full): 403 POST http://10.180.1.21/compute/v2.1/servers 6.588s
2025-12-09 01:16:45.927 67094 INFO tempest.lib.common.rest_client [req-09b96780-1c44-4f81-b464-cf92dcb09c54 req-09b96780-1c44-4f81-b464-cf92dcb09c54 ] Request (SecurityGroupsNegativeTestJSON:setUpClass): 201 POST http://10.180.1.21/identity/v3/auth/tokens 0.129s
2025-12-09 01:16:45.988 67100 INFO tempest.lib.common.rest_client [req-b328d0f8-cf4a-45eb-a1f2-22899c05fe1a req-b328d0f8-cf4a-45eb-a1f2-22899c05fe1a ] Request (ServersTestFqdnHostnames:setUpClass): 200 PUT http://10.180.1.21/networking/v2.0/routers/f7f961f6-1f7a-46da-8132-05360124d68b/add_router_interface 1.342s
2025-12-09 01:16:45.988 67100 INFO tempest.lib.common.dynamic_creds [-] Created isolated network resources for: credentials: Credentials: {'domain_id': 'default', 'domain_name': 'Default', 'username': 'tempest-ServersTestFqdnHostnames-984508611-project-member', 'project_domain_id': 'default', 'project_domain_name': 'Default', 'project_id': '34382e74dfce47d990ca7eeabb1a81af', 'project_name': 'tempest-ServersTestFqdnHostnames-984508611', 'tenant_id': '34382e74dfce47d990ca7eeabb1a81af', 'tenant_name': 'tempest-ServersTestFqdnHostnames-984508611', 'user_domain_id': 'default', 'user_domain_name': 'Default', 'user_id': 'e497a9c0b2884d9b9f72b7af0fc85496', 'system': None}, Network: {'id': 'ca21ffdd-cd2a-4d02-8c49-bedd42cd5b64', 'name': 'tempest-ServersTestFqdnHostnames-2005649366-network', 'tenant_id': '34382e74dfce47d990ca7eeabb1a81af', 'project_id': '34382e74dfce47d990ca7eeabb1a81af', 'admin_state_up': True, 'mtu': 8950, 'status': 'ACTIVE', 'subnets': [], 'shared': False, 'port_security_enabled': True, 'router:external': False, 'provider:network_type': 'vlan', 'provider:physical_network': 'default', 'provider:segmentation_id': 145, 'availability_zone_hints': [], 'availability_zones': [], 'ipv4_address_scope': None, 'ipv6_address_scope': None, 'description': '', 'tags': [], 'created_at': '2025-12-09T01:16:42Z', 'updated_at': '2025-12-09T01:16:42Z', 'revision_number': 1}, Subnet: {'id': '37b0e9df-e279-4a4d-b5f1-5b3c5ffa76bc', 'name': 'tempest-ServersTestFqdnHostnames-2005649366-subnet', 'tenant_id': '34382e74dfce47d990ca7eeabb1a81af', 'network_id': 'ca21ffdd-cd2a-4d02-8c49-bedd42cd5b64', 'ip_version': 4, 'subnetpool_id': None, 'enable_dhcp': True, 'ipv6_ra_mode': None, 'ipv6_address_mode': None, 'gateway_ip': '192.168.128.1', 'cidr': '192.168.128.0/28', 'allocation_pools': [{'start': '192.168.128.2', 'end': '192.168.128.14'}], 'host_routes': [], 'dns_nameservers': [], 'description': '', 'router:external': False, 'service_types': [], 'tags': [], 'created_at': '2025-12-09T01:16:43Z', 'updated_at': '2025-12-09T01:16:43Z', 'revision_number': 0, 'project_id': '34382e74dfce47d990ca7eeabb1a81af'}, Router: {'id': 'f7f961f6-1f7a-46da-8132-05360124d68b', 'name': 'tempest-ServersTestFqdnHostnames-2005649366-router', 'tenant_id': '34382e74dfce47d990ca7eeabb1a81af', 'admin_state_up': True, 'status': 'ACTIVE', 'external_gateway_info': {'network_id': '2cc498ca-315d-4595-9de5-ec3dde249d17', 'external_fixed_ips': [{'subnet_id': '4c983a1f-eb6e-4b36-8e7f-e34e5a10866e', 'ip_address': '10.180.180.198'}], 'enable_snat': True}, 'description': '', 'availability_zones': [], 'distributed': False, 'ha': False, 'availability_zone_hints': [], 'routes': [], 'flavor_id': None, 'tags': [], 'created_at': '2025-12-09T01:16:43Z', 'updated_at': '2025-12-09T01:16:44Z', 'revision_number': 2, 'project_id': '34382e74dfce47d990ca7eeabb1a81af'}
2025-12-09 01:16:46.084 67100 INFO tempest.lib.common.rest_client [req-94a812c3-d029-4a63-89ff-992aacfba723 req-94a812c3-d029-4a63-89ff-992aacfba723 ] Request (ServersTestFqdnHostnames:setUpClass): 201 POST http://10.180.1.21/identity/v3/auth/tokens 0.093s
2025-12-09 01:16:46.319 67072 INFO tempest.lib.common.rest_client [req-1874b906-2a13-4807-ae5e-6786d94e921d req-1874b906-2a13-4807-ae5e-6786d94e921d ] Request (DeleteServersAdminTestJSON:test_admin_delete_servers_of_others): 200 GET http://10.180.1.21/compute/v2.1/servers/a22c4639-f73d-48dd-920d-52c5b226be8e 6.718s
2025-12-09 01:16:46.349 67050 INFO tempest.lib.common.rest_client [req-32352d85-6ab0-4599-a6a5-b1f8379e121b req-32352d85-6ab0-4599-a6a5-b1f8379e121b ] Request (HostsAdminTestJSON:test_list_hosts_with_nonexistent_zone): 200 GET http://10.180.1.21/compute/v2.1/os-hosts?zone=xxx 6.678s
2025-12-09 01:16:46.665 67064 INFO tempest.lib.common.rest_client [req-8b20c590-9e62-4e08-9c37-b1d9c8f9111b req-8b20c590-9e62-4e08-9c37-b1d9c8f9111b ] Request (AggregatesAdminNegativeTestJSON:test_aggregate_add_existent_host): 200 POST http://10.180.1.21/compute/v2.1/os-aggregates/1/action 6.969s
2025-12-09 01:16:46.674 67054 INFO tempest.lib.common.rest_client [req-0ad2ee54-539c-4f54-add0-8e551ac29bc3 req-0ad2ee54-539c-4f54-add0-8e551ac29bc3 ] Request (FlavorsExtraSpecsNegativeTestJSON:test_flavor_non_admin_set_keys): 403 POST http://10.180.1.21/compute/v2.1/flavors/579693090/os-extra_specs 6.875s
2025-12-09 01:16:46.940 67060 INFO tempest.lib.common.rest_client [req-5e6e7ac8-31b0-46c7-ad6c-79dbcecaa1e2 req-5e6e7ac8-31b0-46c7-ad6c-79dbcecaa1e2 ] Request (ImagesMetadataTestJSON:setUp): 200 PUT http://10.180.1.21/compute/v2.1/images/d3602901-a093-418c-8193-161611b37a49/metadata 7.108s
2025-12-09 01:16:46.956 67098 INFO tempest.lib.common.rest_client [req-b19e79a1-a157-4a5e-a689-6d39a6388493 req-b19e79a1-a157-4a5e-a689-6d39a6388493 ] Request (KeyPairsV210TestJSON:test_admin_manage_keypairs_for_other_users): 200 GET http://10.180.1.21/compute/v2.1/os-keypairs/tempest-keypair-1522960367?user_id=dcbefa2ed1774d7fb98539e8274993d9 7.081s
2025-12-09 01:16:47.036 67106 INFO tempest.lib.common.rest_client [req-1d30b7ea-45ca-4ce8-b970-37a21bb05bc3 req-1d30b7ea-45ca-4ce8-b970-37a21bb05bc3 ] Request (TenantUsagesNegativeTestJSON:test_list_usage_all_tenants_with_non_admin_user): 403 GET http://10.180.1.21/compute/v2.1/os-simple-tenant-usage?start=2025-12-08T01%3A16%3A26.384139&end=2025-12-10T01%3A16%3A26.384139&detailed=1 7.140s
2025-12-09 01:16:47.129 67106 INFO tempest.lib.common.rest_client [req-a4c8db27-e224-42af-ba8d-5e6b71833624 req-a4c8db27-e224-42af-ba8d-5e6b71833624 ] Request (TenantUsagesNegativeTestJSON:tearDownClass): 204 DELETE http://10.180.1.21/identity/v3/users/ac6c73e5b5904a59ba4a520c5f065979 0.091s
2025-12-09 01:16:47.140 67088 INFO tempest.lib.common.rest_client [req-acf6a42d-e6b7-44cb-83e9-2dd45cb716d9 req-acf6a42d-e6b7-44cb-83e9-2dd45cb716d9 ] Request (FlavorsAccessTestJSON:test_flavor_access_add_remove): 200 GET http://10.180.1.21/compute/v2.1/flavors/detail 7.109s
2025-12-09 01:16:47.242 67106 INFO tempest.lib.common.rest_client [req-7d4776c8-d2d8-4ffc-a7d2-8ee07601e45e req-7d4776c8-d2d8-4ffc-a7d2-8ee07601e45e ] Request (TenantUsagesNegativeTestJSON:tearDownClass): 204 DELETE http://10.180.1.21/identity/v3/users/b98842a5f36e44e9889a9f06cccd4dc5 0.112s
2025-12-09 01:16:47.242 67106 INFO tempest.lib.common.dynamic_creds [-] Deleting project and security group for project: c7df9c5da4c64d7a8a931ba383687e22
2025-12-09 01:16:47.299 67106 INFO tempest.lib.common.rest_client [req-36b2666a-68f6-4834-9502-a8ce3d6ba9f1 req-36b2666a-68f6-4834-9502-a8ce3d6ba9f1 ] Request (TenantUsagesNegativeTestJSON:tearDownClass): 201 POST http://10.180.1.21/identity/v3/auth/tokens 0.057s
2025-12-09 01:16:48.221 67074 INFO tempest.lib.common.rest_client [req-7f29416b-87ec-47a0-88ad-83b901ed3fd1 req-7f29416b-87ec-47a0-88ad-83b901ed3fd1 ] Request (SecurityGroupsTestAdminJSON:test_list_security_groups_list_all_tenants_filter): 200 POST http://10.180.1.21/compute/v2.1/os-security-groups 7.801s
2025-12-09 01:16:48.252 67080 INFO tempest.lib.common.rest_client [req-da34f52b-f5c2-46d8-ac5f-97ca23db5982 req-da34f52b-f5c2-46d8-ac5f-97ca23db5982 ] Request (HypervisorAdminV253TestBase:test_list_show_detail_hypervisors): 200 GET http://10.180.1.21/compute/v2.1/os-hypervisors/38d9d6e3-7fbf-4c3d-acf5-ccfc2d007005 7.776s
2025-12-09 01:16:48.282 67066 INFO tempest.lib.common.rest_client [req-74efa2aa-273e-4805-942d-2333401bbbf3 req-74efa2aa-273e-4805-942d-2333401bbbf3 ] Request (FlavorsAdminTestJSON:_run_cleanups): 200 GET http://10.180.1.21/compute/v2.1/flavors/detail 7.774s
2025-12-09 01:16:48.303 67102 INFO tempest.lib.common.rest_client [req-f57857aa-2b59-43a7-9a08-04e6ea8dca87 req-f57857aa-2b59-43a7-9a08-04e6ea8dca87 ] Request (HypervisorAdminUnderV252Test:test_search_hypervisor): 200 GET http://10.180.1.21/compute/v2.1/os-hypervisors 7.749s
2025-12-09 01:16:48.365 67080 INFO tempest.lib.common.rest_client [req-4c0938af-e5bc-4c19-b1b5-8c5b9da647af req-4c0938af-e5bc-4c19-b1b5-8c5b9da647af ] Request (HypervisorAdminV253TestBase:tearDownClass): 204 DELETE http://10.180.1.21/identity/v3/users/be1dd225dd154ad4b4e5ce65453551f4 0.102s
2025-12-09 01:16:48.441 67106 INFO tempest.lib.common.rest_client [req-30fe7637-b195-4091-b6af-9d80823f892e req-30fe7637-b195-4091-b6af-9d80823f892e ] Request (TenantUsagesNegativeTestJSON:tearDownClass): 200 GET http://10.180.1.21/networking/v2.0/security-groups?tenant_id=c7df9c5da4c64d7a8a931ba383687e22&name=default 1.141s
2025-12-09 01:16:48.499 67086 INFO tempest.lib.common.rest_client [req-ddfb5860-e140-466b-ac45-dce841b1d7a2 req-ddfb5860-e140-466b-ac45-dce841b1d7a2 ] Request (FloatingIPDetailsTestJSON:setUpClass): 200 POST http://10.180.1.21/compute/v2.1/os-floating-ips 9.043s
2025-12-09 01:16:48.504 67080 INFO tempest.lib.common.rest_client [req-cf1c1f2c-42cb-4dd9-9d6e-9b7ac660f1e6 req-cf1c1f2c-42cb-4dd9-9d6e-9b7ac660f1e6 ] Request (HypervisorAdminV253TestBase:tearDownClass): 204 DELETE http://10.180.1.21/identity/v3/users/a5c0cfa20e194e5fb59820acbf086705 0.139s
2025-12-09 01:16:48.505 67080 INFO tempest.lib.common.dynamic_creds [-] Deleting project and security group for project: 117afd0c59e7412c90ef46289d9bf188
2025-12-09 01:16:48.566 67080 INFO tempest.lib.common.rest_client [req-9c382f7d-7396-4950-aa1b-5e9087b1dbf8 req-9c382f7d-7396-4950-aa1b-5e9087b1dbf8 ] Request (HypervisorAdminV253TestBase:tearDownClass): 201 POST http://10.180.1.21/identity/v3/auth/tokens 0.061s
2025-12-09 01:16:48.667 67106 INFO tempest.lib.common.rest_client [req-aa52e1f2-57b0-4bd1-a638-fe3a78ee6d94 req-aa52e1f2-57b0-4bd1-a638-fe3a78ee6d94 ] Request (TenantUsagesNegativeTestJSON:tearDownClass): 204 DELETE http://10.180.1.21/networking/v2.0/security-groups/cf9d2b8a-8c74-4d5c-a0ce-1d742be858e7 0.225s
2025-12-09 01:16:48.703 67058 INFO tempest.lib.common.rest_client [req-784f6422-e8bb-42f8-95a5-c86595af5fe9 req-784f6422-e8bb-42f8-95a5-c86595af5fe9 ] Request (ServersAdminNegativeTestJSON:setUpClass): 200 GET http://10.180.1.21/compute/v2.1/servers/31095cc2-1d3e-4e11-90d1-9503954722d1 8.056s
2025-12-09 01:16:48.710 67084 INFO tempest.lib.common.rest_client [req-6473ebb6-5731-4c32-a397-dc479f91a78c req-6473ebb6-5731-4c32-a397-dc479f91a78c ] Request (ServersWithSpecificFlavorTestJSON:test_verify_created_server_ephemeral_disk): 200 POST http://10.180.1.21/compute/v2.1/flavors 8.025s
2025-12-09 01:16:48.748 67106 INFO tempest.lib.common.rest_client [req-1562bbd8-1e56-4736-922d-8999e91ecfd0 req-1562bbd8-1e56-4736-922d-8999e91ecfd0 ] Request (TenantUsagesNegativeTestJSON:tearDownClass): 204 DELETE http://10.180.1.21/identity/v3/projects/c7df9c5da4c64d7a8a931ba383687e22 0.081s
2025-12-09 01:16:48.749 67106 INFO tempest.lib.common.dynamic_creds [-] Deleting project and security group for project: 1ab829b5769f44afb54c6f173ebaa24d
2025-12-09 01:16:48.944 67080 INFO tempest.lib.common.rest_client [req-5aa18f53-c258-49ca-8b12-69dee92db32d req-5aa18f53-c258-49ca-8b12-69dee92db32d ] Request (HypervisorAdminV253TestBase:tearDownClass): 200 GET http://10.180.1.21/networking/v2.0/security-groups?tenant_id=117afd0c59e7412c90ef46289d9bf188&name=default 0.377s
2025-12-09 01:16:49.085 67106 INFO tempest.lib.common.rest_client [req-2cff0962-80d2-4bf2-8328-ae014492e07a req-2cff0962-80d2-4bf2-8328-ae014492e07a ] Request (TenantUsagesNegativeTestJSON:tearDownClass): 200 GET http://10.180.1.21/networking/v2.0/security-groups?tenant_id=1ab829b5769f44afb54c6f173ebaa24d&name=default 0.336s
2025-12-09 01:16:49.106 67080 INFO tempest.lib.common.rest_client [req-088279f7-9fc0-4fc7-a4d0-d95a85537ed9 req-088279f7-9fc0-4fc7-a4d0-d95a85537ed9 ] Request (HypervisorAdminV253TestBase:tearDownClass): 204 DELETE http://10.180.1.21/networking/v2.0/security-groups/78b20544-da5c-4728-aeeb-a6796f82a172 0.161s
2025-12-09 01:16:49.177 67071 INFO tempest.lib.common.rest_client [req-760dfe93-42ed-4b28-9b8a-f5d2698dbe05 req-760dfe93-42ed-4b28-9b8a-f5d2698dbe05 ] Request (ServerExternalEventsTest:test_create_server_external_events): 200 GET http://10.180.1.21/compute/v2.1/servers/50dd524b-ad81-435a-aca1-2385e3e1a0fe 8.261s
2025-12-09 01:16:49.189 67080 INFO tempest.lib.common.rest_client [req-8d61aebb-a283-4082-8811-3f2b4ec977b3 req-8d61aebb-a283-4082-8811-3f2b4ec977b3 ] Request (HypervisorAdminV253TestBase:tearDownClass): 204 DELETE http://10.180.1.21/identity/v3/projects/117afd0c59e7412c90ef46289d9bf188 0.082s
2025-12-09 01:16:49.190 67080 INFO tempest.lib.common.dynamic_creds [-] Deleting project and security group for project: d1bafd34c4a144d0868f7237f990ff56
2025-12-09 01:16:49.211 67056 INFO tempest.lib.common.rest_client [req-0c55da7d-0a0d-4b1c-9caf-44b0f0d96a36 req-0c55da7d-0a0d-4b1c-9caf-44b0f0d96a36 ] Request (FloatingIPsAssociationNegativeTestJSON:setUpClass): 200 GET http://10.180.1.21/compute/v2.1/servers/91a4df61-c1e2-4e62-a332-32c09f5e553c 8.315s
2025-12-09 01:16:49.297 67106 INFO tempest.lib.common.rest_client [req-b5701d76-726f-4ddd-86e0-1d28f8004d50 req-b5701d76-726f-4ddd-86e0-1d28f8004d50 ] Request (TenantUsagesNegativeTestJSON:tearDownClass): 204 DELETE http://10.180.1.21/networking/v2.0/security-groups/08fcae0f-34dc-4dad-a407-f6ff941d9536 0.211s
2025-12-09 01:16:49.400 67106 INFO tempest.lib.common.rest_client [req-15d48007-aac2-419a-9f45-3bc06d596b3b req-15d48007-aac2-419a-9f45-3bc06d596b3b ] Request (TenantUsagesNegativeTestJSON:tearDownClass): 204 DELETE http://10.180.1.21/identity/v3/projects/1ab829b5769f44afb54c6f173ebaa24d 0.102s
2025-12-09 01:16:49.438 67080 INFO tempest.lib.common.rest_client [req-10dd8df6-153f-4005-bb6c-b871ca97952b req-10dd8df6-153f-4005-bb6c-b871ca97952b ] Request (HypervisorAdminV253TestBase:tearDownClass): 200 GET http://10.180.1.21/networking/v2.0/security-groups?tenant_id=d1bafd34c4a144d0868f7237f990ff56&name=default 0.248s
2025-12-09 01:16:49.464 67106 INFO tempest.lib.common.rest_client [req-188fea8a-8453-4fd9-b4d6-dea00ea1d11c req-188fea8a-8453-4fd9-b4d6-dea00ea1d11c ] Request (SecurityGroupsTestJSON:setUpClass): 201 POST http://10.180.1.21/identity/v3/auth/tokens 0.062s
2025-12-09 01:16:49.498 67106 INFO tempest.lib.common.rest_client [req-71a8c486-ae0b-4315-b830-59571d211f6f req-71a8c486-ae0b-4315-b830-59571d211f6f ] Request (SecurityGroupsTestJSON:setUpClass): 201 POST http://10.180.1.21/identity/v3/auth/tokens 0.030s
2025-12-09 01:16:49.500 67048 INFO tempest.lib.common.rest_client [req-6610a0fc-a007-4164-94a5-d8f3d85a49da req-6610a0fc-a007-4164-94a5-d8f3d85a49da ] Request (ServerRescueTestJSONUnderV235:setUpClass): 200 GET http://10.180.1.21/compute/v2.1/servers/54def964-28de-4256-85a6-ff13633eebe3 7.875s
2025-12-09 01:16:49.513 67052 INFO tempest.lib.common.rest_client [req-0898e04a-826b-471a-9e65-734f38f43b00 req-0898e04a-826b-471a-9e65-734f38f43b00 ] Request (FlavorsExtraSpecsTestJSON:test_flavor_set_get_update_show_unset_keys): 200 GET http://10.180.1.21/compute/v2.1/flavors/1748800749/os-extra_specs 7.611s
2025-12-09 01:16:49.526 67106 INFO tempest.lib.common.rest_client [req-7796e32b-26a2-4ac1-82c3-241cfd0e12b4 req-7796e32b-26a2-4ac1-82c3-241cfd0e12b4 ] Request (SecurityGroupsTestJSON:setUpClass): 200 GET http://10.180.1.21/identity/v3/domains?name=Default 0.028s
2025-12-09 01:16:49.556 67106 INFO tempest.lib.common.rest_client [req-a0cf3d2a-e2f1-45a7-b82d-af932045820f req-a0cf3d2a-e2f1-45a7-b82d-af932045820f ] Request (SecurityGroupsTestJSON:setUpClass): 201 POST http://10.180.1.21/identity/v3/projects 0.030s
2025-12-09 01:16:49.600 67080 INFO tempest.lib.common.rest_client [req-2a679a81-6ab0-475e-9c0e-304f8b9fa26e req-2a679a81-6ab0-475e-9c0e-304f8b9fa26e ] Request (HypervisorAdminV253TestBase:tearDownClass): 204 DELETE http://10.180.1.21/networking/v2.0/security-groups/9073b532-88b6-44c0-aea5-6497ee75bd3f 0.162s
2025-12-09 01:16:49.614 67106 INFO tempest.lib.common.rest_client [req-9431006b-aaa8-40f0-bb90-8d09f7f4290b req-9431006b-aaa8-40f0-bb90-8d09f7f4290b ] Request (SecurityGroupsTestJSON:setUpClass): 201 POST http://10.180.1.21/identity/v3/users 0.057s
2025-12-09 01:16:49.670 67080 INFO tempest.lib.common.rest_client [req-112b8836-218e-43cc-ad78-ac1face32f4b req-112b8836-218e-43cc-ad78-ac1face32f4b ] Request (HypervisorAdminV253TestBase:tearDownClass): 204 DELETE http://10.180.1.21/identity/v3/projects/d1bafd34c4a144d0868f7237f990ff56 0.069s
2025-12-09 01:16:49.679 67076 INFO tempest.lib.common.rest_client [req-8af12d76-8260-46de-aeee-e00364e658d9 req-8af12d76-8260-46de-aeee-e00364e658d9 ] Request (HypervisorAdminNegativeTestJSON:test_get_hypervisor_uptime_with_non_admin_user): 200 GET http://10.180.1.21/compute/v2.1/os-hypervisors 7.689s
2025-12-09 01:16:49.702 67106 INFO tempest.lib.common.rest_client [req-ccde4c1f-6f0b-4b6b-84bb-264f4fc32cde req-ccde4c1f-6f0b-4b6b-84bb-264f4fc32cde ] Request (SecurityGroupsTestJSON:setUpClass): 200 GET http://10.180.1.21/identity/v3/roles 0.087s
2025-12-09 01:16:49.704 67080 INFO tempest.lib.common.rest_client [req-b43c37ac-cbde-4bd1-bdac-cc7964910e42 req-b43c37ac-cbde-4bd1-bdac-cc7964910e42 ] Request (InstanceUsageAuditLogNegativeTestJSON:setUpClass): 201 POST http://10.180.1.21/identity/v3/auth/tokens 0.032s
2025-12-09 01:16:49.743 67106 INFO tempest.lib.common.rest_client [req-c2565afc-2b55-48e5-91fc-a83bfafcbc52 req-c2565afc-2b55-48e5-91fc-a83bfafcbc52 ] Request (SecurityGroupsTestJSON:setUpClass): 204 PUT http://10.180.1.21/identity/v3/projects/a8a706fd1ed041968e58eeb0b927907d/users/787bb6c8dfef4537bbda646787815a90/roles/819cb7db9d6f4b7495e80f3add51f957 0.040s
2025-12-09 01:16:49.743 67106 INFO tempest.lib.common.dynamic_creds [-] Dynamic test user 787bb6c8dfef4537bbda646787815a90 is created with scope project and roles: ['member']
2025-12-09 01:16:49.744 67106 INFO tempest.lib.common.dynamic_creds [-] Acquired dynamic creds: credentials: Credentials: {'domain_id': 'default', 'domain_name': 'Default', 'username': 'tempest-SecurityGroupsTestJSON-1722441081-project-member', 'project_domain_id': 'default', 'project_domain_name': 'Default', 'project_id': 'a8a706fd1ed041968e58eeb0b927907d', 'project_name': 'tempest-SecurityGroupsTestJSON-1722441081', 'tenant_id': 'a8a706fd1ed041968e58eeb0b927907d', 'tenant_name': 'tempest-SecurityGroupsTestJSON-1722441081', 'user_domain_id': 'default', 'user_domain_name': 'Default', 'user_id': '787bb6c8dfef4537bbda646787815a90', 'system': None}, Network: None, Subnet: None, Router: None
2025-12-09 01:16:49.803 67080 INFO tempest.lib.common.rest_client [req-b44f5f1f-4cdb-4281-958a-97e60b0eadc2 req-b44f5f1f-4cdb-4281-958a-97e60b0eadc2 ] Request (InstanceUsageAuditLogNegativeTestJSON:setUpClass): 201 POST http://10.180.1.21/identity/v3/auth/tokens 0.093s
2025-12-09 01:16:49.832 67106 INFO tempest.lib.common.rest_client [req-7053474d-65cd-4899-943a-046efd6589d4 req-7053474d-65cd-4899-943a-046efd6589d4 ] Request (SecurityGroupsTestJSON:setUpClass): 201 POST http://10.180.1.21/identity/v3/auth/tokens 0.088s
2025-12-09 01:16:49.856 67080 INFO tempest.lib.common.rest_client [req-65625c34-f0d5-40a3-a1d0-71ec49404024 req-65625c34-f0d5-40a3-a1d0-71ec49404024 ] Request (InstanceUsageAuditLogNegativeTestJSON:setUpClass): 200 GET http://10.180.1.21/identity/v3/domains?name=Default 0.052s
2025-12-09 01:16:49.886 67080 INFO tempest.lib.common.rest_client [req-dd897953-793b-4829-890b-bc6c9c5a3742 req-dd897953-793b-4829-890b-bc6c9c5a3742 ] Request (InstanceUsageAuditLogNegativeTestJSON:setUpClass): 201 POST http://10.180.1.21/identity/v3/projects 0.029s
2025-12-09 01:16:49.953 67046 INFO tempest.lib.common.rest_client [req-e1f773ca-68e0-486e-b510-8d3aeda97d40 req-e1f773ca-68e0-486e-b510-8d3aeda97d40 ] Request (QuotasAdminTestV257:test_get_updated_quotas): 200 PUT http://10.180.1.21/compute/v2.1/os-quota-sets/5d530f3b01d54b6c9489ad1d53d460a4?user_id=290f289d3f7843b5bc95d892718d5d56 7.859s
2025-12-09 01:16:49.974 67080 INFO tempest.lib.common.rest_client [req-5d2154f6-cdf4-4860-9157-5960aafb655e req-5d2154f6-cdf4-4860-9157-5960aafb655e ] Request (InstanceUsageAuditLogNegativeTestJSON:setUpClass): 201 POST http://10.180.1.21/identity/v3/users 0.088s
2025-12-09 01:16:50.005 67080 INFO tempest.lib.common.rest_client [req-e3a807b8-7e28-4319-99db-5c7291c80923 req-e3a807b8-7e28-4319-99db-5c7291c80923 ] Request (InstanceUsageAuditLogNegativeTestJSON:setUpClass): 200 GET http://10.180.1.21/identity/v3/roles 0.030s
2025-12-09 01:16:50.016 67068 INFO tempest.lib.common.rest_client [req-3514e5dc-1965-450f-86fe-5e4c42788679 req-3514e5dc-1965-450f-86fe-5e4c42788679 ] Request (ServersAdminTestJSON:setUpClass): 202 POST http://10.180.1.21/compute/v2.1/servers 8.648s
2025-12-09 01:16:50.048 67080 INFO tempest.lib.common.rest_client [req-6fc04d6a-5222-44bc-804d-81d5b62e5783 req-6fc04d6a-5222-44bc-804d-81d5b62e5783 ] Request (InstanceUsageAuditLogNegativeTestJSON:setUpClass): 204 PUT http://10.180.1.21/identity/v3/projects/b67fe98ab58944a6b558fe5fef282157/users/8edf0f8e10f14219b3e8285bfa449f01/roles/819cb7db9d6f4b7495e80f3add51f957 0.042s
2025-12-09 01:16:50.049 67080 INFO tempest.lib.common.dynamic_creds [-] Dynamic test user 8edf0f8e10f14219b3e8285bfa449f01 is created with scope project and roles: ['member']
2025-12-09 01:16:50.050 67080 INFO tempest.lib.common.dynamic_creds [-] Acquired dynamic creds: credentials: Credentials: {'domain_id': 'default', 'domain_name': 'Default', 'username': 'tempest-InstanceUsageAuditLogNegativeTestJSON-1818845573-project-member', 'project_domain_id': 'default', 'project_domain_name': 'Default', 'project_id': 'b67fe98ab58944a6b558fe5fef282157', 'project_name': 'tempest-InstanceUsageAuditLogNegativeTestJSON-1818845573', 'tenant_id': 'b67fe98ab58944a6b558fe5fef282157', 'tenant_name': 'tempest-InstanceUsageAuditLogNegativeTestJSON-1818845573', 'user_domain_id': 'default', 'user_domain_name': 'Default', 'user_id': '8edf0f8e10f14219b3e8285bfa449f01', 'system': None}, Network: None, Subnet: None, Router: None
2025-12-09 01:16:50.050 67080 INFO tempest.lib.common.dynamic_creds [-] Created isolated network resources for: credentials: Credentials: {'domain_id': 'default', 'domain_name': 'Default', 'username': 'tempest-InstanceUsageAuditLogNegativeTestJSON-1818845573-project-member', 'project_domain_id': 'default', 'project_domain_name': 'Default', 'project_id': 'b67fe98ab58944a6b558fe5fef282157', 'project_name': 'tempest-InstanceUsageAuditLogNegativeTestJSON-1818845573', 'tenant_id': 'b67fe98ab58944a6b558fe5fef282157', 'tenant_name': 'tempest-InstanceUsageAuditLogNegativeTestJSON-1818845573', 'user_domain_id': 'default', 'user_domain_name': 'Default', 'user_id': '8edf0f8e10f14219b3e8285bfa449f01', 'system': None}, Network: None, Subnet: None, Router: None
2025-12-09 01:16:50.058 67062 INFO tempest.lib.common.rest_client [req-530cb943-1afe-4759-8be3-a9200463a50d req-530cb943-1afe-4759-8be3-a9200463a50d ] Request (FlavorsV261TestJSON:test_crud_flavor): 200 GET http://10.180.1.21/compute/v2.1/flavors/detail 7.591s
2025-12-09 01:16:50.199 67080 INFO tempest.lib.common.rest_client [req-9dd9abfa-2b84-4e01-bc37-472c63b03c81 req-9dd9abfa-2b84-4e01-bc37-472c63b03c81 ] Request (InstanceUsageAuditLogNegativeTestJSON:setUpClass): 201 POST http://10.180.1.21/identity/v3/auth/tokens 0.146s
2025-12-09 01:16:50.286 67080 INFO tempest.lib.common.rest_client [req-8625761c-0d19-456a-a6e9-26662428b1ca req-8625761c-0d19-456a-a6e9-26662428b1ca ] Request (InstanceUsageAuditLogNegativeTestJSON:setUpClass): 201 POST http://10.180.1.21/identity/v3/projects 0.086s
2025-12-09 01:16:50.355 67106 INFO tempest.lib.common.rest_client [req-1afddcd1-215d-48c6-9808-efc77462dc96 req-1afddcd1-215d-48c6-9808-efc77462dc96 ] Request (SecurityGroupsTestJSON:setUpClass): 201 POST http://10.180.1.21/networking/v2.0/networks 0.522s
2025-12-09 01:16:50.389 67080 INFO tempest.lib.common.rest_client [req-02f52c24-7503-49a2-9784-5b187272c5ae req-02f52c24-7503-49a2-9784-5b187272c5ae ] Request (InstanceUsageAuditLogNegativeTestJSON:setUpClass): 201 POST http://10.180.1.21/identity/v3/users 0.103s
2025-12-09 01:16:50.414 67080 INFO tempest.lib.common.rest_client [req-8c2374f5-708d-42e2-a7d4-9a036399200e req-8c2374f5-708d-42e2-a7d4-9a036399200e ] Request (InstanceUsageAuditLogNegativeTestJSON:setUpClass): 200 GET http://10.180.1.21/identity/v3/roles 0.024s
