2025-12-09 01:19:02.700 67074 INFO tempest.lib.common.rest_client [req-d694d6a7-9472-4f12-83e6-4282d1d37eaa req-d694d6a7-9472-4f12-83e6-4282d1d37eaa ] Request (ServersAdmin275Test:tearDownClass): 201 POST http://10.180.1.21/identity/v3/auth/tokens 0.064s
2025-12-09 01:19:02.947 67088 INFO tempest.lib.common.rest_client [req-d8a30def-2b14-4ef6-b205-f025763ff7fa req-d8a30def-2b14-4ef6-b205-f025763ff7fa ] Request (ServerRescueNegativeTestJSON:setUpClass): 201 POST http://10.180.1.21/networking/v2.0/routers 0.774s
2025-12-09 01:19:03.039 67080 INFO tempest.lib.common.rest_client [req-3894ead5-9721-44fb-8712-bf38d50303ba req-3894ead5-9721-44fb-8712-bf38d50303ba ] Request (ListImageFiltersTestJSON:setUpClass): 200 GET http://10.180.1.21/compute/v2.1/servers/921e2292-7a5f-49c7-a2bb-310574c10884 4.340s
2025-12-09 01:19:03.048 67080 INFO tempest.common.waiters [-] State transition "BUILD/scheduling" ==> "BUILD/None" after 6 second wait
2025-12-09 01:19:03.156 67090 INFO tempest.lib.common.rest_client [req-93506956-352d-4e1e-a8cd-8db96a8f92af req-93506956-352d-4e1e-a8cd-8db96a8f92af ] Request (ServerMetadataTestJSON:setUpClass): 201 POST http://10.180.1.21/networking/v2.0/routers 0.763s
2025-12-09 01:19:03.254 67074 INFO tempest.lib.common.rest_client [req-f27d31a3-77c1-449b-91c1-a64dbfe4525b req-f27d31a3-77c1-449b-91c1-a64dbfe4525b ] Request (ServersAdmin275Test:tearDownClass): 200 GET http://10.180.1.21/networking/v2.0/security-groups?tenant_id=13e6c39477664921a5affc362f760d38&name=default 0.554s
2025-12-09 01:19:03.292 67082 INFO tempest.lib.common.rest_client [req-6a107bd5-21a5-4592-aba2-aa59a42e92fb req-6a107bd5-21a5-4592-aba2-aa59a42e92fb ] Request (VolumesAssistedSnapshotsTest:tearDownClass): 200 GET http://10.180.1.21/compute/v2.1/servers/d0d682ac-1636-40bf-a217-1ad7e686f8e5 4.512s
2025-12-09 01:19:04.184 67088 INFO tempest.lib.common.rest_client [req-355deca5-fd16-4c72-820e-2011ca69189d req-355deca5-fd16-4c72-820e-2011ca69189d ] Request (ServerRescueNegativeTestJSON:setUpClass): 200 PUT http://10.180.1.21/networking/v2.0/routers/5d953f6b-7ec0-4c32-9a4e-7d0ebb843e5a/add_router_interface 1.236s
2025-12-09 01:19:04.184 67088 INFO tempest.lib.common.dynamic_creds [-] Created isolated network resources for: credentials: Credentials: {'domain_id': 'default', 'domain_name': 'Default', 'username': 'tempest-ServerRescueNegativeTestJSON-436220716-project-member', 'project_domain_id': 'default', 'project_domain_name': 'Default', 'project_id': 'c346b19ee83345c4835f578c39ccd228', 'project_name': 'tempest-ServerRescueNegativeTestJSON-436220716', 'tenant_id': 'c346b19ee83345c4835f578c39ccd228', 'tenant_name': 'tempest-ServerRescueNegativeTestJSON-436220716', 'user_domain_id': 'default', 'user_domain_name': 'Default', 'user_id': '6717f9474f8148b684692a605e0f1662', 'system': None}, Network: {'id': '1282a802-9e41-4dca-9c6f-7dabc8dddad8', 'name': 'tempest-ServerRescueNegativeTestJSON-2136480160-network', 'tenant_id': 'c346b19ee83345c4835f578c39ccd228', 'project_id': 'c346b19ee83345c4835f578c39ccd228', 'admin_state_up': True, 'mtu': 8950, 'status': 'ACTIVE', 'subnets': [], 'shared': False, 'port_security_enabled': True, 'router:external': False, 'provider:network_type': 'vlan', 'provider:physical_network': 'default', 'provider:segmentation_id': 400, 'availability_zone_hints': [], 'availability_zones': [], 'ipv4_address_scope': None, 'ipv6_address_scope': None, 'description': '', 'tags': [], 'created_at': '2025-12-09T01:19:01Z', 'updated_at': '2025-12-09T01:19:01Z', 'revision_number': 1}, Subnet: {'id': 'e3557bab-d12f-4a7b-b456-d4891724feed', 'name': 'tempest-ServerRescueNegativeTestJSON-2136480160-subnet', 'tenant_id': 'c346b19ee83345c4835f578c39ccd228', 'network_id': '1282a802-9e41-4dca-9c6f-7dabc8dddad8', 'ip_version': 4, 'subnetpool_id': None, 'enable_dhcp': True, 'ipv6_ra_mode': None, 'ipv6_address_mode': None, 'gateway_ip': '192.168.128.1', 'cidr': '192.168.128.0/28', 'allocation_pools': [{'start': '192.168.128.2', 'end': '192.168.128.14'}], 'host_routes': [], 'dns_nameservers': [], 'description': '', 'router:external': False, 'service_types': [], 'tags': [], 'created_at': '2025-12-09T01:19:02Z', 'updated_at': '2025-12-09T01:19:02Z', 'revision_number': 0, 'project_id': 'c346b19ee83345c4835f578c39ccd228'}, Router: {'id': '5d953f6b-7ec0-4c32-9a4e-7d0ebb843e5a', 'name': 'tempest-ServerRescueNegativeTestJSON-2136480160-router', 'tenant_id': 'c346b19ee83345c4835f578c39ccd228', 'admin_state_up': True, 'status': 'ACTIVE', 'external_gateway_info': {'network_id': '2cc498ca-315d-4595-9de5-ec3dde249d17', 'external_fixed_ips': [{'subnet_id': '4c983a1f-eb6e-4b36-8e7f-e34e5a10866e', 'ip_address': '10.180.180.140'}], 'enable_snat': True}, 'description': '', 'availability_zones': [], 'distributed': False, 'ha': False, 'availability_zone_hints': [], 'routes': [], 'flavor_id': None, 'tags': [], 'created_at': '2025-12-09T01:19:02Z', 'updated_at': '2025-12-09T01:19:02Z', 'revision_number': 2, 'project_id': 'c346b19ee83345c4835f578c39ccd228'}
2025-12-09 01:19:04.259 67060 INFO tempest.lib.common.rest_client [req-abfadd00-b437-4585-b255-3a1380ba5ccc req-abfadd00-b437-4585-b255-3a1380ba5ccc ] Request (AttachInterfacesV270Test:test_create_get_list_interfaces): 400 POST http://10.180.1.21/compute/v2.1/servers/37f12da4-366f-4b39-a097-32ab40e36bb8/os-interface 6.568s
2025-12-09 01:19:04.275 67090 INFO tempest.lib.common.rest_client [req-5775dd9f-4c52-401c-8e43-7f0258f16087 req-5775dd9f-4c52-401c-8e43-7f0258f16087 ] Request (ServerMetadataTestJSON:setUpClass): 200 PUT http://10.180.1.21/networking/v2.0/routers/6bdfc4a8-5b60-4402-8aac-50949a4cf18a/add_router_interface 1.119s
2025-12-09 01:19:04.276 67090 INFO tempest.lib.common.dynamic_creds [-] Created isolated network resources for: credentials: Credentials: {'domain_id': 'default', 'domain_name': 'Default', 'username': 'tempest-ServerMetadataTestJSON-1884148904-project-member', 'project_domain_id': 'default', 'project_domain_name': 'Default', 'project_id': 'ae8ec72a92064301b06367a9ee5ba189', 'project_name': 'tempest-ServerMetadataTestJSON-1884148904', 'tenant_id': 'ae8ec72a92064301b06367a9ee5ba189', 'tenant_name': 'tempest-ServerMetadataTestJSON-1884148904', 'user_domain_id': 'default', 'user_domain_name': 'Default', 'user_id': '0ec1947d2b1f4e23a173cc26cc9936c2', 'system': None}, Network: {'id': '5102b21a-ea52-4ac3-abc6-bd91c315bd99', 'name': 'tempest-ServerMetadataTestJSON-1748929841-network', 'tenant_id': 'ae8ec72a92064301b06367a9ee5ba189', 'project_id': 'ae8ec72a92064301b06367a9ee5ba189', 'admin_state_up': True, 'mtu': 8950, 'status': 'ACTIVE', 'subnets': [], 'shared': False, 'port_security_enabled': True, 'router:external': False, 'provider:network_type': 'vlan', 'provider:physical_network': 'default', 'provider:segmentation_id': 804, 'availability_zone_hints': [], 'availability_zones': [], 'ipv4_address_scope': None, 'ipv6_address_scope': None, 'description': '', 'tags': [], 'created_at': '2025-12-09T01:19:02Z', 'updated_at': '2025-12-09T01:19:02Z', 'revision_number': 1}, Subnet: {'id': '88db3abe-6541-48d3-88d6-06c900d2f3cf', 'name': 'tempest-ServerMetadataTestJSON-1748929841-subnet', 'tenant_id': 'ae8ec72a92064301b06367a9ee5ba189', 'network_id': '5102b21a-ea52-4ac3-abc6-bd91c315bd99', 'ip_version': 4, 'subnetpool_id': None, 'enable_dhcp': True, 'ipv6_ra_mode': None, 'ipv6_address_mode': None, 'gateway_ip': '192.168.128.1', 'cidr': '192.168.128.0/28', 'allocation_pools': [{'start': '192.168.128.2', 'end': '192.168.128.14'}], 'host_routes': [], 'dns_nameservers': [], 'description': '', 'router:external': False, 'service_types': [], 'tags': [], 'created_at': '2025-12-09T01:19:02Z', 'updated_at': '2025-12-09T01:19:02Z', 'revision_number': 0, 'project_id': 'ae8ec72a92064301b06367a9ee5ba189'}, Router: {'id': '6bdfc4a8-5b60-4402-8aac-50949a4cf18a', 'name': 'tempest-ServerMetadataTestJSON-1748929841-router', 'tenant_id': 'ae8ec72a92064301b06367a9ee5ba189', 'admin_state_up': True, 'status': 'ACTIVE', 'external_gateway_info': {'network_id': '2cc498ca-315d-4595-9de5-ec3dde249d17', 'external_fixed_ips': [{'subnet_id': '4c983a1f-eb6e-4b36-8e7f-e34e5a10866e', 'ip_address': '10.180.180.147'}], 'enable_snat': True}, 'description': '', 'availability_zones': [], 'distributed': False, 'ha': False, 'availability_zone_hints': [], 'routes': [], 'flavor_id': None, 'tags': [], 'created_at': '2025-12-09T01:19:02Z', 'updated_at': '2025-12-09T01:19:02Z', 'revision_number': 2, 'project_id': 'ae8ec72a92064301b06367a9ee5ba189'}
2025-12-09 01:19:04.293 67074 INFO tempest.lib.common.rest_client [req-c7b00232-4afe-479d-96af-bce292210dbd req-c7b00232-4afe-479d-96af-bce292210dbd ] Request (ServersAdmin275Test:tearDownClass): 204 DELETE http://10.180.1.21/networking/v2.0/security-groups/60469cc5-5ff3-4d30-b4cc-bc23890ca802 1.039s
2025-12-09 01:19:04.320 67088 INFO tempest.lib.common.rest_client [req-3fcc4e97-047e-405c-8c0a-eda2474fa4c8 req-3fcc4e97-047e-405c-8c0a-eda2474fa4c8 ] Request (ServerRescueNegativeTestJSON:setUpClass): 201 POST http://10.180.1.21/identity/v3/auth/tokens 0.131s
2025-12-09 01:19:04.322 67054 INFO tempest.lib.common.rest_client [req-5f8d3b11-2698-425e-b112-a861bfb16c90 req-5f8d3b11-2698-425e-b112-a861bfb16c90 ] Request (ImagesOneServerTestJSON:tearDownClass): 200 GET http://10.180.1.21/compute/v2.1/servers/3b100fdd-18e5-4b01-94b7-d369d1d8164e 5.297s
2025-12-09 01:19:04.346 67076 INFO tempest.lib.common.rest_client [req-18856168-dacd-42bc-8ce6-9af1b0350d86 req-18856168-dacd-42bc-8ce6-9af1b0350d86 ] Request (ServerGroupTestJSON:test_create_delete_multiple_server_groups_with_same_name_policy): 200 GET http://10.180.1.21/compute/v2.1/os-server-groups 5.054s
2025-12-09 01:19:04.386 67090 INFO tempest.lib.common.rest_client [req-6db94a34-4235-4e1d-b8b0-a8b0eeca977b req-6db94a34-4235-4e1d-b8b0-a8b0eeca977b ] Request (ServerMetadataTestJSON:setUpClass): 201 POST http://10.180.1.21/identity/v3/auth/tokens 0.104s
2025-12-09 01:19:04.407 67074 INFO tempest.lib.common.rest_client [req-f5ec1de8-3c66-4e91-aacb-82cc7ddbe26d req-f5ec1de8-3c66-4e91-aacb-82cc7ddbe26d ] Request (ServersAdmin275Test:tearDownClass): 204 DELETE http://10.180.1.21/identity/v3/projects/13e6c39477664921a5affc362f760d38 0.113s
2025-12-09 01:19:04.407 67074 INFO tempest.lib.common.dynamic_creds [-] Deleting project and security group for project: f64f25955548412b9aac2ff903f0405e
2025-12-09 01:19:04.457 67088 INFO tempest.lib.common.rest_client [req-3f530690-ee49-466e-9f3d-04ecbbc8533b req-3f530690-ee49-466e-9f3d-04ecbbc8533b ] Request (ServerRescueNegativeTestJSON:setUpClass): 201 POST http://10.180.1.21/identity/v3/auth/tokens 0.134s
2025-12-09 01:19:04.457 67088 INFO tempest.lib.common.fixed_network [-] (ServerRescueNegativeTestJSON:setUpClass) Found network {'id': '1282a802-9e41-4dca-9c6f-7dabc8dddad8', 'name': 'tempest-ServerRescueNegativeTestJSON-2136480160-network', 'tenant_id': 'c346b19ee83345c4835f578c39ccd228', 'project_id': 'c346b19ee83345c4835f578c39ccd228', 'admin_state_up': True, 'mtu': 8950, 'status': 'ACTIVE', 'subnets': [], 'shared': False, 'port_security_enabled': True, 'router:external': False, 'provider:network_type': 'vlan', 'provider:physical_network': 'default', 'provider:segmentation_id': 400, 'availability_zone_hints': [], 'availability_zones': [], 'ipv4_address_scope': None, 'ipv6_address_scope': None, 'description': '', 'tags': [], 'created_at': '2025-12-09T01:19:01Z', 'updated_at': '2025-12-09T01:19:01Z', 'revision_number': 1} available for tenant
2025-12-09 01:19:04.462 67090 INFO tempest.lib.common.rest_client [req-bfb21280-4a9a-43e6-a2d5-d93a5dd00d1a req-bfb21280-4a9a-43e6-a2d5-d93a5dd00d1a ] Request (ServerMetadataTestJSON:setUpClass): 201 POST http://10.180.1.21/identity/v3/auth/tokens 0.070s
2025-12-09 01:19:04.462 67090 INFO tempest.lib.common.fixed_network [-] (ServerMetadataTestJSON:setUpClass) Found network {'id': '5102b21a-ea52-4ac3-abc6-bd91c315bd99', 'name': 'tempest-ServerMetadataTestJSON-1748929841-network', 'tenant_id': 'ae8ec72a92064301b06367a9ee5ba189', 'project_id': 'ae8ec72a92064301b06367a9ee5ba189', 'admin_state_up': True, 'mtu': 8950, 'status': 'ACTIVE', 'subnets': [], 'shared': False, 'port_security_enabled': True, 'router:external': False, 'provider:network_type': 'vlan', 'provider:physical_network': 'default', 'provider:segmentation_id': 804, 'availability_zone_hints': [], 'availability_zones': [], 'ipv4_address_scope': None, 'ipv6_address_scope': None, 'description': '', 'tags': [], 'created_at': '2025-12-09T01:19:02Z', 'updated_at': '2025-12-09T01:19:02Z', 'revision_number': 1} available for tenant
2025-12-09 01:19:04.593 67074 INFO tempest.lib.common.rest_client [req-6c5d8482-3d61-49d6-a655-2b48c1b2bd07 req-6c5d8482-3d61-49d6-a655-2b48c1b2bd07 ] Request (ServersAdmin275Test:tearDownClass): 200 GET http://10.180.1.21/networking/v2.0/security-groups?tenant_id=f64f25955548412b9aac2ff903f0405e&name=default 0.186s
2025-12-09 01:19:04.622 67068 INFO tempest.lib.common.rest_client [req-01d9b703-05c2-4183-9468-795fbe52b958 req-01d9b703-05c2-4183-9468-795fbe52b958 ] Request (ServersAdminTestJSON:test_rebuild_server_in_error_state): 200 GET http://10.180.1.21/compute/v2.1/servers/6904a9ab-7e9e-47d0-bb81-cc3712a50e42 5.354s
2025-12-09 01:19:04.646 67092 INFO tempest.lib.common.rest_client [req-8213dba9-e261-4e25-a7db-88119f2ca569 req-8213dba9-e261-4e25-a7db-88119f2ca569 ] Request (AttachInterfacesUnderV243Test:test_add_remove_fixed_ip): 200 GET http://10.180.1.21/compute/v2.1/servers/51c307d4-3f29-4949-976f-440e3b937cb2 4.287s
2025-12-09 01:19:04.657 67092 INFO tempest.lib.common.ssh [-] Creating ssh connection to '10.180.180.203:22' as 'cirros' with public key authentication
2025-12-09 01:19:04.702 67074 INFO tempest.lib.common.rest_client [req-3eed80f1-9fa0-41ea-b437-589b03a63ace req-3eed80f1-9fa0-41ea-b437-589b03a63ace ] Request (ServersAdmin275Test:tearDownClass): 204 DELETE http://10.180.1.21/networking/v2.0/security-groups/3a1ecc8a-e393-4a8d-a7e0-bcf093a94733 0.108s
2025-12-09 01:19:04.712 67079 WARNING tempest.lib.common.ssh [-] Failed to establish authenticated ssh connection to cirros@10.180.180.211 ([Errno None] Unable to connect to port 22 on 10.180.180.211). Number attempts: 3. Retry after 4 seconds.: paramiko.ssh_exception.NoValidConnectionsError: [Errno None] Unable to connect to port 22 on 10.180.180.211
2025-12-09 01:19:04.782 67066 INFO tempest.lib.common.rest_client [req-08e0c8d6-25fd-4fa0-9059-491a7873c4b0 req-08e0c8d6-25fd-4fa0-9059-491a7873c4b0 ] Request (ImagesTestJSON:test_create_image_from_stopped_server): 200 GET http://10.180.1.21/compute/v2.1/servers/73667900-f197-4353-a2d3-39b8f1cf5ec4 4.100s
2025-12-09 01:19:04.838 67056 INFO tempest.lib.common.rest_client [req-3335281c-a59d-46e2-ba5b-0fe65d14e6ae req-3335281c-a59d-46e2-ba5b-0fe65d14e6ae ] Request (ImagesOneServerNegativeTestJSON:setUp): 200 GET http://10.180.1.21/compute/v2.1/servers/896e2f63-0e3e-497a-a4d1-83919195667f 4.203s
2025-12-09 01:19:04.839 67074 INFO tempest.lib.common.rest_client [req-9e00a2bf-2a1c-4a98-8898-a33dcb6a3cfb req-9e00a2bf-2a1c-4a98-8898-a33dcb6a3cfb ] Request (ServersAdmin275Test:tearDownClass): 204 DELETE http://10.180.1.21/identity/v3/projects/f64f25955548412b9aac2ff903f0405e 0.137s
2025-12-09 01:19:04.840 67074 INFO tempest.test [-] raised in ServersOnMultiNodesTest.setUpClass. Invoking tearDownClass.
2025-12-09 01:19:04.939 67074 INFO tempest.lib.common.rest_client [req-37a315b3-90ef-4478-860a-f41a4e33ecef req-37a315b3-90ef-4478-860a-f41a4e33ecef ] Request (QuotasTestJSON:setUpClass): 201 POST http://10.180.1.21/identity/v3/auth/tokens 0.092s
2025-12-09 01:19:04.971 67062 INFO tempest.lib.common.rest_client [req-747e2599-56f7-423c-98d9-43fc24f7e01c req-747e2599-56f7-423c-98d9-43fc24f7e01c ] Request (ServerActionsTestJSON:test_lock_unlock_server): 202 POST http://10.180.1.21/compute/v2.1/servers/5d4e9ff7-a672-464b-bbdd-2ecff5c5c4f9/action 3.471s
2025-12-09 01:19:04.976 67074 INFO tempest.lib.common.rest_client [req-9f9836bc-38cd-4653-b7b4-510570204c48 req-9f9836bc-38cd-4653-b7b4-510570204c48 ] Request (QuotasTestJSON:setUpClass): 201 POST http://10.180.1.21/identity/v3/auth/tokens 0.034s
2025-12-09 01:19:05.015 67074 INFO tempest.lib.common.rest_client [req-cbfa74b7-e7ae-4b12-9f24-4c157ef3d01e req-cbfa74b7-e7ae-4b12-9f24-4c157ef3d01e ] Request (QuotasTestJSON:setUpClass): 200 GET http://10.180.1.21/identity/v3/domains?name=Default 0.039s
2025-12-09 01:19:05.055 67074 INFO tempest.lib.common.rest_client [req-f8454e74-30b0-4a88-aa45-615b40148810 req-f8454e74-30b0-4a88-aa45-615b40148810 ] Request (QuotasTestJSON:setUpClass): 201 POST http://10.180.1.21/identity/v3/projects 0.038s
2025-12-09 01:19:05.120 67072 INFO tempest.lib.common.rest_client [req-5bf816af-5132-4737-96fa-6c71bbb62c80 req-5bf816af-5132-4737-96fa-6c71bbb62c80 ] Request (SecurityGroupRulesTestJSON:test_security_group_rules_delete_when_peer_group_deleted): 200 POST http://10.180.1.21/compute/v2.1/os-security-group-rules 4.256s
2025-12-09 01:19:05.154 67074 INFO tempest.lib.common.rest_client [req-73b80977-8146-428f-9dfe-c09c4a36a26e req-73b80977-8146-428f-9dfe-c09c4a36a26e ] Request (QuotasTestJSON:setUpClass): 201 POST http://10.180.1.21/identity/v3/users 0.099s
2025-12-09 01:19:05.188 67074 INFO tempest.lib.common.rest_client [req-631b6b74-2339-4add-b027-256c1d857d9d req-631b6b74-2339-4add-b027-256c1d857d9d ] Request (QuotasTestJSON:setUpClass): 200 GET http://10.180.1.21/identity/v3/roles 0.032s
2025-12-09 01:19:05.203 67046 INFO tempest.lib.common.rest_client [req-08860a03-8921-4cd7-87e1-650239d05a92 req-08860a03-8921-4cd7-87e1-650239d05a92 ] Request (ServersTestJSON:setUpClass): 200 GET http://10.180.1.21/compute/v2.1/servers/13b45ed6-af85-488c-967c-8ce201dd1a22/os-interface 3.544s
2025-12-09 01:19:05.244 67074 INFO tempest.lib.common.rest_client [req-1ba64a89-753b-48fb-a997-f3cccfeabf4e req-1ba64a89-753b-48fb-a997-f3cccfeabf4e ] Request (QuotasTestJSON:setUpClass): 204 PUT http://10.180.1.21/identity/v3/projects/410bf6cf08844337b421d5f64416a96e/users/783e88ffd6004f5d8bc569306f4582a1/roles/819cb7db9d6f4b7495e80f3add51f957 0.055s
2025-12-09 01:19:05.244 67074 INFO tempest.lib.common.dynamic_creds [-] Dynamic test user 783e88ffd6004f5d8bc569306f4582a1 is created with scope project and roles: ['member']
2025-12-09 01:19:05.245 67074 INFO tempest.lib.common.dynamic_creds [-] Acquired dynamic creds: credentials: Credentials: {'domain_id': 'default', 'domain_name': 'Default', 'username': 'tempest-QuotasTestJSON-2132290708-project-member', 'project_domain_id': 'default', 'project_domain_name': 'Default', 'project_id': '410bf6cf08844337b421d5f64416a96e', 'project_name': 'tempest-QuotasTestJSON-2132290708', 'tenant_id': '410bf6cf08844337b421d5f64416a96e', 'tenant_name': 'tempest-QuotasTestJSON-2132290708', 'user_domain_id': 'default', 'user_domain_name': 'Default', 'user_id': '783e88ffd6004f5d8bc569306f4582a1', 'system': None}, Network: None, Subnet: None, Router: None
2025-12-09 01:19:05.245 67074 INFO tempest.lib.common.dynamic_creds [-] Created isolated network resources for: credentials: Credentials: {'domain_id': 'default', 'domain_name': 'Default', 'username': 'tempest-QuotasTestJSON-2132290708-project-member', 'project_domain_id': 'default', 'project_domain_name': 'Default', 'project_id': '410bf6cf08844337b421d5f64416a96e', 'project_name': 'tempest-QuotasTestJSON-2132290708', 'tenant_id': '410bf6cf08844337b421d5f64416a96e', 'tenant_name': 'tempest-QuotasTestJSON-2132290708', 'user_domain_id': 'default', 'user_domain_name': 'Default', 'user_id': '783e88ffd6004f5d8bc569306f4582a1', 'system': None}, Network: None, Subnet: None, Router: None
2025-12-09 01:19:05.347 67074 INFO tempest.lib.common.rest_client [req-3e8101b2-1f25-434e-937d-74c99b049892 req-3e8101b2-1f25-434e-937d-74c99b049892 ] Request (QuotasTestJSON:setUpClass): 201 POST http://10.180.1.21/identity/v3/auth/tokens 0.096s
2025-12-09 01:19:05.348 67074 WARNING tempest.lib.common.rest_client [-] Deprecated: "tenant_id" property is deprecated for removal, use "project_id" instead
2025-12-09 01:19:05.857 67046 INFO tempest.lib.common.rest_client [req-644d6945-0c2d-4262-860a-d4b2ed0491c5 req-644d6945-0c2d-4262-860a-d4b2ed0491c5 ] Request (ServersTestJSON:setUpClass): 200 PUT http://10.180.1.21/networking/v2.0/floatingips/8579bcad-e31c-43a0-bda0-d985a413d5ad 0.652s
2025-12-09 01:19:05.921 67108 INFO tempest.lib.common.rest_client [req-a2c9c8fb-c573-4eb7-9d4e-579fc5b1e2f1 req-a2c9c8fb-c573-4eb7-9d4e-579fc5b1e2f1 ] Request (ListServersNegativeTestJSON:setUpClass): 200 GET http://10.180.1.21/compute/v2.1/servers/973aa0bf-abf0-4e80-8c96-c53de86574f3 3.713s
2025-12-09 01:19:05.989 67106 INFO tempest.lib.common.rest_client [req-2016ff2b-6bf5-4691-9b03-365d32c1a0b6 req-2016ff2b-6bf5-4691-9b03-365d32c1a0b6 ] Request (SecurityGroupsTestJSON:test_server_security_groups): 200 GET http://10.180.1.21/compute/v2.1/servers/3445c167-c44b-4fd0-955b-e54d6278a1f4 3.883s
2025-12-09 01:19:06.033 67058 INFO tempest.lib.common.rest_client [req-97b0a421-cd6f-4fd7-b548-306305d71bac req-97b0a421-cd6f-4fd7-b548-306305d71bac ] Request (ServersAdminNegativeTestJSON:tearDownClass): 404 GET http://10.180.1.21/compute/v2.1/servers/68bbaaf1-67f9-403b-b866-ec5a59c4c59e 3.574s
2025-12-09 01:19:06.076 67048 INFO tempest.lib.common.rest_client [req-ccf61291-c566-4160-a5d9-c4ff589352d9 req-ccf61291-c566-4160-a5d9-c4ff589352d9 ] Request (ServerShowV257Test:test_rebuild_server): 200 GET http://10.180.1.21/compute/v2.1/servers/c4e8f1ce-9f50-434d-b23d-2a230a5f2261 3.746s
2025-12-09 01:19:06.190 67071 INFO tempest.lib.common.rest_client [req-96238648-498d-4369-a9df-b50b23b2e185 req-96238648-498d-4369-a9df-b50b23b2e185 ] Request (ServerShowV254Test:test_rebuild_server): 200 GET http://10.180.1.21/compute/v2.1/servers/1cc14be9-70ae-4467-8535-7072d14f7ed1 3.449s
2025-12-09 01:19:06.202 67071 INFO tempest.common.waiters [-] State transition "BUILD/spawning" ==> "ACTIVE/None" after 42 second wait
2025-12-09 01:19:06.432 67064 INFO tempest.lib.common.rest_client [req-51de1b70-2bf1-43c8-a1a4-103ea47c40c5 req-51de1b70-2bf1-43c8-a1a4-103ea47c40c5 ] Request (ImagesNegativeTestJSON:test_create_image_from_deleted_server): 200 GET http://10.180.1.21/compute/v2.1/servers/5854850a-04a1-4652-8d37-f0ff343b9376 3.645s
2025-12-09 01:19:06.439 67064 INFO tempest.common.waiters [-] State transition "BUILD/None" ==> "BUILD/spawning" after 32 second wait
2025-12-09 01:19:06.459 67104 INFO tempest.lib.common.rest_client [req-28e4c300-d341-47f1-bc25-3f9cea704519 req-28e4c300-d341-47f1-bc25-3f9cea704519 ] Request (MigrationsAdminTest:test_resize_server_revert_deleted_flavor): 200 GET http://10.180.1.21/compute/v2.1/servers/ec0bf743-1bd4-4af7-b596-3691b2f1eb8d 3.448s
2025-12-09 01:19:06.508 67094 INFO tempest.lib.common.rest_client [req-1ed92069-4673-458f-b20d-205e203cc10c req-1ed92069-4673-458f-b20d-205e203cc10c ] Request (AttachVolumeShelveTestJSON:test_attach_volume_shelved_or_offload_server): 200 GET http://10.180.1.21/compute/v2.1/servers/1b34b298-6e7d-437e-863e-aed4a08543ea 3.329s
2025-12-09 01:19:06.524 67052 INFO tempest.lib.common.rest_client [req-3d87c98c-f016-413c-9d03-820c62071849 req-3d87c98c-f016-413c-9d03-820c62071849 ] Request (ServerRescueTestJSON:setUpClass): 200 GET http://10.180.1.21/compute/v2.1/servers/e0f82a16-b475-48db-9865-454a97f158f4 3.104s
2025-12-09 01:19:06.561 67080 INFO tempest.lib.common.rest_client [req-939d4313-2efa-4584-b7fd-95724f3cc26c req-939d4313-2efa-4584-b7fd-95724f3cc26c ] Request (ListImageFiltersTestJSON:setUpClass): 200 GET http://10.180.1.21/compute/v2.1/servers/921e2292-7a5f-49c7-a2bb-310574c10884 2.510s
2025-12-09 01:19:06.618 67060 INFO tempest.lib.common.rest_client [req-961a9760-c836-4cc3-acb6-fa46f5e1d789 req-961a9760-c836-4cc3-acb6-fa46f5e1d789 ] Request (AttachInterfacesV270Test:tearDownClass): 204 DELETE http://10.180.1.21/compute/v2.1/servers/37f12da4-366f-4b39-a097-32ab40e36bb8 2.355s
2025-12-09 01:19:06.636 67082 INFO tempest.lib.common.rest_client [req-eaf30f7f-acc2-4426-9a40-1b49336c0064 req-eaf30f7f-acc2-4426-9a40-1b49336c0064 ] Request (VolumesAssistedSnapshotsTest:tearDownClass): 200 GET http://10.180.1.21/compute/v2.1/servers/d0d682ac-1636-40bf-a217-1ad7e686f8e5 2.327s
2025-12-09 01:19:06.695 67076 INFO tempest.lib.common.rest_client [req-d784dad7-05de-4c89-9b6e-58e8748aba48 req-d784dad7-05de-4c89-9b6e-58e8748aba48 ] Request (ServerGroupTestJSON:test_create_delete_server_group_with_affinity_policy): 200 POST http://10.180.1.21/compute/v2.1/os-server-groups 2.343s
2025-12-09 01:19:07.156 67088 INFO tempest.lib.common.rest_client [req-93439293-e47d-4a0e-80f7-56b160acc1ad req-93439293-e47d-4a0e-80f7-56b160acc1ad ] Request (ServerRescueNegativeTestJSON:setUpClass): 202 POST http://10.180.1.21/compute/v2.1/servers 2.698s
2025-12-09 01:19:07.165 67056 INFO tempest.lib.common.rest_client [req-df057f01-dbf3-47b3-9bae-3e26bb1bb37a req-df057f01-dbf3-47b3-9bae-3e26bb1bb37a ] Request (ImagesOneServerNegativeTestJSON:test_create_image_specify_invalid_metadata): 400 POST http://10.180.1.21/compute/v2.1/servers/896e2f63-0e3e-497a-a4d1-83919195667f/action 2.318s
2025-12-09 01:19:07.186 67090 INFO tempest.lib.common.rest_client [req-e48210a4-a909-46cb-aaba-923216a0f9aa req-e48210a4-a909-46cb-aaba-923216a0f9aa ] Request (ServerMetadataTestJSON:setUpClass): 202 POST http://10.180.1.21/compute/v2.1/servers 2.723s
2025-12-09 01:19:07.271 67062 INFO tempest.lib.common.rest_client [req-faa7cbec-d7e6-4322-86ac-7df03ffade10 req-faa7cbec-d7e6-4322-86ac-7df03ffade10 ] Request (ServerActionsTestJSON:test_lock_unlock_server): 202 POST http://10.180.1.21/compute/v2.1/servers/5d4e9ff7-a672-464b-bbdd-2ecff5c5c4f9/action 2.299s
2025-12-09 01:19:07.353 67054 INFO tempest.lib.common.rest_client [req-d4eed943-1d89-4fef-b03a-94bea14db878 req-d4eed943-1d89-4fef-b03a-94bea14db878 ] Request (ImagesOneServerTestJSON:tearDownClass): 200 GET http://10.180.1.21/compute/v2.1/servers/3b100fdd-18e5-4b01-94b7-d369d1d8164e 2.018s
2025-12-09 01:19:07.397 67072 INFO tempest.lib.common.rest_client [req-4b731ba5-22a5-4acf-8a88-98c5ee9f5bda req-4b731ba5-22a5-4acf-8a88-98c5ee9f5bda ] Request (SecurityGroupRulesTestJSON:test_security_group_rules_delete_when_peer_group_deleted): 202 DELETE http://10.180.1.21/compute/v2.1/os-security-groups/c493799e-15b0-407a-8486-9f458bd8cc6d 2.272s
2025-12-09 01:19:07.412 67074 INFO tempest.lib.common.rest_client [req-55b442fa-c5a5-4203-931b-a6e249b559cf req-55b442fa-c5a5-4203-931b-a6e249b559cf ] Request (QuotasTestJSON:test_compare_tenant_quotas_with_default_quotas): 200 GET http://10.180.1.21/compute/v2.1/os-quota-sets/410bf6cf08844337b421d5f64416a96e/defaults 2.062s
2025-12-09 01:19:07.463 67066 INFO tempest.lib.common.rest_client [req-b7b80c6c-7972-4d1d-8bfc-3d65a4a25015 req-b7b80c6c-7972-4d1d-8bfc-3d65a4a25015 ] Request (ImagesTestJSON:test_create_image_from_stopped_server): 200 GET http://10.180.1.21/compute/v2.1/servers/73667900-f197-4353-a2d3-39b8f1cf5ec4 1.672s
2025-12-09 01:19:07.504 67068 INFO tempest.lib.common.rest_client [req-0f009c8b-11da-4de2-a44b-22f220a84c08 req-0f009c8b-11da-4de2-a44b-22f220a84c08 ] Request (ServersAdminTestJSON:test_rebuild_server_in_error_state): 200 GET http://10.180.1.21/compute/v2.1/servers/6904a9ab-7e9e-47d0-bb81-cc3712a50e42 1.870s
2025-12-09 01:19:07.566 67046 INFO tempest.lib.common.rest_client [req-826248fe-d252-4c5e-8b7c-85f8c3c4d1d0 req-826248fe-d252-4c5e-8b7c-85f8c3c4d1d0 ] Request (ServersTestJSON:setUpClass): 200 GET http://10.180.1.21/compute/v2.1/servers/13b45ed6-af85-488c-967c-8ce201dd1a22 1.709s
2025-12-09 01:19:07.575 67046 INFO tempest.lib.common.ssh [-] Creating ssh connection to '10.180.180.192:22' as 'cirros' with public key authentication
2025-12-09 01:19:07.583 67058 INFO tempest.lib.common.rest_client [req-2b24fb60-471b-4d89-b280-b1874a79650c req-2b24fb60-471b-4d89-b280-b1874a79650c ] Request (ServersAdminNegativeTestJSON:tearDownClass): 204 DELETE http://10.180.1.21/compute/v2.1/servers/31095cc2-1d3e-4e11-90d1-9503954722d1 1.549s
2025-12-09 01:19:07.610 67071 INFO tempest.lib.common.rest_client [req-324bb80e-5e18-4bde-a094-0c43d248fe7b req-324bb80e-5e18-4bde-a094-0c43d248fe7b ] Request (ServerShowV254Test:test_rebuild_server): 201 POST http://10.180.1.21/compute/v2.1/os-keypairs 1.407s
2025-12-09 01:19:07.666 67076 INFO tempest.lib.common.rest_client [req-8a3b6b93-d160-4bc2-ab09-931d8b2a6183 req-8a3b6b93-d160-4bc2-ab09-931d8b2a6183 ] Request (ServerGroupTestJSON:test_create_delete_server_group_with_affinity_policy): 204 DELETE http://10.180.1.21/compute/v2.1/os-server-groups/51c05195-40b7-4e15-9400-54c80b107e6a 0.969s
2025-12-09 01:19:07.722 67092 WARNING tempest.lib.common.ssh [-] Failed to establish authenticated ssh connection to cirros@10.180.180.203 ([Errno None] Unable to connect to port 22 on 10.180.180.203). Number attempts: 1. Retry after 2 seconds.: paramiko.ssh_exception.NoValidConnectionsError: [Errno None] Unable to connect to port 22 on 10.180.180.203
2025-12-09 01:19:07.730 67108 INFO tempest.lib.common.rest_client [req-330f086e-bbd3-4e42-b827-303936641664 req-330f086e-bbd3-4e42-b827-303936641664 ] Request (ListServersNegativeTestJSON:setUpClass): 200 GET http://10.180.1.21/compute/v2.1/servers/973aa0bf-abf0-4e80-8c96-c53de86574f3 0.799s
2025-12-09 01:19:07.759 67060 INFO tempest.lib.common.rest_client [req-84df96cc-6b51-47ed-9cda-0e1da21da4d4 req-84df96cc-6b51-47ed-9cda-0e1da21da4d4 ] Request (AttachInterfacesV270Test:tearDownClass): 200 GET http://10.180.1.21/compute/v2.1/servers/37f12da4-366f-4b39-a097-32ab40e36bb8 1.140s
2025-12-09 01:19:07.822 67048 INFO tempest.lib.common.rest_client [req-793adcc2-f822-4cf4-8811-c95b570d3336 req-793adcc2-f822-4cf4-8811-c95b570d3336 ] Request (ServerShowV257Test:test_rebuild_server): 200 GET http://10.180.1.21/compute/v2.1/servers/c4e8f1ce-9f50-434d-b23d-2a230a5f2261 0.719s
2025-12-09 01:19:07.870 67106 INFO tempest.lib.common.rest_client [req-a2bca1bc-075c-414b-820c-6d627b61411c req-a2bca1bc-075c-414b-820c-6d627b61411c ] Request (SecurityGroupsTestJSON:test_server_security_groups): 200 GET http://10.180.1.21/compute/v2.1/servers/3445c167-c44b-4fd0-955b-e54d6278a1f4 0.872s
2025-12-09 01:19:07.873 67088 INFO tempest.lib.common.rest_client [req-9419a077-c488-43bd-82b2-ab1dc739c57f req-9419a077-c488-43bd-82b2-ab1dc739c57f ] Request (ServerRescueNegativeTestJSON:setUpClass): 200 GET http://10.180.1.21/compute/v2.1/servers/6fc70e75-f29e-4df7-a708-95a2f11fadfb 0.714s
2025-12-09 01:19:07.926 67090 INFO tempest.lib.common.rest_client [req-56edd5cb-96df-42de-8b6b-ec4013ad07f2 req-56edd5cb-96df-42de-8b6b-ec4013ad07f2 ] Request (ServerMetadataTestJSON:setUpClass): 200 GET http://10.180.1.21/compute/v2.1/servers/e1487f7b-5d8c-4b13-8dab-23d6adca70c1 0.737s
2025-12-09 01:19:07.928 67088 INFO tempest.lib.common.rest_client [req-9d2b2d11-56d5-4107-ad7a-c67ff0a26924 req-9d2b2d11-56d5-4107-ad7a-c67ff0a26924 ] Request (ServerRescueNegativeTestJSON:setUpClass): 201 POST http://10.180.1.21/identity/v3/auth/tokens 0.044s
2025-12-09 01:19:07.928 67088 INFO tempest.lib.common.fixed_network [-] (ServerRescueNegativeTestJSON:setUpClass) Found network {'id': '1282a802-9e41-4dca-9c6f-7dabc8dddad8', 'name': 'tempest-ServerRescueNegativeTestJSON-2136480160-network', 'tenant_id': 'c346b19ee83345c4835f578c39ccd228', 'project_id': 'c346b19ee83345c4835f578c39ccd228', 'admin_state_up': True, 'mtu': 8950, 'status': 'ACTIVE', 'subnets': [], 'shared': False, 'port_security_enabled': True, 'router:external': False, 'provider:network_type': 'vlan', 'provider:physical_network': 'default', 'provider:segmentation_id': 400, 'availability_zone_hints': [], 'availability_zones': [], 'ipv4_address_scope': None, 'ipv6_address_scope': None, 'description': '', 'tags': [], 'created_at': '2025-12-09T01:19:01Z', 'updated_at': '2025-12-09T01:19:01Z', 'revision_number': 1} available for tenant
2025-12-09 01:19:07.988 67056 INFO tempest.lib.common.rest_client [req-b8d36f3c-2a46-4521-b2df-b7a46aae07e1 req-b8d36f3c-2a46-4521-b2df-b7a46aae07e1 ] Request (ImagesOneServerNegativeTestJSON:tearDown): 200 GET http://10.180.1.21/compute/v2.1/servers/896e2f63-0e3e-497a-a4d1-83919195667f 0.822s
2025-12-09 01:19:08.020 67072 INFO tempest.lib.common.rest_client [req-0ff9f018-9965-41a4-9cea-e6110491ed24 req-0ff9f018-9965-41a4-9cea-e6110491ed24 ] Request (SecurityGroupRulesTestJSON:test_security_group_rules_delete_when_peer_group_deleted): 200 GET http://10.180.1.21/compute/v2.1/os-security-groups/172e759f-addb-4a30-a17b-1c6279076568 0.622s
2025-12-09 01:19:08.069 67074 INFO tempest.lib.common.rest_client [req-e82a7fa3-6d56-4d4c-8b1e-4199ec4b2e36 req-e82a7fa3-6d56-4d4c-8b1e-4199ec4b2e36 ] Request (QuotasTestJSON:test_compare_tenant_quotas_with_default_quotas): 200 GET http://10.180.1.21/compute/v2.1/os-quota-sets/410bf6cf08844337b421d5f64416a96e 0.655s
2025-12-09 01:19:08.098 67062 INFO tempest.lib.common.rest_client [req-8b2fad9a-fc28-4551-a969-59d0eb016bab req-8b2fad9a-fc28-4551-a969-59d0eb016bab ] Request (ServerActionsTestJSON:test_lock_unlock_server): 200 GET http://10.180.1.21/compute/v2.1/servers/5d4e9ff7-a672-464b-bbdd-2ecff5c5c4f9 0.826s
2025-12-09 01:19:08.243 67104 INFO tempest.lib.common.rest_client [req-ff11d8de-64a6-480f-9acd-5e8f5bf461aa req-ff11d8de-64a6-480f-9acd-5e8f5bf461aa ] Request (MigrationsAdminTest:test_resize_server_revert_deleted_flavor): 200 GET http://10.180.1.21/compute/v2.1/servers/ec0bf743-1bd4-4af7-b596-3691b2f1eb8d 0.776s
2025-12-09 01:19:08.247 67064 INFO tempest.lib.common.rest_client [req-7adaf3ee-ef12-47ac-a76d-d432dbd4bc6d req-7adaf3ee-ef12-47ac-a76d-d432dbd4bc6d ] Request (ImagesNegativeTestJSON:test_create_image_from_deleted_server): 200 GET http://10.180.1.21/compute/v2.1/servers/5854850a-04a1-4652-8d37-f0ff343b9376 0.806s
2025-12-09 01:19:08.254 67104 INFO tempest.common.waiters [-] State transition "BUILD/spawning" ==> "ACTIVE/None" after 44 second wait
2025-12-09 01:19:08.328 67094 INFO tempest.lib.common.rest_client [req-ac737efd-c2e6-4d49-b7b1-8d8b8a10fa4f req-ac737efd-c2e6-4d49-b7b1-8d8b8a10fa4f ] Request (AttachVolumeShelveTestJSON:test_attach_volume_shelved_or_offload_server): 200 GET http://10.180.1.21/compute/v2.1/servers/1b34b298-6e7d-437e-863e-aed4a08543ea 0.809s
2025-12-09 01:19:08.340 67052 INFO tempest.lib.common.rest_client [req-134ca438-3793-4300-88cd-7c1075e216fa req-134ca438-3793-4300-88cd-7c1075e216fa ] Request (ServerRescueTestJSON:setUpClass): 200 GET http://10.180.1.21/compute/v2.1/servers/e0f82a16-b475-48db-9865-454a97f158f4 0.807s
2025-12-09 01:19:08.406 67080 INFO tempest.lib.common.rest_client [req-56291bd8-8df7-4e8b-92d1-6156b0abc63b req-56291bd8-8df7-4e8b-92d1-6156b0abc63b ] Request (ListImageFiltersTestJSON:setUpClass): 200 GET http://10.180.1.21/compute/v2.1/servers/921e2292-7a5f-49c7-a2bb-310574c10884 0.833s
2025-12-09 01:19:08.573 67058 INFO tempest.lib.common.rest_client [req-d838c4e9-23ff-48f5-b454-eea8f850ee39 req-d838c4e9-23ff-48f5-b454-eea8f850ee39 ] Request (ServersAdminNegativeTestJSON:tearDownClass): 200 GET http://10.180.1.21/compute/v2.1/servers/31095cc2-1d3e-4e11-90d1-9503954722d1 0.989s
2025-12-09 01:19:08.596 67082 INFO tempest.lib.common.rest_client [req-fb9d3268-d66c-4e8b-abe2-0b421df18182 req-fb9d3268-d66c-4e8b-abe2-0b421df18182 ] Request (VolumesAssistedSnapshotsTest:tearDownClass): 404 GET http://10.180.1.21/compute/v2.1/servers/d0d682ac-1636-40bf-a217-1ad7e686f8e5 0.951s
2025-12-09 01:19:08.623 67076 INFO tempest.lib.common.rest_client [req-7d173478-c627-494d-b4d8-1eafaadfefa1 req-7d173478-c627-494d-b4d8-1eafaadfefa1 ] Request (ServerGroupTestJSON:test_create_delete_server_group_with_affinity_policy): 200 GET http://10.180.1.21/compute/v2.1/os-server-groups 0.957s
2025-12-09 01:19:08.728 67071 INFO tempest.lib.common.rest_client [req-4f483f1f-4b9a-4dd6-8272-3548b994d37f req-4f483f1f-4b9a-4dd6-8272-3548b994d37f ] Request (ServerShowV254Test:test_rebuild_server): 202 POST http://10.180.1.21/compute/v2.1/servers/1cc14be9-70ae-4467-8535-7072d14f7ed1/action 1.115s
2025-12-09 01:19:08.884 67056 INFO tempest.lib.common.rest_client [req-dca4f6ec-030c-41ae-a7ce-424aa35fc97a req-dca4f6ec-030c-41ae-a7ce-424aa35fc97a ] Request (ImagesOneServerNegativeTestJSON:setUp): 200 GET http://10.180.1.21/compute/v2.1/servers/896e2f63-0e3e-497a-a4d1-83919195667f 0.886s
2025-12-09 01:19:09.016 67072 INFO tempest.lib.common.rest_client [req-476d61d0-1b47-49c6-9584-487af8da9577 req-476d61d0-1b47-49c6-9584-487af8da9577 ] Request (SecurityGroupRulesTestJSON:test_security_group_rules_list): 200 POST http://10.180.1.21/compute/v2.1/os-security-groups 0.992s
2025-12-09 01:19:09.017 67088 INFO tempest.lib.common.rest_client [req-9d3ae114-c925-493f-acd2-57f137bd7773 req-9d3ae114-c925-493f-acd2-57f137bd7773 ] Request (ServerRescueNegativeTestJSON:setUpClass): 202 POST http://10.180.1.21/compute/v2.1/servers 1.088s
2025-12-09 01:19:09.067 67074 INFO tempest.lib.common.rest_client [req-f3591e24-c049-4181-9119-93dc521ed736 req-f3591e24-c049-4181-9119-93dc521ed736 ] Request (QuotasTestJSON:test_get_default_quotas): 200 GET http://10.180.1.21/compute/v2.1/os-quota-sets/410bf6cf08844337b421d5f64416a96e/defaults 0.994s
2025-12-09 01:19:09.138 67054 INFO tempest.lib.common.rest_client [req-2bf50195-3c5d-4ec4-bef3-3fb2d6fcd417 req-2bf50195-3c5d-4ec4-bef3-3fb2d6fcd417 ] Request (ImagesOneServerTestJSON:tearDownClass): 200 GET http://10.180.1.21/compute/v2.1/servers/3b100fdd-18e5-4b01-94b7-d369d1d8164e 0.777s
2025-12-09 01:19:09.166 67104 INFO tempest.lib.common.rest_client [req-d8ff3456-8e17-4fc9-8606-cbc6de23d731 req-d8ff3456-8e17-4fc9-8606-cbc6de23d731 ] Request (MigrationsAdminTest:test_resize_server_revert_deleted_flavor): 200 GET http://10.180.1.21/compute/v2.1/servers/ec0bf743-1bd4-4af7-b596-3691b2f1eb8d 0.911s
2025-12-09 01:19:09.192 67066 INFO tempest.lib.common.rest_client [req-047fd64c-76e3-490e-964c-fbedfe116e8b req-047fd64c-76e3-490e-964c-fbedfe116e8b ] Request (ImagesTestJSON:test_create_image_from_stopped_server): 200 GET http://10.180.1.21/compute/v2.1/servers/73667900-f197-4353-a2d3-39b8f1cf5ec4 0.721s
2025-12-09 01:19:09.215 67082 INFO tempest.lib.common.rest_client [req-0786b9d8-e27a-4f2f-b3dc-24e6e488ec4a req-0786b9d8-e27a-4f2f-b3dc-24e6e488ec4a ] Request (VolumesAssistedSnapshotsTest:tearDownClass): 202 DELETE http://10.180.1.21/compute/v2.1/os-keypairs/tempest-keypair-2048790314 0.619s
2025-12-09 01:19:09.279 67076 INFO tempest.lib.common.rest_client [req-3a4340fc-e356-44fd-90f6-e0e5126df630 req-3a4340fc-e356-44fd-90f6-e0e5126df630 ] Request (ServerGroupTestJSON:test_create_delete_server_group_with_anti_affinity_policy): 200 POST http://10.180.1.21/compute/v2.1/os-server-groups 0.652s
2025-12-09 01:19:09.293 67068 INFO tempest.lib.common.rest_client [req-f0bc5720-0ea2-4d15-8bc1-c17fa19efa18 req-f0bc5720-0ea2-4d15-8bc1-c17fa19efa18 ] Request (ServersAdminTestJSON:test_rebuild_server_in_error_state): 200 GET http://10.180.1.21/compute/v2.1/servers/6904a9ab-7e9e-47d0-bb81-cc3712a50e42 0.780s
2025-12-09 01:19:09.322 67082 INFO tempest.lib.common.rest_client [req-cb4ce30a-c7f0-483b-9a42-7e1ee49eb11e req-cb4ce30a-c7f0-483b-9a42-7e1ee49eb11e ] Request (VolumesAssistedSnapshotsTest:tearDownClass): 204 DELETE http://10.180.1.21/networking/v2.0/security-groups/8a9e8e37-c264-47bc-b19f-8dddeca822b3 0.106s
2025-12-09 01:19:09.333 67082 INFO tempest.lib.common.rest_client [req-7f6f05da-2ad2-4d7d-b18f-87f28fe2c216 req-7f6f05da-2ad2-4d7d-b18f-87f28fe2c216 ] Request (VolumesAssistedSnapshotsTest:tearDownClass): 404 GET http://10.180.1.21/networking/v2.0/security-groups/8a9e8e37-c264-47bc-b19f-8dddeca822b3 0.011s
2025-12-09 01:19:09.355 67071 INFO tempest.lib.common.rest_client [req-c4835407-9e51-4088-9cb4-c5ccffa80680 req-c4835407-9e51-4088-9cb4-c5ccffa80680 ] Request (ServerShowV254Test:test_rebuild_server): 200 GET http://10.180.1.21/compute/v2.1/servers/1cc14be9-70ae-4467-8535-7072d14f7ed1 0.618s
2025-12-09 01:19:09.357 67108 INFO tempest.lib.common.rest_client [req-8fed9d14-34ce-4b57-af1a-bcad9d560ae8 req-8fed9d14-34ce-4b57-af1a-bcad9d560ae8 ] Request (ListServersNegativeTestJSON:setUpClass): 200 GET http://10.180.1.21/compute/v2.1/servers/973aa0bf-abf0-4e80-8c96-c53de86574f3 0.620s
2025-12-09 01:19:09.501 67048 INFO tempest.lib.common.rest_client [req-c3a58a6f-9cee-4880-9a6d-8f7c3ed69e72 req-c3a58a6f-9cee-4880-9a6d-8f7c3ed69e72 ] Request (ServerShowV257Test:test_rebuild_server): 200 GET http://10.180.1.21/compute/v2.1/servers/c4e8f1ce-9f50-434d-b23d-2a230a5f2261 0.669s
2025-12-09 01:19:09.568 67060 INFO tempest.lib.common.rest_client [req-974a47f9-5cc5-4818-8974-c5d2e103179d req-974a47f9-5cc5-4818-8974-c5d2e103179d ] Request (AttachInterfacesV270Test:tearDownClass): 200 GET http://10.180.1.21/compute/v2.1/servers/37f12da4-366f-4b39-a097-32ab40e36bb8 0.795s
2025-12-09 01:19:09.575 67056 INFO tempest.lib.common.rest_client [req-817c3883-d2a8-40ba-86a0-9a6927216a43 req-817c3883-d2a8-40ba-86a0-9a6927216a43 ] Request (ImagesOneServerNegativeTestJSON:test_create_image_specify_metadata_over_limits): 400 POST http://10.180.1.21/compute/v2.1/servers/896e2f63-0e3e-497a-a4d1-83919195667f/action 0.682s
2025-12-09 01:19:09.632 67082 INFO tempest.lib.common.rest_client [req-529d906d-920c-4d01-84ba-f7b6a0f79bf8 req-529d906d-920c-4d01-84ba-f7b6a0f79bf8 ] Request (VolumesAssistedSnapshotsTest:tearDownClass): 204 DELETE http://10.180.1.21/networking/v2.0/floatingips/457d6c0a-5b6d-413c-b382-d66ffc1b1d43 0.298s
2025-12-09 01:19:09.649 67082 INFO tempest.lib.common.rest_client [req-4692b758-0d7a-4ac4-85b8-c5c39413ec34 req-4692b758-0d7a-4ac4-85b8-c5c39413ec34 ] Request (VolumesAssistedSnapshotsTest:tearDownClass): 404 DELETE http://10.180.1.21/volume/v3/volumes/69280038-8eed-4651-b988-4fc62cb39e1c 0.017s
2025-12-09 01:19:09.668 67082 INFO tempest.lib.common.rest_client [req-17c0868e-80b4-4b76-be77-ee1d2cf4212f req-17c0868e-80b4-4b76-be77-ee1d2cf4212f ] Request (VolumesAssistedSnapshotsTest:tearDownClass): 404 GET http://10.180.1.21/volume/v3/volumes/69280038-8eed-4651-b988-4fc62cb39e1c 0.017s
2025-12-09 01:19:09.772 67090 INFO tempest.lib.common.rest_client [req-90068cdc-06e2-40b7-be63-2ec659556a09 req-90068cdc-06e2-40b7-be63-2ec659556a09 ] Request (ServerMetadataTestJSON:setUpClass): 200 GET http://10.180.1.21/compute/v2.1/servers/e1487f7b-5d8c-4b13-8dab-23d6adca70c1 0.838s
2025-12-09 01:19:09.779 67090 INFO tempest.common.waiters [-] State transition "BUILD/scheduling" ==> "BUILD/None" after 2 second wait
2025-12-09 01:19:09.795 67106 INFO tempest.lib.common.rest_client [req-28ba05d8-d554-4683-9446-856df43b7ecc req-28ba05d8-d554-4683-9446-856df43b7ecc ] Request (SecurityGroupsTestJSON:test_server_security_groups): 200 GET http://10.180.1.21/compute/v2.1/servers/3445c167-c44b-4fd0-955b-e54d6278a1f4 0.918s
2025-12-09 01:19:09.877 67088 INFO tempest.lib.common.rest_client [req-625a6979-5dff-4bf3-bd85-114aab045f04 req-625a6979-5dff-4bf3-bd85-114aab045f04 ] Request (ServerRescueNegativeTestJSON:setUpClass): 200 GET http://10.180.1.21/compute/v2.1/servers/c93c4303-a498-4c24-a063-f396a1753ad2 0.859s
2025-12-09 01:19:09.931 67074 INFO tempest.lib.common.rest_client [req-96e9aeca-54e7-47da-860b-578a46957e30 req-96e9aeca-54e7-47da-860b-578a46957e30 ] Request (QuotasTestJSON:test_get_quotas): 200 GET http://10.180.1.21/compute/v2.1/os-quota-sets/410bf6cf08844337b421d5f64416a96e 0.857s
2025-12-09 01:19:10.226 67092 WARNING tempest.lib.common.ssh [-] Failed to establish authenticated ssh connection to cirros@10.180.180.203 ([Errno None] Unable to connect to port 22 on 10.180.180.203). Number attempts: 2. Retry after 3 seconds.: paramiko.ssh_exception.NoValidConnectionsError: [Errno None] Unable to connect to port 22 on 10.180.180.203
2025-12-09 01:19:10.327 67072 INFO tempest.lib.common.rest_client [req-354f3dee-790e-4590-839a-d31eb0531fbd req-354f3dee-790e-4590-839a-d31eb0531fbd ] Request (SecurityGroupRulesTestJSON:test_security_group_rules_list): 200 POST http://10.180.1.21/compute/v2.1/os-security-group-rules 1.306s
2025-12-09 01:19:10.345 67104 INFO tempest.lib.common.rest_client [req-2e031369-bc12-45b2-a29d-7e2b8344790e req-2e031369-bc12-45b2-a29d-7e2b8344790e ] Request (MigrationsAdminTest:test_resize_server_revert_deleted_flavor): 202 DELETE http://10.180.1.21/compute/v2.1/flavors/6a340ae8-facc-4361-a743-510523e0734c 1.170s
2025-12-09 01:19:10.584 67082 INFO tempest.lib.common.rest_client [req-faba6096-7642-4e71-9dfa-763113c7da4f req-faba6096-7642-4e71-9dfa-763113c7da4f ] Request (VolumesAssistedSnapshotsTest:tearDownClass): 200 PUT http://10.180.1.21/networking/v2.0/routers/b87b38a6-9afa-48cc-8338-cebb44a74d2f/remove_router_interface 0.916s
2025-12-09 01:19:10.590 67062 INFO tempest.lib.common.rest_client [req-4bdf9dfb-2339-4374-a588-b4de1d9fc916 req-4bdf9dfb-2339-4374-a588-b4de1d9fc916 ] Request (ServerActionsTestJSON:test_lock_unlock_server): 200 GET http://10.180.1.21/compute/v2.1/servers/5d4e9ff7-a672-464b-bbdd-2ecff5c5c4f9 1.480s
2025-12-09 01:19:10.597 67062 INFO tempest.common.waiters [-] State transition "ACTIVE/powering-off" ==> "SHUTOFF/None" after 2 second wait
2025-12-09 01:19:10.620 67064 INFO tempest.lib.common.rest_client [req-d12ddc5e-e9f7-4a57-b62c-f06bda9aedc1 req-d12ddc5e-e9f7-4a57-b62c-f06bda9aedc1 ] Request (ImagesNegativeTestJSON:test_create_image_from_deleted_server): 200 GET http://10.180.1.21/compute/v2.1/servers/5854850a-04a1-4652-8d37-f0ff343b9376 1.365s
2025-12-09 01:19:10.620 67076 INFO tempest.lib.common.rest_client [req-e6f73987-0c27-430d-9411-20bca0403f9c req-e6f73987-0c27-430d-9411-20bca0403f9c ] Request (ServerGroupTestJSON:test_create_delete_server_group_with_anti_affinity_policy): 204 DELETE http://10.180.1.21/compute/v2.1/os-server-groups/0d8a9d64-998f-4300-94aa-0e6cd77821fe 1.340s
2025-12-09 01:19:10.676 67046 WARNING tempest.lib.common.ssh [-] Failed to establish authenticated ssh connection to cirros@10.180.180.192 ([Errno None] Unable to connect to port 22 on 10.180.180.192). Number attempts: 1. Retry after 2 seconds.: paramiko.ssh_exception.NoValidConnectionsError: [Errno None] Unable to connect to port 22 on 10.180.180.192
2025-12-09 01:19:10.685 67094 INFO tempest.lib.common.rest_client [req-feb1ce4a-207a-45df-8b5c-95a3935d0bd7 req-feb1ce4a-207a-45df-8b5c-95a3935d0bd7 ] Request (AttachVolumeShelveTestJSON:test_attach_volume_shelved_or_offload_server): 200 GET http://10.180.1.21/compute/v2.1/servers/1b34b298-6e7d-437e-863e-aed4a08543ea 1.346s
2025-12-09 01:19:10.701 67052 INFO tempest.lib.common.rest_client [req-324d6ab2-be85-4efb-87c7-5f12462a4021 req-324d6ab2-be85-4efb-87c7-5f12462a4021 ] Request (ServerRescueTestJSON:setUpClass): 200 GET http://10.180.1.21/compute/v2.1/servers/e0f82a16-b475-48db-9865-454a97f158f4 1.349s
2025-12-09 01:19:10.743 67080 INFO tempest.lib.common.rest_client [req-2e70fe94-e814-4ecd-a8ed-2581a1f41f7b req-2e70fe94-e814-4ecd-a8ed-2581a1f41f7b ] Request (ListImageFiltersTestJSON:setUpClass): 200 GET http://10.180.1.21/compute/v2.1/servers/921e2292-7a5f-49c7-a2bb-310574c10884 1.328s
2025-12-09 01:19:10.828 67058 INFO tempest.lib.common.rest_client [req-3b894f0e-ce40-4bdc-9f3e-6f9afe12179d req-3b894f0e-ce40-4bdc-9f3e-6f9afe12179d ] Request (ServersAdminNegativeTestJSON:tearDownClass): 200 GET http://10.180.1.21/compute/v2.1/servers/31095cc2-1d3e-4e11-90d1-9503954722d1 1.242s
2025-12-09 01:19:10.861 67056 INFO tempest.lib.common.rest_client [req-3b488d4d-d2d1-4de7-ba9f-f881e0a85867 req-3b488d4d-d2d1-4de7-ba9f-f881e0a85867 ] Request (ImagesOneServerNegativeTestJSON:tearDown): 200 GET http://10.180.1.21/compute/v2.1/servers/896e2f63-0e3e-497a-a4d1-83919195667f 1.285s
2025-12-09 01:19:10.904 67074 INFO tempest.lib.common.rest_client [req-c0a1ecb3-4585-4491-b360-c8d635489538 req-c0a1ecb3-4585-4491-b360-c8d635489538 ] Request (QuotasTestJSON:test_get_quotas): 200 GET http://10.180.1.21/compute/v2.1/os-quota-sets/410bf6cf08844337b421d5f64416a96e?user_id=783e88ffd6004f5d8bc569306f4582a1 0.969s
2025-12-09 01:19:10.977 67054 INFO tempest.lib.common.rest_client [req-bc84437d-58d2-4f85-880a-faf29c787005 req-bc84437d-58d2-4f85-880a-faf29c787005 ] Request (ImagesOneServerTestJSON:tearDownClass): 200 GET http://10.180.1.21/compute/v2.1/servers/3b100fdd-18e5-4b01-94b7-d369d1d8164e 0.820s
2025-12-09 01:19:10.990 67084 WARNING tempest.lib.common.ssh [-] Failed to establish authenticated ssh connection to cirros@10.180.180.171 ([Errno None] Unable to connect to port 22 on 10.180.180.171). Number attempts: 9. Retry after 10 seconds.: paramiko.ssh_exception.NoValidConnectionsError: [Errno None] Unable to connect to port 22 on 10.180.180.171
2025-12-09 01:19:11.021 67066 INFO tempest.lib.common.rest_client [req-77bfcd69-de5f-4ecd-b97a-7d82d48071c2 req-77bfcd69-de5f-4ecd-b97a-7d82d48071c2 ] Request (ImagesTestJSON:test_create_image_from_stopped_server): 200 GET http://10.180.1.21/compute/v2.1/servers/73667900-f197-4353-a2d3-39b8f1cf5ec4 0.820s
2025-12-09 01:19:11.097 67082 INFO tempest.lib.common.rest_client [req-dc125799-9ea5-400f-9e58-e94319073c81 req-dc125799-9ea5-400f-9e58-e94319073c81 ] Request (VolumesAssistedSnapshotsTest:tearDownClass): 204 DELETE http://10.180.1.21/networking/v2.0/routers/b87b38a6-9afa-48cc-8338-cebb44a74d2f 0.513s
2025-12-09 01:19:11.111 67074 INFO tempest.lib.common.rest_client [req-990db718-08e7-4c1d-9a0f-32f235f2b1f7 req-990db718-08e7-4c1d-9a0f-32f235f2b1f7 ] Request (QuotasTestJSON:tearDownClass): 204 DELETE http://10.180.1.21/identity/v3/users/783e88ffd6004f5d8bc569306f4582a1 0.203s
2025-12-09 01:19:11.111 67074 INFO tempest.lib.common.dynamic_creds [-] Deleting project and security group for project: 410bf6cf08844337b421d5f64416a96e
2025-12-09 01:19:11.195 67074 INFO tempest.lib.common.rest_client [req-7f53d166-d49f-4d18-80f1-0eb10689289f req-7f53d166-d49f-4d18-80f1-0eb10689289f ] Request (QuotasTestJSON:tearDownClass): 201 POST http://10.180.1.21/identity/v3/auth/tokens 0.083s
2025-12-09 01:19:11.308 67072 INFO tempest.lib.common.rest_client [req-1c76b0d2-955d-4af9-b676-18d1ef1806e3 req-1c76b0d2-955d-4af9-b676-18d1ef1806e3 ] Request (SecurityGroupRulesTestJSON:test_security_group_rules_list): 200 POST http://10.180.1.21/compute/v2.1/os-security-group-rules 0.979s
