2025-12-09 01:21:02.425 67082 INFO tempest.lib.common.fixed_network [-] (MultipleCreateTestJSON:test_multiple_create) Found network {'id': 'ddd4b6a5-002d-46df-bcfc-426e286d5c0a', 'name': 'tempest-MultipleCreateTestJSON-799609427-network', 'tenant_id': '8a08c59595944efd9c26f0ca3a03344c', 'project_id': '8a08c59595944efd9c26f0ca3a03344c', 'admin_state_up': True, 'mtu': 8950, 'status': 'ACTIVE', 'subnets': [], 'shared': False, 'port_security_enabled': True, 'router:external': False, 'provider:network_type': 'vlan', 'provider:physical_network': 'default', 'provider:segmentation_id': 692, 'availability_zone_hints': [], 'availability_zones': [], 'ipv4_address_scope': None, 'ipv6_address_scope': None, 'description': '', 'tags': [], 'created_at': '2025-12-09T01:20:59Z', 'updated_at': '2025-12-09T01:20:59Z', 'revision_number': 1} available for tenant
2025-12-09 01:21:02.502 67058 INFO tempest.lib.common.rest_client [req-1807034d-4d46-41da-8a12-856088cb2576 req-1807034d-4d46-41da-8a12-856088cb2576 ] Request (ServerActionsTestOtherA:setUpClass): 201 POST http://10.180.1.21/networking/v2.0/security-groups 0.564s
2025-12-09 01:21:02.508 67106 INFO tempest.lib.common.rest_client [req-8f09e74d-dbf0-4460-87ab-330c5049e2af req-8f09e74d-dbf0-4460-87ab-330c5049e2af ] Request (ExtensionsTest:tearDownClass): 204 DELETE http://10.180.1.21/identity/v3/users/38db1747468540e0a12be9bb5747bd9f 0.093s
2025-12-09 01:21:02.509 67106 INFO tempest.lib.common.dynamic_creds [-] Deleting project and security group for project: c442a56238e14a1389bd35bfe5f96ec2
2025-12-09 01:21:02.579 67106 INFO tempest.lib.common.rest_client [req-68a38d80-c006-4c4d-8a81-309bc1e446f4 req-68a38d80-c006-4c4d-8a81-309bc1e446f4 ] Request (ExtensionsTest:tearDownClass): 201 POST http://10.180.1.21/identity/v3/auth/tokens 0.070s
2025-12-09 01:21:02.655 67068 INFO tempest.lib.common.rest_client [req-5d9c8a03-9c5d-4479-8bb7-e57b37351c28 req-5d9c8a03-9c5d-4479-8bb7-e57b37351c28 ] Request (ServersAdminTestJSON:tearDownClass): 200 GET http://10.180.1.21/compute/v2.1/servers/d121d952-7c47-481c-84a0-884a581c90a3 2.023s
2025-12-09 01:21:02.737 67058 INFO tempest.lib.common.rest_client [req-63ee20f3-f3ee-4c11-8ee0-9aeef95c036a req-63ee20f3-f3ee-4c11-8ee0-9aeef95c036a ] Request (ServerActionsTestOtherA:setUpClass): 201 POST http://10.180.1.21/networking/v2.0/security-group-rules 0.235s
2025-12-09 01:21:02.774 67094 INFO tempest.lib.common.rest_client [req-e7d669a7-6f5d-42c1-bbcb-768ba851a557 req-e7d669a7-6f5d-42c1-bbcb-768ba851a557 ] Request (AttachVolumeShelveTestJSON:test_attach_volume_shelved_or_offload_server): 200 GET http://10.180.1.21/compute/v2.1/servers/1b34b298-6e7d-437e-863e-aed4a08543ea 2.240s
2025-12-09 01:21:02.979 67106 INFO tempest.lib.common.rest_client [req-0fd80122-12b3-46fc-9736-4f27d838a008 req-0fd80122-12b3-46fc-9736-4f27d838a008 ] Request (ExtensionsTest:tearDownClass): 200 GET http://10.180.1.21/networking/v2.0/security-groups?tenant_id=c442a56238e14a1389bd35bfe5f96ec2&name=default 0.399s
2025-12-09 01:21:03.066 67054 WARNING tempest.lib.common.ssh [-] Failed to establish authenticated ssh connection to cirros@10.180.180.232 ([Errno None] Unable to connect to port 22 on 10.180.180.232). Number attempts: 6. Retry after 7 seconds.: paramiko.ssh_exception.NoValidConnectionsError: [Errno None] Unable to connect to port 22 on 10.180.180.232
2025-12-09 01:21:03.068 67052 INFO tempest.lib.common.rest_client [req-64662350-f02f-4b2f-9458-b26e219d797a req-64662350-f02f-4b2f-9458-b26e219d797a ] Request (ServerRescueTestJSON:tearDownClass): 200 GET http://10.180.1.21/compute/v2.1/servers/20360775-1d24-426c-9e51-79bc49cefd0d 2.283s
2025-12-09 01:21:03.143 67058 INFO tempest.lib.common.rest_client [req-af64a516-d14d-478c-83bc-cdfce5800487 req-af64a516-d14d-478c-83bc-cdfce5800487 ] Request (ServerActionsTestOtherA:setUpClass): 201 POST http://10.180.1.21/networking/v2.0/security-group-rules 0.405s
2025-12-09 01:21:03.286 67106 INFO tempest.lib.common.rest_client [req-9e68ba14-b199-4532-86dd-21e0ff7d4ad6 req-9e68ba14-b199-4532-86dd-21e0ff7d4ad6 ] Request (ExtensionsTest:tearDownClass): 204 DELETE http://10.180.1.21/networking/v2.0/security-groups/108432b4-9b93-41ac-89d2-cfed71dd6b5e 0.307s
2025-12-09 01:21:03.391 67106 INFO tempest.lib.common.rest_client [req-93f189da-43f1-4208-943f-e5ab3ad3f569 req-93f189da-43f1-4208-943f-e5ab3ad3f569 ] Request (ExtensionsTest:tearDownClass): 204 DELETE http://10.180.1.21/identity/v3/projects/c442a56238e14a1389bd35bfe5f96ec2 0.104s
2025-12-09 01:21:03.408 67079 INFO tempest.lib.common.rest_client [req-679dc51c-39f1-4ff2-96cf-0dcdf0dec088 req-679dc51c-39f1-4ff2-96cf-0dcdf0dec088 ] Request (AttachInterfacesTestJSON:_run_cleanups): 200 GET http://10.180.1.21/compute/v2.1/servers/c0bed061-82c4-438e-a609-5a330654f8b5 2.253s
2025-12-09 01:21:03.511 67056 INFO tempest.lib.common.rest_client [req-5dc29f96-4a1a-41c0-9e05-3ce3fb15c8b6 req-5dc29f96-4a1a-41c0-9e05-3ce3fb15c8b6 ] Request (ImagesOneServerNegativeTestJSON:tearDown): 200 GET http://10.180.1.21/compute/v2.1/servers/f157b555-daed-4723-b1b0-4571d0e539bd 2.376s
2025-12-09 01:21:03.527 67056 INFO tempest.common.waiters [-] State transition "ACTIVE/image_pending_upload" ==> "ACTIVE/image_uploading" after 6 second wait
2025-12-09 01:21:03.542 67104 INFO tempest.lib.common.rest_client [req-c6ec7ae7-5dec-4e60-b637-9c55d9e3cdf9 req-c6ec7ae7-5dec-4e60-b637-9c55d9e3cdf9 ] Request (MigrationsAdminTest:tearDownClass): 200 GET http://10.180.1.21/compute/v2.1/servers/ec0bf743-1bd4-4af7-b596-3691b2f1eb8d 2.172s
2025-12-09 01:21:03.616 67092 INFO tempest.lib.common.rest_client [req-4b6e1355-c5fe-468e-89ff-c6a3cf9bdddd req-4b6e1355-c5fe-468e-89ff-c6a3cf9bdddd ] Request (ServerAddressesNegativeTestJSON:setUpClass): 200 GET http://10.180.1.21/compute/v2.1/servers/0a766e11-c92d-429a-b8f9-b5f88a683f74 2.191s
2025-12-09 01:21:03.629 67092 INFO tempest.common.waiters [-] State transition "BUILD/None" ==> "BUILD/spawning" after 20 second wait
2025-12-09 01:21:03.635 67080 INFO tempest.lib.common.rest_client [req-2c43decf-845e-4ec6-85a9-810729b689b8 req-2c43decf-845e-4ec6-85a9-810729b689b8 ] Request (ListImageFiltersTestJSON:tearDownClass): 200 GET http://10.180.1.21/compute/v2.1/servers/921e2292-7a5f-49c7-a2bb-310574c10884 1.895s
2025-12-09 01:21:03.686 67066 INFO tempest.lib.common.rest_client [req-c4898331-d468-43d8-b5b3-c33fa8d3d196 req-c4898331-d468-43d8-b5b3-c33fa8d3d196 ] Request (ImagesTestJSON:test_create_server_from_snapshot): 200 GET http://10.180.1.21/compute/v2.1/servers/bf9ef19e-38d7-475d-968c-85a199ae225d 1.494s
2025-12-09 01:21:03.694 67066 INFO tempest.common.waiters [-] State transition "BUILD/scheduling" ==> "BUILD/None" after 2 second wait
2025-12-09 01:21:03.708 67064 INFO tempest.lib.common.rest_client [req-5eebb662-e719-4388-9696-ca65a81f5b86 req-5eebb662-e719-4388-9696-ca65a81f5b86 ] Request (ServerActionsV293TestJSON:setUpClass): 200 GET http://10.180.1.21/compute/v2.1/servers/5e5883a3-af0f-4e0e-9285-1a0277825d06 1.472s
2025-12-09 01:21:03.774 67046 INFO tempest.lib.common.rest_client [req-b1b6818c-54d2-46dc-8249-b8548db78892 req-b1b6818c-54d2-46dc-8249-b8548db78892 ] Request (ServersListShow2100Test:test_list_show_rebuild_update_server_2100): 200 GET http://10.180.1.21/compute/v2.1/servers/f25645a7-2eb2-4011-91bb-d78a13dbaff6 0.963s
2025-12-09 01:21:03.850 67058 INFO tempest.lib.common.rest_client [req-45fe9b94-e23d-4ec8-bf8a-76c11032232d req-45fe9b94-e23d-4ec8-bf8a-76c11032232d ] Request (ServerActionsTestOtherA:setUpClass): 201 POST http://10.180.1.21/networking/v2.0/floatingips 0.707s
2025-12-09 01:21:03.939 67088 INFO tempest.lib.common.rest_client [req-1a92e221-68a0-442e-8edd-bac5c2c0bb2b req-1a92e221-68a0-442e-8edd-bac5c2c0bb2b ] Request (ServerRescueNegativeTestJSON:test_rescued_vm_detach_volume): 200 GET http://10.180.1.21/compute/v2.1/servers/1ccbfca0-3a23-48d6-ba18-6b4a19472c87 1.068s
2025-12-09 01:21:03.944 67058 INFO tempest.lib.common.rest_client [req-102db2a9-1fc1-4959-adae-f82a506fdb3b req-102db2a9-1fc1-4959-adae-f82a506fdb3b ] Request (ServerActionsTestOtherA:setUpClass): 201 POST http://10.180.1.21/identity/v3/auth/tokens 0.088s
2025-12-09 01:21:03.944 67058 INFO tempest.lib.common.fixed_network [-] (ServerActionsTestOtherA:setUpClass) Found network {'id': '5e35c033-0585-4a54-ace8-91a621c08f98', 'name': 'tempest-ServerActionsTestOtherA-431061776-network', 'tenant_id': '31d2d98a0a1f401ebf47314594665278', 'project_id': '31d2d98a0a1f401ebf47314594665278', 'admin_state_up': True, 'mtu': 8950, 'status': 'ACTIVE', 'subnets': [], 'shared': False, 'port_security_enabled': True, 'router:external': False, 'provider:network_type': 'vlan', 'provider:physical_network': 'default', 'provider:segmentation_id': 634, 'availability_zone_hints': [], 'availability_zones': [], 'ipv4_address_scope': None, 'ipv6_address_scope': None, 'description': '', 'tags': [], 'created_at': '2025-12-09T01:20:57Z', 'updated_at': '2025-12-09T01:20:57Z', 'revision_number': 1} available for tenant
2025-12-09 01:21:03.951 67088 INFO tempest.common.waiters [-] State transition "BUILD/spawning" ==> "ACTIVE/None" after 30 second wait
2025-12-09 01:21:04.011 67072 INFO tempest.lib.common.rest_client [req-f1bad409-16dc-45ad-9126-351c769de7a1 req-f1bad409-16dc-45ad-9126-351c769de7a1 ] Request (ServersTestManualDisk:tearDownClass): 200 GET http://10.180.1.21/compute/v2.1/servers/a5af2b0e-de51-430a-8e2b-752dcaa09722 0.621s
2025-12-09 01:21:04.022 67072 INFO tempest.common.waiters [-] State transition "ACTIVE/deleting" ==> "DELETED/None" after 5 second wait
2025-12-09 01:21:04.074 67068 INFO tempest.lib.common.rest_client [req-4e1fac27-380f-4787-bc9b-b6fb4293e5c7 req-4e1fac27-380f-4787-bc9b-b6fb4293e5c7 ] Request (ServersAdminTestJSON:tearDownClass): 200 GET http://10.180.1.21/compute/v2.1/servers/d121d952-7c47-481c-84a0-884a581c90a3 0.406s
2025-12-09 01:21:04.224 67094 INFO tempest.lib.common.rest_client [req-2629dd45-0b38-4945-8877-575d2d667165 req-2629dd45-0b38-4945-8877-575d2d667165 ] Request (AttachVolumeShelveTestJSON:test_attach_volume_shelved_or_offload_server): 200 GET http://10.180.1.21/compute/v2.1/servers/1b34b298-6e7d-437e-863e-aed4a08543ea 0.441s
2025-12-09 01:21:04.299 67082 INFO tempest.lib.common.rest_client [req-f1e1f6ce-817b-4d1c-b42c-b99e5205022c req-f1e1f6ce-817b-4d1c-b42c-b99e5205022c ] Request (MultipleCreateTestJSON:test_multiple_create): 202 POST http://10.180.1.21/compute/v2.1/servers 1.873s
2025-12-09 01:21:04.382 67088 INFO tempest.lib.common.rest_client [req-0d3b1e12-ae5d-4221-a281-861e240ce50a req-0d3b1e12-ae5d-4221-a281-861e240ce50a ] Request (ServerRescueNegativeTestJSON:test_rescued_vm_detach_volume): 200 GET http://10.180.1.21/compute/v2.1/servers/1ccbfca0-3a23-48d6-ba18-6b4a19472c87/os-interface 0.431s
2025-12-09 01:21:04.414 67052 INFO tempest.lib.common.rest_client [req-e513ccfc-60ed-4915-b51d-123c2289aa0b req-e513ccfc-60ed-4915-b51d-123c2289aa0b ] Request (ServerRescueTestJSON:tearDownClass): 404 GET http://10.180.1.21/compute/v2.1/servers/20360775-1d24-426c-9e51-79bc49cefd0d 0.336s
2025-12-09 01:21:04.486 67082 INFO tempest.lib.common.rest_client [req-4ae8de2d-039b-400d-bfd3-8308231e27b5 req-4ae8de2d-039b-400d-bfd3-8308231e27b5 ] Request (MultipleCreateTestJSON:test_multiple_create): 200 GET http://10.180.1.21/compute/v2.1/servers 0.184s
2025-12-09 01:21:04.587 67052 INFO tempest.lib.common.rest_client [req-2d13631f-1234-40ad-a1f7-c6ba22be93ff req-2d13631f-1234-40ad-a1f7-c6ba22be93ff ] Request (ServerRescueTestJSON:tearDownClass): 204 DELETE http://10.180.1.21/compute/v2.1/servers/e0f82a16-b475-48db-9865-454a97f158f4 0.173s
2025-12-09 01:21:04.671 67058 INFO tempest.lib.common.rest_client [req-9a5bad54-d528-4206-b676-1ec6b5bb4040 req-9a5bad54-d528-4206-b676-1ec6b5bb4040 ] Request (ServerActionsTestOtherA:setUpClass): 202 POST http://10.180.1.21/compute/v2.1/servers 0.726s
2025-12-09 01:21:04.678 67079 INFO tempest.lib.common.rest_client [req-ff206c0d-5e57-4fe2-b6f7-c9633f77513d req-ff206c0d-5e57-4fe2-b6f7-c9633f77513d ] Request (AttachInterfacesTestJSON:_run_cleanups): 200 GET http://10.180.1.21/compute/v2.1/servers/c0bed061-82c4-438e-a609-5a330654f8b5 0.260s
2025-12-09 01:21:04.732 67082 INFO tempest.lib.common.rest_client [req-bdba32e4-9a46-441a-9945-b7109a049647 req-bdba32e4-9a46-441a-9945-b7109a049647 ] Request (MultipleCreateTestJSON:test_multiple_create): 200 GET http://10.180.1.21/compute/v2.1/servers/107288e9-b731-4319-aea2-8ee009b4c789 0.244s
2025-12-09 01:21:04.848 67104 INFO tempest.lib.common.rest_client [req-0334f16a-1b38-498b-beca-73e75b48bfeb req-0334f16a-1b38-498b-beca-73e75b48bfeb ] Request (MigrationsAdminTest:tearDownClass): 200 GET http://10.180.1.21/compute/v2.1/servers/ec0bf743-1bd4-4af7-b596-3691b2f1eb8d 0.294s
2025-12-09 01:21:04.882 67056 INFO tempest.lib.common.rest_client [req-9941ab22-94c5-4047-9c6b-7111f46e99f8 req-9941ab22-94c5-4047-9c6b-7111f46e99f8 ] Request (ImagesOneServerNegativeTestJSON:tearDown): 200 GET http://10.180.1.21/compute/v2.1/servers/f157b555-daed-4723-b1b0-4571d0e539bd 0.351s
2025-12-09 01:21:04.896 67056 INFO tempest.common.waiters [-] State transition "ACTIVE/image_uploading" ==> "ACTIVE/None" after 7 second wait
2025-12-09 01:21:05.021 67052 INFO tempest.lib.common.rest_client [req-44dfc267-d804-4aa2-9a5a-9437893bb78c req-44dfc267-d804-4aa2-9a5a-9437893bb78c ] Request (ServerRescueTestJSON:tearDownClass): 200 GET http://10.180.1.21/compute/v2.1/servers/e0f82a16-b475-48db-9865-454a97f158f4 0.433s
2025-12-09 01:21:05.042 67084 WARNING tempest.lib.common.ssh [-] Failed to establish authenticated ssh connection to cirros@10.180.180.171 ([Errno None] Unable to connect to port 22 on 10.180.180.171). Number attempts: 6. Retry after 7 seconds.: paramiko.ssh_exception.NoValidConnectionsError: [Errno None] Unable to connect to port 22 on 10.180.180.171
2025-12-09 01:21:05.048 67092 INFO tempest.lib.common.rest_client [req-59ffae35-ce87-4387-933d-0ec7cc350c61 req-59ffae35-ce87-4387-933d-0ec7cc350c61 ] Request (ServerAddressesNegativeTestJSON:setUpClass): 200 GET http://10.180.1.21/compute/v2.1/servers/0a766e11-c92d-429a-b8f9-b5f88a683f74 0.417s
2025-12-09 01:21:05.091 67058 INFO tempest.lib.common.rest_client [req-ca9679ac-f993-4ad1-832e-79e839258764 req-ca9679ac-f993-4ad1-832e-79e839258764 ] Request (ServerActionsTestOtherA:setUpClass): 200 GET http://10.180.1.21/compute/v2.1/servers/f1404aae-e198-4984-86bb-48e588e25006 0.418s
2025-12-09 01:21:05.108 67080 INFO tempest.lib.common.rest_client [req-ea25a71e-c86e-4bf9-8446-79a40f7d315c req-ea25a71e-c86e-4bf9-8446-79a40f7d315c ] Request (ListImageFiltersTestJSON:tearDownClass): 200 GET http://10.180.1.21/compute/v2.1/servers/921e2292-7a5f-49c7-a2bb-310574c10884 0.465s
2025-12-09 01:21:05.159 67066 INFO tempest.lib.common.rest_client [req-f300d8ef-c416-4626-8b57-f5ee9c5fa243 req-f300d8ef-c416-4626-8b57-f5ee9c5fa243 ] Request (ImagesTestJSON:test_create_server_from_snapshot): 200 GET http://10.180.1.21/compute/v2.1/servers/bf9ef19e-38d7-475d-968c-85a199ae225d 0.465s
2025-12-09 01:21:05.180 67064 INFO tempest.lib.common.rest_client [req-e88d1524-5703-4b2a-b623-ce8dc9983580 req-e88d1524-5703-4b2a-b623-ce8dc9983580 ] Request (ServerActionsV293TestJSON:setUpClass): 200 GET http://10.180.1.21/compute/v2.1/servers/5e5883a3-af0f-4e0e-9285-1a0277825d06 0.461s
2025-12-09 01:21:05.232 67046 INFO tempest.lib.common.rest_client [req-b6403235-583e-4b77-959b-218a7174cec4 req-b6403235-583e-4b77-959b-218a7174cec4 ] Request (ServersListShow2100Test:test_list_show_rebuild_update_server_2100): 200 GET http://10.180.1.21/compute/v2.1/servers/f25645a7-2eb2-4011-91bb-d78a13dbaff6 0.443s
2025-12-09 01:21:05.260 67056 INFO tempest.lib.common.rest_client [req-9bb42730-4711-4cc4-819b-a57f6220f617 req-9bb42730-4711-4cc4-819b-a57f6220f617 ] Request (ImagesOneServerNegativeTestJSON:_run_cleanups): 204 DELETE http://10.180.1.21/compute/v2.1/servers/f157b555-daed-4723-b1b0-4571d0e539bd 0.363s
2025-12-09 01:21:05.291 67068 INFO tempest.lib.common.rest_client [req-93686ae9-3abd-4c23-98d4-18fb52ae60c5 req-93686ae9-3abd-4c23-98d4-18fb52ae60c5 ] Request (ServersAdminTestJSON:tearDownClass): 404 GET http://10.180.1.21/compute/v2.1/servers/d121d952-7c47-481c-84a0-884a581c90a3 0.208s
2025-12-09 01:21:05.305 67072 INFO tempest.lib.common.rest_client [req-44fc9834-6e0d-449d-b179-d408b1a94fd9 req-44fc9834-6e0d-449d-b179-d408b1a94fd9 ] Request (ServersTestManualDisk:tearDownClass): 200 GET http://10.180.1.21/compute/v2.1/servers/a5af2b0e-de51-430a-8e2b-752dcaa09722 0.282s
2025-12-09 01:21:05.469 67088 INFO tempest.lib.common.rest_client [req-d3e6bd9a-26f2-4a55-b0bc-202aaddb7543 req-d3e6bd9a-26f2-4a55-b0bc-202aaddb7543 ] Request (ServerRescueNegativeTestJSON:test_rescued_vm_detach_volume): 200 PUT http://10.180.1.21/networking/v2.0/floatingips/d67a6208-0d6c-46a3-92f3-9d494bcfe9d7 1.084s
2025-12-09 01:21:05.470 67088 INFO tempest.lib.common.ssh [-] Creating ssh connection to '10.180.180.227:22' as 'cirros' with public key authentication
2025-12-09 01:21:05.481 67094 INFO tempest.lib.common.rest_client [req-667f7508-979c-4403-b4b4-27798a728cec req-667f7508-979c-4403-b4b4-27798a728cec ] Request (AttachVolumeShelveTestJSON:test_attach_volume_shelved_or_offload_server): 200 GET http://10.180.1.21/compute/v2.1/servers/1b34b298-6e7d-437e-863e-aed4a08543ea 0.246s
2025-12-09 01:21:05.490 67094 INFO tempest.common.waiters [-] State transition "SHELVED/shelving_offloading" ==> "SHELVED_OFFLOADED/None" after 25 second wait
2025-12-09 01:21:05.497 67056 INFO tempest.lib.common.rest_client [req-e9e8f562-97fd-4686-aee7-773746a6b24e req-e9e8f562-97fd-4686-aee7-773746a6b24e ] Request (ImagesOneServerNegativeTestJSON:_run_cleanups): 200 GET http://10.180.1.21/compute/v2.1/servers/f157b555-daed-4723-b1b0-4571d0e539bd 0.235s
2025-12-09 01:21:05.569 67068 INFO tempest.lib.common.rest_client [req-ed7cb144-bdef-4c4e-ae89-a2c805e08c33 req-ed7cb144-bdef-4c4e-ae89-a2c805e08c33 ] Request (ServersAdminTestJSON:tearDownClass): 204 DELETE http://10.180.1.21/compute/v2.1/servers/6904a9ab-7e9e-47d0-bb81-cc3712a50e42 0.277s
2025-12-09 01:21:05.715 67094 INFO tempest.lib.common.rest_client [req-e8db4d45-17cf-4f46-9a44-5b8d136a18d4 req-e8db4d45-17cf-4f46-9a44-5b8d136a18d4 ] Request (AttachVolumeShelveTestJSON:test_attach_volume_shelved_or_offload_server): 200 POST http://10.180.1.21/compute/v2.1/servers/1b34b298-6e7d-437e-863e-aed4a08543ea/os-volume_attachments 0.225s
2025-12-09 01:21:05.748 67094 INFO tempest.lib.common.rest_client [req-4e574d49-b268-40c0-b4f1-3bbb5f3927c1 req-4e574d49-b268-40c0-b4f1-3bbb5f3927c1 ] Request (AttachVolumeShelveTestJSON:test_attach_volume_shelved_or_offload_server): 200 GET http://10.180.1.21/volume/v3/volumes/1a6c9455-9346-4002-83cc-3ca1477af317 0.030s
2025-12-09 01:21:05.760 67094 INFO tempest.common.waiters [-] Attachment e6ee4fae-2c9d-4b35-a360-fe30690f9da1 created for volume 1a6c9455-9346-4002-83cc-3ca1477af317 to server 1b34b298-6e7d-437e-863e-aed4a08543ea after waiting for 0.760506 seconds
2025-12-09 01:21:05.761 67068 INFO tempest.lib.common.rest_client [req-7b77365d-e860-4e9f-9dfc-f697a95dc2d5 req-7b77365d-e860-4e9f-9dfc-f697a95dc2d5 ] Request (ServersAdminTestJSON:tearDownClass): 200 GET http://10.180.1.21/compute/v2.1/servers/6904a9ab-7e9e-47d0-bb81-cc3712a50e42 0.192s
2025-12-09 01:21:05.787 67079 INFO tempest.lib.common.rest_client [req-b18eefe9-5691-4fb4-96c7-41509969b3e2 req-b18eefe9-5691-4fb4-96c7-41509969b3e2 ] Request (AttachInterfacesTestJSON:_run_cleanups): 200 GET http://10.180.1.21/compute/v2.1/servers/c0bed061-82c4-438e-a609-5a330654f8b5 0.098s
2025-12-09 01:21:05.795 67094 INFO tempest.lib.common.rest_client [req-4e91e1ca-472e-41d8-9048-4fd92279ecdb req-4e91e1ca-472e-41d8-9048-4fd92279ecdb ] Request (AttachVolumeShelveTestJSON:test_attach_volume_shelved_or_offload_server): 200 GET http://10.180.1.21/volume/v3/volumes/1a6c9455-9346-4002-83cc-3ca1477af317 0.034s
2025-12-09 01:21:05.804 67094 INFO tempest.common.waiters [-] volume 1a6c9455-9346-4002-83cc-3ca1477af317 reached in-use after waiting for 0.804132 seconds
2025-12-09 01:21:05.826 67082 INFO tempest.lib.common.rest_client [req-2d52a5da-adf8-4f4b-ad8f-14f98a52d879 req-2d52a5da-adf8-4f4b-ad8f-14f98a52d879 ] Request (MultipleCreateTestJSON:test_multiple_create): 200 GET http://10.180.1.21/compute/v2.1/servers/107288e9-b731-4319-aea2-8ee009b4c789 0.085s
2025-12-09 01:21:05.833 67082 INFO tempest.common.waiters [-] State transition "BUILD/scheduling" ==> "BUILD/None" after 1 second wait
2025-12-09 01:21:05.884 67062 WARNING tempest.lib.common.ssh [-] Failed to establish authenticated ssh connection to cirros@10.180.180.244 ([Errno None] Unable to connect to port 22 on 10.180.180.244). Number attempts: 4. Retry after 5 seconds.: paramiko.ssh_exception.NoValidConnectionsError: [Errno None] Unable to connect to port 22 on 10.180.180.244
2025-12-09 01:21:05.893 67094 INFO tempest.lib.common.rest_client [req-e3c244e9-3646-47cb-b4be-8abd05baa077 req-e3c244e9-3646-47cb-b4be-8abd05baa077 ] Request (AttachVolumeShelveTestJSON:test_attach_volume_shelved_or_offload_server): 202 POST http://10.180.1.21/compute/v2.1/servers/1b34b298-6e7d-437e-863e-aed4a08543ea/action 0.089s
2025-12-09 01:21:05.939 67104 INFO tempest.lib.common.rest_client [req-40caac65-f24c-411f-80a9-b7508e82074e req-40caac65-f24c-411f-80a9-b7508e82074e ] Request (MigrationsAdminTest:tearDownClass): 200 GET http://10.180.1.21/compute/v2.1/servers/ec0bf743-1bd4-4af7-b596-3691b2f1eb8d 0.080s
2025-12-09 01:21:06.025 67094 INFO tempest.lib.common.rest_client [req-76acfc85-fafc-43e9-bb8e-5aac55e1af0d req-76acfc85-fafc-43e9-bb8e-5aac55e1af0d ] Request (AttachVolumeShelveTestJSON:test_attach_volume_shelved_or_offload_server): 200 GET http://10.180.1.21/compute/v2.1/servers/1b34b298-6e7d-437e-863e-aed4a08543ea 0.131s
2025-12-09 01:21:06.203 67052 INFO tempest.lib.common.rest_client [req-a6b0b568-85c9-4eb7-a5be-64af7c858617 req-a6b0b568-85c9-4eb7-a5be-64af7c858617 ] Request (ServerRescueTestJSON:tearDownClass): 200 GET http://10.180.1.21/compute/v2.1/servers/e0f82a16-b475-48db-9865-454a97f158f4 0.173s
2025-12-09 01:21:06.204 67092 INFO tempest.lib.common.rest_client [req-c8c2ccb5-0496-445d-a559-8df114761d19 req-c8c2ccb5-0496-445d-a559-8df114761d19 ] Request (ServerAddressesNegativeTestJSON:setUpClass): 200 GET http://10.180.1.21/compute/v2.1/servers/0a766e11-c92d-429a-b8f9-b5f88a683f74 0.147s
2025-12-09 01:21:06.265 67058 INFO tempest.lib.common.rest_client [req-47228ef5-04bb-4a8f-8a5e-eb7c446a061f req-47228ef5-04bb-4a8f-8a5e-eb7c446a061f ] Request (ServerActionsTestOtherA:setUpClass): 200 GET http://10.180.1.21/compute/v2.1/servers/f1404aae-e198-4984-86bb-48e588e25006 0.159s
2025-12-09 01:21:06.275 67058 INFO tempest.common.waiters [-] State transition "BUILD/scheduling" ==> "BUILD/None" after 1 second wait
2025-12-09 01:21:06.290 67080 INFO tempest.lib.common.rest_client [req-c0041c5d-98a2-413f-882d-d9cb5815da9b req-c0041c5d-98a2-413f-882d-d9cb5815da9b ] Request (ListImageFiltersTestJSON:tearDownClass): 200 GET http://10.180.1.21/compute/v2.1/servers/921e2292-7a5f-49c7-a2bb-310574c10884 0.170s
2025-12-09 01:21:06.339 67066 INFO tempest.lib.common.rest_client [req-9d5b8216-9eb3-4be9-92a2-4b8f0c207749 req-9d5b8216-9eb3-4be9-92a2-4b8f0c207749 ] Request (ImagesTestJSON:test_create_server_from_snapshot): 200 GET http://10.180.1.21/compute/v2.1/servers/bf9ef19e-38d7-475d-968c-85a199ae225d 0.171s
2025-12-09 01:21:06.366 67064 INFO tempest.lib.common.rest_client [req-6f91f565-646d-4ba7-9eac-dbc33ee86b24 req-6f91f565-646d-4ba7-9eac-dbc33ee86b24 ] Request (ServerActionsV293TestJSON:setUpClass): 200 GET http://10.180.1.21/compute/v2.1/servers/5e5883a3-af0f-4e0e-9285-1a0277825d06 0.170s
2025-12-09 01:21:06.415 67046 INFO tempest.lib.common.rest_client [req-fdc87615-35d2-4fbd-9c94-e8ba392f3c47 req-fdc87615-35d2-4fbd-9c94-e8ba392f3c47 ] Request (ServersListShow2100Test:test_list_show_rebuild_update_server_2100): 200 GET http://10.180.1.21/compute/v2.1/servers/f25645a7-2eb2-4011-91bb-d78a13dbaff6 0.168s
2025-12-09 01:21:06.426 67072 INFO tempest.lib.common.rest_client [req-7a9f1746-242e-4a01-85ed-16a0002d38f6 req-7a9f1746-242e-4a01-85ed-16a0002d38f6 ] Request (ServersTestManualDisk:tearDownClass): 200 GET http://10.180.1.21/compute/v2.1/servers/a5af2b0e-de51-430a-8e2b-752dcaa09722 0.111s
2025-12-09 01:21:06.629 67056 INFO tempest.lib.common.rest_client [req-00a4fe31-1151-46a8-841b-9da1af8cccd1 req-00a4fe31-1151-46a8-841b-9da1af8cccd1 ] Request (ImagesOneServerNegativeTestJSON:_run_cleanups): 200 GET http://10.180.1.21/compute/v2.1/servers/f157b555-daed-4723-b1b0-4571d0e539bd 0.123s
2025-12-09 01:21:06.917 67079 INFO tempest.lib.common.rest_client [req-c27fa02d-1cb8-4285-a8d2-2bd7b5dd04ef req-c27fa02d-1cb8-4285-a8d2-2bd7b5dd04ef ] Request (AttachInterfacesTestJSON:_run_cleanups): 200 GET http://10.180.1.21/compute/v2.1/servers/c0bed061-82c4-438e-a609-5a330654f8b5 0.120s
2025-12-09 01:21:06.944 67068 INFO tempest.lib.common.rest_client [req-c797782f-bfb6-4dd6-90a2-e08016e5fe06 req-c797782f-bfb6-4dd6-90a2-e08016e5fe06 ] Request (ServersAdminTestJSON:tearDownClass): 200 GET http://10.180.1.21/compute/v2.1/servers/6904a9ab-7e9e-47d0-bb81-cc3712a50e42 0.172s
2025-12-09 01:21:06.973 67082 INFO tempest.lib.common.rest_client [req-aa5643a9-d3a9-4669-bf2d-09888b0dc186 req-aa5643a9-d3a9-4669-bf2d-09888b0dc186 ] Request (MultipleCreateTestJSON:test_multiple_create): 200 GET http://10.180.1.21/compute/v2.1/servers/107288e9-b731-4319-aea2-8ee009b4c789 0.138s
2025-12-09 01:21:07.043 67104 INFO tempest.lib.common.rest_client [req-0cb7144d-4879-42cc-ac14-f770847dd566 req-0cb7144d-4879-42cc-ac14-f770847dd566 ] Request (MigrationsAdminTest:tearDownClass): 200 GET http://10.180.1.21/compute/v2.1/servers/ec0bf743-1bd4-4af7-b596-3691b2f1eb8d 0.093s
2025-12-09 01:21:07.137 67094 INFO tempest.lib.common.rest_client [req-eb7c878a-6a21-4061-99a5-3564d5399558 req-eb7c878a-6a21-4061-99a5-3564d5399558 ] Request (AttachVolumeShelveTestJSON:test_attach_volume_shelved_or_offload_server): 200 GET http://10.180.1.21/compute/v2.1/servers/1b34b298-6e7d-437e-863e-aed4a08543ea 0.097s
2025-12-09 01:21:07.272 67052 INFO tempest.lib.common.rest_client [req-459209c1-31e0-4d8a-970c-67d0cf96d36a req-459209c1-31e0-4d8a-970c-67d0cf96d36a ] Request (ServerRescueTestJSON:tearDownClass): 200 GET http://10.180.1.21/compute/v2.1/servers/e0f82a16-b475-48db-9865-454a97f158f4 0.052s
2025-12-09 01:21:07.345 67058 INFO tempest.lib.common.rest_client [req-32fb8706-00d5-441c-9eb7-b3767e268173 req-32fb8706-00d5-441c-9eb7-b3767e268173 ] Request (ServerActionsTestOtherA:setUpClass): 200 GET http://10.180.1.21/compute/v2.1/servers/f1404aae-e198-4984-86bb-48e588e25006 0.068s
2025-12-09 01:21:07.358 67092 INFO tempest.lib.common.rest_client [req-30039e38-a409-4123-801f-fa3017937f87 req-30039e38-a409-4123-801f-fa3017937f87 ] Request (ServerAddressesNegativeTestJSON:setUpClass): 200 GET http://10.180.1.21/compute/v2.1/servers/0a766e11-c92d-429a-b8f9-b5f88a683f74 0.146s
2025-12-09 01:21:07.413 67066 INFO tempest.lib.common.rest_client [req-de9bc709-80c4-4053-bd69-da220eca348e req-de9bc709-80c4-4053-bd69-da220eca348e ] Request (ImagesTestJSON:test_create_server_from_snapshot): 200 GET http://10.180.1.21/compute/v2.1/servers/bf9ef19e-38d7-475d-968c-85a199ae225d 0.065s
2025-12-09 01:21:07.416 67080 INFO tempest.lib.common.rest_client [req-46c672e9-f4b7-47dd-86c9-1072182bae32 req-46c672e9-f4b7-47dd-86c9-1072182bae32 ] Request (ListImageFiltersTestJSON:tearDownClass): 200 GET http://10.180.1.21/compute/v2.1/servers/921e2292-7a5f-49c7-a2bb-310574c10884 0.116s
2025-12-09 01:21:07.480 67064 INFO tempest.lib.common.rest_client [req-5f296a5e-46e2-4782-b1e3-394d7eb2b465 req-5f296a5e-46e2-4782-b1e3-394d7eb2b465 ] Request (ServerActionsV293TestJSON:setUpClass): 200 GET http://10.180.1.21/compute/v2.1/servers/5e5883a3-af0f-4e0e-9285-1a0277825d06 0.100s
2025-12-09 01:21:07.507 67046 INFO tempest.lib.common.rest_client [req-b8958a21-2004-48d7-9578-d8e9c1b8e0fa req-b8958a21-2004-48d7-9578-d8e9c1b8e0fa ] Request (ServersListShow2100Test:test_list_show_rebuild_update_server_2100): 200 GET http://10.180.1.21/compute/v2.1/servers/f25645a7-2eb2-4011-91bb-d78a13dbaff6 0.078s
2025-12-09 01:21:07.540 67072 INFO tempest.lib.common.rest_client [req-ac1dfbf1-b7cf-4083-bab1-20b2b2f708b1 req-ac1dfbf1-b7cf-4083-bab1-20b2b2f708b1 ] Request (ServersTestManualDisk:tearDownClass): 200 GET http://10.180.1.21/compute/v2.1/servers/a5af2b0e-de51-430a-8e2b-752dcaa09722 0.105s
2025-12-09 01:21:07.761 67056 INFO tempest.lib.common.rest_client [req-937334ed-68d0-48f1-8c74-4932e7759290 req-937334ed-68d0-48f1-8c74-4932e7759290 ] Request (ImagesOneServerNegativeTestJSON:_run_cleanups): 200 GET http://10.180.1.21/compute/v2.1/servers/f157b555-daed-4723-b1b0-4571d0e539bd 0.123s
2025-12-09 01:21:08.028 67079 INFO tempest.lib.common.rest_client [req-373bf2ce-d6d9-48dc-9a0f-19a84f1c59f9 req-373bf2ce-d6d9-48dc-9a0f-19a84f1c59f9 ] Request (AttachInterfacesTestJSON:_run_cleanups): 200 GET http://10.180.1.21/compute/v2.1/servers/c0bed061-82c4-438e-a609-5a330654f8b5 0.101s
2025-12-09 01:21:08.030 67068 INFO tempest.lib.common.rest_client [req-6519bcd6-bdaf-423a-a3a0-6d5985577634 req-6519bcd6-bdaf-423a-a3a0-6d5985577634 ] Request (ServersAdminTestJSON:tearDownClass): 200 GET http://10.180.1.21/compute/v2.1/servers/6904a9ab-7e9e-47d0-bb81-cc3712a50e42 0.077s
2025-12-09 01:21:08.076 67104 INFO tempest.lib.common.rest_client [req-c1796d02-4b57-47fd-acc2-a8a2cc99a877 req-c1796d02-4b57-47fd-acc2-a8a2cc99a877 ] Request (MigrationsAdminTest:tearDownClass): 404 GET http://10.180.1.21/compute/v2.1/servers/ec0bf743-1bd4-4af7-b596-3691b2f1eb8d 0.024s
2025-12-09 01:21:08.098 67104 INFO tempest.lib.common.rest_client [req-13eca409-7e81-42d9-a1bd-72b7b1a32f44 req-13eca409-7e81-42d9-a1bd-72b7b1a32f44 ] Request (MigrationsAdminTest:tearDownClass): 202 DELETE http://10.180.1.21/compute/v2.1/os-keypairs/tempest-keypair-592833369 0.022s
2025-12-09 01:21:08.302 67082 INFO tempest.lib.common.rest_client [req-2700a175-a9ee-4e7b-8299-41a44b5e5394 req-2700a175-a9ee-4e7b-8299-41a44b5e5394 ] Request (MultipleCreateTestJSON:test_multiple_create): 200 GET http://10.180.1.21/compute/v2.1/servers/107288e9-b731-4319-aea2-8ee009b4c789 0.321s
2025-12-09 01:21:08.420 67104 INFO tempest.lib.common.rest_client [req-50466efd-a730-4a75-8004-88f443ac4476 req-50466efd-a730-4a75-8004-88f443ac4476 ] Request (MigrationsAdminTest:tearDownClass): 204 DELETE http://10.180.1.21/networking/v2.0/security-groups/256a9aef-98ef-417c-8137-0ff23b4937b2 0.321s
2025-12-09 01:21:08.482 67052 INFO tempest.lib.common.rest_client [req-81efb04b-e7a0-4dc3-a302-041dd13bb66b req-81efb04b-e7a0-4dc3-a302-041dd13bb66b ] Request (ServerRescueTestJSON:tearDownClass): 200 GET http://10.180.1.21/compute/v2.1/servers/e0f82a16-b475-48db-9865-454a97f158f4 0.201s
2025-12-09 01:21:08.489 67052 INFO tempest.common.waiters [-] State transition "RESCUE/deleting" ==> "DELETED/None" after 3 second wait
2025-12-09 01:21:08.508 67104 INFO tempest.lib.common.rest_client [req-fea31907-8305-45fa-bbac-25d0b626abbe req-fea31907-8305-45fa-bbac-25d0b626abbe ] Request (MigrationsAdminTest:tearDownClass): 404 GET http://10.180.1.21/networking/v2.0/security-groups/256a9aef-98ef-417c-8137-0ff23b4937b2 0.088s
2025-12-09 01:21:08.607 67094 INFO tempest.lib.common.rest_client [req-4282953d-0532-4e4e-98ef-941a2f805d09 req-4282953d-0532-4e4e-98ef-941a2f805d09 ] Request (AttachVolumeShelveTestJSON:test_attach_volume_shelved_or_offload_server): 200 GET http://10.180.1.21/compute/v2.1/servers/1b34b298-6e7d-437e-863e-aed4a08543ea 0.460s
2025-12-09 01:21:08.855 67104 INFO tempest.lib.common.rest_client [req-5b6f5c7a-3b9d-48cf-86fb-08b28028b2d8 req-5b6f5c7a-3b9d-48cf-86fb-08b28028b2d8 ] Request (MigrationsAdminTest:tearDownClass): 204 DELETE http://10.180.1.21/networking/v2.0/floatingips/c37dfc6d-bac4-4b3e-82ea-0cb97733ded9 0.346s
2025-12-09 01:21:08.876 67058 INFO tempest.lib.common.rest_client [req-c4e9823f-2239-405a-9f1a-7e1af67ef074 req-c4e9823f-2239-405a-9f1a-7e1af67ef074 ] Request (ServerActionsTestOtherA:setUpClass): 200 GET http://10.180.1.21/compute/v2.1/servers/f1404aae-e198-4984-86bb-48e588e25006 0.521s
2025-12-09 01:21:08.956 67066 INFO tempest.lib.common.rest_client [req-5c229b51-ff0a-495d-881c-2b840d68a85b req-5c229b51-ff0a-495d-881c-2b840d68a85b ] Request (ImagesTestJSON:test_create_server_from_snapshot): 200 GET http://10.180.1.21/compute/v2.1/servers/bf9ef19e-38d7-475d-968c-85a199ae225d 0.533s
2025-12-09 01:21:08.999 67092 INFO tempest.lib.common.rest_client [req-e24be350-172f-4c24-86fb-92a2817ec5bc req-e24be350-172f-4c24-86fb-92a2817ec5bc ] Request (ServerAddressesNegativeTestJSON:setUpClass): 200 GET http://10.180.1.21/compute/v2.1/servers/0a766e11-c92d-429a-b8f9-b5f88a683f74 0.632s
2025-12-09 01:21:09.041 67080 INFO tempest.lib.common.rest_client [req-aad092fc-666b-4c93-a155-700f3c2be45d req-aad092fc-666b-4c93-a155-700f3c2be45d ] Request (ListImageFiltersTestJSON:tearDownClass): 200 GET http://10.180.1.21/compute/v2.1/servers/921e2292-7a5f-49c7-a2bb-310574c10884 0.617s
2025-12-09 01:21:09.157 67046 INFO tempest.lib.common.rest_client [req-f0697c1d-7751-4f0a-a9b2-2b53e899eb1a req-f0697c1d-7751-4f0a-a9b2-2b53e899eb1a ] Request (ServersListShow2100Test:test_list_show_rebuild_update_server_2100): 200 GET http://10.180.1.21/compute/v2.1/servers/f25645a7-2eb2-4011-91bb-d78a13dbaff6 0.636s
2025-12-09 01:21:09.178 67064 INFO tempest.lib.common.rest_client [req-9ee861c2-5f80-4e93-993a-179c1562ed3b req-9ee861c2-5f80-4e93-993a-179c1562ed3b ] Request (ServerActionsV293TestJSON:setUpClass): 200 GET http://10.180.1.21/compute/v2.1/servers/5e5883a3-af0f-4e0e-9285-1a0277825d06 0.685s
2025-12-09 01:21:09.187 67064 INFO tempest.common.waiters [-] State transition "BUILD/None" ==> "BUILD/block_device_mapping" after 24 second wait
2025-12-09 01:21:09.212 67072 INFO tempest.lib.common.rest_client [req-a7769225-f9ec-47fb-af11-3b9a0598ed98 req-a7769225-f9ec-47fb-af11-3b9a0598ed98 ] Request (ServersTestManualDisk:tearDownClass): 200 GET http://10.180.1.21/compute/v2.1/servers/a5af2b0e-de51-430a-8e2b-752dcaa09722 0.663s
2025-12-09 01:21:09.224 67056 INFO tempest.lib.common.rest_client [req-43b2405e-bde6-495e-9bce-856536ee5bf9 req-43b2405e-bde6-495e-9bce-856536ee5bf9 ] Request (ImagesOneServerNegativeTestJSON:_run_cleanups): 200 GET http://10.180.1.21/compute/v2.1/servers/f157b555-daed-4723-b1b0-4571d0e539bd 0.452s
2025-12-09 01:21:09.284 67079 INFO tempest.lib.common.rest_client [req-61b14ee7-f7ba-4c0b-8c05-b14c5860e538 req-61b14ee7-f7ba-4c0b-8c05-b14c5860e538 ] Request (AttachInterfacesTestJSON:_run_cleanups): 200 GET http://10.180.1.21/compute/v2.1/servers/c0bed061-82c4-438e-a609-5a330654f8b5 0.248s
2025-12-09 01:21:09.296 67104 INFO tempest.lib.common.rest_client [req-ed3b1be0-b76e-412d-ac70-ff115ed8293b req-ed3b1be0-b76e-412d-ac70-ff115ed8293b ] Request (MigrationsAdminTest:tearDownClass): 204 DELETE http://10.180.1.21/compute/v2.1/servers/d3e6f0c4-5fdf-4e0a-bc17-b04dc329bfc9 0.440s
2025-12-09 01:21:09.428 67068 INFO tempest.lib.common.rest_client [req-c49766e4-a445-48f6-8f54-224ac32fa06f req-c49766e4-a445-48f6-8f54-224ac32fa06f ] Request (ServersAdminTestJSON:tearDownClass): 200 GET http://10.180.1.21/compute/v2.1/servers/6904a9ab-7e9e-47d0-bb81-cc3712a50e42 0.386s
2025-12-09 01:21:09.435 67068 INFO tempest.common.waiters [-] State transition "ACTIVE/deleting" ==> "DELETED/None" after 4 second wait
2025-12-09 01:21:09.451 67104 INFO tempest.lib.common.rest_client [req-ea6f7142-7ce2-4da2-b923-01d210b3b23d req-ea6f7142-7ce2-4da2-b923-01d210b3b23d ] Request (MigrationsAdminTest:tearDownClass): 200 GET http://10.180.1.21/compute/v2.1/servers/d3e6f0c4-5fdf-4e0a-bc17-b04dc329bfc9 0.154s
2025-12-09 01:21:09.482 67082 INFO tempest.lib.common.rest_client [req-09dd2308-894d-463f-81fc-b938e3e732c5 req-09dd2308-894d-463f-81fc-b938e3e732c5 ] Request (MultipleCreateTestJSON:test_multiple_create): 200 GET http://10.180.1.21/compute/v2.1/servers/107288e9-b731-4319-aea2-8ee009b4c789 0.172s
2025-12-09 01:21:09.555 67052 INFO tempest.lib.common.rest_client [req-5409d179-818f-4ebd-b042-743ae0cd470c req-5409d179-818f-4ebd-b042-743ae0cd470c ] Request (ServerRescueTestJSON:tearDownClass): 200 GET http://10.180.1.21/compute/v2.1/servers/e0f82a16-b475-48db-9865-454a97f158f4 0.064s
2025-12-09 01:21:09.575 67088 WARNING tempest.lib.common.ssh [-] Failed to establish authenticated ssh connection to cirros@10.180.180.227 ([Errno None] Unable to connect to port 22 on 10.180.180.227). Number attempts: 1. Retry after 2 seconds.: paramiko.ssh_exception.NoValidConnectionsError: [Errno None] Unable to connect to port 22 on 10.180.180.227
2025-12-09 01:21:09.718 67094 INFO tempest.lib.common.rest_client [req-23d96512-6b02-429b-a4ac-6c8f643885e2 req-23d96512-6b02-429b-a4ac-6c8f643885e2 ] Request (AttachVolumeShelveTestJSON:test_attach_volume_shelved_or_offload_server): 200 GET http://10.180.1.21/compute/v2.1/servers/1b34b298-6e7d-437e-863e-aed4a08543ea 0.099s
2025-12-09 01:21:09.937 67058 INFO tempest.lib.common.rest_client [req-6e436731-1665-4e6f-9221-8c58592ee61a req-6e436731-1665-4e6f-9221-8c58592ee61a ] Request (ServerActionsTestOtherA:setUpClass): 200 GET http://10.180.1.21/compute/v2.1/servers/f1404aae-e198-4984-86bb-48e588e25006 0.053s
2025-12-09 01:21:10.018 67066 INFO tempest.lib.common.rest_client [req-96f5a24c-82b2-4ce5-8580-32107cd1d609 req-96f5a24c-82b2-4ce5-8580-32107cd1d609 ] Request (ImagesTestJSON:test_create_server_from_snapshot): 200 GET http://10.180.1.21/compute/v2.1/servers/bf9ef19e-38d7-475d-968c-85a199ae225d 0.050s
2025-12-09 01:21:10.123 67092 INFO tempest.lib.common.rest_client [req-48447d0d-b80f-4f91-8d62-fc94c44982e0 req-48447d0d-b80f-4f91-8d62-fc94c44982e0 ] Request (ServerAddressesNegativeTestJSON:setUpClass): 200 GET http://10.180.1.21/compute/v2.1/servers/0a766e11-c92d-429a-b8f9-b5f88a683f74 0.115s
2025-12-09 01:21:10.141 67080 INFO tempest.lib.common.rest_client [req-4fce266d-ea0f-40eb-8674-1d8c06349687 req-4fce266d-ea0f-40eb-8674-1d8c06349687 ] Request (ListImageFiltersTestJSON:tearDownClass): 200 GET http://10.180.1.21/compute/v2.1/servers/921e2292-7a5f-49c7-a2bb-310574c10884 0.089s
2025-12-09 01:21:10.245 67046 INFO tempest.lib.common.rest_client [req-e346c372-fd4a-4195-a19e-daa5eb5f43ad req-e346c372-fd4a-4195-a19e-daa5eb5f43ad ] Request (ServersListShow2100Test:test_list_show_rebuild_update_server_2100): 200 GET http://10.180.1.21/compute/v2.1/servers/f25645a7-2eb2-4011-91bb-d78a13dbaff6 0.074s
2025-12-09 01:21:10.325 67072 INFO tempest.lib.common.rest_client [req-b98ae442-8cd1-402b-b422-e4c104a7157f req-b98ae442-8cd1-402b-b422-e4c104a7157f ] Request (ServersTestManualDisk:tearDownClass): 200 GET http://10.180.1.21/compute/v2.1/servers/a5af2b0e-de51-430a-8e2b-752dcaa09722 0.105s
2025-12-09 01:21:10.342 67064 INFO tempest.lib.common.rest_client [req-6b8b9411-b75d-4786-896b-cc0c96d8d957 req-6b8b9411-b75d-4786-896b-cc0c96d8d957 ] Request (ServerActionsV293TestJSON:setUpClass): 200 GET http://10.180.1.21/compute/v2.1/servers/5e5883a3-af0f-4e0e-9285-1a0277825d06 0.154s
2025-12-09 01:21:10.365 67079 INFO tempest.lib.common.rest_client [req-5ad821b0-ebf3-4c4e-860d-e0d1440377f8 req-5ad821b0-ebf3-4c4e-860d-e0d1440377f8 ] Request (AttachInterfacesTestJSON:_run_cleanups): 404 GET http://10.180.1.21/compute/v2.1/servers/c0bed061-82c4-438e-a609-5a330654f8b5 0.070s
2025-12-09 01:21:10.387 67079 INFO tempest.lib.common.rest_client [req-9aad0c9a-e03c-4843-8a74-cbeb1d088376 req-9aad0c9a-e03c-4843-8a74-cbeb1d088376 ] Request (AttachInterfacesTestJSON:_run_cleanups): 202 DELETE http://10.180.1.21/compute/v2.1/os-keypairs/tempest-keypair-1967704664 0.022s
2025-12-09 01:21:10.390 67056 INFO tempest.lib.common.rest_client [req-b095622c-52a4-4d54-979a-e531363fc0c5 req-b095622c-52a4-4d54-979a-e531363fc0c5 ] Request (ImagesOneServerNegativeTestJSON:_run_cleanups): 200 GET http://10.180.1.21/compute/v2.1/servers/f157b555-daed-4723-b1b0-4571d0e539bd 0.158s
2025-12-09 01:21:10.399 67056 INFO tempest.common.waiters [-] State transition "ACTIVE/deleting" ==> "DELETED/None" after 5 second wait
2025-12-09 01:21:10.485 67079 INFO tempest.lib.common.rest_client [req-2e5cc1f5-3bca-451f-a405-5d0d50a1852d req-2e5cc1f5-3bca-451f-a405-5d0d50a1852d ] Request (AttachInterfacesTestJSON:_run_cleanups): 204 DELETE http://10.180.1.21/networking/v2.0/security-groups/7b62f436-676b-4b8b-89eb-ca017c33b71d 0.097s
2025-12-09 01:21:10.495 67079 INFO tempest.lib.common.rest_client [req-e06a30a9-a61b-4235-8b39-221bdbcb7e0d req-e06a30a9-a61b-4235-8b39-221bdbcb7e0d ] Request (AttachInterfacesTestJSON:_run_cleanups): 404 GET http://10.180.1.21/networking/v2.0/security-groups/7b62f436-676b-4b8b-89eb-ca017c33b71d 0.009s
2025-12-09 01:21:10.510 67068 INFO tempest.lib.common.rest_client [req-fa3dd7e6-f007-4526-83c2-35c144c40446 req-fa3dd7e6-f007-4526-83c2-35c144c40446 ] Request (ServersAdminTestJSON:tearDownClass): 200 GET http://10.180.1.21/compute/v2.1/servers/6904a9ab-7e9e-47d0-bb81-cc3712a50e42 0.074s
2025-12-09 01:21:10.574 67054 WARNING tempest.lib.common.ssh [-] Failed to establish authenticated ssh connection to cirros@10.180.180.232 ([Errno None] Unable to connect to port 22 on 10.180.180.232). Number attempts: 7. Retry after 8 seconds.: paramiko.ssh_exception.NoValidConnectionsError: [Errno None] Unable to connect to port 22 on 10.180.180.232
2025-12-09 01:21:10.598 67082 INFO tempest.lib.common.rest_client [req-23f20be2-0f75-4874-9613-6091d3365e26 req-23f20be2-0f75-4874-9613-6091d3365e26 ] Request (MultipleCreateTestJSON:test_multiple_create): 200 GET http://10.180.1.21/compute/v2.1/servers/107288e9-b731-4319-aea2-8ee009b4c789 0.107s
2025-12-09 01:21:10.624 67104 INFO tempest.lib.common.rest_client [req-82e18c23-aa50-4a3c-9ea8-9e1127e11b01 req-82e18c23-aa50-4a3c-9ea8-9e1127e11b01 ] Request (MigrationsAdminTest:tearDownClass): 200 GET http://10.180.1.21/compute/v2.1/servers/d3e6f0c4-5fdf-4e0a-bc17-b04dc329bfc9 0.164s
2025-12-09 01:21:10.668 67052 INFO tempest.lib.common.rest_client [req-c3aed09d-5d44-469d-9e2b-b58bd62b64cc req-c3aed09d-5d44-469d-9e2b-b58bd62b64cc ] Request (ServerRescueTestJSON:tearDownClass): 200 GET http://10.180.1.21/compute/v2.1/servers/e0f82a16-b475-48db-9865-454a97f158f4 0.106s
2025-12-09 01:21:10.711 67079 INFO tempest.lib.common.rest_client [req-88b09098-8773-4e70-a3b0-510b28a765a4 req-88b09098-8773-4e70-a3b0-510b28a765a4 ] Request (AttachInterfacesTestJSON:_run_cleanups): 204 DELETE http://10.180.1.21/networking/v2.0/floatingips/9b462c13-9b6b-4cc9-ac32-287d2b729fa5 0.215s
2025-12-09 01:21:10.754 67079 INFO tempest.lib.common.rest_client [req-c389af75-03ec-4eee-9aca-d49b716bf069 req-c389af75-03ec-4eee-9aca-d49b716bf069 ] Request (ValidationResourcesFixture:setUp): 200 POST http://10.180.1.21/compute/v2.1/os-keypairs 0.041s
2025-12-09 01:21:10.866 67079 INFO tempest.lib.common.rest_client [req-baea17f4-b915-4179-acad-b8af5293e716 req-baea17f4-b915-4179-acad-b8af5293e716 ] Request (ValidationResourcesFixture:setUp): 201 POST http://10.180.1.21/networking/v2.0/security-groups 0.110s
2025-12-09 01:21:10.875 67094 INFO tempest.lib.common.rest_client [req-3901f8d9-104c-47c0-8e1d-7df60f7b14f3 req-3901f8d9-104c-47c0-8e1d-7df60f7b14f3 ] Request (AttachVolumeShelveTestJSON:test_attach_volume_shelved_or_offload_server): 200 GET http://10.180.1.21/compute/v2.1/servers/1b34b298-6e7d-437e-863e-aed4a08543ea 0.147s
2025-12-09 01:21:10.956 67079 INFO tempest.lib.common.rest_client [req-437829d4-9d04-40fb-a398-fbe34b4c8fc5 req-437829d4-9d04-40fb-a398-fbe34b4c8fc5 ] Request (ValidationResourcesFixture:setUp): 201 POST http://10.180.1.21/networking/v2.0/security-group-rules 0.089s
2025-12-09 01:21:11.000 67058 INFO tempest.lib.common.rest_client [req-aef4454c-e608-438c-a69e-b11ae2bc69ed req-aef4454c-e608-438c-a69e-b11ae2bc69ed ] Request (ServerActionsTestOtherA:setUpClass): 200 GET http://10.180.1.21/compute/v2.1/servers/f1404aae-e198-4984-86bb-48e588e25006 0.054s
2025-12-09 01:21:11.047 67079 INFO tempest.lib.common.rest_client [req-03f5ab07-2f2a-4388-af04-a45b6658f078 req-03f5ab07-2f2a-4388-af04-a45b6658f078 ] Request (ValidationResourcesFixture:setUp): 201 POST http://10.180.1.21/networking/v2.0/security-group-rules 0.091s
2025-12-09 01:21:11.082 67066 INFO tempest.lib.common.rest_client [req-5b8fef2f-4378-4e2b-a86e-668629b761a2 req-5b8fef2f-4378-4e2b-a86e-668629b761a2 ] Request (ImagesTestJSON:test_create_server_from_snapshot): 200 GET http://10.180.1.21/compute/v2.1/servers/bf9ef19e-38d7-475d-968c-85a199ae225d 0.054s
2025-12-09 01:21:11.291 67080 INFO tempest.lib.common.rest_client [req-51a92e3a-707e-44fa-bf78-a267102af7e8 req-51a92e3a-707e-44fa-bf78-a267102af7e8 ] Request (ListImageFiltersTestJSON:tearDownClass): 200 GET http://10.180.1.21/compute/v2.1/servers/921e2292-7a5f-49c7-a2bb-310574c10884 0.143s
2025-12-09 01:21:11.315 67092 INFO tempest.lib.common.rest_client [req-1e30e231-1628-4d91-bced-02467d0f5b73 req-1e30e231-1628-4d91-bced-02467d0f5b73 ] Request (ServerAddressesNegativeTestJSON:setUpClass): 200 GET http://10.180.1.21/compute/v2.1/servers/0a766e11-c92d-429a-b8f9-b5f88a683f74 0.180s
2025-12-09 01:21:11.326 67092 INFO tempest.common.waiters [-] State transition "BUILD/spawning" ==> "ACTIVE/None" after 28 second wait
2025-12-09 01:21:11.361 67092 INFO tempest.lib.common.rest_client [req-8040a807-8c53-4893-ac5e-bf4cd602dcd0 req-8040a807-8c53-4893-ac5e-bf4cd602dcd0 ] Request (ServerAddressesNegativeTestJSON:test_list_server_addresses_by_network_neg): 404 GET http://10.180.1.21/compute/v2.1/servers/0a766e11-c92d-429a-b8f9-b5f88a683f74/ips/invalid 0.035s
2025-12-09 01:21:11.374 67046 INFO tempest.lib.common.rest_client [req-53b36602-5810-48d8-aa51-0af262e000f6 req-53b36602-5810-48d8-aa51-0af262e000f6 ] Request (ServersListShow2100Test:test_list_show_rebuild_update_server_2100): 200 GET http://10.180.1.21/compute/v2.1/servers/f25645a7-2eb2-4011-91bb-d78a13dbaff6 0.113s
2025-12-09 01:21:11.391 67062 WARNING tempest.lib.common.ssh [-] Failed to establish authenticated ssh connection to cirros@10.180.180.244 ([Errno None] Unable to connect to port 22 on 10.180.180.244). Number attempts: 5. Retry after 6 seconds.: paramiko.ssh_exception.NoValidConnectionsError: [Errno None] Unable to connect to port 22 on 10.180.180.244
2025-12-09 01:21:11.465 67079 INFO tempest.lib.common.rest_client [req-1980d9e8-e23e-40a8-be16-90765e62b1d2 req-1980d9e8-e23e-40a8-be16-90765e62b1d2 ] Request (ValidationResourcesFixture:setUp): 201 POST http://10.180.1.21/networking/v2.0/floatingips 0.417s
2025-12-09 01:21:11.478 67072 INFO tempest.lib.common.rest_client [req-85a8587a-515c-45fe-ab45-e83a0ff74248 req-85a8587a-515c-45fe-ab45-e83a0ff74248 ] Request (ServersTestManualDisk:tearDownClass): 200 GET http://10.180.1.21/compute/v2.1/servers/a5af2b0e-de51-430a-8e2b-752dcaa09722 0.144s
2025-12-09 01:21:11.485 67092 INFO tempest.lib.common.rest_client [req-3d8e202a-2c80-47a1-823f-93a3f82bdf28 req-3d8e202a-2c80-47a1-823f-93a3f82bdf28 ] Request (ServerAddressesNegativeTestJSON:test_list_server_addresses_invalid_server_id): 404 GET http://10.180.1.21/compute/v2.1/servers/999/ips 0.122s
2025-12-09 01:21:11.514 67064 INFO tempest.lib.common.rest_client [req-d0f73388-5004-4aec-8f8f-94f4b6012735 req-d0f73388-5004-4aec-8f8f-94f4b6012735 ] Request (ServerActionsV293TestJSON:setUpClass): 200 GET http://10.180.1.21/compute/v2.1/servers/5e5883a3-af0f-4e0e-9285-1a0277825d06 0.158s
2025-12-09 01:21:11.525 67064 INFO tempest.common.waiters [-] State transition "BUILD/block_device_mapping" ==> "BUILD/spawning" after 26 second wait
2025-12-09 01:21:11.550 67056 INFO tempest.lib.common.rest_client [req-2ed79ff0-39ef-4f72-abab-229b6fff4b88 req-2ed79ff0-39ef-4f72-abab-229b6fff4b88 ] Request (ImagesOneServerNegativeTestJSON:_run_cleanups): 200 GET http://10.180.1.21/compute/v2.1/servers/f157b555-daed-4723-b1b0-4571d0e539bd 0.151s
2025-12-09 01:21:11.561 67079 INFO tempest.lib.common.rest_client [req-e9d38937-dcbe-4131-b101-7a6b69ec6526 req-e9d38937-dcbe-4131-b101-7a6b69ec6526 ] Request (AttachInterfacesTestJSON:test_create_list_show_delete_interfaces_by_network_port): 201 POST http://10.180.1.21/identity/v3/auth/tokens 0.090s
2025-12-09 01:21:11.562 67079 INFO tempest.lib.common.fixed_network [-] (AttachInterfacesTestJSON:test_create_list_show_delete_interfaces_by_network_port) Found network {'id': 'e118d306-4fe1-4aa2-a823-3487e2ab4198', 'name': 'tempest-AttachInterfacesTestJSON-1595304332-network', 'tenant_id': '142dfacb374e48a49acb20bf58573dfa', 'project_id': '142dfacb374e48a49acb20bf58573dfa', 'admin_state_up': True, 'mtu': 8950, 'status': 'ACTIVE', 'subnets': [], 'shared': False, 'port_security_enabled': True, 'router:external': False, 'provider:network_type': 'vlan', 'provider:physical_network': 'default', 'provider:segmentation_id': 455, 'availability_zone_hints': [], 'availability_zones': [], 'ipv4_address_scope': None, 'ipv6_address_scope': None, 'description': '', 'tags': [], 'created_at': '2025-12-09T01:17:50Z', 'updated_at': '2025-12-09T01:17:50Z', 'revision_number': 1} available for tenant
2025-12-09 01:21:11.585 67092 INFO tempest.lib.common.rest_client [req-a37aebd4-51b9-40bd-81d2-0a7862fb2e99 req-a37aebd4-51b9-40bd-81d2-0a7862fb2e99 ] Request (ServerAddressesNegativeTestJSON:tearDownClass): 204 DELETE http://10.180.1.21/compute/v2.1/servers/0a766e11-c92d-429a-b8f9-b5f88a683f74 0.091s
2025-12-09 01:21:11.610 67068 INFO tempest.lib.common.rest_client [req-7393e2c4-8ed0-44e6-8e37-39d0e09f7d82 req-7393e2c4-8ed0-44e6-8e37-39d0e09f7d82 ] Request (ServersAdminTestJSON:tearDownClass): 200 GET http://10.180.1.21/compute/v2.1/servers/6904a9ab-7e9e-47d0-bb81-cc3712a50e42 0.090s
2025-12-09 01:21:11.758 67092 INFO tempest.lib.common.rest_client [req-0ab07f5f-caf4-4062-8111-4bf2254e9b3d req-0ab07f5f-caf4-4062-8111-4bf2254e9b3d ] Request (ServerAddressesNegativeTestJSON:tearDownClass): 200 GET http://10.180.1.21/compute/v2.1/servers/0a766e11-c92d-429a-b8f9-b5f88a683f74 0.173s
