2025-11-23 05:02:47.209 66401 INFO tempest.lib.common.rest_client [req-4917e097-72db-45ed-9bd0-e7ae60dfd7ed req-4917e097-72db-45ed-9bd0-e7ae60dfd7ed ] Request (ServerShowV247Test:tearDownClass): 204 DELETE http://10.180.1.21/identity/v3/users/0881696b6a4043ae950d117af695b0b3 0.132s
2025-11-23 05:02:47.209 66401 INFO tempest.lib.common.dynamic_creds [-] Deleting project and security group for project: d51d8338e1a04d189615aa0f0aded2aa
2025-11-23 05:02:47.255 66381 INFO tempest.lib.common.rest_client [req-c39294a6-30f1-41af-8e0f-7e782e08e5a7 req-c39294a6-30f1-41af-8e0f-7e782e08e5a7 ] Request (DeleteServersTestJSON:test_delete_server_while_in_attached_volume): 200 GET http://10.180.1.21/compute/v2.1/servers/74d857a9-8f93-441e-92f7-d0e84fd76673 0.286s
2025-11-23 05:02:47.258 66365 INFO tempest.lib.common.rest_client [req-ed530fe7-32d7-47d9-9aea-042e3cfba259 req-ed530fe7-32d7-47d9-9aea-042e3cfba259 ] Request (ServerDiskConfigTestJSON:test_rebuild_server_with_manual_disk_config): 200 GET http://10.180.1.21/compute/v2.1/servers/5f799e00-e640-4599-a202-5226e0af3e62 0.303s
2025-11-23 05:02:47.266 66365 INFO tempest.common.waiters [-] State transition "REBUILD/rebuild_block_device_mapping" ==> "REBUILD/rebuild_spawning" after 4 second wait
2025-11-23 05:02:47.278 66401 INFO tempest.lib.common.rest_client [req-5854f834-e16f-42b4-96d9-95d86661c5e8 req-5854f834-e16f-42b4-96d9-95d86661c5e8 ] Request (ServerShowV247Test:tearDownClass): 201 POST http://10.180.1.21/identity/v3/auth/tokens 0.068s
2025-11-23 05:02:47.342 66389 INFO tempest.lib.common.rest_client [req-30e374ad-1fd9-49bb-954a-ea9cf21469ad req-30e374ad-1fd9-49bb-954a-ea9cf21469ad ] Request (MultipleCreateTestJSON:test_multiple_create): 200 GET http://10.180.1.21/compute/v2.1/servers/12ca4cb2-5fcc-44d7-88bf-c9bd2a5f0ece 0.259s
2025-11-23 05:02:47.365 66384 INFO tempest.lib.common.rest_client [req-d278fca9-cb81-47c0-8ff7-236de7e98b08 req-d278fca9-cb81-47c0-8ff7-236de7e98b08 ] Request (ServersNegativeTestJSON:tearDown): 200 GET http://10.180.1.21/compute/v2.1/servers/4cda2dc3-1eda-46c1-9960-2d0ab9027432 0.310s
2025-11-23 05:02:47.442 66379 INFO tempest.lib.common.rest_client [req-6541de96-7746-4686-b940-2d49b88eb880 req-6541de96-7746-4686-b940-2d49b88eb880 ] Request (MigrationsAdminTest:test_list_migrations_in_flavor_resize_situation): 200 GET http://10.180.1.21/compute/v2.1/servers/3da5e8aa-9304-40a0-8b45-29ac42270087 0.334s
2025-11-23 05:02:47.450 66379 INFO tempest.common.waiters [-] State transition "RESIZE/resize_migrating" ==> "RESIZE/resize_migrated" after 44 second wait
2025-11-23 05:02:47.451 66401 INFO tempest.lib.common.rest_client [req-3a783f4f-fcc2-4d1e-99fd-ba60ca4f4983 req-3a783f4f-fcc2-4d1e-99fd-ba60ca4f4983 ] Request (ServerShowV247Test:tearDownClass): 200 GET http://10.180.1.21/networking/v2.0/security-groups?tenant_id=d51d8338e1a04d189615aa0f0aded2aa&name=default 0.173s
2025-11-23 05:02:47.458 66367 INFO tempest.lib.common.rest_client [req-e3859c51-135c-437e-8c9b-3ba873d4c1a7 req-e3859c51-135c-437e-8c9b-3ba873d4c1a7 ] Request (ServersTestBootFromVolume:tearDownClass): 200 GET http://10.180.1.21/compute/v2.1/servers/c109970b-aa69-4a7e-b13d-588763936cb2 0.299s
2025-11-23 05:02:47.546 66401 INFO tempest.lib.common.rest_client [req-43e345d4-a1f6-4e06-b590-db85ef0a67be req-43e345d4-a1f6-4e06-b590-db85ef0a67be ] Request (ServerShowV247Test:tearDownClass): 204 DELETE http://10.180.1.21/networking/v2.0/security-groups/61cae0f6-767f-4e54-9e7b-2918b48bbbfb 0.094s
2025-11-23 05:02:47.560 66395 INFO tempest.lib.common.rest_client [req-fd47c78a-6972-4bc4-b99b-547e8afe51f7 req-fd47c78a-6972-4bc4-b99b-547e8afe51f7 ] Request (ServersTestManualDisk:tearDownClass): 200 GET http://10.180.1.21/compute/v2.1/servers/6d916f97-95c3-4f3b-a640-fa8e1a020429 0.383s
2025-11-23 05:02:47.579 66363 INFO tempest.lib.common.rest_client [req-85bf8867-a4f9-4cef-acd5-b82847146008 req-85bf8867-a4f9-4cef-acd5-b82847146008 ] Request (ServerRescueNegativeTestJSON:_run_cleanups): 200 GET http://10.180.1.21/compute/v2.1/servers/308a4242-412e-4280-a622-1035f2a5a1d2 0.384s
2025-11-23 05:02:47.624 66401 INFO tempest.lib.common.rest_client [req-62107f18-ca52-42f8-abd8-07712f07c694 req-62107f18-ca52-42f8-abd8-07712f07c694 ] Request (ServerShowV247Test:tearDownClass): 204 DELETE http://10.180.1.21/identity/v3/projects/d51d8338e1a04d189615aa0f0aded2aa 0.077s
2025-11-23 05:02:47.628 66347 INFO tempest.lib.common.rest_client [req-25cf5bd8-161a-471f-a006-f901c19f07b8 req-25cf5bd8-161a-471f-a006-f901c19f07b8 ] Request (ServersAdminTestJSON:test_create_server_with_scheduling_hint): 200 GET http://10.180.1.21/compute/v2.1/servers/218e0cc9-37c9-41ed-b2eb-cedcb3784929 0.411s
2025-11-23 05:02:47.647 66369 INFO tempest.lib.common.rest_client [req-2464d9e1-6ec5-485d-a5b5-9d9f45847d24 req-2464d9e1-6ec5-485d-a5b5-9d9f45847d24 ] Request (ServerDiagnosticsV248Test:tearDownClass): 200 GET http://10.180.1.21/compute/v2.1/servers/6bbaa5d1-f5e9-4c16-8d38-1b7bcb0defeb 0.373s
2025-11-23 05:02:47.701 66401 INFO tempest.lib.common.rest_client [req-5ad95e8c-80d0-463a-b68b-60a2e2f78078 req-5ad95e8c-80d0-463a-b68b-60a2e2f78078 ] Request (AttachVolumeShelveTestJSON:setUpClass): 201 POST http://10.180.1.21/identity/v3/auth/tokens 0.074s
2025-11-23 05:02:47.707 66373 INFO tempest.lib.common.rest_client [req-40647b80-4db1-4937-b900-56afaa6febce req-40647b80-4db1-4937-b900-56afaa6febce ] Request (ServerMetadataNegativeTestJSON:tearDownClass): 200 GET http://10.180.1.21/compute/v2.1/servers/50db6ca4-ea94-4946-8042-194ec2db45c6 0.118s
2025-11-23 05:02:47.735 66401 INFO tempest.lib.common.rest_client [req-7cbcdf5f-0a73-40bd-91a5-f7082b1b00a0 req-7cbcdf5f-0a73-40bd-91a5-f7082b1b00a0 ] Request (AttachVolumeShelveTestJSON:setUpClass): 201 POST http://10.180.1.21/identity/v3/auth/tokens 0.032s
2025-11-23 05:02:47.767 66391 INFO tempest.lib.common.rest_client [req-370f8482-eb79-4f5c-920d-9b070ade646e req-370f8482-eb79-4f5c-920d-9b070ade646e ] Request (ServerActionsTestJSON:test_rebuild_server): 200 GET http://10.180.1.21/compute/v2.1/servers/413593c8-20c4-461c-975e-576a959c82aa 0.171s
2025-11-23 05:02:47.776 66401 INFO tempest.lib.common.rest_client [req-37b2d873-0150-4b82-85ea-a309cd5f0530 req-37b2d873-0150-4b82-85ea-a309cd5f0530 ] Request (AttachVolumeShelveTestJSON:setUpClass): 200 GET http://10.180.1.21/identity/v3/domains?name=Default 0.040s
2025-11-23 05:02:47.792 66384 INFO tempest.lib.common.rest_client [req-31c10f2a-9eb8-46bd-8388-9dce201e3599 req-31c10f2a-9eb8-46bd-8388-9dce201e3599 ] Request (ServersNegativeTestJSON:setUp): 200 GET http://10.180.1.21/compute/v2.1/servers/4cda2dc3-1eda-46c1-9960-2d0ab9027432 0.419s
2025-11-23 05:02:47.818 66401 INFO tempest.lib.common.rest_client [req-9e0ce361-6156-42da-b2fa-01697f05840e req-9e0ce361-6156-42da-b2fa-01697f05840e ] Request (AttachVolumeShelveTestJSON:setUpClass): 201 POST http://10.180.1.21/identity/v3/projects 0.041s
2025-11-23 05:02:47.823 66375 INFO tempest.lib.common.rest_client [req-2f812078-6e01-4ae9-b5e1-8ec4bcf883ae req-2f812078-6e01-4ae9-b5e1-8ec4bcf883ae ] Request (SecurityGroupsTestJSON:test_list_security_groups_by_server): 200 GET http://10.180.1.21/compute/v2.1/servers/5c26c091-2b5b-404a-bf1c-1fb9e4634fe8 0.173s
2025-11-23 05:02:47.873 66378 INFO tempest.lib.common.rest_client [req-7b197f9f-9ed4-4fc2-8511-24285ebeeea8 req-7b197f9f-9ed4-4fc2-8511-24285ebeeea8 ] Request (ServersListShow296Test:tearDownClass): 200 GET http://10.180.1.21/compute/v2.1/servers/f8b42c54-25b8-473d-9936-5cd1f7ff47f2 0.195s
2025-11-23 05:02:47.896 66401 INFO tempest.lib.common.rest_client [req-08af1c24-aa89-4859-9a8c-f662785d447a req-08af1c24-aa89-4859-9a8c-f662785d447a ] Request (AttachVolumeShelveTestJSON:setUpClass): 201 POST http://10.180.1.21/identity/v3/users 0.077s
2025-11-23 05:02:47.897 66359 INFO tempest.lib.common.rest_client [req-5ce64b58-115a-4ec6-8f96-158330d38dea req-5ce64b58-115a-4ec6-8f96-158330d38dea ] Request (ImagesOneServerNegativeTestJSON:_run_cleanups): 200 GET http://10.180.1.21/compute/v2.1/servers/b80b1437-8e60-48a9-97e0-8d3272a25ec3 0.168s
2025-11-23 05:02:47.911 66384 INFO tempest.lib.common.rest_client [req-17da3c49-99d7-44aa-9011-50ea769408be req-17da3c49-99d7-44aa-9011-50ea769408be ] Request (ServersNegativeTestJSON:test_resize_nonexistent_server): 404 POST http://10.180.1.21/compute/v2.1/servers/a3f69404-1714-46f0-ace0-956e495762b6/action 0.110s
2025-11-23 05:02:47.929 66401 INFO tempest.lib.common.rest_client [req-c4963f59-d7c2-4772-a121-e5560f838a89 req-c4963f59-d7c2-4772-a121-e5560f838a89 ] Request (AttachVolumeShelveTestJSON:setUpClass): 200 GET http://10.180.1.21/identity/v3/roles 0.028s
2025-11-23 05:02:47.960 66401 INFO tempest.lib.common.rest_client [req-87a56bc5-c35c-4e63-9f4a-8dea3efaf171 req-87a56bc5-c35c-4e63-9f4a-8dea3efaf171 ] Request (AttachVolumeShelveTestJSON:setUpClass): 204 PUT http://10.180.1.21/identity/v3/projects/116161b78577411784b014ac340765ed/users/454ad065d2c34d4bb8c2746c2b71b197/roles/7750a879e597402d963560292570a035 0.030s
2025-11-23 05:02:47.960 66401 INFO tempest.lib.common.dynamic_creds [-] Dynamic test user 454ad065d2c34d4bb8c2746c2b71b197 is created with scope project and roles: ['member']
2025-11-23 05:02:47.960 66401 INFO tempest.lib.common.dynamic_creds [-] Acquired dynamic creds: credentials: Credentials: {'domain_id': 'default', 'domain_name': 'Default', 'username': 'tempest-AttachVolumeShelveTestJSON-466877249-project-member', 'project_domain_id': 'default', 'project_domain_name': 'Default', 'project_id': '116161b78577411784b014ac340765ed', 'project_name': 'tempest-AttachVolumeShelveTestJSON-466877249', 'tenant_id': '116161b78577411784b014ac340765ed', 'tenant_name': 'tempest-AttachVolumeShelveTestJSON-466877249', 'user_domain_id': 'default', 'user_domain_name': 'Default', 'user_id': '454ad065d2c34d4bb8c2746c2b71b197', 'system': None}, Network: None, Subnet: None, Router: None
2025-11-23 05:02:47.983 66341 INFO tempest.lib.common.rest_client [req-47766ac6-eebf-4369-83cf-5235ceef2639 req-47766ac6-eebf-4369-83cf-5235ceef2639 ] Request (ServerTagsTestJSON:tearDownClass): 200 GET http://10.180.1.21/compute/v2.1/servers/14cd3852-c379-4e98-a588-c64b6977c720 0.119s
2025-11-23 05:02:47.993 66349 INFO tempest.lib.common.rest_client [req-996e8c1f-f103-4452-b8c0-e01918e3ca8c req-996e8c1f-f103-4452-b8c0-e01918e3ca8c ] Request (ServerGroupTestJSON:test_create_server_with_scheduler_hint_group): 200 GET http://10.180.1.21/compute/v2.1/servers/963a205a-d90f-4189-84ed-c7e468b2c01d 0.198s
2025-11-23 05:02:48.025 66401 INFO tempest.lib.common.rest_client [req-e3a174eb-eb78-47bd-bdbe-2c0b22bfa131 req-e3a174eb-eb78-47bd-bdbe-2c0b22bfa131 ] Request (AttachVolumeShelveTestJSON:setUpClass): 201 POST http://10.180.1.21/identity/v3/auth/tokens 0.065s
2025-11-23 05:02:48.178 66345 INFO tempest.lib.common.rest_client [req-68385415-da13-42cf-aa30-7c41355940a5 req-68385415-da13-42cf-aa30-7c41355940a5 ] Request (AttachVolumeNegativeTest:test_attach_attached_volume_to_different_server): 200 GET http://10.180.1.21/compute/v2.1/servers/bd702608-45fe-4703-a5c0-b0bc82778c7b 0.216s
2025-11-23 05:02:48.183 66353 INFO tempest.lib.common.rest_client [req-ebfbc9ab-da93-4c11-a0d1-7a8df7e43651 req-ebfbc9ab-da93-4c11-a0d1-7a8df7e43651 ] Request (AttachVolumeTestJSON:test_attach_detach_volume): 200 GET http://10.180.1.21/volume/v3/volumes/ce4a7fbe-498f-48d3-b952-9069d0765bb2 0.041s
2025-11-23 05:02:48.203 66384 INFO tempest.lib.common.rest_client [req-84efd3d1-f122-413d-976a-e4f3925548db req-84efd3d1-f122-413d-976a-e4f3925548db ] Request (ServersNegativeTestJSON:tearDown): 200 GET http://10.180.1.21/compute/v2.1/servers/4cda2dc3-1eda-46c1-9960-2d0ab9027432 0.291s
2025-11-23 05:02:48.295 66351 INFO tempest.lib.common.rest_client [req-7922d9e8-fa1d-43e5-9e74-73e0d2012d4f req-7922d9e8-fa1d-43e5-9e74-73e0d2012d4f ] Request (ListImageFiltersTestJSON:tearDownClass): 200 GET http://10.180.1.21/compute/v2.1/servers/1bc2d181-6afc-4df2-aef1-bf4a5e6f4a9a 0.309s
2025-11-23 05:02:48.343 66401 INFO tempest.lib.common.rest_client [req-d7c7ac55-1aef-497c-b79e-fe80b87a66df req-d7c7ac55-1aef-497c-b79e-fe80b87a66df ] Request (AttachVolumeShelveTestJSON:setUpClass): 201 POST http://10.180.1.21/networking/v2.0/networks 0.317s
2025-11-23 05:02:48.350 66399 INFO tempest.lib.common.rest_client [req-8fb437f3-5d8d-4e7e-b262-c238cf73d832 req-8fb437f3-5d8d-4e7e-b262-c238cf73d832 ] Request (ImagesOneServerTestJSON:tearDownClass): 200 GET http://10.180.1.21/compute/v2.1/servers/8c18b4bd-ffb6-4ba9-b5b0-ba0bad2c5f2c 0.297s
2025-11-23 05:02:48.398 66387 INFO tempest.lib.common.rest_client [req-bedd73db-8337-48bc-9aa8-684bf03faa9d req-bedd73db-8337-48bc-9aa8-684bf03faa9d ] Request (ServerMetadataTestJSON:setUpClass): 200 GET http://10.180.1.21/compute/v2.1/servers/97ee047f-b989-456b-9bbf-825db6b38577 0.262s
2025-11-23 05:02:48.556 66401 INFO tempest.lib.common.rest_client [req-f19c18e3-e2f4-4f98-9cbf-de35e79b2f49 req-f19c18e3-e2f4-4f98-9cbf-de35e79b2f49 ] Request (AttachVolumeShelveTestJSON:setUpClass): 201 POST http://10.180.1.21/networking/v2.0/subnets 0.212s
2025-11-23 05:02:48.593 66361 INFO tempest.lib.common.rest_client [req-9506f730-c9be-467d-bfc0-2359afbf3325 req-9506f730-c9be-467d-bfc0-2359afbf3325 ] Request (ImagesTestJSON:test_create_server_from_snapshot): 200 GET http://10.180.1.21/compute/v2.1/servers/110abbbf-5abf-4f8d-95f3-39e646273bff 0.455s
2025-11-23 05:02:48.655 66384 INFO tempest.lib.common.rest_client [req-af5702a0-5d6e-46a3-aa43-f44987d6de26 req-af5702a0-5d6e-46a3-aa43-f44987d6de26 ] Request (ServersNegativeTestJSON:setUp): 200 GET http://10.180.1.21/compute/v2.1/servers/4cda2dc3-1eda-46c1-9960-2d0ab9027432 0.438s
2025-11-23 05:02:48.771 66381 INFO tempest.lib.common.rest_client [req-7350678d-fc1b-4aa2-8072-16b34a06db1e req-7350678d-fc1b-4aa2-8072-16b34a06db1e ] Request (DeleteServersTestJSON:test_delete_server_while_in_attached_volume): 200 GET http://10.180.1.21/compute/v2.1/servers/74d857a9-8f93-441e-92f7-d0e84fd76673 0.508s
2025-11-23 05:02:48.948 66389 INFO tempest.lib.common.rest_client [req-0fc72a45-84f4-42f9-957b-3b338adcac37 req-0fc72a45-84f4-42f9-957b-3b338adcac37 ] Request (MultipleCreateTestJSON:test_multiple_create): 200 GET http://10.180.1.21/compute/v2.1/servers/12ca4cb2-5fcc-44d7-88bf-c9bd2a5f0ece 0.595s
2025-11-23 05:02:48.978 66365 INFO tempest.lib.common.rest_client [req-b48ca9ca-b062-4f57-a523-d104d51356c2 req-b48ca9ca-b062-4f57-a523-d104d51356c2 ] Request (ServerDiskConfigTestJSON:test_rebuild_server_with_manual_disk_config): 200 GET http://10.180.1.21/compute/v2.1/servers/5f799e00-e640-4599-a202-5226e0af3e62 0.708s
2025-11-23 05:02:49.157 66367 INFO tempest.lib.common.rest_client [req-1962eae1-97a9-438a-8256-616c67eac8ed req-1962eae1-97a9-438a-8256-616c67eac8ed ] Request (ServersTestBootFromVolume:tearDownClass): 200 GET http://10.180.1.21/compute/v2.1/servers/c109970b-aa69-4a7e-b13d-588763936cb2 0.690s
2025-11-23 05:02:49.216 66379 INFO tempest.lib.common.rest_client [req-9b2bcf7d-e693-4a1c-b1e1-98457ddfa7b6 req-9b2bcf7d-e693-4a1c-b1e1-98457ddfa7b6 ] Request (MigrationsAdminTest:test_list_migrations_in_flavor_resize_situation): 200 GET http://10.180.1.21/compute/v2.1/servers/3da5e8aa-9304-40a0-8b45-29ac42270087 0.765s
2025-11-23 05:02:49.227 66353 INFO tempest.lib.common.rest_client [req-7fa910b6-6a28-4cf3-a5f8-57fb3d34a19e req-7fa910b6-6a28-4cf3-a5f8-57fb3d34a19e ] Request (AttachVolumeTestJSON:test_attach_detach_volume): 200 GET http://10.180.1.21/volume/v3/volumes/ce4a7fbe-498f-48d3-b952-9069d0765bb2 0.037s
2025-11-23 05:02:49.275 66395 INFO tempest.lib.common.rest_client [req-78964e8a-8cf5-41e0-ae28-0091ef3d37bf req-78964e8a-8cf5-41e0-ae28-0091ef3d37bf ] Request (ServersTestManualDisk:tearDownClass): 200 GET http://10.180.1.21/compute/v2.1/servers/6d916f97-95c3-4f3b-a640-fa8e1a020429 0.704s
2025-11-23 05:02:49.334 66339 WARNING tempest.lib.common.ssh [-] Failed to establish authenticated ssh connection to cirros@10.180.180.141 ([Errno None] Unable to connect to port 22 on 10.180.180.141). Number attempts: 5. Retry after 6 seconds.: paramiko.ssh_exception.NoValidConnectionsError: [Errno None] Unable to connect to port 22 on 10.180.180.141
2025-11-23 05:02:49.335 66401 INFO tempest.lib.common.rest_client [req-04bac39d-5163-4562-994d-8178e30c9bd7 req-04bac39d-5163-4562-994d-8178e30c9bd7 ] Request (AttachVolumeShelveTestJSON:setUpClass): 201 POST http://10.180.1.21/networking/v2.0/routers 0.778s
2025-11-23 05:02:49.381 66347 INFO tempest.lib.common.rest_client [req-a4291721-bda8-4126-8b3a-4c1251bd85da req-a4291721-bda8-4126-8b3a-4c1251bd85da ] Request (ServersAdminTestJSON:test_create_server_with_scheduling_hint): 200 GET http://10.180.1.21/compute/v2.1/servers/218e0cc9-37c9-41ed-b2eb-cedcb3784929 0.744s
2025-11-23 05:02:49.412 66363 INFO tempest.lib.common.rest_client [req-90d380db-e957-41ba-91c6-d036cf133565 req-90d380db-e957-41ba-91c6-d036cf133565 ] Request (ServerRescueNegativeTestJSON:_run_cleanups): 200 GET http://10.180.1.21/compute/v2.1/servers/308a4242-412e-4280-a622-1035f2a5a1d2 0.824s
2025-11-23 05:02:49.460 66369 INFO tempest.lib.common.rest_client [req-ec08f0ae-7301-4842-8fcc-601da73396e1 req-ec08f0ae-7301-4842-8fcc-601da73396e1 ] Request (ServerDiagnosticsV248Test:tearDownClass): 200 GET http://10.180.1.21/compute/v2.1/servers/6bbaa5d1-f5e9-4c16-8d38-1b7bcb0defeb 0.803s
2025-11-23 05:02:49.498 66384 INFO tempest.lib.common.rest_client [req-20ee443a-1481-469e-a4c1-91c9a15831cb req-20ee443a-1481-469e-a4c1-91c9a15831cb ] Request (ServersNegativeTestJSON:test_resize_server_with_non_existent_flavor): 400 POST http://10.180.1.21/compute/v2.1/servers/4cda2dc3-1eda-46c1-9960-2d0ab9027432/action 0.835s
2025-11-23 05:02:49.544 66373 INFO tempest.lib.common.rest_client [req-6c0e6c19-21dc-475e-b925-c025a182c392 req-6c0e6c19-21dc-475e-b925-c025a182c392 ] Request (ServerMetadataNegativeTestJSON:tearDownClass): 200 GET http://10.180.1.21/compute/v2.1/servers/50db6ca4-ea94-4946-8042-194ec2db45c6 0.828s
2025-11-23 05:02:49.582 66391 INFO tempest.lib.common.rest_client [req-e7ba0d1d-4763-46c6-a2cc-341a1555b317 req-e7ba0d1d-4763-46c6-a2cc-341a1555b317 ] Request (ServerActionsTestJSON:test_rebuild_server): 200 GET http://10.180.1.21/compute/v2.1/servers/413593c8-20c4-461c-975e-576a959c82aa 0.805s
2025-11-23 05:02:49.610 66375 INFO tempest.lib.common.rest_client [req-6c4f75f3-7750-41ea-8df5-c5b5cebe6d52 req-6c4f75f3-7750-41ea-8df5-c5b5cebe6d52 ] Request (SecurityGroupsTestJSON:test_list_security_groups_by_server): 200 GET http://10.180.1.21/compute/v2.1/servers/5c26c091-2b5b-404a-bf1c-1fb9e4634fe8 0.779s
2025-11-23 05:02:49.672 66378 INFO tempest.lib.common.rest_client [req-cc1d3554-3010-4e9d-a9b5-44ff20ad9372 req-cc1d3554-3010-4e9d-a9b5-44ff20ad9372 ] Request (ServersListShow296Test:tearDownClass): 200 GET http://10.180.1.21/compute/v2.1/servers/f8b42c54-25b8-473d-9936-5cd1f7ff47f2 0.787s
2025-11-23 05:02:49.703 66359 INFO tempest.lib.common.rest_client [req-09980dd5-fdc8-4eec-b11a-86b93dea23d1 req-09980dd5-fdc8-4eec-b11a-86b93dea23d1 ] Request (ImagesOneServerNegativeTestJSON:_run_cleanups): 200 GET http://10.180.1.21/compute/v2.1/servers/b80b1437-8e60-48a9-97e0-8d3272a25ec3 0.797s
2025-11-23 05:02:49.748 66341 INFO tempest.lib.common.rest_client [req-8555f524-4acf-4742-8dbe-b5a6252efd57 req-8555f524-4acf-4742-8dbe-b5a6252efd57 ] Request (ServerTagsTestJSON:tearDownClass): 200 GET http://10.180.1.21/compute/v2.1/servers/14cd3852-c379-4e98-a588-c64b6977c720 0.753s
2025-11-23 05:02:49.827 66349 INFO tempest.lib.common.rest_client [req-bdd1cd5a-2d8f-48af-8eb3-e66900d21d8c req-bdd1cd5a-2d8f-48af-8eb3-e66900d21d8c ] Request (ServerGroupTestJSON:test_create_server_with_scheduler_hint_group): 200 GET http://10.180.1.21/compute/v2.1/servers/963a205a-d90f-4189-84ed-c7e468b2c01d 0.823s
2025-11-23 05:02:49.908 66345 INFO tempest.lib.common.rest_client [req-2854d299-f747-4a15-84e3-6b780eff96ce req-2854d299-f747-4a15-84e3-6b780eff96ce ] Request (AttachVolumeNegativeTest:test_attach_attached_volume_to_different_server): 200 GET http://10.180.1.21/compute/v2.1/servers/bd702608-45fe-4703-a5c0-b0bc82778c7b 0.721s
2025-11-23 05:02:49.924 66351 INFO tempest.lib.common.rest_client [req-29cdde8d-1d65-44b6-9c2d-79a5c5b9f9fc req-29cdde8d-1d65-44b6-9c2d-79a5c5b9f9fc ] Request (ListImageFiltersTestJSON:tearDownClass): 200 GET http://10.180.1.21/compute/v2.1/servers/1bc2d181-6afc-4df2-aef1-bf4a5e6f4a9a 0.621s
2025-11-23 05:02:50.003 66399 INFO tempest.lib.common.rest_client [req-5789e87e-46da-48fa-979a-69ecb1341fe4 req-5789e87e-46da-48fa-979a-69ecb1341fe4 ] Request (ImagesOneServerTestJSON:tearDownClass): 200 GET http://10.180.1.21/compute/v2.1/servers/8c18b4bd-ffb6-4ba9-b5b0-ba0bad2c5f2c 0.647s
2025-11-23 05:02:50.027 66387 INFO tempest.lib.common.rest_client [req-014729bf-f676-4d26-b80f-bc6396d2c76d req-014729bf-f676-4d26-b80f-bc6396d2c76d ] Request (ServerMetadataTestJSON:setUpClass): 200 GET http://10.180.1.21/compute/v2.1/servers/97ee047f-b989-456b-9bbf-825db6b38577 0.621s
2025-11-23 05:02:50.043 66387 INFO tempest.common.waiters [-] State transition "BUILD/None" ==> "BUILD/networking" after 34 second wait
2025-11-23 05:02:50.265 66353 INFO tempest.lib.common.rest_client [req-08097e65-4324-441b-8292-e3cece664dce req-08097e65-4324-441b-8292-e3cece664dce ] Request (AttachVolumeTestJSON:test_attach_detach_volume): 200 GET http://10.180.1.21/volume/v3/volumes/ce4a7fbe-498f-48d3-b952-9069d0765bb2 0.030s
2025-11-23 05:02:50.448 66401 INFO tempest.lib.common.rest_client [req-2d52d687-b2d1-4ad0-a8b9-9c07862de3df req-2d52d687-b2d1-4ad0-a8b9-9c07862de3df ] Request (AttachVolumeShelveTestJSON:setUpClass): 200 PUT http://10.180.1.21/networking/v2.0/routers/ec78f6b5-5604-4182-b308-4cab6a3062ca/add_router_interface 1.113s
2025-11-23 05:02:50.450 66401 INFO tempest.lib.common.dynamic_creds [-] Created isolated network resources for: credentials: Credentials: {'domain_id': 'default', 'domain_name': 'Default', 'username': 'tempest-AttachVolumeShelveTestJSON-466877249-project-member', 'project_domain_id': 'default', 'project_domain_name': 'Default', 'project_id': '116161b78577411784b014ac340765ed', 'project_name': 'tempest-AttachVolumeShelveTestJSON-466877249', 'tenant_id': '116161b78577411784b014ac340765ed', 'tenant_name': 'tempest-AttachVolumeShelveTestJSON-466877249', 'user_domain_id': 'default', 'user_domain_name': 'Default', 'user_id': '454ad065d2c34d4bb8c2746c2b71b197', 'system': None}, Network: {'id': '305ce112-6005-4db9-b99a-3241b61b876c', 'name': 'tempest-AttachVolumeShelveTestJSON-991956365-network', 'tenant_id': '116161b78577411784b014ac340765ed', 'project_id': '116161b78577411784b014ac340765ed', 'admin_state_up': True, 'mtu': 8950, 'status': 'ACTIVE', 'subnets': [], 'shared': False, 'port_security_enabled': True, 'router:external': False, 'provider:network_type': 'vlan', 'provider:physical_network': 'default', 'provider:segmentation_id': 392, 'availability_zone_hints': [], 'availability_zones': [], 'ipv4_address_scope': None, 'ipv6_address_scope': None, 'description': '', 'tags': [], 'created_at': '2025-11-23T05:02:48Z', 'updated_at': '2025-11-23T05:02:48Z', 'revision_number': 1}, Subnet: {'id': '97149176-513a-4848-b8eb-81c6edcabc65', 'name': 'tempest-AttachVolumeShelveTestJSON-991956365-subnet', 'tenant_id': '116161b78577411784b014ac340765ed', 'network_id': '305ce112-6005-4db9-b99a-3241b61b876c', 'ip_version': 4, 'subnetpool_id': None, 'enable_dhcp': True, 'ipv6_ra_mode': None, 'ipv6_address_mode': None, 'gateway_ip': '192.168.128.1', 'cidr': '192.168.128.0/28', 'allocation_pools': [{'start': '192.168.128.2', 'end': '192.168.128.14'}], 'host_routes': [], 'dns_nameservers': [], 'description': '', 'router:external': False, 'service_types': [], 'tags': [], 'created_at': '2025-11-23T05:02:48Z', 'updated_at': '2025-11-23T05:02:48Z', 'revision_number': 0, 'project_id': '116161b78577411784b014ac340765ed'}, Router: {'id': 'ec78f6b5-5604-4182-b308-4cab6a3062ca', 'name': 'tempest-AttachVolumeShelveTestJSON-991956365-router', 'tenant_id': '116161b78577411784b014ac340765ed', 'admin_state_up': True, 'status': 'ACTIVE', 'external_gateway_info': {'network_id': '34310d39-ad73-439b-bdea-2a3361785fbb', 'external_fixed_ips': [{'subnet_id': 'c856a448-2086-4533-ae15-e0f714ed4d88', 'ip_address': '10.180.180.170'}], 'enable_snat': True}, 'description': '', 'availability_zones': [], 'distributed': False, 'ha': False, 'availability_zone_hints': [], 'routes': [], 'flavor_id': None, 'tags': [], 'created_at': '2025-11-23T05:02:48Z', 'updated_at': '2025-11-23T05:02:49Z', 'revision_number': 2, 'project_id': '116161b78577411784b014ac340765ed'}
2025-11-23 05:02:50.546 66384 INFO tempest.lib.common.rest_client [req-bee3c536-2fe3-43d2-8384-b09eb2b6d58e req-bee3c536-2fe3-43d2-8384-b09eb2b6d58e ] Request (ServersNegativeTestJSON:tearDown): 200 GET http://10.180.1.21/compute/v2.1/servers/4cda2dc3-1eda-46c1-9960-2d0ab9027432 1.048s
2025-11-23 05:02:50.565 66361 INFO tempest.lib.common.rest_client [req-02da2e5e-8a6c-420d-98e5-68be2da9893f req-02da2e5e-8a6c-420d-98e5-68be2da9893f ] Request (ImagesTestJSON:test_create_server_from_snapshot): 200 GET http://10.180.1.21/compute/v2.1/servers/110abbbf-5abf-4f8d-95f3-39e646273bff 0.957s
2025-11-23 05:02:50.575 66401 INFO tempest.lib.common.rest_client [req-58d0a213-cccd-4f06-8cb5-3035925368bd req-58d0a213-cccd-4f06-8cb5-3035925368bd ] Request (AttachVolumeShelveTestJSON:setUpClass): 201 POST http://10.180.1.21/identity/v3/auth/tokens 0.119s
2025-11-23 05:02:50.576 66361 INFO tempest.common.waiters [-] State transition "BUILD/spawning" ==> "ACTIVE/None" after 47 second wait
2025-11-23 05:02:50.637 66381 INFO tempest.lib.common.rest_client [req-f06a0d0d-60e7-4c43-bfa9-1eaa9c191ee5 req-f06a0d0d-60e7-4c43-bfa9-1eaa9c191ee5 ] Request (DeleteServersTestJSON:test_delete_server_while_in_attached_volume): 200 GET http://10.180.1.21/compute/v2.1/servers/74d857a9-8f93-441e-92f7-d0e84fd76673 0.856s
2025-11-23 05:02:50.651 66389 INFO tempest.lib.common.rest_client [req-95df2b1a-4062-4599-a7dc-1ff383bc7aa2 req-95df2b1a-4062-4599-a7dc-1ff383bc7aa2 ] Request (MultipleCreateTestJSON:test_multiple_create): 200 GET http://10.180.1.21/compute/v2.1/servers/12ca4cb2-5fcc-44d7-88bf-c9bd2a5f0ece 0.693s
2025-11-23 05:02:50.790 66367 INFO tempest.lib.common.rest_client [req-4bc2b0e0-ece2-45b8-8f3c-ff2627f703f9 req-4bc2b0e0-ece2-45b8-8f3c-ff2627f703f9 ] Request (ServersTestBootFromVolume:tearDownClass): 200 GET http://10.180.1.21/compute/v2.1/servers/c109970b-aa69-4a7e-b13d-588763936cb2 0.621s
2025-11-23 05:02:50.820 66365 INFO tempest.lib.common.rest_client [req-e8da8d64-6b7f-49d1-8f84-f4378cdacba2 req-e8da8d64-6b7f-49d1-8f84-f4378cdacba2 ] Request (ServerDiskConfigTestJSON:test_rebuild_server_with_manual_disk_config): 200 GET http://10.180.1.21/compute/v2.1/servers/5f799e00-e640-4599-a202-5226e0af3e62 0.830s
2025-11-23 05:02:50.939 66395 INFO tempest.lib.common.rest_client [req-01f2baa0-b005-4b25-a5e0-c86b18dc67ff req-01f2baa0-b005-4b25-a5e0-c86b18dc67ff ] Request (ServersTestManualDisk:tearDownClass): 200 GET http://10.180.1.21/compute/v2.1/servers/6d916f97-95c3-4f3b-a640-fa8e1a020429 0.652s
2025-11-23 05:02:50.971 66379 INFO tempest.lib.common.rest_client [req-ac5217c2-94ec-40b2-b370-d65c078b69d9 req-ac5217c2-94ec-40b2-b370-d65c078b69d9 ] Request (MigrationsAdminTest:test_list_migrations_in_flavor_resize_situation): 200 GET http://10.180.1.21/compute/v2.1/servers/3da5e8aa-9304-40a0-8b45-29ac42270087 0.739s
2025-11-23 05:02:50.980 66379 INFO tempest.common.waiters [-] State transition "RESIZE/resize_migrated" ==> "RESIZE/resize_finish" after 47 second wait
2025-11-23 05:02:51.036 66347 INFO tempest.lib.common.rest_client [req-0e8dec92-9110-465b-9e43-882083d1847b req-0e8dec92-9110-465b-9e43-882083d1847b ] Request (ServersAdminTestJSON:test_create_server_with_scheduling_hint): 200 GET http://10.180.1.21/compute/v2.1/servers/218e0cc9-37c9-41ed-b2eb-cedcb3784929 0.642s
2025-11-23 05:02:51.106 66363 INFO tempest.lib.common.rest_client [req-1aaf0e5b-c3d1-4c7a-95cf-d0af7d26776d req-1aaf0e5b-c3d1-4c7a-95cf-d0af7d26776d ] Request (ServerRescueNegativeTestJSON:_run_cleanups): 200 GET http://10.180.1.21/compute/v2.1/servers/308a4242-412e-4280-a622-1035f2a5a1d2 0.678s
2025-11-23 05:02:51.132 66369 INFO tempest.lib.common.rest_client [req-1d429141-ce59-4559-8755-1c0ca53b6f5c req-1d429141-ce59-4559-8755-1c0ca53b6f5c ] Request (ServerDiagnosticsV248Test:tearDownClass): 200 GET http://10.180.1.21/compute/v2.1/servers/6bbaa5d1-f5e9-4c16-8d38-1b7bcb0defeb 0.656s
2025-11-23 05:02:51.175 66373 INFO tempest.lib.common.rest_client [req-1779dbe5-d4c7-4f3d-be3e-8fc06783798c req-1779dbe5-d4c7-4f3d-be3e-8fc06783798c ] Request (ServerMetadataNegativeTestJSON:tearDownClass): 200 GET http://10.180.1.21/compute/v2.1/servers/50db6ca4-ea94-4946-8042-194ec2db45c6 0.623s
2025-11-23 05:02:51.247 66384 INFO tempest.lib.common.rest_client [req-c8eb460d-47cf-4355-96e2-9ff9a67da713 req-c8eb460d-47cf-4355-96e2-9ff9a67da713 ] Request (ServersNegativeTestJSON:setUp): 200 GET http://10.180.1.21/compute/v2.1/servers/4cda2dc3-1eda-46c1-9960-2d0ab9027432 0.693s
2025-11-23 05:02:51.322 66353 INFO tempest.lib.common.rest_client [req-7023f176-590e-4167-94ec-ba1012d883e6 req-7023f176-590e-4167-94ec-ba1012d883e6 ] Request (AttachVolumeTestJSON:test_attach_detach_volume): 200 GET http://10.180.1.21/volume/v3/volumes/ce4a7fbe-498f-48d3-b952-9069d0765bb2 0.045s
2025-11-23 05:02:51.374 66401 INFO tempest.lib.common.rest_client [req-a06ae11f-ca86-43b8-96bb-c16026fd6e1f req-a06ae11f-ca86-43b8-96bb-c16026fd6e1f ] Request (ValidationResourcesFixture:setUp): 201 POST http://10.180.1.21/compute/v2.1/os-keypairs 0.797s
2025-11-23 05:02:51.549 66401 INFO tempest.lib.common.rest_client [req-2af3e285-d477-4859-add3-f368a1a13973 req-2af3e285-d477-4859-add3-f368a1a13973 ] Request (ValidationResourcesFixture:setUp): 201 POST http://10.180.1.21/networking/v2.0/security-groups 0.173s
2025-11-23 05:02:51.582 66391 INFO tempest.lib.common.rest_client [req-92fa81ab-9d57-4733-b348-1e6bf58e44da req-92fa81ab-9d57-4733-b348-1e6bf58e44da ] Request (ServerActionsTestJSON:test_rebuild_server): 200 GET http://10.180.1.21/compute/v2.1/servers/413593c8-20c4-461c-975e-576a959c82aa 0.989s
2025-11-23 05:02:51.695 66401 INFO tempest.lib.common.rest_client [req-1dcb8b1c-f74e-4d2c-a1e4-2b1a57686dc0 req-1dcb8b1c-f74e-4d2c-a1e4-2b1a57686dc0 ] Request (ValidationResourcesFixture:setUp): 201 POST http://10.180.1.21/networking/v2.0/security-group-rules 0.145s
2025-11-23 05:02:51.729 66375 INFO tempest.lib.common.rest_client [req-48e7ee54-60ba-43a8-bd44-0d1687e511f9 req-48e7ee54-60ba-43a8-bd44-0d1687e511f9 ] Request (SecurityGroupsTestJSON:test_list_security_groups_by_server): 200 GET http://10.180.1.21/compute/v2.1/servers/5c26c091-2b5b-404a-bf1c-1fb9e4634fe8 1.106s
2025-11-23 05:02:51.754 66361 INFO tempest.lib.common.rest_client [req-e8725774-386d-4401-b39d-49fb245be02f req-e8725774-386d-4401-b39d-49fb245be02f ] Request (ImagesTestJSON:test_create_server_from_snapshot): 202 POST http://10.180.1.21/compute/v2.1/servers/110abbbf-5abf-4f8d-95f3-39e646273bff/action 1.178s
2025-11-23 05:02:51.827 66401 INFO tempest.lib.common.rest_client [req-069cff64-56d8-408c-8e7e-57bc5413fb6a req-069cff64-56d8-408c-8e7e-57bc5413fb6a ] Request (ValidationResourcesFixture:setUp): 201 POST http://10.180.1.21/networking/v2.0/security-group-rules 0.131s
2025-11-23 05:02:51.870 66359 INFO tempest.lib.common.rest_client [req-49f24ac0-2bf0-4c8d-8748-28e300f881a1 req-49f24ac0-2bf0-4c8d-8748-28e300f881a1 ] Request (ImagesOneServerNegativeTestJSON:_run_cleanups): 200 GET http://10.180.1.21/compute/v2.1/servers/b80b1437-8e60-48a9-97e0-8d3272a25ec3 1.158s
2025-11-23 05:02:51.872 66378 INFO tempest.lib.common.rest_client [req-4c878efa-367b-4c2b-9595-9194f3a322cc req-4c878efa-367b-4c2b-9595-9194f3a322cc ] Request (ServersListShow296Test:tearDownClass): 200 GET http://10.180.1.21/compute/v2.1/servers/f8b42c54-25b8-473d-9936-5cd1f7ff47f2 1.187s
2025-11-23 05:02:52.291 66341 INFO tempest.lib.common.rest_client [req-508789fb-85f5-4af0-9f22-ccb0b5ad794f req-508789fb-85f5-4af0-9f22-ccb0b5ad794f ] Request (ServerTagsTestJSON:tearDownClass): 200 GET http://10.180.1.21/compute/v2.1/servers/14cd3852-c379-4e98-a588-c64b6977c720 1.532s
2025-11-23 05:02:52.333 66401 INFO tempest.lib.common.rest_client [req-c877e6b4-d1e8-4173-82d7-b1372515486c req-c877e6b4-d1e8-4173-82d7-b1372515486c ] Request (ValidationResourcesFixture:setUp): 201 POST http://10.180.1.21/networking/v2.0/floatingips 0.506s
2025-11-23 05:02:52.363 66349 INFO tempest.lib.common.rest_client [req-5c6198de-112e-43a9-b8d4-2f2e3eaad12e req-5c6198de-112e-43a9-b8d4-2f2e3eaad12e ] Request (ServerGroupTestJSON:test_create_server_with_scheduler_hint_group): 200 GET http://10.180.1.21/compute/v2.1/servers/963a205a-d90f-4189-84ed-c7e468b2c01d 1.528s
2025-11-23 05:02:52.391 66353 INFO tempest.lib.common.rest_client [req-85d2cd00-2c47-415d-95ac-862cb28dbf28 req-85d2cd00-2c47-415d-95ac-862cb28dbf28 ] Request (AttachVolumeTestJSON:test_attach_detach_volume): 200 GET http://10.180.1.21/volume/v3/volumes/ce4a7fbe-498f-48d3-b952-9069d0765bb2 0.058s
2025-11-23 05:02:52.397 66401 INFO tempest.lib.common.rest_client [req-1d45ef83-0521-4f19-b576-8beec092bf26 req-1d45ef83-0521-4f19-b576-8beec092bf26 ] Request (AttachVolumeShelveTestJSON:test_attach_volume_shelved_or_offload_server): 201 POST http://10.180.1.21/identity/v3/auth/tokens 0.060s
2025-11-23 05:02:52.398 66401 INFO tempest.lib.common.fixed_network [-] (AttachVolumeShelveTestJSON:test_attach_volume_shelved_or_offload_server) Found network {'id': '305ce112-6005-4db9-b99a-3241b61b876c', 'name': 'tempest-AttachVolumeShelveTestJSON-991956365-network', 'tenant_id': '116161b78577411784b014ac340765ed', 'project_id': '116161b78577411784b014ac340765ed', 'admin_state_up': True, 'mtu': 8950, 'status': 'ACTIVE', 'subnets': [], 'shared': False, 'port_security_enabled': True, 'router:external': False, 'provider:network_type': 'vlan', 'provider:physical_network': 'default', 'provider:segmentation_id': 392, 'availability_zone_hints': [], 'availability_zones': [], 'ipv4_address_scope': None, 'ipv6_address_scope': None, 'description': '', 'tags': [], 'created_at': '2025-11-23T05:02:48Z', 'updated_at': '2025-11-23T05:02:48Z', 'revision_number': 1} available for tenant
2025-11-23 05:02:52.473 66351 INFO tempest.lib.common.rest_client [req-b1e8aca2-4788-4764-b484-c2002da5a97c req-b1e8aca2-4788-4764-b484-c2002da5a97c ] Request (ListImageFiltersTestJSON:tearDownClass): 200 GET http://10.180.1.21/compute/v2.1/servers/1bc2d181-6afc-4df2-aef1-bf4a5e6f4a9a 1.540s
2025-11-23 05:02:52.546 66345 INFO tempest.lib.common.rest_client [req-23faae96-da3a-4924-abbe-89dc212929ad req-23faae96-da3a-4924-abbe-89dc212929ad ] Request (AttachVolumeNegativeTest:test_attach_attached_volume_to_different_server): 200 GET http://10.180.1.21/compute/v2.1/servers/bd702608-45fe-4703-a5c0-b0bc82778c7b 1.625s
2025-11-23 05:02:52.581 66399 INFO tempest.lib.common.rest_client [req-c203d631-cc7c-4f21-b793-cd29fbe28c1c req-c203d631-cc7c-4f21-b793-cd29fbe28c1c ] Request (ImagesOneServerTestJSON:tearDownClass): 200 GET http://10.180.1.21/compute/v2.1/servers/8c18b4bd-ffb6-4ba9-b5b0-ba0bad2c5f2c 1.566s
2025-11-23 05:02:52.583 66357 WARNING tempest.lib.common.ssh [-] Failed to establish authenticated ssh connection to cirros@10.180.180.253 ([Errno None] Unable to connect to port 22 on 10.180.180.253). Number attempts: 7. Retry after 8 seconds.: paramiko.ssh_exception.NoValidConnectionsError: [Errno None] Unable to connect to port 22 on 10.180.180.253
2025-11-23 05:02:52.589 66384 INFO tempest.lib.common.rest_client [req-3517ef54-9543-4eb0-b4dc-f29e5f27cf5e req-3517ef54-9543-4eb0-b4dc-f29e5f27cf5e ] Request (ServersNegativeTestJSON:test_resize_server_with_null_flavor): 400 POST http://10.180.1.21/compute/v2.1/servers/4cda2dc3-1eda-46c1-9960-2d0ab9027432/action 1.326s
2025-11-23 05:02:52.661 66381 INFO tempest.lib.common.rest_client [req-f163329b-d0f5-4438-990c-49217eacf03c req-f163329b-d0f5-4438-990c-49217eacf03c ] Request (DeleteServersTestJSON:test_delete_server_while_in_attached_volume): 200 GET http://10.180.1.21/compute/v2.1/servers/74d857a9-8f93-441e-92f7-d0e84fd76673 1.013s
2025-11-23 05:02:52.683 66387 INFO tempest.lib.common.rest_client [req-0a9490fa-5dcc-4dd1-ab2d-1e4d6abf0bd7 req-0a9490fa-5dcc-4dd1-ab2d-1e4d6abf0bd7 ] Request (ServerMetadataTestJSON:setUpClass): 200 GET http://10.180.1.21/compute/v2.1/servers/97ee047f-b989-456b-9bbf-825db6b38577 1.639s
2025-11-23 05:02:52.695 66387 INFO tempest.common.waiters [-] State transition "BUILD/networking" ==> "BUILD/spawning" after 36 second wait
2025-11-23 05:02:52.722 66389 INFO tempest.lib.common.rest_client [req-ec32088a-0441-4284-ae23-6278d24592fb req-ec32088a-0441-4284-ae23-6278d24592fb ] Request (MultipleCreateTestJSON:test_multiple_create): 200 GET http://10.180.1.21/compute/v2.1/servers/12ca4cb2-5fcc-44d7-88bf-c9bd2a5f0ece 1.061s
2025-11-23 05:02:52.727 66361 INFO tempest.lib.common.rest_client [req-dc9e6902-9a48-42d8-a9d3-d605000595a0 req-dc9e6902-9a48-42d8-a9d3-d605000595a0 ] Request (ImagesTestJSON:test_create_server_from_snapshot): 200 GET http://10.180.1.21/compute/v2.1/images/59333d55-8021-408f-9b0f-8cf4dfe3e1a1 0.969s
2025-11-23 05:02:52.801 66367 INFO tempest.lib.common.rest_client [req-f4354527-a12f-4dce-9c13-5a5b868569a6 req-f4354527-a12f-4dce-9c13-5a5b868569a6 ] Request (ServersTestBootFromVolume:tearDownClass): 200 GET http://10.180.1.21/compute/v2.1/servers/c109970b-aa69-4a7e-b13d-588763936cb2 1.002s
2025-11-23 05:02:52.833 66395 INFO tempest.lib.common.rest_client [req-8eb6437e-2468-4b0d-af8d-a96ed3b35454 req-8eb6437e-2468-4b0d-af8d-a96ed3b35454 ] Request (ServersTestManualDisk:tearDownClass): 404 GET http://10.180.1.21/compute/v2.1/servers/6d916f97-95c3-4f3b-a640-fa8e1a020429 0.884s
2025-11-23 05:02:52.887 66365 INFO tempest.lib.common.rest_client [req-d6d5fcf4-4d34-45e5-97a1-701769ac99ce req-d6d5fcf4-4d34-45e5-97a1-701769ac99ce ] Request (ServerDiskConfigTestJSON:test_rebuild_server_with_manual_disk_config): 200 GET http://10.180.1.21/compute/v2.1/servers/5f799e00-e640-4599-a202-5226e0af3e62 1.058s
2025-11-23 05:02:52.894 66365 INFO tempest.common.waiters [-] State transition "REBUILD/rebuild_spawning" ==> "ACTIVE/None" after 9 second wait
2025-11-23 05:02:52.952 66347 INFO tempest.lib.common.rest_client [req-b4c7b65f-c030-43ab-a601-58255d7d158c req-b4c7b65f-c030-43ab-a601-58255d7d158c ] Request (ServersAdminTestJSON:test_create_server_with_scheduling_hint): 200 GET http://10.180.1.21/compute/v2.1/servers/218e0cc9-37c9-41ed-b2eb-cedcb3784929 0.902s
2025-11-23 05:02:52.991 66379 INFO tempest.lib.common.rest_client [req-8d61ea1c-2243-4635-bcf2-d92ddefa3c52 req-8d61ea1c-2243-4635-bcf2-d92ddefa3c52 ] Request (MigrationsAdminTest:test_list_migrations_in_flavor_resize_situation): 200 GET http://10.180.1.21/compute/v2.1/servers/3da5e8aa-9304-40a0-8b45-29ac42270087 1.010s
2025-11-23 05:02:53.067 66369 INFO tempest.lib.common.rest_client [req-74b7f3e1-6a29-4ef3-8f53-2a96fd52c38a req-74b7f3e1-6a29-4ef3-8f53-2a96fd52c38a ] Request (ServerDiagnosticsV248Test:tearDownClass): 200 GET http://10.180.1.21/compute/v2.1/servers/6bbaa5d1-f5e9-4c16-8d38-1b7bcb0defeb 0.922s
2025-11-23 05:02:53.083 66363 INFO tempest.lib.common.rest_client [req-b02d50b3-26c7-4ebf-b38e-438af266f7ff req-b02d50b3-26c7-4ebf-b38e-438af266f7ff ] Request (ServerRescueNegativeTestJSON:_run_cleanups): 200 GET http://10.180.1.21/compute/v2.1/servers/308a4242-412e-4280-a622-1035f2a5a1d2 0.964s
2025-11-23 05:02:53.090 66363 INFO tempest.common.waiters [-] State transition "RESCUE/unrescuing" ==> "ACTIVE/None" after 6 second wait
2025-11-23 05:02:53.129 66373 INFO tempest.lib.common.rest_client [req-f005aaa8-3658-4d94-a576-bf3bc4daff35 req-f005aaa8-3658-4d94-a576-bf3bc4daff35 ] Request (ServerMetadataNegativeTestJSON:tearDownClass): 200 GET http://10.180.1.21/compute/v2.1/servers/50db6ca4-ea94-4946-8042-194ec2db45c6 0.942s
2025-11-23 05:02:53.220 66363 INFO tempest.lib.common.rest_client [req-8faefa95-d72f-47fd-8200-492f2e2156c5 req-8faefa95-d72f-47fd-8200-492f2e2156c5 ] Request (ServerRescueNegativeTestJSON:test_rescued_vm_detach_volume): 202 POST http://10.180.1.21/volume/v3/volumes 0.128s
2025-11-23 05:02:53.264 66363 INFO tempest.lib.common.rest_client [req-ee2c6593-b3a3-4d7e-b357-3f2905e4e08c req-ee2c6593-b3a3-4d7e-b357-3f2905e4e08c ] Request (ServerRescueNegativeTestJSON:test_rescued_vm_detach_volume): 200 GET http://10.180.1.21/volume/v3/volumes/e4527b5d-72a2-41c3-84a1-f77ddd222430 0.038s
2025-11-23 05:02:53.278 66384 INFO tempest.lib.common.rest_client [req-355482a7-3f0a-4276-b6f9-a6a03b300f02 req-355482a7-3f0a-4276-b6f9-a6a03b300f02 ] Request (ServersNegativeTestJSON:tearDown): 200 GET http://10.180.1.21/compute/v2.1/servers/4cda2dc3-1eda-46c1-9960-2d0ab9027432 0.688s
2025-11-23 05:02:53.355 66391 INFO tempest.lib.common.rest_client [req-a60bb968-38c5-43d3-b1f2-2476d84097fa req-a60bb968-38c5-43d3-b1f2-2476d84097fa ] Request (ServerActionsTestJSON:test_rebuild_server): 200 GET http://10.180.1.21/compute/v2.1/servers/413593c8-20c4-461c-975e-576a959c82aa 0.764s
2025-11-23 05:02:53.437 66375 INFO tempest.lib.common.rest_client [req-af421721-42f8-4a60-af0e-cbea0553e614 req-af421721-42f8-4a60-af0e-cbea0553e614 ] Request (SecurityGroupsTestJSON:test_list_security_groups_by_server): 200 GET http://10.180.1.21/compute/v2.1/servers/5c26c091-2b5b-404a-bf1c-1fb9e4634fe8 0.699s
2025-11-23 05:02:53.442 66353 INFO tempest.lib.common.rest_client [req-c41197bd-f9c9-4803-897d-99599911bb11 req-c41197bd-f9c9-4803-897d-99599911bb11 ] Request (AttachVolumeTestJSON:test_attach_detach_volume): 200 GET http://10.180.1.21/volume/v3/volumes/ce4a7fbe-498f-48d3-b952-9069d0765bb2 0.037s
2025-11-23 05:02:53.451 66353 INFO tempest.common.waiters [-] Attachment 93589e7d-30cd-4cef-b86a-de6c3cdb5a37 created for volume ce4a7fbe-498f-48d3-b952-9069d0765bb2 to server de5904c9-6966-4cb9-8c90-348ebdad293a after waiting for 8.451550 seconds
2025-11-23 05:02:53.457 66395 INFO tempest.lib.common.rest_client [req-e6312d4a-07ca-4d3b-897f-04a519593811 req-e6312d4a-07ca-4d3b-897f-04a519593811 ] Request (ServersTestManualDisk:tearDownClass): 202 DELETE http://10.180.1.21/compute/v2.1/os-keypairs/tempest-keypair-23755032 0.623s
2025-11-23 05:02:53.491 66353 INFO tempest.lib.common.rest_client [req-88be8630-65f9-460b-bdaa-3797ed264de4 req-88be8630-65f9-460b-bdaa-3797ed264de4 ] Request (AttachVolumeTestJSON:test_attach_detach_volume): 200 GET http://10.180.1.21/volume/v3/volumes/ce4a7fbe-498f-48d3-b952-9069d0765bb2 0.038s
2025-11-23 05:02:53.497 66353 INFO tempest.common.waiters [-] volume ce4a7fbe-498f-48d3-b952-9069d0765bb2 reached in-use after waiting for 0.497527 seconds
2025-11-23 05:02:53.528 66401 INFO tempest.lib.common.rest_client [req-408f38cd-c101-46bd-8347-bfa766670aab req-408f38cd-c101-46bd-8347-bfa766670aab ] Request (AttachVolumeShelveTestJSON:test_attach_volume_shelved_or_offload_server): 202 POST http://10.180.1.21/compute/v2.1/servers 1.128s
2025-11-23 05:02:53.558 66359 INFO tempest.lib.common.rest_client [req-1953b61f-636b-46b2-a7c0-44582b5a80e9 req-1953b61f-636b-46b2-a7c0-44582b5a80e9 ] Request (ImagesOneServerNegativeTestJSON:_run_cleanups): 200 GET http://10.180.1.21/compute/v2.1/servers/b80b1437-8e60-48a9-97e0-8d3272a25ec3 0.674s
2025-11-23 05:02:53.591 66395 INFO tempest.lib.common.rest_client [req-4a14a34c-02a0-46d1-bde9-18f77d1dc5f1 req-4a14a34c-02a0-46d1-bde9-18f77d1dc5f1 ] Request (ServersTestManualDisk:tearDownClass): 204 DELETE http://10.180.1.21/networking/v2.0/security-groups/290719c8-3f3b-43a0-ac99-1e457de1aef0 0.134s
2025-11-23 05:02:53.601 66378 INFO tempest.lib.common.rest_client [req-78919366-0462-490e-a62e-7f65bf073bf2 req-78919366-0462-490e-a62e-7f65bf073bf2 ] Request (ServersListShow296Test:tearDownClass): 200 GET http://10.180.1.21/compute/v2.1/servers/f8b42c54-25b8-473d-9936-5cd1f7ff47f2 0.709s
2025-11-23 05:02:53.601 66395 INFO tempest.lib.common.rest_client [req-15e00547-ee93-4111-9773-8359a92e45c0 req-15e00547-ee93-4111-9773-8359a92e45c0 ] Request (ServersTestManualDisk:tearDownClass): 404 GET http://10.180.1.21/networking/v2.0/security-groups/290719c8-3f3b-43a0-ac99-1e457de1aef0 0.010s
2025-11-23 05:02:53.704 66365 INFO tempest.lib.common.rest_client [req-f6e6b297-551a-49a4-b1d8-430b611775ac req-f6e6b297-551a-49a4-b1d8-430b611775ac ] Request (ServerDiskConfigTestJSON:test_rebuild_server_with_manual_disk_config): 200 GET http://10.180.1.21/compute/v2.1/servers/5f799e00-e640-4599-a202-5226e0af3e62 0.809s
2025-11-23 05:02:53.730 66384 INFO tempest.lib.common.rest_client [req-5a2f0617-9b39-4380-8854-2e0850cc4a63 req-5a2f0617-9b39-4380-8854-2e0850cc4a63 ] Request (ServersNegativeTestJSON:setUp): 200 GET http://10.180.1.21/compute/v2.1/servers/4cda2dc3-1eda-46c1-9960-2d0ab9027432 0.436s
2025-11-23 05:02:53.771 66341 INFO tempest.lib.common.rest_client [req-2b881e10-e1fe-4fa3-890b-7146c2ff048e req-2b881e10-e1fe-4fa3-890b-7146c2ff048e ] Request (ServerTagsTestJSON:tearDownClass): 200 GET http://10.180.1.21/compute/v2.1/servers/14cd3852-c379-4e98-a588-c64b6977c720 0.468s
2025-11-23 05:02:53.843 66395 INFO tempest.lib.common.rest_client [req-e67c883c-69d2-440a-86fe-3b5d0f57fac5 req-e67c883c-69d2-440a-86fe-3b5d0f57fac5 ] Request (ServersTestManualDisk:tearDownClass): 204 DELETE http://10.180.1.21/networking/v2.0/floatingips/81eb99e5-964a-4ea3-bad4-3bc2853cb0f6 0.241s
2025-11-23 05:02:53.844 66351 INFO tempest.lib.common.rest_client [req-3177f9cd-8316-4216-be04-d749c23db234 req-3177f9cd-8316-4216-be04-d749c23db234 ] Request (ListImageFiltersTestJSON:tearDownClass): 200 GET http://10.180.1.21/compute/v2.1/servers/1bc2d181-6afc-4df2-aef1-bf4a5e6f4a9a 0.356s
2025-11-23 05:02:53.874 66349 INFO tempest.lib.common.rest_client [req-c31f9506-caec-491a-acc5-1fb9b1155337 req-c31f9506-caec-491a-acc5-1fb9b1155337 ] Request (ServerGroupTestJSON:test_create_server_with_scheduler_hint_group): 200 GET http://10.180.1.21/compute/v2.1/servers/963a205a-d90f-4189-84ed-c7e468b2c01d 0.498s
2025-11-23 05:02:53.881 66349 INFO tempest.common.waiters [-] State transition "BUILD/spawning" ==> "ACTIVE/None" after 41 second wait
2025-11-23 05:02:53.915 66353 INFO tempest.lib.common.rest_client [req-b0f2be59-40e4-4afa-ba7a-23e75061db8d req-b0f2be59-40e4-4afa-ba7a-23e75061db8d ] Request (AttachVolumeTestJSON:test_attach_detach_volume): 202 POST http://10.180.1.21/compute/v2.1/servers/de5904c9-6966-4cb9-8c90-348ebdad293a/action 0.418s
2025-11-23 05:02:53.918 66401 INFO tempest.lib.common.rest_client [req-6caf1de1-fdd1-4234-b398-041a5600868f req-6caf1de1-fdd1-4234-b398-041a5600868f ] Request (AttachVolumeShelveTestJSON:test_attach_volume_shelved_or_offload_server): 200 GET http://10.180.1.21/compute/v2.1/servers/5c4e90f4-bcb6-4299-a37b-fac3711ac9d4 0.388s
2025-11-23 05:02:54.048 66399 INFO tempest.lib.common.rest_client [req-29fc89bf-4530-4798-b040-67bb82bf3707 req-29fc89bf-4530-4798-b040-67bb82bf3707 ] Request (ImagesOneServerTestJSON:tearDownClass): 200 GET http://10.180.1.21/compute/v2.1/servers/8c18b4bd-ffb6-4ba9-b5b0-ba0bad2c5f2c 0.458s
2025-11-23 05:02:54.085 66345 INFO tempest.lib.common.rest_client [req-5987063c-dec8-4980-977e-2d7187cf5a9b req-5987063c-dec8-4980-977e-2d7187cf5a9b ] Request (AttachVolumeNegativeTest:test_attach_attached_volume_to_different_server): 200 GET http://10.180.1.21/compute/v2.1/servers/bd702608-45fe-4703-a5c0-b0bc82778c7b 0.520s
2025-11-23 05:02:54.123 66381 INFO tempest.lib.common.rest_client [req-f5a98fcd-f945-4695-bfc3-18bff60c0a59 req-f5a98fcd-f945-4695-bfc3-18bff60c0a59 ] Request (DeleteServersTestJSON:test_delete_server_while_in_attached_volume): 200 GET http://10.180.1.21/compute/v2.1/servers/74d857a9-8f93-441e-92f7-d0e84fd76673 0.454s
2025-11-23 05:02:54.214 66365 INFO tempest.lib.common.rest_client [req-1332e84d-f719-438d-85eb-1a65a8aae6c8 req-1332e84d-f719-438d-85eb-1a65a8aae6c8 ] Request (ServerDiskConfigTestJSON:_run_cleanups): 204 DELETE http://10.180.1.21/compute/v2.1/servers/5f799e00-e640-4599-a202-5226e0af3e62 0.497s
2025-11-23 05:02:54.236 66387 INFO tempest.lib.common.rest_client [req-93f89b69-6210-414f-98f4-3c9a7480fda5 req-93f89b69-6210-414f-98f4-3c9a7480fda5 ] Request (ServerMetadataTestJSON:setUpClass): 200 GET http://10.180.1.21/compute/v2.1/servers/97ee047f-b989-456b-9bbf-825db6b38577 0.539s
2025-11-23 05:02:54.274 66389 INFO tempest.lib.common.rest_client [req-ccdce633-1e91-4fb1-b84e-1f33f80dfb06 req-ccdce633-1e91-4fb1-b84e-1f33f80dfb06 ] Request (MultipleCreateTestJSON:test_multiple_create): 200 GET http://10.180.1.21/compute/v2.1/servers/12ca4cb2-5fcc-44d7-88bf-c9bd2a5f0ece 0.543s
2025-11-23 05:02:54.282 66361 INFO tempest.lib.common.rest_client [req-3c36098a-f1d3-48f2-b39e-1503500733cc req-3c36098a-f1d3-48f2-b39e-1503500733cc ] Request (ImagesTestJSON:test_create_server_from_snapshot): 200 GET http://10.180.1.21/compute/v2.1/images/59333d55-8021-408f-9b0f-8cf4dfe3e1a1 0.551s
2025-11-23 05:02:54.290 66384 INFO tempest.lib.common.rest_client [req-41a82520-982f-472d-8741-7074e75f2233 req-41a82520-982f-472d-8741-7074e75f2233 ] Request (ServersNegativeTestJSON:test_restore_nonexistent_server_id): 404 POST http://10.180.1.21/compute/v2.1/servers/38e31f06-4e43-44be-9b69-d03850ed28c9/action 0.551s
2025-11-23 05:02:54.299 66365 INFO tempest.lib.common.rest_client [req-9147cd52-97c3-4c56-a71f-0d99332f2792 req-9147cd52-97c3-4c56-a71f-0d99332f2792 ] Request (ServerDiskConfigTestJSON:test_resize_server_from_auto_to_manual): 201 POST http://10.180.1.21/identity/v3/auth/tokens 0.080s
