2025-11-23 04:59:54.568 66387 INFO tempest.lib.common.rest_client [req-12ca89a1-7d7d-4cd6-932a-bd37ac367f56 req-12ca89a1-7d7d-4cd6-932a-bd37ac367f56 ] Request (FlavorsAccessTestJSON:tearDownClass): 200 GET http://10.180.1.21/networking/v2.0/security-groups?tenant_id=27b8f36eb1ee4dd18a22a52a40179b73&name=default 0.609s
2025-11-23 04:59:54.693 66393 INFO tempest.lib.common.rest_client [req-470592fd-4f2f-4877-af3d-a11b25c0e6c7 req-470592fd-4f2f-4877-af3d-a11b25c0e6c7 ] Request (InstanceActionsV221TestJSON:setUpClass): 201 POST http://10.180.1.21/networking/v2.0/networks 0.796s
2025-11-23 04:59:54.736 66361 INFO tempest.lib.common.rest_client [req-6e58e72f-95e4-404c-91e5-0c92a9410ad3 req-6e58e72f-95e4-404c-91e5-0c92a9410ad3 ] Request (ImagesTestJSON:test_create_image_from_stopped_server): 200 GET http://10.180.1.21/compute/v2.1/servers/e06ef051-34ac-40ee-8026-e09e99d6e41f 4.507s
2025-11-23 04:59:54.748 66395 INFO tempest.lib.common.rest_client [req-05f979fb-8370-470c-bb0e-1189e07b8499 req-05f979fb-8370-470c-bb0e-1189e07b8499 ] Request (KeyPairsV2TestJSON:test_get_keypair_detail): 200 GET http://10.180.1.21/compute/v2.1/os-keypairs/tempest-keypair-931707463 4.240s
2025-11-23 04:59:54.891 66367 INFO tempest.lib.common.rest_client [req-4d3a0f4c-ea28-4282-89d1-b34fb6ab6f3c req-4d3a0f4c-ea28-4282-89d1-b34fb6ab6f3c ] Request (QuotasAdminNegativeTest:test_create_server_when_memory_quota_is_full): 200 GET http://10.180.1.21/compute/v2.1/os-quota-sets/7f20463e11584d70a4bfc83bc9894d10 3.996s
2025-11-23 04:59:55.169 66355 WARNING tempest.lib.common.ssh [-] Failed to establish authenticated ssh connection to cirros@10.180.180.170 ([Errno None] Unable to connect to port 22 on 10.180.180.170). Number attempts: 3. Retry after 4 seconds.: paramiko.ssh_exception.NoValidConnectionsError: [Errno None] Unable to connect to port 22 on 10.180.180.170
2025-11-23 04:59:55.550 66343 INFO tempest.lib.common.rest_client [req-fd52b2e8-dead-4736-bdec-10e957cdf72a req-fd52b2e8-dead-4736-bdec-10e957cdf72a ] Request (ServerAddressesTestJSON:setUpClass): 201 POST http://10.180.1.21/networking/v2.0/routers 1.211s
2025-11-23 04:59:55.735 66387 INFO tempest.lib.common.rest_client [req-1bb9c73b-16ab-4085-a4e0-e7b62fb6caba req-1bb9c73b-16ab-4085-a4e0-e7b62fb6caba ] Request (FlavorsAccessTestJSON:tearDownClass): 204 DELETE http://10.180.1.21/networking/v2.0/security-groups/4b9837d9-eb03-4b89-8641-3c4c38759bf5 1.167s
2025-11-23 04:59:55.736 66365 INFO tempest.lib.common.rest_client [req-48be9192-a05e-4365-8e2c-a9d88b350dc1 req-48be9192-a05e-4365-8e2c-a9d88b350dc1 ] Request (AttachInterfacesV270Test:setUpClass): 200 PUT http://10.180.1.21/networking/v2.0/routers/991d9220-3cb7-46f7-9184-d5cccb575e53/add_router_interface 1.338s
2025-11-23 04:59:55.736 66365 INFO tempest.lib.common.dynamic_creds [-] Created isolated network resources for: credentials: Credentials: {'domain_id': 'default', 'domain_name': 'Default', 'username': 'tempest-AttachInterfacesV270Test-1461161010-project-member', 'project_domain_id': 'default', 'project_domain_name': 'Default', 'project_id': '70cbaab2a3ee4ff58613be5a7222626c', 'project_name': 'tempest-AttachInterfacesV270Test-1461161010', 'tenant_id': '70cbaab2a3ee4ff58613be5a7222626c', 'tenant_name': 'tempest-AttachInterfacesV270Test-1461161010', 'user_domain_id': 'default', 'user_domain_name': 'Default', 'user_id': '1deadf727d414df0af00bb48724f54d5', 'system': None}, Network: {'id': '3d6dedf8-1d0d-4c20-b809-00696827f1f3', 'name': 'tempest-AttachInterfacesV270Test-1755533290-network', 'tenant_id': '70cbaab2a3ee4ff58613be5a7222626c', 'project_id': '70cbaab2a3ee4ff58613be5a7222626c', 'admin_state_up': True, 'mtu': 8950, 'status': 'ACTIVE', 'subnets': [], 'shared': False, 'port_security_enabled': True, 'router:external': False, 'provider:network_type': 'vlan', 'provider:physical_network': 'default', 'provider:segmentation_id': 45, 'availability_zone_hints': [], 'availability_zones': [], 'ipv4_address_scope': None, 'ipv6_address_scope': None, 'description': '', 'tags': [], 'created_at': '2025-11-23T04:59:52Z', 'updated_at': '2025-11-23T04:59:52Z', 'revision_number': 1}, Subnet: {'id': '20e97347-2cc3-4f4f-9dee-f56f1d9bcd82', 'name': 'tempest-AttachInterfacesV270Test-1755533290-subnet', 'tenant_id': '70cbaab2a3ee4ff58613be5a7222626c', 'network_id': '3d6dedf8-1d0d-4c20-b809-00696827f1f3', 'ip_version': 4, 'subnetpool_id': None, 'enable_dhcp': True, 'ipv6_ra_mode': None, 'ipv6_address_mode': None, 'gateway_ip': '192.168.128.1', 'cidr': '192.168.128.0/28', 'allocation_pools': [{'start': '192.168.128.2', 'end': '192.168.128.14'}], 'host_routes': [], 'dns_nameservers': [], 'description': '', 'router:external': False, 'service_types': [], 'tags': [], 'created_at': '2025-11-23T04:59:53Z', 'updated_at': '2025-11-23T04:59:53Z', 'revision_number': 0, 'project_id': '70cbaab2a3ee4ff58613be5a7222626c'}, Router: {'id': '991d9220-3cb7-46f7-9184-d5cccb575e53', 'name': 'tempest-AttachInterfacesV270Test-1755533290-router', 'tenant_id': '70cbaab2a3ee4ff58613be5a7222626c', 'admin_state_up': True, 'status': 'ACTIVE', 'external_gateway_info': {'network_id': '34310d39-ad73-439b-bdea-2a3361785fbb', 'external_fixed_ips': [{'subnet_id': 'c856a448-2086-4533-ae15-e0f714ed4d88', 'ip_address': '10.180.180.153'}], 'enable_snat': True}, 'description': '', 'availability_zones': [], 'distributed': False, 'ha': False, 'availability_zone_hints': [], 'routes': [], 'flavor_id': None, 'tags': [], 'created_at': '2025-11-23T04:59:53Z', 'updated_at': '2025-11-23T04:59:54Z', 'revision_number': 2, 'project_id': '70cbaab2a3ee4ff58613be5a7222626c'}
2025-11-23 04:59:55.828 66365 INFO tempest.lib.common.rest_client [req-bc53c87a-affa-49ee-8a9c-d35f3652464d req-bc53c87a-affa-49ee-8a9c-d35f3652464d ] Request (AttachInterfacesV270Test:setUpClass): 201 POST http://10.180.1.21/identity/v3/auth/tokens 0.088s
2025-11-23 04:59:55.833 66387 INFO tempest.lib.common.rest_client [req-24866cbd-ff8b-4dfd-ab30-e92b0c2b777b req-24866cbd-ff8b-4dfd-ab30-e92b0c2b777b ] Request (FlavorsAccessTestJSON:tearDownClass): 204 DELETE http://10.180.1.21/identity/v3/projects/27b8f36eb1ee4dd18a22a52a40179b73 0.097s
2025-11-23 04:59:55.896 66365 INFO tempest.lib.common.rest_client [req-a90b628c-051a-4542-82ae-f7d28619aca7 req-a90b628c-051a-4542-82ae-f7d28619aca7 ] Request (AttachInterfacesV270Test:test_create_get_list_interfaces): 201 POST http://10.180.1.21/identity/v3/auth/tokens 0.062s
2025-11-23 04:59:55.896 66365 INFO tempest.lib.common.fixed_network [-] (AttachInterfacesV270Test:test_create_get_list_interfaces) Found network {'id': '3d6dedf8-1d0d-4c20-b809-00696827f1f3', 'name': 'tempest-AttachInterfacesV270Test-1755533290-network', 'tenant_id': '70cbaab2a3ee4ff58613be5a7222626c', 'project_id': '70cbaab2a3ee4ff58613be5a7222626c', 'admin_state_up': True, 'mtu': 8950, 'status': 'ACTIVE', 'subnets': [], 'shared': False, 'port_security_enabled': True, 'router:external': False, 'provider:network_type': 'vlan', 'provider:physical_network': 'default', 'provider:segmentation_id': 45, 'availability_zone_hints': [], 'availability_zones': [], 'ipv4_address_scope': None, 'ipv6_address_scope': None, 'description': '', 'tags': [], 'created_at': '2025-11-23T04:59:52Z', 'updated_at': '2025-11-23T04:59:52Z', 'revision_number': 1} available for tenant
2025-11-23 04:59:55.913 66387 INFO tempest.lib.common.rest_client [req-14178ba1-a88d-485f-8b05-c51439c39a0e req-14178ba1-a88d-485f-8b05-c51439c39a0e ] Request (FlavorsExtraSpecsNegativeTestJSON:setUpClass): 201 POST http://10.180.1.21/identity/v3/auth/tokens 0.078s
2025-11-23 04:59:55.915 66393 INFO tempest.lib.common.rest_client [req-347a32b8-e319-4c64-894d-a3561aac36cc req-347a32b8-e319-4c64-894d-a3561aac36cc ] Request (InstanceActionsV221TestJSON:setUpClass): 201 POST http://10.180.1.21/networking/v2.0/subnets 1.221s
2025-11-23 04:59:55.946 66387 INFO tempest.lib.common.rest_client [req-2d4fb788-579e-419b-a26c-bfde8af564c2 req-2d4fb788-579e-419b-a26c-bfde8af564c2 ] Request (FlavorsExtraSpecsNegativeTestJSON:setUpClass): 201 POST http://10.180.1.21/identity/v3/auth/tokens 0.029s
2025-11-23 04:59:55.976 66387 INFO tempest.lib.common.rest_client [req-b20cf4df-bcd7-42e6-bc47-ca14e1d4caf7 req-b20cf4df-bcd7-42e6-bc47-ca14e1d4caf7 ] Request (FlavorsExtraSpecsNegativeTestJSON:setUpClass): 200 GET http://10.180.1.21/identity/v3/domains?name=Default 0.029s
2025-11-23 04:59:56.005 66387 INFO tempest.lib.common.rest_client [req-80706e16-4f96-4e16-9eb4-5e57e8f80f3a req-80706e16-4f96-4e16-9eb4-5e57e8f80f3a ] Request (FlavorsExtraSpecsNegativeTestJSON:setUpClass): 201 POST http://10.180.1.21/identity/v3/projects 0.028s
2025-11-23 04:59:56.070 66387 INFO tempest.lib.common.rest_client [req-13ad730e-2c15-49b1-ab1d-600cf3ce66fd req-13ad730e-2c15-49b1-ab1d-600cf3ce66fd ] Request (FlavorsExtraSpecsNegativeTestJSON:setUpClass): 201 POST http://10.180.1.21/identity/v3/users 0.064s
2025-11-23 04:59:56.095 66387 INFO tempest.lib.common.rest_client [req-87b3fa98-7d54-4254-9dac-c49b5d9353e3 req-87b3fa98-7d54-4254-9dac-c49b5d9353e3 ] Request (FlavorsExtraSpecsNegativeTestJSON:setUpClass): 200 GET http://10.180.1.21/identity/v3/roles 0.024s
2025-11-23 04:59:56.148 66387 INFO tempest.lib.common.rest_client [req-51c98a83-9fe9-4db2-bf12-4d617aa89459 req-51c98a83-9fe9-4db2-bf12-4d617aa89459 ] Request (FlavorsExtraSpecsNegativeTestJSON:setUpClass): 204 PUT http://10.180.1.21/identity/v3/projects/a56643e7b12e41acb704dd57d7b672c1/users/65ebde83a05d4b4f90e63a7b87323544/roles/7750a879e597402d963560292570a035 0.053s
2025-11-23 04:59:56.149 66387 INFO tempest.lib.common.dynamic_creds [-] Dynamic test user 65ebde83a05d4b4f90e63a7b87323544 is created with scope project and roles: ['member']
2025-11-23 04:59:56.149 66387 INFO tempest.lib.common.dynamic_creds [-] Acquired dynamic creds: credentials: Credentials: {'domain_id': 'default', 'domain_name': 'Default', 'username': 'tempest-FlavorsExtraSpecsNegativeTestJSON-2108079278-project-member', 'project_domain_id': 'default', 'project_domain_name': 'Default', 'project_id': 'a56643e7b12e41acb704dd57d7b672c1', 'project_name': 'tempest-FlavorsExtraSpecsNegativeTestJSON-2108079278', 'tenant_id': 'a56643e7b12e41acb704dd57d7b672c1', 'tenant_name': 'tempest-FlavorsExtraSpecsNegativeTestJSON-2108079278', 'user_domain_id': 'default', 'user_domain_name': 'Default', 'user_id': '65ebde83a05d4b4f90e63a7b87323544', 'system': None}, Network: None, Subnet: None, Router: None
2025-11-23 04:59:56.149 66387 INFO tempest.lib.common.dynamic_creds [-] Created isolated network resources for: credentials: Credentials: {'domain_id': 'default', 'domain_name': 'Default', 'username': 'tempest-FlavorsExtraSpecsNegativeTestJSON-2108079278-project-member', 'project_domain_id': 'default', 'project_domain_name': 'Default', 'project_id': 'a56643e7b12e41acb704dd57d7b672c1', 'project_name': 'tempest-FlavorsExtraSpecsNegativeTestJSON-2108079278', 'tenant_id': 'a56643e7b12e41acb704dd57d7b672c1', 'tenant_name': 'tempest-FlavorsExtraSpecsNegativeTestJSON-2108079278', 'user_domain_id': 'default', 'user_domain_name': 'Default', 'user_id': '65ebde83a05d4b4f90e63a7b87323544', 'system': None}, Network: None, Subnet: None, Router: None
2025-11-23 04:59:56.174 66353 INFO tempest.lib.common.rest_client [req-bc78bfc4-6ffd-4436-b527-1f1b71e1d486 req-bc78bfc4-6ffd-4436-b527-1f1b71e1d486 ] Request (SecurityGroupsTestAdminJSON:_run_cleanups): 202 DELETE http://10.180.1.21/compute/v2.1/os-security-groups/3d5d1587-f928-4d53-8351-0faf2634d44f 5.023s
2025-11-23 04:59:56.248 66387 INFO tempest.lib.common.rest_client [req-7fbf9795-3550-41c8-9452-1357d0670767 req-7fbf9795-3550-41c8-9452-1357d0670767 ] Request (FlavorsExtraSpecsNegativeTestJSON:setUpClass): 201 POST http://10.180.1.21/identity/v3/auth/tokens 0.096s
2025-11-23 04:59:56.338 66387 INFO tempest.lib.common.rest_client [req-87f580dd-c3ca-4094-afc7-28a4601745ab req-87f580dd-c3ca-4094-afc7-28a4601745ab ] Request (FlavorsExtraSpecsNegativeTestJSON:setUpClass): 201 POST http://10.180.1.21/identity/v3/projects 0.089s
2025-11-23 04:59:56.432 66387 INFO tempest.lib.common.rest_client [req-1f7aab3b-a0e8-401f-aea9-5046a1268604 req-1f7aab3b-a0e8-401f-aea9-5046a1268604 ] Request (FlavorsExtraSpecsNegativeTestJSON:setUpClass): 201 POST http://10.180.1.21/identity/v3/users 0.092s
2025-11-23 04:59:56.455 66387 INFO tempest.lib.common.rest_client [req-15614346-fc4b-44d9-8352-c0a43281cd5b req-15614346-fc4b-44d9-8352-c0a43281cd5b ] Request (FlavorsExtraSpecsNegativeTestJSON:setUpClass): 200 GET http://10.180.1.21/identity/v3/roles 0.022s
2025-11-23 04:59:56.490 66387 INFO tempest.lib.common.rest_client [req-2a17b1e6-0314-419c-8fb8-4b33c15d7b8f req-2a17b1e6-0314-419c-8fb8-4b33c15d7b8f ] Request (FlavorsExtraSpecsNegativeTestJSON:setUpClass): 204 PUT http://10.180.1.21/identity/v3/projects/0b1946e5fd0c4309b136d9cc3b8bce3a/users/9c2863117c964d7c9f63329a6fdb216f/roles/84b9c59818124952b0d160da43ed9954 0.035s
2025-11-23 04:59:56.555 66387 INFO tempest.lib.common.rest_client [req-57bcd89c-955d-4df0-8ca3-60367737ace5 req-57bcd89c-955d-4df0-8ca3-60367737ace5 ] Request (FlavorsExtraSpecsNegativeTestJSON:setUpClass): 200 GET http://10.180.1.21/identity/v3/roles 0.063s
2025-11-23 04:59:56.583 66387 INFO tempest.lib.common.rest_client [req-eaf6f302-ce90-4cf6-a2ee-490d756ea37d req-eaf6f302-ce90-4cf6-a2ee-490d756ea37d ] Request (FlavorsExtraSpecsNegativeTestJSON:setUpClass): 204 PUT http://10.180.1.21/identity/v3/projects/0b1946e5fd0c4309b136d9cc3b8bce3a/users/9c2863117c964d7c9f63329a6fdb216f/roles/84b9c59818124952b0d160da43ed9954 0.027s
2025-11-23 04:59:56.583 66387 INFO tempest.lib.common.dynamic_creds [-] Dynamic test user 9c2863117c964d7c9f63329a6fdb216f is created with scope project and roles: ['admin']
2025-11-23 04:59:56.584 66387 INFO tempest.lib.common.dynamic_creds [-] Acquired dynamic creds: credentials: Credentials: {'domain_id': 'default', 'domain_name': 'Default', 'username': 'tempest-FlavorsExtraSpecsNegativeTestJSON-907391241-project-admin', 'project_domain_id': 'default', 'project_domain_name': 'Default', 'project_id': '0b1946e5fd0c4309b136d9cc3b8bce3a', 'project_name': 'tempest-FlavorsExtraSpecsNegativeTestJSON-907391241', 'tenant_id': '0b1946e5fd0c4309b136d9cc3b8bce3a', 'tenant_name': 'tempest-FlavorsExtraSpecsNegativeTestJSON-907391241', 'user_domain_id': 'default', 'user_domain_name': 'Default', 'user_id': '9c2863117c964d7c9f63329a6fdb216f', 'system': None}, Network: None, Subnet: None, Router: None
2025-11-23 04:59:56.584 66387 INFO tempest.lib.common.dynamic_creds [-] Created isolated network resources for: credentials: Credentials: {'domain_id': 'default', 'domain_name': 'Default', 'username': 'tempest-FlavorsExtraSpecsNegativeTestJSON-907391241-project-admin', 'project_domain_id': 'default', 'project_domain_name': 'Default', 'project_id': '0b1946e5fd0c4309b136d9cc3b8bce3a', 'project_name': 'tempest-FlavorsExtraSpecsNegativeTestJSON-907391241', 'tenant_id': '0b1946e5fd0c4309b136d9cc3b8bce3a', 'tenant_name': 'tempest-FlavorsExtraSpecsNegativeTestJSON-907391241', 'user_domain_id': 'default', 'user_domain_name': 'Default', 'user_id': '9c2863117c964d7c9f63329a6fdb216f', 'system': None}, Network: None, Subnet: None, Router: None
2025-11-23 04:59:56.669 66387 INFO tempest.lib.common.rest_client [req-099a701a-4a92-41da-9f6c-39726584933b req-099a701a-4a92-41da-9f6c-39726584933b ] Request (FlavorsExtraSpecsNegativeTestJSON:setUpClass): 201 POST http://10.180.1.21/identity/v3/auth/tokens 0.083s
2025-11-23 04:59:56.781 66343 INFO tempest.lib.common.rest_client [req-fe3098bd-24b9-4fd2-a6ad-4e5ed9df3864 req-fe3098bd-24b9-4fd2-a6ad-4e5ed9df3864 ] Request (ServerAddressesTestJSON:setUpClass): 200 PUT http://10.180.1.21/networking/v2.0/routers/9497b231-aebb-45f2-8e7c-12d028242e28/add_router_interface 1.230s
2025-11-23 04:59:56.781 66343 INFO tempest.lib.common.dynamic_creds [-] Created isolated network resources for: credentials: Credentials: {'domain_id': 'default', 'domain_name': 'Default', 'username': 'tempest-ServerAddressesTestJSON-1318056417-project-member', 'project_domain_id': 'default', 'project_domain_name': 'Default', 'project_id': '5e606af25bde417eb2bd7f43d18f8203', 'project_name': 'tempest-ServerAddressesTestJSON-1318056417', 'tenant_id': '5e606af25bde417eb2bd7f43d18f8203', 'tenant_name': 'tempest-ServerAddressesTestJSON-1318056417', 'user_domain_id': 'default', 'user_domain_name': 'Default', 'user_id': 'e900add9897748eba0654d65d311024b', 'system': None}, Network: {'id': '2e6afe80-41cc-45ca-b988-1afe4896b044', 'name': 'tempest-ServerAddressesTestJSON-1350172892-network', 'tenant_id': '5e606af25bde417eb2bd7f43d18f8203', 'project_id': '5e606af25bde417eb2bd7f43d18f8203', 'admin_state_up': True, 'mtu': 8950, 'status': 'ACTIVE', 'subnets': [], 'shared': False, 'port_security_enabled': True, 'router:external': False, 'provider:network_type': 'vlan', 'provider:physical_network': 'default', 'provider:segmentation_id': 97, 'availability_zone_hints': [], 'availability_zones': [], 'ipv4_address_scope': None, 'ipv6_address_scope': None, 'description': '', 'tags': [], 'created_at': '2025-11-23T04:59:53Z', 'updated_at': '2025-11-23T04:59:53Z', 'revision_number': 1}, Subnet: {'id': '83c25df5-1b78-4361-8569-78005ac062ba', 'name': 'tempest-ServerAddressesTestJSON-1350172892-subnet', 'tenant_id': '5e606af25bde417eb2bd7f43d18f8203', 'network_id': '2e6afe80-41cc-45ca-b988-1afe4896b044', 'ip_version': 4, 'subnetpool_id': None, 'enable_dhcp': True, 'ipv6_ra_mode': None, 'ipv6_address_mode': None, 'gateway_ip': '192.168.128.1', 'cidr': '192.168.128.0/28', 'allocation_pools': [{'start': '192.168.128.2', 'end': '192.168.128.14'}], 'host_routes': [], 'dns_nameservers': [], 'description': '', 'router:external': False, 'service_types': [], 'tags': [], 'created_at': '2025-11-23T04:59:54Z', 'updated_at': '2025-11-23T04:59:54Z', 'revision_number': 0, 'project_id': '5e606af25bde417eb2bd7f43d18f8203'}, Router: {'id': '9497b231-aebb-45f2-8e7c-12d028242e28', 'name': 'tempest-ServerAddressesTestJSON-1350172892-router', 'tenant_id': '5e606af25bde417eb2bd7f43d18f8203', 'admin_state_up': True, 'status': 'ACTIVE', 'external_gateway_info': {'network_id': '34310d39-ad73-439b-bdea-2a3361785fbb', 'external_fixed_ips': [{'subnet_id': 'c856a448-2086-4533-ae15-e0f714ed4d88', 'ip_address': '10.180.180.135'}], 'enable_snat': True}, 'description': '', 'availability_zones': [], 'distributed': False, 'ha': False, 'availability_zone_hints': [], 'routes': [], 'flavor_id': None, 'tags': [], 'created_at': '2025-11-23T04:59:54Z', 'updated_at': '2025-11-23T04:59:55Z', 'revision_number': 2, 'project_id': '5e606af25bde417eb2bd7f43d18f8203'}
2025-11-23 04:59:56.871 66343 INFO tempest.lib.common.rest_client [req-3862094a-41d3-4029-9d8a-dd2dde495515 req-3862094a-41d3-4029-9d8a-dd2dde495515 ] Request (ServerAddressesTestJSON:setUpClass): 201 POST http://10.180.1.21/identity/v3/auth/tokens 0.086s
2025-11-23 04:59:56.894 66345 INFO tempest.lib.common.rest_client [req-4cc803a5-0e59-4486-9b0e-35effdc9b93b req-4cc803a5-0e59-4486-9b0e-35effdc9b93b ] Request (VolumesAdminNegativeTest:test_update_attached_volume_with_nonexistent_volume_in_uri): 202 POST http://10.180.1.21/compute/v2.1/servers 6.862s
2025-11-23 04:59:56.902 66393 INFO tempest.lib.common.rest_client [req-608a4986-29ee-4101-8b82-0c514206f8ea req-608a4986-29ee-4101-8b82-0c514206f8ea ] Request (InstanceActionsV221TestJSON:setUpClass): 201 POST http://10.180.1.21/networking/v2.0/routers 0.986s
2025-11-23 04:59:56.919 66343 INFO tempest.lib.common.rest_client [req-f9791641-3ed8-4e87-b8dc-63dc3a4fc4d5 req-f9791641-3ed8-4e87-b8dc-63dc3a4fc4d5 ] Request (ServerAddressesTestJSON:setUpClass): 201 POST http://10.180.1.21/identity/v3/auth/tokens 0.043s
2025-11-23 04:59:56.920 66343 INFO tempest.lib.common.fixed_network [-] (ServerAddressesTestJSON:setUpClass) Found network {'id': '2e6afe80-41cc-45ca-b988-1afe4896b044', 'name': 'tempest-ServerAddressesTestJSON-1350172892-network', 'tenant_id': '5e606af25bde417eb2bd7f43d18f8203', 'project_id': '5e606af25bde417eb2bd7f43d18f8203', 'admin_state_up': True, 'mtu': 8950, 'status': 'ACTIVE', 'subnets': [], 'shared': False, 'port_security_enabled': True, 'router:external': False, 'provider:network_type': 'vlan', 'provider:physical_network': 'default', 'provider:segmentation_id': 97, 'availability_zone_hints': [], 'availability_zones': [], 'ipv4_address_scope': None, 'ipv6_address_scope': None, 'description': '', 'tags': [], 'created_at': '2025-11-23T04:59:53Z', 'updated_at': '2025-11-23T04:59:53Z', 'revision_number': 1} available for tenant
2025-11-23 04:59:56.933 66357 INFO tempest.lib.common.rest_client [req-0a16cbc6-2445-419b-9427-4024c97a2df3 req-0a16cbc6-2445-419b-9427-4024c97a2df3 ] Request (ServersWithSpecificFlavorTestJSON:test_verify_created_server_ephemeral_disk): 200 GET http://10.180.1.21/compute/v2.1/servers/3e6cfa2a-607c-4fbe-8345-90501b5ad443 5.654s
2025-11-23 04:59:56.968 66347 WARNING tempest.lib.common.ssh [-] Failed to establish authenticated ssh connection to cirros@10.180.180.164 ([Errno None] Unable to connect to port 22 on 10.180.180.164). Number attempts: 2. Retry after 3 seconds.: paramiko.ssh_exception.NoValidConnectionsError: [Errno None] Unable to connect to port 22 on 10.180.180.164
2025-11-23 04:59:57.123 66349 INFO tempest.lib.common.rest_client [req-f7b6ee80-2cb8-4236-9034-964ab08f8396 req-f7b6ee80-2cb8-4236-9034-964ab08f8396 ] Request (ServerDiagnosticsTest:tearDownClass): 200 GET http://10.180.1.21/compute/v2.1/servers/50d0b208-c86f-4be9-8ef7-fa6996be026f 5.646s
2025-11-23 04:59:57.205 66391 INFO tempest.lib.common.rest_client [req-9dc079b5-14f2-4cfa-997d-a35e82db0ae2 req-9dc079b5-14f2-4cfa-997d-a35e82db0ae2 ] Request (ServerActionsTestJSON:setUpClass): 200 GET http://10.180.1.21/compute/v2.1/servers/64d78a98-8de7-4acd-9248-e2a3026fe8b9 5.827s
2025-11-23 04:59:57.215 66391 INFO tempest.common.waiters [-] State transition "BUILD/spawning" ==> "ACTIVE/None" after 23 second wait
2025-11-23 04:59:57.822 66393 INFO tempest.lib.common.rest_client [req-95adea81-dd16-487f-abfa-c94ea307036b req-95adea81-dd16-487f-abfa-c94ea307036b ] Request (InstanceActionsV221TestJSON:setUpClass): 200 PUT http://10.180.1.21/networking/v2.0/routers/393bf281-aae0-4b1e-a929-5302d2d598a8/add_router_interface 0.919s
2025-11-23 04:59:57.822 66393 INFO tempest.lib.common.dynamic_creds [-] Created isolated network resources for: credentials: Credentials: {'domain_id': 'default', 'domain_name': 'Default', 'username': 'tempest-InstanceActionsV221TestJSON-1517074051-project-member', 'project_domain_id': 'default', 'project_domain_name': 'Default', 'project_id': '500606c86dad4b49b911c415d969e4f2', 'project_name': 'tempest-InstanceActionsV221TestJSON-1517074051', 'tenant_id': '500606c86dad4b49b911c415d969e4f2', 'tenant_name': 'tempest-InstanceActionsV221TestJSON-1517074051', 'user_domain_id': 'default', 'user_domain_name': 'Default', 'user_id': 'a133a38559de4b2db08cb3558f0f10d1', 'system': None}, Network: {'id': '10405891-7ade-4389-8e71-ba977e88d6a9', 'name': 'tempest-InstanceActionsV221TestJSON-2018056097-network', 'tenant_id': '500606c86dad4b49b911c415d969e4f2', 'project_id': '500606c86dad4b49b911c415d969e4f2', 'admin_state_up': True, 'mtu': 8950, 'status': 'ACTIVE', 'subnets': [], 'shared': False, 'port_security_enabled': True, 'router:external': False, 'provider:network_type': 'vlan', 'provider:physical_network': 'default', 'provider:segmentation_id': 307, 'availability_zone_hints': [], 'availability_zones': [], 'ipv4_address_scope': None, 'ipv6_address_scope': None, 'description': '', 'tags': [], 'created_at': '2025-11-23T04:59:54Z', 'updated_at': '2025-11-23T04:59:54Z', 'revision_number': 1}, Subnet: {'id': 'ffabc39d-7c6e-4e38-b1c9-5cf96b7e33ff', 'name': 'tempest-InstanceActionsV221TestJSON-2018056097-subnet', 'tenant_id': '500606c86dad4b49b911c415d969e4f2', 'network_id': '10405891-7ade-4389-8e71-ba977e88d6a9', 'ip_version': 4, 'subnetpool_id': None, 'enable_dhcp': True, 'ipv6_ra_mode': None, 'ipv6_address_mode': None, 'gateway_ip': '192.168.128.1', 'cidr': '192.168.128.0/28', 'allocation_pools': [{'start': '192.168.128.2', 'end': '192.168.128.14'}], 'host_routes': [], 'dns_nameservers': [], 'description': '', 'router:external': False, 'service_types': [], 'tags': [], 'created_at': '2025-11-23T04:59:55Z', 'updated_at': '2025-11-23T04:59:55Z', 'revision_number': 0, 'project_id': '500606c86dad4b49b911c415d969e4f2'}, Router: {'id': '393bf281-aae0-4b1e-a929-5302d2d598a8', 'name': 'tempest-InstanceActionsV221TestJSON-2018056097-router', 'tenant_id': '500606c86dad4b49b911c415d969e4f2', 'admin_state_up': True, 'status': 'ACTIVE', 'external_gateway_info': {'network_id': '34310d39-ad73-439b-bdea-2a3361785fbb', 'external_fixed_ips': [{'subnet_id': 'c856a448-2086-4533-ae15-e0f714ed4d88', 'ip_address': '10.180.180.219'}], 'enable_snat': True}, 'description': '', 'availability_zones': [], 'distributed': False, 'ha': False, 'availability_zone_hints': [], 'routes': [], 'flavor_id': None, 'tags': [], 'created_at': '2025-11-23T04:59:56Z', 'updated_at': '2025-11-23T04:59:56Z', 'revision_number': 2, 'project_id': '500606c86dad4b49b911c415d969e4f2'}
2025-11-23 04:59:57.900 66401 INFO tempest.lib.common.rest_client [req-d01db688-bce0-4ba7-905c-679d853aadd8 req-d01db688-bce0-4ba7-905c-679d853aadd8 ] Request (InstanceActionsTestJSON:setUpClass): 200 GET http://10.180.1.21/compute/v2.1/servers/43a24c40-df34-4051-bae9-9e01bfb490e2 6.275s
2025-11-23 04:59:57.910 66401 INFO tempest.common.waiters [-] State transition "BUILD/spawning" ==> "ACTIVE/None" after 22 second wait
2025-11-23 04:59:57.917 66393 INFO tempest.lib.common.rest_client [req-0356d61c-00b3-40b8-be93-a0b100a9cf9b req-0356d61c-00b3-40b8-be93-a0b100a9cf9b ] Request (InstanceActionsV221TestJSON:setUpClass): 201 POST http://10.180.1.21/identity/v3/auth/tokens 0.090s
2025-11-23 04:59:57.951 66393 INFO tempest.lib.common.rest_client [req-520e9a0d-c235-4bb1-bdf0-50ab1eba53fd req-520e9a0d-c235-4bb1-bdf0-50ab1eba53fd ] Request (InstanceActionsV221TestJSON:test_get_list_deleted_instance_actions): 201 POST http://10.180.1.21/identity/v3/auth/tokens 0.029s
2025-11-23 04:59:57.952 66393 INFO tempest.lib.common.fixed_network [-] (InstanceActionsV221TestJSON:test_get_list_deleted_instance_actions) Found network {'id': '10405891-7ade-4389-8e71-ba977e88d6a9', 'name': 'tempest-InstanceActionsV221TestJSON-2018056097-network', 'tenant_id': '500606c86dad4b49b911c415d969e4f2', 'project_id': '500606c86dad4b49b911c415d969e4f2', 'admin_state_up': True, 'mtu': 8950, 'status': 'ACTIVE', 'subnets': [], 'shared': False, 'port_security_enabled': True, 'router:external': False, 'provider:network_type': 'vlan', 'provider:physical_network': 'default', 'provider:segmentation_id': 307, 'availability_zone_hints': [], 'availability_zones': [], 'ipv4_address_scope': None, 'ipv6_address_scope': None, 'description': '', 'tags': [], 'created_at': '2025-11-23T04:59:54Z', 'updated_at': '2025-11-23T04:59:54Z', 'revision_number': 1} available for tenant
2025-11-23 04:59:57.960 66399 INFO tempest.lib.common.rest_client [req-40df7bd8-0846-496b-9f3b-1fba1d3949f1 req-40df7bd8-0846-496b-9f3b-1fba1d3949f1 ] Request (FloatingIPsAssociationNegativeTestJSON:test_associate_ip_to_server_with_floating_ip): 200 POST http://10.180.1.21/compute/v2.1/os-floating-ips 6.458s
2025-11-23 04:59:57.966 66381 INFO tempest.lib.common.rest_client [req-dcec34e4-6e0c-4fc1-aaca-ec78f2265838 req-dcec34e4-6e0c-4fc1-aaca-ec78f2265838 ] Request (HostsAdminNegativeTestJSON:test_update_host_without_param): 400 PUT http://10.180.1.21/compute/v2.1/os-hosts/devstack 6.187s
2025-11-23 04:59:57.986 66359 INFO tempest.lib.common.rest_client [req-0daa9434-aac6-4e07-9e0b-24fbbb450bfa req-0daa9434-aac6-4e07-9e0b-24fbbb450bfa ] Request (FlavorsAccessNegativeTestJSON:test_flavor_non_admin_add): 200 POST http://10.180.1.21/compute/v2.1/flavors 6.203s
2025-11-23 04:59:58.002 66375 INFO tempest.lib.common.rest_client [req-3ccdbe27-5604-4d0a-9f79-6dbef8c44d6f req-3ccdbe27-5604-4d0a-9f79-6dbef8c44d6f ] Request (FlavorsAdminTestJSON:_run_cleanups): 202 DELETE http://10.180.1.21/compute/v2.1/flavors/58511df7-4244-4596-b9bb-8254694e7579 6.169s
2025-11-23 04:59:58.020 66369 INFO tempest.lib.common.rest_client [req-8b317a39-af87-44e9-b2ae-e32f16bf5d0f req-8b317a39-af87-44e9-b2ae-e32f16bf5d0f ] Request (AggregatesAdminNegativeTestJSON:_run_cleanups): 200 DELETE http://10.180.1.21/compute/v2.1/os-aggregates/3 6.144s
2025-11-23 04:59:58.026 66341 INFO tempest.lib.common.rest_client [req-1bfa73f6-bdfb-421e-b28a-abbe837ddcd6 req-1bfa73f6-bdfb-421e-b28a-abbe837ddcd6 ] Request (ServersTestFqdnHostnames:test_create_server_with_fqdn_name): 200 GET http://10.180.1.21/compute/v2.1/servers/9aab1ad1-819f-4725-a579-e739aed01c65/os-interface 6.363s
2025-11-23 04:59:58.197 66363 INFO tempest.lib.common.rest_client [req-6a3c86d8-4afb-466a-abc5-3cfa9d7103bf req-6a3c86d8-4afb-466a-abc5-3cfa9d7103bf ] Request (QuotasAdminTestJSON:test_delete_quota): 200 GET http://10.180.1.21/compute/v2.1/os-quota-sets/ee81ab677e0843669289923157bfdf35 6.295s
2025-11-23 04:59:58.298 66363 INFO tempest.lib.common.rest_client [req-13af68ed-91c7-4168-bc95-e3515c4f1953 req-13af68ed-91c7-4168-bc95-e3515c4f1953 ] Request (QuotasAdminTestJSON:_run_cleanups): 204 DELETE http://10.180.1.21/identity/v3/projects/ee81ab677e0843669289923157bfdf35 0.098s
2025-11-23 04:59:58.314 66384 INFO tempest.lib.common.rest_client [req-a24cec72-8320-4f31-9a03-c129c137a533 req-a24cec72-8320-4f31-9a03-c129c137a533 ] Request (AbsoluteLimitsTestJSON:test_absLimits_get): 200 GET http://10.180.1.21/compute/v2.1/limits 5.992s
2025-11-23 04:59:58.532 66384 INFO tempest.lib.common.rest_client [req-da8de002-f21b-4430-96d6-bdb4d2215491 req-da8de002-f21b-4430-96d6-bdb4d2215491 ] Request (AbsoluteLimitsTestJSON:tearDownClass): 204 DELETE http://10.180.1.21/identity/v3/users/2539caded4df4f15b638d9e964ad93d3 0.213s
2025-11-23 04:59:58.532 66384 INFO tempest.lib.common.dynamic_creds [-] Deleting project and security group for project: e92d06369d77474d9ccf6965609efdf9
2025-11-23 04:59:58.596 66341 INFO tempest.lib.common.rest_client [req-d82f8279-bfa9-40b0-940f-054cc89bff22 req-d82f8279-bfa9-40b0-940f-054cc89bff22 ] Request (ServersTestFqdnHostnames:test_create_server_with_fqdn_name): 200 PUT http://10.180.1.21/networking/v2.0/floatingips/25775686-3c74-476a-8c5d-1653f6f6e45a 0.566s
2025-11-23 04:59:58.597 66341 INFO tempest.lib.common.ssh [-] Creating ssh connection to '10.180.180.225:22' as 'cirros' with public key authentication
2025-11-23 04:59:58.614 66384 INFO tempest.lib.common.rest_client [req-29dec56d-70c1-4cd9-ad55-69e2cdaffb02 req-29dec56d-70c1-4cd9-ad55-69e2cdaffb02 ] Request (AbsoluteLimitsTestJSON:tearDownClass): 201 POST http://10.180.1.21/identity/v3/auth/tokens 0.082s
2025-11-23 04:59:58.913 66384 INFO tempest.lib.common.rest_client [req-34a419ff-c18d-4692-8d81-2c581ee56d8d req-34a419ff-c18d-4692-8d81-2c581ee56d8d ] Request (AbsoluteLimitsTestJSON:tearDownClass): 200 GET http://10.180.1.21/networking/v2.0/security-groups?tenant_id=e92d06369d77474d9ccf6965609efdf9&name=default 0.298s
2025-11-23 04:59:59.029 66378 INFO tempest.lib.common.rest_client [req-8554e332-d4d2-44d0-9ae7-136177c8846e req-8554e332-d4d2-44d0-9ae7-136177c8846e ] Request (ServersV294TestFqdnHostnames:setUpClass): 200 GET http://10.180.1.21/compute/v2.1/servers/759bd0dd-eded-470c-bc51-b0ff7747c847 6.551s
2025-11-23 04:59:59.043 66378 INFO tempest.api.compute.base [-] Attempting to verify tagged devices in server 759bd0dd-eded-470c-bc51-b0ff7747c847 via the metadata service: http://169.254.169.254/openstack/latest/meta_data.json
2025-11-23 04:59:59.045 66378 INFO tempest.lib.common.ssh [-] Creating ssh connection to '10.180.180.247:22' as 'cirros' with public key authentication
2025-11-23 04:59:59.057 66371 INFO tempest.lib.common.rest_client [req-b757cf25-4612-4431-8dbc-e100b01f5d96 req-b757cf25-4612-4431-8dbc-e100b01f5d96 ] Request (ServerDiagnosticsNegativeTest:tearDownClass): 404 GET http://10.180.1.21/compute/v2.1/servers/ff44b195-0d0d-4771-b73a-0ce22cdd5088 6.503s
2025-11-23 04:59:59.157 66384 INFO tempest.lib.common.rest_client [req-15e2e95b-2893-4cd2-bc4e-708649dc711f req-15e2e95b-2893-4cd2-bc4e-708649dc711f ] Request (AbsoluteLimitsTestJSON:tearDownClass): 204 DELETE http://10.180.1.21/networking/v2.0/security-groups/6e8d54de-95d5-4762-ae06-2e78d3836023 0.243s
2025-11-23 04:59:59.174 66371 INFO tempest.lib.common.rest_client [req-ce47dc53-5a86-4ccd-b905-24e30205bb30 req-ce47dc53-5a86-4ccd-b905-24e30205bb30 ] Request (ServerDiagnosticsNegativeTest:tearDownClass): 204 DELETE http://10.180.1.21/identity/v3/users/a8ea8d645d2c488894178454848b4ba7 0.116s
2025-11-23 04:59:59.291 66379 INFO tempest.lib.common.rest_client [req-ff45b3f6-ebc7-432d-90ec-f2d995f82c9a req-ff45b3f6-ebc7-432d-90ec-f2d995f82c9a ] Request (DeleteServersAdminTestJSON:test_delete_server_while_in_error_state): 202 POST http://10.180.1.21/compute/v2.1/servers 7.409s
2025-11-23 04:59:59.306 66384 INFO tempest.lib.common.rest_client [req-93750191-3cec-470b-a9f3-e46991d36f76 req-93750191-3cec-470b-a9f3-e46991d36f76 ] Request (AbsoluteLimitsTestJSON:tearDownClass): 204 DELETE http://10.180.1.21/identity/v3/projects/e92d06369d77474d9ccf6965609efdf9 0.149s
2025-11-23 04:59:59.335 66371 INFO tempest.lib.common.rest_client [req-e6de6fcb-3a05-4925-8b83-f49b9e8853d5 req-e6de6fcb-3a05-4925-8b83-f49b9e8853d5 ] Request (ServerDiagnosticsNegativeTest:tearDownClass): 204 DELETE http://10.180.1.21/identity/v3/users/0e21ae2d616c4b389ca860b3532d92f3 0.160s
2025-11-23 04:59:59.335 66371 INFO tempest.lib.common.dynamic_creds [-] Deleting project and security group for project: b49b923c4f1b4a94a49b52dd665aaae5
2025-11-23 04:59:59.400 66384 INFO tempest.lib.common.rest_client [req-1e7d2603-1b15-40b4-ae07-d19f32807fce req-1e7d2603-1b15-40b4-ae07-d19f32807fce ] Request (ServersNegativeTestJSON:setUpClass): 201 POST http://10.180.1.21/identity/v3/auth/tokens 0.092s
2025-11-23 04:59:59.404 66371 INFO tempest.lib.common.rest_client [req-d6738299-88eb-42ec-b936-49314ca1723c req-d6738299-88eb-42ec-b936-49314ca1723c ] Request (ServerDiagnosticsNegativeTest:tearDownClass): 201 POST http://10.180.1.21/identity/v3/auth/tokens 0.069s
2025-11-23 04:59:59.438 66384 INFO tempest.lib.common.rest_client [req-f01beaa6-ce85-47fd-a598-009c8f144026 req-f01beaa6-ce85-47fd-a598-009c8f144026 ] Request (ServersNegativeTestJSON:setUpClass): 201 POST http://10.180.1.21/identity/v3/auth/tokens 0.035s
2025-11-23 04:59:59.476 66384 INFO tempest.lib.common.rest_client [req-0dd19eaf-7eff-427f-a546-b908576e0fd4 req-0dd19eaf-7eff-427f-a546-b908576e0fd4 ] Request (ServersNegativeTestJSON:setUpClass): 200 GET http://10.180.1.21/identity/v3/domains?name=Default 0.037s
2025-11-23 04:59:59.485 66385 INFO tempest.lib.common.rest_client [req-d057d037-b212-4044-b7a4-8cc6238e1706 req-d057d037-b212-4044-b7a4-8cc6238e1706 ] Request (ServersTestJSON:setUpClass): 200 GET http://10.180.1.21/compute/v2.1/servers/27a4730e-c815-4e6b-8608-0d3fbe3a6564 6.885s
2025-11-23 04:59:59.496 66385 INFO tempest.lib.common.ssh [-] Creating ssh connection to '10.180.180.240:22' as 'cirros' with public key authentication
2025-11-23 04:59:59.500 66385 WARNING tempest.lib.common.ssh [-] Failed to establish authenticated ssh connection to cirros@10.180.180.240 ([Errno None] Unable to connect to port 22 on 10.180.180.240). Number attempts: 1. Retry after 2 seconds.: paramiko.ssh_exception.NoValidConnectionsError: [Errno None] Unable to connect to port 22 on 10.180.180.240
2025-11-23 04:59:59.515 66384 INFO tempest.lib.common.rest_client [req-b971e1fa-87ee-442b-8c8d-e84a1f2d9eb6 req-b971e1fa-87ee-442b-8c8d-e84a1f2d9eb6 ] Request (ServersNegativeTestJSON:setUpClass): 201 POST http://10.180.1.21/identity/v3/projects 0.036s
2025-11-23 04:59:59.560 66397 INFO tempest.lib.common.rest_client [req-6bdf254e-f00c-40ca-ba7f-b5abd59ff6c9 req-6bdf254e-f00c-40ca-ba7f-b5abd59ff6c9 ] Request (VolumesTestJSON:test_volume_list_param_limit): 200 GET http://10.180.1.21/compute/v2.1/os-volumes?limit=2 6.289s
2025-11-23 04:59:59.602 66384 INFO tempest.lib.common.rest_client [req-e4ca8cda-b381-434b-95bd-32f7097ece25 req-e4ca8cda-b381-434b-95bd-32f7097ece25 ] Request (ServersNegativeTestJSON:setUpClass): 201 POST http://10.180.1.21/identity/v3/users 0.087s
2025-11-23 04:59:59.609 66351 INFO tempest.lib.common.rest_client [req-e5020282-3c70-4e41-9213-427fa12cc75a req-e5020282-3c70-4e41-9213-427fa12cc75a ] Request (ListImageFiltersTestJSON:setUpClass): 200 GET http://10.180.1.21/compute/v2.1/images/bec56739-9cb7-4db1-946e-5ae68e37c052 5.601s
2025-11-23 04:59:59.624 66384 INFO tempest.lib.common.rest_client [req-0f399e86-b4ab-4f8c-8935-a4f9ad330b1b req-0f399e86-b4ab-4f8c-8935-a4f9ad330b1b ] Request (ServersNegativeTestJSON:setUpClass): 200 GET http://10.180.1.21/identity/v3/roles 0.021s
2025-11-23 04:59:59.651 66384 INFO tempest.lib.common.rest_client [req-fe37c729-e259-42b4-97bd-f28981cc06aa req-fe37c729-e259-42b4-97bd-f28981cc06aa ] Request (ServersNegativeTestJSON:setUpClass): 204 PUT http://10.180.1.21/identity/v3/projects/79a803a9f88b47b39a9533fb2fc48225/users/2f62f38606df4e67a174616dc2b91c3f/roles/7750a879e597402d963560292570a035 0.026s
2025-11-23 04:59:59.651 66384 INFO tempest.lib.common.dynamic_creds [-] Dynamic test user 2f62f38606df4e67a174616dc2b91c3f is created with scope project and roles: ['member']
2025-11-23 04:59:59.651 66384 INFO tempest.lib.common.dynamic_creds [-] Acquired dynamic creds: credentials: Credentials: {'domain_id': 'default', 'domain_name': 'Default', 'username': 'tempest-ServersNegativeTestJSON-1837726808-project-member', 'project_domain_id': 'default', 'project_domain_name': 'Default', 'project_id': '79a803a9f88b47b39a9533fb2fc48225', 'project_name': 'tempest-ServersNegativeTestJSON-1837726808', 'tenant_id': '79a803a9f88b47b39a9533fb2fc48225', 'tenant_name': 'tempest-ServersNegativeTestJSON-1837726808', 'user_domain_id': 'default', 'user_domain_name': 'Default', 'user_id': '2f62f38606df4e67a174616dc2b91c3f', 'system': None}, Network: None, Subnet: None, Router: None
2025-11-23 04:59:59.663 66371 INFO tempest.lib.common.rest_client [req-84800ff9-2ee9-471e-9fc1-bbee40a97c3c req-84800ff9-2ee9-471e-9fc1-bbee40a97c3c ] Request (ServerDiagnosticsNegativeTest:tearDownClass): 200 GET http://10.180.1.21/networking/v2.0/security-groups?tenant_id=b49b923c4f1b4a94a49b52dd665aaae5&name=default 0.258s
2025-11-23 04:59:59.675 66355 WARNING tempest.lib.common.ssh [-] Failed to establish authenticated ssh connection to cirros@10.180.180.170 ([Errno None] Unable to connect to port 22 on 10.180.180.170). Number attempts: 4. Retry after 5 seconds.: paramiko.ssh_exception.NoValidConnectionsError: [Errno None] Unable to connect to port 22 on 10.180.180.170
2025-11-23 04:59:59.714 66384 INFO tempest.lib.common.rest_client [req-c07e484d-8c30-4035-801d-ee3b80637731 req-c07e484d-8c30-4035-801d-ee3b80637731 ] Request (ServersNegativeTestJSON:setUpClass): 201 POST http://10.180.1.21/identity/v3/auth/tokens 0.062s
2025-11-23 04:59:59.910 66371 INFO tempest.lib.common.rest_client [req-93b247a6-944f-4d63-a04d-73cea2a68d99 req-93b247a6-944f-4d63-a04d-73cea2a68d99 ] Request (ServerDiagnosticsNegativeTest:tearDownClass): 204 DELETE http://10.180.1.21/networking/v2.0/security-groups/35754e54-c77e-4236-82c3-313a5bebfc2a 0.246s
2025-11-23 05:00:00.005 66371 INFO tempest.lib.common.rest_client [req-67683781-ad70-4fbc-a2dc-db3f209b68db req-67683781-ad70-4fbc-a2dc-db3f209b68db ] Request (ServerDiagnosticsNegativeTest:tearDownClass): 204 DELETE http://10.180.1.21/identity/v3/projects/b49b923c4f1b4a94a49b52dd665aaae5 0.094s
2025-11-23 05:00:00.005 66371 INFO tempest.lib.common.dynamic_creds [-] Deleting project and security group for project: e968c8b20138459e8a572e67bde9552e
2025-11-23 05:00:00.050 66389 INFO tempest.lib.common.rest_client [req-c4d423f9-5167-40d8-bec3-d4ec03a6e619 req-c4d423f9-5167-40d8-bec3-d4ec03a6e619 ] Request (FloatingIPsAssociationTestJSON:setUpClass): 200 GET http://10.180.1.21/compute/v2.1/servers/78fbc6ea-b9cf-4028-83ea-f93c8bd981ac 5.921s
2025-11-23 05:00:00.058 66389 INFO tempest.common.waiters [-] State transition "BUILD/spawning" ==> "ACTIVE/None" after 23 second wait
2025-11-23 05:00:00.077 66339 INFO tempest.lib.common.rest_client [req-56fb850a-8aab-4386-9256-9c964076aed9 req-56fb850a-8aab-4386-9256-9c964076aed9 ] Request (ServerExternalEventsTest:tearDownClass): 404 GET http://10.180.1.21/compute/v2.1/servers/8618bf4a-da0c-4fa1-b7be-7997ccae003c 5.451s
2025-11-23 05:00:00.102 66395 INFO tempest.lib.common.rest_client [req-9a5a033d-a65d-417a-95ed-0060c17599cb req-9a5a033d-a65d-417a-95ed-0060c17599cb ] Request (KeyPairsV2TestJSON:_run_cleanups): 202 DELETE http://10.180.1.21/compute/v2.1/os-keypairs/tempest-keypair-931707463 5.352s
2025-11-23 05:00:00.196 66371 INFO tempest.lib.common.rest_client [req-f1322ad9-ad36-4216-8f19-345703813b2e req-f1322ad9-ad36-4216-8f19-345703813b2e ] Request (ServerDiagnosticsNegativeTest:tearDownClass): 200 GET http://10.180.1.21/networking/v2.0/security-groups?tenant_id=e968c8b20138459e8a572e67bde9552e&name=default 0.190s
2025-11-23 05:00:00.197 66339 INFO tempest.lib.common.rest_client [req-534312d8-cba0-4d0c-ba91-0782c99a389f req-534312d8-cba0-4d0c-ba91-0782c99a389f ] Request (ServerExternalEventsTest:tearDownClass): 204 DELETE http://10.180.1.21/identity/v3/users/bb21f0e73ac34573847d79b596f3411f 0.119s
2025-11-23 05:00:00.364 66339 INFO tempest.lib.common.rest_client [req-97e4b3eb-0adc-474e-b3b6-bbaf539f5d3d req-97e4b3eb-0adc-474e-b3b6-bbaf539f5d3d ] Request (ServerExternalEventsTest:tearDownClass): 204 DELETE http://10.180.1.21/identity/v3/users/3a33f772a8af4eceb62b4cc3660723d9 0.166s
2025-11-23 05:00:00.376 66367 INFO tempest.lib.common.rest_client [req-963ef813-cef8-4c5e-af4c-ffba1093d854 req-963ef813-cef8-4c5e-af4c-ffba1093d854 ] Request (QuotasAdminNegativeTest:test_create_server_when_memory_quota_is_full): 200 PUT http://10.180.1.21/compute/v2.1/os-quota-sets/7f20463e11584d70a4bfc83bc9894d10 5.483s
2025-11-23 05:00:00.395 66384 INFO tempest.lib.common.rest_client [req-f8863f24-8119-46a2-a43a-3386ce752849 req-f8863f24-8119-46a2-a43a-3386ce752849 ] Request (ServersNegativeTestJSON:setUpClass): 201 POST http://10.180.1.21/networking/v2.0/networks 0.681s
2025-11-23 05:00:00.514 66367 INFO tempest.lib.common.rest_client [req-a9ccb06c-d31d-482a-bff3-8158b0f1b288 req-a9ccb06c-d31d-482a-bff3-8158b0f1b288 ] Request (QuotasAdminNegativeTest:test_create_server_when_memory_quota_is_full): 201 POST http://10.180.1.21/identity/v3/auth/tokens 0.131s
2025-11-23 05:00:00.516 66367 INFO tempest.lib.common.fixed_network [-] (QuotasAdminNegativeTest:test_create_server_when_memory_quota_is_full) Found network None available for tenant
2025-11-23 05:00:00.556 66371 INFO tempest.lib.common.rest_client [req-98962a95-12b7-4b85-9ce4-625034113083 req-98962a95-12b7-4b85-9ce4-625034113083 ] Request (ServerDiagnosticsNegativeTest:tearDownClass): 204 DELETE http://10.180.1.21/networking/v2.0/security-groups/7d73e030-919d-4219-b17b-4f5152dd9c9f 0.360s
2025-11-23 05:00:00.580 66373 INFO tempest.lib.common.rest_client [req-71ab9996-3d58-40e2-8a4c-38346e835cac req-71ab9996-3d58-40e2-8a4c-38346e835cac ] Request (FloatingIPDetailsTestJSON:tearDownClass): 202 DELETE http://10.180.1.21/compute/v2.1/os-floating-ips/d2008d93-2b98-4e37-82e7-3b9beafe4a66 7.495s
2025-11-23 05:00:00.599 66339 INFO tempest.lib.common.rest_client [req-597ac53f-7d07-48fd-a2de-e6a0b521198b req-597ac53f-7d07-48fd-a2de-e6a0b521198b ] Request (ServerExternalEventsTest:tearDownClass): 204 DELETE http://10.180.1.21/identity/v3/users/9fd36712ed944b56a37a9b72342d163b 0.234s
2025-11-23 05:00:00.599 66339 INFO tempest.lib.common.dynamic_creds [-] Deleting project and security group for project: 57e807ee881b427ea52eb82f0a9f4110
2025-11-23 05:00:00.720 66371 INFO tempest.lib.common.rest_client [req-afda7ef0-1f4f-44f3-b6c7-1feb4a22ec50 req-afda7ef0-1f4f-44f3-b6c7-1feb4a22ec50 ] Request (ServerDiagnosticsNegativeTest:tearDownClass): 204 DELETE http://10.180.1.21/identity/v3/projects/e968c8b20138459e8a572e67bde9552e 0.164s
2025-11-23 05:00:00.761 66361 INFO tempest.lib.common.rest_client [req-929a705e-4775-4eda-9e6a-cf61cd098fe7 req-929a705e-4775-4eda-9e6a-cf61cd098fe7 ] Request (ImagesTestJSON:test_create_image_from_stopped_server): 200 GET http://10.180.1.21/compute/v2.1/servers/e06ef051-34ac-40ee-8026-e09e99d6e41f 5.017s
2025-11-23 05:00:00.773 66361 INFO tempest.common.waiters [-] State transition "BUILD/spawning" ==> "ACTIVE/None" after 11 second wait
2025-11-23 05:00:00.801 66339 INFO tempest.lib.common.rest_client [req-a5c20236-2630-43ce-8f83-fc7804afb622 req-a5c20236-2630-43ce-8f83-fc7804afb622 ] Request (ServerExternalEventsTest:tearDownClass): 201 POST http://10.180.1.21/identity/v3/auth/tokens 0.202s
2025-11-23 05:00:00.807 66384 INFO tempest.lib.common.rest_client [req-98d4f1b0-70fe-4160-be05-81500d62d006 req-98d4f1b0-70fe-4160-be05-81500d62d006 ] Request (ServersNegativeTestJSON:setUpClass): 201 POST http://10.180.1.21/networking/v2.0/subnets 0.410s
2025-11-23 05:00:00.824 66371 INFO tempest.lib.common.rest_client [req-63e0996c-be74-400d-97d7-5cc8ec4f8786 req-63e0996c-be74-400d-97d7-5cc8ec4f8786 ] Request (TenantUsagesTestJSON:setUpClass): 201 POST http://10.180.1.21/identity/v3/auth/tokens 0.102s
2025-11-23 05:00:00.872 66371 INFO tempest.lib.common.rest_client [req-088c1eaa-84f3-45ff-9a66-32c127c63223 req-088c1eaa-84f3-45ff-9a66-32c127c63223 ] Request (TenantUsagesTestJSON:setUpClass): 201 POST http://10.180.1.21/identity/v3/auth/tokens 0.046s
2025-11-23 05:00:00.904 66339 INFO tempest.lib.common.rest_client [req-7f5e9485-336b-4efb-aba0-8efc24452c42 req-7f5e9485-336b-4efb-aba0-8efc24452c42 ] Request (ServerExternalEventsTest:tearDownClass): 200 GET http://10.180.1.21/networking/v2.0/security-groups?tenant_id=57e807ee881b427ea52eb82f0a9f4110&name=default 0.102s
2025-11-23 05:00:00.907 66371 INFO tempest.lib.common.rest_client [req-4182c121-3cfb-4f7d-bd46-d644401ef5aa req-4182c121-3cfb-4f7d-bd46-d644401ef5aa ] Request (TenantUsagesTestJSON:setUpClass): 200 GET http://10.180.1.21/identity/v3/domains?name=Default 0.035s
2025-11-23 05:00:00.944 66371 INFO tempest.lib.common.rest_client [req-93fc4095-b5f1-445d-a75f-ca166a0ab9e8 req-93fc4095-b5f1-445d-a75f-ca166a0ab9e8 ] Request (TenantUsagesTestJSON:setUpClass): 201 POST http://10.180.1.21/identity/v3/projects 0.036s
2025-11-23 05:00:00.989 66353 INFO tempest.lib.common.rest_client [req-b2a52c97-c621-4909-8e0d-ce846ea03ef7 req-b2a52c97-c621-4909-8e0d-ce846ea03ef7 ] Request (SecurityGroupsTestAdminJSON:_run_cleanups): 202 DELETE http://10.180.1.21/compute/v2.1/os-security-groups/7d54c6ee-e37f-4a38-abe0-159213776289 4.815s
2025-11-23 05:00:01.022 66371 INFO tempest.lib.common.rest_client [req-9906f573-8d5d-4f39-b0eb-509ef81e145d req-9906f573-8d5d-4f39-b0eb-509ef81e145d ] Request (TenantUsagesTestJSON:setUpClass): 201 POST http://10.180.1.21/identity/v3/users 0.077s
2025-11-23 05:00:01.052 66371 INFO tempest.lib.common.rest_client [req-4b66034f-a345-495c-b4e4-4036c3b75b9f req-4b66034f-a345-495c-b4e4-4036c3b75b9f ] Request (TenantUsagesTestJSON:setUpClass): 200 GET http://10.180.1.21/identity/v3/roles 0.029s
2025-11-23 05:00:01.084 66371 INFO tempest.lib.common.rest_client [req-cb751da8-1778-4cda-89ff-52be774450a4 req-cb751da8-1778-4cda-89ff-52be774450a4 ] Request (TenantUsagesTestJSON:setUpClass): 204 PUT http://10.180.1.21/identity/v3/projects/7230e1efa0614514a0f427fa1b90fefa/users/3935c04a20ab45898ca162652b51cee2/roles/7750a879e597402d963560292570a035 0.032s
2025-11-23 05:00:01.085 66371 INFO tempest.lib.common.dynamic_creds [-] Dynamic test user 3935c04a20ab45898ca162652b51cee2 is created with scope project and roles: ['member']
2025-11-23 05:00:01.085 66371 INFO tempest.lib.common.dynamic_creds [-] Acquired dynamic creds: credentials: Credentials: {'domain_id': 'default', 'domain_name': 'Default', 'username': 'tempest-TenantUsagesTestJSON-758420279-project-member', 'project_domain_id': 'default', 'project_domain_name': 'Default', 'project_id': '7230e1efa0614514a0f427fa1b90fefa', 'project_name': 'tempest-TenantUsagesTestJSON-758420279', 'tenant_id': '7230e1efa0614514a0f427fa1b90fefa', 'tenant_name': 'tempest-TenantUsagesTestJSON-758420279', 'user_domain_id': 'default', 'user_domain_name': 'Default', 'user_id': '3935c04a20ab45898ca162652b51cee2', 'system': None}, Network: None, Subnet: None, Router: None
2025-11-23 05:00:01.085 66371 INFO tempest.lib.common.dynamic_creds [-] Created isolated network resources for: credentials: Credentials: {'domain_id': 'default', 'domain_name': 'Default', 'username': 'tempest-TenantUsagesTestJSON-758420279-project-member', 'project_domain_id': 'default', 'project_domain_name': 'Default', 'project_id': '7230e1efa0614514a0f427fa1b90fefa', 'project_name': 'tempest-TenantUsagesTestJSON-758420279', 'tenant_id': '7230e1efa0614514a0f427fa1b90fefa', 'tenant_name': 'tempest-TenantUsagesTestJSON-758420279', 'user_domain_id': 'default', 'user_domain_name': 'Default', 'user_id': '3935c04a20ab45898ca162652b51cee2', 'system': None}, Network: None, Subnet: None, Router: None
2025-11-23 05:00:01.139 66387 INFO tempest.lib.common.rest_client [req-61ba17dd-a939-47f0-ab55-dbf1e9be65a3 req-61ba17dd-a939-47f0-ab55-dbf1e9be65a3 ] Request (FlavorsExtraSpecsNegativeTestJSON:setUpClass): 200 POST http://10.180.1.21/compute/v2.1/flavors 4.469s
2025-11-23 05:00:01.159 66339 INFO tempest.lib.common.rest_client [req-c811fac0-7067-4ec5-8565-bf7fabfb0bee req-c811fac0-7067-4ec5-8565-bf7fabfb0bee ] Request (ServerExternalEventsTest:tearDownClass): 204 DELETE http://10.180.1.21/networking/v2.0/security-groups/23f84c0a-8012-4596-aedb-3421156d4a72 0.254s
2025-11-23 05:00:01.195 66371 INFO tempest.lib.common.rest_client [req-d5bd43d4-5c65-4ee4-a239-4f530151b9b4 req-d5bd43d4-5c65-4ee4-a239-4f530151b9b4 ] Request (TenantUsagesTestJSON:setUpClass): 201 POST http://10.180.1.21/identity/v3/auth/tokens 0.107s
