2025-11-23 05:02:39.124 66381 INFO tempest.lib.common.rest_client [req-53d95079-7a92-47d4-b81f-9611ab7fbee0 req-53d95079-7a92-47d4-b81f-9611ab7fbee0 ] Request (DeleteServersTestJSON:test_delete_server_while_in_attached_volume): 200 GET http://10.180.1.21/compute/v2.1/servers/74d857a9-8f93-441e-92f7-d0e84fd76673 0.128s
2025-11-23 05:02:39.157 66367 INFO tempest.lib.common.rest_client [req-43215e0d-f562-44ad-8898-cdcf1b800056 req-43215e0d-f562-44ad-8898-cdcf1b800056 ] Request (ServersTestBootFromVolume:tearDownClass): 200 GET http://10.180.1.21/compute/v2.1/servers/c109970b-aa69-4a7e-b13d-588763936cb2 0.203s
2025-11-23 05:02:39.169 66389 INFO tempest.lib.common.rest_client [req-ae78b995-ce3b-43eb-9fed-dba43ce9aead req-ae78b995-ce3b-43eb-9fed-dba43ce9aead ] Request (MultipleCreateTestJSON:test_multiple_create): 200 GET http://10.180.1.21/compute/v2.1/servers/12ca4cb2-5fcc-44d7-88bf-c9bd2a5f0ece 0.156s
2025-11-23 05:02:39.175 66384 INFO tempest.lib.common.rest_client [req-c0a9f138-f024-4b85-99f8-cf27f3859c89 req-c0a9f138-f024-4b85-99f8-cf27f3859c89 ] Request (ServersNegativeTestJSON:test_invalid_access_ip_v4_address): 400 POST http://10.180.1.21/compute/v2.1/servers 0.084s
2025-11-23 05:02:39.299 66365 INFO tempest.lib.common.rest_client [req-403425c1-9a67-4632-a7cc-37a2e795579a req-403425c1-9a67-4632-a7cc-37a2e795579a ] Request (ServerDiskConfigTestJSON:test_rebuild_server_with_manual_disk_config): 200 GET http://10.180.1.21/compute/v2.1/servers/5f799e00-e640-4599-a202-5226e0af3e62 0.188s
2025-11-23 05:02:39.321 66339 WARNING tempest.lib.common.ssh [-] Failed to establish authenticated ssh connection to cirros@10.180.180.141 ([Errno None] Unable to connect to port 22 on 10.180.180.141). Number attempts: 3. Retry after 4 seconds.: paramiko.ssh_exception.NoValidConnectionsError: [Errno None] Unable to connect to port 22 on 10.180.180.141
2025-11-23 05:02:39.387 66395 INFO tempest.lib.common.rest_client [req-76453f2b-45f8-4829-81d4-8bdad7662858 req-76453f2b-45f8-4829-81d4-8bdad7662858 ] Request (ServersTestManualDisk:tearDownClass): 200 GET http://10.180.1.21/compute/v2.1/servers/6d916f97-95c3-4f3b-a640-fa8e1a020429 0.218s
2025-11-23 05:02:39.504 66347 INFO tempest.lib.common.rest_client [req-7d19738a-118f-4030-9ce7-89323745d06f req-7d19738a-118f-4030-9ce7-89323745d06f ] Request (ServersAdminTestJSON:test_create_server_with_scheduling_hint): 202 POST http://10.180.1.21/compute/v2.1/servers 0.466s
2025-11-23 05:02:39.521 66384 INFO tempest.lib.common.rest_client [req-fdf93f7f-b254-4e07-8a24-acd078c7e9cb req-fdf93f7f-b254-4e07-8a24-acd078c7e9cb ] Request (ServersNegativeTestJSON:tearDown): 200 GET http://10.180.1.21/compute/v2.1/servers/4cda2dc3-1eda-46c1-9960-2d0ab9027432 0.345s
2025-11-23 05:02:39.641 66399 INFO tempest.lib.common.rest_client [req-34a3e847-5a59-4cd1-a7bb-9b87c982e0ab req-34a3e847-5a59-4cd1-a7bb-9b87c982e0ab ] Request (ImagesOneServerTestJSON:test_create_image_specify_multibyte_character_image_name): 200 GET http://10.180.1.21/compute/v2.1/servers/8c18b4bd-ffb6-4ba9-b5b0-ba0bad2c5f2c 0.223s
2025-11-23 05:02:39.648 66399 INFO tempest.common.waiters [-] State transition "ACTIVE/image_uploading" ==> "ACTIVE/None" after 3 second wait
2025-11-23 05:02:39.749 66363 INFO tempest.lib.common.rest_client [req-c6be09d1-d34b-46f3-a2ba-d3d458057e47 req-c6be09d1-d34b-46f3-a2ba-d3d458057e47 ] Request (ServerRescueNegativeTestJSON:test_rescued_vm_attach_volume): 200 GET http://10.180.1.21/compute/v2.1/servers/308a4242-412e-4280-a622-1035f2a5a1d2 0.294s
2025-11-23 05:02:39.788 66347 INFO tempest.lib.common.rest_client [req-67fd0438-3a50-408d-96dc-4b96fa4c58f4 req-67fd0438-3a50-408d-96dc-4b96fa4c58f4 ] Request (ServersAdminTestJSON:test_create_server_with_scheduling_hint): 200 GET http://10.180.1.21/compute/v2.1/servers/218e0cc9-37c9-41ed-b2eb-cedcb3784929 0.281s
2025-11-23 05:02:39.845 66373 INFO tempest.lib.common.rest_client [req-a4620db0-cab2-4665-af85-cd97e64b4f33 req-a4620db0-cab2-4665-af85-cd97e64b4f33 ] Request (ServerMetadataNegativeTestJSON:tearDownClass): 200 GET http://10.180.1.21/compute/v2.1/servers/50db6ca4-ea94-4946-8042-194ec2db45c6 0.338s
2025-11-23 05:02:39.942 66384 INFO tempest.lib.common.rest_client [req-ad1da617-acb2-4896-a424-83187e0003e1 req-ad1da617-acb2-4896-a424-83187e0003e1 ] Request (ServersNegativeTestJSON:setUp): 200 GET http://10.180.1.21/compute/v2.1/servers/4cda2dc3-1eda-46c1-9960-2d0ab9027432 0.412s
2025-11-23 05:02:39.994 66384 INFO tempest.lib.common.rest_client [req-16c46af2-5792-4b7d-b886-2e84f5904485 req-16c46af2-5792-4b7d-b886-2e84f5904485 ] Request (ServersNegativeTestJSON:test_invalid_ip_v6_address): 201 POST http://10.180.1.21/identity/v3/auth/tokens 0.041s
2025-11-23 05:02:39.995 66384 INFO tempest.lib.common.fixed_network [-] (ServersNegativeTestJSON:test_invalid_ip_v6_address) Found network {'id': 'b365d9bd-d377-405e-af46-453a5c9eabee', 'name': 'tempest-ServersNegativeTestJSON-1580810848-network', 'tenant_id': '79a803a9f88b47b39a9533fb2fc48225', 'project_id': '79a803a9f88b47b39a9533fb2fc48225', 'admin_state_up': True, 'mtu': 8950, 'status': 'ACTIVE', 'subnets': [], 'shared': False, 'port_security_enabled': True, 'router:external': False, 'provider:network_type': 'vlan', 'provider:physical_network': 'default', 'provider:segmentation_id': 202, 'availability_zone_hints': [], 'availability_zones': [], 'ipv4_address_scope': None, 'ipv6_address_scope': None, 'description': '', 'tags': [], 'created_at': '2025-11-23T05:00:00Z', 'updated_at': '2025-11-23T05:00:00Z', 'revision_number': 1} available for tenant
2025-11-23 05:02:40.021 66378 INFO tempest.lib.common.rest_client [req-cd67c7f3-4cf0-4887-b695-8b3e31d602fd req-cd67c7f3-4cf0-4887-b695-8b3e31d602fd ] Request (ServersListShow296Test:tearDownClass): 200 GET http://10.180.1.21/compute/v2.1/servers/f8b42c54-25b8-473d-9936-5cd1f7ff47f2 0.475s
2025-11-23 05:02:40.040 66369 INFO tempest.lib.common.rest_client [req-1074a655-ff07-4cfe-b8d7-3eb3f8a9aa70 req-1074a655-ff07-4cfe-b8d7-3eb3f8a9aa70 ] Request (ServerDiagnosticsV248Test:test_get_server_diagnostics): 200 GET http://10.180.1.21/compute/v2.1/servers/6bbaa5d1-f5e9-4c16-8d38-1b7bcb0defeb/diagnostics 0.748s
2025-11-23 05:02:40.088 66375 INFO tempest.lib.common.rest_client [req-5ca119f8-1943-450a-a8b3-a0af1b8168df req-5ca119f8-1943-450a-a8b3-a0af1b8168df ] Request (SecurityGroupsTestJSON:test_list_security_groups_by_server): 200 GET http://10.180.1.21/compute/v2.1/servers/5c26c091-2b5b-404a-bf1c-1fb9e4634fe8 0.522s
2025-11-23 05:02:40.118 66391 INFO tempest.lib.common.rest_client [req-c2b0bf78-6fee-4b45-9e35-9cdf04af748b req-c2b0bf78-6fee-4b45-9e35-9cdf04af748b ] Request (ServerActionsTestJSON:test_rebuild_server): 200 GET http://10.180.1.21/compute/v2.1/servers/413593c8-20c4-461c-975e-576a959c82aa 0.522s
2025-11-23 05:02:40.129 66391 INFO tempest.common.waiters [-] State transition "BUILD/scheduling" ==> "BUILD/None" after 2 second wait
2025-11-23 05:02:40.159 66359 INFO tempest.lib.common.rest_client [req-6ab77c84-5d94-4dcc-9b49-928b86017460 req-6ab77c84-5d94-4dcc-9b49-928b86017460 ] Request (ImagesOneServerNegativeTestJSON:_run_cleanups): 200 GET http://10.180.1.21/compute/v2.1/servers/b80b1437-8e60-48a9-97e0-8d3272a25ec3 0.530s
2025-11-23 05:02:40.222 66349 INFO tempest.lib.common.rest_client [req-4138e3ab-ac54-4cc7-bb61-c2c31ec113ac req-4138e3ab-ac54-4cc7-bb61-c2c31ec113ac ] Request (ServerGroupTestJSON:test_create_server_with_scheduler_hint_group): 200 GET http://10.180.1.21/compute/v2.1/servers/963a205a-d90f-4189-84ed-c7e468b2c01d 0.562s
2025-11-23 05:02:40.255 66399 INFO tempest.lib.common.rest_client [req-708b162a-61a3-4a7e-9d66-acfa80005789 req-708b162a-61a3-4a7e-9d66-acfa80005789 ] Request (ImagesOneServerTestJSON:tearDownClass): 204 DELETE http://10.180.1.21/compute/v2.1/images/9a857a04-b420-48d8-866d-72350a874a63 0.606s
2025-11-23 05:02:40.290 66345 INFO tempest.lib.common.rest_client [req-e0c27a4b-a498-4141-8b6f-38bac0f1d3b6 req-e0c27a4b-a498-4141-8b6f-38bac0f1d3b6 ] Request (AttachVolumeNegativeTest:test_attach_attached_volume_to_different_server): 200 GET http://10.180.1.21/compute/v2.1/servers/bd702608-45fe-4703-a5c0-b0bc82778c7b 0.596s
2025-11-23 05:02:40.330 66341 INFO tempest.lib.common.rest_client [req-350a1397-8007-40f0-901d-7e986418b33f req-350a1397-8007-40f0-901d-7e986418b33f ] Request (ServerTagsTestJSON:tearDownClass): 200 GET http://10.180.1.21/compute/v2.1/servers/14cd3852-c379-4e98-a588-c64b6977c720 0.499s
2025-11-23 05:02:40.372 66351 INFO tempest.lib.common.rest_client [req-2cfd58f2-3516-4bf7-a694-296e61150721 req-2cfd58f2-3516-4bf7-a694-296e61150721 ] Request (ListImageFiltersTestJSON:tearDownClass): 200 GET http://10.180.1.21/compute/v2.1/servers/1bc2d181-6afc-4df2-aef1-bf4a5e6f4a9a 0.510s
2025-11-23 05:02:40.407 66401 INFO tempest.lib.common.rest_client [req-6b065f66-2a69-4feb-9679-ee96c4b597dc req-6b065f66-2a69-4feb-9679-ee96c4b597dc ] Request (ServerShowV247Test:tearDownClass): 200 GET http://10.180.1.21/compute/v2.1/servers/70aa0691-4c87-45fe-beea-73c6367e8f03 0.519s
2025-11-23 05:02:40.412 66384 INFO tempest.lib.common.rest_client [req-f3f973f0-c116-4276-8bc5-6769be1cd3f0 req-f3f973f0-c116-4276-8bc5-6769be1cd3f0 ] Request (ServersNegativeTestJSON:test_invalid_ip_v6_address): 400 POST http://10.180.1.21/compute/v2.1/servers 0.417s
2025-11-23 05:02:40.518 66361 INFO tempest.lib.common.rest_client [req-db671097-ef1d-4ade-b615-db62e0deb2a9 req-db671097-ef1d-4ade-b615-db62e0deb2a9 ] Request (ImagesTestJSON:test_create_server_from_snapshot): 200 GET http://10.180.1.21/compute/v2.1/servers/110abbbf-5abf-4f8d-95f3-39e646273bff 0.580s
2025-11-23 05:02:40.526 66361 INFO tempest.common.waiters [-] State transition "BUILD/networking" ==> "BUILD/spawning" after 37 second wait
2025-11-23 05:02:40.558 66369 INFO tempest.lib.common.rest_client [req-09c8a989-ab71-4c74-a85a-aef5de8c38c7 req-09c8a989-ab71-4c74-a85a-aef5de8c38c7 ] Request (ServerDiagnosticsV248Test:tearDownClass): 204 DELETE http://10.180.1.21/compute/v2.1/servers/6bbaa5d1-f5e9-4c16-8d38-1b7bcb0defeb 0.509s
2025-11-23 05:02:40.665 66387 INFO tempest.lib.common.rest_client [req-596349fc-952a-4063-983b-510c15d08ded req-596349fc-952a-4063-983b-510c15d08ded ] Request (ServerMetadataTestJSON:setUpClass): 200 GET http://10.180.1.21/compute/v2.1/servers/97ee047f-b989-456b-9bbf-825db6b38577 0.585s
2025-11-23 05:02:40.689 66379 INFO tempest.lib.common.rest_client [req-82f74fdd-611c-460a-97a8-9ff1c4a6f4b0 req-82f74fdd-611c-460a-97a8-9ff1c4a6f4b0 ] Request (MigrationsAdminTest:test_list_migrations_in_flavor_resize_situation): 200 GET http://10.180.1.21/compute/v2.1/servers/3da5e8aa-9304-40a0-8b45-29ac42270087 0.617s
2025-11-23 05:02:40.696 66379 INFO tempest.common.waiters [-] State transition "RESIZE/resize_prep" ==> "RESIZE/resize_migrating" after 37 second wait
2025-11-23 05:02:40.713 66381 INFO tempest.lib.common.rest_client [req-e05e5c19-8f66-4087-8113-d06b0b52a67e req-e05e5c19-8f66-4087-8113-d06b0b52a67e ] Request (DeleteServersTestJSON:test_delete_server_while_in_attached_volume): 200 GET http://10.180.1.21/compute/v2.1/servers/74d857a9-8f93-441e-92f7-d0e84fd76673 0.581s
2025-11-23 05:02:40.801 66389 INFO tempest.lib.common.rest_client [req-1c617f3c-0e2e-4c6b-9453-c219ddf127ec req-1c617f3c-0e2e-4c6b-9453-c219ddf127ec ] Request (MultipleCreateTestJSON:test_multiple_create): 200 GET http://10.180.1.21/compute/v2.1/servers/12ca4cb2-5fcc-44d7-88bf-c9bd2a5f0ece 0.622s
2025-11-23 05:02:40.824 66367 INFO tempest.lib.common.rest_client [req-231257af-51f2-4773-bccb-4513a9a64630 req-231257af-51f2-4773-bccb-4513a9a64630 ] Request (ServersTestBootFromVolume:tearDownClass): 200 GET http://10.180.1.21/compute/v2.1/servers/c109970b-aa69-4a7e-b13d-588763936cb2 0.656s
2025-11-23 05:02:40.826 66399 INFO tempest.lib.common.rest_client [req-a0d0eb62-612b-4548-946a-b24c2d0bf0bc req-a0d0eb62-612b-4548-946a-b24c2d0bf0bc ] Request (ImagesOneServerTestJSON:tearDownClass): 404 DELETE http://10.180.1.21/compute/v2.1/images/37e1fc9c-0bdd-48bf-9d74-5b0702f26f11 0.570s
2025-11-23 05:02:40.882 66353 INFO paramiko.transport [-] Connected (version 2.0, client dropbear_2020.81)
2025-11-23 05:02:40.981 66395 INFO tempest.lib.common.rest_client [req-ebf2d71d-f488-4a14-97a8-d0665eb92791 req-ebf2d71d-f488-4a14-97a8-d0665eb92791 ] Request (ServersTestManualDisk:tearDownClass): 200 GET http://10.180.1.21/compute/v2.1/servers/6d916f97-95c3-4f3b-a640-fa8e1a020429 0.587s
2025-11-23 05:02:40.992 66353 INFO paramiko.transport [-] Authentication (publickey) successful!
2025-11-23 05:02:40.992 66353 INFO tempest.lib.common.ssh [-] ssh connection to cirros@10.180.180.195 successfully created
2025-11-23 05:02:41.010 66365 INFO tempest.lib.common.rest_client [req-f8724a24-b8f6-4621-b080-e2aff6d49489 req-f8724a24-b8f6-4621-b080-e2aff6d49489 ] Request (ServerDiskConfigTestJSON:test_rebuild_server_with_manual_disk_config): 200 GET http://10.180.1.21/compute/v2.1/servers/5f799e00-e640-4599-a202-5226e0af3e62 0.703s
2025-11-23 05:02:41.020 66365 INFO tempest.common.waiters [-] State transition "BUILD/spawning" ==> "ACTIVE/None" after 41 second wait
2025-11-23 05:02:41.380 66369 INFO tempest.lib.common.rest_client [req-0adf21d7-2c93-40a4-a220-81b20fea7cc7 req-0adf21d7-2c93-40a4-a220-81b20fea7cc7 ] Request (ServerDiagnosticsV248Test:tearDownClass): 200 GET http://10.180.1.21/compute/v2.1/servers/6bbaa5d1-f5e9-4c16-8d38-1b7bcb0defeb 0.822s
2025-11-23 05:02:41.401 66384 INFO tempest.lib.common.rest_client [req-a45cc5cd-35da-4da6-922a-17c0a28708b6 req-a45cc5cd-35da-4da6-922a-17c0a28708b6 ] Request (ServersNegativeTestJSON:tearDown): 200 GET http://10.180.1.21/compute/v2.1/servers/4cda2dc3-1eda-46c1-9960-2d0ab9027432 0.988s
2025-11-23 05:02:41.475 66347 INFO tempest.lib.common.rest_client [req-80db832d-235e-4753-954a-2529df9d228f req-80db832d-235e-4753-954a-2529df9d228f ] Request (ServersAdminTestJSON:test_create_server_with_scheduling_hint): 200 GET http://10.180.1.21/compute/v2.1/servers/218e0cc9-37c9-41ed-b2eb-cedcb3784929 0.679s
2025-11-23 05:02:41.497 66363 INFO tempest.lib.common.rest_client [req-dbba9dbb-c909-4adf-a8b2-5b34e5a6d405 req-dbba9dbb-c909-4adf-a8b2-5b34e5a6d405 ] Request (ServerRescueNegativeTestJSON:test_rescued_vm_attach_volume): 200 GET http://10.180.1.21/compute/v2.1/servers/308a4242-412e-4280-a622-1035f2a5a1d2 0.740s
2025-11-23 05:02:41.575 66373 INFO tempest.lib.common.rest_client [req-871a1751-5139-434b-9c2e-e6ded74b4925 req-871a1751-5139-434b-9c2e-e6ded74b4925 ] Request (ServerMetadataNegativeTestJSON:tearDownClass): 200 GET http://10.180.1.21/compute/v2.1/servers/50db6ca4-ea94-4946-8042-194ec2db45c6 0.721s
2025-11-23 05:02:41.576 66399 INFO tempest.lib.common.rest_client [req-59682500-1e56-4307-bae1-1e82d3d45721 req-59682500-1e56-4307-bae1-1e82d3d45721 ] Request (ImagesOneServerTestJSON:tearDownClass): 204 DELETE http://10.180.1.21/compute/v2.1/servers/8c18b4bd-ffb6-4ba9-b5b0-ba0bad2c5f2c 0.750s
2025-11-23 05:02:41.616 66353 INFO tempest.lib.common.rest_client [req-8bf732df-4427-4522-a3fb-afb2e495e483 req-8bf732df-4427-4522-a3fb-afb2e495e483 ] Request (AttachVolumeTestJSON:test_attach_detach_volume): 200 GET http://10.180.1.21/compute/v2.1/servers/de5904c9-6966-4cb9-8c90-348ebdad293a/ips 0.624s
2025-11-23 05:02:41.618 66353 INFO tempest.lib.common.ssh [-] Creating ssh connection to '10.180.180.195:22' as 'cirros' with public key authentication
2025-11-23 05:02:41.622 66353 INFO paramiko.transport [-] Connected (version 2.0, client dropbear_2020.81)
2025-11-23 05:02:41.680 66353 INFO paramiko.transport [-] Authentication (publickey) successful!
2025-11-23 05:02:41.680 66353 INFO tempest.lib.common.ssh [-] ssh connection to cirros@10.180.180.195 successfully created
2025-11-23 05:02:41.681 66353 INFO tempest.lib.common.ssh [-] Creating ssh connection to '10.180.180.195:22' as 'cirros' with public key authentication
2025-11-23 05:02:41.683 66353 INFO paramiko.transport [-] Connected (version 2.0, client dropbear_2020.81)
2025-11-23 05:02:41.683 66365 INFO tempest.lib.common.rest_client [req-5856db92-9797-43c9-ad4e-87a33c6dee21 req-5856db92-9797-43c9-ad4e-87a33c6dee21 ] Request (ServerDiskConfigTestJSON:test_rebuild_server_with_manual_disk_config): 200 GET http://10.180.1.21/compute/v2.1/servers/5f799e00-e640-4599-a202-5226e0af3e62 0.663s
2025-11-23 05:02:41.686 66378 INFO tempest.lib.common.rest_client [req-62ce1926-35ae-42ba-815b-4b6869c2ba5d req-62ce1926-35ae-42ba-815b-4b6869c2ba5d ] Request (ServersListShow296Test:tearDownClass): 200 GET http://10.180.1.21/compute/v2.1/servers/f8b42c54-25b8-473d-9936-5cd1f7ff47f2 0.653s
2025-11-23 05:02:41.732 66391 INFO tempest.lib.common.rest_client [req-132eacc9-9a3e-472d-94d0-c6b87a2aa839 req-132eacc9-9a3e-472d-94d0-c6b87a2aa839 ] Request (ServerActionsTestJSON:test_rebuild_server): 200 GET http://10.180.1.21/compute/v2.1/servers/413593c8-20c4-461c-975e-576a959c82aa 0.602s
2025-11-23 05:02:41.732 66375 INFO tempest.lib.common.rest_client [req-0acbd5a9-8aa0-4266-a9c0-9de0885dcb37 req-0acbd5a9-8aa0-4266-a9c0-9de0885dcb37 ] Request (SecurityGroupsTestJSON:test_list_security_groups_by_server): 200 GET http://10.180.1.21/compute/v2.1/servers/5c26c091-2b5b-404a-bf1c-1fb9e4634fe8 0.629s
2025-11-23 05:02:41.783 66359 INFO tempest.lib.common.rest_client [req-c2370e79-15b6-464f-8571-876f5190e09a req-c2370e79-15b6-464f-8571-876f5190e09a ] Request (ImagesOneServerNegativeTestJSON:_run_cleanups): 200 GET http://10.180.1.21/compute/v2.1/servers/b80b1437-8e60-48a9-97e0-8d3272a25ec3 0.615s
2025-11-23 05:02:41.783 66349 INFO tempest.lib.common.rest_client [req-54bb43a1-e78d-4219-a012-3e1ccf6a6ca8 req-54bb43a1-e78d-4219-a012-3e1ccf6a6ca8 ] Request (ServerGroupTestJSON:test_create_server_with_scheduler_hint_group): 200 GET http://10.180.1.21/compute/v2.1/servers/963a205a-d90f-4189-84ed-c7e468b2c01d 0.548s
2025-11-23 05:02:41.785 66353 INFO paramiko.transport [-] Authentication (publickey) successful!
2025-11-23 05:02:41.785 66353 INFO tempest.lib.common.ssh [-] ssh connection to cirros@10.180.180.195 successfully created
2025-11-23 05:02:41.837 66345 INFO tempest.lib.common.rest_client [req-686aff30-2c1e-4ec2-80c4-f394e1879c13 req-686aff30-2c1e-4ec2-80c4-f394e1879c13 ] Request (AttachVolumeNegativeTest:test_attach_attached_volume_to_different_server): 200 GET http://10.180.1.21/compute/v2.1/servers/bd702608-45fe-4703-a5c0-b0bc82778c7b 0.539s
2025-11-23 05:02:41.871 66341 INFO tempest.lib.common.rest_client [req-75de4af6-7753-4b92-bda8-6136b9e15d1b req-75de4af6-7753-4b92-bda8-6136b9e15d1b ] Request (ServerTagsTestJSON:tearDownClass): 200 GET http://10.180.1.21/compute/v2.1/servers/14cd3852-c379-4e98-a588-c64b6977c720 0.524s
2025-11-23 05:02:41.912 66351 INFO tempest.lib.common.rest_client [req-9ab6da97-7cbd-4180-bd60-7c76a8e5c2aa req-9ab6da97-7cbd-4180-bd60-7c76a8e5c2aa ] Request (ListImageFiltersTestJSON:tearDownClass): 200 GET http://10.180.1.21/compute/v2.1/servers/1bc2d181-6afc-4df2-aef1-bf4a5e6f4a9a 0.527s
2025-11-23 05:02:41.984 66401 INFO tempest.lib.common.rest_client [req-187ea0dc-3f7c-429f-b79f-d9c374df233f req-187ea0dc-3f7c-429f-b79f-d9c374df233f ] Request (ServerShowV247Test:tearDownClass): 200 GET http://10.180.1.21/compute/v2.1/servers/70aa0691-4c87-45fe-beea-73c6367e8f03 0.565s
2025-11-23 05:02:41.993 66353 INFO tempest.lib.common.rest_client [req-f613125f-0aae-42eb-ab42-9a72fe96dcd2 req-f613125f-0aae-42eb-ab42-9a72fe96dcd2 ] Request (AttachVolumeTestJSON:test_attach_detach_volume): 202 POST http://10.180.1.21/volume/v3/volumes 0.201s
2025-11-23 05:02:42.023 66357 WARNING tempest.lib.common.ssh [-] Failed to establish authenticated ssh connection to cirros@10.180.180.253 ([Errno None] Unable to connect to port 22 on 10.180.180.253). Number attempts: 6. Retry after 7 seconds.: paramiko.ssh_exception.NoValidConnectionsError: [Errno None] Unable to connect to port 22 on 10.180.180.253
2025-11-23 05:02:42.036 66384 INFO tempest.lib.common.rest_client [req-efce2f37-b015-454f-887f-cef626fa3378 req-efce2f37-b015-454f-887f-cef626fa3378 ] Request (ServersNegativeTestJSON:setUp): 200 GET http://10.180.1.21/compute/v2.1/servers/4cda2dc3-1eda-46c1-9960-2d0ab9027432 0.624s
2025-11-23 05:02:42.044 66353 INFO tempest.lib.common.rest_client [req-ae44f571-11b3-40f9-ad4f-2e31fdbd7197 req-ae44f571-11b3-40f9-ad4f-2e31fdbd7197 ] Request (AttachVolumeTestJSON:test_attach_detach_volume): 200 GET http://10.180.1.21/volume/v3/volumes/ce4a7fbe-498f-48d3-b952-9069d0765bb2 0.044s
2025-11-23 05:02:42.164 66361 INFO tempest.lib.common.rest_client [req-f293135f-1114-4898-9d97-b1905e24ad8f req-f293135f-1114-4898-9d97-b1905e24ad8f ] Request (ImagesTestJSON:test_create_server_from_snapshot): 200 GET http://10.180.1.21/compute/v2.1/servers/110abbbf-5abf-4f8d-95f3-39e646273bff 0.637s
2025-11-23 05:02:42.208 66399 INFO tempest.lib.common.rest_client [req-168cfd4f-a716-4c74-b128-7363380a496d req-168cfd4f-a716-4c74-b128-7363380a496d ] Request (ImagesOneServerTestJSON:tearDownClass): 200 GET http://10.180.1.21/compute/v2.1/servers/8c18b4bd-ffb6-4ba9-b5b0-ba0bad2c5f2c 0.632s
2025-11-23 05:02:42.223 66387 INFO tempest.lib.common.rest_client [req-ae3f435d-30ce-4f71-bb1d-76be9e8b0d1d req-ae3f435d-30ce-4f71-bb1d-76be9e8b0d1d ] Request (ServerMetadataTestJSON:setUpClass): 200 GET http://10.180.1.21/compute/v2.1/servers/97ee047f-b989-456b-9bbf-825db6b38577 0.549s
2025-11-23 05:02:42.256 66365 INFO tempest.lib.common.rest_client [req-865ffa2e-77e6-4034-ba00-2afd668321de req-865ffa2e-77e6-4034-ba00-2afd668321de ] Request (ServerDiskConfigTestJSON:test_rebuild_server_with_manual_disk_config): 200 PUT http://10.180.1.21/compute/v2.1/servers/5f799e00-e640-4599-a202-5226e0af3e62 0.566s
2025-11-23 05:02:42.303 66381 INFO tempest.lib.common.rest_client [req-1ce70636-1dc5-4bcd-90b6-fe24663bf556 req-1ce70636-1dc5-4bcd-90b6-fe24663bf556 ] Request (DeleteServersTestJSON:test_delete_server_while_in_attached_volume): 200 GET http://10.180.1.21/compute/v2.1/servers/74d857a9-8f93-441e-92f7-d0e84fd76673 0.580s
2025-11-23 05:02:42.317 66379 INFO tempest.lib.common.rest_client [req-d5c82543-33a1-4de1-b2b8-8cfbdc1ce6c3 req-d5c82543-33a1-4de1-b2b8-8cfbdc1ce6c3 ] Request (MigrationsAdminTest:test_list_migrations_in_flavor_resize_situation): 200 GET http://10.180.1.21/compute/v2.1/servers/3da5e8aa-9304-40a0-8b45-29ac42270087 0.620s
2025-11-23 05:02:42.349 66389 INFO tempest.lib.common.rest_client [req-484d9e43-b2e3-4be8-9882-defb46a74974 req-484d9e43-b2e3-4be8-9882-defb46a74974 ] Request (MultipleCreateTestJSON:test_multiple_create): 200 GET http://10.180.1.21/compute/v2.1/servers/12ca4cb2-5fcc-44d7-88bf-c9bd2a5f0ece 0.534s
2025-11-23 05:02:42.365 66367 INFO tempest.lib.common.rest_client [req-51ee81bf-0ee1-48d1-bd61-872bb58dbea4 req-51ee81bf-0ee1-48d1-bd61-872bb58dbea4 ] Request (ServersTestBootFromVolume:tearDownClass): 200 GET http://10.180.1.21/compute/v2.1/servers/c109970b-aa69-4a7e-b13d-588763936cb2 0.533s
2025-11-23 05:02:42.387 66384 INFO tempest.lib.common.rest_client [req-21a5c4a2-6a02-4ad7-a7e4-eca1370394e2 req-21a5c4a2-6a02-4ad7-a7e4-eca1370394e2 ] Request (ServersNegativeTestJSON:test_reboot_deleted_server): 404 POST http://10.180.1.21/compute/v2.1/servers/80cb17a3-7598-4d18-be28-4f230a084a8c/action 0.340s
2025-11-23 05:02:42.405 66395 INFO tempest.lib.common.rest_client [req-91ab87c2-5d69-4f97-9163-8fede2df6f15 req-91ab87c2-5d69-4f97-9163-8fede2df6f15 ] Request (ServersTestManualDisk:tearDownClass): 200 GET http://10.180.1.21/compute/v2.1/servers/6d916f97-95c3-4f3b-a640-fa8e1a020429 0.417s
2025-11-23 05:02:42.537 66384 INFO tempest.lib.common.rest_client [req-c9d9083f-d982-4d92-b1ef-58f1de215dd4 req-c9d9083f-d982-4d92-b1ef-58f1de215dd4 ] Request (ServersNegativeTestJSON:tearDown): 200 GET http://10.180.1.21/compute/v2.1/servers/4cda2dc3-1eda-46c1-9960-2d0ab9027432 0.149s
2025-11-23 05:02:42.566 66365 INFO tempest.lib.common.rest_client [req-5aa8d458-df17-44ab-a60f-76300a4ae560 req-5aa8d458-df17-44ab-a60f-76300a4ae560 ] Request (ServerDiskConfigTestJSON:test_rebuild_server_with_manual_disk_config): 200 GET http://10.180.1.21/compute/v2.1/servers/5f799e00-e640-4599-a202-5226e0af3e62 0.303s
2025-11-23 05:02:42.636 66347 INFO tempest.lib.common.rest_client [req-b9f68ef6-2868-4bce-9bb3-24f90c3274c0 req-b9f68ef6-2868-4bce-9bb3-24f90c3274c0 ] Request (ServersAdminTestJSON:test_create_server_with_scheduling_hint): 200 GET http://10.180.1.21/compute/v2.1/servers/218e0cc9-37c9-41ed-b2eb-cedcb3784929 0.152s
2025-11-23 05:02:42.637 66369 INFO tempest.lib.common.rest_client [req-53cfabd9-26ac-4120-898b-71891fe985fc req-53cfabd9-26ac-4120-898b-71891fe985fc ] Request (ServerDiagnosticsV248Test:tearDownClass): 200 GET http://10.180.1.21/compute/v2.1/servers/6bbaa5d1-f5e9-4c16-8d38-1b7bcb0defeb 0.246s
2025-11-23 05:02:42.644 66347 INFO tempest.common.waiters [-] State transition "BUILD/scheduling" ==> "BUILD/None" after 3 second wait
2025-11-23 05:02:42.769 66384 INFO tempest.lib.common.rest_client [req-3e5bcde8-9c0a-44de-89a6-021970c135d6 req-3e5bcde8-9c0a-44de-89a6-021970c135d6 ] Request (ServersNegativeTestJSON:setUp): 200 GET http://10.180.1.21/compute/v2.1/servers/4cda2dc3-1eda-46c1-9960-2d0ab9027432 0.217s
2025-11-23 05:02:42.809 66363 INFO tempest.lib.common.rest_client [req-1e7c39fc-87ae-46ab-8181-0cf9df0fef1e req-1e7c39fc-87ae-46ab-8181-0cf9df0fef1e ] Request (ServerRescueNegativeTestJSON:test_rescued_vm_attach_volume): 200 GET http://10.180.1.21/compute/v2.1/servers/308a4242-412e-4280-a622-1035f2a5a1d2 0.302s
2025-11-23 05:02:42.875 66373 INFO tempest.lib.common.rest_client [req-fb5cc90e-527c-4e3d-a76c-5271e0fc444d req-fb5cc90e-527c-4e3d-a76c-5271e0fc444d ] Request (ServerMetadataNegativeTestJSON:tearDownClass): 200 GET http://10.180.1.21/compute/v2.1/servers/50db6ca4-ea94-4946-8042-194ec2db45c6 0.291s
2025-11-23 05:02:42.883 66365 INFO tempest.lib.common.rest_client [req-e7cda662-e9fe-406f-9a31-b5c83567fc11 req-e7cda662-e9fe-406f-9a31-b5c83567fc11 ] Request (ServerDiskConfigTestJSON:test_rebuild_server_with_manual_disk_config): 200 GET http://10.180.1.21/compute/v2.1/servers/5f799e00-e640-4599-a202-5226e0af3e62 0.306s
2025-11-23 05:02:42.932 66391 INFO tempest.lib.common.rest_client [req-1e94184a-9882-4c9b-9c8e-d21acd4d18c8 req-1e94184a-9882-4c9b-9c8e-d21acd4d18c8 ] Request (ServerActionsTestJSON:test_rebuild_server): 200 GET http://10.180.1.21/compute/v2.1/servers/413593c8-20c4-461c-975e-576a959c82aa 0.192s
2025-11-23 05:02:42.952 66378 INFO tempest.lib.common.rest_client [req-e174e58a-acb1-4406-a19c-9a02ad2059fb req-e174e58a-acb1-4406-a19c-9a02ad2059fb ] Request (ServersListShow296Test:tearDownClass): 200 GET http://10.180.1.21/compute/v2.1/servers/f8b42c54-25b8-473d-9936-5cd1f7ff47f2 0.255s
2025-11-23 05:02:42.959 66384 INFO tempest.lib.common.rest_client [req-5f68626e-9a74-4272-ab11-67ec27948e24 req-5f68626e-9a74-4272-ab11-67ec27948e24 ] Request (ServersNegativeTestJSON:test_reboot_non_existent_server): 404 POST http://10.180.1.21/compute/v2.1/servers/97a586cf-a6f5-4e66-8d22-4d816f5bb41a/action 0.178s
2025-11-23 05:02:42.977 66375 INFO tempest.lib.common.rest_client [req-55b11e99-f344-4ca7-a3fe-6c7283fed1c5 req-55b11e99-f344-4ca7-a3fe-6c7283fed1c5 ] Request (SecurityGroupsTestJSON:test_list_security_groups_by_server): 200 GET http://10.180.1.21/compute/v2.1/servers/5c26c091-2b5b-404a-bf1c-1fb9e4634fe8 0.236s
2025-11-23 05:02:43.007 66349 INFO tempest.lib.common.rest_client [req-d3010039-f79e-4aba-81b3-0ad8fb469d41 req-d3010039-f79e-4aba-81b3-0ad8fb469d41 ] Request (ServerGroupTestJSON:test_create_server_with_scheduler_hint_group): 200 GET http://10.180.1.21/compute/v2.1/servers/963a205a-d90f-4189-84ed-c7e468b2c01d 0.216s
2025-11-23 05:02:43.014 66349 INFO tempest.common.waiters [-] State transition "BUILD/None" ==> "BUILD/networking" after 31 second wait
2025-11-23 05:02:43.029 66359 INFO tempest.lib.common.rest_client [req-417e704d-09d7-473f-8ec3-dec32097d6a7 req-417e704d-09d7-473f-8ec3-dec32097d6a7 ] Request (ImagesOneServerNegativeTestJSON:_run_cleanups): 200 GET http://10.180.1.21/compute/v2.1/servers/b80b1437-8e60-48a9-97e0-8d3272a25ec3 0.236s
2025-11-23 05:02:43.057 66345 INFO tempest.lib.common.rest_client [req-11340d99-fb7a-43f5-8f6b-2a2beb08362e req-11340d99-fb7a-43f5-8f6b-2a2beb08362e ] Request (AttachVolumeNegativeTest:test_attach_attached_volume_to_different_server): 200 GET http://10.180.1.21/compute/v2.1/servers/bd702608-45fe-4703-a5c0-b0bc82778c7b 0.212s
2025-11-23 05:02:43.091 66353 INFO tempest.lib.common.rest_client [req-887ce6ca-e112-47fc-99c6-78ef9246d662 req-887ce6ca-e112-47fc-99c6-78ef9246d662 ] Request (AttachVolumeTestJSON:test_attach_detach_volume): 200 GET http://10.180.1.21/volume/v3/volumes/ce4a7fbe-498f-48d3-b952-9069d0765bb2 0.037s
2025-11-23 05:02:43.098 66341 INFO tempest.lib.common.rest_client [req-f56b29b3-d4ad-410c-8499-e5ad381af7b6 req-f56b29b3-d4ad-410c-8499-e5ad381af7b6 ] Request (ServerTagsTestJSON:tearDownClass): 200 GET http://10.180.1.21/compute/v2.1/servers/14cd3852-c379-4e98-a588-c64b6977c720 0.214s
2025-11-23 05:02:43.101 66353 INFO tempest.common.waiters [-] volume ce4a7fbe-498f-48d3-b952-9069d0765bb2 reached available after waiting for 1.100172 seconds
2025-11-23 05:02:43.166 66351 INFO tempest.lib.common.rest_client [req-6560c5d5-211a-450c-a5b6-efd2cab8e618 req-6560c5d5-211a-450c-a5b6-efd2cab8e618 ] Request (ListImageFiltersTestJSON:tearDownClass): 200 GET http://10.180.1.21/compute/v2.1/servers/1bc2d181-6afc-4df2-aef1-bf4a5e6f4a9a 0.246s
2025-11-23 05:02:43.253 66365 INFO tempest.lib.common.rest_client [req-92ef322f-61b4-40b3-9fcf-78d8d46cb760 req-92ef322f-61b4-40b3-9fcf-78d8d46cb760 ] Request (ServerDiskConfigTestJSON:test_rebuild_server_with_manual_disk_config): 202 POST http://10.180.1.21/compute/v2.1/servers/5f799e00-e640-4599-a202-5226e0af3e62/action 0.363s
2025-11-23 05:02:43.324 66384 INFO tempest.lib.common.rest_client [req-de85f354-a89e-4aac-abbb-a89ccc89192f req-de85f354-a89e-4aac-abbb-a89ccc89192f ] Request (ServersNegativeTestJSON:tearDown): 200 GET http://10.180.1.21/compute/v2.1/servers/4cda2dc3-1eda-46c1-9960-2d0ab9027432 0.365s
2025-11-23 05:02:43.355 66401 INFO tempest.lib.common.rest_client [req-c374e596-a08f-45cb-924e-6ad8fc7092f3 req-c374e596-a08f-45cb-924e-6ad8fc7092f3 ] Request (ServerShowV247Test:tearDownClass): 200 GET http://10.180.1.21/compute/v2.1/servers/70aa0691-4c87-45fe-beea-73c6367e8f03 0.359s
2025-11-23 05:02:43.474 66361 INFO tempest.lib.common.rest_client [req-7f93555e-db21-4a80-b4b2-0fb6de249a4f req-7f93555e-db21-4a80-b4b2-0fb6de249a4f ] Request (ImagesTestJSON:test_create_server_from_snapshot): 200 GET http://10.180.1.21/compute/v2.1/servers/110abbbf-5abf-4f8d-95f3-39e646273bff 0.297s
2025-11-23 05:02:43.596 66399 INFO tempest.lib.common.rest_client [req-183d6c84-c971-4a59-8c34-7406ab229617 req-183d6c84-c971-4a59-8c34-7406ab229617 ] Request (ImagesOneServerTestJSON:tearDownClass): 200 GET http://10.180.1.21/compute/v2.1/servers/8c18b4bd-ffb6-4ba9-b5b0-ba0bad2c5f2c 0.379s
2025-11-23 05:02:43.653 66387 INFO tempest.lib.common.rest_client [req-0e3d0228-38aa-4421-b79c-a38212d5f7d0 req-0e3d0228-38aa-4421-b79c-a38212d5f7d0 ] Request (ServerMetadataTestJSON:setUpClass): 200 GET http://10.180.1.21/compute/v2.1/servers/97ee047f-b989-456b-9bbf-825db6b38577 0.420s
2025-11-23 05:02:43.742 66365 INFO tempest.lib.common.rest_client [req-ed31a668-b097-4647-8f5c-56342de24fd3 req-ed31a668-b097-4647-8f5c-56342de24fd3 ] Request (ServerDiskConfigTestJSON:test_rebuild_server_with_manual_disk_config): 200 GET http://10.180.1.21/compute/v2.1/servers/5f799e00-e640-4599-a202-5226e0af3e62 0.481s
2025-11-23 05:02:43.790 66381 INFO tempest.lib.common.rest_client [req-6e0c7747-d5c8-4454-87f9-73dfb97f318c req-6e0c7747-d5c8-4454-87f9-73dfb97f318c ] Request (DeleteServersTestJSON:test_delete_server_while_in_attached_volume): 200 GET http://10.180.1.21/compute/v2.1/servers/74d857a9-8f93-441e-92f7-d0e84fd76673 0.479s
2025-11-23 05:02:43.827 66339 WARNING tempest.lib.common.ssh [-] Failed to establish authenticated ssh connection to cirros@10.180.180.141 ([Errno None] Unable to connect to port 22 on 10.180.180.141). Number attempts: 4. Retry after 5 seconds.: paramiko.ssh_exception.NoValidConnectionsError: [Errno None] Unable to connect to port 22 on 10.180.180.141
2025-11-23 05:02:44.116 66379 INFO tempest.lib.common.rest_client [req-62ff9806-b964-43d0-a7a4-e65db2631143 req-62ff9806-b964-43d0-a7a4-e65db2631143 ] Request (MigrationsAdminTest:test_list_migrations_in_flavor_resize_situation): 200 GET http://10.180.1.21/compute/v2.1/servers/3da5e8aa-9304-40a0-8b45-29ac42270087 0.791s
2025-11-23 05:02:44.225 66384 INFO tempest.lib.common.rest_client [req-1031b4a2-4d5d-4fae-8c4c-26a1244ddf30 req-1031b4a2-4d5d-4fae-8c4c-26a1244ddf30 ] Request (ServersNegativeTestJSON:setUp): 200 GET http://10.180.1.21/compute/v2.1/servers/4cda2dc3-1eda-46c1-9960-2d0ab9027432 0.887s
2025-11-23 05:02:44.277 66389 INFO tempest.lib.common.rest_client [req-3cccc99b-2241-47d1-9aaa-76b753aa7cec req-3cccc99b-2241-47d1-9aaa-76b753aa7cec ] Request (MultipleCreateTestJSON:test_multiple_create): 200 GET http://10.180.1.21/compute/v2.1/servers/12ca4cb2-5fcc-44d7-88bf-c9bd2a5f0ece 0.920s
2025-11-23 05:02:44.336 66367 INFO tempest.lib.common.rest_client [req-693012e1-4a28-4ce1-82aa-1d78f9200c6a req-693012e1-4a28-4ce1-82aa-1d78f9200c6a ] Request (ServersTestBootFromVolume:tearDownClass): 200 GET http://10.180.1.21/compute/v2.1/servers/c109970b-aa69-4a7e-b13d-588763936cb2 0.963s
2025-11-23 05:02:44.344 66367 INFO tempest.common.waiters [-] State transition "ACTIVE/deleting" ==> "DELETED/None" after 7 second wait
2025-11-23 05:02:44.394 66395 INFO tempest.lib.common.rest_client [req-977eecee-3630-4f02-bf5f-21694ec913ea req-977eecee-3630-4f02-bf5f-21694ec913ea ] Request (ServersTestManualDisk:tearDownClass): 200 GET http://10.180.1.21/compute/v2.1/servers/6d916f97-95c3-4f3b-a640-fa8e1a020429 0.980s
2025-11-23 05:02:44.452 66347 INFO tempest.lib.common.rest_client [req-14b0955b-6e3f-48e1-846a-e5ac3b2409e1 req-14b0955b-6e3f-48e1-846a-e5ac3b2409e1 ] Request (ServersAdminTestJSON:test_create_server_with_scheduling_hint): 200 GET http://10.180.1.21/compute/v2.1/servers/218e0cc9-37c9-41ed-b2eb-cedcb3784929 0.807s
2025-11-23 05:02:44.523 66369 INFO tempest.lib.common.rest_client [req-143dfa8f-ab68-40d2-9ec7-9aa229d9a20f req-143dfa8f-ab68-40d2-9ec7-9aa229d9a20f ] Request (ServerDiagnosticsV248Test:tearDownClass): 200 GET http://10.180.1.21/compute/v2.1/servers/6bbaa5d1-f5e9-4c16-8d38-1b7bcb0defeb 0.875s
2025-11-23 05:02:44.678 66363 INFO tempest.lib.common.rest_client [req-38bc611f-fd15-4744-9af0-5f27984c2b23 req-38bc611f-fd15-4744-9af0-5f27984c2b23 ] Request (ServerRescueNegativeTestJSON:test_rescued_vm_attach_volume): 200 GET http://10.180.1.21/compute/v2.1/servers/308a4242-412e-4280-a622-1035f2a5a1d2 0.858s
2025-11-23 05:02:44.744 66373 INFO tempest.lib.common.rest_client [req-255a0102-9149-4c83-9a0d-6066e9d2d6a2 req-255a0102-9149-4c83-9a0d-6066e9d2d6a2 ] Request (ServerMetadataNegativeTestJSON:tearDownClass): 200 GET http://10.180.1.21/compute/v2.1/servers/50db6ca4-ea94-4946-8042-194ec2db45c6 0.861s
2025-11-23 05:02:44.798 66391 INFO tempest.lib.common.rest_client [req-23fbc3ac-cf57-4c9c-9284-8a8b51ac9c29 req-23fbc3ac-cf57-4c9c-9284-8a8b51ac9c29 ] Request (ServerActionsTestJSON:test_rebuild_server): 200 GET http://10.180.1.21/compute/v2.1/servers/413593c8-20c4-461c-975e-576a959c82aa 0.858s
2025-11-23 05:02:44.863 66378 INFO tempest.lib.common.rest_client [req-409f31ef-855b-41a0-b64a-011909f43177 req-409f31ef-855b-41a0-b64a-011909f43177 ] Request (ServersListShow296Test:tearDownClass): 200 GET http://10.180.1.21/compute/v2.1/servers/f8b42c54-25b8-473d-9936-5cd1f7ff47f2 0.901s
2025-11-23 05:02:44.931 66375 INFO tempest.lib.common.rest_client [req-5569308c-a331-4d83-a428-9120b4bd15c0 req-5569308c-a331-4d83-a428-9120b4bd15c0 ] Request (SecurityGroupsTestJSON:test_list_security_groups_by_server): 200 GET http://10.180.1.21/compute/v2.1/servers/5c26c091-2b5b-404a-bf1c-1fb9e4634fe8 0.947s
2025-11-23 05:02:45.002 66353 INFO tempest.lib.common.rest_client [req-7b960c90-07cb-473f-a8ed-e0da71d8dfc1 req-7b960c90-07cb-473f-a8ed-e0da71d8dfc1 ] Request (AttachVolumeTestJSON:test_attach_detach_volume): 200 POST http://10.180.1.21/compute/v2.1/servers/de5904c9-6966-4cb9-8c90-348ebdad293a/os-volume_attachments 1.900s
2025-11-23 05:02:45.048 66353 INFO tempest.lib.common.rest_client [req-03b20755-67ad-43cb-8727-a6c39f9b16a2 req-03b20755-67ad-43cb-8727-a6c39f9b16a2 ] Request (AttachVolumeTestJSON:test_attach_detach_volume): 200 GET http://10.180.1.21/volume/v3/volumes/ce4a7fbe-498f-48d3-b952-9069d0765bb2 0.045s
2025-11-23 05:02:45.279 66359 INFO tempest.lib.common.rest_client [req-1b7b167f-c281-477c-8f57-d47bfa4cf6d2 req-1b7b167f-c281-477c-8f57-d47bfa4cf6d2 ] Request (ImagesOneServerNegativeTestJSON:_run_cleanups): 200 GET http://10.180.1.21/compute/v2.1/servers/b80b1437-8e60-48a9-97e0-8d3272a25ec3 1.242s
2025-11-23 05:02:45.313 66349 INFO tempest.lib.common.rest_client [req-07c9f7d9-3cf0-4059-a7d8-42cada9bc7ab req-07c9f7d9-3cf0-4059-a7d8-42cada9bc7ab ] Request (ServerGroupTestJSON:test_create_server_with_scheduler_hint_group): 200 GET http://10.180.1.21/compute/v2.1/servers/963a205a-d90f-4189-84ed-c7e468b2c01d 1.298s
2025-11-23 05:02:45.320 66349 INFO tempest.common.waiters [-] State transition "BUILD/networking" ==> "BUILD/spawning" after 33 second wait
2025-11-23 05:02:45.459 66341 INFO tempest.lib.common.rest_client [req-4e9f43ff-c1ea-42c9-a49f-93abaf746fba req-4e9f43ff-c1ea-42c9-a49f-93abaf746fba ] Request (ServerTagsTestJSON:tearDownClass): 200 GET http://10.180.1.21/compute/v2.1/servers/14cd3852-c379-4e98-a588-c64b6977c720 1.343s
2025-11-23 05:02:45.515 66345 INFO tempest.lib.common.rest_client [req-823c3c68-c0c0-45eb-9ece-d543a22badf8 req-823c3c68-c0c0-45eb-9ece-d543a22badf8 ] Request (AttachVolumeNegativeTest:test_attach_attached_volume_to_different_server): 200 GET http://10.180.1.21/compute/v2.1/servers/bd702608-45fe-4703-a5c0-b0bc82778c7b 1.450s
2025-11-23 05:02:45.525 66345 INFO tempest.common.waiters [-] State transition "BUILD/None" ==> "BUILD/networking" after 30 second wait
2025-11-23 05:02:45.546 66384 INFO tempest.lib.common.rest_client [req-c0a87d51-cfb2-4566-aca4-6d5924a9041b req-c0a87d51-cfb2-4566-aca4-6d5924a9041b ] Request (ServersNegativeTestJSON:test_rebuild_deleted_server): 404 POST http://10.180.1.21/compute/v2.1/servers/80cb17a3-7598-4d18-be28-4f230a084a8c/action 1.314s
2025-11-23 05:02:45.563 66351 INFO tempest.lib.common.rest_client [req-09f26c7b-1802-430d-8e18-b73c34bfd62d req-09f26c7b-1802-430d-8e18-b73c34bfd62d ] Request (ListImageFiltersTestJSON:tearDownClass): 200 GET http://10.180.1.21/compute/v2.1/servers/1bc2d181-6afc-4df2-aef1-bf4a5e6f4a9a 1.384s
2025-11-23 05:02:45.720 66401 INFO tempest.lib.common.rest_client [req-2bfc1231-f735-48e5-b1ae-62b6c8f8b89b req-2bfc1231-f735-48e5-b1ae-62b6c8f8b89b ] Request (ServerShowV247Test:tearDownClass): 200 GET http://10.180.1.21/compute/v2.1/servers/70aa0691-4c87-45fe-beea-73c6367e8f03 1.355s
2025-11-23 05:02:45.788 66361 INFO tempest.lib.common.rest_client [req-7ccf83a3-2902-4d5a-8ae4-7450d6c7700b req-7ccf83a3-2902-4d5a-8ae4-7450d6c7700b ] Request (ImagesTestJSON:test_create_server_from_snapshot): 200 GET http://10.180.1.21/compute/v2.1/servers/110abbbf-5abf-4f8d-95f3-39e646273bff 1.306s
2025-11-23 05:02:45.802 66399 INFO tempest.lib.common.rest_client [req-ed1d4bea-75f4-4e89-a9d4-ce83dee62cbb req-ed1d4bea-75f4-4e89-a9d4-ce83dee62cbb ] Request (ImagesOneServerTestJSON:tearDownClass): 200 GET http://10.180.1.21/compute/v2.1/servers/8c18b4bd-ffb6-4ba9-b5b0-ba0bad2c5f2c 1.198s
2025-11-23 05:02:45.809 66399 INFO tempest.common.waiters [-] State transition "ACTIVE/deleting" ==> "DELETED/None" after 3 second wait
2025-11-23 05:02:45.843 66387 INFO tempest.lib.common.rest_client [req-343e6d8b-f708-4450-b0bf-b9efb0c38b93 req-343e6d8b-f708-4450-b0bf-b9efb0c38b93 ] Request (ServerMetadataTestJSON:setUpClass): 200 GET http://10.180.1.21/compute/v2.1/servers/97ee047f-b989-456b-9bbf-825db6b38577 1.182s
2025-11-23 05:02:45.944 66365 INFO tempest.lib.common.rest_client [req-fd243b0c-621c-47a3-93c2-ee1a34cb141c req-fd243b0c-621c-47a3-93c2-ee1a34cb141c ] Request (ServerDiskConfigTestJSON:test_rebuild_server_with_manual_disk_config): 200 GET http://10.180.1.21/compute/v2.1/servers/5f799e00-e640-4599-a202-5226e0af3e62 1.195s
2025-11-23 05:02:45.953 66365 INFO tempest.common.waiters [-] State transition "REBUILD/rebuilding" ==> "REBUILD/rebuild_block_device_mapping" after 2 second wait
2025-11-23 05:02:45.957 66381 INFO tempest.lib.common.rest_client [req-bcbc0228-d15d-4b19-8505-f0bb8e60224e req-bcbc0228-d15d-4b19-8505-f0bb8e60224e ] Request (DeleteServersTestJSON:test_delete_server_while_in_attached_volume): 200 GET http://10.180.1.21/compute/v2.1/servers/74d857a9-8f93-441e-92f7-d0e84fd76673 1.158s
2025-11-23 05:02:46.075 66389 INFO tempest.lib.common.rest_client [req-f81074e2-780a-44c1-bbe1-833fa90ebfb4 req-f81074e2-780a-44c1-bbe1-833fa90ebfb4 ] Request (MultipleCreateTestJSON:test_multiple_create): 200 GET http://10.180.1.21/compute/v2.1/servers/12ca4cb2-5fcc-44d7-88bf-c9bd2a5f0ece 0.789s
2025-11-23 05:02:46.086 66353 INFO tempest.lib.common.rest_client [req-ba491970-e48e-432d-9825-2aef9d6b7e15 req-ba491970-e48e-432d-9825-2aef9d6b7e15 ] Request (AttachVolumeTestJSON:test_attach_detach_volume): 200 GET http://10.180.1.21/volume/v3/volumes/ce4a7fbe-498f-48d3-b952-9069d0765bb2 0.028s
2025-11-23 05:02:46.100 66379 INFO tempest.lib.common.rest_client [req-718dbd77-642f-42c6-8589-21606c85b821 req-718dbd77-642f-42c6-8589-21606c85b821 ] Request (MigrationsAdminTest:test_list_migrations_in_flavor_resize_situation): 200 GET http://10.180.1.21/compute/v2.1/servers/3da5e8aa-9304-40a0-8b45-29ac42270087 0.976s
2025-11-23 05:02:46.148 66367 INFO tempest.lib.common.rest_client [req-e26a8bdc-03ce-4c62-b9f6-98a359dfd713 req-e26a8bdc-03ce-4c62-b9f6-98a359dfd713 ] Request (ServersTestBootFromVolume:tearDownClass): 200 GET http://10.180.1.21/compute/v2.1/servers/c109970b-aa69-4a7e-b13d-588763936cb2 0.802s
2025-11-23 05:02:46.168 66395 INFO tempest.lib.common.rest_client [req-9e9e7952-bd9b-44ea-9cdd-08838cb579ef req-9e9e7952-bd9b-44ea-9cdd-08838cb579ef ] Request (ServersTestManualDisk:tearDownClass): 200 GET http://10.180.1.21/compute/v2.1/servers/6d916f97-95c3-4f3b-a640-fa8e1a020429 0.762s
2025-11-23 05:02:46.208 66347 INFO tempest.lib.common.rest_client [req-def9fb48-18bb-460e-a4e2-ea1acf52a618 req-def9fb48-18bb-460e-a4e2-ea1acf52a618 ] Request (ServersAdminTestJSON:test_create_server_with_scheduling_hint): 200 GET http://10.180.1.21/compute/v2.1/servers/218e0cc9-37c9-41ed-b2eb-cedcb3784929 0.748s
2025-11-23 05:02:46.263 66369 INFO tempest.lib.common.rest_client [req-09c82243-4efe-4183-b8d7-b82e68105edf req-09c82243-4efe-4183-b8d7-b82e68105edf ] Request (ServerDiagnosticsV248Test:tearDownClass): 200 GET http://10.180.1.21/compute/v2.1/servers/6bbaa5d1-f5e9-4c16-8d38-1b7bcb0defeb 0.728s
2025-11-23 05:02:46.273 66369 INFO tempest.common.waiters [-] State transition "ACTIVE/deleting" ==> "DELETED/None" after 5 second wait
2025-11-23 05:02:46.452 66384 INFO tempest.lib.common.rest_client [req-441c6e1c-4011-456e-bd51-3ed43f4d3681 req-441c6e1c-4011-456e-bd51-3ed43f4d3681 ] Request (ServersNegativeTestJSON:tearDown): 200 GET http://10.180.1.21/compute/v2.1/servers/4cda2dc3-1eda-46c1-9960-2d0ab9027432 0.905s
2025-11-23 05:02:46.516 66363 INFO tempest.lib.common.rest_client [req-5dc7de13-1472-4b0e-a17d-a7d1f53d36e5 req-5dc7de13-1472-4b0e-a17d-a7d1f53d36e5 ] Request (ServerRescueNegativeTestJSON:test_rescued_vm_attach_volume): 200 GET http://10.180.1.21/compute/v2.1/servers/308a4242-412e-4280-a622-1035f2a5a1d2 0.829s
2025-11-23 05:02:46.523 66363 INFO tempest.common.waiters [-] State transition "ACTIVE/rescuing" ==> "RESCUE/None" after 11 second wait
2025-11-23 05:02:46.580 66373 INFO tempest.lib.common.rest_client [req-98440385-0fbf-4076-85af-8da43d1bfbcb req-98440385-0fbf-4076-85af-8da43d1bfbcb ] Request (ServerMetadataNegativeTestJSON:tearDownClass): 200 GET http://10.180.1.21/compute/v2.1/servers/50db6ca4-ea94-4946-8042-194ec2db45c6 0.827s
2025-11-23 05:02:46.588 66391 INFO tempest.lib.common.rest_client [req-2f5a62f9-fa76-4a56-b164-77c635db9ecf req-2f5a62f9-fa76-4a56-b164-77c635db9ecf ] Request (ServerActionsTestJSON:test_rebuild_server): 200 GET http://10.180.1.21/compute/v2.1/servers/413593c8-20c4-461c-975e-576a959c82aa 0.781s
2025-11-23 05:02:46.641 66375 INFO tempest.lib.common.rest_client [req-21987c12-235a-433d-beb2-4aa5712f5d32 req-21987c12-235a-433d-beb2-4aa5712f5d32 ] Request (SecurityGroupsTestJSON:test_list_security_groups_by_server): 200 GET http://10.180.1.21/compute/v2.1/servers/5c26c091-2b5b-404a-bf1c-1fb9e4634fe8 0.701s
2025-11-23 05:02:46.667 66378 INFO tempest.lib.common.rest_client [req-119116b7-3259-4bfe-9994-951eacf5a123 req-119116b7-3259-4bfe-9994-951eacf5a123 ] Request (ServersListShow296Test:tearDownClass): 200 GET http://10.180.1.21/compute/v2.1/servers/f8b42c54-25b8-473d-9936-5cd1f7ff47f2 0.793s
2025-11-23 05:02:46.695 66355 WARNING tempest.lib.common.ssh [-] Failed to establish authenticated ssh connection to cirros@10.180.180.218 ([Errno None] Unable to connect to port 22 on 10.180.180.218). Number attempts: 5. Retry after 6 seconds.: paramiko.ssh_exception.NoValidConnectionsError: [Errno None] Unable to connect to port 22 on 10.180.180.218
2025-11-23 05:02:46.720 66359 INFO tempest.lib.common.rest_client [req-e6a9ba27-d74d-4f0e-a5dc-65dc6d9585c5 req-e6a9ba27-d74d-4f0e-a5dc-65dc6d9585c5 ] Request (ImagesOneServerNegativeTestJSON:_run_cleanups): 200 GET http://10.180.1.21/compute/v2.1/servers/b80b1437-8e60-48a9-97e0-8d3272a25ec3 0.429s
2025-11-23 05:02:46.785 66349 INFO tempest.lib.common.rest_client [req-d79b9f06-a811-4dd3-893f-86b181ca1f5d req-d79b9f06-a811-4dd3-893f-86b181ca1f5d ] Request (ServerGroupTestJSON:test_create_server_with_scheduler_hint_group): 200 GET http://10.180.1.21/compute/v2.1/servers/963a205a-d90f-4189-84ed-c7e468b2c01d 0.464s
2025-11-23 05:02:46.842 66384 INFO tempest.lib.common.rest_client [req-852acd03-aa7a-4b9c-bea8-fbe2ea3b5483 req-852acd03-aa7a-4b9c-bea8-fbe2ea3b5483 ] Request (ServersNegativeTestJSON:setUp): 200 GET http://10.180.1.21/compute/v2.1/servers/4cda2dc3-1eda-46c1-9960-2d0ab9027432 0.378s
2025-11-23 05:02:46.855 66341 INFO tempest.lib.common.rest_client [req-3addcca7-f080-49d8-8578-8be03c5df24e req-3addcca7-f080-49d8-8578-8be03c5df24e ] Request (ServerTagsTestJSON:tearDownClass): 200 GET http://10.180.1.21/compute/v2.1/servers/14cd3852-c379-4e98-a588-c64b6977c720 0.384s
2025-11-23 05:02:46.866 66363 INFO tempest.lib.common.rest_client [req-5afe4900-5c22-414f-8b4e-104e64ff47cb req-5afe4900-5c22-414f-8b4e-104e64ff47cb ] Request (ServerRescueNegativeTestJSON:test_rescued_vm_attach_volume): 409 POST http://10.180.1.21/compute/v2.1/servers/308a4242-412e-4280-a622-1035f2a5a1d2/os-volume_attachments 0.342s
2025-11-23 05:02:46.951 66345 INFO tempest.lib.common.rest_client [req-0372d73f-f118-4eb4-8310-d7b250838f7a req-0372d73f-f118-4eb4-8310-d7b250838f7a ] Request (AttachVolumeNegativeTest:test_attach_attached_volume_to_different_server): 200 GET http://10.180.1.21/compute/v2.1/servers/bd702608-45fe-4703-a5c0-b0bc82778c7b 0.424s
2025-11-23 05:02:46.960 66345 INFO tempest.common.waiters [-] State transition "BUILD/networking" ==> "BUILD/spawning" after 31 second wait
2025-11-23 05:02:46.976 66351 INFO tempest.lib.common.rest_client [req-a0c7993b-2e6f-4c5e-9d60-d028d3b1c238 req-a0c7993b-2e6f-4c5e-9d60-d028d3b1c238 ] Request (ListImageFiltersTestJSON:tearDownClass): 200 GET http://10.180.1.21/compute/v2.1/servers/1bc2d181-6afc-4df2-aef1-bf4a5e6f4a9a 0.405s
2025-11-23 05:02:46.980 66401 INFO tempest.lib.common.rest_client [req-e154654d-f207-4267-9653-9d889544fb2d req-e154654d-f207-4267-9653-9d889544fb2d ] Request (ServerShowV247Test:tearDownClass): 404 GET http://10.180.1.21/compute/v2.1/servers/70aa0691-4c87-45fe-beea-73c6367e8f03 0.252s
2025-11-23 05:02:47.043 66399 INFO tempest.lib.common.rest_client [req-51cbc6d0-d781-41a7-ba09-69c1b2e14655 req-51cbc6d0-d781-41a7-ba09-69c1b2e14655 ] Request (ImagesOneServerTestJSON:tearDownClass): 200 GET http://10.180.1.21/compute/v2.1/servers/8c18b4bd-ffb6-4ba9-b5b0-ba0bad2c5f2c 0.232s
2025-11-23 05:02:47.054 66384 INFO tempest.lib.common.rest_client [req-46b2d8bc-4340-417e-b016-d352d8a09a46 req-46b2d8bc-4340-417e-b016-d352d8a09a46 ] Request (ServersNegativeTestJSON:test_rebuild_non_existent_server): 404 POST http://10.180.1.21/compute/v2.1/servers/25c4ad70-9756-4959-b986-1755f4aaa89a/action 0.205s
2025-11-23 05:02:47.076 66401 INFO tempest.lib.common.rest_client [req-fc435246-3c2d-4574-8f1b-3ab59b86cd67 req-fc435246-3c2d-4574-8f1b-3ab59b86cd67 ] Request (ServerShowV247Test:tearDownClass): 204 DELETE http://10.180.1.21/identity/v3/users/b2bdbe42bd2444ec90ee5c28cd3bfb95 0.095s
2025-11-23 05:02:47.126 66387 INFO tempest.lib.common.rest_client [req-5448f4e1-52b4-43de-9667-38e152c69282 req-5448f4e1-52b4-43de-9667-38e152c69282 ] Request (ServerMetadataTestJSON:setUpClass): 200 GET http://10.180.1.21/compute/v2.1/servers/97ee047f-b989-456b-9bbf-825db6b38577 0.275s
2025-11-23 05:02:47.131 66361 INFO tempest.lib.common.rest_client [req-cc3c936a-24fa-4626-a873-7a593be1c356 req-cc3c936a-24fa-4626-a873-7a593be1c356 ] Request (ImagesTestJSON:test_create_server_from_snapshot): 200 GET http://10.180.1.21/compute/v2.1/servers/110abbbf-5abf-4f8d-95f3-39e646273bff 0.334s
2025-11-23 05:02:47.133 66353 INFO tempest.lib.common.rest_client [req-f4f5bc35-ac5f-4ba7-aa96-58a7b72e47cb req-f4f5bc35-ac5f-4ba7-aa96-58a7b72e47cb ] Request (AttachVolumeTestJSON:test_attach_detach_volume): 200 GET http://10.180.1.21/volume/v3/volumes/ce4a7fbe-498f-48d3-b952-9069d0765bb2 0.039s
2025-11-23 05:02:47.195 66363 INFO tempest.lib.common.rest_client [req-a20e4d4e-1b29-4454-991c-daad9cf01cac req-a20e4d4e-1b29-4454-991c-daad9cf01cac ] Request (ServerRescueNegativeTestJSON:_run_cleanups): 202 POST http://10.180.1.21/compute/v2.1/servers/308a4242-412e-4280-a622-1035f2a5a1d2/action 0.328s
