2025-11-23 05:00:18.978 66367 INFO tempest.lib.common.rest_client [req-ccbaa606-5b0d-4341-b8b5-f95972415482 req-ccbaa606-5b0d-4341-b8b5-f95972415482 ] Request (QuotasSecurityGroupAdminNegativeTest:setUpClass): 201 POST http://10.180.1.21/identity/v3/projects 0.072s
2025-11-23 05:00:18.985 66353 INFO tempest.lib.common.rest_client [req-4f99d14d-d81c-42d6-ac3d-71ea04a317ce req-4f99d14d-d81c-42d6-ac3d-71ea04a317ce ] Request (FloatingIPDetailsNegativeTestJSON:tearDownClass): 204 DELETE http://10.180.1.21/networking/v2.0/security-groups/2fe7e501-0692-4563-b80f-083e47936a25 0.196s
2025-11-23 05:00:19.039 66367 INFO tempest.lib.common.rest_client [req-86a38611-373d-48d7-8ae2-c011069f5a82 req-86a38611-373d-48d7-8ae2-c011069f5a82 ] Request (QuotasSecurityGroupAdminNegativeTest:setUpClass): 201 POST http://10.180.1.21/identity/v3/users 0.059s
2025-11-23 05:00:19.070 66367 INFO tempest.lib.common.rest_client [req-2a4eab3c-1931-4f00-a788-bd1004373336 req-2a4eab3c-1931-4f00-a788-bd1004373336 ] Request (QuotasSecurityGroupAdminNegativeTest:setUpClass): 200 GET http://10.180.1.21/identity/v3/roles 0.031s
2025-11-23 05:00:19.090 66353 INFO tempest.lib.common.rest_client [req-de26752a-e767-4773-804a-1131042a3535 req-de26752a-e767-4773-804a-1131042a3535 ] Request (FloatingIPDetailsNegativeTestJSON:tearDownClass): 204 DELETE http://10.180.1.21/identity/v3/projects/b5f7de837f2b4f758efb6b004fc70e1e 0.105s
2025-11-23 05:00:19.110 66357 INFO tempest.lib.common.rest_client [req-9f898cfd-cf52-4bf1-8810-7b1e7f7fb35e req-9f898cfd-cf52-4bf1-8810-7b1e7f7fb35e ] Request (ServersWithSpecificFlavorTestJSON:test_verify_created_server_ephemeral_disk): 200 GET http://10.180.1.21/compute/v2.1/servers/3e6cfa2a-607c-4fbe-8345-90501b5ad443/os-interface 4.065s
2025-11-23 05:00:19.160 66367 INFO tempest.lib.common.rest_client [req-f0838d15-be23-4348-9053-adfe8f540b15 req-f0838d15-be23-4348-9053-adfe8f540b15 ] Request (QuotasSecurityGroupAdminNegativeTest:setUpClass): 204 PUT http://10.180.1.21/identity/v3/projects/972839875ee945cfbb21e03d04711d7c/users/cda9e528242d42c3be0fc2707af1e5c0/roles/84b9c59818124952b0d160da43ed9954 0.090s
2025-11-23 05:00:19.177 66353 INFO tempest.lib.common.rest_client [req-8aa0cc87-da88-499e-a28d-fed944fde051 req-8aa0cc87-da88-499e-a28d-fed944fde051 ] Request (KeyPairsNegativeTestJSON:setUpClass): 201 POST http://10.180.1.21/identity/v3/auth/tokens 0.085s
2025-11-23 05:00:19.194 66391 WARNING tempest.lib.common.ssh [-] Failed to establish authenticated ssh connection to cirros@10.180.180.204 ([Errno None] Unable to connect to port 22 on 10.180.180.204). Number attempts: 4. Retry after 5 seconds.: paramiko.ssh_exception.NoValidConnectionsError: [Errno None] Unable to connect to port 22 on 10.180.180.204
2025-11-23 05:00:19.272 66353 INFO tempest.lib.common.rest_client [req-082c3d97-419a-4f60-a381-3e8315f44647 req-082c3d97-419a-4f60-a381-3e8315f44647 ] Request (KeyPairsNegativeTestJSON:setUpClass): 201 POST http://10.180.1.21/identity/v3/auth/tokens 0.090s
2025-11-23 05:00:19.273 66367 INFO tempest.lib.common.rest_client [req-2457f544-4e73-4610-aa10-512584e35277 req-2457f544-4e73-4610-aa10-512584e35277 ] Request (QuotasSecurityGroupAdminNegativeTest:setUpClass): 200 GET http://10.180.1.21/identity/v3/roles 0.112s
2025-11-23 05:00:19.299 66367 INFO tempest.lib.common.rest_client [req-3b22a99e-5710-4243-9cfd-1c870e3e2ffb req-3b22a99e-5710-4243-9cfd-1c870e3e2ffb ] Request (QuotasSecurityGroupAdminNegativeTest:setUpClass): 204 PUT http://10.180.1.21/identity/v3/projects/972839875ee945cfbb21e03d04711d7c/users/cda9e528242d42c3be0fc2707af1e5c0/roles/84b9c59818124952b0d160da43ed9954 0.025s
2025-11-23 05:00:19.299 66367 INFO tempest.lib.common.dynamic_creds [-] Dynamic test user cda9e528242d42c3be0fc2707af1e5c0 is created with scope project and roles: ['admin']
2025-11-23 05:00:19.299 66367 INFO tempest.lib.common.dynamic_creds [-] Acquired dynamic creds: credentials: Credentials: {'domain_id': 'default', 'domain_name': 'Default', 'username': 'tempest-QuotasSecurityGroupAdminNegativeTest-1423047929-project-admin', 'project_domain_id': 'default', 'project_domain_name': 'Default', 'project_id': '972839875ee945cfbb21e03d04711d7c', 'project_name': 'tempest-QuotasSecurityGroupAdminNegativeTest-1423047929', 'tenant_id': '972839875ee945cfbb21e03d04711d7c', 'tenant_name': 'tempest-QuotasSecurityGroupAdminNegativeTest-1423047929', 'user_domain_id': 'default', 'user_domain_name': 'Default', 'user_id': 'cda9e528242d42c3be0fc2707af1e5c0', 'system': None}, Network: None, Subnet: None, Router: None
2025-11-23 05:00:19.300 66367 INFO tempest.lib.common.dynamic_creds [-] Created isolated network resources for: credentials: Credentials: {'domain_id': 'default', 'domain_name': 'Default', 'username': 'tempest-QuotasSecurityGroupAdminNegativeTest-1423047929-project-admin', 'project_domain_id': 'default', 'project_domain_name': 'Default', 'project_id': '972839875ee945cfbb21e03d04711d7c', 'project_name': 'tempest-QuotasSecurityGroupAdminNegativeTest-1423047929', 'tenant_id': '972839875ee945cfbb21e03d04711d7c', 'tenant_name': 'tempest-QuotasSecurityGroupAdminNegativeTest-1423047929', 'user_domain_id': 'default', 'user_domain_name': 'Default', 'user_id': 'cda9e528242d42c3be0fc2707af1e5c0', 'system': None}, Network: None, Subnet: None, Router: None
2025-11-23 05:00:19.306 66353 INFO tempest.lib.common.rest_client [req-ec97b6a4-be02-491f-b8a4-e781de4074e1 req-ec97b6a4-be02-491f-b8a4-e781de4074e1 ] Request (KeyPairsNegativeTestJSON:setUpClass): 200 GET http://10.180.1.21/identity/v3/domains?name=Default 0.034s
2025-11-23 05:00:19.405 66353 INFO tempest.lib.common.rest_client [req-21179a22-a2d6-4a04-9357-861cc8d8d971 req-21179a22-a2d6-4a04-9357-861cc8d8d971 ] Request (KeyPairsNegativeTestJSON:setUpClass): 201 POST http://10.180.1.21/identity/v3/projects 0.098s
2025-11-23 05:00:19.406 66367 INFO tempest.lib.common.rest_client [req-587eefce-b18e-4ec3-ba21-54b39981756a req-587eefce-b18e-4ec3-ba21-54b39981756a ] Request (QuotasSecurityGroupAdminNegativeTest:setUpClass): 201 POST http://10.180.1.21/identity/v3/auth/tokens 0.103s
2025-11-23 05:00:19.483 66353 INFO tempest.lib.common.rest_client [req-829afa85-6e0c-49c8-917e-65ec1653873e req-829afa85-6e0c-49c8-917e-65ec1653873e ] Request (KeyPairsNegativeTestJSON:setUpClass): 201 POST http://10.180.1.21/identity/v3/users 0.077s
2025-11-23 05:00:19.518 66353 INFO tempest.lib.common.rest_client [req-b730ca42-531e-4dd3-adf8-8ba2e4724259 req-b730ca42-531e-4dd3-adf8-8ba2e4724259 ] Request (KeyPairsNegativeTestJSON:setUpClass): 200 GET http://10.180.1.21/identity/v3/roles 0.034s
2025-11-23 05:00:19.572 66367 INFO tempest.lib.common.rest_client [req-b9d5cf9f-b234-46e1-ac52-e5c9a0d4df3d req-b9d5cf9f-b234-46e1-ac52-e5c9a0d4df3d ] Request (QuotasSecurityGroupAdminNegativeTest:tearDownClass): 204 DELETE http://10.180.1.21/identity/v3/users/d9e3f4ee07d047b7bfca2adb4c42aab6 0.161s
2025-11-23 05:00:19.599 66353 INFO tempest.lib.common.rest_client [req-0a7f37c4-b858-4cef-9596-7e69a96f2da9 req-0a7f37c4-b858-4cef-9596-7e69a96f2da9 ] Request (KeyPairsNegativeTestJSON:setUpClass): 204 PUT http://10.180.1.21/identity/v3/projects/e4ea723dc85b4bbaafdc05c9d5a5aa39/users/807eaa0952d44dbfa264866f378fccb0/roles/7750a879e597402d963560292570a035 0.080s
2025-11-23 05:00:19.599 66353 INFO tempest.lib.common.dynamic_creds [-] Dynamic test user 807eaa0952d44dbfa264866f378fccb0 is created with scope project and roles: ['member']
2025-11-23 05:00:19.599 66353 INFO tempest.lib.common.dynamic_creds [-] Acquired dynamic creds: credentials: Credentials: {'domain_id': 'default', 'domain_name': 'Default', 'username': 'tempest-KeyPairsNegativeTestJSON-1571209009-project-member', 'project_domain_id': 'default', 'project_domain_name': 'Default', 'project_id': 'e4ea723dc85b4bbaafdc05c9d5a5aa39', 'project_name': 'tempest-KeyPairsNegativeTestJSON-1571209009', 'tenant_id': 'e4ea723dc85b4bbaafdc05c9d5a5aa39', 'tenant_name': 'tempest-KeyPairsNegativeTestJSON-1571209009', 'user_domain_id': 'default', 'user_domain_name': 'Default', 'user_id': '807eaa0952d44dbfa264866f378fccb0', 'system': None}, Network: None, Subnet: None, Router: None
2025-11-23 05:00:19.600 66353 INFO tempest.lib.common.dynamic_creds [-] Created isolated network resources for: credentials: Credentials: {'domain_id': 'default', 'domain_name': 'Default', 'username': 'tempest-KeyPairsNegativeTestJSON-1571209009-project-member', 'project_domain_id': 'default', 'project_domain_name': 'Default', 'project_id': 'e4ea723dc85b4bbaafdc05c9d5a5aa39', 'project_name': 'tempest-KeyPairsNegativeTestJSON-1571209009', 'tenant_id': 'e4ea723dc85b4bbaafdc05c9d5a5aa39', 'tenant_name': 'tempest-KeyPairsNegativeTestJSON-1571209009', 'user_domain_id': 'default', 'user_domain_name': 'Default', 'user_id': '807eaa0952d44dbfa264866f378fccb0', 'system': None}, Network: None, Subnet: None, Router: None
2025-11-23 05:00:19.699 66353 INFO tempest.lib.common.rest_client [req-5aee1ba9-42d4-4e29-a7ad-9bcaed167c87 req-5aee1ba9-42d4-4e29-a7ad-9bcaed167c87 ] Request (KeyPairsNegativeTestJSON:setUpClass): 201 POST http://10.180.1.21/identity/v3/auth/tokens 0.094s
2025-11-23 05:00:19.769 66367 INFO tempest.lib.common.rest_client [req-2c29130c-126a-4d44-ae5c-281214520fba req-2c29130c-126a-4d44-ae5c-281214520fba ] Request (QuotasSecurityGroupAdminNegativeTest:tearDownClass): 204 DELETE http://10.180.1.21/identity/v3/users/cda9e528242d42c3be0fc2707af1e5c0 0.196s
2025-11-23 05:00:19.769 66367 INFO tempest.lib.common.dynamic_creds [-] Deleting project and security group for project: ae9d45a2b3ed4dc2861c0944918a3a76
2025-11-23 05:00:19.788 66345 INFO tempest.lib.common.rest_client [req-c2fc4fb7-4f3b-46e9-a6b7-b5e8c5750e79 req-c2fc4fb7-4f3b-46e9-a6b7-b5e8c5750e79 ] Request (VolumesAdminNegativeTest:test_update_attached_volume_with_nonexistent_volume_in_uri): 200 GET http://10.180.1.21/compute/v2.1/servers/d205b3fe-d5da-4932-8a84-e933c66464f8 5.063s
2025-11-23 05:00:19.799 66345 INFO tempest.common.waiters [-] State transition "BUILD/spawning" ==> "ACTIVE/None" after 18 second wait
2025-11-23 05:00:19.817 66395 INFO tempest.lib.common.rest_client [req-7f6d7e64-b69d-404d-9138-4dd6a3ea978f req-7f6d7e64-b69d-404d-9138-4dd6a3ea978f ] Request (KeyPairsV2TestJSON:_run_cleanups): 202 DELETE http://10.180.1.21/compute/v2.1/os-keypairs/tempest-keypair-1166169048 4.556s
2025-11-23 05:00:19.865 66367 INFO tempest.lib.common.rest_client [req-5abe16df-4873-4048-8d8e-8fcf6eb8641a req-5abe16df-4873-4048-8d8e-8fcf6eb8641a ] Request (QuotasSecurityGroupAdminNegativeTest:tearDownClass): 201 POST http://10.180.1.21/identity/v3/auth/tokens 0.095s
2025-11-23 05:00:20.041 66345 INFO tempest.lib.common.rest_client [req-5dbef23b-730d-4e08-882e-4505ecaa5911 req-5dbef23b-730d-4e08-882e-4505ecaa5911 ] Request (VolumesAdminNegativeTest:test_update_attached_volume_with_nonexistent_volume_in_uri): 202 POST http://10.180.1.21/volume/v3/volumes 0.241s
2025-11-23 05:00:20.084 66345 INFO tempest.lib.common.rest_client [req-959f7d65-d671-4234-aef1-420a1e49e9b9 req-959f7d65-d671-4234-aef1-420a1e49e9b9 ] Request (VolumesAdminNegativeTest:test_update_attached_volume_with_nonexistent_volume_in_uri): 200 GET http://10.180.1.21/volume/v3/volumes/2766feb2-d7ee-446c-8ada-4bcbbc28fa6b 0.037s
2025-11-23 05:00:20.088 66347 WARNING tempest.lib.common.ssh [-] Failed to establish authenticated ssh connection to cirros@10.180.180.164 ([Errno None] Unable to connect to port 22 on 10.180.180.164). Number attempts: 6. Retry after 7 seconds.: paramiko.ssh_exception.NoValidConnectionsError: [Errno None] Unable to connect to port 22 on 10.180.180.164
2025-11-23 05:00:20.161 66373 INFO tempest.lib.common.rest_client [req-ff34553a-547b-4302-a4e0-8eab3450b2fe req-ff34553a-547b-4302-a4e0-8eab3450b2fe ] Request (InstanceActionsNegativeTestJSON:setUpClass): 200 PUT http://10.180.1.21/networking/v2.0/routers/c7fc0f44-3044-4a70-ba1a-543d0ddd1356/add_router_interface 1.303s
2025-11-23 05:00:20.161 66373 INFO tempest.lib.common.dynamic_creds [-] Created isolated network resources for: credentials: Credentials: {'domain_id': 'default', 'domain_name': 'Default', 'username': 'tempest-InstanceActionsNegativeTestJSON-923771005-project-member', 'project_domain_id': 'default', 'project_domain_name': 'Default', 'project_id': '42fda0d673e24e448e51b2ea50c9f9b5', 'project_name': 'tempest-InstanceActionsNegativeTestJSON-923771005', 'tenant_id': '42fda0d673e24e448e51b2ea50c9f9b5', 'tenant_name': 'tempest-InstanceActionsNegativeTestJSON-923771005', 'user_domain_id': 'default', 'user_domain_name': 'Default', 'user_id': '3e33917d2c9c4af098daa3f8e1e82460', 'system': None}, Network: {'id': '4ab5bb47-8d2b-479e-98f5-5cdfca912c6f', 'name': 'tempest-InstanceActionsNegativeTestJSON-205944431-network', 'tenant_id': '42fda0d673e24e448e51b2ea50c9f9b5', 'project_id': '42fda0d673e24e448e51b2ea50c9f9b5', 'admin_state_up': True, 'mtu': 8950, 'status': 'ACTIVE', 'subnets': [], 'shared': False, 'port_security_enabled': True, 'router:external': False, 'provider:network_type': 'vlan', 'provider:physical_network': 'default', 'provider:segmentation_id': 557, 'availability_zone_hints': [], 'availability_zones': [], 'ipv4_address_scope': None, 'ipv6_address_scope': None, 'description': '', 'tags': [], 'created_at': '2025-11-23T05:00:16Z', 'updated_at': '2025-11-23T05:00:16Z', 'revision_number': 1}, Subnet: {'id': '24277152-66ef-4554-9f9d-442079014869', 'name': 'tempest-InstanceActionsNegativeTestJSON-205944431-subnet', 'tenant_id': '42fda0d673e24e448e51b2ea50c9f9b5', 'network_id': '4ab5bb47-8d2b-479e-98f5-5cdfca912c6f', 'ip_version': 4, 'subnetpool_id': None, 'enable_dhcp': True, 'ipv6_ra_mode': None, 'ipv6_address_mode': None, 'gateway_ip': '192.168.128.1', 'cidr': '192.168.128.0/28', 'allocation_pools': [{'start': '192.168.128.2', 'end': '192.168.128.14'}], 'host_routes': [], 'dns_nameservers': [], 'description': '', 'router:external': False, 'service_types': [], 'tags': [], 'created_at': '2025-11-23T05:00:17Z', 'updated_at': '2025-11-23T05:00:17Z', 'revision_number': 0, 'project_id': '42fda0d673e24e448e51b2ea50c9f9b5'}, Router: {'id': 'c7fc0f44-3044-4a70-ba1a-543d0ddd1356', 'name': 'tempest-InstanceActionsNegativeTestJSON-205944431-router', 'tenant_id': '42fda0d673e24e448e51b2ea50c9f9b5', 'admin_state_up': True, 'status': 'ACTIVE', 'external_gateway_info': {'network_id': '34310d39-ad73-439b-bdea-2a3361785fbb', 'external_fixed_ips': [{'subnet_id': 'c856a448-2086-4533-ae15-e0f714ed4d88', 'ip_address': '10.180.180.190'}], 'enable_snat': True}, 'description': '', 'availability_zones': [], 'distributed': False, 'ha': False, 'availability_zone_hints': [], 'routes': [], 'flavor_id': None, 'tags': [], 'created_at': '2025-11-23T05:00:18Z', 'updated_at': '2025-11-23T05:00:18Z', 'revision_number': 2, 'project_id': '42fda0d673e24e448e51b2ea50c9f9b5'}
2025-11-23 05:00:20.306 66373 INFO tempest.lib.common.rest_client [req-799b9115-f2a0-403c-9d69-74c206f4f0ba req-799b9115-f2a0-403c-9d69-74c206f4f0ba ] Request (InstanceActionsNegativeTestJSON:setUpClass): 201 POST http://10.180.1.21/identity/v3/auth/tokens 0.140s
2025-11-23 05:00:20.369 66373 INFO tempest.lib.common.rest_client [req-390fa282-fd5b-449d-9f3e-b9ef557ca060 req-390fa282-fd5b-449d-9f3e-b9ef557ca060 ] Request (InstanceActionsNegativeTestJSON:setUpClass): 201 POST http://10.180.1.21/identity/v3/auth/tokens 0.054s
2025-11-23 05:00:20.371 66373 INFO tempest.lib.common.fixed_network [-] (InstanceActionsNegativeTestJSON:setUpClass) Found network {'id': '4ab5bb47-8d2b-479e-98f5-5cdfca912c6f', 'name': 'tempest-InstanceActionsNegativeTestJSON-205944431-network', 'tenant_id': '42fda0d673e24e448e51b2ea50c9f9b5', 'project_id': '42fda0d673e24e448e51b2ea50c9f9b5', 'admin_state_up': True, 'mtu': 8950, 'status': 'ACTIVE', 'subnets': [], 'shared': False, 'port_security_enabled': True, 'router:external': False, 'provider:network_type': 'vlan', 'provider:physical_network': 'default', 'provider:segmentation_id': 557, 'availability_zone_hints': [], 'availability_zones': [], 'ipv4_address_scope': None, 'ipv6_address_scope': None, 'description': '', 'tags': [], 'created_at': '2025-11-23T05:00:16Z', 'updated_at': '2025-11-23T05:00:16Z', 'revision_number': 1} available for tenant
2025-11-23 05:00:20.424 66341 WARNING tempest.lib.common.ssh [-] Failed to establish authenticated ssh connection to cirros@10.180.180.225 ([Errno None] Unable to connect to port 22 on 10.180.180.225). Number attempts: 5. Retry after 6 seconds.: paramiko.ssh_exception.NoValidConnectionsError: [Errno None] Unable to connect to port 22 on 10.180.180.225
2025-11-23 05:00:20.479 66357 INFO tempest.lib.common.rest_client [req-98532bef-bd1a-4307-aa42-9ad6e7492925 req-98532bef-bd1a-4307-aa42-9ad6e7492925 ] Request (ServersWithSpecificFlavorTestJSON:test_verify_created_server_ephemeral_disk): 200 PUT http://10.180.1.21/networking/v2.0/floatingips/32d67d4d-c0a4-45d4-8988-60c1c3a90cfe 1.366s
2025-11-23 05:00:20.751 66367 INFO tempest.lib.common.rest_client [req-4a308922-728e-4efa-8699-602711aa4f31 req-4a308922-728e-4efa-8699-602711aa4f31 ] Request (QuotasSecurityGroupAdminNegativeTest:tearDownClass): 200 GET http://10.180.1.21/networking/v2.0/security-groups?tenant_id=ae9d45a2b3ed4dc2861c0944918a3a76&name=default 0.885s
2025-11-23 05:00:20.814 66343 INFO tempest.lib.common.rest_client [req-7a4eb175-f2e6-4cf6-85db-8f2f60325cb5 req-7a4eb175-f2e6-4cf6-85db-8f2f60325cb5 ] Request (ServerAddressesTestJSON:setUpClass): 200 GET http://10.180.1.21/compute/v2.1/servers/92f76071-75b6-403d-8888-572845f16430 5.554s
2025-11-23 05:00:20.912 66367 INFO tempest.lib.common.rest_client [req-dc3283ec-53e7-4fb5-aab9-2bc978c4461d req-dc3283ec-53e7-4fb5-aab9-2bc978c4461d ] Request (QuotasSecurityGroupAdminNegativeTest:tearDownClass): 204 DELETE http://10.180.1.21/networking/v2.0/security-groups/a89961a8-3f8e-477c-a305-59a7d4772e9c 0.160s
2025-11-23 05:00:20.948 66384 INFO tempest.lib.common.rest_client [req-2f085ede-5e83-4752-8e5a-c87a1585efcc req-2f085ede-5e83-4752-8e5a-c87a1585efcc ] Request (ServersNegativeTestJSON:setUpClass): 200 GET http://10.180.1.21/compute/v2.1/servers/4cda2dc3-1eda-46c1-9960-2d0ab9027432 5.675s
2025-11-23 05:00:20.957 66384 INFO tempest.common.waiters [-] State transition "BUILD/None" ==> "BUILD/spawning" after 6 second wait
2025-11-23 05:00:21.006 66367 INFO tempest.lib.common.rest_client [req-67d07c05-ea9b-4030-9306-2d9b4948cf96 req-67d07c05-ea9b-4030-9306-2d9b4948cf96 ] Request (QuotasSecurityGroupAdminNegativeTest:tearDownClass): 204 DELETE http://10.180.1.21/identity/v3/projects/ae9d45a2b3ed4dc2861c0944918a3a76 0.094s
2025-11-23 05:00:21.006 66367 INFO tempest.lib.common.dynamic_creds [-] Deleting project and security group for project: 972839875ee945cfbb21e03d04711d7c
2025-11-23 05:00:21.129 66345 INFO tempest.lib.common.rest_client [req-91b894dc-f002-480e-884e-dbdc4972e769 req-91b894dc-f002-480e-884e-dbdc4972e769 ] Request (VolumesAdminNegativeTest:test_update_attached_volume_with_nonexistent_volume_in_uri): 200 GET http://10.180.1.21/volume/v3/volumes/2766feb2-d7ee-446c-8ada-4bcbbc28fa6b 0.034s
2025-11-23 05:00:21.140 66345 INFO tempest.common.waiters [-] volume 2766feb2-d7ee-446c-8ada-4bcbbc28fa6b reached available after waiting for 1.140690 seconds
2025-11-23 05:00:21.144 66367 INFO tempest.lib.common.rest_client [req-e39420bf-c1f4-49af-a65e-be9e8ab89ed1 req-e39420bf-c1f4-49af-a65e-be9e8ab89ed1 ] Request (QuotasSecurityGroupAdminNegativeTest:tearDownClass): 200 GET http://10.180.1.21/networking/v2.0/security-groups?tenant_id=972839875ee945cfbb21e03d04711d7c&name=default 0.137s
2025-11-23 05:00:21.228 66363 INFO tempest.lib.common.rest_client [req-edac1b44-3953-4c5c-85b6-dd722e4479e7 req-edac1b44-3953-4c5c-85b6-dd722e4479e7 ] Request (QuotasAdminTestJSON:test_get_updated_quotas): 200 PUT http://10.180.1.21/compute/v2.1/os-quota-sets/0c2ab0836a86426782a0cfefa48bb720?user_id=c45f2fea27f042f1b00892f52f0c768c 5.495s
2025-11-23 05:00:21.315 66367 INFO tempest.lib.common.rest_client [req-3339e5db-de72-41ff-bd40-9c3ec6f2b961 req-3339e5db-de72-41ff-bd40-9c3ec6f2b961 ] Request (QuotasSecurityGroupAdminNegativeTest:tearDownClass): 204 DELETE http://10.180.1.21/networking/v2.0/security-groups/11b2d6ea-bbdf-41e6-8100-a4c639085503 0.171s
2025-11-23 05:00:21.457 66367 INFO tempest.lib.common.rest_client [req-18edf69c-b568-4a31-ab60-08439bb9b55a req-18edf69c-b568-4a31-ab60-08439bb9b55a ] Request (QuotasSecurityGroupAdminNegativeTest:tearDownClass): 204 DELETE http://10.180.1.21/identity/v3/projects/972839875ee945cfbb21e03d04711d7c 0.141s
2025-11-23 05:00:21.458 66367 INFO tempest.test [-] raised in ServersOnMultiNodesTest.setUpClass. Invoking tearDownClass.
2025-11-23 05:00:21.535 66367 INFO tempest.lib.common.rest_client [req-8b84b0a6-8315-43a1-bc1a-0da38582bbc3 req-8b84b0a6-8315-43a1-bc1a-0da38582bbc3 ] Request (ServersTestBootFromVolume:setUpClass): 201 POST http://10.180.1.21/identity/v3/auth/tokens 0.074s
2025-11-23 05:00:21.569 66367 INFO tempest.lib.common.rest_client [req-3b1c7438-9eaa-4968-821b-55caf6a5db5a req-3b1c7438-9eaa-4968-821b-55caf6a5db5a ] Request (ServersTestBootFromVolume:setUpClass): 201 POST http://10.180.1.21/identity/v3/auth/tokens 0.030s
2025-11-23 05:00:21.595 66367 INFO tempest.lib.common.rest_client [req-c5c1c761-1c41-4dcc-bc65-ee289371e916 req-c5c1c761-1c41-4dcc-bc65-ee289371e916 ] Request (ServersTestBootFromVolume:setUpClass): 200 GET http://10.180.1.21/identity/v3/domains?name=Default 0.025s
2025-11-23 05:00:21.623 66367 INFO tempest.lib.common.rest_client [req-6c952ab5-b9c9-4032-8427-1c90034c1f86 req-6c952ab5-b9c9-4032-8427-1c90034c1f86 ] Request (ServersTestBootFromVolume:setUpClass): 201 POST http://10.180.1.21/identity/v3/projects 0.028s
2025-11-23 05:00:21.694 66367 INFO tempest.lib.common.rest_client [req-7a958f1a-35c0-4292-b57e-bbf51a112d80 req-7a958f1a-35c0-4292-b57e-bbf51a112d80 ] Request (ServersTestBootFromVolume:setUpClass): 201 POST http://10.180.1.21/identity/v3/users 0.070s
2025-11-23 05:00:21.734 66367 INFO tempest.lib.common.rest_client [req-016bfc06-bbc9-458c-bb5d-9d749dce36c9 req-016bfc06-bbc9-458c-bb5d-9d749dce36c9 ] Request (ServersTestBootFromVolume:setUpClass): 200 GET http://10.180.1.21/identity/v3/roles 0.039s
2025-11-23 05:00:21.766 66367 INFO tempest.lib.common.rest_client [req-09126444-7ade-4136-ad8e-9930ffed73ce req-09126444-7ade-4136-ad8e-9930ffed73ce ] Request (ServersTestBootFromVolume:setUpClass): 204 PUT http://10.180.1.21/identity/v3/projects/f0e3b89b781d48dda8c7b9f613f2eb04/users/15694c942a9b45b2bb6463704c93c6e6/roles/7750a879e597402d963560292570a035 0.031s
2025-11-23 05:00:21.766 66367 INFO tempest.lib.common.dynamic_creds [-] Dynamic test user 15694c942a9b45b2bb6463704c93c6e6 is created with scope project and roles: ['member']
2025-11-23 05:00:21.767 66367 INFO tempest.lib.common.dynamic_creds [-] Acquired dynamic creds: credentials: Credentials: {'domain_id': 'default', 'domain_name': 'Default', 'username': 'tempest-ServersTestBootFromVolume-760581442-project-member', 'project_domain_id': 'default', 'project_domain_name': 'Default', 'project_id': 'f0e3b89b781d48dda8c7b9f613f2eb04', 'project_name': 'tempest-ServersTestBootFromVolume-760581442', 'tenant_id': 'f0e3b89b781d48dda8c7b9f613f2eb04', 'tenant_name': 'tempest-ServersTestBootFromVolume-760581442', 'user_domain_id': 'default', 'user_domain_name': 'Default', 'user_id': '15694c942a9b45b2bb6463704c93c6e6', 'system': None}, Network: None, Subnet: None, Router: None
2025-11-23 05:00:21.839 66367 INFO tempest.lib.common.rest_client [req-c520372a-39fd-499f-ad58-c6153587f575 req-c520372a-39fd-499f-ad58-c6153587f575 ] Request (ServersTestBootFromVolume:setUpClass): 201 POST http://10.180.1.21/identity/v3/auth/tokens 0.072s
2025-11-23 05:00:21.928 66378 WARNING tempest.lib.common.ssh [-] Failed to establish authenticated ssh connection to cirros@10.180.180.247 ([Errno None] Unable to connect to port 22 on 10.180.180.247). Number attempts: 4. Retry after 5 seconds.: paramiko.ssh_exception.NoValidConnectionsError: [Errno None] Unable to connect to port 22 on 10.180.180.247
2025-11-23 05:00:22.033 66385 INFO paramiko.transport [-] Connected (version 2.0, client dropbear_2020.81)
2025-11-23 05:00:22.144 66385 INFO paramiko.transport [-] Authentication (publickey) successful!
2025-11-23 05:00:22.145 66385 INFO tempest.lib.common.ssh [-] ssh connection to cirros@10.180.180.240 successfully created
2025-11-23 05:00:22.340 66367 INFO tempest.lib.common.rest_client [req-8eb9da68-01eb-4afc-b8fd-e2ba3e4d11a0 req-8eb9da68-01eb-4afc-b8fd-e2ba3e4d11a0 ] Request (ServersTestBootFromVolume:setUpClass): 201 POST http://10.180.1.21/networking/v2.0/networks 0.501s
2025-11-23 05:00:22.808 66399 INFO tempest.lib.common.rest_client [req-991a6546-43aa-48fb-8368-be066f92498b req-991a6546-43aa-48fb-8368-be066f92498b ] Request (FloatingIPsAssociationNegativeTestJSON:_run_cleanups): 202 DELETE http://10.180.1.21/compute/v2.1/os-floating-ips/56947147-c261-4661-99d7-1769884e6bce 6.825s
2025-11-23 05:00:22.813 66387 INFO tempest.lib.common.rest_client [req-fec9bf97-3a9d-455d-b21a-eef35bc32ac9 req-fec9bf97-3a9d-455d-b21a-eef35bc32ac9 ] Request (FlavorsExtraSpecsNegativeTestJSON:test_flavor_non_admin_unset_keys): 403 DELETE http://10.180.1.21/compute/v2.1/flavors/2141182595/os-extra_specs/hw:numa_nodes 6.789s
2025-11-23 05:00:22.988 66367 INFO tempest.lib.common.rest_client [req-c882b059-a71a-4e5e-a8fd-966cb3773a49 req-c882b059-a71a-4e5e-a8fd-966cb3773a49 ] Request (ServersTestBootFromVolume:setUpClass): 201 POST http://10.180.1.21/networking/v2.0/subnets 0.647s
2025-11-23 05:00:23.723 66393 INFO tempest.lib.common.rest_client [req-5bbff57f-3a1a-4d63-a9ac-5aaa60d04875 req-5bbff57f-3a1a-4d63-a9ac-5aaa60d04875 ] Request (InstanceActionsV221TestJSON:test_get_list_deleted_instance_actions): 200 GET http://10.180.1.21/compute/v2.1/servers/f87822e6-5d7e-45ec-b0fd-1568fe0f5fd5 7.639s
2025-11-23 05:00:23.772 66361 INFO tempest.lib.common.rest_client [req-8db82f56-51e7-410a-ba3b-dd20befa910b req-8db82f56-51e7-410a-ba3b-dd20befa910b ] Request (ImagesTestJSON:test_create_image_from_stopped_server): 200 GET http://10.180.1.21/compute/v2.1/images/7b80874a-1ae7-4dab-b456-455f3b9c2188 7.609s
2025-11-23 05:00:24.427 66367 INFO tempest.lib.common.rest_client [req-036914c1-18fc-455e-a397-461d39d91839 req-036914c1-18fc-455e-a397-461d39d91839 ] Request (ServersTestBootFromVolume:setUpClass): 201 POST http://10.180.1.21/networking/v2.0/routers 1.439s
2025-11-23 05:00:24.701 66391 WARNING tempest.lib.common.ssh [-] Failed to establish authenticated ssh connection to cirros@10.180.180.204 ([Errno None] Unable to connect to port 22 on 10.180.180.204). Number attempts: 5. Retry after 6 seconds.: paramiko.ssh_exception.NoValidConnectionsError: [Errno None] Unable to connect to port 22 on 10.180.180.204
2025-11-23 05:00:25.602 66367 INFO tempest.lib.common.rest_client [req-e82ed93d-e3e7-4fb2-a31b-a7f773ba4891 req-e82ed93d-e3e7-4fb2-a31b-a7f773ba4891 ] Request (ServersTestBootFromVolume:setUpClass): 200 PUT http://10.180.1.21/networking/v2.0/routers/4e85d74c-f5f4-43f1-8b11-029204e8c077/add_router_interface 1.174s
2025-11-23 05:00:25.602 66367 INFO tempest.lib.common.dynamic_creds [-] Created isolated network resources for: credentials: Credentials: {'domain_id': 'default', 'domain_name': 'Default', 'username': 'tempest-ServersTestBootFromVolume-760581442-project-member', 'project_domain_id': 'default', 'project_domain_name': 'Default', 'project_id': 'f0e3b89b781d48dda8c7b9f613f2eb04', 'project_name': 'tempest-ServersTestBootFromVolume-760581442', 'tenant_id': 'f0e3b89b781d48dda8c7b9f613f2eb04', 'tenant_name': 'tempest-ServersTestBootFromVolume-760581442', 'user_domain_id': 'default', 'user_domain_name': 'Default', 'user_id': '15694c942a9b45b2bb6463704c93c6e6', 'system': None}, Network: {'id': 'efdae4f3-ff7f-4e33-8ed9-db15d44eed62', 'name': 'tempest-ServersTestBootFromVolume-2046086961-network', 'tenant_id': 'f0e3b89b781d48dda8c7b9f613f2eb04', 'project_id': 'f0e3b89b781d48dda8c7b9f613f2eb04', 'admin_state_up': True, 'mtu': 8950, 'status': 'ACTIVE', 'subnets': [], 'shared': False, 'port_security_enabled': True, 'router:external': False, 'provider:network_type': 'vlan', 'provider:physical_network': 'default', 'provider:segmentation_id': 96, 'availability_zone_hints': [], 'availability_zones': [], 'ipv4_address_scope': None, 'ipv6_address_scope': None, 'description': '', 'tags': [], 'created_at': '2025-11-23T05:00:22Z', 'updated_at': '2025-11-23T05:00:22Z', 'revision_number': 1}, Subnet: {'id': '1d7a14cf-6546-4961-b7b3-2b1b32cffbb3', 'name': 'tempest-ServersTestBootFromVolume-2046086961-subnet', 'tenant_id': 'f0e3b89b781d48dda8c7b9f613f2eb04', 'network_id': 'efdae4f3-ff7f-4e33-8ed9-db15d44eed62', 'ip_version': 4, 'subnetpool_id': None, 'enable_dhcp': True, 'ipv6_ra_mode': None, 'ipv6_address_mode': None, 'gateway_ip': '192.168.128.1', 'cidr': '192.168.128.0/28', 'allocation_pools': [{'start': '192.168.128.2', 'end': '192.168.128.14'}], 'host_routes': [], 'dns_nameservers': [], 'description': '', 'router:external': False, 'service_types': [], 'tags': [], 'created_at': '2025-11-23T05:00:22Z', 'updated_at': '2025-11-23T05:00:22Z', 'revision_number': 0, 'project_id': 'f0e3b89b781d48dda8c7b9f613f2eb04'}, Router: {'id': '4e85d74c-f5f4-43f1-8b11-029204e8c077', 'name': 'tempest-ServersTestBootFromVolume-2046086961-router', 'tenant_id': 'f0e3b89b781d48dda8c7b9f613f2eb04', 'admin_state_up': True, 'status': 'ACTIVE', 'external_gateway_info': {'network_id': '34310d39-ad73-439b-bdea-2a3361785fbb', 'external_fixed_ips': [{'subnet_id': 'c856a448-2086-4533-ae15-e0f714ed4d88', 'ip_address': '10.180.180.189'}], 'enable_snat': True}, 'description': '', 'availability_zones': [], 'distributed': False, 'ha': False, 'availability_zone_hints': [], 'routes': [], 'flavor_id': None, 'tags': [], 'created_at': '2025-11-23T05:00:23Z', 'updated_at': '2025-11-23T05:00:23Z', 'revision_number': 2, 'project_id': 'f0e3b89b781d48dda8c7b9f613f2eb04'}
2025-11-23 05:00:25.704 66367 INFO tempest.lib.common.rest_client [req-307b67fe-e974-476c-83ea-d51788b5b77e req-307b67fe-e974-476c-83ea-d51788b5b77e ] Request (ServersTestBootFromVolume:setUpClass): 201 POST http://10.180.1.21/identity/v3/auth/tokens 0.099s
2025-11-23 05:00:25.866 66351 INFO tempest.lib.common.rest_client [req-a923c591-19ad-4515-8087-ed57a9175f40 req-a923c591-19ad-4515-8087-ed57a9175f40 ] Request (ListImageFiltersTestJSON:setUpClass): 202 POST http://10.180.1.21/compute/v2.1/servers 8.859s
2025-11-23 05:00:25.946 66351 INFO tempest.lib.common.rest_client [req-40f5f1b9-1f70-4c14-b508-25e9cdaa425b req-40f5f1b9-1f70-4c14-b508-25e9cdaa425b ] Request (ListImageFiltersTestJSON:setUpClass): 201 POST http://10.180.1.21/identity/v3/auth/tokens 0.075s
2025-11-23 05:00:25.947 66351 INFO tempest.lib.common.fixed_network [-] (ListImageFiltersTestJSON:setUpClass) Found network None available for tenant
2025-11-23 05:00:26.111 66389 INFO tempest.lib.common.rest_client [req-3e498600-84f6-4e32-99a6-75d676ba4da0 req-3e498600-84f6-4e32-99a6-75d676ba4da0 ] Request (FloatingIPsAssociationTestJSON:test_associate_already_associated_floating_ip): 200 GET http://10.180.1.21/compute/v2.1/servers/addc92df-c5b7-4d5a-b3e9-31670eca3466 8.201s
2025-11-23 05:00:26.119 66389 INFO tempest.common.waiters [-] State transition "BUILD/None" ==> "BUILD/spawning" after 10 second wait
2025-11-23 05:00:26.152 66401 INFO tempest.lib.common.rest_client [req-f7d6dfa1-73d2-4bcb-b106-ccee54d3ce97 req-f7d6dfa1-73d2-4bcb-b106-ccee54d3ce97 ] Request (InstanceActionsTestJSON:test_list_instance_actions): 200 GET http://10.180.1.21/compute/v2.1/servers/43a24c40-df34-4051-bae9-9e01bfb490e2/os-instance-actions 8.030s
2025-11-23 05:00:26.179 66339 INFO tempest.lib.common.rest_client [req-472ddf6a-42aa-4ee5-bcf1-4ab1ac1de4c9 req-472ddf6a-42aa-4ee5-bcf1-4ab1ac1de4c9 ] Request (ServicesAdminNegativeTestJSON:test_get_service_by_invalid_service_and_valid_host): 200 GET http://10.180.1.21/compute/v2.1/os-services?host=devstack&binary=xxx 8.037s
2025-11-23 05:00:26.192 66369 INFO tempest.lib.common.rest_client [req-f755610c-a46f-4578-a7b0-0309910287ec req-f755610c-a46f-4578-a7b0-0309910287ec ] Request (AggregatesAdminNegativeTestJSON:test_aggregate_create_with_existent_aggregate_name): 409 POST http://10.180.1.21/compute/v2.1/os-aggregates 8.027s
2025-11-23 05:00:26.351 66349 INFO tempest.lib.common.rest_client [req-939aa2a4-b650-4c62-ab76-a2f954da6ca1 req-939aa2a4-b650-4c62-ab76-a2f954da6ca1 ] Request (ImagesMetadataTestJSON:test_delete_image_metadata_item): 204 DELETE http://10.180.1.21/compute/v2.1/images/2421dfdd-9990-43b1-a7a2-c9b42b590e46/metadata/os_version 8.180s
2025-11-23 05:00:26.494 66359 INFO tempest.lib.common.rest_client [req-1d75084d-79cd-45fa-890e-7336d1f19238 req-1d75084d-79cd-45fa-890e-7336d1f19238 ] Request (FlavorsAccessNegativeTestJSON:test_flavor_non_admin_remove): 200 POST http://10.180.1.21/compute/v2.1/flavors/646335634/action 8.305s
2025-11-23 05:00:26.517 66375 INFO tempest.lib.common.rest_client [req-643daed5-15af-4640-abea-bfa83aaa8921 req-643daed5-15af-4640-abea-bfa83aaa8921 ] Request (FlavorsAdminTestJSON:test_create_list_flavor_without_extra_data): 200 POST http://10.180.1.21/compute/v2.1/flavors 8.312s
2025-11-23 05:00:26.564 66397 INFO tempest.lib.common.rest_client [req-362e63c6-1aff-4432-ba55-9bb1ef685c4c req-362e63c6-1aff-4432-ba55-9bb1ef685c4c ] Request (VolumesTestJSON:test_volume_list_with_detail_param_offset_and_limit): 200 GET http://10.180.1.21/compute/v2.1/os-volumes/detail?offset=1&limit=1 8.294s
2025-11-23 05:00:26.718 66379 INFO tempest.lib.common.rest_client [req-952c5bc1-7093-44f9-8c83-edae6593cf1e req-952c5bc1-7093-44f9-8c83-edae6593cf1e ] Request (DeleteServersAdminTestJSON:test_delete_server_while_in_error_state): 200 GET http://10.180.1.21/compute/v2.1/servers/7470a850-1521-4538-88b8-98695b5f6543 7.814s
2025-11-23 05:00:26.727 66379 INFO tempest.common.waiters [-] State transition "BUILD/spawning" ==> "ACTIVE/None" after 21 second wait
2025-11-23 05:00:26.811 66353 INFO tempest.lib.common.rest_client [req-a71ef4c0-f2a4-4183-82f5-67d9d679cd9b req-a71ef4c0-f2a4-4183-82f5-67d9d679cd9b ] Request (KeyPairsNegativeTestJSON:test_create_keypair_invalid_name): 400 POST http://10.180.1.21/compute/v2.1/os-keypairs 7.109s
2025-11-23 05:00:26.850 66395 INFO tempest.lib.common.rest_client [req-67c06ca4-f9b0-49b2-91e5-b6dfef4b04f7 req-67c06ca4-f9b0-49b2-91e5-b6dfef4b04f7 ] Request (KeyPairsV2TestJSON:test_keypairs_create_list_delete): 200 POST http://10.180.1.21/compute/v2.1/os-keypairs 7.030s
2025-11-23 05:00:26.934 66341 INFO paramiko.transport [-] Connected (version 2.0, client dropbear_2020.81)
2025-11-23 05:00:26.965 66371 INFO tempest.lib.common.rest_client [req-c9fa2148-01a5-41d8-b6b6-bc4dbd904007 req-c9fa2148-01a5-41d8-b6b6-bc4dbd904007 ] Request (TenantUsagesTestJSON:setUpClass): 200 GET http://10.180.1.21/compute/v2.1/servers/1bae5b0c-c93e-4ca3-af8c-358198ee5595 7.135s
2025-11-23 05:00:27.044 66341 INFO paramiko.transport [-] Authentication (publickey) successful!
2025-11-23 05:00:27.045 66341 INFO tempest.lib.common.ssh [-] ssh connection to cirros@10.180.180.225 successfully created
2025-11-23 05:00:27.122 66365 INFO tempest.lib.common.rest_client [req-7d803eff-ccf6-4db9-afa4-4cfe81a86032 req-7d803eff-ccf6-4db9-afa4-4cfe81a86032 ] Request (AttachInterfacesV270Test:test_create_get_list_interfaces): 200 GET http://10.180.1.21/compute/v2.1/servers/6a7284c6-0e2a-458e-9ccd-bf49ea6af650 7.271s
2025-11-23 05:00:27.134 66365 INFO tempest.common.waiters [-] State transition "BUILD/spawning" ==> "ACTIVE/None" after 20 second wait
2025-11-23 05:00:27.586 66373 INFO tempest.lib.common.rest_client [req-2b05305c-4486-447c-89ae-7479581cbfd6 req-2b05305c-4486-447c-89ae-7479581cbfd6 ] Request (InstanceActionsNegativeTestJSON:setUpClass): 202 POST http://10.180.1.21/compute/v2.1/servers 7.214s
2025-11-23 05:00:27.598 66347 INFO paramiko.transport [-] Connected (version 2.0, client dropbear_2020.81)
2025-11-23 05:00:27.705 66347 INFO paramiko.transport [-] Authentication (publickey) successful!
2025-11-23 05:00:27.706 66347 INFO tempest.lib.common.ssh [-] ssh connection to cirros@10.180.180.164 successfully created
2025-11-23 05:00:27.741 66357 INFO tempest.lib.common.rest_client [req-18dd3470-eaaf-4f18-8aa2-3df88d3823f5 req-18dd3470-eaaf-4f18-8aa2-3df88d3823f5 ] Request (ServersWithSpecificFlavorTestJSON:test_verify_created_server_ephemeral_disk): 200 GET http://10.180.1.21/compute/v2.1/servers/3e6cfa2a-607c-4fbe-8345-90501b5ad443 7.262s
2025-11-23 05:00:27.752 66357 INFO tempest.lib.common.ssh [-] Creating ssh connection to '10.180.180.253:22' as 'cirros' with public key authentication
2025-11-23 05:00:27.872 66345 INFO tempest.lib.common.rest_client [req-b87d4054-0044-4f5b-9f49-827c7c7fd3e3 req-b87d4054-0044-4f5b-9f49-827c7c7fd3e3 ] Request (VolumesAdminNegativeTest:test_update_attached_volume_with_nonexistent_volume_in_uri): 404 PUT http://10.180.1.21/compute/v2.1/servers/d205b3fe-d5da-4932-8a84-e933c66464f8/os-volume_attachments/2d774786-defa-49b5-b047-cc91b494fcf2 6.731s
2025-11-23 05:00:27.920 66345 INFO tempest.lib.common.rest_client [req-46aa4220-5b1f-4a50-abfd-e73fc02882ec req-46aa4220-5b1f-4a50-abfd-e73fc02882ec ] Request (VolumesAdminNegativeTest:tearDownClass): 202 DELETE http://10.180.1.21/volume/v3/volumes/2766feb2-d7ee-446c-8ada-4bcbbc28fa6b 0.046s
2025-11-23 05:00:27.960 66345 INFO tempest.lib.common.rest_client [req-8d3306cc-eda3-40ca-bef5-0e184e8b22ef req-8d3306cc-eda3-40ca-bef5-0e184e8b22ef ] Request (VolumesAdminNegativeTest:tearDownClass): 200 GET http://10.180.1.21/volume/v3/volumes/2766feb2-d7ee-446c-8ada-4bcbbc28fa6b 0.040s
2025-11-23 05:00:27.984 66363 INFO tempest.lib.common.rest_client [req-cdde9f0b-5eb9-49f8-ba45-5c75efa82a8a req-cdde9f0b-5eb9-49f8-ba45-5c75efa82a8a ] Request (QuotasAdminTestJSON:test_get_updated_quotas): 200 GET http://10.180.1.21/compute/v2.1/os-quota-sets/0c2ab0836a86426782a0cfefa48bb720?user_id=c45f2fea27f042f1b00892f52f0c768c 6.752s
2025-11-23 05:00:28.090 66363 INFO tempest.lib.common.rest_client [req-9edcf6db-2640-48fa-9789-8e7e60694025 req-9edcf6db-2640-48fa-9789-8e7e60694025 ] Request (QuotasAdminTestJSON:_run_cleanups): 204 DELETE http://10.180.1.21/identity/v3/users/c45f2fea27f042f1b00892f52f0c768c 0.103s
2025-11-23 05:00:28.169 66343 INFO tempest.lib.common.rest_client [req-d41b6329-e6f7-4238-b378-6bae3f1bc3ce req-d41b6329-e6f7-4238-b378-6bae3f1bc3ce ] Request (ServerAddressesTestJSON:setUpClass): 200 GET http://10.180.1.21/compute/v2.1/servers/92f76071-75b6-403d-8888-572845f16430 6.346s
2025-11-23 05:00:28.179 66343 INFO tempest.common.waiters [-] State transition "BUILD/spawning" ==> "ACTIVE/None" after 20 second wait
2025-11-23 05:00:28.228 66363 INFO tempest.lib.common.rest_client [req-1cd5bd5c-ebbb-4f14-8bce-28e5045cf694 req-1cd5bd5c-ebbb-4f14-8bce-28e5045cf694 ] Request (QuotasAdminTestJSON:_run_cleanups): 204 DELETE http://10.180.1.21/identity/v3/projects/0c2ab0836a86426782a0cfefa48bb720 0.137s
2025-11-23 05:00:28.356 66384 INFO tempest.lib.common.rest_client [req-8672acbe-4fdc-4e39-9e66-2b6f8ab6b06c req-8672acbe-4fdc-4e39-9e66-2b6f8ab6b06c ] Request (ServersNegativeTestJSON:setUpClass): 200 GET http://10.180.1.21/compute/v2.1/servers/4cda2dc3-1eda-46c1-9960-2d0ab9027432 6.397s
2025-11-23 05:00:28.700 66385 INFO tempest.lib.common.rest_client [req-bcfa5073-aab4-42b7-b02c-f20b21377e43 req-bcfa5073-aab4-42b7-b02c-f20b21377e43 ] Request (ServersTestJSON:test_list_servers): 200 GET http://10.180.1.21/compute/v2.1/servers 6.548s
2025-11-23 05:00:28.985 66345 INFO tempest.lib.common.rest_client [req-168afd7a-596b-4ce7-810b-852504953ded req-168afd7a-596b-4ce7-810b-852504953ded ] Request (VolumesAdminNegativeTest:tearDownClass): 404 GET http://10.180.1.21/volume/v3/volumes/2766feb2-d7ee-446c-8ada-4bcbbc28fa6b 0.017s
2025-11-23 05:00:29.483 66378 WARNING tempest.lib.common.ssh [-] Failed to establish authenticated ssh connection to cirros@10.180.180.247 ([Errno None] Unable to connect to port 22 on 10.180.180.247). Number attempts: 5. Retry after 6 seconds.: paramiko.ssh_exception.NoValidConnectionsError: [Errno None] Unable to connect to port 22 on 10.180.180.247
2025-11-23 05:00:29.726 66399 INFO tempest.lib.common.rest_client [req-cf37b5b2-be06-40e4-8a10-7cca19a825e6 req-cf37b5b2-be06-40e4-8a10-7cca19a825e6 ] Request (FloatingIPsAssociationNegativeTestJSON:_run_cleanups): 202 POST http://10.180.1.21/compute/v2.1/servers/d22deb67-bff9-4752-8948-7dbb32547ae2/action 6.918s
2025-11-23 05:00:29.755 66387 INFO tempest.lib.common.rest_client [req-efc7b32f-a2fa-42ad-ac3b-77cdf53f2596 req-efc7b32f-a2fa-42ad-ac3b-77cdf53f2596 ] Request (FlavorsExtraSpecsNegativeTestJSON:test_flavor_non_admin_update_specific_key): 200 POST http://10.180.1.21/compute/v2.1/flavors/2141182595/os-extra_specs 6.940s
2025-11-23 05:00:29.973 66393 INFO tempest.lib.common.rest_client [req-d79773e8-b4e4-4eb3-9ece-7ae03fafebec req-d79773e8-b4e4-4eb3-9ece-7ae03fafebec ] Request (InstanceActionsV221TestJSON:test_get_list_deleted_instance_actions): 200 GET http://10.180.1.21/compute/v2.1/servers/f87822e6-5d7e-45ec-b0fd-1568fe0f5fd5 5.230s
2025-11-23 05:00:29.985 66393 INFO tempest.common.waiters [-] State transition "BUILD/spawning" ==> "ACTIVE/None" after 20 second wait
2025-11-23 05:00:30.015 66361 INFO tempest.lib.common.rest_client [req-8d9c9148-2934-43f6-9520-0f41125c39ee req-8d9c9148-2934-43f6-9520-0f41125c39ee ] Request (ImagesTestJSON:test_create_image_from_stopped_server): 200 GET http://10.180.1.21/compute/v2.1/images/7b80874a-1ae7-4dab-b456-455f3b9c2188 5.239s
2025-11-23 05:00:30.304 66367 INFO tempest.lib.common.rest_client [req-c93049f9-4be5-4931-8bf7-2e1b84f52930 req-c93049f9-4be5-4931-8bf7-2e1b84f52930 ] Request (ServersTestBootFromVolume:setUpClass): 200 POST http://10.180.1.21/compute/v2.1/os-keypairs 4.596s
2025-11-23 05:00:30.453 66367 INFO tempest.lib.common.rest_client [req-b039ebc6-1a04-4bf8-877f-0b0e6b54ff8b req-b039ebc6-1a04-4bf8-877f-0b0e6b54ff8b ] Request (ServersTestBootFromVolume:setUpClass): 201 POST http://10.180.1.21/networking/v2.0/security-groups 0.147s
2025-11-23 05:00:30.567 66367 INFO tempest.lib.common.rest_client [req-ba491bdf-1d4e-42bb-a45e-6151072fccdc req-ba491bdf-1d4e-42bb-a45e-6151072fccdc ] Request (ServersTestBootFromVolume:setUpClass): 201 POST http://10.180.1.21/networking/v2.0/security-group-rules 0.114s
2025-11-23 05:00:30.724 66351 INFO tempest.lib.common.rest_client [req-162f49c0-e0e6-4312-9c2a-5e1ef2a7dea2 req-162f49c0-e0e6-4312-9c2a-5e1ef2a7dea2 ] Request (ListImageFiltersTestJSON:setUpClass): 202 POST http://10.180.1.21/compute/v2.1/servers 4.776s
2025-11-23 05:00:30.758 66367 INFO tempest.lib.common.rest_client [req-846884a9-0acc-4ba9-8d1f-c4b37fae28c0 req-846884a9-0acc-4ba9-8d1f-c4b37fae28c0 ] Request (ServersTestBootFromVolume:setUpClass): 201 POST http://10.180.1.21/networking/v2.0/security-group-rules 0.190s
2025-11-23 05:00:30.823 66357 WARNING tempest.lib.common.ssh [-] Failed to establish authenticated ssh connection to cirros@10.180.180.253 ([Errno None] Unable to connect to port 22 on 10.180.180.253). Number attempts: 1. Retry after 2 seconds.: paramiko.ssh_exception.NoValidConnectionsError: [Errno None] Unable to connect to port 22 on 10.180.180.253
2025-11-23 05:00:30.886 66401 INFO tempest.lib.common.rest_client [req-1c406b97-2489-4086-bd12-ab84a7156331 req-1c406b97-2489-4086-bd12-ab84a7156331 ] Request (InstanceActionsTestJSON:tearDownClass): 204 DELETE http://10.180.1.21/compute/v2.1/servers/43a24c40-df34-4051-bae9-9e01bfb490e2 4.729s
2025-11-23 05:00:30.913 66339 INFO tempest.lib.common.rest_client [req-c9e4b292-e8cd-4a1f-8164-3ad5d39f8d0a req-c9e4b292-e8cd-4a1f-8164-3ad5d39f8d0a ] Request (ServicesAdminNegativeTestJSON:test_get_service_with_valid_service_and_invalid_host): 200 GET http://10.180.1.21/compute/v2.1/os-services 4.730s
2025-11-23 05:00:30.940 66369 INFO tempest.lib.common.rest_client [req-3d3a6f0b-fb8c-4882-a2a9-8ae5d507cb46 req-3d3a6f0b-fb8c-4882-a2a9-8ae5d507cb46 ] Request (AggregatesAdminNegativeTestJSON:_run_cleanups): 200 DELETE http://10.180.1.21/compute/v2.1/os-aggregates/4 4.747s
2025-11-23 05:00:30.974 66349 INFO tempest.lib.common.rest_client [req-77035a35-3568-4fc6-a2b6-9691dc24e98d req-77035a35-3568-4fc6-a2b6-9691dc24e98d ] Request (ImagesMetadataTestJSON:test_delete_image_metadata_item): 200 GET http://10.180.1.21/compute/v2.1/images/2421dfdd-9990-43b1-a7a2-c9b42b590e46/metadata 4.622s
2025-11-23 05:00:30.981 66359 INFO tempest.lib.common.rest_client [req-1c4d7f2c-6c1e-40cb-ac13-15a6020acac6 req-1c4d7f2c-6c1e-40cb-ac13-15a6020acac6 ] Request (FlavorsAccessNegativeTestJSON:test_flavor_non_admin_remove): 403 POST http://10.180.1.21/compute/v2.1/flavors/646335634/action 4.485s
2025-11-23 05:00:30.998 66375 INFO tempest.lib.common.rest_client [req-2cf13ca5-548c-4412-9742-da264df6981e req-2cf13ca5-548c-4412-9742-da264df6981e ] Request (FlavorsAdminTestJSON:test_create_list_flavor_without_extra_data): 200 GET http://10.180.1.21/compute/v2.1/flavors/887153749 4.477s
2025-11-23 05:00:31.064 66397 INFO tempest.lib.common.rest_client [req-1f0d4753-82f2-4801-a820-be84a28e2bde req-1f0d4753-82f2-4801-a820-be84a28e2bde ] Request (VolumesTestJSON:test_volume_list_with_details): 200 GET http://10.180.1.21/compute/v2.1/os-volumes/detail 4.496s
2025-11-23 05:00:31.150 66397 INFO tempest.lib.common.rest_client [req-ebe6c9e6-40f4-4545-ae44-78d166b0871e req-ebe6c9e6-40f4-4545-ae44-78d166b0871e ] Request (VolumesTestJSON:tearDownClass): 202 DELETE http://10.180.1.21/volume/v3/volumes/f9c245b0-fb1f-45c3-8380-ade073705cfa 0.072s
2025-11-23 05:00:31.179 66379 INFO tempest.lib.common.rest_client [req-97d78f2b-a463-45a1-87be-fb162a5461fe req-97d78f2b-a463-45a1-87be-fb162a5461fe ] Request (DeleteServersAdminTestJSON:test_delete_server_while_in_error_state): 202 POST http://10.180.1.21/compute/v2.1/servers/7470a850-1521-4538-88b8-98695b5f6543/action 4.452s
2025-11-23 05:00:31.184 66397 INFO tempest.lib.common.rest_client [req-2bc22aa3-ad0b-4c45-ab54-1c22b64aeb1c req-2bc22aa3-ad0b-4c45-ab54-1c22b64aeb1c ] Request (VolumesTestJSON:tearDownClass): 200 GET http://10.180.1.21/volume/v3/volumes/f9c245b0-fb1f-45c3-8380-ade073705cfa 0.034s
2025-11-23 05:00:31.211 66391 INFO paramiko.transport [-] Connected (version 2.0, client dropbear_2020.81)
2025-11-23 05:00:31.236 66353 INFO tempest.lib.common.rest_client [req-933c4406-886f-4edd-9030-122e56f01c43 req-933c4406-886f-4edd-9030-122e56f01c43 ] Request (KeyPairsNegativeTestJSON:test_create_keypair_when_public_key_bits_exceeds_maximum): 400 POST http://10.180.1.21/compute/v2.1/os-keypairs 4.423s
2025-11-23 05:00:31.283 66391 INFO paramiko.transport [-] Authentication (publickey) successful!
2025-11-23 05:00:31.284 66391 INFO tempest.lib.common.ssh [-] ssh connection to cirros@10.180.180.204 successfully created
2025-11-23 05:00:31.285 66395 INFO tempest.lib.common.rest_client [req-e5dfc1a3-d68a-450d-9122-496ddd01c51d req-e5dfc1a3-d68a-450d-9122-496ddd01c51d ] Request (KeyPairsV2TestJSON:test_keypairs_create_list_delete): 200 POST http://10.180.1.21/compute/v2.1/os-keypairs 4.432s
2025-11-23 05:00:31.505 66367 INFO tempest.lib.common.rest_client [req-02612def-a09d-45f8-8e26-c5d66375ecd5 req-02612def-a09d-45f8-8e26-c5d66375ecd5 ] Request (ServersTestBootFromVolume:setUpClass): 201 POST http://10.180.1.21/networking/v2.0/floatingips 0.747s
2025-11-23 05:00:31.520 66341 INFO tempest.lib.common.rest_client [req-634fe9ad-545f-44b2-9090-2356158128f7 req-634fe9ad-545f-44b2-9090-2356158128f7 ] Request (ServersTestFqdnHostnames:tearDownClass): 204 DELETE http://10.180.1.21/compute/v2.1/servers/9aab1ad1-819f-4725-a579-e739aed01c65 4.466s
2025-11-23 05:00:31.562 66367 INFO tempest.lib.common.rest_client [req-290e7a06-78ec-42e6-bc43-03601b32deb5 req-290e7a06-78ec-42e6-bc43-03601b32deb5 ] Request (ServersTestBootFromVolume:setUpClass): 201 POST http://10.180.1.21/identity/v3/auth/tokens 0.053s
2025-11-23 05:00:31.563 66367 INFO tempest.lib.common.fixed_network [-] (ServersTestBootFromVolume:setUpClass) Found network {'id': 'efdae4f3-ff7f-4e33-8ed9-db15d44eed62', 'name': 'tempest-ServersTestBootFromVolume-2046086961-network', 'tenant_id': 'f0e3b89b781d48dda8c7b9f613f2eb04', 'project_id': 'f0e3b89b781d48dda8c7b9f613f2eb04', 'admin_state_up': True, 'mtu': 8950, 'status': 'ACTIVE', 'subnets': [], 'shared': False, 'port_security_enabled': True, 'router:external': False, 'provider:network_type': 'vlan', 'provider:physical_network': 'default', 'provider:segmentation_id': 96, 'availability_zone_hints': [], 'availability_zones': [], 'ipv4_address_scope': None, 'ipv6_address_scope': None, 'description': '', 'tags': [], 'created_at': '2025-11-23T05:00:22Z', 'updated_at': '2025-11-23T05:00:22Z', 'revision_number': 1} available for tenant
2025-11-23 05:00:31.703 66389 INFO tempest.lib.common.rest_client [req-2f6f7145-79a5-49a6-8fdc-759391b755fa req-2f6f7145-79a5-49a6-8fdc-759391b755fa ] Request (FloatingIPsAssociationTestJSON:test_associate_already_associated_floating_ip): 200 GET http://10.180.1.21/compute/v2.1/servers/addc92df-c5b7-4d5a-b3e9-31670eca3466 4.583s
2025-11-23 05:00:31.972 66355 INFO tempest.lib.common.rest_client [req-708270ae-0e77-4deb-8d85-dbdc82e12f32 req-708270ae-0e77-4deb-8d85-dbdc82e12f32 ] Request (AttachInterfacesTestJSON:test_create_list_show_delete_interfaces_by_fixed_ip): 200 POST http://10.180.1.21/compute/v2.1/servers/eb5249b6-4ac1-410d-b552-dc8e61497478/os-interface 16.398s
2025-11-23 05:00:31.990 66367 INFO tempest.lib.common.rest_client [req-241f6ba4-0789-4179-b5cf-ca4dfb5878ac req-241f6ba4-0789-4179-b5cf-ca4dfb5878ac ] Request (ServersTestBootFromVolume:setUpClass): 202 POST http://10.180.1.21/volume/v3/volumes 0.426s
2025-11-23 05:00:32.041 66373 INFO tempest.lib.common.rest_client [req-979b7000-d10d-40bf-a615-52d65ceb0376 req-979b7000-d10d-40bf-a615-52d65ceb0376 ] Request (InstanceActionsNegativeTestJSON:setUpClass): 200 GET http://10.180.1.21/compute/v2.1/servers/26ebde87-1745-4554-bb13-180a81ab47bd 4.453s
