2025-11-23 05:00:51.106 66363 INFO tempest.lib.common.dynamic_creds [-] Created isolated network resources for: credentials: Credentials: {'domain_id': 'default', 'domain_name': 'Default', 'username': 'tempest-SecurityGroupsNegativeTestJSON-527668154-project-member', 'project_domain_id': 'default', 'project_domain_name': 'Default', 'project_id': '93fe461941934340ba22d8112d1bdb96', 'project_name': 'tempest-SecurityGroupsNegativeTestJSON-527668154', 'tenant_id': '93fe461941934340ba22d8112d1bdb96', 'tenant_name': 'tempest-SecurityGroupsNegativeTestJSON-527668154', 'user_domain_id': 'default', 'user_domain_name': 'Default', 'user_id': 'b1da28d6791942b5978cac7a81b8d23b', 'system': None}, Network: {'id': '1cef5e56-c359-41c5-86ae-a9e52caac539', 'name': 'tempest-SecurityGroupsNegativeTestJSON-2049439846-network', 'tenant_id': '93fe461941934340ba22d8112d1bdb96', 'project_id': '93fe461941934340ba22d8112d1bdb96', 'admin_state_up': True, 'mtu': 8950, 'status': 'ACTIVE', 'subnets': [], 'shared': False, 'port_security_enabled': True, 'router:external': False, 'provider:network_type': 'vlan', 'provider:physical_network': 'default', 'provider:segmentation_id': 179, 'availability_zone_hints': [], 'availability_zones': [], 'ipv4_address_scope': None, 'ipv6_address_scope': None, 'description': '', 'tags': [], 'created_at': '2025-11-23T05:00:47Z', 'updated_at': '2025-11-23T05:00:47Z', 'revision_number': 1}, Subnet: {'id': 'd4071d58-54e8-49c4-bab5-13cdd96e4e3b', 'name': 'tempest-SecurityGroupsNegativeTestJSON-2049439846-subnet', 'tenant_id': '93fe461941934340ba22d8112d1bdb96', 'network_id': '1cef5e56-c359-41c5-86ae-a9e52caac539', 'ip_version': 4, 'subnetpool_id': None, 'enable_dhcp': True, 'ipv6_ra_mode': None, 'ipv6_address_mode': None, 'gateway_ip': '192.168.128.1', 'cidr': '192.168.128.0/28', 'allocation_pools': [{'start': '192.168.128.2', 'end': '192.168.128.14'}], 'host_routes': [], 'dns_nameservers': [], 'description': '', 'router:external': False, 'service_types': [], 'tags': [], 'created_at': '2025-11-23T05:00:48Z', 'updated_at': '2025-11-23T05:00:48Z', 'revision_number': 0, 'project_id': '93fe461941934340ba22d8112d1bdb96'}, Router: {'id': '3e696240-4c14-41c1-a97c-9619ce3caef7', 'name': 'tempest-SecurityGroupsNegativeTestJSON-2049439846-router', 'tenant_id': '93fe461941934340ba22d8112d1bdb96', 'admin_state_up': True, 'status': 'ACTIVE', 'external_gateway_info': {'network_id': '34310d39-ad73-439b-bdea-2a3361785fbb', 'external_fixed_ips': [{'subnet_id': 'c856a448-2086-4533-ae15-e0f714ed4d88', 'ip_address': '10.180.180.234'}], 'enable_snat': True}, 'description': '', 'availability_zones': [], 'distributed': False, 'ha': False, 'availability_zone_hints': [], 'routes': [], 'flavor_id': None, 'tags': [], 'created_at': '2025-11-23T05:00:49Z', 'updated_at': '2025-11-23T05:00:49Z', 'revision_number': 2, 'project_id': '93fe461941934340ba22d8112d1bdb96'}
2025-11-23 05:00:51.113 66345 INFO tempest.lib.common.rest_client [req-d7a2654a-e1d0-42ac-b997-853b058d25da req-d7a2654a-e1d0-42ac-b997-853b058d25da ] Request (VolumesAdminNegativeTest:tearDownClass): 204 DELETE http://10.180.1.21/networking/v2.0/routers/6081a737-4d8a-4a24-9f01-222f1797965d 0.549s
2025-11-23 05:00:51.204 66363 INFO tempest.lib.common.rest_client [req-305a6d9e-6e28-4f00-b407-f437ec69870f req-305a6d9e-6e28-4f00-b407-f437ec69870f ] Request (SecurityGroupsNegativeTestJSON:setUpClass): 201 POST http://10.180.1.21/identity/v3/auth/tokens 0.087s
2025-11-23 05:00:51.387 66395 INFO tempest.lib.common.rest_client [req-fb2a8fa8-0fc8-44b1-bfc3-07b3bb3a453d req-fb2a8fa8-0fc8-44b1-bfc3-07b3bb3a453d ] Request (KeyPairsV2TestJSON:tearDownClass): 200 GET http://10.180.1.21/networking/v2.0/security-groups?tenant_id=e60e931f7b5242a7b6ecd3a137bd0f09&name=default 0.383s
2025-11-23 05:00:51.462 66341 INFO tempest.lib.common.rest_client [req-96f693d6-291a-4b24-8f1d-b8963921577e req-96f693d6-291a-4b24-8f1d-b8963921577e ] Request (ServerTagsTestJSON:setUpClass): 201 POST http://10.180.1.21/networking/v2.0/networks 0.844s
2025-11-23 05:00:51.567 66345 INFO tempest.lib.common.rest_client [req-4c203114-c0eb-490b-b403-b022955ccc18 req-4c203114-c0eb-490b-b403-b022955ccc18 ] Request (VolumesAdminNegativeTest:tearDownClass): 204 DELETE http://10.180.1.21/networking/v2.0/subnets/454da66e-e9be-4203-83bc-16013bcd7647 0.454s
2025-11-23 05:00:51.699 66395 INFO tempest.lib.common.rest_client [req-7cd0b5a2-685b-4eff-abbb-25fb05dae6c5 req-7cd0b5a2-685b-4eff-abbb-25fb05dae6c5 ] Request (KeyPairsV2TestJSON:tearDownClass): 204 DELETE http://10.180.1.21/networking/v2.0/security-groups/a14b126b-ebc5-44ac-bbae-529a6102e01b 0.312s
2025-11-23 05:00:51.781 66395 INFO tempest.lib.common.rest_client [req-dd1e93f4-a9ba-4701-8309-4382bdaca04b req-dd1e93f4-a9ba-4701-8309-4382bdaca04b ] Request (KeyPairsV2TestJSON:tearDownClass): 204 DELETE http://10.180.1.21/identity/v3/projects/e60e931f7b5242a7b6ecd3a137bd0f09 0.081s
2025-11-23 05:00:51.865 66395 INFO tempest.lib.common.rest_client [req-4893ce0b-d24f-44cc-8ae3-5d2e5858cb80 req-4893ce0b-d24f-44cc-8ae3-5d2e5858cb80 ] Request (ServersTestManualDisk:setUpClass): 201 POST http://10.180.1.21/identity/v3/auth/tokens 0.081s
2025-11-23 05:00:51.906 66341 INFO tempest.lib.common.rest_client [req-8cfa0f70-7a08-4382-bb4d-036143df4bdd req-8cfa0f70-7a08-4382-bb4d-036143df4bdd ] Request (ServerTagsTestJSON:setUpClass): 201 POST http://10.180.1.21/networking/v2.0/subnets 0.443s
2025-11-23 05:00:51.908 66395 INFO tempest.lib.common.rest_client [req-c84d91e8-f8a7-4db7-ad89-168aad75a697 req-c84d91e8-f8a7-4db7-ad89-168aad75a697 ] Request (ServersTestManualDisk:setUpClass): 201 POST http://10.180.1.21/identity/v3/auth/tokens 0.040s
2025-11-23 05:00:51.938 66395 INFO tempest.lib.common.rest_client [req-1a6deb69-81da-49d3-99d7-5d3d6074d23b req-1a6deb69-81da-49d3-99d7-5d3d6074d23b ] Request (ServersTestManualDisk:setUpClass): 200 GET http://10.180.1.21/identity/v3/domains?name=Default 0.030s
2025-11-23 05:00:51.977 66395 INFO tempest.lib.common.rest_client [req-1b807d96-609f-409d-b80f-d3afdb83b58d req-1b807d96-609f-409d-b80f-d3afdb83b58d ] Request (ServersTestManualDisk:setUpClass): 201 POST http://10.180.1.21/identity/v3/projects 0.038s
2025-11-23 05:00:52.014 66378 WARNING tempest.lib.common.ssh [-] Failed to establish authenticated ssh connection to cirros@10.180.180.247 ([Errno None] Unable to connect to port 22 on 10.180.180.247). Number attempts: 8. Retry after 9 seconds.: paramiko.ssh_exception.NoValidConnectionsError: [Errno None] Unable to connect to port 22 on 10.180.180.247
2025-11-23 05:00:52.064 66395 INFO tempest.lib.common.rest_client [req-e2326070-4d4c-4792-8d58-bfd7d36782d3 req-e2326070-4d4c-4792-8d58-bfd7d36782d3 ] Request (ServersTestManualDisk:setUpClass): 201 POST http://10.180.1.21/identity/v3/users 0.086s
2025-11-23 05:00:52.070 66345 INFO tempest.lib.common.rest_client [req-e5d96fde-193e-4766-b962-344f99d3ac4f req-e5d96fde-193e-4766-b962-344f99d3ac4f ] Request (VolumesAdminNegativeTest:tearDownClass): 204 DELETE http://10.180.1.21/networking/v2.0/networks/97172ff1-9c74-40ba-b062-a7e574bef4a7 0.502s
2025-11-23 05:00:52.096 66395 INFO tempest.lib.common.rest_client [req-6eeaa8d8-5e66-434c-82ab-f8432626754d req-6eeaa8d8-5e66-434c-82ab-f8432626754d ] Request (ServersTestManualDisk:setUpClass): 200 GET http://10.180.1.21/identity/v3/roles 0.031s
2025-11-23 05:00:52.135 66395 INFO tempest.lib.common.rest_client [req-016da3ac-3970-4320-930a-760c7798f81d req-016da3ac-3970-4320-930a-760c7798f81d ] Request (ServersTestManualDisk:setUpClass): 204 PUT http://10.180.1.21/identity/v3/projects/2db46c100d3f413b86101b825c50b4c7/users/dd794c25c9064ccca90d51575913dac9/roles/7750a879e597402d963560292570a035 0.038s
2025-11-23 05:00:52.135 66395 INFO tempest.lib.common.dynamic_creds [-] Dynamic test user dd794c25c9064ccca90d51575913dac9 is created with scope project and roles: ['member']
2025-11-23 05:00:52.135 66395 INFO tempest.lib.common.dynamic_creds [-] Acquired dynamic creds: credentials: Credentials: {'domain_id': 'default', 'domain_name': 'Default', 'username': 'tempest-ServersTestManualDisk-1911775375-project-member', 'project_domain_id': 'default', 'project_domain_name': 'Default', 'project_id': '2db46c100d3f413b86101b825c50b4c7', 'project_name': 'tempest-ServersTestManualDisk-1911775375', 'tenant_id': '2db46c100d3f413b86101b825c50b4c7', 'tenant_name': 'tempest-ServersTestManualDisk-1911775375', 'user_domain_id': 'default', 'user_domain_name': 'Default', 'user_id': 'dd794c25c9064ccca90d51575913dac9', 'system': None}, Network: None, Subnet: None, Router: None
2025-11-23 05:00:52.182 66345 INFO tempest.lib.common.rest_client [req-e928dd0f-556d-4e58-835a-1cbae99c6756 req-e928dd0f-556d-4e58-835a-1cbae99c6756 ] Request (VolumesAdminNegativeTest:tearDownClass): 204 DELETE http://10.180.1.21/identity/v3/users/7a76c82d921846bfae65ab2c9bb19f7c 0.111s
2025-11-23 05:00:52.217 66395 INFO tempest.lib.common.rest_client [req-612ab523-bc14-4e08-ad55-7d91dc54fc37 req-612ab523-bc14-4e08-ad55-7d91dc54fc37 ] Request (ServersTestManualDisk:setUpClass): 201 POST http://10.180.1.21/identity/v3/auth/tokens 0.081s
2025-11-23 05:00:52.299 66345 INFO tempest.lib.common.rest_client [req-4418fd7e-67c0-4261-95a5-1b4b92374810 req-4418fd7e-67c0-4261-95a5-1b4b92374810 ] Request (VolumesAdminNegativeTest:tearDownClass): 204 DELETE http://10.180.1.21/identity/v3/users/9803321ec29843daac4c3296d74531ba 0.117s
2025-11-23 05:00:52.442 66361 INFO tempest.lib.common.rest_client [req-93d47ef3-04a3-4f3f-9ae8-bcac3380ae0b req-93d47ef3-04a3-4f3f-9ae8-bcac3380ae0b ] Request (ImagesTestJSON:test_create_image_from_suspended_server): 202 POST http://10.180.1.21/compute/v2.1/servers 7.423s
2025-11-23 05:00:52.474 66393 INFO tempest.lib.common.rest_client [req-58fead7b-69d6-408e-acf4-495f2fbf5df9 req-58fead7b-69d6-408e-acf4-495f2fbf5df9 ] Request (InstanceActionsV221TestJSON:test_get_list_deleted_instance_actions): 404 GET http://10.180.1.21/compute/v2.1/servers/f87822e6-5d7e-45ec-b0fd-1568fe0f5fd5 7.453s
2025-11-23 05:00:52.507 66345 INFO tempest.lib.common.rest_client [req-e26b1ea2-98de-4431-934c-1c21f2fcb84b req-e26b1ea2-98de-4431-934c-1c21f2fcb84b ] Request (VolumesAdminNegativeTest:tearDownClass): 204 DELETE http://10.180.1.21/identity/v3/users/81134c0f4e0e4c08b8ddadff209c3371 0.208s
2025-11-23 05:00:52.508 66345 INFO tempest.lib.common.dynamic_creds [-] Deleting project and security group for project: 516045a9caa747acad5bd331e261249d
2025-11-23 05:00:52.713 66395 INFO tempest.lib.common.rest_client [req-4d17c0c6-fec7-4e3b-a68f-0b25c5b89600 req-4d17c0c6-fec7-4e3b-a68f-0b25c5b89600 ] Request (ServersTestManualDisk:setUpClass): 201 POST http://10.180.1.21/networking/v2.0/networks 0.496s
2025-11-23 05:00:52.776 66345 INFO tempest.lib.common.rest_client [req-e0e9bc51-8af2-48a9-94a0-6203c31034a9 req-e0e9bc51-8af2-48a9-94a0-6203c31034a9 ] Request (VolumesAdminNegativeTest:tearDownClass): 200 GET http://10.180.1.21/networking/v2.0/security-groups?tenant_id=516045a9caa747acad5bd331e261249d&name=default 0.268s
2025-11-23 05:00:52.801 66385 INFO tempest.lib.common.rest_client [req-cfdccc72-6b0d-40f8-b4af-e397039adf77 req-cfdccc72-6b0d-40f8-b4af-e397039adf77 ] Request (ServersTestJSON:tearDownClass): 200 GET http://10.180.1.21/compute/v2.1/servers/27a4730e-c815-4e6b-8608-0d3fbe3a6564 7.668s
2025-11-23 05:00:53.017 66395 INFO tempest.lib.common.rest_client [req-16ec76f3-5738-4d36-b160-0fd085f691fa req-16ec76f3-5738-4d36-b160-0fd085f691fa ] Request (ServersTestManualDisk:setUpClass): 201 POST http://10.180.1.21/networking/v2.0/subnets 0.303s
2025-11-23 05:00:53.040 66341 INFO tempest.lib.common.rest_client [req-9dc1ef97-0d9b-4e94-aed6-4bccb83384ad req-9dc1ef97-0d9b-4e94-aed6-4bccb83384ad ] Request (ServerTagsTestJSON:setUpClass): 201 POST http://10.180.1.21/networking/v2.0/routers 1.133s
2025-11-23 05:00:53.211 66345 INFO tempest.lib.common.rest_client [req-aac03747-9cf1-4420-8175-8b3ac3d6ac4c req-aac03747-9cf1-4420-8175-8b3ac3d6ac4c ] Request (VolumesAdminNegativeTest:tearDownClass): 204 DELETE http://10.180.1.21/networking/v2.0/security-groups/ed9ccd18-f382-4a64-9561-4b16c629bff0 0.434s
2025-11-23 05:00:53.377 66345 INFO tempest.lib.common.rest_client [req-a23786b1-6435-44fd-a0fb-4a149657bd7b req-a23786b1-6435-44fd-a0fb-4a149657bd7b ] Request (VolumesAdminNegativeTest:tearDownClass): 204 DELETE http://10.180.1.21/identity/v3/projects/516045a9caa747acad5bd331e261249d 0.165s
2025-11-23 05:00:53.377 66345 INFO tempest.lib.common.dynamic_creds [-] Deleting project and security group for project: 55ce77d25bfe4bb2a184a8b4aaaf5402
2025-11-23 05:00:53.610 66357 WARNING tempest.lib.common.ssh [-] Failed to establish authenticated ssh connection to cirros@10.180.180.253 ([Errno None] Unable to connect to port 22 on 10.180.180.253). Number attempts: 5. Retry after 6 seconds.: paramiko.ssh_exception.NoValidConnectionsError: [Errno None] Unable to connect to port 22 on 10.180.180.253
2025-11-23 05:00:53.928 66395 INFO tempest.lib.common.rest_client [req-e609a1ef-c57c-4563-afa1-6d6c687ce8ca req-e609a1ef-c57c-4563-afa1-6d6c687ce8ca ] Request (ServersTestManualDisk:setUpClass): 201 POST http://10.180.1.21/networking/v2.0/routers 0.909s
2025-11-23 05:00:54.145 66341 INFO tempest.lib.common.rest_client [req-0e155f9f-9918-4b56-983c-0ee2665fec28 req-0e155f9f-9918-4b56-983c-0ee2665fec28 ] Request (ServerTagsTestJSON:setUpClass): 200 PUT http://10.180.1.21/networking/v2.0/routers/dd0a9aa2-995c-4d77-a8c4-d0b7c6a93288/add_router_interface 1.104s
2025-11-23 05:00:54.146 66341 INFO tempest.lib.common.dynamic_creds [-] Created isolated network resources for: credentials: Credentials: {'domain_id': 'default', 'domain_name': 'Default', 'username': 'tempest-ServerTagsTestJSON-594319888-project-member', 'project_domain_id': 'default', 'project_domain_name': 'Default', 'project_id': 'e42b943854ad4dfaa332ac507ccb056c', 'project_name': 'tempest-ServerTagsTestJSON-594319888', 'tenant_id': 'e42b943854ad4dfaa332ac507ccb056c', 'tenant_name': 'tempest-ServerTagsTestJSON-594319888', 'user_domain_id': 'default', 'user_domain_name': 'Default', 'user_id': '95ea4ffd44bb457588bac199aa8a67f6', 'system': None}, Network: {'id': 'e51b5ca1-438b-4d9c-82c7-d5ba225933e7', 'name': 'tempest-ServerTagsTestJSON-1427615677-network', 'tenant_id': 'e42b943854ad4dfaa332ac507ccb056c', 'project_id': 'e42b943854ad4dfaa332ac507ccb056c', 'admin_state_up': True, 'mtu': 8950, 'status': 'ACTIVE', 'subnets': [], 'shared': False, 'port_security_enabled': True, 'router:external': False, 'provider:network_type': 'vlan', 'provider:physical_network': 'default', 'provider:segmentation_id': 310, 'availability_zone_hints': [], 'availability_zones': [], 'ipv4_address_scope': None, 'ipv6_address_scope': None, 'description': '', 'tags': [], 'created_at': '2025-11-23T05:00:51Z', 'updated_at': '2025-11-23T05:00:51Z', 'revision_number': 1}, Subnet: {'id': '47f8cacd-f6f7-4b45-bb2f-43e9000cf7b9', 'name': 'tempest-ServerTagsTestJSON-1427615677-subnet', 'tenant_id': 'e42b943854ad4dfaa332ac507ccb056c', 'network_id': 'e51b5ca1-438b-4d9c-82c7-d5ba225933e7', 'ip_version': 4, 'subnetpool_id': None, 'enable_dhcp': True, 'ipv6_ra_mode': None, 'ipv6_address_mode': None, 'gateway_ip': '192.168.128.1', 'cidr': '192.168.128.0/28', 'allocation_pools': [{'start': '192.168.128.2', 'end': '192.168.128.14'}], 'host_routes': [], 'dns_nameservers': [], 'description': '', 'router:external': False, 'service_types': [], 'tags': [], 'created_at': '2025-11-23T05:00:51Z', 'updated_at': '2025-11-23T05:00:51Z', 'revision_number': 0, 'project_id': 'e42b943854ad4dfaa332ac507ccb056c'}, Router: {'id': 'dd0a9aa2-995c-4d77-a8c4-d0b7c6a93288', 'name': 'tempest-ServerTagsTestJSON-1427615677-router', 'tenant_id': 'e42b943854ad4dfaa332ac507ccb056c', 'admin_state_up': True, 'status': 'ACTIVE', 'external_gateway_info': {'network_id': '34310d39-ad73-439b-bdea-2a3361785fbb', 'external_fixed_ips': [{'subnet_id': 'c856a448-2086-4533-ae15-e0f714ed4d88', 'ip_address': '10.180.180.154'}], 'enable_snat': True}, 'description': '', 'availability_zones': [], 'distributed': False, 'ha': False, 'availability_zone_hints': [], 'routes': [], 'flavor_id': None, 'tags': [], 'created_at': '2025-11-23T05:00:52Z', 'updated_at': '2025-11-23T05:00:52Z', 'revision_number': 2, 'project_id': 'e42b943854ad4dfaa332ac507ccb056c'}
2025-11-23 05:00:54.233 66351 INFO tempest.lib.common.rest_client [req-de92ddee-40fb-4450-a19b-56a4969e4f26 req-de92ddee-40fb-4450-a19b-56a4969e4f26 ] Request (ListImageFiltersTestJSON:setUpClass): 200 GET http://10.180.1.21/compute/v2.1/servers/1bc2d181-6afc-4df2-aef1-bf4a5e6f4a9a 8.813s
2025-11-23 05:00:54.244 66351 INFO tempest.common.waiters [-] State transition "BUILD/spawning" ==> "ACTIVE/None" after 19 second wait
2025-11-23 05:00:54.307 66341 INFO tempest.lib.common.rest_client [req-073f03ac-9441-4ed4-95a6-6a278e92f085 req-073f03ac-9441-4ed4-95a6-6a278e92f085 ] Request (ServerTagsTestJSON:setUpClass): 201 POST http://10.180.1.21/identity/v3/auth/tokens 0.157s
2025-11-23 05:00:54.348 66341 INFO tempest.lib.common.rest_client [req-81f8f150-7748-44e4-bcee-2ab0015e3870 req-81f8f150-7748-44e4-bcee-2ab0015e3870 ] Request (ServerTagsTestJSON:setUpClass): 201 POST http://10.180.1.21/identity/v3/auth/tokens 0.037s
2025-11-23 05:00:54.349 66341 INFO tempest.lib.common.fixed_network [-] (ServerTagsTestJSON:setUpClass) Found network {'id': 'e51b5ca1-438b-4d9c-82c7-d5ba225933e7', 'name': 'tempest-ServerTagsTestJSON-1427615677-network', 'tenant_id': 'e42b943854ad4dfaa332ac507ccb056c', 'project_id': 'e42b943854ad4dfaa332ac507ccb056c', 'admin_state_up': True, 'mtu': 8950, 'status': 'ACTIVE', 'subnets': [], 'shared': False, 'port_security_enabled': True, 'router:external': False, 'provider:network_type': 'vlan', 'provider:physical_network': 'default', 'provider:segmentation_id': 310, 'availability_zone_hints': [], 'availability_zones': [], 'ipv4_address_scope': None, 'ipv6_address_scope': None, 'description': '', 'tags': [], 'created_at': '2025-11-23T05:00:51Z', 'updated_at': '2025-11-23T05:00:51Z', 'revision_number': 1} available for tenant
2025-11-23 05:00:54.375 66345 INFO tempest.lib.common.rest_client [req-9f0c9eac-4292-499d-86b2-9a05a1643321 req-9f0c9eac-4292-499d-86b2-9a05a1643321 ] Request (VolumesAdminNegativeTest:tearDownClass): 200 GET http://10.180.1.21/networking/v2.0/security-groups?tenant_id=55ce77d25bfe4bb2a184a8b4aaaf5402&name=default 0.997s
2025-11-23 05:00:54.495 66339 INFO tempest.lib.common.rest_client [req-726d6cff-1609-4e1e-87c2-732d1c4fcd69 req-726d6cff-1609-4e1e-87c2-732d1c4fcd69 ] Request (FloatingIPsNegativeTestJSON:test_allocate_floating_ip_from_nonexistent_pool): 404 POST http://10.180.1.21/compute/v2.1/os-floating-ips 8.949s
2025-11-23 05:00:54.522 66365 INFO tempest.lib.common.rest_client [req-4a2e2920-22e0-42d9-85e2-7aa762c55218 req-4a2e2920-22e0-42d9-85e2-7aa762c55218 ] Request (AttachInterfacesV270Test:tearDownClass): 404 GET http://10.180.1.21/compute/v2.1/servers/6a7284c6-0e2a-458e-9ccd-bf49ea6af650 8.902s
2025-11-23 05:00:54.685 66345 INFO tempest.lib.common.rest_client [req-bc1260d1-ba49-475f-a0b4-fd7c42de9477 req-bc1260d1-ba49-475f-a0b4-fd7c42de9477 ] Request (VolumesAdminNegativeTest:tearDownClass): 204 DELETE http://10.180.1.21/networking/v2.0/security-groups/3918ef74-eff0-462b-bd56-946b7fe18007 0.310s
2025-11-23 05:00:54.764 66389 INFO tempest.lib.common.rest_client [req-e0dc3843-2e86-4ba0-8d2d-52e380ff75fc req-e0dc3843-2e86-4ba0-8d2d-52e380ff75fc ] Request (FloatingIPsAssociationTestJSON:test_associate_already_associated_floating_ip): 202 POST http://10.180.1.21/compute/v2.1/servers/addc92df-c5b7-4d5a-b3e9-31670eca3466/action 11.776s
2025-11-23 05:00:54.811 66345 INFO tempest.lib.common.rest_client [req-7cc9b976-2c29-445d-8a39-53ed1db26408 req-7cc9b976-2c29-445d-8a39-53ed1db26408 ] Request (VolumesAdminNegativeTest:tearDownClass): 204 DELETE http://10.180.1.21/identity/v3/projects/55ce77d25bfe4bb2a184a8b4aaaf5402 0.125s
2025-11-23 05:00:54.811 66345 INFO tempest.lib.common.dynamic_creds [-] Deleting project and security group for project: 55ae4532bad846009e55ade87434e459
2025-11-23 05:00:55.239 66395 INFO tempest.lib.common.rest_client [req-acd7af8a-3f33-47c8-b06f-a354f249544a req-acd7af8a-3f33-47c8-b06f-a354f249544a ] Request (ServersTestManualDisk:setUpClass): 200 PUT http://10.180.1.21/networking/v2.0/routers/66f6500e-19b7-419a-9d8b-14742baf1ee9/add_router_interface 1.310s
2025-11-23 05:00:55.239 66395 INFO tempest.lib.common.dynamic_creds [-] Created isolated network resources for: credentials: Credentials: {'domain_id': 'default', 'domain_name': 'Default', 'username': 'tempest-ServersTestManualDisk-1911775375-project-member', 'project_domain_id': 'default', 'project_domain_name': 'Default', 'project_id': '2db46c100d3f413b86101b825c50b4c7', 'project_name': 'tempest-ServersTestManualDisk-1911775375', 'tenant_id': '2db46c100d3f413b86101b825c50b4c7', 'tenant_name': 'tempest-ServersTestManualDisk-1911775375', 'user_domain_id': 'default', 'user_domain_name': 'Default', 'user_id': 'dd794c25c9064ccca90d51575913dac9', 'system': None}, Network: {'id': '979f0351-9ed7-4e88-95cf-7e8c63a651bc', 'name': 'tempest-ServersTestManualDisk-1448301685-network', 'tenant_id': '2db46c100d3f413b86101b825c50b4c7', 'project_id': '2db46c100d3f413b86101b825c50b4c7', 'admin_state_up': True, 'mtu': 8950, 'status': 'ACTIVE', 'subnets': [], 'shared': False, 'port_security_enabled': True, 'router:external': False, 'provider:network_type': 'vlan', 'provider:physical_network': 'default', 'provider:segmentation_id': 881, 'availability_zone_hints': [], 'availability_zones': [], 'ipv4_address_scope': None, 'ipv6_address_scope': None, 'description': '', 'tags': [], 'created_at': '2025-11-23T05:00:52Z', 'updated_at': '2025-11-23T05:00:52Z', 'revision_number': 1}, Subnet: {'id': 'ecf6adbb-e460-48b9-80a5-ac37d9732b8a', 'name': 'tempest-ServersTestManualDisk-1448301685-subnet', 'tenant_id': '2db46c100d3f413b86101b825c50b4c7', 'network_id': '979f0351-9ed7-4e88-95cf-7e8c63a651bc', 'ip_version': 4, 'subnetpool_id': None, 'enable_dhcp': True, 'ipv6_ra_mode': None, 'ipv6_address_mode': None, 'gateway_ip': '192.168.128.1', 'cidr': '192.168.128.0/28', 'allocation_pools': [{'start': '192.168.128.2', 'end': '192.168.128.14'}], 'host_routes': [], 'dns_nameservers': [], 'description': '', 'router:external': False, 'service_types': [], 'tags': [], 'created_at': '2025-11-23T05:00:52Z', 'updated_at': '2025-11-23T05:00:52Z', 'revision_number': 0, 'project_id': '2db46c100d3f413b86101b825c50b4c7'}, Router: {'id': '66f6500e-19b7-419a-9d8b-14742baf1ee9', 'name': 'tempest-ServersTestManualDisk-1448301685-router', 'tenant_id': '2db46c100d3f413b86101b825c50b4c7', 'admin_state_up': True, 'status': 'ACTIVE', 'external_gateway_info': {'network_id': '34310d39-ad73-439b-bdea-2a3361785fbb', 'external_fixed_ips': [{'subnet_id': 'c856a448-2086-4533-ae15-e0f714ed4d88', 'ip_address': '10.180.180.225'}], 'enable_snat': True}, 'description': '', 'availability_zones': [], 'distributed': False, 'ha': False, 'availability_zone_hints': [], 'routes': [], 'flavor_id': None, 'tags': [], 'created_at': '2025-11-23T05:00:53Z', 'updated_at': '2025-11-23T05:00:53Z', 'revision_number': 2, 'project_id': '2db46c100d3f413b86101b825c50b4c7'}
2025-11-23 05:00:55.295 66355 INFO tempest.lib.common.rest_client [req-7ac04aa1-09b4-4c72-9145-b3152f9047c9 req-7ac04aa1-09b4-4c72-9145-b3152f9047c9 ] Request (AttachInterfacesTestJSON:test_create_list_show_delete_interfaces_by_fixed_ip): 200 GET http://10.180.1.21/compute/v2.1/servers/eb5249b6-4ac1-410d-b552-dc8e61497478/os-interface 9.669s
2025-11-23 05:00:55.345 66395 INFO tempest.lib.common.rest_client [req-d0e412cf-ea8f-48cf-bd4e-3c3569428d9b req-d0e412cf-ea8f-48cf-bd4e-3c3569428d9b ] Request (ServersTestManualDisk:setUpClass): 201 POST http://10.180.1.21/identity/v3/auth/tokens 0.102s
2025-11-23 05:00:55.402 66345 INFO tempest.lib.common.rest_client [req-6b55e8c7-6354-4ea3-a30e-fe311d366552 req-6b55e8c7-6354-4ea3-a30e-fe311d366552 ] Request (VolumesAdminNegativeTest:tearDownClass): 200 GET http://10.180.1.21/networking/v2.0/security-groups?tenant_id=55ae4532bad846009e55ade87434e459&name=default 0.590s
2025-11-23 05:00:55.446 66355 INFO tempest.lib.common.rest_client [req-ee984dfb-e381-414f-9fd3-0cf8dd71bd1f req-ee984dfb-e381-414f-9fd3-0cf8dd71bd1f ] Request (AttachInterfacesTestJSON:_run_cleanups): 404 DELETE http://10.180.1.21/networking/v2.0/ports/d46672c7-7aa5-46eb-9568-02ab2f9615d0 0.149s
2025-11-23 05:00:55.508 66373 INFO tempest.lib.common.rest_client [req-ee6894af-4636-47d9-acc7-87063789bfee req-ee6894af-4636-47d9-acc7-87063789bfee ] Request (InstanceActionsNegativeTestJSON:setUpClass): 200 GET http://10.180.1.21/compute/v2.1/servers/26ebde87-1745-4554-bb13-180a81ab47bd 9.709s
2025-11-23 05:00:55.519 66373 INFO tempest.common.waiters [-] State transition "BUILD/spawning" ==> "ACTIVE/None" after 23 second wait
2025-11-23 05:00:55.525 66365 INFO tempest.lib.common.rest_client [req-364bba38-c59d-4481-b428-5aade4baa318 req-364bba38-c59d-4481-b428-5aade4baa318 ] Request (AttachInterfacesV270Test:tearDownClass): 200 PUT http://10.180.1.21/networking/v2.0/routers/991d9220-3cb7-46f7-9184-d5cccb575e53/remove_router_interface 1.002s
2025-11-23 05:00:55.590 66345 INFO tempest.lib.common.rest_client [req-1ad3cc24-c9c9-446c-8540-261cd80294e8 req-1ad3cc24-c9c9-446c-8540-261cd80294e8 ] Request (VolumesAdminNegativeTest:tearDownClass): 204 DELETE http://10.180.1.21/networking/v2.0/security-groups/54564db7-2adb-49fe-b35e-b439befb91aa 0.187s
2025-11-23 05:00:55.618 66401 INFO tempest.lib.common.rest_client [req-e537ab45-110a-4556-a5da-4a1d7f8029c2 req-e537ab45-110a-4556-a5da-4a1d7f8029c2 ] Request (ServerShowV247Test:test_show_server): 200 GET http://10.180.1.21/compute/v2.1/servers/70aa0691-4c87-45fe-beea-73c6367e8f03 7.805s
2025-11-23 05:00:55.641 66371 INFO tempest.lib.common.rest_client [req-2ef86cd6-2eb7-403e-acc2-280b3803b926 req-2ef86cd6-2eb7-403e-acc2-280b3803b926 ] Request (TenantUsagesTestJSON:tearDownClass): 200 GET http://10.180.1.21/compute/v2.1/servers/1bae5b0c-c93e-4ca3-af8c-358198ee5595 7.711s
2025-11-23 05:00:55.683 66379 INFO tempest.lib.common.rest_client [req-a468af33-dc6f-42cb-832e-c87c351d20a0 req-a468af33-dc6f-42cb-832e-c87c351d20a0 ] Request (DeleteServersAdminTestJSON:test_delete_server_while_in_error_state): 404 GET http://10.180.1.21/compute/v2.1/servers/7470a850-1521-4538-88b8-98695b5f6543 5.809s
2025-11-23 05:00:55.721 66387 INFO tempest.lib.common.rest_client [req-2d00579e-593a-41a0-a79a-61a9315eb472 req-2d00579e-593a-41a0-a79a-61a9315eb472 ] Request (FlavorsExtraSpecsNegativeTestJSON:tearDownClass): 200 GET http://10.180.1.21/compute/v2.1/flavors/detail 5.586s
2025-11-23 05:00:55.735 66401 INFO tempest.lib.common.rest_client [req-982d4436-64b8-41c9-a33b-a2663f58bde3 req-982d4436-64b8-41c9-a33b-a2663f58bde3 ] Request (ServerShowV247Test:test_update_rebuild_list_server): 201 POST http://10.180.1.21/identity/v3/auth/tokens 0.092s
2025-11-23 05:00:55.736 66401 INFO tempest.lib.common.fixed_network [-] (ServerShowV247Test:test_update_rebuild_list_server) Found network None available for tenant
2025-11-23 05:00:55.737 66369 INFO tempest.lib.common.rest_client [req-bdc89780-dd31-4828-8d5c-6b36b20885ca req-bdc89780-dd31-4828-8d5c-6b36b20885ca ] Request (AggregatesAdminNegativeTestJSON:test_aggregate_get_details_as_user): 403 GET http://10.180.1.21/compute/v2.1/os-aggregates/6 5.576s
2025-11-23 05:00:55.833 66345 INFO tempest.lib.common.rest_client [req-15ad88ad-7f9c-499c-a478-28c22a15ee97 req-15ad88ad-7f9c-499c-a478-28c22a15ee97 ] Request (VolumesAdminNegativeTest:tearDownClass): 204 DELETE http://10.180.1.21/identity/v3/projects/55ae4532bad846009e55ade87434e459 0.243s
2025-11-23 05:00:55.838 66343 INFO tempest.lib.common.rest_client [req-f8fc3a2a-d7bb-4078-bd7f-16d7aa353012 req-f8fc3a2a-d7bb-4078-bd7f-16d7aa353012 ] Request (ServerAddressesTestJSON:tearDownClass): 200 GET http://10.180.1.21/compute/v2.1/servers/92f76071-75b6-403d-8888-572845f16430 7.271s
2025-11-23 05:00:55.851 66387 INFO tempest.lib.common.rest_client [req-85f31f41-487b-4d5e-b0f3-d84d9c341cdc req-85f31f41-487b-4d5e-b0f3-d84d9c341cdc ] Request (FlavorsExtraSpecsNegativeTestJSON:tearDownClass): 204 DELETE http://10.180.1.21/identity/v3/users/65ebde83a05d4b4f90e63a7b87323544 0.122s
2025-11-23 05:00:55.853 66343 INFO tempest.common.waiters [-] State transition "ACTIVE/deleting" ==> "DELETED/None" after 8 second wait
2025-11-23 05:00:55.913 66345 INFO tempest.lib.common.rest_client [req-50f577ad-4428-4242-a4e2-f8c624eeabc9 req-50f577ad-4428-4242-a4e2-f8c624eeabc9 ] Request (FlavorsV2TestJSON:setUpClass): 201 POST http://10.180.1.21/identity/v3/auth/tokens 0.076s
2025-11-23 05:00:55.992 66347 INFO tempest.lib.common.rest_client [req-9ff6f3e0-bcab-4c61-b753-9fcf60c6dc21 req-9ff6f3e0-bcab-4c61-b753-9fcf60c6dc21 ] Request (VolumesAssistedSnapshotsTest:_run_cleanups): 202 DELETE http://10.180.1.21/compute/v2.1/servers/88ad97c0-5b3c-4453-863f-25eff115fc55/os-volume_attachments/ecb48a44-c83e-4f31-8160-29bb7e38e89e 5.719s
2025-11-23 05:00:56.014 66387 INFO tempest.lib.common.rest_client [req-12c70a47-5971-4aa1-a542-696ef5e3b619 req-12c70a47-5971-4aa1-a542-696ef5e3b619 ] Request (FlavorsExtraSpecsNegativeTestJSON:tearDownClass): 204 DELETE http://10.180.1.21/identity/v3/users/9c2863117c964d7c9f63329a6fdb216f 0.162s
2025-11-23 05:00:56.014 66387 INFO tempest.lib.common.dynamic_creds [-] Deleting project and security group for project: a56643e7b12e41acb704dd57d7b672c1
2025-11-23 05:00:56.083 66365 INFO tempest.lib.common.rest_client [req-d71657a4-2c06-4e10-b124-55e870703a0b req-d71657a4-2c06-4e10-b124-55e870703a0b ] Request (AttachInterfacesV270Test:tearDownClass): 204 DELETE http://10.180.1.21/networking/v2.0/routers/991d9220-3cb7-46f7-9184-d5cccb575e53 0.558s
2025-11-23 05:00:56.139 66345 INFO tempest.lib.common.rest_client [req-2fcf079c-b5e7-4ca0-a1b2-be5831a85278 req-2fcf079c-b5e7-4ca0-a1b2-be5831a85278 ] Request (FlavorsV2TestJSON:setUpClass): 201 POST http://10.180.1.21/identity/v3/auth/tokens 0.222s
2025-11-23 05:00:56.172 66387 INFO tempest.lib.common.rest_client [req-5a99e5c2-65a9-48d4-bdca-066774690b90 req-5a99e5c2-65a9-48d4-bdca-066774690b90 ] Request (FlavorsExtraSpecsNegativeTestJSON:tearDownClass): 201 POST http://10.180.1.21/identity/v3/auth/tokens 0.158s
2025-11-23 05:00:56.194 66345 INFO tempest.lib.common.rest_client [req-19dcd660-1401-4b45-a284-be4ab7abb365 req-19dcd660-1401-4b45-a284-be4ab7abb365 ] Request (FlavorsV2TestJSON:setUpClass): 200 GET http://10.180.1.21/identity/v3/domains?name=Default 0.055s
2025-11-23 05:00:56.241 66345 INFO tempest.lib.common.rest_client [req-a0406387-cfd2-4ee2-9d8a-68d83709da4a req-a0406387-cfd2-4ee2-9d8a-68d83709da4a ] Request (FlavorsV2TestJSON:setUpClass): 201 POST http://10.180.1.21/identity/v3/projects 0.046s
2025-11-23 05:00:56.286 66381 INFO tempest.lib.common.rest_client [req-7df2052f-f7ef-4499-9579-2408fcb8035d req-7df2052f-f7ef-4499-9579-2408fcb8035d ] Request (QuotasAdminTestV236:test_get_updated_quotas): 200 PUT http://10.180.1.21/compute/v2.1/os-quota-sets/e0b18b129ce8437e9a50ba500a52d771?user_id=5b7cb4189e55475aab66a6c25c4af5b2 5.976s
2025-11-23 05:00:56.304 66365 INFO tempest.lib.common.rest_client [req-2b53446d-a478-416d-b49c-b7e3a634bc6d req-2b53446d-a478-416d-b49c-b7e3a634bc6d ] Request (AttachInterfacesV270Test:tearDownClass): 204 DELETE http://10.180.1.21/networking/v2.0/subnets/20e97347-2cc3-4f4f-9dee-f56f1d9bcd82 0.220s
2025-11-23 05:00:56.327 66349 INFO tempest.lib.common.rest_client [req-dbae9561-6d8b-446d-b299-2c989b0c8c83 req-dbae9561-6d8b-446d-b299-2c989b0c8c83 ] Request (ImagesMetadataTestJSON:test_set_image_metadata): 200 PUT http://10.180.1.21/compute/v2.1/images/2421dfdd-9990-43b1-a7a2-c9b42b590e46/metadata 5.929s
2025-11-23 05:00:56.350 66345 INFO tempest.lib.common.rest_client [req-32386215-b5dc-4eb6-b40b-d8b973f55a41 req-32386215-b5dc-4eb6-b40b-d8b973f55a41 ] Request (FlavorsV2TestJSON:setUpClass): 201 POST http://10.180.1.21/identity/v3/users 0.108s
2025-11-23 05:00:56.375 66359 INFO tempest.lib.common.rest_client [req-0455664e-a746-4f1d-87a7-130ebbeab3e8 req-0455664e-a746-4f1d-87a7-130ebbeab3e8 ] Request (FlavorsAccessNegativeTestJSON:_run_cleanups): 202 DELETE http://10.180.1.21/compute/v2.1/flavors/725167309 5.650s
2025-11-23 05:00:56.382 66345 INFO tempest.lib.common.rest_client [req-0ef222bb-2c88-4d54-9e01-0862d68073aa req-0ef222bb-2c88-4d54-9e01-0862d68073aa ] Request (FlavorsV2TestJSON:setUpClass): 200 GET http://10.180.1.21/identity/v3/roles 0.032s
2025-11-23 05:00:56.391 66375 INFO tempest.lib.common.rest_client [req-d18cdeb0-5a4a-4fb4-b78b-65941ca4096b req-d18cdeb0-5a4a-4fb4-b78b-65941ca4096b ] Request (FlavorsAdminTestJSON:_run_cleanups): 202 DELETE http://10.180.1.21/compute/v2.1/flavors/2031305161 5.652s
2025-11-23 05:00:56.396 66353 INFO tempest.lib.common.rest_client [req-0d213361-4333-4821-a7c9-b37c7e2686ef req-0d213361-4333-4821-a7c9-b37c7e2686ef ] Request (KeyPairsNegativeTestJSON:test_create_keypair_with_long_keynames): 400 POST http://10.180.1.21/compute/v2.1/os-keypairs 5.614s
2025-11-23 05:00:56.437 66345 INFO tempest.lib.common.rest_client [req-6d500f17-f176-49fa-85c7-fe9f84dbed45 req-6d500f17-f176-49fa-85c7-fe9f84dbed45 ] Request (FlavorsV2TestJSON:setUpClass): 204 PUT http://10.180.1.21/identity/v3/projects/e6cfddbf12874d6983b42691989d681c/users/d67a0f083e0b411abb59d43e17aef84b/roles/7750a879e597402d963560292570a035 0.054s
2025-11-23 05:00:56.437 66345 INFO tempest.lib.common.dynamic_creds [-] Dynamic test user d67a0f083e0b411abb59d43e17aef84b is created with scope project and roles: ['member']
2025-11-23 05:00:56.438 66345 INFO tempest.lib.common.dynamic_creds [-] Acquired dynamic creds: credentials: Credentials: {'domain_id': 'default', 'domain_name': 'Default', 'username': 'tempest-FlavorsV2TestJSON-565384136-project-member', 'project_domain_id': 'default', 'project_domain_name': 'Default', 'project_id': 'e6cfddbf12874d6983b42691989d681c', 'project_name': 'tempest-FlavorsV2TestJSON-565384136', 'tenant_id': 'e6cfddbf12874d6983b42691989d681c', 'tenant_name': 'tempest-FlavorsV2TestJSON-565384136', 'user_domain_id': 'default', 'user_domain_name': 'Default', 'user_id': 'd67a0f083e0b411abb59d43e17aef84b', 'system': None}, Network: None, Subnet: None, Router: None
2025-11-23 05:00:56.438 66345 INFO tempest.lib.common.dynamic_creds [-] Created isolated network resources for: credentials: Credentials: {'domain_id': 'default', 'domain_name': 'Default', 'username': 'tempest-FlavorsV2TestJSON-565384136-project-member', 'project_domain_id': 'default', 'project_domain_name': 'Default', 'project_id': 'e6cfddbf12874d6983b42691989d681c', 'project_name': 'tempest-FlavorsV2TestJSON-565384136', 'tenant_id': 'e6cfddbf12874d6983b42691989d681c', 'tenant_name': 'tempest-FlavorsV2TestJSON-565384136', 'user_domain_id': 'default', 'user_domain_name': 'Default', 'user_id': 'd67a0f083e0b411abb59d43e17aef84b', 'system': None}, Network: None, Subnet: None, Router: None
2025-11-23 05:00:56.478 66387 INFO tempest.lib.common.rest_client [req-893accf5-fc38-48b7-8227-e9c0ddae14a2 req-893accf5-fc38-48b7-8227-e9c0ddae14a2 ] Request (FlavorsExtraSpecsNegativeTestJSON:tearDownClass): 200 GET http://10.180.1.21/networking/v2.0/security-groups?tenant_id=a56643e7b12e41acb704dd57d7b672c1&name=default 0.305s
2025-11-23 05:00:56.503 66399 INFO tempest.lib.common.rest_client [req-ef1d5637-54e3-44c1-9d40-e05f08bbd5d4 req-ef1d5637-54e3-44c1-9d40-e05f08bbd5d4 ] Request (FloatingIPsAssociationNegativeTestJSON:tearDownClass): 200 GET http://10.180.1.21/compute/v2.1/servers/d22deb67-bff9-4752-8948-7dbb32547ae2 5.973s
2025-11-23 05:00:56.546 66345 INFO tempest.lib.common.rest_client [req-fdd4f7b8-8f9c-4731-9d64-bcf0fd1a5460 req-fdd4f7b8-8f9c-4731-9d64-bcf0fd1a5460 ] Request (FlavorsV2TestJSON:setUpClass): 201 POST http://10.180.1.21/identity/v3/auth/tokens 0.105s
2025-11-23 05:00:56.593 66391 INFO tempest.lib.common.rest_client [req-4b2cbd12-b7ff-4105-89a3-e7f25bdab4d7 req-4b2cbd12-b7ff-4105-89a3-e7f25bdab4d7 ] Request (ServerActionsTestJSON:test_lock_unlock_server): 202 POST http://10.180.1.21/compute/v2.1/servers/64d78a98-8de7-4acd-9248-e2a3026fe8b9/action 5.662s
2025-11-23 05:00:56.624 66387 INFO tempest.lib.common.rest_client [req-7500d2fd-f2ab-4136-912f-8d398eb5448e req-7500d2fd-f2ab-4136-912f-8d398eb5448e ] Request (FlavorsExtraSpecsNegativeTestJSON:tearDownClass): 204 DELETE http://10.180.1.21/networking/v2.0/security-groups/02010d3e-32e7-49a9-a81b-4b6df20b2d7a 0.145s
2025-11-23 05:00:56.665 66365 INFO tempest.lib.common.rest_client [req-6b81db56-3223-4a4f-867f-28cc61afd940 req-6b81db56-3223-4a4f-867f-28cc61afd940 ] Request (AttachInterfacesV270Test:tearDownClass): 204 DELETE http://10.180.1.21/networking/v2.0/networks/3d6dedf8-1d0d-4c20-b809-00696827f1f3 0.360s
2025-11-23 05:00:56.765 66387 INFO tempest.lib.common.rest_client [req-66e8ecb3-db3e-4a58-a81d-fc4141e65c2e req-66e8ecb3-db3e-4a58-a81d-fc4141e65c2e ] Request (FlavorsExtraSpecsNegativeTestJSON:tearDownClass): 204 DELETE http://10.180.1.21/identity/v3/projects/a56643e7b12e41acb704dd57d7b672c1 0.141s
2025-11-23 05:00:56.765 66387 INFO tempest.lib.common.dynamic_creds [-] Deleting project and security group for project: 0b1946e5fd0c4309b136d9cc3b8bce3a
2025-11-23 05:00:56.768 66365 INFO tempest.lib.common.rest_client [req-85041feb-e014-4471-9795-ae021558c022 req-85041feb-e014-4471-9795-ae021558c022 ] Request (AttachInterfacesV270Test:tearDownClass): 204 DELETE http://10.180.1.21/identity/v3/users/1deadf727d414df0af00bb48724f54d5 0.103s
2025-11-23 05:00:56.769 66365 INFO tempest.lib.common.dynamic_creds [-] Deleting project and security group for project: 70cbaab2a3ee4ff58613be5a7222626c
2025-11-23 05:00:56.791 66384 INFO tempest.lib.common.rest_client [req-c35e9331-ce67-4540-b74c-a54fa5bc48c7 req-c35e9331-ce67-4540-b74c-a54fa5bc48c7 ] Request (ServersNegativeTestJSON:setUpClass): 200 GET http://10.180.1.21/compute/v2.1/servers/80cb17a3-7598-4d18-be28-4f230a084a8c 5.835s
2025-11-23 05:00:56.808 66365 INFO tempest.lib.common.rest_client [req-6131a564-8eab-44af-a39e-7f5295b3a4d7 req-6131a564-8eab-44af-a39e-7f5295b3a4d7 ] Request (AttachInterfacesV270Test:tearDownClass): 200 GET http://10.180.1.21/networking/v2.0/security-groups?tenant_id=70cbaab2a3ee4ff58613be5a7222626c&name=default 0.038s
2025-11-23 05:00:56.875 66387 INFO tempest.lib.common.rest_client [req-1025e9c8-5021-4d11-8ee5-5e039a53beaf req-1025e9c8-5021-4d11-8ee5-5e039a53beaf ] Request (FlavorsExtraSpecsNegativeTestJSON:tearDownClass): 200 GET http://10.180.1.21/networking/v2.0/security-groups?tenant_id=0b1946e5fd0c4309b136d9cc3b8bce3a&name=default 0.109s
2025-11-23 05:00:56.953 66365 INFO tempest.lib.common.rest_client [req-deac2ddb-aa10-48b9-8d01-350de4963e38 req-deac2ddb-aa10-48b9-8d01-350de4963e38 ] Request (AttachInterfacesV270Test:tearDownClass): 204 DELETE http://10.180.1.21/networking/v2.0/security-groups/2d3e84fe-ec27-465c-bfe4-6557d06b1d69 0.145s
2025-11-23 05:00:56.964 66363 INFO tempest.lib.common.rest_client [req-9c86a4f7-16e7-4969-82a6-d4927e77da9d req-9c86a4f7-16e7-4969-82a6-d4927e77da9d ] Request (SecurityGroupsNegativeTestJSON:test_delete_nonexistent_security_group): 404 DELETE http://10.180.1.21/compute/v2.1/os-security-groups/d4b1f632-3197-403c-8c2d-dfaa2eb2e248 5.759s
2025-11-23 05:00:57.023 66387 INFO tempest.lib.common.rest_client [req-904209ce-acd4-4050-852a-d0a9dceead4f req-904209ce-acd4-4050-852a-d0a9dceead4f ] Request (FlavorsExtraSpecsNegativeTestJSON:tearDownClass): 204 DELETE http://10.180.1.21/networking/v2.0/security-groups/2df8f20f-9f18-4469-9209-d78547693f67 0.148s
2025-11-23 05:00:57.053 66361 INFO tempest.lib.common.rest_client [req-8d9f500f-8096-4412-a139-383648bab08c req-8d9f500f-8096-4412-a139-383648bab08c ] Request (ImagesTestJSON:test_create_image_from_suspended_server): 200 GET http://10.180.1.21/compute/v2.1/servers/a9c1ac35-10da-41b0-873e-721829434a3d 4.609s
2025-11-23 05:00:57.102 66365 INFO tempest.lib.common.rest_client [req-cf6724dd-aea9-44e6-9937-bb552a2c3e91 req-cf6724dd-aea9-44e6-9937-bb552a2c3e91 ] Request (AttachInterfacesV270Test:tearDownClass): 204 DELETE http://10.180.1.21/identity/v3/projects/70cbaab2a3ee4ff58613be5a7222626c 0.147s
2025-11-23 05:00:57.112 66387 INFO tempest.lib.common.rest_client [req-7906490a-a8c5-45a1-9dff-1afc7699f244 req-7906490a-a8c5-45a1-9dff-1afc7699f244 ] Request (FlavorsExtraSpecsNegativeTestJSON:tearDownClass): 204 DELETE http://10.180.1.21/identity/v3/projects/0b1946e5fd0c4309b136d9cc3b8bce3a 0.089s
2025-11-23 05:00:57.127 66393 INFO tempest.lib.common.rest_client [req-24c9d2ba-0f94-4147-87cf-732ba3b61072 req-24c9d2ba-0f94-4147-87cf-732ba3b61072 ] Request (InstanceActionsV221TestJSON:test_get_list_deleted_instance_actions): 200 GET http://10.180.1.21/compute/v2.1/servers/f87822e6-5d7e-45ec-b0fd-1568fe0f5fd5/os-instance-actions 4.652s
2025-11-23 05:00:57.144 66367 INFO tempest.lib.common.rest_client [req-8f6c6b38-5f50-4624-a400-e155428de323 req-8f6c6b38-5f50-4624-a400-e155428de323 ] Request (ServersTestBootFromVolume:setUpClass): 202 POST http://10.180.1.21/compute/v2.1/servers 6.267s
2025-11-23 05:00:57.168 66385 INFO tempest.lib.common.rest_client [req-bceda2ca-628b-4943-9b0d-599d15e1c4aa req-bceda2ca-628b-4943-9b0d-599d15e1c4aa ] Request (ServersTestJSON:tearDownClass): 404 GET http://10.180.1.21/compute/v2.1/servers/27a4730e-c815-4e6b-8608-0d3fbe3a6564 3.351s
2025-11-23 05:00:57.209 66365 INFO tempest.lib.common.rest_client [req-aeb237ae-dad9-44e7-9369-50cabf704fed req-aeb237ae-dad9-44e7-9369-50cabf704fed ] Request (ServerDiskConfigTestJSON:setUpClass): 201 POST http://10.180.1.21/identity/v3/auth/tokens 0.105s
2025-11-23 05:00:57.262 66387 INFO tempest.lib.common.rest_client [req-bf0c17d2-fd30-439a-870c-49b502500114 req-bf0c17d2-fd30-439a-870c-49b502500114 ] Request (KeyPairsV22TestJSON:setUpClass): 201 POST http://10.180.1.21/identity/v3/auth/tokens 0.148s
2025-11-23 05:00:57.313 66365 INFO tempest.lib.common.rest_client [req-839afa94-8573-4832-af00-302b1104fac6 req-839afa94-8573-4832-af00-302b1104fac6 ] Request (ServerDiskConfigTestJSON:setUpClass): 201 POST http://10.180.1.21/identity/v3/auth/tokens 0.097s
2025-11-23 05:00:57.389 66365 INFO tempest.lib.common.rest_client [req-693e9034-0faa-4a1e-be6d-1fca1b077733 req-693e9034-0faa-4a1e-be6d-1fca1b077733 ] Request (ServerDiskConfigTestJSON:setUpClass): 200 GET http://10.180.1.21/identity/v3/domains?name=Default 0.075s
2025-11-23 05:00:57.389 66387 INFO tempest.lib.common.rest_client [req-0454b45d-0a0e-4e8d-a43a-3cbb6e01066d req-0454b45d-0a0e-4e8d-a43a-3cbb6e01066d ] Request (KeyPairsV22TestJSON:setUpClass): 201 POST http://10.180.1.21/identity/v3/auth/tokens 0.122s
2025-11-23 05:00:57.452 66387 INFO tempest.lib.common.rest_client [req-6e84176d-f18c-48cd-92dd-7a96c6ea7440 req-6e84176d-f18c-48cd-92dd-7a96c6ea7440 ] Request (KeyPairsV22TestJSON:setUpClass): 200 GET http://10.180.1.21/identity/v3/domains?name=Default 0.061s
2025-11-23 05:00:57.452 66365 INFO tempest.lib.common.rest_client [req-11555081-52aa-4f52-85c7-51a8a9ba9382 req-11555081-52aa-4f52-85c7-51a8a9ba9382 ] Request (ServerDiskConfigTestJSON:setUpClass): 201 POST http://10.180.1.21/identity/v3/projects 0.061s
2025-11-23 05:00:57.523 66351 INFO tempest.lib.common.rest_client [req-712a4f59-d1e7-4fe5-8d95-d9312739766b req-712a4f59-d1e7-4fe5-8d95-d9312739766b ] Request (ListImageFiltersTestJSON:setUpClass): 200 GET http://10.180.1.21/compute/v2.1/servers/36f59905-1715-442e-ab75-0ab51f1ab346 3.278s
2025-11-23 05:00:57.544 66365 INFO tempest.lib.common.rest_client [req-ad07b7b2-994e-4d75-ad0f-0c05ac430956 req-ad07b7b2-994e-4d75-ad0f-0c05ac430956 ] Request (ServerDiskConfigTestJSON:setUpClass): 201 POST http://10.180.1.21/identity/v3/users 0.091s
2025-11-23 05:00:57.552 66387 INFO tempest.lib.common.rest_client [req-b5c60b4a-5d4b-4825-9cfd-e884c1dc0936 req-b5c60b4a-5d4b-4825-9cfd-e884c1dc0936 ] Request (KeyPairsV22TestJSON:setUpClass): 201 POST http://10.180.1.21/identity/v3/projects 0.100s
2025-11-23 05:00:57.560 66339 INFO tempest.lib.common.rest_client [req-f209a0e5-fb36-4f93-b207-9471075f60db req-f209a0e5-fb36-4f93-b207-9471075f60db ] Request (FloatingIPsNegativeTestJSON:test_delete_nonexistent_floating_ip): 404 DELETE http://10.180.1.21/compute/v2.1/os-floating-ips/d521beb5-6fbf-431f-8552-c7210ff1d031 3.062s
2025-11-23 05:00:57.609 66365 INFO tempest.lib.common.rest_client [req-9408cc04-62bd-4077-8d90-bc7a42bb765c req-9408cc04-62bd-4077-8d90-bc7a42bb765c ] Request (ServerDiskConfigTestJSON:setUpClass): 200 GET http://10.180.1.21/identity/v3/roles 0.064s
2025-11-23 05:00:57.624 66387 INFO tempest.lib.common.rest_client [req-00908288-678b-4b3a-8140-78b207057b9c req-00908288-678b-4b3a-8140-78b207057b9c ] Request (KeyPairsV22TestJSON:setUpClass): 201 POST http://10.180.1.21/identity/v3/users 0.072s
2025-11-23 05:00:57.642 66365 INFO tempest.lib.common.rest_client [req-18050e4e-9b36-4ad0-805e-42efe094fa3d req-18050e4e-9b36-4ad0-805e-42efe094fa3d ] Request (ServerDiskConfigTestJSON:setUpClass): 204 PUT http://10.180.1.21/identity/v3/projects/0deebf955aa94c169f9dc1c714b9d776/users/31d5d44232fb42f5931094b2d002aff5/roles/7750a879e597402d963560292570a035 0.033s
2025-11-23 05:00:57.643 66365 INFO tempest.lib.common.dynamic_creds [-] Dynamic test user 31d5d44232fb42f5931094b2d002aff5 is created with scope project and roles: ['member']
2025-11-23 05:00:57.643 66365 INFO tempest.lib.common.dynamic_creds [-] Acquired dynamic creds: credentials: Credentials: {'domain_id': 'default', 'domain_name': 'Default', 'username': 'tempest-ServerDiskConfigTestJSON-1160334058-project-member', 'project_domain_id': 'default', 'project_domain_name': 'Default', 'project_id': '0deebf955aa94c169f9dc1c714b9d776', 'project_name': 'tempest-ServerDiskConfigTestJSON-1160334058', 'tenant_id': '0deebf955aa94c169f9dc1c714b9d776', 'tenant_name': 'tempest-ServerDiskConfigTestJSON-1160334058', 'user_domain_id': 'default', 'user_domain_name': 'Default', 'user_id': '31d5d44232fb42f5931094b2d002aff5', 'system': None}, Network: None, Subnet: None, Router: None
2025-11-23 05:00:57.652 66387 INFO tempest.lib.common.rest_client [req-4c68d43e-a5d6-4aa9-985b-2c38c9d4620d req-4c68d43e-a5d6-4aa9-985b-2c38c9d4620d ] Request (KeyPairsV22TestJSON:setUpClass): 200 GET http://10.180.1.21/identity/v3/roles 0.027s
2025-11-23 05:00:57.718 66387 INFO tempest.lib.common.rest_client [req-4de65ca1-4685-47d7-920b-4cca07654389 req-4de65ca1-4685-47d7-920b-4cca07654389 ] Request (KeyPairsV22TestJSON:setUpClass): 204 PUT http://10.180.1.21/identity/v3/projects/96cabe475ecc4f15b267b414206bd65e/users/fa4454b5ebc944b7ad7a5aee7e8565ef/roles/7750a879e597402d963560292570a035 0.065s
2025-11-23 05:00:57.718 66387 INFO tempest.lib.common.dynamic_creds [-] Dynamic test user fa4454b5ebc944b7ad7a5aee7e8565ef is created with scope project and roles: ['member']
2025-11-23 05:00:57.718 66387 INFO tempest.lib.common.dynamic_creds [-] Acquired dynamic creds: credentials: Credentials: {'domain_id': 'default', 'domain_name': 'Default', 'username': 'tempest-KeyPairsV22TestJSON-720360863-project-member', 'project_domain_id': 'default', 'project_domain_name': 'Default', 'project_id': '96cabe475ecc4f15b267b414206bd65e', 'project_name': 'tempest-KeyPairsV22TestJSON-720360863', 'tenant_id': '96cabe475ecc4f15b267b414206bd65e', 'tenant_name': 'tempest-KeyPairsV22TestJSON-720360863', 'user_domain_id': 'default', 'user_domain_name': 'Default', 'user_id': 'fa4454b5ebc944b7ad7a5aee7e8565ef', 'system': None}, Network: None, Subnet: None, Router: None
2025-11-23 05:00:57.718 66387 INFO tempest.lib.common.dynamic_creds [-] Created isolated network resources for: credentials: Credentials: {'domain_id': 'default', 'domain_name': 'Default', 'username': 'tempest-KeyPairsV22TestJSON-720360863-project-member', 'project_domain_id': 'default', 'project_domain_name': 'Default', 'project_id': '96cabe475ecc4f15b267b414206bd65e', 'project_name': 'tempest-KeyPairsV22TestJSON-720360863', 'tenant_id': '96cabe475ecc4f15b267b414206bd65e', 'tenant_name': 'tempest-KeyPairsV22TestJSON-720360863', 'user_domain_id': 'default', 'user_domain_name': 'Default', 'user_id': 'fa4454b5ebc944b7ad7a5aee7e8565ef', 'system': None}, Network: None, Subnet: None, Router: None
2025-11-23 05:00:57.739 66365 INFO tempest.lib.common.rest_client [req-77f578a0-6169-4986-b64f-f4629b1de1b2 req-77f578a0-6169-4986-b64f-f4629b1de1b2 ] Request (ServerDiskConfigTestJSON:setUpClass): 201 POST http://10.180.1.21/identity/v3/auth/tokens 0.096s
2025-11-23 05:00:57.788 66387 INFO tempest.lib.common.rest_client [req-dff65c2e-3f9c-46d6-9c76-4b4138447af4 req-dff65c2e-3f9c-46d6-9c76-4b4138447af4 ] Request (KeyPairsV22TestJSON:setUpClass): 201 POST http://10.180.1.21/identity/v3/auth/tokens 0.066s
2025-11-23 05:00:58.191 66365 INFO tempest.lib.common.rest_client [req-4e577437-60d1-4f0c-8515-38f4639f76dc req-4e577437-60d1-4f0c-8515-38f4639f76dc ] Request (ServerDiskConfigTestJSON:setUpClass): 201 POST http://10.180.1.21/networking/v2.0/networks 0.451s
2025-11-23 05:00:58.336 66341 INFO tempest.lib.common.rest_client [req-aaea61aa-765f-4e77-943f-c78b93068372 req-aaea61aa-765f-4e77-943f-c78b93068372 ] Request (ServerTagsTestJSON:setUpClass): 202 POST http://10.180.1.21/compute/v2.1/servers 3.987s
2025-11-23 05:00:58.462 66339 INFO tempest.lib.common.rest_client [req-1fb57080-b495-4376-bce3-02c09e163b37 req-1fb57080-b495-4376-bce3-02c09e163b37 ] Request (FloatingIPsNegativeTestJSON:tearDownClass): 200 PUT http://10.180.1.21/networking/v2.0/routers/3ed61f5c-3b7f-40bc-a483-99e7a5075631/remove_router_interface 0.901s
2025-11-23 05:00:58.532 66389 INFO tempest.lib.common.rest_client [req-116712cf-15c8-4270-a909-1759cff9786b req-116712cf-15c8-4270-a909-1759cff9786b ] Request (FloatingIPsAssociationTestJSON:test_associate_already_associated_floating_ip): 409 POST http://10.180.1.21/compute/v2.1/servers/78fbc6ea-b9cf-4028-83ea-f93c8bd981ac/action 3.768s
