2025-11-23 04:59:10.357 66385 INFO tempest.lib.common.rest_client [req-10fb7540-556a-4e6c-b2d4-d09b703d168a req-10fb7540-556a-4e6c-b2d4-d09b703d168a ] Request (ServersTestJSON:setUpClass): 200 POST http://10.180.1.21/compute/v2.1/os-keypairs 3.668s
2025-11-23 04:59:10.396 66399 INFO tempest.lib.common.rest_client [req-135fbbdc-6e8a-4630-8d3f-a3e321b5ba0e req-135fbbdc-6e8a-4630-8d3f-a3e321b5ba0e ] Request (HypervisorAdminV253TestBase:tearDownClass): 201 POST http://10.180.1.21/identity/v3/auth/tokens 0.195s
2025-11-23 04:59:10.492 66378 INFO tempest.lib.common.rest_client [req-6ab59dcf-2d8f-4ad8-a898-aef7d87e28e9 req-6ab59dcf-2d8f-4ad8-a898-aef7d87e28e9 ] Request (ServersV294TestFqdnHostnames:setUpClass): 201 POST http://10.180.1.21/compute/v2.1/os-keypairs 2.340s
2025-11-23 04:59:10.515 66391 INFO tempest.lib.common.rest_client [req-2224d0cd-802e-43fe-a6fd-7b5b5f878823 req-2224d0cd-802e-43fe-a6fd-7b5b5f878823 ] Request (TenantUsagesNegativeTestJSON:tearDownClass): 200 GET http://10.180.1.21/networking/v2.0/security-groups?tenant_id=c538f73e93744d09b26a5eca53914fc4&name=default 0.826s
2025-11-23 04:59:10.615 66347 INFO tempest.lib.common.rest_client [req-e13ad3ae-0eb5-40a9-9424-2549a07f5ecb req-e13ad3ae-0eb5-40a9-9424-2549a07f5ecb ] Request (VolumesAssistedSnapshotsTest:test_volume_assisted_snapshot_create_delete): 201 POST http://10.180.1.21/networking/v2.0/security-group-rules 0.543s
2025-11-23 04:59:10.697 66351 INFO tempest.lib.common.rest_client [req-3c961ee4-b51a-4329-9df8-45d4bbbc0f37 req-3c961ee4-b51a-4329-9df8-45d4bbbc0f37 ] Request (HypervisorAdminUnderV252Test:tearDownClass): 204 DELETE http://10.180.1.21/networking/v2.0/security-groups/7815111a-3b34-4695-8df0-43b0da9e1e4e 0.360s
2025-11-23 04:59:10.768 66351 INFO tempest.lib.common.rest_client [req-ab0a5ea9-ce07-4799-b4e6-0b6cb986f8f4 req-ab0a5ea9-ce07-4799-b4e6-0b6cb986f8f4 ] Request (HypervisorAdminUnderV252Test:tearDownClass): 204 DELETE http://10.180.1.21/identity/v3/projects/9396c9ca6a934692ab0d07ef07e62bd1 0.071s
2025-11-23 04:59:10.768 66351 INFO tempest.lib.common.dynamic_creds [-] Deleting project and security group for project: 9b2c13faaa564964bf9db0f9592a209a
2025-11-23 04:59:10.801 66385 INFO tempest.lib.common.rest_client [req-3a646e03-911c-4eae-b66a-ec38ccbd7cd1 req-3a646e03-911c-4eae-b66a-ec38ccbd7cd1 ] Request (ServersTestJSON:setUpClass): 201 POST http://10.180.1.21/networking/v2.0/security-groups 0.440s
2025-11-23 04:59:10.923 66341 INFO tempest.lib.common.rest_client [req-bcf0cf0d-b6e2-47a1-ad67-91ba18fb8301 req-bcf0cf0d-b6e2-47a1-ad67-91ba18fb8301 ] Request (ServersTestFqdnHostnames:setUpClass): 200 PUT http://10.180.1.21/networking/v2.0/routers/50f47e68-ca41-4c9a-9c01-5ed0877ab639/add_router_interface 1.366s
2025-11-23 04:59:10.923 66341 INFO tempest.lib.common.dynamic_creds [-] Created isolated network resources for: credentials: Credentials: {'domain_id': 'default', 'domain_name': 'Default', 'username': 'tempest-ServersTestFqdnHostnames-672962481-project-member', 'project_domain_id': 'default', 'project_domain_name': 'Default', 'project_id': '6789884af49b4c5987818d2a10eca837', 'project_name': 'tempest-ServersTestFqdnHostnames-672962481', 'tenant_id': '6789884af49b4c5987818d2a10eca837', 'tenant_name': 'tempest-ServersTestFqdnHostnames-672962481', 'user_domain_id': 'default', 'user_domain_name': 'Default', 'user_id': '66ce8f602cb3432b8637b2d513dccb45', 'system': None}, Network: {'id': '953d816a-bea8-4798-9e3f-88b655c210ed', 'name': 'tempest-ServersTestFqdnHostnames-320036000-network', 'tenant_id': '6789884af49b4c5987818d2a10eca837', 'project_id': '6789884af49b4c5987818d2a10eca837', 'admin_state_up': True, 'mtu': 8950, 'status': 'ACTIVE', 'subnets': [], 'shared': False, 'port_security_enabled': True, 'router:external': False, 'provider:network_type': 'vlan', 'provider:physical_network': 'default', 'provider:segmentation_id': 320, 'availability_zone_hints': [], 'availability_zones': [], 'ipv4_address_scope': None, 'ipv6_address_scope': None, 'description': '', 'tags': [], 'created_at': '2025-11-23T04:59:07Z', 'updated_at': '2025-11-23T04:59:07Z', 'revision_number': 1}, Subnet: {'id': 'c43d8131-64d5-43a6-a9a2-1ce85a4377e5', 'name': 'tempest-ServersTestFqdnHostnames-320036000-subnet', 'tenant_id': '6789884af49b4c5987818d2a10eca837', 'network_id': '953d816a-bea8-4798-9e3f-88b655c210ed', 'ip_version': 4, 'subnetpool_id': None, 'enable_dhcp': True, 'ipv6_ra_mode': None, 'ipv6_address_mode': None, 'gateway_ip': '192.168.128.1', 'cidr': '192.168.128.0/28', 'allocation_pools': [{'start': '192.168.128.2', 'end': '192.168.128.14'}], 'host_routes': [], 'dns_nameservers': [], 'description': '', 'router:external': False, 'service_types': [], 'tags': [], 'created_at': '2025-11-23T04:59:08Z', 'updated_at': '2025-11-23T04:59:08Z', 'revision_number': 0, 'project_id': '6789884af49b4c5987818d2a10eca837'}, Router: {'id': '50f47e68-ca41-4c9a-9c01-5ed0877ab639', 'name': 'tempest-ServersTestFqdnHostnames-320036000-router', 'tenant_id': '6789884af49b4c5987818d2a10eca837', 'admin_state_up': True, 'status': 'ACTIVE', 'external_gateway_info': {'network_id': '34310d39-ad73-439b-bdea-2a3361785fbb', 'external_fixed_ips': [{'subnet_id': 'c856a448-2086-4533-ae15-e0f714ed4d88', 'ip_address': '10.180.180.242'}], 'enable_snat': True}, 'description': '', 'availability_zones': [], 'distributed': False, 'ha': False, 'availability_zone_hints': [], 'routes': [], 'flavor_id': None, 'tags': [], 'created_at': '2025-11-23T04:59:08Z', 'updated_at': '2025-11-23T04:59:09Z', 'revision_number': 2, 'project_id': '6789884af49b4c5987818d2a10eca837'}
2025-11-23 04:59:10.948 66349 INFO tempest.lib.common.rest_client [req-8d9e47da-146e-49a2-9b7e-20c3dba441fe req-8d9e47da-146e-49a2-9b7e-20c3dba441fe ] Request (ServerDiagnosticsTest:test_get_server_diagnostics): 200 GET http://10.180.1.21/compute/v2.1/servers/50d0b208-c86f-4be9-8ef7-fa6996be026f 2.925s
2025-11-23 04:59:10.985 66399 INFO tempest.lib.common.rest_client [req-29f5a799-8f6d-410f-be0b-bbb04439772f req-29f5a799-8f6d-410f-be0b-bbb04439772f ] Request (HypervisorAdminV253TestBase:tearDownClass): 200 GET http://10.180.1.21/networking/v2.0/security-groups?tenant_id=607bd1c5d3514792a007894d7b455bfa&name=default 0.588s
2025-11-23 04:59:11.013 66341 INFO tempest.lib.common.rest_client [req-8d2da190-8bdc-4b28-b6cc-d9135dbd5828 req-8d2da190-8bdc-4b28-b6cc-d9135dbd5828 ] Request (ServersTestFqdnHostnames:setUpClass): 201 POST http://10.180.1.21/identity/v3/auth/tokens 0.085s
2025-11-23 04:59:11.034 66378 INFO tempest.lib.common.rest_client [req-6c96ded7-a3ea-4d51-9300-a788927ef6d7 req-6c96ded7-a3ea-4d51-9300-a788927ef6d7 ] Request (ServersV294TestFqdnHostnames:setUpClass): 201 POST http://10.180.1.21/networking/v2.0/security-groups 0.539s
2025-11-23 04:59:11.089 66391 INFO tempest.lib.common.rest_client [req-b50c5b29-a9df-434f-b31c-858c93d875ff req-b50c5b29-a9df-434f-b31c-858c93d875ff ] Request (TenantUsagesNegativeTestJSON:tearDownClass): 204 DELETE http://10.180.1.21/networking/v2.0/security-groups/488bd92a-b734-4943-b55c-c25aba44c673 0.573s
2025-11-23 04:59:11.176 66391 INFO tempest.lib.common.rest_client [req-e417946b-9de3-4424-a5c7-787a82df71d7 req-e417946b-9de3-4424-a5c7-787a82df71d7 ] Request (TenantUsagesNegativeTestJSON:tearDownClass): 204 DELETE http://10.180.1.21/identity/v3/projects/c538f73e93744d09b26a5eca53914fc4 0.087s
2025-11-23 04:59:11.177 66391 INFO tempest.lib.common.dynamic_creds [-] Deleting project and security group for project: 5f084faf60214d55a1c070e20925a23a
2025-11-23 04:59:11.306 66353 INFO tempest.lib.common.rest_client [req-3392e10a-a303-4e80-81e5-02c8b78db9cd req-3392e10a-a303-4e80-81e5-02c8b78db9cd ] Request (SecurityGroupsTestAdminJSON:test_list_security_groups_list_all_tenants_filter): 200 POST http://10.180.1.21/compute/v2.1/os-security-groups 3.111s
2025-11-23 04:59:11.384 66347 INFO tempest.lib.common.rest_client [req-00716fd6-072f-4175-92f5-0383bad25533 req-00716fd6-072f-4175-92f5-0383bad25533 ] Request (VolumesAssistedSnapshotsTest:test_volume_assisted_snapshot_create_delete): 201 POST http://10.180.1.21/networking/v2.0/security-group-rules 0.768s
2025-11-23 04:59:11.500 66351 INFO tempest.lib.common.rest_client [req-6ed81874-792f-4743-877d-08d93539b94e req-6ed81874-792f-4743-877d-08d93539b94e ] Request (HypervisorAdminUnderV252Test:tearDownClass): 200 GET http://10.180.1.21/networking/v2.0/security-groups?tenant_id=9b2c13faaa564964bf9db0f9592a209a&name=default 0.731s
2025-11-23 04:59:11.575 66385 INFO tempest.lib.common.rest_client [req-94081ae9-80e4-4578-90e7-df5ecb856007 req-94081ae9-80e4-4578-90e7-df5ecb856007 ] Request (ServersTestJSON:setUpClass): 201 POST http://10.180.1.21/networking/v2.0/security-group-rules 0.773s
2025-11-23 04:59:11.652 66399 INFO tempest.lib.common.rest_client [req-39c8ffa9-987c-49cc-9190-40139f9f1819 req-39c8ffa9-987c-49cc-9190-40139f9f1819 ] Request (HypervisorAdminV253TestBase:tearDownClass): 204 DELETE http://10.180.1.21/networking/v2.0/security-groups/0b0bbcf2-7dd2-4a5f-8587-0284b7e7209e 0.667s
2025-11-23 04:59:11.768 66378 INFO tempest.lib.common.rest_client [req-0c54445e-318e-4b9b-9e73-c2325c5b9d8f req-0c54445e-318e-4b9b-9e73-c2325c5b9d8f ] Request (ServersV294TestFqdnHostnames:setUpClass): 201 POST http://10.180.1.21/networking/v2.0/security-group-rules 0.734s
2025-11-23 04:59:11.778 66399 INFO tempest.lib.common.rest_client [req-c92dfcc5-82c6-4413-b307-41ec975529db req-c92dfcc5-82c6-4413-b307-41ec975529db ] Request (HypervisorAdminV253TestBase:tearDownClass): 204 DELETE http://10.180.1.21/identity/v3/projects/607bd1c5d3514792a007894d7b455bfa 0.125s
2025-11-23 04:59:11.778 66399 INFO tempest.lib.common.dynamic_creds [-] Deleting project and security group for project: c7ad133a47444443a82d5b0e78408913
2025-11-23 04:59:11.857 66391 INFO tempest.lib.common.rest_client [req-9ae2979c-8908-497b-b0ee-01372d40b436 req-9ae2979c-8908-497b-b0ee-01372d40b436 ] Request (TenantUsagesNegativeTestJSON:tearDownClass): 200 GET http://10.180.1.21/networking/v2.0/security-groups?tenant_id=5f084faf60214d55a1c070e20925a23a&name=default 0.680s
2025-11-23 04:59:11.886 66371 INFO tempest.lib.common.rest_client [req-2869c5d2-ee3e-4067-aa3e-20583343b513 req-2869c5d2-ee3e-4067-aa3e-20583343b513 ] Request (ServerDiagnosticsNegativeTest:test_get_server_diagnostics_by_non_admin): 200 GET http://10.180.1.21/compute/v2.1/servers/ff44b195-0d0d-4771-b73a-0ce22cdd5088 3.105s
2025-11-23 04:59:11.894 66371 INFO tempest.common.waiters [-] State transition "BUILD/None" ==> "BUILD/block_device_mapping" after 4 second wait
2025-11-23 04:59:12.218 66347 INFO tempest.lib.common.rest_client [req-bbf0d3ea-e260-4d4e-b12c-5334313d8bbf req-bbf0d3ea-e260-4d4e-b12c-5334313d8bbf ] Request (VolumesAssistedSnapshotsTest:test_volume_assisted_snapshot_create_delete): 201 POST http://10.180.1.21/networking/v2.0/floatingips 0.834s
2025-11-23 04:59:12.300 66347 INFO tempest.lib.common.rest_client [req-eb58a1aa-948a-4012-a476-831668aadf5b req-eb58a1aa-948a-4012-a476-831668aadf5b ] Request (VolumesAssistedSnapshotsTest:test_volume_assisted_snapshot_create_delete): 201 POST http://10.180.1.21/identity/v3/auth/tokens 0.079s
2025-11-23 04:59:12.301 66347 INFO tempest.lib.common.fixed_network [-] (VolumesAssistedSnapshotsTest:test_volume_assisted_snapshot_create_delete) Found network {'id': '55d8e65e-5313-49bd-b49b-6fcd2053b79e', 'name': 'tempest-VolumesAssistedSnapshotsTest-1288892073-network', 'tenant_id': 'fc3de00d4914482eb90c2157ba478a04', 'project_id': 'fc3de00d4914482eb90c2157ba478a04', 'admin_state_up': True, 'mtu': 8950, 'status': 'ACTIVE', 'subnets': [], 'shared': False, 'port_security_enabled': True, 'router:external': False, 'provider:network_type': 'vlan', 'provider:physical_network': 'default', 'provider:segmentation_id': 869, 'availability_zone_hints': [], 'availability_zones': [], 'ipv4_address_scope': None, 'ipv6_address_scope': None, 'description': '', 'tags': [], 'created_at': '2025-11-23T04:58:50Z', 'updated_at': '2025-11-23T04:58:50Z', 'revision_number': 1} available for tenant
2025-11-23 04:59:12.370 66351 INFO tempest.lib.common.rest_client [req-c3681e5c-13f9-4cdc-9ade-5603263e3ec3 req-c3681e5c-13f9-4cdc-9ade-5603263e3ec3 ] Request (HypervisorAdminUnderV252Test:tearDownClass): 204 DELETE http://10.180.1.21/networking/v2.0/security-groups/5b867a63-dc87-4874-b780-02997c1a270e 0.869s
2025-11-23 04:59:12.453 66385 INFO tempest.lib.common.rest_client [req-7107cac6-b024-4df0-9f6f-c7ef61edc820 req-7107cac6-b024-4df0-9f6f-c7ef61edc820 ] Request (ServersTestJSON:setUpClass): 201 POST http://10.180.1.21/networking/v2.0/security-group-rules 0.878s
2025-11-23 04:59:12.473 66351 INFO tempest.lib.common.rest_client [req-fca4e756-d1dc-44ac-8755-ea031eeda837 req-fca4e756-d1dc-44ac-8755-ea031eeda837 ] Request (HypervisorAdminUnderV252Test:tearDownClass): 204 DELETE http://10.180.1.21/identity/v3/projects/9b2c13faaa564964bf9db0f9592a209a 0.103s
2025-11-23 04:59:12.494 66379 INFO tempest.lib.common.rest_client [req-f117a8dc-9a45-4894-8961-a3cf78faa12b req-f117a8dc-9a45-4894-8961-a3cf78faa12b ] Request (DeleteServersAdminTestJSON:test_admin_delete_servers_of_others): 200 GET http://10.180.1.21/compute/v2.1/servers/dd7827dc-7797-40ab-a742-c46a772a7c08 4.073s
2025-11-23 04:59:12.503 66379 INFO tempest.common.waiters [-] State transition "BUILD/None" ==> "BUILD/spawning" after 5 second wait
2025-11-23 04:59:12.534 66351 INFO tempest.lib.common.rest_client [req-4315cddd-89e8-4498-8cec-1090c6c43d9b req-4315cddd-89e8-4498-8cec-1090c6c43d9b ] Request (QuotaClassesAdmin257Test:setUpClass): 201 POST http://10.180.1.21/identity/v3/auth/tokens 0.059s
2025-11-23 04:59:12.560 66378 INFO tempest.lib.common.rest_client [req-1260bc71-b529-46cc-91e3-38a9e7f61540 req-1260bc71-b529-46cc-91e3-38a9e7f61540 ] Request (ServersV294TestFqdnHostnames:setUpClass): 201 POST http://10.180.1.21/networking/v2.0/security-group-rules 0.791s
2025-11-23 04:59:12.579 66351 INFO tempest.lib.common.rest_client [req-01c86bfc-da29-4148-8dd8-0e0eaa623122 req-01c86bfc-da29-4148-8dd8-0e0eaa623122 ] Request (QuotaClassesAdmin257Test:setUpClass): 201 POST http://10.180.1.21/identity/v3/auth/tokens 0.041s
2025-11-23 04:59:12.606 66351 INFO tempest.lib.common.rest_client [req-c2698e4a-3c96-43e2-8f0c-36f08593f595 req-c2698e4a-3c96-43e2-8f0c-36f08593f595 ] Request (QuotaClassesAdmin257Test:setUpClass): 200 GET http://10.180.1.21/identity/v3/domains?name=Default 0.026s
2025-11-23 04:59:12.641 66351 INFO tempest.lib.common.rest_client [req-ad5ba862-b8e6-4378-8e91-a8935b9130ee req-ad5ba862-b8e6-4378-8e91-a8935b9130ee ] Request (QuotaClassesAdmin257Test:setUpClass): 201 POST http://10.180.1.21/identity/v3/projects 0.034s
2025-11-23 04:59:12.649 66399 INFO tempest.lib.common.rest_client [req-b09a85ed-8588-4abc-ab86-7482ebbfa8cb req-b09a85ed-8588-4abc-ab86-7482ebbfa8cb ] Request (HypervisorAdminV253TestBase:tearDownClass): 200 GET http://10.180.1.21/networking/v2.0/security-groups?tenant_id=c7ad133a47444443a82d5b0e78408913&name=default 0.871s
2025-11-23 04:59:12.706 66351 INFO tempest.lib.common.rest_client [req-bced307b-a96b-40c1-8c8a-01aa49e46c30 req-bced307b-a96b-40c1-8c8a-01aa49e46c30 ] Request (QuotaClassesAdmin257Test:setUpClass): 201 POST http://10.180.1.21/identity/v3/users 0.064s
2025-11-23 04:59:12.720 66391 INFO tempest.lib.common.rest_client [req-ccf3038c-a9fb-49bb-be84-f0989a2c14f4 req-ccf3038c-a9fb-49bb-be84-f0989a2c14f4 ] Request (TenantUsagesNegativeTestJSON:tearDownClass): 204 DELETE http://10.180.1.21/networking/v2.0/security-groups/650b2ca0-65be-4db7-8fd9-412cd0554bc8 0.863s
2025-11-23 04:59:12.731 66351 INFO tempest.lib.common.rest_client [req-ae1f87f0-3389-4721-ade6-143079e37f1a req-ae1f87f0-3389-4721-ade6-143079e37f1a ] Request (QuotaClassesAdmin257Test:setUpClass): 200 GET http://10.180.1.21/identity/v3/roles 0.025s
2025-11-23 04:59:12.757 66351 INFO tempest.lib.common.rest_client [req-d59735a5-25a0-4e5f-8823-9b245acf4ae1 req-d59735a5-25a0-4e5f-8823-9b245acf4ae1 ] Request (QuotaClassesAdmin257Test:setUpClass): 204 PUT http://10.180.1.21/identity/v3/projects/2bc659ea070d49a1baa0a5d49c471be5/users/b83a2e284a8045479d9b547e69978df4/roles/7750a879e597402d963560292570a035 0.025s
2025-11-23 04:59:12.757 66351 INFO tempest.lib.common.dynamic_creds [-] Dynamic test user b83a2e284a8045479d9b547e69978df4 is created with scope project and roles: ['member']
2025-11-23 04:59:12.757 66351 INFO tempest.lib.common.dynamic_creds [-] Acquired dynamic creds: credentials: Credentials: {'domain_id': 'default', 'domain_name': 'Default', 'username': 'tempest-QuotaClassesAdmin257Test-1420497615-project-member', 'project_domain_id': 'default', 'project_domain_name': 'Default', 'project_id': '2bc659ea070d49a1baa0a5d49c471be5', 'project_name': 'tempest-QuotaClassesAdmin257Test-1420497615', 'tenant_id': '2bc659ea070d49a1baa0a5d49c471be5', 'tenant_name': 'tempest-QuotaClassesAdmin257Test-1420497615', 'user_domain_id': 'default', 'user_domain_name': 'Default', 'user_id': 'b83a2e284a8045479d9b547e69978df4', 'system': None}, Network: None, Subnet: None, Router: None
2025-11-23 04:59:12.758 66351 INFO tempest.lib.common.dynamic_creds [-] Created isolated network resources for: credentials: Credentials: {'domain_id': 'default', 'domain_name': 'Default', 'username': 'tempest-QuotaClassesAdmin257Test-1420497615-project-member', 'project_domain_id': 'default', 'project_domain_name': 'Default', 'project_id': '2bc659ea070d49a1baa0a5d49c471be5', 'project_name': 'tempest-QuotaClassesAdmin257Test-1420497615', 'tenant_id': '2bc659ea070d49a1baa0a5d49c471be5', 'tenant_name': 'tempest-QuotaClassesAdmin257Test-1420497615', 'user_domain_id': 'default', 'user_domain_name': 'Default', 'user_id': 'b83a2e284a8045479d9b547e69978df4', 'system': None}, Network: None, Subnet: None, Router: None
2025-11-23 04:59:12.796 66391 INFO tempest.lib.common.rest_client [req-92b2e1b9-1fd9-4e0d-8ee8-ed9da25e295e req-92b2e1b9-1fd9-4e0d-8ee8-ed9da25e295e ] Request (TenantUsagesNegativeTestJSON:tearDownClass): 204 DELETE http://10.180.1.21/identity/v3/projects/5f084faf60214d55a1c070e20925a23a 0.075s
2025-11-23 04:59:12.827 66351 INFO tempest.lib.common.rest_client [req-59d0483f-481a-4f2d-a100-01acabfc3349 req-59d0483f-481a-4f2d-a100-01acabfc3349 ] Request (QuotaClassesAdmin257Test:setUpClass): 201 POST http://10.180.1.21/identity/v3/auth/tokens 0.067s
2025-11-23 04:59:12.887 66391 INFO tempest.lib.common.rest_client [req-8c1309fc-c351-428e-8233-50b3bbb3dbe4 req-8c1309fc-c351-428e-8233-50b3bbb3dbe4 ] Request (ServerActionsTestJSON:setUpClass): 201 POST http://10.180.1.21/identity/v3/auth/tokens 0.089s
2025-11-23 04:59:12.924 66351 INFO tempest.lib.common.rest_client [req-755b02c8-1a2c-489d-a20b-d20ca16a92e0 req-755b02c8-1a2c-489d-a20b-d20ca16a92e0 ] Request (QuotaClassesAdmin257Test:setUpClass): 201 POST http://10.180.1.21/identity/v3/projects 0.096s
2025-11-23 04:59:12.990 66391 INFO tempest.lib.common.rest_client [req-e1c17e49-4b4b-4f3b-ab37-238ca0057f21 req-e1c17e49-4b4b-4f3b-ab37-238ca0057f21 ] Request (ServerActionsTestJSON:setUpClass): 201 POST http://10.180.1.21/identity/v3/auth/tokens 0.100s
2025-11-23 04:59:13.005 66351 INFO tempest.lib.common.rest_client [req-4bb0ec94-d8fc-40ce-8900-ad06ee936714 req-4bb0ec94-d8fc-40ce-8900-ad06ee936714 ] Request (QuotaClassesAdmin257Test:setUpClass): 201 POST http://10.180.1.21/identity/v3/users 0.080s
2025-11-23 04:59:13.014 66391 INFO tempest.lib.common.rest_client [req-2c20ae3a-c6e6-4231-9c94-302420000e41 req-2c20ae3a-c6e6-4231-9c94-302420000e41 ] Request (ServerActionsTestJSON:setUpClass): 200 GET http://10.180.1.21/identity/v3/domains?name=Default 0.023s
2025-11-23 04:59:13.026 66351 INFO tempest.lib.common.rest_client [req-1b77f91c-3504-4d17-b486-fae5d44c256d req-1b77f91c-3504-4d17-b486-fae5d44c256d ] Request (QuotaClassesAdmin257Test:setUpClass): 200 GET http://10.180.1.21/identity/v3/roles 0.021s
2025-11-23 04:59:13.044 66391 INFO tempest.lib.common.rest_client [req-17e5ad1c-85f1-4719-aa71-2b9c57ca0848 req-17e5ad1c-85f1-4719-aa71-2b9c57ca0848 ] Request (ServerActionsTestJSON:setUpClass): 201 POST http://10.180.1.21/identity/v3/projects 0.029s
2025-11-23 04:59:13.061 66351 INFO tempest.lib.common.rest_client [req-5db01cfd-1347-4630-b81e-7bdbcfba6b89 req-5db01cfd-1347-4630-b81e-7bdbcfba6b89 ] Request (QuotaClassesAdmin257Test:setUpClass): 204 PUT http://10.180.1.21/identity/v3/projects/3e08dcfac7224004a51192a5cdf4ddef/users/e200fb2f2f6b413c94c02897cdaabd3d/roles/84b9c59818124952b0d160da43ed9954 0.034s
2025-11-23 04:59:13.117 66351 INFO tempest.lib.common.rest_client [req-e2839dac-8ff8-41ab-a905-3e054f2851d4 req-e2839dac-8ff8-41ab-a905-3e054f2851d4 ] Request (QuotaClassesAdmin257Test:setUpClass): 200 GET http://10.180.1.21/identity/v3/roles 0.056s
2025-11-23 04:59:13.142 66351 INFO tempest.lib.common.rest_client [req-e1e245a8-8c4e-4c84-9cf2-bb6d071b1068 req-e1e245a8-8c4e-4c84-9cf2-bb6d071b1068 ] Request (QuotaClassesAdmin257Test:setUpClass): 204 PUT http://10.180.1.21/identity/v3/projects/3e08dcfac7224004a51192a5cdf4ddef/users/e200fb2f2f6b413c94c02897cdaabd3d/roles/84b9c59818124952b0d160da43ed9954 0.025s
2025-11-23 04:59:13.143 66351 INFO tempest.lib.common.dynamic_creds [-] Dynamic test user e200fb2f2f6b413c94c02897cdaabd3d is created with scope project and roles: ['admin']
2025-11-23 04:59:13.143 66351 INFO tempest.lib.common.dynamic_creds [-] Acquired dynamic creds: credentials: Credentials: {'domain_id': 'default', 'domain_name': 'Default', 'username': 'tempest-QuotaClassesAdmin257Test-1220795737-project-admin', 'project_domain_id': 'default', 'project_domain_name': 'Default', 'project_id': '3e08dcfac7224004a51192a5cdf4ddef', 'project_name': 'tempest-QuotaClassesAdmin257Test-1220795737', 'tenant_id': '3e08dcfac7224004a51192a5cdf4ddef', 'tenant_name': 'tempest-QuotaClassesAdmin257Test-1220795737', 'user_domain_id': 'default', 'user_domain_name': 'Default', 'user_id': 'e200fb2f2f6b413c94c02897cdaabd3d', 'system': None}, Network: None, Subnet: None, Router: None
2025-11-23 04:59:13.143 66351 INFO tempest.lib.common.dynamic_creds [-] Created isolated network resources for: credentials: Credentials: {'domain_id': 'default', 'domain_name': 'Default', 'username': 'tempest-QuotaClassesAdmin257Test-1220795737-project-admin', 'project_domain_id': 'default', 'project_domain_name': 'Default', 'project_id': '3e08dcfac7224004a51192a5cdf4ddef', 'project_name': 'tempest-QuotaClassesAdmin257Test-1220795737', 'tenant_id': '3e08dcfac7224004a51192a5cdf4ddef', 'tenant_name': 'tempest-QuotaClassesAdmin257Test-1220795737', 'user_domain_id': 'default', 'user_domain_name': 'Default', 'user_id': 'e200fb2f2f6b413c94c02897cdaabd3d', 'system': None}, Network: None, Subnet: None, Router: None
2025-11-23 04:59:13.163 66391 INFO tempest.lib.common.rest_client [req-fd787efa-ef9c-420a-af55-964fc1f795b6 req-fd787efa-ef9c-420a-af55-964fc1f795b6 ] Request (ServerActionsTestJSON:setUpClass): 201 POST http://10.180.1.21/identity/v3/users 0.118s
2025-11-23 04:59:13.175 66355 INFO tempest.lib.common.rest_client [req-899a7ccc-e204-48f8-92a8-a3be2b07e92b req-899a7ccc-e204-48f8-92a8-a3be2b07e92b ] Request (AttachInterfacesTestJSON:test_create_list_show_delete_interfaces_by_fixed_ip): 200 GET http://10.180.1.21/compute/v2.1/servers/eb5249b6-4ac1-410d-b552-dc8e61497478 4.234s
2025-11-23 04:59:13.224 66391 INFO tempest.lib.common.rest_client [req-58dff3f7-21bc-4de9-8435-61eb393d1dec req-58dff3f7-21bc-4de9-8435-61eb393d1dec ] Request (ServerActionsTestJSON:setUpClass): 200 GET http://10.180.1.21/identity/v3/roles 0.061s
2025-11-23 04:59:13.251 66351 INFO tempest.lib.common.rest_client [req-af8187c8-88a0-48d9-930c-85eb3c9ad0e5 req-af8187c8-88a0-48d9-930c-85eb3c9ad0e5 ] Request (QuotaClassesAdmin257Test:setUpClass): 201 POST http://10.180.1.21/identity/v3/auth/tokens 0.104s
2025-11-23 04:59:13.263 66391 INFO tempest.lib.common.rest_client [req-52cf19d0-18fe-4849-9e2a-3f65a7976202 req-52cf19d0-18fe-4849-9e2a-3f65a7976202 ] Request (ServerActionsTestJSON:setUpClass): 204 PUT http://10.180.1.21/identity/v3/projects/fda5d28a93e94aa183a0bbb9017b721a/users/6c9116b5760d41a48762a3edb558b0ea/roles/7750a879e597402d963560292570a035 0.037s
2025-11-23 04:59:13.263 66391 INFO tempest.lib.common.dynamic_creds [-] Dynamic test user 6c9116b5760d41a48762a3edb558b0ea is created with scope project and roles: ['member']
2025-11-23 04:59:13.264 66391 INFO tempest.lib.common.dynamic_creds [-] Acquired dynamic creds: credentials: Credentials: {'domain_id': 'default', 'domain_name': 'Default', 'username': 'tempest-ServerActionsTestJSON-369892048-project-member', 'project_domain_id': 'default', 'project_domain_name': 'Default', 'project_id': 'fda5d28a93e94aa183a0bbb9017b721a', 'project_name': 'tempest-ServerActionsTestJSON-369892048', 'tenant_id': 'fda5d28a93e94aa183a0bbb9017b721a', 'tenant_name': 'tempest-ServerActionsTestJSON-369892048', 'user_domain_id': 'default', 'user_domain_name': 'Default', 'user_id': '6c9116b5760d41a48762a3edb558b0ea', 'system': None}, Network: None, Subnet: None, Router: None
2025-11-23 04:59:13.343 66391 INFO tempest.lib.common.rest_client [req-2f714946-524f-41bb-b8f5-5b12cca9f7be req-2f714946-524f-41bb-b8f5-5b12cca9f7be ] Request (ServerActionsTestJSON:setUpClass): 201 POST http://10.180.1.21/identity/v3/auth/tokens 0.079s
2025-11-23 04:59:13.415 66359 INFO tempest.lib.common.rest_client [req-1ce4876a-307b-415e-b458-b4380945596a req-1ce4876a-307b-415e-b458-b4380945596a ] Request (FlavorsAccessNegativeTestJSON:test_add_flavor_access_duplicate): 409 POST http://10.180.1.21/compute/v2.1/flavors/263789827/action 4.431s
2025-11-23 04:59:13.546 66397 INFO tempest.lib.common.rest_client [req-7ed76bba-7dff-490e-a983-cbe3eccd076b req-7ed76bba-7dff-490e-a983-cbe3eccd076b ] Request (InstanceUsageAuditLogNegativeTestJSON:test_get_instance_usage_audit_logs_with_invalid_time): 400 GET http://10.180.1.21/compute/v2.1/os-instance_usage_audit_log/invalid_time 4.558s
2025-11-23 04:59:13.547 66385 INFO tempest.lib.common.rest_client [req-7c96954d-6f55-4ada-99b9-02835bfc3714 req-7c96954d-6f55-4ada-99b9-02835bfc3714 ] Request (ServersTestJSON:setUpClass): 201 POST http://10.180.1.21/networking/v2.0/floatingips 1.093s
2025-11-23 04:59:13.566 66378 INFO tempest.lib.common.rest_client [req-86baf0c0-5e3a-48c3-895b-7ffd978b8c11 req-86baf0c0-5e3a-48c3-895b-7ffd978b8c11 ] Request (ServersV294TestFqdnHostnames:setUpClass): 201 POST http://10.180.1.21/networking/v2.0/floatingips 1.005s
2025-11-23 04:59:13.594 66345 INFO tempest.lib.common.rest_client [req-feb7018c-1ca0-4f1d-b478-b4c5cf8953bd req-feb7018c-1ca0-4f1d-b478-b4c5cf8953bd ] Request (KeyPairsV210TestJSON:test_admin_manage_keypairs_for_other_users): 201 POST http://10.180.1.21/compute/v2.1/os-keypairs 4.602s
2025-11-23 04:59:13.602 66385 INFO tempest.lib.common.rest_client [req-fffaaf18-9d7b-40e8-9561-559962d3c1ae req-fffaaf18-9d7b-40e8-9561-559962d3c1ae ] Request (ServersTestJSON:setUpClass): 201 POST http://10.180.1.21/identity/v3/auth/tokens 0.052s
2025-11-23 04:59:13.602 66385 INFO tempest.lib.common.fixed_network [-] (ServersTestJSON:setUpClass) Found network {'id': '1af2599c-880f-4f81-9cde-0b0fc42a3ab3', 'name': 'tempest-ServersTestJSON-1909865171-network', 'tenant_id': 'ce045ce0815d40508e735cac50d36646', 'project_id': 'ce045ce0815d40508e735cac50d36646', 'admin_state_up': True, 'mtu': 8950, 'status': 'ACTIVE', 'subnets': [], 'shared': False, 'port_security_enabled': True, 'router:external': False, 'provider:network_type': 'vlan', 'provider:physical_network': 'default', 'provider:segmentation_id': 75, 'availability_zone_hints': [], 'availability_zones': [], 'ipv4_address_scope': None, 'ipv6_address_scope': None, 'description': '', 'tags': [], 'created_at': '2025-11-23T04:59:03Z', 'updated_at': '2025-11-23T04:59:03Z', 'revision_number': 1} available for tenant
2025-11-23 04:59:13.618 66375 INFO tempest.lib.common.rest_client [req-f7960c09-37bb-4b14-a88f-fd12f596b521 req-f7960c09-37bb-4b14-a88f-fd12f596b521 ] Request (FlavorsAdminTestJSON:test_create_flavor_verify_entry_in_list_details): 200 POST http://10.180.1.21/compute/v2.1/flavors 4.574s
2025-11-23 04:59:13.633 66378 INFO tempest.lib.common.rest_client [req-d08c9eea-5b08-4b1f-b81c-c63582fe1079 req-d08c9eea-5b08-4b1f-b81c-c63582fe1079 ] Request (ServersV294TestFqdnHostnames:setUpClass): 201 POST http://10.180.1.21/identity/v3/auth/tokens 0.064s
2025-11-23 04:59:13.633 66378 INFO tempest.lib.common.fixed_network [-] (ServersV294TestFqdnHostnames:setUpClass) Found network {'id': 'd54d7ab2-06b1-45cf-962a-d6958b587014', 'name': 'tempest-ServersV294TestFqdnHostnames-1732666737-network', 'tenant_id': 'e4941553f2c7484bac327c8b65a78fee', 'project_id': 'e4941553f2c7484bac327c8b65a78fee', 'admin_state_up': True, 'mtu': 8950, 'status': 'ACTIVE', 'subnets': [], 'shared': False, 'port_security_enabled': True, 'router:external': False, 'provider:network_type': 'vlan', 'provider:physical_network': 'default', 'provider:segmentation_id': 186, 'availability_zone_hints': [], 'availability_zones': [], 'ipv4_address_scope': None, 'ipv6_address_scope': None, 'description': '', 'tags': [], 'created_at': '2025-11-23T04:59:05Z', 'updated_at': '2025-11-23T04:59:05Z', 'revision_number': 1} available for tenant
2025-11-23 04:59:13.639 66399 INFO tempest.lib.common.rest_client [req-6578f49d-7467-4dc3-ac29-2d4adbeca179 req-6578f49d-7467-4dc3-ac29-2d4adbeca179 ] Request (HypervisorAdminV253TestBase:tearDownClass): 204 DELETE http://10.180.1.21/networking/v2.0/security-groups/0d13c000-1256-4da8-8349-ee48fa408c35 0.989s
2025-11-23 04:59:13.642 66361 INFO tempest.lib.common.rest_client [req-5181e6b0-f315-4a3c-9d73-c78e615d84d2 req-5181e6b0-f315-4a3c-9d73-c78e615d84d2 ] Request (FlavorsV255TestJSON:test_crud_flavor): 200 GET http://10.180.1.21/compute/v2.1/flavors/detail 4.592s
2025-11-23 04:59:13.651 66381 INFO tempest.lib.common.rest_client [req-377340e9-33f4-4b76-a70b-e35b97a91285 req-377340e9-33f4-4b76-a70b-e35b97a91285 ] Request (HostsAdminNegativeTestJSON:test_show_host_detail_with_nonexistent_hostname): 404 GET http://10.180.1.21/compute/v2.1/os-hosts/nonexistent_hostname 4.594s
2025-11-23 04:59:13.674 66365 INFO tempest.lib.common.rest_client [req-1a4973b3-5896-482e-b5e0-210d49c519f7 req-1a4973b3-5896-482e-b5e0-210d49c519f7 ] Request (ServicesAdminNegativeV253TestJSON:test_get_service_by_invalid_params): 200 GET http://10.180.1.21/compute/v2.1/os-services 4.607s
2025-11-23 04:59:13.699 66363 INFO tempest.lib.common.rest_client [req-c7e74f5b-e612-4d16-a3ae-f62c1b094cd1 req-c7e74f5b-e612-4d16-a3ae-f62c1b094cd1 ] Request (FlavorsV261TestJSON:test_crud_flavor): 200 GET http://10.180.1.21/compute/v2.1/flavors/detail 4.588s
2025-11-23 04:59:13.722 66389 INFO tempest.lib.common.rest_client [req-5dd73a0b-ba0e-4d34-87a1-6a3c24b9756b req-5dd73a0b-ba0e-4d34-87a1-6a3c24b9756b ] Request (HypervisorAdminTestJSON:test_get_hypervisor_show_details): 200 GET http://10.180.1.21/compute/v2.1/os-hypervisors/1 4.576s
2025-11-23 04:59:13.732 66399 INFO tempest.lib.common.rest_client [req-d0383876-1a94-42a7-84bb-6b7e8d78e9fb req-d0383876-1a94-42a7-84bb-6b7e8d78e9fb ] Request (HypervisorAdminV253TestBase:tearDownClass): 204 DELETE http://10.180.1.21/identity/v3/projects/c7ad133a47444443a82d5b0e78408913 0.092s
2025-11-23 04:59:13.776 66393 INFO tempest.lib.common.rest_client [req-d2c4adc5-a054-4d7e-9139-58ba8e6e9c5b req-d2c4adc5-a054-4d7e-9139-58ba8e6e9c5b ] Request (QuotaClassesAdminTestJSON:_run_cleanups): 200 PUT http://10.180.1.21/compute/v2.1/os-quota-class-sets/default 4.474s
2025-11-23 04:59:13.786 66401 INFO tempest.lib.common.rest_client [req-44bd67c6-e163-47b6-9348-12709497881c req-44bd67c6-e163-47b6-9348-12709497881c ] Request (HypervisorAdminNegativeUnderV252Test:test_show_servers_with_non_admin_user): 403 GET http://10.180.1.21/compute/v2.1/os-hypervisors/1/servers 4.450s
2025-11-23 04:59:13.798 66399 INFO tempest.lib.common.rest_client [req-5d765180-bba1-4fa1-b8e7-185b4850783e req-5d765180-bba1-4fa1-b8e7-185b4850783e ] Request (FloatingIPsAssociationNegativeTestJSON:setUpClass): 201 POST http://10.180.1.21/identity/v3/auth/tokens 0.064s
2025-11-23 04:59:13.862 66393 INFO tempest.lib.common.rest_client [req-8890a474-313e-40c2-ac9f-765f2d5e0282 req-8890a474-313e-40c2-ac9f-765f2d5e0282 ] Request (QuotaClassesAdminTestJSON:tearDownClass): 204 DELETE http://10.180.1.21/identity/v3/users/70172e61858c40588e9e1e0c9f93ce9a 0.078s
2025-11-23 04:59:13.927 66399 INFO tempest.lib.common.rest_client [req-eb3cca93-b4b2-47ba-a7ab-0e9cdce4cb4e req-eb3cca93-b4b2-47ba-a7ab-0e9cdce4cb4e ] Request (FloatingIPsAssociationNegativeTestJSON:setUpClass): 201 POST http://10.180.1.21/identity/v3/auth/tokens 0.125s
2025-11-23 04:59:13.970 66395 INFO tempest.lib.common.rest_client [req-d10107a1-3cc1-4489-8bc8-95d3c8aa5327 req-d10107a1-3cc1-4489-8bc8-95d3c8aa5327 ] Request (HypervisorAdminNegativeTestJSON:test_get_hypervisor_uptime_with_non_admin_user): 200 GET http://10.180.1.21/compute/v2.1/os-hypervisors 4.577s
2025-11-23 04:59:13.997 66393 INFO tempest.lib.common.rest_client [req-8a0ff9bd-07eb-4f79-b7a6-1d6e93ef87f9 req-8a0ff9bd-07eb-4f79-b7a6-1d6e93ef87f9 ] Request (QuotaClassesAdminTestJSON:tearDownClass): 204 DELETE http://10.180.1.21/identity/v3/users/1a8ffca4a9cf42cfb09d270cb53e2248 0.135s
2025-11-23 04:59:13.998 66391 INFO tempest.lib.common.rest_client [req-0c156529-270f-4649-bcf3-a848e8051b24 req-0c156529-270f-4649-bcf3-a848e8051b24 ] Request (ServerActionsTestJSON:setUpClass): 201 POST http://10.180.1.21/networking/v2.0/networks 0.654s
2025-11-23 04:59:13.998 66393 INFO tempest.lib.common.dynamic_creds [-] Deleting project and security group for project: ba9a66e15fbd44c29c480543b50a4d26
2025-11-23 04:59:14.007 66369 INFO tempest.lib.common.rest_client [req-ca94ee8a-2cf2-45fe-9791-523712b2a3ef req-ca94ee8a-2cf2-45fe-9791-523712b2a3ef ] Request (AggregatesAdminNegativeTestJSON:test_aggregate_add_existent_host): 409 POST http://10.180.1.21/compute/v2.1/os-aggregates/1/action 4.176s
2025-11-23 04:59:14.052 66399 INFO tempest.lib.common.rest_client [req-8e200bab-9050-4cbb-99ee-1bfe16c744d4 req-8e200bab-9050-4cbb-99ee-1bfe16c744d4 ] Request (FloatingIPsAssociationNegativeTestJSON:setUpClass): 200 GET http://10.180.1.21/identity/v3/domains?name=Default 0.125s
2025-11-23 04:59:14.062 66393 INFO tempest.lib.common.rest_client [req-8ad563d8-56fe-4612-b313-3ce14395c6d0 req-8ad563d8-56fe-4612-b313-3ce14395c6d0 ] Request (QuotaClassesAdminTestJSON:tearDownClass): 201 POST http://10.180.1.21/identity/v3/auth/tokens 0.064s
2025-11-23 04:59:14.089 66399 INFO tempest.lib.common.rest_client [req-aa85321f-6d2b-4244-be85-fb4cd404755f req-aa85321f-6d2b-4244-be85-fb4cd404755f ] Request (FloatingIPsAssociationNegativeTestJSON:setUpClass): 201 POST http://10.180.1.21/identity/v3/projects 0.036s
2025-11-23 04:59:14.152 66399 INFO tempest.lib.common.rest_client [req-6546e979-42b3-4708-9b65-ff01e4db9a04 req-6546e979-42b3-4708-9b65-ff01e4db9a04 ] Request (FloatingIPsAssociationNegativeTestJSON:setUpClass): 201 POST http://10.180.1.21/identity/v3/users 0.063s
2025-11-23 04:59:14.173 66399 INFO tempest.lib.common.rest_client [req-7ab5fb9a-ae00-4239-b585-3e15d96fc637 req-7ab5fb9a-ae00-4239-b585-3e15d96fc637 ] Request (FloatingIPsAssociationNegativeTestJSON:setUpClass): 200 GET http://10.180.1.21/identity/v3/roles 0.020s
2025-11-23 04:59:14.198 66387 INFO tempest.lib.common.rest_client [req-d449d2cf-30bb-44fb-b3b0-42b11f27c44c req-d449d2cf-30bb-44fb-b3b0-42b11f27c44c ] Request (FlavorsAccessTestJSON:test_flavor_access_add_remove): 200 POST http://10.180.1.21/compute/v2.1/flavors/1883742924/action 4.232s
2025-11-23 04:59:14.227 66399 INFO tempest.lib.common.rest_client [req-26596e80-5c18-431f-8560-f0ce72b4b12d req-26596e80-5c18-431f-8560-f0ce72b4b12d ] Request (FloatingIPsAssociationNegativeTestJSON:setUpClass): 204 PUT http://10.180.1.21/identity/v3/projects/d8670b750162447fb551cfb4a5fa7a2b/users/d2c1079fe2cf460b850192eeb812c083/roles/7750a879e597402d963560292570a035 0.054s
2025-11-23 04:59:14.227 66399 INFO tempest.lib.common.dynamic_creds [-] Dynamic test user d2c1079fe2cf460b850192eeb812c083 is created with scope project and roles: ['member']
2025-11-23 04:59:14.228 66399 INFO tempest.lib.common.dynamic_creds [-] Acquired dynamic creds: credentials: Credentials: {'domain_id': 'default', 'domain_name': 'Default', 'username': 'tempest-FloatingIPsAssociationNegativeTestJSON-1143463541-project-member', 'project_domain_id': 'default', 'project_domain_name': 'Default', 'project_id': 'd8670b750162447fb551cfb4a5fa7a2b', 'project_name': 'tempest-FloatingIPsAssociationNegativeTestJSON-1143463541', 'tenant_id': 'd8670b750162447fb551cfb4a5fa7a2b', 'tenant_name': 'tempest-FloatingIPsAssociationNegativeTestJSON-1143463541', 'user_domain_id': 'default', 'user_domain_name': 'Default', 'user_id': 'd2c1079fe2cf460b850192eeb812c083', 'system': None}, Network: None, Subnet: None, Router: None
2025-11-23 04:59:14.275 66391 INFO tempest.lib.common.rest_client [req-8ac5a6c7-54e8-42b7-9fad-14bb9e334471 req-8ac5a6c7-54e8-42b7-9fad-14bb9e334471 ] Request (ServerActionsTestJSON:setUpClass): 201 POST http://10.180.1.21/networking/v2.0/subnets 0.277s
2025-11-23 04:59:14.316 66399 INFO tempest.lib.common.rest_client [req-f56019ac-b03e-45bd-9ee0-07d435424538 req-f56019ac-b03e-45bd-9ee0-07d435424538 ] Request (FloatingIPsAssociationNegativeTestJSON:setUpClass): 201 POST http://10.180.1.21/identity/v3/auth/tokens 0.088s
2025-11-23 04:59:14.884 66393 INFO tempest.lib.common.rest_client [req-0cb54bf7-1b7d-4bf2-bb9f-f38a4207e0b9 req-0cb54bf7-1b7d-4bf2-bb9f-f38a4207e0b9 ] Request (QuotaClassesAdminTestJSON:tearDownClass): 200 GET http://10.180.1.21/networking/v2.0/security-groups?tenant_id=ba9a66e15fbd44c29c480543b50a4d26&name=default 0.821s
2025-11-23 04:59:15.523 66391 INFO tempest.lib.common.rest_client [req-4f915fd9-7711-47ef-9d3a-aa9b43fc0901 req-4f915fd9-7711-47ef-9d3a-aa9b43fc0901 ] Request (ServerActionsTestJSON:setUpClass): 201 POST http://10.180.1.21/networking/v2.0/routers 1.247s
2025-11-23 04:59:15.768 66399 INFO tempest.lib.common.rest_client [req-d812fb10-9a33-4956-ac7f-4eac80e4cf22 req-d812fb10-9a33-4956-ac7f-4eac80e4cf22 ] Request (FloatingIPsAssociationNegativeTestJSON:setUpClass): 201 POST http://10.180.1.21/networking/v2.0/networks 1.451s
2025-11-23 04:59:15.844 66393 INFO tempest.lib.common.rest_client [req-93fcdfe6-bd13-4b01-b206-bdcf8112e660 req-93fcdfe6-bd13-4b01-b206-bdcf8112e660 ] Request (QuotaClassesAdminTestJSON:tearDownClass): 204 DELETE http://10.180.1.21/networking/v2.0/security-groups/c6ab2ec2-64a3-4229-87d1-73f4ea37714c 0.960s
2025-11-23 04:59:15.926 66393 INFO tempest.lib.common.rest_client [req-46408a2c-a4e5-4530-9ec4-8c9cf1620c85 req-46408a2c-a4e5-4530-9ec4-8c9cf1620c85 ] Request (QuotaClassesAdminTestJSON:tearDownClass): 204 DELETE http://10.180.1.21/identity/v3/projects/ba9a66e15fbd44c29c480543b50a4d26 0.081s
2025-11-23 04:59:15.927 66393 INFO tempest.lib.common.dynamic_creds [-] Deleting project and security group for project: 29d844df24cf4e0f8765c9bdd9586b6f
2025-11-23 04:59:16.637 66391 INFO tempest.lib.common.rest_client [req-737728f4-0f3d-4862-966f-2bdb16578016 req-737728f4-0f3d-4862-966f-2bdb16578016 ] Request (ServerActionsTestJSON:setUpClass): 200 PUT http://10.180.1.21/networking/v2.0/routers/9c80ed09-1595-4334-8333-a2551cf191df/add_router_interface 1.113s
2025-11-23 04:59:16.637 66391 INFO tempest.lib.common.dynamic_creds [-] Created isolated network resources for: credentials: Credentials: {'domain_id': 'default', 'domain_name': 'Default', 'username': 'tempest-ServerActionsTestJSON-369892048-project-member', 'project_domain_id': 'default', 'project_domain_name': 'Default', 'project_id': 'fda5d28a93e94aa183a0bbb9017b721a', 'project_name': 'tempest-ServerActionsTestJSON-369892048', 'tenant_id': 'fda5d28a93e94aa183a0bbb9017b721a', 'tenant_name': 'tempest-ServerActionsTestJSON-369892048', 'user_domain_id': 'default', 'user_domain_name': 'Default', 'user_id': '6c9116b5760d41a48762a3edb558b0ea', 'system': None}, Network: {'id': '4f2cfd9b-2076-436d-9a80-344074c5e332', 'name': 'tempest-ServerActionsTestJSON-1866104419-network', 'tenant_id': 'fda5d28a93e94aa183a0bbb9017b721a', 'project_id': 'fda5d28a93e94aa183a0bbb9017b721a', 'admin_state_up': True, 'mtu': 8950, 'status': 'ACTIVE', 'subnets': [], 'shared': False, 'port_security_enabled': True, 'router:external': False, 'provider:network_type': 'vlan', 'provider:physical_network': 'default', 'provider:segmentation_id': 515, 'availability_zone_hints': [], 'availability_zones': [], 'ipv4_address_scope': None, 'ipv6_address_scope': None, 'description': '', 'tags': [], 'created_at': '2025-11-23T04:59:13Z', 'updated_at': '2025-11-23T04:59:13Z', 'revision_number': 1}, Subnet: {'id': 'cc6ff76f-65f0-4176-95bd-948c48a86277', 'name': 'tempest-ServerActionsTestJSON-1866104419-subnet', 'tenant_id': 'fda5d28a93e94aa183a0bbb9017b721a', 'network_id': '4f2cfd9b-2076-436d-9a80-344074c5e332', 'ip_version': 4, 'subnetpool_id': None, 'enable_dhcp': True, 'ipv6_ra_mode': None, 'ipv6_address_mode': None, 'gateway_ip': '192.168.128.1', 'cidr': '192.168.128.0/28', 'allocation_pools': [{'start': '192.168.128.2', 'end': '192.168.128.14'}], 'host_routes': [], 'dns_nameservers': [], 'description': '', 'router:external': False, 'service_types': [], 'tags': [], 'created_at': '2025-11-23T04:59:14Z', 'updated_at': '2025-11-23T04:59:14Z', 'revision_number': 0, 'project_id': 'fda5d28a93e94aa183a0bbb9017b721a'}, Router: {'id': '9c80ed09-1595-4334-8333-a2551cf191df', 'name': 'tempest-ServerActionsTestJSON-1866104419-router', 'tenant_id': 'fda5d28a93e94aa183a0bbb9017b721a', 'admin_state_up': True, 'status': 'ACTIVE', 'external_gateway_info': {'network_id': '34310d39-ad73-439b-bdea-2a3361785fbb', 'external_fixed_ips': [{'subnet_id': 'c856a448-2086-4533-ae15-e0f714ed4d88', 'ip_address': '10.180.180.138'}], 'enable_snat': True}, 'description': '', 'availability_zones': [], 'distributed': False, 'ha': False, 'availability_zone_hints': [], 'routes': [], 'flavor_id': None, 'tags': [], 'created_at': '2025-11-23T04:59:14Z', 'updated_at': '2025-11-23T04:59:15Z', 'revision_number': 2, 'project_id': 'fda5d28a93e94aa183a0bbb9017b721a'}
2025-11-23 04:59:16.729 66391 INFO tempest.lib.common.rest_client [req-9709c9cd-bac7-4eed-a655-31c0a1e29351 req-9709c9cd-bac7-4eed-a655-31c0a1e29351 ] Request (ServerActionsTestJSON:setUpClass): 201 POST http://10.180.1.21/identity/v3/auth/tokens 0.088s
2025-11-23 04:59:16.910 66343 INFO tempest.lib.common.rest_client [req-ee791605-ff56-47c8-8299-95e4743e8e6f req-ee791605-ff56-47c8-8299-95e4743e8e6f ] Request (FloatingIPsTestJSON:_run_cleanups): 202 DELETE http://10.180.1.21/compute/v2.1/os-floating-ips/4d93d318-c7fb-4a0c-8997-b0ae89bfc642 8.105s
2025-11-23 04:59:16.929 66357 INFO tempest.lib.common.rest_client [req-048672e3-8263-47f8-9bdb-26ed00464dec req-048672e3-8263-47f8-9bdb-26ed00464dec ] Request (ServersWithSpecificFlavorTestJSON:test_verify_created_server_ephemeral_disk): 200 GET http://10.180.1.21/compute/v2.1/flavors/42/os-extra_specs 6.774s
2025-11-23 04:59:17.095 66367 INFO tempest.lib.common.rest_client [req-ccfd453e-ce05-4236-9fa0-b62ae011b0b9 req-ccfd453e-ce05-4236-9fa0-b62ae011b0b9 ] Request (QuotasAdminNegativeTest:test_create_server_when_cpu_quota_is_full): 200 PUT http://10.180.1.21/compute/v2.1/os-quota-sets/7f20463e11584d70a4bfc83bc9894d10 6.758s
2025-11-23 04:59:17.175 66367 INFO tempest.lib.common.rest_client [req-2bb22fed-92c5-4b80-ba36-88f157fb4468 req-2bb22fed-92c5-4b80-ba36-88f157fb4468 ] Request (QuotasAdminNegativeTest:test_create_server_when_cpu_quota_is_full): 201 POST http://10.180.1.21/identity/v3/auth/tokens 0.071s
2025-11-23 04:59:17.176 66367 INFO tempest.lib.common.fixed_network [-] (QuotasAdminNegativeTest:test_create_server_when_cpu_quota_is_full) Found network None available for tenant
2025-11-23 04:59:17.409 66399 INFO tempest.lib.common.rest_client [req-2656433a-dc40-4127-8fd0-b1b91133d170 req-2656433a-dc40-4127-8fd0-b1b91133d170 ] Request (FloatingIPsAssociationNegativeTestJSON:setUpClass): 201 POST http://10.180.1.21/networking/v2.0/subnets 1.640s
2025-11-23 04:59:17.459 66339 INFO tempest.lib.common.rest_client [req-9240c547-21b5-4d39-8552-7fbeae05cd07 req-9240c547-21b5-4d39-8552-7fbeae05cd07 ] Request (ServerExternalEventsTest:test_create_server_external_events): 200 GET http://10.180.1.21/compute/v2.1/servers/8618bf4a-da0c-4fa1-b7be-7997ccae003c 6.480s
2025-11-23 04:59:17.467 66339 INFO tempest.common.waiters [-] State transition "BUILD/None" ==> "BUILD/spawning" after 8 second wait
2025-11-23 04:59:17.515 66393 INFO tempest.lib.common.rest_client [req-02781d2f-d68c-491b-826d-5b13edcc8552 req-02781d2f-d68c-491b-826d-5b13edcc8552 ] Request (QuotaClassesAdminTestJSON:tearDownClass): 200 GET http://10.180.1.21/networking/v2.0/security-groups?tenant_id=29d844df24cf4e0f8765c9bdd9586b6f&name=default 1.588s
2025-11-23 04:59:17.570 66341 INFO tempest.lib.common.rest_client [req-a76e0a19-8fa0-4c87-b5a3-7b2f37ed33be req-a76e0a19-8fa0-4c87-b5a3-7b2f37ed33be ] Request (ServersTestFqdnHostnames:test_create_server_with_fqdn_name): 200 POST http://10.180.1.21/compute/v2.1/os-keypairs 6.555s
2025-11-23 04:59:18.068 66393 INFO tempest.lib.common.rest_client [req-8fb138ba-6f89-4ec5-8e7c-c69ce37d9928 req-8fb138ba-6f89-4ec5-8e7c-c69ce37d9928 ] Request (QuotaClassesAdminTestJSON:tearDownClass): 204 DELETE http://10.180.1.21/networking/v2.0/security-groups/cf1e67e4-1db4-48f7-b7cd-22bf65567034 0.552s
2025-11-23 04:59:18.162 66399 INFO tempest.lib.common.rest_client [req-ff27acec-f150-48e8-afd0-da2cdc390455 req-ff27acec-f150-48e8-afd0-da2cdc390455 ] Request (FloatingIPsAssociationNegativeTestJSON:setUpClass): 201 POST http://10.180.1.21/networking/v2.0/routers 0.752s
2025-11-23 04:59:18.184 66393 INFO tempest.lib.common.rest_client [req-37ac83db-22a3-4ceb-8fbb-cf5b86b81354 req-37ac83db-22a3-4ceb-8fbb-cf5b86b81354 ] Request (QuotaClassesAdminTestJSON:tearDownClass): 204 DELETE http://10.180.1.21/identity/v3/projects/29d844df24cf4e0f8765c9bdd9586b6f 0.116s
2025-11-23 04:59:18.266 66353 INFO tempest.lib.common.rest_client [req-de285e46-d872-433e-87dd-37ba8b0439f3 req-de285e46-d872-433e-87dd-37ba8b0439f3 ] Request (SecurityGroupsTestAdminJSON:test_list_security_groups_list_all_tenants_filter): 200 POST http://10.180.1.21/compute/v2.1/os-security-groups 6.957s
2025-11-23 04:59:18.267 66341 INFO tempest.lib.common.rest_client [req-3d9dbea2-e8c8-4636-b109-7c4192e054dd req-3d9dbea2-e8c8-4636-b109-7c4192e054dd ] Request (ServersTestFqdnHostnames:test_create_server_with_fqdn_name): 201 POST http://10.180.1.21/networking/v2.0/security-groups 0.695s
2025-11-23 04:59:18.274 66393 INFO tempest.lib.common.rest_client [req-7ccd5af5-7cd3-421a-b87f-2eba4fe56f12 req-7ccd5af5-7cd3-421a-b87f-2eba4fe56f12 ] Request (ImagesDeleteNegativeTestJSON:setUpClass): 201 POST http://10.180.1.21/identity/v3/auth/tokens 0.088s
2025-11-23 04:59:18.327 66393 INFO tempest.lib.common.rest_client [req-2aa2c959-ff4e-42ba-a8e8-7426350c72c9 req-2aa2c959-ff4e-42ba-a8e8-7426350c72c9 ] Request (ImagesDeleteNegativeTestJSON:setUpClass): 201 POST http://10.180.1.21/identity/v3/auth/tokens 0.048s
2025-11-23 04:59:18.367 66393 INFO tempest.lib.common.rest_client [req-f23d33e0-c2d2-4d8d-afe1-396aefb4c364 req-f23d33e0-c2d2-4d8d-afe1-396aefb4c364 ] Request (ImagesDeleteNegativeTestJSON:setUpClass): 200 GET http://10.180.1.21/identity/v3/domains?name=Default 0.040s
2025-11-23 04:59:18.400 66393 INFO tempest.lib.common.rest_client [req-2d26bbbf-50ed-495b-9fd8-787283bf26f7 req-2d26bbbf-50ed-495b-9fd8-787283bf26f7 ] Request (ImagesDeleteNegativeTestJSON:setUpClass): 201 POST http://10.180.1.21/identity/v3/projects 0.032s
2025-11-23 04:59:18.478 66393 INFO tempest.lib.common.rest_client [req-b284c8aa-30c6-4f70-a2ba-2e0af4be28a8 req-b284c8aa-30c6-4f70-a2ba-2e0af4be28a8 ] Request (ImagesDeleteNegativeTestJSON:setUpClass): 201 POST http://10.180.1.21/identity/v3/users 0.077s
2025-11-23 04:59:18.501 66393 INFO tempest.lib.common.rest_client [req-d5e6467f-9144-46c5-be23-5da643dcc494 req-d5e6467f-9144-46c5-be23-5da643dcc494 ] Request (ImagesDeleteNegativeTestJSON:setUpClass): 200 GET http://10.180.1.21/identity/v3/roles 0.022s
2025-11-23 04:59:18.532 66393 INFO tempest.lib.common.rest_client [req-d4346109-3282-4f39-9a4b-18c638817cfe req-d4346109-3282-4f39-9a4b-18c638817cfe ] Request (ImagesDeleteNegativeTestJSON:setUpClass): 204 PUT http://10.180.1.21/identity/v3/projects/4a2abd73472241128eb687d843586267/users/4b11e1e538034a2e861e5b0c3a798e85/roles/7750a879e597402d963560292570a035 0.030s
2025-11-23 04:59:18.532 66393 INFO tempest.lib.common.dynamic_creds [-] Dynamic test user 4b11e1e538034a2e861e5b0c3a798e85 is created with scope project and roles: ['member']
2025-11-23 04:59:18.532 66393 INFO tempest.lib.common.dynamic_creds [-] Acquired dynamic creds: credentials: Credentials: {'domain_id': 'default', 'domain_name': 'Default', 'username': 'tempest-ImagesDeleteNegativeTestJSON-1823620810-project-member', 'project_domain_id': 'default', 'project_domain_name': 'Default', 'project_id': '4a2abd73472241128eb687d843586267', 'project_name': 'tempest-ImagesDeleteNegativeTestJSON-1823620810', 'tenant_id': '4a2abd73472241128eb687d843586267', 'tenant_name': 'tempest-ImagesDeleteNegativeTestJSON-1823620810', 'user_domain_id': 'default', 'user_domain_name': 'Default', 'user_id': '4b11e1e538034a2e861e5b0c3a798e85', 'system': None}, Network: None, Subnet: None, Router: None
