2024-12-16 20:35:54.010 67056 INFO tempest.lib.common.rest_client [req-ce9f6405-1447-446b-a8c0-f9e5f790174f req-ce9f6405-1447-446b-a8c0-f9e5f790174f ] Request (AttachInterfacesTestJSON:test_create_list_show_delete_interfaces_by_fixed_ip): 200 GET http://10.180.1.21/compute/v2.1/servers/993c23b5-2dd6-4a20-ad6b-0177ee4f3f5e 0.862s
2024-12-16 20:35:54.073 67094 INFO tempest.lib.common.rest_client [req-16824d0a-3979-4c77-82af-d646157bf317 req-16824d0a-3979-4c77-82af-d646157bf317 ] Request (ServerExternalEventsTest:tearDownClass): 200 GET http://10.180.1.21/compute/v2.1/servers/c93f7b3d-30d5-47d8-b152-1aa9f97f44bb 0.859s
2024-12-16 20:35:54.078 67076 INFO tempest.lib.common.rest_client [req-a90de9b3-a9d9-424c-9ff2-094b225b9274 req-a90de9b3-a9d9-424c-9ff2-094b225b9274 ] Request (InstanceActionsTestJSON:setUpClass): 200 GET http://10.180.1.21/compute/v2.1/servers/a86a0510-9cce-4fdd-a90c-ab0f727b6864 0.814s
2024-12-16 20:35:54.298 67109 INFO tempest.lib.common.rest_client [req-8f8e68b4-70bb-4cc1-876a-8e27051f3143 req-8f8e68b4-70bb-4cc1-876a-8e27051f3143 ] Request (TenantUsagesTestJSON:setUpClass): 200 GET http://10.180.1.21/compute/v2.1/servers/fc70897c-4c1f-4884-a2db-8f266cf6128b 0.893s
2024-12-16 20:35:54.300 67086 INFO tempest.lib.common.rest_client [req-986a429f-7e06-4397-af7a-5be94de70cbe req-986a429f-7e06-4397-af7a-5be94de70cbe ] Request (DeleteServersAdminTestJSON:test_delete_server_while_in_error_state): 200 GET http://10.180.1.21/compute/v2.1/servers/2eacff50-9336-46f7-acdb-5276764a4f3a 0.909s
2024-12-16 20:35:54.325 67058 INFO tempest.lib.common.rest_client [req-36c4830a-b7be-401a-9e0f-6aaaad692926 req-36c4830a-b7be-401a-9e0f-6aaaad692926 ] Request (VolumesAdminNegativeTest:test_update_attached_volume_with_nonexistent_volume_in_body): 200 PUT http://10.180.1.21:9696/networking/v2.0/floatingips/065e676b-5227-4a07-8323-74eb2b498e70 0.571s
2024-12-16 20:35:54.326 67058 INFO tempest.lib.common.ssh [-] Creating ssh connection to '10.180.180.149:22' as 'cirros' with public key authentication
2024-12-16 20:35:54.345 67106 INFO tempest.lib.common.rest_client [req-3f4074f9-5d52-47d6-8b6f-ee504b6b4db1 req-3f4074f9-5d52-47d6-8b6f-ee504b6b4db1 ] Request (AttachVolumeTestJSON:test_attach_detach_volume): 200 GET http://10.180.1.21/compute/v2.1/servers/c0294045-2c3c-43b2-85e5-5c04b6726733 0.904s
2024-12-16 20:35:54.362 67084 INFO tempest.lib.common.rest_client [req-b1d1541f-f3cd-42ef-b4b0-ee105dbd8360 req-b1d1541f-f3cd-42ef-b4b0-ee105dbd8360 ] Request (InstanceActionsV221TestJSON:test_get_list_deleted_instance_actions): 200 GET http://10.180.1.21/compute/v2.1/servers/f2d87af0-d481-4bb0-be40-a45d1d8464b1 0.902s
2024-12-16 20:35:54.397 67068 INFO tempest.lib.common.rest_client [req-1e8cf799-49b1-4dc9-a05d-9e2aa6783638 req-1e8cf799-49b1-4dc9-a05d-9e2aa6783638 ] Request (AttachInterfacesUnderV243Test:test_add_remove_fixed_ip): 200 GET http://10.180.1.21/compute/v2.1/servers/44f93255-be21-4bff-9f6a-3e5149a74a26 0.892s
2024-12-16 20:35:54.419 67060 INFO tempest.lib.common.rest_client [req-b278cccc-9d53-4f29-9804-65fa5b203c21 req-b278cccc-9d53-4f29-9804-65fa5b203c21 ] Request (ServersTestJSON:setUpClass): 200 GET http://10.180.1.21/compute/v2.1/servers/d92486a2-9cda-4273-925d-1cfcb9271cfe 0.898s
2024-12-16 20:35:54.470 67088 INFO tempest.lib.common.rest_client [req-d8379b92-5e15-4ede-b2e9-91bf47993781 req-d8379b92-5e15-4ede-b2e9-91bf47993781 ] Request (ServersAdminNegativeTestJSON:test_migrate_server_invalid_state): 200 GET http://10.180.1.21/compute/v2.1/servers/c070224d-1471-458e-b4a2-71b05f85d4a4 0.877s
2024-12-16 20:35:54.488 67078 INFO tempest.lib.common.rest_client [req-791476f0-0b3a-4f43-96b3-27c70670e29e req-791476f0-0b3a-4f43-96b3-27c70670e29e ] Request (QuotasAdminNegativeTest:_run_cleanups): 200 PUT http://10.180.1.21/compute/v2.1/os-quota-sets/573bdf76211e47e9985ddc7dd24f3fb3 0.918s
2024-12-16 20:35:54.504 67054 INFO tempest.lib.common.rest_client [req-b16f924f-f641-4b21-b069-75be18f1677f req-b16f924f-f641-4b21-b069-75be18f1677f ] Request (KeyPairsV22TestJSON:_run_cleanups): 204 DELETE http://10.180.1.21/compute/v2.1/os-keypairs/tempest-keypair-1766778837 0.645s
2024-12-16 20:35:54.562 67096 INFO tempest.lib.common.rest_client [req-2770bd27-e625-4f09-809e-5fbd7d3442d8 req-2770bd27-e625-4f09-809e-5fbd7d3442d8 ] Request (ImagesTestJSON:test_create_image_from_stopped_server): 200 GET http://10.180.1.21/compute/v2.1/servers/6126b8cc-b66d-4479-8d04-d6b66652e2d8 0.560s
2024-12-16 20:35:54.633 67080 INFO tempest.lib.common.rest_client [req-664f9abb-7799-4b98-9683-0ebf75d8b248 req-664f9abb-7799-4b98-9683-0ebf75d8b248 ] Request (ServersAdmin275Test:tearDownClass): 200 GET http://10.180.1.21/compute/v2.1/servers/14001573-3622-48a3-8d49-6126d7734859 0.556s
2024-12-16 20:35:54.679 67072 INFO tempest.lib.common.rest_client [req-52fc8e8d-6dc3-44fc-a680-14ca4db935cd req-52fc8e8d-6dc3-44fc-a680-14ca4db935cd ] Request (MigrationsAdminTest:test_list_migrations_in_flavor_resize_situation): 200 GET http://10.180.1.21/compute/v2.1/servers/df8e9a13-fc49-47d5-a7f2-6b4c65366ccf 1.026s
2024-12-16 20:35:54.685 67072 INFO tempest.common.waiters [-] State transition "RESIZE/resize_migrating" ==> "RESIZE/resize_migrated" after 40 second wait
2024-12-16 20:35:54.689 67104 INFO tempest.lib.common.rest_client [req-a155b855-71fb-46a1-990f-82e7aad7d090 req-a155b855-71fb-46a1-990f-82e7aad7d090 ] Request (ServerActionsTestJSON:setUpClass): 200 GET http://10.180.1.21/compute/v2.1/servers/0b83f1d6-a67f-4040-8d32-a7cc8c68d071 0.430s
2024-12-16 20:35:54.749 67098 INFO tempest.lib.common.rest_client [req-878a852a-7c97-4e34-a75d-b35d17639534 req-878a852a-7c97-4e34-a75d-b35d17639534 ] Request (ServerActionsV293TestJSON:setUpClass): 200 GET http://10.180.1.21/compute/v2.1/servers/c7f6df95-ece2-4cd3-9138-bc73baf0ad00 0.292s
2024-12-16 20:35:54.784 67078 INFO tempest.lib.common.rest_client [req-34d0b8eb-c2a4-4b2b-8d89-701bd5e304f1 req-34d0b8eb-c2a4-4b2b-8d89-701bd5e304f1 ] Request (QuotasAdminNegativeTest:test_create_server_when_instances_quota_is_full): 200 GET http://10.180.1.21/compute/v2.1/os-quota-sets/573bdf76211e47e9985ddc7dd24f3fb3 0.292s
2024-12-16 20:35:54.815 67054 INFO tempest.lib.common.rest_client [req-a637da88-1cce-4614-acc6-a360526ffd63 req-a637da88-1cce-4614-acc6-a360526ffd63 ] Request (KeyPairsV22TestJSON:test_keypair_create_with_pub_key): 201 POST http://10.180.1.21/compute/v2.1/os-keypairs 0.310s
2024-12-16 20:35:54.818 67048 INFO tempest.lib.common.rest_client [req-5bba29b1-df64-4257-ac0b-32ec60e3ddd0 req-5bba29b1-df64-4257-ac0b-32ec60e3ddd0 ] Request (ServersTestMultiNic:test_verify_duplicate_network_nics): 200 GET http://10.180.1.21/compute/v2.1/servers/60553aa1-c148-41e8-87de-cfcf6554d98d 0.437s
2024-12-16 20:35:54.893 67062 INFO tempest.lib.common.rest_client [req-6004227b-5951-4761-89f7-3796d8d96933 req-6004227b-5951-4761-89f7-3796d8d96933 ] Request (FloatingIPsAssociationNegativeTestJSON:setUpClass): 200 GET http://10.180.1.21/compute/v2.1/servers/f5a79d87-ee61-4b33-8a11-7f3eb8b0063f 0.244s
2024-12-16 20:35:54.895 67070 INFO tempest.lib.common.rest_client [req-bc1bd5d0-0af8-470c-a6a1-6c15082de563 req-bc1bd5d0-0af8-470c-a6a1-6c15082de563 ] Request (MultipleCreateTestJSON:test_multiple_create_with_reservation_return): 200 GET http://10.180.1.21/compute/v2.1/servers/3933a396-51ad-4af0-b993-463281d5bfa1 0.376s
2024-12-16 20:35:54.966 67066 INFO tempest.lib.common.rest_client [req-27393673-040e-42f9-a93b-8b68559e5004 req-27393673-040e-42f9-a93b-8b68559e5004 ] Request (ImagesNegativeTestJSON:test_create_image_from_deleted_server): 200 GET http://10.180.1.21/compute/v2.1/servers/0634ab91-7eef-4b04-88e7-50459f691999 0.213s
2024-12-16 20:35:55.042 67078 INFO tempest.lib.common.rest_client [req-fac3cf4c-6b84-4a47-8dab-256b792b4a0a req-fac3cf4c-6b84-4a47-8dab-256b792b4a0a ] Request (QuotasAdminNegativeTest:test_create_server_when_instances_quota_is_full): 200 PUT http://10.180.1.21/compute/v2.1/os-quota-sets/573bdf76211e47e9985ddc7dd24f3fb3 0.254s
2024-12-16 20:35:55.057 67054 INFO tempest.lib.common.rest_client [req-2e826f4d-f11f-4f1b-b95b-560fbbcf58d3 req-2e826f4d-f11f-4f1b-b95b-560fbbcf58d3 ] Request (KeyPairsV22TestJSON:_run_cleanups): 204 DELETE http://10.180.1.21/compute/v2.1/os-keypairs/tempest-keypair-358216076 0.240s
2024-12-16 20:35:55.079 67078 INFO tempest.lib.common.rest_client [req-fac1c2cd-cbcb-4dda-90dd-4f640ebfc784 req-fac1c2cd-cbcb-4dda-90dd-4f640ebfc784 ] Request (QuotasAdminNegativeTest:test_create_server_when_instances_quota_is_full): 201 POST http://10.180.1.21/identity/v3/auth/tokens 0.033s
2024-12-16 20:35:55.080 67078 INFO tempest.lib.common.fixed_network [-] (QuotasAdminNegativeTest:test_create_server_when_instances_quota_is_full) Found network None available for tenant
2024-12-16 20:35:55.094 67082 INFO tempest.lib.common.rest_client [req-8ada3a06-b277-42cd-acc0-0ac26d1ad36a req-8ada3a06-b277-42cd-acc0-0ac26d1ad36a ] Request (ImagesOneServerTestJSON:setUpClass): 200 GET http://10.180.1.21/compute/v2.1/servers/14457211-8671-4f34-abe7-e971b2695995 0.408s
2024-12-16 20:35:55.122 67092 INFO tempest.lib.common.rest_client [req-3ab33312-8850-4778-a6c1-87668d219dc1 req-3ab33312-8850-4778-a6c1-87668d219dc1 ] Request (ServersAdminTestJSON:test_create_server_with_scheduling_hint): 200 GET http://10.180.1.21/compute/v2.1/servers/f7e719af-406c-4ecf-8462-1638ba1d02d9 0.304s
2024-12-16 20:35:55.182 67074 INFO tempest.lib.common.rest_client [req-13ac20c7-6685-4a81-8ae3-a5e529cf4219 req-13ac20c7-6685-4a81-8ae3-a5e529cf4219 ] Request (AttachInterfacesV270Test:tearDownClass): 200 GET http://10.180.1.21/compute/v2.1/servers/7e1e18af-c401-4650-888b-163bf81a23c2 0.225s
2024-12-16 20:35:55.246 67056 INFO tempest.lib.common.rest_client [req-b24a5568-9988-4994-ab23-31c0887221a4 req-b24a5568-9988-4994-ab23-31c0887221a4 ] Request (AttachInterfacesTestJSON:test_create_list_show_delete_interfaces_by_fixed_ip): 200 GET http://10.180.1.21/compute/v2.1/servers/993c23b5-2dd6-4a20-ad6b-0177ee4f3f5e 0.225s
2024-12-16 20:35:55.280 67090 INFO tempest.lib.common.rest_client [req-38ed118f-d88f-489e-a949-2c713a242e2b req-38ed118f-d88f-489e-a949-2c713a242e2b ] Request (ServerAddressesNegativeTestJSON:setUpClass): 200 GET http://10.180.1.21/compute/v2.1/servers/0c614401-c25b-4686-ac48-bc03332e0e4c 0.275s
2024-12-16 20:35:55.282 67054 INFO tempest.lib.common.rest_client [req-667a6bcb-ff4e-468e-a3f2-6d576a70ef50 req-667a6bcb-ff4e-468e-a3f2-6d576a70ef50 ] Request (KeyPairsV22TestJSON:test_keypairs_create_list_delete): 201 POST http://10.180.1.21/compute/v2.1/os-keypairs 0.223s
2024-12-16 20:35:55.303 67094 INFO tempest.lib.common.rest_client [req-3143ddf2-681f-4cf8-8ff8-2c47171449b7 req-3143ddf2-681f-4cf8-8ff8-2c47171449b7 ] Request (ServerExternalEventsTest:tearDownClass): 404 GET http://10.180.1.21/compute/v2.1/servers/c93f7b3d-30d5-47d8-b152-1aa9f97f44bb 0.222s
2024-12-16 20:35:55.360 67076 INFO tempest.lib.common.rest_client [req-d6a7000e-ca6b-4da1-9750-79fdd540b774 req-d6a7000e-ca6b-4da1-9750-79fdd540b774 ] Request (InstanceActionsTestJSON:setUpClass): 200 GET http://10.180.1.21/compute/v2.1/servers/a86a0510-9cce-4fdd-a90c-ab0f727b6864 0.272s
2024-12-16 20:35:55.416 67054 INFO tempest.lib.common.rest_client [req-9d8a8f10-d983-4349-b83c-9fe80f9e8e62 req-9d8a8f10-d983-4349-b83c-9fe80f9e8e62 ] Request (KeyPairsV22TestJSON:test_keypairs_create_list_delete): 201 POST http://10.180.1.21/compute/v2.1/os-keypairs 0.132s
2024-12-16 20:35:55.445 67094 INFO tempest.lib.common.rest_client [req-f63dd3da-1711-4e98-bd0a-e3b4326b2d74 req-f63dd3da-1711-4e98-bd0a-e3b4326b2d74 ] Request (ServerExternalEventsTest:tearDownClass): 204 DELETE http://10.180.1.21/identity/v3/users/2b381245fbb949eab41e385317cdad21 0.141s
2024-12-16 20:35:55.452 67078 INFO tempest.lib.common.rest_client [req-a61405a9-e510-4e86-a3a4-44ba3d986daa req-a61405a9-e510-4e86-a3a4-44ba3d986daa ] Request (QuotasAdminNegativeTest:test_create_server_when_instances_quota_is_full): 403 POST http://10.180.1.21/compute/v2.1/servers 0.371s
2024-12-16 20:35:55.466 67109 INFO tempest.lib.common.rest_client [req-79d1045d-8bbe-4579-ae08-f750a29fe68e req-79d1045d-8bbe-4579-ae08-f750a29fe68e ] Request (TenantUsagesTestJSON:setUpClass): 200 GET http://10.180.1.21/compute/v2.1/servers/fc70897c-4c1f-4884-a2db-8f266cf6128b 0.161s
2024-12-16 20:35:55.509 67086 INFO tempest.lib.common.rest_client [req-2d4ed518-4f16-4855-8649-ad958d1b3ce2 req-2d4ed518-4f16-4855-8649-ad958d1b3ce2 ] Request (DeleteServersAdminTestJSON:test_delete_server_while_in_error_state): 200 GET http://10.180.1.21/compute/v2.1/servers/2eacff50-9336-46f7-acdb-5276764a4f3a 0.200s
2024-12-16 20:35:55.515 67106 INFO tempest.lib.common.rest_client [req-e5253b6b-1c65-4bf7-8f38-1df8ef00f766 req-e5253b6b-1c65-4bf7-8f38-1df8ef00f766 ] Request (AttachVolumeTestJSON:test_attach_detach_volume): 200 GET http://10.180.1.21/compute/v2.1/servers/c0294045-2c3c-43b2-85e5-5c04b6726733 0.162s
2024-12-16 20:35:55.545 67094 INFO tempest.lib.common.rest_client [req-492e5884-a2cd-4be4-af34-8621ffbcd487 req-492e5884-a2cd-4be4-af34-8621ffbcd487 ] Request (ServerExternalEventsTest:tearDownClass): 204 DELETE http://10.180.1.21/identity/v3/users/cd23a06372b945e890ac9d3a9c2524d5 0.099s
2024-12-16 20:35:55.564 67084 INFO tempest.lib.common.rest_client [req-f39f2064-74d7-4983-898d-49f8d442c38c req-f39f2064-74d7-4983-898d-49f8d442c38c ] Request (InstanceActionsV221TestJSON:test_get_list_deleted_instance_actions): 200 GET http://10.180.1.21/compute/v2.1/servers/f2d87af0-d481-4bb0-be40-a45d1d8464b1 0.194s
2024-12-16 20:35:55.579 67068 INFO tempest.lib.common.rest_client [req-9561ddb6-208a-47d9-a74a-4366b263bfa0 req-9561ddb6-208a-47d9-a74a-4366b263bfa0 ] Request (AttachInterfacesUnderV243Test:test_add_remove_fixed_ip): 200 GET http://10.180.1.21/compute/v2.1/servers/44f93255-be21-4bff-9f6a-3e5149a74a26 0.176s
2024-12-16 20:35:55.589 67054 INFO tempest.lib.common.rest_client [req-ff865d29-4743-446a-b410-260c815fdf22 req-ff865d29-4743-446a-b410-260c815fdf22 ] Request (KeyPairsV22TestJSON:test_keypairs_create_list_delete): 201 POST http://10.180.1.21/compute/v2.1/os-keypairs 0.171s
2024-12-16 20:35:55.631 67060 INFO tempest.lib.common.rest_client [req-cedf264f-7474-41d5-a600-7d4528e42287 req-cedf264f-7474-41d5-a600-7d4528e42287 ] Request (ServersTestJSON:setUpClass): 200 GET http://10.180.1.21/compute/v2.1/servers/d92486a2-9cda-4273-925d-1cfcb9271cfe 0.201s
2024-12-16 20:35:55.665 67094 INFO tempest.lib.common.rest_client [req-e996c202-4a42-4145-a30e-63c6d7fa1e93 req-e996c202-4a42-4145-a30e-63c6d7fa1e93 ] Request (ServerExternalEventsTest:tearDownClass): 204 DELETE http://10.180.1.21/identity/v3/users/d6852c2949fa42aa9fd37153b10c2acf 0.119s
2024-12-16 20:35:55.665 67094 INFO tempest.lib.common.dynamic_creds [-] Deleting project and security group for project: 3d369c4afc114cc9819c08428d737a1f
2024-12-16 20:35:55.682 67088 INFO tempest.lib.common.rest_client [req-979deee8-b6a9-4eea-b12f-9107490607e3 req-979deee8-b6a9-4eea-b12f-9107490607e3 ] Request (ServersAdminNegativeTestJSON:test_migrate_server_invalid_state): 200 GET http://10.180.1.21/compute/v2.1/servers/c070224d-1471-458e-b4a2-71b05f85d4a4 0.205s
2024-12-16 20:35:55.731 67096 INFO tempest.lib.common.rest_client [req-ad1fb20e-5586-463c-b5e5-20fbca796a6f req-ad1fb20e-5586-463c-b5e5-20fbca796a6f ] Request (ImagesTestJSON:test_create_image_from_stopped_server): 200 GET http://10.180.1.21/compute/v2.1/servers/6126b8cc-b66d-4479-8d04-d6b66652e2d8 0.159s
2024-12-16 20:35:55.732 67094 INFO tempest.lib.common.rest_client [req-726135a3-1de7-4b5f-b270-09c1d7fa7511 req-726135a3-1de7-4b5f-b270-09c1d7fa7511 ] Request (ServerExternalEventsTest:tearDownClass): 201 POST http://10.180.1.21/identity/v3/auth/tokens 0.067s
2024-12-16 20:35:55.738 67054 INFO tempest.lib.common.rest_client [req-2dfcbd15-53bd-40c3-8690-eb695717913f req-2dfcbd15-53bd-40c3-8690-eb695717913f ] Request (KeyPairsV22TestJSON:test_keypairs_create_list_delete): 200 GET http://10.180.1.21/compute/v2.1/os-keypairs 0.147s
2024-12-16 20:35:55.758 67078 INFO tempest.lib.common.rest_client [req-31e42266-6c1d-4d8f-b764-cedcb7988228 req-31e42266-6c1d-4d8f-b764-cedcb7988228 ] Request (QuotasAdminNegativeTest:_run_cleanups): 200 PUT http://10.180.1.21/compute/v2.1/os-quota-sets/573bdf76211e47e9985ddc7dd24f3fb3 0.306s
2024-12-16 20:35:55.806 67080 INFO tempest.lib.common.rest_client [req-e9425399-908c-42e5-9468-a8d61c4557db req-e9425399-908c-42e5-9468-a8d61c4557db ] Request (ServersAdmin275Test:tearDownClass): 200 GET http://10.180.1.21/compute/v2.1/servers/14001573-3622-48a3-8d49-6126d7734859 0.164s
2024-12-16 20:35:55.816 67094 INFO tempest.lib.common.rest_client [req-4d103cf4-2df1-4f79-a577-99611c3ab1b2 req-4d103cf4-2df1-4f79-a577-99611c3ab1b2 ] Request (ServerExternalEventsTest:tearDownClass): 200 GET http://10.180.1.21:9696/networking/v2.0/security-groups?tenant_id=3d369c4afc114cc9819c08428d737a1f&name=default 0.084s
2024-12-16 20:35:55.870 67104 INFO tempest.lib.common.rest_client [req-d5181db7-7248-411d-abb6-3d5c602f1887 req-d5181db7-7248-411d-abb6-3d5c602f1887 ] Request (ServerActionsTestJSON:setUpClass): 200 GET http://10.180.1.21/compute/v2.1/servers/0b83f1d6-a67f-4040-8d32-a7cc8c68d071 0.174s
2024-12-16 20:35:55.887 67054 INFO tempest.lib.common.rest_client [req-c2ab0d49-e1fa-4ea2-a579-81b6fd98aebe req-c2ab0d49-e1fa-4ea2-a579-81b6fd98aebe ] Request (KeyPairsV22TestJSON:_run_cleanups): 204 DELETE http://10.180.1.21/compute/v2.1/os-keypairs/tempest-KeyPairsV22TestJSON-keypair-898900802 0.146s
2024-12-16 20:35:55.888 67072 INFO tempest.lib.common.rest_client [req-d0308a0e-ae81-41c7-b581-d8cbf7d1e53a req-d0308a0e-ae81-41c7-b581-d8cbf7d1e53a ] Request (MigrationsAdminTest:test_list_migrations_in_flavor_resize_situation): 200 GET http://10.180.1.21/compute/v2.1/servers/df8e9a13-fc49-47d5-a7f2-6b4c65366ccf 0.202s
2024-12-16 20:35:55.945 67094 INFO tempest.lib.common.rest_client [req-a82c0739-aae6-4cd8-b15f-fb03f86d0eab req-a82c0739-aae6-4cd8-b15f-fb03f86d0eab ] Request (ServerExternalEventsTest:tearDownClass): 204 DELETE http://10.180.1.21:9696/networking/v2.0/security-groups/a18427dd-7638-45e3-bdd5-f7953e27b425 0.128s
2024-12-16 20:35:55.949 67098 INFO tempest.lib.common.rest_client [req-df727f35-8a9b-4492-9c10-de21354431b1 req-df727f35-8a9b-4492-9c10-de21354431b1 ] Request (ServerActionsV293TestJSON:setUpClass): 200 GET http://10.180.1.21/compute/v2.1/servers/c7f6df95-ece2-4cd3-9138-bc73baf0ad00 0.188s
2024-12-16 20:35:56.000 67078 INFO tempest.lib.common.rest_client [req-b4b61b51-57f9-48d9-bc22-1d9859188d0a req-b4b61b51-57f9-48d9-bc22-1d9859188d0a ] Request (QuotasAdminNegativeTest:test_create_server_when_memory_quota_is_full): 200 GET http://10.180.1.21/compute/v2.1/os-quota-sets/573bdf76211e47e9985ddc7dd24f3fb3 0.238s
2024-12-16 20:35:56.014 67054 INFO tempest.lib.common.rest_client [req-c6a6542d-4512-4de7-b909-88e061c9299a req-c6a6542d-4512-4de7-b909-88e061c9299a ] Request (KeyPairsV22TestJSON:_run_cleanups): 204 DELETE http://10.180.1.21/compute/v2.1/os-keypairs/tempest-KeyPairsV22TestJSON-keypair-1788105184 0.127s
2024-12-16 20:35:56.031 67094 INFO tempest.lib.common.rest_client [req-d46150b8-0b22-4bfd-89f9-2fed431caf40 req-d46150b8-0b22-4bfd-89f9-2fed431caf40 ] Request (ServerExternalEventsTest:tearDownClass): 204 DELETE http://10.180.1.21/identity/v3/projects/3d369c4afc114cc9819c08428d737a1f 0.085s
2024-12-16 20:35:56.031 67094 INFO tempest.lib.common.dynamic_creds [-] Deleting project and security group for project: e41a4dc4f82f4b578571b70b386506cf
2024-12-16 20:35:56.080 67070 INFO tempest.lib.common.rest_client [req-d50f1444-4d82-4607-a697-3eb920629396 req-d50f1444-4d82-4607-a697-3eb920629396 ] Request (MultipleCreateTestJSON:test_multiple_create_with_reservation_return): 200 GET http://10.180.1.21/compute/v2.1/servers/3933a396-51ad-4af0-b993-463281d5bfa1 0.177s
2024-12-16 20:35:56.138 67062 INFO tempest.lib.common.rest_client [req-be6c8af3-6ad5-45be-958c-62a9bfb9631f req-be6c8af3-6ad5-45be-958c-62a9bfb9631f ] Request (FloatingIPsAssociationNegativeTestJSON:setUpClass): 200 GET http://10.180.1.21/compute/v2.1/servers/f5a79d87-ee61-4b33-8a11-7f3eb8b0063f 0.234s
2024-12-16 20:35:56.157 67048 INFO tempest.lib.common.rest_client [req-5c5c0e45-5fbe-4d10-b8dc-5a6f7a4392b0 req-5c5c0e45-5fbe-4d10-b8dc-5a6f7a4392b0 ] Request (ServersTestMultiNic:test_verify_duplicate_network_nics): 200 GET http://10.180.1.21/compute/v2.1/servers/60553aa1-c148-41e8-87de-cfcf6554d98d 0.331s
2024-12-16 20:35:56.187 67066 INFO tempest.lib.common.rest_client [req-bdd266c2-e009-4b98-969e-ba6b77ff0065 req-bdd266c2-e009-4b98-969e-ba6b77ff0065 ] Request (ImagesNegativeTestJSON:test_create_image_from_deleted_server): 200 GET http://10.180.1.21/compute/v2.1/servers/0634ab91-7eef-4b04-88e7-50459f691999 0.208s
2024-12-16 20:35:56.196 67094 INFO tempest.lib.common.rest_client [req-e098871f-574f-4920-9d05-26ced02c2161 req-e098871f-574f-4920-9d05-26ced02c2161 ] Request (ServerExternalEventsTest:tearDownClass): 200 GET http://10.180.1.21:9696/networking/v2.0/security-groups?tenant_id=e41a4dc4f82f4b578571b70b386506cf&name=default 0.165s
2024-12-16 20:35:56.201 67054 INFO tempest.lib.common.rest_client [req-288067c1-2c4b-4448-a37a-da51a82ba74b req-288067c1-2c4b-4448-a37a-da51a82ba74b ] Request (KeyPairsV22TestJSON:_run_cleanups): 204 DELETE http://10.180.1.21/compute/v2.1/os-keypairs/tempest-KeyPairsV22TestJSON-keypair-758402250 0.186s
2024-12-16 20:35:56.242 67102 WARNING tempest.lib.common.ssh [-] Failed to establish authenticated ssh connection to cirros@10.180.180.199 ([Errno None] Unable to connect to port 22 on 10.180.180.199). Number attempts: 4. Retry after 5 seconds.: paramiko.ssh_exception.NoValidConnectionsError: [Errno None] Unable to connect to port 22 on 10.180.180.199
2024-12-16 20:35:56.280 67094 INFO tempest.lib.common.rest_client [req-6e00d179-afe0-402c-b5ea-c7b6bcb4817a req-6e00d179-afe0-402c-b5ea-c7b6bcb4817a ] Request (ServerExternalEventsTest:tearDownClass): 204 DELETE http://10.180.1.21:9696/networking/v2.0/security-groups/5eacf503-b955-4c99-90d9-25a243147da3 0.083s
2024-12-16 20:35:56.327 67082 INFO tempest.lib.common.rest_client [req-dce1a2b5-455b-46a9-866a-c9b7f2b182ac req-dce1a2b5-455b-46a9-866a-c9b7f2b182ac ] Request (ImagesOneServerTestJSON:setUpClass): 200 GET http://10.180.1.21/compute/v2.1/servers/14457211-8671-4f34-abe7-e971b2695995 0.224s
2024-12-16 20:35:56.328 67078 INFO tempest.lib.common.rest_client [req-75029eca-6801-434e-a210-b85070eceb7f req-75029eca-6801-434e-a210-b85070eceb7f ] Request (QuotasAdminNegativeTest:test_create_server_when_memory_quota_is_full): 200 PUT http://10.180.1.21/compute/v2.1/os-quota-sets/573bdf76211e47e9985ddc7dd24f3fb3 0.327s
2024-12-16 20:35:56.387 67092 INFO tempest.lib.common.rest_client [req-3cb40752-1217-481b-8e01-f2e6c3f8b4ef req-3cb40752-1217-481b-8e01-f2e6c3f8b4ef ] Request (ServersAdminTestJSON:test_create_server_with_scheduling_hint): 200 GET http://10.180.1.21/compute/v2.1/servers/f7e719af-406c-4ecf-8462-1638ba1d02d9 0.257s
2024-12-16 20:35:56.401 67078 INFO tempest.lib.common.rest_client [req-69704ac2-7f7b-4bce-ab82-fe3f22adb31f req-69704ac2-7f7b-4bce-ab82-fe3f22adb31f ] Request (QuotasAdminNegativeTest:test_create_server_when_memory_quota_is_full): 201 POST http://10.180.1.21/identity/v3/auth/tokens 0.067s
2024-12-16 20:35:56.401 67094 INFO tempest.lib.common.rest_client [req-6dc4ac18-ef77-4c5c-b8c5-613dfd5c4573 req-6dc4ac18-ef77-4c5c-b8c5-613dfd5c4573 ] Request (ServerExternalEventsTest:tearDownClass): 204 DELETE http://10.180.1.21/identity/v3/projects/e41a4dc4f82f4b578571b70b386506cf 0.121s
2024-12-16 20:35:56.401 67078 INFO tempest.lib.common.fixed_network [-] (QuotasAdminNegativeTest:test_create_server_when_memory_quota_is_full) Found network None available for tenant
2024-12-16 20:35:56.401 67094 INFO tempest.lib.common.dynamic_creds [-] Deleting project and security group for project: 4749495d650e4832a74997d97a2647d5
2024-12-16 20:35:56.408 67074 INFO tempest.lib.common.rest_client [req-165702ea-a490-484a-8f04-9e8820c3c6a6 req-165702ea-a490-484a-8f04-9e8820c3c6a6 ] Request (AttachInterfacesV270Test:tearDownClass): 200 GET http://10.180.1.21/compute/v2.1/servers/7e1e18af-c401-4650-888b-163bf81a23c2 0.214s
2024-12-16 20:35:56.424 67054 INFO tempest.lib.common.rest_client [req-2eaf4cc6-f9c8-4bc3-bd19-df3ce04d7450 req-2eaf4cc6-f9c8-4bc3-bd19-df3ce04d7450 ] Request (KeyPairsV22TestJSON:test_keypairsv22_create_list_show): 201 POST http://10.180.1.21/compute/v2.1/os-keypairs 0.222s
2024-12-16 20:35:56.436 67064 WARNING tempest.lib.common.ssh [-] Failed to establish authenticated ssh connection to cirros@10.180.180.243 ([Errno None] Unable to connect to port 22 on 10.180.180.243). Number attempts: 1. Retry after 2 seconds.: paramiko.ssh_exception.NoValidConnectionsError: [Errno None] Unable to connect to port 22 on 10.180.180.243
2024-12-16 20:35:56.488 67056 INFO tempest.lib.common.rest_client [req-bc93c789-a46a-4792-b28b-36be97f5974d req-bc93c789-a46a-4792-b28b-36be97f5974d ] Request (AttachInterfacesTestJSON:test_create_list_show_delete_interfaces_by_fixed_ip): 200 GET http://10.180.1.21/compute/v2.1/servers/993c23b5-2dd6-4a20-ad6b-0177ee4f3f5e 0.228s
2024-12-16 20:35:56.513 67094 INFO tempest.lib.common.rest_client [req-62d29f3f-fd0d-4eec-bc65-e01950c228c4 req-62d29f3f-fd0d-4eec-bc65-e01950c228c4 ] Request (ServerExternalEventsTest:tearDownClass): 200 GET http://10.180.1.21:9696/networking/v2.0/security-groups?tenant_id=4749495d650e4832a74997d97a2647d5&name=default 0.112s
2024-12-16 20:35:56.565 67076 INFO tempest.lib.common.rest_client [req-60fbca9e-8b20-4d1f-b1b2-22dd1a90ab89 req-60fbca9e-8b20-4d1f-b1b2-22dd1a90ab89 ] Request (InstanceActionsTestJSON:setUpClass): 200 GET http://10.180.1.21/compute/v2.1/servers/a86a0510-9cce-4fdd-a90c-ab0f727b6864 0.193s
2024-12-16 20:35:56.587 67090 INFO tempest.lib.common.rest_client [req-8e066e80-636a-4f9e-b4ac-23615a104349 req-8e066e80-636a-4f9e-b4ac-23615a104349 ] Request (ServerAddressesNegativeTestJSON:setUpClass): 200 GET http://10.180.1.21/compute/v2.1/servers/0c614401-c25b-4686-ac48-bc03332e0e4c 0.295s
2024-12-16 20:35:56.606 67094 INFO tempest.lib.common.rest_client [req-5f84f3d3-f96f-484c-856a-37e1ca3941fc req-5f84f3d3-f96f-484c-856a-37e1ca3941fc ] Request (ServerExternalEventsTest:tearDownClass): 204 DELETE http://10.180.1.21:9696/networking/v2.0/security-groups/a2152bd7-9799-445e-be0f-708ccf150164 0.092s
2024-12-16 20:35:56.634 67054 INFO tempest.lib.common.rest_client [req-95be3507-e19b-4973-9f28-2a67bbfa0759 req-95be3507-e19b-4973-9f28-2a67bbfa0759 ] Request (KeyPairsV22TestJSON:test_keypairsv22_create_list_show): 200 GET http://10.180.1.21/compute/v2.1/os-keypairs/tempest-keypair-1305117217 0.208s
2024-12-16 20:35:56.697 67109 INFO tempest.lib.common.rest_client [req-debe25ee-88ff-442d-9faa-50972b06264a req-debe25ee-88ff-442d-9faa-50972b06264a ] Request (TenantUsagesTestJSON:setUpClass): 200 GET http://10.180.1.21/compute/v2.1/servers/fc70897c-4c1f-4884-a2db-8f266cf6128b 0.221s
2024-12-16 20:35:56.728 67094 INFO tempest.lib.common.rest_client [req-d6d28959-36ec-41ff-be4c-d31d3240c33e req-d6d28959-36ec-41ff-be4c-d31d3240c33e ] Request (ServerExternalEventsTest:tearDownClass): 204 DELETE http://10.180.1.21/identity/v3/projects/4749495d650e4832a74997d97a2647d5 0.120s
2024-12-16 20:35:56.756 67086 INFO tempest.lib.common.rest_client [req-5d90f956-9a86-4898-b90b-1140d00c36be req-5d90f956-9a86-4898-b90b-1140d00c36be ] Request (DeleteServersAdminTestJSON:test_delete_server_while_in_error_state): 200 GET http://10.180.1.21/compute/v2.1/servers/2eacff50-9336-46f7-acdb-5276764a4f3a 0.237s
2024-12-16 20:35:56.767 67078 INFO tempest.lib.common.rest_client [req-a5845c36-1a3f-4cff-8641-31169d2405be req-a5845c36-1a3f-4cff-8641-31169d2405be ] Request (QuotasAdminNegativeTest:test_create_server_when_memory_quota_is_full): 403 POST http://10.180.1.21/compute/v2.1/servers 0.365s
2024-12-16 20:35:56.806 67106 INFO tempest.lib.common.rest_client [req-08fbb842-7edd-4c36-a0b8-6e493cf62352 req-08fbb842-7edd-4c36-a0b8-6e493cf62352 ] Request (AttachVolumeTestJSON:test_attach_detach_volume): 200 GET http://10.180.1.21/compute/v2.1/servers/c0294045-2c3c-43b2-85e5-5c04b6726733 0.284s
2024-12-16 20:35:56.828 67094 INFO tempest.lib.common.rest_client [req-0a009465-6335-4a3c-a66c-88276aadc19a req-0a009465-6335-4a3c-a66c-88276aadc19a ] Request (TenantUsagesNegativeTestJSON:setUpClass): 201 POST http://10.180.1.21/identity/v3/auth/tokens 0.099s
2024-12-16 20:35:56.843 67084 INFO tempest.lib.common.rest_client [req-e66c9920-53ec-4997-93e8-2c81e4b955b8 req-e66c9920-53ec-4997-93e8-2c81e4b955b8 ] Request (InstanceActionsV221TestJSON:test_get_list_deleted_instance_actions): 200 GET http://10.180.1.21/compute/v2.1/servers/f2d87af0-d481-4bb0-be40-a45d1d8464b1 0.267s
2024-12-16 20:35:56.857 67054 INFO tempest.lib.common.rest_client [req-c936b88e-6a32-403e-aa7b-578e26202b82 req-c936b88e-6a32-403e-aa7b-578e26202b82 ] Request (KeyPairsV22TestJSON:test_keypairsv22_create_list_show): 200 GET http://10.180.1.21/compute/v2.1/os-keypairs 0.220s
2024-12-16 20:35:56.866 67068 INFO tempest.lib.common.rest_client [req-5c9fc1b5-8c8c-437a-92ce-77141fb9becc req-5c9fc1b5-8c8c-437a-92ce-77141fb9becc ] Request (AttachInterfacesUnderV243Test:test_add_remove_fixed_ip): 200 GET http://10.180.1.21/compute/v2.1/servers/44f93255-be21-4bff-9f6a-3e5149a74a26 0.280s
2024-12-16 20:35:56.870 67094 INFO tempest.lib.common.rest_client [req-fad52d80-4d04-4fab-bcc3-dbc02f92921f req-fad52d80-4d04-4fab-bcc3-dbc02f92921f ] Request (TenantUsagesNegativeTestJSON:setUpClass): 201 POST http://10.180.1.21/identity/v3/auth/tokens 0.039s
2024-12-16 20:35:56.910 67094 INFO tempest.lib.common.rest_client [req-1dc12a06-9157-4d37-9206-1ae7d53cd4b1 req-1dc12a06-9157-4d37-9206-1ae7d53cd4b1 ] Request (TenantUsagesNegativeTestJSON:setUpClass): 200 GET http://10.180.1.21/identity/v3/domains?name=Default 0.039s
2024-12-16 20:35:56.934 67088 INFO tempest.lib.common.rest_client [req-57459c68-e5a3-4756-8c29-df27aaea1d76 req-57459c68-e5a3-4756-8c29-df27aaea1d76 ] Request (ServersAdminNegativeTestJSON:test_migrate_server_invalid_state): 200 GET http://10.180.1.21/compute/v2.1/servers/c070224d-1471-458e-b4a2-71b05f85d4a4 0.245s
2024-12-16 20:35:56.936 67060 INFO tempest.lib.common.rest_client [req-b45c361b-c82f-491a-a5b1-8e4a26642fe9 req-b45c361b-c82f-491a-a5b1-8e4a26642fe9 ] Request (ServersTestJSON:setUpClass): 200 GET http://10.180.1.21/compute/v2.1/servers/d92486a2-9cda-4273-925d-1cfcb9271cfe 0.294s
2024-12-16 20:35:56.949 67094 INFO tempest.lib.common.rest_client [req-d31da8f5-ea61-4b4d-a21e-a06a6f56f42c req-d31da8f5-ea61-4b4d-a21e-a06a6f56f42c ] Request (TenantUsagesNegativeTestJSON:setUpClass): 201 POST http://10.180.1.21/identity/v3/projects 0.038s
2024-12-16 20:35:56.993 67096 INFO tempest.lib.common.rest_client [req-8caa8bdc-6b67-446b-b71e-59229bb2b9ce req-8caa8bdc-6b67-446b-b71e-59229bb2b9ce ] Request (ImagesTestJSON:test_create_image_from_stopped_server): 200 GET http://10.180.1.21/compute/v2.1/servers/6126b8cc-b66d-4479-8d04-d6b66652e2d8 0.255s
2024-12-16 20:35:57.017 67094 INFO tempest.lib.common.rest_client [req-64c9e73d-a59f-4064-ae7e-5514b7e6d2a4 req-64c9e73d-a59f-4064-ae7e-5514b7e6d2a4 ] Request (TenantUsagesNegativeTestJSON:setUpClass): 201 POST http://10.180.1.21/identity/v3/users 0.067s
2024-12-16 20:35:57.044 67094 INFO tempest.lib.common.rest_client [req-2d56527e-d042-4dff-bd85-b96adc5cee6d req-2d56527e-d042-4dff-bd85-b96adc5cee6d ] Request (TenantUsagesNegativeTestJSON:setUpClass): 200 GET http://10.180.1.21/identity/v3/roles 0.026s
2024-12-16 20:35:57.073 67080 INFO tempest.lib.common.rest_client [req-3d05356b-11ec-472e-be14-2384a30a31a2 req-3d05356b-11ec-472e-be14-2384a30a31a2 ] Request (ServersAdmin275Test:tearDownClass): 200 GET http://10.180.1.21/compute/v2.1/servers/14001573-3622-48a3-8d49-6126d7734859 0.250s
2024-12-16 20:35:57.089 67094 INFO tempest.lib.common.rest_client [req-8e9b8d1c-3e66-41ff-bb6c-4ac1ee7d2238 req-8e9b8d1c-3e66-41ff-bb6c-4ac1ee7d2238 ] Request (TenantUsagesNegativeTestJSON:setUpClass): 204 PUT http://10.180.1.21/identity/v3/projects/3d16bc98890043668cba6fa23c3e6dab/users/486f0c8dc8c546008d0fe9d67df38d0d/roles/be71141727f84c6fb1c9eaf4f5e1115f 0.045s
2024-12-16 20:35:57.089 67094 INFO tempest.lib.common.dynamic_creds [-] Dynamic test user 486f0c8dc8c546008d0fe9d67df38d0d is created with scope project and roles: ['member']
2024-12-16 20:35:57.090 67094 INFO tempest.lib.common.dynamic_creds [-] Acquired dynamic creds: credentials: Credentials: {'domain_id': 'default', 'domain_name': 'Default', 'username': 'tempest-TenantUsagesNegativeTestJSON-99080187-project-member', 'project_domain_id': 'default', 'project_domain_name': 'Default', 'project_id': '3d16bc98890043668cba6fa23c3e6dab', 'project_name': 'tempest-TenantUsagesNegativeTestJSON-99080187', 'tenant_id': '3d16bc98890043668cba6fa23c3e6dab', 'tenant_name': 'tempest-TenantUsagesNegativeTestJSON-99080187', 'user_domain_id': 'default', 'user_domain_name': 'Default', 'user_id': '486f0c8dc8c546008d0fe9d67df38d0d', 'system': None}, Network: None, Subnet: None, Router: None
2024-12-16 20:35:57.090 67094 INFO tempest.lib.common.dynamic_creds [-] Created isolated network resources for: credentials: Credentials: {'domain_id': 'default', 'domain_name': 'Default', 'username': 'tempest-TenantUsagesNegativeTestJSON-99080187-project-member', 'project_domain_id': 'default', 'project_domain_name': 'Default', 'project_id': '3d16bc98890043668cba6fa23c3e6dab', 'project_name': 'tempest-TenantUsagesNegativeTestJSON-99080187', 'tenant_id': '3d16bc98890043668cba6fa23c3e6dab', 'tenant_name': 'tempest-TenantUsagesNegativeTestJSON-99080187', 'user_domain_id': 'default', 'user_domain_name': 'Default', 'user_id': '486f0c8dc8c546008d0fe9d67df38d0d', 'system': None}, Network: None, Subnet: None, Router: None
2024-12-16 20:35:57.094 67054 INFO tempest.lib.common.rest_client [req-45bb643d-99d6-4d27-a77d-693d6284c214 req-45bb643d-99d6-4d27-a77d-693d6284c214 ] Request (KeyPairsV22TestJSON:_run_cleanups): 204 DELETE http://10.180.1.21/compute/v2.1/os-keypairs/tempest-keypair-1305117217 0.235s
2024-12-16 20:35:57.123 67078 INFO tempest.lib.common.rest_client [req-7f26a8aa-2f3c-4c3a-a9fe-2a11dd042bc4 req-7f26a8aa-2f3c-4c3a-a9fe-2a11dd042bc4 ] Request (QuotasAdminNegativeTest:_run_cleanups): 200 PUT http://10.180.1.21/compute/v2.1/os-quota-sets/573bdf76211e47e9985ddc7dd24f3fb3 0.356s
2024-12-16 20:35:57.151 67104 INFO tempest.lib.common.rest_client [req-6c773257-701b-4183-bc3a-fbf26424895f req-6c773257-701b-4183-bc3a-fbf26424895f ] Request (ServerActionsTestJSON:setUpClass): 200 GET http://10.180.1.21/compute/v2.1/servers/0b83f1d6-a67f-4040-8d32-a7cc8c68d071 0.273s
2024-12-16 20:35:57.175 67094 INFO tempest.lib.common.rest_client [req-affae0d3-2e45-4825-9f26-f5bb9f626fcf req-affae0d3-2e45-4825-9f26-f5bb9f626fcf ] Request (TenantUsagesNegativeTestJSON:setUpClass): 201 POST http://10.180.1.21/identity/v3/auth/tokens 0.079s
2024-12-16 20:35:57.214 67098 INFO tempest.lib.common.rest_client [req-b34ffc95-051e-437b-a4e5-3705a5eac61e req-b34ffc95-051e-437b-a4e5-3705a5eac61e ] Request (ServerActionsV293TestJSON:setUpClass): 200 GET http://10.180.1.21/compute/v2.1/servers/c7f6df95-ece2-4cd3-9138-bc73baf0ad00 0.253s
2024-12-16 20:35:57.249 67094 INFO tempest.lib.common.rest_client [req-a50f2881-8817-49ff-964f-47654142cf43 req-a50f2881-8817-49ff-964f-47654142cf43 ] Request (TenantUsagesNegativeTestJSON:setUpClass): 201 POST http://10.180.1.21/identity/v3/projects 0.074s
2024-12-16 20:35:57.275 67070 INFO tempest.lib.common.rest_client [req-1a7e9ff8-a074-434e-9944-b38a36c02de5 req-1a7e9ff8-a074-434e-9944-b38a36c02de5 ] Request (MultipleCreateTestJSON:test_multiple_create_with_reservation_return): 200 GET http://10.180.1.21/compute/v2.1/servers/3933a396-51ad-4af0-b993-463281d5bfa1 0.183s
2024-12-16 20:35:57.291 67072 INFO tempest.lib.common.rest_client [req-8bf31922-9638-4a2b-814d-95d69ea52548 req-8bf31922-9638-4a2b-814d-95d69ea52548 ] Request (MigrationsAdminTest:test_list_migrations_in_flavor_resize_situation): 200 GET http://10.180.1.21/compute/v2.1/servers/df8e9a13-fc49-47d5-a7f2-6b4c65366ccf 0.393s
2024-12-16 20:35:57.298 67078 INFO tempest.lib.common.rest_client [req-9e6a57b3-8f6c-4305-8284-682297f5b9ce req-9e6a57b3-8f6c-4305-8284-682297f5b9ce ] Request (QuotasAdminNegativeTest:test_update_quota_normal_user): 403 PUT http://10.180.1.21/compute/v2.1/os-quota-sets/573bdf76211e47e9985ddc7dd24f3fb3 0.171s
2024-12-16 20:35:57.300 67072 INFO tempest.common.waiters [-] State transition "RESIZE/resize_migrated" ==> "RESIZE/resize_finish" after 43 second wait
2024-12-16 20:35:57.308 67094 INFO tempest.lib.common.rest_client [req-0bf639df-f66b-40c6-b394-ebecbbfd4f3a req-0bf639df-f66b-40c6-b394-ebecbbfd4f3a ] Request (TenantUsagesNegativeTestJSON:setUpClass): 201 POST http://10.180.1.21/identity/v3/users 0.058s
2024-12-16 20:35:57.331 67094 INFO tempest.lib.common.rest_client [req-b2a7e70f-a4cd-497c-9b0c-211266cde666 req-b2a7e70f-a4cd-497c-9b0c-211266cde666 ] Request (TenantUsagesNegativeTestJSON:setUpClass): 200 GET http://10.180.1.21/identity/v3/roles 0.022s
2024-12-16 20:35:57.357 67094 INFO tempest.lib.common.rest_client [req-a8ab1167-7200-4ade-b643-1550bddbb60e req-a8ab1167-7200-4ade-b643-1550bddbb60e ] Request (TenantUsagesNegativeTestJSON:setUpClass): 204 PUT http://10.180.1.21/identity/v3/projects/bdc95a117ae644c1ae42c881b2e61d99/users/3397afe51a814950993dde129a9c46fa/roles/5a9e136c35844fd08ef5b33bb00abfe1 0.025s
2024-12-16 20:35:57.362 67062 INFO tempest.lib.common.rest_client [req-8745eda3-031c-4bc9-8d2d-df06d212c4c7 req-8745eda3-031c-4bc9-8d2d-df06d212c4c7 ] Request (FloatingIPsAssociationNegativeTestJSON:setUpClass): 200 GET http://10.180.1.21/compute/v2.1/servers/f5a79d87-ee61-4b33-8a11-7f3eb8b0063f 0.216s
2024-12-16 20:35:57.395 67078 INFO tempest.lib.common.rest_client [req-4c7c7ed9-601d-4507-acc8-78d0ff19d2d6 req-4c7c7ed9-601d-4507-acc8-78d0ff19d2d6 ] Request (QuotasAdminNegativeTest:tearDownClass): 204 DELETE http://10.180.1.21/identity/v3/users/58905d1fc4954c4d9e6825d2087e37d2 0.095s
2024-12-16 20:35:57.441 67094 INFO tempest.lib.common.rest_client [req-ed9beebb-8b98-4621-b0c2-eb23bd5e6942 req-ed9beebb-8b98-4621-b0c2-eb23bd5e6942 ] Request (TenantUsagesNegativeTestJSON:setUpClass): 200 GET http://10.180.1.21/identity/v3/roles 0.083s
2024-12-16 20:35:57.474 67094 INFO tempest.lib.common.rest_client [req-caf79d31-745d-421e-b520-20a67b0a75af req-caf79d31-745d-421e-b520-20a67b0a75af ] Request (TenantUsagesNegativeTestJSON:setUpClass): 204 PUT http://10.180.1.21/identity/v3/projects/bdc95a117ae644c1ae42c881b2e61d99/users/3397afe51a814950993dde129a9c46fa/roles/5a9e136c35844fd08ef5b33bb00abfe1 0.033s
2024-12-16 20:35:57.475 67094 INFO tempest.lib.common.dynamic_creds [-] Dynamic test user 3397afe51a814950993dde129a9c46fa is created with scope project and roles: ['admin']
2024-12-16 20:35:57.475 67094 INFO tempest.lib.common.dynamic_creds [-] Acquired dynamic creds: credentials: Credentials: {'domain_id': 'default', 'domain_name': 'Default', 'username': 'tempest-TenantUsagesNegativeTestJSON-883846545-project-admin', 'project_domain_id': 'default', 'project_domain_name': 'Default', 'project_id': 'bdc95a117ae644c1ae42c881b2e61d99', 'project_name': 'tempest-TenantUsagesNegativeTestJSON-883846545', 'tenant_id': 'bdc95a117ae644c1ae42c881b2e61d99', 'tenant_name': 'tempest-TenantUsagesNegativeTestJSON-883846545', 'user_domain_id': 'default', 'user_domain_name': 'Default', 'user_id': '3397afe51a814950993dde129a9c46fa', 'system': None}, Network: None, Subnet: None, Router: None
2024-12-16 20:35:57.475 67094 INFO tempest.lib.common.dynamic_creds [-] Created isolated network resources for: credentials: Credentials: {'domain_id': 'default', 'domain_name': 'Default', 'username': 'tempest-TenantUsagesNegativeTestJSON-883846545-project-admin', 'project_domain_id': 'default', 'project_domain_name': 'Default', 'project_id': 'bdc95a117ae644c1ae42c881b2e61d99', 'project_name': 'tempest-TenantUsagesNegativeTestJSON-883846545', 'tenant_id': 'bdc95a117ae644c1ae42c881b2e61d99', 'tenant_name': 'tempest-TenantUsagesNegativeTestJSON-883846545', 'user_domain_id': 'default', 'user_domain_name': 'Default', 'user_id': '3397afe51a814950993dde129a9c46fa', 'system': None}, Network: None, Subnet: None, Router: None
2024-12-16 20:35:57.507 67048 INFO tempest.lib.common.rest_client [req-5c42dcc7-7af3-45d6-b67a-a7fc12a6fa5d req-5c42dcc7-7af3-45d6-b67a-a7fc12a6fa5d ] Request (ServersTestMultiNic:test_verify_duplicate_network_nics): 200 GET http://10.180.1.21/compute/v2.1/servers/60553aa1-c148-41e8-87de-cfcf6554d98d 0.343s
2024-12-16 20:35:57.517 67078 INFO tempest.lib.common.rest_client [req-a113544f-072d-426c-b61f-99594d420bee req-a113544f-072d-426c-b61f-99594d420bee ] Request (QuotasAdminNegativeTest:tearDownClass): 204 DELETE http://10.180.1.21/identity/v3/users/6878ce28257b484f96d4d83403cad91d 0.121s
2024-12-16 20:35:57.517 67078 INFO tempest.lib.common.dynamic_creds [-] Deleting project and security group for project: fb96598dec824ccea9cb6f4f91cd5435
2024-12-16 20:35:57.564 67094 INFO tempest.lib.common.rest_client [req-1436ac10-b516-4f3a-bc3a-1b1b05a2dd62 req-1436ac10-b516-4f3a-bc3a-1b1b05a2dd62 ] Request (TenantUsagesNegativeTestJSON:setUpClass): 201 POST http://10.180.1.21/identity/v3/auth/tokens 0.086s
2024-12-16 20:35:57.573 67066 INFO tempest.lib.common.rest_client [req-1d5656fe-e642-4bce-a7e7-011709b4eddc req-1d5656fe-e642-4bce-a7e7-011709b4eddc ] Request (ImagesNegativeTestJSON:test_create_image_from_deleted_server): 200 GET http://10.180.1.21/compute/v2.1/servers/0634ab91-7eef-4b04-88e7-50459f691999 0.378s
2024-12-16 20:35:57.589 67078 INFO tempest.lib.common.rest_client [req-2a13d27e-0e2c-4126-8921-f737fb59236c req-2a13d27e-0e2c-4126-8921-f737fb59236c ] Request (QuotasAdminNegativeTest:tearDownClass): 201 POST http://10.180.1.21/identity/v3/auth/tokens 0.071s
2024-12-16 20:35:57.683 67082 INFO tempest.lib.common.rest_client [req-61d4b664-13ca-4e81-a417-7b77119b32f2 req-61d4b664-13ca-4e81-a417-7b77119b32f2 ] Request (ImagesOneServerTestJSON:setUpClass): 200 GET http://10.180.1.21/compute/v2.1/servers/14457211-8671-4f34-abe7-e971b2695995 0.349s
2024-12-16 20:35:57.695 67054 INFO tempest.lib.common.rest_client [req-c48c2f6f-f6bb-47d0-a8d2-74dfbb873fec req-c48c2f6f-f6bb-47d0-a8d2-74dfbb873fec ] Request (KeyPairsV22TestJSON:test_keypairsv22_create_list_show_with_type): 201 POST http://10.180.1.21/compute/v2.1/os-keypairs 0.600s
2024-12-16 20:35:57.730 67092 INFO tempest.lib.common.rest_client [req-605b1098-0e7b-4459-be65-40dc80a39f72 req-605b1098-0e7b-4459-be65-40dc80a39f72 ] Request (ServersAdminTestJSON:test_create_server_with_scheduling_hint): 200 GET http://10.180.1.21/compute/v2.1/servers/f7e719af-406c-4ecf-8462-1638ba1d02d9 0.333s
2024-12-16 20:35:57.754 67074 INFO tempest.lib.common.rest_client [req-509616e5-4b16-45cd-ad1a-5d6e8f1bd387 req-509616e5-4b16-45cd-ad1a-5d6e8f1bd387 ] Request (AttachInterfacesV270Test:tearDownClass): 200 GET http://10.180.1.21/compute/v2.1/servers/7e1e18af-c401-4650-888b-163bf81a23c2 0.331s
2024-12-16 20:35:57.757 67078 INFO tempest.lib.common.rest_client [req-43559d6f-d865-432a-ad4e-382f9656130e req-43559d6f-d865-432a-ad4e-382f9656130e ] Request (QuotasAdminNegativeTest:tearDownClass): 200 GET http://10.180.1.21:9696/networking/v2.0/security-groups?tenant_id=fb96598dec824ccea9cb6f4f91cd5435&name=default 0.167s
2024-12-16 20:35:57.777 67056 INFO tempest.lib.common.rest_client [req-0ce0cfd7-40cc-4c25-b6f6-60040f2205c9 req-0ce0cfd7-40cc-4c25-b6f6-60040f2205c9 ] Request (AttachInterfacesTestJSON:test_create_list_show_delete_interfaces_by_fixed_ip): 200 GET http://10.180.1.21/compute/v2.1/servers/993c23b5-2dd6-4a20-ad6b-0177ee4f3f5e 0.280s
2024-12-16 20:35:57.828 67076 INFO tempest.lib.common.rest_client [req-43b4ccb9-fcdf-48c7-a36d-24d1f0536b4d req-43b4ccb9-fcdf-48c7-a36d-24d1f0536b4d ] Request (InstanceActionsTestJSON:setUpClass): 200 GET http://10.180.1.21/compute/v2.1/servers/a86a0510-9cce-4fdd-a90c-ab0f727b6864 0.255s
2024-12-16 20:35:57.828 67094 INFO tempest.lib.common.rest_client [req-eaaf20a9-e246-40f9-a570-9771a2bc0620 req-eaaf20a9-e246-40f9-a570-9771a2bc0620 ] Request (TenantUsagesNegativeTestJSON:test_get_usage_tenant_with_empty_tenant_id): 404 GET http://10.180.1.21/compute/v2.1/os-simple-tenant-usage/?start=2024-12-15T20%3A35%3A57.565591&end=2024-12-17T20%3A35%3A57.565591 0.262s
2024-12-16 20:35:57.829 67094 WARNING tempest.lib.common.rest_client [-] Deprecated: "tenant_id" property is deprecated for removal, use "project_id" instead
2024-12-16 20:35:57.836 67078 INFO tempest.lib.common.rest_client [req-fce3f790-3434-484b-b30d-e7978c540e08 req-fce3f790-3434-484b-b30d-e7978c540e08 ] Request (QuotasAdminNegativeTest:tearDownClass): 204 DELETE http://10.180.1.21:9696/networking/v2.0/security-groups/fb9b77d8-147f-4a5d-8e2d-53fe8035b46c 0.079s
2024-12-16 20:35:57.838 67054 INFO tempest.lib.common.rest_client [req-b0181066-c057-4f3e-a2e2-d104167aacd3 req-b0181066-c057-4f3e-a2e2-d104167aacd3 ] Request (KeyPairsV22TestJSON:test_keypairsv22_create_list_show_with_type): 200 GET http://10.180.1.21/compute/v2.1/os-keypairs/tempest-keypair-2103173093 0.142s
2024-12-16 20:35:57.895 67109 INFO tempest.lib.common.rest_client [req-7ecca2dd-d1e6-4187-801b-68173f455fa1 req-7ecca2dd-d1e6-4187-801b-68173f455fa1 ] Request (TenantUsagesTestJSON:setUpClass): 200 GET http://10.180.1.21/compute/v2.1/servers/fc70897c-4c1f-4884-a2db-8f266cf6128b 0.189s
2024-12-16 20:35:57.897 67078 INFO tempest.lib.common.rest_client [req-a628675a-4fcd-45f9-a2d6-42390d3bc3bd req-a628675a-4fcd-45f9-a2d6-42390d3bc3bd ] Request (QuotasAdminNegativeTest:tearDownClass): 204 DELETE http://10.180.1.21/identity/v3/projects/fb96598dec824ccea9cb6f4f91cd5435 0.060s
2024-12-16 20:35:57.897 67078 INFO tempest.lib.common.dynamic_creds [-] Deleting project and security group for project: 573bdf76211e47e9985ddc7dd24f3fb3
2024-12-16 20:35:57.947 67086 INFO tempest.lib.common.rest_client [req-c3190afc-6655-44e6-b2ba-fdabda7f2ce8 req-c3190afc-6655-44e6-b2ba-fdabda7f2ce8 ] Request (DeleteServersAdminTestJSON:test_delete_server_while_in_error_state): 200 GET http://10.180.1.21/compute/v2.1/servers/2eacff50-9336-46f7-acdb-5276764a4f3a 0.181s
2024-12-16 20:35:57.951 67090 INFO tempest.lib.common.rest_client [req-d6d53613-868f-4f5d-b67c-c4d0260e2b8e req-d6d53613-868f-4f5d-b67c-c4d0260e2b8e ] Request (ServerAddressesNegativeTestJSON:setUpClass): 200 GET http://10.180.1.21/compute/v2.1/servers/0c614401-c25b-4686-ac48-bc03332e0e4c 0.353s
2024-12-16 20:35:57.959 67094 INFO tempest.lib.common.rest_client [req-9c2994a9-46a4-4b4b-a5b8-fa9a4cae13b1 req-9c2994a9-46a4-4b4b-a5b8-fa9a4cae13b1 ] Request (TenantUsagesNegativeTestJSON:test_get_usage_tenant_with_invalid_date): 400 GET http://10.180.1.21/compute/v2.1/os-simple-tenant-usage/3d16bc98890043668cba6fa23c3e6dab?start=2024-12-17T20%3A35%3A57.565591&end=2024-12-15T20%3A35%3A57.565591 0.129s
2024-12-16 20:35:57.969 67054 INFO tempest.lib.common.rest_client [req-f9c397c8-0a72-44fb-8172-d0050a3e9b6d req-f9c397c8-0a72-44fb-8172-d0050a3e9b6d ] Request (KeyPairsV22TestJSON:test_keypairsv22_create_list_show_with_type): 200 GET http://10.180.1.21/compute/v2.1/os-keypairs 0.128s
2024-12-16 20:35:57.994 67106 INFO tempest.lib.common.rest_client [req-a53349d2-ea3e-4ffc-8489-f94904dcb754 req-a53349d2-ea3e-4ffc-8489-f94904dcb754 ] Request (AttachVolumeTestJSON:test_attach_detach_volume): 200 GET http://10.180.1.21/compute/v2.1/servers/c0294045-2c3c-43b2-85e5-5c04b6726733 0.178s
2024-12-16 20:35:57.996 67078 INFO tempest.lib.common.rest_client [req-fcd66754-1ae0-47fe-a719-b0f45ed6a2d4 req-fcd66754-1ae0-47fe-a719-b0f45ed6a2d4 ] Request (QuotasAdminNegativeTest:tearDownClass): 200 GET http://10.180.1.21:9696/networking/v2.0/security-groups?tenant_id=573bdf76211e47e9985ddc7dd24f3fb3&name=default 0.099s
2024-12-16 20:35:58.031 67084 INFO tempest.lib.common.rest_client [req-a11be7e6-167c-489f-9eaf-33935b2962af req-a11be7e6-167c-489f-9eaf-33935b2962af ] Request (InstanceActionsV221TestJSON:test_get_list_deleted_instance_actions): 200 GET http://10.180.1.21/compute/v2.1/servers/f2d87af0-d481-4bb0-be40-a45d1d8464b1 0.178s
2024-12-16 20:35:58.046 67068 INFO tempest.lib.common.rest_client [req-cb3d5675-6d0a-476c-8d85-4946a5c43839 req-cb3d5675-6d0a-476c-8d85-4946a5c43839 ] Request (AttachInterfacesUnderV243Test:test_add_remove_fixed_ip): 200 GET http://10.180.1.21/compute/v2.1/servers/44f93255-be21-4bff-9f6a-3e5149a74a26 0.169s
2024-12-16 20:35:58.092 67088 INFO tempest.lib.common.rest_client [req-366b47c1-452e-4a13-9c58-fce6f6414657 req-366b47c1-452e-4a13-9c58-fce6f6414657 ] Request (ServersAdminNegativeTestJSON:test_migrate_server_invalid_state): 200 GET http://10.180.1.21/compute/v2.1/servers/c070224d-1471-458e-b4a2-71b05f85d4a4 0.149s
2024-12-16 20:35:58.099 67088 INFO tempest.common.waiters [-] State transition "BUILD/None" ==> "BUILD/networking" after 42 second wait
2024-12-16 20:35:58.100 67060 INFO tempest.lib.common.rest_client [req-47904d99-c21b-4cdb-a9a0-969a9b131a95 req-47904d99-c21b-4cdb-a9a0-969a9b131a95 ] Request (ServersTestJSON:setUpClass): 200 GET http://10.180.1.21/compute/v2.1/servers/d92486a2-9cda-4273-925d-1cfcb9271cfe 0.157s
2024-12-16 20:35:58.118 67078 INFO tempest.lib.common.rest_client [req-c0a7a705-3644-436b-a6b7-4e0a82585844 req-c0a7a705-3644-436b-a6b7-4e0a82585844 ] Request (QuotasAdminNegativeTest:tearDownClass): 204 DELETE http://10.180.1.21:9696/networking/v2.0/security-groups/3e76f732-1f63-42b4-8445-81f363efcc3b 0.121s
2024-12-16 20:35:58.119 67054 INFO tempest.lib.common.rest_client [req-82c68e74-223c-4946-bbc6-714fa37a1516 req-82c68e74-223c-4946-bbc6-714fa37a1516 ] Request (KeyPairsV22TestJSON:_run_cleanups): 204 DELETE http://10.180.1.21/compute/v2.1/os-keypairs/tempest-keypair-2103173093 0.148s
