2024-12-16 20:37:16.881 67060 INFO tempest.lib.common.rest_client [req-41898a98-4e4b-4a0e-bc15-cd8448a1cd38 req-41898a98-4e4b-4a0e-bc15-cd8448a1cd38 ] Request (ServersTestJSON:setUpClass): 200 PUT http://10.180.1.21:9696/networking/v2.0/floatingips/dc1cf59d-6eeb-4be1-bdec-70d34a6bdd5d 0.916s
2024-12-16 20:37:16.897 67080 INFO tempest.lib.common.rest_client [req-86b39daf-11f6-4fd1-8e98-bdcb7974a5e7 req-86b39daf-11f6-4fd1-8e98-bdcb7974a5e7 ] Request (ServersTestFqdnHostnames:test_create_server_with_fqdn_name): 200 GET http://10.180.1.21/compute/v2.1/servers/46685e1c-44c6-42b2-a2f8-16ec4d00644c 0.218s
2024-12-16 20:37:16.902 67084 INFO tempest.lib.common.rest_client [req-cff30f38-b6af-44a7-8bb8-6b031c68241a req-cff30f38-b6af-44a7-8bb8-6b031c68241a ] Request (InstanceActionsNegativeTestJSON:setUpClass): 200 GET http://10.180.1.21/compute/v2.1/servers/cb8c98f7-1648-465c-9a7e-ecee11ba1461 0.217s
2024-12-16 20:37:16.914 67086 INFO tempest.lib.common.rest_client [req-29b5b391-52e8-41d7-9c7f-6b87ed0cff9c req-29b5b391-52e8-41d7-9c7f-6b87ed0cff9c ] Request (FlavorsAccessTestJSON:test_flavor_access_add_remove): 200 GET http://10.180.1.21/compute/v2.1/flavors/detail 0.187s
2024-12-16 20:37:16.949 67106 WARNING tempest.lib.common.ssh [-] Failed to establish authenticated ssh connection to cirros@10.180.180.226 ([Errno None] Unable to connect to port 22 on 10.180.180.226). Number attempts: 6. Retry after 7 seconds.: paramiko.ssh_exception.NoValidConnectionsError: [Errno None] Unable to connect to port 22 on 10.180.180.226
2024-12-16 20:37:16.974 67082 INFO tempest.lib.common.rest_client [req-88d40c92-9aba-4501-ad9c-628b5c07029a req-88d40c92-9aba-4501-ad9c-628b5c07029a ] Request (ImagesOneServerTestJSON:tearDownClass): 200 GET http://10.180.1.21/compute/v2.1/servers/14457211-8671-4f34-abe7-e971b2695995 0.225s
2024-12-16 20:37:16.975 67096 INFO tempest.lib.common.rest_client [req-f12ec42e-57d0-41d2-a336-743ee6e9a454 req-f12ec42e-57d0-41d2-a336-743ee6e9a454 ] Request (ImagesTestJSON:test_create_image_from_suspended_server): 200 GET http://10.180.1.21/compute/v2.1/servers/656015f0-cb0c-4ba0-8820-9a30f7e7869f 0.171s
2024-12-16 20:37:17.057 67062 INFO tempest.lib.common.rest_client [req-d7dbe2d3-4e9d-4a56-9cb4-91bac05eafba req-d7dbe2d3-4e9d-4a56-9cb4-91bac05eafba ] Request (FloatingIPsAssociationNegativeTestJSON:tearDownClass): 200 GET http://10.180.1.21/compute/v2.1/servers/f5a79d87-ee61-4b33-8a11-7f3eb8b0063f 0.161s
2024-12-16 20:37:17.074 67086 INFO tempest.lib.common.rest_client [req-15fd09d0-c192-4ff4-824c-6f79f624c43a req-15fd09d0-c192-4ff4-824c-6f79f624c43a ] Request (FlavorsAccessTestJSON:_run_cleanups): 202 DELETE http://10.180.1.21/compute/v2.1/flavors/597570350 0.156s
2024-12-16 20:37:17.164 67060 INFO tempest.lib.common.rest_client [req-fc308d3a-96fc-4f24-b66b-9d99349b40ef req-fc308d3a-96fc-4f24-b66b-9d99349b40ef ] Request (ServersTestJSON:setUpClass): 200 GET http://10.180.1.21/compute/v2.1/servers/d92486a2-9cda-4273-925d-1cfcb9271cfe 0.282s
2024-12-16 20:37:17.175 67060 INFO tempest.lib.common.ssh [-] Creating ssh connection to '10.180.180.244:22' as 'cirros' with public key authentication
2024-12-16 20:37:17.192 67054 INFO tempest.lib.common.rest_client [req-dea0e7cd-c461-435e-bade-f5d84d0f1146 req-dea0e7cd-c461-435e-bade-f5d84d0f1146 ] Request (ServerMetadataTestJSON:setUpClass): 200 GET http://10.180.1.21/compute/v2.1/servers/f0119ebf-b665-4edb-a9b3-f6282c73640b 0.148s
2024-12-16 20:37:17.198 67054 INFO tempest.common.waiters [-] State transition "BUILD/networking" ==> "BUILD/spawning" after 71 second wait
2024-12-16 20:37:17.209 67086 INFO tempest.lib.common.rest_client [req-81f77e67-d1d0-4974-9769-2c4564119189 req-81f77e67-d1d0-4974-9769-2c4564119189 ] Request (FlavorsAccessTestJSON:_run_cleanups): 200 GET http://10.180.1.21/compute/v2.1/flavors/detail 0.135s
2024-12-16 20:37:17.224 67070 INFO tempest.lib.common.rest_client [req-7ae2a18f-ade8-4112-af29-5aa9a76dc61c req-7ae2a18f-ade8-4112-af29-5aa9a76dc61c ] Request (MultipleCreateTestJSON:tearDownClass): 200 GET http://10.180.1.21/compute/v2.1/servers/ab6d95fc-0880-491a-a4bd-cca4d03a1548 0.166s
2024-12-16 20:37:17.237 67086 INFO tempest.lib.common.rest_client [req-d79ba4ed-72a3-467d-913c-dfc69dd4cf9b req-d79ba4ed-72a3-467d-913c-dfc69dd4cf9b ] Request (FlavorsAccessTestJSON:test_flavor_access_list_with_private_flavor): 200 POST http://10.180.1.21/compute/v2.1/flavors 0.022s
2024-12-16 20:37:17.256 67086 INFO tempest.lib.common.rest_client [req-eae7a0f4-cd2a-45da-8840-33afe8202725 req-eae7a0f4-cd2a-45da-8840-33afe8202725 ] Request (FlavorsAccessTestJSON:test_flavor_access_list_with_private_flavor): 200 GET http://10.180.1.21/compute/v2.1/flavors/2046733886/os-flavor-access 0.017s
2024-12-16 20:37:17.268 67109 INFO tempest.lib.common.rest_client [req-c4a22b1b-8683-42d4-af6b-de79d3c976b6 req-c4a22b1b-8683-42d4-af6b-de79d3c976b6 ] Request (TenantUsagesTestJSON:tearDownClass): 200 GET http://10.180.1.21/compute/v2.1/servers/fc70897c-4c1f-4884-a2db-8f266cf6128b 0.134s
2024-12-16 20:37:17.281 67086 INFO tempest.lib.common.rest_client [req-fca3d3d4-7d85-4172-86cd-6f1139476ecc req-fca3d3d4-7d85-4172-86cd-6f1139476ecc ] Request (FlavorsAccessTestJSON:_run_cleanups): 202 DELETE http://10.180.1.21/compute/v2.1/flavors/2046733886 0.024s
2024-12-16 20:37:17.302 67094 INFO tempest.lib.common.rest_client [req-d38b8849-f6ca-42b5-8772-eb4a6e6805f3 req-d38b8849-f6ca-42b5-8772-eb4a6e6805f3 ] Request (ServersNegativeTestMultiTenantJSON:setUpClass): 200 GET http://10.180.1.21/compute/v2.1/servers/6cd74cb7-21ee-4a20-835a-50a57ac58027 0.050s
2024-12-16 20:37:17.306 67086 INFO tempest.lib.common.rest_client [req-0a1324de-6291-4762-b4ca-6938ae8333c2 req-0a1324de-6291-4762-b4ca-6938ae8333c2 ] Request (FlavorsAccessTestJSON:_run_cleanups): 200 GET http://10.180.1.21/compute/v2.1/flavors/detail 0.024s
2024-12-16 20:37:17.329 67102 WARNING tempest.lib.common.ssh [-] Failed to establish authenticated ssh connection to cirros@10.180.180.199 ([Errno None] Unable to connect to port 22 on 10.180.180.199). Number attempts: 11. Retry after 12 seconds.: paramiko.ssh_exception.NoValidConnectionsError: [Errno None] Unable to connect to port 22 on 10.180.180.199
2024-12-16 20:37:17.377 67050 INFO tempest.lib.common.rest_client [req-ac979a5c-4b2f-4669-8f19-076fa279b091 req-ac979a5c-4b2f-4669-8f19-076fa279b091 ] Request (DeleteServersTestJSON:test_delete_active_server): 200 GET http://10.180.1.21/compute/v2.1/servers/fd24c6db-2a94-4c49-b7b5-97d6315d1cf8 0.065s
2024-12-16 20:37:17.417 67104 INFO tempest.lib.common.rest_client [req-5b1286a9-6ca6-4857-8c11-34cbc61992b5 req-5b1286a9-6ca6-4857-8c11-34cbc61992b5 ] Request (ServerActionsTestJSON:setUpClass): 200 GET http://10.180.1.21/compute/v2.1/servers/0b83f1d6-a67f-4040-8d32-a7cc8c68d071 0.134s
2024-12-16 20:37:17.438 67086 INFO tempest.lib.common.rest_client [req-6dc81232-aa22-4dbd-8426-28c9ee409ae6 req-6dc81232-aa22-4dbd-8426-28c9ee409ae6 ] Request (FlavorsAccessTestJSON:tearDownClass): 204 DELETE http://10.180.1.21/identity/v3/users/66ebc5f15e884887b905002a6765081b 0.126s
2024-12-16 20:37:17.445 67088 INFO tempest.lib.common.rest_client [req-fe100be1-631d-4817-bb31-811240dd0642 req-fe100be1-631d-4817-bb31-811240dd0642 ] Request (ServersAdminNegativeTestJSON:tearDownClass): 200 GET http://10.180.1.21/compute/v2.1/servers/fc979791-0881-45b0-a8d1-f60ebf2d2436 0.071s
2024-12-16 20:37:17.525 67092 INFO tempest.lib.common.rest_client [req-86eac276-af80-4d48-8ef9-e8757900aff4 req-86eac276-af80-4d48-8ef9-e8757900aff4 ] Request (ServersAdminTestJSON:test_inject_network_info): 200 GET http://10.180.1.21/compute/v2.1/servers/6348cf15-0691-434d-bb59-3c9b44405740 0.051s
2024-12-16 20:37:17.528 67086 INFO tempest.lib.common.rest_client [req-f0ffb9ea-d065-4b1c-b4f3-ae56e84d1cc1 req-f0ffb9ea-d065-4b1c-b4f3-ae56e84d1cc1 ] Request (FlavorsAccessTestJSON:tearDownClass): 204 DELETE http://10.180.1.21/identity/v3/users/d79f5d17111d4d628d8a58b27d5897ff 0.089s
2024-12-16 20:37:17.528 67086 INFO tempest.lib.common.dynamic_creds [-] Deleting project and security group for project: c19af6ed6673436db0be9faf1a32cb89
2024-12-16 20:37:17.588 67086 INFO tempest.lib.common.rest_client [req-59f1d6e1-eb33-4cd7-80b8-9da189a2a243 req-59f1d6e1-eb33-4cd7-80b8-9da189a2a243 ] Request (FlavorsAccessTestJSON:tearDownClass): 201 POST http://10.180.1.21/identity/v3/auth/tokens 0.060s
2024-12-16 20:37:17.707 67076 INFO tempest.lib.common.rest_client [req-844006c0-9093-4932-b167-4fbd52019b96 req-844006c0-9093-4932-b167-4fbd52019b96 ] Request (ServersAaction247Test:test_create_backup): 200 GET http://10.180.1.21/compute/v2.1/servers/0b45798a-1969-4d81-b373-c00460d17474 0.076s
2024-12-16 20:37:17.748 67056 INFO tempest.lib.common.rest_client [req-a51e5e1f-58c2-483f-9427-1fd0e04e27cb req-a51e5e1f-58c2-483f-9427-1fd0e04e27cb ] Request (AttachInterfacesTestJSON:test_create_list_show_delete_interfaces_by_fixed_ip): 200 GET http://10.180.1.21/compute/v2.1/servers/993c23b5-2dd6-4a20-ad6b-0177ee4f3f5e 0.151s
2024-12-16 20:37:17.770 67048 INFO tempest.lib.common.rest_client [req-2627435f-71e3-4350-9fb1-efd981b4640e req-2627435f-71e3-4350-9fb1-efd981b4640e ] Request (ServersTestMultiNic:test_verify_multiple_nics_order): 200 GET http://10.180.1.21/compute/v2.1/servers/108967d3-1b11-40c7-970f-9dc640b8813c 0.077s
2024-12-16 20:37:17.816 67086 INFO tempest.lib.common.rest_client [req-92c8cdee-5934-4f73-ab6d-5c8aeea1a370 req-92c8cdee-5934-4f73-ab6d-5c8aeea1a370 ] Request (FlavorsAccessTestJSON:tearDownClass): 200 GET http://10.180.1.21:9696/networking/v2.0/security-groups?tenant_id=c19af6ed6673436db0be9faf1a32cb89&name=default 0.228s
2024-12-16 20:37:17.861 67074 INFO tempest.lib.common.rest_client [req-9d64b9a5-057b-4f55-b084-47c7413a28aa req-9d64b9a5-057b-4f55-b084-47c7413a28aa ] Request (ServersTestBootFromVolume:setUpClass): 200 GET http://10.180.1.21/compute/v2.1/servers/fd7acf2a-320a-4df3-9c1f-ed3b1ecee41c 0.063s
2024-12-16 20:37:17.908 67078 INFO tempest.lib.common.rest_client [req-b977c555-d964-488c-90f1-7cd51f5f795a req-b977c555-d964-488c-90f1-7cd51f5f795a ] Request (ServerTagsTestJSON:setUpClass): 200 GET http://10.180.1.21/compute/v2.1/servers/115b7a22-bf52-4edc-b7f0-c562d6fe4b21 0.128s
2024-12-16 20:37:17.939 67072 INFO tempest.lib.common.rest_client [req-1bd9e4ee-3939-4ce7-9313-858978200db8 req-1bd9e4ee-3939-4ce7-9313-858978200db8 ] Request (MigrationsAdminTest:test_resize_server_revert_deleted_flavor): 200 GET http://10.180.1.21/compute/v2.1/servers/b5b2319b-2abd-4d17-b6e5-26d7a43d8992 0.103s
2024-12-16 20:37:17.941 67086 INFO tempest.lib.common.rest_client [req-20847087-e94b-47f5-a717-960f45f95f37 req-20847087-e94b-47f5-a717-960f45f95f37 ] Request (FlavorsAccessTestJSON:tearDownClass): 204 DELETE http://10.180.1.21:9696/networking/v2.0/security-groups/c48c2707-e665-4805-aea1-3dfbefc54049 0.124s
2024-12-16 20:37:17.971 67090 INFO tempest.lib.common.rest_client [req-9fd162f3-9a9d-420d-b268-d6c3a2d30476 req-9fd162f3-9a9d-420d-b268-d6c3a2d30476 ] Request (ServerRescueTestJSONUnderV235:setUpClass): 200 GET http://10.180.1.21/compute/v2.1/servers/2a33e0db-2db6-400a-a384-fe5a4bb4bcd7 0.120s
2024-12-16 20:37:17.991 67080 INFO tempest.lib.common.rest_client [req-186b5b5f-1373-4577-a907-f2cbc94257c9 req-186b5b5f-1373-4577-a907-f2cbc94257c9 ] Request (ServersTestFqdnHostnames:test_create_server_with_fqdn_name): 200 GET http://10.180.1.21/compute/v2.1/servers/46685e1c-44c6-42b2-a2f8-16ec4d00644c 0.086s
2024-12-16 20:37:18.020 67086 INFO tempest.lib.common.rest_client [req-78592bf9-629f-4449-bd2a-91233e5c8f86 req-78592bf9-629f-4449-bd2a-91233e5c8f86 ] Request (FlavorsAccessTestJSON:tearDownClass): 204 DELETE http://10.180.1.21/identity/v3/projects/c19af6ed6673436db0be9faf1a32cb89 0.078s
2024-12-16 20:37:18.020 67086 INFO tempest.lib.common.dynamic_creds [-] Deleting project and security group for project: 5506278e5ca34359882f25995bd70b93
2024-12-16 20:37:18.030 67084 INFO tempest.lib.common.rest_client [req-cc6e0898-54ee-4807-b93e-4e535cc1940a req-cc6e0898-54ee-4807-b93e-4e535cc1940a ] Request (InstanceActionsNegativeTestJSON:setUpClass): 200 GET http://10.180.1.21/compute/v2.1/servers/cb8c98f7-1648-465c-9a7e-ecee11ba1461 0.121s
2024-12-16 20:37:18.064 67082 INFO tempest.lib.common.rest_client [req-e5f76336-fc60-4318-b29e-5d243cb1a804 req-e5f76336-fc60-4318-b29e-5d243cb1a804 ] Request (ImagesOneServerTestJSON:tearDownClass): 200 GET http://10.180.1.21/compute/v2.1/servers/14457211-8671-4f34-abe7-e971b2695995 0.081s
2024-12-16 20:37:18.080 67096 INFO tempest.lib.common.rest_client [req-80088daf-3011-422d-a6bc-b83fddda99b1 req-80088daf-3011-422d-a6bc-b83fddda99b1 ] Request (ImagesTestJSON:test_create_image_from_suspended_server): 200 GET http://10.180.1.21/compute/v2.1/servers/656015f0-cb0c-4ba0-8820-9a30f7e7869f 0.094s
2024-12-16 20:37:18.099 67066 INFO tempest.lib.common.rest_client [req-94487dcc-cc24-4685-98e2-2232454ba5e6 req-94487dcc-cc24-4685-98e2-2232454ba5e6 ] Request (ListImageFiltersTestJSON:setUpClass): 204 PUT http://10.180.1.21/image/v2/images/3e6bedca-aaa9-4fa0-b542-e199d378ea38/file 0.683s
2024-12-16 20:37:18.129 67062 INFO tempest.lib.common.rest_client [req-7e1e687e-9efb-4c65-9b4a-27cb09da9c3c req-7e1e687e-9efb-4c65-9b4a-27cb09da9c3c ] Request (FloatingIPsAssociationNegativeTestJSON:tearDownClass): 200 GET http://10.180.1.21/compute/v2.1/servers/f5a79d87-ee61-4b33-8a11-7f3eb8b0063f 0.062s
2024-12-16 20:37:18.137 67086 INFO tempest.lib.common.rest_client [req-e6327df2-fb4a-4eec-a258-6b66ddf1a58d req-e6327df2-fb4a-4eec-a258-6b66ddf1a58d ] Request (FlavorsAccessTestJSON:tearDownClass): 200 GET http://10.180.1.21:9696/networking/v2.0/security-groups?tenant_id=5506278e5ca34359882f25995bd70b93&name=default 0.116s
2024-12-16 20:37:18.145 67066 INFO tempest.lib.common.rest_client [req-f4447409-1ff4-460b-a132-a183653fc911 req-f4447409-1ff4-460b-a132-a183653fc911 ] Request (ListImageFiltersTestJSON:setUpClass): 200 GET http://10.180.1.21/compute/v2.1/images/3e6bedca-aaa9-4fa0-b542-e199d378ea38 0.045s
2024-12-16 20:37:18.191 67066 INFO tempest.lib.common.rest_client [req-a749670e-de5d-49df-9210-6ee0649d057f req-a749670e-de5d-49df-9210-6ee0649d057f ] Request (ListImageFiltersTestJSON:setUpClass): 200 GET http://10.180.1.21/compute/v2.1/images/3e6bedca-aaa9-4fa0-b542-e199d378ea38 0.043s
2024-12-16 20:37:18.268 67086 INFO tempest.lib.common.rest_client [req-8f523c15-d2b0-4767-bb00-713e23b6cd4a req-8f523c15-d2b0-4767-bb00-713e23b6cd4a ] Request (FlavorsAccessTestJSON:tearDownClass): 204 DELETE http://10.180.1.21:9696/networking/v2.0/security-groups/e359b44e-39e6-426e-ab3a-e64b9a5f3172 0.130s
2024-12-16 20:37:18.297 67070 INFO tempest.lib.common.rest_client [req-4c6464a0-fc06-48b3-a879-c1df815f7305 req-4c6464a0-fc06-48b3-a879-c1df815f7305 ] Request (MultipleCreateTestJSON:tearDownClass): 200 GET http://10.180.1.21/compute/v2.1/servers/ab6d95fc-0880-491a-a4bd-cca4d03a1548 0.061s
2024-12-16 20:37:18.339 67054 INFO tempest.lib.common.rest_client [req-218c5b5b-28cc-45ad-ac12-3dcaf2646a9a req-218c5b5b-28cc-45ad-ac12-3dcaf2646a9a ] Request (ServerMetadataTestJSON:setUpClass): 200 GET http://10.180.1.21/compute/v2.1/servers/f0119ebf-b665-4edb-a9b3-f6282c73640b 0.138s
2024-12-16 20:37:18.361 67109 INFO tempest.lib.common.rest_client [req-40ac51ca-5af8-4e4c-97f4-2cedf68b82a8 req-40ac51ca-5af8-4e4c-97f4-2cedf68b82a8 ] Request (TenantUsagesTestJSON:tearDownClass): 200 GET http://10.180.1.21/compute/v2.1/servers/fc70897c-4c1f-4884-a2db-8f266cf6128b 0.086s
2024-12-16 20:37:18.397 67086 INFO tempest.lib.common.rest_client [req-646a447d-15af-421c-b6e1-adf70b43f91d req-646a447d-15af-421c-b6e1-adf70b43f91d ] Request (FlavorsAccessTestJSON:tearDownClass): 204 DELETE http://10.180.1.21/identity/v3/projects/5506278e5ca34359882f25995bd70b93 0.128s
2024-12-16 20:37:18.398 67094 INFO tempest.lib.common.rest_client [req-eb2969b4-2a3b-4224-b85a-c8aac8666271 req-eb2969b4-2a3b-4224-b85a-c8aac8666271 ] Request (ServersNegativeTestMultiTenantJSON:setUpClass): 200 GET http://10.180.1.21/compute/v2.1/servers/6cd74cb7-21ee-4a20-835a-50a57ac58027 0.087s
2024-12-16 20:37:18.406 67094 INFO tempest.common.waiters [-] State transition "BUILD/None" ==> "BUILD/networking" after 65 second wait
2024-12-16 20:37:18.452 67050 INFO tempest.lib.common.rest_client [req-f99e7b9a-cef0-4123-b2f0-ba3f86aaa937 req-f99e7b9a-cef0-4123-b2f0-ba3f86aaa937 ] Request (DeleteServersTestJSON:test_delete_active_server): 200 GET http://10.180.1.21/compute/v2.1/servers/fd24c6db-2a94-4c49-b7b5-97d6315d1cf8 0.068s
2024-12-16 20:37:18.467 67086 INFO tempest.lib.common.rest_client [req-bd1ada39-209f-4470-89ee-0702a4a66ffe req-bd1ada39-209f-4470-89ee-0702a4a66ffe ] Request (NetworksTest:setUpClass): 201 POST http://10.180.1.21/identity/v3/auth/tokens 0.068s
2024-12-16 20:37:18.497 67086 INFO tempest.lib.common.rest_client [req-92390c40-eb2b-41ed-a817-54404b54ab8f req-92390c40-eb2b-41ed-a817-54404b54ab8f ] Request (NetworksTest:setUpClass): 201 POST http://10.180.1.21/identity/v3/auth/tokens 0.028s
2024-12-16 20:37:18.523 67086 INFO tempest.lib.common.rest_client [req-61a7ac6b-c955-4cca-8337-c5cb79b1e9b7 req-61a7ac6b-c955-4cca-8337-c5cb79b1e9b7 ] Request (NetworksTest:setUpClass): 200 GET http://10.180.1.21/identity/v3/domains?name=Default 0.025s
2024-12-16 20:37:18.531 67088 INFO tempest.lib.common.rest_client [req-d77ff111-4c97-4d9e-aaf5-847d901d01e2 req-d77ff111-4c97-4d9e-aaf5-847d901d01e2 ] Request (ServersAdminNegativeTestJSON:tearDownClass): 200 GET http://10.180.1.21/compute/v2.1/servers/fc979791-0881-45b0-a8d1-f60ebf2d2436 0.079s
2024-12-16 20:37:18.565 67066 INFO tempest.lib.common.rest_client [req-1267a743-e8d8-4256-b8b6-4264af7054d4 req-1267a743-e8d8-4256-b8b6-4264af7054d4 ] Request (ListImageFiltersTestJSON:setUpClass): 201 POST http://10.180.1.21/image/v2/images 0.370s
2024-12-16 20:37:18.568 67086 INFO tempest.lib.common.rest_client [req-e8ecf60c-3235-453e-bc42-e43973c184ea req-e8ecf60c-3235-453e-bc42-e43973c184ea ] Request (NetworksTest:setUpClass): 201 POST http://10.180.1.21/identity/v3/projects 0.045s
2024-12-16 20:37:18.571 67104 INFO tempest.lib.common.rest_client [req-807cac5f-3a2e-47b6-815a-0740f0e34b1e req-807cac5f-3a2e-47b6-815a-0740f0e34b1e ] Request (ServerActionsTestJSON:setUpClass): 200 GET http://10.180.1.21/compute/v2.1/servers/0b83f1d6-a67f-4040-8d32-a7cc8c68d071 0.147s
2024-12-16 20:37:18.577 67104 INFO tempest.common.waiters [-] State transition "BUILD/spawning" ==> "ACTIVE/None" after 85 second wait
2024-12-16 20:37:18.587 67092 INFO tempest.lib.common.rest_client [req-fa4bb521-8e34-4239-8b63-6569f98a7606 req-fa4bb521-8e34-4239-8b63-6569f98a7606 ] Request (ServersAdminTestJSON:test_inject_network_info): 200 GET http://10.180.1.21/compute/v2.1/servers/6348cf15-0691-434d-bb59-3c9b44405740 0.056s
2024-12-16 20:37:18.644 67086 INFO tempest.lib.common.rest_client [req-5e396fd4-3072-4875-85ac-7094caabf9e0 req-5e396fd4-3072-4875-85ac-7094caabf9e0 ] Request (NetworksTest:setUpClass): 201 POST http://10.180.1.21/identity/v3/users 0.076s
2024-12-16 20:37:18.666 67086 INFO tempest.lib.common.rest_client [req-31360878-a67e-48ae-864a-2c81cda5a642 req-31360878-a67e-48ae-864a-2c81cda5a642 ] Request (NetworksTest:setUpClass): 200 GET http://10.180.1.21/identity/v3/roles 0.020s
2024-12-16 20:37:18.666 67104 INFO tempest.lib.common.rest_client [req-4bdd317c-e1de-4f52-a4ed-fa976fc8a47a req-4bdd317c-e1de-4f52-a4ed-fa976fc8a47a ] Request (ServerActionsTestJSON:setUpClass): 200 GET http://10.180.1.21/compute/v2.1/servers/0b83f1d6-a67f-4040-8d32-a7cc8c68d071/os-interface 0.089s
2024-12-16 20:37:18.698 67086 INFO tempest.lib.common.rest_client [req-306104b4-0fd5-4bf8-be66-dd3e724adfe9 req-306104b4-0fd5-4bf8-be66-dd3e724adfe9 ] Request (NetworksTest:setUpClass): 204 PUT http://10.180.1.21/identity/v3/projects/0a046eb5f99d4f20a5a8965facf065b2/users/0e2a844ca3a241e2ac8406f189b6b100/roles/be71141727f84c6fb1c9eaf4f5e1115f 0.032s
2024-12-16 20:37:18.698 67086 INFO tempest.lib.common.dynamic_creds [-] Dynamic test user 0e2a844ca3a241e2ac8406f189b6b100 is created with scope project and roles: ['member']
2024-12-16 20:37:18.699 67086 INFO tempest.lib.common.dynamic_creds [-] Acquired dynamic creds: credentials: Credentials: {'domain_id': 'default', 'domain_name': 'Default', 'username': 'tempest-NetworksTest-1955010186-project-member', 'project_domain_id': 'default', 'project_domain_name': 'Default', 'project_id': '0a046eb5f99d4f20a5a8965facf065b2', 'project_name': 'tempest-NetworksTest-1955010186', 'tenant_id': '0a046eb5f99d4f20a5a8965facf065b2', 'tenant_name': 'tempest-NetworksTest-1955010186', 'user_domain_id': 'default', 'user_domain_name': 'Default', 'user_id': '0e2a844ca3a241e2ac8406f189b6b100', 'system': None}, Network: None, Subnet: None, Router: None
2024-12-16 20:37:18.699 67086 INFO tempest.lib.common.dynamic_creds [-] Created isolated network resources for: credentials: Credentials: {'domain_id': 'default', 'domain_name': 'Default', 'username': 'tempest-NetworksTest-1955010186-project-member', 'project_domain_id': 'default', 'project_domain_name': 'Default', 'project_id': '0a046eb5f99d4f20a5a8965facf065b2', 'project_name': 'tempest-NetworksTest-1955010186', 'tenant_id': '0a046eb5f99d4f20a5a8965facf065b2', 'tenant_name': 'tempest-NetworksTest-1955010186', 'user_domain_id': 'default', 'user_domain_name': 'Default', 'user_id': '0e2a844ca3a241e2ac8406f189b6b100', 'system': None}, Network: None, Subnet: None, Router: None
2024-12-16 20:37:18.783 67086 INFO tempest.lib.common.rest_client [req-7af35f19-0a5c-49ba-804a-953135efa97b req-7af35f19-0a5c-49ba-804a-953135efa97b ] Request (NetworksTest:setUpClass): 201 POST http://10.180.1.21/identity/v3/auth/tokens 0.080s
2024-12-16 20:37:18.798 67076 INFO tempest.lib.common.rest_client [req-b27375c8-f924-4420-bf29-7adb0136ff29 req-b27375c8-f924-4420-bf29-7adb0136ff29 ] Request (ServersAaction247Test:test_create_backup): 200 GET http://10.180.1.21/compute/v2.1/servers/0b45798a-1969-4d81-b373-c00460d17474 0.083s
2024-12-16 20:37:18.849 67086 INFO tempest.lib.common.rest_client [req-e50102fd-a372-4e69-bc5e-ba56827a2135 req-e50102fd-a372-4e69-bc5e-ba56827a2135 ] Request (NetworksTest:setUpClass): 201 POST http://10.180.1.21/identity/v3/projects 0.065s
2024-12-16 20:37:18.871 67048 INFO tempest.lib.common.rest_client [req-aae86bc0-1ca9-41c9-b8b7-bf8a8667858f req-aae86bc0-1ca9-41c9-b8b7-bf8a8667858f ] Request (ServersTestMultiNic:test_verify_multiple_nics_order): 200 GET http://10.180.1.21/compute/v2.1/servers/108967d3-1b11-40c7-970f-9dc640b8813c 0.094s
2024-12-16 20:37:18.940 67086 INFO tempest.lib.common.rest_client [req-878c0b9b-1365-43bb-8afb-f8d54b175ef2 req-878c0b9b-1365-43bb-8afb-f8d54b175ef2 ] Request (NetworksTest:setUpClass): 201 POST http://10.180.1.21/identity/v3/users 0.091s
2024-12-16 20:37:18.969 67074 INFO tempest.lib.common.rest_client [req-21af7421-290a-420e-beda-45bbd5373486 req-21af7421-290a-420e-beda-45bbd5373486 ] Request (ServersTestBootFromVolume:setUpClass): 200 GET http://10.180.1.21/compute/v2.1/servers/fd7acf2a-320a-4df3-9c1f-ed3b1ecee41c 0.094s
2024-12-16 20:37:18.971 67086 INFO tempest.lib.common.rest_client [req-69ea7f71-263e-43ab-878e-284542b7a3f2 req-69ea7f71-263e-43ab-878e-284542b7a3f2 ] Request (NetworksTest:setUpClass): 200 GET http://10.180.1.21/identity/v3/roles 0.031s
2024-12-16 20:37:18.997 67056 INFO tempest.lib.common.rest_client [req-f9680ff2-00f6-44d9-b1a3-561896335b18 req-f9680ff2-00f6-44d9-b1a3-561896335b18 ] Request (AttachInterfacesTestJSON:test_create_list_show_delete_interfaces_by_fixed_ip): 200 GET http://10.180.1.21/compute/v2.1/servers/993c23b5-2dd6-4a20-ad6b-0177ee4f3f5e 0.242s
2024-12-16 20:37:19.021 67086 INFO tempest.lib.common.rest_client [req-c20705f9-fcc8-43d9-81e8-a982d318823b req-c20705f9-fcc8-43d9-81e8-a982d318823b ] Request (NetworksTest:setUpClass): 204 PUT http://10.180.1.21/identity/v3/projects/f4c6c391046b40d6bab53be9ce632e02/users/c719733d5ecf4501a580dd39590a8090/roles/5a9e136c35844fd08ef5b33bb00abfe1 0.049s
2024-12-16 20:37:19.073 67072 INFO tempest.lib.common.rest_client [req-fe9d5b30-0758-4d69-a372-8cec7cdb3124 req-fe9d5b30-0758-4d69-a372-8cec7cdb3124 ] Request (MigrationsAdminTest:test_resize_server_revert_deleted_flavor): 200 GET http://10.180.1.21/compute/v2.1/servers/b5b2319b-2abd-4d17-b6e5-26d7a43d8992 0.125s
2024-12-16 20:37:19.088 67086 INFO tempest.lib.common.rest_client [req-fbf8bf73-2d75-4f51-98ab-40744083caa5 req-fbf8bf73-2d75-4f51-98ab-40744083caa5 ] Request (NetworksTest:setUpClass): 200 GET http://10.180.1.21/identity/v3/roles 0.067s
2024-12-16 20:37:19.108 67086 INFO tempest.lib.common.rest_client [req-c0b60bb2-a57a-4e1d-98bf-f517dc5945d8 req-c0b60bb2-a57a-4e1d-98bf-f517dc5945d8 ] Request (NetworksTest:setUpClass): 204 PUT http://10.180.1.21/identity/v3/projects/f4c6c391046b40d6bab53be9ce632e02/users/c719733d5ecf4501a580dd39590a8090/roles/5a9e136c35844fd08ef5b33bb00abfe1 0.019s
2024-12-16 20:37:19.108 67086 INFO tempest.lib.common.dynamic_creds [-] Dynamic test user c719733d5ecf4501a580dd39590a8090 is created with scope project and roles: ['admin']
2024-12-16 20:37:19.108 67086 INFO tempest.lib.common.dynamic_creds [-] Acquired dynamic creds: credentials: Credentials: {'domain_id': 'default', 'domain_name': 'Default', 'username': 'tempest-NetworksTest-84301048-project-admin', 'project_domain_id': 'default', 'project_domain_name': 'Default', 'project_id': 'f4c6c391046b40d6bab53be9ce632e02', 'project_name': 'tempest-NetworksTest-84301048', 'tenant_id': 'f4c6c391046b40d6bab53be9ce632e02', 'tenant_name': 'tempest-NetworksTest-84301048', 'user_domain_id': 'default', 'user_domain_name': 'Default', 'user_id': 'c719733d5ecf4501a580dd39590a8090', 'system': None}, Network: None, Subnet: None, Router: None
2024-12-16 20:37:19.108 67086 INFO tempest.lib.common.dynamic_creds [-] Created isolated network resources for: credentials: Credentials: {'domain_id': 'default', 'domain_name': 'Default', 'username': 'tempest-NetworksTest-84301048-project-admin', 'project_domain_id': 'default', 'project_domain_name': 'Default', 'project_id': 'f4c6c391046b40d6bab53be9ce632e02', 'project_name': 'tempest-NetworksTest-84301048', 'tenant_id': 'f4c6c391046b40d6bab53be9ce632e02', 'tenant_name': 'tempest-NetworksTest-84301048', 'user_domain_id': 'default', 'user_domain_name': 'Default', 'user_id': 'c719733d5ecf4501a580dd39590a8090', 'system': None}, Network: None, Subnet: None, Router: None
2024-12-16 20:37:19.149 67090 INFO tempest.lib.common.rest_client [req-ae1f60ec-0003-4e95-8e9b-11aedbec49dd req-ae1f60ec-0003-4e95-8e9b-11aedbec49dd ] Request (ServerRescueTestJSONUnderV235:setUpClass): 200 GET http://10.180.1.21/compute/v2.1/servers/2a33e0db-2db6-400a-a384-fe5a4bb4bcd7 0.166s
2024-12-16 20:37:19.201 67086 INFO tempest.lib.common.rest_client [req-14f4c89b-abf8-49db-970d-7f08dac29a46 req-14f4c89b-abf8-49db-970d-7f08dac29a46 ] Request (NetworksTest:setUpClass): 201 POST http://10.180.1.21/identity/v3/auth/tokens 0.090s
2024-12-16 20:37:19.425 67080 INFO tempest.lib.common.rest_client [req-4a5e3a3c-54ae-4785-aac2-e1e390cd4baf req-4a5e3a3c-54ae-4785-aac2-e1e390cd4baf ] Request (ServersTestFqdnHostnames:test_create_server_with_fqdn_name): 200 GET http://10.180.1.21/compute/v2.1/servers/46685e1c-44c6-42b2-a2f8-16ec4d00644c 0.428s
2024-12-16 20:37:19.516 67078 INFO tempest.lib.common.rest_client [req-80dec26d-e686-485c-a58f-b9ddec001458 req-80dec26d-e686-485c-a58f-b9ddec001458 ] Request (ServerTagsTestJSON:setUpClass): 200 GET http://10.180.1.21/compute/v2.1/servers/115b7a22-bf52-4edc-b7f0-c562d6fe4b21 0.599s
2024-12-16 20:37:19.517 67084 INFO tempest.lib.common.rest_client [req-e3e932ab-8e1e-4bd8-9ef2-22b53945c3aa req-e3e932ab-8e1e-4bd8-9ef2-22b53945c3aa ] Request (InstanceActionsNegativeTestJSON:setUpClass): 200 GET http://10.180.1.21/compute/v2.1/servers/cb8c98f7-1648-465c-9a7e-ecee11ba1461 0.478s
2024-12-16 20:37:19.596 67096 INFO tempest.lib.common.rest_client [req-75bc8cd1-8803-4df5-9f1b-ed437c10266f req-75bc8cd1-8803-4df5-9f1b-ed437c10266f ] Request (ImagesTestJSON:test_create_image_from_suspended_server): 200 GET http://10.180.1.21/compute/v2.1/servers/656015f0-cb0c-4ba0-8820-9a30f7e7869f 0.507s
2024-12-16 20:37:19.597 67082 INFO tempest.lib.common.rest_client [req-da79de7d-98b5-44e4-93cc-cfacffc386e9 req-da79de7d-98b5-44e4-93cc-cfacffc386e9 ] Request (ImagesOneServerTestJSON:tearDownClass): 200 GET http://10.180.1.21/compute/v2.1/servers/14457211-8671-4f34-abe7-e971b2695995 0.524s
2024-12-16 20:37:19.668 67062 INFO tempest.lib.common.rest_client [req-fba1c22b-ae66-4fc5-b9db-9a497fcec74e req-fba1c22b-ae66-4fc5-b9db-9a497fcec74e ] Request (FloatingIPsAssociationNegativeTestJSON:tearDownClass): 200 GET http://10.180.1.21/compute/v2.1/servers/f5a79d87-ee61-4b33-8a11-7f3eb8b0063f 0.522s
2024-12-16 20:37:19.754 67070 INFO tempest.lib.common.rest_client [req-f9c971aa-1c93-45d0-82a1-b83bcb8705de req-f9c971aa-1c93-45d0-82a1-b83bcb8705de ] Request (MultipleCreateTestJSON:tearDownClass): 200 GET http://10.180.1.21/compute/v2.1/servers/ab6d95fc-0880-491a-a4bd-cca4d03a1548 0.447s
2024-12-16 20:37:19.925 67086 INFO tempest.lib.common.rest_client [req-db503802-681d-46b6-89e1-7ac70bf05349 req-db503802-681d-46b6-89e1-7ac70bf05349 ] Request (NetworksTest:test_get_network): 200 GET http://10.180.1.21/compute/v2.1/os-networks 0.722s
2024-12-16 20:37:19.941 67052 INFO paramiko.transport [-] Connected (version 2.0, client dropbear_2020.81)
2024-12-16 20:37:20.026 67109 INFO tempest.lib.common.rest_client [req-e259151e-0ac9-4417-9cd2-0a739dea66eb req-e259151e-0ac9-4417-9cd2-0a739dea66eb ] Request (TenantUsagesTestJSON:tearDownClass): 200 GET http://10.180.1.21/compute/v2.1/servers/fc70897c-4c1f-4884-a2db-8f266cf6128b 0.653s
2024-12-16 20:37:20.030 67054 INFO tempest.lib.common.rest_client [req-9a8842f1-f10c-459a-bd9f-b553d1ea4a7e req-9a8842f1-f10c-459a-bd9f-b553d1ea4a7e ] Request (ServerMetadataTestJSON:setUpClass): 200 GET http://10.180.1.21/compute/v2.1/servers/f0119ebf-b665-4edb-a9b3-f6282c73640b 0.679s
2024-12-16 20:37:20.053 67104 INFO tempest.lib.common.rest_client [req-e7217ea4-cf04-4d04-a1fe-53d44fcff967 req-e7217ea4-cf04-4d04-a1fe-53d44fcff967 ] Request (ServerActionsTestJSON:setUpClass): 200 PUT http://10.180.1.21:9696/networking/v2.0/floatingips/e5b3823c-4aa6-48f4-8956-9df15f688def 1.385s
2024-12-16 20:37:20.055 67104 INFO tempest.lib.common.ssh [-] Creating ssh connection to '10.180.180.151:22' as 'cirros' with public key authentication
2024-12-16 20:37:20.058 67052 INFO paramiko.transport [-] Authentication (publickey) successful!
2024-12-16 20:37:20.058 67052 INFO tempest.lib.common.ssh [-] ssh connection to cirros@10.180.180.150 successfully created
2024-12-16 20:37:20.092 67050 INFO tempest.lib.common.rest_client [req-0649d6af-daf1-4dcd-b537-7ec84a1c51f3 req-0649d6af-daf1-4dcd-b537-7ec84a1c51f3 ] Request (DeleteServersTestJSON:test_delete_active_server): 200 GET http://10.180.1.21/compute/v2.1/servers/fd24c6db-2a94-4c49-b7b5-97d6315d1cf8 0.626s
2024-12-16 20:37:20.098 67050 INFO tempest.common.waiters [-] State transition "BUILD/scheduling" ==> "BUILD/None" after 41 second wait
2024-12-16 20:37:20.157 67088 INFO tempest.lib.common.rest_client [req-8af0e965-73cb-4880-b5b6-1b5ee4eabda0 req-8af0e965-73cb-4880-b5b6-1b5ee4eabda0 ] Request (ServersAdminNegativeTestJSON:tearDownClass): 200 GET http://10.180.1.21/compute/v2.1/servers/fc979791-0881-45b0-a8d1-f60ebf2d2436 0.614s
2024-12-16 20:37:20.180 67094 INFO tempest.lib.common.rest_client [req-532ea1ed-6887-444f-998a-8a2076153c4a req-532ea1ed-6887-444f-998a-8a2076153c4a ] Request (ServersNegativeTestMultiTenantJSON:setUpClass): 200 GET http://10.180.1.21/compute/v2.1/servers/6cd74cb7-21ee-4a20-835a-50a57ac58027 0.773s
2024-12-16 20:37:20.185 67094 INFO tempest.common.waiters [-] State transition "BUILD/networking" ==> "BUILD/spawning" after 67 second wait
2024-12-16 20:37:20.200 67092 INFO tempest.lib.common.rest_client [req-da6e9b3c-bbf1-4080-81ce-34b09a372706 req-da6e9b3c-bbf1-4080-81ce-34b09a372706 ] Request (ServersAdminTestJSON:test_inject_network_info): 200 GET http://10.180.1.21/compute/v2.1/servers/6348cf15-0691-434d-bb59-3c9b44405740 0.601s
2024-12-16 20:37:20.226 67076 INFO tempest.lib.common.rest_client [req-27830956-2a5f-4d48-a7c4-f37fc7074513 req-27830956-2a5f-4d48-a7c4-f37fc7074513 ] Request (ServersAaction247Test:test_create_backup): 200 GET http://10.180.1.21/compute/v2.1/servers/0b45798a-1969-4d81-b373-c00460d17474 0.418s
2024-12-16 20:37:20.231 67066 INFO tempest.lib.common.rest_client [req-8a3d4fc2-5a39-4b11-a8ac-9556b4f3fc3e req-8a3d4fc2-5a39-4b11-a8ac-9556b4f3fc3e ] Request (ListImageFiltersTestJSON:setUpClass): 204 PUT http://10.180.1.21/image/v2/images/38f471b0-81a4-4ff2-bc1b-e0721e329b74/file 0.664s
2024-12-16 20:37:20.247 67048 INFO tempest.lib.common.rest_client [req-be1849fe-20d9-40ab-b2ec-f3d539e71b0a req-be1849fe-20d9-40ab-b2ec-f3d539e71b0a ] Request (ServersTestMultiNic:test_verify_multiple_nics_order): 200 GET http://10.180.1.21/compute/v2.1/servers/108967d3-1b11-40c7-970f-9dc640b8813c 0.362s
2024-12-16 20:37:20.268 67086 INFO tempest.lib.common.rest_client [req-0cc68b4b-8604-462b-869b-ff655c6cdd05 req-0cc68b4b-8604-462b-869b-ff655c6cdd05 ] Request (NetworksTest:test_get_network): 200 GET http://10.180.1.21/compute/v2.1/os-networks/0893fffa-f3b5-44e4-852a-7b45a69edc13 0.342s
2024-12-16 20:37:20.292 67074 INFO tempest.lib.common.rest_client [req-2186f17e-6af6-41c6-9b7a-1c7f03d63c5c req-2186f17e-6af6-41c6-9b7a-1c7f03d63c5c ] Request (ServersTestBootFromVolume:setUpClass): 200 GET http://10.180.1.21/compute/v2.1/servers/fd7acf2a-320a-4df3-9c1f-ed3b1ecee41c 0.316s
2024-12-16 20:37:20.366 67056 INFO tempest.lib.common.rest_client [req-e1b8ff5f-0cfd-47ec-8a27-ef8f7b83db45 req-e1b8ff5f-0cfd-47ec-8a27-ef8f7b83db45 ] Request (AttachInterfacesTestJSON:test_create_list_show_delete_interfaces_by_fixed_ip): 200 GET http://10.180.1.21/compute/v2.1/servers/993c23b5-2dd6-4a20-ad6b-0177ee4f3f5e 0.357s
2024-12-16 20:37:20.366 67052 INFO tempest.lib.common.rest_client [req-c69447ce-efd8-4fc7-9e51-cf87cd12ff4c req-c69447ce-efd8-4fc7-9e51-cf87cd12ff4c ] Request (ServersWithSpecificFlavorTestJSON:test_verify_created_server_ephemeral_disk): 204 DELETE http://10.180.1.21/compute/v2.1/servers/e8164aa1-57b0-41e2-8e7a-1afd2cb93d85 0.300s
2024-12-16 20:37:20.420 67090 INFO tempest.lib.common.rest_client [req-d244235a-5e71-410e-8b1f-1ed199c5dbae req-d244235a-5e71-410e-8b1f-1ed199c5dbae ] Request (ServerRescueTestJSONUnderV235:setUpClass): 200 GET http://10.180.1.21/compute/v2.1/servers/2a33e0db-2db6-400a-a384-fe5a4bb4bcd7 0.253s
2024-12-16 20:37:20.426 67072 INFO tempest.lib.common.rest_client [req-1669ae88-bf21-4123-a7d9-d25dfbf114d6 req-1669ae88-bf21-4123-a7d9-d25dfbf114d6 ] Request (MigrationsAdminTest:test_resize_server_revert_deleted_flavor): 200 GET http://10.180.1.21/compute/v2.1/servers/b5b2319b-2abd-4d17-b6e5-26d7a43d8992 0.343s
2024-12-16 20:37:20.430 67052 INFO tempest.lib.common.rest_client [req-75053142-fc3e-4ba3-861b-16f7ed85941c req-75053142-fc3e-4ba3-861b-16f7ed85941c ] Request (ServersWithSpecificFlavorTestJSON:test_verify_created_server_ephemeral_disk): 201 POST http://10.180.1.21/identity/v3/auth/tokens 0.061s
2024-12-16 20:37:20.431 67052 INFO tempest.lib.common.fixed_network [-] (ServersWithSpecificFlavorTestJSON:test_verify_created_server_ephemeral_disk) Found network {'id': '26265dd7-a359-446b-a620-87a195cea5f3', 'name': 'tempest-ServersWithSpecificFlavorTestJSON-82824431-network', 'tenant_id': 'e06ea1b0f7d34b5989af21f11d140767', 'admin_state_up': True, 'mtu': 8950, 'status': 'ACTIVE', 'subnets': [], 'shared': False, 'project_id': 'e06ea1b0f7d34b5989af21f11d140767', 'port_security_enabled': True, 'router:external': False, 'provider:network_type': 'vlan', 'provider:physical_network': 'default', 'provider:segmentation_id': 360, 'availability_zone_hints': [], 'availability_zones': [], 'ipv4_address_scope': None, 'ipv6_address_scope': None, 'description': '', 'tags': [], 'created_at': '2024-12-16T20:34:35Z', 'updated_at': '2024-12-16T20:34:35Z', 'revision_number': 1} available for tenant
2024-12-16 20:37:20.449 67066 INFO tempest.lib.common.rest_client [req-c6bd9c17-c57f-4978-99a8-a63566059cf6 req-c6bd9c17-c57f-4978-99a8-a63566059cf6 ] Request (ListImageFiltersTestJSON:setUpClass): 200 GET http://10.180.1.21/compute/v2.1/images/38f471b0-81a4-4ff2-bc1b-e0721e329b74 0.217s
2024-12-16 20:37:20.614 67086 INFO tempest.lib.common.rest_client [req-28d7152e-bf7c-48b4-82f6-a8819dca31b9 req-28d7152e-bf7c-48b4-82f6-a8819dca31b9 ] Request (NetworksTest:test_list_all_networks): 200 GET http://10.180.1.21/compute/v2.1/os-networks 0.344s
2024-12-16 20:37:20.668 67080 INFO tempest.lib.common.rest_client [req-96f9d89a-92b2-4178-a8ca-c3aaf957898e req-96f9d89a-92b2-4178-a8ca-c3aaf957898e ] Request (ServersTestFqdnHostnames:test_create_server_with_fqdn_name): 200 GET http://10.180.1.21/compute/v2.1/servers/46685e1c-44c6-42b2-a2f8-16ec4d00644c 0.236s
2024-12-16 20:37:20.704 67066 INFO tempest.lib.common.rest_client [req-6b71e210-ff06-481f-ae12-30aeb120436e req-6b71e210-ff06-481f-ae12-30aeb120436e ] Request (ListImageFiltersTestJSON:setUpClass): 200 GET http://10.180.1.21/compute/v2.1/images/38f471b0-81a4-4ff2-bc1b-e0721e329b74 0.252s
2024-12-16 20:37:20.732 67086 INFO tempest.lib.common.rest_client [req-4fe5d435-4c9a-4fe5-9c99-89c17da695f3 req-4fe5d435-4c9a-4fe5-9c99-89c17da695f3 ] Request (NetworksTest:tearDownClass): 204 DELETE http://10.180.1.21/identity/v3/users/0e2a844ca3a241e2ac8406f189b6b100 0.115s
2024-12-16 20:37:20.778 67084 INFO tempest.lib.common.rest_client [req-a19a0bdb-6713-4b62-bb87-1a867a209333 req-a19a0bdb-6713-4b62-bb87-1a867a209333 ] Request (InstanceActionsNegativeTestJSON:setUpClass): 200 GET http://10.180.1.21/compute/v2.1/servers/cb8c98f7-1648-465c-9a7e-ecee11ba1461 0.253s
2024-12-16 20:37:20.784 67084 INFO tempest.common.waiters [-] State transition "BUILD/None" ==> "BUILD/networking" after 63 second wait
2024-12-16 20:37:20.860 67086 INFO tempest.lib.common.rest_client [req-b6ee752e-7cf9-4f79-81b4-b0b7abd14170 req-b6ee752e-7cf9-4f79-81b4-b0b7abd14170 ] Request (NetworksTest:tearDownClass): 204 DELETE http://10.180.1.21/identity/v3/users/c719733d5ecf4501a580dd39590a8090 0.128s
2024-12-16 20:37:20.860 67086 INFO tempest.lib.common.dynamic_creds [-] Deleting project and security group for project: 0a046eb5f99d4f20a5a8965facf065b2
2024-12-16 20:37:20.936 67086 INFO tempest.lib.common.rest_client [req-6fdb292f-2566-43a9-9a50-331479070173 req-6fdb292f-2566-43a9-9a50-331479070173 ] Request (NetworksTest:tearDownClass): 201 POST http://10.180.1.21/identity/v3/auth/tokens 0.075s
2024-12-16 20:37:20.977 67078 INFO tempest.lib.common.rest_client [req-73961fbf-95f4-4de8-9258-d838fe50c70a req-73961fbf-95f4-4de8-9258-d838fe50c70a ] Request (ServerTagsTestJSON:setUpClass): 200 GET http://10.180.1.21/compute/v2.1/servers/115b7a22-bf52-4edc-b7f0-c562d6fe4b21 0.452s
2024-12-16 20:37:21.112 67052 INFO tempest.lib.common.rest_client [req-64cb07c1-d7c9-48b9-ae25-cbbc3840202b req-64cb07c1-d7c9-48b9-ae25-cbbc3840202b ] Request (ServersWithSpecificFlavorTestJSON:test_verify_created_server_ephemeral_disk): 202 POST http://10.180.1.21/compute/v2.1/servers 0.681s
2024-12-16 20:37:21.132 67096 INFO tempest.lib.common.rest_client [req-a245fe03-31b1-4916-b7fb-51b0b598e27b req-a245fe03-31b1-4916-b7fb-51b0b598e27b ] Request (ImagesTestJSON:test_create_image_from_suspended_server): 200 GET http://10.180.1.21/compute/v2.1/servers/656015f0-cb0c-4ba0-8820-9a30f7e7869f 0.529s
2024-12-16 20:37:21.217 67082 INFO tempest.lib.common.rest_client [req-8fa1f8f9-c62e-4335-be06-e3bac74445f0 req-8fa1f8f9-c62e-4335-be06-e3bac74445f0 ] Request (ImagesOneServerTestJSON:tearDownClass): 200 GET http://10.180.1.21/compute/v2.1/servers/14457211-8671-4f34-abe7-e971b2695995 0.611s
2024-12-16 20:37:21.222 67062 INFO tempest.lib.common.rest_client [req-d0772783-7369-4d78-9874-bc580f4eed6f req-d0772783-7369-4d78-9874-bc580f4eed6f ] Request (FloatingIPsAssociationNegativeTestJSON:tearDownClass): 200 GET http://10.180.1.21/compute/v2.1/servers/f5a79d87-ee61-4b33-8a11-7f3eb8b0063f 0.543s
2024-12-16 20:37:21.283 67066 INFO tempest.lib.common.rest_client [req-e23eff5f-693b-4761-bbea-9779206d6509 req-e23eff5f-693b-4761-bbea-9779206d6509 ] Request (ListImageFiltersTestJSON:setUpClass): 201 POST http://10.180.1.21/image/v2/images 0.573s
2024-12-16 20:37:21.298 67060 WARNING tempest.lib.common.ssh [-] Failed to establish authenticated ssh connection to cirros@10.180.180.244 ([Errno None] Unable to connect to port 22 on 10.180.180.244). Number attempts: 1. Retry after 2 seconds.: paramiko.ssh_exception.NoValidConnectionsError: [Errno None] Unable to connect to port 22 on 10.180.180.244
2024-12-16 20:37:21.315 67070 INFO tempest.lib.common.rest_client [req-0ec56ee6-2626-4b76-b5bb-514540622ade req-0ec56ee6-2626-4b76-b5bb-514540622ade ] Request (MultipleCreateTestJSON:tearDownClass): 200 GET http://10.180.1.21/compute/v2.1/servers/ab6d95fc-0880-491a-a4bd-cca4d03a1548 0.552s
2024-12-16 20:37:21.318 67109 INFO tempest.lib.common.rest_client [req-45a60fb1-f0dc-4b4c-95a2-ff26d1024eaa req-45a60fb1-f0dc-4b4c-95a2-ff26d1024eaa ] Request (TenantUsagesTestJSON:tearDownClass): 200 GET http://10.180.1.21/compute/v2.1/servers/fc70897c-4c1f-4884-a2db-8f266cf6128b 0.285s
2024-12-16 20:37:21.346 67086 INFO tempest.lib.common.rest_client [req-adaf1bf6-7988-47b9-87ba-6a91c1dc796c req-adaf1bf6-7988-47b9-87ba-6a91c1dc796c ] Request (NetworksTest:tearDownClass): 200 GET http://10.180.1.21:9696/networking/v2.0/security-groups?tenant_id=0a046eb5f99d4f20a5a8965facf065b2&name=default 0.397s
2024-12-16 20:37:21.389 67050 INFO tempest.lib.common.rest_client [req-ae3d9266-ea6c-44b2-81d0-52a42f4a8a91 req-ae3d9266-ea6c-44b2-81d0-52a42f4a8a91 ] Request (DeleteServersTestJSON:test_delete_active_server): 200 GET http://10.180.1.21/compute/v2.1/servers/fd24c6db-2a94-4c49-b7b5-97d6315d1cf8 0.287s
2024-12-16 20:37:21.451 67052 INFO tempest.lib.common.rest_client [req-58744c30-3e83-4d66-8700-10ac387e4b20 req-58744c30-3e83-4d66-8700-10ac387e4b20 ] Request (ServersWithSpecificFlavorTestJSON:test_verify_created_server_ephemeral_disk): 200 GET http://10.180.1.21/compute/v2.1/servers/b33d6ece-fd5a-4bfc-807a-552e6d370366 0.332s
2024-12-16 20:37:21.494 67086 INFO tempest.lib.common.rest_client [req-9b805465-13d7-4147-a52b-89b5851813f5 req-9b805465-13d7-4147-a52b-89b5851813f5 ] Request (NetworksTest:tearDownClass): 204 DELETE http://10.180.1.21:9696/networking/v2.0/security-groups/9f2e1237-fa3b-4f5d-90b2-4d75ea2d514a 0.148s
2024-12-16 20:37:21.540 67088 INFO tempest.lib.common.rest_client [req-7ec3dec1-bf82-445b-988d-e089b2a7d14e req-7ec3dec1-bf82-445b-988d-e089b2a7d14e ] Request (ServersAdminNegativeTestJSON:tearDownClass): 200 GET http://10.180.1.21/compute/v2.1/servers/fc979791-0881-45b0-a8d1-f60ebf2d2436 0.372s
2024-12-16 20:37:21.558 67054 INFO tempest.lib.common.rest_client [req-7fab2348-00fa-400f-bb69-04f9a3e1337c req-7fab2348-00fa-400f-bb69-04f9a3e1337c ] Request (ServerMetadataTestJSON:setUpClass): 200 GET http://10.180.1.21/compute/v2.1/servers/f0119ebf-b665-4edb-a9b3-f6282c73640b 0.519s
2024-12-16 20:37:21.576 67086 INFO tempest.lib.common.rest_client [req-6ca533cc-67f5-4203-bc67-1843ff548f32 req-6ca533cc-67f5-4203-bc67-1843ff548f32 ] Request (NetworksTest:tearDownClass): 204 DELETE http://10.180.1.21/identity/v3/projects/0a046eb5f99d4f20a5a8965facf065b2 0.081s
2024-12-16 20:37:21.576 67086 INFO tempest.lib.common.dynamic_creds [-] Deleting project and security group for project: f4c6c391046b40d6bab53be9ce632e02
2024-12-16 20:37:21.616 67092 INFO tempest.lib.common.rest_client [req-5cf2c17a-72b4-436d-b807-121ea4199c6f req-5cf2c17a-72b4-436d-b807-121ea4199c6f ] Request (ServersAdminTestJSON:test_inject_network_info): 200 GET http://10.180.1.21/compute/v2.1/servers/6348cf15-0691-434d-bb59-3c9b44405740 0.407s
2024-12-16 20:37:21.673 67076 INFO tempest.lib.common.rest_client [req-21177151-6086-448a-9eb6-014009e5da71 req-21177151-6086-448a-9eb6-014009e5da71 ] Request (ServersAaction247Test:test_create_backup): 200 GET http://10.180.1.21/compute/v2.1/servers/0b45798a-1969-4d81-b373-c00460d17474 0.438s
2024-12-16 20:37:21.675 67094 INFO tempest.lib.common.rest_client [req-cd542713-397d-47d1-90b9-1aee39371d9a req-cd542713-397d-47d1-90b9-1aee39371d9a ] Request (ServersNegativeTestMultiTenantJSON:setUpClass): 200 GET http://10.180.1.21/compute/v2.1/servers/6cd74cb7-21ee-4a20-835a-50a57ac58027 0.488s
2024-12-16 20:37:21.716 67086 INFO tempest.lib.common.rest_client [req-9179b239-b929-45b1-9cdc-58021225bf9e req-9179b239-b929-45b1-9cdc-58021225bf9e ] Request (NetworksTest:tearDownClass): 200 GET http://10.180.1.21:9696/networking/v2.0/security-groups?tenant_id=f4c6c391046b40d6bab53be9ce632e02&name=default 0.139s
2024-12-16 20:37:21.728 67048 INFO tempest.lib.common.rest_client [req-79f0c3e4-3b7e-43d5-ad8a-db1cffcb0539 req-79f0c3e4-3b7e-43d5-ad8a-db1cffcb0539 ] Request (ServersTestMultiNic:test_verify_multiple_nics_order): 200 GET http://10.180.1.21/compute/v2.1/servers/108967d3-1b11-40c7-970f-9dc640b8813c 0.474s
2024-12-16 20:37:21.741 67074 INFO tempest.lib.common.rest_client [req-06448749-72f9-470d-9b19-522c1510f610 req-06448749-72f9-470d-9b19-522c1510f610 ] Request (ServersTestBootFromVolume:setUpClass): 200 GET http://10.180.1.21/compute/v2.1/servers/fd7acf2a-320a-4df3-9c1f-ed3b1ecee41c 0.442s
2024-12-16 20:37:21.804 67090 INFO tempest.lib.common.rest_client [req-45fd0fd1-8770-41da-8b85-7faec4c73326 req-45fd0fd1-8770-41da-8b85-7faec4c73326 ] Request (ServerRescueTestJSONUnderV235:setUpClass): 200 GET http://10.180.1.21/compute/v2.1/servers/2a33e0db-2db6-400a-a384-fe5a4bb4bcd7 0.377s
2024-12-16 20:37:21.884 67072 INFO tempest.lib.common.rest_client [req-81256cab-dbaa-4a46-876a-79a74275b0be req-81256cab-dbaa-4a46-876a-79a74275b0be ] Request (MigrationsAdminTest:test_resize_server_revert_deleted_flavor): 200 GET http://10.180.1.21/compute/v2.1/servers/b5b2319b-2abd-4d17-b6e5-26d7a43d8992 0.448s
2024-12-16 20:37:21.913 67056 INFO tempest.lib.common.rest_client [req-c7184fa1-6a26-472f-8e0f-9df50726a7ca req-c7184fa1-6a26-472f-8e0f-9df50726a7ca ] Request (AttachInterfacesTestJSON:test_create_list_show_delete_interfaces_by_fixed_ip): 200 GET http://10.180.1.21/compute/v2.1/servers/993c23b5-2dd6-4a20-ad6b-0177ee4f3f5e 0.540s
2024-12-16 20:37:21.946 67080 INFO tempest.lib.common.rest_client [req-d8d914b9-1de6-4bcb-98f5-5962ecb114a7 req-d8d914b9-1de6-4bcb-98f5-5962ecb114a7 ] Request (ServersTestFqdnHostnames:test_create_server_with_fqdn_name): 200 GET http://10.180.1.21/compute/v2.1/servers/46685e1c-44c6-42b2-a2f8-16ec4d00644c 0.271s
2024-12-16 20:37:22.025 67086 INFO tempest.lib.common.rest_client [req-564d8c21-388a-4643-9d80-32539c80fb1c req-564d8c21-388a-4643-9d80-32539c80fb1c ] Request (NetworksTest:tearDownClass): 204 DELETE http://10.180.1.21:9696/networking/v2.0/security-groups/277faf57-9524-4c5e-bfa8-6250c3029fc4 0.308s
2024-12-16 20:37:22.123 67084 INFO tempest.lib.common.rest_client [req-61a7253f-ed48-4189-9805-ba3454a9a404 req-61a7253f-ed48-4189-9805-ba3454a9a404 ] Request (InstanceActionsNegativeTestJSON:setUpClass): 200 GET http://10.180.1.21/compute/v2.1/servers/cb8c98f7-1648-465c-9a7e-ecee11ba1461 0.338s
2024-12-16 20:37:22.125 67078 INFO tempest.lib.common.rest_client [req-0487bedc-09ea-436f-bcd2-39847af2206d req-0487bedc-09ea-436f-bcd2-39847af2206d ] Request (ServerTagsTestJSON:setUpClass): 200 GET http://10.180.1.21/compute/v2.1/servers/115b7a22-bf52-4edc-b7f0-c562d6fe4b21 0.136s
2024-12-16 20:37:22.129 67084 INFO tempest.common.waiters [-] State transition "BUILD/networking" ==> "BUILD/block_device_mapping" after 65 second wait
2024-12-16 20:37:22.151 67086 INFO tempest.lib.common.rest_client [req-903c62a2-93e9-434e-b681-dd8da34336a2 req-903c62a2-93e9-434e-b681-dd8da34336a2 ] Request (NetworksTest:tearDownClass): 204 DELETE http://10.180.1.21/identity/v3/projects/f4c6c391046b40d6bab53be9ce632e02 0.125s
2024-12-16 20:37:22.192 67096 INFO tempest.lib.common.rest_client [req-e3f0d3db-4cda-4bae-8ba2-608c1e05c139 req-e3f0d3db-4cda-4bae-8ba2-608c1e05c139 ] Request (ImagesTestJSON:test_create_image_from_suspended_server): 200 GET http://10.180.1.21/compute/v2.1/servers/656015f0-cb0c-4ba0-8820-9a30f7e7869f 0.053s
2024-12-16 20:37:22.193 67058 WARNING tempest.lib.common.ssh [-] Failed to establish authenticated ssh connection to cirros@10.180.180.149 ([Errno None] Unable to connect to port 22 on 10.180.180.149). Number attempts: 10. Retry after 11 seconds.: paramiko.ssh_exception.NoValidConnectionsError: [Errno None] Unable to connect to port 22 on 10.180.180.149
2024-12-16 20:37:22.213 67086 INFO tempest.lib.common.rest_client [req-0720b4fc-6868-45fc-842c-83ad0715c423 req-0720b4fc-6868-45fc-842c-83ad0715c423 ] Request (ServerGroupTestJSON:setUpClass): 201 POST http://10.180.1.21/identity/v3/auth/tokens 0.061s
2024-12-16 20:37:22.240 67086 INFO tempest.lib.common.rest_client [req-9bda374c-6999-45e7-8b7e-3d24ed3ea79c req-9bda374c-6999-45e7-8b7e-3d24ed3ea79c ] Request (ServerGroupTestJSON:setUpClass): 201 POST http://10.180.1.21/identity/v3/auth/tokens 0.025s
2024-12-16 20:37:22.263 67086 INFO tempest.lib.common.rest_client [req-592d4b48-59d3-4d7c-9996-80444e8af62e req-592d4b48-59d3-4d7c-9996-80444e8af62e ] Request (ServerGroupTestJSON:setUpClass): 200 GET http://10.180.1.21/identity/v3/domains?name=Default 0.022s
2024-12-16 20:37:22.296 67086 INFO tempest.lib.common.rest_client [req-ab93a88e-ee3c-4c63-9dbc-02caf9079c87 req-ab93a88e-ee3c-4c63-9dbc-02caf9079c87 ] Request (ServerGroupTestJSON:setUpClass): 201 POST http://10.180.1.21/identity/v3/projects 0.033s
2024-12-16 20:37:22.301 67082 INFO tempest.lib.common.rest_client [req-b7ab4de5-00e9-4d15-be12-bf36ec9c69c8 req-b7ab4de5-00e9-4d15-be12-bf36ec9c69c8 ] Request (ImagesOneServerTestJSON:tearDownClass): 200 GET http://10.180.1.21/compute/v2.1/servers/14457211-8671-4f34-abe7-e971b2695995 0.075s
