2024-12-16 20:35:38.273 67082 INFO tempest.lib.common.rest_client [req-e1df7eb9-9fb1-49c8-8eea-a9f81a58f573 req-e1df7eb9-9fb1-49c8-8eea-a9f81a58f573 ] Request (ImagesOneServerTestJSON:setUpClass): 200 GET http://10.180.1.21/compute/v2.1/servers/14457211-8671-4f34-abe7-e971b2695995 0.627s
2024-12-16 20:35:38.278 67054 INFO tempest.lib.common.rest_client [req-1bfef62a-3b70-4c58-ae82-8462555ecec9 req-1bfef62a-3b70-4c58-ae82-8462555ecec9 ] Request (FloatingIPDetailsNegativeTestJSON:setUpClass): 200 GET http://10.180.1.21/identity/v3/domains?name=Default 0.087s
2024-12-16 20:35:38.298 67109 INFO tempest.lib.common.rest_client [req-8ba1a67c-c9a8-4751-851e-e23b588286f1 req-8ba1a67c-c9a8-4751-851e-e23b588286f1 ] Request (TenantUsagesTestJSON:setUpClass): 201 POST http://10.180.1.21/identity/v3/auth/tokens 0.051s
2024-12-16 20:35:38.326 67054 INFO tempest.lib.common.rest_client [req-6fcf4380-16e5-4a12-8e5e-f91e9a13c233 req-6fcf4380-16e5-4a12-8e5e-f91e9a13c233 ] Request (FloatingIPDetailsNegativeTestJSON:setUpClass): 201 POST http://10.180.1.21/identity/v3/projects 0.047s
2024-12-16 20:35:38.337 67109 INFO tempest.lib.common.rest_client [req-9570c565-e3ca-49c3-87e2-2ced366feb9a req-9570c565-e3ca-49c3-87e2-2ced366feb9a ] Request (TenantUsagesTestJSON:setUpClass): 200 GET http://10.180.1.21/identity/v3/domains?name=Default 0.039s
2024-12-16 20:35:38.344 67066 INFO tempest.lib.common.rest_client [req-836e4449-42bb-4a98-85d5-8f4e662a1e7d req-836e4449-42bb-4a98-85d5-8f4e662a1e7d ] Request (ImagesNegativeTestJSON:test_create_image_from_deleted_server): 200 GET http://10.180.1.21/compute/v2.1/servers/0634ab91-7eef-4b04-88e7-50459f691999 0.636s
2024-12-16 20:35:38.368 67070 INFO tempest.lib.common.rest_client [req-9913ea73-1b78-46c7-b51d-e7610ec8ca6a req-9913ea73-1b78-46c7-b51d-e7610ec8ca6a ] Request (MultipleCreateTestJSON:_run_cleanups): 200 GET http://10.180.1.21/compute/v2.1/servers/9cfb3fce-1be5-42d6-976b-9ac949d353a7 0.641s
2024-12-16 20:35:38.391 67054 INFO tempest.lib.common.rest_client [req-6c6dc341-cb30-4c7d-b48b-4c76568da5c2 req-6c6dc341-cb30-4c7d-b48b-4c76568da5c2 ] Request (FloatingIPDetailsNegativeTestJSON:setUpClass): 201 POST http://10.180.1.21/identity/v3/users 0.064s
2024-12-16 20:35:38.413 67074 INFO tempest.lib.common.rest_client [req-508433e6-03ac-4a31-aaed-863e4e67bd58 req-508433e6-03ac-4a31-aaed-863e4e67bd58 ] Request (AttachInterfacesV270Test:tearDownClass): 200 GET http://10.180.1.21/compute/v2.1/servers/7e1e18af-c401-4650-888b-163bf81a23c2 0.614s
2024-12-16 20:35:38.419 67054 INFO tempest.lib.common.rest_client [req-22f04488-894c-428d-b5c0-90fe378e7d59 req-22f04488-894c-428d-b5c0-90fe378e7d59 ] Request (FloatingIPDetailsNegativeTestJSON:setUpClass): 200 GET http://10.180.1.21/identity/v3/roles 0.028s
2024-12-16 20:35:38.425 67109 INFO tempest.lib.common.rest_client [req-3e90613c-c2ba-4553-9823-6e10defe77cb req-3e90613c-c2ba-4553-9823-6e10defe77cb ] Request (TenantUsagesTestJSON:setUpClass): 201 POST http://10.180.1.21/identity/v3/projects 0.088s
2024-12-16 20:35:38.443 67094 INFO tempest.lib.common.rest_client [req-d7f3756a-4ad7-4f68-9d63-e2af316188e8 req-d7f3756a-4ad7-4f68-9d63-e2af316188e8 ] Request (ServerExternalEventsTest:tearDownClass): 200 GET http://10.180.1.21/compute/v2.1/servers/c93f7b3d-30d5-47d8-b152-1aa9f97f44bb 0.607s
2024-12-16 20:35:38.492 67109 INFO tempest.lib.common.rest_client [req-b704735c-fd49-4f93-8a4d-a382ff7c877b req-b704735c-fd49-4f93-8a4d-a382ff7c877b ] Request (TenantUsagesTestJSON:setUpClass): 201 POST http://10.180.1.21/identity/v3/users 0.066s
2024-12-16 20:35:38.496 67054 INFO tempest.lib.common.rest_client [req-136e3031-1918-4f84-b925-2a945f100023 req-136e3031-1918-4f84-b925-2a945f100023 ] Request (FloatingIPDetailsNegativeTestJSON:setUpClass): 204 PUT http://10.180.1.21/identity/v3/projects/c397af9761d34f2da93daaa1b7ab6dc9/users/689cd153d687446394dbd971427a7126/roles/be71141727f84c6fb1c9eaf4f5e1115f 0.076s
2024-12-16 20:35:38.497 67054 INFO tempest.lib.common.dynamic_creds [-] Dynamic test user 689cd153d687446394dbd971427a7126 is created with scope project and roles: ['member']
2024-12-16 20:35:38.497 67054 INFO tempest.lib.common.dynamic_creds [-] Acquired dynamic creds: credentials: Credentials: {'domain_id': 'default', 'domain_name': 'Default', 'username': 'tempest-FloatingIPDetailsNegativeTestJSON-609834209-project-member', 'project_domain_id': 'default', 'project_domain_name': 'Default', 'project_id': 'c397af9761d34f2da93daaa1b7ab6dc9', 'project_name': 'tempest-FloatingIPDetailsNegativeTestJSON-609834209', 'tenant_id': 'c397af9761d34f2da93daaa1b7ab6dc9', 'tenant_name': 'tempest-FloatingIPDetailsNegativeTestJSON-609834209', 'user_domain_id': 'default', 'user_domain_name': 'Default', 'user_id': '689cd153d687446394dbd971427a7126', 'system': None}, Network: None, Subnet: None, Router: None
2024-12-16 20:35:38.554 67109 INFO tempest.lib.common.rest_client [req-f1281dc0-4829-4b1c-890a-94044fee8739 req-f1281dc0-4829-4b1c-890a-94044fee8739 ] Request (TenantUsagesTestJSON:setUpClass): 200 GET http://10.180.1.21/identity/v3/roles 0.061s
2024-12-16 20:35:38.559 67092 INFO tempest.lib.common.rest_client [req-65343ace-e3ff-4f5b-a5d3-1382b107a9fc req-65343ace-e3ff-4f5b-a5d3-1382b107a9fc ] Request (ServersAdminTestJSON:setUpClass): 200 GET http://10.180.1.21/compute/v2.1/servers/6fc66058-61b6-453a-9992-81128b23dc72 0.484s
2024-12-16 20:35:38.582 67054 INFO tempest.lib.common.rest_client [req-9f32bbcf-2493-4f45-bd8a-4ff7ad65b8c8 req-9f32bbcf-2493-4f45-bd8a-4ff7ad65b8c8 ] Request (FloatingIPDetailsNegativeTestJSON:setUpClass): 201 POST http://10.180.1.21/identity/v3/auth/tokens 0.085s
2024-12-16 20:35:38.604 67109 INFO tempest.lib.common.rest_client [req-0f016af4-4663-4ea2-a229-f8c4ee237494 req-0f016af4-4663-4ea2-a229-f8c4ee237494 ] Request (TenantUsagesTestJSON:setUpClass): 204 PUT http://10.180.1.21/identity/v3/projects/07f8f4deb8744126a5b9df54f6171f13/users/77cf6e6168cb41febb0678f58ffed386/roles/be71141727f84c6fb1c9eaf4f5e1115f 0.049s
2024-12-16 20:35:38.604 67109 INFO tempest.lib.common.dynamic_creds [-] Dynamic test user 77cf6e6168cb41febb0678f58ffed386 is created with scope project and roles: ['member']
2024-12-16 20:35:38.605 67109 INFO tempest.lib.common.dynamic_creds [-] Acquired dynamic creds: credentials: Credentials: {'domain_id': 'default', 'domain_name': 'Default', 'username': 'tempest-TenantUsagesTestJSON-1286481273-project-member', 'project_domain_id': 'default', 'project_domain_name': 'Default', 'project_id': '07f8f4deb8744126a5b9df54f6171f13', 'project_name': 'tempest-TenantUsagesTestJSON-1286481273', 'tenant_id': '07f8f4deb8744126a5b9df54f6171f13', 'tenant_name': 'tempest-TenantUsagesTestJSON-1286481273', 'user_domain_id': 'default', 'user_domain_name': 'Default', 'user_id': '77cf6e6168cb41febb0678f58ffed386', 'system': None}, Network: None, Subnet: None, Router: None
2024-12-16 20:35:38.605 67109 INFO tempest.lib.common.dynamic_creds [-] Created isolated network resources for: credentials: Credentials: {'domain_id': 'default', 'domain_name': 'Default', 'username': 'tempest-TenantUsagesTestJSON-1286481273-project-member', 'project_domain_id': 'default', 'project_domain_name': 'Default', 'project_id': '07f8f4deb8744126a5b9df54f6171f13', 'project_name': 'tempest-TenantUsagesTestJSON-1286481273', 'tenant_id': '07f8f4deb8744126a5b9df54f6171f13', 'tenant_name': 'tempest-TenantUsagesTestJSON-1286481273', 'user_domain_id': 'default', 'user_domain_name': 'Default', 'user_id': '77cf6e6168cb41febb0678f58ffed386', 'system': None}, Network: None, Subnet: None, Router: None
2024-12-16 20:35:38.678 67092 INFO tempest.lib.common.rest_client [req-ca1b46f6-f8ff-43c9-aa16-05028b4b798e req-ca1b46f6-f8ff-43c9-aa16-05028b4b798e ] Request (ServersAdminTestJSON:test_create_server_with_scheduling_hint): 201 POST http://10.180.1.21/identity/v3/auth/tokens 0.109s
2024-12-16 20:35:38.680 67092 INFO tempest.lib.common.fixed_network [-] (ServersAdminTestJSON:test_create_server_with_scheduling_hint) Found network {'id': 'd4c51174-68f2-4ae8-a8fa-a4d7bd63b26e', 'name': 'tempest-ServersAdminTestJSON-1334121592-network', 'tenant_id': '39b198ea691d4cec89a6c517d2a83f5b', 'admin_state_up': True, 'mtu': 8950, 'status': 'ACTIVE', 'subnets': [], 'shared': False, 'project_id': '39b198ea691d4cec89a6c517d2a83f5b', 'port_security_enabled': True, 'router:external': False, 'provider:network_type': 'vlan', 'provider:physical_network': 'default', 'provider:segmentation_id': 326, 'availability_zone_hints': [], 'availability_zones': [], 'ipv4_address_scope': None, 'ipv6_address_scope': None, 'description': '', 'tags': [], 'created_at': '2024-12-16T20:34:31Z', 'updated_at': '2024-12-16T20:34:31Z', 'revision_number': 1} available for tenant
2024-12-16 20:35:38.769 67109 INFO tempest.lib.common.rest_client [req-e3e0168f-4dca-4c25-833b-3426eb5404d1 req-e3e0168f-4dca-4c25-833b-3426eb5404d1 ] Request (TenantUsagesTestJSON:setUpClass): 201 POST http://10.180.1.21/identity/v3/auth/tokens 0.160s
2024-12-16 20:35:38.770 67052 INFO tempest.lib.common.rest_client [req-bea2663c-7237-456d-a3c4-724f1a91d8fe req-bea2663c-7237-456d-a3c4-724f1a91d8fe ] Request (ServersWithSpecificFlavorTestJSON:test_verify_created_server_ephemeral_disk): 200 GET http://10.180.1.21/compute/v2.1/servers/e8164aa1-57b0-41e2-8e7a-1afd2cb93d85 0.675s
2024-12-16 20:35:38.860 67109 INFO tempest.lib.common.rest_client [req-845e24a8-74e2-4876-abba-11b3651f43e4 req-845e24a8-74e2-4876-abba-11b3651f43e4 ] Request (TenantUsagesTestJSON:setUpClass): 201 POST http://10.180.1.21/identity/v3/projects 0.090s
2024-12-16 20:35:38.897 67078 INFO tempest.lib.common.rest_client [req-ab25a8df-852a-4e06-b679-500225cff638 req-ab25a8df-852a-4e06-b679-500225cff638 ] Request (FlavorsAccessNegativeTestJSON:test_flavor_non_admin_add): 403 POST http://10.180.1.21/compute/v2.1/flavors/40249233/action 0.798s
2024-12-16 20:35:38.963 67102 WARNING tempest.lib.common.ssh [-] Failed to establish authenticated ssh connection to cirros@10.180.180.199 ([Errno None] Unable to connect to port 22 on 10.180.180.199). Number attempts: 1. Retry after 2 seconds.: paramiko.ssh_exception.NoValidConnectionsError: [Errno None] Unable to connect to port 22 on 10.180.180.199
2024-12-16 20:35:38.965 67109 INFO tempest.lib.common.rest_client [req-0726144c-9e1c-4277-a082-1d4a7613b8ed req-0726144c-9e1c-4277-a082-1d4a7613b8ed ] Request (TenantUsagesTestJSON:setUpClass): 201 POST http://10.180.1.21/identity/v3/users 0.104s
2024-12-16 20:35:38.989 67109 INFO tempest.lib.common.rest_client [req-a5d72f69-7cbd-4fb2-aec2-ae69f0253986 req-a5d72f69-7cbd-4fb2-aec2-ae69f0253986 ] Request (TenantUsagesTestJSON:setUpClass): 200 GET http://10.180.1.21/identity/v3/roles 0.024s
2024-12-16 20:35:39.024 67109 INFO tempest.lib.common.rest_client [req-42e746dc-0b0c-4928-a82a-754115614fe4 req-42e746dc-0b0c-4928-a82a-754115614fe4 ] Request (TenantUsagesTestJSON:setUpClass): 204 PUT http://10.180.1.21/identity/v3/projects/bb1e475faa5f4fe18e42862c6d40d620/users/4241299d71ce4b59913f30afafc588ea/roles/5a9e136c35844fd08ef5b33bb00abfe1 0.034s
2024-12-16 20:35:39.096 67109 INFO tempest.lib.common.rest_client [req-1f68c709-7cd3-4a6e-aa7a-8ec0dea528b8 req-1f68c709-7cd3-4a6e-aa7a-8ec0dea528b8 ] Request (TenantUsagesTestJSON:setUpClass): 200 GET http://10.180.1.21/identity/v3/roles 0.071s
2024-12-16 20:35:39.118 67109 INFO tempest.lib.common.rest_client [req-d7db7ddc-e31f-4ae8-a10f-d4ef288de11d req-d7db7ddc-e31f-4ae8-a10f-d4ef288de11d ] Request (TenantUsagesTestJSON:setUpClass): 204 PUT http://10.180.1.21/identity/v3/projects/bb1e475faa5f4fe18e42862c6d40d620/users/4241299d71ce4b59913f30afafc588ea/roles/5a9e136c35844fd08ef5b33bb00abfe1 0.021s
2024-12-16 20:35:39.118 67109 INFO tempest.lib.common.dynamic_creds [-] Dynamic test user 4241299d71ce4b59913f30afafc588ea is created with scope project and roles: ['admin']
2024-12-16 20:35:39.118 67109 INFO tempest.lib.common.dynamic_creds [-] Acquired dynamic creds: credentials: Credentials: {'domain_id': 'default', 'domain_name': 'Default', 'username': 'tempest-TenantUsagesTestJSON-1568460661-project-admin', 'project_domain_id': 'default', 'project_domain_name': 'Default', 'project_id': 'bb1e475faa5f4fe18e42862c6d40d620', 'project_name': 'tempest-TenantUsagesTestJSON-1568460661', 'tenant_id': 'bb1e475faa5f4fe18e42862c6d40d620', 'tenant_name': 'tempest-TenantUsagesTestJSON-1568460661', 'user_domain_id': 'default', 'user_domain_name': 'Default', 'user_id': '4241299d71ce4b59913f30afafc588ea', 'system': None}, Network: None, Subnet: None, Router: None
2024-12-16 20:35:39.118 67109 INFO tempest.lib.common.dynamic_creds [-] Created isolated network resources for: credentials: Credentials: {'domain_id': 'default', 'domain_name': 'Default', 'username': 'tempest-TenantUsagesTestJSON-1568460661-project-admin', 'project_domain_id': 'default', 'project_domain_name': 'Default', 'project_id': 'bb1e475faa5f4fe18e42862c6d40d620', 'project_name': 'tempest-TenantUsagesTestJSON-1568460661', 'tenant_id': 'bb1e475faa5f4fe18e42862c6d40d620', 'tenant_name': 'tempest-TenantUsagesTestJSON-1568460661', 'user_domain_id': 'default', 'user_domain_name': 'Default', 'user_id': '4241299d71ce4b59913f30afafc588ea', 'system': None}, Network: None, Subnet: None, Router: None
2024-12-16 20:35:39.137 67060 INFO tempest.lib.common.rest_client [req-bc255568-f257-49b8-b3a9-e6cf8bdcd2be req-bc255568-f257-49b8-b3a9-e6cf8bdcd2be ] Request (SecurityGroupRulesNegativeTestJSON:tearDownClass): 200 PUT http://10.180.1.21:9696/networking/v2.0/routers/f0ebf419-c173-4a65-890f-511890c1b186/remove_router_interface 1.306s
2024-12-16 20:35:39.198 67064 INFO tempest.lib.common.rest_client [req-cfdb2dec-c219-4b85-a99b-ba8abba98eb6 req-cfdb2dec-c219-4b85-a99b-ba8abba98eb6 ] Request (VolumesAssistedSnapshotsTest:test_volume_assisted_snapshot_create_delete): 200 GET http://10.180.1.21/compute/v2.1/servers/8e2ed5d7-9279-4e44-83c9-a65f77e544c9 1.031s
2024-12-16 20:35:39.219 67109 INFO tempest.lib.common.rest_client [req-bc353dd9-0989-405f-ae67-d2ee67b04420 req-bc353dd9-0989-405f-ae67-d2ee67b04420 ] Request (TenantUsagesTestJSON:setUpClass): 201 POST http://10.180.1.21/identity/v3/auth/tokens 0.096s
2024-12-16 20:35:39.219 67109 WARNING tempest.lib.common.rest_client [-] Deprecated: "tenant_id" property is deprecated for removal, use "project_id" instead
2024-12-16 20:35:39.291 67109 INFO tempest.lib.common.rest_client [req-6030ecbd-9d9f-4053-a7e1-dc2b933556f8 req-6030ecbd-9d9f-4053-a7e1-dc2b933556f8 ] Request (TenantUsagesTestJSON:setUpClass): 201 POST http://10.180.1.21/identity/v3/auth/tokens 0.068s
2024-12-16 20:35:39.292 67109 INFO tempest.lib.common.fixed_network [-] (TenantUsagesTestJSON:setUpClass) Found network None available for tenant
2024-12-16 20:35:39.311 67062 INFO tempest.lib.common.rest_client [req-5407cd7a-be0e-4bb6-b7b0-1ee21e27ab71 req-5407cd7a-be0e-4bb6-b7b0-1ee21e27ab71 ] Request (FloatingIPsAssociationNegativeTestJSON:setUpClass): 202 POST http://10.180.1.21/compute/v2.1/servers 1.339s
2024-12-16 20:35:39.325 67056 INFO tempest.lib.common.rest_client [req-b4cee1ee-ffae-4294-ac38-7008f8f79a55 req-b4cee1ee-ffae-4294-ac38-7008f8f79a55 ] Request (ServicesAdminTestJSON:test_get_service_by_host_name): 200 GET http://10.180.1.21/compute/v2.1/os-services 1.118s
2024-12-16 20:35:39.328 67098 INFO tempest.lib.common.rest_client [req-6d60b14c-c199-4d2b-8276-fa3de2842191 req-6d60b14c-c199-4d2b-8276-fa3de2842191 ] Request (ServerActionsV293TestJSON:setUpClass): 200 GET http://10.180.1.21/volume/v3/volumes/79b312ff-7954-4e31-9c2b-012db7f56349 0.049s
2024-12-16 20:35:39.350 67054 INFO tempest.lib.common.rest_client [req-c045794f-906e-4156-8d04-58a48e3dee57 req-c045794f-906e-4156-8d04-58a48e3dee57 ] Request (FloatingIPDetailsNegativeTestJSON:setUpClass): 201 POST http://10.180.1.21:9696/networking/v2.0/networks 0.767s
2024-12-16 20:35:39.399 67090 INFO tempest.lib.common.rest_client [req-9d50b39e-4c13-4525-8a01-8191bbe60b3d req-9d50b39e-4c13-4525-8a01-8191bbe60b3d ] Request (ServerAddressesNegativeTestJSON:setUpClass): 200 GET http://10.180.1.21/compute/v2.1/servers/0c614401-c25b-4686-ac48-bc03332e0e4c 1.158s
2024-12-16 20:35:39.408 67104 INFO tempest.lib.common.rest_client [req-eb6d042b-7fe8-4bf0-a650-236353e4392f req-eb6d042b-7fe8-4bf0-a650-236353e4392f ] Request (ServicesAdminNegativeV253TestJSON:test_list_services_with_non_admin_user): 403 GET http://10.180.1.21/compute/v2.1/os-services 1.142s
2024-12-16 20:35:39.498 67076 INFO tempest.lib.common.rest_client [req-c5561c9c-2d16-4208-a128-54a82aeee0a7 req-c5561c9c-2d16-4208-a128-54a82aeee0a7 ] Request (InstanceActionsTestJSON:setUpClass): 200 GET http://10.180.1.21/compute/v2.1/servers/a86a0510-9cce-4fdd-a90c-ab0f727b6864 1.183s
2024-12-16 20:35:39.506 67076 INFO tempest.common.waiters [-] State transition "BUILD/scheduling" ==> "BUILD/None" after 15 second wait
2024-12-16 20:35:39.531 67104 INFO tempest.lib.common.rest_client [req-d37ada2c-4cbd-4c51-a2dd-43db493d7901 req-d37ada2c-4cbd-4c51-a2dd-43db493d7901 ] Request (ServicesAdminNegativeV253TestJSON:tearDownClass): 204 DELETE http://10.180.1.21/identity/v3/users/869bb8c101a54045b6c64781a04c04a1 0.121s
2024-12-16 20:35:39.584 67086 INFO tempest.lib.common.rest_client [req-daf6cb36-f52a-41d1-b429-cf882c1c09f3 req-daf6cb36-f52a-41d1-b429-cf882c1c09f3 ] Request (DeleteServersAdminTestJSON:test_delete_server_while_in_error_state): 200 GET http://10.180.1.21/compute/v2.1/servers/2eacff50-9336-46f7-acdb-5276764a4f3a 1.172s
2024-12-16 20:35:39.639 67072 INFO tempest.lib.common.rest_client [req-176026fc-2737-4213-8961-d3738802b23d req-176026fc-2737-4213-8961-d3738802b23d ] Request (MigrationsAdminTest:test_list_migrations_in_flavor_resize_situation): 200 GET http://10.180.1.21/compute/v2.1/servers/df8e9a13-fc49-47d5-a7f2-6b4c65366ccf 1.287s
2024-12-16 20:35:39.655 67104 INFO tempest.lib.common.rest_client [req-6997fa6f-815f-4bae-b43a-7250ea290b7a req-6997fa6f-815f-4bae-b43a-7250ea290b7a ] Request (ServicesAdminNegativeV253TestJSON:tearDownClass): 204 DELETE http://10.180.1.21/identity/v3/users/ec0d2a77ac41437f9d129cb79725aed2 0.123s
2024-12-16 20:35:39.655 67104 INFO tempest.lib.common.dynamic_creds [-] Deleting project and security group for project: 726ca3046dbf4c9886d8df8fa056a58b
2024-12-16 20:35:39.698 67060 INFO tempest.lib.common.rest_client [req-6bcfe5f5-486e-47c4-a7fb-0a16febc2d5b req-6bcfe5f5-486e-47c4-a7fb-0a16febc2d5b ] Request (SecurityGroupRulesNegativeTestJSON:tearDownClass): 204 DELETE http://10.180.1.21:9696/networking/v2.0/routers/f0ebf419-c173-4a65-890f-511890c1b186 0.560s
2024-12-16 20:35:39.707 67054 INFO tempest.lib.common.rest_client [req-c0eeb082-3454-41ad-a556-a71a0fbd27f9 req-c0eeb082-3454-41ad-a556-a71a0fbd27f9 ] Request (FloatingIPDetailsNegativeTestJSON:setUpClass): 201 POST http://10.180.1.21:9696/networking/v2.0/subnets 0.356s
2024-12-16 20:35:39.729 67104 INFO tempest.lib.common.rest_client [req-560246d7-0a9d-41dd-ab61-98321575e201 req-560246d7-0a9d-41dd-ab61-98321575e201 ] Request (ServicesAdminNegativeV253TestJSON:tearDownClass): 201 POST http://10.180.1.21/identity/v3/auth/tokens 0.072s
2024-12-16 20:35:39.919 67058 INFO tempest.lib.common.rest_client [req-36efaea2-56df-4f13-82f9-5aed099208a9 req-36efaea2-56df-4f13-82f9-5aed099208a9 ] Request (VolumesAdminNegativeTest:test_update_attached_volume_with_nonexistent_volume_in_body): 200 GET http://10.180.1.21/compute/v2.1/servers/b492a412-bdf8-4eac-afbc-dd0e7ff4afe2 1.236s
2024-12-16 20:35:39.929 67058 INFO tempest.common.waiters [-] State transition "BUILD/None" ==> "BUILD/spawning" after 37 second wait
2024-12-16 20:35:39.996 67106 INFO tempest.lib.common.rest_client [req-6545fdcd-9f12-47bc-ba0b-cd444ca8c2b2 req-6545fdcd-9f12-47bc-ba0b-cd444ca8c2b2 ] Request (AttachVolumeTestJSON:test_attach_detach_volume): 200 GET http://10.180.1.21/compute/v2.1/servers/c0294045-2c3c-43b2-85e5-5c04b6726733 1.202s
2024-12-16 20:35:40.011 67078 INFO tempest.lib.common.rest_client [req-2acaad73-eea6-44ef-ab91-4aeb93377f1e req-2acaad73-eea6-44ef-ab91-4aeb93377f1e ] Request (FlavorsAccessNegativeTestJSON:_run_cleanups): 202 DELETE http://10.180.1.21/compute/v2.1/flavors/40249233 1.113s
2024-12-16 20:35:40.051 67092 INFO tempest.lib.common.rest_client [req-3c97679b-6c8d-43e2-9cf7-274f6f8a814d req-3c97679b-6c8d-43e2-9cf7-274f6f8a814d ] Request (ServersAdminTestJSON:test_create_server_with_scheduling_hint): 202 POST http://10.180.1.21/compute/v2.1/servers 1.371s
2024-12-16 20:35:40.105 67084 INFO tempest.lib.common.rest_client [req-25888af2-8a08-481f-9123-f95a4fae431a req-25888af2-8a08-481f-9123-f95a4fae431a ] Request (InstanceActionsV221TestJSON:test_get_list_deleted_instance_actions): 200 GET http://10.180.1.21/compute/v2.1/servers/f2d87af0-d481-4bb0-be40-a45d1d8464b1 1.201s
2024-12-16 20:35:40.116 67050 INFO tempest.lib.common.rest_client [req-8559f2be-0e65-41e1-9313-a6fdc28fa583 req-8559f2be-0e65-41e1-9313-a6fdc28fa583 ] Request (ServerDiagnosticsV248Test:test_get_server_diagnostics): 200 GET http://10.180.1.21/compute/v2.1/servers/c23c6938-fa2b-45a6-ade9-c5985a24e577 1.191s
2024-12-16 20:35:40.177 67068 INFO tempest.lib.common.rest_client [req-104e0c6f-d7c3-45fd-b635-c9c811392bf7 req-104e0c6f-d7c3-45fd-b635-c9c811392bf7 ] Request (AttachInterfacesUnderV243Test:test_add_remove_fixed_ip): 200 GET http://10.180.1.21/compute/v2.1/servers/44f93255-be21-4bff-9f6a-3e5149a74a26 1.206s
2024-12-16 20:35:40.181 67048 INFO tempest.lib.common.rest_client [req-f9e65557-9bae-4693-add9-05a351bc994f req-f9e65557-9bae-4693-add9-05a351bc994f ] Request (ServersTestMultiNic:test_verify_duplicate_network_nics): 200 GET http://10.180.1.21/compute/v2.1/servers/60553aa1-c148-41e8-87de-cfcf6554d98d 1.130s
2024-12-16 20:35:40.244 67088 INFO tempest.lib.common.rest_client [req-a33efeb4-a9bb-4fbd-8155-7468390d0e71 req-a33efeb4-a9bb-4fbd-8155-7468390d0e71 ] Request (ServersAdminNegativeTestJSON:test_migrate_server_invalid_state): 200 GET http://10.180.1.21/compute/v2.1/servers/c070224d-1471-458e-b4a2-71b05f85d4a4 1.123s
2024-12-16 20:35:40.247 67060 INFO tempest.lib.common.rest_client [req-d8bb6a97-1ae0-4587-b0e7-590776bd6d7c req-d8bb6a97-1ae0-4587-b0e7-590776bd6d7c ] Request (SecurityGroupRulesNegativeTestJSON:tearDownClass): 204 DELETE http://10.180.1.21:9696/networking/v2.0/subnets/a31db044-7f1f-4be9-86d5-1b89f649ced3 0.548s
2024-12-16 20:35:40.268 67080 INFO tempest.lib.common.rest_client [req-5241de33-dc84-4e26-be57-4491a806ce87 req-5241de33-dc84-4e26-be57-4491a806ce87 ] Request (ServersAdmin275Test:tearDownClass): 200 GET http://10.180.1.21/compute/v2.1/servers/14001573-3622-48a3-8d49-6126d7734859 1.083s
2024-12-16 20:35:40.278 67080 INFO tempest.common.waiters [-] State transition "ACTIVE/deleting" ==> "DELETED/None" after 6 second wait
2024-12-16 20:35:40.320 67096 INFO tempest.lib.common.rest_client [req-3ba56e96-b9c3-45fa-b593-3ed69749406d req-3ba56e96-b9c3-45fa-b593-3ed69749406d ] Request (ImagesTestJSON:test_create_image_from_stopped_server): 200 GET http://10.180.1.21/compute/v2.1/servers/6126b8cc-b66d-4479-8d04-d6b66652e2d8 1.118s
2024-12-16 20:35:40.324 67082 INFO tempest.lib.common.rest_client [req-721060f3-4d3a-48a0-be94-c58415cdcdc4 req-721060f3-4d3a-48a0-be94-c58415cdcdc4 ] Request (ImagesOneServerTestJSON:setUpClass): 200 GET http://10.180.1.21/compute/v2.1/servers/14457211-8671-4f34-abe7-e971b2695995 1.036s
2024-12-16 20:35:40.353 67104 INFO tempest.lib.common.rest_client [req-0f972a66-3c85-4509-8b90-f0c51ef10045 req-0f972a66-3c85-4509-8b90-f0c51ef10045 ] Request (ServicesAdminNegativeV253TestJSON:tearDownClass): 200 GET http://10.180.1.21:9696/networking/v2.0/security-groups?tenant_id=726ca3046dbf4c9886d8df8fa056a58b&name=default 0.623s
2024-12-16 20:35:40.389 67098 INFO tempest.lib.common.rest_client [req-892db4b1-4e60-47a3-918f-f0e9b33b0031 req-892db4b1-4e60-47a3-918f-f0e9b33b0031 ] Request (ServerActionsV293TestJSON:setUpClass): 200 GET http://10.180.1.21/volume/v3/volumes/79b312ff-7954-4e31-9c2b-012db7f56349 0.049s
2024-12-16 20:35:40.390 67062 INFO tempest.lib.common.rest_client [req-03a25229-0567-4332-b750-f3a11c082c74 req-03a25229-0567-4332-b750-f3a11c082c74 ] Request (FloatingIPsAssociationNegativeTestJSON:setUpClass): 200 GET http://10.180.1.21/compute/v2.1/servers/f5a79d87-ee61-4b33-8a11-7f3eb8b0063f 1.077s
2024-12-16 20:35:40.412 67056 INFO tempest.lib.common.rest_client [req-71a7e427-7ab5-4b76-b43f-7a982a81f77d req-71a7e427-7ab5-4b76-b43f-7a982a81f77d ] Request (ServicesAdminTestJSON:test_get_service_by_host_name): 200 GET http://10.180.1.21/compute/v2.1/os-services?host=devstack 1.085s
2024-12-16 20:35:40.477 67066 INFO tempest.lib.common.rest_client [req-9f167f95-65f3-4412-893e-0e97e85492d4 req-9f167f95-65f3-4412-893e-0e97e85492d4 ] Request (ImagesNegativeTestJSON:test_create_image_from_deleted_server): 200 GET http://10.180.1.21/compute/v2.1/servers/0634ab91-7eef-4b04-88e7-50459f691999 1.125s
2024-12-16 20:35:40.477 67104 INFO tempest.lib.common.rest_client [req-83bbf38e-14d9-4219-8561-1653659e2ea0 req-83bbf38e-14d9-4219-8561-1653659e2ea0 ] Request (ServicesAdminNegativeV253TestJSON:tearDownClass): 204 DELETE http://10.180.1.21:9696/networking/v2.0/security-groups/c049c735-3bc6-4b74-8810-f28cce95b42e 0.124s
2024-12-16 20:35:40.549 67070 INFO tempest.lib.common.rest_client [req-cfa98bd1-d586-4f3c-80ab-a3f1e277de5b req-cfa98bd1-d586-4f3c-80ab-a3f1e277de5b ] Request (MultipleCreateTestJSON:_run_cleanups): 200 GET http://10.180.1.21/compute/v2.1/servers/9cfb3fce-1be5-42d6-976b-9ac949d353a7 1.173s
2024-12-16 20:35:40.576 67104 INFO tempest.lib.common.rest_client [req-49e1403f-8a8a-4a8d-be8b-b82172b9b468 req-49e1403f-8a8a-4a8d-be8b-b82172b9b468 ] Request (ServicesAdminNegativeV253TestJSON:tearDownClass): 204 DELETE http://10.180.1.21/identity/v3/projects/726ca3046dbf4c9886d8df8fa056a58b 0.098s
2024-12-16 20:35:40.577 67104 INFO tempest.lib.common.dynamic_creds [-] Deleting project and security group for project: 2bff5c5578b34915bb2fd91033f5dddc
2024-12-16 20:35:40.628 67074 INFO tempest.lib.common.rest_client [req-1de71032-a6b4-4ad0-9d21-ea1cf7e1db96 req-1de71032-a6b4-4ad0-9d21-ea1cf7e1db96 ] Request (AttachInterfacesV270Test:tearDownClass): 200 GET http://10.180.1.21/compute/v2.1/servers/7e1e18af-c401-4650-888b-163bf81a23c2 1.203s
2024-12-16 20:35:40.697 67094 INFO tempest.lib.common.rest_client [req-70b81c1a-cdf0-4e55-a19a-faf2bfdd7745 req-70b81c1a-cdf0-4e55-a19a-faf2bfdd7745 ] Request (ServerExternalEventsTest:tearDownClass): 200 GET http://10.180.1.21/compute/v2.1/servers/c93f7b3d-30d5-47d8-b152-1aa9f97f44bb 1.244s
2024-12-16 20:35:40.711 67109 INFO tempest.lib.common.rest_client [req-076233b0-4635-4f74-ba0a-b2a058876d11 req-076233b0-4635-4f74-ba0a-b2a058876d11 ] Request (TenantUsagesTestJSON:setUpClass): 202 POST http://10.180.1.21/compute/v2.1/servers 1.418s
2024-12-16 20:35:40.723 67078 INFO tempest.lib.common.rest_client [req-200e8a52-d797-40e8-b903-f5328b4eb4e7 req-200e8a52-d797-40e8-b903-f5328b4eb4e7 ] Request (FlavorsAccessNegativeTestJSON:_run_cleanups): 200 GET http://10.180.1.21/compute/v2.1/flavors/detail 0.711s
2024-12-16 20:35:40.737 67104 INFO tempest.lib.common.rest_client [req-d6575c2e-90b0-4108-a9fc-9db8af0beb27 req-d6575c2e-90b0-4108-a9fc-9db8af0beb27 ] Request (ServicesAdminNegativeV253TestJSON:tearDownClass): 200 GET http://10.180.1.21:9696/networking/v2.0/security-groups?tenant_id=2bff5c5578b34915bb2fd91033f5dddc&name=default 0.160s
2024-12-16 20:35:40.786 67092 INFO tempest.lib.common.rest_client [req-857b794b-d59b-4d1b-81a2-622a20b42456 req-857b794b-d59b-4d1b-81a2-622a20b42456 ] Request (ServersAdminTestJSON:test_create_server_with_scheduling_hint): 200 GET http://10.180.1.21/compute/v2.1/servers/f7e719af-406c-4ecf-8462-1638ba1d02d9 0.733s
2024-12-16 20:35:40.896 67060 INFO tempest.lib.common.rest_client [req-0b5e3f92-f89b-419e-abba-9d129e2339bd req-0b5e3f92-f89b-419e-abba-9d129e2339bd ] Request (SecurityGroupRulesNegativeTestJSON:tearDownClass): 204 DELETE http://10.180.1.21:9696/networking/v2.0/networks/3969be70-30af-44d8-84cb-ed19c25f14f8 0.648s
2024-12-16 20:35:40.901 67052 INFO tempest.lib.common.rest_client [req-ad0dc10f-2b91-4691-88c5-14513ed7d2c6 req-ad0dc10f-2b91-4691-88c5-14513ed7d2c6 ] Request (ServersWithSpecificFlavorTestJSON:test_verify_created_server_ephemeral_disk): 200 GET http://10.180.1.21/compute/v2.1/servers/e8164aa1-57b0-41e2-8e7a-1afd2cb93d85 1.119s
2024-12-16 20:35:40.981 67090 INFO tempest.lib.common.rest_client [req-34f44523-eff4-409c-95ae-f9e7cc3f6f9f req-34f44523-eff4-409c-95ae-f9e7cc3f6f9f ] Request (ServerAddressesNegativeTestJSON:setUpClass): 200 GET http://10.180.1.21/compute/v2.1/servers/0c614401-c25b-4686-ac48-bc03332e0e4c 0.569s
2024-12-16 20:35:40.996 67064 INFO tempest.lib.common.rest_client [req-19167525-18b6-447d-a957-6863128bb5fe req-19167525-18b6-447d-a957-6863128bb5fe ] Request (VolumesAssistedSnapshotsTest:test_volume_assisted_snapshot_create_delete): 200 GET http://10.180.1.21/compute/v2.1/servers/8e2ed5d7-9279-4e44-83c9-a65f77e544c9 0.790s
2024-12-16 20:35:41.011 67056 INFO tempest.lib.common.rest_client [req-8b6747e5-2fb2-4547-8351-29a41efcd287 req-8b6747e5-2fb2-4547-8351-29a41efcd287 ] Request (ServicesAdminTestJSON:test_get_service_by_service_binary_name): 200 GET http://10.180.1.21/compute/v2.1/os-services?binary=nova-compute 0.593s
2024-12-16 20:35:41.020 67104 INFO tempest.lib.common.rest_client [req-b3520b4f-34c9-426d-89da-e6cc7724a166 req-b3520b4f-34c9-426d-89da-e6cc7724a166 ] Request (ServicesAdminNegativeV253TestJSON:tearDownClass): 204 DELETE http://10.180.1.21:9696/networking/v2.0/security-groups/d22c292a-60be-4694-bc09-3ad591474f39 0.282s
2024-12-16 20:35:41.052 67060 INFO tempest.lib.common.rest_client [req-12c49428-1078-4288-836b-604d55764c0e req-12c49428-1078-4288-836b-604d55764c0e ] Request (SecurityGroupRulesNegativeTestJSON:tearDownClass): 204 DELETE http://10.180.1.21/identity/v3/users/0452ffa5d5764f2cbab9e07f022a008c 0.156s
2024-12-16 20:35:41.053 67060 INFO tempest.lib.common.dynamic_creds [-] Deleting project and security group for project: 9500c8548f3b4eaea27fb09035d6cc45
2024-12-16 20:35:41.077 67076 INFO tempest.lib.common.rest_client [req-e95521b9-4bde-45b6-89cd-11c679249a34 req-e95521b9-4bde-45b6-89cd-11c679249a34 ] Request (InstanceActionsTestJSON:setUpClass): 200 GET http://10.180.1.21/compute/v2.1/servers/a86a0510-9cce-4fdd-a90c-ab0f727b6864 0.569s
2024-12-16 20:35:41.122 67060 INFO tempest.lib.common.rest_client [req-4aef2f40-1a18-493c-91d2-4a21fa52da82 req-4aef2f40-1a18-493c-91d2-4a21fa52da82 ] Request (SecurityGroupRulesNegativeTestJSON:tearDownClass): 200 GET http://10.180.1.21:9696/networking/v2.0/security-groups?tenant_id=9500c8548f3b4eaea27fb09035d6cc45&name=default 0.069s
2024-12-16 20:35:41.122 67086 INFO tempest.lib.common.rest_client [req-68454869-9cb6-4b36-a53c-14b4ec16f052 req-68454869-9cb6-4b36-a53c-14b4ec16f052 ] Request (DeleteServersAdminTestJSON:test_delete_server_while_in_error_state): 200 GET http://10.180.1.21/compute/v2.1/servers/2eacff50-9336-46f7-acdb-5276764a4f3a 0.528s
2024-12-16 20:35:41.191 67104 INFO tempest.lib.common.rest_client [req-0bb92b96-d6c3-47b9-8823-acbd65dfef8f req-0bb92b96-d6c3-47b9-8823-acbd65dfef8f ] Request (ServicesAdminNegativeV253TestJSON:tearDownClass): 204 DELETE http://10.180.1.21/identity/v3/projects/2bff5c5578b34915bb2fd91033f5dddc 0.171s
2024-12-16 20:35:41.217 67072 INFO tempest.lib.common.rest_client [req-edc901fb-0907-4509-ba29-3f0191e2af34 req-edc901fb-0907-4509-ba29-3f0191e2af34 ] Request (MigrationsAdminTest:test_list_migrations_in_flavor_resize_situation): 200 GET http://10.180.1.21/compute/v2.1/servers/df8e9a13-fc49-47d5-a7f2-6b4c65366ccf 0.567s
2024-12-16 20:35:41.254 67060 INFO tempest.lib.common.rest_client [req-d5492a61-f4f3-47f2-bf33-09271b400ea6 req-d5492a61-f4f3-47f2-bf33-09271b400ea6 ] Request (SecurityGroupRulesNegativeTestJSON:tearDownClass): 204 DELETE http://10.180.1.21:9696/networking/v2.0/security-groups/735a564d-e9b8-453e-aa8d-ff1a3a71b71d 0.130s
2024-12-16 20:35:41.265 67109 INFO tempest.lib.common.rest_client [req-e656e5eb-412a-4c18-a320-9b3f2294ea7c req-e656e5eb-412a-4c18-a320-9b3f2294ea7c ] Request (TenantUsagesTestJSON:setUpClass): 200 GET http://10.180.1.21/compute/v2.1/servers/fc70897c-4c1f-4884-a2db-8f266cf6128b 0.552s
2024-12-16 20:35:41.278 67104 INFO tempest.lib.common.rest_client [req-1b54ce37-8a5f-4989-82a1-7cd250ba591a req-1b54ce37-8a5f-4989-82a1-7cd250ba591a ] Request (ServerActionsTestJSON:setUpClass): 201 POST http://10.180.1.21/identity/v3/auth/tokens 0.085s
2024-12-16 20:35:41.282 67078 INFO tempest.lib.common.rest_client [req-01eb0c19-eb05-4db1-8d6f-fc91737591f2 req-01eb0c19-eb05-4db1-8d6f-fc91737591f2 ] Request (FlavorsAccessNegativeTestJSON:test_flavor_non_admin_remove): 200 POST http://10.180.1.21/compute/v2.1/flavors 0.553s
2024-12-16 20:35:41.312 67104 INFO tempest.lib.common.rest_client [req-c1adcb56-aab0-4a5f-a837-a6050568cf4e req-c1adcb56-aab0-4a5f-a837-a6050568cf4e ] Request (ServerActionsTestJSON:setUpClass): 201 POST http://10.180.1.21/identity/v3/auth/tokens 0.032s
2024-12-16 20:35:41.333 67054 INFO tempest.lib.common.rest_client [req-4fcff9bf-8715-4213-8700-7ac26adad302 req-4fcff9bf-8715-4213-8700-7ac26adad302 ] Request (FloatingIPDetailsNegativeTestJSON:setUpClass): 201 POST http://10.180.1.21:9696/networking/v2.0/routers 1.626s
2024-12-16 20:35:41.345 67104 INFO tempest.lib.common.rest_client [req-197176d4-acf5-4bc6-ba06-843a06e67706 req-197176d4-acf5-4bc6-ba06-843a06e67706 ] Request (ServerActionsTestJSON:setUpClass): 200 GET http://10.180.1.21/identity/v3/domains?name=Default 0.033s
2024-12-16 20:35:41.380 67104 INFO tempest.lib.common.rest_client [req-2715a5be-da14-42c6-9380-4e1e428ec7d8 req-2715a5be-da14-42c6-9380-4e1e428ec7d8 ] Request (ServerActionsTestJSON:setUpClass): 201 POST http://10.180.1.21/identity/v3/projects 0.034s
2024-12-16 20:35:41.386 67060 INFO tempest.lib.common.rest_client [req-4291055e-a90e-4873-a7c3-68757a3a9596 req-4291055e-a90e-4873-a7c3-68757a3a9596 ] Request (SecurityGroupRulesNegativeTestJSON:tearDownClass): 204 DELETE http://10.180.1.21/identity/v3/projects/9500c8548f3b4eaea27fb09035d6cc45 0.132s
2024-12-16 20:35:41.435 67058 INFO tempest.lib.common.rest_client [req-01e9acbb-8ac4-4ee7-833d-adb89e3a9254 req-01e9acbb-8ac4-4ee7-833d-adb89e3a9254 ] Request (VolumesAdminNegativeTest:test_update_attached_volume_with_nonexistent_volume_in_body): 200 GET http://10.180.1.21/compute/v2.1/servers/b492a412-bdf8-4eac-afbc-dd0e7ff4afe2 0.505s
2024-12-16 20:35:41.440 67106 INFO tempest.lib.common.rest_client [req-05401b05-ec77-42a2-b2cd-c5e4a3c17d16 req-05401b05-ec77-42a2-b2cd-c5e4a3c17d16 ] Request (AttachVolumeTestJSON:test_attach_detach_volume): 200 GET http://10.180.1.21/compute/v2.1/servers/c0294045-2c3c-43b2-85e5-5c04b6726733 0.435s
2024-12-16 20:35:41.444 67104 INFO tempest.lib.common.rest_client [req-4ec98b58-4f12-4c31-b008-1bb7fa8b5074 req-4ec98b58-4f12-4c31-b008-1bb7fa8b5074 ] Request (ServerActionsTestJSON:setUpClass): 201 POST http://10.180.1.21/identity/v3/users 0.063s
2024-12-16 20:35:41.448 67098 INFO tempest.lib.common.rest_client [req-076e554e-5876-46f1-9a81-13634de1c6ba req-076e554e-5876-46f1-9a81-13634de1c6ba ] Request (ServerActionsV293TestJSON:setUpClass): 200 GET http://10.180.1.21/volume/v3/volumes/79b312ff-7954-4e31-9c2b-012db7f56349 0.048s
2024-12-16 20:35:41.456 67060 INFO tempest.lib.common.rest_client [req-fc188dff-fac8-4375-9449-a81027df5d63 req-fc188dff-fac8-4375-9449-a81027df5d63 ] Request (ServersTestJSON:setUpClass): 201 POST http://10.180.1.21/identity/v3/auth/tokens 0.068s
2024-12-16 20:35:41.458 67056 INFO tempest.lib.common.rest_client [req-aadfb66b-5225-4876-94ad-c373e4bcee45 req-aadfb66b-5225-4876-94ad-c373e4bcee45 ] Request (ServicesAdminTestJSON:test_list_services): 200 GET http://10.180.1.21/compute/v2.1/os-services 0.444s
2024-12-16 20:35:41.475 67104 INFO tempest.lib.common.rest_client [req-7225adf2-0cc4-42c9-a785-8b17a792cbea req-7225adf2-0cc4-42c9-a785-8b17a792cbea ] Request (ServerActionsTestJSON:setUpClass): 200 GET http://10.180.1.21/identity/v3/roles 0.031s
2024-12-16 20:35:41.485 67060 INFO tempest.lib.common.rest_client [req-3a576710-3421-4618-8fc5-093bb783e271 req-3a576710-3421-4618-8fc5-093bb783e271 ] Request (ServersTestJSON:setUpClass): 201 POST http://10.180.1.21/identity/v3/auth/tokens 0.027s
2024-12-16 20:35:41.517 67104 INFO tempest.lib.common.rest_client [req-28a3ff52-fee0-4685-9147-3e283e92e028 req-28a3ff52-fee0-4685-9147-3e283e92e028 ] Request (ServerActionsTestJSON:setUpClass): 204 PUT http://10.180.1.21/identity/v3/projects/e784e47cf65e43ffb14f82e502d2d119/users/8585ec7389314469bff7723699bd88ba/roles/be71141727f84c6fb1c9eaf4f5e1115f 0.041s
2024-12-16 20:35:41.517 67104 INFO tempest.lib.common.dynamic_creds [-] Dynamic test user 8585ec7389314469bff7723699bd88ba is created with scope project and roles: ['member']
2024-12-16 20:35:41.518 67104 INFO tempest.lib.common.dynamic_creds [-] Acquired dynamic creds: credentials: Credentials: {'domain_id': 'default', 'domain_name': 'Default', 'username': 'tempest-ServerActionsTestJSON-18641353-project-member', 'project_domain_id': 'default', 'project_domain_name': 'Default', 'project_id': 'e784e47cf65e43ffb14f82e502d2d119', 'project_name': 'tempest-ServerActionsTestJSON-18641353', 'tenant_id': 'e784e47cf65e43ffb14f82e502d2d119', 'tenant_name': 'tempest-ServerActionsTestJSON-18641353', 'user_domain_id': 'default', 'user_domain_name': 'Default', 'user_id': '8585ec7389314469bff7723699bd88ba', 'system': None}, Network: None, Subnet: None, Router: None
2024-12-16 20:35:41.530 67084 INFO tempest.lib.common.rest_client [req-a607c4c2-5d6a-4b6d-ac0a-14d1ce083726 req-a607c4c2-5d6a-4b6d-ac0a-14d1ce083726 ] Request (InstanceActionsV221TestJSON:test_get_list_deleted_instance_actions): 200 GET http://10.180.1.21/compute/v2.1/servers/f2d87af0-d481-4bb0-be40-a45d1d8464b1 0.417s
2024-12-16 20:35:41.535 67050 INFO tempest.lib.common.rest_client [req-b98b3d84-df0c-46c7-b49f-3189947fc0e7 req-b98b3d84-df0c-46c7-b49f-3189947fc0e7 ] Request (ServerDiagnosticsV248Test:test_get_server_diagnostics): 200 GET http://10.180.1.21/compute/v2.1/servers/c23c6938-fa2b-45a6-ade9-c5985a24e577 0.406s
2024-12-16 20:35:41.543 67050 INFO tempest.common.waiters [-] State transition "BUILD/None" ==> "BUILD/block_device_mapping" after 39 second wait
2024-12-16 20:35:41.572 67056 INFO tempest.lib.common.rest_client [req-f095f3c6-0218-44b6-91ba-ed73756e05b2 req-f095f3c6-0218-44b6-91ba-ed73756e05b2 ] Request (ServicesAdminTestJSON:tearDownClass): 204 DELETE http://10.180.1.21/identity/v3/users/a34a50dc9b6f45e6a98075c6e0a11f47 0.106s
2024-12-16 20:35:41.607 67060 INFO tempest.lib.common.rest_client [req-e05a86dd-00e2-4d40-aa84-83f4fa4d6c04 req-e05a86dd-00e2-4d40-aa84-83f4fa4d6c04 ] Request (ServersTestJSON:setUpClass): 200 GET http://10.180.1.21/identity/v3/domains?name=Default 0.121s
2024-12-16 20:35:41.619 67068 INFO tempest.lib.common.rest_client [req-551ee5f0-9758-4a5c-a0e7-35530c0d1aa1 req-551ee5f0-9758-4a5c-a0e7-35530c0d1aa1 ] Request (AttachInterfacesUnderV243Test:test_add_remove_fixed_ip): 200 GET http://10.180.1.21/compute/v2.1/servers/44f93255-be21-4bff-9f6a-3e5149a74a26 0.421s
2024-12-16 20:35:41.627 67048 INFO tempest.lib.common.rest_client [req-8e5278f5-8e94-4d20-99b2-3c311b3453c7 req-8e5278f5-8e94-4d20-99b2-3c311b3453c7 ] Request (ServersTestMultiNic:test_verify_duplicate_network_nics): 200 GET http://10.180.1.21/compute/v2.1/servers/60553aa1-c148-41e8-87de-cfcf6554d98d 0.428s
2024-12-16 20:35:41.653 67104 INFO tempest.lib.common.rest_client [req-174e1c95-327b-4c28-8ae0-97f496e1ad3d req-174e1c95-327b-4c28-8ae0-97f496e1ad3d ] Request (ServerActionsTestJSON:setUpClass): 201 POST http://10.180.1.21/identity/v3/auth/tokens 0.135s
2024-12-16 20:35:41.695 67088 INFO tempest.lib.common.rest_client [req-72d139e4-1581-4049-8fda-fad3667e57c9 req-72d139e4-1581-4049-8fda-fad3667e57c9 ] Request (ServersAdminNegativeTestJSON:test_migrate_server_invalid_state): 200 GET http://10.180.1.21/compute/v2.1/servers/c070224d-1471-458e-b4a2-71b05f85d4a4 0.440s
2024-12-16 20:35:41.707 67060 INFO tempest.lib.common.rest_client [req-f1d534ff-18ef-4384-8d0b-e7bac2a531df req-f1d534ff-18ef-4384-8d0b-e7bac2a531df ] Request (ServersTestJSON:setUpClass): 201 POST http://10.180.1.21/identity/v3/projects 0.099s
2024-12-16 20:35:41.711 67056 INFO tempest.lib.common.rest_client [req-95db0ce0-bfbb-4d40-ab46-89e56b6fe390 req-95db0ce0-bfbb-4d40-ab46-89e56b6fe390 ] Request (ServicesAdminTestJSON:tearDownClass): 204 DELETE http://10.180.1.21/identity/v3/users/dd0117875bc9478bb7372518bd2c73ea 0.137s
2024-12-16 20:35:41.711 67056 INFO tempest.lib.common.dynamic_creds [-] Deleting project and security group for project: 17704935415445ddb112151990fcae1a
2024-12-16 20:35:41.718 67080 INFO tempest.lib.common.rest_client [req-506172ae-8168-45fe-802b-f7be0b3fa933 req-506172ae-8168-45fe-802b-f7be0b3fa933 ] Request (ServersAdmin275Test:tearDownClass): 200 GET http://10.180.1.21/compute/v2.1/servers/14001573-3622-48a3-8d49-6126d7734859 0.439s
2024-12-16 20:35:41.773 67096 INFO tempest.lib.common.rest_client [req-bc72e90a-c7d6-467a-8595-4c260b2a54e2 req-bc72e90a-c7d6-467a-8595-4c260b2a54e2 ] Request (ImagesTestJSON:test_create_image_from_stopped_server): 200 GET http://10.180.1.21/compute/v2.1/servers/6126b8cc-b66d-4479-8d04-d6b66652e2d8 0.445s
2024-12-16 20:35:41.791 67060 INFO tempest.lib.common.rest_client [req-934c0030-bc6a-43f9-ae91-8a0e683d4d2d req-934c0030-bc6a-43f9-ae91-8a0e683d4d2d ] Request (ServersTestJSON:setUpClass): 201 POST http://10.180.1.21/identity/v3/users 0.084s
2024-12-16 20:35:41.818 67056 INFO tempest.lib.common.rest_client [req-bb7cd635-df88-40bd-8c81-28dbdc1f72f9 req-bb7cd635-df88-40bd-8c81-28dbdc1f72f9 ] Request (ServicesAdminTestJSON:tearDownClass): 201 POST http://10.180.1.21/identity/v3/auth/tokens 0.107s
2024-12-16 20:35:41.840 67060 INFO tempest.lib.common.rest_client [req-468a2bac-6ded-4e37-8ccd-2fabed1ba7cc req-468a2bac-6ded-4e37-8ccd-2fabed1ba7cc ] Request (ServersTestJSON:setUpClass): 200 GET http://10.180.1.21/identity/v3/roles 0.048s
2024-12-16 20:35:41.862 67082 INFO tempest.lib.common.rest_client [req-d9e93a1b-0e74-460e-9740-2322403942f2 req-d9e93a1b-0e74-460e-9740-2322403942f2 ] Request (ImagesOneServerTestJSON:setUpClass): 200 GET http://10.180.1.21/compute/v2.1/servers/14457211-8671-4f34-abe7-e971b2695995 0.528s
2024-12-16 20:35:41.892 67060 INFO tempest.lib.common.rest_client [req-2b2e8624-c004-4279-b2b7-28f044b838d6 req-2b2e8624-c004-4279-b2b7-28f044b838d6 ] Request (ServersTestJSON:setUpClass): 204 PUT http://10.180.1.21/identity/v3/projects/b4aab12d77cf45209a4009134eaafdfc/users/520585e11b694090a4aa2495e2d05f7f/roles/be71141727f84c6fb1c9eaf4f5e1115f 0.051s
2024-12-16 20:35:41.892 67060 INFO tempest.lib.common.dynamic_creds [-] Dynamic test user 520585e11b694090a4aa2495e2d05f7f is created with scope project and roles: ['member']
2024-12-16 20:35:41.892 67060 INFO tempest.lib.common.dynamic_creds [-] Acquired dynamic creds: credentials: Credentials: {'domain_id': 'default', 'domain_name': 'Default', 'username': 'tempest-ServersTestJSON-1565083038-project-member', 'project_domain_id': 'default', 'project_domain_name': 'Default', 'project_id': 'b4aab12d77cf45209a4009134eaafdfc', 'project_name': 'tempest-ServersTestJSON-1565083038', 'tenant_id': 'b4aab12d77cf45209a4009134eaafdfc', 'tenant_name': 'tempest-ServersTestJSON-1565083038', 'user_domain_id': 'default', 'user_domain_name': 'Default', 'user_id': '520585e11b694090a4aa2495e2d05f7f', 'system': None}, Network: None, Subnet: None, Router: None
2024-12-16 20:35:41.937 67062 INFO tempest.lib.common.rest_client [req-7243d2f6-470b-47e1-9f58-380a006c39da req-7243d2f6-470b-47e1-9f58-380a006c39da ] Request (FloatingIPsAssociationNegativeTestJSON:setUpClass): 200 GET http://10.180.1.21/compute/v2.1/servers/f5a79d87-ee61-4b33-8a11-7f3eb8b0063f 0.537s
2024-12-16 20:35:41.955 67060 INFO tempest.lib.common.rest_client [req-d929cfea-bdf3-4c09-b1c9-0013beff3a53 req-d929cfea-bdf3-4c09-b1c9-0013beff3a53 ] Request (ServersTestJSON:setUpClass): 201 POST http://10.180.1.21/identity/v3/auth/tokens 0.061s
2024-12-16 20:35:41.982 67078 INFO tempest.lib.common.rest_client [req-f392acd3-6211-4d01-b530-679a56b6ed97 req-f392acd3-6211-4d01-b530-679a56b6ed97 ] Request (FlavorsAccessNegativeTestJSON:test_flavor_non_admin_remove): 200 POST http://10.180.1.21/compute/v2.1/flavors/259324469/action 0.698s
2024-12-16 20:35:42.005 67066 INFO tempest.lib.common.rest_client [req-15417898-903c-4967-98ce-7633728425c8 req-15417898-903c-4967-98ce-7633728425c8 ] Request (ImagesNegativeTestJSON:test_create_image_from_deleted_server): 200 GET http://10.180.1.21/compute/v2.1/servers/0634ab91-7eef-4b04-88e7-50459f691999 0.516s
2024-12-16 20:35:42.035 67102 WARNING tempest.lib.common.ssh [-] Failed to establish authenticated ssh connection to cirros@10.180.180.199 ([Errno None] Unable to connect to port 22 on 10.180.180.199). Number attempts: 2. Retry after 3 seconds.: paramiko.ssh_exception.NoValidConnectionsError: [Errno None] Unable to connect to port 22 on 10.180.180.199
2024-12-16 20:35:42.048 67056 INFO tempest.lib.common.rest_client [req-e3dca108-0621-4f6e-b942-1284ffb5bfdf req-e3dca108-0621-4f6e-b942-1284ffb5bfdf ] Request (ServicesAdminTestJSON:tearDownClass): 200 GET http://10.180.1.21:9696/networking/v2.0/security-groups?tenant_id=17704935415445ddb112151990fcae1a&name=default 0.229s
2024-12-16 20:35:42.107 67070 INFO tempest.lib.common.rest_client [req-4b654c82-e070-41d0-b0a8-eaf515e97edc req-4b654c82-e070-41d0-b0a8-eaf515e97edc ] Request (MultipleCreateTestJSON:_run_cleanups): 200 GET http://10.180.1.21/compute/v2.1/servers/9cfb3fce-1be5-42d6-976b-9ac949d353a7 0.549s
2024-12-16 20:35:42.126 67074 INFO tempest.lib.common.rest_client [req-942f179b-9348-49d5-9cd5-5fbfb5df8da1 req-942f179b-9348-49d5-9cd5-5fbfb5df8da1 ] Request (AttachInterfacesV270Test:tearDownClass): 200 GET http://10.180.1.21/compute/v2.1/servers/7e1e18af-c401-4650-888b-163bf81a23c2 0.485s
2024-12-16 20:35:42.214 67092 INFO tempest.lib.common.rest_client [req-8158f20a-c1d7-4742-97de-baef46f3f90a req-8158f20a-c1d7-4742-97de-baef46f3f90a ] Request (ServersAdminTestJSON:test_create_server_with_scheduling_hint): 200 GET http://10.180.1.21/compute/v2.1/servers/f7e719af-406c-4ecf-8462-1638ba1d02d9 0.421s
2024-12-16 20:35:42.230 67094 INFO tempest.lib.common.rest_client [req-10751fa2-56ec-4810-8b33-3426e82c9a30 req-10751fa2-56ec-4810-8b33-3426e82c9a30 ] Request (ServerExternalEventsTest:tearDownClass): 200 GET http://10.180.1.21/compute/v2.1/servers/c93f7b3d-30d5-47d8-b152-1aa9f97f44bb 0.522s
2024-12-16 20:35:42.242 67078 INFO tempest.lib.common.rest_client [req-6b061afa-0f13-4046-8356-11f634fb386e req-6b061afa-0f13-4046-8356-11f634fb386e ] Request (FlavorsAccessNegativeTestJSON:test_flavor_non_admin_remove): 403 POST http://10.180.1.21/compute/v2.1/flavors/259324469/action 0.259s
2024-12-16 20:35:42.252 67104 INFO tempest.lib.common.rest_client [req-17f39df4-bfd2-4d3b-b645-0e4a14e30ee0 req-17f39df4-bfd2-4d3b-b645-0e4a14e30ee0 ] Request (ServerActionsTestJSON:setUpClass): 201 POST http://10.180.1.21:9696/networking/v2.0/networks 0.599s
2024-12-16 20:35:42.263 67056 INFO tempest.lib.common.rest_client [req-0f0b3c74-c5bd-446d-bc2c-b3dbfe30c8d1 req-0f0b3c74-c5bd-446d-bc2c-b3dbfe30c8d1 ] Request (ServicesAdminTestJSON:tearDownClass): 204 DELETE http://10.180.1.21:9696/networking/v2.0/security-groups/022905a8-c11b-40db-8fb6-c74a820f850b 0.213s
2024-12-16 20:35:42.344 67090 INFO tempest.lib.common.rest_client [req-070856fc-3397-4eb0-ae2c-2dc3bd522919 req-070856fc-3397-4eb0-ae2c-2dc3bd522919 ] Request (ServerAddressesNegativeTestJSON:setUpClass): 200 GET http://10.180.1.21/compute/v2.1/servers/0c614401-c25b-4686-ac48-bc03332e0e4c 0.352s
2024-12-16 20:35:42.357 67056 INFO tempest.lib.common.rest_client [req-c964089e-0d9d-444f-a41f-22678f27e72a req-c964089e-0d9d-444f-a41f-22678f27e72a ] Request (ServicesAdminTestJSON:tearDownClass): 204 DELETE http://10.180.1.21/identity/v3/projects/17704935415445ddb112151990fcae1a 0.093s
2024-12-16 20:35:42.357 67056 INFO tempest.lib.common.dynamic_creds [-] Deleting project and security group for project: bbb4f2b2335e4aada30fd269437661e4
2024-12-16 20:35:42.490 67098 INFO tempest.lib.common.rest_client [req-1ec8a3af-6acb-41fc-a67b-520cb2a7e3ba req-1ec8a3af-6acb-41fc-a67b-520cb2a7e3ba ] Request (ServerActionsV293TestJSON:setUpClass): 200 GET http://10.180.1.21/volume/v3/volumes/79b312ff-7954-4e31-9c2b-012db7f56349 0.031s
2024-12-16 20:35:42.522 67052 INFO tempest.lib.common.rest_client [req-794272a6-8b5b-409e-b807-b254f5769542 req-794272a6-8b5b-409e-b807-b254f5769542 ] Request (ServersWithSpecificFlavorTestJSON:test_verify_created_server_ephemeral_disk): 200 GET http://10.180.1.21/compute/v2.1/servers/e8164aa1-57b0-41e2-8e7a-1afd2cb93d85 0.612s
2024-12-16 20:35:42.601 67056 INFO tempest.lib.common.rest_client [req-672f384e-8d89-47a0-acac-98e69b4d6eeb req-672f384e-8d89-47a0-acac-98e69b4d6eeb ] Request (ServicesAdminTestJSON:tearDownClass): 200 GET http://10.180.1.21:9696/networking/v2.0/security-groups?tenant_id=bbb4f2b2335e4aada30fd269437661e4&name=default 0.243s
2024-12-16 20:35:42.617 67076 INFO tempest.lib.common.rest_client [req-04ef435b-2486-4bc5-984f-8d4f9869b0cc req-04ef435b-2486-4bc5-984f-8d4f9869b0cc ] Request (InstanceActionsTestJSON:setUpClass): 200 GET http://10.180.1.21/compute/v2.1/servers/a86a0510-9cce-4fdd-a90c-ab0f727b6864 0.529s
2024-12-16 20:35:42.708 67086 INFO tempest.lib.common.rest_client [req-aa0f2f64-a001-406a-8221-47090c9ea365 req-aa0f2f64-a001-406a-8221-47090c9ea365 ] Request (DeleteServersAdminTestJSON:test_delete_server_while_in_error_state): 200 GET http://10.180.1.21/compute/v2.1/servers/2eacff50-9336-46f7-acdb-5276764a4f3a 0.579s
2024-12-16 20:35:42.727 67060 INFO tempest.lib.common.rest_client [req-784baa68-a2a4-4d14-9fe4-11575347d996 req-784baa68-a2a4-4d14-9fe4-11575347d996 ] Request (ServersTestJSON:setUpClass): 201 POST http://10.180.1.21:9696/networking/v2.0/networks 0.772s
