2024-12-16 20:35:29.075 67068 INFO tempest.lib.common.fixed_network [-] (AttachInterfacesUnderV243Test:test_add_remove_fixed_ip) Found network {'id': 'c40275f1-4f44-4690-8f20-c6ab0a372dc7', 'name': 'tempest-AttachInterfacesUnderV243Test-736548320-network', 'tenant_id': '78d11b4b68844b3fb73c8fe7d3b6b988', 'admin_state_up': True, 'mtu': 8950, 'status': 'ACTIVE', 'subnets': [], 'shared': False, 'project_id': '78d11b4b68844b3fb73c8fe7d3b6b988', 'port_security_enabled': True, 'router:external': False, 'provider:network_type': 'vlan', 'provider:physical_network': 'default', 'provider:segmentation_id': 195, 'availability_zone_hints': [], 'availability_zones': [], 'ipv4_address_scope': None, 'ipv6_address_scope': None, 'description': '', 'tags': [], 'created_at': '2024-12-16T20:35:22Z', 'updated_at': '2024-12-16T20:35:22Z', 'revision_number': 1} available for tenant
2024-12-16 20:35:29.126 67060 INFO tempest.lib.common.rest_client [req-bdb5029f-8ee0-4f0a-a330-9c06dc14480d req-bdb5029f-8ee0-4f0a-a330-9c06dc14480d ] Request (SecurityGroupRulesNegativeTestJSON:test_create_security_group_rule_with_invalid_to_port): 200 POST http://10.180.1.21/compute/v2.1/os-security-groups 1.636s
2024-12-16 20:35:29.193 67058 INFO tempest.lib.common.rest_client [req-54c1a36c-4ead-44eb-bb94-53896a3b4ddc req-54c1a36c-4ead-44eb-bb94-53896a3b4ddc ] Request (VolumesAdminNegativeTest:test_update_attached_volume_with_nonexistent_volume_in_body): 200 GET http://10.180.1.21/compute/v2.1/servers/b492a412-bdf8-4eac-afbc-dd0e7ff4afe2 1.689s
2024-12-16 20:35:29.223 67104 INFO tempest.lib.common.rest_client [req-9a80a6b3-c7d2-40ad-9418-c4c515e70e6c req-9a80a6b3-c7d2-40ad-9418-c4c515e70e6c ] Request (ServerDiagnosticsNegativeTest:tearDownClass): 404 GET http://10.180.1.21/compute/v2.1/servers/158a5e63-da61-4c7e-ac49-d38ee3a4fc15 1.627s
2024-12-16 20:35:29.316 67100 INFO tempest.lib.common.rest_client [req-bf3d43f8-9564-461b-b62f-732588e0c21b req-bf3d43f8-9564-461b-b62f-732588e0c21b ] Request (FloatingIPsTestJSON:tearDownClass): 204 DELETE http://10.180.1.21:9696/networking/v2.0/networks/ddaee34a-efa0-4313-86bc-ee3b426a7105 0.264s
2024-12-16 20:35:29.329 67104 INFO tempest.lib.common.rest_client [req-b590a0f8-c357-4f1b-aaee-504e30e9f9ee req-b590a0f8-c357-4f1b-aaee-504e30e9f9ee ] Request (ServerDiagnosticsNegativeTest:tearDownClass): 204 DELETE http://10.180.1.21/identity/v3/users/a07768b26b4e4a2f847f824bc26ff738 0.105s
2024-12-16 20:35:29.436 67100 INFO tempest.lib.common.rest_client [req-a4932747-1b75-44ed-9575-107469b99f2c req-a4932747-1b75-44ed-9575-107469b99f2c ] Request (FloatingIPsTestJSON:tearDownClass): 204 DELETE http://10.180.1.21/identity/v3/users/39b8dc7d18814647926a818f818fba8a 0.120s
2024-12-16 20:35:29.437 67100 INFO tempest.lib.common.dynamic_creds [-] Deleting project and security group for project: a007fa79ce594054a9af40056a41d4ef
2024-12-16 20:35:29.486 67100 INFO tempest.lib.common.rest_client [req-ac436470-9b07-4d4d-8f3f-ac725dbaeb5a req-ac436470-9b07-4d4d-8f3f-ac725dbaeb5a ] Request (FloatingIPsTestJSON:tearDownClass): 200 GET http://10.180.1.21:9696/networking/v2.0/security-groups?tenant_id=a007fa79ce594054a9af40056a41d4ef&name=default 0.049s
2024-12-16 20:35:29.493 67104 INFO tempest.lib.common.rest_client [req-332f52cd-de9f-452b-acec-1ee7133c9580 req-332f52cd-de9f-452b-acec-1ee7133c9580 ] Request (ServerDiagnosticsNegativeTest:tearDownClass): 204 DELETE http://10.180.1.21/identity/v3/users/23e1f0ac1e4745d78351ae6efff5f478 0.164s
2024-12-16 20:35:29.494 67104 INFO tempest.lib.common.dynamic_creds [-] Deleting project and security group for project: da26d78f0c2e4f45baca81b3adb9014f
2024-12-16 20:35:29.553 67084 INFO tempest.lib.common.rest_client [req-a10f40ae-122b-4e83-9097-0bfee451a2c1 req-a10f40ae-122b-4e83-9097-0bfee451a2c1 ] Request (InstanceActionsV221TestJSON:test_get_list_deleted_instance_actions): 200 GET http://10.180.1.21/compute/v2.1/servers/f2d87af0-d481-4bb0-be40-a45d1d8464b1 1.681s
2024-12-16 20:35:29.574 67104 INFO tempest.lib.common.rest_client [req-7765c1a4-d5c5-405e-a4dc-5e9de0d20b6c req-7765c1a4-d5c5-405e-a4dc-5e9de0d20b6c ] Request (ServerDiagnosticsNegativeTest:tearDownClass): 201 POST http://10.180.1.21/identity/v3/auth/tokens 0.080s
2024-12-16 20:35:29.620 67100 INFO tempest.lib.common.rest_client [req-73d9e8f5-a791-4b5c-bf77-4dbb8397953b req-73d9e8f5-a791-4b5c-bf77-4dbb8397953b ] Request (FloatingIPsTestJSON:tearDownClass): 204 DELETE http://10.180.1.21:9696/networking/v2.0/security-groups/ffda7a71-65fb-48bb-8e78-56c66c14b42c 0.133s
2024-12-16 20:35:29.691 67104 INFO tempest.lib.common.rest_client [req-78d5df7f-d692-4e52-98ee-431108c2f92a req-78d5df7f-d692-4e52-98ee-431108c2f92a ] Request (ServerDiagnosticsNegativeTest:tearDownClass): 200 GET http://10.180.1.21:9696/networking/v2.0/security-groups?tenant_id=da26d78f0c2e4f45baca81b3adb9014f&name=default 0.116s
2024-12-16 20:35:29.705 67100 INFO tempest.lib.common.rest_client [req-ae50e3cb-5b04-44e6-bc30-be4d7e7abf12 req-ae50e3cb-5b04-44e6-bc30-be4d7e7abf12 ] Request (FloatingIPsTestJSON:tearDownClass): 204 DELETE http://10.180.1.21/identity/v3/projects/a007fa79ce594054a9af40056a41d4ef 0.084s
2024-12-16 20:35:29.719 67092 INFO tempest.lib.common.rest_client [req-b917a1e1-ae8d-43f0-bafe-92fb557a7b9a req-b917a1e1-ae8d-43f0-bafe-92fb557a7b9a ] Request (ServersAdminTestJSON:setUpClass): 200 GET http://10.180.1.21/compute/v2.1/servers/5fe61687-52c9-424f-a3e7-1b69105257e8 1.610s
2024-12-16 20:35:29.804 67054 INFO tempest.lib.common.rest_client [req-fa79f590-5d1e-4c94-8bb4-de61dff2f0ef req-fa79f590-5d1e-4c94-8bb4-de61dff2f0ef ] Request (ServerDiagnosticsTest:tearDownClass): 200 GET http://10.180.1.21/compute/v2.1/servers/8f7fb918-2633-4bc7-bd19-f5b186a1f084 1.691s
2024-12-16 20:35:29.806 67104 INFO tempest.lib.common.rest_client [req-a5ab3274-a088-4c67-b566-1965761845ee req-a5ab3274-a088-4c67-b566-1965761845ee ] Request (ServerDiagnosticsNegativeTest:tearDownClass): 204 DELETE http://10.180.1.21:9696/networking/v2.0/security-groups/5194f60f-2f6d-4d2b-a133-ef888971635c 0.115s
2024-12-16 20:35:29.837 67098 INFO tempest.lib.common.rest_client [req-6c07f149-39f6-45df-80c0-eb200ad7d544 req-6c07f149-39f6-45df-80c0-eb200ad7d544 ] Request (ServerActionsV293TestJSON:setUpClass): 200 GET http://10.180.1.21/volume/v3/volumes/79b312ff-7954-4e31-9c2b-012db7f56349 0.046s
2024-12-16 20:35:29.964 67066 INFO tempest.lib.common.rest_client [req-c6d27542-8b8c-4774-840d-5b5a33a40f6d req-c6d27542-8b8c-4774-840d-5b5a33a40f6d ] Request (ImagesNegativeTestJSON:setUpClass): 200 PUT http://10.180.1.21:9696/networking/v2.0/routers/05d06b97-b9ce-49e5-aefb-fd115b2441c5/add_router_interface 1.194s
2024-12-16 20:35:29.964 67066 INFO tempest.lib.common.dynamic_creds [-] Created isolated network resources for: credentials: Credentials: {'domain_id': 'default', 'domain_name': 'Default', 'username': 'tempest-ImagesNegativeTestJSON-1491946901-project-member', 'project_domain_id': 'default', 'project_domain_name': 'Default', 'project_id': '4b7a4b3767634980a28e5cbb5ce456b8', 'project_name': 'tempest-ImagesNegativeTestJSON-1491946901', 'tenant_id': '4b7a4b3767634980a28e5cbb5ce456b8', 'tenant_name': 'tempest-ImagesNegativeTestJSON-1491946901', 'user_domain_id': 'default', 'user_domain_name': 'Default', 'user_id': 'd4f7f80bbe02431083e24c8bf6d4ed0c', 'system': None}, Network: {'id': '55184fa3-ef95-4034-89d6-9271493e91c8', 'name': 'tempest-ImagesNegativeTestJSON-622626199-network', 'tenant_id': '4b7a4b3767634980a28e5cbb5ce456b8', 'admin_state_up': True, 'mtu': 8950, 'status': 'ACTIVE', 'subnets': [], 'shared': False, 'project_id': '4b7a4b3767634980a28e5cbb5ce456b8', 'port_security_enabled': True, 'router:external': False, 'provider:network_type': 'vlan', 'provider:physical_network': 'default', 'provider:segmentation_id': 304, 'availability_zone_hints': [], 'availability_zones': [], 'ipv4_address_scope': None, 'ipv6_address_scope': None, 'description': '', 'tags': [], 'created_at': '2024-12-16T20:35:27Z', 'updated_at': '2024-12-16T20:35:27Z', 'revision_number': 1}, Subnet: {'id': '7d5f31c2-0863-4b12-9e48-f61fb272368f', 'name': 'tempest-ImagesNegativeTestJSON-622626199-subnet', 'tenant_id': '4b7a4b3767634980a28e5cbb5ce456b8', 'network_id': '55184fa3-ef95-4034-89d6-9271493e91c8', 'ip_version': 4, 'subnetpool_id': None, 'enable_dhcp': True, 'ipv6_ra_mode': None, 'ipv6_address_mode': None, 'gateway_ip': '192.168.128.1', 'cidr': '192.168.128.0/28', 'allocation_pools': [{'start': '192.168.128.2', 'end': '192.168.128.14'}], 'host_routes': [], 'dns_nameservers': [], 'description': '', 'router:external': False, 'service_types': [], 'tags': [], 'created_at': '2024-12-16T20:35:27Z', 'updated_at': '2024-12-16T20:35:27Z', 'revision_number': 0, 'project_id': '4b7a4b3767634980a28e5cbb5ce456b8'}, Router: {'id': '05d06b97-b9ce-49e5-aefb-fd115b2441c5', 'name': 'tempest-ImagesNegativeTestJSON-622626199-router', 'tenant_id': '4b7a4b3767634980a28e5cbb5ce456b8', 'admin_state_up': True, 'status': 'ACTIVE', 'external_gateway_info': {'network_id': '0893fffa-f3b5-44e4-852a-7b45a69edc13', 'external_fixed_ips': [{'subnet_id': '8efe478b-7c76-4553-923e-01095994adac', 'ip_address': '10.180.180.196'}], 'enable_snat': True}, 'description': '', 'availability_zones': [], 'distributed': False, 'ha': False, 'availability_zone_hints': [], 'routes': [], 'flavor_id': None, 'tags': [], 'created_at': '2024-12-16T20:35:28Z', 'updated_at': '2024-12-16T20:35:28Z', 'revision_number': 2, 'project_id': '4b7a4b3767634980a28e5cbb5ce456b8'}
2024-12-16 20:35:29.968 67104 INFO tempest.lib.common.rest_client [req-a184c9f3-83ef-40a4-8e44-c63b2e4eb8e1 req-a184c9f3-83ef-40a4-8e44-c63b2e4eb8e1 ] Request (ServerDiagnosticsNegativeTest:tearDownClass): 204 DELETE http://10.180.1.21/identity/v3/projects/da26d78f0c2e4f45baca81b3adb9014f 0.161s
2024-12-16 20:35:29.969 67104 INFO tempest.lib.common.dynamic_creds [-] Deleting project and security group for project: d31e4c5481314304bda5dd4d5b594982
2024-12-16 20:35:30.017 67078 INFO tempest.lib.common.rest_client [req-bc44b8a6-b61a-4f6c-b54e-125820746fa0 req-bc44b8a6-b61a-4f6c-b54e-125820746fa0 ] Request (FlavorsAccessNegativeTestJSON:test_add_flavor_access_duplicate): 200 POST http://10.180.1.21/compute/v2.1/flavors/575396143/action 1.826s
2024-12-16 20:35:30.042 67109 INFO tempest.lib.common.rest_client [req-bc68afc5-c8de-459f-b536-b41f93b47045 req-bc68afc5-c8de-459f-b536-b41f93b47045 ] Request (FlavorsAdminTestJSON:test_list_non_public_flavor): 200 GET http://10.180.1.21/compute/v2.1/flavors/detail 1.834s
2024-12-16 20:35:30.044 67066 INFO tempest.lib.common.rest_client [req-e461c3c9-3286-4d82-bef3-fb5cacb84695 req-e461c3c9-3286-4d82-bef3-fb5cacb84695 ] Request (ImagesNegativeTestJSON:setUpClass): 201 POST http://10.180.1.21/identity/v3/auth/tokens 0.077s
2024-12-16 20:35:30.090 67066 INFO tempest.lib.common.rest_client [req-e0d817fc-8c74-4b3f-aab4-4e45edba9806 req-e0d817fc-8c74-4b3f-aab4-4e45edba9806 ] Request (ImagesNegativeTestJSON:test_create_image_from_deleted_server): 201 POST http://10.180.1.21/identity/v3/auth/tokens 0.038s
2024-12-16 20:35:30.091 67066 INFO tempest.lib.common.fixed_network [-] (ImagesNegativeTestJSON:test_create_image_from_deleted_server) Found network {'id': '55184fa3-ef95-4034-89d6-9271493e91c8', 'name': 'tempest-ImagesNegativeTestJSON-622626199-network', 'tenant_id': '4b7a4b3767634980a28e5cbb5ce456b8', 'admin_state_up': True, 'mtu': 8950, 'status': 'ACTIVE', 'subnets': [], 'shared': False, 'project_id': '4b7a4b3767634980a28e5cbb5ce456b8', 'port_security_enabled': True, 'router:external': False, 'provider:network_type': 'vlan', 'provider:physical_network': 'default', 'provider:segmentation_id': 304, 'availability_zone_hints': [], 'availability_zones': [], 'ipv4_address_scope': None, 'ipv6_address_scope': None, 'description': '', 'tags': [], 'created_at': '2024-12-16T20:35:27Z', 'updated_at': '2024-12-16T20:35:27Z', 'revision_number': 1} available for tenant
2024-12-16 20:35:30.115 67104 INFO tempest.lib.common.rest_client [req-1f33803d-4d9e-4e5d-854c-2a547194dfda req-1f33803d-4d9e-4e5d-854c-2a547194dfda ] Request (ServerDiagnosticsNegativeTest:tearDownClass): 200 GET http://10.180.1.21:9696/networking/v2.0/security-groups?tenant_id=d31e4c5481314304bda5dd4d5b594982&name=default 0.146s
2024-12-16 20:35:30.139 67050 INFO tempest.lib.common.rest_client [req-db901994-e846-4216-a758-c437a14e04d8 req-db901994-e846-4216-a758-c437a14e04d8 ] Request (ServerDiagnosticsV248Test:test_get_server_diagnostics): 200 GET http://10.180.1.21/compute/v2.1/servers/c23c6938-fa2b-45a6-ade9-c5985a24e577 1.876s
2024-12-16 20:35:30.238 67104 INFO tempest.lib.common.rest_client [req-652df50b-93fb-4c14-8eb3-11754ef121e8 req-652df50b-93fb-4c14-8eb3-11754ef121e8 ] Request (ServerDiagnosticsNegativeTest:tearDownClass): 204 DELETE http://10.180.1.21:9696/networking/v2.0/security-groups/bd6ba8b4-66f4-4959-a56b-a2bb2cec4808 0.123s
2024-12-16 20:35:30.311 67106 INFO tempest.lib.common.rest_client [req-317abc3f-0c3e-41d1-bee2-59f4e820d0e8 req-317abc3f-0c3e-41d1-bee2-59f4e820d0e8 ] Request (ValidationResourcesFixture:setUp): 200 POST http://10.180.1.21/compute/v2.1/os-keypairs 1.981s
2024-12-16 20:35:30.361 67104 INFO tempest.lib.common.rest_client [req-c3a250e1-eb3c-4e4b-bfcc-210fcb6bcae6 req-c3a250e1-eb3c-4e4b-bfcc-210fcb6bcae6 ] Request (ServerDiagnosticsNegativeTest:tearDownClass): 204 DELETE http://10.180.1.21/identity/v3/projects/d31e4c5481314304bda5dd4d5b594982 0.122s
2024-12-16 20:35:30.374 67048 INFO tempest.lib.common.rest_client [req-a6623fd9-cc8d-4b10-a410-729eaccab467 req-a6623fd9-cc8d-4b10-a410-729eaccab467 ] Request (ServersTestMultiNic:test_verify_duplicate_network_nics): 200 GET http://10.180.1.21/compute/v2.1/servers/60553aa1-c148-41e8-87de-cfcf6554d98d 2.039s
2024-12-16 20:35:30.429 67106 INFO tempest.lib.common.rest_client [req-2dd103e8-392a-48d3-bbe1-a294ee5fbd7d req-2dd103e8-392a-48d3-bbe1-a294ee5fbd7d ] Request (ValidationResourcesFixture:setUp): 201 POST http://10.180.1.21:9696/networking/v2.0/security-groups 0.116s
2024-12-16 20:35:30.438 67088 INFO tempest.lib.common.rest_client [req-52897090-002f-4781-941b-0df74f568e0a req-52897090-002f-4781-941b-0df74f568e0a ] Request (ServersAdminNegativeTestJSON:test_migrate_server_invalid_state): 200 GET http://10.180.1.21/compute/v2.1/servers/c070224d-1471-458e-b4a2-71b05f85d4a4 2.031s
2024-12-16 20:35:30.442 67104 INFO tempest.lib.common.rest_client [req-35bbdf79-78be-459c-adc0-74cadd7f88df req-35bbdf79-78be-459c-adc0-74cadd7f88df ] Request (ServicesAdminNegativeV253TestJSON:setUpClass): 201 POST http://10.180.1.21/identity/v3/auth/tokens 0.078s
2024-12-16 20:35:30.488 67104 INFO tempest.lib.common.rest_client [req-4b4aba4d-ee6a-4fa9-82fe-5fa26380f775 req-4b4aba4d-ee6a-4fa9-82fe-5fa26380f775 ] Request (ServicesAdminNegativeV253TestJSON:setUpClass): 201 POST http://10.180.1.21/identity/v3/auth/tokens 0.038s
2024-12-16 20:35:30.499 67080 INFO tempest.lib.common.rest_client [req-c8ca3df2-7595-4e89-9b5d-8c518f5be4d5 req-c8ca3df2-7595-4e89-9b5d-8c518f5be4d5 ] Request (ServersAdmin275Test:_run_cleanups): 200 GET http://10.180.1.21/compute/v2.1/servers/14001573-3622-48a3-8d49-6126d7734859 2.065s
2024-12-16 20:35:30.515 67104 INFO tempest.lib.common.rest_client [req-3f6fe9b8-75ae-4577-ab62-6e2273065817 req-3f6fe9b8-75ae-4577-ab62-6e2273065817 ] Request (ServicesAdminNegativeV253TestJSON:setUpClass): 200 GET http://10.180.1.21/identity/v3/domains?name=Default 0.027s
2024-12-16 20:35:30.529 67106 INFO tempest.lib.common.rest_client [req-50d8c624-b7f5-48de-be78-cd057c596cdd req-50d8c624-b7f5-48de-be78-cd057c596cdd ] Request (ValidationResourcesFixture:setUp): 201 POST http://10.180.1.21:9696/networking/v2.0/security-group-rules 0.099s
2024-12-16 20:35:30.549 67104 INFO tempest.lib.common.rest_client [req-7679f22b-fbde-4e32-95b5-95f88e4b75b1 req-7679f22b-fbde-4e32-95b5-95f88e4b75b1 ] Request (ServicesAdminNegativeV253TestJSON:setUpClass): 201 POST http://10.180.1.21/identity/v3/projects 0.033s
2024-12-16 20:35:30.619 67106 INFO tempest.lib.common.rest_client [req-8c4f5ad7-a148-4caa-a1c1-2bc481c1cb05 req-8c4f5ad7-a148-4caa-a1c1-2bc481c1cb05 ] Request (ValidationResourcesFixture:setUp): 201 POST http://10.180.1.21:9696/networking/v2.0/security-group-rules 0.089s
2024-12-16 20:35:30.629 67074 INFO tempest.lib.common.rest_client [req-4bcfc43a-8b99-4313-982e-1842684413b0 req-4bcfc43a-8b99-4313-982e-1842684413b0 ] Request (AttachInterfacesV270Test:test_create_get_list_interfaces): 400 POST http://10.180.1.21/compute/v2.1/servers/7e1e18af-c401-4650-888b-163bf81a23c2/os-interface 4.205s
2024-12-16 20:35:30.632 67104 INFO tempest.lib.common.rest_client [req-440580e7-fbf2-4df1-8e62-ff5585c24d35 req-440580e7-fbf2-4df1-8e62-ff5585c24d35 ] Request (ServicesAdminNegativeV253TestJSON:setUpClass): 201 POST http://10.180.1.21/identity/v3/users 0.083s
2024-12-16 20:35:30.657 67104 INFO tempest.lib.common.rest_client [req-78500d58-ba90-4ee9-b376-892b7fb2d79d req-78500d58-ba90-4ee9-b376-892b7fb2d79d ] Request (ServicesAdminNegativeV253TestJSON:setUpClass): 200 GET http://10.180.1.21/identity/v3/roles 0.024s
2024-12-16 20:35:30.689 67104 INFO tempest.lib.common.rest_client [req-f1080a0b-a60d-49b9-bfde-6669d5d0f17a req-f1080a0b-a60d-49b9-bfde-6669d5d0f17a ] Request (ServicesAdminNegativeV253TestJSON:setUpClass): 204 PUT http://10.180.1.21/identity/v3/projects/726ca3046dbf4c9886d8df8fa056a58b/users/869bb8c101a54045b6c64781a04c04a1/roles/be71141727f84c6fb1c9eaf4f5e1115f 0.032s
2024-12-16 20:35:30.690 67104 INFO tempest.lib.common.dynamic_creds [-] Dynamic test user 869bb8c101a54045b6c64781a04c04a1 is created with scope project and roles: ['member']
2024-12-16 20:35:30.690 67104 INFO tempest.lib.common.dynamic_creds [-] Acquired dynamic creds: credentials: Credentials: {'domain_id': 'default', 'domain_name': 'Default', 'username': 'tempest-ServicesAdminNegativeV253TestJSON-4927972-project-member', 'project_domain_id': 'default', 'project_domain_name': 'Default', 'project_id': '726ca3046dbf4c9886d8df8fa056a58b', 'project_name': 'tempest-ServicesAdminNegativeV253TestJSON-4927972', 'tenant_id': '726ca3046dbf4c9886d8df8fa056a58b', 'tenant_name': 'tempest-ServicesAdminNegativeV253TestJSON-4927972', 'user_domain_id': 'default', 'user_domain_name': 'Default', 'user_id': '869bb8c101a54045b6c64781a04c04a1', 'system': None}, Network: None, Subnet: None, Router: None
2024-12-16 20:35:30.690 67104 INFO tempest.lib.common.dynamic_creds [-] Created isolated network resources for: credentials: Credentials: {'domain_id': 'default', 'domain_name': 'Default', 'username': 'tempest-ServicesAdminNegativeV253TestJSON-4927972-project-member', 'project_domain_id': 'default', 'project_domain_name': 'Default', 'project_id': '726ca3046dbf4c9886d8df8fa056a58b', 'project_name': 'tempest-ServicesAdminNegativeV253TestJSON-4927972', 'tenant_id': '726ca3046dbf4c9886d8df8fa056a58b', 'tenant_name': 'tempest-ServicesAdminNegativeV253TestJSON-4927972', 'user_domain_id': 'default', 'user_domain_name': 'Default', 'user_id': '869bb8c101a54045b6c64781a04c04a1', 'system': None}, Network: None, Subnet: None, Router: None
2024-12-16 20:35:30.702 67096 INFO tempest.lib.common.rest_client [req-aa8ac76d-ea31-4a94-adcf-a4506b4ee8d3 req-aa8ac76d-ea31-4a94-adcf-a4506b4ee8d3 ] Request (ImagesTestJSON:test_create_image_from_stopped_server): 200 GET http://10.180.1.21/compute/v2.1/servers/6126b8cc-b66d-4479-8d04-d6b66652e2d8 2.170s
2024-12-16 20:35:30.763 67062 INFO tempest.lib.common.rest_client [req-7070e671-a120-4d3b-aadb-2a3ddfbc682b req-7070e671-a120-4d3b-aadb-2a3ddfbc682b ] Request (QuotasAdminTestV257:test_get_updated_quotas): 200 PUT http://10.180.1.21/compute/v2.1/os-quota-sets/5cda4f76c03d40c781215122f5e0cd2e?user_id=63f6281f8f2c4feabfbae119fa71a0bd 2.281s
2024-12-16 20:35:30.774 67082 INFO tempest.lib.common.rest_client [req-790d8c56-5b67-4872-923b-e17d8b5acd22 req-790d8c56-5b67-4872-923b-e17d8b5acd22 ] Request (ImagesOneServerTestJSON:setUpClass): 200 GET http://10.180.1.21/compute/v2.1/servers/14457211-8671-4f34-abe7-e971b2695995 2.184s
2024-12-16 20:35:30.781 67104 INFO tempest.lib.common.rest_client [req-064dffb0-352c-4c69-867d-dd849d8c1cc9 req-064dffb0-352c-4c69-867d-dd849d8c1cc9 ] Request (ServicesAdminNegativeV253TestJSON:setUpClass): 201 POST http://10.180.1.21/identity/v3/auth/tokens 0.086s
2024-12-16 20:35:30.870 67104 INFO tempest.lib.common.rest_client [req-4f19f0b4-b878-459b-ad60-5eaa32b9ae02 req-4f19f0b4-b878-459b-ad60-5eaa32b9ae02 ] Request (ServicesAdminNegativeV253TestJSON:setUpClass): 201 POST http://10.180.1.21/identity/v3/projects 0.089s
2024-12-16 20:35:30.871 67070 INFO tempest.lib.common.rest_client [req-c8baea17-e9ab-4322-9ddf-84bbdc256072 req-c8baea17-e9ab-4322-9ddf-84bbdc256072 ] Request (MultipleCreateTestJSON:_run_cleanups): 200 GET http://10.180.1.21/compute/v2.1/servers/9cfb3fce-1be5-42d6-976b-9ac949d353a7 1.814s
2024-12-16 20:35:30.887 67098 INFO tempest.lib.common.rest_client [req-32a7b49e-0bcc-44bf-b208-1a19bdee1f86 req-32a7b49e-0bcc-44bf-b208-1a19bdee1f86 ] Request (ServerActionsV293TestJSON:setUpClass): 200 GET http://10.180.1.21/volume/v3/volumes/79b312ff-7954-4e31-9c2b-012db7f56349 0.039s
2024-12-16 20:35:30.941 67102 INFO tempest.lib.common.rest_client [req-8a177ab8-7e75-404d-9aef-22f30c52930f req-8a177ab8-7e75-404d-9aef-22f30c52930f ] Request (ServersV294TestFqdnHostnames:setUpClass): 200 GET http://10.180.1.21/compute/v2.1/servers/a4e6ee7a-fa07-452d-93f0-aaf7da815d4c 1.998s
2024-12-16 20:35:30.966 67104 INFO tempest.lib.common.rest_client [req-32326b93-fa69-4654-bff0-809f54b4e263 req-32326b93-fa69-4654-bff0-809f54b4e263 ] Request (ServicesAdminNegativeV253TestJSON:setUpClass): 201 POST http://10.180.1.21/identity/v3/users 0.095s
2024-12-16 20:35:30.973 67060 INFO tempest.lib.common.rest_client [req-712ba29f-1938-48e6-8c94-5e76e3ebd697 req-712ba29f-1938-48e6-8c94-5e76e3ebd697 ] Request (SecurityGroupRulesNegativeTestJSON:test_create_security_group_rule_with_invalid_to_port): 400 POST http://10.180.1.21/compute/v2.1/os-security-group-rules 1.844s
2024-12-16 20:35:31.002 67104 INFO tempest.lib.common.rest_client [req-d7f51de6-f266-44fe-af42-aaffea52d566 req-d7f51de6-f266-44fe-af42-aaffea52d566 ] Request (ServicesAdminNegativeV253TestJSON:setUpClass): 200 GET http://10.180.1.21/identity/v3/roles 0.036s
2024-12-16 20:35:31.035 67094 INFO tempest.lib.common.rest_client [req-7e4015e5-bb32-4894-95dd-14b86134defd req-7e4015e5-bb32-4894-95dd-14b86134defd ] Request (ServerExternalEventsTest:tearDownClass): 200 GET http://10.180.1.21/compute/v2.1/servers/c93f7b3d-30d5-47d8-b152-1aa9f97f44bb 1.748s
2024-12-16 20:35:31.037 67104 INFO tempest.lib.common.rest_client [req-a378abb0-44f9-485b-a982-0e3ba51bb508 req-a378abb0-44f9-485b-a982-0e3ba51bb508 ] Request (ServicesAdminNegativeV253TestJSON:setUpClass): 204 PUT http://10.180.1.21/identity/v3/projects/2bff5c5578b34915bb2fd91033f5dddc/users/ec0d2a77ac41437f9d129cb79725aed2/roles/5a9e136c35844fd08ef5b33bb00abfe1 0.034s
2024-12-16 20:35:31.042 67094 INFO tempest.common.waiters [-] State transition "ACTIVE/deleting" ==> "DELETED/None" after 6 second wait
2024-12-16 20:35:31.099 67104 INFO tempest.lib.common.rest_client [req-7055c9a6-f2c9-4e46-af0b-ffd47525aa36 req-7055c9a6-f2c9-4e46-af0b-ffd47525aa36 ] Request (ServicesAdminNegativeV253TestJSON:setUpClass): 200 GET http://10.180.1.21/identity/v3/roles 0.062s
2024-12-16 20:35:31.103 67052 INFO tempest.lib.common.rest_client [req-b9d46898-f120-47ac-91ec-bad745d3c0b7 req-b9d46898-f120-47ac-91ec-bad745d3c0b7 ] Request (ServersWithSpecificFlavorTestJSON:test_verify_created_server_ephemeral_disk): 200 GET http://10.180.1.21/compute/v2.1/servers/e8164aa1-57b0-41e2-8e7a-1afd2cb93d85 1.646s
2024-12-16 20:35:31.119 67104 INFO tempest.lib.common.rest_client [req-77a9848f-f48e-4e26-98ef-6cdd88b1e50c req-77a9848f-f48e-4e26-98ef-6cdd88b1e50c ] Request (ServicesAdminNegativeV253TestJSON:setUpClass): 204 PUT http://10.180.1.21/identity/v3/projects/2bff5c5578b34915bb2fd91033f5dddc/users/ec0d2a77ac41437f9d129cb79725aed2/roles/5a9e136c35844fd08ef5b33bb00abfe1 0.019s
2024-12-16 20:35:31.120 67104 INFO tempest.lib.common.dynamic_creds [-] Dynamic test user ec0d2a77ac41437f9d129cb79725aed2 is created with scope project and roles: ['admin']
2024-12-16 20:35:31.120 67104 INFO tempest.lib.common.dynamic_creds [-] Acquired dynamic creds: credentials: Credentials: {'domain_id': 'default', 'domain_name': 'Default', 'username': 'tempest-ServicesAdminNegativeV253TestJSON-975574136-project-admin', 'project_domain_id': 'default', 'project_domain_name': 'Default', 'project_id': '2bff5c5578b34915bb2fd91033f5dddc', 'project_name': 'tempest-ServicesAdminNegativeV253TestJSON-975574136', 'tenant_id': '2bff5c5578b34915bb2fd91033f5dddc', 'tenant_name': 'tempest-ServicesAdminNegativeV253TestJSON-975574136', 'user_domain_id': 'default', 'user_domain_name': 'Default', 'user_id': 'ec0d2a77ac41437f9d129cb79725aed2', 'system': None}, Network: None, Subnet: None, Router: None
2024-12-16 20:35:31.120 67104 INFO tempest.lib.common.dynamic_creds [-] Created isolated network resources for: credentials: Credentials: {'domain_id': 'default', 'domain_name': 'Default', 'username': 'tempest-ServicesAdminNegativeV253TestJSON-975574136-project-admin', 'project_domain_id': 'default', 'project_domain_name': 'Default', 'project_id': '2bff5c5578b34915bb2fd91033f5dddc', 'project_name': 'tempest-ServicesAdminNegativeV253TestJSON-975574136', 'tenant_id': '2bff5c5578b34915bb2fd91033f5dddc', 'tenant_name': 'tempest-ServicesAdminNegativeV253TestJSON-975574136', 'user_domain_id': 'default', 'user_domain_name': 'Default', 'user_id': 'ec0d2a77ac41437f9d129cb79725aed2', 'system': None}, Network: None, Subnet: None, Router: None
2024-12-16 20:35:31.197 67104 INFO tempest.lib.common.rest_client [req-347b67a8-75a4-4c95-be1b-f992a5d0caa8 req-347b67a8-75a4-4c95-be1b-f992a5d0caa8 ] Request (ServicesAdminNegativeV253TestJSON:setUpClass): 201 POST http://10.180.1.21/identity/v3/auth/tokens 0.074s
2024-12-16 20:35:31.263 67106 INFO tempest.lib.common.rest_client [req-89d8e6d0-2f47-420a-84ca-820b6b01ee49 req-89d8e6d0-2f47-420a-84ca-820b6b01ee49 ] Request (ValidationResourcesFixture:setUp): 201 POST http://10.180.1.21:9696/networking/v2.0/floatingips 0.644s
2024-12-16 20:35:31.274 67072 INFO tempest.lib.common.rest_client [req-8da70cf6-2b35-4f05-bd7c-36146aca74f4 req-8da70cf6-2b35-4f05-bd7c-36146aca74f4 ] Request (MigrationsAdminTest:test_list_migrations_in_flavor_resize_situation): 200 GET http://10.180.1.21/compute/v2.1/servers/df8e9a13-fc49-47d5-a7f2-6b4c65366ccf 1.655s
2024-12-16 20:35:31.294 67086 INFO tempest.lib.common.rest_client [req-4a48fdbc-d6c3-4001-a1a8-cd9a181fd10d req-4a48fdbc-d6c3-4001-a1a8-cd9a181fd10d ] Request (DeleteServersAdminTestJSON:test_admin_delete_servers_of_others): 404 GET http://10.180.1.21/compute/v2.1/servers/b0117339-cde6-42b7-86bc-52cf3f27851d 1.559s
2024-12-16 20:35:31.332 67106 INFO tempest.lib.common.rest_client [req-1d0ea417-09a3-4ec1-ba60-724ec757a4e2 req-1d0ea417-09a3-4ec1-ba60-724ec757a4e2 ] Request (AttachVolumeTestJSON:test_attach_detach_volume): 201 POST http://10.180.1.21/identity/v3/auth/tokens 0.065s
2024-12-16 20:35:31.333 67106 INFO tempest.lib.common.fixed_network [-] (AttachVolumeTestJSON:test_attach_detach_volume) Found network {'id': '1e7a017d-ba40-429e-b5e5-cbad8a5db73a', 'name': 'tempest-AttachVolumeTestJSON-1318491837-network', 'tenant_id': '85463c270b1545488419394f2518c98a', 'admin_state_up': True, 'mtu': 8950, 'status': 'ACTIVE', 'subnets': [], 'shared': False, 'project_id': '85463c270b1545488419394f2518c98a', 'port_security_enabled': True, 'router:external': False, 'provider:network_type': 'vlan', 'provider:physical_network': 'default', 'provider:segmentation_id': 321, 'availability_zone_hints': [], 'availability_zones': [], 'ipv4_address_scope': None, 'ipv6_address_scope': None, 'description': '', 'tags': [], 'created_at': '2024-12-16T20:35:22Z', 'updated_at': '2024-12-16T20:35:22Z', 'revision_number': 1} available for tenant
2024-12-16 20:35:31.338 67068 INFO tempest.lib.common.rest_client [req-634f2108-15a1-4bca-b99f-7d7c836df178 req-634f2108-15a1-4bca-b99f-7d7c836df178 ] Request (AttachInterfacesUnderV243Test:test_add_remove_fixed_ip): 202 POST http://10.180.1.21/compute/v2.1/servers 2.261s
2024-12-16 20:35:31.342 67064 INFO tempest.lib.common.rest_client [req-72671343-bbca-4f87-805f-38c5e77ffa39 req-72671343-bbca-4f87-805f-38c5e77ffa39 ] Request (VolumesAssistedSnapshotsTest:test_volume_assisted_snapshot_create_delete): 200 GET http://10.180.1.21/compute/v2.1/servers/8e2ed5d7-9279-4e44-83c9-a65f77e544c9 1.499s
2024-12-16 20:35:31.366 67086 INFO tempest.lib.common.rest_client [req-e7c5bfdc-a57c-4d67-88a0-3be9c80ce330 req-e7c5bfdc-a57c-4d67-88a0-3be9c80ce330 ] Request (DeleteServersAdminTestJSON:test_delete_server_while_in_error_state): 201 POST http://10.180.1.21/identity/v3/auth/tokens 0.059s
2024-12-16 20:35:31.367 67086 INFO tempest.lib.common.fixed_network [-] (DeleteServersAdminTestJSON:test_delete_server_while_in_error_state) Found network None available for tenant
2024-12-16 20:35:31.400 67090 INFO tempest.lib.common.rest_client [req-b3aca3ae-651d-4b78-ac89-a0417f6c808c req-b3aca3ae-651d-4b78-ac89-a0417f6c808c ] Request (ServerAddressesNegativeTestJSON:setUpClass): 200 GET http://10.180.1.21/compute/v2.1/servers/0c614401-c25b-4686-ac48-bc03332e0e4c 1.469s
2024-12-16 20:35:31.401 67076 INFO tempest.lib.common.rest_client [req-891f0d63-d9b5-47a0-97bc-ac792c97c176 req-891f0d63-d9b5-47a0-97bc-ac792c97c176 ] Request (InstanceActionsTestJSON:setUpClass): 200 GET http://10.180.1.21/compute/v2.1/servers/a86a0510-9cce-4fdd-a90c-ab0f727b6864 1.393s
2024-12-16 20:35:31.417 67109 INFO tempest.lib.common.rest_client [req-dc614ccf-3760-4d96-9142-dba4ad899be0 req-dc614ccf-3760-4d96-9142-dba4ad899be0 ] Request (FlavorsAdminTestJSON:test_list_non_public_flavor): 200 GET http://10.180.1.21/compute/v2.1/flavors/detail 1.369s
2024-12-16 20:35:31.513 67078 INFO tempest.lib.common.rest_client [req-7e032ae3-ada1-4c01-8c87-db6065b3e3bd req-7e032ae3-ada1-4c01-8c87-db6065b3e3bd ] Request (FlavorsAccessNegativeTestJSON:test_add_flavor_access_duplicate): 409 POST http://10.180.1.21/compute/v2.1/flavors/575396143/action 1.495s
2024-12-16 20:35:31.566 67058 INFO tempest.lib.common.rest_client [req-7936aaef-270f-4365-bbb2-f4a237f43607 req-7936aaef-270f-4365-bbb2-f4a237f43607 ] Request (VolumesAdminNegativeTest:test_update_attached_volume_with_nonexistent_volume_in_body): 200 GET http://10.180.1.21/compute/v2.1/servers/b492a412-bdf8-4eac-afbc-dd0e7ff4afe2 1.363s
2024-12-16 20:35:31.699 67084 INFO tempest.lib.common.rest_client [req-751bc78b-70f2-4d86-beae-564cb1f899c9 req-751bc78b-70f2-4d86-beae-564cb1f899c9 ] Request (InstanceActionsV221TestJSON:test_get_list_deleted_instance_actions): 200 GET http://10.180.1.21/compute/v2.1/servers/f2d87af0-d481-4bb0-be40-a45d1d8464b1 1.131s
2024-12-16 20:35:31.707 67084 INFO tempest.common.waiters [-] State transition "BUILD/spawning" ==> "ACTIVE/None" after 42 second wait
2024-12-16 20:35:31.775 67074 INFO tempest.lib.common.rest_client [req-260886ee-7b56-478a-a05b-183ef2d94b36 req-260886ee-7b56-478a-a05b-183ef2d94b36 ] Request (AttachInterfacesV270Test:tearDownClass): 204 DELETE http://10.180.1.21/compute/v2.1/servers/7e1e18af-c401-4650-888b-163bf81a23c2 1.144s
2024-12-16 20:35:31.865 67066 INFO tempest.lib.common.rest_client [req-48dc7b7f-4ae8-4086-8ab9-74d2c47cf25f req-48dc7b7f-4ae8-4086-8ab9-74d2c47cf25f ] Request (ImagesNegativeTestJSON:test_create_image_from_deleted_server): 202 POST http://10.180.1.21/compute/v2.1/servers 1.774s
2024-12-16 20:35:31.900 67092 INFO tempest.lib.common.rest_client [req-84ebb9ea-4239-4e1a-80bf-7096dff21cf2 req-84ebb9ea-4239-4e1a-80bf-7096dff21cf2 ] Request (ServersAdminTestJSON:setUpClass): 200 GET http://10.180.1.21/compute/v2.1/servers/5fe61687-52c9-424f-a3e7-1b69105257e8 1.172s
2024-12-16 20:35:31.943 67098 INFO tempest.lib.common.rest_client [req-74b2efff-16c4-4dea-bfcf-c8e3d970afe7 req-74b2efff-16c4-4dea-bfcf-c8e3d970afe7 ] Request (ServerActionsV293TestJSON:setUpClass): 200 GET http://10.180.1.21/volume/v3/volumes/79b312ff-7954-4e31-9c2b-012db7f56349 0.047s
2024-12-16 20:35:31.968 67054 INFO tempest.lib.common.rest_client [req-55f63e4e-7c57-44c3-9aa5-81fc811730e1 req-55f63e4e-7c57-44c3-9aa5-81fc811730e1 ] Request (ServerDiagnosticsTest:tearDownClass): 200 GET http://10.180.1.21/compute/v2.1/servers/8f7fb918-2633-4bc7-bd19-f5b186a1f084 1.151s
2024-12-16 20:35:31.971 67062 INFO tempest.lib.common.rest_client [req-9a2724af-867e-40b8-980c-925390592886 req-9a2724af-867e-40b8-980c-925390592886 ] Request (QuotasAdminTestV257:test_get_updated_quotas): 200 GET http://10.180.1.21/compute/v2.1/os-quota-sets/5cda4f76c03d40c781215122f5e0cd2e?user_id=63f6281f8f2c4feabfbae119fa71a0bd 1.206s
2024-12-16 20:35:31.988 67060 INFO tempest.lib.common.rest_client [req-eee63565-d75f-4cd7-8242-5dcd10734373 req-eee63565-d75f-4cd7-8242-5dcd10734373 ] Request (SecurityGroupRulesNegativeTestJSON:test_create_security_group_rule_with_non_existent_id): 404 POST http://10.180.1.21/compute/v2.1/os-security-group-rules 1.013s
2024-12-16 20:35:32.040 67050 INFO tempest.lib.common.rest_client [req-49f5aa2d-cfb0-44ec-b554-e1ab963f95d0 req-49f5aa2d-cfb0-44ec-b554-e1ab963f95d0 ] Request (ServerDiagnosticsV248Test:test_get_server_diagnostics): 200 GET http://10.180.1.21/compute/v2.1/servers/c23c6938-fa2b-45a6-ade9-c5985a24e577 0.886s
2024-12-16 20:35:32.047 67104 INFO tempest.lib.common.rest_client [req-7d449369-e2f7-464a-98d7-bb28341d0b6e req-7d449369-e2f7-464a-98d7-bb28341d0b6e ] Request (ServicesAdminNegativeV253TestJSON:test_disable_log_reason_with_invalid_service_id): 404 PUT http://10.180.1.21/compute/v2.1/os-services/0e03f5c9-97c7-4da7-a823-b708965b5cad 0.848s
2024-12-16 20:35:32.070 67062 INFO tempest.lib.common.rest_client [req-2c5726f4-a752-4e3b-8595-45ed082525b8 req-2c5726f4-a752-4e3b-8595-45ed082525b8 ] Request (QuotasAdminTestV257:_run_cleanups): 204 DELETE http://10.180.1.21/identity/v3/users/63f6281f8f2c4feabfbae119fa71a0bd 0.097s
2024-12-16 20:35:32.117 67068 INFO tempest.lib.common.rest_client [req-3f657841-e30a-4cac-bc76-02d4bd067f2d req-3f657841-e30a-4cac-bc76-02d4bd067f2d ] Request (AttachInterfacesUnderV243Test:test_add_remove_fixed_ip): 200 GET http://10.180.1.21/compute/v2.1/servers/44f93255-be21-4bff-9f6a-3e5149a74a26 0.778s
2024-12-16 20:35:32.184 67062 INFO tempest.lib.common.rest_client [req-9e15aba8-6efb-460d-b5a4-f2ccebf1843d req-9e15aba8-6efb-460d-b5a4-f2ccebf1843d ] Request (QuotasAdminTestV257:_run_cleanups): 204 DELETE http://10.180.1.21/identity/v3/projects/5cda4f76c03d40c781215122f5e0cd2e 0.113s
2024-12-16 20:35:32.305 67062 INFO tempest.lib.common.rest_client [req-e493743f-80ba-4edf-8bc5-6d122f50d2ed req-e493743f-80ba-4edf-8bc5-6d122f50d2ed ] Request (QuotasAdminTestV257:tearDownClass): 204 DELETE http://10.180.1.21/identity/v3/users/63d7bea30fbd4a2dbcb01acde623ae7a 0.120s
2024-12-16 20:35:32.401 67062 INFO tempest.lib.common.rest_client [req-fd903dbc-f939-47eb-9d9a-75106b72c2b5 req-fd903dbc-f939-47eb-9d9a-75106b72c2b5 ] Request (QuotasAdminTestV257:tearDownClass): 204 DELETE http://10.180.1.21/identity/v3/users/5a46a64d68f546009a816bdce91f79e2 0.095s
2024-12-16 20:35:32.401 67062 INFO tempest.lib.common.dynamic_creds [-] Deleting project and security group for project: f5f4479373b94a8bbcecfc0d28222c94
2024-12-16 20:35:32.434 67086 INFO tempest.lib.common.rest_client [req-1010d9a3-7b6f-4845-90e7-65f2364989bb req-1010d9a3-7b6f-4845-90e7-65f2364989bb ] Request (DeleteServersAdminTestJSON:test_delete_server_while_in_error_state): 202 POST http://10.180.1.21/compute/v2.1/servers 1.066s
2024-12-16 20:35:32.476 67062 INFO tempest.lib.common.rest_client [req-5ea56474-031b-454e-a9af-940238a023bf req-5ea56474-031b-454e-a9af-940238a023bf ] Request (QuotasAdminTestV257:tearDownClass): 201 POST http://10.180.1.21/identity/v3/auth/tokens 0.074s
2024-12-16 20:35:32.498 67048 INFO tempest.lib.common.rest_client [req-3149c5cb-a375-4129-80dc-62e70a850898 req-3149c5cb-a375-4129-80dc-62e70a850898 ] Request (ServersTestMultiNic:test_verify_duplicate_network_nics): 200 GET http://10.180.1.21/compute/v2.1/servers/60553aa1-c148-41e8-87de-cfcf6554d98d 1.117s
2024-12-16 20:35:32.526 67109 INFO tempest.lib.common.rest_client [req-754b46ba-9761-41be-8146-f9b6a1b96b98 req-754b46ba-9761-41be-8146-f9b6a1b96b98 ] Request (FlavorsAdminTestJSON:_run_cleanups): 202 DELETE http://10.180.1.21/compute/v2.1/flavors/2087053018 1.104s
2024-12-16 20:35:32.656 67106 INFO tempest.lib.common.rest_client [req-d5522ef3-6478-45b0-bce6-8d681d85f492 req-d5522ef3-6478-45b0-bce6-8d681d85f492 ] Request (AttachVolumeTestJSON:test_attach_detach_volume): 202 POST http://10.180.1.21/compute/v2.1/servers 1.323s
2024-12-16 20:35:32.693 67062 INFO tempest.lib.common.rest_client [req-3cab2741-4d71-4640-b7d2-8d031669f2a0 req-3cab2741-4d71-4640-b7d2-8d031669f2a0 ] Request (QuotasAdminTestV257:tearDownClass): 200 GET http://10.180.1.21:9696/networking/v2.0/security-groups?tenant_id=f5f4479373b94a8bbcecfc0d28222c94&name=default 0.217s
2024-12-16 20:35:32.740 67080 INFO tempest.lib.common.rest_client [req-e70ea91c-018b-4421-a8f2-031045868cdc req-e70ea91c-018b-4421-a8f2-031045868cdc ] Request (ServersAdmin275Test:_run_cleanups): 200 GET http://10.180.1.21/compute/v2.1/servers/14001573-3622-48a3-8d49-6126d7734859 1.230s
2024-12-16 20:35:32.751 67080 INFO tempest.common.waiters [-] State transition "REBUILD/rebuild_spawning" ==> "ACTIVE/None" after 9 second wait
2024-12-16 20:35:32.802 67062 INFO tempest.lib.common.rest_client [req-385997c0-1ed5-4dc1-a770-26fe1df0c3e6 req-385997c0-1ed5-4dc1-a770-26fe1df0c3e6 ] Request (QuotasAdminTestV257:tearDownClass): 204 DELETE http://10.180.1.21:9696/networking/v2.0/security-groups/cee1bcac-a3d5-4901-ae62-b2798bd1e82a 0.108s
2024-12-16 20:35:32.822 67088 INFO tempest.lib.common.rest_client [req-974ba11c-3d87-44ac-8214-41c4287d0836 req-974ba11c-3d87-44ac-8214-41c4287d0836 ] Request (ServersAdminNegativeTestJSON:test_migrate_server_invalid_state): 200 GET http://10.180.1.21/compute/v2.1/servers/c070224d-1471-458e-b4a2-71b05f85d4a4 1.370s
2024-12-16 20:35:32.905 67062 INFO tempest.lib.common.rest_client [req-fa8464c7-fa6a-4c60-b7ad-444f8b07e77a req-fa8464c7-fa6a-4c60-b7ad-444f8b07e77a ] Request (QuotasAdminTestV257:tearDownClass): 204 DELETE http://10.180.1.21/identity/v3/projects/f5f4479373b94a8bbcecfc0d28222c94 0.102s
2024-12-16 20:35:32.905 67062 INFO tempest.lib.common.dynamic_creds [-] Deleting project and security group for project: 6847b3c45e464e4c83bd64d25ada2674
2024-12-16 20:35:32.947 67078 INFO tempest.lib.common.rest_client [req-2b8c8e9c-ec56-4810-b123-1cf95572059f req-2b8c8e9c-ec56-4810-b123-1cf95572059f ] Request (FlavorsAccessNegativeTestJSON:_run_cleanups): 200 POST http://10.180.1.21/compute/v2.1/flavors/575396143/action 1.434s
2024-12-16 20:35:32.952 67084 INFO tempest.lib.common.rest_client [req-5e4fe7d3-e0c8-4e4e-83ab-a27264eb0d8b req-5e4fe7d3-e0c8-4e4e-83ab-a27264eb0d8b ] Request (InstanceActionsV221TestJSON:test_get_list_deleted_instance_actions): 204 DELETE http://10.180.1.21/compute/v2.1/servers/f2d87af0-d481-4bb0-be40-a45d1d8464b1 1.244s
2024-12-16 20:35:33.001 67098 INFO tempest.lib.common.rest_client [req-6e6f5d13-e0e0-4519-a823-dd63a653ed61 req-6e6f5d13-e0e0-4519-a823-dd63a653ed61 ] Request (ServerActionsV293TestJSON:setUpClass): 200 GET http://10.180.1.21/volume/v3/volumes/79b312ff-7954-4e31-9c2b-012db7f56349 0.038s
2024-12-16 20:35:33.041 67096 INFO tempest.lib.common.rest_client [req-0fdd4a82-fb99-43a3-84ed-9af919cacf95 req-0fdd4a82-fb99-43a3-84ed-9af919cacf95 ] Request (ImagesTestJSON:test_create_image_from_stopped_server): 200 GET http://10.180.1.21/compute/v2.1/servers/6126b8cc-b66d-4479-8d04-d6b66652e2d8 1.328s
2024-12-16 20:35:33.116 67082 INFO tempest.lib.common.rest_client [req-d5adf608-a31a-4bdd-8ee7-a6eab2df00b5 req-d5adf608-a31a-4bdd-8ee7-a6eab2df00b5 ] Request (ImagesOneServerTestJSON:setUpClass): 200 GET http://10.180.1.21/compute/v2.1/servers/14457211-8671-4f34-abe7-e971b2695995 1.331s
2024-12-16 20:35:33.130 67062 INFO tempest.lib.common.rest_client [req-48bbb450-76f4-4b0a-9f7a-1eae9f2c3761 req-48bbb450-76f4-4b0a-9f7a-1eae9f2c3761 ] Request (QuotasAdminTestV257:tearDownClass): 200 GET http://10.180.1.21:9696/networking/v2.0/security-groups?tenant_id=6847b3c45e464e4c83bd64d25ada2674&name=default 0.225s
2024-12-16 20:35:33.188 67066 INFO tempest.lib.common.rest_client [req-36d0ebb2-8e1e-442e-ae76-d1b558a0c642 req-36d0ebb2-8e1e-442e-ae76-d1b558a0c642 ] Request (ImagesNegativeTestJSON:test_create_image_from_deleted_server): 200 GET http://10.180.1.21/compute/v2.1/servers/0634ab91-7eef-4b04-88e7-50459f691999 1.321s
2024-12-16 20:35:33.224 67062 INFO tempest.lib.common.rest_client [req-21928726-9f93-4fde-80c7-44ca22665027 req-21928726-9f93-4fde-80c7-44ca22665027 ] Request (QuotasAdminTestV257:tearDownClass): 204 DELETE http://10.180.1.21:9696/networking/v2.0/security-groups/401ac580-b7e5-4a55-a6e6-f670cd872937 0.093s
2024-12-16 20:35:33.243 67074 INFO tempest.lib.common.rest_client [req-06876be1-7fd8-4a99-b2a6-760ddb14b0b3 req-06876be1-7fd8-4a99-b2a6-760ddb14b0b3 ] Request (AttachInterfacesV270Test:tearDownClass): 200 GET http://10.180.1.21/compute/v2.1/servers/7e1e18af-c401-4650-888b-163bf81a23c2 1.468s
2024-12-16 20:35:33.260 67070 INFO tempest.lib.common.rest_client [req-8205d74c-9f7f-44a3-8d3f-23b993c435b4 req-8205d74c-9f7f-44a3-8d3f-23b993c435b4 ] Request (MultipleCreateTestJSON:_run_cleanups): 200 GET http://10.180.1.21/compute/v2.1/servers/9cfb3fce-1be5-42d6-976b-9ac949d353a7 1.382s
2024-12-16 20:35:33.280 67060 INFO tempest.lib.common.rest_client [req-54c35cac-0495-4a7b-8c4e-bbf31348885e req-54c35cac-0495-4a7b-8c4e-bbf31348885e ] Request (SecurityGroupRulesNegativeTestJSON:test_delete_security_group_rule_with_non_existent_id): 404 DELETE http://10.180.1.21/compute/v2.1/os-security-group-rules/0bbe294c-aff2-4246-a091-07093aa93b49 1.290s
2024-12-16 20:35:33.343 67094 INFO tempest.lib.common.rest_client [req-d66d0848-06e3-4472-af45-cf8270195507 req-d66d0848-06e3-4472-af45-cf8270195507 ] Request (ServerExternalEventsTest:tearDownClass): 200 GET http://10.180.1.21/compute/v2.1/servers/c93f7b3d-30d5-47d8-b152-1aa9f97f44bb 1.299s
2024-12-16 20:35:33.345 67062 INFO tempest.lib.common.rest_client [req-11f96135-fbf8-40ea-ba2a-295717fe0bf0 req-11f96135-fbf8-40ea-ba2a-295717fe0bf0 ] Request (QuotasAdminTestV257:tearDownClass): 204 DELETE http://10.180.1.21/identity/v3/projects/6847b3c45e464e4c83bd64d25ada2674 0.121s
2024-12-16 20:35:33.364 67104 INFO tempest.lib.common.rest_client [req-571ab3ed-0e13-4bab-b8da-c5440d83bff1 req-571ab3ed-0e13-4bab-b8da-c5440d83bff1 ] Request (ServicesAdminNegativeV253TestJSON:test_disable_service_with_invalid_service_id): 404 PUT http://10.180.1.21/compute/v2.1/os-services/0e03f5c9-97c7-4da7-a823-b708965b5cad 1.316s
2024-12-16 20:35:33.397 67102 INFO tempest.lib.common.rest_client [req-ad1dc4f0-b10f-4b16-830d-a091e8794d89 req-ad1dc4f0-b10f-4b16-830d-a091e8794d89 ] Request (ServersV294TestFqdnHostnames:setUpClass): 200 GET http://10.180.1.21/compute/v2.1/servers/a4e6ee7a-fa07-452d-93f0-aaf7da815d4c 1.440s
2024-12-16 20:35:33.409 67102 INFO tempest.common.waiters [-] State transition "BUILD/spawning" ==> "ACTIVE/None" after 44 second wait
2024-12-16 20:35:33.431 67062 INFO tempest.lib.common.rest_client [req-bc4f01cf-60e1-44d9-a14b-064828ad1024 req-bc4f01cf-60e1-44d9-a14b-064828ad1024 ] Request (FloatingIPsAssociationNegativeTestJSON:setUpClass): 201 POST http://10.180.1.21/identity/v3/auth/tokens 0.084s
2024-12-16 20:35:33.463 67062 INFO tempest.lib.common.rest_client [req-96a3f74c-3892-438c-a9ed-b2a92e05158e req-96a3f74c-3892-438c-a9ed-b2a92e05158e ] Request (FloatingIPsAssociationNegativeTestJSON:setUpClass): 201 POST http://10.180.1.21/identity/v3/auth/tokens 0.030s
2024-12-16 20:35:33.502 67062 INFO tempest.lib.common.rest_client [req-fc527e61-676d-4880-af0d-2db5868a2556 req-fc527e61-676d-4880-af0d-2db5868a2556 ] Request (FloatingIPsAssociationNegativeTestJSON:setUpClass): 200 GET http://10.180.1.21/identity/v3/domains?name=Default 0.038s
2024-12-16 20:35:33.507 67052 INFO tempest.lib.common.rest_client [req-5ee2ee5c-39b2-4a6d-ad3e-eaa95823cfcd req-5ee2ee5c-39b2-4a6d-ad3e-eaa95823cfcd ] Request (ServersWithSpecificFlavorTestJSON:test_verify_created_server_ephemeral_disk): 200 GET http://10.180.1.21/compute/v2.1/servers/e8164aa1-57b0-41e2-8e7a-1afd2cb93d85 1.397s
2024-12-16 20:35:33.516 67052 INFO tempest.common.waiters [-] State transition "BUILD/None" ==> "BUILD/block_device_mapping" after 32 second wait
2024-12-16 20:35:33.539 67062 INFO tempest.lib.common.rest_client [req-d7d66010-ae87-4fde-b686-cae7c594af0c req-d7d66010-ae87-4fde-b686-cae7c594af0c ] Request (FloatingIPsAssociationNegativeTestJSON:setUpClass): 201 POST http://10.180.1.21/identity/v3/projects 0.034s
2024-12-16 20:35:33.545 67056 INFO tempest.lib.common.rest_client [req-adb78398-b3d7-4613-aa26-4a59eea1d9d8 req-adb78398-b3d7-4613-aa26-4a59eea1d9d8 ] Request (QuotaClassesAdmin257Test:test_update_default_quotas): 200 GET http://10.180.1.21/compute/v2.1/os-quota-class-sets/default 1.336s
2024-12-16 20:35:33.609 67064 INFO tempest.lib.common.rest_client [req-c38e6735-eb7a-4673-bc7f-3c71fa2f3724 req-c38e6735-eb7a-4673-bc7f-3c71fa2f3724 ] Request (VolumesAssistedSnapshotsTest:test_volume_assisted_snapshot_create_delete): 200 GET http://10.180.1.21/compute/v2.1/servers/8e2ed5d7-9279-4e44-83c9-a65f77e544c9 1.258s
2024-12-16 20:35:33.608 67062 INFO tempest.lib.common.rest_client [req-b054457a-16b0-4fbd-98b7-56ed576acbef req-b054457a-16b0-4fbd-98b7-56ed576acbef ] Request (FloatingIPsAssociationNegativeTestJSON:setUpClass): 201 POST http://10.180.1.21/identity/v3/users 0.068s
2024-12-16 20:35:33.621 67072 INFO tempest.lib.common.rest_client [req-edfef2cf-c582-447a-b073-8c1ad9d51228 req-edfef2cf-c582-447a-b073-8c1ad9d51228 ] Request (MigrationsAdminTest:test_list_migrations_in_flavor_resize_situation): 200 GET http://10.180.1.21/compute/v2.1/servers/df8e9a13-fc49-47d5-a7f2-6b4c65366ccf 1.340s
2024-12-16 20:35:33.634 67062 INFO tempest.lib.common.rest_client [req-3ec77afe-8d65-4280-8924-90c3224e4cfa req-3ec77afe-8d65-4280-8924-90c3224e4cfa ] Request (FloatingIPsAssociationNegativeTestJSON:setUpClass): 200 GET http://10.180.1.21/identity/v3/roles 0.022s
2024-12-16 20:35:33.667 67062 INFO tempest.lib.common.rest_client [req-8534473d-6a75-4ab7-ad6c-f09b9616121f req-8534473d-6a75-4ab7-ad6c-f09b9616121f ] Request (FloatingIPsAssociationNegativeTestJSON:setUpClass): 204 PUT http://10.180.1.21/identity/v3/projects/713b7e0f20454e018be4486ef6fe170b/users/165f71acf0b5403ea1e33ac52cb77b56/roles/be71141727f84c6fb1c9eaf4f5e1115f 0.031s
2024-12-16 20:35:33.667 67062 INFO tempest.lib.common.dynamic_creds [-] Dynamic test user 165f71acf0b5403ea1e33ac52cb77b56 is created with scope project and roles: ['member']
2024-12-16 20:35:33.667 67062 INFO tempest.lib.common.dynamic_creds [-] Acquired dynamic creds: credentials: Credentials: {'domain_id': 'default', 'domain_name': 'Default', 'username': 'tempest-FloatingIPsAssociationNegativeTestJSON-1177474817-project-member', 'project_domain_id': 'default', 'project_domain_name': 'Default', 'project_id': '713b7e0f20454e018be4486ef6fe170b', 'project_name': 'tempest-FloatingIPsAssociationNegativeTestJSON-1177474817', 'tenant_id': '713b7e0f20454e018be4486ef6fe170b', 'tenant_name': 'tempest-FloatingIPsAssociationNegativeTestJSON-1177474817', 'user_domain_id': 'default', 'user_domain_name': 'Default', 'user_id': '165f71acf0b5403ea1e33ac52cb77b56', 'system': None}, Network: None, Subnet: None, Router: None
2024-12-16 20:35:33.669 67090 INFO tempest.lib.common.rest_client [req-537acda3-1ee9-408a-9917-85b78306f97c req-537acda3-1ee9-408a-9917-85b78306f97c ] Request (ServerAddressesNegativeTestJSON:setUpClass): 200 GET http://10.180.1.21/compute/v2.1/servers/0c614401-c25b-4686-ac48-bc03332e0e4c 1.261s
2024-12-16 20:35:33.680 67076 INFO tempest.lib.common.rest_client [req-c817d68d-90b0-4de9-909c-6def24d49f48 req-c817d68d-90b0-4de9-909c-6def24d49f48 ] Request (InstanceActionsTestJSON:setUpClass): 200 GET http://10.180.1.21/compute/v2.1/servers/a86a0510-9cce-4fdd-a90c-ab0f727b6864 1.271s
2024-12-16 20:35:33.697 67109 INFO tempest.lib.common.rest_client [req-31a02519-4d45-4b96-804c-9e6c6b9fa458 req-31a02519-4d45-4b96-804c-9e6c6b9fa458 ] Request (FlavorsAdminTestJSON:_run_cleanups): 200 GET http://10.180.1.21/compute/v2.1/flavors/detail 1.170s
2024-12-16 20:35:33.720 67086 INFO tempest.lib.common.rest_client [req-7e6fbe13-dd35-41d2-85ee-36619047e08c req-7e6fbe13-dd35-41d2-85ee-36619047e08c ] Request (DeleteServersAdminTestJSON:test_delete_server_while_in_error_state): 200 GET http://10.180.1.21/compute/v2.1/servers/2eacff50-9336-46f7-acdb-5276764a4f3a 1.285s
2024-12-16 20:35:33.733 67062 INFO tempest.lib.common.rest_client [req-a19c0e41-e104-4d14-88c2-6cc8eaa0c16a req-a19c0e41-e104-4d14-88c2-6cc8eaa0c16a ] Request (FloatingIPsAssociationNegativeTestJSON:setUpClass): 201 POST http://10.180.1.21/identity/v3/auth/tokens 0.066s
2024-12-16 20:35:33.763 67058 INFO tempest.lib.common.rest_client [req-c4ea2509-2b44-4b1d-9270-e16de0d40d3e req-c4ea2509-2b44-4b1d-9270-e16de0d40d3e ] Request (VolumesAdminNegativeTest:test_update_attached_volume_with_nonexistent_volume_in_body): 200 GET http://10.180.1.21/compute/v2.1/servers/b492a412-bdf8-4eac-afbc-dd0e7ff4afe2 1.191s
2024-12-16 20:35:33.770 67106 INFO tempest.lib.common.rest_client [req-7c5d5296-4e55-45e7-bc4a-b98a0da4ea42 req-7c5d5296-4e55-45e7-bc4a-b98a0da4ea42 ] Request (AttachVolumeTestJSON:test_attach_detach_volume): 200 GET http://10.180.1.21/compute/v2.1/servers/c0294045-2c3c-43b2-85e5-5c04b6726733 1.111s
2024-12-16 20:35:33.855 67080 INFO tempest.lib.common.rest_client [req-f5b0515b-8cdb-44d3-b5dc-20879fdc5117 req-f5b0515b-8cdb-44d3-b5dc-20879fdc5117 ] Request (ServersAdmin275Test:tearDownClass): 204 DELETE http://10.180.1.21/compute/v2.1/servers/14001573-3622-48a3-8d49-6126d7734859 1.097s
