2024-10-29 20:54:44.204 62237 INFO tempest.lib.common.rest_client [req-68f2156e-eb74-4ab6-bc3f-414f5e132142 req-68f2156e-eb74-4ab6-bc3f-414f5e132142 ] Request (AttachVolumeShelveTestJSON:setUpClass): 200 GET http://10.180.1.21/identity/v3/domains?name=Default 0.176s
2024-10-29 20:54:44.218 62229 INFO tempest.lib.common.rest_client [req-9a099fc0-46b4-48ce-9aff-63decf96dc00 req-9a099fc0-46b4-48ce-9aff-63decf96dc00 ] Request (ServerPasswordTestJSON:setUpClass): 200 GET http://10.180.1.21/compute/v2.1/servers/722b2d1a-9b8a-4120-85ce-c15cddd46479 1.493s
2024-10-29 20:54:44.231 62275 INFO tempest.lib.common.rest_client [req-8362740a-a8e3-45af-a69c-6ee7506b6faf req-8362740a-a8e3-45af-a69c-6ee7506b6faf ] Request (QuotasAdminTestV236:setUpClass): 201 POST http://10.180.1.21/identity/v3/auth/tokens 0.174s
2024-10-29 20:54:44.236 62247 INFO tempest.lib.common.rest_client [req-2bb7c66d-cf8f-4772-ae38-664252a3d27e req-2bb7c66d-cf8f-4772-ae38-664252a3d27e ] Request (VolumesAssistedSnapshotsTest:test_volume_assisted_snapshot_create_delete): 202 POST http://10.180.1.21/volume/v3/volumes 0.986s
2024-10-29 20:54:44.257 62273 INFO tempest.lib.common.rest_client [req-0b83591e-9955-4fea-b543-290098576889 req-0b83591e-9955-4fea-b543-290098576889 ] Request (ServerDiagnosticsV248Test:setUpClass): 204 PUT http://10.180.1.21/identity/v3/projects/6d60b5ffbec74aefb96f4f718859f846/users/9948fbd4592d4a2397eb0821be6f4acf/roles/08124484d2e24e7fb57d664edd711e88 0.196s
2024-10-29 20:54:44.267 62253 INFO tempest.lib.common.rest_client [req-868b3264-8683-4587-bdda-1428cab5d37b req-868b3264-8683-4587-bdda-1428cab5d37b ] Request (KeyPairsV22TestJSON:test_keypairs_create_list_delete): 201 POST http://10.180.1.21/compute/v2.1/os-keypairs 1.510s
2024-10-29 20:54:44.339 62247 INFO tempest.lib.common.rest_client [req-99e49ab3-f705-4670-93a3-cf2cb1bbed53 req-99e49ab3-f705-4670-93a3-cf2cb1bbed53 ] Request (VolumesAssistedSnapshotsTest:test_volume_assisted_snapshot_create_delete): 200 GET http://10.180.1.21/volume/v3/volumes/dde2eb57-13e7-413c-9cf8-6211c1667754 0.095s
2024-10-29 20:54:44.353 62239 INFO tempest.lib.common.rest_client [req-bc33dc3d-20fe-4071-832b-77625bfb89e3 req-bc33dc3d-20fe-4071-832b-77625bfb89e3 ] Request (QuotasAdminNegativeTest:test_create_server_when_memory_quota_is_full): 200 PUT http://10.180.1.21/compute/v2.1/os-quota-sets/e72d898b0ace44498e7ac3257e4d2882 1.768s
2024-10-29 20:54:44.365 62245 INFO tempest.lib.common.rest_client [req-6311726b-a2b8-4f45-be23-aca583fe4083 req-6311726b-a2b8-4f45-be23-aca583fe4083 ] Request (AggregatesAdminNegativeTestJSON:test_aggregate_create_as_user): 403 POST http://10.180.1.21/compute/v2.1/os-aggregates 1.581s
2024-10-29 20:54:44.403 62265 INFO tempest.lib.common.rest_client [req-d809b34a-e429-43d6-8b34-ad199230767a req-d809b34a-e429-43d6-8b34-ad199230767a ] Request (SecurityGroupsTestAdminJSON:setUpClass): 204 PUT http://10.180.1.21/identity/v3/projects/53f9306693b24933963dc279f2cb91d1/users/c0e4dcfc9263437b840043fa0474ec17/roles/08124484d2e24e7fb57d664edd711e88 0.287s
2024-10-29 20:54:44.421 62237 INFO tempest.lib.common.rest_client [req-3e32242f-5ef9-431a-8880-9fab67943e81 req-3e32242f-5ef9-431a-8880-9fab67943e81 ] Request (AttachVolumeShelveTestJSON:setUpClass): 201 POST http://10.180.1.21/identity/v3/projects 0.216s
2024-10-29 20:54:44.477 62251 INFO tempest.lib.common.rest_client [req-f259a550-4124-47a0-b8e1-a97d6a29d417 req-f259a550-4124-47a0-b8e1-a97d6a29d417 ] Request (InstanceActionsV221TestJSON:setUpClass): 201 POST http://10.180.1.21/identity/v3/auth/tokens 0.237s
2024-10-29 20:54:44.490 62273 INFO tempest.lib.common.rest_client [req-14cbc034-de6a-45de-b1b7-064fe9bee8fe req-14cbc034-de6a-45de-b1b7-064fe9bee8fe ] Request (ServerDiagnosticsV248Test:setUpClass): 200 GET http://10.180.1.21/identity/v3/roles 0.233s
2024-10-29 20:54:44.532 62275 INFO tempest.lib.common.rest_client [req-c6c44317-9dd6-441f-b99b-22dbac16d89b req-c6c44317-9dd6-441f-b99b-22dbac16d89b ] Request (QuotasAdminTestV236:setUpClass): 200 GET http://10.180.1.21/identity/v3/domains?name=Default 0.299s
2024-10-29 20:54:44.588 62267 INFO tempest.lib.common.rest_client [req-ca88d82a-d9b8-4fc6-a11a-295ffdadaab9 req-ca88d82a-d9b8-4fc6-a11a-295ffdadaab9 ] Request (ServersWithSpecificFlavorTestJSON:test_verify_created_server_ephemeral_disk): 201 POST http://10.180.1.21/identity/v3/auth/tokens 0.317s
2024-10-29 20:54:44.588 62267 INFO tempest.lib.common.fixed_network [-] (ServersWithSpecificFlavorTestJSON:test_verify_created_server_ephemeral_disk) Found network {'id': '4f3305ea-3e33-4f26-86d4-2e912203047f', 'name': 'tempest-ServersWithSpecificFlavorTestJSON-1087698736-network', 'tenant_id': '0a3b081e49bc420c8488bcb8061bcc27', 'admin_state_up': True, 'mtu': 8950, 'status': 'ACTIVE', 'subnets': [], 'shared': False, 'project_id': '0a3b081e49bc420c8488bcb8061bcc27', 'port_security_enabled': True, 'router:external': False, 'provider:network_type': 'vlan', 'provider:physical_network': 'default', 'provider:segmentation_id': 571, 'availability_zone_hints': [], 'availability_zones': [], 'ipv4_address_scope': None, 'ipv6_address_scope': None, 'description': '', 'tags': [], 'created_at': '2024-10-29T20:54:17Z', 'updated_at': '2024-10-29T20:54:17Z', 'revision_number': 1} available for tenant
2024-10-29 20:54:44.640 62239 INFO tempest.lib.common.rest_client [req-2e20cccc-27fe-4925-aa83-f0758be35d1a req-2e20cccc-27fe-4925-aa83-f0758be35d1a ] Request (QuotasAdminNegativeTest:test_create_server_when_memory_quota_is_full): 201 POST http://10.180.1.21/identity/v3/auth/tokens 0.275s
2024-10-29 20:54:44.640 62239 INFO tempest.lib.common.fixed_network [-] (QuotasAdminNegativeTest:test_create_server_when_memory_quota_is_full) Found network None available for tenant
2024-10-29 20:54:44.653 62265 INFO tempest.lib.common.rest_client [req-52b63bf0-2668-4626-ae51-7f677eda91cb req-52b63bf0-2668-4626-ae51-7f677eda91cb ] Request (SecurityGroupsTestAdminJSON:setUpClass): 200 GET http://10.180.1.21/identity/v3/roles 0.249s
2024-10-29 20:54:44.655 62279 INFO tempest.lib.common.rest_client [req-3173cee3-507c-465d-819c-9df28aca49c9 req-3173cee3-507c-465d-819c-9df28aca49c9 ] Request (FlavorsExtraSpecsTestJSON:tearDownClass): 200 GET http://10.180.1.21:9696/networking/v2.0/security-groups?tenant_id=4d27cac85ab2478d9e6a235b25f357b3&name=default 0.792s
2024-10-29 20:54:44.677 62237 INFO tempest.lib.common.rest_client [req-29108e0c-c1bb-4a77-9bf8-ef534769034c req-29108e0c-c1bb-4a77-9bf8-ef534769034c ] Request (AttachVolumeShelveTestJSON:setUpClass): 201 POST http://10.180.1.21/identity/v3/users 0.256s
2024-10-29 20:54:44.690 62251 INFO tempest.lib.common.rest_client [req-9bf57d0a-9cfe-4584-bd66-fd9c7e638c56 req-9bf57d0a-9cfe-4584-bd66-fd9c7e638c56 ] Request (InstanceActionsV221TestJSON:setUpClass): 200 GET http://10.180.1.21/identity/v3/domains?name=Default 0.212s
2024-10-29 20:54:44.691 62261 INFO tempest.lib.common.rest_client [req-a6648dc7-e4c1-4d04-bcea-7295298a9b9f req-a6648dc7-e4c1-4d04-bcea-7295298a9b9f ] Request (ListImageFiltersTestJSON:setUpClass): 201 POST http://10.180.1.21/image/v2/images 1.709s
2024-10-29 20:54:44.693 62242 INFO tempest.lib.common.rest_client [req-1a7ffc2a-841b-4c95-bbe5-73bcb4a37933 req-1a7ffc2a-841b-4c95-bbe5-73bcb4a37933 ] Request (ServersAdminTestJSON:setUpClass): 200 GET http://10.180.1.21/compute/v2.1/servers/9b3b4b80-9de4-4e59-b211-38bc8d9caeae 1.828s
2024-10-29 20:54:44.697 62273 INFO tempest.lib.common.rest_client [req-273c5402-2b4d-4195-a1c9-9589e6498ac6 req-273c5402-2b4d-4195-a1c9-9589e6498ac6 ] Request (ServerDiagnosticsV248Test:setUpClass): 204 PUT http://10.180.1.21/identity/v3/projects/6d60b5ffbec74aefb96f4f718859f846/users/9948fbd4592d4a2397eb0821be6f4acf/roles/08124484d2e24e7fb57d664edd711e88 0.207s
2024-10-29 20:54:44.698 62273 INFO tempest.lib.common.dynamic_creds [-] Dynamic test user 9948fbd4592d4a2397eb0821be6f4acf is created with scope project and roles: ['admin']
2024-10-29 20:54:44.698 62273 INFO tempest.lib.common.dynamic_creds [-] Acquired dynamic creds: credentials: Credentials: {'domain_id': 'default', 'domain_name': 'Default', 'username': 'tempest-ServerDiagnosticsV248Test-2108047383-project-admin', 'project_domain_id': 'default', 'project_domain_name': 'Default', 'project_id': '6d60b5ffbec74aefb96f4f718859f846', 'project_name': 'tempest-ServerDiagnosticsV248Test-2108047383', 'tenant_id': '6d60b5ffbec74aefb96f4f718859f846', 'tenant_name': 'tempest-ServerDiagnosticsV248Test-2108047383', 'user_domain_id': 'default', 'user_domain_name': 'Default', 'user_id': '9948fbd4592d4a2397eb0821be6f4acf', 'system': None}, Network: None, Subnet: None, Router: None
2024-10-29 20:54:44.698 62273 INFO tempest.lib.common.dynamic_creds [-] Created isolated network resources for: credentials: Credentials: {'domain_id': 'default', 'domain_name': 'Default', 'username': 'tempest-ServerDiagnosticsV248Test-2108047383-project-admin', 'project_domain_id': 'default', 'project_domain_name': 'Default', 'project_id': '6d60b5ffbec74aefb96f4f718859f846', 'project_name': 'tempest-ServerDiagnosticsV248Test-2108047383', 'tenant_id': '6d60b5ffbec74aefb96f4f718859f846', 'tenant_name': 'tempest-ServerDiagnosticsV248Test-2108047383', 'user_domain_id': 'default', 'user_domain_name': 'Default', 'user_id': '9948fbd4592d4a2397eb0821be6f4acf', 'system': None}, Network: None, Subnet: None, Router: None
2024-10-29 20:54:44.703 62242 INFO tempest.common.waiters [-] State transition "BUILD/None" ==> "BUILD/spawning" after 10 second wait
2024-10-29 20:54:44.749 62265 INFO tempest.lib.common.rest_client [req-9ecd9934-e711-4a49-bce3-5dae77ee4eef req-9ecd9934-e711-4a49-bce3-5dae77ee4eef ] Request (SecurityGroupsTestAdminJSON:setUpClass): 204 PUT http://10.180.1.21/identity/v3/projects/53f9306693b24933963dc279f2cb91d1/users/c0e4dcfc9263437b840043fa0474ec17/roles/08124484d2e24e7fb57d664edd711e88 0.096s
2024-10-29 20:54:44.750 62265 INFO tempest.lib.common.dynamic_creds [-] Dynamic test user c0e4dcfc9263437b840043fa0474ec17 is created with scope project and roles: ['admin']
2024-10-29 20:54:44.750 62265 INFO tempest.lib.common.dynamic_creds [-] Acquired dynamic creds: credentials: Credentials: {'domain_id': 'default', 'domain_name': 'Default', 'username': 'tempest-SecurityGroupsTestAdminJSON-1920409195-project-admin', 'project_domain_id': 'default', 'project_domain_name': 'Default', 'project_id': '53f9306693b24933963dc279f2cb91d1', 'project_name': 'tempest-SecurityGroupsTestAdminJSON-1920409195', 'tenant_id': '53f9306693b24933963dc279f2cb91d1', 'tenant_name': 'tempest-SecurityGroupsTestAdminJSON-1920409195', 'user_domain_id': 'default', 'user_domain_name': 'Default', 'user_id': 'c0e4dcfc9263437b840043fa0474ec17', 'system': None}, Network: None, Subnet: None, Router: None
2024-10-29 20:54:44.750 62265 INFO tempest.lib.common.dynamic_creds [-] Created isolated network resources for: credentials: Credentials: {'domain_id': 'default', 'domain_name': 'Default', 'username': 'tempest-SecurityGroupsTestAdminJSON-1920409195-project-admin', 'project_domain_id': 'default', 'project_domain_name': 'Default', 'project_id': '53f9306693b24933963dc279f2cb91d1', 'project_name': 'tempest-SecurityGroupsTestAdminJSON-1920409195', 'tenant_id': '53f9306693b24933963dc279f2cb91d1', 'tenant_name': 'tempest-SecurityGroupsTestAdminJSON-1920409195', 'user_domain_id': 'default', 'user_domain_name': 'Default', 'user_id': 'c0e4dcfc9263437b840043fa0474ec17', 'system': None}, Network: None, Subnet: None, Router: None
2024-10-29 20:54:44.765 62275 INFO tempest.lib.common.rest_client [req-2623b90a-b6eb-4725-84a4-4a54475f0ba0 req-2623b90a-b6eb-4725-84a4-4a54475f0ba0 ] Request (QuotasAdminTestV236:setUpClass): 201 POST http://10.180.1.21/identity/v3/projects 0.232s
2024-10-29 20:54:44.840 62251 INFO tempest.lib.common.rest_client [req-8c1bfdce-3ea2-462b-adf6-ef12c650ca55 req-8c1bfdce-3ea2-462b-adf6-ef12c650ca55 ] Request (InstanceActionsV221TestJSON:setUpClass): 201 POST http://10.180.1.21/identity/v3/projects 0.150s
2024-10-29 20:54:44.840 62243 INFO tempest.lib.common.rest_client [req-081f3307-1f9f-44be-8284-4038e3f3538e req-081f3307-1f9f-44be-8284-4038e3f3538e ] Request (FloatingIPDetailsTestJSON:setUpClass): 201 POST http://10.180.1.21:9696/networking/v2.0/networks 1.396s
2024-10-29 20:54:44.861 62237 INFO tempest.lib.common.rest_client [req-e881a7ca-cc58-49a1-9899-b501d4b8b634 req-e881a7ca-cc58-49a1-9899-b501d4b8b634 ] Request (AttachVolumeShelveTestJSON:setUpClass): 200 GET http://10.180.1.21/identity/v3/roles 0.183s
2024-10-29 20:54:44.928 62273 INFO tempest.lib.common.rest_client [req-420136f1-038b-463e-8747-cfa5bc373d39 req-420136f1-038b-463e-8747-cfa5bc373d39 ] Request (ServerDiagnosticsV248Test:setUpClass): 201 POST http://10.180.1.21/identity/v3/auth/tokens 0.224s
2024-10-29 20:54:44.939 62265 INFO tempest.lib.common.rest_client [req-a1a79106-15c8-4ef6-a32a-df205886cf30 req-a1a79106-15c8-4ef6-a32a-df205886cf30 ] Request (SecurityGroupsTestAdminJSON:setUpClass): 201 POST http://10.180.1.21/identity/v3/auth/tokens 0.184s
2024-10-29 20:54:44.980 62275 INFO tempest.lib.common.rest_client [req-203e5ddf-9384-4a22-922d-9a8a6a440e7c req-203e5ddf-9384-4a22-922d-9a8a6a440e7c ] Request (QuotasAdminTestV236:setUpClass): 201 POST http://10.180.1.21/identity/v3/users 0.214s
2024-10-29 20:54:44.993 62251 INFO tempest.lib.common.rest_client [req-d915d843-1d33-4976-824d-831422f096fd req-d915d843-1d33-4976-824d-831422f096fd ] Request (InstanceActionsV221TestJSON:setUpClass): 201 POST http://10.180.1.21/identity/v3/users 0.152s
2024-10-29 20:54:45.009 62237 INFO tempest.lib.common.rest_client [req-daa6f685-69ae-4a85-8e81-20b736fb302b req-daa6f685-69ae-4a85-8e81-20b736fb302b ] Request (AttachVolumeShelveTestJSON:setUpClass): 204 PUT http://10.180.1.21/identity/v3/projects/7779372a20e04d10b28d4ff9b784b689/users/363828c32a204f83b05e8492eb177098/roles/5cb5163afc8a4a5ba403535bd5b36bbc 0.147s
2024-10-29 20:54:45.009 62237 INFO tempest.lib.common.dynamic_creds [-] Dynamic test user 363828c32a204f83b05e8492eb177098 is created with scope project and roles: ['member']
2024-10-29 20:54:45.009 62237 INFO tempest.lib.common.dynamic_creds [-] Acquired dynamic creds: credentials: Credentials: {'domain_id': 'default', 'domain_name': 'Default', 'username': 'tempest-AttachVolumeShelveTestJSON-180222380-project-member', 'project_domain_id': 'default', 'project_domain_name': 'Default', 'project_id': '7779372a20e04d10b28d4ff9b784b689', 'project_name': 'tempest-AttachVolumeShelveTestJSON-180222380', 'tenant_id': '7779372a20e04d10b28d4ff9b784b689', 'tenant_name': 'tempest-AttachVolumeShelveTestJSON-180222380', 'user_domain_id': 'default', 'user_domain_name': 'Default', 'user_id': '363828c32a204f83b05e8492eb177098', 'system': None}, Network: None, Subnet: None, Router: None
2024-10-29 20:54:45.061 62273 INFO tempest.lib.common.rest_client [req-a020efb1-88d4-426c-8e1d-9818186d3c35 req-a020efb1-88d4-426c-8e1d-9818186d3c35 ] Request (ServerDiagnosticsV248Test:test_get_server_diagnostics): 201 POST http://10.180.1.21/identity/v3/auth/tokens 0.129s
2024-10-29 20:54:45.062 62273 INFO tempest.lib.common.fixed_network [-] (ServerDiagnosticsV248Test:test_get_server_diagnostics) Found network None available for tenant
2024-10-29 20:54:45.078 62275 INFO tempest.lib.common.rest_client [req-d503a8ba-4393-4646-b605-17d9398754a7 req-d503a8ba-4393-4646-b605-17d9398754a7 ] Request (QuotasAdminTestV236:setUpClass): 200 GET http://10.180.1.21/identity/v3/roles 0.098s
2024-10-29 20:54:45.089 62251 INFO tempest.lib.common.rest_client [req-ab39b00c-944b-4a09-9283-1f531455b29d req-ab39b00c-944b-4a09-9283-1f531455b29d ] Request (InstanceActionsV221TestJSON:setUpClass): 200 GET http://10.180.1.21/identity/v3/roles 0.096s
2024-10-29 20:54:45.093 62271 INFO tempest.lib.common.rest_client [req-e7eb527a-7d2c-4c37-afae-00399c30b935 req-e7eb527a-7d2c-4c37-afae-00399c30b935 ] Request (VolumesAdminNegativeTest:setUpClass): 201 POST http://10.180.1.21:9696/networking/v2.0/routers 2.343s
2024-10-29 20:54:45.103 62237 INFO tempest.lib.common.rest_client [req-bf5ddfaf-a52a-4fe6-908c-0bddd6471377 req-bf5ddfaf-a52a-4fe6-908c-0bddd6471377 ] Request (AttachVolumeShelveTestJSON:setUpClass): 201 POST http://10.180.1.21/identity/v3/auth/tokens 0.093s
2024-10-29 20:54:45.133 62275 INFO tempest.lib.common.rest_client [req-e2ecaab5-9fa9-4bb1-b245-a6ab86ade77e req-e2ecaab5-9fa9-4bb1-b245-a6ab86ade77e ] Request (QuotasAdminTestV236:setUpClass): 204 PUT http://10.180.1.21/identity/v3/projects/e5ca4a72535846f3af994422da6b9de0/users/d1a5081e147e41a9876d36804f2809bb/roles/5cb5163afc8a4a5ba403535bd5b36bbc 0.054s
2024-10-29 20:54:45.134 62275 INFO tempest.lib.common.dynamic_creds [-] Dynamic test user d1a5081e147e41a9876d36804f2809bb is created with scope project and roles: ['member']
2024-10-29 20:54:45.134 62251 INFO tempest.lib.common.rest_client [req-81771318-8c11-456f-a34a-8b8115196441 req-81771318-8c11-456f-a34a-8b8115196441 ] Request (InstanceActionsV221TestJSON:setUpClass): 204 PUT http://10.180.1.21/identity/v3/projects/27923c4893664216bb7529d6b9879154/users/43a80d1cea644af6ba3aa72cb78aae8e/roles/5cb5163afc8a4a5ba403535bd5b36bbc 0.043s
2024-10-29 20:54:45.134 62275 INFO tempest.lib.common.dynamic_creds [-] Acquired dynamic creds: credentials: Credentials: {'domain_id': 'default', 'domain_name': 'Default', 'username': 'tempest-QuotasAdminTestV236-285528556-project-member', 'project_domain_id': 'default', 'project_domain_name': 'Default', 'project_id': 'e5ca4a72535846f3af994422da6b9de0', 'project_name': 'tempest-QuotasAdminTestV236-285528556', 'tenant_id': 'e5ca4a72535846f3af994422da6b9de0', 'tenant_name': 'tempest-QuotasAdminTestV236-285528556', 'user_domain_id': 'default', 'user_domain_name': 'Default', 'user_id': 'd1a5081e147e41a9876d36804f2809bb', 'system': None}, Network: None, Subnet: None, Router: None
2024-10-29 20:54:45.134 62251 INFO tempest.lib.common.dynamic_creds [-] Dynamic test user 43a80d1cea644af6ba3aa72cb78aae8e is created with scope project and roles: ['member']
2024-10-29 20:54:45.134 62275 INFO tempest.lib.common.dynamic_creds [-] Created isolated network resources for: credentials: Credentials: {'domain_id': 'default', 'domain_name': 'Default', 'username': 'tempest-QuotasAdminTestV236-285528556-project-member', 'project_domain_id': 'default', 'project_domain_name': 'Default', 'project_id': 'e5ca4a72535846f3af994422da6b9de0', 'project_name': 'tempest-QuotasAdminTestV236-285528556', 'tenant_id': 'e5ca4a72535846f3af994422da6b9de0', 'tenant_name': 'tempest-QuotasAdminTestV236-285528556', 'user_domain_id': 'default', 'user_domain_name': 'Default', 'user_id': 'd1a5081e147e41a9876d36804f2809bb', 'system': None}, Network: None, Subnet: None, Router: None
2024-10-29 20:54:45.134 62251 INFO tempest.lib.common.dynamic_creds [-] Acquired dynamic creds: credentials: Credentials: {'domain_id': 'default', 'domain_name': 'Default', 'username': 'tempest-InstanceActionsV221TestJSON-946819549-project-member', 'project_domain_id': 'default', 'project_domain_name': 'Default', 'project_id': '27923c4893664216bb7529d6b9879154', 'project_name': 'tempest-InstanceActionsV221TestJSON-946819549', 'tenant_id': '27923c4893664216bb7529d6b9879154', 'tenant_name': 'tempest-InstanceActionsV221TestJSON-946819549', 'user_domain_id': 'default', 'user_domain_name': 'Default', 'user_id': '43a80d1cea644af6ba3aa72cb78aae8e', 'system': None}, Network: None, Subnet: None, Router: None
2024-10-29 20:54:45.191 62251 INFO tempest.lib.common.rest_client [req-3034594f-d719-412a-8243-3ea9915aa802 req-3034594f-d719-412a-8243-3ea9915aa802 ] Request (InstanceActionsV221TestJSON:setUpClass): 201 POST http://10.180.1.21/identity/v3/auth/tokens 0.057s
2024-10-29 20:54:45.194 62279 INFO tempest.lib.common.rest_client [req-eef02769-916f-48cb-bffc-d85d7d2c5b16 req-eef02769-916f-48cb-bffc-d85d7d2c5b16 ] Request (FlavorsExtraSpecsTestJSON:tearDownClass): 204 DELETE http://10.180.1.21:9696/networking/v2.0/security-groups/c5b86e33-dcab-4494-bd4a-06ab5172babe 0.538s
2024-10-29 20:54:45.259 62275 INFO tempest.lib.common.rest_client [req-e7701afc-d253-4028-9915-a3ee84cafcf2 req-e7701afc-d253-4028-9915-a3ee84cafcf2 ] Request (QuotasAdminTestV236:setUpClass): 201 POST http://10.180.1.21/identity/v3/auth/tokens 0.120s
2024-10-29 20:54:45.291 62279 INFO tempest.lib.common.rest_client [req-fa35c993-e261-4b33-a728-9a388564182d req-fa35c993-e261-4b33-a728-9a388564182d ] Request (FlavorsExtraSpecsTestJSON:tearDownClass): 204 DELETE http://10.180.1.21/identity/v3/projects/4d27cac85ab2478d9e6a235b25f357b3 0.096s
2024-10-29 20:54:45.291 62279 INFO tempest.lib.common.dynamic_creds [-] Deleting project and security group for project: 70dc7f08978246f49d5e1a46161d0741
2024-10-29 20:54:45.309 62281 INFO tempest.lib.common.rest_client [req-e56b2c47-6438-4388-ab3c-1ac6f5042974 req-e56b2c47-6438-4388-ab3c-1ac6f5042974 ] Request (AttachInterfacesUnderV243Test:test_add_remove_fixed_ip): 200 GET http://10.180.1.21/compute/v2.1/servers/88c3e670-b97a-4797-8821-cc24d2d07115 2.299s
2024-10-29 20:54:45.393 62285 INFO tempest.lib.common.rest_client [req-6f38bacc-be21-40db-b599-30bbdf783e8c req-6f38bacc-be21-40db-b599-30bbdf783e8c ] Request (AttachInterfacesV270Test:test_create_get_list_interfaces): 202 POST http://10.180.1.21/compute/v2.1/servers 2.614s
2024-10-29 20:54:45.398 62247 INFO tempest.lib.common.rest_client [req-d323d66c-f5e3-408e-adae-85cb115df389 req-d323d66c-f5e3-408e-adae-85cb115df389 ] Request (VolumesAssistedSnapshotsTest:test_volume_assisted_snapshot_create_delete): 200 GET http://10.180.1.21/volume/v3/volumes/dde2eb57-13e7-413c-9cf8-6211c1667754 0.050s
2024-10-29 20:54:45.408 62247 INFO tempest.common.waiters [-] volume dde2eb57-13e7-413c-9cf8-6211c1667754 reached available after waiting for 1.408030 seconds
2024-10-29 20:54:45.411 62275 INFO tempest.lib.common.rest_client [req-0edd9d25-22f5-4ba9-a62f-89c560539f54 req-0edd9d25-22f5-4ba9-a62f-89c560539f54 ] Request (QuotasAdminTestV236:setUpClass): 201 POST http://10.180.1.21/identity/v3/projects 0.151s
2024-10-29 20:54:45.434 62225 INFO tempest.lib.common.rest_client [req-a87d1a49-7fbd-4cc4-a70a-24637c06f436 req-a87d1a49-7fbd-4cc4-a70a-24637c06f436 ] Request (MigrationsAdminTest:test_list_migrations_in_flavor_resize_situation): 200 GET http://10.180.1.21/compute/v2.1/servers/b15f2e60-9ea6-49ea-be71-6770d3f48e1d 2.324s
2024-10-29 20:54:45.505 62275 INFO tempest.lib.common.rest_client [req-dfca420b-06dd-458c-9fa6-8579f90a4d48 req-dfca420b-06dd-458c-9fa6-8579f90a4d48 ] Request (QuotasAdminTestV236:setUpClass): 201 POST http://10.180.1.21/identity/v3/users 0.093s
2024-10-29 20:54:45.512 62227 INFO tempest.lib.common.rest_client [req-54f1f213-4a97-4a6a-99af-1c7b1b57a2fe req-54f1f213-4a97-4a6a-99af-1c7b1b57a2fe ] Request (DeleteServersAdminTestJSON:test_admin_delete_servers_of_others): 200 GET http://10.180.1.21/compute/v2.1/servers/811de811-d683-44b4-9a25-33923f235e3e 2.303s
2024-10-29 20:54:45.523 62287 INFO tempest.lib.common.rest_client [req-f5141a0d-0bf1-487b-8bd0-3a033d80aa47 req-f5141a0d-0bf1-487b-8bd0-3a033d80aa47 ] Request (ServerActionsTestOtherB:setUpClass): 200 GET http://10.180.1.21/compute/v2.1/servers/287496bf-b981-41d5-81fc-791d793c244e 1.998s
2024-10-29 20:54:45.559 62275 INFO tempest.lib.common.rest_client [req-b07f2c04-aa79-49af-9a26-7b03e53292ba req-b07f2c04-aa79-49af-9a26-7b03e53292ba ] Request (QuotasAdminTestV236:setUpClass): 200 GET http://10.180.1.21/identity/v3/roles 0.053s
2024-10-29 20:54:45.594 62275 INFO tempest.lib.common.rest_client [req-e1c3ed09-a7cb-444c-b7da-5cb31368278d req-e1c3ed09-a7cb-444c-b7da-5cb31368278d ] Request (QuotasAdminTestV236:setUpClass): 204 PUT http://10.180.1.21/identity/v3/projects/c0ae1cc8b4034176ac37794a47a449e0/users/8b6a35225bcd4c928aa0ba2da79711b3/roles/08124484d2e24e7fb57d664edd711e88 0.035s
2024-10-29 20:54:45.658 62275 INFO tempest.lib.common.rest_client [req-90dc2285-f718-4b84-b721-bd1f887744ef req-90dc2285-f718-4b84-b721-bd1f887744ef ] Request (QuotasAdminTestV236:setUpClass): 200 GET http://10.180.1.21/identity/v3/roles 0.064s
2024-10-29 20:54:45.669 62259 INFO tempest.lib.common.rest_client [req-62f2f067-3221-4c01-83b2-a0d5eaae3d87 req-62f2f067-3221-4c01-83b2-a0d5eaae3d87 ] Request (ListImagesTestJSON:test_get_image): 200 GET http://10.180.1.21/compute/v2.1/images/2c021a64-f3a3-4b0a-8c90-b07440a3f3d8 2.068s
2024-10-29 20:54:45.699 62275 INFO tempest.lib.common.rest_client [req-68f0cf8c-2ea6-4220-98cb-6221c5fbf92e req-68f0cf8c-2ea6-4220-98cb-6221c5fbf92e ] Request (QuotasAdminTestV236:setUpClass): 204 PUT http://10.180.1.21/identity/v3/projects/c0ae1cc8b4034176ac37794a47a449e0/users/8b6a35225bcd4c928aa0ba2da79711b3/roles/08124484d2e24e7fb57d664edd711e88 0.040s
2024-10-29 20:54:45.699 62275 INFO tempest.lib.common.dynamic_creds [-] Dynamic test user 8b6a35225bcd4c928aa0ba2da79711b3 is created with scope project and roles: ['admin']
2024-10-29 20:54:45.699 62275 INFO tempest.lib.common.dynamic_creds [-] Acquired dynamic creds: credentials: Credentials: {'domain_id': 'default', 'domain_name': 'Default', 'username': 'tempest-QuotasAdminTestV236-1931701544-project-admin', 'project_domain_id': 'default', 'project_domain_name': 'Default', 'project_id': 'c0ae1cc8b4034176ac37794a47a449e0', 'project_name': 'tempest-QuotasAdminTestV236-1931701544', 'tenant_id': 'c0ae1cc8b4034176ac37794a47a449e0', 'tenant_name': 'tempest-QuotasAdminTestV236-1931701544', 'user_domain_id': 'default', 'user_domain_name': 'Default', 'user_id': '8b6a35225bcd4c928aa0ba2da79711b3', 'system': None}, Network: None, Subnet: None, Router: None
2024-10-29 20:54:45.700 62275 INFO tempest.lib.common.dynamic_creds [-] Created isolated network resources for: credentials: Credentials: {'domain_id': 'default', 'domain_name': 'Default', 'username': 'tempest-QuotasAdminTestV236-1931701544-project-admin', 'project_domain_id': 'default', 'project_domain_name': 'Default', 'project_id': 'c0ae1cc8b4034176ac37794a47a449e0', 'project_name': 'tempest-QuotasAdminTestV236-1931701544', 'tenant_id': 'c0ae1cc8b4034176ac37794a47a449e0', 'tenant_name': 'tempest-QuotasAdminTestV236-1931701544', 'user_domain_id': 'default', 'user_domain_name': 'Default', 'user_id': '8b6a35225bcd4c928aa0ba2da79711b3', 'system': None}, Network: None, Subnet: None, Router: None
2024-10-29 20:54:45.715 62231 INFO tempest.lib.common.rest_client [req-33f4a1f4-212c-4268-ab7a-58d8f2b9ef5a req-33f4a1f4-212c-4268-ab7a-58d8f2b9ef5a ] Request (QuotasAdminTestJSON:test_get_updated_quotas): 200 GET http://10.180.1.21/compute/v2.1/os-quota-sets/59a6cd7c0acd4b14bb0655f8edf13e70/detail 2.062s
2024-10-29 20:54:45.742 62263 INFO tempest.lib.common.rest_client [req-29a43238-240e-45b3-8071-edb91b552668 req-29a43238-240e-45b3-8071-edb91b552668 ] Request (FlavorsAdminTestJSON:_run_cleanups): 200 GET http://10.180.1.21/compute/v2.1/flavors/detail 1.945s
2024-10-29 20:54:45.764 62255 INFO tempest.lib.common.rest_client [req-215012b8-1369-4eac-aff4-c8022043c7d9 req-215012b8-1369-4eac-aff4-c8022043c7d9 ] Request (FlavorsAccessNegativeTestJSON:test_flavor_non_admin_remove): 200 POST http://10.180.1.21/compute/v2.1/flavors 1.936s
2024-10-29 20:54:45.771 62279 INFO tempest.lib.common.rest_client [req-7f323830-7c08-46e6-a38e-cedb385c4aa5 req-7f323830-7c08-46e6-a38e-cedb385c4aa5 ] Request (FlavorsExtraSpecsTestJSON:tearDownClass): 200 GET http://10.180.1.21:9696/networking/v2.0/security-groups?tenant_id=70dc7f08978246f49d5e1a46161d0741&name=default 0.480s
2024-10-29 20:54:45.795 62275 INFO tempest.lib.common.rest_client [req-b8c2c636-5d18-4285-ac3c-02eaa1824d50 req-b8c2c636-5d18-4285-ac3c-02eaa1824d50 ] Request (QuotasAdminTestV236:setUpClass): 201 POST http://10.180.1.21/identity/v3/auth/tokens 0.089s
2024-10-29 20:54:45.797 62257 INFO tempest.lib.common.rest_client [req-991ddc46-a7b2-4530-a4a9-9395a80ea446 req-991ddc46-a7b2-4530-a4a9-9395a80ea446 ] Request (ServerDiagnosticsNegativeTest:test_get_server_diagnostics_by_non_admin): 200 GET http://10.180.1.21/compute/v2.1/servers/b637fed5-951c-4e8e-95ae-410e1ec3ecc8 2.103s
2024-10-29 20:54:45.797 62275 WARNING tempest.lib.common.rest_client [-] Deprecated: "tenant_id" property is deprecated for removal, use "project_id" instead
2024-10-29 20:54:45.820 62243 INFO tempest.lib.common.rest_client [req-bf173302-ede7-44b3-8956-cf18c97a4d4d req-bf173302-ede7-44b3-8956-cf18c97a4d4d ] Request (FloatingIPDetailsTestJSON:setUpClass): 201 POST http://10.180.1.21:9696/networking/v2.0/subnets 0.979s
2024-10-29 20:54:45.836 62253 INFO tempest.lib.common.rest_client [req-050664a9-f7fa-489b-9c11-f81481c548ab req-050664a9-f7fa-489b-9c11-f81481c548ab ] Request (KeyPairsV22TestJSON:test_keypairs_create_list_delete): 200 GET http://10.180.1.21/compute/v2.1/os-keypairs 1.567s
2024-10-29 20:54:45.848 62231 INFO tempest.lib.common.rest_client [req-5c9d254e-82ab-4800-b3eb-e0f8ead7e1bc req-5c9d254e-82ab-4800-b3eb-e0f8ead7e1bc ] Request (QuotasAdminTestJSON:test_get_updated_quotas): 200 GET http://10.180.1.21/identity/v3/domains?name=Default 0.126s
2024-10-29 20:54:45.861 62277 INFO tempest.lib.common.rest_client [req-9baadd82-97cd-4936-bee4-31834cdb8b55 req-9baadd82-97cd-4936-bee4-31834cdb8b55 ] Request (FloatingIPsAssociationNegativeTestJSON:setUpClass): 200 GET http://10.180.1.21/compute/v2.1/servers/2c4e7c81-67fd-4c5f-9e96-7256c26b228a 1.988s
2024-10-29 20:54:45.864 62245 INFO tempest.lib.common.rest_client [req-2ee4a4ca-28e1-45c9-a71e-91a3da5b8f84 req-2ee4a4ca-28e1-45c9-a71e-91a3da5b8f84 ] Request (AggregatesAdminNegativeTestJSON:test_aggregate_create_with_existent_aggregate_name): 200 POST http://10.180.1.21/compute/v2.1/os-aggregates 1.497s
2024-10-29 20:54:45.875 62277 INFO tempest.common.waiters [-] State transition "BUILD/scheduling" ==> "BUILD/None" after 3 second wait
2024-10-29 20:54:45.888 62231 INFO tempest.lib.common.rest_client [req-3331c3f6-a7e7-4b43-9435-dd047c327c98 req-3331c3f6-a7e7-4b43-9435-dd047c327c98 ] Request (QuotasAdminTestJSON:test_get_updated_quotas): 201 POST http://10.180.1.21/identity/v3/users 0.039s
2024-10-29 20:54:45.907 62231 INFO tempest.lib.common.rest_client [req-74bdc7e2-43f6-4298-a62a-57e076b0f190 req-74bdc7e2-43f6-4298-a62a-57e076b0f190 ] Request (QuotasAdminTestJSON:test_get_updated_quotas): 200 GET http://10.180.1.21/identity/v3/domains?name=Default 0.018s
2024-10-29 20:54:45.919 62237 INFO tempest.lib.common.rest_client [req-369719f1-08c6-4161-8383-33b727f26f61 req-369719f1-08c6-4161-8383-33b727f26f61 ] Request (AttachVolumeShelveTestJSON:setUpClass): 201 POST http://10.180.1.21:9696/networking/v2.0/networks 0.816s
2024-10-29 20:54:45.965 62283 INFO tempest.lib.common.rest_client [req-a6584ee5-404c-4607-a147-0b4bb60f42a9 req-a6584ee5-404c-4607-a147-0b4bb60f42a9 ] Request (ServerExternalEventsTest:test_create_server_external_events): 200 GET http://10.180.1.21/compute/v2.1/servers/a054a98f-e7b4-422c-bd5b-4e478f4a94d2 1.328s
2024-10-29 20:54:46.123 62251 INFO tempest.lib.common.rest_client [req-37fef113-f457-4298-8373-68de4bb32fc9 req-37fef113-f457-4298-8373-68de4bb32fc9 ] Request (InstanceActionsV221TestJSON:setUpClass): 201 POST http://10.180.1.21:9696/networking/v2.0/networks 0.931s
2024-10-29 20:54:46.261 62239 INFO tempest.lib.common.rest_client [req-4a7bd666-09f3-46d4-a457-9eec8e36a349 req-4a7bd666-09f3-46d4-a457-9eec8e36a349 ] Request (QuotasAdminNegativeTest:test_create_server_when_memory_quota_is_full): 403 POST http://10.180.1.21/compute/v2.1/servers 1.620s
2024-10-29 20:54:46.348 62261 INFO tempest.lib.common.rest_client [req-2578c6dd-d035-4622-bbc9-4e51ecadcdf0 req-2578c6dd-d035-4622-bbc9-4e51ecadcdf0 ] Request (ListImageFiltersTestJSON:setUpClass): 204 PUT http://10.180.1.21/image/v2/images/f90f2093-c499-4df4-be59-d66759c0f4ba/file 0.655s
2024-10-29 20:54:46.398 62279 INFO tempest.lib.common.rest_client [req-dcd6d867-5c29-41d1-ba2d-515232650047 req-dcd6d867-5c29-41d1-ba2d-515232650047 ] Request (FlavorsExtraSpecsTestJSON:tearDownClass): 204 DELETE http://10.180.1.21:9696/networking/v2.0/security-groups/7d861c65-950c-4eea-bcf1-a0e125787f34 0.626s
2024-10-29 20:54:46.408 62237 INFO tempest.lib.common.rest_client [req-80b4ea26-d761-4a12-9f21-f474cacc6248 req-80b4ea26-d761-4a12-9f21-f474cacc6248 ] Request (AttachVolumeShelveTestJSON:setUpClass): 201 POST http://10.180.1.21:9696/networking/v2.0/subnets 0.488s
2024-10-29 20:54:46.521 62279 INFO tempest.lib.common.rest_client [req-6bc21663-97dd-47c1-9528-84b6a082cb4a req-6bc21663-97dd-47c1-9528-84b6a082cb4a ] Request (FlavorsExtraSpecsTestJSON:tearDownClass): 204 DELETE http://10.180.1.21/identity/v3/projects/70dc7f08978246f49d5e1a46161d0741 0.122s
2024-10-29 20:54:46.579 62233 INFO tempest.lib.common.rest_client [req-6986ed5f-6807-4e3b-8f7a-3acdcc0183ec req-6986ed5f-6807-4e3b-8f7a-3acdcc0183ec ] Request (ImagesNegativeTestJSON:test_create_image_from_deleted_server): 200 GET http://10.180.1.21/compute/v2.1/servers/43e272e2-9256-4535-882e-3954574d5485 1.795s
2024-10-29 20:54:46.585 62233 INFO tempest.common.waiters [-] State transition "BUILD/None" ==> "BUILD/spawning" after 10 second wait
2024-10-29 20:54:46.592 62279 INFO tempest.lib.common.rest_client [req-73ee3fd8-0d85-4929-8b74-64b11d8671a1 req-73ee3fd8-0d85-4929-8b74-64b11d8671a1 ] Request (SecurityGroupsTestJSON:setUpClass): 201 POST http://10.180.1.21/identity/v3/auth/tokens 0.070s
2024-10-29 20:54:46.630 62279 INFO tempest.lib.common.rest_client [req-d49d0944-e264-44d2-b00e-98da8f9959f2 req-d49d0944-e264-44d2-b00e-98da8f9959f2 ] Request (SecurityGroupsTestJSON:setUpClass): 201 POST http://10.180.1.21/identity/v3/auth/tokens 0.035s
2024-10-29 20:54:46.650 62279 INFO tempest.lib.common.rest_client [req-46685584-b33c-428f-940d-ccedaf2ac7c1 req-46685584-b33c-428f-940d-ccedaf2ac7c1 ] Request (SecurityGroupsTestJSON:setUpClass): 200 GET http://10.180.1.21/identity/v3/domains?name=Default 0.019s
2024-10-29 20:54:46.660 62251 INFO tempest.lib.common.rest_client [req-e4d6965e-6833-4676-981e-05d264ef15e8 req-e4d6965e-6833-4676-981e-05d264ef15e8 ] Request (InstanceActionsV221TestJSON:setUpClass): 201 POST http://10.180.1.21:9696/networking/v2.0/subnets 0.536s
2024-10-29 20:54:46.684 62279 INFO tempest.lib.common.rest_client [req-6732a8b8-7beb-4f39-8b54-ce6f5b09ad70 req-6732a8b8-7beb-4f39-8b54-ce6f5b09ad70 ] Request (SecurityGroupsTestJSON:setUpClass): 201 POST http://10.180.1.21/identity/v3/projects 0.033s
2024-10-29 20:54:46.743 62279 INFO tempest.lib.common.rest_client [req-3c334501-c92a-42ad-8518-d1ebc2669074 req-3c334501-c92a-42ad-8518-d1ebc2669074 ] Request (SecurityGroupsTestJSON:setUpClass): 201 POST http://10.180.1.21/identity/v3/users 0.058s
2024-10-29 20:54:46.763 62279 INFO tempest.lib.common.rest_client [req-be2f22c9-2ee1-4662-8d95-3c667857c184 req-be2f22c9-2ee1-4662-8d95-3c667857c184 ] Request (SecurityGroupsTestJSON:setUpClass): 200 GET http://10.180.1.21/identity/v3/roles 0.020s
2024-10-29 20:54:46.799 62279 INFO tempest.lib.common.rest_client [req-b813a636-0a1c-4e43-979c-a710cfe2e8d8 req-b813a636-0a1c-4e43-979c-a710cfe2e8d8 ] Request (SecurityGroupsTestJSON:setUpClass): 204 PUT http://10.180.1.21/identity/v3/projects/fccd6a0b4bcf4e778822d7bb88fcc8bc/users/934312112100440d8bbc689166b9d691/roles/5cb5163afc8a4a5ba403535bd5b36bbc 0.035s
2024-10-29 20:54:46.799 62279 INFO tempest.lib.common.dynamic_creds [-] Dynamic test user 934312112100440d8bbc689166b9d691 is created with scope project and roles: ['member']
2024-10-29 20:54:46.799 62279 INFO tempest.lib.common.dynamic_creds [-] Acquired dynamic creds: credentials: Credentials: {'domain_id': 'default', 'domain_name': 'Default', 'username': 'tempest-SecurityGroupsTestJSON-1659507719-project-member', 'project_domain_id': 'default', 'project_domain_name': 'Default', 'project_id': 'fccd6a0b4bcf4e778822d7bb88fcc8bc', 'project_name': 'tempest-SecurityGroupsTestJSON-1659507719', 'tenant_id': 'fccd6a0b4bcf4e778822d7bb88fcc8bc', 'tenant_name': 'tempest-SecurityGroupsTestJSON-1659507719', 'user_domain_id': 'default', 'user_domain_name': 'Default', 'user_id': '934312112100440d8bbc689166b9d691', 'system': None}, Network: None, Subnet: None, Router: None
2024-10-29 20:54:46.863 62279 INFO tempest.lib.common.rest_client [req-868fa4f5-0661-4b7a-ae5f-c99a82b34e3e req-868fa4f5-0661-4b7a-ae5f-c99a82b34e3e ] Request (SecurityGroupsTestJSON:setUpClass): 201 POST http://10.180.1.21/identity/v3/auth/tokens 0.063s
2024-10-29 20:54:47.231 62267 INFO tempest.lib.common.rest_client [req-086201a2-b7ef-4427-ab34-3979ca9133c5 req-086201a2-b7ef-4427-ab34-3979ca9133c5 ] Request (ServersWithSpecificFlavorTestJSON:test_verify_created_server_ephemeral_disk): 202 POST http://10.180.1.21/compute/v2.1/servers 2.642s
2024-10-29 20:54:47.457 62273 INFO tempest.lib.common.rest_client [req-b732987e-9e45-4634-8da3-382fa195f036 req-b732987e-9e45-4634-8da3-382fa195f036 ] Request (ServerDiagnosticsV248Test:test_get_server_diagnostics): 202 POST http://10.180.1.21/compute/v2.1/servers 2.394s
2024-10-29 20:54:47.681 62265 INFO tempest.lib.common.rest_client [req-1941b2be-d3a3-452b-bb6b-2bd70f6dabe9 req-1941b2be-d3a3-452b-bb6b-2bd70f6dabe9 ] Request (SecurityGroupsTestAdminJSON:test_list_security_groups_list_all_tenants_filter): 200 POST http://10.180.1.21/compute/v2.1/os-security-groups 2.740s
2024-10-29 20:54:47.790 62285 INFO tempest.lib.common.rest_client [req-04ba47e3-508a-4121-8589-dfb6e30341d5 req-04ba47e3-508a-4121-8589-dfb6e30341d5 ] Request (AttachInterfacesV270Test:test_create_get_list_interfaces): 200 GET http://10.180.1.21/compute/v2.1/servers/62413031-5c7a-498a-9aee-5d9015ef1574 2.396s
2024-10-29 20:54:47.806 62279 INFO tempest.lib.common.rest_client [req-f6505feb-870c-4911-ac9d-1620e0d76876 req-f6505feb-870c-4911-ac9d-1620e0d76876 ] Request (SecurityGroupsTestJSON:setUpClass): 201 POST http://10.180.1.21:9696/networking/v2.0/networks 0.943s
2024-10-29 20:54:47.894 62229 INFO tempest.lib.common.rest_client [req-1bae1684-c3b8-4d09-89ad-cd43e16d14c5 req-1bae1684-c3b8-4d09-89ad-cd43e16d14c5 ] Request (ServerPasswordTestJSON:setUpClass): 200 GET http://10.180.1.21/compute/v2.1/servers/722b2d1a-9b8a-4120-85ce-c15cddd46479 2.666s
2024-10-29 20:54:47.917 62247 INFO tempest.lib.common.rest_client [req-08601cf1-5107-4565-a707-03e1cfc712e2 req-08601cf1-5107-4565-a707-03e1cfc712e2 ] Request (VolumesAssistedSnapshotsTest:test_volume_assisted_snapshot_create_delete): 200 POST http://10.180.1.21/compute/v2.1/os-keypairs 2.508s
2024-10-29 20:54:47.971 62259 INFO tempest.lib.common.rest_client [req-1fdfe783-a570-4219-8e44-975998950f3d req-1fdfe783-a570-4219-8e44-975998950f3d ] Request (ListImagesTestJSON:test_list_images): 200 GET http://10.180.1.21/compute/v2.1/images 2.298s
2024-10-29 20:54:47.995 62263 INFO tempest.lib.common.rest_client [req-910ffda9-2d18-48da-a1e5-ea728367303f req-910ffda9-2d18-48da-a1e5-ea728367303f ] Request (FlavorsAdminTestJSON:test_create_list_flavor_without_extra_data): 200 POST http://10.180.1.21/compute/v2.1/flavors 2.245s
2024-10-29 20:54:48.005 62249 INFO tempest.lib.common.rest_client [req-b325b4c7-8f1d-4bce-920c-aaa4b4f75b84 req-b325b4c7-8f1d-4bce-920c-aaa4b4f75b84 ] Request (FloatingIPDetailsNegativeTestJSON:setUpClass): 200 PUT http://10.180.1.21:9696/networking/v2.0/routers/7d8aac2a-a98e-4a80-8557-0f884cd98e4d/add_router_interface 4.204s
2024-10-29 20:54:48.005 62249 INFO tempest.lib.common.dynamic_creds [-] Created isolated network resources for: credentials: Credentials: {'domain_id': 'default', 'domain_name': 'Default', 'username': 'tempest-FloatingIPDetailsNegativeTestJSON-1510764064-project-member', 'project_domain_id': 'default', 'project_domain_name': 'Default', 'project_id': '7e82a5072ada42b9b15360b5414eac68', 'project_name': 'tempest-FloatingIPDetailsNegativeTestJSON-1510764064', 'tenant_id': '7e82a5072ada42b9b15360b5414eac68', 'tenant_name': 'tempest-FloatingIPDetailsNegativeTestJSON-1510764064', 'user_domain_id': 'default', 'user_domain_name': 'Default', 'user_id': 'bfbef4d9fbd140a7a6571bf467f85a89', 'system': None}, Network: {'id': '3f3420ea-f4ac-4ba5-91b7-14ac59e73615', 'name': 'tempest-FloatingIPDetailsNegativeTestJSON-63059661-network', 'tenant_id': '7e82a5072ada42b9b15360b5414eac68', 'admin_state_up': True, 'mtu': 8950, 'status': 'ACTIVE', 'subnets': [], 'shared': False, 'project_id': '7e82a5072ada42b9b15360b5414eac68', 'port_security_enabled': True, 'router:external': False, 'provider:network_type': 'vlan', 'provider:physical_network': 'default', 'provider:segmentation_id': 271, 'availability_zone_hints': [], 'availability_zones': [], 'ipv4_address_scope': None, 'ipv6_address_scope': None, 'description': '', 'tags': [], 'created_at': '2024-10-29T20:54:37Z', 'updated_at': '2024-10-29T20:54:37Z', 'revision_number': 1}, Subnet: {'id': '88eca75b-be48-46cf-ac54-ff8ca54227f9', 'name': 'tempest-FloatingIPDetailsNegativeTestJSON-63059661-subnet', 'tenant_id': '7e82a5072ada42b9b15360b5414eac68', 'network_id': '3f3420ea-f4ac-4ba5-91b7-14ac59e73615', 'ip_version': 4, 'subnetpool_id': None, 'enable_dhcp': True, 'ipv6_ra_mode': None, 'ipv6_address_mode': None, 'gateway_ip': '192.168.128.1', 'cidr': '192.168.128.0/28', 'allocation_pools': [{'start': '192.168.128.2', 'end': '192.168.128.14'}], 'host_routes': [], 'dns_nameservers': [], 'description': '', 'router:external': False, 'service_types': [], 'tags': [], 'created_at': '2024-10-29T20:54:38Z', 'updated_at': '2024-10-29T20:54:38Z', 'revision_number': 0, 'project_id': '7e82a5072ada42b9b15360b5414eac68'}, Router: {'id': '7d8aac2a-a98e-4a80-8557-0f884cd98e4d', 'name': 'tempest-FloatingIPDetailsNegativeTestJSON-63059661-router', 'tenant_id': '7e82a5072ada42b9b15360b5414eac68', 'admin_state_up': True, 'status': 'ACTIVE', 'external_gateway_info': {'network_id': '02cd1c13-5ac1-464a-b365-cf85a57716a0', 'external_fixed_ips': [{'subnet_id': 'b2f3676d-474e-4be3-87ac-93080cf54383', 'ip_address': '10.180.180.158'}], 'enable_snat': True}, 'description': '', 'availability_zones': [], 'distributed': False, 'ha': False, 'availability_zone_hints': [], 'routes': [], 'flavor_id': None, 'tags': [], 'created_at': '2024-10-29T20:54:40Z', 'updated_at': '2024-10-29T20:54:42Z', 'revision_number': 2, 'project_id': '7e82a5072ada42b9b15360b5414eac68'}
2024-10-29 20:54:48.088 62255 INFO tempest.lib.common.rest_client [req-b6114e68-ef2c-4194-9743-1697b5a860a1 req-b6114e68-ef2c-4194-9743-1697b5a860a1 ] Request (FlavorsAccessNegativeTestJSON:test_flavor_non_admin_remove): 200 POST http://10.180.1.21/compute/v2.1/flavors/383077714/action 2.322s
2024-10-29 20:54:48.094 62249 INFO tempest.lib.common.rest_client [req-2a0221b7-c9e1-4744-ac54-2056fdf8caf8 req-2a0221b7-c9e1-4744-ac54-2056fdf8caf8 ] Request (FloatingIPDetailsNegativeTestJSON:setUpClass): 201 POST http://10.180.1.21/identity/v3/auth/tokens 0.085s
2024-10-29 20:54:48.102 62253 INFO tempest.lib.common.rest_client [req-111e7807-90e8-4e04-9aa7-9e99c4da00c9 req-111e7807-90e8-4e04-9aa7-9e99c4da00c9 ] Request (KeyPairsV22TestJSON:_run_cleanups): 204 DELETE http://10.180.1.21/compute/v2.1/os-keypairs/tempest-KeyPairsV22TestJSON-keypair-876479527 2.264s
2024-10-29 20:54:48.116 62245 INFO tempest.lib.common.rest_client [req-c87030e0-83cd-4cf7-8f3d-936f6c987eaf req-c87030e0-83cd-4cf7-8f3d-936f6c987eaf ] Request (AggregatesAdminNegativeTestJSON:test_aggregate_create_with_existent_aggregate_name): 409 POST http://10.180.1.21/compute/v2.1/os-aggregates 2.247s
2024-10-29 20:54:48.237 62231 INFO tempest.lib.common.rest_client [req-f9ed42fd-71ce-49ce-b1b1-8747ebb803b9 req-f9ed42fd-71ce-49ce-b1b1-8747ebb803b9 ] Request (QuotasAdminTestJSON:test_get_updated_quotas): 200 PUT http://10.180.1.21/compute/v2.1/os-quota-sets/59a6cd7c0acd4b14bb0655f8edf13e70?user_id=8a69c5360c044ec3b539795589dd41db 2.330s
2024-10-29 20:54:48.255 62247 INFO tempest.lib.common.rest_client [req-d2db4950-e41c-4837-9be8-f59f1881d309 req-d2db4950-e41c-4837-9be8-f59f1881d309 ] Request (VolumesAssistedSnapshotsTest:test_volume_assisted_snapshot_create_delete): 201 POST http://10.180.1.21:9696/networking/v2.0/security-groups 0.336s
2024-10-29 20:54:48.258 62271 INFO tempest.lib.common.rest_client [req-ae42c66f-ab97-4267-9e73-4043bc156fdb req-ae42c66f-ab97-4267-9e73-4043bc156fdb ] Request (VolumesAdminNegativeTest:setUpClass): 200 PUT http://10.180.1.21:9696/networking/v2.0/routers/2a676ee0-800f-40ea-bba2-b653a868fd8a/add_router_interface 3.164s
2024-10-29 20:54:48.259 62271 INFO tempest.lib.common.dynamic_creds [-] Created isolated network resources for: credentials: Credentials: {'domain_id': 'default', 'domain_name': 'Default', 'username': 'tempest-VolumesAdminNegativeTest-629101252-project-member', 'project_domain_id': 'default', 'project_domain_name': 'Default', 'project_id': '88d7eaa5f4574a67a038ce9e91650338', 'project_name': 'tempest-VolumesAdminNegativeTest-629101252', 'tenant_id': '88d7eaa5f4574a67a038ce9e91650338', 'tenant_name': 'tempest-VolumesAdminNegativeTest-629101252', 'user_domain_id': 'default', 'user_domain_name': 'Default', 'user_id': '1d6b2b442f324db1953ff5602a8865dd', 'system': None}, Network: {'id': '873e263b-3388-4e9d-b693-3981042a233b', 'name': 'tempest-VolumesAdminNegativeTest-86213188-network', 'tenant_id': '88d7eaa5f4574a67a038ce9e91650338', 'admin_state_up': True, 'mtu': 8950, 'status': 'ACTIVE', 'subnets': [], 'shared': False, 'project_id': '88d7eaa5f4574a67a038ce9e91650338', 'port_security_enabled': True, 'router:external': False, 'provider:network_type': 'vlan', 'provider:physical_network': 'default', 'provider:segmentation_id': 228, 'availability_zone_hints': [], 'availability_zones': [], 'ipv4_address_scope': None, 'ipv6_address_scope': None, 'description': '', 'tags': [], 'created_at': '2024-10-29T20:54:41Z', 'updated_at': '2024-10-29T20:54:41Z', 'revision_number': 1}, Subnet: {'id': '8ddd4c81-8ce9-4bd1-be2c-78a945a4ca8d', 'name': 'tempest-VolumesAdminNegativeTest-86213188-subnet', 'tenant_id': '88d7eaa5f4574a67a038ce9e91650338', 'network_id': '873e263b-3388-4e9d-b693-3981042a233b', 'ip_version': 4, 'subnetpool_id': None, 'enable_dhcp': True, 'ipv6_ra_mode': None, 'ipv6_address_mode': None, 'gateway_ip': '192.168.128.1', 'cidr': '192.168.128.0/28', 'allocation_pools': [{'start': '192.168.128.2', 'end': '192.168.128.14'}], 'host_routes': [], 'dns_nameservers': [], 'description': '', 'router:external': False, 'service_types': [], 'tags': [], 'created_at': '2024-10-29T20:54:41Z', 'updated_at': '2024-10-29T20:54:41Z', 'revision_number': 0, 'project_id': '88d7eaa5f4574a67a038ce9e91650338'}, Router: {'id': '2a676ee0-800f-40ea-bba2-b653a868fd8a', 'name': 'tempest-VolumesAdminNegativeTest-86213188-router', 'tenant_id': '88d7eaa5f4574a67a038ce9e91650338', 'admin_state_up': True, 'status': 'ACTIVE', 'external_gateway_info': {'network_id': '02cd1c13-5ac1-464a-b365-cf85a57716a0', 'external_fixed_ips': [{'subnet_id': 'b2f3676d-474e-4be3-87ac-93080cf54383', 'ip_address': '10.180.180.242'}], 'enable_snat': True}, 'description': '', 'availability_zones': [], 'distributed': False, 'ha': False, 'availability_zone_hints': [], 'routes': [], 'flavor_id': None, 'tags': [], 'created_at': '2024-10-29T20:54:42Z', 'updated_at': '2024-10-29T20:54:43Z', 'revision_number': 2, 'project_id': '88d7eaa5f4574a67a038ce9e91650338'}
2024-10-29 20:54:48.348 62271 INFO tempest.lib.common.rest_client [req-d86c7393-0e80-49fb-889f-6a1426806706 req-d86c7393-0e80-49fb-889f-6a1426806706 ] Request (VolumesAdminNegativeTest:setUpClass): 201 POST http://10.180.1.21/identity/v3/auth/tokens 0.086s
2024-10-29 20:54:48.355 62242 INFO tempest.lib.common.rest_client [req-66c91762-f680-4a64-866e-db7d47c205ca req-66c91762-f680-4a64-866e-db7d47c205ca ] Request (ServersAdminTestJSON:setUpClass): 200 GET http://10.180.1.21/compute/v2.1/servers/9b3b4b80-9de4-4e59-b211-38bc8d9caeae 2.651s
2024-10-29 20:54:48.386 62239 INFO tempest.lib.common.rest_client [req-9d4c7d32-1d7e-46d2-a277-f2e2ce036b76 req-9d4c7d32-1d7e-46d2-a277-f2e2ce036b76 ] Request (QuotasAdminNegativeTest:_run_cleanups): 200 PUT http://10.180.1.21/compute/v2.1/os-quota-sets/e72d898b0ace44498e7ac3257e4d2882 2.124s
2024-10-29 20:54:48.413 62271 INFO tempest.lib.common.rest_client [req-de0f70b3-6f04-4055-911f-5b10d1993ada req-de0f70b3-6f04-4055-911f-5b10d1993ada ] Request (VolumesAdminNegativeTest:setUpClass): 201 POST http://10.180.1.21/identity/v3/projects 0.065s
2024-10-29 20:54:48.428 62261 INFO tempest.lib.common.rest_client [req-df267e5b-a8d4-49ad-8b02-5697973e5436 req-df267e5b-a8d4-49ad-8b02-5697973e5436 ] Request (ListImageFiltersTestJSON:setUpClass): 200 GET http://10.180.1.21/compute/v2.1/images/f90f2093-c499-4df4-be59-d66759c0f4ba 2.079s
2024-10-29 20:54:48.480 62281 INFO tempest.lib.common.rest_client [req-48e2157e-a8c9-4f27-ada7-f55e17468bec req-48e2157e-a8c9-4f27-ada7-f55e17468bec ] Request (AttachInterfacesUnderV243Test:test_add_remove_fixed_ip): 200 GET http://10.180.1.21/compute/v2.1/servers/88c3e670-b97a-4797-8821-cc24d2d07115 2.161s
2024-10-29 20:54:48.509 62271 INFO tempest.lib.common.rest_client [req-d447362b-6cdd-44a5-b7a4-b94dd6a8dac3 req-d447362b-6cdd-44a5-b7a4-b94dd6a8dac3 ] Request (VolumesAdminNegativeTest:setUpClass): 201 POST http://10.180.1.21/identity/v3/users 0.095s
2024-10-29 20:54:48.517 62279 INFO tempest.lib.common.rest_client [req-6621acad-a65a-4f0e-8f08-65f820d05dab req-6621acad-a65a-4f0e-8f08-65f820d05dab ] Request (SecurityGroupsTestJSON:setUpClass): 201 POST http://10.180.1.21:9696/networking/v2.0/subnets 0.711s
2024-10-29 20:54:48.528 62225 INFO tempest.lib.common.rest_client [req-94162e1a-a4db-401d-963d-f9a1b5d5a463 req-94162e1a-a4db-401d-963d-f9a1b5d5a463 ] Request (MigrationsAdminTest:test_list_migrations_in_flavor_resize_situation): 200 GET http://10.180.1.21/compute/v2.1/servers/b15f2e60-9ea6-49ea-be71-6770d3f48e1d 2.081s
2024-10-29 20:54:48.540 62271 INFO tempest.lib.common.rest_client [req-465cf488-12d9-47b0-8197-7aba4a27f7f2 req-465cf488-12d9-47b0-8197-7aba4a27f7f2 ] Request (VolumesAdminNegativeTest:setUpClass): 200 GET http://10.180.1.21/identity/v3/roles 0.031s
