2024-10-29 20:54:41.244 62253 INFO tempest.lib.common.rest_client [req-557728c3-82af-4e54-bec3-ab702b981014 req-557728c3-82af-4e54-bec3-ab702b981014 ] Request (KeyPairsV22TestJSON:test_keypairs_create_list_delete): 201 POST http://10.180.1.21/compute/v2.1/os-keypairs 1.346s
2024-10-29 20:54:41.265 62237 INFO tempest.lib.common.rest_client [req-99c2302d-c0db-4ebf-aedf-526c1d17625e req-99c2302d-c0db-4ebf-aedf-526c1d17625e ] Request (ServerShowV263Test:setUpClass): 201 POST http://10.180.1.21/identity/v3/auth/tokens 0.142s
2024-10-29 20:54:41.266 62279 INFO tempest.lib.common.rest_client [req-c7026fda-7e13-465c-98ab-6f3ca54f69b7 req-c7026fda-7e13-465c-98ab-6f3ca54f69b7 ] Request (FlavorsExtraSpecsTestJSON:tearDownClass): 202 DELETE http://10.180.1.21/compute/v2.1/flavors/1741913116 1.357s
2024-10-29 20:54:41.272 62245 INFO tempest.lib.common.rest_client [req-b2f733b7-83d6-4c16-adca-48a47bf0dcad req-b2f733b7-83d6-4c16-adca-48a47bf0dcad ] Request (AggregatesAdminNegativeTestJSON:test_aggregate_create_aggregate_name_length_exceeds_255): 400 POST http://10.180.1.21/compute/v2.1/os-aggregates 1.346s
2024-10-29 20:54:41.314 62259 INFO tempest.lib.common.rest_client [req-dc26be1c-a608-4095-a3ff-1d6bd35a969b req-dc26be1c-a608-4095-a3ff-1d6bd35a969b ] Request (ServicesAdminNegativeV253TestJSON:tearDownClass): 200 GET http://10.180.1.21:9696/networking/v2.0/security-groups?tenant_id=8d48abff2ff2472b8619254ac5ef4e8a&name=default 0.671s
2024-10-29 20:54:41.381 62237 INFO tempest.lib.common.rest_client [req-94745a8f-d075-474d-9f52-9fb33849a4f4 req-94745a8f-d075-474d-9f52-9fb33849a4f4 ] Request (ServerShowV263Test:tearDownClass): 204 DELETE http://10.180.1.21/identity/v3/users/732682d1fc07474a8030c815857c55c6 0.113s
2024-10-29 20:54:41.429 62231 INFO tempest.lib.common.rest_client [req-e529e3f3-43ba-4308-a2de-ae4600a582df req-e529e3f3-43ba-4308-a2de-ae4600a582df ] Request (QuotasAdminTestJSON:test_get_default_quotas): 200 GET http://10.180.1.21/compute/v2.1/os-quota-sets/1ca33fbf7d304dbda978ea54a11b34e5/defaults 1.503s
2024-10-29 20:54:41.498 62231 INFO tempest.lib.common.rest_client [req-35def279-ce94-4e9e-96a2-b66cfeaa38cd req-35def279-ce94-4e9e-96a2-b66cfeaa38cd ] Request (QuotasAdminTestJSON:test_get_updated_quotas): 200 GET http://10.180.1.21/identity/v3/domains?name=Default 0.064s
2024-10-29 20:54:41.502 62237 INFO tempest.lib.common.rest_client [req-ff321d0f-55e0-4946-91a9-89ccbb2005c2 req-ff321d0f-55e0-4946-91a9-89ccbb2005c2 ] Request (ServerShowV263Test:tearDownClass): 204 DELETE http://10.180.1.21/identity/v3/users/2472d02dcf784e08a6f7722b0dcdf75d 0.121s
2024-10-29 20:54:41.502 62237 INFO tempest.lib.common.dynamic_creds [-] Deleting project and security group for project: ff2a546eb1634a818b79bf6d49b17a9d
2024-10-29 20:54:41.530 62273 INFO tempest.lib.common.rest_client [req-a4671deb-24ff-4fe2-9c6d-604a0d88b68b req-a4671deb-24ff-4fe2-9c6d-604a0d88b68b ] Request (HypervisorAdminNegativeTestJSON:tearDownClass): 204 DELETE http://10.180.1.21:9696/networking/v2.0/security-groups/268698cd-68f5-407c-92df-752a37f4cabc 0.741s
2024-10-29 20:54:41.562 62231 INFO tempest.lib.common.rest_client [req-1b5378d9-1012-4752-8b48-7c580cee171e req-1b5378d9-1012-4752-8b48-7c580cee171e ] Request (QuotasAdminTestJSON:test_get_updated_quotas): 201 POST http://10.180.1.21/identity/v3/projects 0.064s
2024-10-29 20:54:41.574 62275 INFO tempest.lib.common.rest_client [req-d09f6785-03cc-49d2-a7f5-e3722c378948 req-d09f6785-03cc-49d2-a7f5-e3722c378948 ] Request (FlavorsExtraSpecsNegativeTestJSON:tearDownClass): 200 GET http://10.180.1.21:9696/networking/v2.0/security-groups?tenant_id=2abe2714f91247b1a3865fb416fbff01&name=default 0.921s
2024-10-29 20:54:41.582 62237 INFO tempest.lib.common.rest_client [req-691ec8c3-629c-4bcb-b4c6-6d159b20e24d req-691ec8c3-629c-4bcb-b4c6-6d159b20e24d ] Request (ServerShowV263Test:tearDownClass): 201 POST http://10.180.1.21/identity/v3/auth/tokens 0.079s
2024-10-29 20:54:41.608 62277 INFO tempest.lib.common.rest_client [req-a890daba-debf-40ac-9219-d0d4cc86307c req-a890daba-debf-40ac-9219-d0d4cc86307c ] Request (FloatingIPsAssociationNegativeTestJSON:setUpClass): 202 POST http://10.180.1.21/compute/v2.1/servers 2.394s
2024-10-29 20:54:41.647 62261 INFO tempest.lib.common.rest_client [req-6fc8f71c-883c-4fcf-95fb-737d2a646a64 req-6fc8f71c-883c-4fcf-95fb-737d2a646a64 ] Request (ServicesAdminTestJSON:tearDownClass): 204 DELETE http://10.180.1.21:9696/networking/v2.0/security-groups/559cdfda-75ed-4313-85f0-d82944c73172 0.613s
2024-10-29 20:54:41.655 62273 INFO tempest.lib.common.rest_client [req-4048620d-7a09-4145-bed9-11abd8dc097b req-4048620d-7a09-4145-bed9-11abd8dc097b ] Request (HypervisorAdminNegativeTestJSON:tearDownClass): 204 DELETE http://10.180.1.21/identity/v3/projects/eca0bc0376f64be08ab6fd1f85f25edb 0.124s
2024-10-29 20:54:41.655 62231 INFO tempest.lib.common.rest_client [req-387a1cfe-989c-441e-a213-390a812df872 req-387a1cfe-989c-441e-a213-390a812df872 ] Request (QuotasAdminTestJSON:test_get_updated_quotas): 200 GET http://10.180.1.21/identity/v3/domains?name=Default 0.092s
2024-10-29 20:54:41.658 62243 INFO tempest.lib.common.rest_client [req-03070ba1-355e-47d2-b047-424b7b2ca3ec req-03070ba1-355e-47d2-b047-424b7b2ca3ec ] Request (FlavorsAccessTestJSON:tearDownClass): 204 DELETE http://10.180.1.21:9696/networking/v2.0/security-groups/5c2df3c0-ce45-4975-8b94-aead96b452b7 0.558s
2024-10-29 20:54:41.663 62267 INFO tempest.lib.common.rest_client [req-376525c8-8868-4ad9-8634-7d423be376c6 req-376525c8-8868-4ad9-8634-7d423be376c6 ] Request (ValidationResourcesFixture:setUp): 201 POST http://10.180.1.21:9696/networking/v2.0/security-groups 0.744s
2024-10-29 20:54:41.716 62229 INFO tempest.lib.common.rest_client [req-f197e850-cf20-4c83-85dd-bc5548b2a174 req-f197e850-cf20-4c83-85dd-bc5548b2a174 ] Request (ServerPasswordTestJSON:setUpClass): 200 GET http://10.180.1.21/compute/v2.1/servers/722b2d1a-9b8a-4120-85ce-c15cddd46479 1.636s
2024-10-29 20:54:41.724 62229 INFO tempest.common.waiters [-] State transition "BUILD/None" ==> "BUILD/spawning" after 7 second wait
2024-10-29 20:54:41.764 62271 INFO tempest.lib.common.rest_client [req-dde18273-db72-47bc-8ca4-ba7343b5c78a req-dde18273-db72-47bc-8ca4-ba7343b5c78a ] Request (VolumesAdminNegativeTest:setUpClass): 201 POST http://10.180.1.21:9696/networking/v2.0/networks 1.168s
2024-10-29 20:54:41.770 62261 INFO tempest.lib.common.rest_client [req-136687f4-8181-48de-b082-5236d5cf04a7 req-136687f4-8181-48de-b082-5236d5cf04a7 ] Request (ServicesAdminTestJSON:tearDownClass): 204 DELETE http://10.180.1.21/identity/v3/projects/8bebbf8b99b542d7bfe0fe3a94c8f988 0.122s
2024-10-29 20:54:41.786 62265 INFO tempest.lib.common.rest_client [req-aa78dfa4-c321-4697-834f-19fc5c3b1643 req-aa78dfa4-c321-4697-834f-19fc5c3b1643 ] Request (HostsAdminTestJSON:tearDownClass): 204 DELETE http://10.180.1.21:9696/networking/v2.0/security-groups/c3c944d4-5ee7-42e3-a698-44107457c45b 0.568s
2024-10-29 20:54:41.792 62273 INFO tempest.lib.common.rest_client [req-3f9b78d6-cf9a-4bcf-8396-a4eaa5e53f77 req-3f9b78d6-cf9a-4bcf-8396-a4eaa5e53f77 ] Request (ServerDiagnosticsV248Test:setUpClass): 201 POST http://10.180.1.21/identity/v3/auth/tokens 0.136s
2024-10-29 20:54:41.817 62261 INFO tempest.lib.common.rest_client [req-8e6d8a93-401d-4966-8f9e-44c24eadd37d req-8e6d8a93-401d-4966-8f9e-44c24eadd37d ] Request (ListImageFiltersTestJSON:setUpClass): 201 POST http://10.180.1.21/identity/v3/auth/tokens 0.045s
2024-10-29 20:54:41.838 62259 INFO tempest.lib.common.rest_client [req-3f89dea2-71f9-49c5-a541-8da24e59f3c2 req-3f89dea2-71f9-49c5-a541-8da24e59f3c2 ] Request (ServicesAdminNegativeV253TestJSON:tearDownClass): 204 DELETE http://10.180.1.21:9696/networking/v2.0/security-groups/15dc38de-922a-451d-be21-3431eea41994 0.523s
2024-10-29 20:54:41.856 62242 INFO tempest.lib.common.rest_client [req-8011d6db-bdf2-4b0f-907d-6cfe95707bc3 req-8011d6db-bdf2-4b0f-907d-6cfe95707bc3 ] Request (ServersAdminTestJSON:setUpClass): 200 GET http://10.180.1.21/compute/v2.1/servers/9b3b4b80-9de4-4e59-b211-38bc8d9caeae 1.694s
2024-10-29 20:54:41.866 62265 INFO tempest.lib.common.rest_client [req-7f17ad63-6cc2-41e5-b8a9-b71bc940bba8 req-7f17ad63-6cc2-41e5-b8a9-b71bc940bba8 ] Request (HostsAdminTestJSON:tearDownClass): 204 DELETE http://10.180.1.21/identity/v3/projects/1afd614d46234608aecb0e522b1e5371 0.080s
2024-10-29 20:54:41.869 62243 INFO tempest.lib.common.rest_client [req-368774c2-21e0-4a16-86a0-d22562d17de0 req-368774c2-21e0-4a16-86a0-d22562d17de0 ] Request (FlavorsAccessTestJSON:tearDownClass): 204 DELETE http://10.180.1.21/identity/v3/projects/f8d43f7dc6f7452496329fd21b9c596e 0.210s
2024-10-29 20:54:41.882 62269 INFO tempest.lib.common.rest_client [req-bcfeb4fb-b2bd-4b21-a62f-1163905ffde0 req-bcfeb4fb-b2bd-4b21-a62f-1163905ffde0 ] Request (AZV2TestJSON:tearDownClass): 200 GET http://10.180.1.21:9696/networking/v2.0/security-groups?tenant_id=994384cbeb574eb791afb1864b58d768&name=default 0.823s
2024-10-29 20:54:41.919 62261 INFO tempest.lib.common.rest_client [req-39c300d2-5896-4799-98de-8783a29482f6 req-39c300d2-5896-4799-98de-8783a29482f6 ] Request (ListImageFiltersTestJSON:setUpClass): 201 POST http://10.180.1.21/identity/v3/auth/tokens 0.099s
2024-10-29 20:54:41.919 62273 INFO tempest.lib.common.rest_client [req-1a42a6cc-1327-4009-add9-767939ca75f2 req-1a42a6cc-1327-4009-add9-767939ca75f2 ] Request (ServerDiagnosticsV248Test:setUpClass): 201 POST http://10.180.1.21/identity/v3/auth/tokens 0.124s
2024-10-29 20:54:41.941 62265 INFO tempest.lib.common.rest_client [req-c8870a84-2465-4d67-87ce-51fafd1a7db5 req-c8870a84-2465-4d67-87ce-51fafd1a7db5 ] Request (SecurityGroupsTestAdminJSON:setUpClass): 201 POST http://10.180.1.21/identity/v3/auth/tokens 0.073s
2024-10-29 20:54:41.982 62259 INFO tempest.lib.common.rest_client [req-c15d0dea-5ca9-4426-be8e-e4798ce87aff req-c15d0dea-5ca9-4426-be8e-e4798ce87aff ] Request (ServicesAdminNegativeV253TestJSON:tearDownClass): 204 DELETE http://10.180.1.21/identity/v3/projects/8d48abff2ff2472b8619254ac5ef4e8a 0.143s
2024-10-29 20:54:41.994 62281 INFO tempest.lib.common.rest_client [req-682226d5-bf44-4968-8bb0-4652c25ffa26 req-682226d5-bf44-4968-8bb0-4652c25ffa26 ] Request (AttachInterfacesUnderV243Test:test_add_remove_fixed_ip): 200 GET http://10.180.1.21/compute/v2.1/servers/88c3e670-b97a-4797-8821-cc24d2d07115 2.023s
2024-10-29 20:54:42.008 62281 INFO tempest.common.waiters [-] State transition "BUILD/block_device_mapping" ==> "BUILD/spawning" after 8 second wait
2024-10-29 20:54:42.008 62243 INFO tempest.lib.common.rest_client [req-437e61e9-061a-4434-8273-79ddba78e9fe req-437e61e9-061a-4434-8273-79ddba78e9fe ] Request (FloatingIPDetailsTestJSON:setUpClass): 201 POST http://10.180.1.21/identity/v3/auth/tokens 0.138s
2024-10-29 20:54:42.030 62273 INFO tempest.lib.common.rest_client [req-cfa44aef-0772-49c2-9ed3-39444eddafed req-cfa44aef-0772-49c2-9ed3-39444eddafed ] Request (ServerDiagnosticsV248Test:setUpClass): 200 GET http://10.180.1.21/identity/v3/domains?name=Default 0.110s
2024-10-29 20:54:42.035 62275 INFO tempest.lib.common.rest_client [req-116501e9-9f77-4a87-8c03-16ea2260b07e req-116501e9-9f77-4a87-8c03-16ea2260b07e ] Request (FlavorsExtraSpecsNegativeTestJSON:tearDownClass): 204 DELETE http://10.180.1.21:9696/networking/v2.0/security-groups/1bd10b15-065e-449e-bee5-f41bb3fbc2d8 0.460s
2024-10-29 20:54:42.047 62261 INFO tempest.lib.common.rest_client [req-30fc76e2-e41d-4d51-bcb5-a27ee0f9b69c req-30fc76e2-e41d-4d51-bcb5-a27ee0f9b69c ] Request (ListImageFiltersTestJSON:setUpClass): 200 GET http://10.180.1.21/identity/v3/domains?name=Default 0.128s
2024-10-29 20:54:42.057 62265 INFO tempest.lib.common.rest_client [req-3e32f450-7939-42fc-9e0b-a172611d10fa req-3e32f450-7939-42fc-9e0b-a172611d10fa ] Request (SecurityGroupsTestAdminJSON:setUpClass): 201 POST http://10.180.1.21/identity/v3/auth/tokens 0.114s
2024-10-29 20:54:42.074 62259 INFO tempest.lib.common.rest_client [req-4e4ac88a-2397-4298-8873-133e3c9dbff6 req-4e4ac88a-2397-4298-8873-133e3c9dbff6 ] Request (ListImagesTestJSON:setUpClass): 201 POST http://10.180.1.21/identity/v3/auth/tokens 0.089s
2024-10-29 20:54:42.080 62243 INFO tempest.lib.common.rest_client [req-fb25f189-7c4b-472a-b5b9-6392c6a3f1ab req-fb25f189-7c4b-472a-b5b9-6392c6a3f1ab ] Request (FloatingIPDetailsTestJSON:setUpClass): 201 POST http://10.180.1.21/identity/v3/auth/tokens 0.068s
2024-10-29 20:54:42.097 62225 INFO tempest.lib.common.rest_client [req-4cdd0043-fc09-4644-a16b-a9728ac6649e req-4cdd0043-fc09-4644-a16b-a9728ac6649e ] Request (MigrationsAdminTest:test_list_migrations_in_flavor_resize_situation): 200 GET http://10.180.1.21/compute/v2.1/servers/b15f2e60-9ea6-49ea-be71-6770d3f48e1d 1.753s
2024-10-29 20:54:42.101 62273 INFO tempest.lib.common.rest_client [req-cfc031d7-57ed-4dd2-80d9-f85e343a893e req-cfc031d7-57ed-4dd2-80d9-f85e343a893e ] Request (ServerDiagnosticsV248Test:setUpClass): 201 POST http://10.180.1.21/identity/v3/projects 0.070s
2024-10-29 20:54:42.139 62275 INFO tempest.lib.common.rest_client [req-d02bb517-1ef4-4614-b2bc-787008a5eda0 req-d02bb517-1ef4-4614-b2bc-787008a5eda0 ] Request (FlavorsExtraSpecsNegativeTestJSON:tearDownClass): 204 DELETE http://10.180.1.21/identity/v3/projects/2abe2714f91247b1a3865fb416fbff01 0.104s
2024-10-29 20:54:42.140 62275 INFO tempest.lib.common.dynamic_creds [-] Deleting project and security group for project: d7d6a39456684610849f0652985efbb3
2024-10-29 20:54:42.197 62227 INFO tempest.lib.common.rest_client [req-b301bf0e-c01a-4562-ba57-6717337470dd req-b301bf0e-c01a-4562-ba57-6717337470dd ] Request (DeleteServersAdminTestJSON:test_admin_delete_servers_of_others): 200 GET http://10.180.1.21/compute/v2.1/servers/811de811-d683-44b4-9a25-33923f235e3e 1.673s
2024-10-29 20:54:42.198 62265 INFO tempest.lib.common.rest_client [req-ad3ef510-a6ea-4bb3-a561-e2f5af3babd1 req-ad3ef510-a6ea-4bb3-a561-e2f5af3babd1 ] Request (SecurityGroupsTestAdminJSON:setUpClass): 200 GET http://10.180.1.21/identity/v3/domains?name=Default 0.140s
2024-10-29 20:54:42.211 62261 INFO tempest.lib.common.rest_client [req-3506ea1f-3b84-468e-ac80-f906048edf98 req-3506ea1f-3b84-468e-ac80-f906048edf98 ] Request (ListImageFiltersTestJSON:setUpClass): 201 POST http://10.180.1.21/identity/v3/projects 0.164s
2024-10-29 20:54:42.213 62267 INFO tempest.lib.common.rest_client [req-7b80f9a1-a254-4ec8-a5e1-9cc5535003e0 req-7b80f9a1-a254-4ec8-a5e1-9cc5535003e0 ] Request (ValidationResourcesFixture:setUp): 201 POST http://10.180.1.21:9696/networking/v2.0/security-group-rules 0.549s
2024-10-29 20:54:42.273 62259 INFO tempest.lib.common.rest_client [req-e4dedca6-ec6f-4d84-ab72-bf2f86329ce1 req-e4dedca6-ec6f-4d84-ab72-bf2f86329ce1 ] Request (ListImagesTestJSON:setUpClass): 201 POST http://10.180.1.21/identity/v3/auth/tokens 0.197s
2024-10-29 20:54:42.278 62269 INFO tempest.lib.common.rest_client [req-b7608b08-9bac-4b50-9a8e-14f456c4a4da req-b7608b08-9bac-4b50-9a8e-14f456c4a4da ] Request (AZV2TestJSON:tearDownClass): 204 DELETE http://10.180.1.21:9696/networking/v2.0/security-groups/1db02a8a-2266-4e68-8376-9fa36fc3fd57 0.395s
2024-10-29 20:54:42.280 62243 INFO tempest.lib.common.rest_client [req-ffc94909-39b3-4b13-82f6-009912bd7d1e req-ffc94909-39b3-4b13-82f6-009912bd7d1e ] Request (FloatingIPDetailsTestJSON:setUpClass): 200 GET http://10.180.1.21/identity/v3/domains?name=Default 0.199s
2024-10-29 20:54:42.306 62265 INFO tempest.lib.common.rest_client [req-f752b439-83f3-434d-b462-1a65dfedc0c2 req-f752b439-83f3-434d-b462-1a65dfedc0c2 ] Request (SecurityGroupsTestAdminJSON:setUpClass): 201 POST http://10.180.1.21/identity/v3/projects 0.108s
2024-10-29 20:54:42.323 62237 INFO tempest.lib.common.rest_client [req-6b9a1508-7fae-4259-998e-9e2859fd1f69 req-6b9a1508-7fae-4259-998e-9e2859fd1f69 ] Request (ServerShowV263Test:tearDownClass): 200 GET http://10.180.1.21:9696/networking/v2.0/security-groups?tenant_id=ff2a546eb1634a818b79bf6d49b17a9d&name=default 0.740s
2024-10-29 20:54:42.335 62273 INFO tempest.lib.common.rest_client [req-33a29d87-6a43-4d16-aecc-afea1eb7e841 req-33a29d87-6a43-4d16-aecc-afea1eb7e841 ] Request (ServerDiagnosticsV248Test:setUpClass): 201 POST http://10.180.1.21/identity/v3/users 0.233s
2024-10-29 20:54:42.349 62285 INFO tempest.lib.common.rest_client [req-775409f6-abac-4506-8cba-1385a887894a req-775409f6-abac-4506-8cba-1385a887894a ] Request (AttachInterfacesV270Test:setUpClass): 200 PUT http://10.180.1.21:9696/networking/v2.0/routers/a2d0c6e7-2746-4e9b-be52-21832a17c18a/add_router_interface 5.481s
2024-10-29 20:54:42.349 62285 INFO tempest.lib.common.dynamic_creds [-] Created isolated network resources for: credentials: Credentials: {'domain_id': 'default', 'domain_name': 'Default', 'username': 'tempest-AttachInterfacesV270Test-1219200557-project-member', 'project_domain_id': 'default', 'project_domain_name': 'Default', 'project_id': 'e61302272f01468c975aa242b9222361', 'project_name': 'tempest-AttachInterfacesV270Test-1219200557', 'tenant_id': 'e61302272f01468c975aa242b9222361', 'tenant_name': 'tempest-AttachInterfacesV270Test-1219200557', 'user_domain_id': 'default', 'user_domain_name': 'Default', 'user_id': '98306e8a7e834885881d3f86a4588372', 'system': None}, Network: {'id': '85af07ef-e50d-4ea1-9407-ba2d905fc1ff', 'name': 'tempest-AttachInterfacesV270Test-1905171159-network', 'tenant_id': 'e61302272f01468c975aa242b9222361', 'admin_state_up': True, 'mtu': 8950, 'status': 'ACTIVE', 'subnets': [], 'shared': False, 'project_id': 'e61302272f01468c975aa242b9222361', 'port_security_enabled': True, 'router:external': False, 'provider:network_type': 'vlan', 'provider:physical_network': 'default', 'provider:segmentation_id': 887, 'availability_zone_hints': [], 'availability_zones': [], 'ipv4_address_scope': None, 'ipv6_address_scope': None, 'description': '', 'tags': [], 'created_at': '2024-10-29T20:54:31Z', 'updated_at': '2024-10-29T20:54:31Z', 'revision_number': 1}, Subnet: {'id': '00275081-6919-45d0-bbf2-f51a76696c18', 'name': 'tempest-AttachInterfacesV270Test-1905171159-subnet', 'tenant_id': 'e61302272f01468c975aa242b9222361', 'network_id': '85af07ef-e50d-4ea1-9407-ba2d905fc1ff', 'ip_version': 4, 'subnetpool_id': None, 'enable_dhcp': True, 'ipv6_ra_mode': None, 'ipv6_address_mode': None, 'gateway_ip': '192.168.128.1', 'cidr': '192.168.128.0/28', 'allocation_pools': [{'start': '192.168.128.2', 'end': '192.168.128.14'}], 'host_routes': [], 'dns_nameservers': [], 'description': '', 'router:external': False, 'service_types': [], 'tags': [], 'created_at': '2024-10-29T20:54:32Z', 'updated_at': '2024-10-29T20:54:32Z', 'revision_number': 0, 'project_id': 'e61302272f01468c975aa242b9222361'}, Router: {'id': 'a2d0c6e7-2746-4e9b-be52-21832a17c18a', 'name': 'tempest-AttachInterfacesV270Test-1905171159-router', 'tenant_id': 'e61302272f01468c975aa242b9222361', 'admin_state_up': True, 'status': 'ACTIVE', 'external_gateway_info': {'network_id': '02cd1c13-5ac1-464a-b365-cf85a57716a0', 'external_fixed_ips': [{'subnet_id': 'b2f3676d-474e-4be3-87ac-93080cf54383', 'ip_address': '10.180.180.136'}], 'enable_snat': True}, 'description': '', 'availability_zones': [], 'distributed': False, 'ha': False, 'availability_zone_hints': [], 'routes': [], 'flavor_id': None, 'tags': [], 'created_at': '2024-10-29T20:54:33Z', 'updated_at': '2024-10-29T20:54:35Z', 'revision_number': 2, 'project_id': 'e61302272f01468c975aa242b9222361'}
2024-10-29 20:54:42.369 62259 INFO tempest.lib.common.rest_client [req-8ba47da5-382d-4421-a075-371aef8ff6c0 req-8ba47da5-382d-4421-a075-371aef8ff6c0 ] Request (ListImagesTestJSON:setUpClass): 200 GET http://10.180.1.21/identity/v3/domains?name=Default 0.094s
2024-10-29 20:54:42.377 62261 INFO tempest.lib.common.rest_client [req-011dc228-5129-40a7-9977-7e74ec634071 req-011dc228-5129-40a7-9977-7e74ec634071 ] Request (ListImageFiltersTestJSON:setUpClass): 201 POST http://10.180.1.21/identity/v3/users 0.165s
2024-10-29 20:54:42.402 62243 INFO tempest.lib.common.rest_client [req-e6b0385d-466e-43c5-aff2-c4ad6598858f req-e6b0385d-466e-43c5-aff2-c4ad6598858f ] Request (FloatingIPDetailsTestJSON:setUpClass): 201 POST http://10.180.1.21/identity/v3/projects 0.121s
2024-10-29 20:54:42.449 62269 INFO tempest.lib.common.rest_client [req-951a2306-b76d-435e-8f28-f3e5193dc309 req-951a2306-b76d-435e-8f28-f3e5193dc309 ] Request (AZV2TestJSON:tearDownClass): 204 DELETE http://10.180.1.21/identity/v3/projects/994384cbeb574eb791afb1864b58d768 0.169s
2024-10-29 20:54:42.450 62269 INFO tempest.test [-] raised in ServerStableDeviceRescueTestIDE.setUpClass. Invoking tearDownClass.
2024-10-29 20:54:42.517 62265 INFO tempest.lib.common.rest_client [req-699875df-92da-4192-9119-24a725879593 req-699875df-92da-4192-9119-24a725879593 ] Request (SecurityGroupsTestAdminJSON:setUpClass): 201 POST http://10.180.1.21/identity/v3/users 0.210s
2024-10-29 20:54:42.543 62273 INFO tempest.lib.common.rest_client [req-c59d8758-f360-4b72-a3e1-c9903644440f req-c59d8758-f360-4b72-a3e1-c9903644440f ] Request (ServerDiagnosticsV248Test:setUpClass): 200 GET http://10.180.1.21/identity/v3/roles 0.208s
2024-10-29 20:54:42.582 62239 INFO tempest.lib.common.rest_client [req-1e7adf56-ce7e-46a6-a7a4-7642f5117c7c req-1e7adf56-ce7e-46a6-a7a4-7642f5117c7c ] Request (QuotasAdminNegativeTest:test_create_server_when_memory_quota_is_full): 200 GET http://10.180.1.21/compute/v2.1/os-quota-sets/e72d898b0ace44498e7ac3257e4d2882 1.978s
2024-10-29 20:54:42.593 62259 INFO tempest.lib.common.rest_client [req-5213074b-38c4-40f2-98f6-cae37172051c req-5213074b-38c4-40f2-98f6-cae37172051c ] Request (ListImagesTestJSON:setUpClass): 201 POST http://10.180.1.21/identity/v3/projects 0.224s
2024-10-29 20:54:42.639 62285 INFO tempest.lib.common.rest_client [req-88c476f8-2cac-4ba5-850a-1a4c6ee2406f req-88c476f8-2cac-4ba5-850a-1a4c6ee2406f ] Request (AttachInterfacesV270Test:setUpClass): 201 POST http://10.180.1.21/identity/v3/auth/tokens 0.286s
2024-10-29 20:54:42.646 62261 INFO tempest.lib.common.rest_client [req-afd23089-3e57-4630-bc0e-3d6d73f4af36 req-afd23089-3e57-4630-bc0e-3d6d73f4af36 ] Request (ListImageFiltersTestJSON:setUpClass): 200 GET http://10.180.1.21/identity/v3/roles 0.268s
2024-10-29 20:54:42.666 62265 INFO tempest.lib.common.rest_client [req-3d4c5660-7141-4f17-9957-3febb88b22a0 req-3d4c5660-7141-4f17-9957-3febb88b22a0 ] Request (SecurityGroupsTestAdminJSON:setUpClass): 200 GET http://10.180.1.21/identity/v3/roles 0.149s
2024-10-29 20:54:42.669 62243 INFO tempest.lib.common.rest_client [req-53793cbe-061f-4535-b86f-48e9aae1704e req-53793cbe-061f-4535-b86f-48e9aae1704e ] Request (FloatingIPDetailsTestJSON:setUpClass): 201 POST http://10.180.1.21/identity/v3/users 0.267s
2024-10-29 20:54:42.684 62257 INFO tempest.lib.common.rest_client [req-6ea34c14-df62-40d9-a044-93cf3caebe0c req-6ea34c14-df62-40d9-a044-93cf3caebe0c ] Request (ServerDiagnosticsNegativeTest:test_get_server_diagnostics_by_non_admin): 200 GET http://10.180.1.21/compute/v2.1/servers/b637fed5-951c-4e8e-95ae-410e1ec3ecc8 1.835s
2024-10-29 20:54:42.705 62259 INFO tempest.lib.common.rest_client [req-cc30dd12-7dc2-4197-af2c-9f8793c80cd5 req-cc30dd12-7dc2-4197-af2c-9f8793c80cd5 ] Request (ListImagesTestJSON:setUpClass): 201 POST http://10.180.1.21/identity/v3/users 0.111s
2024-10-29 20:54:42.706 62263 INFO tempest.lib.common.rest_client [req-016fc8ee-a210-40f9-a771-c6e5d4aa0f43 req-016fc8ee-a210-40f9-a771-c6e5d4aa0f43 ] Request (FlavorsAdminTestJSON:test_create_flavor_with_uuid_id): 200 POST http://10.180.1.21/compute/v2.1/flavors 1.765s
2024-10-29 20:54:42.708 62273 INFO tempest.lib.common.rest_client [req-436c5d60-e615-4824-875a-e0c1225b49e1 req-436c5d60-e615-4824-875a-e0c1225b49e1 ] Request (ServerDiagnosticsV248Test:setUpClass): 204 PUT http://10.180.1.21/identity/v3/projects/e57b53a6de1342d58cdd6431940ead2d/users/c7fef9a0e99b48d2aab29d77e84747c6/roles/5cb5163afc8a4a5ba403535bd5b36bbc 0.163s
2024-10-29 20:54:42.708 62273 INFO tempest.lib.common.dynamic_creds [-] Dynamic test user c7fef9a0e99b48d2aab29d77e84747c6 is created with scope project and roles: ['member']
2024-10-29 20:54:42.708 62273 INFO tempest.lib.common.dynamic_creds [-] Acquired dynamic creds: credentials: Credentials: {'domain_id': 'default', 'domain_name': 'Default', 'username': 'tempest-ServerDiagnosticsV248Test-1074983117-project-member', 'project_domain_id': 'default', 'project_domain_name': 'Default', 'project_id': 'e57b53a6de1342d58cdd6431940ead2d', 'project_name': 'tempest-ServerDiagnosticsV248Test-1074983117', 'tenant_id': 'e57b53a6de1342d58cdd6431940ead2d', 'tenant_name': 'tempest-ServerDiagnosticsV248Test-1074983117', 'user_domain_id': 'default', 'user_domain_name': 'Default', 'user_id': 'c7fef9a0e99b48d2aab29d77e84747c6', 'system': None}, Network: None, Subnet: None, Router: None
2024-10-29 20:54:42.708 62273 INFO tempest.lib.common.dynamic_creds [-] Created isolated network resources for: credentials: Credentials: {'domain_id': 'default', 'domain_name': 'Default', 'username': 'tempest-ServerDiagnosticsV248Test-1074983117-project-member', 'project_domain_id': 'default', 'project_domain_name': 'Default', 'project_id': 'e57b53a6de1342d58cdd6431940ead2d', 'project_name': 'tempest-ServerDiagnosticsV248Test-1074983117', 'tenant_id': 'e57b53a6de1342d58cdd6431940ead2d', 'tenant_name': 'tempest-ServerDiagnosticsV248Test-1074983117', 'user_domain_id': 'default', 'user_domain_name': 'Default', 'user_id': 'c7fef9a0e99b48d2aab29d77e84747c6', 'system': None}, Network: None, Subnet: None, Router: None
2024-10-29 20:54:42.712 62275 INFO tempest.lib.common.rest_client [req-f237e87e-9a54-4695-aef9-b9730bcd16cc req-f237e87e-9a54-4695-aef9-b9730bcd16cc ] Request (FlavorsExtraSpecsNegativeTestJSON:tearDownClass): 200 GET http://10.180.1.21:9696/networking/v2.0/security-groups?tenant_id=d7d6a39456684610849f0652985efbb3&name=default 0.572s
2024-10-29 20:54:42.721 62255 INFO tempest.lib.common.rest_client [req-4eac9703-490e-4455-bdea-811a6117fe6b req-4eac9703-490e-4455-bdea-811a6117fe6b ] Request (FlavorsAccessNegativeTestJSON:_run_cleanups): 202 DELETE http://10.180.1.21/compute/v2.1/flavors/554409019 1.510s
2024-10-29 20:54:42.727 62267 INFO tempest.lib.common.rest_client [req-253c34ab-c6f5-4d6f-85fc-aaec1756cf16 req-253c34ab-c6f5-4d6f-85fc-aaec1756cf16 ] Request (ValidationResourcesFixture:setUp): 201 POST http://10.180.1.21:9696/networking/v2.0/security-group-rules 0.513s
2024-10-29 20:54:42.749 62271 INFO tempest.lib.common.rest_client [req-037a9bc1-3b63-43bc-8e91-cafa1f021e78 req-037a9bc1-3b63-43bc-8e91-cafa1f021e78 ] Request (VolumesAdminNegativeTest:setUpClass): 201 POST http://10.180.1.21:9696/networking/v2.0/subnets 0.985s
2024-10-29 20:54:42.756 62253 INFO tempest.lib.common.rest_client [req-bd094ee1-b080-4097-836f-fd7b625442ad req-bd094ee1-b080-4097-836f-fd7b625442ad ] Request (KeyPairsV22TestJSON:test_keypairs_create_list_delete): 201 POST http://10.180.1.21/compute/v2.1/os-keypairs 1.510s
2024-10-29 20:54:42.772 62261 INFO tempest.lib.common.rest_client [req-15109223-5428-4ee1-8f17-6a283b09abb3 req-15109223-5428-4ee1-8f17-6a283b09abb3 ] Request (ListImageFiltersTestJSON:setUpClass): 204 PUT http://10.180.1.21/identity/v3/projects/ebf9a1df54af49f99767ece26bb1a731/users/e53bba18a479426b8f517a62d7e2cfde/roles/5cb5163afc8a4a5ba403535bd5b36bbc 0.126s
2024-10-29 20:54:42.772 62261 INFO tempest.lib.common.dynamic_creds [-] Dynamic test user e53bba18a479426b8f517a62d7e2cfde is created with scope project and roles: ['member']
2024-10-29 20:54:42.772 62261 INFO tempest.lib.common.dynamic_creds [-] Acquired dynamic creds: credentials: Credentials: {'domain_id': 'default', 'domain_name': 'Default', 'username': 'tempest-ListImageFiltersTestJSON-2033042234-project-member', 'project_domain_id': 'default', 'project_domain_name': 'Default', 'project_id': 'ebf9a1df54af49f99767ece26bb1a731', 'project_name': 'tempest-ListImageFiltersTestJSON-2033042234', 'tenant_id': 'ebf9a1df54af49f99767ece26bb1a731', 'tenant_name': 'tempest-ListImageFiltersTestJSON-2033042234', 'user_domain_id': 'default', 'user_domain_name': 'Default', 'user_id': 'e53bba18a479426b8f517a62d7e2cfde', 'system': None}, Network: None, Subnet: None, Router: None
2024-10-29 20:54:42.773 62261 INFO tempest.lib.common.dynamic_creds [-] Created isolated network resources for: credentials: Credentials: {'domain_id': 'default', 'domain_name': 'Default', 'username': 'tempest-ListImageFiltersTestJSON-2033042234-project-member', 'project_domain_id': 'default', 'project_domain_name': 'Default', 'project_id': 'ebf9a1df54af49f99767ece26bb1a731', 'project_name': 'tempest-ListImageFiltersTestJSON-2033042234', 'tenant_id': 'ebf9a1df54af49f99767ece26bb1a731', 'tenant_name': 'tempest-ListImageFiltersTestJSON-2033042234', 'user_domain_id': 'default', 'user_domain_name': 'Default', 'user_id': 'e53bba18a479426b8f517a62d7e2cfde', 'system': None}, Network: None, Subnet: None, Router: None
2024-10-29 20:54:42.777 62285 INFO tempest.lib.common.rest_client [req-60c60cf4-d1bb-4ba7-a47a-2b6ef43a70b7 req-60c60cf4-d1bb-4ba7-a47a-2b6ef43a70b7 ] Request (AttachInterfacesV270Test:test_create_get_list_interfaces): 201 POST http://10.180.1.21/identity/v3/auth/tokens 0.132s
2024-10-29 20:54:42.777 62279 INFO tempest.lib.common.rest_client [req-b4e4423b-e69f-41bc-8daf-17ddb0821981 req-b4e4423b-e69f-41bc-8daf-17ddb0821981 ] Request (FlavorsExtraSpecsTestJSON:tearDownClass): 200 GET http://10.180.1.21/compute/v2.1/flavors/detail 1.511s
2024-10-29 20:54:42.778 62285 INFO tempest.lib.common.fixed_network [-] (AttachInterfacesV270Test:test_create_get_list_interfaces) Found network {'id': '85af07ef-e50d-4ea1-9407-ba2d905fc1ff', 'name': 'tempest-AttachInterfacesV270Test-1905171159-network', 'tenant_id': 'e61302272f01468c975aa242b9222361', 'admin_state_up': True, 'mtu': 8950, 'status': 'ACTIVE', 'subnets': [], 'shared': False, 'project_id': 'e61302272f01468c975aa242b9222361', 'port_security_enabled': True, 'router:external': False, 'provider:network_type': 'vlan', 'provider:physical_network': 'default', 'provider:segmentation_id': 887, 'availability_zone_hints': [], 'availability_zones': [], 'ipv4_address_scope': None, 'ipv6_address_scope': None, 'description': '', 'tags': [], 'created_at': '2024-10-29T20:54:31Z', 'updated_at': '2024-10-29T20:54:31Z', 'revision_number': 1} available for tenant
2024-10-29 20:54:42.782 62245 INFO tempest.lib.common.rest_client [req-5ec9952c-86a4-45d1-9297-d8ad4660bf31 req-5ec9952c-86a4-45d1-9297-d8ad4660bf31 ] Request (AggregatesAdminNegativeTestJSON:test_aggregate_create_aggregate_name_length_less_than_1): 400 POST http://10.180.1.21/compute/v2.1/os-aggregates 1.508s
2024-10-29 20:54:42.813 62251 INFO tempest.lib.common.rest_client [req-75c2fba7-7e8f-4dae-bfa7-5346f3decb68 req-75c2fba7-7e8f-4dae-bfa7-5346f3decb68 ] Request (SecurityGroupsNegativeTestJSON:tearDownClass): 204 DELETE http://10.180.1.21:9696/networking/v2.0/networks/995128cb-d721-4ed7-a977-ca8b80f8f2c8 1.632s
2024-10-29 20:54:42.843 62243 INFO tempest.lib.common.rest_client [req-6446c2d5-500f-45be-a942-36265c65d7a2 req-6446c2d5-500f-45be-a942-36265c65d7a2 ] Request (FloatingIPDetailsTestJSON:setUpClass): 200 GET http://10.180.1.21/identity/v3/roles 0.173s
2024-10-29 20:54:42.845 62265 INFO tempest.lib.common.rest_client [req-ff2eb683-d57c-4ad9-be5b-fd4d9ac79ebc req-ff2eb683-d57c-4ad9-be5b-fd4d9ac79ebc ] Request (SecurityGroupsTestAdminJSON:setUpClass): 204 PUT http://10.180.1.21/identity/v3/projects/446a1bba38924b3faeef03815aea70ac/users/366306c8ff204670b958efc595334597/roles/5cb5163afc8a4a5ba403535bd5b36bbc 0.178s
2024-10-29 20:54:42.846 62265 INFO tempest.lib.common.dynamic_creds [-] Dynamic test user 366306c8ff204670b958efc595334597 is created with scope project and roles: ['member']
2024-10-29 20:54:42.846 62265 INFO tempest.lib.common.dynamic_creds [-] Acquired dynamic creds: credentials: Credentials: {'domain_id': 'default', 'domain_name': 'Default', 'username': 'tempest-SecurityGroupsTestAdminJSON-645893222-project-member', 'project_domain_id': 'default', 'project_domain_name': 'Default', 'project_id': '446a1bba38924b3faeef03815aea70ac', 'project_name': 'tempest-SecurityGroupsTestAdminJSON-645893222', 'tenant_id': '446a1bba38924b3faeef03815aea70ac', 'tenant_name': 'tempest-SecurityGroupsTestAdminJSON-645893222', 'user_domain_id': 'default', 'user_domain_name': 'Default', 'user_id': '366306c8ff204670b958efc595334597', 'system': None}, Network: None, Subnet: None, Router: None
2024-10-29 20:54:42.846 62265 INFO tempest.lib.common.dynamic_creds [-] Created isolated network resources for: credentials: Credentials: {'domain_id': 'default', 'domain_name': 'Default', 'username': 'tempest-SecurityGroupsTestAdminJSON-645893222-project-member', 'project_domain_id': 'default', 'project_domain_name': 'Default', 'project_id': '446a1bba38924b3faeef03815aea70ac', 'project_name': 'tempest-SecurityGroupsTestAdminJSON-645893222', 'tenant_id': '446a1bba38924b3faeef03815aea70ac', 'tenant_name': 'tempest-SecurityGroupsTestAdminJSON-645893222', 'user_domain_id': 'default', 'user_domain_name': 'Default', 'user_id': '366306c8ff204670b958efc595334597', 'system': None}, Network: None, Subnet: None, Router: None
2024-10-29 20:54:42.860 62277 INFO tempest.lib.common.rest_client [req-2aa64c71-24ab-4d21-92df-3b29f9cfe5e8 req-2aa64c71-24ab-4d21-92df-3b29f9cfe5e8 ] Request (FloatingIPsAssociationNegativeTestJSON:setUpClass): 200 GET http://10.180.1.21/compute/v2.1/servers/2c4e7c81-67fd-4c5f-9e96-7256c26b228a 1.250s
2024-10-29 20:54:42.865 62247 INFO tempest.lib.common.rest_client [req-47b5c2c4-c668-4df2-85c7-343d1e28deee req-47b5c2c4-c668-4df2-85c7-343d1e28deee ] Request (VolumesAssistedSnapshotsTest:setUpClass): 200 PUT http://10.180.1.21:9696/networking/v2.0/routers/ef0268e7-cedd-4187-bce5-f769671972d9/add_router_interface 5.390s
2024-10-29 20:54:42.865 62247 INFO tempest.lib.common.dynamic_creds [-] Created isolated network resources for: credentials: Credentials: {'domain_id': 'default', 'domain_name': 'Default', 'username': 'tempest-VolumesAssistedSnapshotsTest-1036515078-project', 'project_domain_id': 'default', 'project_domain_name': 'Default', 'project_id': 'e258e82c3b7d4569bc71c4ee0599b2d3', 'project_name': 'tempest-VolumesAssistedSnapshotsTest-1036515078', 'tenant_id': 'e258e82c3b7d4569bc71c4ee0599b2d3', 'tenant_name': 'tempest-VolumesAssistedSnapshotsTest-1036515078', 'user_domain_id': 'default', 'user_domain_name': 'Default', 'user_id': 'df97e67b2c9749a995b9d530503e0fe1', 'system': None}, Network: {'id': '887b35c3-d78f-4730-8ce2-1b8bc2848dd1', 'name': 'tempest-VolumesAssistedSnapshotsTest-140842743-network', 'tenant_id': 'e258e82c3b7d4569bc71c4ee0599b2d3', 'admin_state_up': True, 'mtu': 8950, 'status': 'ACTIVE', 'subnets': [], 'shared': False, 'project_id': 'e258e82c3b7d4569bc71c4ee0599b2d3', 'port_security_enabled': True, 'router:external': False, 'provider:network_type': 'vlan', 'provider:physical_network': 'default', 'provider:segmentation_id': 468, 'availability_zone_hints': [], 'availability_zones': [], 'ipv4_address_scope': None, 'ipv6_address_scope': None, 'description': '', 'tags': [], 'created_at': '2024-10-29T20:54:32Z', 'updated_at': '2024-10-29T20:54:32Z', 'revision_number': 1}, Subnet: {'id': 'b4b79bcf-ea7e-4da1-ad96-ef361b34f598', 'name': 'tempest-VolumesAssistedSnapshotsTest-140842743-subnet', 'tenant_id': 'e258e82c3b7d4569bc71c4ee0599b2d3', 'network_id': '887b35c3-d78f-4730-8ce2-1b8bc2848dd1', 'ip_version': 4, 'subnetpool_id': None, 'enable_dhcp': True, 'ipv6_ra_mode': None, 'ipv6_address_mode': None, 'gateway_ip': '192.168.128.1', 'cidr': '192.168.128.0/28', 'allocation_pools': [{'start': '192.168.128.2', 'end': '192.168.128.14'}], 'host_routes': [], 'dns_nameservers': [], 'description': '', 'router:external': False, 'service_types': [], 'tags': [], 'created_at': '2024-10-29T20:54:33Z', 'updated_at': '2024-10-29T20:54:33Z', 'revision_number': 0, 'project_id': 'e258e82c3b7d4569bc71c4ee0599b2d3'}, Router: {'id': 'ef0268e7-cedd-4187-bce5-f769671972d9', 'name': 'tempest-VolumesAssistedSnapshotsTest-140842743-router', 'tenant_id': 'e258e82c3b7d4569bc71c4ee0599b2d3', 'admin_state_up': True, 'status': 'ACTIVE', 'external_gateway_info': {'network_id': '02cd1c13-5ac1-464a-b365-cf85a57716a0', 'external_fixed_ips': [{'subnet_id': 'b2f3676d-474e-4be3-87ac-93080cf54383', 'ip_address': '10.180.180.185'}], 'enable_snat': True}, 'description': '', 'availability_zones': [], 'distributed': False, 'ha': False, 'availability_zone_hints': [], 'routes': [], 'flavor_id': None, 'tags': [], 'created_at': '2024-10-29T20:54:33Z', 'updated_at': '2024-10-29T20:54:35Z', 'revision_number': 2, 'project_id': 'e258e82c3b7d4569bc71c4ee0599b2d3'}
2024-10-29 20:54:42.872 62237 INFO tempest.lib.common.rest_client [req-9196e1b2-f92a-4f5f-861d-2d8994881551 req-9196e1b2-f92a-4f5f-861d-2d8994881551 ] Request (ServerShowV263Test:tearDownClass): 204 DELETE http://10.180.1.21:9696/networking/v2.0/security-groups/f1f7cc39-d043-4678-b3d8-092c238b4224 0.548s
2024-10-29 20:54:42.887 62259 INFO tempest.lib.common.rest_client [req-76a253b4-9507-4588-9fb8-64a852fd0be8 req-76a253b4-9507-4588-9fb8-64a852fd0be8 ] Request (ListImagesTestJSON:setUpClass): 200 GET http://10.180.1.21/identity/v3/roles 0.180s
2024-10-29 20:54:42.918 62273 INFO tempest.lib.common.rest_client [req-f775a62c-e5c9-48d0-a5d2-c0d1329ff0b6 req-f775a62c-e5c9-48d0-a5d2-c0d1329ff0b6 ] Request (ServerDiagnosticsV248Test:setUpClass): 201 POST http://10.180.1.21/identity/v3/auth/tokens 0.206s
2024-10-29 20:54:42.981 62261 INFO tempest.lib.common.rest_client [req-66834915-50a6-4adc-b518-24819f6cc87b req-66834915-50a6-4adc-b518-24819f6cc87b ] Request (ListImageFiltersTestJSON:setUpClass): 201 POST http://10.180.1.21/identity/v3/auth/tokens 0.203s
2024-10-29 20:54:43.011 62279 INFO tempest.lib.common.rest_client [req-445146a2-a2a1-4407-bc4c-3e2634080223 req-445146a2-a2a1-4407-bc4c-3e2634080223 ] Request (FlavorsExtraSpecsTestJSON:tearDownClass): 204 DELETE http://10.180.1.21/identity/v3/users/386cea569e1e478f99931e92309b2315 0.222s
2024-10-29 20:54:43.076 62243 INFO tempest.lib.common.rest_client [req-b38d7ba0-89fd-43e9-b0a8-c45fc909a071 req-b38d7ba0-89fd-43e9-b0a8-c45fc909a071 ] Request (FloatingIPDetailsTestJSON:setUpClass): 204 PUT http://10.180.1.21/identity/v3/projects/22e23e28e44b4505ae97660c9ca2e756/users/34499c9fad174d109d78fb579a3488e4/roles/5cb5163afc8a4a5ba403535bd5b36bbc 0.233s
2024-10-29 20:54:43.077 62243 INFO tempest.lib.common.dynamic_creds [-] Dynamic test user 34499c9fad174d109d78fb579a3488e4 is created with scope project and roles: ['member']
2024-10-29 20:54:43.077 62243 INFO tempest.lib.common.dynamic_creds [-] Acquired dynamic creds: credentials: Credentials: {'domain_id': 'default', 'domain_name': 'Default', 'username': 'tempest-FloatingIPDetailsTestJSON-214670655-project-member', 'project_domain_id': 'default', 'project_domain_name': 'Default', 'project_id': '22e23e28e44b4505ae97660c9ca2e756', 'project_name': 'tempest-FloatingIPDetailsTestJSON-214670655', 'tenant_id': '22e23e28e44b4505ae97660c9ca2e756', 'tenant_name': 'tempest-FloatingIPDetailsTestJSON-214670655', 'user_domain_id': 'default', 'user_domain_name': 'Default', 'user_id': '34499c9fad174d109d78fb579a3488e4', 'system': None}, Network: None, Subnet: None, Router: None
2024-10-29 20:54:43.091 62251 INFO tempest.lib.common.rest_client [req-43c059de-d3de-49d2-b35d-0cfcf9210006 req-43c059de-d3de-49d2-b35d-0cfcf9210006 ] Request (SecurityGroupsNegativeTestJSON:tearDownClass): 204 DELETE http://10.180.1.21/identity/v3/users/fe76330f38c742c68e7cb1ccf1d6aed4 0.277s
2024-10-29 20:54:43.091 62251 INFO tempest.lib.common.dynamic_creds [-] Deleting project and security group for project: d9f334177ff04f4da5db1094187244a7
2024-10-29 20:54:43.142 62265 INFO tempest.lib.common.rest_client [req-8d2226ba-b8c1-4e1e-b75f-870fa0ea5cd7 req-8d2226ba-b8c1-4e1e-b75f-870fa0ea5cd7 ] Request (SecurityGroupsTestAdminJSON:setUpClass): 201 POST http://10.180.1.21/identity/v3/auth/tokens 0.293s
2024-10-29 20:54:43.172 62259 INFO tempest.lib.common.rest_client [req-9569c963-d6aa-419a-aa4e-f94cecffa9d4 req-9569c963-d6aa-419a-aa4e-f94cecffa9d4 ] Request (ListImagesTestJSON:setUpClass): 204 PUT http://10.180.1.21/identity/v3/projects/507dae63623d4e7db6839537356af202/users/ec338238ed104cec8f3f5ec722ae3b7e/roles/5cb5163afc8a4a5ba403535bd5b36bbc 0.285s
2024-10-29 20:54:43.172 62259 INFO tempest.lib.common.dynamic_creds [-] Dynamic test user ec338238ed104cec8f3f5ec722ae3b7e is created with scope project and roles: ['member']
2024-10-29 20:54:43.173 62259 INFO tempest.lib.common.dynamic_creds [-] Acquired dynamic creds: credentials: Credentials: {'domain_id': 'default', 'domain_name': 'Default', 'username': 'tempest-ListImagesTestJSON-1847756613-project-member', 'project_domain_id': 'default', 'project_domain_name': 'Default', 'project_id': '507dae63623d4e7db6839537356af202', 'project_name': 'tempest-ListImagesTestJSON-1847756613', 'tenant_id': '507dae63623d4e7db6839537356af202', 'tenant_name': 'tempest-ListImagesTestJSON-1847756613', 'user_domain_id': 'default', 'user_domain_name': 'Default', 'user_id': 'ec338238ed104cec8f3f5ec722ae3b7e', 'system': None}, Network: None, Subnet: None, Router: None
2024-10-29 20:54:43.173 62259 INFO tempest.lib.common.dynamic_creds [-] Created isolated network resources for: credentials: Credentials: {'domain_id': 'default', 'domain_name': 'Default', 'username': 'tempest-ListImagesTestJSON-1847756613-project-member', 'project_domain_id': 'default', 'project_domain_name': 'Default', 'project_id': '507dae63623d4e7db6839537356af202', 'project_name': 'tempest-ListImagesTestJSON-1847756613', 'tenant_id': '507dae63623d4e7db6839537356af202', 'tenant_name': 'tempest-ListImagesTestJSON-1847756613', 'user_domain_id': 'default', 'user_domain_name': 'Default', 'user_id': 'ec338238ed104cec8f3f5ec722ae3b7e', 'system': None}, Network: None, Subnet: None, Router: None
2024-10-29 20:54:43.184 62251 INFO tempest.lib.common.rest_client [req-e9aa38d7-f120-451f-a5b7-d1e9a2c4cf7b req-e9aa38d7-f120-451f-a5b7-d1e9a2c4cf7b ] Request (SecurityGroupsNegativeTestJSON:tearDownClass): 200 GET http://10.180.1.21:9696/networking/v2.0/security-groups?tenant_id=d9f334177ff04f4da5db1094187244a7&name=default 0.092s
2024-10-29 20:54:43.186 62237 INFO tempest.lib.common.rest_client [req-fe2a8c1f-2787-4f87-b798-d29bb0544109 req-fe2a8c1f-2787-4f87-b798-d29bb0544109 ] Request (ServerShowV263Test:tearDownClass): 204 DELETE http://10.180.1.21/identity/v3/projects/ff2a546eb1634a818b79bf6d49b17a9d 0.313s
2024-10-29 20:54:43.243 62273 INFO tempest.lib.common.rest_client [req-cce9262b-540b-4de5-a583-8b018a1dd1d0 req-cce9262b-540b-4de5-a583-8b018a1dd1d0 ] Request (ServerDiagnosticsV248Test:setUpClass): 201 POST http://10.180.1.21/identity/v3/projects 0.325s
2024-10-29 20:54:43.249 62247 INFO tempest.lib.common.rest_client [req-8339d53a-0d19-44e5-a776-33f11d004fb4 req-8339d53a-0d19-44e5-a776-33f11d004fb4 ] Request (VolumesAssistedSnapshotsTest:setUpClass): 201 POST http://10.180.1.21/identity/v3/auth/tokens 0.330s
2024-10-29 20:54:43.368 62275 INFO tempest.lib.common.rest_client [req-4e66d1cc-c6ab-4963-97b0-335324628a76 req-4e66d1cc-c6ab-4963-97b0-335324628a76 ] Request (FlavorsExtraSpecsNegativeTestJSON:tearDownClass): 204 DELETE http://10.180.1.21:9696/networking/v2.0/security-groups/1883f7cf-04b5-4503-8e0d-5ee045cf9169 0.656s
2024-10-29 20:54:43.409 62279 INFO tempest.lib.common.rest_client [req-3c015cee-21a7-4836-a93f-700a6fac9ffd req-3c015cee-21a7-4836-a93f-700a6fac9ffd ] Request (FlavorsExtraSpecsTestJSON:tearDownClass): 204 DELETE http://10.180.1.21/identity/v3/users/322646885f5540b9b093d3417291d814 0.397s
2024-10-29 20:54:43.410 62279 INFO tempest.lib.common.dynamic_creds [-] Deleting project and security group for project: 4d27cac85ab2478d9e6a235b25f357b3
2024-10-29 20:54:43.444 62243 INFO tempest.lib.common.rest_client [req-96f27d3e-2884-4a01-ab25-2d0416d59245 req-96f27d3e-2884-4a01-ab25-2d0416d59245 ] Request (FloatingIPDetailsTestJSON:setUpClass): 201 POST http://10.180.1.21/identity/v3/auth/tokens 0.367s
2024-10-29 20:54:43.511 62251 INFO tempest.lib.common.rest_client [req-1a076101-d9b6-4b2a-8f5b-8ef799f5cc43 req-1a076101-d9b6-4b2a-8f5b-8ef799f5cc43 ] Request (SecurityGroupsNegativeTestJSON:tearDownClass): 204 DELETE http://10.180.1.21:9696/networking/v2.0/security-groups/e8c329f5-3eca-45b2-a6e2-60138e0ce5f2 0.327s
2024-10-29 20:54:43.516 62265 INFO tempest.lib.common.rest_client [req-14056b29-e860-4dd9-8ddf-a16f8f6f7f25 req-14056b29-e860-4dd9-8ddf-a16f8f6f7f25 ] Request (SecurityGroupsTestAdminJSON:setUpClass): 201 POST http://10.180.1.21/identity/v3/projects 0.372s
2024-10-29 20:54:43.523 62287 INFO tempest.lib.common.rest_client [req-6d499e03-0978-422b-b6f1-312211ba4928 req-6d499e03-0978-422b-b6f1-312211ba4928 ] Request (ServerActionsTestOtherB:setUpClass): 202 POST http://10.180.1.21/compute/v2.1/servers 3.343s
2024-10-29 20:54:43.599 62259 INFO tempest.lib.common.rest_client [req-2adced82-ff40-4aab-a613-9bfc79b465d3 req-2adced82-ff40-4aab-a613-9bfc79b465d3 ] Request (ListImagesTestJSON:setUpClass): 201 POST http://10.180.1.21/identity/v3/auth/tokens 0.422s
2024-10-29 20:54:43.626 62283 INFO tempest.lib.common.rest_client [req-96c1312a-b6a4-4ed5-9231-c499b8980bee req-96c1312a-b6a4-4ed5-9231-c499b8980bee ] Request (ServerExternalEventsTest:test_create_server_external_events): 200 GET http://10.180.1.21/compute/v2.1/servers/a054a98f-e7b4-422c-bd5b-4e478f4a94d2 1.898s
2024-10-29 20:54:43.648 62231 INFO tempest.lib.common.rest_client [req-970c5ae5-f263-477b-9be2-819b7ea891a3 req-970c5ae5-f263-477b-9be2-819b7ea891a3 ] Request (QuotasAdminTestJSON:test_get_updated_quotas): 200 PUT http://10.180.1.21/compute/v2.1/os-quota-sets/59a6cd7c0acd4b14bb0655f8edf13e70 1.993s
2024-10-29 20:54:43.701 62237 INFO tempest.lib.common.rest_client [req-d15aef7d-fc9e-4321-bdbc-11d3c7a227d6 req-d15aef7d-fc9e-4321-bdbc-11d3c7a227d6 ] Request (AttachVolumeShelveTestJSON:setUpClass): 201 POST http://10.180.1.21/identity/v3/auth/tokens 0.513s
2024-10-29 20:54:43.734 62273 INFO tempest.lib.common.rest_client [req-42fbf2f0-6346-47a0-9dde-e4749f1abbef req-42fbf2f0-6346-47a0-9dde-e4749f1abbef ] Request (ServerDiagnosticsV248Test:setUpClass): 201 POST http://10.180.1.21/identity/v3/users 0.490s
2024-10-29 20:54:43.774 62233 INFO tempest.lib.common.rest_client [req-72f1daf4-2302-4a65-a6f4-71911dac5139 req-72f1daf4-2302-4a65-a6f4-71911dac5139 ] Request (ImagesNegativeTestJSON:test_create_image_from_deleted_server): 200 GET http://10.180.1.21/compute/v2.1/servers/43e272e2-9256-4535-882e-3954574d5485 1.668s
2024-10-29 20:54:43.797 62263 INFO tempest.lib.common.rest_client [req-d07565dc-7e3a-4d58-9a52-cfb6cef72d0a req-d07565dc-7e3a-4d58-9a52-cfb6cef72d0a ] Request (FlavorsAdminTestJSON:_run_cleanups): 202 DELETE http://10.180.1.21/compute/v2.1/flavors/ad2a587a-21e5-4c61-975d-4964566707d5 1.086s
2024-10-29 20:54:43.800 62249 INFO tempest.lib.common.rest_client [req-c83cdd58-8c85-460b-9ce3-7e524742cbea req-c83cdd58-8c85-460b-9ce3-7e524742cbea ] Request (FloatingIPDetailsNegativeTestJSON:setUpClass): 201 POST http://10.180.1.21:9696/networking/v2.0/routers 3.785s
2024-10-29 20:54:43.818 62255 INFO tempest.lib.common.rest_client [req-e34ec09f-a2f5-468f-8db7-752719d612e7 req-e34ec09f-a2f5-468f-8db7-752719d612e7 ] Request (FlavorsAccessNegativeTestJSON:_run_cleanups): 200 GET http://10.180.1.21/compute/v2.1/flavors/detail 1.096s
2024-10-29 20:54:43.832 62275 INFO tempest.lib.common.rest_client [req-eb06b985-efa7-435a-9049-e47075069918 req-eb06b985-efa7-435a-9049-e47075069918 ] Request (FlavorsExtraSpecsNegativeTestJSON:tearDownClass): 204 DELETE http://10.180.1.21/identity/v3/projects/d7d6a39456684610849f0652985efbb3 0.463s
2024-10-29 20:54:43.862 62279 INFO tempest.lib.common.rest_client [req-1af6b411-41be-4f5c-9b9f-f85480331094 req-1af6b411-41be-4f5c-9b9f-f85480331094 ] Request (FlavorsExtraSpecsTestJSON:tearDownClass): 201 POST http://10.180.1.21/identity/v3/auth/tokens 0.452s
2024-10-29 20:54:43.973 62265 INFO tempest.lib.common.rest_client [req-bfac3274-81f9-42d5-b3fd-2427590379d0 req-bfac3274-81f9-42d5-b3fd-2427590379d0 ] Request (SecurityGroupsTestAdminJSON:setUpClass): 201 POST http://10.180.1.21/identity/v3/users 0.456s
2024-10-29 20:54:43.989 62251 INFO tempest.lib.common.rest_client [req-a0898a39-d164-448f-8fcb-a03a09139080 req-a0898a39-d164-448f-8fcb-a03a09139080 ] Request (SecurityGroupsNegativeTestJSON:tearDownClass): 204 DELETE http://10.180.1.21/identity/v3/projects/d9f334177ff04f4da5db1094187244a7 0.478s
2024-10-29 20:54:44.027 62237 INFO tempest.lib.common.rest_client [req-00b819a7-a06e-4e2a-97af-70531c47db3d req-00b819a7-a06e-4e2a-97af-70531c47db3d ] Request (AttachVolumeShelveTestJSON:setUpClass): 201 POST http://10.180.1.21/identity/v3/auth/tokens 0.324s
2024-10-29 20:54:44.053 62275 INFO tempest.lib.common.rest_client [req-7f4ef5c8-2f57-488d-b1a9-8cb6d1c96035 req-7f4ef5c8-2f57-488d-b1a9-8cb6d1c96035 ] Request (QuotasAdminTestV236:setUpClass): 201 POST http://10.180.1.21/identity/v3/auth/tokens 0.219s
2024-10-29 20:54:44.059 62273 INFO tempest.lib.common.rest_client [req-4778ab40-4409-41c8-8438-013e4c098633 req-4778ab40-4409-41c8-8438-013e4c098633 ] Request (ServerDiagnosticsV248Test:setUpClass): 200 GET http://10.180.1.21/identity/v3/roles 0.324s
2024-10-29 20:54:44.116 62265 INFO tempest.lib.common.rest_client [req-06995daa-315f-48ab-93cd-59fe2b9d6fc6 req-06995daa-315f-48ab-93cd-59fe2b9d6fc6 ] Request (SecurityGroupsTestAdminJSON:setUpClass): 200 GET http://10.180.1.21/identity/v3/roles 0.142s
2024-10-29 20:54:44.181 62251 INFO tempest.lib.common.rest_client [req-a4688126-2840-4f08-9273-6ba4ed362d90 req-a4688126-2840-4f08-9273-6ba4ed362d90 ] Request (InstanceActionsV221TestJSON:setUpClass): 201 POST http://10.180.1.21/identity/v3/auth/tokens 0.190s
2024-10-29 20:54:44.197 62267 INFO tempest.lib.common.rest_client [req-f42c915c-b81c-48ef-aa62-3b5ccab0cc7f req-f42c915c-b81c-48ef-aa62-3b5ccab0cc7f ] Request (ValidationResourcesFixture:setUp): 201 POST http://10.180.1.21:9696/networking/v2.0/floatingips 1.469s
