2024-10-29 20:54:34.520 62287 INFO tempest.lib.common.dynamic_creds [-] Created isolated network resources for: credentials: Credentials: {'domain_id': 'default', 'domain_name': 'Default', 'username': 'tempest-ServerActionsTestOtherB-866237681-project-member', 'project_domain_id': 'default', 'project_domain_name': 'Default', 'project_id': '88aaa0f0090946569ea568c460b6da62', 'project_name': 'tempest-ServerActionsTestOtherB-866237681', 'tenant_id': '88aaa0f0090946569ea568c460b6da62', 'tenant_name': 'tempest-ServerActionsTestOtherB-866237681', 'user_domain_id': 'default', 'user_domain_name': 'Default', 'user_id': '1a0f719eb1684bc89abe6ae6f978e47d', 'system': None}, Network: {'id': '9be317de-d18e-4489-84ac-2639a8583100', 'name': 'tempest-ServerActionsTestOtherB-1752125656-network', 'tenant_id': '88aaa0f0090946569ea568c460b6da62', 'admin_state_up': True, 'mtu': 8950, 'status': 'ACTIVE', 'subnets': [], 'shared': False, 'project_id': '88aaa0f0090946569ea568c460b6da62', 'port_security_enabled': True, 'router:external': False, 'provider:network_type': 'vlan', 'provider:physical_network': 'default', 'provider:segmentation_id': 555, 'availability_zone_hints': [], 'availability_zones': [], 'ipv4_address_scope': None, 'ipv6_address_scope': None, 'description': '', 'tags': [], 'created_at': '2024-10-29T20:54:26Z', 'updated_at': '2024-10-29T20:54:26Z', 'revision_number': 1}, Subnet: {'id': '79acfbd2-372e-4eda-a8b8-bee01fa9488b', 'name': 'tempest-ServerActionsTestOtherB-1752125656-subnet', 'tenant_id': '88aaa0f0090946569ea568c460b6da62', 'network_id': '9be317de-d18e-4489-84ac-2639a8583100', 'ip_version': 4, 'subnetpool_id': None, 'enable_dhcp': True, 'ipv6_ra_mode': None, 'ipv6_address_mode': None, 'gateway_ip': '192.168.128.1', 'cidr': '192.168.128.0/28', 'allocation_pools': [{'start': '192.168.128.2', 'end': '192.168.128.14'}], 'host_routes': [], 'dns_nameservers': [], 'description': '', 'router:external': False, 'service_types': [], 'tags': [], 'created_at': '2024-10-29T20:54:26Z', 'updated_at': '2024-10-29T20:54:26Z', 'revision_number': 0, 'project_id': '88aaa0f0090946569ea568c460b6da62'}, Router: {'id': 'f09f8398-0370-494c-bb20-064489f7d47a', 'name': 'tempest-ServerActionsTestOtherB-1752125656-router', 'tenant_id': '88aaa0f0090946569ea568c460b6da62', 'admin_state_up': True, 'status': 'ACTIVE', 'external_gateway_info': {'network_id': '02cd1c13-5ac1-464a-b365-cf85a57716a0', 'external_fixed_ips': [{'subnet_id': 'b2f3676d-474e-4be3-87ac-93080cf54383', 'ip_address': '10.180.180.186'}], 'enable_snat': True}, 'description': '', 'availability_zones': [], 'distributed': False, 'ha': False, 'availability_zone_hints': [], 'routes': [], 'flavor_id': None, 'tags': [], 'created_at': '2024-10-29T20:54:27Z', 'updated_at': '2024-10-29T20:54:28Z', 'revision_number': 2, 'project_id': '88aaa0f0090946569ea568c460b6da62'}
2024-10-29 20:54:34.524 62231 INFO tempest.lib.common.rest_client [req-ce5c2cfd-cb24-4400-b745-c33365c755ef req-ce5c2cfd-cb24-4400-b745-c33365c755ef ] Request (QuotasAdminTestJSON:setUpClass): 201 POST http://10.180.1.21/identity/v3/auth/tokens 0.073s
2024-10-29 20:54:34.531 62243 INFO tempest.lib.common.rest_client [req-0c660730-d45d-402e-9c9a-9ab4ecf7b306 req-0c660730-d45d-402e-9c9a-9ab4ecf7b306 ] Request (FlavorsAccessTestJSON:_run_cleanups): 200 GET http://10.180.1.21/compute/v2.1/flavors/detail 1.561s
2024-10-29 20:54:34.598 62287 INFO tempest.lib.common.rest_client [req-14132e6d-5a8c-4f97-bb32-a5ef8dcdb175 req-14132e6d-5a8c-4f97-bb32-a5ef8dcdb175 ] Request (ServerActionsTestOtherB:setUpClass): 201 POST http://10.180.1.21/identity/v3/auth/tokens 0.074s
2024-10-29 20:54:34.621 62231 INFO tempest.lib.common.rest_client [req-15610db4-313b-4bd3-8f43-7073f3783b83 req-15610db4-313b-4bd3-8f43-7073f3783b83 ] Request (QuotasAdminTestJSON:setUpClass): 201 POST http://10.180.1.21/identity/v3/auth/tokens 0.093s
2024-10-29 20:54:34.647 62231 INFO tempest.lib.common.rest_client [req-610657b3-cc2a-43ed-891a-e1968395b7f4 req-610657b3-cc2a-43ed-891a-e1968395b7f4 ] Request (QuotasAdminTestJSON:setUpClass): 200 GET http://10.180.1.21/identity/v3/domains?name=Default 0.026s
2024-10-29 20:54:34.675 62231 INFO tempest.lib.common.rest_client [req-e9f42941-f783-4c13-8f7b-1da7852d39eb req-e9f42941-f783-4c13-8f7b-1da7852d39eb ] Request (QuotasAdminTestJSON:setUpClass): 201 POST http://10.180.1.21/identity/v3/projects 0.028s
2024-10-29 20:54:34.728 62231 INFO tempest.lib.common.rest_client [req-84efdcc1-f108-476c-b376-df89a99ce8fe req-84efdcc1-f108-476c-b376-df89a99ce8fe ] Request (QuotasAdminTestJSON:setUpClass): 201 POST http://10.180.1.21/identity/v3/users 0.052s
2024-10-29 20:54:34.744 62231 INFO tempest.lib.common.rest_client [req-d54b9a45-7fd0-421e-a6d2-2bb6f9c084b0 req-d54b9a45-7fd0-421e-a6d2-2bb6f9c084b0 ] Request (QuotasAdminTestJSON:setUpClass): 200 GET http://10.180.1.21/identity/v3/roles 0.016s
2024-10-29 20:54:34.744 62249 INFO tempest.lib.common.rest_client [req-76fad911-bf8e-4d22-82b5-1f3c312e9497 req-76fad911-bf8e-4d22-82b5-1f3c312e9497 ] Request (FloatingIPsNegativeTestJSON:tearDownClass): 204 DELETE http://10.180.1.21:9696/networking/v2.0/networks/b7be9bac-b74d-49b6-934a-26b6d54ce9d7 1.572s
2024-10-29 20:54:34.778 62231 INFO tempest.lib.common.rest_client [req-2dac4177-e4c8-479b-a3ff-903184e2354e req-2dac4177-e4c8-479b-a3ff-903184e2354e ] Request (QuotasAdminTestJSON:setUpClass): 204 PUT http://10.180.1.21/identity/v3/projects/1ca33fbf7d304dbda978ea54a11b34e5/users/9e613e914cea4f57a578da1db01c414d/roles/5cb5163afc8a4a5ba403535bd5b36bbc 0.034s
2024-10-29 20:54:34.779 62231 INFO tempest.lib.common.dynamic_creds [-] Dynamic test user 9e613e914cea4f57a578da1db01c414d is created with scope project and roles: ['member']
2024-10-29 20:54:34.779 62231 INFO tempest.lib.common.dynamic_creds [-] Acquired dynamic creds: credentials: Credentials: {'domain_id': 'default', 'domain_name': 'Default', 'username': 'tempest-QuotasAdminTestJSON-2101872753-project-member', 'project_domain_id': 'default', 'project_domain_name': 'Default', 'project_id': '1ca33fbf7d304dbda978ea54a11b34e5', 'project_name': 'tempest-QuotasAdminTestJSON-2101872753', 'tenant_id': '1ca33fbf7d304dbda978ea54a11b34e5', 'tenant_name': 'tempest-QuotasAdminTestJSON-2101872753', 'user_domain_id': 'default', 'user_domain_name': 'Default', 'user_id': '9e613e914cea4f57a578da1db01c414d', 'system': None}, Network: None, Subnet: None, Router: None
2024-10-29 20:54:34.779 62231 INFO tempest.lib.common.dynamic_creds [-] Created isolated network resources for: credentials: Credentials: {'domain_id': 'default', 'domain_name': 'Default', 'username': 'tempest-QuotasAdminTestJSON-2101872753-project-member', 'project_domain_id': 'default', 'project_domain_name': 'Default', 'project_id': '1ca33fbf7d304dbda978ea54a11b34e5', 'project_name': 'tempest-QuotasAdminTestJSON-2101872753', 'tenant_id': '1ca33fbf7d304dbda978ea54a11b34e5', 'tenant_name': 'tempest-QuotasAdminTestJSON-2101872753', 'user_domain_id': 'default', 'user_domain_name': 'Default', 'user_id': '9e613e914cea4f57a578da1db01c414d', 'system': None}, Network: None, Subnet: None, Router: None
2024-10-29 20:54:34.812 62235 INFO tempest.lib.common.rest_client [req-4bce3128-b509-4c91-963a-702ff712b09c req-4bce3128-b509-4c91-963a-702ff712b09c ] Request (HypervisorAdminNegativeUnderV252Test:tearDownClass): 200 GET http://10.180.1.21:9696/networking/v2.0/security-groups?tenant_id=806fe1db14174001ba5de3e82d38dc42&name=default 0.594s
2024-10-29 20:54:34.835 62249 INFO tempest.lib.common.rest_client [req-193bdb58-78aa-4d9b-b7ac-2bf6f81bb359 req-193bdb58-78aa-4d9b-b7ac-2bf6f81bb359 ] Request (FloatingIPsNegativeTestJSON:tearDownClass): 204 DELETE http://10.180.1.21/identity/v3/users/5ad1e717ae5c427ea8ae3ddd25fdf000 0.090s
2024-10-29 20:54:34.835 62249 INFO tempest.lib.common.dynamic_creds [-] Deleting project and security group for project: c3266c5c46c4448b8dc66dc6f27932bb
2024-10-29 20:54:34.867 62231 INFO tempest.lib.common.rest_client [req-c3a31cb5-1055-4233-9410-d82cfa60b5f4 req-c3a31cb5-1055-4233-9410-d82cfa60b5f4 ] Request (QuotasAdminTestJSON:setUpClass): 201 POST http://10.180.1.21/identity/v3/auth/tokens 0.085s
2024-10-29 20:54:34.931 62231 INFO tempest.lib.common.rest_client [req-3d6ab371-7ada-49b4-974b-970dccd0cc10 req-3d6ab371-7ada-49b4-974b-970dccd0cc10 ] Request (QuotasAdminTestJSON:setUpClass): 201 POST http://10.180.1.21/identity/v3/projects 0.063s
2024-10-29 20:54:34.965 62249 INFO tempest.lib.common.rest_client [req-f76c5eda-7fc1-4e51-b919-9ce64966b992 req-f76c5eda-7fc1-4e51-b919-9ce64966b992 ] Request (FloatingIPsNegativeTestJSON:tearDownClass): 200 GET http://10.180.1.21:9696/networking/v2.0/security-groups?tenant_id=c3266c5c46c4448b8dc66dc6f27932bb&name=default 0.129s
2024-10-29 20:54:35.016 62239 INFO tempest.lib.common.rest_client [req-2dcbbc27-76c6-4741-8be2-6401209a9007 req-2dcbbc27-76c6-4741-8be2-6401209a9007 ] Request (QuotasAdminNegativeTest:test_create_server_when_cpu_quota_is_full): 403 POST http://10.180.1.21/compute/v2.1/servers 1.969s
2024-10-29 20:54:35.027 62231 INFO tempest.lib.common.rest_client [req-f450edc7-3453-4783-ae48-627be086b7b8 req-f450edc7-3453-4783-ae48-627be086b7b8 ] Request (QuotasAdminTestJSON:setUpClass): 201 POST http://10.180.1.21/identity/v3/users 0.095s
2024-10-29 20:54:35.030 62233 INFO tempest.lib.common.rest_client [req-4192808a-bd05-4d67-b3ff-f657227acfe4 req-4192808a-bd05-4d67-b3ff-f657227acfe4 ] Request (ImagesNegativeTestJSON:test_create_image_from_deleted_server): 202 POST http://10.180.1.21/compute/v2.1/servers 3.016s
2024-10-29 20:54:35.059 62231 INFO tempest.lib.common.rest_client [req-048aa6c4-759f-4437-8412-70c9c854113c req-048aa6c4-759f-4437-8412-70c9c854113c ] Request (QuotasAdminTestJSON:setUpClass): 200 GET http://10.180.1.21/identity/v3/roles 0.031s
2024-10-29 20:54:35.118 62231 INFO tempest.lib.common.rest_client [req-daf5d5ce-3812-46a0-9928-183bec7b45eb req-daf5d5ce-3812-46a0-9928-183bec7b45eb ] Request (QuotasAdminTestJSON:setUpClass): 204 PUT http://10.180.1.21/identity/v3/projects/e01fe48a18f84a1bb6e5f3ec96a590e7/users/6c89b81181ab4d589632049ee90de463/roles/08124484d2e24e7fb57d664edd711e88 0.059s
2024-10-29 20:54:35.190 62231 INFO tempest.lib.common.rest_client [req-f3a17400-4d43-4fc6-ba00-1262640b9a82 req-f3a17400-4d43-4fc6-ba00-1262640b9a82 ] Request (QuotasAdminTestJSON:setUpClass): 200 GET http://10.180.1.21/identity/v3/roles 0.071s
2024-10-29 20:54:35.211 62235 INFO tempest.lib.common.rest_client [req-145568b6-94a5-49fb-bc68-78a963029e16 req-145568b6-94a5-49fb-bc68-78a963029e16 ] Request (HypervisorAdminNegativeUnderV252Test:tearDownClass): 204 DELETE http://10.180.1.21:9696/networking/v2.0/security-groups/6d57e5c3-cb87-43cc-9441-479c1c86f865 0.398s
2024-10-29 20:54:35.220 62231 INFO tempest.lib.common.rest_client [req-36e9ad2b-5d57-4d6c-abd7-fba529916518 req-36e9ad2b-5d57-4d6c-abd7-fba529916518 ] Request (QuotasAdminTestJSON:setUpClass): 204 PUT http://10.180.1.21/identity/v3/projects/e01fe48a18f84a1bb6e5f3ec96a590e7/users/6c89b81181ab4d589632049ee90de463/roles/08124484d2e24e7fb57d664edd711e88 0.030s
2024-10-29 20:54:35.221 62231 INFO tempest.lib.common.dynamic_creds [-] Dynamic test user 6c89b81181ab4d589632049ee90de463 is created with scope project and roles: ['admin']
2024-10-29 20:54:35.221 62231 INFO tempest.lib.common.dynamic_creds [-] Acquired dynamic creds: credentials: Credentials: {'domain_id': 'default', 'domain_name': 'Default', 'username': 'tempest-QuotasAdminTestJSON-45981776-project-admin', 'project_domain_id': 'default', 'project_domain_name': 'Default', 'project_id': 'e01fe48a18f84a1bb6e5f3ec96a590e7', 'project_name': 'tempest-QuotasAdminTestJSON-45981776', 'tenant_id': 'e01fe48a18f84a1bb6e5f3ec96a590e7', 'tenant_name': 'tempest-QuotasAdminTestJSON-45981776', 'user_domain_id': 'default', 'user_domain_name': 'Default', 'user_id': '6c89b81181ab4d589632049ee90de463', 'system': None}, Network: None, Subnet: None, Router: None
2024-10-29 20:54:35.221 62231 INFO tempest.lib.common.dynamic_creds [-] Created isolated network resources for: credentials: Credentials: {'domain_id': 'default', 'domain_name': 'Default', 'username': 'tempest-QuotasAdminTestJSON-45981776-project-admin', 'project_domain_id': 'default', 'project_domain_name': 'Default', 'project_id': 'e01fe48a18f84a1bb6e5f3ec96a590e7', 'project_name': 'tempest-QuotasAdminTestJSON-45981776', 'tenant_id': 'e01fe48a18f84a1bb6e5f3ec96a590e7', 'tenant_name': 'tempest-QuotasAdminTestJSON-45981776', 'user_domain_id': 'default', 'user_domain_name': 'Default', 'user_id': '6c89b81181ab4d589632049ee90de463', 'system': None}, Network: None, Subnet: None, Router: None
2024-10-29 20:54:35.288 62261 INFO tempest.lib.common.rest_client [req-500dbc9c-4d22-4893-864e-03b245d5e9d9 req-500dbc9c-4d22-4893-864e-03b245d5e9d9 ] Request (ServicesAdminTestJSON:test_get_service_by_host_name): 200 GET http://10.180.1.21/compute/v2.1/os-services 1.778s
2024-10-29 20:54:35.341 62231 INFO tempest.lib.common.rest_client [req-16d7aa90-5e2f-4ec9-b333-e97c28792f44 req-16d7aa90-5e2f-4ec9-b333-e97c28792f44 ] Request (QuotasAdminTestJSON:setUpClass): 201 POST http://10.180.1.21/identity/v3/auth/tokens 0.116s
2024-10-29 20:54:35.342 62231 WARNING tempest.lib.common.rest_client [-] Deprecated: "tenant_id" property is deprecated for removal, use "project_id" instead
2024-10-29 20:54:35.352 62269 INFO tempest.lib.common.rest_client [req-356089c0-daaa-4e70-8c56-32c5df003615 req-356089c0-daaa-4e70-8c56-32c5df003615 ] Request (NetworksTest:test_list_all_networks): 200 GET http://10.180.1.21/compute/v2.1/os-networks 2.196s
2024-10-29 20:54:35.366 62235 INFO tempest.lib.common.rest_client [req-7c7cb56d-a264-4d09-a74b-69c6244c8916 req-7c7cb56d-a264-4d09-a74b-69c6244c8916 ] Request (HypervisorAdminNegativeUnderV252Test:tearDownClass): 204 DELETE http://10.180.1.21/identity/v3/projects/806fe1db14174001ba5de3e82d38dc42 0.155s
2024-10-29 20:54:35.441 62231 INFO tempest.lib.common.rest_client [req-a09b8409-bcda-4c2b-b0d3-b875af3d64bc req-a09b8409-bcda-4c2b-b0d3-b875af3d64bc ] Request (QuotasAdminTestJSON:test_delete_quota): 200 GET http://10.180.1.21/identity/v3/domains?name=Default 0.097s
2024-10-29 20:54:35.530 62249 INFO tempest.lib.common.rest_client [req-e04aef95-e0e4-4dec-bce4-b60ab60cec9f req-e04aef95-e0e4-4dec-bce4-b60ab60cec9f ] Request (FloatingIPsNegativeTestJSON:tearDownClass): 204 DELETE http://10.180.1.21:9696/networking/v2.0/security-groups/e6a87be4-5e73-436d-9231-aa935b53bfe6 0.564s
2024-10-29 20:54:35.536 62259 INFO tempest.lib.common.rest_client [req-48dcfa6a-2565-4158-a4c7-882ceda78717 req-48dcfa6a-2565-4158-a4c7-882ceda78717 ] Request (ServicesAdminNegativeV253TestJSON:test_get_service_by_invalid_service_and_valid_host): 200 GET http://10.180.1.21/compute/v2.1/os-services?host=devstack&binary=xxx 1.684s
2024-10-29 20:54:35.554 62271 INFO tempest.lib.common.rest_client [req-3a95e24a-18df-429d-9ac1-f3a61ca8d6e2 req-3a95e24a-18df-429d-9ac1-f3a61ca8d6e2 ] Request (FlavorsV255TestJSON:_run_cleanups): 200 GET http://10.180.1.21/compute/v2.1/flavors/detail 1.684s
2024-10-29 20:54:35.560 62275 INFO tempest.lib.common.rest_client [req-73926227-7577-4a1f-9c51-c21202893e03 req-73926227-7577-4a1f-9c51-c21202893e03 ] Request (FlavorsExtraSpecsNegativeTestJSON:test_flavor_non_admin_update_specific_key): 403 PUT http://10.180.1.21/compute/v2.1/flavors/699164368/os-extra_specs/hw:numa_nodes 1.674s
2024-10-29 20:54:35.570 62267 INFO tempest.lib.common.rest_client [req-8df51b83-5dd4-453f-b4be-8f1954097c73 req-8df51b83-5dd4-453f-b4be-8f1954097c73 ] Request (ServersWithSpecificFlavorTestJSON:test_verify_created_server_ephemeral_disk): 200 POST http://10.180.1.21/compute/v2.1/flavors 1.748s
2024-10-29 20:54:35.586 62255 INFO tempest.lib.common.rest_client [req-b8694810-c5b6-4695-915a-82292b9441c9 req-b8694810-c5b6-4695-915a-82292b9441c9 ] Request (FlavorsAccessNegativeTestJSON:_run_cleanups): 200 GET http://10.180.1.21/compute/v2.1/flavors/detail 1.689s
2024-10-29 20:54:35.588 62269 INFO tempest.lib.common.rest_client [req-68adbf12-9fe9-48d7-86fe-f68c7b3c0e96 req-68adbf12-9fe9-48d7-86fe-f68c7b3c0e96 ] Request (NetworksTest:tearDownClass): 204 DELETE http://10.180.1.21/identity/v3/users/9c30c8a00a1f481a8858af19e5c69a51 0.232s
2024-10-29 20:54:35.595 62263 INFO tempest.lib.common.rest_client [req-e79db35a-856a-484e-939b-6298d0e9d883 req-e79db35a-856a-484e-939b-6298d0e9d883 ] Request (FlavorsAdminTestJSON:_run_cleanups): 200 GET http://10.180.1.21/compute/v2.1/flavors/detail 1.684s
2024-10-29 20:54:35.602 62253 INFO tempest.lib.common.rest_client [req-bea2ee17-2aae-4d18-9309-5418e7dd757e req-bea2ee17-2aae-4d18-9309-5418e7dd757e ] Request (KeyPairsV22TestJSON:test_get_keypair_detail): 200 GET http://10.180.1.21/compute/v2.1/os-keypairs/tempest-keypair-1045361215 1.360s
2024-10-29 20:54:35.636 62273 INFO tempest.lib.common.rest_client [req-639f9d0d-a9c6-461d-b7e1-c3e76a3bb31d req-639f9d0d-a9c6-461d-b7e1-c3e76a3bb31d ] Request (HypervisorAdminNegativeTestJSON:test_show_hypervisor_with_non_admin_user): 200 GET http://10.180.1.21/compute/v2.1/os-hypervisors 1.368s
2024-10-29 20:54:35.668 62245 INFO tempest.lib.common.rest_client [req-a5391928-f605-4659-b171-b74ec55255f7 req-a5391928-f605-4659-b171-b74ec55255f7 ] Request (AggregatesAdminNegativeTestJSON:test_aggregate_add_host_as_user): 200 POST http://10.180.1.21/compute/v2.1/os-aggregates 1.351s
2024-10-29 20:54:35.676 62235 INFO tempest.lib.common.rest_client [req-48da4a4b-8735-41df-8983-b9582f12bda1 req-48da4a4b-8735-41df-8983-b9582f12bda1 ] Request (QuotaClassesAdminTestJSON:setUpClass): 201 POST http://10.180.1.21/identity/v3/auth/tokens 0.308s
2024-10-29 20:54:35.691 62231 INFO tempest.lib.common.rest_client [req-fe5b48d8-4d0b-4a7e-b03b-965d8d9cc5ad req-fe5b48d8-4d0b-4a7e-b03b-965d8d9cc5ad ] Request (QuotasAdminTestJSON:test_delete_quota): 201 POST http://10.180.1.21/identity/v3/projects 0.249s
2024-10-29 20:54:35.704 62265 INFO tempest.lib.common.rest_client [req-0a9e29fa-1a8f-458f-a5e6-1b7cebb788bc req-0a9e29fa-1a8f-458f-a5e6-1b7cebb788bc ] Request (HostsAdminTestJSON:test_list_hosts_with_zone): 200 GET http://10.180.1.21/compute/v2.1/os-hosts 1.359s
2024-10-29 20:54:35.729 62237 INFO tempest.lib.common.rest_client [req-5359dccd-2396-4066-ba40-378a4cb14fb5 req-5359dccd-2396-4066-ba40-378a4cb14fb5 ] Request (KeyPairsV210TestJSON:_run_cleanups): 204 DELETE http://10.180.1.21/compute/v2.1/os-keypairs/tempest-keypair-1528836282?user_id=827218afd6d74c119ce6474434e81e01 1.364s
2024-10-29 20:54:35.747 62279 INFO tempest.lib.common.rest_client [req-68eb7fa6-0f6b-4707-8352-0cb968a0fb3a req-68eb7fa6-0f6b-4707-8352-0cb968a0fb3a ] Request (FlavorsExtraSpecsTestJSON:test_flavor_set_get_update_show_unset_keys): 200 GET http://10.180.1.21/compute/v2.1/flavors/1741913116/os-extra_specs 1.362s
2024-10-29 20:54:35.757 62227 INFO tempest.lib.common.rest_client [req-d2f93b9f-52a4-4662-9474-0e43967c40f2 req-d2f93b9f-52a4-4662-9474-0e43967c40f2 ] Request (DeleteServersAdminTestJSON:test_admin_delete_servers_of_others): 200 GET http://10.180.1.21/compute/v2.1/servers/811de811-d683-44b4-9a25-33923f235e3e 1.449s
2024-10-29 20:54:35.779 62243 INFO tempest.lib.common.rest_client [req-aec177eb-5746-4c77-b937-7d2f01de4ee1 req-aec177eb-5746-4c77-b937-7d2f01de4ee1 ] Request (FlavorsAccessTestJSON:test_flavor_access_list_with_private_flavor): 200 POST http://10.180.1.21/compute/v2.1/flavors 1.197s
2024-10-29 20:54:35.801 62269 INFO tempest.lib.common.rest_client [req-b151e725-44e6-442f-9932-53dfb1e9d990 req-b151e725-44e6-442f-9932-53dfb1e9d990 ] Request (NetworksTest:tearDownClass): 204 DELETE http://10.180.1.21/identity/v3/users/06737865d35e4799b4aa372f3a3cf1f2 0.212s
2024-10-29 20:54:35.803 62269 INFO tempest.lib.common.dynamic_creds [-] Deleting project and security group for project: 01c7518def134c2795c687d0d97561c9
2024-10-29 20:54:35.828 62249 INFO tempest.lib.common.rest_client [req-657b81f9-533c-421c-ab2b-9a60305cb5fe req-657b81f9-533c-421c-ab2b-9a60305cb5fe ] Request (FloatingIPsNegativeTestJSON:tearDownClass): 204 DELETE http://10.180.1.21/identity/v3/projects/c3266c5c46c4448b8dc66dc6f27932bb 0.297s
2024-10-29 20:54:35.860 62235 INFO tempest.lib.common.rest_client [req-27e95ba4-53d8-498f-b100-2bbac6dfd5e8 req-27e95ba4-53d8-498f-b100-2bbac6dfd5e8 ] Request (QuotaClassesAdminTestJSON:setUpClass): 201 POST http://10.180.1.21/identity/v3/auth/tokens 0.179s
2024-10-29 20:54:35.915 62271 INFO tempest.lib.common.rest_client [req-23f5f5b4-cf93-42c6-b235-af05e046dc3d req-23f5f5b4-cf93-42c6-b235-af05e046dc3d ] Request (FlavorsV255TestJSON:tearDownClass): 204 DELETE http://10.180.1.21/identity/v3/users/57e4e40cd46d4c4299d681ffd0ab82a3 0.262s
2024-10-29 20:54:35.948 62231 INFO tempest.lib.common.rest_client [req-8d9e57a3-8052-4387-9a2e-02df614cbe49 req-8d9e57a3-8052-4387-9a2e-02df614cbe49 ] Request (QuotasAdminTestJSON:test_delete_quota): 200 GET http://10.180.1.21/identity/v3/domains?name=Default 0.256s
2024-10-29 20:54:36.033 62287 INFO tempest.lib.common.rest_client [req-1e38816e-6ac7-4fbe-9ec5-b95f7b6deaf7 req-1e38816e-6ac7-4fbe-9ec5-b95f7b6deaf7 ] Request (ServerActionsTestOtherB:setUpClass): 200 POST http://10.180.1.21/compute/v2.1/os-keypairs 1.434s
2024-10-29 20:54:36.052 62269 INFO tempest.lib.common.rest_client [req-4c5cface-c166-4829-be19-2f3349d63dae req-4c5cface-c166-4829-be19-2f3349d63dae ] Request (NetworksTest:tearDownClass): 201 POST http://10.180.1.21/identity/v3/auth/tokens 0.248s
2024-10-29 20:54:36.071 62237 INFO tempest.lib.common.rest_client [req-53084dbb-2006-49b6-93c8-ce4b4c540d9c req-53084dbb-2006-49b6-93c8-ce4b4c540d9c ] Request (KeyPairsV210TestJSON:tearDownClass): 204 DELETE http://10.180.1.21/identity/v3/users/827218afd6d74c119ce6474434e81e01 0.269s
2024-10-29 20:54:36.119 62235 INFO tempest.lib.common.rest_client [req-ed696f78-2250-4a3e-8704-f60e65ecea75 req-ed696f78-2250-4a3e-8704-f60e65ecea75 ] Request (QuotaClassesAdminTestJSON:setUpClass): 200 GET http://10.180.1.21/identity/v3/domains?name=Default 0.258s
2024-10-29 20:54:36.135 62249 INFO tempest.lib.common.rest_client [req-9e1ac4bd-6a5e-401f-9c3e-5986fb6da7ee req-9e1ac4bd-6a5e-401f-9c3e-5986fb6da7ee ] Request (FloatingIPDetailsNegativeTestJSON:setUpClass): 201 POST http://10.180.1.21/identity/v3/auth/tokens 0.305s
2024-10-29 20:54:36.180 62257 INFO tempest.lib.common.rest_client [req-49822e50-61bb-4b16-ae7b-dd482aefab6d req-49822e50-61bb-4b16-ae7b-dd482aefab6d ] Request (ServerDiagnosticsNegativeTest:test_get_server_diagnostics_by_non_admin): 200 GET http://10.180.1.21/compute/v2.1/servers/b637fed5-951c-4e8e-95ae-410e1ec3ecc8 1.554s
2024-10-29 20:54:36.196 62237 INFO tempest.lib.common.rest_client [req-beb27ebd-9932-4e45-a2e8-7a41ef6c07a1 req-beb27ebd-9932-4e45-a2e8-7a41ef6c07a1 ] Request (KeyPairsV210TestJSON:tearDownClass): 204 DELETE http://10.180.1.21/identity/v3/users/8fc933330de246b783aa1db7699effdb 0.124s
2024-10-29 20:54:36.196 62237 INFO tempest.lib.common.dynamic_creds [-] Deleting project and security group for project: f9a6e534db10438d873e50fbe40d4259
2024-10-29 20:54:36.197 62271 INFO tempest.lib.common.rest_client [req-5954def9-1cd0-4896-a243-7e280328bb1b req-5954def9-1cd0-4896-a243-7e280328bb1b ] Request (FlavorsV255TestJSON:tearDownClass): 204 DELETE http://10.180.1.21/identity/v3/users/0e314773ed9d45ccba39abae46874172 0.282s
2024-10-29 20:54:36.197 62271 INFO tempest.lib.common.dynamic_creds [-] Deleting project and security group for project: 213c37e47dd24fc48736657eedfee644
2024-10-29 20:54:36.274 62235 INFO tempest.lib.common.rest_client [req-fc68cc75-ca3e-4fe2-b41d-4c0ae9f2b014 req-fc68cc75-ca3e-4fe2-b41d-4c0ae9f2b014 ] Request (QuotaClassesAdminTestJSON:setUpClass): 201 POST http://10.180.1.21/identity/v3/projects 0.154s
2024-10-29 20:54:36.342 62249 INFO tempest.lib.common.rest_client [req-b908cb10-8f34-44e9-bd05-a375a74fcfba req-b908cb10-8f34-44e9-bd05-a375a74fcfba ] Request (FloatingIPDetailsNegativeTestJSON:setUpClass): 201 POST http://10.180.1.21/identity/v3/auth/tokens 0.156s
2024-10-29 20:54:36.368 62237 INFO tempest.lib.common.rest_client [req-9e42456e-bdca-4a85-9d3a-9df5561c887b req-9e42456e-bdca-4a85-9d3a-9df5561c887b ] Request (KeyPairsV210TestJSON:tearDownClass): 201 POST http://10.180.1.21/identity/v3/auth/tokens 0.171s
2024-10-29 20:54:36.371 62271 INFO tempest.lib.common.rest_client [req-e95bc450-a132-4302-b3ec-32d1448da520 req-e95bc450-a132-4302-b3ec-32d1448da520 ] Request (FlavorsV255TestJSON:tearDownClass): 201 POST http://10.180.1.21/identity/v3/auth/tokens 0.174s
2024-10-29 20:54:36.393 62249 INFO tempest.lib.common.rest_client [req-072df522-7df4-46e5-a0ad-29b6c0770699 req-072df522-7df4-46e5-a0ad-29b6c0770699 ] Request (FloatingIPDetailsNegativeTestJSON:setUpClass): 200 GET http://10.180.1.21/identity/v3/domains?name=Default 0.050s
2024-10-29 20:54:36.406 62235 INFO tempest.lib.common.rest_client [req-54a1cf1b-dad7-4628-87e4-911e7f1acf9c req-54a1cf1b-dad7-4628-87e4-911e7f1acf9c ] Request (QuotaClassesAdminTestJSON:setUpClass): 201 POST http://10.180.1.21/identity/v3/users 0.131s
2024-10-29 20:54:36.465 62287 INFO tempest.lib.common.rest_client [req-5bf4bb7d-3a51-4811-8ba9-21513796221d req-5bf4bb7d-3a51-4811-8ba9-21513796221d ] Request (ServerActionsTestOtherB:setUpClass): 201 POST http://10.180.1.21:9696/networking/v2.0/security-groups 0.428s
2024-10-29 20:54:36.471 62249 INFO tempest.lib.common.rest_client [req-6391d2b9-14d2-44ba-b28f-206b9180adcd req-6391d2b9-14d2-44ba-b28f-206b9180adcd ] Request (FloatingIPDetailsNegativeTestJSON:setUpClass): 201 POST http://10.180.1.21/identity/v3/projects 0.077s
2024-10-29 20:54:36.484 62235 INFO tempest.lib.common.rest_client [req-ccb70445-e53e-4609-a007-4b701e06f8e6 req-ccb70445-e53e-4609-a007-4b701e06f8e6 ] Request (QuotaClassesAdminTestJSON:setUpClass): 200 GET http://10.180.1.21/identity/v3/roles 0.078s
2024-10-29 20:54:36.526 62249 INFO tempest.lib.common.rest_client [req-98a3bb07-ff9e-4f21-a714-763231137676 req-98a3bb07-ff9e-4f21-a714-763231137676 ] Request (FloatingIPDetailsNegativeTestJSON:setUpClass): 201 POST http://10.180.1.21/identity/v3/users 0.054s
2024-10-29 20:54:36.545 62235 INFO tempest.lib.common.rest_client [req-bc1c7ef6-ae41-4a63-a03b-b7448fd1bfb3 req-bc1c7ef6-ae41-4a63-a03b-b7448fd1bfb3 ] Request (QuotaClassesAdminTestJSON:setUpClass): 204 PUT http://10.180.1.21/identity/v3/projects/e7e78ad6988541b0833488205d2c8c9a/users/ef2a1ecd5f8748b09b8041d3e42b15b9/roles/5cb5163afc8a4a5ba403535bd5b36bbc 0.061s
2024-10-29 20:54:36.545 62235 INFO tempest.lib.common.dynamic_creds [-] Dynamic test user ef2a1ecd5f8748b09b8041d3e42b15b9 is created with scope project and roles: ['member']
2024-10-29 20:54:36.546 62235 INFO tempest.lib.common.dynamic_creds [-] Acquired dynamic creds: credentials: Credentials: {'domain_id': 'default', 'domain_name': 'Default', 'username': 'tempest-QuotaClassesAdminTestJSON-662049415-project-member', 'project_domain_id': 'default', 'project_domain_name': 'Default', 'project_id': 'e7e78ad6988541b0833488205d2c8c9a', 'project_name': 'tempest-QuotaClassesAdminTestJSON-662049415', 'tenant_id': 'e7e78ad6988541b0833488205d2c8c9a', 'tenant_name': 'tempest-QuotaClassesAdminTestJSON-662049415', 'user_domain_id': 'default', 'user_domain_name': 'Default', 'user_id': 'ef2a1ecd5f8748b09b8041d3e42b15b9', 'system': None}, Network: None, Subnet: None, Router: None
2024-10-29 20:54:36.546 62235 INFO tempest.lib.common.dynamic_creds [-] Created isolated network resources for: credentials: Credentials: {'domain_id': 'default', 'domain_name': 'Default', 'username': 'tempest-QuotaClassesAdminTestJSON-662049415-project-member', 'project_domain_id': 'default', 'project_domain_name': 'Default', 'project_id': 'e7e78ad6988541b0833488205d2c8c9a', 'project_name': 'tempest-QuotaClassesAdminTestJSON-662049415', 'tenant_id': 'e7e78ad6988541b0833488205d2c8c9a', 'tenant_name': 'tempest-QuotaClassesAdminTestJSON-662049415', 'user_domain_id': 'default', 'user_domain_name': 'Default', 'user_id': 'ef2a1ecd5f8748b09b8041d3e42b15b9', 'system': None}, Network: None, Subnet: None, Router: None
2024-10-29 20:54:36.547 62249 INFO tempest.lib.common.rest_client [req-998df743-71cb-49da-b8b8-f5f6417dabde req-998df743-71cb-49da-b8b8-f5f6417dabde ] Request (FloatingIPDetailsNegativeTestJSON:setUpClass): 200 GET http://10.180.1.21/identity/v3/roles 0.021s
2024-10-29 20:54:36.548 62283 INFO tempest.lib.common.rest_client [req-a8dee4b2-f021-44f3-9bde-dfbe3957d18d req-a8dee4b2-f021-44f3-9bde-dfbe3957d18d ] Request (ServerExternalEventsTest:test_create_server_external_events): 200 GET http://10.180.1.21/compute/v2.1/servers/a054a98f-e7b4-422c-bd5b-4e478f4a94d2 1.739s
2024-10-29 20:54:36.608 62249 INFO tempest.lib.common.rest_client [req-86a1b855-84c3-4234-9b14-bdb064b56818 req-86a1b855-84c3-4234-9b14-bdb064b56818 ] Request (FloatingIPDetailsNegativeTestJSON:setUpClass): 204 PUT http://10.180.1.21/identity/v3/projects/7e82a5072ada42b9b15360b5414eac68/users/bfbef4d9fbd140a7a6571bf467f85a89/roles/5cb5163afc8a4a5ba403535bd5b36bbc 0.060s
2024-10-29 20:54:36.609 62249 INFO tempest.lib.common.dynamic_creds [-] Dynamic test user bfbef4d9fbd140a7a6571bf467f85a89 is created with scope project and roles: ['member']
2024-10-29 20:54:36.609 62249 INFO tempest.lib.common.dynamic_creds [-] Acquired dynamic creds: credentials: Credentials: {'domain_id': 'default', 'domain_name': 'Default', 'username': 'tempest-FloatingIPDetailsNegativeTestJSON-1510764064-project-member', 'project_domain_id': 'default', 'project_domain_name': 'Default', 'project_id': '7e82a5072ada42b9b15360b5414eac68', 'project_name': 'tempest-FloatingIPDetailsNegativeTestJSON-1510764064', 'tenant_id': '7e82a5072ada42b9b15360b5414eac68', 'tenant_name': 'tempest-FloatingIPDetailsNegativeTestJSON-1510764064', 'user_domain_id': 'default', 'user_domain_name': 'Default', 'user_id': 'bfbef4d9fbd140a7a6571bf467f85a89', 'system': None}, Network: None, Subnet: None, Router: None
2024-10-29 20:54:36.635 62235 INFO tempest.lib.common.rest_client [req-50ed1203-e9fd-4ca1-bbb1-8623f24318e9 req-50ed1203-e9fd-4ca1-bbb1-8623f24318e9 ] Request (QuotaClassesAdminTestJSON:setUpClass): 201 POST http://10.180.1.21/identity/v3/auth/tokens 0.084s
2024-10-29 20:54:36.668 62249 INFO tempest.lib.common.rest_client [req-0bfc56d3-1efc-40ee-99c4-389bd4154e7a req-0bfc56d3-1efc-40ee-99c4-389bd4154e7a ] Request (FloatingIPDetailsNegativeTestJSON:setUpClass): 201 POST http://10.180.1.21/identity/v3/auth/tokens 0.058s
2024-10-29 20:54:36.683 62225 INFO tempest.lib.common.rest_client [req-ae94d5ca-6451-4f3a-aa61-9a8ea70fb11a req-ae94d5ca-6451-4f3a-aa61-9a8ea70fb11a ] Request (MigrationsAdminTest:test_list_migrations_in_flavor_resize_situation): 200 GET http://10.180.1.21/compute/v2.1/servers/b15f2e60-9ea6-49ea-be71-6770d3f48e1d 1.952s
2024-10-29 20:54:36.689 62225 INFO tempest.common.waiters [-] State transition "BUILD/networking" ==> "BUILD/spawning" after 9 second wait
2024-10-29 20:54:36.693 62235 INFO tempest.lib.common.rest_client [req-d6a809b6-dc6a-4ee5-8df3-d78b94443324 req-d6a809b6-dc6a-4ee5-8df3-d78b94443324 ] Request (QuotaClassesAdminTestJSON:setUpClass): 201 POST http://10.180.1.21/identity/v3/projects 0.058s
2024-10-29 20:54:36.748 62235 INFO tempest.lib.common.rest_client [req-31af1ed3-1fa3-447f-9d59-e9b7e1082a6c req-31af1ed3-1fa3-447f-9d59-e9b7e1082a6c ] Request (QuotaClassesAdminTestJSON:setUpClass): 201 POST http://10.180.1.21/identity/v3/users 0.052s
2024-10-29 20:54:36.784 62233 INFO tempest.lib.common.rest_client [req-52bafa84-9e2e-4b5f-9b99-d346af035bf7 req-52bafa84-9e2e-4b5f-9b99-d346af035bf7 ] Request (ImagesNegativeTestJSON:test_create_image_from_deleted_server): 200 GET http://10.180.1.21/compute/v2.1/servers/43e272e2-9256-4535-882e-3954574d5485 1.752s
2024-10-29 20:54:36.827 62235 INFO tempest.lib.common.rest_client [req-beb4d6b6-ea27-463b-96fb-0afd2487385e req-beb4d6b6-ea27-463b-96fb-0afd2487385e ] Request (QuotaClassesAdminTestJSON:setUpClass): 200 GET http://10.180.1.21/identity/v3/roles 0.078s
2024-10-29 20:54:36.860 62235 INFO tempest.lib.common.rest_client [req-653485bd-eae5-4a24-a484-f0d92d315fdd req-653485bd-eae5-4a24-a484-f0d92d315fdd ] Request (QuotaClassesAdminTestJSON:setUpClass): 204 PUT http://10.180.1.21/identity/v3/projects/c0cefb62e38143a68f6f5bdfef040bc9/users/3bda4171debc42ae95936c63602c2bdf/roles/08124484d2e24e7fb57d664edd711e88 0.032s
2024-10-29 20:54:36.864 62285 INFO tempest.lib.common.rest_client [req-f0dce6da-da01-4de6-8398-a36c92da895e req-f0dce6da-da01-4de6-8398-a36c92da895e ] Request (AttachInterfacesV270Test:setUpClass): 201 POST http://10.180.1.21:9696/networking/v2.0/routers 3.844s
2024-10-29 20:54:36.868 62269 INFO tempest.lib.common.rest_client [req-96d4a20a-cfd5-42e8-b898-76b508cf4320 req-96d4a20a-cfd5-42e8-b898-76b508cf4320 ] Request (NetworksTest:tearDownClass): 200 GET http://10.180.1.21:9696/networking/v2.0/security-groups?tenant_id=01c7518def134c2795c687d0d97561c9&name=default 0.816s
2024-10-29 20:54:36.883 62281 INFO tempest.lib.common.rest_client [req-489f0954-bf47-45d9-8765-e08f2cbd7a88 req-489f0954-bf47-45d9-8765-e08f2cbd7a88 ] Request (AttachInterfacesUnderV243Test:test_add_remove_fixed_ip): 200 GET http://10.180.1.21/compute/v2.1/servers/88c3e670-b97a-4797-8821-cc24d2d07115 1.842s
2024-10-29 20:54:36.903 62239 INFO tempest.lib.common.rest_client [req-f978d4c0-43fe-4d58-883a-d2315064d9a0 req-f978d4c0-43fe-4d58-883a-d2315064d9a0 ] Request (QuotasAdminNegativeTest:_run_cleanups): 200 PUT http://10.180.1.21/compute/v2.1/os-quota-sets/e72d898b0ace44498e7ac3257e4d2882 1.886s
2024-10-29 20:54:36.929 62261 INFO tempest.lib.common.rest_client [req-58090524-5009-4a8c-9ac7-e9d9eca2aba2 req-58090524-5009-4a8c-9ac7-e9d9eca2aba2 ] Request (ServicesAdminTestJSON:test_get_service_by_host_name): 200 GET http://10.180.1.21/compute/v2.1/os-services?host=devstack 1.636s
2024-10-29 20:54:36.947 62235 INFO tempest.lib.common.rest_client [req-abb13867-923d-4394-b489-69c22ecfd7af req-abb13867-923d-4394-b489-69c22ecfd7af ] Request (QuotaClassesAdminTestJSON:setUpClass): 200 GET http://10.180.1.21/identity/v3/roles 0.086s
2024-10-29 20:54:36.968 62235 INFO tempest.lib.common.rest_client [req-9e986402-5bdb-4db0-a8a8-20bc848f2107 req-9e986402-5bdb-4db0-a8a8-20bc848f2107 ] Request (QuotaClassesAdminTestJSON:setUpClass): 204 PUT http://10.180.1.21/identity/v3/projects/c0cefb62e38143a68f6f5bdfef040bc9/users/3bda4171debc42ae95936c63602c2bdf/roles/08124484d2e24e7fb57d664edd711e88 0.020s
2024-10-29 20:54:36.968 62235 INFO tempest.lib.common.dynamic_creds [-] Dynamic test user 3bda4171debc42ae95936c63602c2bdf is created with scope project and roles: ['admin']
2024-10-29 20:54:36.968 62235 INFO tempest.lib.common.dynamic_creds [-] Acquired dynamic creds: credentials: Credentials: {'domain_id': 'default', 'domain_name': 'Default', 'username': 'tempest-QuotaClassesAdminTestJSON-261987790-project-admin', 'project_domain_id': 'default', 'project_domain_name': 'Default', 'project_id': 'c0cefb62e38143a68f6f5bdfef040bc9', 'project_name': 'tempest-QuotaClassesAdminTestJSON-261987790', 'tenant_id': 'c0cefb62e38143a68f6f5bdfef040bc9', 'tenant_name': 'tempest-QuotaClassesAdminTestJSON-261987790', 'user_domain_id': 'default', 'user_domain_name': 'Default', 'user_id': '3bda4171debc42ae95936c63602c2bdf', 'system': None}, Network: None, Subnet: None, Router: None
2024-10-29 20:54:36.968 62235 INFO tempest.lib.common.dynamic_creds [-] Created isolated network resources for: credentials: Credentials: {'domain_id': 'default', 'domain_name': 'Default', 'username': 'tempest-QuotaClassesAdminTestJSON-261987790-project-admin', 'project_domain_id': 'default', 'project_domain_name': 'Default', 'project_id': 'c0cefb62e38143a68f6f5bdfef040bc9', 'project_name': 'tempest-QuotaClassesAdminTestJSON-261987790', 'tenant_id': 'c0cefb62e38143a68f6f5bdfef040bc9', 'tenant_name': 'tempest-QuotaClassesAdminTestJSON-261987790', 'user_domain_id': 'default', 'user_domain_name': 'Default', 'user_id': '3bda4171debc42ae95936c63602c2bdf', 'system': None}, Network: None, Subnet: None, Router: None
2024-10-29 20:54:37.042 62229 INFO tempest.lib.common.rest_client [req-697f380c-1eb8-4712-a914-a6c84c9daa64 req-697f380c-1eb8-4712-a914-a6c84c9daa64 ] Request (ServerPasswordTestJSON:setUpClass): 200 GET http://10.180.1.21/compute/v2.1/servers/722b2d1a-9b8a-4120-85ce-c15cddd46479 1.902s
2024-10-29 20:54:37.043 62242 INFO tempest.lib.common.rest_client [req-6348de30-ba62-441e-9de0-50b87c6fe39b req-6348de30-ba62-441e-9de0-50b87c6fe39b ] Request (ServersAdminTestJSON:setUpClass): 200 GET http://10.180.1.21/compute/v2.1/servers/9b3b4b80-9de4-4e59-b211-38bc8d9caeae 1.518s
2024-10-29 20:54:37.044 62235 INFO tempest.lib.common.rest_client [req-13cc8d4a-9ac0-4d9a-aa0a-42e92ac8ef67 req-13cc8d4a-9ac0-4d9a-aa0a-42e92ac8ef67 ] Request (QuotaClassesAdminTestJSON:setUpClass): 201 POST http://10.180.1.21/identity/v3/auth/tokens 0.072s
2024-10-29 20:54:37.058 62237 INFO tempest.lib.common.rest_client [req-158679a6-6481-4ae0-bd7a-1a8e3dafacd8 req-158679a6-6481-4ae0-bd7a-1a8e3dafacd8 ] Request (KeyPairsV210TestJSON:tearDownClass): 200 GET http://10.180.1.21:9696/networking/v2.0/security-groups?tenant_id=f9a6e534db10438d873e50fbe40d4259&name=default 0.689s
2024-10-29 20:54:37.066 62287 INFO tempest.lib.common.rest_client [req-b6999747-547d-4951-b47d-2cb542ccdc26 req-b6999747-547d-4951-b47d-2cb542ccdc26 ] Request (ServerActionsTestOtherB:setUpClass): 201 POST http://10.180.1.21:9696/networking/v2.0/security-group-rules 0.600s
2024-10-29 20:54:37.066 62275 INFO tempest.lib.common.rest_client [req-f0ea5392-0711-4e49-bbc5-ef0af567e105 req-f0ea5392-0711-4e49-bbc5-ef0af567e105 ] Request (FlavorsExtraSpecsNegativeTestJSON:test_flavor_unset_nonexistent_key): 404 DELETE http://10.180.1.21/compute/v2.1/flavors/699164368/os-extra_specs/hw:cpu_thread_policy 1.504s
2024-10-29 20:54:37.073 62259 INFO tempest.lib.common.rest_client [req-d23bb2bd-1110-4c0f-b8eb-4f6d34c53697 req-d23bb2bd-1110-4c0f-b8eb-4f6d34c53697 ] Request (ServicesAdminNegativeV253TestJSON:test_get_service_with_valid_service_and_invalid_host): 200 GET http://10.180.1.21/compute/v2.1/os-services 1.535s
2024-10-29 20:54:37.078 62267 INFO tempest.lib.common.rest_client [req-fb955329-14fd-4b55-8134-4cf519da73ae req-fb955329-14fd-4b55-8134-4cf519da73ae ] Request (ServersWithSpecificFlavorTestJSON:test_verify_created_server_ephemeral_disk): 200 GET http://10.180.1.21/compute/v2.1/flavors/42/os-extra_specs 1.506s
2024-10-29 20:54:37.092 62263 INFO tempest.lib.common.rest_client [req-4cafcd1b-caf4-408d-85c3-2af06ee5fc3a req-4cafcd1b-caf4-408d-85c3-2af06ee5fc3a ] Request (FlavorsAdminTestJSON:test_create_flavor_with_int_id): 200 POST http://10.180.1.21/compute/v2.1/flavors 1.491s
2024-10-29 20:54:37.102 62253 INFO tempest.lib.common.rest_client [req-4c6120b2-c8fd-4cdd-b27b-9c9d6d73414e req-4c6120b2-c8fd-4cdd-b27b-9c9d6d73414e ] Request (KeyPairsV22TestJSON:_run_cleanups): 204 DELETE http://10.180.1.21/compute/v2.1/os-keypairs/tempest-keypair-1045361215 1.494s
2024-10-29 20:54:37.107 62255 INFO tempest.lib.common.rest_client [req-65308a7e-0139-42e0-8354-d1631bcfbf33 req-65308a7e-0139-42e0-8354-d1631bcfbf33 ] Request (FlavorsAccessNegativeTestJSON:test_flavor_access_list_with_public_flavor): 200 POST http://10.180.1.21/compute/v2.1/flavors 1.491s
2024-10-29 20:54:37.108 62273 INFO tempest.lib.common.rest_client [req-77532f6d-a207-4ac4-95a6-e2348e25c1df req-77532f6d-a207-4ac4-95a6-e2348e25c1df ] Request (HypervisorAdminNegativeTestJSON:test_show_hypervisor_with_non_admin_user): 403 GET http://10.180.1.21/compute/v2.1/os-hypervisors/1 1.469s
2024-10-29 20:54:37.119 62271 INFO tempest.lib.common.rest_client [req-033bd498-312f-4fcb-bfa0-fc0af282f268 req-033bd498-312f-4fcb-bfa0-fc0af282f268 ] Request (FlavorsV255TestJSON:tearDownClass): 200 GET http://10.180.1.21:9696/networking/v2.0/security-groups?tenant_id=213c37e47dd24fc48736657eedfee644&name=default 0.747s
2024-10-29 20:54:37.132 62265 INFO tempest.lib.common.rest_client [req-c5aef1e4-ca88-4bfc-baba-beec670a338b req-c5aef1e4-ca88-4bfc-baba-beec670a338b ] Request (HostsAdminTestJSON:test_list_hosts_with_zone): 200 GET http://10.180.1.21/compute/v2.1/os-hosts?zone=internal 1.427s
2024-10-29 20:54:37.156 62279 INFO tempest.lib.common.rest_client [req-ec7fbfa3-7134-426a-b285-ee15988b09e6 req-ec7fbfa3-7134-426a-b285-ee15988b09e6 ] Request (FlavorsExtraSpecsTestJSON:test_flavor_set_get_update_show_unset_keys): 200 PUT http://10.180.1.21/compute/v2.1/flavors/1741913116/os-extra_specs/hw:numa_nodes 1.408s
2024-10-29 20:54:37.170 62243 INFO tempest.lib.common.rest_client [req-d3e152c7-91bf-477c-b84d-805c4dfad21a req-d3e152c7-91bf-477c-b84d-805c4dfad21a ] Request (FlavorsAccessTestJSON:test_flavor_access_list_with_private_flavor): 200 GET http://10.180.1.21/compute/v2.1/flavors/286756199/os-flavor-access 1.382s
2024-10-29 20:54:37.222 62245 INFO tempest.lib.common.rest_client [req-4965a1bb-574c-46db-a38f-fab3897b80e7 req-4965a1bb-574c-46db-a38f-fab3897b80e7 ] Request (AggregatesAdminNegativeTestJSON:test_aggregate_add_host_as_user): 403 POST http://10.180.1.21/compute/v2.1/os-aggregates/2/action 1.548s
2024-10-29 20:54:37.267 62231 INFO tempest.lib.common.rest_client [req-04725d81-4a28-4fe9-9d2a-bf07deef2804 req-04725d81-4a28-4fe9-9d2a-bf07deef2804 ] Request (QuotasAdminTestJSON:test_delete_quota): 200 GET http://10.180.1.21/compute/v2.1/os-quota-sets/eee80e2979b948378291c089ea55090e 1.319s
2024-10-29 20:54:37.332 62269 INFO tempest.lib.common.rest_client [req-77dbc632-daab-4cf2-bdb8-82bc765e8e66 req-77dbc632-daab-4cf2-bdb8-82bc765e8e66 ] Request (NetworksTest:tearDownClass): 204 DELETE http://10.180.1.21:9696/networking/v2.0/security-groups/9dc6bbe5-a679-4ca5-95fc-f7f20654f8bb 0.462s
2024-10-29 20:54:37.360 62239 INFO tempest.lib.common.rest_client [req-c811ab90-e4d9-412e-a3e6-244e3a53b1a3 req-c811ab90-e4d9-412e-a3e6-244e3a53b1a3 ] Request (QuotasAdminNegativeTest:test_create_server_when_instances_quota_is_full): 200 GET http://10.180.1.21/compute/v2.1/os-quota-sets/e72d898b0ace44498e7ac3257e4d2882 0.453s
2024-10-29 20:54:37.398 62261 INFO tempest.lib.common.rest_client [req-dbdbb4a8-0a2f-4643-a48d-dd06ff6fde13 req-dbdbb4a8-0a2f-4643-a48d-dd06ff6fde13 ] Request (ServicesAdminTestJSON:test_get_service_by_service_binary_name): 200 GET http://10.180.1.21/compute/v2.1/os-services?binary=nova-compute 0.465s
2024-10-29 20:54:37.405 62275 INFO tempest.lib.common.rest_client [req-423fdb3b-9426-4eb4-b9db-17d316a858e7 req-423fdb3b-9426-4eb4-b9db-17d316a858e7 ] Request (FlavorsExtraSpecsNegativeTestJSON:test_flavor_update_mismatch_key): 400 PUT http://10.180.1.21/compute/v2.1/flavors/699164368/os-extra_specs/hw:numa_nodes 0.337s
2024-10-29 20:54:37.423 62227 INFO tempest.lib.common.rest_client [req-064091a9-6801-4e37-8d5b-f60624690343 req-064091a9-6801-4e37-8d5b-f60624690343 ] Request (DeleteServersAdminTestJSON:test_admin_delete_servers_of_others): 200 GET http://10.180.1.21/compute/v2.1/servers/811de811-d683-44b4-9a25-33923f235e3e 0.652s
2024-10-29 20:54:37.437 62259 INFO tempest.lib.common.rest_client [req-0e9979ab-6661-43e9-aff0-1330dc237b68 req-0e9979ab-6661-43e9-aff0-1330dc237b68 ] Request (ServicesAdminNegativeV253TestJSON:test_get_service_with_valid_service_and_invalid_host): 200 GET http://10.180.1.21/compute/v2.1/os-services?host=xxx&binary=nova-scheduler 0.362s
2024-10-29 20:54:37.467 62263 INFO tempest.lib.common.rest_client [req-f5fcd5ff-abf4-45ee-b667-fdc9eb22125e req-f5fcd5ff-abf4-45ee-b667-fdc9eb22125e ] Request (FlavorsAdminTestJSON:_run_cleanups): 202 DELETE http://10.180.1.21/compute/v2.1/flavors/1990211457 0.372s
2024-10-29 20:54:37.468 62267 INFO tempest.lib.common.rest_client [req-594d4070-a585-4e97-98ba-aebc53a609ab req-594d4070-a585-4e97-98ba-aebc53a609ab ] Request (ServersWithSpecificFlavorTestJSON:test_verify_created_server_ephemeral_disk): 200 POST http://10.180.1.21/compute/v2.1/flavors/1451433735/os-extra_specs 0.388s
2024-10-29 20:54:37.475 62247 INFO tempest.lib.common.rest_client [req-3a2abbb3-7d16-49c8-bf62-140cd4a26baa req-3a2abbb3-7d16-49c8-bf62-140cd4a26baa ] Request (VolumesAssistedSnapshotsTest:setUpClass): 201 POST http://10.180.1.21:9696/networking/v2.0/routers 3.541s
2024-10-29 20:54:37.475 62273 INFO tempest.lib.common.rest_client [req-f505561a-0b17-496e-b9e3-e0c60f14432c req-f505561a-0b17-496e-b9e3-e0c60f14432c ] Request (HypervisorAdminNegativeTestJSON:test_show_nonexistent_hypervisor): 404 GET http://10.180.1.21/compute/v2.1/os-hypervisors/30ebf2b2-d47f-485c-8cd0-9d6b92c83b4c 0.366s
2024-10-29 20:54:37.486 62269 INFO tempest.lib.common.rest_client [req-badbd062-c0b1-4932-91e6-05060c5c7e4c req-badbd062-c0b1-4932-91e6-05060c5c7e4c ] Request (NetworksTest:tearDownClass): 204 DELETE http://10.180.1.21/identity/v3/projects/01c7518def134c2795c687d0d97561c9 0.153s
2024-10-29 20:54:37.486 62269 INFO tempest.lib.common.dynamic_creds [-] Deleting project and security group for project: 4c74e5438df94221a6454a5dc1afafaf
2024-10-29 20:54:37.489 62255 INFO tempest.lib.common.rest_client [req-4f90d943-a235-4b27-8686-f6f3726b5715 req-4f90d943-a235-4b27-8686-f6f3726b5715 ] Request (FlavorsAccessNegativeTestJSON:test_flavor_access_list_with_public_flavor): 404 GET http://10.180.1.21/compute/v2.1/flavors/1652699249/os-flavor-access 0.379s
2024-10-29 20:54:37.511 62265 INFO tempest.lib.common.rest_client [req-2916ded8-f0de-4947-9075-6c959b925dd0 req-2916ded8-f0de-4947-9075-6c959b925dd0 ] Request (HostsAdminTestJSON:test_show_host_detail): 200 GET http://10.180.1.21/compute/v2.1/os-hosts 0.377s
2024-10-29 20:54:37.516 62253 INFO tempest.lib.common.rest_client [req-df541922-8a78-46a4-b0a8-42f7fa041236 req-df541922-8a78-46a4-b0a8-42f7fa041236 ] Request (KeyPairsV22TestJSON:test_keypair_create_delete): 201 POST http://10.180.1.21/compute/v2.1/os-keypairs 0.413s
2024-10-29 20:54:37.519 62287 INFO tempest.lib.common.rest_client [req-6010bdb3-e555-43de-a470-ed0356ba273a req-6010bdb3-e555-43de-a470-ed0356ba273a ] Request (ServerActionsTestOtherB:setUpClass): 201 POST http://10.180.1.21:9696/networking/v2.0/security-group-rules 0.452s
2024-10-29 20:54:37.524 62279 INFO tempest.lib.common.rest_client [req-5836e9f4-0b59-4062-9cda-7f969407c7e9 req-5836e9f4-0b59-4062-9cda-7f969407c7e9 ] Request (FlavorsExtraSpecsTestJSON:test_flavor_set_get_update_show_unset_keys): 200 GET http://10.180.1.21/compute/v2.1/flavors/1741913116/os-extra_specs 0.367s
2024-10-29 20:54:37.536 62243 INFO tempest.lib.common.rest_client [req-90f23a9d-1b90-4ac7-bd60-73256d9bc79b req-90f23a9d-1b90-4ac7-bd60-73256d9bc79b ] Request (FlavorsAccessTestJSON:_run_cleanups): 202 DELETE http://10.180.1.21/compute/v2.1/flavors/286756199 0.365s
2024-10-29 20:54:37.600 62273 INFO tempest.lib.common.rest_client [req-2fbf8b7b-055a-4603-8a84-6c125fc09967 req-2fbf8b7b-055a-4603-8a84-6c125fc09967 ] Request (HypervisorAdminNegativeTestJSON:tearDownClass): 204 DELETE http://10.180.1.21/identity/v3/users/06e04914b71240b58cab0bbe78ab2ea4 0.123s
2024-10-29 20:54:37.684 62245 INFO tempest.lib.common.rest_client [req-269040b9-3813-422a-9da7-84bd88206fae req-269040b9-3813-422a-9da7-84bd88206fae ] Request (AggregatesAdminNegativeTestJSON:_run_cleanups): 200 DELETE http://10.180.1.21/compute/v2.1/os-aggregates/2 0.462s
2024-10-29 20:54:37.697 62273 INFO tempest.lib.common.rest_client [req-84c78924-32c4-4c71-a9b5-44ca7c6e7996 req-84c78924-32c4-4c71-a9b5-44ca7c6e7996 ] Request (HypervisorAdminNegativeTestJSON:tearDownClass): 204 DELETE http://10.180.1.21/identity/v3/users/5548a66887b649bbbcb38ffb1990609e 0.097s
2024-10-29 20:54:37.697 62273 INFO tempest.lib.common.dynamic_creds [-] Deleting project and security group for project: 7ef101eb7b7a49a0832da02474860e82
2024-10-29 20:54:37.715 62237 INFO tempest.lib.common.rest_client [req-96d598b3-4f27-4a36-a906-4a95e7f25819 req-96d598b3-4f27-4a36-a906-4a95e7f25819 ] Request (KeyPairsV210TestJSON:tearDownClass): 204 DELETE http://10.180.1.21:9696/networking/v2.0/security-groups/267070a3-9ee3-4e77-aa73-d57e11872db7 0.657s
2024-10-29 20:54:37.749 62273 INFO tempest.lib.common.rest_client [req-916f9bc5-dc8b-43ac-bacb-cca0071f8fe9 req-916f9bc5-dc8b-43ac-bacb-cca0071f8fe9 ] Request (HypervisorAdminNegativeTestJSON:tearDownClass): 201 POST http://10.180.1.21/identity/v3/auth/tokens 0.052s
2024-10-29 20:54:37.806 62237 INFO tempest.lib.common.rest_client [req-c6ef8783-7748-4779-b02a-21d5aed25e7d req-c6ef8783-7748-4779-b02a-21d5aed25e7d ] Request (KeyPairsV210TestJSON:tearDownClass): 204 DELETE http://10.180.1.21/identity/v3/projects/f9a6e534db10438d873e50fbe40d4259 0.091s
2024-10-29 20:54:37.807 62237 INFO tempest.lib.common.dynamic_creds [-] Deleting project and security group for project: e1e84078bb6f47b18b7daa354dccb352
2024-10-29 20:54:37.817 62271 INFO tempest.lib.common.rest_client [req-4da6e643-c61e-4a6e-bca6-512e1a273f5b req-4da6e643-c61e-4a6e-bca6-512e1a273f5b ] Request (FlavorsV255TestJSON:tearDownClass): 204 DELETE http://10.180.1.21:9696/networking/v2.0/security-groups/136e8bbe-5202-464a-afbb-8b3be610affa 0.697s
2024-10-29 20:54:37.827 62231 INFO tempest.lib.common.rest_client [req-34cf8717-e21d-4e9b-8ab3-8b62a5a6ce5a req-34cf8717-e21d-4e9b-8ab3-8b62a5a6ce5a ] Request (QuotasAdminTestJSON:test_delete_quota): 200 PUT http://10.180.1.21/compute/v2.1/os-quota-sets/eee80e2979b948378291c089ea55090e 0.557s
2024-10-29 20:54:37.935 62271 INFO tempest.lib.common.rest_client [req-e5fa5f66-b783-4bc9-9d52-e4e8a4432ba1 req-e5fa5f66-b783-4bc9-9d52-e4e8a4432ba1 ] Request (FlavorsV255TestJSON:tearDownClass): 204 DELETE http://10.180.1.21/identity/v3/projects/213c37e47dd24fc48736657eedfee644 0.117s
2024-10-29 20:54:37.936 62271 INFO tempest.lib.common.dynamic_creds [-] Deleting project and security group for project: c7f9f2344a21404385671f0a0a96cabb
2024-10-29 20:54:37.937 62257 INFO tempest.lib.common.rest_client [req-26d9319d-7a57-4d70-a6f9-d60059e3e1e9 req-26d9319d-7a57-4d70-a6f9-d60059e3e1e9 ] Request (ServerDiagnosticsNegativeTest:test_get_server_diagnostics_by_non_admin): 200 GET http://10.180.1.21/compute/v2.1/servers/b637fed5-951c-4e8e-95ae-410e1ec3ecc8 0.742s
