2024-09-03 09:40:54.497 62035 INFO tempest.lib.common.rest_client [req-8c21f6ee-7cdd-4d3b-bdf8-bf501136758f req-8c21f6ee-7cdd-4d3b-bdf8-bf501136758f ] Request (ServerRescueNegativeTestJSON:setUpClass): 200 GET http://10.180.1.21/compute/v2.1/servers/b1b52104-3e5d-496f-933e-127ae2447442 0.080s
2024-09-03 09:40:54.519 62021 INFO tempest.lib.common.rest_client [req-18a8c021-2606-44b0-8601-4120ec2037ef req-18a8c021-2606-44b0-8601-4120ec2037ef ] Request (ServersAdminTestJSON:test_inject_network_info): 200 GET http://10.180.1.21/compute/v2.1/servers/292c9fef-c136-4c11-b7ea-b435de6e6fca 0.066s
2024-09-03 09:40:54.529 62037 INFO tempest.lib.common.rest_client [req-a9908635-07c6-4150-8c74-3a3af1239615 req-a9908635-07c6-4150-8c74-3a3af1239615 ] Request (ListImageFiltersTestJSON:setUpClass): 200 GET http://10.180.1.21/compute/v2.1/images/0b6d736f-f7d9-4f2c-a433-5332c4050f9f 0.055s
2024-09-03 09:40:54.576 62017 INFO tempest.lib.common.rest_client [req-2822680f-7112-44e7-8c4e-82e5bdadab81 req-2822680f-7112-44e7-8c4e-82e5bdadab81 ] Request (ServersAdminNegativeTestJSON:tearDownClass): 200 GET http://10.180.1.21/compute/v2.1/servers/3a05e627-acff-4005-b633-f2544fef637b 0.058s
2024-09-03 09:40:54.619 62015 INFO tempest.lib.common.rest_client [req-72af2f2a-a69c-41a4-a29a-5cd6f8afd2cf req-72af2f2a-a69c-41a4-a29a-5cd6f8afd2cf ] Request (ListServersNegativeTestJSON:tearDownClass): 200 GET http://10.180.1.21/compute/v2.1/servers/bab09f69-62ea-4e32-b60a-dee35326269a 0.053s
2024-09-03 09:40:54.713 62049 INFO tempest.lib.common.rest_client [req-21385982-a278-4375-b9f0-4a6a73cfcc51 req-21385982-a278-4375-b9f0-4a6a73cfcc51 ] Request (ServerDiagnosticsNegativeTest:tearDownClass): 200 GET http://10.180.1.21/compute/v2.1/servers/f1854b38-08ef-4259-82aa-02f7fe2677b8 0.062s
2024-09-03 09:40:54.798 62067 INFO tempest.lib.common.rest_client [req-579d4bff-01db-4b1b-964c-fbed4ff6e86c req-579d4bff-01db-4b1b-964c-fbed4ff6e86c ] Request (ServersWithSpecificFlavorTestJSON:test_verify_created_server_ephemeral_disk): 200 GET http://10.180.1.21/compute/v2.1/servers/fc632eaa-d724-4cbc-bfbb-e9a461ee1413 0.047s
2024-09-03 09:40:54.906 62039 INFO tempest.lib.common.rest_client [req-80599704-ef07-413a-ba31-44af063c0034 req-80599704-ef07-413a-ba31-44af063c0034 ] Request (ServerPasswordTestJSON:tearDownClass): 404 GET http://10.180.1.21/compute/v2.1/servers/7863f7b7-e7dc-4337-b088-7187e3fc46e0 0.029s
2024-09-03 09:40:54.975 62031 INFO tempest.lib.common.rest_client [req-cd811898-5da5-4f8b-9554-3c27a91c226f req-cd811898-5da5-4f8b-9554-3c27a91c226f ] Request (ServersTestBootFromVolume:setUpClass): 200 GET http://10.180.1.21/compute/v2.1/servers/577cae56-f2a2-4d07-9f2a-8002acf96bb5 0.061s
2024-09-03 09:40:55.062 62053 INFO tempest.lib.common.rest_client [req-99084004-f88f-431a-8022-9e515f92ad67 req-99084004-f88f-431a-8022-9e515f92ad67 ] Request (ServersTestManualDisk:tearDownClass): 200 GET http://10.180.1.21/compute/v2.1/servers/180d5b94-ba19-4434-8f25-065936e65869 0.062s
2024-09-03 09:40:55.131 62069 INFO tempest.lib.common.rest_client [req-6a767df8-0901-40bd-b071-8c3fb404db68 req-6a767df8-0901-40bd-b071-8c3fb404db68 ] Request (DeleteServersTestJSON:test_delete_server_while_in_attached_volume): 200 GET http://10.180.1.21/compute/v2.1/servers/ee679289-22d8-4041-9014-aef3942dff78 0.064s
2024-09-03 09:40:55.182 62013 INFO tempest.lib.common.rest_client [req-0acc9750-921c-490b-9978-81042b5b0c14 req-0acc9750-921c-490b-9978-81042b5b0c14 ] Request (ServerDiskConfigTestJSON:test_rebuild_server_with_auto_disk_config): 200 GET http://10.180.1.21/compute/v2.1/servers/dabe922d-612d-4fd7-a8eb-10e7361e62b1 0.057s
2024-09-03 09:40:55.257 62047 INFO tempest.lib.common.rest_client [req-1d817883-ee8c-4680-8584-9bf60a535c90 req-1d817883-ee8c-4680-8584-9bf60a535c90 ] Request (MigrationsAdminTest:test_resize_server_revert_deleted_flavor): 200 GET http://10.180.1.21/compute/v2.1/servers/5cdb914e-e99c-4c56-9c90-71f24960474e 0.072s
2024-09-03 09:40:55.302 62029 INFO tempest.lib.common.rest_client [req-95ffbdc8-8657-44a4-911a-31d6a9f8defe req-95ffbdc8-8657-44a4-911a-31d6a9f8defe ] Request (FloatingIPsAssociationTestJSON:tearDownClass): 404 GET http://10.180.1.21/compute/v2.1/servers/df38b8d0-4e59-4803-90ea-f27c0483d410 0.039s
2024-09-03 09:40:55.544 62027 INFO tempest.lib.common.rest_client [req-e18f3f07-26f7-45a8-8d75-d836c6fc61f1 req-e18f3f07-26f7-45a8-8d75-d836c6fc61f1 ] Request (AttachVolumeNegativeTest:test_attach_attached_volume_to_different_server): 200 GET http://10.180.1.21/compute/v2.1/servers/befc2006-004d-430a-a66a-ab5223ed3880 0.277s
2024-09-03 09:40:55.551 62027 INFO tempest.common.waiters [-] State transition "BUILD/None" ==> "BUILD/networking" after 68 second wait
2024-09-03 09:40:55.617 62065 INFO tempest.lib.common.rest_client [req-07ccfb77-4582-4fe9-aafb-b6361f3655f4 req-07ccfb77-4582-4fe9-aafb-b6361f3655f4 ] Request (ListServerFiltersTestJSON:setUpClass): 200 GET http://10.180.1.21/compute/v2.1/servers/ddbf59f0-4fa5-417b-822b-48e492e6af25 0.407s
2024-09-03 09:40:55.626 62071 INFO tempest.lib.common.rest_client [req-bdfc24bf-0f2d-45a6-bb32-dae8f2c6fdd2 req-bdfc24bf-0f2d-45a6-bb32-dae8f2c6fdd2 ] Request (SecurityGroupsTestJSON:test_list_security_groups_by_server): 200 GET http://10.180.1.21/compute/v2.1/servers/5e298f34-cb77-42dd-922b-dd70eaaf379b 0.315s
2024-09-03 09:40:55.695 62041 INFO tempest.lib.common.rest_client [req-421967de-6eb0-4233-9c1c-d142b259aac6 req-421967de-6eb0-4233-9c1c-d142b259aac6 ] Request (ServerMetadataTestJSON:tearDownClass): 200 GET http://10.180.1.21/compute/v2.1/servers/a8da21c6-b750-4566-af5b-9d302045a916 0.279s
2024-09-03 09:40:55.695 62055 INFO tempest.lib.common.rest_client [req-9cbaf2fe-1aa4-4bcc-b54c-3b040939823f req-9cbaf2fe-1aa4-4bcc-b54c-3b040939823f ] Request (VolumesAssistedSnapshotsTest:tearDownClass): 200 GET http://10.180.1.21/compute/v2.1/servers/377c44f9-4282-4874-ad70-11c66c0cae97 0.244s
2024-09-03 09:40:55.755 62039 INFO tempest.lib.common.rest_client [req-80034373-0a7e-40f1-86e0-bc12fe7da19d req-80034373-0a7e-40f1-86e0-bc12fe7da19d ] Request (ServerPasswordTestJSON:tearDownClass): 200 PUT http://10.180.1.21:9696/networking/v2.0/routers/ca3a1cda-d5b4-45d1-a01f-e83b0820a378/remove_router_interface 0.848s
2024-09-03 09:40:55.756 62061 INFO tempest.lib.common.rest_client [req-f1800c28-b0b7-4d81-a701-76324c9012f4 req-f1800c28-b0b7-4d81-a701-76324c9012f4 ] Request (AttachVolumeShelveTestJSON:test_attach_volume_shelved_or_offload_server): 200 GET http://10.180.1.21/compute/v2.1/servers/2f455f6e-6335-4ece-9610-c49f419b66ab 0.283s
2024-09-03 09:40:55.761 62035 INFO tempest.lib.common.rest_client [req-1becf3f3-d048-45e5-9c9a-203a997cc2e7 req-1becf3f3-d048-45e5-9c9a-203a997cc2e7 ] Request (ServerRescueNegativeTestJSON:setUpClass): 200 GET http://10.180.1.21/compute/v2.1/servers/b1b52104-3e5d-496f-933e-127ae2447442 0.255s
2024-09-03 09:40:55.823 62037 INFO tempest.lib.common.rest_client [req-49f22af8-096b-4e2f-9a24-ac73a09dab2f req-49f22af8-096b-4e2f-9a24-ac73a09dab2f ] Request (ListImageFiltersTestJSON:setUpClass): 200 GET http://10.180.1.21/compute/v2.1/images/0b6d736f-f7d9-4f2c-a433-5332c4050f9f 0.291s
2024-09-03 09:40:55.845 62021 INFO tempest.lib.common.rest_client [req-52a1be68-8912-448b-be86-849a2d73538c req-52a1be68-8912-448b-be86-849a2d73538c ] Request (ServersAdminTestJSON:test_inject_network_info): 200 GET http://10.180.1.21/compute/v2.1/servers/292c9fef-c136-4c11-b7ea-b435de6e6fca 0.317s
2024-09-03 09:40:55.897 62017 INFO tempest.lib.common.rest_client [req-c42f1610-0e44-4744-9d04-cafa77923c0a req-c42f1610-0e44-4744-9d04-cafa77923c0a ] Request (ServersAdminNegativeTestJSON:tearDownClass): 200 GET http://10.180.1.21/compute/v2.1/servers/3a05e627-acff-4005-b633-f2544fef637b 0.313s
2024-09-03 09:40:55.969 62049 INFO tempest.lib.common.rest_client [req-57d8b04e-05a3-401a-af23-035184207feb req-57d8b04e-05a3-401a-af23-035184207feb ] Request (ServerDiagnosticsNegativeTest:tearDownClass): 200 GET http://10.180.1.21/compute/v2.1/servers/f1854b38-08ef-4259-82aa-02f7fe2677b8 0.248s
2024-09-03 09:40:55.969 62015 INFO tempest.lib.common.rest_client [req-0af63a90-b390-451b-aae9-2b8b12d45b87 req-0af63a90-b390-451b-aae9-2b8b12d45b87 ] Request (ListServersNegativeTestJSON:tearDownClass): 200 GET http://10.180.1.21/compute/v2.1/servers/bab09f69-62ea-4e32-b60a-dee35326269a 0.343s
2024-09-03 09:40:56.033 62067 INFO tempest.lib.common.rest_client [req-7f393ae0-c2e5-406b-b01d-06eef7a6cf6f req-7f393ae0-c2e5-406b-b01d-06eef7a6cf6f ] Request (ServersWithSpecificFlavorTestJSON:test_verify_created_server_ephemeral_disk): 200 GET http://10.180.1.21/compute/v2.1/servers/fc632eaa-d724-4cbc-bfbb-e9a461ee1413 0.224s
2024-09-03 09:40:56.061 62031 INFO tempest.lib.common.rest_client [req-2cb46191-41ee-49b4-a947-656f291c5100 req-2cb46191-41ee-49b4-a947-656f291c5100 ] Request (ServersTestBootFromVolume:setUpClass): 200 GET http://10.180.1.21/compute/v2.1/servers/577cae56-f2a2-4d07-9f2a-8002acf96bb5 0.079s
2024-09-03 09:40:56.133 62053 INFO tempest.lib.common.rest_client [req-646ff487-7f7e-4d1c-8162-239136548865 req-646ff487-7f7e-4d1c-8162-239136548865 ] Request (ServersTestManualDisk:tearDownClass): 200 GET http://10.180.1.21/compute/v2.1/servers/180d5b94-ba19-4434-8f25-065936e65869 0.063s
2024-09-03 09:40:56.223 62069 INFO tempest.lib.common.rest_client [req-68d18888-9d28-492f-a478-ca3425a912ae req-68d18888-9d28-492f-a478-ca3425a912ae ] Request (DeleteServersTestJSON:test_delete_server_while_in_attached_volume): 200 GET http://10.180.1.21/compute/v2.1/servers/ee679289-22d8-4041-9014-aef3942dff78 0.082s
2024-09-03 09:40:56.243 62013 INFO tempest.lib.common.rest_client [req-148f29b2-307b-4676-90b7-fe8ec0d446e1 req-148f29b2-307b-4676-90b7-fe8ec0d446e1 ] Request (ServerDiskConfigTestJSON:test_rebuild_server_with_auto_disk_config): 200 GET http://10.180.1.21/compute/v2.1/servers/dabe922d-612d-4fd7-a8eb-10e7361e62b1 0.051s
2024-09-03 09:40:56.341 62047 INFO tempest.lib.common.rest_client [req-c901f372-a8f4-46fe-a748-19217a128861 req-c901f372-a8f4-46fe-a748-19217a128861 ] Request (MigrationsAdminTest:test_resize_server_revert_deleted_flavor): 200 GET http://10.180.1.21/compute/v2.1/servers/5cdb914e-e99c-4c56-9c90-71f24960474e 0.069s
2024-09-03 09:40:56.519 62039 INFO tempest.lib.common.rest_client [req-47219861-91a3-4ef9-8b11-d110b1ae0796 req-47219861-91a3-4ef9-8b11-d110b1ae0796 ] Request (ServerPasswordTestJSON:tearDownClass): 204 DELETE http://10.180.1.21:9696/networking/v2.0/routers/ca3a1cda-d5b4-45d1-a01f-e83b0820a378 0.763s
2024-09-03 09:40:56.613 62073 WARNING tempest.lib.common.ssh [-] Failed to establish authenticated ssh connection to cirros@10.180.180.190 ([Errno None] Unable to connect to port 22 on 10.180.180.190). Number attempts: 3. Retry after 4 seconds.: paramiko.ssh_exception.NoValidConnectionsError: [Errno None] Unable to connect to port 22 on 10.180.180.190
2024-09-03 09:40:56.696 62027 INFO tempest.lib.common.rest_client [req-b9659e5f-adf1-4914-a65b-2a1b74dfc43e req-b9659e5f-adf1-4914-a65b-2a1b74dfc43e ] Request (AttachVolumeNegativeTest:test_attach_attached_volume_to_different_server): 200 GET http://10.180.1.21/compute/v2.1/servers/befc2006-004d-430a-a66a-ab5223ed3880 0.144s
2024-09-03 09:40:56.704 62027 INFO tempest.common.waiters [-] State transition "BUILD/networking" ==> "BUILD/spawning" after 69 second wait
2024-09-03 09:40:56.738 62039 INFO tempest.lib.common.rest_client [req-66686a55-a960-41ff-98cc-761b404fe574 req-66686a55-a960-41ff-98cc-761b404fe574 ] Request (ServerPasswordTestJSON:tearDownClass): 204 DELETE http://10.180.1.21:9696/networking/v2.0/subnets/c167ce23-2d98-4349-9bfc-1e78cda18ec9 0.219s
2024-09-03 09:40:56.742 62071 INFO tempest.lib.common.rest_client [req-ed43f403-8cd6-46dd-a3df-8e83303b7288 req-ed43f403-8cd6-46dd-a3df-8e83303b7288 ] Request (SecurityGroupsTestJSON:test_list_security_groups_by_server): 200 GET http://10.180.1.21/compute/v2.1/servers/5e298f34-cb77-42dd-922b-dd70eaaf379b 0.103s
2024-09-03 09:40:56.799 62065 INFO tempest.lib.common.rest_client [req-dd76ffae-9e7e-4729-87df-1079bad17a5e req-dd76ffae-9e7e-4729-87df-1079bad17a5e ] Request (ListServerFiltersTestJSON:setUpClass): 200 GET http://10.180.1.21/compute/v2.1/servers/ddbf59f0-4fa5-417b-822b-48e492e6af25 0.173s
2024-09-03 09:40:56.808 62055 INFO tempest.lib.common.rest_client [req-edd2e27f-9ffa-4357-9666-cfee4d8105ea req-edd2e27f-9ffa-4357-9666-cfee4d8105ea ] Request (VolumesAssistedSnapshotsTest:tearDownClass): 200 GET http://10.180.1.21/compute/v2.1/servers/377c44f9-4282-4874-ad70-11c66c0cae97 0.105s
2024-09-03 09:40:56.847 62029 INFO tempest.lib.common.rest_client [req-9752cedb-e447-44ea-811d-9323b6e75d99 req-9752cedb-e447-44ea-811d-9323b6e75d99 ] Request (FloatingIPsAssociationTestJSON:tearDownClass): 200 PUT http://10.180.1.21:9696/networking/v2.0/routers/06be0bc1-276e-4e70-bef1-cce3aff02f2e/remove_router_interface 1.544s
2024-09-03 09:40:56.869 62061 INFO tempest.lib.common.rest_client [req-0e707d2f-de0f-4805-a769-67baba0be52c req-0e707d2f-de0f-4805-a769-67baba0be52c ] Request (AttachVolumeShelveTestJSON:test_attach_volume_shelved_or_offload_server): 200 GET http://10.180.1.21/compute/v2.1/servers/2f455f6e-6335-4ece-9610-c49f419b66ab 0.102s
2024-09-03 09:40:56.877 62041 INFO tempest.lib.common.rest_client [req-0544db78-b704-4f08-869a-f77886d33d33 req-0544db78-b704-4f08-869a-f77886d33d33 ] Request (ServerMetadataTestJSON:tearDownClass): 200 GET http://10.180.1.21/compute/v2.1/servers/a8da21c6-b750-4566-af5b-9d302045a916 0.174s
2024-09-03 09:40:56.922 62037 INFO tempest.lib.common.rest_client [req-55b8d7aa-875d-4052-9061-aea08cad7b96 req-55b8d7aa-875d-4052-9061-aea08cad7b96 ] Request (ListImageFiltersTestJSON:setUpClass): 200 GET http://10.180.1.21/compute/v2.1/images/0b6d736f-f7d9-4f2c-a433-5332c4050f9f 0.090s
2024-09-03 09:40:56.940 62035 INFO tempest.lib.common.rest_client [req-efae9d75-3375-4656-99f3-fa0a179dc50b req-efae9d75-3375-4656-99f3-fa0a179dc50b ] Request (ServerRescueNegativeTestJSON:setUpClass): 200 GET http://10.180.1.21/compute/v2.1/servers/b1b52104-3e5d-496f-933e-127ae2447442 0.167s
2024-09-03 09:40:56.981 62021 INFO tempest.lib.common.rest_client [req-f3f473c7-efae-401a-a0fb-562ef8ace5cd req-f3f473c7-efae-401a-a0fb-562ef8ace5cd ] Request (ServersAdminTestJSON:test_inject_network_info): 200 GET http://10.180.1.21/compute/v2.1/servers/292c9fef-c136-4c11-b7ea-b435de6e6fca 0.123s
2024-09-03 09:40:57.010 62017 INFO tempest.lib.common.rest_client [req-8d140cca-677f-4d45-b323-db0523d7c70b req-8d140cca-677f-4d45-b323-db0523d7c70b ] Request (ServersAdminNegativeTestJSON:tearDownClass): 200 GET http://10.180.1.21/compute/v2.1/servers/3a05e627-acff-4005-b633-f2544fef637b 0.106s
2024-09-03 09:40:57.020 62037 INFO tempest.lib.common.rest_client [req-7ac6727f-7291-421d-92a8-ffd98ad97bb3 req-7ac6727f-7291-421d-92a8-ffd98ad97bb3 ] Request (ListImageFiltersTestJSON:setUpClass): 200 GET http://10.180.1.21/compute/v2.1/images/0b6d736f-f7d9-4f2c-a433-5332c4050f9f 0.094s
2024-09-03 09:40:57.041 62039 INFO tempest.lib.common.rest_client [req-66942e69-d2c9-4dd2-8d71-371edc6493af req-66942e69-d2c9-4dd2-8d71-371edc6493af ] Request (ServerPasswordTestJSON:tearDownClass): 204 DELETE http://10.180.1.21:9696/networking/v2.0/networks/531584dd-8ed7-4405-9533-177d1142785f 0.302s
2024-09-03 09:40:57.069 62049 INFO tempest.lib.common.rest_client [req-1003ff50-5d09-483f-985d-f483fab7cce2 req-1003ff50-5d09-483f-985d-f483fab7cce2 ] Request (ServerDiagnosticsNegativeTest:tearDownClass): 200 GET http://10.180.1.21/compute/v2.1/servers/f1854b38-08ef-4259-82aa-02f7fe2677b8 0.091s
2024-09-03 09:40:57.091 62015 INFO tempest.lib.common.rest_client [req-24fbb03b-c2b0-4431-b8ee-423578a88b87 req-24fbb03b-c2b0-4431-b8ee-423578a88b87 ] Request (ListServersNegativeTestJSON:tearDownClass): 200 GET http://10.180.1.21/compute/v2.1/servers/bab09f69-62ea-4e32-b60a-dee35326269a 0.112s
2024-09-03 09:40:57.126 62023 WARNING tempest.lib.common.ssh [-] Failed to establish authenticated ssh connection to cirros@10.180.180.196 ([Errno None] Unable to connect to port 22 on 10.180.180.196). Number attempts: 6. Retry after 7 seconds.: paramiko.ssh_exception.NoValidConnectionsError: [Errno None] Unable to connect to port 22 on 10.180.180.196
2024-09-03 09:40:57.149 62067 INFO tempest.lib.common.rest_client [req-a1f413fa-43f7-433d-a2af-aee7bfc98f76 req-a1f413fa-43f7-433d-a2af-aee7bfc98f76 ] Request (ServersWithSpecificFlavorTestJSON:test_verify_created_server_ephemeral_disk): 200 GET http://10.180.1.21/compute/v2.1/servers/fc632eaa-d724-4cbc-bfbb-e9a461ee1413 0.107s
2024-09-03 09:40:57.155 62039 INFO tempest.lib.common.rest_client [req-49216238-cc06-48ea-bef1-887851efeb3d req-49216238-cc06-48ea-bef1-887851efeb3d ] Request (ServerPasswordTestJSON:tearDownClass): 204 DELETE http://10.180.1.21/identity/v3/users/d8835bc2468f4b2a8ef14f7c9e8fa486 0.113s
2024-09-03 09:40:57.155 62039 INFO tempest.lib.common.dynamic_creds [-] Deleting project and security group for project: 1a5f414199d84625878caa9407790767
2024-09-03 09:40:57.211 62031 INFO tempest.lib.common.rest_client [req-9f6cc8a9-eaee-4935-b973-383ae2e9446d req-9f6cc8a9-eaee-4935-b973-383ae2e9446d ] Request (ServersTestBootFromVolume:setUpClass): 200 GET http://10.180.1.21/compute/v2.1/servers/577cae56-f2a2-4d07-9f2a-8002acf96bb5 0.137s
2024-09-03 09:40:57.219 62031 INFO tempest.common.waiters [-] State transition "BUILD/None" ==> "BUILD/networking" after 63 second wait
2024-09-03 09:40:57.222 62037 INFO tempest.lib.common.rest_client [req-879e86dd-b67f-4b78-9ecb-830e66ce223a req-879e86dd-b67f-4b78-9ecb-830e66ce223a ] Request (ListImageFiltersTestJSON:setUpClass): 200 GET http://10.180.1.21/compute/v2.1/servers/c396c2e3-3d5c-4374-affb-7122f79c54f6 0.199s
2024-09-03 09:40:57.235 62039 INFO tempest.lib.common.rest_client [req-47faadd6-b313-4f1d-b5f6-df7c06e35295 req-47faadd6-b313-4f1d-b5f6-df7c06e35295 ] Request (ServerPasswordTestJSON:tearDownClass): 200 GET http://10.180.1.21:9696/networking/v2.0/security-groups?tenant_id=1a5f414199d84625878caa9407790767&name=default 0.080s
2024-09-03 09:40:57.303 62053 INFO tempest.lib.common.rest_client [req-69923d0d-2b00-4e6b-aed8-5547089e9835 req-69923d0d-2b00-4e6b-aed8-5547089e9835 ] Request (ServersTestManualDisk:tearDownClass): 200 GET http://10.180.1.21/compute/v2.1/servers/180d5b94-ba19-4434-8f25-065936e65869 0.163s
2024-09-03 09:40:57.307 62069 INFO tempest.lib.common.rest_client [req-e81229b5-1790-4390-bb7d-4935608a5102 req-e81229b5-1790-4390-bb7d-4935608a5102 ] Request (DeleteServersTestJSON:test_delete_server_while_in_attached_volume): 200 GET http://10.180.1.21/compute/v2.1/servers/ee679289-22d8-4041-9014-aef3942dff78 0.075s
2024-09-03 09:40:57.350 62029 INFO tempest.lib.common.rest_client [req-85580ce1-3ffc-4d80-8273-6402e04d4112 req-85580ce1-3ffc-4d80-8273-6402e04d4112 ] Request (FloatingIPsAssociationTestJSON:tearDownClass): 204 DELETE http://10.180.1.21:9696/networking/v2.0/routers/06be0bc1-276e-4e70-bef1-cce3aff02f2e 0.503s
2024-09-03 09:40:57.386 62013 INFO tempest.lib.common.rest_client [req-59dbebfe-5f4c-413e-ba17-70888df810a8 req-59dbebfe-5f4c-413e-ba17-70888df810a8 ] Request (ServerDiskConfigTestJSON:test_rebuild_server_with_auto_disk_config): 200 GET http://10.180.1.21/compute/v2.1/servers/dabe922d-612d-4fd7-a8eb-10e7361e62b1 0.130s
2024-09-03 09:40:57.424 62039 INFO tempest.lib.common.rest_client [req-7a1b05ef-4588-415d-8acb-d79fe402c79a req-7a1b05ef-4588-415d-8acb-d79fe402c79a ] Request (ServerPasswordTestJSON:tearDownClass): 204 DELETE http://10.180.1.21:9696/networking/v2.0/security-groups/d79057f4-6141-471b-a983-2b358181abdb 0.189s
2024-09-03 09:40:57.427 62047 INFO tempest.lib.common.rest_client [req-e18926e9-cf5f-4f3f-9ebf-d67b152b131b req-e18926e9-cf5f-4f3f-9ebf-d67b152b131b ] Request (MigrationsAdminTest:test_resize_server_revert_deleted_flavor): 200 GET http://10.180.1.21/compute/v2.1/servers/5cdb914e-e99c-4c56-9c90-71f24960474e 0.075s
2024-09-03 09:40:57.513 62029 INFO tempest.lib.common.rest_client [req-e102e1f4-aedb-495d-bbb9-a7a40b29b883 req-e102e1f4-aedb-495d-bbb9-a7a40b29b883 ] Request (FloatingIPsAssociationTestJSON:tearDownClass): 204 DELETE http://10.180.1.21:9696/networking/v2.0/subnets/ef567d47-b882-49df-85ec-1ad77446d0fc 0.163s
2024-09-03 09:40:57.550 62039 INFO tempest.lib.common.rest_client [req-c62d3bbe-789a-4b47-8d2f-ef4ced2e62d5 req-c62d3bbe-789a-4b47-8d2f-ef4ced2e62d5 ] Request (ServerPasswordTestJSON:tearDownClass): 204 DELETE http://10.180.1.21/identity/v3/projects/1a5f414199d84625878caa9407790767 0.125s
2024-09-03 09:40:57.630 62039 INFO tempest.lib.common.rest_client [req-d32dc094-c25f-4e9f-b76a-bea39a51f7c0 req-d32dc094-c25f-4e9f-b76a-bea39a51f7c0 ] Request (ServerRescueTestJSON:setUpClass): 201 POST http://10.180.1.21/identity/v3/auth/tokens 0.078s
2024-09-03 09:40:57.677 62039 INFO tempest.lib.common.rest_client [req-715a214d-fb50-4e7d-b839-d975ff92ef3c req-715a214d-fb50-4e7d-b839-d975ff92ef3c ] Request (ServerRescueTestJSON:setUpClass): 201 POST http://10.180.1.21/identity/v3/auth/tokens 0.044s
2024-09-03 09:40:57.701 62039 INFO tempest.lib.common.rest_client [req-cd2268c3-952c-47fb-888f-1c47980cb96b req-cd2268c3-952c-47fb-888f-1c47980cb96b ] Request (ServerRescueTestJSON:setUpClass): 200 GET http://10.180.1.21/identity/v3/domains?name=Default 0.024s
2024-09-03 09:40:57.736 62039 INFO tempest.lib.common.rest_client [req-ebfd6594-e843-4cd6-9297-48a5ca9ed1f5 req-ebfd6594-e843-4cd6-9297-48a5ca9ed1f5 ] Request (ServerRescueTestJSON:setUpClass): 201 POST http://10.180.1.21/identity/v3/projects 0.034s
2024-09-03 09:40:57.795 62039 INFO tempest.lib.common.rest_client [req-68715679-9113-49a8-a824-5b7b3c9eacd3 req-68715679-9113-49a8-a824-5b7b3c9eacd3 ] Request (ServerRescueTestJSON:setUpClass): 201 POST http://10.180.1.21/identity/v3/users 0.058s
2024-09-03 09:40:57.809 62071 INFO tempest.lib.common.rest_client [req-962754b7-d918-4562-8259-a355d6241a30 req-962754b7-d918-4562-8259-a355d6241a30 ] Request (SecurityGroupsTestJSON:test_list_security_groups_by_server): 200 GET http://10.180.1.21/compute/v2.1/servers/5e298f34-cb77-42dd-922b-dd70eaaf379b 0.059s
2024-09-03 09:40:57.816 62039 INFO tempest.lib.common.rest_client [req-3528a937-1f66-446a-b606-c116d6b77525 req-3528a937-1f66-446a-b606-c116d6b77525 ] Request (ServerRescueTestJSON:setUpClass): 200 GET http://10.180.1.21/identity/v3/roles 0.020s
2024-09-03 09:40:57.843 62039 INFO tempest.lib.common.rest_client [req-82ad1308-306b-4e28-bf71-b4092eee52a6 req-82ad1308-306b-4e28-bf71-b4092eee52a6 ] Request (ServerRescueTestJSON:setUpClass): 204 PUT http://10.180.1.21/identity/v3/projects/ce12375f0bd94a57863825228c2a0cea/users/4cc9fdbce5884cb6ac45838cc1f1b554/roles/42841db3fb2e438fb09f57c0d3c32207 0.025s
2024-09-03 09:40:57.843 62039 INFO tempest.lib.common.dynamic_creds [-] Dynamic test user 4cc9fdbce5884cb6ac45838cc1f1b554 is created with scope project and roles: ['member']
2024-09-03 09:40:57.844 62039 INFO tempest.lib.common.dynamic_creds [-] Acquired dynamic creds: credentials: Credentials: {'domain_id': 'default', 'domain_name': 'Default', 'username': 'tempest-ServerRescueTestJSON-1227713560-project-member', 'project_domain_id': 'default', 'project_domain_name': 'Default', 'project_id': 'ce12375f0bd94a57863825228c2a0cea', 'project_name': 'tempest-ServerRescueTestJSON-1227713560', 'tenant_id': 'ce12375f0bd94a57863825228c2a0cea', 'tenant_name': 'tempest-ServerRescueTestJSON-1227713560', 'user_domain_id': 'default', 'user_domain_name': 'Default', 'user_id': '4cc9fdbce5884cb6ac45838cc1f1b554', 'system': None}, Network: None, Subnet: None, Router: None
2024-09-03 09:40:57.889 62027 INFO tempest.lib.common.rest_client [req-5527e57e-17b9-4207-b174-a87b2effcbd3 req-5527e57e-17b9-4207-b174-a87b2effcbd3 ] Request (AttachVolumeNegativeTest:test_attach_attached_volume_to_different_server): 200 GET http://10.180.1.21/compute/v2.1/servers/befc2006-004d-430a-a66a-ab5223ed3880 0.183s
2024-09-03 09:40:57.898 62029 INFO tempest.lib.common.rest_client [req-8c9aec8e-7656-47c4-be57-5b5d5ab052c3 req-8c9aec8e-7656-47c4-be57-5b5d5ab052c3 ] Request (FloatingIPsAssociationTestJSON:tearDownClass): 204 DELETE http://10.180.1.21:9696/networking/v2.0/networks/05650a86-ac6b-4c73-b202-d7cbb09fa472 0.385s
2024-09-03 09:40:57.938 62039 INFO tempest.lib.common.rest_client [req-192a88f2-9f41-4e9e-9078-d94030404456 req-192a88f2-9f41-4e9e-9078-d94030404456 ] Request (ServerRescueTestJSON:setUpClass): 201 POST http://10.180.1.21/identity/v3/auth/tokens 0.094s
2024-09-03 09:40:57.940 62065 INFO tempest.lib.common.rest_client [req-b37609d9-d9f0-4e17-92ed-fee5ee4fd653 req-b37609d9-d9f0-4e17-92ed-fee5ee4fd653 ] Request (ListServerFiltersTestJSON:setUpClass): 200 GET http://10.180.1.21/compute/v2.1/servers/ddbf59f0-4fa5-417b-822b-48e492e6af25 0.130s
2024-09-03 09:40:57.982 62055 INFO tempest.lib.common.rest_client [req-11a1a922-741b-4f79-a02f-2f9946b88dd9 req-11a1a922-741b-4f79-a02f-2f9946b88dd9 ] Request (VolumesAssistedSnapshotsTest:tearDownClass): 200 GET http://10.180.1.21/compute/v2.1/servers/377c44f9-4282-4874-ad70-11c66c0cae97 0.160s
2024-09-03 09:40:58.006 62061 INFO tempest.lib.common.rest_client [req-8ec9f9dd-3cde-454a-89dc-1953ab2c45e0 req-8ec9f9dd-3cde-454a-89dc-1953ab2c45e0 ] Request (AttachVolumeShelveTestJSON:test_attach_volume_shelved_or_offload_server): 200 GET http://10.180.1.21/compute/v2.1/servers/2f455f6e-6335-4ece-9610-c49f419b66ab 0.124s
2024-09-03 09:40:58.050 62029 INFO tempest.lib.common.rest_client [req-3ca59d98-1b7f-49c8-82d0-68a43fe2aec9 req-3ca59d98-1b7f-49c8-82d0-68a43fe2aec9 ] Request (FloatingIPsAssociationTestJSON:tearDownClass): 204 DELETE http://10.180.1.21/identity/v3/users/dac383edb2784a58b3ecf3859147d34b 0.151s
2024-09-03 09:40:58.050 62029 INFO tempest.lib.common.dynamic_creds [-] Deleting project and security group for project: 8cc3292b5b0d4a87ad1abc9f7f90ea31
2024-09-03 09:40:58.066 62041 INFO tempest.lib.common.rest_client [req-13b75fc7-f68c-4b67-a62d-07e5a3b303b7 req-13b75fc7-f68c-4b67-a62d-07e5a3b303b7 ] Request (ServerMetadataTestJSON:tearDownClass): 200 GET http://10.180.1.21/compute/v2.1/servers/a8da21c6-b750-4566-af5b-9d302045a916 0.178s
2024-09-03 09:40:58.075 62035 INFO tempest.lib.common.rest_client [req-a0635a36-bd5e-4d89-aa63-8c6415573edd req-a0635a36-bd5e-4d89-aa63-8c6415573edd ] Request (ServerRescueNegativeTestJSON:setUpClass): 200 GET http://10.180.1.21/compute/v2.1/servers/b1b52104-3e5d-496f-933e-127ae2447442 0.123s
2024-09-03 09:40:58.143 62021 INFO tempest.lib.common.rest_client [req-9dae52ed-63c5-412d-ad6f-0b22b1a5deb6 req-9dae52ed-63c5-412d-ad6f-0b22b1a5deb6 ] Request (ServersAdminTestJSON:test_inject_network_info): 200 GET http://10.180.1.21/compute/v2.1/servers/292c9fef-c136-4c11-b7ea-b435de6e6fca 0.154s
2024-09-03 09:40:58.152 62029 INFO tempest.lib.common.rest_client [req-b310a152-0967-4494-9754-84bc6ff17f5a req-b310a152-0967-4494-9754-84bc6ff17f5a ] Request (FloatingIPsAssociationTestJSON:tearDownClass): 200 GET http://10.180.1.21:9696/networking/v2.0/security-groups?tenant_id=8cc3292b5b0d4a87ad1abc9f7f90ea31&name=default 0.102s
2024-09-03 09:40:58.164 62017 INFO tempest.lib.common.rest_client [req-8ee5ef0a-be90-416c-912f-7dd036341ae5 req-8ee5ef0a-be90-416c-912f-7dd036341ae5 ] Request (ServersAdminNegativeTestJSON:tearDownClass): 200 GET http://10.180.1.21/compute/v2.1/servers/3a05e627-acff-4005-b633-f2544fef637b 0.145s
2024-09-03 09:40:58.222 62049 INFO tempest.lib.common.rest_client [req-a9050220-72e6-40b8-81ec-2b57dbd9ba9c req-a9050220-72e6-40b8-81ec-2b57dbd9ba9c ] Request (ServerDiagnosticsNegativeTest:tearDownClass): 200 GET http://10.180.1.21/compute/v2.1/servers/f1854b38-08ef-4259-82aa-02f7fe2677b8 0.144s
2024-09-03 09:40:58.235 62015 INFO tempest.lib.common.rest_client [req-aaea3e75-fc43-4e65-9c56-c8a4bfa534a4 req-aaea3e75-fc43-4e65-9c56-c8a4bfa534a4 ] Request (ListServersNegativeTestJSON:tearDownClass): 200 GET http://10.180.1.21/compute/v2.1/servers/bab09f69-62ea-4e32-b60a-dee35326269a 0.135s
2024-09-03 09:40:58.287 62067 INFO tempest.lib.common.rest_client [req-e288b0ef-07e1-4ef5-9685-989f3d738045 req-e288b0ef-07e1-4ef5-9685-989f3d738045 ] Request (ServersWithSpecificFlavorTestJSON:test_verify_created_server_ephemeral_disk): 200 GET http://10.180.1.21/compute/v2.1/servers/fc632eaa-d724-4cbc-bfbb-e9a461ee1413 0.128s
2024-09-03 09:40:58.304 62039 INFO tempest.lib.common.rest_client [req-cf74d84e-f3a6-476e-8897-98b89b6c5086 req-cf74d84e-f3a6-476e-8897-98b89b6c5086 ] Request (ServerRescueTestJSON:setUpClass): 201 POST http://10.180.1.21:9696/networking/v2.0/networks 0.366s
2024-09-03 09:40:58.388 62031 INFO tempest.lib.common.rest_client [req-92428797-cadd-4cc0-9afd-3dad66624f93 req-92428797-cadd-4cc0-9afd-3dad66624f93 ] Request (ServersTestBootFromVolume:setUpClass): 200 GET http://10.180.1.21/compute/v2.1/servers/577cae56-f2a2-4d07-9f2a-8002acf96bb5 0.167s
2024-09-03 09:40:58.395 62031 INFO tempest.common.waiters [-] State transition "BUILD/networking" ==> "BUILD/block_device_mapping" after 64 second wait
2024-09-03 09:40:58.451 62053 INFO tempest.lib.common.rest_client [req-3648370e-6269-4cb8-989f-38fde3b2520e req-3648370e-6269-4cb8-989f-38fde3b2520e ] Request (ServersTestManualDisk:tearDownClass): 200 GET http://10.180.1.21/compute/v2.1/servers/180d5b94-ba19-4434-8f25-065936e65869 0.139s
2024-09-03 09:40:58.457 62029 INFO tempest.lib.common.rest_client [req-6e9b4164-b1a0-4cf0-8159-4d4a2d6f8621 req-6e9b4164-b1a0-4cf0-8159-4d4a2d6f8621 ] Request (FloatingIPsAssociationTestJSON:tearDownClass): 204 DELETE http://10.180.1.21:9696/networking/v2.0/security-groups/df97cf02-97e3-4d82-83b4-533bc2f7f0f8 0.304s
2024-09-03 09:40:58.516 62069 INFO tempest.lib.common.rest_client [req-0a715299-120c-4757-ac9a-2fca40b8a8d3 req-0a715299-120c-4757-ac9a-2fca40b8a8d3 ] Request (DeleteServersTestJSON:test_delete_server_while_in_attached_volume): 200 GET http://10.180.1.21/compute/v2.1/servers/ee679289-22d8-4041-9014-aef3942dff78 0.196s
2024-09-03 09:40:58.569 62013 INFO tempest.lib.common.rest_client [req-94d647f4-32da-4fd1-a821-081262581f5a req-94d647f4-32da-4fd1-a821-081262581f5a ] Request (ServerDiskConfigTestJSON:test_rebuild_server_with_auto_disk_config): 200 GET http://10.180.1.21/compute/v2.1/servers/dabe922d-612d-4fd7-a8eb-10e7361e62b1 0.175s
2024-09-03 09:40:58.600 62029 INFO tempest.lib.common.rest_client [req-e021f0ed-86ad-4545-a1ff-f726384ad198 req-e021f0ed-86ad-4545-a1ff-f726384ad198 ] Request (FloatingIPsAssociationTestJSON:tearDownClass): 204 DELETE http://10.180.1.21/identity/v3/projects/8cc3292b5b0d4a87ad1abc9f7f90ea31 0.142s
2024-09-03 09:40:58.625 62047 INFO tempest.lib.common.rest_client [req-206aa49d-b716-4f30-8016-d661eb4b25fa req-206aa49d-b716-4f30-8016-d661eb4b25fa ] Request (MigrationsAdminTest:test_resize_server_revert_deleted_flavor): 200 GET http://10.180.1.21/compute/v2.1/servers/5cdb914e-e99c-4c56-9c90-71f24960474e 0.180s
2024-09-03 09:40:58.680 62037 INFO tempest.lib.common.rest_client [req-02e53c49-6bce-4188-ad9e-4bc22be06ebf req-02e53c49-6bce-4188-ad9e-4bc22be06ebf ] Request (ListImageFiltersTestJSON:setUpClass): 200 GET http://10.180.1.21/compute/v2.1/servers/c396c2e3-3d5c-4374-affb-7122f79c54f6 0.452s
2024-09-03 09:40:58.685 62029 INFO tempest.lib.common.rest_client [req-c6945cfa-1cdf-41ca-9d49-b768dce41cad req-c6945cfa-1cdf-41ca-9d49-b768dce41cad ] Request (ImagesTestJSON:setUpClass): 201 POST http://10.180.1.21/identity/v3/auth/tokens 0.083s
2024-09-03 09:40:58.711 62039 INFO tempest.lib.common.rest_client [req-6e1cacca-ee43-4e7d-a156-fe96f72b24ae req-6e1cacca-ee43-4e7d-a156-fe96f72b24ae ] Request (ServerRescueTestJSON:setUpClass): 201 POST http://10.180.1.21:9696/networking/v2.0/subnets 0.406s
2024-09-03 09:40:58.717 62029 INFO tempest.lib.common.rest_client [req-9c5dcd0f-2137-4e6d-8366-c5d491108c17 req-9c5dcd0f-2137-4e6d-8366-c5d491108c17 ] Request (ImagesTestJSON:setUpClass): 201 POST http://10.180.1.21/identity/v3/auth/tokens 0.029s
2024-09-03 09:40:58.738 62029 INFO tempest.lib.common.rest_client [req-dcfc35a1-03f2-43a4-a942-feac8c8a1c85 req-dcfc35a1-03f2-43a4-a942-feac8c8a1c85 ] Request (ImagesTestJSON:setUpClass): 200 GET http://10.180.1.21/identity/v3/domains?name=Default 0.020s
2024-09-03 09:40:58.770 62029 INFO tempest.lib.common.rest_client [req-9d5a9982-4301-456b-a72e-902f57ed036e req-9d5a9982-4301-456b-a72e-902f57ed036e ] Request (ImagesTestJSON:setUpClass): 201 POST http://10.180.1.21/identity/v3/projects 0.032s
2024-09-03 09:40:58.824 62029 INFO tempest.lib.common.rest_client [req-4a25ec5f-52bd-481d-aaa5-2d50fa42846b req-4a25ec5f-52bd-481d-aaa5-2d50fa42846b ] Request (ImagesTestJSON:setUpClass): 201 POST http://10.180.1.21/identity/v3/users 0.054s
2024-09-03 09:40:58.849 62029 INFO tempest.lib.common.rest_client [req-46be01c6-c400-4d6b-bd32-3298fdf4fd1b req-46be01c6-c400-4d6b-bd32-3298fdf4fd1b ] Request (ImagesTestJSON:setUpClass): 200 GET http://10.180.1.21/identity/v3/roles 0.024s
2024-09-03 09:40:58.876 62029 INFO tempest.lib.common.rest_client [req-abee3c40-06cb-46a0-80af-d5d89fe816eb req-abee3c40-06cb-46a0-80af-d5d89fe816eb ] Request (ImagesTestJSON:setUpClass): 204 PUT http://10.180.1.21/identity/v3/projects/81ebece008ab4105bbb70b6b409c01d9/users/447f1934f80a49c5a4adc937e0e2a639/roles/42841db3fb2e438fb09f57c0d3c32207 0.027s
2024-09-03 09:40:58.876 62029 INFO tempest.lib.common.dynamic_creds [-] Dynamic test user 447f1934f80a49c5a4adc937e0e2a639 is created with scope project and roles: ['member']
2024-09-03 09:40:58.877 62029 INFO tempest.lib.common.dynamic_creds [-] Acquired dynamic creds: credentials: Credentials: {'domain_id': 'default', 'domain_name': 'Default', 'username': 'tempest-ImagesTestJSON-86586921-project-member', 'project_domain_id': 'default', 'project_domain_name': 'Default', 'project_id': '81ebece008ab4105bbb70b6b409c01d9', 'project_name': 'tempest-ImagesTestJSON-86586921', 'tenant_id': '81ebece008ab4105bbb70b6b409c01d9', 'tenant_name': 'tempest-ImagesTestJSON-86586921', 'user_domain_id': 'default', 'user_domain_name': 'Default', 'user_id': '447f1934f80a49c5a4adc937e0e2a639', 'system': None}, Network: None, Subnet: None, Router: None
2024-09-03 09:40:58.888 62071 INFO tempest.lib.common.rest_client [req-c01abb3d-2968-4d2d-b4a8-cee09d8222ed req-c01abb3d-2968-4d2d-b4a8-cee09d8222ed ] Request (SecurityGroupsTestJSON:test_list_security_groups_by_server): 200 GET http://10.180.1.21/compute/v2.1/servers/5e298f34-cb77-42dd-922b-dd70eaaf379b 0.065s
2024-09-03 09:40:58.941 62029 INFO tempest.lib.common.rest_client [req-2c82b110-5080-46aa-99b3-5e6cfa57a875 req-2c82b110-5080-46aa-99b3-5e6cfa57a875 ] Request (ImagesTestJSON:setUpClass): 201 POST http://10.180.1.21/identity/v3/auth/tokens 0.064s
2024-09-03 09:40:59.181 62065 INFO tempest.lib.common.rest_client [req-8fc44714-9996-43bb-bb10-8771d31419d5 req-8fc44714-9996-43bb-bb10-8771d31419d5 ] Request (ListServerFiltersTestJSON:setUpClass): 200 GET http://10.180.1.21/compute/v2.1/servers/ddbf59f0-4fa5-417b-822b-48e492e6af25 0.231s
2024-09-03 09:40:59.200 62063 INFO paramiko.transport [-] Connected (version 2.0, client dropbear_2020.81)
2024-09-03 09:40:59.266 62055 INFO tempest.lib.common.rest_client [req-5148bf9e-386d-4ab2-8819-38cf5ff6d039 req-5148bf9e-386d-4ab2-8819-38cf5ff6d039 ] Request (VolumesAssistedSnapshotsTest:tearDownClass): 200 GET http://10.180.1.21/compute/v2.1/servers/377c44f9-4282-4874-ad70-11c66c0cae97 0.276s
2024-09-03 09:40:59.291 62027 INFO tempest.lib.common.rest_client [req-4cbd3b14-e39a-4872-8a1c-6b42d0a53c03 req-4cbd3b14-e39a-4872-8a1c-6b42d0a53c03 ] Request (AttachVolumeNegativeTest:test_attach_attached_volume_to_different_server): 200 GET http://10.180.1.21/compute/v2.1/servers/befc2006-004d-430a-a66a-ab5223ed3880 0.389s
2024-09-03 09:40:59.295 62029 INFO tempest.lib.common.rest_client [req-e63eefb4-a81b-4741-b424-d16253cdb3dc req-e63eefb4-a81b-4741-b424-d16253cdb3dc ] Request (ImagesTestJSON:setUpClass): 201 POST http://10.180.1.21:9696/networking/v2.0/networks 0.353s
2024-09-03 09:40:59.304 62063 INFO paramiko.transport [-] Authentication (publickey) successful!
2024-09-03 09:40:59.305 62063 INFO tempest.lib.common.ssh [-] ssh connection to cirros@10.180.180.193 successfully created
2024-09-03 09:40:59.307 62033 WARNING tempest.lib.common.ssh [-] Failed to establish authenticated ssh connection to cirros@10.180.180.212 ([Errno None] Unable to connect to port 22 on 10.180.180.212). Number attempts: 4. Retry after 5 seconds.: paramiko.ssh_exception.NoValidConnectionsError: [Errno None] Unable to connect to port 22 on 10.180.180.212
2024-09-03 09:40:59.329 62061 INFO tempest.lib.common.rest_client [req-f35a2abc-8f55-4e7f-982a-34c3f9185aee req-f35a2abc-8f55-4e7f-982a-34c3f9185aee ] Request (AttachVolumeShelveTestJSON:test_attach_volume_shelved_or_offload_server): 200 GET http://10.180.1.21/compute/v2.1/servers/2f455f6e-6335-4ece-9610-c49f419b66ab 0.305s
2024-09-03 09:40:59.355 62041 INFO tempest.lib.common.rest_client [req-30863e40-2c64-4631-a25e-de8cb0f4bba1 req-30863e40-2c64-4631-a25e-de8cb0f4bba1 ] Request (ServerMetadataTestJSON:tearDownClass): 200 GET http://10.180.1.21/compute/v2.1/servers/a8da21c6-b750-4566-af5b-9d302045a916 0.280s
2024-09-03 09:40:59.379 62035 INFO tempest.lib.common.rest_client [req-7a9cff83-a6bb-4f9f-b4cc-0b89ce4dc844 req-7a9cff83-a6bb-4f9f-b4cc-0b89ce4dc844 ] Request (ServerRescueNegativeTestJSON:setUpClass): 200 GET http://10.180.1.21/compute/v2.1/servers/b1b52104-3e5d-496f-933e-127ae2447442 0.292s
2024-09-03 09:40:59.417 62021 INFO tempest.lib.common.rest_client [req-86d94aa6-4631-4cf3-bb74-4a2527196b30 req-86d94aa6-4631-4cf3-bb74-4a2527196b30 ] Request (ServersAdminTestJSON:test_inject_network_info): 200 GET http://10.180.1.21/compute/v2.1/servers/292c9fef-c136-4c11-b7ea-b435de6e6fca 0.266s
2024-09-03 09:40:59.455 62017 INFO tempest.lib.common.rest_client [req-6c89b9c9-08b2-475d-bafd-b61fcb81a796 req-6c89b9c9-08b2-475d-bafd-b61fcb81a796 ] Request (ServersAdminNegativeTestJSON:tearDownClass): 200 GET http://10.180.1.21/compute/v2.1/servers/3a05e627-acff-4005-b633-f2544fef637b 0.280s
2024-09-03 09:40:59.483 62029 INFO tempest.lib.common.rest_client [req-73416479-0351-4284-83ea-632b1451607b req-73416479-0351-4284-83ea-632b1451607b ] Request (ImagesTestJSON:setUpClass): 201 POST http://10.180.1.21:9696/networking/v2.0/subnets 0.188s
2024-09-03 09:40:59.484 62049 INFO tempest.lib.common.rest_client [req-21283e13-0f68-4693-a12e-110812db82eb req-21283e13-0f68-4693-a12e-110812db82eb ] Request (ServerDiagnosticsNegativeTest:tearDownClass): 200 GET http://10.180.1.21/compute/v2.1/servers/f1854b38-08ef-4259-82aa-02f7fe2677b8 0.249s
2024-09-03 09:40:59.516 62015 INFO tempest.lib.common.rest_client [req-0aac5dfc-725e-4d6e-92bf-cf9b0beed7ae req-0aac5dfc-725e-4d6e-92bf-cf9b0beed7ae ] Request (ListServersNegativeTestJSON:tearDownClass): 200 GET http://10.180.1.21/compute/v2.1/servers/bab09f69-62ea-4e32-b60a-dee35326269a 0.272s
2024-09-03 09:40:59.533 62067 INFO tempest.lib.common.rest_client [req-bf04ff38-f51d-43af-9049-05af54f0e47d req-bf04ff38-f51d-43af-9049-05af54f0e47d ] Request (ServersWithSpecificFlavorTestJSON:test_verify_created_server_ephemeral_disk): 200 GET http://10.180.1.21/compute/v2.1/servers/fc632eaa-d724-4cbc-bfbb-e9a461ee1413 0.239s
2024-09-03 09:40:59.704 62031 INFO tempest.lib.common.rest_client [req-f531e1f9-56e6-4543-941f-6127f2e6e349 req-f531e1f9-56e6-4543-941f-6127f2e6e349 ] Request (ServersTestBootFromVolume:setUpClass): 200 GET http://10.180.1.21/compute/v2.1/servers/577cae56-f2a2-4d07-9f2a-8002acf96bb5 0.309s
2024-09-03 09:40:59.725 62063 INFO tempest.lib.common.rest_client [req-18fe74de-8da5-4006-bd3d-1021f48a960e req-18fe74de-8da5-4006-bd3d-1021f48a960e ] Request (ServerActionsTestOtherA:setUp): 200 GET http://10.180.1.21/compute/v2.1/servers/169d425e-af61-4eaa-beea-c5caeb8c79e4 0.419s
2024-09-03 09:40:59.770 62053 INFO tempest.lib.common.rest_client [req-c7a57544-9b78-4a53-88c2-dc6f1bc27b61 req-c7a57544-9b78-4a53-88c2-dc6f1bc27b61 ] Request (ServersTestManualDisk:tearDownClass): 200 GET http://10.180.1.21/compute/v2.1/servers/180d5b94-ba19-4434-8f25-065936e65869 0.307s
2024-09-03 09:40:59.774 62039 INFO tempest.lib.common.rest_client [req-17b00173-2cba-4917-ae26-8019d51a50f0 req-17b00173-2cba-4917-ae26-8019d51a50f0 ] Request (ServerRescueTestJSON:setUpClass): 201 POST http://10.180.1.21:9696/networking/v2.0/routers 1.063s
2024-09-03 09:40:59.826 62069 INFO tempest.lib.common.rest_client [req-5198a32c-7a17-489a-bd08-e1126e1c1dc0 req-5198a32c-7a17-489a-bd08-e1126e1c1dc0 ] Request (DeleteServersTestJSON:test_delete_server_while_in_attached_volume): 200 GET http://10.180.1.21/compute/v2.1/servers/ee679289-22d8-4041-9014-aef3942dff78 0.297s
2024-09-03 09:40:59.848 62013 INFO tempest.lib.common.rest_client [req-d2a73853-96a1-4669-ac1f-bb31a461fb68 req-d2a73853-96a1-4669-ac1f-bb31a461fb68 ] Request (ServerDiskConfigTestJSON:test_rebuild_server_with_auto_disk_config): 200 GET http://10.180.1.21/compute/v2.1/servers/dabe922d-612d-4fd7-a8eb-10e7361e62b1 0.271s
2024-09-03 09:40:59.890 62047 INFO tempest.lib.common.rest_client [req-15e4a7b8-d851-41b4-b75e-60cb23031be7 req-15e4a7b8-d851-41b4-b75e-60cb23031be7 ] Request (MigrationsAdminTest:test_resize_server_revert_deleted_flavor): 200 GET http://10.180.1.21/compute/v2.1/servers/5cdb914e-e99c-4c56-9c90-71f24960474e 0.258s
2024-09-03 09:40:59.989 62037 INFO tempest.lib.common.rest_client [req-8f509231-aec7-4ad7-a64d-8b0cd31f6d70 req-8f509231-aec7-4ad7-a64d-8b0cd31f6d70 ] Request (ListImageFiltersTestJSON:setUpClass): 200 GET http://10.180.1.21/compute/v2.1/servers/c396c2e3-3d5c-4374-affb-7122f79c54f6 0.300s
2024-09-03 09:40:59.998 62037 INFO tempest.common.waiters [-] State transition "ACTIVE/image_uploading" ==> "ACTIVE/None" after 2 second wait
2024-09-03 09:41:00.060 62071 INFO tempest.lib.common.rest_client [req-8fd40d6c-322a-49cb-bacd-be673b74df45 req-8fd40d6c-322a-49cb-bacd-be673b74df45 ] Request (SecurityGroupsTestJSON:test_list_security_groups_by_server): 200 GET http://10.180.1.21/compute/v2.1/servers/5e298f34-cb77-42dd-922b-dd70eaaf379b 0.163s
2024-09-03 09:41:00.080 62063 INFO tempest.lib.common.rest_client [req-8ed86bb6-2382-4c52-a1c5-67b3ae14f5ca req-8ed86bb6-2382-4c52-a1c5-67b3ae14f5ca ] Request (ServerActionsTestOtherA:setUp): 200 GET http://10.180.1.21/compute/v2.1/servers/169d425e-af61-4eaa-beea-c5caeb8c79e4 0.339s
2024-09-03 09:41:00.146 62037 INFO tempest.lib.common.rest_client [req-5e2aa57c-cf02-4b86-8474-629c02ce5d5f req-5e2aa57c-cf02-4b86-8474-629c02ce5d5f ] Request (ListImageFiltersTestJSON:test_list_images_filter_by_changes_since): 200 GET http://10.180.1.21/compute/v2.1/images?changes-since=2024-09-03T09%3A38%3A46Z 0.147s
2024-09-03 09:41:00.207 62037 INFO tempest.lib.common.rest_client [req-918136e8-1709-49f6-ab0b-a9faddd9548c req-918136e8-1709-49f6-ab0b-a9faddd9548c ] Request (ListImageFiltersTestJSON:test_list_images_filter_by_name): 200 GET http://10.180.1.21/compute/v2.1/images?name=tempest-ListImageFiltersTestJSON-image-76280017 0.058s
2024-09-03 09:41:00.280 62063 INFO tempest.lib.common.rest_client [req-b8e5597a-3abe-49e3-a136-4470a88f76d7 req-b8e5597a-3abe-49e3-a136-4470a88f76d7 ] Request (ServerActionsTestOtherA:setUp): 200 GET http://10.180.1.21/compute/v2.1/servers/169d425e-af61-4eaa-beea-c5caeb8c79e4 0.187s
2024-09-03 09:41:00.360 62037 INFO tempest.lib.common.rest_client [req-2617d9fb-42d2-41ba-8d9a-7ac0efe88338 req-2617d9fb-42d2-41ba-8d9a-7ac0efe88338 ] Request (ListImageFiltersTestJSON:test_list_images_filter_by_server_id): 200 GET http://10.180.1.21/compute/v2.1/images?server=c396c2e3-3d5c-4374-affb-7122f79c54f6 0.150s
2024-09-03 09:41:00.373 62063 INFO tempest.lib.common.rest_client [req-8799c05f-8658-4d20-8dc0-ec3106dcead2 req-8799c05f-8658-4d20-8dc0-ec3106dcead2 ] Request (ServerActionsTestOtherA:test_rebuild_server_in_stop_state): 201 POST http://10.180.1.21/identity/v3/auth/tokens 0.084s
2024-09-03 09:41:00.373 62063 INFO tempest.lib.common.fixed_network [-] (ServerActionsTestOtherA:test_rebuild_server_in_stop_state) Found network {'id': '91854abf-030a-4475-9cc9-b679906d7ca5', 'name': 'tempest-ServerActionsTestOtherA-289578108-network', 'tenant_id': 'e62e97d2687f41d6addbb4a2b1044c99', 'admin_state_up': True, 'mtu': 8950, 'status': 'ACTIVE', 'subnets': [], 'shared': False, 'project_id': 'e62e97d2687f41d6addbb4a2b1044c99', 'port_security_enabled': True, 'router:external': False, 'provider:network_type': 'vlan', 'provider:physical_network': 'default', 'provider:segmentation_id': 305, 'is_default': False, 'availability_zone_hints': [], 'availability_zones': [], 'ipv4_address_scope': None, 'ipv6_address_scope': None, 'description': '', 'tags': [], 'created_at': '2024-09-03T09:38:55Z', 'updated_at': '2024-09-03T09:38:55Z', 'revision_number': 1} available for tenant
2024-09-03 09:41:00.415 62065 INFO tempest.lib.common.rest_client [req-308339d1-1b5f-45cf-859f-8783e92bf1d2 req-308339d1-1b5f-45cf-859f-8783e92bf1d2 ] Request (ListServerFiltersTestJSON:setUpClass): 200 GET http://10.180.1.21/compute/v2.1/servers/ddbf59f0-4fa5-417b-822b-48e492e6af25 0.224s
2024-09-03 09:41:00.623 62027 INFO tempest.lib.common.rest_client [req-cf0402f4-4ae2-495d-9f2f-72b7baca22ee req-cf0402f4-4ae2-495d-9f2f-72b7baca22ee ] Request (AttachVolumeNegativeTest:test_attach_attached_volume_to_different_server): 200 GET http://10.180.1.21/compute/v2.1/servers/befc2006-004d-430a-a66a-ab5223ed3880 0.322s
2024-09-03 09:41:00.637 62055 INFO tempest.lib.common.rest_client [req-bada5872-d6dd-4690-b074-7170afd8ccfd req-bada5872-d6dd-4690-b074-7170afd8ccfd ] Request (VolumesAssistedSnapshotsTest:tearDownClass): 200 GET http://10.180.1.21/compute/v2.1/servers/377c44f9-4282-4874-ad70-11c66c0cae97 0.363s
2024-09-03 09:41:00.686 62061 INFO tempest.lib.common.rest_client [req-6d064d3b-5707-48b1-a6d4-a2654c6fa671 req-6d064d3b-5707-48b1-a6d4-a2654c6fa671 ] Request (AttachVolumeShelveTestJSON:test_attach_volume_shelved_or_offload_server): 200 GET http://10.180.1.21/compute/v2.1/servers/2f455f6e-6335-4ece-9610-c49f419b66ab 0.345s
2024-09-03 09:41:00.730 62037 INFO tempest.lib.common.rest_client [req-fa4aced5-4833-4d53-ab90-d99ece755877 req-fa4aced5-4833-4d53-ab90-d99ece755877 ] Request (ListImageFiltersTestJSON:test_list_images_filter_by_server_ref): 200 GET http://10.180.1.21/compute/v2.1/images?server=http%3A%2F%2F10.180.1.21%2Fcompute%2Fv2.1%2Fservers%2F1986dc3b-c8bb-4d81-a3fc-1398ddaa374e 0.362s
2024-09-03 09:41:00.739 62041 INFO tempest.lib.common.rest_client [req-6d2701c1-6c33-46dc-ba46-1c80171b7e30 req-6d2701c1-6c33-46dc-ba46-1c80171b7e30 ] Request (ServerMetadataTestJSON:tearDownClass): 200 GET http://10.180.1.21/compute/v2.1/servers/a8da21c6-b750-4566-af5b-9d302045a916 0.378s
2024-09-03 09:41:00.828 62035 INFO tempest.lib.common.rest_client [req-bbe6d7cc-0a85-42fb-a944-13830ee87906 req-bbe6d7cc-0a85-42fb-a944-13830ee87906 ] Request (ServerRescueNegativeTestJSON:setUpClass): 200 GET http://10.180.1.21/compute/v2.1/servers/b1b52104-3e5d-496f-933e-127ae2447442 0.442s
2024-09-03 09:41:00.908 62021 INFO tempest.lib.common.rest_client [req-6a468a59-ab1f-4971-bf5c-47fd4fdb4d40 req-6a468a59-ab1f-4971-bf5c-47fd4fdb4d40 ] Request (ServersAdminTestJSON:test_inject_network_info): 200 GET http://10.180.1.21/compute/v2.1/servers/292c9fef-c136-4c11-b7ea-b435de6e6fca 0.479s
2024-09-03 09:41:00.919 62021 INFO tempest.common.waiters [-] State transition "BUILD/scheduling" ==> "BUILD/None" after 20 second wait
2024-09-03 09:41:00.939 62017 INFO tempest.lib.common.rest_client [req-85ee9624-7639-4e42-a532-6ae23317b147 req-85ee9624-7639-4e42-a532-6ae23317b147 ] Request (ServersAdminNegativeTestJSON:tearDownClass): 404 GET http://10.180.1.21/compute/v2.1/servers/3a05e627-acff-4005-b633-f2544fef637b 0.478s
2024-09-03 09:41:01.052 62049 INFO tempest.lib.common.rest_client [req-d278acd0-f81c-4391-b5ac-230055bd12c6 req-d278acd0-f81c-4391-b5ac-230055bd12c6 ] Request (ServerDiagnosticsNegativeTest:tearDownClass): 200 GET http://10.180.1.21/compute/v2.1/servers/f1854b38-08ef-4259-82aa-02f7fe2677b8 0.561s
2024-09-03 09:41:01.052 62017 INFO tempest.lib.common.rest_client [req-e7c84477-dd0d-4176-b1b8-4c6593978a2a req-e7c84477-dd0d-4176-b1b8-4c6593978a2a ] Request (ServersAdminNegativeTestJSON:tearDownClass): 204 DELETE http://10.180.1.21/identity/v3/users/951777c6083e4ad99a8eb4c034f01bb6 0.112s
2024-09-03 09:41:01.120 62073 WARNING tempest.lib.common.ssh [-] Failed to establish authenticated ssh connection to cirros@10.180.180.190 ([Errno None] Unable to connect to port 22 on 10.180.180.190). Number attempts: 4. Retry after 5 seconds.: paramiko.ssh_exception.NoValidConnectionsError: [Errno None] Unable to connect to port 22 on 10.180.180.190
2024-09-03 09:41:01.124 62015 INFO tempest.lib.common.rest_client [req-f2fc0e09-175a-4431-aa3a-e4ca70641053 req-f2fc0e09-175a-4431-aa3a-e4ca70641053 ] Request (ListServersNegativeTestJSON:tearDownClass): 200 GET http://10.180.1.21/compute/v2.1/servers/bab09f69-62ea-4e32-b60a-dee35326269a 0.601s
2024-09-03 09:41:01.136 62029 INFO tempest.lib.common.rest_client [req-4d0363a3-dcb9-4b20-bc83-49b834442c7f req-4d0363a3-dcb9-4b20-bc83-49b834442c7f ] Request (ImagesTestJSON:setUpClass): 201 POST http://10.180.1.21:9696/networking/v2.0/routers 1.652s
2024-09-03 09:41:01.160 62017 INFO tempest.lib.common.rest_client [req-cd1e01c6-f777-42e8-8656-0142adf41c24 req-cd1e01c6-f777-42e8-8656-0142adf41c24 ] Request (ServersAdminNegativeTestJSON:tearDownClass): 204 DELETE http://10.180.1.21/identity/v3/users/79c7b92601454bcdbf9eb099331ab496 0.107s
2024-09-03 09:41:01.160 62017 INFO tempest.lib.common.dynamic_creds [-] Deleting project and security group for project: dc4a6849510f409f8449377c049db671
2024-09-03 09:41:01.194 62067 INFO tempest.lib.common.rest_client [req-d98547aa-93e4-4b0d-bfdf-b7a917f30cfe req-d98547aa-93e4-4b0d-bfdf-b7a917f30cfe ] Request (ServersWithSpecificFlavorTestJSON:test_verify_created_server_ephemeral_disk): 200 GET http://10.180.1.21/compute/v2.1/servers/fc632eaa-d724-4cbc-bfbb-e9a461ee1413 0.653s
