2024-09-03 09:40:21.295 62029 INFO tempest.lib.common.rest_client [req-545339bb-b811-47a7-9967-8e25ce7b4204 req-545339bb-b811-47a7-9967-8e25ce7b4204 ] Request (FloatingIPsAssociationTestJSON:tearDownClass): 404 GET http://10.180.1.21/compute/v2.1/servers/81090c56-9301-4cf0-bbb6-d0694c86e746 0.079s
2024-09-03 09:40:21.324 62061 INFO tempest.lib.common.rest_client [req-713d3cfc-f120-4c3b-bbd3-1b45d392f665 req-713d3cfc-f120-4c3b-bbd3-1b45d392f665 ] Request (SecurityGroupsTestAdminJSON:_run_cleanups): 202 DELETE http://10.180.1.21/compute/v2.1/os-security-groups/e7ad2287-843c-4b17-bc10-ae063a868bdb 0.212s
2024-09-03 09:40:21.361 62015 INFO tempest.lib.common.rest_client [req-79d8ac09-8784-45e4-ac5d-9c8ab856bfcd req-79d8ac09-8784-45e4-ac5d-9c8ab856bfcd ] Request (ListServersNegativeTestJSON:setUpClass): 200 GET http://10.180.1.21/compute/v2.1/servers/def25884-47d1-4d58-a093-c86fe1bf6b22 0.084s
2024-09-03 09:40:21.426 62039 INFO tempest.lib.common.rest_client [req-7a549262-21e5-428f-8904-e2584055ebed req-7a549262-21e5-428f-8904-e2584055ebed ] Request (ServerPasswordTestJSON:tearDownClass): 200 GET http://10.180.1.21/compute/v2.1/servers/7863f7b7-e7dc-4337-b088-7187e3fc46e0 0.093s
2024-09-03 09:40:21.434 62039 INFO tempest.common.waiters [-] State transition "ACTIVE/deleting" ==> "DELETED/None" after 2 second wait
2024-09-03 09:40:21.455 62061 INFO tempest.lib.common.rest_client [req-67ab3a35-1605-4f15-bff2-c8a8b5e4f137 req-67ab3a35-1605-4f15-bff2-c8a8b5e4f137 ] Request (SecurityGroupsTestAdminJSON:tearDownClass): 204 DELETE http://10.180.1.21/identity/v3/users/5b7f13e301174c1885448dcef3b494fb 0.129s
2024-09-03 09:40:21.477 62041 INFO tempest.lib.common.rest_client [req-3f449efe-e50c-4f22-b2bf-07058ff2c737 req-3f449efe-e50c-4f22-b2bf-07058ff2c737 ] Request (ServerMetadataTestJSON:setUpClass): 200 GET http://10.180.1.21/compute/v2.1/servers/a8da21c6-b750-4566-af5b-9d302045a916 0.084s
2024-09-03 09:40:21.527 62035 INFO tempest.lib.common.rest_client [req-b2f53204-1878-4791-ba8e-d3c1394a4f8e req-b2f53204-1878-4791-ba8e-d3c1394a4f8e ] Request (ServerRescueNegativeTestJSON:setUpClass): 200 GET http://10.180.1.21/compute/v2.1/servers/b1b52104-3e5d-496f-933e-127ae2447442 0.075s
2024-09-03 09:40:21.565 62061 INFO tempest.lib.common.rest_client [req-9c5dd23d-4843-4e99-b6d3-c0838a8533ff req-9c5dd23d-4843-4e99-b6d3-c0838a8533ff ] Request (SecurityGroupsTestAdminJSON:tearDownClass): 204 DELETE http://10.180.1.21/identity/v3/users/b3d3a8d3c94a40ddbc3907155b1abc1b 0.110s
2024-09-03 09:40:21.565 62061 INFO tempest.lib.common.dynamic_creds [-] Deleting project and security group for project: 2f17846525134a409399c1ccc8ed4206
2024-09-03 09:40:21.592 62031 INFO tempest.lib.common.rest_client [req-6aa86d32-8cad-4384-bbc8-e6a01189fc69 req-6aa86d32-8cad-4384-bbc8-e6a01189fc69 ] Request (ServersTestBootFromVolume:setUpClass): 200 GET http://10.180.1.21/compute/v2.1/servers/577cae56-f2a2-4d07-9f2a-8002acf96bb5 0.065s
2024-09-03 09:40:21.622 62061 INFO tempest.lib.common.rest_client [req-5b0315d5-12e9-4650-b2f6-48be5688c0de req-5b0315d5-12e9-4650-b2f6-48be5688c0de ] Request (SecurityGroupsTestAdminJSON:tearDownClass): 201 POST http://10.180.1.21/identity/v3/auth/tokens 0.056s
2024-09-03 09:40:21.658 62029 INFO tempest.lib.common.rest_client [req-633f55be-9f0b-4ed4-91c3-a4a3765d81b3 req-633f55be-9f0b-4ed4-91c3-a4a3765d81b3 ] Request (FloatingIPsAssociationTestJSON:tearDownClass): 202 DELETE http://10.180.1.21/compute/v2.1/os-floating-ips/3c0e3cdb-8ef2-4f6d-acaf-93a78b5cee26 0.362s
2024-09-03 09:40:21.667 62033 INFO tempest.lib.common.rest_client [req-5026cc35-a071-4be5-9acd-ad4902789d1d req-5026cc35-a071-4be5-9acd-ad4902789d1d ] Request (ServerActionsV293TestJSON:setUpClass): 200 GET http://10.180.1.21/compute/v2.1/servers/94cc0767-5cdb-48a1-a0fd-286e9c2f23a0 0.078s
2024-09-03 09:40:21.738 62017 INFO tempest.lib.common.rest_client [req-004a9a4a-66fa-48c8-87fc-c81344b01952 req-004a9a4a-66fa-48c8-87fc-c81344b01952 ] Request (ServersAdminNegativeTestJSON:tearDownClass): 200 GET http://10.180.1.21/compute/v2.1/servers/13aee296-f433-4a30-bba4-a78a56ed3f39 0.091s
2024-09-03 09:40:21.763 62061 INFO tempest.lib.common.rest_client [req-05909485-1e0a-4c6d-b566-23618a7f4565 req-05909485-1e0a-4c6d-b566-23618a7f4565 ] Request (SecurityGroupsTestAdminJSON:tearDownClass): 200 GET http://10.180.1.21:9696/networking/v2.0/security-groups?tenant_id=2f17846525134a409399c1ccc8ed4206&name=default 0.140s
2024-09-03 09:40:21.766 62029 INFO tempest.lib.common.rest_client [req-10134059-9d7e-4062-b001-bcc8f0bbef1a req-10134059-9d7e-4062-b001-bcc8f0bbef1a ] Request (FloatingIPsAssociationTestJSON:tearDownClass): 204 DELETE http://10.180.1.21/compute/v2.1/servers/df38b8d0-4e59-4803-90ea-f27c0483d410 0.107s
2024-09-03 09:40:21.814 62037 INFO tempest.lib.common.rest_client [req-6c8487ca-9690-40f6-9a7b-1d2a3b297e93 req-6c8487ca-9690-40f6-9a7b-1d2a3b297e93 ] Request (ListImageFiltersTestJSON:setUpClass): 200 GET http://10.180.1.21/compute/v2.1/images/d2656d68-5fdf-47b1-b658-4f5ac87d7e2d 0.096s
2024-09-03 09:40:21.866 62053 WARNING tempest.lib.common.ssh [-] Failed to establish authenticated ssh connection to cirros@10.180.180.176 ([Errno None] Unable to connect to port 22 on 10.180.180.176). Number attempts: 1. Retry after 2 seconds.: paramiko.ssh_exception.NoValidConnectionsError: [Errno None] Unable to connect to port 22 on 10.180.180.176
2024-09-03 09:40:21.877 62065 INFO tempest.lib.common.rest_client [req-94447ffc-9522-4b2d-a4c5-cde7a4ef1dde req-94447ffc-9522-4b2d-a4c5-cde7a4ef1dde ] Request (ListServerFiltersTestJSON:setUpClass): 200 GET http://10.180.1.21/compute/v2.1/servers/ddbf59f0-4fa5-417b-822b-48e492e6af25 0.158s
2024-09-03 09:40:22.081 62029 INFO tempest.lib.common.rest_client [req-b0c99777-6ba5-4d9c-9e19-300dc82541b6 req-b0c99777-6ba5-4d9c-9e19-300dc82541b6 ] Request (FloatingIPsAssociationTestJSON:tearDownClass): 200 GET http://10.180.1.21/compute/v2.1/servers/df38b8d0-4e59-4803-90ea-f27c0483d410 0.314s
2024-09-03 09:40:22.146 62021 INFO tempest.lib.common.rest_client [req-31a9d549-b968-447b-8966-d5dd6969fb9a req-31a9d549-b968-447b-8966-d5dd6969fb9a ] Request (ServersAdminTestJSON:test_create_server_with_scheduling_hint): 200 GET http://10.180.1.21/compute/v2.1/servers/c37c8c38-b605-4ead-b614-7bdb6655e291 0.214s
2024-09-03 09:40:22.184 62049 INFO tempest.lib.common.rest_client [req-abaf244c-3ae4-4b13-bb75-204d15b4ba18 req-abaf244c-3ae4-4b13-bb75-204d15b4ba18 ] Request (ServerDiagnosticsNegativeTest:test_get_server_diagnostics_by_non_admin): 200 GET http://10.180.1.21/compute/v2.1/servers/f1854b38-08ef-4259-82aa-02f7fe2677b8 0.507s
2024-09-03 09:40:22.190 62061 INFO tempest.lib.common.rest_client [req-447ebcb9-c4b1-46da-8dc4-693a5fde3574 req-447ebcb9-c4b1-46da-8dc4-693a5fde3574 ] Request (SecurityGroupsTestAdminJSON:tearDownClass): 204 DELETE http://10.180.1.21:9696/networking/v2.0/security-groups/46090454-2279-4840-9852-235bde9e7952 0.427s
2024-09-03 09:40:22.234 62047 INFO tempest.lib.common.rest_client [req-40bfcfd7-cbef-4a24-b099-e20acb1f689d req-40bfcfd7-cbef-4a24-b099-e20acb1f689d ] Request (MigrationsAdminTest:test_resize_server_revert_deleted_flavor): 200 GET http://10.180.1.21/compute/v2.1/servers/5cdb914e-e99c-4c56-9c90-71f24960474e 0.256s
2024-09-03 09:40:22.263 62061 INFO tempest.lib.common.rest_client [req-c1e15360-5c38-4a59-a2c6-d92448b5311b req-c1e15360-5c38-4a59-a2c6-d92448b5311b ] Request (SecurityGroupsTestAdminJSON:tearDownClass): 204 DELETE http://10.180.1.21/identity/v3/projects/2f17846525134a409399c1ccc8ed4206 0.072s
2024-09-03 09:40:22.263 62061 INFO tempest.lib.common.dynamic_creds [-] Deleting project and security group for project: 77609f5d17e8474490b58587dfd8dfd1
2024-09-03 09:40:22.286 62027 INFO tempest.lib.common.rest_client [req-b4374999-de07-4bf9-b925-d36741e2f326 req-b4374999-de07-4bf9-b925-d36741e2f326 ] Request (AttachVolumeNegativeTest:test_attach_attached_volume_to_different_server): 200 GET http://10.180.1.21/compute/v2.1/servers/befc2006-004d-430a-a66a-ab5223ed3880 0.291s
2024-09-03 09:40:22.293 62069 INFO tempest.lib.common.rest_client [req-c71413ab-8fc5-4108-ac27-68d7d2f92a8a req-c71413ab-8fc5-4108-ac27-68d7d2f92a8a ] Request (DeleteServersTestJSON:test_delete_server_while_in_attached_volume): 200 GET http://10.180.1.21/compute/v2.1/servers/ee679289-22d8-4041-9014-aef3942dff78 0.356s
2024-09-03 09:40:22.318 62061 INFO tempest.lib.common.rest_client [req-fe7c344d-11e9-45ec-b918-b1d9a169e9cd req-fe7c344d-11e9-45ec-b918-b1d9a169e9cd ] Request (SecurityGroupsTestAdminJSON:tearDownClass): 200 GET http://10.180.1.21:9696/networking/v2.0/security-groups?tenant_id=77609f5d17e8474490b58587dfd8dfd1&name=default 0.055s
2024-09-03 09:40:22.341 62071 INFO tempest.lib.common.rest_client [req-f07a2135-c124-40a0-9c54-20d0fd479f93 req-f07a2135-c124-40a0-9c54-20d0fd479f93 ] Request (SecurityGroupsTestJSON:test_list_security_groups_by_server): 200 GET http://10.180.1.21/compute/v2.1/servers/5e298f34-cb77-42dd-922b-dd70eaaf379b 0.149s
2024-09-03 09:40:22.378 62011 WARNING tempest.lib.common.ssh [-] Failed to establish authenticated ssh connection to cirros@10.180.180.144 ([Errno None] Unable to connect to port 22 on 10.180.180.144). Number attempts: 8. Retry after 9 seconds.: paramiko.ssh_exception.NoValidConnectionsError: [Errno None] Unable to connect to port 22 on 10.180.180.144
2024-09-03 09:40:22.410 62013 INFO tempest.lib.common.rest_client [req-39e2e438-5a61-4fb1-b330-2fe42f06a4ee req-39e2e438-5a61-4fb1-b330-2fe42f06a4ee ] Request (ImagesOneServerTestJSON:tearDownClass): 200 GET http://10.180.1.21/compute/v2.1/servers/57fb01f5-0788-4177-88ca-d69d247f5366 0.129s
2024-09-03 09:40:22.433 62061 INFO tempest.lib.common.rest_client [req-8bb41884-6ab6-40cf-8c04-9b11a6bc3fed req-8bb41884-6ab6-40cf-8c04-9b11a6bc3fed ] Request (SecurityGroupsTestAdminJSON:tearDownClass): 204 DELETE http://10.180.1.21:9696/networking/v2.0/security-groups/63123d72-acc2-4241-80f1-0c53df54cb09 0.114s
2024-09-03 09:40:22.474 62015 INFO tempest.lib.common.rest_client [req-ca9c5fa3-b6db-402a-b26b-d36d1965e5c8 req-ca9c5fa3-b6db-402a-b26b-d36d1965e5c8 ] Request (ListServersNegativeTestJSON:setUpClass): 200 GET http://10.180.1.21/compute/v2.1/servers/def25884-47d1-4d58-a093-c86fe1bf6b22 0.104s
2024-09-03 09:40:22.524 62061 INFO tempest.lib.common.rest_client [req-56298ae6-8916-4f87-a8f7-e308bfecdc72 req-56298ae6-8916-4f87-a8f7-e308bfecdc72 ] Request (SecurityGroupsTestAdminJSON:tearDownClass): 204 DELETE http://10.180.1.21/identity/v3/projects/77609f5d17e8474490b58587dfd8dfd1 0.091s
2024-09-03 09:40:22.535 62039 INFO tempest.lib.common.rest_client [req-02496456-2f46-46bc-b231-ef3405479273 req-02496456-2f46-46bc-b231-ef3405479273 ] Request (ServerPasswordTestJSON:tearDownClass): 200 GET http://10.180.1.21/compute/v2.1/servers/7863f7b7-e7dc-4337-b088-7187e3fc46e0 0.099s
2024-09-03 09:40:22.588 62041 INFO tempest.lib.common.rest_client [req-4c784826-4451-46d5-a57e-429c4a07ee75 req-4c784826-4451-46d5-a57e-429c4a07ee75 ] Request (ServerMetadataTestJSON:setUpClass): 200 GET http://10.180.1.21/compute/v2.1/servers/a8da21c6-b750-4566-af5b-9d302045a916 0.103s
2024-09-03 09:40:22.596 62061 INFO tempest.lib.common.rest_client [req-5ae9fb66-5b33-45e2-940d-f9069745eeb7 req-5ae9fb66-5b33-45e2-940d-f9069745eeb7 ] Request (KeyPairsV22TestJSON:setUpClass): 201 POST http://10.180.1.21/identity/v3/auth/tokens 0.070s
2024-09-03 09:40:22.633 62061 INFO tempest.lib.common.rest_client [req-e8f26993-92ad-4084-a4e5-2f78eeb46294 req-e8f26993-92ad-4084-a4e5-2f78eeb46294 ] Request (KeyPairsV22TestJSON:setUpClass): 201 POST http://10.180.1.21/identity/v3/auth/tokens 0.034s
2024-09-03 09:40:22.636 62035 INFO tempest.lib.common.rest_client [req-6cfc4eb9-6e4d-4e87-a9d7-182a771b9ff5 req-6cfc4eb9-6e4d-4e87-a9d7-182a771b9ff5 ] Request (ServerRescueNegativeTestJSON:setUpClass): 200 GET http://10.180.1.21/compute/v2.1/servers/b1b52104-3e5d-496f-933e-127ae2447442 0.102s
2024-09-03 09:40:22.637 62023 INFO tempest.lib.common.rest_client [req-ae7a8490-f56c-43e9-8566-776849f865d9 req-ae7a8490-f56c-43e9-8566-776849f865d9 ] Request (AttachInterfacesTestJSON:test_create_list_show_delete_interfaces_by_fixed_ip): 200 GET http://10.180.1.21/compute/v2.1/servers/0b2084a4-313e-48fd-8a77-3916d15f2f61 0.432s
2024-09-03 09:40:22.659 62061 INFO tempest.lib.common.rest_client [req-7545ddcd-4acf-42d8-93bd-7899cb83a83d req-7545ddcd-4acf-42d8-93bd-7899cb83a83d ] Request (KeyPairsV22TestJSON:setUpClass): 200 GET http://10.180.1.21/identity/v3/domains?name=Default 0.026s
2024-09-03 09:40:22.689 62031 INFO tempest.lib.common.rest_client [req-c27f33f2-6a0c-4c53-8d36-7d54f74abd6a req-c27f33f2-6a0c-4c53-8d36-7d54f74abd6a ] Request (ServersTestBootFromVolume:setUpClass): 200 GET http://10.180.1.21/compute/v2.1/servers/577cae56-f2a2-4d07-9f2a-8002acf96bb5 0.090s
2024-09-03 09:40:22.690 62061 INFO tempest.lib.common.rest_client [req-40012be2-397e-4921-946b-5969bd556dbf req-40012be2-397e-4921-946b-5969bd556dbf ] Request (KeyPairsV22TestJSON:setUpClass): 201 POST http://10.180.1.21/identity/v3/projects 0.030s
2024-09-03 09:40:22.732 62033 INFO tempest.lib.common.rest_client [req-e424d420-6ee1-4306-b4b8-8e9e1764b81f req-e424d420-6ee1-4306-b4b8-8e9e1764b81f ] Request (ServerActionsV293TestJSON:setUpClass): 200 GET http://10.180.1.21/compute/v2.1/servers/94cc0767-5cdb-48a1-a0fd-286e9c2f23a0 0.056s
2024-09-03 09:40:22.751 62061 INFO tempest.lib.common.rest_client [req-53125c53-de0f-4acd-9417-995003e606ca req-53125c53-de0f-4acd-9417-995003e606ca ] Request (KeyPairsV22TestJSON:setUpClass): 201 POST http://10.180.1.21/identity/v3/users 0.061s
2024-09-03 09:40:22.767 62061 INFO tempest.lib.common.rest_client [req-959154b0-2226-436d-aab6-ca2983a19981 req-959154b0-2226-436d-aab6-ca2983a19981 ] Request (KeyPairsV22TestJSON:setUpClass): 200 GET http://10.180.1.21/identity/v3/roles 0.015s
2024-09-03 09:40:22.800 62061 INFO tempest.lib.common.rest_client [req-5b9f5b4a-d93c-4efa-857e-bc05fc339a1c req-5b9f5b4a-d93c-4efa-857e-bc05fc339a1c ] Request (KeyPairsV22TestJSON:setUpClass): 204 PUT http://10.180.1.21/identity/v3/projects/7d7174e68e544c3d86adb9f23ede5f0d/users/cb4c5e09cd1641d88146c28c2e66a5a4/roles/42841db3fb2e438fb09f57c0d3c32207 0.032s
2024-09-03 09:40:22.800 62061 INFO tempest.lib.common.dynamic_creds [-] Dynamic test user cb4c5e09cd1641d88146c28c2e66a5a4 is created with scope project and roles: ['member']
2024-09-03 09:40:22.800 62061 INFO tempest.lib.common.dynamic_creds [-] Acquired dynamic creds: credentials: Credentials: {'domain_id': 'default', 'domain_name': 'Default', 'username': 'tempest-KeyPairsV22TestJSON-1175900491-project-member', 'project_domain_id': 'default', 'project_domain_name': 'Default', 'project_id': '7d7174e68e544c3d86adb9f23ede5f0d', 'project_name': 'tempest-KeyPairsV22TestJSON-1175900491', 'tenant_id': '7d7174e68e544c3d86adb9f23ede5f0d', 'tenant_name': 'tempest-KeyPairsV22TestJSON-1175900491', 'user_domain_id': 'default', 'user_domain_name': 'Default', 'user_id': 'cb4c5e09cd1641d88146c28c2e66a5a4', 'system': None}, Network: None, Subnet: None, Router: None
2024-09-03 09:40:22.801 62061 INFO tempest.lib.common.dynamic_creds [-] Created isolated network resources for: credentials: Credentials: {'domain_id': 'default', 'domain_name': 'Default', 'username': 'tempest-KeyPairsV22TestJSON-1175900491-project-member', 'project_domain_id': 'default', 'project_domain_name': 'Default', 'project_id': '7d7174e68e544c3d86adb9f23ede5f0d', 'project_name': 'tempest-KeyPairsV22TestJSON-1175900491', 'tenant_id': '7d7174e68e544c3d86adb9f23ede5f0d', 'tenant_name': 'tempest-KeyPairsV22TestJSON-1175900491', 'user_domain_id': 'default', 'user_domain_name': 'Default', 'user_id': 'cb4c5e09cd1641d88146c28c2e66a5a4', 'system': None}, Network: None, Subnet: None, Router: None
2024-09-03 09:40:22.803 62017 INFO tempest.lib.common.rest_client [req-8cb920a8-572a-48c9-a201-e15cd063be85 req-8cb920a8-572a-48c9-a201-e15cd063be85 ] Request (ServersAdminNegativeTestJSON:tearDownClass): 200 GET http://10.180.1.21/compute/v2.1/servers/13aee296-f433-4a30-bba4-a78a56ed3f39 0.056s
2024-09-03 09:40:22.822 62067 WARNING tempest.lib.common.ssh [-] Failed to establish authenticated ssh connection to cirros@10.180.180.222 ([Errno None] Unable to connect to port 22 on 10.180.180.222). Number attempts: 10. Retry after 11 seconds.: paramiko.ssh_exception.NoValidConnectionsError: [Errno None] Unable to connect to port 22 on 10.180.180.222
2024-09-03 09:40:22.826 62051 WARNING tempest.lib.common.ssh [-] Failed to establish authenticated ssh connection to cirros@10.180.180.240 ([Errno None] Unable to connect to port 22 on 10.180.180.240). Number attempts: 7. Retry after 8 seconds.: paramiko.ssh_exception.NoValidConnectionsError: [Errno None] Unable to connect to port 22 on 10.180.180.240
2024-09-03 09:40:22.857 62037 INFO tempest.lib.common.rest_client [req-d200d1dd-ce2d-4a9c-99cf-1c64442b9343 req-d200d1dd-ce2d-4a9c-99cf-1c64442b9343 ] Request (ListImageFiltersTestJSON:setUpClass): 200 GET http://10.180.1.21/compute/v2.1/images/d2656d68-5fdf-47b1-b658-4f5ac87d7e2d 0.036s
2024-09-03 09:40:22.869 62061 INFO tempest.lib.common.rest_client [req-3199fb85-f788-484d-9210-512b43d31600 req-3199fb85-f788-484d-9210-512b43d31600 ] Request (KeyPairsV22TestJSON:setUpClass): 201 POST http://10.180.1.21/identity/v3/auth/tokens 0.065s
2024-09-03 09:40:22.943 62065 INFO tempest.lib.common.rest_client [req-f8227fd4-3a22-4581-9758-fa2823bb0d99 req-f8227fd4-3a22-4581-9758-fa2823bb0d99 ] Request (ListServerFiltersTestJSON:setUpClass): 200 GET http://10.180.1.21/compute/v2.1/servers/ddbf59f0-4fa5-417b-822b-48e492e6af25 0.059s
2024-09-03 09:40:22.984 62061 INFO tempest.lib.common.rest_client [req-206000e7-df6e-4e39-bbb8-2e8dcd4b4421 req-206000e7-df6e-4e39-bbb8-2e8dcd4b4421 ] Request (KeyPairsV22TestJSON:test_get_keypair_detail): 201 POST http://10.180.1.21/compute/v2.1/os-keypairs 0.112s
2024-09-03 09:40:22.996 62061 INFO tempest.lib.common.rest_client [req-912cc861-aa22-40b6-9a06-fcc0718b3c20 req-912cc861-aa22-40b6-9a06-fcc0718b3c20 ] Request (KeyPairsV22TestJSON:test_get_keypair_detail): 200 GET http://10.180.1.21/compute/v2.1/os-keypairs/tempest-keypair-1899737117 0.011s
2024-09-03 09:40:23.015 62061 INFO tempest.lib.common.rest_client [req-1cbe180b-f751-410f-9f03-4a7e2be6d554 req-1cbe180b-f751-410f-9f03-4a7e2be6d554 ] Request (KeyPairsV22TestJSON:_run_cleanups): 204 DELETE http://10.180.1.21/compute/v2.1/os-keypairs/tempest-keypair-1899737117 0.017s
2024-09-03 09:40:23.047 62061 INFO tempest.lib.common.rest_client [req-1237c30c-7144-4059-8bd1-eda4dc2f2ce5 req-1237c30c-7144-4059-8bd1-eda4dc2f2ce5 ] Request (KeyPairsV22TestJSON:test_keypair_create_delete): 201 POST http://10.180.1.21/compute/v2.1/os-keypairs 0.030s
2024-09-03 09:40:23.065 62061 INFO tempest.lib.common.rest_client [req-37efcc6f-6f16-495c-80ad-8ce3658053dc req-37efcc6f-6f16-495c-80ad-8ce3658053dc ] Request (KeyPairsV22TestJSON:_run_cleanups): 204 DELETE http://10.180.1.21/compute/v2.1/os-keypairs/tempest-keypair-476088641 0.016s
2024-09-03 09:40:23.095 62061 INFO tempest.lib.common.rest_client [req-bd543d5a-6bd4-47eb-87f5-854f2e0759ae req-bd543d5a-6bd4-47eb-87f5-854f2e0759ae ] Request (KeyPairsV22TestJSON:test_keypair_create_with_pub_key): 201 POST http://10.180.1.21/compute/v2.1/os-keypairs 0.029s
2024-09-03 09:40:23.115 62061 INFO tempest.lib.common.rest_client [req-58f7ded5-6474-4cf1-9be9-4727a63c7fb5 req-58f7ded5-6474-4cf1-9be9-4727a63c7fb5 ] Request (KeyPairsV22TestJSON:_run_cleanups): 204 DELETE http://10.180.1.21/compute/v2.1/os-keypairs/tempest-keypair-365885607 0.018s
2024-09-03 09:40:23.150 62061 INFO tempest.lib.common.rest_client [req-782027d6-33ed-4182-9dc7-9fb9869cd6c3 req-782027d6-33ed-4182-9dc7-9fb9869cd6c3 ] Request (KeyPairsV22TestJSON:test_keypairs_create_list_delete): 201 POST http://10.180.1.21/compute/v2.1/os-keypairs 0.033s
2024-09-03 09:40:23.183 62061 INFO tempest.lib.common.rest_client [req-cfab06f9-9d10-487d-bf54-b93d8296b020 req-cfab06f9-9d10-487d-bf54-b93d8296b020 ] Request (KeyPairsV22TestJSON:test_keypairs_create_list_delete): 201 POST http://10.180.1.21/compute/v2.1/os-keypairs 0.031s
2024-09-03 09:40:23.236 62021 INFO tempest.lib.common.rest_client [req-0c60f3ed-0753-43d3-880d-1fb1db334dd4 req-0c60f3ed-0753-43d3-880d-1fb1db334dd4 ] Request (ServersAdminTestJSON:test_create_server_with_scheduling_hint): 200 GET http://10.180.1.21/compute/v2.1/servers/c37c8c38-b605-4ead-b614-7bdb6655e291 0.077s
2024-09-03 09:40:23.236 62029 INFO tempest.lib.common.rest_client [req-7a2c72d2-3e6c-46a4-8c11-1c90dae6468a req-7a2c72d2-3e6c-46a4-8c11-1c90dae6468a ] Request (FloatingIPsAssociationTestJSON:tearDownClass): 200 GET http://10.180.1.21/compute/v2.1/servers/df38b8d0-4e59-4803-90ea-f27c0483d410 0.148s
2024-09-03 09:40:23.264 62061 INFO tempest.lib.common.rest_client [req-d87e95fe-2414-454d-bb99-42d0b4728e5f req-d87e95fe-2414-454d-bb99-42d0b4728e5f ] Request (KeyPairsV22TestJSON:test_keypairs_create_list_delete): 201 POST http://10.180.1.21/compute/v2.1/os-keypairs 0.079s
2024-09-03 09:40:23.317 62047 INFO tempest.lib.common.rest_client [req-2b84a506-012c-48c3-8bc7-e888b66ba2c1 req-2b84a506-012c-48c3-8bc7-e888b66ba2c1 ] Request (MigrationsAdminTest:test_resize_server_revert_deleted_flavor): 200 GET http://10.180.1.21/compute/v2.1/servers/5cdb914e-e99c-4c56-9c90-71f24960474e 0.076s
2024-09-03 09:40:23.325 62061 INFO tempest.lib.common.rest_client [req-36af8077-4f7e-44d8-857f-3d3b2da36587 req-36af8077-4f7e-44d8-857f-3d3b2da36587 ] Request (KeyPairsV22TestJSON:test_keypairs_create_list_delete): 200 GET http://10.180.1.21/compute/v2.1/os-keypairs 0.059s
2024-09-03 09:40:23.356 62049 INFO tempest.lib.common.rest_client [req-4763afab-6382-469c-976a-a85c2ccee41e req-4763afab-6382-469c-976a-a85c2ccee41e ] Request (ServerDiagnosticsNegativeTest:test_get_server_diagnostics_by_non_admin): 200 GET http://10.180.1.21/compute/v2.1/servers/f1854b38-08ef-4259-82aa-02f7fe2677b8 0.163s
2024-09-03 09:40:23.377 62027 INFO tempest.lib.common.rest_client [req-e8da245f-3276-48b9-9b16-d5ba11f53b47 req-e8da245f-3276-48b9-9b16-d5ba11f53b47 ] Request (AttachVolumeNegativeTest:test_attach_attached_volume_to_different_server): 200 GET http://10.180.1.21/compute/v2.1/servers/befc2006-004d-430a-a66a-ab5223ed3880 0.082s
2024-09-03 09:40:23.391 62061 INFO tempest.lib.common.rest_client [req-7678e0ad-41c8-40c2-a97c-41917819bb17 req-7678e0ad-41c8-40c2-a97c-41917819bb17 ] Request (KeyPairsV22TestJSON:_run_cleanups): 204 DELETE http://10.180.1.21/compute/v2.1/os-keypairs/tempest-KeyPairsV22TestJSON-keypair-1978300502 0.064s
2024-09-03 09:40:23.450 62071 INFO tempest.lib.common.rest_client [req-3cedc564-c402-48fd-9861-f5ef5c417223 req-3cedc564-c402-48fd-9861-f5ef5c417223 ] Request (SecurityGroupsTestJSON:test_list_security_groups_by_server): 200 GET http://10.180.1.21/compute/v2.1/servers/5e298f34-cb77-42dd-922b-dd70eaaf379b 0.096s
2024-09-03 09:40:23.465 62061 INFO tempest.lib.common.rest_client [req-7c7a0f43-4a81-4f4a-b1ac-b1cae9b70c09 req-7c7a0f43-4a81-4f4a-b1ac-b1cae9b70c09 ] Request (KeyPairsV22TestJSON:_run_cleanups): 204 DELETE http://10.180.1.21/compute/v2.1/os-keypairs/tempest-KeyPairsV22TestJSON-keypair-2012862755 0.073s
2024-09-03 09:40:23.514 62069 INFO tempest.lib.common.rest_client [req-40a3c597-099a-4913-b0ae-530ea198cd8b req-40a3c597-099a-4913-b0ae-530ea198cd8b ] Request (DeleteServersTestJSON:test_delete_server_while_in_attached_volume): 200 GET http://10.180.1.21/compute/v2.1/servers/ee679289-22d8-4041-9014-aef3942dff78 0.208s
2024-09-03 09:40:23.531 62061 INFO tempest.lib.common.rest_client [req-7740287d-20d4-4bb4-8703-cc7ee11cb4af req-7740287d-20d4-4bb4-8703-cc7ee11cb4af ] Request (KeyPairsV22TestJSON:_run_cleanups): 204 DELETE http://10.180.1.21/compute/v2.1/os-keypairs/tempest-KeyPairsV22TestJSON-keypair-114006506 0.065s
2024-09-03 09:40:23.535 62013 INFO tempest.lib.common.rest_client [req-c57c7bad-d0c2-4b42-a080-7cc46526b6e3 req-c57c7bad-d0c2-4b42-a080-7cc46526b6e3 ] Request (ImagesOneServerTestJSON:tearDownClass): 200 GET http://10.180.1.21/compute/v2.1/servers/57fb01f5-0788-4177-88ca-d69d247f5366 0.115s
2024-09-03 09:40:23.566 62061 INFO tempest.lib.common.rest_client [req-b2419e6d-c116-4f84-bac0-c9c0f78a6b38 req-b2419e6d-c116-4f84-bac0-c9c0f78a6b38 ] Request (KeyPairsV22TestJSON:test_keypairsv22_create_list_show): 201 POST http://10.180.1.21/compute/v2.1/os-keypairs 0.033s
2024-09-03 09:40:23.589 62015 INFO tempest.lib.common.rest_client [req-a436362d-7a66-4932-b72a-dd30de69b5e6 req-a436362d-7a66-4932-b72a-dd30de69b5e6 ] Request (ListServersNegativeTestJSON:setUpClass): 200 GET http://10.180.1.21/compute/v2.1/servers/def25884-47d1-4d58-a093-c86fe1bf6b22 0.107s
2024-09-03 09:40:23.599 62061 INFO tempest.lib.common.rest_client [req-91e176c7-bf65-441e-93c6-f2e2fa87caa1 req-91e176c7-bf65-441e-93c6-f2e2fa87caa1 ] Request (KeyPairsV22TestJSON:test_keypairsv22_create_list_show): 200 GET http://10.180.1.21/compute/v2.1/os-keypairs/tempest-keypair-1951362497 0.032s
2024-09-03 09:40:23.622 62039 INFO tempest.lib.common.rest_client [req-68e18b59-2bc9-4967-93a1-25aec26c4664 req-68e18b59-2bc9-4967-93a1-25aec26c4664 ] Request (ServerPasswordTestJSON:tearDownClass): 200 GET http://10.180.1.21/compute/v2.1/servers/7863f7b7-e7dc-4337-b088-7187e3fc46e0 0.079s
2024-09-03 09:40:23.630 62061 INFO tempest.lib.common.rest_client [req-7b592e05-b592-4727-a4c1-4a37b40fef9f req-7b592e05-b592-4727-a4c1-4a37b40fef9f ] Request (KeyPairsV22TestJSON:test_keypairsv22_create_list_show): 200 GET http://10.180.1.21/compute/v2.1/os-keypairs 0.029s
2024-09-03 09:40:23.641 62041 INFO tempest.lib.common.rest_client [req-2538e878-a28b-4008-92d6-0cb91614aa34 req-2538e878-a28b-4008-92d6-0cb91614aa34 ] Request (ServerMetadataTestJSON:setUpClass): 200 GET http://10.180.1.21/compute/v2.1/servers/a8da21c6-b750-4566-af5b-9d302045a916 0.046s
2024-09-03 09:40:23.647 62061 INFO tempest.lib.common.rest_client [req-8302315e-42c6-4646-9c4b-7c5b9960be39 req-8302315e-42c6-4646-9c4b-7c5b9960be39 ] Request (KeyPairsV22TestJSON:_run_cleanups): 204 DELETE http://10.180.1.21/compute/v2.1/os-keypairs/tempest-keypair-1951362497 0.016s
2024-09-03 09:40:23.691 62035 INFO tempest.lib.common.rest_client [req-f60a4dd8-61f8-425a-a436-8f451ae37314 req-f60a4dd8-61f8-425a-a436-8f451ae37314 ] Request (ServerRescueNegativeTestJSON:setUpClass): 200 GET http://10.180.1.21/compute/v2.1/servers/b1b52104-3e5d-496f-933e-127ae2447442 0.048s
2024-09-03 09:40:23.772 62023 INFO tempest.lib.common.rest_client [req-332bd69b-52c3-4e42-a20f-a700373de5bd req-332bd69b-52c3-4e42-a20f-a700373de5bd ] Request (AttachInterfacesTestJSON:test_create_list_show_delete_interfaces_by_fixed_ip): 200 GET http://10.180.1.21/compute/v2.1/servers/0b2084a4-313e-48fd-8a77-3916d15f2f61 0.127s
2024-09-03 09:40:23.815 62031 INFO tempest.lib.common.rest_client [req-b07cafbb-07a2-4074-828a-4bc49f208408 req-b07cafbb-07a2-4074-828a-4bc49f208408 ] Request (ServersTestBootFromVolume:setUpClass): 200 GET http://10.180.1.21/compute/v2.1/servers/577cae56-f2a2-4d07-9f2a-8002acf96bb5 0.119s
2024-09-03 09:40:23.876 62033 INFO tempest.lib.common.rest_client [req-bee6aa8f-d22a-4ecb-a743-ce158379e594 req-bee6aa8f-d22a-4ecb-a743-ce158379e594 ] Request (ServerActionsV293TestJSON:setUpClass): 200 GET http://10.180.1.21/compute/v2.1/servers/94cc0767-5cdb-48a1-a0fd-286e9c2f23a0 0.135s
2024-09-03 09:40:23.890 62033 INFO tempest.common.waiters [-] State transition "BUILD/None" ==> "BUILD/networking" after 49 second wait
2024-09-03 09:40:23.967 62017 INFO tempest.lib.common.rest_client [req-b94d05a1-63e7-49e0-ba49-65157655d1c3 req-b94d05a1-63e7-49e0-ba49-65157655d1c3 ] Request (ServersAdminNegativeTestJSON:tearDownClass): 200 GET http://10.180.1.21/compute/v2.1/servers/13aee296-f433-4a30-bba4-a78a56ed3f39 0.158s
2024-09-03 09:40:24.002 62061 INFO tempest.lib.common.rest_client [req-30cd9fc2-3660-41dc-afb9-f2d302db43d2 req-30cd9fc2-3660-41dc-afb9-f2d302db43d2 ] Request (KeyPairsV22TestJSON:test_keypairsv22_create_list_show_with_type): 201 POST http://10.180.1.21/compute/v2.1/os-keypairs 0.354s
2024-09-03 09:40:24.005 62037 INFO tempest.lib.common.rest_client [req-6aa6badf-881c-4963-a270-fc113f1fa11e req-6aa6badf-881c-4963-a270-fc113f1fa11e ] Request (ListImageFiltersTestJSON:setUpClass): 200 GET http://10.180.1.21/compute/v2.1/images/d2656d68-5fdf-47b1-b658-4f5ac87d7e2d 0.143s
2024-09-03 09:40:24.015 62061 INFO tempest.lib.common.rest_client [req-85c74321-5b1c-4e26-9442-89fe6358c8fe req-85c74321-5b1c-4e26-9442-89fe6358c8fe ] Request (KeyPairsV22TestJSON:test_keypairsv22_create_list_show_with_type): 200 GET http://10.180.1.21/compute/v2.1/os-keypairs/tempest-keypair-47983820 0.011s
2024-09-03 09:40:24.029 62061 INFO tempest.lib.common.rest_client [req-cf8c2d05-f4ef-4acd-a6bc-c9e8f447ce08 req-cf8c2d05-f4ef-4acd-a6bc-c9e8f447ce08 ] Request (KeyPairsV22TestJSON:test_keypairsv22_create_list_show_with_type): 200 GET http://10.180.1.21/compute/v2.1/os-keypairs 0.011s
2024-09-03 09:40:24.048 62061 INFO tempest.lib.common.rest_client [req-d261d8f6-4222-4029-b329-5f021696c4da req-d261d8f6-4222-4029-b329-5f021696c4da ] Request (KeyPairsV22TestJSON:_run_cleanups): 204 DELETE http://10.180.1.21/compute/v2.1/os-keypairs/tempest-keypair-47983820 0.017s
2024-09-03 09:40:24.069 62065 INFO tempest.lib.common.rest_client [req-c5251b1d-18d5-4d05-a062-938a1c974c07 req-c5251b1d-18d5-4d05-a062-938a1c974c07 ] Request (ListServerFiltersTestJSON:setUpClass): 200 GET http://10.180.1.21/compute/v2.1/servers/ddbf59f0-4fa5-417b-822b-48e492e6af25 0.118s
2024-09-03 09:40:24.154 62061 INFO tempest.lib.common.rest_client [req-99a45ea3-6902-4816-8eab-7c2ef4b8cd78 req-99a45ea3-6902-4816-8eab-7c2ef4b8cd78 ] Request (KeyPairsV22TestJSON:tearDownClass): 204 DELETE http://10.180.1.21/identity/v3/users/cb4c5e09cd1641d88146c28c2e66a5a4 0.104s
2024-09-03 09:40:24.154 62061 INFO tempest.lib.common.dynamic_creds [-] Deleting project and security group for project: 7d7174e68e544c3d86adb9f23ede5f0d
2024-09-03 09:40:24.214 62061 INFO tempest.lib.common.rest_client [req-a758b3d0-295a-4635-917d-f2bacf2e415e req-a758b3d0-295a-4635-917d-f2bacf2e415e ] Request (KeyPairsV22TestJSON:tearDownClass): 201 POST http://10.180.1.21/identity/v3/auth/tokens 0.059s
2024-09-03 09:40:24.307 62029 INFO tempest.lib.common.rest_client [req-be7988b4-bc49-466b-a35b-e755a9b51183 req-be7988b4-bc49-466b-a35b-e755a9b51183 ] Request (FloatingIPsAssociationTestJSON:tearDownClass): 200 GET http://10.180.1.21/compute/v2.1/servers/df38b8d0-4e59-4803-90ea-f27c0483d410 0.061s
2024-09-03 09:40:24.318 62021 INFO tempest.lib.common.rest_client [req-c3ae93de-af67-4239-86f3-c16e477b312b req-c3ae93de-af67-4239-86f3-c16e477b312b ] Request (ServersAdminTestJSON:test_create_server_with_scheduling_hint): 200 GET http://10.180.1.21/compute/v2.1/servers/c37c8c38-b605-4ead-b614-7bdb6655e291 0.074s
2024-09-03 09:40:24.394 62047 INFO tempest.lib.common.rest_client [req-aa4d3136-aca2-4da8-8732-7fef37c73b76 req-aa4d3136-aca2-4da8-8732-7fef37c73b76 ] Request (MigrationsAdminTest:test_resize_server_revert_deleted_flavor): 200 GET http://10.180.1.21/compute/v2.1/servers/5cdb914e-e99c-4c56-9c90-71f24960474e 0.068s
2024-09-03 09:40:24.461 62061 INFO tempest.lib.common.rest_client [req-b1e60952-6cd2-40e3-99cb-a52cc55a7376 req-b1e60952-6cd2-40e3-99cb-a52cc55a7376 ] Request (KeyPairsV22TestJSON:tearDownClass): 200 GET http://10.180.1.21:9696/networking/v2.0/security-groups?tenant_id=7d7174e68e544c3d86adb9f23ede5f0d&name=default 0.247s
2024-09-03 09:40:24.468 62027 INFO tempest.lib.common.rest_client [req-28e083e8-b391-4ee8-bb6f-097cb8fd2374 req-28e083e8-b391-4ee8-bb6f-097cb8fd2374 ] Request (AttachVolumeNegativeTest:test_attach_attached_volume_to_different_server): 200 GET http://10.180.1.21/compute/v2.1/servers/befc2006-004d-430a-a66a-ab5223ed3880 0.083s
2024-09-03 09:40:24.520 62049 INFO tempest.lib.common.rest_client [req-78e8ef70-23da-45d1-8cc5-95edf06c9304 req-78e8ef70-23da-45d1-8cc5-95edf06c9304 ] Request (ServerDiagnosticsNegativeTest:test_get_server_diagnostics_by_non_admin): 200 GET http://10.180.1.21/compute/v2.1/servers/f1854b38-08ef-4259-82aa-02f7fe2677b8 0.157s
2024-09-03 09:40:24.524 62071 INFO tempest.lib.common.rest_client [req-a5472f61-8d23-404b-abaa-930d4bfa269c req-a5472f61-8d23-404b-abaa-930d4bfa269c ] Request (SecurityGroupsTestJSON:test_list_security_groups_by_server): 200 GET http://10.180.1.21/compute/v2.1/servers/5e298f34-cb77-42dd-922b-dd70eaaf379b 0.064s
2024-09-03 09:40:24.608 62013 INFO tempest.lib.common.rest_client [req-c9e66dc2-7141-45c2-af68-108d31986856 req-c9e66dc2-7141-45c2-af68-108d31986856 ] Request (ImagesOneServerTestJSON:tearDownClass): 200 GET http://10.180.1.21/compute/v2.1/servers/57fb01f5-0788-4177-88ca-d69d247f5366 0.065s
2024-09-03 09:40:24.686 62015 INFO tempest.lib.common.rest_client [req-0a06279b-6915-4b59-962f-47dcae49f225 req-0a06279b-6915-4b59-962f-47dcae49f225 ] Request (ListServersNegativeTestJSON:setUpClass): 200 GET http://10.180.1.21/compute/v2.1/servers/def25884-47d1-4d58-a093-c86fe1bf6b22 0.086s
2024-09-03 09:40:24.697 62069 INFO tempest.lib.common.rest_client [req-1180f942-96f0-4654-8182-a3c4029e6439 req-1180f942-96f0-4654-8182-a3c4029e6439 ] Request (DeleteServersTestJSON:test_delete_server_while_in_attached_volume): 200 GET http://10.180.1.21/compute/v2.1/servers/ee679289-22d8-4041-9014-aef3942dff78 0.175s
2024-09-03 09:40:24.706 62069 INFO tempest.common.waiters [-] State transition "BUILD/spawning" ==> "ACTIVE/None" after 70 second wait
2024-09-03 09:40:24.710 62061 INFO tempest.lib.common.rest_client [req-927d4729-cbec-4dd7-accc-d762930ad8b1 req-927d4729-cbec-4dd7-accc-d762930ad8b1 ] Request (KeyPairsV22TestJSON:tearDownClass): 204 DELETE http://10.180.1.21:9696/networking/v2.0/security-groups/f07d8df3-3914-4196-b3d6-c1f175a4470b 0.248s
2024-09-03 09:40:24.760 62041 INFO tempest.lib.common.rest_client [req-f58c90fb-bf64-41c3-94e8-5e42628ed374 req-f58c90fb-bf64-41c3-94e8-5e42628ed374 ] Request (ServerMetadataTestJSON:setUpClass): 200 GET http://10.180.1.21/compute/v2.1/servers/a8da21c6-b750-4566-af5b-9d302045a916 0.111s
2024-09-03 09:40:24.765 62039 INFO tempest.lib.common.rest_client [req-464c68cc-dc34-4255-ab40-4f8a1b963c11 req-464c68cc-dc34-4255-ab40-4f8a1b963c11 ] Request (ServerPasswordTestJSON:tearDownClass): 200 GET http://10.180.1.21/compute/v2.1/servers/7863f7b7-e7dc-4337-b088-7187e3fc46e0 0.131s
2024-09-03 09:40:24.807 62061 INFO tempest.lib.common.rest_client [req-56265f7b-a913-4e87-afde-d1cf3cec5e36 req-56265f7b-a913-4e87-afde-d1cf3cec5e36 ] Request (KeyPairsV22TestJSON:tearDownClass): 204 DELETE http://10.180.1.21/identity/v3/projects/7d7174e68e544c3d86adb9f23ede5f0d 0.097s
2024-09-03 09:40:24.812 62035 INFO tempest.lib.common.rest_client [req-52db7729-c22d-4354-b10f-43cfe61c1b58 req-52db7729-c22d-4354-b10f-43cfe61c1b58 ] Request (ServerRescueNegativeTestJSON:setUpClass): 200 GET http://10.180.1.21/compute/v2.1/servers/b1b52104-3e5d-496f-933e-127ae2447442 0.111s
2024-09-03 09:40:24.881 62069 INFO tempest.lib.common.rest_client [req-663aa1e6-b629-4c70-98ae-c70f7a3c2644 req-663aa1e6-b629-4c70-98ae-c70f7a3c2644 ] Request (DeleteServersTestJSON:test_delete_server_while_in_attached_volume): 202 POST http://10.180.1.21/volume/v3/c84a6ec867c74a269ba0995f99713d0c/volumes 0.174s
2024-09-03 09:40:24.892 62031 INFO tempest.lib.common.rest_client [req-afc20e90-6213-4bf0-9752-4f8beb7cfde6 req-afc20e90-6213-4bf0-9752-4f8beb7cfde6 ] Request (ServersTestBootFromVolume:setUpClass): 200 GET http://10.180.1.21/compute/v2.1/servers/577cae56-f2a2-4d07-9f2a-8002acf96bb5 0.064s
2024-09-03 09:40:24.897 62061 INFO tempest.lib.common.rest_client [req-194b68ef-1000-4191-a99d-06c3b1cc9dc6 req-194b68ef-1000-4191-a99d-06c3b1cc9dc6 ] Request (AttachVolumeShelveTestJSON:setUpClass): 201 POST http://10.180.1.21/identity/v3/auth/tokens 0.088s
2024-09-03 09:40:24.907 62023 INFO tempest.lib.common.rest_client [req-5f773e4e-76ed-446f-91c5-120df0da48bb req-5f773e4e-76ed-446f-91c5-120df0da48bb ] Request (AttachInterfacesTestJSON:test_create_list_show_delete_interfaces_by_fixed_ip): 200 GET http://10.180.1.21/compute/v2.1/servers/0b2084a4-313e-48fd-8a77-3916d15f2f61 0.128s
2024-09-03 09:40:24.913 62069 INFO tempest.lib.common.rest_client [req-8682ca06-0bcb-44cd-8365-d1363cfdf062 req-8682ca06-0bcb-44cd-8365-d1363cfdf062 ] Request (DeleteServersTestJSON:test_delete_server_while_in_attached_volume): 200 GET http://10.180.1.21/volume/v3/c84a6ec867c74a269ba0995f99713d0c/volumes/cf157bf0-b219-4157-8896-b4ab435a9a9a 0.026s
2024-09-03 09:40:24.955 62061 INFO tempest.lib.common.rest_client [req-0ba128a8-b49d-485f-ab49-5322460178df req-0ba128a8-b49d-485f-ab49-5322460178df ] Request (AttachVolumeShelveTestJSON:setUpClass): 201 POST http://10.180.1.21/identity/v3/auth/tokens 0.050s
2024-09-03 09:40:24.981 62061 INFO tempest.lib.common.rest_client [req-70fe5636-e189-4ab5-8480-e491610ffbca req-70fe5636-e189-4ab5-8480-e491610ffbca ] Request (AttachVolumeShelveTestJSON:setUpClass): 200 GET http://10.180.1.21/identity/v3/domains?name=Default 0.025s
2024-09-03 09:40:25.011 62061 INFO tempest.lib.common.rest_client [req-0c5d5c7c-90fc-4f37-a349-89167456ad42 req-0c5d5c7c-90fc-4f37-a349-89167456ad42 ] Request (AttachVolumeShelveTestJSON:setUpClass): 201 POST http://10.180.1.21/identity/v3/projects 0.029s
2024-09-03 09:40:25.022 62063 WARNING tempest.lib.common.ssh [-] Failed to establish authenticated ssh connection to cirros@10.180.180.193 ([Errno None] Unable to connect to port 22 on 10.180.180.193). Number attempts: 1. Retry after 2 seconds.: paramiko.ssh_exception.NoValidConnectionsError: [Errno None] Unable to connect to port 22 on 10.180.180.193
2024-09-03 09:40:25.047 62017 INFO tempest.lib.common.rest_client [req-60e66672-3c21-430c-9c2a-830e06e7fcb8 req-60e66672-3c21-430c-9c2a-830e06e7fcb8 ] Request (ServersAdminNegativeTestJSON:tearDownClass): 200 GET http://10.180.1.21/compute/v2.1/servers/13aee296-f433-4a30-bba4-a78a56ed3f39 0.071s
2024-09-03 09:40:25.080 62061 INFO tempest.lib.common.rest_client [req-41c137a3-38db-4692-bd1a-0caf6b3552c4 req-41c137a3-38db-4692-bd1a-0caf6b3552c4 ] Request (AttachVolumeShelveTestJSON:setUpClass): 201 POST http://10.180.1.21/identity/v3/users 0.069s
2024-09-03 09:40:25.087 62033 INFO tempest.lib.common.rest_client [req-7f12b98e-e073-4d84-a149-783e1a5b812f req-7f12b98e-e073-4d84-a149-783e1a5b812f ] Request (ServerActionsV293TestJSON:setUpClass): 200 GET http://10.180.1.21/compute/v2.1/servers/94cc0767-5cdb-48a1-a0fd-286e9c2f23a0 0.195s
2024-09-03 09:40:25.090 62037 INFO tempest.lib.common.rest_client [req-c5c495ca-f744-483f-a088-84bbec8fae96 req-c5c495ca-f744-483f-a088-84bbec8fae96 ] Request (ListImageFiltersTestJSON:setUpClass): 200 GET http://10.180.1.21/compute/v2.1/images/d2656d68-5fdf-47b1-b658-4f5ac87d7e2d 0.080s
2024-09-03 09:40:25.096 62033 INFO tempest.common.waiters [-] State transition "BUILD/networking" ==> "BUILD/block_device_mapping" after 51 second wait
2024-09-03 09:40:25.097 62061 INFO tempest.lib.common.rest_client [req-fdc835a8-b8c7-478c-be3b-a3882dc311d7 req-fdc835a8-b8c7-478c-be3b-a3882dc311d7 ] Request (AttachVolumeShelveTestJSON:setUpClass): 200 GET http://10.180.1.21/identity/v3/roles 0.016s
2024-09-03 09:40:25.145 62061 INFO tempest.lib.common.rest_client [req-fb301f4f-8f1b-464f-92d7-2bc444e6d140 req-fb301f4f-8f1b-464f-92d7-2bc444e6d140 ] Request (AttachVolumeShelveTestJSON:setUpClass): 204 PUT http://10.180.1.21/identity/v3/projects/cbfdd513f6404467af7f6f8a95aad593/users/40383878f26e4c68be32927958d7df03/roles/42841db3fb2e438fb09f57c0d3c32207 0.047s
2024-09-03 09:40:25.146 62061 INFO tempest.lib.common.dynamic_creds [-] Dynamic test user 40383878f26e4c68be32927958d7df03 is created with scope project and roles: ['member']
2024-09-03 09:40:25.148 62061 INFO tempest.lib.common.dynamic_creds [-] Acquired dynamic creds: credentials: Credentials: {'domain_id': 'default', 'domain_name': 'Default', 'username': 'tempest-AttachVolumeShelveTestJSON-1363541800-project-member', 'project_domain_id': 'default', 'project_domain_name': 'Default', 'project_id': 'cbfdd513f6404467af7f6f8a95aad593', 'project_name': 'tempest-AttachVolumeShelveTestJSON-1363541800', 'tenant_id': 'cbfdd513f6404467af7f6f8a95aad593', 'tenant_name': 'tempest-AttachVolumeShelveTestJSON-1363541800', 'user_domain_id': 'default', 'user_domain_name': 'Default', 'user_id': '40383878f26e4c68be32927958d7df03', 'system': None}, Network: None, Subnet: None, Router: None
2024-09-03 09:40:25.154 62065 INFO tempest.lib.common.rest_client [req-a082dc56-5b89-47ba-b3ed-37cccd579e87 req-a082dc56-5b89-47ba-b3ed-37cccd579e87 ] Request (ListServerFiltersTestJSON:setUpClass): 200 GET http://10.180.1.21/compute/v2.1/servers/ddbf59f0-4fa5-417b-822b-48e492e6af25 0.078s
2024-09-03 09:40:25.192 62073 INFO paramiko.transport [-] Connected (version 2.0, client dropbear_2020.81)
2024-09-03 09:40:25.207 62061 INFO tempest.lib.common.rest_client [req-5a94f406-8014-4403-aa0c-9cc392f0ba75 req-5a94f406-8014-4403-aa0c-9cc392f0ba75 ] Request (AttachVolumeShelveTestJSON:setUpClass): 201 POST http://10.180.1.21/identity/v3/auth/tokens 0.059s
2024-09-03 09:40:25.298 62073 INFO paramiko.transport [-] Authentication (publickey) successful!
2024-09-03 09:40:25.298 62073 INFO tempest.lib.common.ssh [-] ssh connection to cirros@10.180.180.190 successfully created
2024-09-03 09:40:25.387 62021 INFO tempest.lib.common.rest_client [req-8db5559c-cf99-4a3a-82b7-c8fb288d2f63 req-8db5559c-cf99-4a3a-82b7-c8fb288d2f63 ] Request (ServersAdminTestJSON:test_create_server_with_scheduling_hint): 200 GET http://10.180.1.21/compute/v2.1/servers/c37c8c38-b605-4ead-b614-7bdb6655e291 0.061s
2024-09-03 09:40:25.387 62029 INFO tempest.lib.common.rest_client [req-21b0ef82-7012-4a76-87eb-345c8f07bff0 req-21b0ef82-7012-4a76-87eb-345c8f07bff0 ] Request (FloatingIPsAssociationTestJSON:tearDownClass): 200 GET http://10.180.1.21/compute/v2.1/servers/df38b8d0-4e59-4803-90ea-f27c0483d410 0.074s
2024-09-03 09:40:25.397 62029 INFO tempest.common.waiters [-] State transition "ACTIVE/deleting" ==> "DELETED/None" after 3 second wait
2024-09-03 09:40:25.475 62047 INFO tempest.lib.common.rest_client [req-3bcc27ff-bc79-422d-9b60-539e209314ab req-3bcc27ff-bc79-422d-9b60-539e209314ab ] Request (MigrationsAdminTest:test_resize_server_revert_deleted_flavor): 200 GET http://10.180.1.21/compute/v2.1/servers/5cdb914e-e99c-4c56-9c90-71f24960474e 0.073s
2024-09-03 09:40:25.530 62073 INFO tempest.lib.common.rest_client [req-9bda8131-7ded-44ab-98fe-2e014ce61719 req-9bda8131-7ded-44ab-98fe-2e014ce61719 ] Request (ServerActionsTestJSON:setUp): 200 GET http://10.180.1.21/compute/v2.1/servers/f4472c86-51d7-4d50-8e98-82173bbc9f57 0.176s
2024-09-03 09:40:25.534 62061 INFO tempest.lib.common.rest_client [req-7f430841-211f-4e5e-9b1b-792462c19d8f req-7f430841-211f-4e5e-9b1b-792462c19d8f ] Request (AttachVolumeShelveTestJSON:setUpClass): 201 POST http://10.180.1.21:9696/networking/v2.0/networks 0.326s
2024-09-03 09:40:25.546 62027 INFO tempest.lib.common.rest_client [req-abca8887-05a5-447b-b60a-2ff6cb23e0ba req-abca8887-05a5-447b-b60a-2ff6cb23e0ba ] Request (AttachVolumeNegativeTest:test_attach_attached_volume_to_different_server): 200 GET http://10.180.1.21/compute/v2.1/servers/befc2006-004d-430a-a66a-ab5223ed3880 0.070s
2024-09-03 09:40:25.622 62071 INFO tempest.lib.common.rest_client [req-53107a13-4bff-4b33-81e4-a34a0381f82f req-53107a13-4bff-4b33-81e4-a34a0381f82f ] Request (SecurityGroupsTestJSON:test_list_security_groups_by_server): 200 GET http://10.180.1.21/compute/v2.1/servers/5e298f34-cb77-42dd-922b-dd70eaaf379b 0.088s
2024-09-03 09:40:25.730 62049 INFO tempest.lib.common.rest_client [req-c0548953-ce09-4134-9214-5eddbdec8a58 req-c0548953-ce09-4134-9214-5eddbdec8a58 ] Request (ServerDiagnosticsNegativeTest:test_get_server_diagnostics_by_non_admin): 200 GET http://10.180.1.21/compute/v2.1/servers/f1854b38-08ef-4259-82aa-02f7fe2677b8 0.198s
2024-09-03 09:40:25.801 62013 INFO tempest.lib.common.rest_client [req-db4110cd-9852-4c00-8ec4-c7a3db17d937 req-db4110cd-9852-4c00-8ec4-c7a3db17d937 ] Request (ImagesOneServerTestJSON:tearDownClass): 200 GET http://10.180.1.21/compute/v2.1/servers/57fb01f5-0788-4177-88ca-d69d247f5366 0.186s
2024-09-03 09:40:25.830 62073 INFO tempest.lib.common.rest_client [req-57b148bf-559e-40e8-970b-c1e51b819266 req-57b148bf-559e-40e8-970b-c1e51b819266 ] Request (ServerActionsTestJSON:setUp): 200 GET http://10.180.1.21/compute/v2.1/servers/f4472c86-51d7-4d50-8e98-82173bbc9f57 0.292s
2024-09-03 09:40:25.832 62061 INFO tempest.lib.common.rest_client [req-4ca35c94-2d18-493f-9f0b-af4af199981b req-4ca35c94-2d18-493f-9f0b-af4af199981b ] Request (AttachVolumeShelveTestJSON:setUpClass): 201 POST http://10.180.1.21:9696/networking/v2.0/subnets 0.297s
2024-09-03 09:40:25.882 62015 INFO tempest.lib.common.rest_client [req-56611f02-2b78-4c59-9cca-5ead43b135d0 req-56611f02-2b78-4c59-9cca-5ead43b135d0 ] Request (ListServersNegativeTestJSON:setUpClass): 200 GET http://10.180.1.21/compute/v2.1/servers/def25884-47d1-4d58-a093-c86fe1bf6b22 0.179s
2024-09-03 09:40:25.904 62041 INFO tempest.lib.common.rest_client [req-5437af4d-a275-47bc-a94e-814cbca5063a req-5437af4d-a275-47bc-a94e-814cbca5063a ] Request (ServerMetadataTestJSON:setUpClass): 200 GET http://10.180.1.21/compute/v2.1/servers/a8da21c6-b750-4566-af5b-9d302045a916 0.136s
2024-09-03 09:40:25.958 62069 INFO tempest.lib.common.rest_client [req-cff42200-a56e-41be-bb78-2f797638ca82 req-cff42200-a56e-41be-bb78-2f797638ca82 ] Request (DeleteServersTestJSON:test_delete_server_while_in_attached_volume): 200 GET http://10.180.1.21/volume/v3/c84a6ec867c74a269ba0995f99713d0c/volumes/cf157bf0-b219-4157-8896-b4ab435a9a9a 0.037s
2024-09-03 09:40:25.967 62069 INFO tempest.common.waiters [-] volume cf157bf0-b219-4157-8896-b4ab435a9a9a reached available after waiting for 1.967718 seconds
2024-09-03 09:40:25.977 62039 INFO tempest.lib.common.rest_client [req-1b9c949c-5489-4457-a8c8-54dc846fcf97 req-1b9c949c-5489-4457-a8c8-54dc846fcf97 ] Request (ServerPasswordTestJSON:tearDownClass): 200 GET http://10.180.1.21/compute/v2.1/servers/7863f7b7-e7dc-4337-b088-7187e3fc46e0 0.199s
2024-09-03 09:40:25.979 62035 INFO tempest.lib.common.rest_client [req-fcfa57ac-1a7a-42a2-900d-8135de8ed04c req-fcfa57ac-1a7a-42a2-900d-8135de8ed04c ] Request (ServerRescueNegativeTestJSON:setUpClass): 200 GET http://10.180.1.21/compute/v2.1/servers/b1b52104-3e5d-496f-933e-127ae2447442 0.159s
2024-09-03 09:40:26.056 62031 INFO tempest.lib.common.rest_client [req-11ff5f0e-9fde-4576-8907-ad4556cd113c req-11ff5f0e-9fde-4576-8907-ad4556cd113c ] Request (ServersTestBootFromVolume:setUpClass): 200 GET http://10.180.1.21/compute/v2.1/servers/577cae56-f2a2-4d07-9f2a-8002acf96bb5 0.152s
2024-09-03 09:40:26.062 62031 INFO tempest.common.waiters [-] State transition "BUILD/scheduling" ==> "BUILD/None" after 32 second wait
2024-09-03 09:40:26.147 62073 INFO tempest.lib.common.rest_client [req-4338aef4-e6b2-47b9-9421-1a60756c92ee req-4338aef4-e6b2-47b9-9421-1a60756c92ee ] Request (ServerActionsTestJSON:setUp): 200 GET http://10.180.1.21/compute/v2.1/servers/f4472c86-51d7-4d50-8e98-82173bbc9f57 0.310s
2024-09-03 09:40:26.264 62023 INFO tempest.lib.common.rest_client [req-1766011d-d381-454d-81c9-3ee6575b7a97 req-1766011d-d381-454d-81c9-3ee6575b7a97 ] Request (AttachInterfacesTestJSON:test_create_list_show_delete_interfaces_by_fixed_ip): 200 GET http://10.180.1.21/compute/v2.1/servers/0b2084a4-313e-48fd-8a77-3916d15f2f61 0.351s
2024-09-03 09:40:26.291 62017 INFO tempest.lib.common.rest_client [req-eba554df-adbd-4507-9621-e7a594bf146c req-eba554df-adbd-4507-9621-e7a594bf146c ] Request (ServersAdminNegativeTestJSON:tearDownClass): 404 GET http://10.180.1.21/compute/v2.1/servers/13aee296-f433-4a30-bba4-a78a56ed3f39 0.236s
2024-09-03 09:40:26.327 62037 INFO tempest.lib.common.rest_client [req-50e07332-6627-468a-8fba-c6bde3cef35d req-50e07332-6627-468a-8fba-c6bde3cef35d ] Request (ListImageFiltersTestJSON:setUpClass): 200 GET http://10.180.1.21/compute/v2.1/images/d2656d68-5fdf-47b1-b658-4f5ac87d7e2d 0.234s
2024-09-03 09:40:26.537 62033 INFO tempest.lib.common.rest_client [req-0e2f3e0e-cbb6-4d1a-a0f9-7f1ae0a09255 req-0e2f3e0e-cbb6-4d1a-a0f9-7f1ae0a09255 ] Request (ServerActionsV293TestJSON:setUpClass): 200 GET http://10.180.1.21/compute/v2.1/servers/94cc0767-5cdb-48a1-a0fd-286e9c2f23a0 0.440s
2024-09-03 09:40:26.612 62073 INFO tempest.lib.common.rest_client [req-9ca3da5c-4285-49ec-aaf3-5e96015aa1b6 req-9ca3da5c-4285-49ec-aaf3-5e96015aa1b6 ] Request (ServerActionsTestJSON:test_lock_unlock_server): 202 POST http://10.180.1.21/compute/v2.1/servers/f4472c86-51d7-4d50-8e98-82173bbc9f57/action 0.458s
2024-09-03 09:40:26.684 62065 INFO tempest.lib.common.rest_client [req-9a81ecc2-2333-402f-85d9-e583aa1a57e1 req-9a81ecc2-2333-402f-85d9-e583aa1a57e1 ] Request (ListServerFiltersTestJSON:setUpClass): 200 GET http://10.180.1.21/compute/v2.1/servers/ddbf59f0-4fa5-417b-822b-48e492e6af25 0.519s
2024-09-03 09:40:26.764 62061 INFO tempest.lib.common.rest_client [req-21a8f204-ef62-4456-b1be-a6c2024b9d3d req-21a8f204-ef62-4456-b1be-a6c2024b9d3d ] Request (AttachVolumeShelveTestJSON:setUpClass): 201 POST http://10.180.1.21:9696/networking/v2.0/routers 0.932s
2024-09-03 09:40:26.787 62017 INFO tempest.lib.common.rest_client [req-6dfadbe5-4927-4da2-ae87-bfd6d9d2e7c3 req-6dfadbe5-4927-4da2-ae87-bfd6d9d2e7c3 ] Request (ServersAdminNegativeTestJSON:tearDownClass): 204 DELETE http://10.180.1.21/compute/v2.1/servers/3a05e627-acff-4005-b633-f2544fef637b 0.496s
2024-09-03 09:40:26.851 62021 INFO tempest.lib.common.rest_client [req-fc9e7a77-24c0-4d60-95b6-391eb9a990c0 req-fc9e7a77-24c0-4d60-95b6-391eb9a990c0 ] Request (ServersAdminTestJSON:test_create_server_with_scheduling_hint): 200 GET http://10.180.1.21/compute/v2.1/servers/c37c8c38-b605-4ead-b614-7bdb6655e291 0.454s
2024-09-03 09:40:26.926 62029 INFO tempest.lib.common.rest_client [req-dc9252c1-1330-4476-8ddf-c868bad4b7ba req-dc9252c1-1330-4476-8ddf-c868bad4b7ba ] Request (FloatingIPsAssociationTestJSON:tearDownClass): 200 GET http://10.180.1.21/compute/v2.1/servers/df38b8d0-4e59-4803-90ea-f27c0483d410 0.529s
