2024-09-03 09:39:40.676 62025 INFO tempest.lib.common.rest_client [req-d408d244-4a25-47dc-8e33-ba60fa7bc283 req-d408d244-4a25-47dc-8e33-ba60fa7bc283 ] Request (ImagesMetadataNegativeTestJSON:tearDownClass): 204 DELETE http://10.180.1.21:9696/networking/v2.0/security-groups/7b9a2f9b-41d8-46de-b1f1-2da8830d9985 0.221s
2024-09-03 09:39:40.758 62027 INFO tempest.lib.common.rest_client [req-01aca856-91dd-43d1-9a13-b6466d498cc3 req-01aca856-91dd-43d1-9a13-b6466d498cc3 ] Request (SecurityGroupRulesNegativeTestJSON:tearDownClass): 204 DELETE http://10.180.1.21:9696/networking/v2.0/networks/efe81f5b-9eb6-42bd-bc65-24aeaf81b74a 0.403s
2024-09-03 09:39:40.761 62025 INFO tempest.lib.common.rest_client [req-633f5af3-e860-4619-9b98-13d25fe78bd5 req-633f5af3-e860-4619-9b98-13d25fe78bd5 ] Request (ImagesMetadataNegativeTestJSON:tearDownClass): 204 DELETE http://10.180.1.21/identity/v3/projects/0949f31691f04c9789072d22813fdc11 0.084s
2024-09-03 09:39:40.780 62065 INFO tempest.lib.common.rest_client [req-3c5f1d9f-c65f-4836-a3db-b621ddf94a95 req-3c5f1d9f-c65f-4836-a3db-b621ddf94a95 ] Request (InstanceActionsNegativeTestJSON:tearDownClass): 204 DELETE http://10.180.1.21:9696/networking/v2.0/routers/bf65e120-db30-4132-9078-ba4086b5aeb1 0.862s
2024-09-03 09:39:40.834 62025 INFO tempest.lib.common.rest_client [req-344e3798-d97a-4ba3-b312-0b0c61d812dc req-344e3798-d97a-4ba3-b312-0b0c61d812dc ] Request (ListImageFiltersNegativeTestJSON:setUpClass): 201 POST http://10.180.1.21/identity/v3/auth/tokens 0.070s
2024-09-03 09:39:40.857 62017 INFO tempest.lib.common.rest_client [req-860b39e4-fadc-4adc-9a85-5d5743d332e1 req-860b39e4-fadc-4adc-9a85-5d5743d332e1 ] Request (ServersAdminNegativeTestJSON:test_migrate_server_invalid_state): 200 GET http://10.180.1.21/compute/v2.1/servers/13aee296-f433-4a30-bba4-a78a56ed3f39 0.266s
2024-09-03 09:39:40.922 62027 INFO tempest.lib.common.rest_client [req-87b45812-8d78-4e6c-802e-70c20db6d136 req-87b45812-8d78-4e6c-802e-70c20db6d136 ] Request (SecurityGroupRulesNegativeTestJSON:tearDownClass): 204 DELETE http://10.180.1.21/identity/v3/users/db024f3c409f4b15bbd4b7c18a2b3c3c 0.164s
2024-09-03 09:39:40.923 62027 INFO tempest.lib.common.dynamic_creds [-] Deleting project and security group for project: 70704b0989554d6594dc8a522d8d6356
2024-09-03 09:39:40.988 62025 INFO tempest.lib.common.rest_client [req-7be5050a-9c6d-4eac-86e5-90b369e4467b req-7be5050a-9c6d-4eac-86e5-90b369e4467b ] Request (ListImageFiltersNegativeTestJSON:setUpClass): 201 POST http://10.180.1.21/identity/v3/auth/tokens 0.151s
2024-09-03 09:39:41.011 62025 INFO tempest.lib.common.rest_client [req-33e9131e-8a7d-4b36-a854-8f2fac57cffc req-33e9131e-8a7d-4b36-a854-8f2fac57cffc ] Request (ListImageFiltersNegativeTestJSON:setUpClass): 200 GET http://10.180.1.21/identity/v3/domains?name=Default 0.022s
2024-09-03 09:39:41.013 62027 INFO tempest.lib.common.rest_client [req-a74ed3bf-edc2-41f2-8545-ab950c9c709c req-a74ed3bf-edc2-41f2-8545-ab950c9c709c ] Request (SecurityGroupRulesNegativeTestJSON:tearDownClass): 200 GET http://10.180.1.21:9696/networking/v2.0/security-groups?tenant_id=70704b0989554d6594dc8a522d8d6356&name=default 0.090s
2024-09-03 09:39:41.038 62025 INFO tempest.lib.common.rest_client [req-08ecdd75-0326-495c-83bf-6a69be19aa2b req-08ecdd75-0326-495c-83bf-6a69be19aa2b ] Request (ListImageFiltersNegativeTestJSON:setUpClass): 201 POST http://10.180.1.21/identity/v3/projects 0.026s
2024-09-03 09:39:41.044 62065 INFO tempest.lib.common.rest_client [req-e5eb627c-3fb3-416b-b7bc-1d875a215fae req-e5eb627c-3fb3-416b-b7bc-1d875a215fae ] Request (InstanceActionsNegativeTestJSON:tearDownClass): 204 DELETE http://10.180.1.21:9696/networking/v2.0/subnets/307a6c96-cb3c-4104-afe4-70d52ed0313d 0.264s
2024-09-03 09:39:41.095 62025 INFO tempest.lib.common.rest_client [req-ca329e97-2968-4404-b7e4-c47da6efdddd req-ca329e97-2968-4404-b7e4-c47da6efdddd ] Request (ListImageFiltersNegativeTestJSON:setUpClass): 201 POST http://10.180.1.21/identity/v3/users 0.056s
2024-09-03 09:39:41.102 62047 INFO tempest.lib.common.rest_client [req-c3679aad-b2d3-45fa-af45-1c71fdb96519 req-c3679aad-b2d3-45fa-af45-1c71fdb96519 ] Request (MigrationsAdminTest:test_list_migrations_in_flavor_resize_situation): 200 GET http://10.180.1.21/compute/v2.1/servers/0fe9f973-a772-4e77-967d-6be1936c7c9f 0.491s
2024-09-03 09:39:41.118 62025 INFO tempest.lib.common.rest_client [req-96cdc6d8-bbad-4602-abc0-3611d7186dba req-96cdc6d8-bbad-4602-abc0-3611d7186dba ] Request (ListImageFiltersNegativeTestJSON:setUpClass): 200 GET http://10.180.1.21/identity/v3/roles 0.022s
2024-09-03 09:39:41.154 62025 INFO tempest.lib.common.rest_client [req-216a43c8-624c-4d0b-8912-7e5345a3b43e req-216a43c8-624c-4d0b-8912-7e5345a3b43e ] Request (ListImageFiltersNegativeTestJSON:setUpClass): 204 PUT http://10.180.1.21/identity/v3/projects/5cc5b9d494c543e6a275c4dc0daf1812/users/9e069bd30bf24706a4e1e1c43a885a59/roles/42841db3fb2e438fb09f57c0d3c32207 0.035s
2024-09-03 09:39:41.154 62025 INFO tempest.lib.common.dynamic_creds [-] Dynamic test user 9e069bd30bf24706a4e1e1c43a885a59 is created with scope project and roles: ['member']
2024-09-03 09:39:41.154 62025 INFO tempest.lib.common.dynamic_creds [-] Acquired dynamic creds: credentials: Credentials: {'domain_id': 'default', 'domain_name': 'Default', 'username': 'tempest-ListImageFiltersNegativeTestJSON-1385277299-project-member', 'project_domain_id': 'default', 'project_domain_name': 'Default', 'project_id': '5cc5b9d494c543e6a275c4dc0daf1812', 'project_name': 'tempest-ListImageFiltersNegativeTestJSON-1385277299', 'tenant_id': '5cc5b9d494c543e6a275c4dc0daf1812', 'tenant_name': 'tempest-ListImageFiltersNegativeTestJSON-1385277299', 'user_domain_id': 'default', 'user_domain_name': 'Default', 'user_id': '9e069bd30bf24706a4e1e1c43a885a59', 'system': None}, Network: None, Subnet: None, Router: None
2024-09-03 09:39:41.154 62025 INFO tempest.lib.common.dynamic_creds [-] Created isolated network resources for: credentials: Credentials: {'domain_id': 'default', 'domain_name': 'Default', 'username': 'tempest-ListImageFiltersNegativeTestJSON-1385277299-project-member', 'project_domain_id': 'default', 'project_domain_name': 'Default', 'project_id': '5cc5b9d494c543e6a275c4dc0daf1812', 'project_name': 'tempest-ListImageFiltersNegativeTestJSON-1385277299', 'tenant_id': '5cc5b9d494c543e6a275c4dc0daf1812', 'tenant_name': 'tempest-ListImageFiltersNegativeTestJSON-1385277299', 'user_domain_id': 'default', 'user_domain_name': 'Default', 'user_id': '9e069bd30bf24706a4e1e1c43a885a59', 'system': None}, Network: None, Subnet: None, Router: None
2024-09-03 09:39:41.189 62037 INFO tempest.lib.common.rest_client [req-c80168f7-b04b-4f0f-a8cb-0c9c6d7b9ef8 req-c80168f7-b04b-4f0f-a8cb-0c9c6d7b9ef8 ] Request (ListImageFiltersTestJSON:setUpClass): 200 GET http://10.180.1.21/compute/v2.1/servers/1986dc3b-c8bb-4d81-a3fc-1398ddaa374e 0.525s
2024-09-03 09:39:41.191 62027 INFO tempest.lib.common.rest_client [req-6b778a07-927d-4ea8-aedc-be1c3cde89e2 req-6b778a07-927d-4ea8-aedc-be1c3cde89e2 ] Request (SecurityGroupRulesNegativeTestJSON:tearDownClass): 204 DELETE http://10.180.1.21:9696/networking/v2.0/security-groups/a3251527-621c-4e4d-b046-2ee8597d615d 0.177s
2024-09-03 09:39:41.227 62013 INFO tempest.lib.common.rest_client [req-20aef966-37a5-419c-9c78-f879ee70137e req-20aef966-37a5-419c-9c78-f879ee70137e ] Request (ImagesOneServerTestJSON:test_create_image_specify_multibyte_character_image_name): 202 POST http://10.180.1.21/compute/v2.1/servers/57fb01f5-0788-4177-88ca-d69d247f5366/action 0.650s
2024-09-03 09:39:41.249 62025 INFO tempest.lib.common.rest_client [req-65104a32-10bd-481c-8b92-869dd4619046 req-65104a32-10bd-481c-8b92-869dd4619046 ] Request (ListImageFiltersNegativeTestJSON:setUpClass): 201 POST http://10.180.1.21/identity/v3/auth/tokens 0.091s
2024-09-03 09:39:41.252 62069 INFO tempest.lib.common.rest_client [req-f3ff496e-6cf3-4431-8d15-194f42272045 req-f3ff496e-6cf3-4431-8d15-194f42272045 ] Request (DeleteServersTestJSON:test_delete_server_while_in_attached_volume): 200 GET http://10.180.1.21/compute/v2.1/servers/ee679289-22d8-4041-9014-aef3942dff78 0.578s
2024-09-03 09:39:41.292 62027 INFO tempest.lib.common.rest_client [req-43b89752-c7fe-491a-a56b-e2c96b006e10 req-43b89752-c7fe-491a-a56b-e2c96b006e10 ] Request (SecurityGroupRulesNegativeTestJSON:tearDownClass): 204 DELETE http://10.180.1.21/identity/v3/projects/70704b0989554d6594dc8a522d8d6356 0.101s
2024-09-03 09:39:41.299 62015 INFO tempest.lib.common.rest_client [req-78ec602e-be7e-4bd5-aa64-751d7a1d51f5 req-78ec602e-be7e-4bd5-aa64-751d7a1d51f5 ] Request (ListServersNegativeTestJSON:setUpClass): 200 GET http://10.180.1.21/compute/v2.1/servers/102f0f67-fa91-46f8-bda1-df3adabafa0b 0.486s
2024-09-03 09:39:41.302 62021 INFO tempest.lib.common.rest_client [req-ad5329f5-a7cc-4a8e-bd70-a236195a2f35 req-ad5329f5-a7cc-4a8e-bd70-a236195a2f35 ] Request (ServersAdminTestJSON:test_create_server_with_scheduling_hint): 200 GET http://10.180.1.21/compute/v2.1/servers/c37c8c38-b605-4ead-b614-7bdb6655e291 0.571s
2024-09-03 09:39:41.364 62027 INFO tempest.lib.common.rest_client [req-5106c977-01b6-4cb3-a098-a32ff55a5609 req-5106c977-01b6-4cb3-a098-a32ff55a5609 ] Request (AttachVolumeNegativeTest:setUpClass): 201 POST http://10.180.1.21/identity/v3/auth/tokens 0.070s
2024-09-03 09:39:41.380 62023 INFO tempest.lib.common.rest_client [req-1be39f7b-536a-4e60-b2fa-55a689d798e3 req-1be39f7b-536a-4e60-b2fa-55a689d798e3 ] Request (AttachInterfacesTestJSON:test_create_list_show_delete_interfaces_by_fixed_ip): 200 GET http://10.180.1.21/compute/v2.1/servers/0b2084a4-313e-48fd-8a77-3916d15f2f61 0.417s
2024-09-03 09:39:41.396 62027 INFO tempest.lib.common.rest_client [req-d3bf83b6-71d4-45b2-87e3-94ad0c3bd785 req-d3bf83b6-71d4-45b2-87e3-94ad0c3bd785 ] Request (AttachVolumeNegativeTest:setUpClass): 201 POST http://10.180.1.21/identity/v3/auth/tokens 0.030s
2024-09-03 09:39:41.423 62027 INFO tempest.lib.common.rest_client [req-ca0c55e2-9ada-473b-ab11-29ed91390209 req-ca0c55e2-9ada-473b-ab11-29ed91390209 ] Request (AttachVolumeNegativeTest:setUpClass): 200 GET http://10.180.1.21/identity/v3/domains?name=Default 0.026s
2024-09-03 09:39:41.426 62061 INFO tempest.lib.common.rest_client [req-6a1b2945-1af5-4a5b-a8e8-2e7f1938a75e req-6a1b2945-1af5-4a5b-a8e8-2e7f1938a75e ] Request (DeleteServersAdminTestJSON:test_delete_server_while_in_error_state): 200 GET http://10.180.1.21/compute/v2.1/servers/851d4993-e9ef-45f0-a9a3-6fea90773d7c 0.543s
2024-09-03 09:39:41.459 62027 INFO tempest.lib.common.rest_client [req-8098e617-ed57-4c9a-8ab1-1ab6523f20c1 req-8098e617-ed57-4c9a-8ab1-1ab6523f20c1 ] Request (AttachVolumeNegativeTest:setUpClass): 201 POST http://10.180.1.21/identity/v3/projects 0.035s
2024-09-03 09:39:41.475 62071 INFO tempest.lib.common.rest_client [req-c60c1e4d-9baf-49c5-a09f-33893015e260 req-c60c1e4d-9baf-49c5-a09f-33893015e260 ] Request (FloatingIPsAssociationNegativeTestJSON:tearDownClass): 200 GET http://10.180.1.21/compute/v2.1/servers/5e6290c4-c6b0-4df3-baf2-030d99a0d4f0 0.426s
2024-09-03 09:39:41.485 62059 INFO tempest.lib.common.rest_client [req-6957c812-639e-4478-8ea9-94f3c3641a20 req-6957c812-639e-4478-8ea9-94f3c3641a20 ] Request (InstanceActionsTestJSON:tearDownClass): 200 GET http://10.180.1.21/compute/v2.1/servers/45b55285-6279-484e-b289-c9d329cd65a1 0.380s
2024-09-03 09:39:41.519 62027 INFO tempest.lib.common.rest_client [req-7a3c06b0-0cc4-4b96-9218-00e122f89314 req-7a3c06b0-0cc4-4b96-9218-00e122f89314 ] Request (AttachVolumeNegativeTest:setUpClass): 201 POST http://10.180.1.21/identity/v3/users 0.059s
2024-09-03 09:39:41.533 62053 INFO tempest.lib.common.rest_client [req-202c7f80-d231-43d1-8c87-236198d9f8c4 req-202c7f80-d231-43d1-8c87-236198d9f8c4 ] Request (ServersTestManualDisk:setUpClass): 200 GET http://10.180.1.21/compute/v2.1/servers/180d5b94-ba19-4434-8f25-065936e65869 0.366s
2024-09-03 09:39:41.538 62027 INFO tempest.lib.common.rest_client [req-2b8f9f92-8505-468c-bd58-290ad41529f6 req-2b8f9f92-8505-468c-bd58-290ad41529f6 ] Request (AttachVolumeNegativeTest:setUpClass): 200 GET http://10.180.1.21/identity/v3/roles 0.019s
2024-09-03 09:39:41.564 62039 INFO tempest.lib.common.rest_client [req-973f7232-fcab-4945-85ef-e616c78b1c17 req-973f7232-fcab-4945-85ef-e616c78b1c17 ] Request (ServerPasswordTestJSON:setUpClass): 200 GET http://10.180.1.21/compute/v2.1/servers/7863f7b7-e7dc-4337-b088-7187e3fc46e0 0.412s
2024-09-03 09:39:41.570 62027 INFO tempest.lib.common.rest_client [req-85b0d5b4-f03e-4fac-9b47-e1bb32d36008 req-85b0d5b4-f03e-4fac-9b47-e1bb32d36008 ] Request (AttachVolumeNegativeTest:setUpClass): 204 PUT http://10.180.1.21/identity/v3/projects/bb135af8cb3240d3b980e9be6f94656a/users/c49d59c15ec04919b1edb1b32cbe6a83/roles/42841db3fb2e438fb09f57c0d3c32207 0.032s
2024-09-03 09:39:41.571 62027 INFO tempest.lib.common.dynamic_creds [-] Dynamic test user c49d59c15ec04919b1edb1b32cbe6a83 is created with scope project and roles: ['member']
2024-09-03 09:39:41.571 62027 INFO tempest.lib.common.dynamic_creds [-] Acquired dynamic creds: credentials: Credentials: {'domain_id': 'default', 'domain_name': 'Default', 'username': 'tempest-AttachVolumeNegativeTest-2031778726-project-member', 'project_domain_id': 'default', 'project_domain_name': 'Default', 'project_id': 'bb135af8cb3240d3b980e9be6f94656a', 'project_name': 'tempest-AttachVolumeNegativeTest-2031778726', 'tenant_id': 'bb135af8cb3240d3b980e9be6f94656a', 'tenant_name': 'tempest-AttachVolumeNegativeTest-2031778726', 'user_domain_id': 'default', 'user_domain_name': 'Default', 'user_id': 'c49d59c15ec04919b1edb1b32cbe6a83', 'system': None}, Network: None, Subnet: None, Router: None
2024-09-03 09:39:41.577 62031 INFO tempest.lib.common.rest_client [req-6647df40-6297-495e-b691-50bfda9abdef req-6647df40-6297-495e-b691-50bfda9abdef ] Request (ServersTestBootFromVolume:setUpClass): 200 GET http://10.180.1.21/volume/v3/6670954ae01b423fbb7b04c78f00f225/volumes/fa11ef14-eefd-453b-9354-2db5765f96fd 0.043s
2024-09-03 09:39:41.604 62013 INFO tempest.lib.common.rest_client [req-056a0732-dd46-4d71-b248-654624031f1a req-056a0732-dd46-4d71-b248-654624031f1a ] Request (ImagesOneServerTestJSON:test_create_image_specify_multibyte_character_image_name): 200 GET http://10.180.1.21/compute/v2.1/images/77c7f430-a645-403a-81b6-e54fe017831e 0.374s
2024-09-03 09:39:41.606 62049 INFO tempest.lib.common.rest_client [req-5ae2798e-7b92-43d0-b05b-ae0d114d22cd req-5ae2798e-7b92-43d0-b05b-ae0d114d22cd ] Request (ServerDiagnosticsNegativeTest:test_get_server_diagnostics_by_non_admin): 200 GET http://10.180.1.21/compute/v2.1/servers/f1854b38-08ef-4259-82aa-02f7fe2677b8 0.382s
2024-09-03 09:39:41.632 62065 INFO tempest.lib.common.rest_client [req-8e100a9c-e2dc-469e-9e26-f1ff015a2502 req-8e100a9c-e2dc-469e-9e26-f1ff015a2502 ] Request (InstanceActionsNegativeTestJSON:tearDownClass): 204 DELETE http://10.180.1.21:9696/networking/v2.0/networks/3e9d02ac-e61d-461c-a544-e4dadc2a6adc 0.588s
2024-09-03 09:39:41.644 62027 INFO tempest.lib.common.rest_client [req-b3be3a49-c4f2-4c30-83cd-af66ec2efb92 req-b3be3a49-c4f2-4c30-83cd-af66ec2efb92 ] Request (AttachVolumeNegativeTest:setUpClass): 201 POST http://10.180.1.21/identity/v3/auth/tokens 0.072s
2024-09-03 09:39:41.701 62065 INFO tempest.lib.common.rest_client [req-7c8367d5-3605-4a82-a1ff-499f632ce14a req-7c8367d5-3605-4a82-a1ff-499f632ce14a ] Request (InstanceActionsNegativeTestJSON:tearDownClass): 204 DELETE http://10.180.1.21/identity/v3/users/dd37db786d034dcf932c3145a9c42520 0.068s
2024-09-03 09:39:41.701 62065 INFO tempest.lib.common.dynamic_creds [-] Deleting project and security group for project: 4db1d2cb4e7b4a3fbeab57dbd6de451e
2024-09-03 09:39:41.723 62025 INFO tempest.lib.common.rest_client [req-874ffd0c-b25f-4167-9eab-f96b8311e3cc req-874ffd0c-b25f-4167-9eab-f96b8311e3cc ] Request (ListImageFiltersNegativeTestJSON:test_get_nonexistent_image): 404 GET http://10.180.1.21/compute/v2.1/images/14b3773d-ee9c-4dd9-973b-3e4afdc1795a 0.473s
2024-09-03 09:39:41.795 62065 INFO tempest.lib.common.rest_client [req-01b4c0ec-1c99-4379-bd1e-c7cec839db14 req-01b4c0ec-1c99-4379-bd1e-c7cec839db14 ] Request (InstanceActionsNegativeTestJSON:tearDownClass): 200 GET http://10.180.1.21:9696/networking/v2.0/security-groups?tenant_id=4db1d2cb4e7b4a3fbeab57dbd6de451e&name=default 0.093s
2024-09-03 09:39:41.806 62041 INFO tempest.lib.common.rest_client [req-46dc0036-5da3-428d-b521-776c4073525b req-46dc0036-5da3-428d-b521-776c4073525b ] Request (ServerMetadataTestJSON:setUpClass): 200 GET http://10.180.1.21/compute/v2.1/servers/a8da21c6-b750-4566-af5b-9d302045a916 0.444s
2024-09-03 09:39:41.843 62025 INFO tempest.lib.common.rest_client [req-2ecad053-2238-4ae7-a9ee-2083b995963e req-2ecad053-2238-4ae7-a9ee-2083b995963e ] Request (ListImageFiltersNegativeTestJSON:tearDownClass): 204 DELETE http://10.180.1.21/identity/v3/users/9e069bd30bf24706a4e1e1c43a885a59 0.118s
2024-09-03 09:39:41.843 62025 INFO tempest.lib.common.dynamic_creds [-] Deleting project and security group for project: 5cc5b9d494c543e6a275c4dc0daf1812
2024-09-03 09:39:41.892 62033 INFO tempest.lib.common.rest_client [req-b9458381-1933-4546-90f6-bb1cf1025911 req-b9458381-1933-4546-90f6-bb1cf1025911 ] Request (ServerActionsV293TestJSON:setUpClass): 200 GET http://10.180.1.21/compute/v2.1/servers/94cc0767-5cdb-48a1-a0fd-286e9c2f23a0 0.607s
2024-09-03 09:39:41.916 62025 INFO tempest.lib.common.rest_client [req-585a035a-9bd4-469f-87ea-03992333fcf7 req-585a035a-9bd4-469f-87ea-03992333fcf7 ] Request (ListImageFiltersNegativeTestJSON:tearDownClass): 201 POST http://10.180.1.21/identity/v3/auth/tokens 0.072s
2024-09-03 09:39:41.978 62063 INFO tempest.lib.common.rest_client [req-17c54624-0c36-499d-9d13-4f257afb2f0e req-17c54624-0c36-499d-9d13-4f257afb2f0e ] Request (ServerActionsTestOtherA:setUpClass): 200 GET http://10.180.1.21/compute/v2.1/servers/169d425e-af61-4eaa-beea-c5caeb8c79e4 0.420s
2024-09-03 09:39:41.979 62065 INFO tempest.lib.common.rest_client [req-04e849bf-45fd-43f7-bb06-c75d7241d7b3 req-04e849bf-45fd-43f7-bb06-c75d7241d7b3 ] Request (InstanceActionsNegativeTestJSON:tearDownClass): 204 DELETE http://10.180.1.21:9696/networking/v2.0/security-groups/0376db8f-1b86-419e-bd00-1ce0c8526b64 0.183s
2024-09-03 09:39:42.032 62029 INFO tempest.lib.common.rest_client [req-bbcee86a-8952-44ad-89f5-644c4a071d73 req-bbcee86a-8952-44ad-89f5-644c4a071d73 ] Request (FloatingIPsAssociationTestJSON:test_associate_already_associated_floating_ip): 200 GET http://10.180.1.21/compute/v2.1/servers/81090c56-9301-4cf0-bbb6-d0694c86e746 0.555s
2024-09-03 09:39:42.054 62035 INFO tempest.lib.common.rest_client [req-fb102302-486c-4071-99ae-5bc0dcbb659c req-fb102302-486c-4071-99ae-5bc0dcbb659c ] Request (ServerAddressesTestJSON:tearDownClass): 200 GET http://10.180.1.21/compute/v2.1/servers/5af46ac7-87d6-4439-9551-86c7b6c9b816 0.481s
2024-09-03 09:39:42.058 62011 WARNING tempest.lib.common.ssh [-] Failed to establish authenticated ssh connection to cirros@10.180.180.144 ([Errno None] Unable to connect to port 22 on 10.180.180.144). Number attempts: 4. Retry after 5 seconds.: paramiko.ssh_exception.NoValidConnectionsError: [Errno None] Unable to connect to port 22 on 10.180.180.144
2024-09-03 09:39:42.059 62073 WARNING tempest.lib.common.ssh [-] Failed to establish authenticated ssh connection to cirros@10.180.180.190 ([Errno None] Unable to connect to port 22 on 10.180.180.190). Number attempts: 7. Retry after 8 seconds.: paramiko.ssh_exception.NoValidConnectionsError: [Errno None] Unable to connect to port 22 on 10.180.180.190
2024-09-03 09:39:42.065 62065 INFO tempest.lib.common.rest_client [req-f578e20e-c3e4-4b3d-aa18-e91230b061a1 req-f578e20e-c3e4-4b3d-aa18-e91230b061a1 ] Request (InstanceActionsNegativeTestJSON:tearDownClass): 204 DELETE http://10.180.1.21/identity/v3/projects/4db1d2cb4e7b4a3fbeab57dbd6de451e 0.085s
2024-09-03 09:39:42.128 62065 INFO tempest.lib.common.rest_client [req-f1cf2011-ab69-46dc-bc27-5fa341f0b019 req-f1cf2011-ab69-46dc-bc27-5fa341f0b019 ] Request (ListServerFiltersTestJSON:setUpClass): 201 POST http://10.180.1.21/identity/v3/auth/tokens 0.062s
2024-09-03 09:39:42.160 62017 INFO tempest.lib.common.rest_client [req-05ad6318-82c1-44c8-b17f-901daeb03b12 req-05ad6318-82c1-44c8-b17f-901daeb03b12 ] Request (ServersAdminNegativeTestJSON:test_migrate_server_invalid_state): 200 GET http://10.180.1.21/compute/v2.1/servers/13aee296-f433-4a30-bba4-a78a56ed3f39 0.294s
2024-09-03 09:39:42.163 62065 INFO tempest.lib.common.rest_client [req-0f1f1a00-4174-4363-b1f8-f5a15b100413 req-0f1f1a00-4174-4363-b1f8-f5a15b100413 ] Request (ListServerFiltersTestJSON:setUpClass): 201 POST http://10.180.1.21/identity/v3/auth/tokens 0.032s
2024-09-03 09:39:42.184 62065 INFO tempest.lib.common.rest_client [req-b206ba6e-ba49-4dd9-9571-e2c331acc585 req-b206ba6e-ba49-4dd9-9571-e2c331acc585 ] Request (ListServerFiltersTestJSON:setUpClass): 200 GET http://10.180.1.21/identity/v3/domains?name=Default 0.020s
2024-09-03 09:39:42.185 62025 INFO tempest.lib.common.rest_client [req-30601473-e72c-4629-8a42-61248205f225 req-30601473-e72c-4629-8a42-61248205f225 ] Request (ListImageFiltersNegativeTestJSON:tearDownClass): 200 GET http://10.180.1.21:9696/networking/v2.0/security-groups?tenant_id=5cc5b9d494c543e6a275c4dc0daf1812&name=default 0.268s
2024-09-03 09:39:42.218 62065 INFO tempest.lib.common.rest_client [req-21c6a994-4f42-44d7-8c70-3d2f49b35b7b req-21c6a994-4f42-44d7-8c70-3d2f49b35b7b ] Request (ListServerFiltersTestJSON:setUpClass): 201 POST http://10.180.1.21/identity/v3/projects 0.034s
2024-09-03 09:39:42.260 62037 INFO tempest.lib.common.rest_client [req-d611b3b5-1dd0-41c1-a117-2b30fae0b1cc req-d611b3b5-1dd0-41c1-a117-2b30fae0b1cc ] Request (ListImageFiltersTestJSON:setUpClass): 200 GET http://10.180.1.21/compute/v2.1/servers/1986dc3b-c8bb-4d81-a3fc-1398ddaa374e 0.060s
2024-09-03 09:39:42.283 62047 INFO tempest.lib.common.rest_client [req-1c2ae855-f28a-4d7f-bb48-3e6a3aabd57c req-1c2ae855-f28a-4d7f-bb48-3e6a3aabd57c ] Request (MigrationsAdminTest:test_list_migrations_in_flavor_resize_situation): 200 GET http://10.180.1.21/compute/v2.1/servers/0fe9f973-a772-4e77-967d-6be1936c7c9f 0.171s
2024-09-03 09:39:42.303 62027 INFO tempest.lib.common.rest_client [req-371ca650-ab28-46fe-98c5-48d996424f78 req-371ca650-ab28-46fe-98c5-48d996424f78 ] Request (AttachVolumeNegativeTest:setUpClass): 201 POST http://10.180.1.21:9696/networking/v2.0/networks 0.659s
2024-09-03 09:39:42.305 62065 INFO tempest.lib.common.rest_client [req-180c3c06-3852-44c7-8744-423ac70cecaa req-180c3c06-3852-44c7-8744-423ac70cecaa ] Request (ListServerFiltersTestJSON:setUpClass): 201 POST http://10.180.1.21/identity/v3/users 0.086s
2024-09-03 09:39:42.333 62065 INFO tempest.lib.common.rest_client [req-2965b639-bcd2-42c1-ad4a-e90f7ec1b555 req-2965b639-bcd2-42c1-ad4a-e90f7ec1b555 ] Request (ListServerFiltersTestJSON:setUpClass): 200 GET http://10.180.1.21/identity/v3/roles 0.027s
2024-09-03 09:39:42.344 62069 INFO tempest.lib.common.rest_client [req-7aa2090c-9af7-4770-bc6f-2672fa32daa3 req-7aa2090c-9af7-4770-bc6f-2672fa32daa3 ] Request (DeleteServersTestJSON:test_delete_server_while_in_attached_volume): 200 GET http://10.180.1.21/compute/v2.1/servers/ee679289-22d8-4041-9014-aef3942dff78 0.085s
2024-09-03 09:39:42.353 62025 INFO tempest.lib.common.rest_client [req-837aab02-294b-47d1-8a18-3fec1afc03a9 req-837aab02-294b-47d1-8a18-3fec1afc03a9 ] Request (ListImageFiltersNegativeTestJSON:tearDownClass): 204 DELETE http://10.180.1.21:9696/networking/v2.0/security-groups/375b5da3-7ad6-4115-972e-1b359ed4dc96 0.166s
2024-09-03 09:39:42.375 62065 INFO tempest.lib.common.rest_client [req-a1e84689-0588-474e-8c9c-e18fdd586b7f req-a1e84689-0588-474e-8c9c-e18fdd586b7f ] Request (ListServerFiltersTestJSON:setUpClass): 204 PUT http://10.180.1.21/identity/v3/projects/bf1b106a8c484dbcbabac642dfd24f32/users/bdb0607664444ecaa33105ff71508653/roles/42841db3fb2e438fb09f57c0d3c32207 0.042s
2024-09-03 09:39:42.375 62065 INFO tempest.lib.common.dynamic_creds [-] Dynamic test user bdb0607664444ecaa33105ff71508653 is created with scope project and roles: ['member']
2024-09-03 09:39:42.376 62065 INFO tempest.lib.common.dynamic_creds [-] Acquired dynamic creds: credentials: Credentials: {'domain_id': 'default', 'domain_name': 'Default', 'username': 'tempest-ListServerFiltersTestJSON-1747917291-project-member', 'project_domain_id': 'default', 'project_domain_name': 'Default', 'project_id': 'bf1b106a8c484dbcbabac642dfd24f32', 'project_name': 'tempest-ListServerFiltersTestJSON-1747917291', 'tenant_id': 'bf1b106a8c484dbcbabac642dfd24f32', 'tenant_name': 'tempest-ListServerFiltersTestJSON-1747917291', 'user_domain_id': 'default', 'user_domain_name': 'Default', 'user_id': 'bdb0607664444ecaa33105ff71508653', 'system': None}, Network: None, Subnet: None, Router: None
2024-09-03 09:39:42.388 62015 INFO tempest.lib.common.rest_client [req-a4472d3f-66ab-43da-9725-db73457d1afa req-a4472d3f-66ab-43da-9725-db73457d1afa ] Request (ListServersNegativeTestJSON:setUpClass): 200 GET http://10.180.1.21/compute/v2.1/servers/102f0f67-fa91-46f8-bda1-df3adabafa0b 0.081s
2024-09-03 09:39:42.400 62021 INFO tempest.lib.common.rest_client [req-a3da0807-ccf7-414a-bb0a-9aecb35f8de6 req-a3da0807-ccf7-414a-bb0a-9aecb35f8de6 ] Request (ServersAdminTestJSON:test_create_server_with_scheduling_hint): 200 GET http://10.180.1.21/compute/v2.1/servers/c37c8c38-b605-4ead-b614-7bdb6655e291 0.089s
2024-09-03 09:39:42.440 62065 INFO tempest.lib.common.rest_client [req-1038c8db-4bfa-4ceb-9c5d-8f5904b21bf7 req-1038c8db-4bfa-4ceb-9c5d-8f5904b21bf7 ] Request (ListServerFiltersTestJSON:setUpClass): 201 POST http://10.180.1.21/identity/v3/auth/tokens 0.064s
2024-09-03 09:39:42.446 62023 INFO tempest.lib.common.rest_client [req-146d585f-bdde-430c-9f9c-3bd85ee94ee9 req-146d585f-bdde-430c-9f9c-3bd85ee94ee9 ] Request (AttachInterfacesTestJSON:test_create_list_show_delete_interfaces_by_fixed_ip): 200 GET http://10.180.1.21/compute/v2.1/servers/0b2084a4-313e-48fd-8a77-3916d15f2f61 0.055s
2024-09-03 09:39:42.462 62025 INFO tempest.lib.common.rest_client [req-48be18ca-ef27-43fc-a61a-440a1105b3ef req-48be18ca-ef27-43fc-a61a-440a1105b3ef ] Request (ListImageFiltersNegativeTestJSON:tearDownClass): 204 DELETE http://10.180.1.21/identity/v3/projects/5cc5b9d494c543e6a275c4dc0daf1812 0.108s
2024-09-03 09:39:42.463 62025 INFO tempest.test [-] raised in NoVNCConsoleTestJSON.setUpClass. Invoking tearDownClass.
2024-09-03 09:39:42.501 62061 INFO tempest.lib.common.rest_client [req-ccac89dc-d8d2-4cbc-b851-807c5b387cb3 req-ccac89dc-d8d2-4cbc-b851-807c5b387cb3 ] Request (DeleteServersAdminTestJSON:test_delete_server_while_in_error_state): 200 GET http://10.180.1.21/compute/v2.1/servers/851d4993-e9ef-45f0-a9a3-6fea90773d7c 0.065s
2024-09-03 09:39:42.512 62027 INFO tempest.lib.common.rest_client [req-07c9b728-8141-41bd-a113-509cd52be5a3 req-07c9b728-8141-41bd-a113-509cd52be5a3 ] Request (AttachVolumeNegativeTest:setUpClass): 201 POST http://10.180.1.21:9696/networking/v2.0/subnets 0.208s
2024-09-03 09:39:42.555 62071 INFO tempest.lib.common.rest_client [req-610ac1a0-104e-4875-aa9e-edb731d25d67 req-610ac1a0-104e-4875-aa9e-edb731d25d67 ] Request (FloatingIPsAssociationNegativeTestJSON:tearDownClass): 200 GET http://10.180.1.21/compute/v2.1/servers/5e6290c4-c6b0-4df3-baf2-030d99a0d4f0 0.072s
2024-09-03 09:39:42.565 62059 INFO tempest.lib.common.rest_client [req-3dbfe764-c3c1-4d63-a804-878df8ad573b req-3dbfe764-c3c1-4d63-a804-878df8ad573b ] Request (InstanceActionsTestJSON:tearDownClass): 200 GET http://10.180.1.21/compute/v2.1/servers/45b55285-6279-484e-b289-c9d329cd65a1 0.072s
2024-09-03 09:39:42.617 62053 INFO tempest.lib.common.rest_client [req-4f33dfab-1c55-4220-a5b3-d4bdc2b5ae74 req-4f33dfab-1c55-4220-a5b3-d4bdc2b5ae74 ] Request (ServersTestManualDisk:setUpClass): 200 GET http://10.180.1.21/compute/v2.1/servers/180d5b94-ba19-4434-8f25-065936e65869 0.073s
2024-09-03 09:39:42.617 62031 INFO tempest.lib.common.rest_client [req-6a05115b-22f9-40f8-a031-6432b0e89d85 req-6a05115b-22f9-40f8-a031-6432b0e89d85 ] Request (ServersTestBootFromVolume:setUpClass): 200 GET http://10.180.1.21/volume/v3/6670954ae01b423fbb7b04c78f00f225/volumes/fa11ef14-eefd-453b-9354-2db5765f96fd 0.032s
2024-09-03 09:39:42.634 62039 INFO tempest.lib.common.rest_client [req-b2af818a-614d-43f4-a3d2-6ea8a9171ed2 req-b2af818a-614d-43f4-a3d2-6ea8a9171ed2 ] Request (ServerPasswordTestJSON:setUpClass): 200 GET http://10.180.1.21/compute/v2.1/servers/7863f7b7-e7dc-4337-b088-7187e3fc46e0 0.056s
2024-09-03 09:39:42.662 62013 INFO tempest.lib.common.rest_client [req-3785f35a-c318-498e-aed7-e186476ac4af req-3785f35a-c318-498e-aed7-e186476ac4af ] Request (ImagesOneServerTestJSON:test_create_image_specify_multibyte_character_image_name): 200 GET http://10.180.1.21/compute/v2.1/images/77c7f430-a645-403a-81b6-e54fe017831e 0.052s
2024-09-03 09:39:42.689 62049 INFO tempest.lib.common.rest_client [req-8ab1f1fe-f03c-4be7-9df0-2b7e69508ccd req-8ab1f1fe-f03c-4be7-9df0-2b7e69508ccd ] Request (ServerDiagnosticsNegativeTest:test_get_server_diagnostics_by_non_admin): 200 GET http://10.180.1.21/compute/v2.1/servers/f1854b38-08ef-4259-82aa-02f7fe2677b8 0.073s
2024-09-03 09:39:42.749 62065 INFO tempest.lib.common.rest_client [req-153ee0df-0de0-4377-a18b-40db543214cf req-153ee0df-0de0-4377-a18b-40db543214cf ] Request (ListServerFiltersTestJSON:setUpClass): 201 POST http://10.180.1.21:9696/networking/v2.0/networks 0.308s
2024-09-03 09:39:42.898 62041 INFO tempest.lib.common.rest_client [req-e09512db-8993-44b0-b8a4-e5b5ef3735e2 req-e09512db-8993-44b0-b8a4-e5b5ef3735e2 ] Request (ServerMetadataTestJSON:setUpClass): 200 GET http://10.180.1.21/compute/v2.1/servers/a8da21c6-b750-4566-af5b-9d302045a916 0.083s
2024-09-03 09:39:42.921 62065 INFO tempest.lib.common.rest_client [req-b7588650-623a-4c8d-8878-db6de489a0e0 req-b7588650-623a-4c8d-8878-db6de489a0e0 ] Request (ListServerFiltersTestJSON:setUpClass): 201 POST http://10.180.1.21:9696/networking/v2.0/subnets 0.171s
2024-09-03 09:39:42.921 62065 INFO tempest.lib.common.dynamic_creds [-] Created isolated network resources for: credentials: Credentials: {'domain_id': 'default', 'domain_name': 'Default', 'username': 'tempest-ListServerFiltersTestJSON-1747917291-project-member', 'project_domain_id': 'default', 'project_domain_name': 'Default', 'project_id': 'bf1b106a8c484dbcbabac642dfd24f32', 'project_name': 'tempest-ListServerFiltersTestJSON-1747917291', 'tenant_id': 'bf1b106a8c484dbcbabac642dfd24f32', 'tenant_name': 'tempest-ListServerFiltersTestJSON-1747917291', 'user_domain_id': 'default', 'user_domain_name': 'Default', 'user_id': 'bdb0607664444ecaa33105ff71508653', 'system': None}, Network: {'id': '7a7e6c63-2287-412a-8b63-d7e0e34f6eb4', 'name': 'tempest-ListServerFiltersTestJSON-569095903-network', 'tenant_id': 'bf1b106a8c484dbcbabac642dfd24f32', 'admin_state_up': True, 'mtu': 8950, 'status': 'ACTIVE', 'subnets': [], 'shared': False, 'project_id': 'bf1b106a8c484dbcbabac642dfd24f32', 'port_security_enabled': True, 'router:external': False, 'provider:network_type': 'vlan', 'provider:physical_network': 'default', 'provider:segmentation_id': 709, 'is_default': False, 'availability_zone_hints': [], 'availability_zones': [], 'ipv4_address_scope': None, 'ipv6_address_scope': None, 'description': '', 'tags': [], 'created_at': '2024-09-03T09:39:42Z', 'updated_at': '2024-09-03T09:39:42Z', 'revision_number': 1}, Subnet: {'id': 'ff11d0d7-88b8-4e39-8d74-1feecfbc1437', 'name': 'tempest-ListServerFiltersTestJSON-569095903-subnet', 'tenant_id': 'bf1b106a8c484dbcbabac642dfd24f32', 'network_id': '7a7e6c63-2287-412a-8b63-d7e0e34f6eb4', 'ip_version': 4, 'subnetpool_id': None, 'enable_dhcp': True, 'ipv6_ra_mode': None, 'ipv6_address_mode': None, 'gateway_ip': '192.168.128.1', 'cidr': '192.168.128.0/28', 'allocation_pools': [{'start': '192.168.128.2', 'end': '192.168.128.14'}], 'host_routes': [], 'dns_nameservers': [], 'description': '', 'router:external': False, 'service_types': [], 'tags': [], 'created_at': '2024-09-03T09:39:42Z', 'updated_at': '2024-09-03T09:39:42Z', 'revision_number': 0, 'project_id': 'bf1b106a8c484dbcbabac642dfd24f32'}, Router: None
2024-09-03 09:39:42.986 62033 INFO tempest.lib.common.rest_client [req-3657e1dc-f1dd-4993-90f7-ba969c62f493 req-3657e1dc-f1dd-4993-90f7-ba969c62f493 ] Request (ServerActionsV293TestJSON:setUpClass): 200 GET http://10.180.1.21/compute/v2.1/servers/94cc0767-5cdb-48a1-a0fd-286e9c2f23a0 0.084s
2024-09-03 09:39:43.007 62065 INFO tempest.lib.common.rest_client [req-3b7234a5-9ed0-4418-a4fb-d54bb76194b0 req-3b7234a5-9ed0-4418-a4fb-d54bb76194b0 ] Request (ListServerFiltersTestJSON:setUpClass): 201 POST http://10.180.1.21/identity/v3/auth/tokens 0.080s
2024-09-03 09:39:43.036 62065 INFO tempest.lib.common.rest_client [req-03f27e8a-21de-4f3d-a134-45428c569eb0 req-03f27e8a-21de-4f3d-a134-45428c569eb0 ] Request (ListServerFiltersTestJSON:setUpClass): 201 POST http://10.180.1.21/identity/v3/auth/tokens 0.025s
2024-09-03 09:39:43.036 62065 INFO tempest.lib.common.fixed_network [-] (ListServerFiltersTestJSON:setUpClass) Found network {'id': '7a7e6c63-2287-412a-8b63-d7e0e34f6eb4', 'name': 'tempest-ListServerFiltersTestJSON-569095903-network', 'tenant_id': 'bf1b106a8c484dbcbabac642dfd24f32', 'admin_state_up': True, 'mtu': 8950, 'status': 'ACTIVE', 'subnets': [], 'shared': False, 'project_id': 'bf1b106a8c484dbcbabac642dfd24f32', 'port_security_enabled': True, 'router:external': False, 'provider:network_type': 'vlan', 'provider:physical_network': 'default', 'provider:segmentation_id': 709, 'is_default': False, 'availability_zone_hints': [], 'availability_zones': [], 'ipv4_address_scope': None, 'ipv6_address_scope': None, 'description': '', 'tags': [], 'created_at': '2024-09-03T09:39:42Z', 'updated_at': '2024-09-03T09:39:42Z', 'revision_number': 1} available for tenant
2024-09-03 09:39:43.061 62063 INFO tempest.lib.common.rest_client [req-7ed3d5d3-17c4-482a-b1a3-4be1ff616eb4 req-7ed3d5d3-17c4-482a-b1a3-4be1ff616eb4 ] Request (ServerActionsTestOtherA:setUpClass): 200 GET http://10.180.1.21/compute/v2.1/servers/169d425e-af61-4eaa-beea-c5caeb8c79e4 0.076s
2024-09-03 09:39:43.065 62065 INFO tempest.lib.common.rest_client [req-23224551-65bc-45f4-a4b5-113e42f8a0cc req-23224551-65bc-45f4-a4b5-113e42f8a0cc ] Request (ListServerFiltersTestJSON:setUpClass): 201 POST http://10.180.1.21/identity/v3/auth/tokens 0.026s
2024-09-03 09:39:43.065 62065 INFO tempest.lib.common.fixed_network [-] (ListServerFiltersTestJSON:setUpClass) Found network {'id': '7a7e6c63-2287-412a-8b63-d7e0e34f6eb4', 'name': 'tempest-ListServerFiltersTestJSON-569095903-network', 'tenant_id': 'bf1b106a8c484dbcbabac642dfd24f32', 'admin_state_up': True, 'mtu': 8950, 'status': 'ACTIVE', 'subnets': [], 'shared': False, 'project_id': 'bf1b106a8c484dbcbabac642dfd24f32', 'port_security_enabled': True, 'router:external': False, 'provider:network_type': 'vlan', 'provider:physical_network': 'default', 'provider:segmentation_id': 709, 'is_default': False, 'availability_zone_hints': [], 'availability_zones': [], 'ipv4_address_scope': None, 'ipv6_address_scope': None, 'description': '', 'tags': [], 'created_at': '2024-09-03T09:39:42Z', 'updated_at': '2024-09-03T09:39:42Z', 'revision_number': 1} available for tenant
2024-09-03 09:39:43.140 62029 INFO tempest.lib.common.rest_client [req-a05ea408-c1c3-4253-8be9-8fc690d7629d req-a05ea408-c1c3-4253-8be9-8fc690d7629d ] Request (FloatingIPsAssociationTestJSON:test_associate_already_associated_floating_ip): 200 GET http://10.180.1.21/compute/v2.1/servers/81090c56-9301-4cf0-bbb6-d0694c86e746 0.101s
2024-09-03 09:39:43.316 62035 INFO tempest.lib.common.rest_client [req-ffeee40c-fab5-4ee2-b4ee-ca8c8f841651 req-ffeee40c-fab5-4ee2-b4ee-ca8c8f841651 ] Request (ServerAddressesTestJSON:tearDownClass): 200 GET http://10.180.1.21/compute/v2.1/servers/5af46ac7-87d6-4439-9551-86c7b6c9b816 0.255s
2024-09-03 09:39:43.464 62065 INFO tempest.lib.common.rest_client [req-db75e550-6935-4ea0-8289-e68e293f9d7c req-db75e550-6935-4ea0-8289-e68e293f9d7c ] Request (ListServerFiltersTestJSON:setUpClass): 202 POST http://10.180.1.21/compute/v2.1/servers 0.397s
2024-09-03 09:39:43.502 62065 INFO tempest.lib.common.rest_client [req-bbe5f1e4-74a7-4fc2-8623-a1e42ffb688b req-bbe5f1e4-74a7-4fc2-8623-a1e42ffb688b ] Request (ListServerFiltersTestJSON:setUpClass): 201 POST http://10.180.1.21/identity/v3/auth/tokens 0.034s
2024-09-03 09:39:43.503 62065 INFO tempest.lib.common.fixed_network [-] (ListServerFiltersTestJSON:setUpClass) Found network {'id': '7a7e6c63-2287-412a-8b63-d7e0e34f6eb4', 'name': 'tempest-ListServerFiltersTestJSON-569095903-network', 'tenant_id': 'bf1b106a8c484dbcbabac642dfd24f32', 'admin_state_up': True, 'mtu': 8950, 'status': 'ACTIVE', 'subnets': [], 'shared': False, 'project_id': 'bf1b106a8c484dbcbabac642dfd24f32', 'port_security_enabled': True, 'router:external': False, 'provider:network_type': 'vlan', 'provider:physical_network': 'default', 'provider:segmentation_id': 709, 'is_default': False, 'availability_zone_hints': [], 'availability_zones': [], 'ipv4_address_scope': None, 'ipv6_address_scope': None, 'description': '', 'tags': [], 'created_at': '2024-09-03T09:39:42Z', 'updated_at': '2024-09-03T09:39:42Z', 'revision_number': 1} available for tenant
2024-09-03 09:39:43.523 62037 INFO tempest.lib.common.rest_client [req-feafaf78-6d39-4eec-a48c-09070c699c6c req-feafaf78-6d39-4eec-a48c-09070c699c6c ] Request (ListImageFiltersTestJSON:setUpClass): 200 GET http://10.180.1.21/compute/v2.1/servers/1986dc3b-c8bb-4d81-a3fc-1398ddaa374e 0.251s
2024-09-03 09:39:43.529 62037 INFO tempest.common.waiters [-] State transition "BUILD/None" ==> "BUILD/block_device_mapping" after 48 second wait
2024-09-03 09:39:43.592 62017 INFO tempest.lib.common.rest_client [req-99c3bf7a-1a94-4c10-9fed-d27434faa9e8 req-99c3bf7a-1a94-4c10-9fed-d27434faa9e8 ] Request (ServersAdminNegativeTestJSON:test_migrate_server_invalid_state): 200 GET http://10.180.1.21/compute/v2.1/servers/13aee296-f433-4a30-bba4-a78a56ed3f39 0.420s
2024-09-03 09:39:43.665 62031 INFO tempest.lib.common.rest_client [req-118b233e-7512-4146-ab5c-5974993122a8 req-118b233e-7512-4146-ab5c-5974993122a8 ] Request (ServersTestBootFromVolume:setUpClass): 200 GET http://10.180.1.21/volume/v3/6670954ae01b423fbb7b04c78f00f225/volumes/fa11ef14-eefd-453b-9354-2db5765f96fd 0.037s
2024-09-03 09:39:43.671 62069 INFO tempest.lib.common.rest_client [req-4adc6be7-89dc-4219-92dd-f72e45d90fa1 req-4adc6be7-89dc-4219-92dd-f72e45d90fa1 ] Request (DeleteServersTestJSON:test_delete_server_while_in_attached_volume): 200 GET http://10.180.1.21/compute/v2.1/servers/ee679289-22d8-4041-9014-aef3942dff78 0.319s
2024-09-03 09:39:43.676 62047 INFO tempest.lib.common.rest_client [req-b009b8bf-8216-4205-94be-49c13788775e req-b009b8bf-8216-4205-94be-49c13788775e ] Request (MigrationsAdminTest:test_list_migrations_in_flavor_resize_situation): 200 GET http://10.180.1.21/compute/v2.1/servers/0fe9f973-a772-4e77-967d-6be1936c7c9f 0.382s
2024-09-03 09:39:43.722 62021 INFO tempest.lib.common.rest_client [req-aee9b67e-ccb5-41ef-a27a-a85686b95418 req-aee9b67e-ccb5-41ef-a27a-a85686b95418 ] Request (ServersAdminTestJSON:test_create_server_with_scheduling_hint): 200 GET http://10.180.1.21/compute/v2.1/servers/c37c8c38-b605-4ead-b614-7bdb6655e291 0.313s
2024-09-03 09:39:43.738 62015 INFO tempest.lib.common.rest_client [req-325150f0-43c8-4176-90de-28069e2c4413 req-325150f0-43c8-4176-90de-28069e2c4413 ] Request (ListServersNegativeTestJSON:setUpClass): 200 GET http://10.180.1.21/compute/v2.1/servers/102f0f67-fa91-46f8-bda1-df3adabafa0b 0.338s
2024-09-03 09:39:43.772 62023 INFO tempest.lib.common.rest_client [req-e488faf1-d049-439b-9746-421ac8b8d22a req-e488faf1-d049-439b-9746-421ac8b8d22a ] Request (AttachInterfacesTestJSON:test_create_list_show_delete_interfaces_by_fixed_ip): 200 GET http://10.180.1.21/compute/v2.1/servers/0b2084a4-313e-48fd-8a77-3916d15f2f61 0.319s
2024-09-03 09:39:43.841 62061 INFO tempest.lib.common.rest_client [req-b60fe61b-c271-46be-9bd1-d8bec4fb8972 req-b60fe61b-c271-46be-9bd1-d8bec4fb8972 ] Request (DeleteServersAdminTestJSON:test_delete_server_while_in_error_state): 200 GET http://10.180.1.21/compute/v2.1/servers/851d4993-e9ef-45f0-a9a3-6fea90773d7c 0.330s
2024-09-03 09:39:43.848 62061 INFO tempest.common.waiters [-] State transition "ERROR/deleting" ==> "DELETED/None" after 4 second wait
2024-09-03 09:39:43.924 62071 INFO tempest.lib.common.rest_client [req-101fbae4-ceb3-40ec-b9f2-dc0ad0ba3446 req-101fbae4-ceb3-40ec-b9f2-dc0ad0ba3446 ] Request (FloatingIPsAssociationNegativeTestJSON:tearDownClass): 200 GET http://10.180.1.21/compute/v2.1/servers/5e6290c4-c6b0-4df3-baf2-030d99a0d4f0 0.360s
2024-09-03 09:39:43.973 62027 INFO tempest.lib.common.rest_client [req-38fbd8cb-cf31-4326-8a75-885aa25f265b req-38fbd8cb-cf31-4326-8a75-885aa25f265b ] Request (AttachVolumeNegativeTest:setUpClass): 201 POST http://10.180.1.21:9696/networking/v2.0/routers 1.460s
2024-09-03 09:39:44.014 62059 INFO tempest.lib.common.rest_client [req-d99b0eb6-b717-46e7-886c-8f366a488958 req-d99b0eb6-b717-46e7-886c-8f366a488958 ] Request (InstanceActionsTestJSON:tearDownClass): 200 GET http://10.180.1.21/compute/v2.1/servers/45b55285-6279-484e-b289-c9d329cd65a1 0.441s
2024-09-03 09:39:44.090 62053 INFO tempest.lib.common.rest_client [req-2ff3816f-4a5a-4a98-a31b-a78fe3f0e8a6 req-2ff3816f-4a5a-4a98-a31b-a78fe3f0e8a6 ] Request (ServersTestManualDisk:setUpClass): 200 GET http://10.180.1.21/compute/v2.1/servers/180d5b94-ba19-4434-8f25-065936e65869 0.466s
2024-09-03 09:39:44.164 62039 INFO tempest.lib.common.rest_client [req-c4fbf37f-eb53-49ba-87f1-d4dec26a4bc4 req-c4fbf37f-eb53-49ba-87f1-d4dec26a4bc4 ] Request (ServerPasswordTestJSON:setUpClass): 200 GET http://10.180.1.21/compute/v2.1/servers/7863f7b7-e7dc-4337-b088-7187e3fc46e0 0.519s
2024-09-03 09:39:44.169 62065 INFO tempest.lib.common.rest_client [req-056829d4-7d05-4b0e-9ab1-068490c76752 req-056829d4-7d05-4b0e-9ab1-068490c76752 ] Request (ListServerFiltersTestJSON:setUpClass): 202 POST http://10.180.1.21/compute/v2.1/servers 0.665s
2024-09-03 09:39:44.213 62013 INFO tempest.lib.common.rest_client [req-e2597eee-2c5f-4db7-9c56-a47498ee3fa8 req-e2597eee-2c5f-4db7-9c56-a47498ee3fa8 ] Request (ImagesOneServerTestJSON:test_create_image_specify_multibyte_character_image_name): 200 GET http://10.180.1.21/compute/v2.1/images/77c7f430-a645-403a-81b6-e54fe017831e 0.548s
2024-09-03 09:39:44.235 62049 INFO tempest.lib.common.rest_client [req-7f4837f3-f692-48d5-a342-2feb807c487a req-7f4837f3-f692-48d5-a342-2feb807c487a ] Request (ServerDiagnosticsNegativeTest:test_get_server_diagnostics_by_non_admin): 200 GET http://10.180.1.21/compute/v2.1/servers/f1854b38-08ef-4259-82aa-02f7fe2677b8 0.535s
2024-09-03 09:39:44.240 62065 INFO tempest.lib.common.rest_client [req-30d3de54-5d99-4e3c-a6bb-c37f1d2f564d req-30d3de54-5d99-4e3c-a6bb-c37f1d2f564d ] Request (ListServerFiltersTestJSON:setUpClass): 201 POST http://10.180.1.21/identity/v3/auth/tokens 0.065s
2024-09-03 09:39:44.240 62065 INFO tempest.lib.common.fixed_network [-] (ListServerFiltersTestJSON:setUpClass) Found network {'id': '7a7e6c63-2287-412a-8b63-d7e0e34f6eb4', 'name': 'tempest-ListServerFiltersTestJSON-569095903-network', 'tenant_id': 'bf1b106a8c484dbcbabac642dfd24f32', 'admin_state_up': True, 'mtu': 8950, 'status': 'ACTIVE', 'subnets': [], 'shared': False, 'project_id': 'bf1b106a8c484dbcbabac642dfd24f32', 'port_security_enabled': True, 'router:external': False, 'provider:network_type': 'vlan', 'provider:physical_network': 'default', 'provider:segmentation_id': 709, 'is_default': False, 'availability_zone_hints': [], 'availability_zones': [], 'ipv4_address_scope': None, 'ipv6_address_scope': None, 'description': '', 'tags': [], 'created_at': '2024-09-03T09:39:42Z', 'updated_at': '2024-09-03T09:39:42Z', 'revision_number': 1} available for tenant
2024-09-03 09:39:44.288 62041 INFO tempest.lib.common.rest_client [req-2217490a-8cb5-449a-a704-2b40d1e18257 req-2217490a-8cb5-449a-a704-2b40d1e18257 ] Request (ServerMetadataTestJSON:setUpClass): 200 GET http://10.180.1.21/compute/v2.1/servers/a8da21c6-b750-4566-af5b-9d302045a916 0.381s
2024-09-03 09:39:44.307 62033 INFO tempest.lib.common.rest_client [req-ae69eb59-3cc6-4567-80db-70221d0e43ea req-ae69eb59-3cc6-4567-80db-70221d0e43ea ] Request (ServerActionsV293TestJSON:setUpClass): 200 GET http://10.180.1.21/compute/v2.1/servers/94cc0767-5cdb-48a1-a0fd-286e9c2f23a0 0.311s
2024-09-03 09:39:44.353 62063 INFO tempest.lib.common.rest_client [req-80f9b026-5c39-40c5-a259-2bb8f634734b req-80f9b026-5c39-40c5-a259-2bb8f634734b ] Request (ServerActionsTestOtherA:setUpClass): 200 GET http://10.180.1.21/compute/v2.1/servers/169d425e-af61-4eaa-beea-c5caeb8c79e4 0.285s
2024-09-03 09:39:44.426 62029 INFO tempest.lib.common.rest_client [req-5312ce1c-32e6-42d9-86d1-63af7857c34b req-5312ce1c-32e6-42d9-86d1-63af7857c34b ] Request (FloatingIPsAssociationTestJSON:test_associate_already_associated_floating_ip): 200 GET http://10.180.1.21/compute/v2.1/servers/81090c56-9301-4cf0-bbb6-d0694c86e746 0.275s
2024-09-03 09:39:44.512 62035 INFO tempest.lib.common.rest_client [req-c9d00438-158b-41fb-b953-6f9a4fdd794c req-c9d00438-158b-41fb-b953-6f9a4fdd794c ] Request (ServerAddressesTestJSON:tearDownClass): 200 GET http://10.180.1.21/compute/v2.1/servers/5af46ac7-87d6-4439-9551-86c7b6c9b816 0.188s
2024-09-03 09:39:44.642 62037 INFO tempest.lib.common.rest_client [req-3e6470f2-028c-4d52-b392-f40c625d589b req-3e6470f2-028c-4d52-b392-f40c625d589b ] Request (ListImageFiltersTestJSON:setUpClass): 200 GET http://10.180.1.21/compute/v2.1/servers/1986dc3b-c8bb-4d81-a3fc-1398ddaa374e 0.111s
2024-09-03 09:39:44.652 62037 INFO tempest.common.waiters [-] State transition "BUILD/block_device_mapping" ==> "BUILD/spawning" after 49 second wait
2024-09-03 09:39:44.710 62031 INFO tempest.lib.common.rest_client [req-9dcd7bae-88aa-43e4-872a-b6d590cd219b req-9dcd7bae-88aa-43e4-872a-b6d590cd219b ] Request (ServersTestBootFromVolume:setUpClass): 200 GET http://10.180.1.21/volume/v3/6670954ae01b423fbb7b04c78f00f225/volumes/fa11ef14-eefd-453b-9354-2db5765f96fd 0.035s
2024-09-03 09:39:44.737 62065 INFO tempest.lib.common.rest_client [req-c1652aa3-5a08-47eb-be2a-87dd4148e815 req-c1652aa3-5a08-47eb-be2a-87dd4148e815 ] Request (ListServerFiltersTestJSON:setUpClass): 202 POST http://10.180.1.21/compute/v2.1/servers 0.496s
2024-09-03 09:39:44.794 62069 INFO tempest.lib.common.rest_client [req-f7dc0bbc-fd1d-49f7-89e5-033fec358dec req-f7dc0bbc-fd1d-49f7-89e5-033fec358dec ] Request (DeleteServersTestJSON:test_delete_server_while_in_attached_volume): 200 GET http://10.180.1.21/compute/v2.1/servers/ee679289-22d8-4041-9014-aef3942dff78 0.114s
2024-09-03 09:39:44.812 62017 INFO tempest.lib.common.rest_client [req-4a26d028-232a-4a36-ac87-f9c24cb90221 req-4a26d028-232a-4a36-ac87-f9c24cb90221 ] Request (ServersAdminNegativeTestJSON:test_migrate_server_invalid_state): 200 GET http://10.180.1.21/compute/v2.1/servers/13aee296-f433-4a30-bba4-a78a56ed3f39 0.208s
2024-09-03 09:39:44.868 62021 INFO tempest.lib.common.rest_client [req-7f2304bb-9b8a-4d0d-b92d-e4291ca819c9 req-7f2304bb-9b8a-4d0d-b92d-e4291ca819c9 ] Request (ServersAdminTestJSON:test_create_server_with_scheduling_hint): 200 GET http://10.180.1.21/compute/v2.1/servers/c37c8c38-b605-4ead-b614-7bdb6655e291 0.134s
2024-09-03 09:39:44.916 62065 INFO tempest.lib.common.rest_client [req-79b32206-33cf-4b34-b245-0ad1fb9b02bc req-79b32206-33cf-4b34-b245-0ad1fb9b02bc ] Request (ListServerFiltersTestJSON:setUpClass): 200 GET http://10.180.1.21/compute/v2.1/servers/ddbf59f0-4fa5-417b-822b-48e492e6af25 0.178s
2024-09-03 09:39:44.948 62047 INFO tempest.lib.common.rest_client [req-17bbcab3-5275-4180-a235-392d98798ff2 req-17bbcab3-5275-4180-a235-392d98798ff2 ] Request (MigrationsAdminTest:test_list_migrations_in_flavor_resize_situation): 200 GET http://10.180.1.21/compute/v2.1/servers/0fe9f973-a772-4e77-967d-6be1936c7c9f 0.260s
2024-09-03 09:39:44.969 62015 INFO tempest.lib.common.rest_client [req-6c60c496-26e4-4701-87bc-31d5929ec6f1 req-6c60c496-26e4-4701-87bc-31d5929ec6f1 ] Request (ListServersNegativeTestJSON:setUpClass): 200 GET http://10.180.1.21/compute/v2.1/servers/102f0f67-fa91-46f8-bda1-df3adabafa0b 0.222s
2024-09-03 09:39:45.014 62023 INFO tempest.lib.common.rest_client [req-5c9dce48-3834-4e8c-9c79-1f3a4798c81d req-5c9dce48-3834-4e8c-9c79-1f3a4798c81d ] Request (AttachInterfacesTestJSON:test_create_list_show_delete_interfaces_by_fixed_ip): 200 GET http://10.180.1.21/compute/v2.1/servers/0b2084a4-313e-48fd-8a77-3916d15f2f61 0.235s
2024-09-03 09:39:45.032 62061 INFO tempest.lib.common.rest_client [req-ab164c9e-cbd7-45ed-8631-5756eff008cf req-ab164c9e-cbd7-45ed-8631-5756eff008cf ] Request (DeleteServersAdminTestJSON:test_delete_server_while_in_error_state): 200 GET http://10.180.1.21/compute/v2.1/servers/851d4993-e9ef-45f0-a9a3-6fea90773d7c 0.183s
2024-09-03 09:39:45.094 62059 INFO tempest.lib.common.rest_client [req-46b43970-1e14-448c-b08a-250ef8fb8f94 req-46b43970-1e14-448c-b08a-250ef8fb8f94 ] Request (InstanceActionsTestJSON:tearDownClass): 200 GET http://10.180.1.21/compute/v2.1/servers/45b55285-6279-484e-b289-c9d329cd65a1 0.073s
2024-09-03 09:39:45.095 62071 INFO tempest.lib.common.rest_client [req-68d3ce48-5a48-4671-8796-240e4e1df921 req-68d3ce48-5a48-4671-8796-240e4e1df921 ] Request (FloatingIPsAssociationNegativeTestJSON:tearDownClass): 200 GET http://10.180.1.21/compute/v2.1/servers/5e6290c4-c6b0-4df3-baf2-030d99a0d4f0 0.163s
2024-09-03 09:39:45.122 62027 INFO tempest.lib.common.rest_client [req-a23f76b9-60c9-4737-a910-2a7ff8e41ea1 req-a23f76b9-60c9-4737-a910-2a7ff8e41ea1 ] Request (AttachVolumeNegativeTest:setUpClass): 200 PUT http://10.180.1.21:9696/networking/v2.0/routers/53634a22-e3b1-4dfd-9ae5-62d7e42f3531/add_router_interface 1.149s
