2025-03-12 09:13:41.489 68514 INFO tempest.lib.common.rest_client [req-f23dc4f9-a9df-44b8-98a5-8bfa34bca6a4 req-f23dc4f9-a9df-44b8-98a5-8bfa34bca6a4 ] Request (ServersTestManualDisk:setUpClass): 200 GET http://10.180.1.21/compute/v2.1/servers/ea2fc662-f98e-461d-956b-d7eff9b191d8 0.490s
2025-03-12 09:13:41.500 68514 INFO tempest.common.waiters [-] State transition "BUILD/scheduling" ==> "BUILD/None" after 15 second wait
2025-03-12 09:13:41.507 68510 INFO tempest.lib.common.rest_client [req-9b459f1a-71f0-42b4-aa22-86729906f9aa req-9b459f1a-71f0-42b4-aa22-86729906f9aa ] Request (SecurityGroupRulesTestJSON:tearDownClass): 200 GET http://10.180.1.21:9696/networking/v2.0/security-groups?tenant_id=f6cd1fea0ca44ee896d44e00843d656d&name=default 0.076s
2025-03-12 09:13:41.535 68488 INFO tempest.lib.common.rest_client [req-f712dd30-377d-4093-ba3b-80cf049aba53 req-f712dd30-377d-4093-ba3b-80cf049aba53 ] Request (SecurityGroupsTestJSON:setUpClass): 201 POST http://10.180.1.21:9696/networking/v2.0/networks 0.276s
2025-03-12 09:13:41.554 68464 WARNING tempest.lib.common.ssh [-] Failed to establish authenticated ssh connection to cirros@10.180.180.215 ([Errno None] Unable to connect to port 22 on 10.180.180.215). Number attempts: 3. Retry after 4 seconds.: paramiko.ssh_exception.NoValidConnectionsError: [Errno None] Unable to connect to port 22 on 10.180.180.215
2025-03-12 09:13:41.719 68488 INFO tempest.lib.common.rest_client [req-5f878ebd-79b8-4653-80e2-757015c2fc0f req-5f878ebd-79b8-4653-80e2-757015c2fc0f ] Request (SecurityGroupsTestJSON:setUpClass): 201 POST http://10.180.1.21:9696/networking/v2.0/subnets 0.183s
2025-03-12 09:13:41.757 68510 INFO tempest.lib.common.rest_client [req-187bd766-150e-4631-837b-d9761394a4af req-187bd766-150e-4631-837b-d9761394a4af ] Request (SecurityGroupRulesTestJSON:tearDownClass): 204 DELETE http://10.180.1.21:9696/networking/v2.0/security-groups/f1d734bc-188b-40e7-aef8-b0a8d348a40b 0.249s
2025-03-12 09:13:41.817 68484 INFO tempest.lib.common.rest_client [req-f2093bb7-4b10-46b9-a7ed-6c9b2b98ebe3 req-f2093bb7-4b10-46b9-a7ed-6c9b2b98ebe3 ] Request (ServerDiagnosticsV248Test:test_get_server_diagnostics): 200 GET http://10.180.1.21/compute/v2.1/servers/6462c122-dc0f-4083-84f8-a472e61285b8/diagnostics 0.917s
2025-03-12 09:13:41.911 68510 INFO tempest.lib.common.rest_client [req-422fbaba-5c5a-40fa-927e-ebf38f39c82f req-422fbaba-5c5a-40fa-927e-ebf38f39c82f ] Request (SecurityGroupRulesTestJSON:tearDownClass): 204 DELETE http://10.180.1.21/identity/v3/projects/f6cd1fea0ca44ee896d44e00843d656d 0.154s
2025-03-12 09:13:41.931 68476 INFO tempest.lib.common.rest_client [req-0acd893b-510f-4e76-8751-23292ffa1ccf req-0acd893b-510f-4e76-8751-23292ffa1ccf ] Request (InstanceActionsNegativeTestJSON:tearDownClass): 200 GET http://10.180.1.21/compute/v2.1/servers/e1f537bc-5937-446d-b44a-8c0fe5441aee 0.876s
2025-03-12 09:13:42.002 68510 INFO tempest.lib.common.rest_client [req-e1a2afa9-e8b0-4025-b904-49f9052f4c95 req-e1a2afa9-e8b0-4025-b904-49f9052f4c95 ] Request (ServerDiskConfigTestJSON:setUpClass): 201 POST http://10.180.1.21/identity/v3/auth/tokens 0.089s
2025-03-12 09:13:42.009 68518 INFO tempest.lib.common.rest_client [req-a4aeb1be-9010-4384-9ac4-c2909732c59c req-a4aeb1be-9010-4384-9ac4-c2909732c59c ] Request (InstanceActionsTestJSON:setUpClass): 200 GET http://10.180.1.21/compute/v2.1/servers/cc25ab8d-527a-4c21-8993-cb16b7228d70 0.841s
2025-03-12 09:13:42.045 68510 INFO tempest.lib.common.rest_client [req-fb30e27f-6b94-4f87-b3a2-747892b2187a req-fb30e27f-6b94-4f87-b3a2-747892b2187a ] Request (ServerDiskConfigTestJSON:setUpClass): 201 POST http://10.180.1.21/identity/v3/auth/tokens 0.036s
2025-03-12 09:13:42.076 68510 INFO tempest.lib.common.rest_client [req-892d2a1c-c9f5-481e-ae28-46fe7b0a54ce req-892d2a1c-c9f5-481e-ae28-46fe7b0a54ce ] Request (ServerDiskConfigTestJSON:setUpClass): 200 GET http://10.180.1.21/identity/v3/domains?name=Default 0.031s
2025-03-12 09:13:42.096 68523 INFO tempest.lib.common.rest_client [req-571a81d7-0990-430c-aa90-c68dff07da45 req-571a81d7-0990-430c-aa90-c68dff07da45 ] Request (ServersAdmin275Test:tearDownClass): 200 GET http://10.180.1.21/compute/v2.1/servers/45a45c16-3ba7-4fc1-9bd1-f1751772d416 0.866s
2025-03-12 09:13:42.116 68510 INFO tempest.lib.common.rest_client [req-8cac03a3-50dd-43ef-93d9-ccec95cbe18a req-8cac03a3-50dd-43ef-93d9-ccec95cbe18a ] Request (ServerDiskConfigTestJSON:setUpClass): 201 POST http://10.180.1.21/identity/v3/projects 0.039s
2025-03-12 09:13:42.143 68470 INFO tempest.lib.common.rest_client [req-51791b88-a4e5-4ea8-a047-650ab57c6b4b req-51791b88-a4e5-4ea8-a047-650ab57c6b4b ] Request (ServersV294TestFqdnHostnames:setUpClass): 202 POST http://10.180.1.21/compute/v2.1/servers 1.123s
2025-03-12 09:13:42.191 68512 INFO tempest.lib.common.rest_client [req-9fc7b041-f433-4a29-a4ca-8e75f51676fd req-9fc7b041-f433-4a29-a4ca-8e75f51676fd ] Request (ImagesTestJSON:test_create_image_from_stopped_server): 200 GET http://10.180.1.21/compute/v2.1/servers/22fbeb09-3d90-4b99-ab23-73793f4a9b40 0.928s
2025-03-12 09:13:42.211 68510 INFO tempest.lib.common.rest_client [req-a682c168-d85d-40d7-89a4-c95d1807bb54 req-a682c168-d85d-40d7-89a4-c95d1807bb54 ] Request (ServerDiskConfigTestJSON:setUpClass): 201 POST http://10.180.1.21/identity/v3/users 0.095s
2025-03-12 09:13:42.241 68510 INFO tempest.lib.common.rest_client [req-20516fb3-b663-4cd0-8854-0955a41f3653 req-20516fb3-b663-4cd0-8854-0955a41f3653 ] Request (ServerDiskConfigTestJSON:setUpClass): 200 GET http://10.180.1.21/identity/v3/roles 0.029s
2025-03-12 09:13:42.277 68510 INFO tempest.lib.common.rest_client [req-bbb7e0fd-2422-440d-b905-09224b2be068 req-bbb7e0fd-2422-440d-b905-09224b2be068 ] Request (ServerDiskConfigTestJSON:setUpClass): 204 PUT http://10.180.1.21/identity/v3/projects/0d2058493e2f425c8abf274ac43f7f69/users/f389fc74ae1e4b4fb58c379ce35be315/roles/62f0c8c530ae4f3dbecf3cbebfb95666 0.035s
2025-03-12 09:13:42.277 68510 INFO tempest.lib.common.dynamic_creds [-] Dynamic test user f389fc74ae1e4b4fb58c379ce35be315 is created with scope project and roles: ['member']
2025-03-12 09:13:42.277 68510 INFO tempest.lib.common.dynamic_creds [-] Acquired dynamic creds: credentials: Credentials: {'domain_id': 'default', 'domain_name': 'Default', 'username': 'tempest-ServerDiskConfigTestJSON-34435641-project-member', 'project_domain_id': 'default', 'project_domain_name': 'Default', 'project_id': '0d2058493e2f425c8abf274ac43f7f69', 'project_name': 'tempest-ServerDiskConfigTestJSON-34435641', 'tenant_id': '0d2058493e2f425c8abf274ac43f7f69', 'tenant_name': 'tempest-ServerDiskConfigTestJSON-34435641', 'user_domain_id': 'default', 'user_domain_name': 'Default', 'user_id': 'f389fc74ae1e4b4fb58c379ce35be315', 'system': None}, Network: None, Subnet: None, Router: None
2025-03-12 09:13:42.287 68474 INFO tempest.lib.common.rest_client [req-1af9c84d-b414-4870-989b-ce4aec55c868 req-1af9c84d-b414-4870-989b-ce4aec55c868 ] Request (ServerAddressesTestJSON:setUpClass): 200 GET http://10.180.1.21/compute/v2.1/servers/f0d040bc-68b5-4e45-b854-775936dae98c 0.931s
2025-03-12 09:13:42.297 68474 INFO tempest.common.waiters [-] State transition "BUILD/networking" ==> "BUILD/spawning" after 42 second wait
2025-03-12 09:13:42.318 68482 INFO tempest.lib.common.rest_client [req-bba59972-6bfa-4d1f-b5cb-4346ae01349d req-bba59972-6bfa-4d1f-b5cb-4346ae01349d ] Request (MultipleCreateTestJSON:_run_cleanups): 200 GET http://10.180.1.21/compute/v2.1/servers/eb3aa9a6-bb95-4bac-b679-8c83d4eb389d 0.904s
2025-03-12 09:13:42.345 68478 INFO tempest.lib.common.rest_client [req-1066e93b-2c94-4458-be8a-7885d73c7b61 req-1066e93b-2c94-4458-be8a-7885d73c7b61 ] Request (ServersAdminNegativeTestJSON:test_migrate_server_invalid_state): 200 GET http://10.180.1.21/compute/v2.1/servers/06b09205-14aa-4166-81f6-ce6f44dc826e 0.891s
2025-03-12 09:13:42.350 68510 INFO tempest.lib.common.rest_client [req-63f97962-36f5-4dd5-b348-5f0167ad7b53 req-63f97962-36f5-4dd5-b348-5f0167ad7b53 ] Request (ServerDiskConfigTestJSON:setUpClass): 201 POST http://10.180.1.21/identity/v3/auth/tokens 0.072s
2025-03-12 09:13:42.375 68492 INFO tempest.lib.common.rest_client [req-0c5d1770-ddfe-4e29-8818-a96adcc73bf5 req-0c5d1770-ddfe-4e29-8818-a96adcc73bf5 ] Request (DeleteServersAdminTestJSON:test_delete_server_while_in_error_state): 200 GET http://10.180.1.21/compute/v2.1/servers/f23b2dae-688d-48ed-8912-92548a355f33 0.867s
2025-03-12 09:13:42.383 68500 INFO tempest.lib.common.rest_client [req-600fa31c-f3e5-41e8-a058-4d7f07e52acf req-600fa31c-f3e5-41e8-a058-4d7f07e52acf ] Request (ImagesOneServerTestJSON:test_create_image_specify_multibyte_character_image_name): 200 GET http://10.180.1.21/compute/v2.1/images/eee0876b-7e08-48ba-8f41-c50036420c77 0.767s
2025-03-12 09:13:42.429 68490 INFO tempest.lib.common.rest_client [req-391f6caf-eb6f-4d3b-8a5d-11222307f85b req-391f6caf-eb6f-4d3b-8a5d-11222307f85b ] Request (DeleteServersTestJSON:test_delete_active_server): 200 GET http://10.180.1.21/compute/v2.1/servers/39697361-2e54-45c5-b0f5-6995c2bc13d8 0.744s
2025-03-12 09:13:42.496 68480 INFO tempest.lib.common.rest_client [req-478a0a04-1723-4cf8-b31d-55e865455616 req-478a0a04-1723-4cf8-b31d-55e865455616 ] Request (ServerRescueTestJSONUnderV235:tearDownClass): 200 GET http://10.180.1.21/compute/v2.1/servers/ff322f86-8e94-43e4-9c39-c133ac8ee7ca 0.718s
2025-03-12 09:13:42.503 68486 INFO tempest.lib.common.rest_client [req-ef64ea24-3880-46ca-8b67-aa6dae0e690e req-ef64ea24-3880-46ca-8b67-aa6dae0e690e ] Request (ServerActionsTestJSON:setUpClass): 200 GET http://10.180.1.21/compute/v2.1/servers/fa4e8290-ce2b-4823-8166-afd27d4abde0 0.807s
2025-03-12 09:13:42.576 68498 INFO tempest.lib.common.rest_client [req-0f505805-1066-4b12-a17f-1049f1745252 req-0f505805-1066-4b12-a17f-1049f1745252 ] Request (ServersTestFqdnHostnames:test_create_server_with_fqdn_name): 200 GET http://10.180.1.21/compute/v2.1/servers/11adde73-5bff-4603-baa6-900887998828 0.786s
2025-03-12 09:13:42.613 68484 INFO tempest.lib.common.rest_client [req-baf39468-e933-4b3a-a7e8-aec941721fd3 req-baf39468-e933-4b3a-a7e8-aec941721fd3 ] Request (ServerDiagnosticsV248Test:tearDownClass): 204 DELETE http://10.180.1.21/compute/v2.1/servers/6462c122-dc0f-4083-84f8-a472e61285b8 0.783s
2025-03-12 09:13:42.629 68466 INFO tempest.lib.common.rest_client [req-122ae7da-2f9c-484c-a892-36b6609b2b1c req-122ae7da-2f9c-484c-a892-36b6609b2b1c ] Request (SecurityGroupsNegativeTestJSON:setUpClass): 201 POST http://10.180.1.21:9696/networking/v2.0/routers 1.220s
2025-03-12 09:13:42.665 68516 INFO tempest.lib.common.rest_client [req-b663e499-8673-4787-933f-a8add61ab508 req-b663e499-8673-4787-933f-a8add61ab508 ] Request (FloatingIPsAssociationNegativeTestJSON:tearDownClass): 200 GET http://10.180.1.21/compute/v2.1/servers/0e396779-8b56-4718-9c40-f44d86723090 0.761s
2025-03-12 09:13:42.686 68505 INFO tempest.lib.common.rest_client [req-291d262d-75c2-49ac-9b25-61115bf297ee req-291d262d-75c2-49ac-9b25-61115bf297ee ] Request (ImagesOneServerNegativeTestJSON:setUpClass): 200 GET http://10.180.1.21/compute/v2.1/servers/a518e6a0-7142-4a7b-a710-169c52edd3ee 0.652s
2025-03-12 09:13:42.699 68505 INFO tempest.common.waiters [-] State transition "BUILD/None" ==> "BUILD/networking" after 38 second wait
2025-03-12 09:13:42.739 68468 INFO tempest.lib.common.rest_client [req-589e9c01-9a84-4cb4-86c3-4b11c1212ffd req-589e9c01-9a84-4cb4-86c3-4b11c1212ffd ] Request (ListImageFiltersTestJSON:setUpClass): 200 GET http://10.180.1.21/compute/v2.1/servers/bec2b37d-ba84-42f7-8506-0b5868e7fa7a 0.640s
2025-03-12 09:13:42.795 68470 INFO tempest.lib.common.rest_client [req-36ab9d33-3e41-40fb-9f3b-25901e691bb3 req-36ab9d33-3e41-40fb-9f3b-25901e691bb3 ] Request (ServersV294TestFqdnHostnames:setUpClass): 200 GET http://10.180.1.21/compute/v2.1/servers/9c4949ce-1c1c-45f4-9348-1201c2734c6e 0.650s
2025-03-12 09:13:42.882 68496 INFO tempest.lib.common.rest_client [req-06d72e72-e301-478d-9adc-362a36b20a10 req-06d72e72-e301-478d-9adc-362a36b20a10 ] Request (ServersAdminTestJSON:test_create_server_with_scheduling_hint): 200 GET http://10.180.1.21/compute/v2.1/servers/f8d8520b-21a2-48a9-951f-15d869dfe6d1 0.588s
2025-03-12 09:13:42.898 68510 INFO tempest.lib.common.rest_client [req-95c40191-7e3c-44e8-bfbd-61228b0370bc req-95c40191-7e3c-44e8-bfbd-61228b0370bc ] Request (ServerDiskConfigTestJSON:setUpClass): 201 POST http://10.180.1.21:9696/networking/v2.0/networks 0.547s
2025-03-12 09:13:43.019 68488 INFO tempest.lib.common.rest_client [req-ceee533c-b32a-4710-a696-ad0ab8ddc2e5 req-ceee533c-b32a-4710-a696-ad0ab8ddc2e5 ] Request (SecurityGroupsTestJSON:setUpClass): 201 POST http://10.180.1.21:9696/networking/v2.0/routers 1.299s
2025-03-12 09:13:43.087 68462 INFO tempest.lib.common.rest_client [req-c1eff9ff-55b0-4130-b642-75fe5d329737 req-c1eff9ff-55b0-4130-b642-75fe5d329737 ] Request (MigrationsAdminTest:test_list_migrations_in_flavor_resize_situation): 200 GET http://10.180.1.21/compute/v2.1/servers/d96bc42c-7bd3-41b2-a663-1992180fcd51 0.754s
2025-03-12 09:13:43.127 68500 INFO tempest.lib.common.rest_client [req-572a14a0-34b0-4f85-971b-7cda34c70ba2 req-572a14a0-34b0-4f85-971b-7cda34c70ba2 ] Request (ImagesOneServerTestJSON:test_create_image_specify_multibyte_character_image_name): 200 GET http://10.180.1.21/compute/v2.1/images/eee0876b-7e08-48ba-8f41-c50036420c77 0.740s
2025-03-12 09:13:43.155 68506 WARNING tempest.lib.common.ssh [-] Failed to establish authenticated ssh connection to cirros@10.180.180.128 ([Errno None] Unable to connect to port 22 on 10.180.180.128). Number attempts: 5. Retry after 6 seconds.: paramiko.ssh_exception.NoValidConnectionsError: [Errno None] Unable to connect to port 22 on 10.180.180.128
2025-03-12 09:13:43.164 68502 INFO tempest.lib.common.rest_client [req-d9adc50b-d6db-4d5e-b667-0e44558334e5 req-d9adc50b-d6db-4d5e-b667-0e44558334e5 ] Request (ServerAddressesNegativeTestJSON:setUpClass): 200 GET http://10.180.1.21/compute/v2.1/servers/6a07635b-5b0c-4d02-94dc-2c6cd34b95b5 1.051s
2025-03-12 09:13:43.217 68514 INFO tempest.lib.common.rest_client [req-dbc64935-7282-4330-b72b-27ef8b58615b req-dbc64935-7282-4330-b72b-27ef8b58615b ] Request (ServersTestManualDisk:setUpClass): 200 GET http://10.180.1.21/compute/v2.1/servers/ea2fc662-f98e-461d-956b-d7eff9b191d8 0.715s
2025-03-12 09:13:43.305 68476 INFO tempest.lib.common.rest_client [req-76a35f9a-0286-45ff-b38d-8f58926708c7 req-76a35f9a-0286-45ff-b38d-8f58926708c7 ] Request (InstanceActionsNegativeTestJSON:tearDownClass): 200 GET http://10.180.1.21/compute/v2.1/servers/e1f537bc-5937-446d-b44a-8c0fe5441aee 0.365s
2025-03-12 09:13:43.316 68476 INFO tempest.common.waiters [-] State transition "ACTIVE/deleting" ==> "DELETED/None" after 5 second wait
2025-03-12 09:13:43.320 68484 INFO tempest.lib.common.rest_client [req-6192947d-40d9-403c-a1e4-b3fcb45c57f4 req-6192947d-40d9-403c-a1e4-b3fcb45c57f4 ] Request (ServerDiagnosticsV248Test:tearDownClass): 200 GET http://10.180.1.21/compute/v2.1/servers/6462c122-dc0f-4083-84f8-a472e61285b8 0.706s
2025-03-12 09:13:43.401 68518 INFO tempest.lib.common.rest_client [req-2ce308eb-e8e5-4513-ab92-5b03999250ae req-2ce308eb-e8e5-4513-ab92-5b03999250ae ] Request (InstanceActionsTestJSON:setUpClass): 200 GET http://10.180.1.21/compute/v2.1/servers/cc25ab8d-527a-4c21-8993-cb16b7228d70 0.379s
2025-03-12 09:13:43.421 68510 INFO tempest.lib.common.rest_client [req-f69546bb-b98e-4cc7-9dc9-ffe5f10900e3 req-f69546bb-b98e-4cc7-9dc9-ffe5f10900e3 ] Request (ServerDiskConfigTestJSON:setUpClass): 201 POST http://10.180.1.21:9696/networking/v2.0/subnets 0.523s
2025-03-12 09:13:43.440 68523 INFO tempest.lib.common.rest_client [req-8bdb2f4a-b578-4307-9a93-7e65eefa23bd req-8bdb2f4a-b578-4307-9a93-7e65eefa23bd ] Request (ServersAdmin275Test:tearDownClass): 200 GET http://10.180.1.21/compute/v2.1/servers/45a45c16-3ba7-4fc1-9bd1-f1751772d416 0.330s
2025-03-12 09:13:43.533 68512 INFO tempest.lib.common.rest_client [req-02201fda-5b31-4415-a779-492042f4b5f1 req-02201fda-5b31-4415-a779-492042f4b5f1 ] Request (ImagesTestJSON:test_create_image_from_stopped_server): 200 GET http://10.180.1.21/compute/v2.1/servers/22fbeb09-3d90-4b99-ab23-73793f4a9b40 0.329s
2025-03-12 09:13:44.003 68500 INFO tempest.lib.common.rest_client [req-bd1e1048-5173-41a5-b88d-7700b28ea905 req-bd1e1048-5173-41a5-b88d-7700b28ea905 ] Request (ImagesOneServerTestJSON:test_create_image_specify_multibyte_character_image_name): 200 GET http://10.180.1.21/compute/v2.1/servers/33d3c446-1267-4eb7-970b-af1013db456c 0.871s
2025-03-12 09:13:44.088 68474 INFO tempest.lib.common.rest_client [req-f34bfe7d-757f-47cc-a76b-313e67e022a3 req-f34bfe7d-757f-47cc-a76b-313e67e022a3 ] Request (ServerAddressesTestJSON:setUpClass): 200 GET http://10.180.1.21/compute/v2.1/servers/f0d040bc-68b5-4e45-b854-775936dae98c 0.788s
2025-03-12 09:13:44.176 68478 INFO tempest.lib.common.rest_client [req-f34673b7-102c-4cd6-b78f-b7f91430b082 req-f34673b7-102c-4cd6-b78f-b7f91430b082 ] Request (ServersAdminNegativeTestJSON:test_migrate_server_invalid_state): 200 GET http://10.180.1.21/compute/v2.1/servers/06b09205-14aa-4166-81f6-ce6f44dc826e 0.821s
2025-03-12 09:13:44.247 68492 INFO tempest.lib.common.rest_client [req-1cdd5dce-289e-4e9d-bcf4-b33caf7a3694 req-1cdd5dce-289e-4e9d-bcf4-b33caf7a3694 ] Request (DeleteServersAdminTestJSON:test_delete_server_while_in_error_state): 200 GET http://10.180.1.21/compute/v2.1/servers/f23b2dae-688d-48ed-8912-92548a355f33 0.862s
2025-03-12 09:13:44.324 68490 INFO tempest.lib.common.rest_client [req-45a1b986-1dc4-4e66-a534-1aae4f8c4d17 req-45a1b986-1dc4-4e66-a534-1aae4f8c4d17 ] Request (DeleteServersTestJSON:test_delete_active_server): 200 GET http://10.180.1.21/compute/v2.1/servers/39697361-2e54-45c5-b0f5-6995c2bc13d8 0.886s
2025-03-12 09:13:44.341 68482 INFO tempest.lib.common.rest_client [req-a6fb8216-8034-436c-9bad-e3fcec350bb9 req-a6fb8216-8034-436c-9bad-e3fcec350bb9 ] Request (MultipleCreateTestJSON:_run_cleanups): 200 GET http://10.180.1.21/compute/v2.1/servers/eb3aa9a6-bb95-4bac-b679-8c83d4eb389d 1.013s
2025-03-12 09:13:44.413 68480 INFO tempest.lib.common.rest_client [req-8953558f-ebe0-4c9a-bbe9-4d4d5d8d0602 req-8953558f-ebe0-4c9a-bbe9-4d4d5d8d0602 ] Request (ServerRescueTestJSONUnderV235:tearDownClass): 200 GET http://10.180.1.21/compute/v2.1/servers/ff322f86-8e94-43e4-9c39-c133ac8ee7ca 0.906s
2025-03-12 09:13:44.474 68498 INFO tempest.lib.common.rest_client [req-5e6c2b15-839f-4e55-a948-4d00bb8652c9 req-5e6c2b15-839f-4e55-a948-4d00bb8652c9 ] Request (ServersTestFqdnHostnames:test_create_server_with_fqdn_name): 200 GET http://10.180.1.21/compute/v2.1/servers/11adde73-5bff-4603-baa6-900887998828 0.880s
2025-03-12 09:13:44.542 68516 INFO tempest.lib.common.rest_client [req-14e9d6d7-86ea-4d09-90b6-dd0d72f03025 req-14e9d6d7-86ea-4d09-90b6-dd0d72f03025 ] Request (FloatingIPsAssociationNegativeTestJSON:tearDownClass): 200 GET http://10.180.1.21/compute/v2.1/servers/0e396779-8b56-4718-9c40-f44d86723090 0.866s
2025-03-12 09:13:44.592 68486 INFO tempest.lib.common.rest_client [req-527fa914-7742-48df-97c4-fe23b7e14586 req-527fa914-7742-48df-97c4-fe23b7e14586 ] Request (ServerActionsTestJSON:setUpClass): 200 GET http://10.180.1.21/compute/v2.1/servers/fa4e8290-ce2b-4823-8166-afd27d4abde0 1.076s
2025-03-12 09:13:44.602 68486 INFO tempest.common.waiters [-] State transition "BUILD/spawning" ==> "ACTIVE/None" after 46 second wait
2025-03-12 09:13:44.667 68468 INFO tempest.lib.common.rest_client [req-0ec64ddc-86ef-4c4d-b82c-98f1beef07d2 req-0ec64ddc-86ef-4c4d-b82c-98f1beef07d2 ] Request (ListImageFiltersTestJSON:setUpClass): 200 GET http://10.180.1.21/compute/v2.1/servers/bec2b37d-ba84-42f7-8506-0b5868e7fa7a 0.915s
2025-03-12 09:13:44.707 68505 INFO tempest.lib.common.rest_client [req-6559d9fe-5feb-4273-9551-ec4d35507ac1 req-6559d9fe-5feb-4273-9551-ec4d35507ac1 ] Request (ImagesOneServerNegativeTestJSON:setUpClass): 200 GET http://10.180.1.21/compute/v2.1/servers/a518e6a0-7142-4a7b-a710-169c52edd3ee 1.006s
2025-03-12 09:13:44.713 68505 INFO tempest.common.waiters [-] State transition "BUILD/networking" ==> "BUILD/spawning" after 40 second wait
2025-03-12 09:13:44.766 68470 INFO tempest.lib.common.rest_client [req-0d6c0b9f-4c64-4ae1-8c0d-d8c29141e7b8 req-0d6c0b9f-4c64-4ae1-8c0d-d8c29141e7b8 ] Request (ServersV294TestFqdnHostnames:setUpClass): 200 GET http://10.180.1.21/compute/v2.1/servers/9c4949ce-1c1c-45f4-9348-1201c2734c6e 0.956s
2025-03-12 09:13:44.778 68496 INFO tempest.lib.common.rest_client [req-819d0ea8-3cbb-40b1-80d7-d58b26933dd6 req-819d0ea8-3cbb-40b1-80d7-d58b26933dd6 ] Request (ServersAdminTestJSON:test_create_server_with_scheduling_hint): 200 GET http://10.180.1.21/compute/v2.1/servers/f8d8520b-21a2-48a9-951f-15d869dfe6d1 0.889s
2025-03-12 09:13:44.841 68466 INFO tempest.lib.common.rest_client [req-19ad55df-5cc3-41cb-b1bb-54fb42ec0714 req-19ad55df-5cc3-41cb-b1bb-54fb42ec0714 ] Request (SecurityGroupsNegativeTestJSON:setUpClass): 200 PUT http://10.180.1.21:9696/networking/v2.0/routers/0554344a-8357-4778-9ba1-37f7fb05532f/add_router_interface 2.211s
2025-03-12 09:13:44.841 68466 INFO tempest.lib.common.dynamic_creds [-] Created isolated network resources for: credentials: Credentials: {'domain_id': 'default', 'domain_name': 'Default', 'username': 'tempest-SecurityGroupsNegativeTestJSON-632751173-project-member', 'project_domain_id': 'default', 'project_domain_name': 'Default', 'project_id': '2de1d0c284c74a2da91090d5f75af938', 'project_name': 'tempest-SecurityGroupsNegativeTestJSON-632751173', 'tenant_id': '2de1d0c284c74a2da91090d5f75af938', 'tenant_name': 'tempest-SecurityGroupsNegativeTestJSON-632751173', 'user_domain_id': 'default', 'user_domain_name': 'Default', 'user_id': '2a58c4badaf243c190525875109ee95b', 'system': None}, Network: {'id': 'b40fd293-e1f0-43b7-b8ee-0d1ceb74f01b', 'name': 'tempest-SecurityGroupsNegativeTestJSON-1408069811-network', 'tenant_id': '2de1d0c284c74a2da91090d5f75af938', 'admin_state_up': True, 'mtu': 8950, 'status': 'ACTIVE', 'subnets': [], 'shared': False, 'project_id': '2de1d0c284c74a2da91090d5f75af938', 'port_security_enabled': True, 'router:external': False, 'provider:network_type': 'vlan', 'provider:physical_network': 'default', 'provider:segmentation_id': 354, 'availability_zone_hints': [], 'availability_zones': [], 'ipv4_address_scope': None, 'ipv6_address_scope': None, 'description': '', 'tags': [], 'created_at': '2025-03-12T09:13:40Z', 'updated_at': '2025-03-12T09:13:40Z', 'revision_number': 1}, Subnet: {'id': '9751b43d-6fbb-4d1d-8d5e-4bfe9f1332b4', 'name': 'tempest-SecurityGroupsNegativeTestJSON-1408069811-subnet', 'tenant_id': '2de1d0c284c74a2da91090d5f75af938', 'network_id': 'b40fd293-e1f0-43b7-b8ee-0d1ceb74f01b', 'ip_version': 4, 'subnetpool_id': None, 'enable_dhcp': True, 'ipv6_ra_mode': None, 'ipv6_address_mode': None, 'gateway_ip': '192.168.128.1', 'cidr': '192.168.128.0/28', 'allocation_pools': [{'start': '192.168.128.2', 'end': '192.168.128.14'}], 'host_routes': [], 'dns_nameservers': [], 'description': '', 'router:external': False, 'service_types': [], 'tags': [], 'created_at': '2025-03-12T09:13:41Z', 'updated_at': '2025-03-12T09:13:41Z', 'revision_number': 0, 'project_id': '2de1d0c284c74a2da91090d5f75af938'}, Router: {'id': '0554344a-8357-4778-9ba1-37f7fb05532f', 'name': 'tempest-SecurityGroupsNegativeTestJSON-1408069811-router', 'tenant_id': '2de1d0c284c74a2da91090d5f75af938', 'admin_state_up': True, 'status': 'ACTIVE', 'external_gateway_info': {'network_id': '28bf4192-b909-4f23-970b-a02568b83a70', 'external_fixed_ips': [{'subnet_id': '7a92a11b-ccd4-408b-ae94-7940e0235462', 'ip_address': '10.180.180.129'}], 'enable_snat': True}, 'description': '', 'availability_zones': [], 'distributed': False, 'ha': False, 'availability_zone_hints': [], 'routes': [], 'flavor_id': None, 'tags': [], 'created_at': '2025-03-12T09:13:41Z', 'updated_at': '2025-03-12T09:13:42Z', 'revision_number': 2, 'project_id': '2de1d0c284c74a2da91090d5f75af938'}
2025-03-12 09:13:44.893 68502 INFO tempest.lib.common.rest_client [req-02cf270d-0cb6-48f7-87eb-fe75a5f18490 req-02cf270d-0cb6-48f7-87eb-fe75a5f18490 ] Request (ServerAddressesNegativeTestJSON:setUpClass): 200 GET http://10.180.1.21/compute/v2.1/servers/6a07635b-5b0c-4d02-94dc-2c6cd34b95b5 0.719s
2025-03-12 09:13:44.942 68466 INFO tempest.lib.common.rest_client [req-7d44b339-781f-4031-95a7-589f58eedc78 req-7d44b339-781f-4031-95a7-589f58eedc78 ] Request (SecurityGroupsNegativeTestJSON:setUpClass): 201 POST http://10.180.1.21/identity/v3/auth/tokens 0.096s
2025-03-12 09:13:44.945 68514 INFO tempest.lib.common.rest_client [req-58ecb235-20af-458c-9e74-642d75c647a7 req-58ecb235-20af-458c-9e74-642d75c647a7 ] Request (ServersTestManualDisk:setUpClass): 200 GET http://10.180.1.21/compute/v2.1/servers/ea2fc662-f98e-461d-956b-d7eff9b191d8 0.714s
2025-03-12 09:13:45.002 68462 INFO tempest.lib.common.rest_client [req-1f70db33-c7b1-40f3-a8bc-9af9fd6fe57b req-1f70db33-c7b1-40f3-a8bc-9af9fd6fe57b ] Request (MigrationsAdminTest:test_list_migrations_in_flavor_resize_situation): 200 GET http://10.180.1.21/compute/v2.1/servers/d96bc42c-7bd3-41b2-a663-1992180fcd51 0.902s
2025-03-12 09:13:45.003 68476 INFO tempest.lib.common.rest_client [req-4d7c2b7a-ed50-4884-9936-316e902c4a6d req-4d7c2b7a-ed50-4884-9936-316e902c4a6d ] Request (InstanceActionsNegativeTestJSON:tearDownClass): 200 GET http://10.180.1.21/compute/v2.1/servers/e1f537bc-5937-446d-b44a-8c0fe5441aee 0.687s
2025-03-12 09:13:45.052 68518 INFO tempest.lib.common.rest_client [req-54b053ca-5355-4571-9008-a66c0c334643 req-54b053ca-5355-4571-9008-a66c0c334643 ] Request (InstanceActionsTestJSON:setUpClass): 200 GET http://10.180.1.21/compute/v2.1/servers/cc25ab8d-527a-4c21-8993-cb16b7228d70 0.636s
2025-03-12 09:13:45.070 68484 INFO tempest.lib.common.rest_client [req-f208a16f-2a16-4706-80ac-8cd23dc3ed96 req-f208a16f-2a16-4706-80ac-8cd23dc3ed96 ] Request (ServerDiagnosticsV248Test:tearDownClass): 200 GET http://10.180.1.21/compute/v2.1/servers/6462c122-dc0f-4083-84f8-a472e61285b8 0.738s
2025-03-12 09:13:45.114 68523 INFO tempest.lib.common.rest_client [req-97152d6d-cd01-4d5d-9416-8653069addcc req-97152d6d-cd01-4d5d-9416-8653069addcc ] Request (ServersAdmin275Test:tearDownClass): 200 GET http://10.180.1.21/compute/v2.1/servers/45a45c16-3ba7-4fc1-9bd1-f1751772d416 0.661s
2025-03-12 09:13:45.144 68512 INFO tempest.lib.common.rest_client [req-abc0506a-965c-4daf-8aa6-81465c0e2045 req-abc0506a-965c-4daf-8aa6-81465c0e2045 ] Request (ImagesTestJSON:test_create_image_from_stopped_server): 200 GET http://10.180.1.21/compute/v2.1/servers/22fbeb09-3d90-4b99-ab23-73793f4a9b40 0.598s
2025-03-12 09:13:45.152 68512 INFO tempest.common.waiters [-] State transition "BUILD/None" ==> "BUILD/networking" after 37 second wait
2025-03-12 09:13:45.212 68510 INFO tempest.lib.common.rest_client [req-877fc4e9-d1e9-44a1-8d01-c4beed07d337 req-877fc4e9-d1e9-44a1-8d01-c4beed07d337 ] Request (ServerDiskConfigTestJSON:setUpClass): 201 POST http://10.180.1.21:9696/networking/v2.0/routers 1.790s
2025-03-12 09:13:45.243 68466 INFO tempest.lib.common.rest_client [req-0f1f30a1-133b-4753-9908-a96bbbb31da3 req-0f1f30a1-133b-4753-9908-a96bbbb31da3 ] Request (SecurityGroupsNegativeTestJSON:test_delete_nonexistent_security_group): 404 DELETE http://10.180.1.21/compute/v2.1/os-security-groups/fddf5168-d5cd-4a4a-b42f-81449f62820b 0.300s
2025-03-12 09:13:45.253 68486 INFO tempest.lib.common.rest_client [req-8bdc86f8-659b-4b23-b8bf-3bef379d5338 req-8bdc86f8-659b-4b23-b8bf-3bef379d5338 ] Request (ServerActionsTestJSON:setUpClass): 200 GET http://10.180.1.21/compute/v2.1/servers/fa4e8290-ce2b-4823-8166-afd27d4abde0/os-interface 0.651s
2025-03-12 09:13:45.415 68474 INFO tempest.lib.common.rest_client [req-26906dd2-6d27-4a4a-8d54-7e74c7440e5a req-26906dd2-6d27-4a4a-8d54-7e74c7440e5a ] Request (ServerAddressesTestJSON:setUpClass): 200 GET http://10.180.1.21/compute/v2.1/servers/f0d040bc-68b5-4e45-b854-775936dae98c 0.316s
2025-03-12 09:13:45.430 68488 INFO tempest.lib.common.rest_client [req-70700480-6d51-4de5-87ac-b490cf02197c req-70700480-6d51-4de5-87ac-b490cf02197c ] Request (SecurityGroupsTestJSON:setUpClass): 200 PUT http://10.180.1.21:9696/networking/v2.0/routers/431ada9b-f1f5-49c3-84df-0a2dc0fc89fa/add_router_interface 2.410s
2025-03-12 09:13:45.430 68488 INFO tempest.lib.common.dynamic_creds [-] Created isolated network resources for: credentials: Credentials: {'domain_id': 'default', 'domain_name': 'Default', 'username': 'tempest-SecurityGroupsTestJSON-879776697-project-member', 'project_domain_id': 'default', 'project_domain_name': 'Default', 'project_id': 'd744731f7025452ab8c4dfb79de7a65f', 'project_name': 'tempest-SecurityGroupsTestJSON-879776697', 'tenant_id': 'd744731f7025452ab8c4dfb79de7a65f', 'tenant_name': 'tempest-SecurityGroupsTestJSON-879776697', 'user_domain_id': 'default', 'user_domain_name': 'Default', 'user_id': '77c9d18bdc734c21a9356596f0873f81', 'system': None}, Network: {'id': '18dfdd95-1e91-4f2d-8733-6cc4e1d1ec88', 'name': 'tempest-SecurityGroupsTestJSON-756020118-network', 'tenant_id': 'd744731f7025452ab8c4dfb79de7a65f', 'admin_state_up': True, 'mtu': 8950, 'status': 'ACTIVE', 'subnets': [], 'shared': False, 'project_id': 'd744731f7025452ab8c4dfb79de7a65f', 'port_security_enabled': True, 'router:external': False, 'provider:network_type': 'vlan', 'provider:physical_network': 'default', 'provider:segmentation_id': 585, 'availability_zone_hints': [], 'availability_zones': [], 'ipv4_address_scope': None, 'ipv6_address_scope': None, 'description': '', 'tags': [], 'created_at': '2025-03-12T09:13:41Z', 'updated_at': '2025-03-12T09:13:41Z', 'revision_number': 1}, Subnet: {'id': 'bba928b3-5d10-49b6-8879-9c5fc09bae81', 'name': 'tempest-SecurityGroupsTestJSON-756020118-subnet', 'tenant_id': 'd744731f7025452ab8c4dfb79de7a65f', 'network_id': '18dfdd95-1e91-4f2d-8733-6cc4e1d1ec88', 'ip_version': 4, 'subnetpool_id': None, 'enable_dhcp': True, 'ipv6_ra_mode': None, 'ipv6_address_mode': None, 'gateway_ip': '192.168.128.1', 'cidr': '192.168.128.0/28', 'allocation_pools': [{'start': '192.168.128.2', 'end': '192.168.128.14'}], 'host_routes': [], 'dns_nameservers': [], 'description': '', 'router:external': False, 'service_types': [], 'tags': [], 'created_at': '2025-03-12T09:13:41Z', 'updated_at': '2025-03-12T09:13:41Z', 'revision_number': 0, 'project_id': 'd744731f7025452ab8c4dfb79de7a65f'}, Router: {'id': '431ada9b-f1f5-49c3-84df-0a2dc0fc89fa', 'name': 'tempest-SecurityGroupsTestJSON-756020118-router', 'tenant_id': 'd744731f7025452ab8c4dfb79de7a65f', 'admin_state_up': True, 'status': 'ACTIVE', 'external_gateway_info': {'network_id': '28bf4192-b909-4f23-970b-a02568b83a70', 'external_fixed_ips': [{'subnet_id': '7a92a11b-ccd4-408b-ae94-7940e0235462', 'ip_address': '10.180.180.199'}], 'enable_snat': True}, 'description': '', 'availability_zones': [], 'distributed': False, 'ha': False, 'availability_zone_hints': [], 'routes': [], 'flavor_id': None, 'tags': [], 'created_at': '2025-03-12T09:13:41Z', 'updated_at': '2025-03-12T09:13:42Z', 'revision_number': 2, 'project_id': 'd744731f7025452ab8c4dfb79de7a65f'}
2025-03-12 09:13:45.497 68478 INFO tempest.lib.common.rest_client [req-f8938add-4bb9-4331-8340-2fcfbab834eb req-f8938add-4bb9-4331-8340-2fcfbab834eb ] Request (ServersAdminNegativeTestJSON:test_migrate_server_invalid_state): 200 GET http://10.180.1.21/compute/v2.1/servers/06b09205-14aa-4166-81f6-ce6f44dc826e 0.314s
2025-03-12 09:13:45.503 68500 INFO tempest.lib.common.rest_client [req-55c297fb-e714-46ab-ad1e-5e8d9787f3ab req-55c297fb-e714-46ab-ad1e-5e8d9787f3ab ] Request (ImagesOneServerTestJSON:test_create_image_specify_multibyte_character_image_name): 200 GET http://10.180.1.21/compute/v2.1/servers/33d3c446-1267-4eb7-970b-af1013db456c 0.492s
2025-03-12 09:13:45.506 68466 INFO tempest.lib.common.rest_client [req-f1b80533-978c-4848-9606-67243be2fe67 req-f1b80533-978c-4848-9606-67243be2fe67 ] Request (SecurityGroupsNegativeTestJSON:test_delete_security_group_without_passing_id): 404 DELETE http://10.180.1.21/compute/v2.1/os-security-groups/ 0.257s
2025-03-12 09:13:45.514 68500 INFO tempest.common.waiters [-] State transition "ACTIVE/image_uploading" ==> "ACTIVE/None" after 1 second wait
2025-03-12 09:13:45.532 68488 INFO tempest.lib.common.rest_client [req-1134865d-9074-412b-9861-6758f3c70f7d req-1134865d-9074-412b-9861-6758f3c70f7d ] Request (SecurityGroupsTestJSON:setUpClass): 201 POST http://10.180.1.21/identity/v3/auth/tokens 0.096s
2025-03-12 09:13:45.577 68492 INFO tempest.lib.common.rest_client [req-02b3e79f-dd2b-44c5-bc42-06830ff932ff req-02b3e79f-dd2b-44c5-bc42-06830ff932ff ] Request (DeleteServersAdminTestJSON:test_delete_server_while_in_error_state): 200 GET http://10.180.1.21/compute/v2.1/servers/f23b2dae-688d-48ed-8912-92548a355f33 0.319s
2025-03-12 09:13:45.582 68490 INFO tempest.lib.common.rest_client [req-a611f2cf-5e38-4144-9d02-b48f9786440c req-a611f2cf-5e38-4144-9d02-b48f9786440c ] Request (DeleteServersTestJSON:test_delete_active_server): 200 GET http://10.180.1.21/compute/v2.1/servers/39697361-2e54-45c5-b0f5-6995c2bc13d8 0.249s
2025-03-12 09:13:45.595 68490 INFO tempest.common.waiters [-] State transition "BUILD/scheduling" ==> "BUILD/None" after 16 second wait
2025-03-12 09:13:45.661 68480 INFO tempest.lib.common.rest_client [req-46b275ec-0b89-4463-905f-212a0537a69b req-46b275ec-0b89-4463-905f-212a0537a69b ] Request (ServerRescueTestJSONUnderV235:tearDownClass): 200 GET http://10.180.1.21/compute/v2.1/servers/ff322f86-8e94-43e4-9c39-c133ac8ee7ca 0.231s
2025-03-12 09:13:45.736 68498 INFO tempest.lib.common.rest_client [req-1b1d06b8-4998-48c7-a383-bec54fab08a9 req-1b1d06b8-4998-48c7-a383-bec54fab08a9 ] Request (ServersTestFqdnHostnames:test_create_server_with_fqdn_name): 200 GET http://10.180.1.21/compute/v2.1/servers/11adde73-5bff-4603-baa6-900887998828 0.248s
2025-03-12 09:13:45.879 68466 INFO tempest.lib.common.rest_client [req-5a22f398-cadb-4c08-a339-3feaa9fdf626 req-5a22f398-cadb-4c08-a339-3feaa9fdf626 ] Request (SecurityGroupsNegativeTestJSON:test_delete_the_default_security_group): 200 GET http://10.180.1.21/compute/v2.1/os-security-groups 0.371s
2025-03-12 09:13:45.896 68482 INFO tempest.lib.common.rest_client [req-508e2e9d-1cac-4205-89e0-56f332eaff17 req-508e2e9d-1cac-4205-89e0-56f332eaff17 ] Request (MultipleCreateTestJSON:_run_cleanups): 200 GET http://10.180.1.21/compute/v2.1/servers/eb3aa9a6-bb95-4bac-b679-8c83d4eb389d 0.546s
2025-03-12 09:13:45.905 68482 INFO tempest.common.waiters [-] State transition "ACTIVE/deleting" ==> "DELETED/None" after 3 second wait
2025-03-12 09:13:46.012 68500 INFO tempest.lib.common.rest_client [req-c774df33-59f5-4896-a570-49f30e64caa9 req-c774df33-59f5-4896-a570-49f30e64caa9 ] Request (ImagesOneServerTestJSON:tearDownClass): 204 DELETE http://10.180.1.21/compute/v2.1/images/eee0876b-7e08-48ba-8f41-c50036420c77 0.496s
2025-03-12 09:13:46.079 68516 INFO tempest.lib.common.rest_client [req-e5ef05d6-3990-4d07-bbf2-76af87a67d5e req-e5ef05d6-3990-4d07-bbf2-76af87a67d5e ] Request (FloatingIPsAssociationNegativeTestJSON:tearDownClass): 200 GET http://10.180.1.21/compute/v2.1/servers/0e396779-8b56-4718-9c40-f44d86723090 0.529s
2025-03-12 09:13:46.174 68468 INFO tempest.lib.common.rest_client [req-3b123757-a679-43bf-8e03-4754a69ce3e2 req-3b123757-a679-43bf-8e03-4754a69ce3e2 ] Request (ListImageFiltersTestJSON:setUpClass): 200 GET http://10.180.1.21/compute/v2.1/servers/bec2b37d-ba84-42f7-8506-0b5868e7fa7a 0.499s
2025-03-12 09:13:46.267 68488 INFO tempest.lib.common.rest_client [req-2194dba7-1f46-4a59-812c-421114d77b8d req-2194dba7-1f46-4a59-812c-421114d77b8d ] Request (SecurityGroupsTestJSON:test_list_security_groups_by_server): 200 POST http://10.180.1.21/compute/v2.1/os-security-groups 0.734s
2025-03-12 09:13:46.286 68505 INFO tempest.lib.common.rest_client [req-16588596-61db-4a20-ba7d-40e53fb2420a req-16588596-61db-4a20-ba7d-40e53fb2420a ] Request (ImagesOneServerNegativeTestJSON:setUpClass): 200 GET http://10.180.1.21/compute/v2.1/servers/a518e6a0-7142-4a7b-a710-169c52edd3ee 0.571s
2025-03-12 09:13:46.341 68496 INFO tempest.lib.common.rest_client [req-8f2b0064-f09c-467d-8e27-ec8991de5397 req-8f2b0064-f09c-467d-8e27-ec8991de5397 ] Request (ServersAdminTestJSON:test_create_server_with_scheduling_hint): 200 GET http://10.180.1.21/compute/v2.1/servers/f8d8520b-21a2-48a9-951f-15d869dfe6d1 0.552s
2025-03-12 09:13:46.359 68470 INFO tempest.lib.common.rest_client [req-24eeeaf6-a1db-47e7-9546-d8158204c737 req-24eeeaf6-a1db-47e7-9546-d8158204c737 ] Request (ServersV294TestFqdnHostnames:setUpClass): 200 GET http://10.180.1.21/compute/v2.1/servers/9c4949ce-1c1c-45f4-9348-1201c2734c6e 0.578s
2025-03-12 09:13:46.439 68466 INFO tempest.lib.common.rest_client [req-b2420f80-fb5f-4b7a-b62b-dc969c7cf133 req-b2420f80-fb5f-4b7a-b62b-dc969c7cf133 ] Request (SecurityGroupsNegativeTestJSON:test_delete_the_default_security_group): 400 DELETE http://10.180.1.21/compute/v2.1/os-security-groups/981b966d-b9ac-4940-9cd8-15922f2fa7d7 0.556s
2025-03-12 09:13:46.499 68514 INFO tempest.lib.common.rest_client [req-9e1b6f01-de78-478e-9736-7cd6c40fd6d7 req-9e1b6f01-de78-478e-9736-7cd6c40fd6d7 ] Request (ServersTestManualDisk:setUpClass): 200 GET http://10.180.1.21/compute/v2.1/servers/ea2fc662-f98e-461d-956b-d7eff9b191d8 0.543s
2025-03-12 09:13:46.655 68502 INFO tempest.lib.common.rest_client [req-7be8fe18-43d3-4fd9-8f09-963145f3231e req-7be8fe18-43d3-4fd9-8f09-963145f3231e ] Request (ServerAddressesNegativeTestJSON:setUpClass): 200 GET http://10.180.1.21/compute/v2.1/servers/6a07635b-5b0c-4d02-94dc-2c6cd34b95b5 0.754s
2025-03-12 09:13:46.668 68502 INFO tempest.common.waiters [-] State transition "BUILD/spawning" ==> "ACTIVE/None" after 48 second wait
2025-03-12 09:13:46.669 68462 INFO tempest.lib.common.rest_client [req-e5f0da70-8323-466c-ae7b-f0b3f5e68443 req-e5f0da70-8323-466c-ae7b-f0b3f5e68443 ] Request (MigrationsAdminTest:test_list_migrations_in_flavor_resize_situation): 200 GET http://10.180.1.21/compute/v2.1/servers/d96bc42c-7bd3-41b2-a663-1992180fcd51 0.658s
2025-03-12 09:13:46.698 68500 INFO tempest.lib.common.rest_client [req-7a4502c3-3c7d-43e4-ab8f-382b537fd11d req-7a4502c3-3c7d-43e4-ab8f-382b537fd11d ] Request (ImagesOneServerTestJSON:tearDownClass): 404 DELETE http://10.180.1.21/compute/v2.1/images/2eec147b-7f8f-4669-815e-78bc11a3b901 0.686s
2025-03-12 09:13:46.755 68486 INFO tempest.lib.common.rest_client [req-9728f8cf-d944-4f07-a372-248bec7e82d8 req-9728f8cf-d944-4f07-a372-248bec7e82d8 ] Request (ServerActionsTestJSON:setUpClass): 200 PUT http://10.180.1.21:9696/networking/v2.0/floatingips/d1fcd042-a17b-4f3f-bb74-a3870b8f6665 1.499s
2025-03-12 09:13:46.757 68486 INFO tempest.lib.common.ssh [-] Creating ssh connection to '10.180.180.172:22' as 'cirros' with public key authentication
2025-03-12 09:13:46.766 68476 INFO tempest.lib.common.rest_client [req-497092a4-c97a-41f9-9e4c-d7387b978f78 req-497092a4-c97a-41f9-9e4c-d7387b978f78 ] Request (InstanceActionsNegativeTestJSON:tearDownClass): 200 GET http://10.180.1.21/compute/v2.1/servers/e1f537bc-5937-446d-b44a-8c0fe5441aee 0.752s
2025-03-12 09:13:46.789 68518 INFO tempest.lib.common.rest_client [req-8155d2fe-9b33-4897-9159-54cea31eb32f req-8155d2fe-9b33-4897-9159-54cea31eb32f ] Request (InstanceActionsTestJSON:setUpClass): 200 GET http://10.180.1.21/compute/v2.1/servers/cc25ab8d-527a-4c21-8993-cb16b7228d70 0.726s
2025-03-12 09:13:46.858 68484 INFO tempest.lib.common.rest_client [req-b4054279-8551-4fe1-8673-ca0cbeeb69db req-b4054279-8551-4fe1-8673-ca0cbeeb69db ] Request (ServerDiagnosticsV248Test:tearDownClass): 200 GET http://10.180.1.21/compute/v2.1/servers/6462c122-dc0f-4083-84f8-a472e61285b8 0.774s
2025-03-12 09:13:46.897 68523 INFO tempest.lib.common.rest_client [req-56c3d43f-698c-4b12-8ce1-c79892a0f0b0 req-56c3d43f-698c-4b12-8ce1-c79892a0f0b0 ] Request (ServersAdmin275Test:tearDownClass): 200 GET http://10.180.1.21/compute/v2.1/servers/45a45c16-3ba7-4fc1-9bd1-f1751772d416 0.772s
2025-03-12 09:13:46.908 68523 INFO tempest.common.waiters [-] State transition "ACTIVE/deleting" ==> "DELETED/None" after 4 second wait
2025-03-12 09:13:47.065 68512 INFO tempest.lib.common.rest_client [req-dfbd4da6-bf97-4f02-b93a-a9586e7447a7 req-dfbd4da6-bf97-4f02-b93a-a9586e7447a7 ] Request (ImagesTestJSON:test_create_image_from_stopped_server): 200 GET http://10.180.1.21/compute/v2.1/servers/22fbeb09-3d90-4b99-ab23-73793f4a9b40 0.912s
2025-03-12 09:13:47.077 68512 INFO tempest.common.waiters [-] State transition "BUILD/networking" ==> "BUILD/spawning" after 39 second wait
2025-03-12 09:13:47.148 68488 INFO tempest.lib.common.rest_client [req-6921b511-5229-4043-9927-746e63f9862d req-6921b511-5229-4043-9927-746e63f9862d ] Request (SecurityGroupsTestJSON:test_list_security_groups_by_server): 200 POST http://10.180.1.21/compute/v2.1/os-security-groups 0.877s
2025-03-12 09:13:47.175 68466 INFO tempest.lib.common.rest_client [req-cba9d488-c1db-4928-8248-4153f0cb413f req-cba9d488-c1db-4928-8248-4153f0cb413f ] Request (SecurityGroupsNegativeTestJSON:test_security_group_get_nonexistent_group): 404 GET http://10.180.1.21/compute/v2.1/os-security-groups/3f3d624a-7af0-4c97-b667-e90dac202e74 0.732s
2025-03-12 09:13:47.198 68488 INFO tempest.lib.common.rest_client [req-17e36cb5-b9ee-4497-a517-2ab33c9f9e2f req-17e36cb5-b9ee-4497-a517-2ab33c9f9e2f ] Request (SecurityGroupsTestJSON:test_list_security_groups_by_server): 201 POST http://10.180.1.21/identity/v3/auth/tokens 0.045s
2025-03-12 09:13:47.199 68488 INFO tempest.lib.common.fixed_network [-] (SecurityGroupsTestJSON:test_list_security_groups_by_server) Found network {'id': '18dfdd95-1e91-4f2d-8733-6cc4e1d1ec88', 'name': 'tempest-SecurityGroupsTestJSON-756020118-network', 'tenant_id': 'd744731f7025452ab8c4dfb79de7a65f', 'admin_state_up': True, 'mtu': 8950, 'status': 'ACTIVE', 'subnets': [], 'shared': False, 'project_id': 'd744731f7025452ab8c4dfb79de7a65f', 'port_security_enabled': True, 'router:external': False, 'provider:network_type': 'vlan', 'provider:physical_network': 'default', 'provider:segmentation_id': 585, 'availability_zone_hints': [], 'availability_zones': [], 'ipv4_address_scope': None, 'ipv6_address_scope': None, 'description': '', 'tags': [], 'created_at': '2025-03-12T09:13:41Z', 'updated_at': '2025-03-12T09:13:41Z', 'revision_number': 1} available for tenant
2025-03-12 09:13:47.253 68474 INFO tempest.lib.common.rest_client [req-821bf102-73a9-491c-9d03-920764cc884d req-821bf102-73a9-491c-9d03-920764cc884d ] Request (ServerAddressesTestJSON:setUpClass): 200 GET http://10.180.1.21/compute/v2.1/servers/f0d040bc-68b5-4e45-b854-775936dae98c 0.824s
2025-03-12 09:13:47.253 68478 INFO tempest.lib.common.rest_client [req-1cd16f91-d896-4f1c-a28a-42a7aa0f2efb req-1cd16f91-d896-4f1c-a28a-42a7aa0f2efb ] Request (ServersAdminNegativeTestJSON:test_migrate_server_invalid_state): 200 GET http://10.180.1.21/compute/v2.1/servers/06b09205-14aa-4166-81f6-ce6f44dc826e 0.740s
2025-03-12 09:13:47.316 68490 INFO tempest.lib.common.rest_client [req-3847322b-d041-45a0-9c31-3c5de440e834 req-3847322b-d041-45a0-9c31-3c5de440e834 ] Request (DeleteServersTestJSON:test_delete_active_server): 200 GET http://10.180.1.21/compute/v2.1/servers/39697361-2e54-45c5-b0f5-6995c2bc13d8 0.720s
2025-03-12 09:13:47.330 68492 INFO tempest.lib.common.rest_client [req-6307c0d5-38d0-481c-9ea0-656170939d1f req-6307c0d5-38d0-481c-9ea0-656170939d1f ] Request (DeleteServersAdminTestJSON:test_delete_server_while_in_error_state): 200 GET http://10.180.1.21/compute/v2.1/servers/f23b2dae-688d-48ed-8912-92548a355f33 0.744s
2025-03-12 09:13:47.343 68510 INFO tempest.lib.common.rest_client [req-00a75012-5f23-41cb-88d3-be4b0a4a162a req-00a75012-5f23-41cb-88d3-be4b0a4a162a ] Request (ServerDiskConfigTestJSON:setUpClass): 200 PUT http://10.180.1.21:9696/networking/v2.0/routers/ee698895-2497-4843-a4fa-ddbd5abb74e2/add_router_interface 2.130s
2025-03-12 09:13:47.343 68510 INFO tempest.lib.common.dynamic_creds [-] Created isolated network resources for: credentials: Credentials: {'domain_id': 'default', 'domain_name': 'Default', 'username': 'tempest-ServerDiskConfigTestJSON-34435641-project-member', 'project_domain_id': 'default', 'project_domain_name': 'Default', 'project_id': '0d2058493e2f425c8abf274ac43f7f69', 'project_name': 'tempest-ServerDiskConfigTestJSON-34435641', 'tenant_id': '0d2058493e2f425c8abf274ac43f7f69', 'tenant_name': 'tempest-ServerDiskConfigTestJSON-34435641', 'user_domain_id': 'default', 'user_domain_name': 'Default', 'user_id': 'f389fc74ae1e4b4fb58c379ce35be315', 'system': None}, Network: {'id': 'a235dcbc-36f4-4ee0-8990-6c5036b3f13a', 'name': 'tempest-ServerDiskConfigTestJSON-746909756-network', 'tenant_id': '0d2058493e2f425c8abf274ac43f7f69', 'admin_state_up': True, 'mtu': 8950, 'status': 'ACTIVE', 'subnets': [], 'shared': False, 'project_id': '0d2058493e2f425c8abf274ac43f7f69', 'port_security_enabled': True, 'router:external': False, 'provider:network_type': 'vlan', 'provider:physical_network': 'default', 'provider:segmentation_id': 275, 'availability_zone_hints': [], 'availability_zones': [], 'ipv4_address_scope': None, 'ipv6_address_scope': None, 'description': '', 'tags': [], 'created_at': '2025-03-12T09:13:42Z', 'updated_at': '2025-03-12T09:13:42Z', 'revision_number': 1}, Subnet: {'id': 'fd342d80-4de8-43fd-95c7-077953b35fe5', 'name': 'tempest-ServerDiskConfigTestJSON-746909756-subnet', 'tenant_id': '0d2058493e2f425c8abf274ac43f7f69', 'network_id': 'a235dcbc-36f4-4ee0-8990-6c5036b3f13a', 'ip_version': 4, 'subnetpool_id': None, 'enable_dhcp': True, 'ipv6_ra_mode': None, 'ipv6_address_mode': None, 'gateway_ip': '192.168.128.1', 'cidr': '192.168.128.0/28', 'allocation_pools': [{'start': '192.168.128.2', 'end': '192.168.128.14'}], 'host_routes': [], 'dns_nameservers': [], 'description': '', 'router:external': False, 'service_types': [], 'tags': [], 'created_at': '2025-03-12T09:13:43Z', 'updated_at': '2025-03-12T09:13:43Z', 'revision_number': 0, 'project_id': '0d2058493e2f425c8abf274ac43f7f69'}, Router: {'id': 'ee698895-2497-4843-a4fa-ddbd5abb74e2', 'name': 'tempest-ServerDiskConfigTestJSON-746909756-router', 'tenant_id': '0d2058493e2f425c8abf274ac43f7f69', 'admin_state_up': True, 'status': 'ACTIVE', 'external_gateway_info': {'network_id': '28bf4192-b909-4f23-970b-a02568b83a70', 'external_fixed_ips': [{'subnet_id': '7a92a11b-ccd4-408b-ae94-7940e0235462', 'ip_address': '10.180.180.165'}], 'enable_snat': True}, 'description': '', 'availability_zones': [], 'distributed': False, 'ha': False, 'availability_zone_hints': [], 'routes': [], 'flavor_id': None, 'tags': [], 'created_at': '2025-03-12T09:13:43Z', 'updated_at': '2025-03-12T09:13:44Z', 'revision_number': 2, 'project_id': '0d2058493e2f425c8abf274ac43f7f69'}
2025-03-12 09:13:47.347 68502 INFO tempest.lib.common.rest_client [req-2db198ea-4fb3-43cc-8875-46714bf22958 req-2db198ea-4fb3-43cc-8875-46714bf22958 ] Request (ServerAddressesNegativeTestJSON:test_list_server_addresses_by_network_neg): 404 GET http://10.180.1.21/compute/v2.1/servers/6a07635b-5b0c-4d02-94dc-2c6cd34b95b5/ips/invalid 0.676s
2025-03-12 09:13:47.403 68480 INFO tempest.lib.common.rest_client [req-dc95d689-4ec1-43e1-9f59-dc23a26c7f72 req-dc95d689-4ec1-43e1-9f59-dc23a26c7f72 ] Request (ServerRescueTestJSONUnderV235:tearDownClass): 200 GET http://10.180.1.21/compute/v2.1/servers/ff322f86-8e94-43e4-9c39-c133ac8ee7ca 0.729s
2025-03-12 09:13:47.431 68500 INFO tempest.lib.common.rest_client [req-9f4c5914-d449-499d-882b-f86f8b30a1bb req-9f4c5914-d449-499d-882b-f86f8b30a1bb ] Request (ImagesOneServerTestJSON:tearDownClass): 204 DELETE http://10.180.1.21/compute/v2.1/servers/33d3c446-1267-4eb7-970b-af1013db456c 0.732s
2025-03-12 09:13:47.444 68472 WARNING tempest.lib.common.ssh [-] Failed to establish authenticated ssh connection to cirros@10.180.180.204 ([Errno None] Unable to connect to port 22 on 10.180.180.204). Number attempts: 4. Retry after 5 seconds.: paramiko.ssh_exception.NoValidConnectionsError: [Errno None] Unable to connect to port 22 on 10.180.180.204
2025-03-12 09:13:47.484 68498 INFO tempest.lib.common.rest_client [req-0a6d0237-e167-4782-8b30-b67bb5c7b794 req-0a6d0237-e167-4782-8b30-b67bb5c7b794 ] Request (ServersTestFqdnHostnames:test_create_server_with_fqdn_name): 200 GET http://10.180.1.21/compute/v2.1/servers/11adde73-5bff-4603-baa6-900887998828 0.739s
2025-03-12 09:13:47.491 68510 INFO tempest.lib.common.rest_client [req-f1082058-5b3e-4e98-9cf2-ec7371f3fba2 req-f1082058-5b3e-4e98-9cf2-ec7371f3fba2 ] Request (ServerDiskConfigTestJSON:setUpClass): 201 POST http://10.180.1.21/identity/v3/auth/tokens 0.139s
2025-03-12 09:13:47.500 68482 INFO tempest.lib.common.rest_client [req-b82415a4-3e26-4e4b-849b-c4688ca63911 req-b82415a4-3e26-4e4b-849b-c4688ca63911 ] Request (MultipleCreateTestJSON:_run_cleanups): 200 GET http://10.180.1.21/compute/v2.1/servers/eb3aa9a6-bb95-4bac-b679-8c83d4eb389d 0.592s
2025-03-12 09:13:47.510 68516 INFO tempest.lib.common.rest_client [req-572f09cc-2e77-4169-b78a-92d287d1aa52 req-572f09cc-2e77-4169-b78a-92d287d1aa52 ] Request (FloatingIPsAssociationNegativeTestJSON:tearDownClass): 404 GET http://10.180.1.21/compute/v2.1/servers/0e396779-8b56-4718-9c40-f44d86723090 0.419s
2025-03-12 09:13:47.527 68466 INFO tempest.lib.common.rest_client [req-c1bc1fc5-3b99-4179-a446-d19ead3b3333 req-c1bc1fc5-3b99-4179-a446-d19ead3b3333 ] Request (SecurityGroupsNegativeTestJSON:test_update_non_existent_security_group): 404 PUT http://10.180.1.21/compute/v2.1/os-security-groups/6081a8e6-3c71-4781-a682-2e2306c66e27 0.350s
2025-03-12 09:13:47.536 68510 INFO tempest.lib.common.rest_client [req-c175c207-d78a-445f-a984-e3ead81572fb req-c175c207-d78a-445f-a984-e3ead81572fb ] Request (ServerDiskConfigTestJSON:test_rebuild_server_with_auto_disk_config): 201 POST http://10.180.1.21/identity/v3/auth/tokens 0.041s
