2025-03-12 09:14:22.398 68510 INFO tempest.lib.common.rest_client [req-53474e44-20fd-4f74-86d6-d7a1bbdb8add req-53474e44-20fd-4f74-86d6-d7a1bbdb8add ] Request (ServerDiskConfigTestJSON:test_rebuild_server_with_auto_disk_config): 200 GET http://10.180.1.21/compute/v2.1/servers/665a3f40-d12f-4e99-b3d2-53e137897226 0.069s
2025-03-12 09:14:22.410 68482 INFO tempest.lib.common.rest_client [req-32ec3fb9-2992-45ee-b35e-76328bdf70e1 req-32ec3fb9-2992-45ee-b35e-76328bdf70e1 ] Request (MultipleCreateTestJSON:test_multiple_create_with_reservation_return): 200 GET http://10.180.1.21/compute/v2.1/servers/90f0a81c-dfe5-4ba0-8603-890db1cee214 0.067s
2025-03-12 09:14:22.483 68502 INFO tempest.lib.common.rest_client [req-25ec4b10-6658-4a15-b1d4-b65997d5040e req-25ec4b10-6658-4a15-b1d4-b65997d5040e ] Request (ServerAddressesNegativeTestJSON:tearDownClass): 200 GET http://10.180.1.21/compute/v2.1/servers/6a07635b-5b0c-4d02-94dc-2c6cd34b95b5 0.065s
2025-03-12 09:14:22.531 68496 INFO tempest.lib.common.rest_client [req-30b185f3-4097-4bd0-a571-f727dca3e358 req-30b185f3-4097-4bd0-a571-f727dca3e358 ] Request (ServersAdminTestJSON:test_inject_network_info): 200 GET http://10.180.1.21/compute/v2.1/servers/daf16a4a-cdcc-487f-99db-6600425b356a 0.063s
2025-03-12 09:14:22.567 68512 INFO tempest.lib.common.rest_client [req-fe6d4f73-3801-4678-8484-b7e2471e4290 req-fe6d4f73-3801-4678-8484-b7e2471e4290 ] Request (ImagesTestJSON:test_create_image_from_suspended_server): 200 GET http://10.180.1.21/compute/v2.1/servers/5938f3b0-bec5-4515-8191-de835d6f9a7f 0.054s
2025-03-12 09:14:22.642 68470 INFO tempest.lib.common.rest_client [req-198dc103-5c50-43b1-8a11-01fa3b59b7f9 req-198dc103-5c50-43b1-8a11-01fa3b59b7f9 ] Request (ServersV294TestFqdnHostnames:setUpClass): 200 GET http://10.180.1.21/compute/v2.1/servers/9c4949ce-1c1c-45f4-9348-1201c2734c6e 0.079s
2025-03-12 09:14:22.703 68490 INFO tempest.lib.common.rest_client [req-8f3fe92a-3459-431f-bdba-726b261eae0f req-8f3fe92a-3459-431f-bdba-726b261eae0f ] Request (DeleteServersTestJSON:test_delete_active_server): 200 GET http://10.180.1.21/compute/v2.1/servers/39697361-2e54-45c5-b0f5-6995c2bc13d8 0.141s
2025-03-12 09:14:22.711 68505 INFO tempest.lib.common.rest_client [req-96186c9a-ad5a-4fc1-b419-f6e486b35312 req-96186c9a-ad5a-4fc1-b419-f6e486b35312 ] Request (ImagesOneServerNegativeTestJSON:_run_cleanups): 200 GET http://10.180.1.21/compute/v2.1/servers/a518e6a0-7142-4a7b-a710-169c52edd3ee 0.098s
2025-03-12 09:14:22.761 68466 INFO tempest.lib.common.rest_client [req-8a739b87-b8f3-4db8-8232-8abeb5e2ef5f req-8a739b87-b8f3-4db8-8232-8abeb5e2ef5f ] Request (AttachInterfacesUnderV243Test:test_add_remove_fixed_ip): 200 GET http://10.180.1.21/compute/v2.1/servers/e751acc9-f68b-4f29-8b86-f16c2bbaae87 0.144s
2025-03-12 09:14:22.781 68500 INFO tempest.lib.common.rest_client [req-3f9d2947-c274-4b67-a129-0091f3e663c2 req-3f9d2947-c274-4b67-a129-0091f3e663c2 ] Request (ImagesOneServerTestJSON:tearDownClass): 200 GET http://10.180.1.21/compute/v2.1/servers/33d3c446-1267-4eb7-970b-af1013db456c 0.094s
2025-03-12 09:14:22.839 68484 INFO tempest.lib.common.rest_client [req-164a1897-aaaa-4545-ac1f-4164280bc8e5 req-164a1897-aaaa-4545-ac1f-4164280bc8e5 ] Request (ServerDiagnosticsV248Test:tearDownClass): 200 GET http://10.180.1.21/compute/v2.1/servers/6462c122-dc0f-4083-84f8-a472e61285b8 0.088s
2025-03-12 09:14:22.853 68476 INFO tempest.lib.common.rest_client [req-b0b53ad9-8471-4565-8a44-5073a61e83e0 req-b0b53ad9-8471-4565-8a44-5073a61e83e0 ] Request (AttachVolumeShelveTestJSON:test_attach_volume_shelved_or_offload_server): 200 GET http://10.180.1.21/compute/v2.1/servers/58ffa9ba-219e-4756-b125-9b9b00629b1e 0.094s
2025-03-12 09:14:22.925 68474 INFO tempest.lib.common.rest_client [req-b3e7fedd-49bb-4c6b-a3d6-39c1f6ec91ee req-b3e7fedd-49bb-4c6b-a3d6-39c1f6ec91ee ] Request (ServerAddressesTestJSON:tearDownClass): 200 GET http://10.180.1.21/compute/v2.1/servers/f0d040bc-68b5-4e45-b854-775936dae98c 0.089s
2025-03-12 09:14:22.934 68518 INFO tempest.lib.common.rest_client [req-2af0b66d-36a6-4ff5-8c5c-be124494dcfd req-2af0b66d-36a6-4ff5-8c5c-be124494dcfd ] Request (InstanceActionsTestJSON:tearDownClass): 200 GET http://10.180.1.21/compute/v2.1/servers/cc25ab8d-527a-4c21-8993-cb16b7228d70 0.128s
2025-03-12 09:14:23.130 68492 INFO tempest.lib.common.rest_client [req-402b38f3-e45c-4409-a54b-77b569ef9c75 req-402b38f3-e45c-4409-a54b-77b569ef9c75 ] Request (DeleteServersAdminTestJSON:test_delete_server_while_in_error_state): 200 GET http://10.180.1.21/compute/v2.1/servers/f23b2dae-688d-48ed-8912-92548a355f33 0.070s
2025-03-12 09:14:23.143 68488 INFO tempest.lib.common.rest_client [req-cb1cb53e-8caa-48d5-aa4f-c30a36ddfc87 req-cb1cb53e-8caa-48d5-aa4f-c30a36ddfc87 ] Request (SecurityGroupsTestJSON:test_list_security_groups_by_server): 200 GET http://10.180.1.21/compute/v2.1/servers/8ae09ca9-6d7f-41a2-ad2d-f138e2c29433 0.057s
2025-03-12 09:14:23.157 68523 INFO tempest.lib.common.rest_client [req-5c286f4f-5bc4-4912-92cd-579e852518f7 req-5c286f4f-5bc4-4912-92cd-579e852518f7 ] Request (FloatingIPsAssociationTestJSON:setUpClass): 200 PUT http://10.180.1.21:9696/networking/v2.0/routers/9db36968-7837-4ddc-828e-afe75480aaf1/add_router_interface 0.904s
2025-03-12 09:14:23.158 68523 INFO tempest.lib.common.dynamic_creds [-] Created isolated network resources for: credentials: Credentials: {'domain_id': 'default', 'domain_name': 'Default', 'username': 'tempest-FloatingIPsAssociationTestJSON-1001622592-project-member', 'project_domain_id': 'default', 'project_domain_name': 'Default', 'project_id': '123c47b06ec5488e94f925ae3384f210', 'project_name': 'tempest-FloatingIPsAssociationTestJSON-1001622592', 'tenant_id': '123c47b06ec5488e94f925ae3384f210', 'tenant_name': 'tempest-FloatingIPsAssociationTestJSON-1001622592', 'user_domain_id': 'default', 'user_domain_name': 'Default', 'user_id': 'ae26922813b2436baf7b5d7ca24dfe1d', 'system': None}, Network: {'id': '6abad341-2297-4bcb-9dce-fbabb6098872', 'name': 'tempest-FloatingIPsAssociationTestJSON-1161427047-network', 'tenant_id': '123c47b06ec5488e94f925ae3384f210', 'admin_state_up': True, 'mtu': 8950, 'status': 'ACTIVE', 'subnets': [], 'shared': False, 'project_id': '123c47b06ec5488e94f925ae3384f210', 'port_security_enabled': True, 'router:external': False, 'provider:network_type': 'vlan', 'provider:physical_network': 'default', 'provider:segmentation_id': 448, 'availability_zone_hints': [], 'availability_zones': [], 'ipv4_address_scope': None, 'ipv6_address_scope': None, 'description': '', 'tags': [], 'created_at': '2025-03-12T09:14:21Z', 'updated_at': '2025-03-12T09:14:21Z', 'revision_number': 1}, Subnet: {'id': 'fd47a40d-a321-428f-a69a-adbeef2e266d', 'name': 'tempest-FloatingIPsAssociationTestJSON-1161427047-subnet', 'tenant_id': '123c47b06ec5488e94f925ae3384f210', 'network_id': '6abad341-2297-4bcb-9dce-fbabb6098872', 'ip_version': 4, 'subnetpool_id': None, 'enable_dhcp': True, 'ipv6_ra_mode': None, 'ipv6_address_mode': None, 'gateway_ip': '192.168.128.1', 'cidr': '192.168.128.0/28', 'allocation_pools': [{'start': '192.168.128.2', 'end': '192.168.128.14'}], 'host_routes': [], 'dns_nameservers': [], 'description': '', 'router:external': False, 'service_types': [], 'tags': [], 'created_at': '2025-03-12T09:14:21Z', 'updated_at': '2025-03-12T09:14:21Z', 'revision_number': 0, 'project_id': '123c47b06ec5488e94f925ae3384f210'}, Router: {'id': '9db36968-7837-4ddc-828e-afe75480aaf1', 'name': 'tempest-FloatingIPsAssociationTestJSON-1161427047-router', 'tenant_id': '123c47b06ec5488e94f925ae3384f210', 'admin_state_up': True, 'status': 'ACTIVE', 'external_gateway_info': {'network_id': '28bf4192-b909-4f23-970b-a02568b83a70', 'external_fixed_ips': [{'subnet_id': '7a92a11b-ccd4-408b-ae94-7940e0235462', 'ip_address': '10.180.180.212'}], 'enable_snat': True}, 'description': '', 'availability_zones': [], 'distributed': False, 'ha': False, 'availability_zone_hints': [], 'routes': [], 'flavor_id': None, 'tags': [], 'created_at': '2025-03-12T09:14:21Z', 'updated_at': '2025-03-12T09:14:21Z', 'revision_number': 2, 'project_id': '123c47b06ec5488e94f925ae3384f210'}
2025-03-12 09:14:23.178 68516 INFO tempest.lib.common.rest_client [req-3897e09f-4d4c-45e4-9f50-77514027a654 req-3897e09f-4d4c-45e4-9f50-77514027a654 ] Request (AttachInterfacesTestJSON:test_create_list_show_delete_interfaces_by_fixed_ip): 200 GET http://10.180.1.21/compute/v2.1/servers/941df5cb-677e-421e-b32a-ced3e69257bb 0.068s
2025-03-12 09:14:23.213 68480 INFO tempest.lib.common.rest_client [req-97a1a438-b840-4557-a854-3306dfec3cd3 req-97a1a438-b840-4557-a854-3306dfec3cd3 ] Request (ServersTestJSON:test_create_server_specify_multibyte_character_name): 200 GET http://10.180.1.21/compute/v2.1/servers/22b1aa51-4faf-46cc-8047-aeed803bbaeb 0.052s
2025-03-12 09:14:23.242 68523 INFO tempest.lib.common.rest_client [req-1bb01723-376b-4e36-907a-cdd014df2d47 req-1bb01723-376b-4e36-907a-cdd014df2d47 ] Request (FloatingIPsAssociationTestJSON:setUpClass): 201 POST http://10.180.1.21/identity/v3/auth/tokens 0.081s
2025-03-12 09:14:23.274 68523 INFO tempest.lib.common.rest_client [req-6033fb25-8371-472b-9111-308416d4aba4 req-6033fb25-8371-472b-9111-308416d4aba4 ] Request (FloatingIPsAssociationTestJSON:setUpClass): 201 POST http://10.180.1.21/identity/v3/auth/tokens 0.028s
2025-03-12 09:14:23.274 68523 INFO tempest.lib.common.fixed_network [-] (FloatingIPsAssociationTestJSON:setUpClass) Found network {'id': '6abad341-2297-4bcb-9dce-fbabb6098872', 'name': 'tempest-FloatingIPsAssociationTestJSON-1161427047-network', 'tenant_id': '123c47b06ec5488e94f925ae3384f210', 'admin_state_up': True, 'mtu': 8950, 'status': 'ACTIVE', 'subnets': [], 'shared': False, 'project_id': '123c47b06ec5488e94f925ae3384f210', 'port_security_enabled': True, 'router:external': False, 'provider:network_type': 'vlan', 'provider:physical_network': 'default', 'provider:segmentation_id': 448, 'availability_zone_hints': [], 'availability_zones': [], 'ipv4_address_scope': None, 'ipv6_address_scope': None, 'description': '', 'tags': [], 'created_at': '2025-03-12T09:14:21Z', 'updated_at': '2025-03-12T09:14:21Z', 'revision_number': 1} available for tenant
2025-03-12 09:14:23.282 68462 INFO tempest.lib.common.rest_client [req-7915dc7e-3e7a-4661-bc68-17d95bd458c0 req-7915dc7e-3e7a-4661-bc68-17d95bd458c0 ] Request (MigrationsAdminTest:test_resize_server_revert_deleted_flavor): 200 GET http://10.180.1.21/compute/v2.1/servers/d7104546-8dde-4cca-9151-45ec1afb3f2a 0.054s
2025-03-12 09:14:23.334 68498 INFO tempest.lib.common.rest_client [req-d44bbe47-5b03-45b3-9d4a-fb1c6ed4aa16 req-d44bbe47-5b03-45b3-9d4a-fb1c6ed4aa16 ] Request (ServersTestFqdnHostnames:test_create_server_with_fqdn_name): 200 GET http://10.180.1.21/compute/v2.1/servers/11adde73-5bff-4603-baa6-900887998828 0.055s
2025-03-12 09:14:23.425 68478 INFO tempest.lib.common.rest_client [req-33c25868-7714-40c7-a189-d580a30c0cf1 req-33c25868-7714-40c7-a189-d580a30c0cf1 ] Request (ServersAdminNegativeTestJSON:tearDownClass): 200 GET http://10.180.1.21/compute/v2.1/servers/06b09205-14aa-4166-81f6-ce6f44dc826e 0.073s
2025-03-12 09:14:23.432 68478 INFO tempest.common.waiters [-] State transition "SUSPENDED/deleting" ==> "DELETED/None" after 3 second wait
2025-03-12 09:14:23.475 68468 INFO tempest.lib.common.rest_client [req-5c18887a-0451-4a1b-a06a-16268e8f8ddd req-5c18887a-0451-4a1b-a06a-16268e8f8ddd ] Request (ListImageFiltersTestJSON:setUpClass): 200 GET http://10.180.1.21/compute/v2.1/servers/bec2b37d-ba84-42f7-8506-0b5868e7fa7a 0.123s
2025-03-12 09:14:23.523 68510 INFO tempest.lib.common.rest_client [req-53d47178-f5e2-467d-b989-eba5590727ac req-53d47178-f5e2-467d-b989-eba5590727ac ] Request (ServerDiskConfigTestJSON:test_rebuild_server_with_auto_disk_config): 200 GET http://10.180.1.21/compute/v2.1/servers/665a3f40-d12f-4e99-b3d2-53e137897226 0.115s
2025-03-12 09:14:23.569 68482 INFO tempest.lib.common.rest_client [req-f4389a60-601e-4d4f-96e2-f4d582fbcb70 req-f4389a60-601e-4d4f-96e2-f4d582fbcb70 ] Request (MultipleCreateTestJSON:test_multiple_create_with_reservation_return): 200 GET http://10.180.1.21/compute/v2.1/servers/90f0a81c-dfe5-4ba0-8603-890db1cee214 0.146s
2025-03-12 09:14:23.625 68502 INFO tempest.lib.common.rest_client [req-a67ed7b8-2dee-4489-99eb-488634c5744e req-a67ed7b8-2dee-4489-99eb-488634c5744e ] Request (ServerAddressesNegativeTestJSON:tearDownClass): 200 GET http://10.180.1.21/compute/v2.1/servers/6a07635b-5b0c-4d02-94dc-2c6cd34b95b5 0.135s
2025-03-12 09:14:23.670 68523 INFO tempest.lib.common.rest_client [req-09cc11aa-b280-4f15-bcc9-073f7357e626 req-09cc11aa-b280-4f15-bcc9-073f7357e626 ] Request (FloatingIPsAssociationTestJSON:setUpClass): 202 POST http://10.180.1.21/compute/v2.1/servers 0.395s
2025-03-12 09:14:23.671 68514 WARNING tempest.lib.common.ssh [-] Failed to establish authenticated ssh connection to cirros@10.180.180.171 ([Errno None] Unable to connect to port 22 on 10.180.180.171). Number attempts: 1. Retry after 2 seconds.: paramiko.ssh_exception.NoValidConnectionsError: [Errno None] Unable to connect to port 22 on 10.180.180.171
2025-03-12 09:14:23.675 68496 INFO tempest.lib.common.rest_client [req-edf4c185-5923-43d0-953a-0e39ebf86719 req-edf4c185-5923-43d0-953a-0e39ebf86719 ] Request (ServersAdminTestJSON:test_inject_network_info): 200 GET http://10.180.1.21/compute/v2.1/servers/daf16a4a-cdcc-487f-99db-6600425b356a 0.133s
2025-03-12 09:14:23.721 68512 INFO tempest.lib.common.rest_client [req-ec64ef8b-c8b6-430f-8b42-a75d91a5d800 req-ec64ef8b-c8b6-430f-8b42-a75d91a5d800 ] Request (ImagesTestJSON:test_create_image_from_suspended_server): 200 GET http://10.180.1.21/compute/v2.1/servers/5938f3b0-bec5-4515-8191-de835d6f9a7f 0.140s
2025-03-12 09:14:23.736 68470 INFO tempest.lib.common.rest_client [req-ff5469e0-4ffe-445f-b864-8bddd295a588 req-ff5469e0-4ffe-445f-b864-8bddd295a588 ] Request (ServersV294TestFqdnHostnames:setUpClass): 200 GET http://10.180.1.21/compute/v2.1/servers/9c4949ce-1c1c-45f4-9348-1201c2734c6e 0.079s
2025-03-12 09:14:23.762 68523 INFO tempest.lib.common.rest_client [req-888bc568-06e7-4fab-a594-56d6dc3fccbe req-888bc568-06e7-4fab-a594-56d6dc3fccbe ] Request (FloatingIPsAssociationTestJSON:setUpClass): 200 GET http://10.180.1.21/compute/v2.1/servers/e4af90e9-9c17-4431-8771-2892bad388a0 0.090s
2025-03-12 09:14:23.822 68505 INFO tempest.lib.common.rest_client [req-88900715-441b-4bb0-8cf4-ec6b03c1197c req-88900715-441b-4bb0-8cf4-ec6b03c1197c ] Request (ImagesOneServerNegativeTestJSON:_run_cleanups): 200 GET http://10.180.1.21/compute/v2.1/servers/a518e6a0-7142-4a7b-a710-169c52edd3ee 0.102s
2025-03-12 09:14:23.875 68490 INFO tempest.lib.common.rest_client [req-0a0c0a72-5ea1-40e8-84a9-36ffa43283c0 req-0a0c0a72-5ea1-40e8-84a9-36ffa43283c0 ] Request (DeleteServersTestJSON:test_delete_active_server): 200 GET http://10.180.1.21/compute/v2.1/servers/39697361-2e54-45c5-b0f5-6995c2bc13d8 0.162s
2025-03-12 09:14:23.885 68490 INFO tempest.common.waiters [-] State transition "BUILD/spawning" ==> "ACTIVE/None" after 54 second wait
2025-03-12 09:14:23.888 68466 INFO tempest.lib.common.rest_client [req-3a8f3e3f-992f-4343-be30-08d8a5b5a6eb req-3a8f3e3f-992f-4343-be30-08d8a5b5a6eb ] Request (AttachInterfacesUnderV243Test:test_add_remove_fixed_ip): 200 GET http://10.180.1.21/compute/v2.1/servers/e751acc9-f68b-4f29-8b86-f16c2bbaae87 0.118s
2025-03-12 09:14:23.957 68500 INFO tempest.lib.common.rest_client [req-99a9b1d9-ddf7-4cd8-84be-8260c04bbce7 req-99a9b1d9-ddf7-4cd8-84be-8260c04bbce7 ] Request (ImagesOneServerTestJSON:tearDownClass): 200 GET http://10.180.1.21/compute/v2.1/servers/33d3c446-1267-4eb7-970b-af1013db456c 0.163s
2025-03-12 09:14:23.960 68484 INFO tempest.lib.common.rest_client [req-6c0514d6-c5a3-46d9-842a-9a397a855bfc req-6c0514d6-c5a3-46d9-842a-9a397a855bfc ] Request (ServerDiagnosticsV248Test:tearDownClass): 200 GET http://10.180.1.21/compute/v2.1/servers/6462c122-dc0f-4083-84f8-a472e61285b8 0.106s
2025-03-12 09:14:24.017 68476 INFO tempest.lib.common.rest_client [req-0d548498-38e7-4358-b1c0-f6c5d19c8c3e req-0d548498-38e7-4358-b1c0-f6c5d19c8c3e ] Request (AttachVolumeShelveTestJSON:test_attach_volume_shelved_or_offload_server): 200 GET http://10.180.1.21/compute/v2.1/servers/58ffa9ba-219e-4756-b125-9b9b00629b1e 0.154s
2025-03-12 09:14:24.054 68490 INFO tempest.lib.common.rest_client [req-7d7fd749-98ea-465c-be16-8ac52b1bc440 req-7d7fd749-98ea-465c-be16-8ac52b1bc440 ] Request (DeleteServersTestJSON:test_delete_active_server): 204 DELETE http://10.180.1.21/compute/v2.1/servers/39697361-2e54-45c5-b0f5-6995c2bc13d8 0.168s
2025-03-12 09:14:24.087 68474 INFO tempest.lib.common.rest_client [req-be4d3618-bf34-4b8d-987e-2189cc1fbd88 req-be4d3618-bf34-4b8d-987e-2189cc1fbd88 ] Request (ServerAddressesTestJSON:tearDownClass): 200 GET http://10.180.1.21/compute/v2.1/servers/f0d040bc-68b5-4e45-b854-775936dae98c 0.153s
2025-03-12 09:14:24.121 68518 INFO tempest.lib.common.rest_client [req-e5a50914-9b44-48c8-b138-797c994e0674 req-e5a50914-9b44-48c8-b138-797c994e0674 ] Request (InstanceActionsTestJSON:tearDownClass): 200 GET http://10.180.1.21/compute/v2.1/servers/cc25ab8d-527a-4c21-8993-cb16b7228d70 0.178s
2025-03-12 09:14:24.196 68492 INFO tempest.lib.common.rest_client [req-7f14d320-a946-4dc5-bd76-fc9b9e8943d9 req-7f14d320-a946-4dc5-bd76-fc9b9e8943d9 ] Request (DeleteServersAdminTestJSON:test_delete_server_while_in_error_state): 200 GET http://10.180.1.21/compute/v2.1/servers/f23b2dae-688d-48ed-8912-92548a355f33 0.058s
2025-03-12 09:14:24.212 68490 INFO tempest.lib.common.rest_client [req-cfb294f4-975d-483e-989b-86ee29965e54 req-cfb294f4-975d-483e-989b-86ee29965e54 ] Request (DeleteServersTestJSON:test_delete_active_server): 200 GET http://10.180.1.21/compute/v2.1/servers/39697361-2e54-45c5-b0f5-6995c2bc13d8 0.158s
2025-03-12 09:14:24.260 68488 INFO tempest.lib.common.rest_client [req-26be8bd9-cc6b-4367-8c9c-4c179913c406 req-26be8bd9-cc6b-4367-8c9c-4c179913c406 ] Request (SecurityGroupsTestJSON:test_list_security_groups_by_server): 200 GET http://10.180.1.21/compute/v2.1/servers/8ae09ca9-6d7f-41a2-ad2d-f138e2c29433 0.103s
2025-03-12 09:14:24.286 68516 INFO tempest.lib.common.rest_client [req-869937c8-08e4-4bc0-9bfd-c98ee0075a31 req-869937c8-08e4-4bc0-9bfd-c98ee0075a31 ] Request (AttachInterfacesTestJSON:test_create_list_show_delete_interfaces_by_fixed_ip): 200 GET http://10.180.1.21/compute/v2.1/servers/941df5cb-677e-421e-b32a-ced3e69257bb 0.100s
2025-03-12 09:14:24.308 68480 INFO tempest.lib.common.rest_client [req-835328d7-bf7a-44d9-b3a6-b5854dd989ef req-835328d7-bf7a-44d9-b3a6-b5854dd989ef ] Request (ServersTestJSON:test_create_server_specify_multibyte_character_name): 200 GET http://10.180.1.21/compute/v2.1/servers/22b1aa51-4faf-46cc-8047-aeed803bbaeb 0.083s
2025-03-12 09:14:24.350 68462 INFO tempest.lib.common.rest_client [req-91d36b05-1686-4bb5-83fe-43ef17df7a7b req-91d36b05-1686-4bb5-83fe-43ef17df7a7b ] Request (MigrationsAdminTest:test_resize_server_revert_deleted_flavor): 200 GET http://10.180.1.21/compute/v2.1/servers/d7104546-8dde-4cca-9151-45ec1afb3f2a 0.061s
2025-03-12 09:14:24.403 68498 INFO tempest.lib.common.rest_client [req-c91f8ddf-faab-4cbc-8580-fcc7b6d7a1a6 req-c91f8ddf-faab-4cbc-8580-fcc7b6d7a1a6 ] Request (ServersTestFqdnHostnames:test_create_server_with_fqdn_name): 200 GET http://10.180.1.21/compute/v2.1/servers/11adde73-5bff-4603-baa6-900887998828 0.059s
2025-03-12 09:14:24.412 68506 WARNING tempest.lib.common.ssh [-] Failed to establish authenticated ssh connection to cirros@10.180.180.128 ([Errno None] Unable to connect to port 22 on 10.180.180.128). Number attempts: 9. Retry after 10 seconds.: paramiko.ssh_exception.NoValidConnectionsError: [Errno None] Unable to connect to port 22 on 10.180.180.128
2025-03-12 09:14:24.498 68478 INFO tempest.lib.common.rest_client [req-13c1dafc-5bfc-43c7-ae4e-99200edff017 req-13c1dafc-5bfc-43c7-ae4e-99200edff017 ] Request (ServersAdminNegativeTestJSON:tearDownClass): 200 GET http://10.180.1.21/compute/v2.1/servers/06b09205-14aa-4166-81f6-ce6f44dc826e 0.065s
2025-03-12 09:14:24.545 68468 INFO tempest.lib.common.rest_client [req-8432fbe9-2f63-4923-8884-607431d24915 req-8432fbe9-2f63-4923-8884-607431d24915 ] Request (ListImageFiltersTestJSON:setUpClass): 200 GET http://10.180.1.21/compute/v2.1/servers/bec2b37d-ba84-42f7-8506-0b5868e7fa7a 0.062s
2025-03-12 09:14:24.585 68510 INFO tempest.lib.common.rest_client [req-f19e6850-647b-4397-b52c-295136f758ce req-f19e6850-647b-4397-b52c-295136f758ce ] Request (ServerDiskConfigTestJSON:test_rebuild_server_with_auto_disk_config): 200 GET http://10.180.1.21/compute/v2.1/servers/665a3f40-d12f-4e99-b3d2-53e137897226 0.054s
2025-03-12 09:14:24.628 68482 INFO tempest.lib.common.rest_client [req-66dfb8eb-567c-400b-93d3-8db90baee7a4 req-66dfb8eb-567c-400b-93d3-8db90baee7a4 ] Request (MultipleCreateTestJSON:test_multiple_create_with_reservation_return): 200 GET http://10.180.1.21/compute/v2.1/servers/90f0a81c-dfe5-4ba0-8603-890db1cee214 0.051s
2025-03-12 09:14:24.694 68502 INFO tempest.lib.common.rest_client [req-aa92c7d7-38eb-4c13-b9e9-ebd10d2da92b req-aa92c7d7-38eb-4c13-b9e9-ebd10d2da92b ] Request (ServerAddressesNegativeTestJSON:tearDownClass): 200 GET http://10.180.1.21/compute/v2.1/servers/6a07635b-5b0c-4d02-94dc-2c6cd34b95b5 0.062s
2025-03-12 09:14:24.749 68496 INFO tempest.lib.common.rest_client [req-f5b0b27a-6a4d-4524-b8f9-bae521266dc5 req-f5b0b27a-6a4d-4524-b8f9-bae521266dc5 ] Request (ServersAdminTestJSON:test_inject_network_info): 200 GET http://10.180.1.21/compute/v2.1/servers/daf16a4a-cdcc-487f-99db-6600425b356a 0.067s
2025-03-12 09:14:24.798 68512 INFO tempest.lib.common.rest_client [req-8f08ce99-e4c5-4aed-8a57-e2a9fdacd609 req-8f08ce99-e4c5-4aed-8a57-e2a9fdacd609 ] Request (ImagesTestJSON:test_create_image_from_suspended_server): 200 GET http://10.180.1.21/compute/v2.1/servers/5938f3b0-bec5-4515-8191-de835d6f9a7f 0.065s
2025-03-12 09:14:24.806 68470 INFO tempest.lib.common.rest_client [req-aa108274-4aae-4853-8aa5-a6152d16538d req-aa108274-4aae-4853-8aa5-a6152d16538d ] Request (ServersV294TestFqdnHostnames:setUpClass): 200 GET http://10.180.1.21/compute/v2.1/servers/9c4949ce-1c1c-45f4-9348-1201c2734c6e 0.059s
2025-03-12 09:14:24.855 68523 INFO tempest.lib.common.rest_client [req-bcec4aef-ccf1-4906-8b38-1722dccca096 req-bcec4aef-ccf1-4906-8b38-1722dccca096 ] Request (FloatingIPsAssociationTestJSON:setUpClass): 200 GET http://10.180.1.21/compute/v2.1/servers/e4af90e9-9c17-4431-8771-2892bad388a0 0.084s
2025-03-12 09:14:24.905 68505 INFO tempest.lib.common.rest_client [req-9ca41d50-d754-4767-9722-5ffc04ffb0de req-9ca41d50-d754-4767-9722-5ffc04ffb0de ] Request (ImagesOneServerNegativeTestJSON:_run_cleanups): 200 GET http://10.180.1.21/compute/v2.1/servers/a518e6a0-7142-4a7b-a710-169c52edd3ee 0.074s
2025-03-12 09:14:24.958 68466 INFO tempest.lib.common.rest_client [req-b2c0afaf-4adb-4735-9826-d9b1d8c13acb req-b2c0afaf-4adb-4735-9826-d9b1d8c13acb ] Request (AttachInterfacesUnderV243Test:test_add_remove_fixed_ip): 200 GET http://10.180.1.21/compute/v2.1/servers/e751acc9-f68b-4f29-8b86-f16c2bbaae87 0.055s
2025-03-12 09:14:24.994 68484 INFO tempest.lib.common.rest_client [req-bea2fa75-5033-43a8-8786-81a4652e89c9 req-bea2fa75-5033-43a8-8786-81a4652e89c9 ] Request (ServerDiagnosticsV248Test:tearDownClass): 404 GET http://10.180.1.21/compute/v2.1/servers/6462c122-dc0f-4083-84f8-a472e61285b8 0.024s
2025-03-12 09:14:25.037 68500 INFO tempest.lib.common.rest_client [req-81e45499-063c-4360-831e-5dfc615d7607 req-81e45499-063c-4360-831e-5dfc615d7607 ] Request (ImagesOneServerTestJSON:tearDownClass): 200 GET http://10.180.1.21/compute/v2.1/servers/33d3c446-1267-4eb7-970b-af1013db456c 0.070s
2025-03-12 09:14:25.075 68484 INFO tempest.lib.common.rest_client [req-060a8fad-f935-4e82-ba00-8b110f2da718 req-060a8fad-f935-4e82-ba00-8b110f2da718 ] Request (ServerDiagnosticsV248Test:tearDownClass): 204 DELETE http://10.180.1.21/identity/v3/users/ff5761a48ee44fe4bdfba4c7cf15ab1f 0.080s
2025-03-12 09:14:25.095 68476 INFO tempest.lib.common.rest_client [req-fcb0ce35-75d4-4bb5-bbc4-8d2cfadb9d69 req-fcb0ce35-75d4-4bb5-bbc4-8d2cfadb9d69 ] Request (AttachVolumeShelveTestJSON:test_attach_volume_shelved_or_offload_server): 200 GET http://10.180.1.21/compute/v2.1/servers/58ffa9ba-219e-4756-b125-9b9b00629b1e 0.063s
2025-03-12 09:14:25.167 68474 INFO tempest.lib.common.rest_client [req-eeb6f1dd-b81f-45a2-8ae1-004d99e70512 req-eeb6f1dd-b81f-45a2-8ae1-004d99e70512 ] Request (ServerAddressesTestJSON:tearDownClass): 200 GET http://10.180.1.21/compute/v2.1/servers/f0d040bc-68b5-4e45-b854-775936dae98c 0.069s
2025-03-12 09:14:25.182 68484 INFO tempest.lib.common.rest_client [req-293e6c1a-d0b8-4e7b-84c1-57fca97cd748 req-293e6c1a-d0b8-4e7b-84c1-57fca97cd748 ] Request (ServerDiagnosticsV248Test:tearDownClass): 204 DELETE http://10.180.1.21/identity/v3/users/74158ddd81454ed49a24541fa76fcca4 0.107s
2025-03-12 09:14:25.183 68484 INFO tempest.lib.common.dynamic_creds [-] Deleting project and security group for project: f3ec597d4d9f4335ab5437da09b109ba
2025-03-12 09:14:25.192 68518 INFO tempest.lib.common.rest_client [req-2b5ea039-f69c-48c4-9ad9-abf2093dd247 req-2b5ea039-f69c-48c4-9ad9-abf2093dd247 ] Request (InstanceActionsTestJSON:tearDownClass): 200 GET http://10.180.1.21/compute/v2.1/servers/cc25ab8d-527a-4c21-8993-cb16b7228d70 0.060s
2025-03-12 09:14:25.245 68484 INFO tempest.lib.common.rest_client [req-e187b052-dfc6-402b-898b-5fbeac783ddd req-e187b052-dfc6-402b-898b-5fbeac783ddd ] Request (ServerDiagnosticsV248Test:tearDownClass): 201 POST http://10.180.1.21/identity/v3/auth/tokens 0.062s
2025-03-12 09:14:25.282 68492 INFO tempest.lib.common.rest_client [req-331994a4-fddd-405c-a6ce-0c5283746d25 req-331994a4-fddd-405c-a6ce-0c5283746d25 ] Request (DeleteServersAdminTestJSON:test_delete_server_while_in_error_state): 200 GET http://10.180.1.21/compute/v2.1/servers/f23b2dae-688d-48ed-8912-92548a355f33 0.077s
2025-03-12 09:14:25.339 68488 INFO tempest.lib.common.rest_client [req-36f6fdb3-e3e7-45c4-b34b-306586a21775 req-36f6fdb3-e3e7-45c4-b34b-306586a21775 ] Request (SecurityGroupsTestJSON:test_list_security_groups_by_server): 200 GET http://10.180.1.21/compute/v2.1/servers/8ae09ca9-6d7f-41a2-ad2d-f138e2c29433 0.070s
2025-03-12 09:14:25.349 68490 INFO tempest.lib.common.rest_client [req-d2be0a73-a5bd-432f-a4fc-a1a8e350a06e req-d2be0a73-a5bd-432f-a4fc-a1a8e350a06e ] Request (DeleteServersTestJSON:test_delete_active_server): 200 GET http://10.180.1.21/compute/v2.1/servers/39697361-2e54-45c5-b0f5-6995c2bc13d8 0.126s
2025-03-12 09:14:25.389 68516 INFO tempest.lib.common.rest_client [req-5be76032-d851-4ac0-8c54-188f33dd513f req-5be76032-d851-4ac0-8c54-188f33dd513f ] Request (AttachInterfacesTestJSON:test_create_list_show_delete_interfaces_by_fixed_ip): 200 GET http://10.180.1.21/compute/v2.1/servers/941df5cb-677e-421e-b32a-ced3e69257bb 0.092s
2025-03-12 09:14:25.405 68480 INFO tempest.lib.common.rest_client [req-7ac9a849-f17c-4ddc-bf3e-352400f35b09 req-7ac9a849-f17c-4ddc-bf3e-352400f35b09 ] Request (ServersTestJSON:test_create_server_specify_multibyte_character_name): 200 GET http://10.180.1.21/compute/v2.1/servers/22b1aa51-4faf-46cc-8047-aeed803bbaeb 0.083s
2025-03-12 09:14:25.429 68484 INFO tempest.lib.common.rest_client [req-1740e1f7-dff2-49cb-8866-6410769509ff req-1740e1f7-dff2-49cb-8866-6410769509ff ] Request (ServerDiagnosticsV248Test:tearDownClass): 200 GET http://10.180.1.21:9696/networking/v2.0/security-groups?tenant_id=f3ec597d4d9f4335ab5437da09b109ba&name=default 0.184s
2025-03-12 09:14:25.437 68462 INFO tempest.lib.common.rest_client [req-aa28b776-a71f-45e0-bc65-1bb15a8a26d5 req-aa28b776-a71f-45e0-bc65-1bb15a8a26d5 ] Request (MigrationsAdminTest:test_resize_server_revert_deleted_flavor): 200 GET http://10.180.1.21/compute/v2.1/servers/d7104546-8dde-4cca-9151-45ec1afb3f2a 0.071s
2025-03-12 09:14:25.444 68462 INFO tempest.common.waiters [-] State transition "BUILD/scheduling" ==> "BUILD/None" after 24 second wait
2025-03-12 09:14:25.464 68498 INFO tempest.lib.common.rest_client [req-1f2b9e32-7bbf-4f24-9078-3e84dd603c04 req-1f2b9e32-7bbf-4f24-9078-3e84dd603c04 ] Request (ServersTestFqdnHostnames:test_create_server_with_fqdn_name): 200 GET http://10.180.1.21/compute/v2.1/servers/11adde73-5bff-4603-baa6-900887998828 0.051s
2025-03-12 09:14:25.548 68484 INFO tempest.lib.common.rest_client [req-887d1688-9031-4f91-8182-cee482b50ebe req-887d1688-9031-4f91-8182-cee482b50ebe ] Request (ServerDiagnosticsV248Test:tearDownClass): 204 DELETE http://10.180.1.21:9696/networking/v2.0/security-groups/7a3b5e8f-3817-4e53-833b-06c5b10fff75 0.118s
2025-03-12 09:14:25.563 68478 INFO tempest.lib.common.rest_client [req-5eb5b269-7b88-40f4-bced-b22dd9600d5f req-5eb5b269-7b88-40f4-bced-b22dd9600d5f ] Request (ServersAdminNegativeTestJSON:tearDownClass): 200 GET http://10.180.1.21/compute/v2.1/servers/06b09205-14aa-4166-81f6-ce6f44dc826e 0.054s
2025-03-12 09:14:25.602 68484 INFO tempest.lib.common.rest_client [req-a32c6055-d7d8-4a3e-87f5-d7a47a7afd10 req-a32c6055-d7d8-4a3e-87f5-d7a47a7afd10 ] Request (ServerDiagnosticsV248Test:tearDownClass): 204 DELETE http://10.180.1.21/identity/v3/projects/f3ec597d4d9f4335ab5437da09b109ba 0.054s
2025-03-12 09:14:25.603 68484 INFO tempest.lib.common.dynamic_creds [-] Deleting project and security group for project: 0a04a19127504952ab02cf31d1f3498b
2025-03-12 09:14:25.608 68468 INFO tempest.lib.common.rest_client [req-9db75ef2-8ae4-40b3-afeb-71e7c6d7affb req-9db75ef2-8ae4-40b3-afeb-71e7c6d7affb ] Request (ListImageFiltersTestJSON:setUpClass): 200 GET http://10.180.1.21/compute/v2.1/servers/bec2b37d-ba84-42f7-8506-0b5868e7fa7a 0.052s
2025-03-12 09:14:25.653 68510 INFO tempest.lib.common.rest_client [req-a5b88778-bed9-4cae-8f40-1e3a0ce0c18c req-a5b88778-bed9-4cae-8f40-1e3a0ce0c18c ] Request (ServerDiskConfigTestJSON:test_rebuild_server_with_auto_disk_config): 200 GET http://10.180.1.21/compute/v2.1/servers/665a3f40-d12f-4e99-b3d2-53e137897226 0.061s
2025-03-12 09:14:25.694 68482 INFO tempest.lib.common.rest_client [req-1714570b-46ed-417e-b2db-98030470e628 req-1714570b-46ed-417e-b2db-98030470e628 ] Request (MultipleCreateTestJSON:test_multiple_create_with_reservation_return): 200 GET http://10.180.1.21/compute/v2.1/servers/90f0a81c-dfe5-4ba0-8603-890db1cee214 0.055s
2025-03-12 09:14:25.716 68484 INFO tempest.lib.common.rest_client [req-62c11328-7d41-4f55-8bd4-03d2d98ef6c1 req-62c11328-7d41-4f55-8bd4-03d2d98ef6c1 ] Request (ServerDiagnosticsV248Test:tearDownClass): 200 GET http://10.180.1.21:9696/networking/v2.0/security-groups?tenant_id=0a04a19127504952ab02cf31d1f3498b&name=default 0.112s
2025-03-12 09:14:25.770 68502 INFO tempest.lib.common.rest_client [req-dc6624eb-aeb2-4ae2-b10b-05a38e75f0b9 req-dc6624eb-aeb2-4ae2-b10b-05a38e75f0b9 ] Request (ServerAddressesNegativeTestJSON:tearDownClass): 200 GET http://10.180.1.21/compute/v2.1/servers/6a07635b-5b0c-4d02-94dc-2c6cd34b95b5 0.062s
2025-03-12 09:14:25.798 68484 INFO tempest.lib.common.rest_client [req-f65c7040-edf6-4bfd-b691-f6e5e33cf540 req-f65c7040-edf6-4bfd-b691-f6e5e33cf540 ] Request (ServerDiagnosticsV248Test:tearDownClass): 204 DELETE http://10.180.1.21:9696/networking/v2.0/security-groups/0bf35830-2cf3-4aee-9c4d-b816418e8404 0.081s
2025-03-12 09:14:25.810 68496 INFO tempest.lib.common.rest_client [req-04a32d08-14db-4758-aecd-9c5d8c5e2ce1 req-04a32d08-14db-4758-aecd-9c5d8c5e2ce1 ] Request (ServersAdminTestJSON:test_inject_network_info): 200 GET http://10.180.1.21/compute/v2.1/servers/daf16a4a-cdcc-487f-99db-6600425b356a 0.053s
2025-03-12 09:14:25.867 68512 INFO tempest.lib.common.rest_client [req-610b71ca-892f-47a0-97be-bfe106bc4fd2 req-610b71ca-892f-47a0-97be-bfe106bc4fd2 ] Request (ImagesTestJSON:test_create_image_from_suspended_server): 200 GET http://10.180.1.21/compute/v2.1/servers/5938f3b0-bec5-4515-8191-de835d6f9a7f 0.056s
2025-03-12 09:14:25.887 68470 INFO tempest.lib.common.rest_client [req-e9b40645-78cd-4055-a0f7-034f8cf7868b req-e9b40645-78cd-4055-a0f7-034f8cf7868b ] Request (ServersV294TestFqdnHostnames:setUpClass): 200 GET http://10.180.1.21/compute/v2.1/servers/9c4949ce-1c1c-45f4-9348-1201c2734c6e 0.063s
2025-03-12 09:14:25.890 68484 INFO tempest.lib.common.rest_client [req-9dbed509-eae7-44cd-b2e6-4d4c5a02e26b req-9dbed509-eae7-44cd-b2e6-4d4c5a02e26b ] Request (ServerDiagnosticsV248Test:tearDownClass): 204 DELETE http://10.180.1.21/identity/v3/projects/0a04a19127504952ab02cf31d1f3498b 0.091s
2025-03-12 09:14:25.914 68523 INFO tempest.lib.common.rest_client [req-3074010d-66f5-4d70-8af9-f9d18d2ee664 req-3074010d-66f5-4d70-8af9-f9d18d2ee664 ] Request (FloatingIPsAssociationTestJSON:setUpClass): 200 GET http://10.180.1.21/compute/v2.1/servers/e4af90e9-9c17-4431-8771-2892bad388a0 0.052s
2025-03-12 09:14:25.951 68484 INFO tempest.lib.common.rest_client [req-1240fa23-c3ac-44bb-b4ba-be90be72f2b0 req-1240fa23-c3ac-44bb-b4ba-be90be72f2b0 ] Request (AZV2TestJSON:setUpClass): 201 POST http://10.180.1.21/identity/v3/auth/tokens 0.060s
2025-03-12 09:14:25.970 68505 INFO tempest.lib.common.rest_client [req-930f0a2e-1660-4e8f-b1dd-36167fa51d5b req-930f0a2e-1660-4e8f-b1dd-36167fa51d5b ] Request (ImagesOneServerNegativeTestJSON:_run_cleanups): 200 GET http://10.180.1.21/compute/v2.1/servers/a518e6a0-7142-4a7b-a710-169c52edd3ee 0.054s
2025-03-12 09:14:25.978 68484 INFO tempest.lib.common.rest_client [req-8e483483-f465-499c-b253-781955263f66 req-8e483483-f465-499c-b253-781955263f66 ] Request (AZV2TestJSON:setUpClass): 201 POST http://10.180.1.21/identity/v3/auth/tokens 0.024s
2025-03-12 09:14:26.000 68484 INFO tempest.lib.common.rest_client [req-7433a16c-a114-4542-afbf-92d50f598c71 req-7433a16c-a114-4542-afbf-92d50f598c71 ] Request (AZV2TestJSON:setUpClass): 200 GET http://10.180.1.21/identity/v3/domains?name=Default 0.022s
2025-03-12 09:14:26.017 68466 INFO tempest.lib.common.rest_client [req-7f967171-a72b-40b5-8228-56101ebbabc4 req-7f967171-a72b-40b5-8228-56101ebbabc4 ] Request (AttachInterfacesUnderV243Test:test_add_remove_fixed_ip): 200 GET http://10.180.1.21/compute/v2.1/servers/e751acc9-f68b-4f29-8b86-f16c2bbaae87 0.050s
2025-03-12 09:14:26.028 68484 INFO tempest.lib.common.rest_client [req-ecb3a490-9113-4d92-8efd-3af977c8f1d3 req-ecb3a490-9113-4d92-8efd-3af977c8f1d3 ] Request (AZV2TestJSON:setUpClass): 201 POST http://10.180.1.21/identity/v3/projects 0.028s
2025-03-12 09:14:26.079 68484 INFO tempest.lib.common.rest_client [req-f71f1ac7-4300-47cf-b745-80582369bec4 req-f71f1ac7-4300-47cf-b745-80582369bec4 ] Request (AZV2TestJSON:setUpClass): 201 POST http://10.180.1.21/identity/v3/users 0.050s
2025-03-12 09:14:26.099 68484 INFO tempest.lib.common.rest_client [req-5b5c2f55-fb62-45f6-9749-64a7a3720905 req-5b5c2f55-fb62-45f6-9749-64a7a3720905 ] Request (AZV2TestJSON:setUpClass): 200 GET http://10.180.1.21/identity/v3/roles 0.020s
2025-03-12 09:14:26.104 68500 INFO tempest.lib.common.rest_client [req-ef1ba221-a550-4b52-bd8e-147e9a229454 req-ef1ba221-a550-4b52-bd8e-147e9a229454 ] Request (ImagesOneServerTestJSON:tearDownClass): 200 GET http://10.180.1.21/compute/v2.1/servers/33d3c446-1267-4eb7-970b-af1013db456c 0.056s
2025-03-12 09:14:26.123 68484 INFO tempest.lib.common.rest_client [req-d1eeb600-6480-4cac-9cc0-6033943b2040 req-d1eeb600-6480-4cac-9cc0-6033943b2040 ] Request (AZV2TestJSON:setUpClass): 204 PUT http://10.180.1.21/identity/v3/projects/42ab401dc4d84072bcd6c321b25505ca/users/8516f8f39dbb454ab08fddb947bc43c9/roles/62f0c8c530ae4f3dbecf3cbebfb95666 0.023s
2025-03-12 09:14:26.123 68484 INFO tempest.lib.common.dynamic_creds [-] Dynamic test user 8516f8f39dbb454ab08fddb947bc43c9 is created with scope project and roles: ['member']
2025-03-12 09:14:26.123 68484 INFO tempest.lib.common.dynamic_creds [-] Acquired dynamic creds: credentials: Credentials: {'domain_id': 'default', 'domain_name': 'Default', 'username': 'tempest-AZV2TestJSON-965881862-project-member', 'project_domain_id': 'default', 'project_domain_name': 'Default', 'project_id': '42ab401dc4d84072bcd6c321b25505ca', 'project_name': 'tempest-AZV2TestJSON-965881862', 'tenant_id': '42ab401dc4d84072bcd6c321b25505ca', 'tenant_name': 'tempest-AZV2TestJSON-965881862', 'user_domain_id': 'default', 'user_domain_name': 'Default', 'user_id': '8516f8f39dbb454ab08fddb947bc43c9', 'system': None}, Network: None, Subnet: None, Router: None
2025-03-12 09:14:26.123 68484 INFO tempest.lib.common.dynamic_creds [-] Created isolated network resources for: credentials: Credentials: {'domain_id': 'default', 'domain_name': 'Default', 'username': 'tempest-AZV2TestJSON-965881862-project-member', 'project_domain_id': 'default', 'project_domain_name': 'Default', 'project_id': '42ab401dc4d84072bcd6c321b25505ca', 'project_name': 'tempest-AZV2TestJSON-965881862', 'tenant_id': '42ab401dc4d84072bcd6c321b25505ca', 'tenant_name': 'tempest-AZV2TestJSON-965881862', 'user_domain_id': 'default', 'user_domain_name': 'Default', 'user_id': '8516f8f39dbb454ab08fddb947bc43c9', 'system': None}, Network: None, Subnet: None, Router: None
2025-03-12 09:14:26.164 68476 INFO tempest.lib.common.rest_client [req-e8db7194-82f6-4af2-9743-a2e1cad24beb req-e8db7194-82f6-4af2-9743-a2e1cad24beb ] Request (AttachVolumeShelveTestJSON:test_attach_volume_shelved_or_offload_server): 200 GET http://10.180.1.21/compute/v2.1/servers/58ffa9ba-219e-4756-b125-9b9b00629b1e 0.054s
2025-03-12 09:14:26.192 68484 INFO tempest.lib.common.rest_client [req-d6a97eba-eaa9-4207-aab2-8ddcd310d3b4 req-d6a97eba-eaa9-4207-aab2-8ddcd310d3b4 ] Request (AZV2TestJSON:setUpClass): 201 POST http://10.180.1.21/identity/v3/auth/tokens 0.066s
2025-03-12 09:14:26.244 68474 INFO tempest.lib.common.rest_client [req-f4e5a23b-dd9d-4036-9ce8-955c7ca7147b req-f4e5a23b-dd9d-4036-9ce8-955c7ca7147b ] Request (ServerAddressesTestJSON:tearDownClass): 200 GET http://10.180.1.21/compute/v2.1/servers/f0d040bc-68b5-4e45-b854-775936dae98c 0.070s
2025-03-12 09:14:26.271 68484 INFO tempest.lib.common.rest_client [req-23002c46-c0ae-4f36-90bc-dbe3ecac3eca req-23002c46-c0ae-4f36-90bc-dbe3ecac3eca ] Request (AZV2TestJSON:test_get_availability_zone_list_with_non_admin_user): 200 GET http://10.180.1.21/compute/v2.1/os-availability-zone 0.077s
2025-03-12 09:14:26.309 68518 INFO tempest.lib.common.rest_client [req-50c2dc45-61c4-43b9-8a4a-fd1cceff45ce req-50c2dc45-61c4-43b9-8a4a-fd1cceff45ce ] Request (InstanceActionsTestJSON:tearDownClass): 200 GET http://10.180.1.21/compute/v2.1/servers/cc25ab8d-527a-4c21-8993-cb16b7228d70 0.110s
2025-03-12 09:14:26.349 68492 INFO tempest.lib.common.rest_client [req-c687a4ae-3c90-484b-8632-ce78f79b07ce req-c687a4ae-3c90-484b-8632-ce78f79b07ce ] Request (DeleteServersAdminTestJSON:test_delete_server_while_in_error_state): 200 GET http://10.180.1.21/compute/v2.1/servers/f23b2dae-688d-48ed-8912-92548a355f33 0.059s
2025-03-12 09:14:26.363 68484 INFO tempest.lib.common.rest_client [req-939b91a1-bad5-4ebf-b473-25cc0b28c63b req-939b91a1-bad5-4ebf-b473-25cc0b28c63b ] Request (AZV2TestJSON:tearDownClass): 204 DELETE http://10.180.1.21/identity/v3/users/8516f8f39dbb454ab08fddb947bc43c9 0.089s
2025-03-12 09:14:26.364 68484 INFO tempest.lib.common.dynamic_creds [-] Deleting project and security group for project: 42ab401dc4d84072bcd6c321b25505ca
2025-03-12 09:14:26.399 68488 INFO tempest.lib.common.rest_client [req-e54c05e8-6b09-454c-a89c-8fab94934838 req-e54c05e8-6b09-454c-a89c-8fab94934838 ] Request (SecurityGroupsTestJSON:test_list_security_groups_by_server): 200 GET http://10.180.1.21/compute/v2.1/servers/8ae09ca9-6d7f-41a2-ad2d-f138e2c29433 0.052s
2025-03-12 09:14:26.428 68484 INFO tempest.lib.common.rest_client [req-34411ed5-9e3b-466f-9816-4e35f90db4c6 req-34411ed5-9e3b-466f-9816-4e35f90db4c6 ] Request (AZV2TestJSON:tearDownClass): 201 POST http://10.180.1.21/identity/v3/auth/tokens 0.064s
2025-03-12 09:14:26.464 68490 INFO tempest.lib.common.rest_client [req-e7962721-cdba-4b71-a15a-3e192dec1635 req-e7962721-cdba-4b71-a15a-3e192dec1635 ] Request (DeleteServersTestJSON:test_delete_active_server): 200 GET http://10.180.1.21/compute/v2.1/servers/39697361-2e54-45c5-b0f5-6995c2bc13d8 0.107s
2025-03-12 09:14:26.467 68516 INFO tempest.lib.common.rest_client [req-abda8b7a-6e05-47fb-9e90-31bad372f964 req-abda8b7a-6e05-47fb-9e90-31bad372f964 ] Request (AttachInterfacesTestJSON:test_create_list_show_delete_interfaces_by_fixed_ip): 200 GET http://10.180.1.21/compute/v2.1/servers/941df5cb-677e-421e-b32a-ced3e69257bb 0.067s
2025-03-12 09:14:26.522 68480 INFO tempest.lib.common.rest_client [req-9407f24f-1a76-4e2e-b638-7d1be70bd7a2 req-9407f24f-1a76-4e2e-b638-7d1be70bd7a2 ] Request (ServersTestJSON:test_create_server_specify_multibyte_character_name): 200 GET http://10.180.1.21/compute/v2.1/servers/22b1aa51-4faf-46cc-8047-aeed803bbaeb 0.110s
2025-03-12 09:14:26.524 68462 INFO tempest.lib.common.rest_client [req-5aa35f79-2961-414f-bedf-37b34fdd3677 req-5aa35f79-2961-414f-bedf-37b34fdd3677 ] Request (MigrationsAdminTest:test_resize_server_revert_deleted_flavor): 200 GET http://10.180.1.21/compute/v2.1/servers/d7104546-8dde-4cca-9151-45ec1afb3f2a 0.078s
2025-03-12 09:14:26.593 68498 INFO tempest.lib.common.rest_client [req-679bbc5a-bdda-4579-ae65-a2095ce196c6 req-679bbc5a-bdda-4579-ae65-a2095ce196c6 ] Request (ServersTestFqdnHostnames:test_create_server_with_fqdn_name): 200 GET http://10.180.1.21/compute/v2.1/servers/11adde73-5bff-4603-baa6-900887998828 0.122s
2025-03-12 09:14:26.613 68484 INFO tempest.lib.common.rest_client [req-a481dc2f-8577-47b4-a640-70c28984a443 req-a481dc2f-8577-47b4-a640-70c28984a443 ] Request (AZV2TestJSON:tearDownClass): 200 GET http://10.180.1.21:9696/networking/v2.0/security-groups?tenant_id=42ab401dc4d84072bcd6c321b25505ca&name=default 0.185s
2025-03-12 09:14:26.635 68478 INFO tempest.lib.common.rest_client [req-25ba0c33-082e-4bf5-b44d-48f3fdac5f22 req-25ba0c33-082e-4bf5-b44d-48f3fdac5f22 ] Request (ServersAdminNegativeTestJSON:tearDownClass): 200 GET http://10.180.1.21/compute/v2.1/servers/06b09205-14aa-4166-81f6-ce6f44dc826e 0.064s
2025-03-12 09:14:26.685 68468 INFO tempest.lib.common.rest_client [req-333639f6-985e-4d68-b5d7-23623398e737 req-333639f6-985e-4d68-b5d7-23623398e737 ] Request (ListImageFiltersTestJSON:setUpClass): 200 GET http://10.180.1.21/compute/v2.1/servers/bec2b37d-ba84-42f7-8506-0b5868e7fa7a 0.070s
2025-03-12 09:14:26.708 68484 INFO tempest.lib.common.rest_client [req-4f068acb-1d02-4906-ba3c-3035adc23515 req-4f068acb-1d02-4906-ba3c-3035adc23515 ] Request (AZV2TestJSON:tearDownClass): 204 DELETE http://10.180.1.21:9696/networking/v2.0/security-groups/1e6399fc-0d8c-4c16-953b-5427926f8a62 0.094s
2025-03-12 09:14:26.725 68510 INFO tempest.lib.common.rest_client [req-bcce36d4-17b2-4b8a-b95e-993d1e72e197 req-bcce36d4-17b2-4b8a-b95e-993d1e72e197 ] Request (ServerDiskConfigTestJSON:test_rebuild_server_with_auto_disk_config): 200 GET http://10.180.1.21/compute/v2.1/servers/665a3f40-d12f-4e99-b3d2-53e137897226 0.064s
2025-03-12 09:14:26.741 68514 WARNING tempest.lib.common.ssh [-] Failed to establish authenticated ssh connection to cirros@10.180.180.171 ([Errno None] Unable to connect to port 22 on 10.180.180.171). Number attempts: 2. Retry after 3 seconds.: paramiko.ssh_exception.NoValidConnectionsError: [Errno None] Unable to connect to port 22 on 10.180.180.171
2025-03-12 09:14:26.770 68482 INFO tempest.lib.common.rest_client [req-c0fa3533-e44a-494d-9480-5da7cf9d4d9f req-c0fa3533-e44a-494d-9480-5da7cf9d4d9f ] Request (MultipleCreateTestJSON:test_multiple_create_with_reservation_return): 200 GET http://10.180.1.21/compute/v2.1/servers/90f0a81c-dfe5-4ba0-8603-890db1cee214 0.068s
2025-03-12 09:14:26.777 68484 INFO tempest.lib.common.rest_client [req-4f6536f6-acc6-4ec3-bf46-b1c6b0b633de req-4f6536f6-acc6-4ec3-bf46-b1c6b0b633de ] Request (AZV2TestJSON:tearDownClass): 204 DELETE http://10.180.1.21/identity/v3/projects/42ab401dc4d84072bcd6c321b25505ca 0.069s
2025-03-12 09:14:26.854 68484 INFO tempest.lib.common.rest_client [req-aaa0fce2-efb4-4d65-abb0-dedf0bd1207c req-aaa0fce2-efb4-4d65-abb0-dedf0bd1207c ] Request (InstanceActionsV221TestJSON:setUpClass): 201 POST http://10.180.1.21/identity/v3/auth/tokens 0.075s
2025-03-12 09:14:26.855 68502 INFO tempest.lib.common.rest_client [req-11845e66-399e-450c-ab38-a3ae0b2daad0 req-11845e66-399e-450c-ab38-a3ae0b2daad0 ] Request (ServerAddressesNegativeTestJSON:tearDownClass): 200 GET http://10.180.1.21/compute/v2.1/servers/6a07635b-5b0c-4d02-94dc-2c6cd34b95b5 0.075s
2025-03-12 09:14:26.874 68496 INFO tempest.lib.common.rest_client [req-5c3ba503-beae-477c-a845-cb2b3109a7d1 req-5c3ba503-beae-477c-a845-cb2b3109a7d1 ] Request (ServersAdminTestJSON:test_inject_network_info): 200 GET http://10.180.1.21/compute/v2.1/servers/daf16a4a-cdcc-487f-99db-6600425b356a 0.056s
2025-03-12 09:14:26.890 68484 INFO tempest.lib.common.rest_client [req-5fcdce7a-894a-4d53-8471-6a016c5f80cd req-5fcdce7a-894a-4d53-8471-6a016c5f80cd ] Request (InstanceActionsV221TestJSON:setUpClass): 201 POST http://10.180.1.21/identity/v3/auth/tokens 0.033s
2025-03-12 09:14:26.916 68484 INFO tempest.lib.common.rest_client [req-4d9d848b-24cb-4b0c-8538-1497515dbef1 req-4d9d848b-24cb-4b0c-8538-1497515dbef1 ] Request (InstanceActionsV221TestJSON:setUpClass): 200 GET http://10.180.1.21/identity/v3/domains?name=Default 0.025s
2025-03-12 09:14:26.929 68512 INFO tempest.lib.common.rest_client [req-f87dae9f-22fc-4db4-88a5-b8f0158e32eb req-f87dae9f-22fc-4db4-88a5-b8f0158e32eb ] Request (ImagesTestJSON:test_create_image_from_suspended_server): 200 GET http://10.180.1.21/compute/v2.1/servers/5938f3b0-bec5-4515-8191-de835d6f9a7f 0.052s
2025-03-12 09:14:26.950 68484 INFO tempest.lib.common.rest_client [req-d6c5a263-ec0e-477f-9aba-071f422b5796 req-d6c5a263-ec0e-477f-9aba-071f422b5796 ] Request (InstanceActionsV221TestJSON:setUpClass): 201 POST http://10.180.1.21/identity/v3/projects 0.033s
2025-03-12 09:14:26.957 68470 INFO tempest.lib.common.rest_client [req-a7431803-ebe2-40b2-bb22-8a7a9312392b req-a7431803-ebe2-40b2-bb22-8a7a9312392b ] Request (ServersV294TestFqdnHostnames:setUpClass): 200 GET http://10.180.1.21/compute/v2.1/servers/9c4949ce-1c1c-45f4-9348-1201c2734c6e 0.059s
2025-03-12 09:14:26.987 68523 INFO tempest.lib.common.rest_client [req-3a068df2-af35-41db-8d69-587a99246137 req-3a068df2-af35-41db-8d69-587a99246137 ] Request (FloatingIPsAssociationTestJSON:setUpClass): 200 GET http://10.180.1.21/compute/v2.1/servers/e4af90e9-9c17-4431-8771-2892bad388a0 0.065s
2025-03-12 09:14:27.006 68484 INFO tempest.lib.common.rest_client [req-88dad158-6ab6-4270-853d-ba31e3df14d6 req-88dad158-6ab6-4270-853d-ba31e3df14d6 ] Request (InstanceActionsV221TestJSON:setUpClass): 201 POST http://10.180.1.21/identity/v3/users 0.056s
2025-03-12 09:14:27.029 68484 INFO tempest.lib.common.rest_client [req-6ce942da-c529-47c9-a3c9-764790d08d01 req-6ce942da-c529-47c9-a3c9-764790d08d01 ] Request (InstanceActionsV221TestJSON:setUpClass): 200 GET http://10.180.1.21/identity/v3/roles 0.022s
2025-03-12 09:14:27.034 68505 INFO tempest.lib.common.rest_client [req-dcf45acc-14f0-4d82-9a23-410f8c4ecb13 req-dcf45acc-14f0-4d82-9a23-410f8c4ecb13 ] Request (ImagesOneServerNegativeTestJSON:_run_cleanups): 200 GET http://10.180.1.21/compute/v2.1/servers/a518e6a0-7142-4a7b-a710-169c52edd3ee 0.057s
2025-03-12 09:14:27.055 68484 INFO tempest.lib.common.rest_client [req-c4d4fae1-5d1e-4b85-982c-e09ce6c18362 req-c4d4fae1-5d1e-4b85-982c-e09ce6c18362 ] Request (InstanceActionsV221TestJSON:setUpClass): 204 PUT http://10.180.1.21/identity/v3/projects/eed391a695ff49b881b557c8d2bbac42/users/7a922ce1214a4495954533944ea93e79/roles/62f0c8c530ae4f3dbecf3cbebfb95666 0.025s
2025-03-12 09:14:27.055 68484 INFO tempest.lib.common.dynamic_creds [-] Dynamic test user 7a922ce1214a4495954533944ea93e79 is created with scope project and roles: ['member']
2025-03-12 09:14:27.055 68484 INFO tempest.lib.common.dynamic_creds [-] Acquired dynamic creds: credentials: Credentials: {'domain_id': 'default', 'domain_name': 'Default', 'username': 'tempest-InstanceActionsV221TestJSON-1600154267-project-member', 'project_domain_id': 'default', 'project_domain_name': 'Default', 'project_id': 'eed391a695ff49b881b557c8d2bbac42', 'project_name': 'tempest-InstanceActionsV221TestJSON-1600154267', 'tenant_id': 'eed391a695ff49b881b557c8d2bbac42', 'tenant_name': 'tempest-InstanceActionsV221TestJSON-1600154267', 'user_domain_id': 'default', 'user_domain_name': 'Default', 'user_id': '7a922ce1214a4495954533944ea93e79', 'system': None}, Network: None, Subnet: None, Router: None
2025-03-12 09:14:27.110 68484 INFO tempest.lib.common.rest_client [req-f32ce4aa-c68f-4e55-8bf3-783f4be2733d req-f32ce4aa-c68f-4e55-8bf3-783f4be2733d ] Request (InstanceActionsV221TestJSON:setUpClass): 201 POST http://10.180.1.21/identity/v3/auth/tokens 0.055s
2025-03-12 09:14:27.136 68500 INFO tempest.lib.common.rest_client [req-42e4f667-e52f-4a52-8101-00123926291f req-42e4f667-e52f-4a52-8101-00123926291f ] Request (ImagesOneServerTestJSON:tearDownClass): 404 GET http://10.180.1.21/compute/v2.1/servers/33d3c446-1267-4eb7-970b-af1013db456c 0.024s
2025-03-12 09:14:27.238 68476 INFO tempest.lib.common.rest_client [req-e22c9306-22a3-4364-96ca-c495a705da95 req-e22c9306-22a3-4364-96ca-c495a705da95 ] Request (AttachVolumeShelveTestJSON:test_attach_volume_shelved_or_offload_server): 200 GET http://10.180.1.21/compute/v2.1/servers/58ffa9ba-219e-4756-b125-9b9b00629b1e 0.064s
2025-03-12 09:14:27.301 68466 INFO tempest.lib.common.rest_client [req-0fc0baa9-e331-449a-a049-e2f3f75da6d2 req-0fc0baa9-e331-449a-a049-e2f3f75da6d2 ] Request (AttachInterfacesUnderV243Test:test_add_remove_fixed_ip): 200 GET http://10.180.1.21/compute/v2.1/servers/e751acc9-f68b-4f29-8b86-f16c2bbaae87 0.277s
2025-03-12 09:14:27.314 68486 WARNING tempest.lib.common.ssh [-] Failed to establish authenticated ssh connection to cirros@10.180.180.172 ([Errno None] Unable to connect to port 22 on 10.180.180.172). Number attempts: 6. Retry after 7 seconds.: paramiko.ssh_exception.NoValidConnectionsError: [Errno None] Unable to connect to port 22 on 10.180.180.172
