2025-03-12 09:13:53.887 68492 INFO tempest.lib.common.rest_client [req-870d7ac5-7ef4-42d4-9b66-4592e996b331 req-870d7ac5-7ef4-42d4-9b66-4592e996b331 ] Request (DeleteServersAdminTestJSON:test_delete_server_while_in_error_state): 200 GET http://10.180.1.21/compute/v2.1/servers/f23b2dae-688d-48ed-8912-92548a355f33 0.073s
2025-03-12 09:13:53.915 68510 INFO tempest.lib.common.rest_client [req-4d0a78ad-3491-4ec8-9394-2ac4d51f08e2 req-4d0a78ad-3491-4ec8-9394-2ac4d51f08e2 ] Request (ServerDiskConfigTestJSON:test_rebuild_server_with_auto_disk_config): 200 GET http://10.180.1.21/compute/v2.1/servers/665a3f40-d12f-4e99-b3d2-53e137897226 0.090s
2025-03-12 09:13:53.958 68480 INFO tempest.lib.common.rest_client [req-1368e49e-592b-44ac-aa5f-9f3a48afba4b req-1368e49e-592b-44ac-aa5f-9f3a48afba4b ] Request (ServerRescueTestJSONUnderV235:tearDownClass): 200 GET http://10.180.1.21/compute/v2.1/servers/ff322f86-8e94-43e4-9c39-c133ac8ee7ca 0.071s
2025-03-12 09:13:53.972 68468 INFO tempest.lib.common.rest_client [req-575de689-10de-4f7f-9570-bdd9d00ffa08 req-575de689-10de-4f7f-9570-bdd9d00ffa08 ] Request (ListImageFiltersTestJSON:setUpClass): 200 GET http://10.180.1.21/compute/v2.1/servers/bec2b37d-ba84-42f7-8506-0b5868e7fa7a 0.084s
2025-03-12 09:13:53.981 68468 INFO tempest.common.waiters [-] State transition "BUILD/scheduling" ==> "BUILD/None" after 17 second wait
2025-03-12 09:13:54.016 68498 INFO tempest.lib.common.rest_client [req-f6309628-2edd-4ff5-bd0f-1f12065c4ae3 req-f6309628-2edd-4ff5-bd0f-1f12065c4ae3 ] Request (ServersTestFqdnHostnames:test_create_server_with_fqdn_name): 200 GET http://10.180.1.21/compute/v2.1/servers/11adde73-5bff-4603-baa6-900887998828 0.062s
2025-03-12 09:13:54.089 68502 INFO tempest.lib.common.rest_client [req-dd2dc77d-360d-4046-af02-ee2cc535ac6b req-dd2dc77d-360d-4046-af02-ee2cc535ac6b ] Request (ServerAddressesNegativeTestJSON:tearDownClass): 200 GET http://10.180.1.21/compute/v2.1/servers/6a07635b-5b0c-4d02-94dc-2c6cd34b95b5 0.074s
2025-03-12 09:13:54.118 68482 INFO tempest.lib.common.rest_client [req-0e40b6e5-0ba8-487b-8de0-a42db24d5690 req-0e40b6e5-0ba8-487b-8de0-a42db24d5690 ] Request (MultipleCreateTestJSON:_run_cleanups): 200 GET http://10.180.1.21/compute/v2.1/servers/eb3aa9a6-bb95-4bac-b679-8c83d4eb389d 0.088s
2025-03-12 09:13:54.185 68470 INFO tempest.lib.common.rest_client [req-f8199eaf-295a-46ba-9d79-a2aaf5188def req-f8199eaf-295a-46ba-9d79-a2aaf5188def ] Request (ServersV294TestFqdnHostnames:setUpClass): 200 GET http://10.180.1.21/compute/v2.1/servers/9c4949ce-1c1c-45f4-9348-1201c2734c6e 0.070s
2025-03-12 09:13:54.263 68514 INFO tempest.lib.common.rest_client [req-244f5262-4fe5-4c1d-a121-b13a1184c106 req-244f5262-4fe5-4c1d-a121-b13a1184c106 ] Request (ServersTestManualDisk:setUpClass): 200 GET http://10.180.1.21/compute/v2.1/servers/ea2fc662-f98e-461d-956b-d7eff9b191d8 0.085s
2025-03-12 09:13:54.331 68500 INFO tempest.lib.common.rest_client [req-75962ee0-b8cb-4483-836c-7dd662fef828 req-75962ee0-b8cb-4483-836c-7dd662fef828 ] Request (ImagesOneServerTestJSON:tearDownClass): 200 GET http://10.180.1.21/compute/v2.1/servers/33d3c446-1267-4eb7-970b-af1013db456c 0.062s
2025-03-12 09:13:54.331 68505 INFO tempest.lib.common.rest_client [req-96f66036-1030-483c-83ba-4120b6113e46 req-96f66036-1030-483c-83ba-4120b6113e46 ] Request (ImagesOneServerNegativeTestJSON:setUpClass): 200 GET http://10.180.1.21/compute/v2.1/servers/a518e6a0-7142-4a7b-a710-169c52edd3ee 0.158s
2025-03-12 09:13:54.499 68496 INFO tempest.lib.common.rest_client [req-7f92a7a4-968d-4313-a4ed-f071af72ccea req-7f92a7a4-968d-4313-a4ed-f071af72ccea ] Request (ServersAdminTestJSON:test_create_server_with_scheduling_hint): 200 GET http://10.180.1.21/compute/v2.1/servers/f8d8520b-21a2-48a9-951f-15d869dfe6d1 0.184s
2025-03-12 09:13:54.502 68466 INFO tempest.lib.common.rest_client [req-af20ed98-ee42-4f1a-a9da-0d20a3f249fe req-af20ed98-ee42-4f1a-a9da-0d20a3f249fe ] Request (AttachInterfacesUnderV243Test:setUpClass): 200 PUT http://10.180.1.21:9696/networking/v2.0/routers/16220882-5f50-4f4c-a544-9282831ead81/add_router_interface 1.202s
2025-03-12 09:13:54.504 68466 INFO tempest.lib.common.dynamic_creds [-] Created isolated network resources for: credentials: Credentials: {'domain_id': 'default', 'domain_name': 'Default', 'username': 'tempest-AttachInterfacesUnderV243Test-1941846221-project-member', 'project_domain_id': 'default', 'project_domain_name': 'Default', 'project_id': 'e188328108b541beaf7716eb11ae1b5b', 'project_name': 'tempest-AttachInterfacesUnderV243Test-1941846221', 'tenant_id': 'e188328108b541beaf7716eb11ae1b5b', 'tenant_name': 'tempest-AttachInterfacesUnderV243Test-1941846221', 'user_domain_id': 'default', 'user_domain_name': 'Default', 'user_id': '7b494b955c0f45ef856e2e424772f54f', 'system': None}, Network: {'id': '6d340483-20b2-44e5-bfe2-cd5c265088bc', 'name': 'tempest-AttachInterfacesUnderV243Test-2110834-network', 'tenant_id': 'e188328108b541beaf7716eb11ae1b5b', 'admin_state_up': True, 'mtu': 8950, 'status': 'ACTIVE', 'subnets': [], 'shared': False, 'project_id': 'e188328108b541beaf7716eb11ae1b5b', 'port_security_enabled': True, 'router:external': False, 'provider:network_type': 'vlan', 'provider:physical_network': 'default', 'provider:segmentation_id': 538, 'availability_zone_hints': [], 'availability_zones': [], 'ipv4_address_scope': None, 'ipv6_address_scope': None, 'description': '', 'tags': [], 'created_at': '2025-03-12T09:13:51Z', 'updated_at': '2025-03-12T09:13:51Z', 'revision_number': 1}, Subnet: {'id': '72498214-e30a-457c-a4a8-494d991316ea', 'name': 'tempest-AttachInterfacesUnderV243Test-2110834-subnet', 'tenant_id': 'e188328108b541beaf7716eb11ae1b5b', 'network_id': '6d340483-20b2-44e5-bfe2-cd5c265088bc', 'ip_version': 4, 'subnetpool_id': None, 'enable_dhcp': True, 'ipv6_ra_mode': None, 'ipv6_address_mode': None, 'gateway_ip': '192.168.128.1', 'cidr': '192.168.128.0/28', 'allocation_pools': [{'start': '192.168.128.2', 'end': '192.168.128.14'}], 'host_routes': [], 'dns_nameservers': [], 'description': '', 'router:external': False, 'service_types': [], 'tags': [], 'created_at': '2025-03-12T09:13:51Z', 'updated_at': '2025-03-12T09:13:51Z', 'revision_number': 0, 'project_id': 'e188328108b541beaf7716eb11ae1b5b'}, Router: {'id': '16220882-5f50-4f4c-a544-9282831ead81', 'name': 'tempest-AttachInterfacesUnderV243Test-2110834-router', 'tenant_id': 'e188328108b541beaf7716eb11ae1b5b', 'admin_state_up': True, 'status': 'ACTIVE', 'external_gateway_info': {'network_id': '28bf4192-b909-4f23-970b-a02568b83a70', 'external_fixed_ips': [{'subnet_id': '7a92a11b-ccd4-408b-ae94-7940e0235462', 'ip_address': '10.180.180.189'}], 'enable_snat': True}, 'description': '', 'availability_zones': [], 'distributed': False, 'ha': False, 'availability_zone_hints': [], 'routes': [], 'flavor_id': None, 'tags': [], 'created_at': '2025-03-12T09:13:52Z', 'updated_at': '2025-03-12T09:13:52Z', 'revision_number': 2, 'project_id': 'e188328108b541beaf7716eb11ae1b5b'}
2025-03-12 09:13:54.506 68476 INFO tempest.lib.common.rest_client [req-e2e599b8-e939-4b08-9031-bc6ce7b516a4 req-e2e599b8-e939-4b08-9031-bc6ce7b516a4 ] Request (InstanceActionsNegativeTestJSON:tearDownClass): 200 GET http://10.180.1.21/compute/v2.1/servers/e1f537bc-5937-446d-b44a-8c0fe5441aee 0.092s
2025-03-12 09:13:54.612 68484 INFO tempest.lib.common.rest_client [req-24683d1e-98de-4f27-b139-1dd8e3a83764 req-24683d1e-98de-4f27-b139-1dd8e3a83764 ] Request (ServerDiagnosticsV248Test:tearDownClass): 200 GET http://10.180.1.21/compute/v2.1/servers/6462c122-dc0f-4083-84f8-a472e61285b8 0.130s
2025-03-12 09:13:54.631 68466 INFO tempest.lib.common.rest_client [req-ce50d3cd-c8e4-4013-bda5-f08926104fa1 req-ce50d3cd-c8e4-4013-bda5-f08926104fa1 ] Request (AttachInterfacesUnderV243Test:setUpClass): 201 POST http://10.180.1.21/identity/v3/auth/tokens 0.122s
2025-03-12 09:13:54.690 68462 INFO tempest.lib.common.rest_client [req-168f512e-0426-4143-ad8c-2b568e8cf5f0 req-168f512e-0426-4143-ad8c-2b568e8cf5f0 ] Request (MigrationsAdminTest:test_list_migrations_in_flavor_resize_situation): 200 GET http://10.180.1.21/compute/v2.1/servers/d96bc42c-7bd3-41b2-a663-1992180fcd51 0.155s
2025-03-12 09:13:54.698 68523 INFO tempest.lib.common.rest_client [req-3b2afbca-9fb9-4356-a493-47e713eb1945 req-3b2afbca-9fb9-4356-a493-47e713eb1945 ] Request (ServersAdmin275Test:tearDownClass): 200 GET http://10.180.1.21/compute/v2.1/servers/45a45c16-3ba7-4fc1-9bd1-f1751772d416 0.088s
2025-03-12 09:13:54.723 68516 INFO tempest.lib.common.rest_client [req-58fe042e-147c-4073-9408-db7df23c5206 req-58fe042e-147c-4073-9408-db7df23c5206 ] Request (AttachInterfacesTestJSON:setUpClass): 200 PUT http://10.180.1.21:9696/networking/v2.0/routers/7b263c78-75e0-43e8-b98a-a02123674541/add_router_interface 1.061s
2025-03-12 09:13:54.724 68516 INFO tempest.lib.common.dynamic_creds [-] Created isolated network resources for: credentials: Credentials: {'domain_id': 'default', 'domain_name': 'Default', 'username': 'tempest-AttachInterfacesTestJSON-526601679-project-member', 'project_domain_id': 'default', 'project_domain_name': 'Default', 'project_id': 'b47b61caac2b42cc85bae9f0be2df58e', 'project_name': 'tempest-AttachInterfacesTestJSON-526601679', 'tenant_id': 'b47b61caac2b42cc85bae9f0be2df58e', 'tenant_name': 'tempest-AttachInterfacesTestJSON-526601679', 'user_domain_id': 'default', 'user_domain_name': 'Default', 'user_id': '28abd543dac74137b0fc58f11236af41', 'system': None}, Network: {'id': 'e026ec42-2ef0-4e94-9aec-8366ba2cf938', 'name': 'tempest-AttachInterfacesTestJSON-553184619-network', 'tenant_id': 'b47b61caac2b42cc85bae9f0be2df58e', 'admin_state_up': True, 'mtu': 8950, 'status': 'ACTIVE', 'subnets': [], 'shared': False, 'project_id': 'b47b61caac2b42cc85bae9f0be2df58e', 'port_security_enabled': True, 'router:external': False, 'provider:network_type': 'vlan', 'provider:physical_network': 'default', 'provider:segmentation_id': 508, 'availability_zone_hints': [], 'availability_zones': [], 'ipv4_address_scope': None, 'ipv6_address_scope': None, 'description': '', 'tags': [], 'created_at': '2025-03-12T09:13:52Z', 'updated_at': '2025-03-12T09:13:52Z', 'revision_number': 1}, Subnet: {'id': '772f16a9-1e0e-4ab6-a888-b5bede444689', 'name': 'tempest-AttachInterfacesTestJSON-553184619-subnet', 'tenant_id': 'b47b61caac2b42cc85bae9f0be2df58e', 'network_id': 'e026ec42-2ef0-4e94-9aec-8366ba2cf938', 'ip_version': 4, 'subnetpool_id': None, 'enable_dhcp': True, 'ipv6_ra_mode': None, 'ipv6_address_mode': None, 'gateway_ip': '192.168.128.1', 'cidr': '192.168.128.0/28', 'allocation_pools': [{'start': '192.168.128.2', 'end': '192.168.128.14'}], 'host_routes': [], 'dns_nameservers': [], 'description': '', 'router:external': False, 'service_types': [], 'tags': [], 'created_at': '2025-03-12T09:13:52Z', 'updated_at': '2025-03-12T09:13:52Z', 'revision_number': 0, 'project_id': 'b47b61caac2b42cc85bae9f0be2df58e'}, Router: {'id': '7b263c78-75e0-43e8-b98a-a02123674541', 'name': 'tempest-AttachInterfacesTestJSON-553184619-router', 'tenant_id': 'b47b61caac2b42cc85bae9f0be2df58e', 'admin_state_up': True, 'status': 'ACTIVE', 'external_gateway_info': {'network_id': '28bf4192-b909-4f23-970b-a02568b83a70', 'external_fixed_ips': [{'subnet_id': '7a92a11b-ccd4-408b-ae94-7940e0235462', 'ip_address': '10.180.180.236'}], 'enable_snat': True}, 'description': '', 'availability_zones': [], 'distributed': False, 'ha': False, 'availability_zone_hints': [], 'routes': [], 'flavor_id': None, 'tags': [], 'created_at': '2025-03-12T09:13:52Z', 'updated_at': '2025-03-12T09:13:53Z', 'revision_number': 2, 'project_id': 'b47b61caac2b42cc85bae9f0be2df58e'}
2025-03-12 09:13:54.820 68474 INFO tempest.lib.common.rest_client [req-92561f60-b222-473f-95bc-21300726aa94 req-92561f60-b222-473f-95bc-21300726aa94 ] Request (ServerAddressesTestJSON:tearDownClass): 200 GET http://10.180.1.21/compute/v2.1/servers/f0d040bc-68b5-4e45-b854-775936dae98c 0.203s
2025-03-12 09:13:54.827 68516 INFO tempest.lib.common.rest_client [req-6e0f4fe0-4f53-471a-86ee-052573ba4a25 req-6e0f4fe0-4f53-471a-86ee-052573ba4a25 ] Request (AttachInterfacesTestJSON:setUpClass): 201 POST http://10.180.1.21/identity/v3/auth/tokens 0.100s
2025-03-12 09:13:54.846 68466 INFO tempest.lib.common.rest_client [req-e9622983-67ab-4395-b44f-330f83a542b9 req-e9622983-67ab-4395-b44f-330f83a542b9 ] Request (ValidationResourcesFixture:setUp): 200 POST http://10.180.1.21/compute/v2.1/os-keypairs 0.213s
2025-03-12 09:13:54.911 68488 INFO tempest.lib.common.rest_client [req-16a9c778-c4ec-429b-b99b-a4f02925629b req-16a9c778-c4ec-429b-b99b-a4f02925629b ] Request (SecurityGroupsTestJSON:test_list_security_groups_by_server): 200 GET http://10.180.1.21/compute/v2.1/servers/8ae09ca9-6d7f-41a2-ad2d-f138e2c29433 0.254s
2025-03-12 09:13:54.932 68486 WARNING tempest.lib.common.ssh [-] Failed to establish authenticated ssh connection to cirros@10.180.180.172 ([Errno None] Unable to connect to port 22 on 10.180.180.172). Number attempts: 2. Retry after 3 seconds.: paramiko.ssh_exception.NoValidConnectionsError: [Errno None] Unable to connect to port 22 on 10.180.180.172
2025-03-12 09:13:54.978 68478 INFO tempest.lib.common.rest_client [req-55f506cd-d179-4357-af57-0890488c6893 req-55f506cd-d179-4357-af57-0890488c6893 ] Request (ServersAdminNegativeTestJSON:test_migrate_server_invalid_state): 200 GET http://10.180.1.21/compute/v2.1/servers/06b09205-14aa-4166-81f6-ce6f44dc826e 0.182s
2025-03-12 09:13:54.997 68466 INFO tempest.lib.common.rest_client [req-a769e245-82b7-43d1-8c3a-6f3e0c240353 req-a769e245-82b7-43d1-8c3a-6f3e0c240353 ] Request (ValidationResourcesFixture:setUp): 201 POST http://10.180.1.21:9696/networking/v2.0/security-groups 0.149s
2025-03-12 09:13:55.007 68518 INFO tempest.lib.common.rest_client [req-87e312df-8acf-4654-b0b1-aaeb8718dcfc req-87e312df-8acf-4654-b0b1-aaeb8718dcfc ] Request (InstanceActionsTestJSON:setUpClass): 200 GET http://10.180.1.21/compute/v2.1/servers/cc25ab8d-527a-4c21-8993-cb16b7228d70 0.326s
2025-03-12 09:13:55.014 68518 INFO tempest.common.waiters [-] State transition "BUILD/None" ==> "BUILD/networking" after 40 second wait
2025-03-12 09:13:55.075 68516 INFO tempest.lib.common.rest_client [req-9f351112-f920-43bd-aba0-21b76926b983 req-9f351112-f920-43bd-aba0-21b76926b983 ] Request (ValidationResourcesFixture:setUp): 200 POST http://10.180.1.21/compute/v2.1/os-keypairs 0.246s
2025-03-12 09:13:55.116 68512 INFO tempest.lib.common.rest_client [req-6edf9d86-be61-4151-8ee9-0a168b289818 req-6edf9d86-be61-4151-8ee9-0a168b289818 ] Request (ImagesTestJSON:test_create_image_from_stopped_server): 200 GET http://10.180.1.21/compute/v2.1/servers/22fbeb09-3d90-4b99-ab23-73793f4a9b40 0.291s
2025-03-12 09:13:55.140 68490 INFO tempest.lib.common.rest_client [req-03a7eced-458c-4b87-b7ec-d51d80c1f2e6 req-03a7eced-458c-4b87-b7ec-d51d80c1f2e6 ] Request (DeleteServersTestJSON:test_delete_active_server): 200 GET http://10.180.1.21/compute/v2.1/servers/39697361-2e54-45c5-b0f5-6995c2bc13d8 0.283s
2025-03-12 09:13:55.167 68466 INFO tempest.lib.common.rest_client [req-e28f9212-a06a-47e2-b7b7-b53a2ab7cee3 req-e28f9212-a06a-47e2-b7b7-b53a2ab7cee3 ] Request (ValidationResourcesFixture:setUp): 201 POST http://10.180.1.21:9696/networking/v2.0/security-group-rules 0.169s
2025-03-12 09:13:55.187 68492 INFO tempest.lib.common.rest_client [req-b3142789-60bd-4d5b-a54f-638a4e9979d6 req-b3142789-60bd-4d5b-a54f-638a4e9979d6 ] Request (DeleteServersAdminTestJSON:test_delete_server_while_in_error_state): 200 GET http://10.180.1.21/compute/v2.1/servers/f23b2dae-688d-48ed-8912-92548a355f33 0.289s
2025-03-12 09:13:55.225 68510 INFO tempest.lib.common.rest_client [req-580fa845-81c1-4547-a630-35dc66380b1a req-580fa845-81c1-4547-a630-35dc66380b1a ] Request (ServerDiskConfigTestJSON:test_rebuild_server_with_auto_disk_config): 200 GET http://10.180.1.21/compute/v2.1/servers/665a3f40-d12f-4e99-b3d2-53e137897226 0.300s
2025-03-12 09:13:55.285 68480 INFO tempest.lib.common.rest_client [req-a25df2e5-cef2-456b-ae49-0338488a2707 req-a25df2e5-cef2-456b-ae49-0338488a2707 ] Request (ServerRescueTestJSONUnderV235:tearDownClass): 200 GET http://10.180.1.21/compute/v2.1/servers/ff322f86-8e94-43e4-9c39-c133ac8ee7ca 0.319s
2025-03-12 09:13:55.289 68468 INFO tempest.lib.common.rest_client [req-d10a6e07-687b-43a1-b5cb-ca3fdf00de21 req-d10a6e07-687b-43a1-b5cb-ca3fdf00de21 ] Request (ListImageFiltersTestJSON:setUpClass): 200 GET http://10.180.1.21/compute/v2.1/servers/bec2b37d-ba84-42f7-8506-0b5868e7fa7a 0.307s
2025-03-12 09:13:55.299 68516 INFO tempest.lib.common.rest_client [req-79e81f55-3e7b-40e9-9977-9e2cfb603d43 req-79e81f55-3e7b-40e9-9977-9e2cfb603d43 ] Request (ValidationResourcesFixture:setUp): 201 POST http://10.180.1.21:9696/networking/v2.0/security-groups 0.222s
2025-03-12 09:13:55.350 68498 INFO tempest.lib.common.rest_client [req-80f28e7e-aa26-4664-bb22-394bae7e0c31 req-80f28e7e-aa26-4664-bb22-394bae7e0c31 ] Request (ServersTestFqdnHostnames:test_create_server_with_fqdn_name): 200 GET http://10.180.1.21/compute/v2.1/servers/11adde73-5bff-4603-baa6-900887998828 0.322s
2025-03-12 09:13:55.379 68502 INFO tempest.lib.common.rest_client [req-81394520-8cb2-447f-b07c-4fa8c6c5af80 req-81394520-8cb2-447f-b07c-4fa8c6c5af80 ] Request (ServerAddressesNegativeTestJSON:tearDownClass): 200 GET http://10.180.1.21/compute/v2.1/servers/6a07635b-5b0c-4d02-94dc-2c6cd34b95b5 0.280s
2025-03-12 09:13:55.395 68466 INFO tempest.lib.common.rest_client [req-aa632abd-0c16-4b4e-b365-5aab89a5a590 req-aa632abd-0c16-4b4e-b365-5aab89a5a590 ] Request (ValidationResourcesFixture:setUp): 201 POST http://10.180.1.21:9696/networking/v2.0/security-group-rules 0.227s
2025-03-12 09:13:55.426 68482 INFO tempest.lib.common.rest_client [req-73f980f0-d17f-4fef-8037-76ae8e071e94 req-73f980f0-d17f-4fef-8037-76ae8e071e94 ] Request (MultipleCreateTestJSON:_run_cleanups): 200 GET http://10.180.1.21/compute/v2.1/servers/eb3aa9a6-bb95-4bac-b679-8c83d4eb389d 0.297s
2025-03-12 09:13:55.464 68470 INFO tempest.lib.common.rest_client [req-f2a703da-1bb9-4c5d-8648-ba3a00013027 req-f2a703da-1bb9-4c5d-8648-ba3a00013027 ] Request (ServersV294TestFqdnHostnames:setUpClass): 200 GET http://10.180.1.21/compute/v2.1/servers/9c4949ce-1c1c-45f4-9348-1201c2734c6e 0.266s
2025-03-12 09:13:55.496 68514 INFO tempest.lib.common.rest_client [req-4cc343c9-ce10-4e77-b7d7-3fce664e2553 req-4cc343c9-ce10-4e77-b7d7-3fce664e2553 ] Request (ServersTestManualDisk:setUpClass): 200 GET http://10.180.1.21/compute/v2.1/servers/ea2fc662-f98e-461d-956b-d7eff9b191d8 0.224s
2025-03-12 09:13:55.503 68516 INFO tempest.lib.common.rest_client [req-c561dcbb-dccc-4409-b8ae-f57322767144 req-c561dcbb-dccc-4409-b8ae-f57322767144 ] Request (ValidationResourcesFixture:setUp): 201 POST http://10.180.1.21:9696/networking/v2.0/security-group-rules 0.204s
2025-03-12 09:13:55.548 68500 INFO tempest.lib.common.rest_client [req-8e2622c7-be98-420f-ac8f-b68c38700c2e req-8e2622c7-be98-420f-ac8f-b68c38700c2e ] Request (ImagesOneServerTestJSON:tearDownClass): 200 GET http://10.180.1.21/compute/v2.1/servers/33d3c446-1267-4eb7-970b-af1013db456c 0.208s
2025-03-12 09:13:55.635 68505 INFO tempest.lib.common.rest_client [req-76a76200-8b5d-453d-a5d2-a65c78d3ba9c req-76a76200-8b5d-453d-a5d2-a65c78d3ba9c ] Request (ImagesOneServerNegativeTestJSON:setUpClass): 200 GET http://10.180.1.21/compute/v2.1/servers/a518e6a0-7142-4a7b-a710-169c52edd3ee 0.286s
2025-03-12 09:13:55.642 68505 INFO tempest.common.waiters [-] State transition "BUILD/spawning" ==> "ACTIVE/None" after 51 second wait
2025-03-12 09:13:55.643 68516 INFO tempest.lib.common.rest_client [req-aed17498-9197-4117-802e-c5743cc7d744 req-aed17498-9197-4117-802e-c5743cc7d744 ] Request (ValidationResourcesFixture:setUp): 201 POST http://10.180.1.21:9696/networking/v2.0/security-group-rules 0.139s
2025-03-12 09:13:55.703 68476 INFO tempest.lib.common.rest_client [req-68144aff-60f8-4ad5-9f19-0a851b265e87 req-68144aff-60f8-4ad5-9f19-0a851b265e87 ] Request (InstanceActionsNegativeTestJSON:tearDownClass): 200 GET http://10.180.1.21/compute/v2.1/servers/e1f537bc-5937-446d-b44a-8c0fe5441aee 0.186s
2025-03-12 09:13:55.742 68496 INFO tempest.lib.common.rest_client [req-fa34dd9e-f366-44e0-9a66-5692fe92b872 req-fa34dd9e-f366-44e0-9a66-5692fe92b872 ] Request (ServersAdminTestJSON:test_create_server_with_scheduling_hint): 200 GET http://10.180.1.21/compute/v2.1/servers/f8d8520b-21a2-48a9-951f-15d869dfe6d1 0.229s
2025-03-12 09:13:55.786 68484 INFO tempest.lib.common.rest_client [req-3f227a58-a9bc-4625-8e36-01f4d5254b55 req-3f227a58-a9bc-4625-8e36-01f4d5254b55 ] Request (ServerDiagnosticsV248Test:tearDownClass): 200 GET http://10.180.1.21/compute/v2.1/servers/6462c122-dc0f-4083-84f8-a472e61285b8 0.159s
2025-03-12 09:13:55.961 68462 INFO tempest.lib.common.rest_client [req-cf2817bd-efa0-4ff4-af3a-1ffdeb6b61d2 req-cf2817bd-efa0-4ff4-af3a-1ffdeb6b61d2 ] Request (MigrationsAdminTest:test_list_migrations_in_flavor_resize_situation): 200 GET http://10.180.1.21/compute/v2.1/servers/d96bc42c-7bd3-41b2-a663-1992180fcd51 0.256s
2025-03-12 09:13:56.019 68472 WARNING tempest.lib.common.ssh [-] Failed to establish authenticated ssh connection to cirros@10.180.180.204 ([Errno None] Unable to connect to port 22 on 10.180.180.204). Number attempts: 5. Retry after 6 seconds.: paramiko.ssh_exception.NoValidConnectionsError: [Errno None] Unable to connect to port 22 on 10.180.180.204
2025-03-12 09:13:56.034 68523 INFO tempest.lib.common.rest_client [req-8ad9fcc9-953c-4e6c-b06c-4867c0085e89 req-8ad9fcc9-953c-4e6c-b06c-4867c0085e89 ] Request (ServersAdmin275Test:tearDownClass): 200 GET http://10.180.1.21/compute/v2.1/servers/45a45c16-3ba7-4fc1-9bd1-f1751772d416 0.319s
2025-03-12 09:13:56.102 68474 INFO tempest.lib.common.rest_client [req-bf08cf59-f33f-4f90-b8b9-8107fce4ff5d req-bf08cf59-f33f-4f90-b8b9-8107fce4ff5d ] Request (ServerAddressesTestJSON:tearDownClass): 200 GET http://10.180.1.21/compute/v2.1/servers/f0d040bc-68b5-4e45-b854-775936dae98c 0.264s
2025-03-12 09:13:56.147 68505 INFO tempest.lib.common.rest_client [req-878cee3b-7eb3-4180-850d-f897e637c738 req-878cee3b-7eb3-4180-850d-f897e637c738 ] Request (ImagesOneServerNegativeTestJSON:setUp): 200 GET http://10.180.1.21/compute/v2.1/servers/a518e6a0-7142-4a7b-a710-169c52edd3ee 0.505s
2025-03-12 09:13:56.165 68488 INFO tempest.lib.common.rest_client [req-c0a48375-ef4e-4195-94af-5e93340527fa req-c0a48375-ef4e-4195-94af-5e93340527fa ] Request (SecurityGroupsTestJSON:test_list_security_groups_by_server): 200 GET http://10.180.1.21/compute/v2.1/servers/8ae09ca9-6d7f-41a2-ad2d-f138e2c29433 0.240s
2025-03-12 09:13:56.209 68478 INFO tempest.lib.common.rest_client [req-184cfa6c-9918-4f62-ab05-d51f3b700d12 req-184cfa6c-9918-4f62-ab05-d51f3b700d12 ] Request (ServersAdminNegativeTestJSON:test_migrate_server_invalid_state): 200 GET http://10.180.1.21/compute/v2.1/servers/06b09205-14aa-4166-81f6-ce6f44dc826e 0.222s
2025-03-12 09:13:56.224 68466 INFO tempest.lib.common.rest_client [req-43f0ab32-4aa7-4bee-8626-cced7385bf42 req-43f0ab32-4aa7-4bee-8626-cced7385bf42 ] Request (ValidationResourcesFixture:setUp): 201 POST http://10.180.1.21:9696/networking/v2.0/floatingips 0.828s
2025-03-12 09:13:56.259 68466 INFO tempest.lib.common.rest_client [req-943848f1-c4f8-4439-abb0-62b9c55a82e7 req-943848f1-c4f8-4439-abb0-62b9c55a82e7 ] Request (AttachInterfacesUnderV243Test:test_add_remove_fixed_ip): 201 POST http://10.180.1.21/identity/v3/auth/tokens 0.030s
2025-03-12 09:13:56.260 68466 INFO tempest.lib.common.fixed_network [-] (AttachInterfacesUnderV243Test:test_add_remove_fixed_ip) Found network {'id': '6d340483-20b2-44e5-bfe2-cd5c265088bc', 'name': 'tempest-AttachInterfacesUnderV243Test-2110834-network', 'tenant_id': 'e188328108b541beaf7716eb11ae1b5b', 'admin_state_up': True, 'mtu': 8950, 'status': 'ACTIVE', 'subnets': [], 'shared': False, 'project_id': 'e188328108b541beaf7716eb11ae1b5b', 'port_security_enabled': True, 'router:external': False, 'provider:network_type': 'vlan', 'provider:physical_network': 'default', 'provider:segmentation_id': 538, 'availability_zone_hints': [], 'availability_zones': [], 'ipv4_address_scope': None, 'ipv6_address_scope': None, 'description': '', 'tags': [], 'created_at': '2025-03-12T09:13:51Z', 'updated_at': '2025-03-12T09:13:51Z', 'revision_number': 1} available for tenant
2025-03-12 09:13:56.320 68518 INFO tempest.lib.common.rest_client [req-65d3c2e5-4b9a-4e33-9cb1-65f1a398cf42 req-65d3c2e5-4b9a-4e33-9cb1-65f1a398cf42 ] Request (InstanceActionsTestJSON:setUpClass): 200 GET http://10.180.1.21/compute/v2.1/servers/cc25ab8d-527a-4c21-8993-cb16b7228d70 0.305s
2025-03-12 09:13:56.325 68512 INFO tempest.lib.common.rest_client [req-f03dd9ac-567b-49fc-bb37-f5a3b3091deb req-f03dd9ac-567b-49fc-bb37-f5a3b3091deb ] Request (ImagesTestJSON:test_create_image_from_stopped_server): 200 GET http://10.180.1.21/compute/v2.1/servers/22fbeb09-3d90-4b99-ab23-73793f4a9b40 0.196s
2025-03-12 09:13:56.327 68516 INFO tempest.lib.common.rest_client [req-87ff372a-7753-4317-9bfa-ea7bb62a31b1 req-87ff372a-7753-4317-9bfa-ea7bb62a31b1 ] Request (ValidationResourcesFixture:setUp): 201 POST http://10.180.1.21:9696/networking/v2.0/floatingips 0.683s
2025-03-12 09:13:56.328 68518 INFO tempest.common.waiters [-] State transition "BUILD/networking" ==> "BUILD/spawning" after 41 second wait
2025-03-12 09:13:56.331 68505 INFO tempest.lib.common.rest_client [req-02f41b85-2a9a-4945-ab6b-99519b8a94ce req-02f41b85-2a9a-4945-ab6b-99519b8a94ce ] Request (ImagesOneServerNegativeTestJSON:test_create_image_specify_invalid_metadata): 400 POST http://10.180.1.21/compute/v2.1/servers/a518e6a0-7142-4a7b-a710-169c52edd3ee/action 0.175s
2025-03-12 09:13:56.339 68512 INFO tempest.common.waiters [-] State transition "BUILD/spawning" ==> "ACTIVE/None" after 48 second wait
2025-03-12 09:13:56.355 68516 INFO tempest.lib.common.rest_client [req-54194d4d-359e-4427-a0e9-08809c80610a req-54194d4d-359e-4427-a0e9-08809c80610a ] Request (AttachInterfacesTestJSON:test_create_list_show_delete_interfaces_by_fixed_ip): 201 POST http://10.180.1.21/identity/v3/auth/tokens 0.025s
2025-03-12 09:13:56.355 68516 INFO tempest.lib.common.fixed_network [-] (AttachInterfacesTestJSON:test_create_list_show_delete_interfaces_by_fixed_ip) Found network {'id': 'e026ec42-2ef0-4e94-9aec-8366ba2cf938', 'name': 'tempest-AttachInterfacesTestJSON-553184619-network', 'tenant_id': 'b47b61caac2b42cc85bae9f0be2df58e', 'admin_state_up': True, 'mtu': 8950, 'status': 'ACTIVE', 'subnets': [], 'shared': False, 'project_id': 'b47b61caac2b42cc85bae9f0be2df58e', 'port_security_enabled': True, 'router:external': False, 'provider:network_type': 'vlan', 'provider:physical_network': 'default', 'provider:segmentation_id': 508, 'availability_zone_hints': [], 'availability_zones': [], 'ipv4_address_scope': None, 'ipv6_address_scope': None, 'description': '', 'tags': [], 'created_at': '2025-03-12T09:13:52Z', 'updated_at': '2025-03-12T09:13:52Z', 'revision_number': 1} available for tenant
2025-03-12 09:13:56.372 68490 INFO tempest.lib.common.rest_client [req-2b75502a-6939-426f-8681-52b36a41ea90 req-2b75502a-6939-426f-8681-52b36a41ea90 ] Request (DeleteServersTestJSON:test_delete_active_server): 200 GET http://10.180.1.21/compute/v2.1/servers/39697361-2e54-45c5-b0f5-6995c2bc13d8 0.218s
2025-03-12 09:13:56.376 68492 INFO tempest.lib.common.rest_client [req-b0f4fc8f-52bc-43da-bc7f-294485100d3a req-b0f4fc8f-52bc-43da-bc7f-294485100d3a ] Request (DeleteServersAdminTestJSON:test_delete_server_while_in_error_state): 200 GET http://10.180.1.21/compute/v2.1/servers/f23b2dae-688d-48ed-8912-92548a355f33 0.180s
2025-03-12 09:13:56.418 68510 INFO tempest.lib.common.rest_client [req-b07ef0d8-2eb8-45e7-ae31-b3e4f3b37658 req-b07ef0d8-2eb8-45e7-ae31-b3e4f3b37658 ] Request (ServerDiskConfigTestJSON:test_rebuild_server_with_auto_disk_config): 200 GET http://10.180.1.21/compute/v2.1/servers/665a3f40-d12f-4e99-b3d2-53e137897226 0.182s
2025-03-12 09:13:56.439 68480 INFO tempest.lib.common.rest_client [req-2ac143a6-85db-44f3-bd94-89082e426542 req-2ac143a6-85db-44f3-bd94-89082e426542 ] Request (ServerRescueTestJSONUnderV235:tearDownClass): 404 GET http://10.180.1.21/compute/v2.1/servers/ff322f86-8e94-43e4-9c39-c133ac8ee7ca 0.140s
2025-03-12 09:13:56.499 68468 INFO tempest.lib.common.rest_client [req-736f5d72-5f57-4d83-9aeb-643a69423785 req-736f5d72-5f57-4d83-9aeb-643a69423785 ] Request (ListImageFiltersTestJSON:setUpClass): 200 GET http://10.180.1.21/compute/v2.1/servers/bec2b37d-ba84-42f7-8506-0b5868e7fa7a 0.199s
2025-03-12 09:13:56.620 68505 INFO tempest.lib.common.rest_client [req-5cfc2e3d-b5bc-439f-a708-1d43e6364420 req-5cfc2e3d-b5bc-439f-a708-1d43e6364420 ] Request (ImagesOneServerNegativeTestJSON:tearDown): 200 GET http://10.180.1.21/compute/v2.1/servers/a518e6a0-7142-4a7b-a710-169c52edd3ee 0.287s
2025-03-12 09:13:56.707 68512 INFO tempest.lib.common.rest_client [req-b0072b45-8fa3-42a5-9e1e-f58ec626c839 req-b0072b45-8fa3-42a5-9e1e-f58ec626c839 ] Request (ImagesTestJSON:test_create_image_from_stopped_server): 202 POST http://10.180.1.21/compute/v2.1/servers/22fbeb09-3d90-4b99-ab23-73793f4a9b40/action 0.367s
2025-03-12 09:13:56.796 68466 INFO tempest.lib.common.rest_client [req-caf5a173-282e-43e2-93c3-01701eb3a0ff req-caf5a173-282e-43e2-93c3-01701eb3a0ff ] Request (AttachInterfacesUnderV243Test:test_add_remove_fixed_ip): 202 POST http://10.180.1.21/compute/v2.1/servers 0.535s
2025-03-12 09:13:56.882 68498 INFO tempest.lib.common.rest_client [req-2a9aaa63-b032-4928-a4a6-b8683c99e08a req-2a9aaa63-b032-4928-a4a6-b8683c99e08a ] Request (ServersTestFqdnHostnames:test_create_server_with_fqdn_name): 200 GET http://10.180.1.21/compute/v2.1/servers/11adde73-5bff-4603-baa6-900887998828 0.524s
2025-03-12 09:13:56.893 68498 INFO tempest.common.waiters [-] State transition "BUILD/scheduling" ==> "BUILD/None" after 17 second wait
2025-03-12 09:13:56.964 68502 INFO tempest.lib.common.rest_client [req-c828e2e2-52a5-42b5-8eac-8aab3d5c4c26 req-c828e2e2-52a5-42b5-8eac-8aab3d5c4c26 ] Request (ServerAddressesNegativeTestJSON:tearDownClass): 200 GET http://10.180.1.21/compute/v2.1/servers/6a07635b-5b0c-4d02-94dc-2c6cd34b95b5 0.576s
2025-03-12 09:13:57.028 68482 INFO tempest.lib.common.rest_client [req-2e9c172b-e0f4-4c7d-a677-a812f00ebb9d req-2e9c172b-e0f4-4c7d-a677-a812f00ebb9d ] Request (MultipleCreateTestJSON:_run_cleanups): 200 GET http://10.180.1.21/compute/v2.1/servers/eb3aa9a6-bb95-4bac-b679-8c83d4eb389d 0.590s
2025-03-12 09:13:57.086 68470 INFO tempest.lib.common.rest_client [req-803118c3-7a3c-46b7-9d47-0e94146041c8 req-803118c3-7a3c-46b7-9d47-0e94146041c8 ] Request (ServersV294TestFqdnHostnames:setUpClass): 200 GET http://10.180.1.21/compute/v2.1/servers/9c4949ce-1c1c-45f4-9348-1201c2734c6e 0.610s
2025-03-12 09:13:57.140 68514 INFO tempest.lib.common.rest_client [req-f57a2352-6242-47ac-9cd4-da7303351290 req-f57a2352-6242-47ac-9cd4-da7303351290 ] Request (ServersTestManualDisk:setUpClass): 200 GET http://10.180.1.21/compute/v2.1/servers/ea2fc662-f98e-461d-956b-d7eff9b191d8 0.634s
2025-03-12 09:13:57.210 68500 INFO tempest.lib.common.rest_client [req-56d85806-2419-4a38-8a31-e3900d2501e3 req-56d85806-2419-4a38-8a31-e3900d2501e3 ] Request (ImagesOneServerTestJSON:tearDownClass): 200 GET http://10.180.1.21/compute/v2.1/servers/33d3c446-1267-4eb7-970b-af1013db456c 0.652s
2025-03-12 09:13:57.244 68516 INFO tempest.lib.common.rest_client [req-cc6c602e-28d6-4a77-b77e-9d31f5a1d810 req-cc6c602e-28d6-4a77-b77e-9d31f5a1d810 ] Request (AttachInterfacesTestJSON:test_create_list_show_delete_interfaces_by_fixed_ip): 202 POST http://10.180.1.21/compute/v2.1/servers 0.887s
2025-03-12 09:13:57.335 68505 INFO tempest.lib.common.rest_client [req-d2af5f67-624b-41f5-96f2-602a2e3b0fb6 req-d2af5f67-624b-41f5-96f2-602a2e3b0fb6 ] Request (ImagesOneServerNegativeTestJSON:setUp): 200 GET http://10.180.1.21/compute/v2.1/servers/a518e6a0-7142-4a7b-a710-169c52edd3ee 0.704s
2025-03-12 09:13:57.400 68476 INFO tempest.lib.common.rest_client [req-b6cf1063-6971-408e-81e1-f153381368cb req-b6cf1063-6971-408e-81e1-f153381368cb ] Request (InstanceActionsNegativeTestJSON:tearDownClass): 200 GET http://10.180.1.21/compute/v2.1/servers/e1f537bc-5937-446d-b44a-8c0fe5441aee 0.686s
2025-03-12 09:13:57.417 68512 INFO tempest.lib.common.rest_client [req-40776346-e52f-40c4-9264-7f6301a6b3cb req-40776346-e52f-40c4-9264-7f6301a6b3cb ] Request (ImagesTestJSON:test_create_image_from_stopped_server): 200 GET http://10.180.1.21/compute/v2.1/servers/22fbeb09-3d90-4b99-ab23-73793f4a9b40 0.709s
2025-03-12 09:13:57.481 68466 INFO tempest.lib.common.rest_client [req-fe0a0b5a-3910-480d-a756-4001677ed3c8 req-fe0a0b5a-3910-480d-a756-4001677ed3c8 ] Request (AttachInterfacesUnderV243Test:test_add_remove_fixed_ip): 200 GET http://10.180.1.21/compute/v2.1/servers/e751acc9-f68b-4f29-8b86-f16c2bbaae87 0.684s
2025-03-12 09:13:57.489 68480 INFO tempest.lib.common.rest_client [req-a25e6901-0798-41ac-a170-fd5254858000 req-a25e6901-0798-41ac-a170-fd5254858000 ] Request (ServerRescueTestJSONUnderV235:tearDownClass): 200 PUT http://10.180.1.21:9696/networking/v2.0/routers/afcff586-7672-440f-82c5-b355252e8ebd/remove_router_interface 1.050s
2025-03-12 09:13:57.548 68484 INFO tempest.lib.common.rest_client [req-bdce47d7-b4cc-4b02-a8e7-f6d6127cf62c req-bdce47d7-b4cc-4b02-a8e7-f6d6127cf62c ] Request (ServerDiagnosticsV248Test:tearDownClass): 200 GET http://10.180.1.21/compute/v2.1/servers/6462c122-dc0f-4083-84f8-a472e61285b8 0.747s
2025-03-12 09:13:57.560 68496 INFO tempest.lib.common.rest_client [req-6b6d161f-5488-4b82-95df-09c10988ca57 req-6b6d161f-5488-4b82-95df-09c10988ca57 ] Request (ServersAdminTestJSON:test_create_server_with_scheduling_hint): 200 GET http://10.180.1.21/compute/v2.1/servers/f8d8520b-21a2-48a9-951f-15d869dfe6d1 0.810s
2025-03-12 09:13:57.646 68523 INFO tempest.lib.common.rest_client [req-b480aa56-b933-4b0b-ba84-2a95b8c82a59 req-b480aa56-b933-4b0b-ba84-2a95b8c82a59 ] Request (ServersAdmin275Test:tearDownClass): 200 GET http://10.180.1.21/compute/v2.1/servers/45a45c16-3ba7-4fc1-9bd1-f1751772d416 0.601s
2025-03-12 09:13:57.703 68474 INFO tempest.lib.common.rest_client [req-52fce83a-5b2a-45d5-82b1-9c420d2f2c33 req-52fce83a-5b2a-45d5-82b1-9c420d2f2c33 ] Request (ServerAddressesTestJSON:tearDownClass): 200 GET http://10.180.1.21/compute/v2.1/servers/f0d040bc-68b5-4e45-b854-775936dae98c 0.592s
2025-03-12 09:13:57.713 68474 INFO tempest.common.waiters [-] State transition "ACTIVE/deleting" ==> "DELETED/None" after 4 second wait
2025-03-12 09:13:57.715 68462 INFO tempest.lib.common.rest_client [req-8da6c44b-a7ae-40ce-bd74-fa6da863c942 req-8da6c44b-a7ae-40ce-bd74-fa6da863c942 ] Request (MigrationsAdminTest:test_list_migrations_in_flavor_resize_situation): 200 GET http://10.180.1.21/compute/v2.1/servers/d96bc42c-7bd3-41b2-a663-1992180fcd51 0.746s
2025-03-12 09:13:57.746 68464 WARNING tempest.lib.common.ssh [-] Failed to establish authenticated ssh connection to cirros@10.180.180.215 ([Errno None] Unable to connect to port 22 on 10.180.180.215). Number attempts: 5. Retry after 6 seconds.: paramiko.ssh_exception.NoValidConnectionsError: [Errno None] Unable to connect to port 22 on 10.180.180.215
2025-03-12 09:13:57.763 68488 INFO tempest.lib.common.rest_client [req-1da230d8-52dc-4aca-92e8-bbe4da898e0b req-1da230d8-52dc-4aca-92e8-bbe4da898e0b ] Request (SecurityGroupsTestJSON:test_list_security_groups_by_server): 200 GET http://10.180.1.21/compute/v2.1/servers/8ae09ca9-6d7f-41a2-ad2d-f138e2c29433 0.588s
2025-03-12 09:13:57.804 68516 INFO tempest.lib.common.rest_client [req-61ae0cb2-821c-4f5a-a0f2-ae91d55a53f4 req-61ae0cb2-821c-4f5a-a0f2-ae91d55a53f4 ] Request (AttachInterfacesTestJSON:test_create_list_show_delete_interfaces_by_fixed_ip): 200 GET http://10.180.1.21/compute/v2.1/servers/941df5cb-677e-421e-b32a-ced3e69257bb 0.558s
2025-03-12 09:13:57.924 68518 INFO tempest.lib.common.rest_client [req-42139d6c-38a4-4224-abc4-ebe8d33c59b8 req-42139d6c-38a4-4224-abc4-ebe8d33c59b8 ] Request (InstanceActionsTestJSON:setUpClass): 200 GET http://10.180.1.21/compute/v2.1/servers/cc25ab8d-527a-4c21-8993-cb16b7228d70 0.595s
2025-03-12 09:13:57.930 68505 INFO tempest.lib.common.rest_client [req-1a4cb3f7-7cde-47af-9bba-b68ad6ca1a15 req-1a4cb3f7-7cde-47af-9bba-b68ad6ca1a15 ] Request (ImagesOneServerNegativeTestJSON:test_create_image_specify_metadata_over_limits): 400 POST http://10.180.1.21/compute/v2.1/servers/a518e6a0-7142-4a7b-a710-169c52edd3ee/action 0.587s
2025-03-12 09:13:57.980 68490 INFO tempest.lib.common.rest_client [req-c215f838-9abb-4a17-9d61-d793c477d11b req-c215f838-9abb-4a17-9d61-d793c477d11b ] Request (DeleteServersTestJSON:test_delete_active_server): 200 GET http://10.180.1.21/compute/v2.1/servers/39697361-2e54-45c5-b0f5-6995c2bc13d8 0.600s
2025-03-12 09:13:57.993 68478 INFO tempest.lib.common.rest_client [req-20871d32-b8ff-46ea-9bea-fbac23c3ff66 req-20871d32-b8ff-46ea-9bea-fbac23c3ff66 ] Request (ServersAdminNegativeTestJSON:test_migrate_server_invalid_state): 200 GET http://10.180.1.21/compute/v2.1/servers/06b09205-14aa-4166-81f6-ce6f44dc826e 0.773s
2025-03-12 09:13:58.029 68492 INFO tempest.lib.common.rest_client [req-48b6d8fe-8724-45a0-ab34-a5ad47cd0e0d req-48b6d8fe-8724-45a0-ab34-a5ad47cd0e0d ] Request (DeleteServersAdminTestJSON:test_delete_server_while_in_error_state): 200 GET http://10.180.1.21/compute/v2.1/servers/f23b2dae-688d-48ed-8912-92548a355f33 0.646s
2025-03-12 09:13:58.048 68510 INFO tempest.lib.common.rest_client [req-ee167087-c5e6-4d08-a40f-efd74f066961 req-ee167087-c5e6-4d08-a40f-efd74f066961 ] Request (ServerDiskConfigTestJSON:test_rebuild_server_with_auto_disk_config): 200 GET http://10.180.1.21/compute/v2.1/servers/665a3f40-d12f-4e99-b3d2-53e137897226 0.622s
2025-03-12 09:13:58.081 68468 INFO tempest.lib.common.rest_client [req-5d98ac53-eb89-4301-9919-0293fd281c82 req-5d98ac53-eb89-4301-9919-0293fd281c82 ] Request (ListImageFiltersTestJSON:setUpClass): 200 GET http://10.180.1.21/compute/v2.1/servers/bec2b37d-ba84-42f7-8506-0b5868e7fa7a 0.574s
2025-03-12 09:13:58.110 68498 INFO tempest.lib.common.rest_client [req-92255f21-6960-4d3f-ad63-ccf5dbb46a7f req-92255f21-6960-4d3f-ad63-ccf5dbb46a7f ] Request (ServersTestFqdnHostnames:test_create_server_with_fqdn_name): 200 GET http://10.180.1.21/compute/v2.1/servers/11adde73-5bff-4603-baa6-900887998828 0.215s
2025-03-12 09:13:58.189 68502 INFO tempest.lib.common.rest_client [req-fdb3d63b-b4db-45f4-a1f8-23db15ceddd7 req-fdb3d63b-b4db-45f4-a1f8-23db15ceddd7 ] Request (ServerAddressesNegativeTestJSON:tearDownClass): 200 GET http://10.180.1.21/compute/v2.1/servers/6a07635b-5b0c-4d02-94dc-2c6cd34b95b5 0.217s
2025-03-12 09:13:58.196 68505 INFO tempest.lib.common.rest_client [req-c6d43549-f903-4d4b-bdcb-2f713fa07b58 req-c6d43549-f903-4d4b-bdcb-2f713fa07b58 ] Request (ImagesOneServerNegativeTestJSON:tearDown): 200 GET http://10.180.1.21/compute/v2.1/servers/a518e6a0-7142-4a7b-a710-169c52edd3ee 0.265s
2025-03-12 09:13:58.211 68480 INFO tempest.lib.common.rest_client [req-dbd69e29-737b-4e84-8ccc-d7eb9587a4ec req-dbd69e29-737b-4e84-8ccc-d7eb9587a4ec ] Request (ServerRescueTestJSONUnderV235:tearDownClass): 204 DELETE http://10.180.1.21:9696/networking/v2.0/routers/afcff586-7672-440f-82c5-b355252e8ebd 0.721s
2025-03-12 09:13:58.253 68482 INFO tempest.lib.common.rest_client [req-12fa81df-078f-4848-b82b-213d5ff03059 req-12fa81df-078f-4848-b82b-213d5ff03059 ] Request (MultipleCreateTestJSON:_run_cleanups): 200 GET http://10.180.1.21/compute/v2.1/servers/eb3aa9a6-bb95-4bac-b679-8c83d4eb389d 0.216s
2025-03-12 09:13:58.266 68470 INFO tempest.lib.common.rest_client [req-e02f9fc0-1b30-4d05-b606-ecc792733976 req-e02f9fc0-1b30-4d05-b606-ecc792733976 ] Request (ServersV294TestFqdnHostnames:setUpClass): 200 GET http://10.180.1.21/compute/v2.1/servers/9c4949ce-1c1c-45f4-9348-1201c2734c6e 0.164s
2025-03-12 09:13:58.283 68470 INFO tempest.common.waiters [-] State transition "BUILD/scheduling" ==> "BUILD/None" after 16 second wait
2025-03-12 09:13:58.306 68514 INFO tempest.lib.common.rest_client [req-538ddcc6-943a-4174-af75-a39d63e31a53 req-538ddcc6-943a-4174-af75-a39d63e31a53 ] Request (ServersTestManualDisk:setUpClass): 200 GET http://10.180.1.21/compute/v2.1/servers/ea2fc662-f98e-461d-956b-d7eff9b191d8 0.150s
2025-03-12 09:13:58.340 68480 INFO tempest.lib.common.rest_client [req-55ca1493-3811-48d7-a2a4-40606b7d9760 req-55ca1493-3811-48d7-a2a4-40606b7d9760 ] Request (ServerRescueTestJSONUnderV235:tearDownClass): 204 DELETE http://10.180.1.21:9696/networking/v2.0/subnets/aad1fb5a-0e76-40ba-8f6e-41cc7987e6c5 0.129s
2025-03-12 09:13:58.372 68505 INFO tempest.lib.common.rest_client [req-753a0aa6-1686-4d53-a1fc-d0ed11abc252 req-753a0aa6-1686-4d53-a1fc-d0ed11abc252 ] Request (ImagesOneServerNegativeTestJSON:setUp): 200 GET http://10.180.1.21/compute/v2.1/servers/a518e6a0-7142-4a7b-a710-169c52edd3ee 0.166s
2025-03-12 09:13:58.373 68500 INFO tempest.lib.common.rest_client [req-e275d485-5e60-4d10-beeb-e62ddba2a26c req-e275d485-5e60-4d10-beeb-e62ddba2a26c ] Request (ImagesOneServerTestJSON:tearDownClass): 200 GET http://10.180.1.21/compute/v2.1/servers/33d3c446-1267-4eb7-970b-af1013db456c 0.150s
2025-03-12 09:13:58.387 68505 INFO tempest.lib.common.rest_client [req-2dfddd8e-6a98-46d3-bfea-9b3a9d60c25e req-2dfddd8e-6a98-46d3-bfea-9b3a9d60c25e ] Request (ImagesOneServerNegativeTestJSON:test_create_image_specify_name_over_character_limit): 400 POST http://10.180.1.21/compute/v2.1/servers/a518e6a0-7142-4a7b-a710-169c52edd3ee/action 0.007s
2025-03-12 09:13:58.469 68476 INFO tempest.lib.common.rest_client [req-03cfebee-7922-4ba5-8b27-0adf46e05382 req-03cfebee-7922-4ba5-8b27-0adf46e05382 ] Request (InstanceActionsNegativeTestJSON:tearDownClass): 200 GET http://10.180.1.21/compute/v2.1/servers/e1f537bc-5937-446d-b44a-8c0fe5441aee 0.061s
2025-03-12 09:13:58.513 68480 INFO tempest.lib.common.rest_client [req-acce1f4a-17e8-46a8-b9f9-89049834dfd3 req-acce1f4a-17e8-46a8-b9f9-89049834dfd3 ] Request (ServerRescueTestJSONUnderV235:tearDownClass): 204 DELETE http://10.180.1.21:9696/networking/v2.0/networks/a4a68def-f652-4fbe-b84c-d0de898237e3 0.171s
2025-03-12 09:13:58.540 68505 INFO tempest.lib.common.rest_client [req-078bb466-2bfb-440a-b322-06d2aa674a63 req-078bb466-2bfb-440a-b322-06d2aa674a63 ] Request (ImagesOneServerNegativeTestJSON:tearDown): 200 GET http://10.180.1.21/compute/v2.1/servers/a518e6a0-7142-4a7b-a710-169c52edd3ee 0.153s
2025-03-12 09:13:58.577 68512 INFO tempest.lib.common.rest_client [req-80e59180-0dbe-4951-af53-b2272cc4f5b8 req-80e59180-0dbe-4951-af53-b2272cc4f5b8 ] Request (ImagesTestJSON:test_create_image_from_stopped_server): 200 GET http://10.180.1.21/compute/v2.1/servers/22fbeb09-3d90-4b99-ab23-73793f4a9b40 0.146s
2025-03-12 09:13:58.589 68466 INFO tempest.lib.common.rest_client [req-e3cd81b3-effa-45cf-b836-964552a5d203 req-e3cd81b3-effa-45cf-b836-964552a5d203 ] Request (AttachInterfacesUnderV243Test:test_add_remove_fixed_ip): 200 GET http://10.180.1.21/compute/v2.1/servers/e751acc9-f68b-4f29-8b86-f16c2bbaae87 0.100s
2025-03-12 09:13:58.594 68480 INFO tempest.lib.common.rest_client [req-df627ca9-9a5b-4169-9f28-1d29f655fa13 req-df627ca9-9a5b-4169-9f28-1d29f655fa13 ] Request (ServerRescueTestJSONUnderV235:tearDownClass): 204 DELETE http://10.180.1.21/identity/v3/users/e7e7c4adf73243119510a4626f869b64 0.081s
2025-03-12 09:13:58.594 68480 INFO tempest.lib.common.dynamic_creds [-] Deleting project and security group for project: 0e16ba39041c41f0975ce2e04ec63ce4
2025-03-12 09:13:58.619 68480 INFO tempest.lib.common.rest_client [req-22d1c6b1-1d1d-4a74-8174-688b3d70574a req-22d1c6b1-1d1d-4a74-8174-688b3d70574a ] Request (ServerRescueTestJSONUnderV235:tearDownClass): 200 GET http://10.180.1.21:9696/networking/v2.0/security-groups?tenant_id=0e16ba39041c41f0975ce2e04ec63ce4&name=default 0.025s
2025-03-12 09:13:58.649 68484 INFO tempest.lib.common.rest_client [req-a8aa0f9c-5c2b-4bbc-9851-64c52b68e72c req-a8aa0f9c-5c2b-4bbc-9851-64c52b68e72c ] Request (ServerDiagnosticsV248Test:tearDownClass): 200 GET http://10.180.1.21/compute/v2.1/servers/6462c122-dc0f-4083-84f8-a472e61285b8 0.089s
2025-03-12 09:13:58.662 68505 INFO tempest.lib.common.rest_client [req-3f2c1bd6-7381-4a87-bbc3-fc1606d93749 req-3f2c1bd6-7381-4a87-bbc3-fc1606d93749 ] Request (ImagesOneServerNegativeTestJSON:setUp): 200 GET http://10.180.1.21/compute/v2.1/servers/a518e6a0-7142-4a7b-a710-169c52edd3ee 0.111s
2025-03-12 09:13:58.728 68523 INFO tempest.lib.common.rest_client [req-be1759fa-ba78-4792-bbef-3f53cdd88a9f req-be1759fa-ba78-4792-bbef-3f53cdd88a9f ] Request (ServersAdmin275Test:tearDownClass): 200 GET http://10.180.1.21/compute/v2.1/servers/45a45c16-3ba7-4fc1-9bd1-f1751772d416 0.067s
2025-03-12 09:13:58.734 68480 INFO tempest.lib.common.rest_client [req-77d88932-9474-4e78-b547-159617ed6e15 req-77d88932-9474-4e78-b547-159617ed6e15 ] Request (ServerRescueTestJSONUnderV235:tearDownClass): 204 DELETE http://10.180.1.21:9696/networking/v2.0/security-groups/2c3c4f18-3e44-4948-9e05-476e64f1a8f4 0.114s
2025-03-12 09:13:58.802 68496 INFO tempest.lib.common.rest_client [req-acbfd01a-bdc8-4c69-afa0-f6aa91fbb3b5 req-acbfd01a-bdc8-4c69-afa0-f6aa91fbb3b5 ] Request (ServersAdminTestJSON:test_create_server_with_scheduling_hint): 200 GET http://10.180.1.21/compute/v2.1/servers/f8d8520b-21a2-48a9-951f-15d869dfe6d1 0.233s
2025-03-12 09:13:58.867 68480 INFO tempest.lib.common.rest_client [req-22870cb7-ddb9-4d85-803b-5f8ce19f1950 req-22870cb7-ddb9-4d85-803b-5f8ce19f1950 ] Request (ServerRescueTestJSONUnderV235:tearDownClass): 204 DELETE http://10.180.1.21/identity/v3/projects/0e16ba39041c41f0975ce2e04ec63ce4 0.133s
2025-03-12 09:13:58.887 68474 INFO tempest.lib.common.rest_client [req-92255078-f07f-4d9c-a365-5290e686ad6a req-92255078-f07f-4d9c-a365-5290e686ad6a ] Request (ServerAddressesTestJSON:tearDownClass): 200 GET http://10.180.1.21/compute/v2.1/servers/f0d040bc-68b5-4e45-b854-775936dae98c 0.173s
2025-03-12 09:13:58.926 68480 INFO tempest.lib.common.rest_client [req-28b605cf-4b45-41f3-ac6b-59b4a5a0def6 req-28b605cf-4b45-41f3-ac6b-59b4a5a0def6 ] Request (ServersTestJSON:setUpClass): 201 POST http://10.180.1.21/identity/v3/auth/tokens 0.056s
2025-03-12 09:13:58.953 68480 INFO tempest.lib.common.rest_client [req-58210989-e9f7-46d5-8870-3015f89e0651 req-58210989-e9f7-46d5-8870-3015f89e0651 ] Request (ServersTestJSON:setUpClass): 201 POST http://10.180.1.21/identity/v3/auth/tokens 0.024s
2025-03-12 09:13:58.977 68480 INFO tempest.lib.common.rest_client [req-8c86888c-c251-462d-9579-d4ed2a84cc28 req-8c86888c-c251-462d-9579-d4ed2a84cc28 ] Request (ServersTestJSON:setUpClass): 200 GET http://10.180.1.21/identity/v3/domains?name=Default 0.024s
2025-03-12 09:13:58.990 68462 INFO tempest.lib.common.rest_client [req-58d59dfb-cd5f-432c-af5b-24fa78d5de8b req-58d59dfb-cd5f-432c-af5b-24fa78d5de8b ] Request (MigrationsAdminTest:test_list_migrations_in_flavor_resize_situation): 200 GET http://10.180.1.21/compute/v2.1/servers/d96bc42c-7bd3-41b2-a663-1992180fcd51 0.266s
2025-03-12 09:13:58.997 68462 INFO tempest.common.waiters [-] State transition "VERIFY_RESIZE/None" ==> "ACTIVE/None" after 25 second wait
2025-03-12 09:13:59.010 68480 INFO tempest.lib.common.rest_client [req-72bf15da-48dd-406e-a1e2-deda7a46bcb9 req-72bf15da-48dd-406e-a1e2-deda7a46bcb9 ] Request (ServersTestJSON:setUpClass): 201 POST http://10.180.1.21/identity/v3/projects 0.032s
2025-03-12 09:13:59.046 68488 INFO tempest.lib.common.rest_client [req-7e296d63-f086-496b-b1ba-ac542d69f72a req-7e296d63-f086-496b-b1ba-ac542d69f72a ] Request (SecurityGroupsTestJSON:test_list_security_groups_by_server): 200 GET http://10.180.1.21/compute/v2.1/servers/8ae09ca9-6d7f-41a2-ad2d-f138e2c29433 0.272s
2025-03-12 09:13:59.064 68480 INFO tempest.lib.common.rest_client [req-ba58b387-7327-4fd2-9074-f059c588e933 req-ba58b387-7327-4fd2-9074-f059c588e933 ] Request (ServersTestJSON:setUpClass): 201 POST http://10.180.1.21/identity/v3/users 0.054s
2025-03-12 09:13:59.087 68480 INFO tempest.lib.common.rest_client [req-fc94b0e8-6348-4f29-b9b2-4c6b86e69689 req-fc94b0e8-6348-4f29-b9b2-4c6b86e69689 ] Request (ServersTestJSON:setUpClass): 200 GET http://10.180.1.21/identity/v3/roles 0.022s
2025-03-12 09:13:59.103 68516 INFO tempest.lib.common.rest_client [req-41151ad7-7d96-4f55-9f99-fd26242bbf31 req-41151ad7-7d96-4f55-9f99-fd26242bbf31 ] Request (AttachInterfacesTestJSON:test_create_list_show_delete_interfaces_by_fixed_ip): 200 GET http://10.180.1.21/compute/v2.1/servers/941df5cb-677e-421e-b32a-ced3e69257bb 0.292s
2025-03-12 09:13:59.111 68480 INFO tempest.lib.common.rest_client [req-7c56d848-0594-42f8-b8a8-56d2650e5c7a req-7c56d848-0594-42f8-b8a8-56d2650e5c7a ] Request (ServersTestJSON:setUpClass): 204 PUT http://10.180.1.21/identity/v3/projects/745b9683f22f47269b28d966043dd4f9/users/8f671f5b1120430d97f30f6503a05821/roles/62f0c8c530ae4f3dbecf3cbebfb95666 0.023s
2025-03-12 09:13:59.111 68480 INFO tempest.lib.common.dynamic_creds [-] Dynamic test user 8f671f5b1120430d97f30f6503a05821 is created with scope project and roles: ['member']
2025-03-12 09:13:59.112 68480 INFO tempest.lib.common.dynamic_creds [-] Acquired dynamic creds: credentials: Credentials: {'domain_id': 'default', 'domain_name': 'Default', 'username': 'tempest-ServersTestJSON-2107965389-project-member', 'project_domain_id': 'default', 'project_domain_name': 'Default', 'project_id': '745b9683f22f47269b28d966043dd4f9', 'project_name': 'tempest-ServersTestJSON-2107965389', 'tenant_id': '745b9683f22f47269b28d966043dd4f9', 'tenant_name': 'tempest-ServersTestJSON-2107965389', 'user_domain_id': 'default', 'user_domain_name': 'Default', 'user_id': '8f671f5b1120430d97f30f6503a05821', 'system': None}, Network: None, Subnet: None, Router: None
2025-03-12 09:13:59.166 68480 INFO tempest.lib.common.rest_client [req-e6e32c81-a03f-42ef-b3a1-a59549f234dc req-e6e32c81-a03f-42ef-b3a1-a59549f234dc ] Request (ServersTestJSON:setUpClass): 201 POST http://10.180.1.21/identity/v3/auth/tokens 0.055s
