2025-03-12 09:13:25.018 68470 INFO tempest.lib.common.rest_client [req-4f87e19c-8363-4284-9155-b87cd3e1f23b req-4f87e19c-8363-4284-9155-b87cd3e1f23b ] Request (QuotasAdminNegativeTest:_run_cleanups): 200 PUT http://10.180.1.21/compute/v2.1/os-quota-sets/0983e141a45c4b14941819851377686b 1.572s
2025-03-12 09:13:25.065 68520 INFO tempest.lib.common.rest_client [req-1a6e1913-7947-4e01-8b7a-ae52f32355fe req-1a6e1913-7947-4e01-8b7a-ae52f32355fe ] Request (MultipleCreateNegativeTestJSON:tearDownClass): 204 DELETE http://10.180.1.21/identity/v3/projects/d37077f8b00749eaad6d67ea06554d02 0.092s
2025-03-12 09:13:25.204 68462 INFO tempest.lib.common.rest_client [req-bd2066fc-c0fb-41c2-9651-fa7020c9ffc0 req-bd2066fc-c0fb-41c2-9651-fa7020c9ffc0 ] Request (MigrationsAdminTest:test_list_migrations_in_flavor_resize_situation): 200 GET http://10.180.1.21/compute/v2.1/servers/d96bc42c-7bd3-41b2-a663-1992180fcd51 1.721s
2025-03-12 09:13:25.212 68462 INFO tempest.common.waiters [-] State transition "RESIZE/resize_migrating" ==> "RESIZE/resize_migrated" after 26 second wait
2025-03-12 09:13:25.326 68498 INFO tempest.lib.common.rest_client [req-00c37fbb-85bf-42a1-b0e7-519f3039d404 req-00c37fbb-85bf-42a1-b0e7-519f3039d404 ] Request (ServerDiagnosticsTest:tearDownClass): 200 GET http://10.180.1.21/compute/v2.1/servers/08ab5963-281f-43c8-ae97-9cb9028d095f 1.731s
2025-03-12 09:13:25.421 68516 INFO tempest.lib.common.rest_client [req-f33f5ba2-e245-4c0e-9e57-3b74fa4ca2aa req-f33f5ba2-e245-4c0e-9e57-3b74fa4ca2aa ] Request (FloatingIPsAssociationNegativeTestJSON:tearDownClass): 200 GET http://10.180.1.21/compute/v2.1/servers/0e396779-8b56-4718-9c40-f44d86723090 1.774s
2025-03-12 09:13:25.433 68516 INFO tempest.common.waiters [-] State transition "ACTIVE/deleting" ==> "DELETED/None" after 3 second wait
2025-03-12 09:13:25.515 68523 INFO tempest.lib.common.rest_client [req-39f31a21-da0a-421f-a7a4-6455100cbca6 req-39f31a21-da0a-421f-a7a4-6455100cbca6 ] Request (ServersAdmin275Test:test_rebuild_update_server_275): 200 GET http://10.180.1.21/compute/v2.1/servers/45a45c16-3ba7-4fc1-9bd1-f1751772d416 1.773s
2025-03-12 09:13:25.573 68484 INFO tempest.lib.common.rest_client [req-54d6d44b-730f-4bef-88df-331ca88b2e2c req-54d6d44b-730f-4bef-88df-331ca88b2e2c ] Request (ServerDiagnosticsV248Test:test_get_server_diagnostics): 200 GET http://10.180.1.21/compute/v2.1/servers/6462c122-dc0f-4083-84f8-a472e61285b8 1.711s
2025-03-12 09:13:25.691 68464 INFO tempest.lib.common.rest_client [req-0aacca6f-59df-4d03-988c-10628e0ba8be req-0aacca6f-59df-4d03-988c-10628e0ba8be ] Request (VolumesAssistedSnapshotsTest:test_volume_assisted_snapshot_create_delete): 200 GET http://10.180.1.21/compute/v2.1/servers/ec8106b2-cf75-44d3-b171-b3cfb4fd5e37/os-interface 1.818s
2025-03-12 09:13:25.903 68494 INFO tempest.lib.common.rest_client [req-ef4007e2-1653-4dd7-ba24-2ac4a6dafaa5 req-ef4007e2-1653-4dd7-ba24-2ac4a6dafaa5 ] Request (FloatingIPDetailsNegativeTestJSON:test_get_nonexistent_floating_ip_details): 404 GET http://10.180.1.21/compute/v2.1/os-floating-ips/5ff448b8-0b12-47aa-b925-7c4306c4cae1 1.997s
2025-03-12 09:13:25.956 68480 INFO tempest.lib.common.rest_client [req-10e625a7-3a5a-4122-b4c4-8cc0bb1440b2 req-10e625a7-3a5a-4122-b4c4-8cc0bb1440b2 ] Request (ServerRescueTestJSONUnderV235:test_rescued_vm_associate_dissociate_floating_ip): 202 POST http://10.180.1.21/compute/v2.1/servers/ff322f86-8e94-43e4-9c39-c133ac8ee7ca/action 3.693s
2025-03-12 09:13:25.987 68496 INFO tempest.lib.common.rest_client [req-15549036-46db-4692-90ad-a16e7d2bd5dc req-15549036-46db-4692-90ad-a16e7d2bd5dc ] Request (ServersAdminTestJSON:test_create_server_with_scheduling_hint): 200 GET http://10.180.1.21/compute/v2.1/servers/f8d8520b-21a2-48a9-951f-15d869dfe6d1 1.995s
2025-03-12 09:13:25.995 68496 INFO tempest.common.waiters [-] State transition "BUILD/scheduling" ==> "BUILD/None" after 15 second wait
2025-03-12 09:13:26.062 68505 INFO tempest.lib.common.rest_client [req-f1b5b9d0-3ab2-4322-a854-3b1c488b3704 req-f1b5b9d0-3ab2-4322-a854-3b1c488b3704 ] Request (ImagesOneServerNegativeTestJSON:setUpClass): 200 GET http://10.180.1.21/compute/v2.1/servers/a518e6a0-7142-4a7b-a710-169c52edd3ee 2.070s
2025-03-12 09:13:26.084 68472 INFO tempest.lib.common.rest_client [req-2727a617-fa2a-4796-9bd2-d6827330199b req-2727a617-fa2a-4796-9bd2-d6827330199b ] Request (ServersWithSpecificFlavorTestJSON:test_verify_created_server_ephemeral_disk): 200 PUT http://10.180.1.21:9696/networking/v2.0/floatingips/e34189e0-e5ed-4e89-927a-f7871ae03bed 1.680s
2025-03-12 09:13:26.152 68514 INFO tempest.lib.common.rest_client [req-f35d6bae-edb8-4906-ae17-fd536d689b28 req-f35d6bae-edb8-4906-ae17-fd536d689b28 ] Request (ServersTestManualDisk:setUpClass): 200 GET http://10.180.1.21/compute/v2.1/servers/ea2fc662-f98e-461d-956b-d7eff9b191d8 1.854s
2025-03-12 09:13:26.181 68488 INFO tempest.lib.common.rest_client [req-0ce6771b-d44f-47c4-9a0d-f8256e65f866 req-0ce6771b-d44f-47c4-9a0d-f8256e65f866 ] Request (FlavorsAdminTestJSON:test_list_non_public_flavor): 200 GET http://10.180.1.21/compute/v2.1/flavors/detail 1.737s
2025-03-12 09:13:26.252 68518 INFO tempest.lib.common.rest_client [req-dabc1e6d-05d0-405d-8353-a8e21ea06652 req-dabc1e6d-05d0-405d-8353-a8e21ea06652 ] Request (InstanceActionsTestJSON:setUpClass): 200 GET http://10.180.1.21/compute/v2.1/servers/cc25ab8d-527a-4c21-8993-cb16b7228d70 2.126s
2025-03-12 09:13:26.270 68466 INFO tempest.lib.common.rest_client [req-9be4bc65-6687-4ca1-8bad-8d96e343f896 req-9be4bc65-6687-4ca1-8bad-8d96e343f896 ] Request (ServerExternalEventsTest:tearDownClass): 200 GET http://10.180.1.21/compute/v2.1/servers/74dfb642-d692-4832-b2ca-ccbe76fb0802 1.787s
2025-03-12 09:13:26.322 68512 INFO tempest.lib.common.rest_client [req-fc6f9f60-cd5d-4c49-aff5-113713e881d3 req-fc6f9f60-cd5d-4c49-aff5-113713e881d3 ] Request (ImagesTestJSON:test_create_image_from_stopped_server): 200 GET http://10.180.1.21/compute/v2.1/servers/22fbeb09-3d90-4b99-ab23-73793f4a9b40 1.800s
2025-03-12 09:13:26.330 68512 INFO tempest.common.waiters [-] State transition "BUILD/scheduling" ==> "BUILD/None" after 18 second wait
2025-03-12 09:13:26.349 68474 INFO tempest.lib.common.rest_client [req-216043b8-1455-468d-bfdb-31944cbea184 req-216043b8-1455-468d-bfdb-31944cbea184 ] Request (ServerAddressesTestJSON:setUpClass): 200 GET http://10.180.1.21/compute/v2.1/servers/f0d040bc-68b5-4e45-b854-775936dae98c 1.785s
2025-03-12 09:13:26.386 68486 INFO tempest.lib.common.rest_client [req-49d67179-1607-4dfc-b284-18b87202d580 req-49d67179-1607-4dfc-b284-18b87202d580 ] Request (ServerActionsTestJSON:setUpClass): 200 GET http://10.180.1.21/compute/v2.1/servers/fa4e8290-ce2b-4823-8166-afd27d4abde0 1.804s
2025-03-12 09:13:26.419 68478 INFO tempest.lib.common.rest_client [req-2af319ae-7d64-46c9-8bff-0c717f9548da req-2af319ae-7d64-46c9-8bff-0c717f9548da ] Request (ServersAdminNegativeTestJSON:test_migrate_server_invalid_state): 200 GET http://10.180.1.21/compute/v2.1/servers/06b09205-14aa-4166-81f6-ce6f44dc826e 1.775s
2025-03-12 09:13:26.437 68492 INFO tempest.lib.common.rest_client [req-c1310660-33ab-4794-8e8a-11b5f3fe7eca req-c1310660-33ab-4794-8e8a-11b5f3fe7eca ] Request (DeleteServersAdminTestJSON:test_delete_server_while_in_error_state): 200 GET http://10.180.1.21/compute/v2.1/servers/f23b2dae-688d-48ed-8912-92548a355f33 1.766s
2025-03-12 09:13:26.488 68502 INFO tempest.lib.common.rest_client [req-98733071-434b-4747-9264-6bc1a347df27 req-98733071-434b-4747-9264-6bc1a347df27 ] Request (ServerAddressesNegativeTestJSON:setUpClass): 200 GET http://10.180.1.21/compute/v2.1/servers/6a07635b-5b0c-4d02-94dc-2c6cd34b95b5 1.746s
2025-03-12 09:13:26.527 68500 INFO tempest.lib.common.rest_client [req-7412a212-6cfd-482d-8f13-9ab2e9d331a5 req-7412a212-6cfd-482d-8f13-9ab2e9d331a5 ] Request (ImagesOneServerTestJSON:test_create_image_specify_multibyte_character_image_name): 200 GET http://10.180.1.21/compute/v2.1/images/eee0876b-7e08-48ba-8f41-c50036420c77 1.773s
2025-03-12 09:13:26.654 68482 INFO tempest.lib.common.rest_client [req-e258d5cc-68a8-4fe2-a9f4-301e48ca4909 req-e258d5cc-68a8-4fe2-a9f4-301e48ca4909 ] Request (MultipleCreateTestJSON:test_multiple_create): 200 GET http://10.180.1.21/compute/v2.1/servers/953ab25c-c318-439f-aed7-5d9df5c37a8e 1.940s
2025-03-12 09:13:26.661 68482 INFO tempest.common.waiters [-] State transition "BUILD/None" ==> "BUILD/spawning" after 32 second wait
2025-03-12 09:13:26.698 68468 INFO tempest.lib.common.rest_client [req-a8fc97a1-a958-486c-8cf0-77c040438e5a req-a8fc97a1-a958-486c-8cf0-77c040438e5a ] Request (ListImageFiltersTestJSON:setUpClass): 200 GET http://10.180.1.21/compute/v2.1/images/bd8c2194-a858-4dd4-8a51-5b10d0f78727 1.759s
2025-03-12 09:13:26.742 68490 INFO tempest.lib.common.rest_client [req-32e2a43b-cb58-4e3c-a5b9-0bb282f73beb req-32e2a43b-cb58-4e3c-a5b9-0bb282f73beb ] Request (DeleteServersTestJSON:setUpClass): 200 PUT http://10.180.1.21:9696/networking/v2.0/routers/1da3438f-aee7-492d-a37d-5e028d819f37/add_router_interface 2.682s
2025-03-12 09:13:26.743 68490 INFO tempest.lib.common.dynamic_creds [-] Created isolated network resources for: credentials: Credentials: {'domain_id': 'default', 'domain_name': 'Default', 'username': 'tempest-DeleteServersTestJSON-384657637-project-member', 'project_domain_id': 'default', 'project_domain_name': 'Default', 'project_id': '3d1223c1722245c6a523fb296c8e919b', 'project_name': 'tempest-DeleteServersTestJSON-384657637', 'tenant_id': '3d1223c1722245c6a523fb296c8e919b', 'tenant_name': 'tempest-DeleteServersTestJSON-384657637', 'user_domain_id': 'default', 'user_domain_name': 'Default', 'user_id': 'cdab9d7bdbc64742b13f164c271500f4', 'system': None}, Network: {'id': '5a6d7e51-8c56-467d-9601-2b6bc8899b30', 'name': 'tempest-DeleteServersTestJSON-572032787-network', 'tenant_id': '3d1223c1722245c6a523fb296c8e919b', 'admin_state_up': True, 'mtu': 8950, 'status': 'ACTIVE', 'subnets': [], 'shared': False, 'project_id': '3d1223c1722245c6a523fb296c8e919b', 'port_security_enabled': True, 'router:external': False, 'provider:network_type': 'vlan', 'provider:physical_network': 'default', 'provider:segmentation_id': 604, 'availability_zone_hints': [], 'availability_zones': [], 'ipv4_address_scope': None, 'ipv6_address_scope': None, 'description': '', 'tags': [], 'created_at': '2025-03-12T09:13:21Z', 'updated_at': '2025-03-12T09:13:22Z', 'revision_number': 1}, Subnet: {'id': 'e4ab5740-3a82-4c10-b2af-4d58530806e2', 'name': 'tempest-DeleteServersTestJSON-572032787-subnet', 'tenant_id': '3d1223c1722245c6a523fb296c8e919b', 'network_id': '5a6d7e51-8c56-467d-9601-2b6bc8899b30', 'ip_version': 4, 'subnetpool_id': None, 'enable_dhcp': True, 'ipv6_ra_mode': None, 'ipv6_address_mode': None, 'gateway_ip': '192.168.128.1', 'cidr': '192.168.128.0/28', 'allocation_pools': [{'start': '192.168.128.2', 'end': '192.168.128.14'}], 'host_routes': [], 'dns_nameservers': [], 'description': '', 'router:external': False, 'service_types': [], 'tags': [], 'created_at': '2025-03-12T09:13:22Z', 'updated_at': '2025-03-12T09:13:22Z', 'revision_number': 0, 'project_id': '3d1223c1722245c6a523fb296c8e919b'}, Router: {'id': '1da3438f-aee7-492d-a37d-5e028d819f37', 'name': 'tempest-DeleteServersTestJSON-572032787-router', 'tenant_id': '3d1223c1722245c6a523fb296c8e919b', 'admin_state_up': True, 'status': 'ACTIVE', 'external_gateway_info': {'network_id': '28bf4192-b909-4f23-970b-a02568b83a70', 'external_fixed_ips': [{'subnet_id': '7a92a11b-ccd4-408b-ae94-7940e0235462', 'ip_address': '10.180.180.159'}], 'enable_snat': True}, 'description': '', 'availability_zones': [], 'distributed': False, 'ha': False, 'availability_zone_hints': [], 'routes': [], 'flavor_id': None, 'tags': [], 'created_at': '2025-03-12T09:13:22Z', 'updated_at': '2025-03-12T09:13:23Z', 'revision_number': 2, 'project_id': '3d1223c1722245c6a523fb296c8e919b'}
2025-03-12 09:13:26.775 68464 INFO tempest.lib.common.rest_client [req-80468b99-3b84-4a55-a986-a71a1a5cebef req-80468b99-3b84-4a55-a986-a71a1a5cebef ] Request (VolumesAssistedSnapshotsTest:test_volume_assisted_snapshot_create_delete): 200 PUT http://10.180.1.21:9696/networking/v2.0/floatingips/5cd682d8-9a63-43da-857f-e4ec8524268c 1.081s
2025-03-12 09:13:26.776 68464 INFO tempest.lib.common.ssh [-] Creating ssh connection to '10.180.180.215:22' as 'cirros' with public key authentication
2025-03-12 09:13:26.794 68510 INFO tempest.lib.common.rest_client [req-166ce4b1-73cf-4dbb-a145-13f58d7bdb68 req-166ce4b1-73cf-4dbb-a145-13f58d7bdb68 ] Request (SecurityGroupRulesTestJSON:test_security_group_rules_delete_when_peer_group_deleted): 200 POST http://10.180.1.21/compute/v2.1/os-security-group-rules 1.945s
2025-03-12 09:13:26.848 68490 INFO tempest.lib.common.rest_client [req-7319812b-21e7-4aa0-a6df-b060fd35bb14 req-7319812b-21e7-4aa0-a6df-b060fd35bb14 ] Request (DeleteServersTestJSON:setUpClass): 201 POST http://10.180.1.21/identity/v3/auth/tokens 0.101s
2025-03-12 09:13:26.863 68470 INFO tempest.lib.common.rest_client [req-745e0b17-6d39-42d3-a9c7-bfeb43c22749 req-745e0b17-6d39-42d3-a9c7-bfeb43c22749 ] Request (QuotasAdminNegativeTest:test_create_server_when_memory_quota_is_full): 200 GET http://10.180.1.21/compute/v2.1/os-quota-sets/0983e141a45c4b14941819851377686b 1.842s
2025-03-12 09:13:26.887 68490 INFO tempest.lib.common.rest_client [req-ba285dba-8c0d-4092-8ff8-5ec264d62676 req-ba285dba-8c0d-4092-8ff8-5ec264d62676 ] Request (DeleteServersTestJSON:test_delete_active_server): 201 POST http://10.180.1.21/identity/v3/auth/tokens 0.027s
2025-03-12 09:13:26.888 68490 INFO tempest.lib.common.fixed_network [-] (DeleteServersTestJSON:test_delete_active_server) Found network {'id': '5a6d7e51-8c56-467d-9601-2b6bc8899b30', 'name': 'tempest-DeleteServersTestJSON-572032787-network', 'tenant_id': '3d1223c1722245c6a523fb296c8e919b', 'admin_state_up': True, 'mtu': 8950, 'status': 'ACTIVE', 'subnets': [], 'shared': False, 'project_id': '3d1223c1722245c6a523fb296c8e919b', 'port_security_enabled': True, 'router:external': False, 'provider:network_type': 'vlan', 'provider:physical_network': 'default', 'provider:segmentation_id': 604, 'availability_zone_hints': [], 'availability_zones': [], 'ipv4_address_scope': None, 'ipv6_address_scope': None, 'description': '', 'tags': [], 'created_at': '2025-03-12T09:13:21Z', 'updated_at': '2025-03-12T09:13:22Z', 'revision_number': 1} available for tenant
2025-03-12 09:13:26.952 68476 INFO tempest.lib.common.rest_client [req-7ec4b508-43e2-4549-a811-9a6b35c840cd req-7ec4b508-43e2-4549-a811-9a6b35c840cd ] Request (InstanceActionsNegativeTestJSON:setUpClass): 200 GET http://10.180.1.21/compute/v2.1/servers/e1f537bc-5937-446d-b44a-8c0fe5441aee 1.359s
2025-03-12 09:13:26.962 68506 WARNING tempest.lib.common.ssh [-] Failed to establish authenticated ssh connection to cirros@10.180.180.128 ([Errno None] Unable to connect to port 22 on 10.180.180.128). Number attempts: 3. Retry after 4 seconds.: paramiko.ssh_exception.NoValidConnectionsError: [Errno None] Unable to connect to port 22 on 10.180.180.128
2025-03-12 09:13:27.073 68472 INFO tempest.lib.common.rest_client [req-6033e838-f7a4-4e9b-abaa-4995c8ccfa5c req-6033e838-f7a4-4e9b-abaa-4995c8ccfa5c ] Request (ServersWithSpecificFlavorTestJSON:test_verify_created_server_ephemeral_disk): 200 GET http://10.180.1.21/compute/v2.1/servers/2a16afaf-4291-455b-b320-b9d58646fc32 0.988s
2025-03-12 09:13:27.081 68472 INFO tempest.lib.common.ssh [-] Creating ssh connection to '10.180.180.204:22' as 'cirros' with public key authentication
2025-03-12 09:13:27.097 68488 INFO tempest.lib.common.rest_client [req-88ebdfc7-3574-4865-bdcc-5fad47631a43 req-88ebdfc7-3574-4865-bdcc-5fad47631a43 ] Request (FlavorsAdminTestJSON:_run_cleanups): 202 DELETE http://10.180.1.21/compute/v2.1/flavors/1711836250 0.910s
2025-03-12 09:13:27.187 68462 INFO tempest.lib.common.rest_client [req-a740bbbf-ff30-45d2-a026-571872f2b0f1 req-a740bbbf-ff30-45d2-a026-571872f2b0f1 ] Request (MigrationsAdminTest:test_list_migrations_in_flavor_resize_situation): 200 GET http://10.180.1.21/compute/v2.1/servers/d96bc42c-7bd3-41b2-a663-1992180fcd51 0.974s
2025-03-12 09:13:27.197 68462 INFO tempest.common.waiters [-] State transition "RESIZE/resize_migrated" ==> "RESIZE/resize_finish" after 28 second wait
2025-03-12 09:13:27.253 68498 INFO tempest.lib.common.rest_client [req-e9ae014a-a042-4771-9e90-be656f09fdf4 req-e9ae014a-a042-4771-9e90-be656f09fdf4 ] Request (ServerDiagnosticsTest:tearDownClass): 200 GET http://10.180.1.21/compute/v2.1/servers/08ab5963-281f-43c8-ae97-9cb9028d095f 0.915s
2025-03-12 09:13:27.314 68516 INFO tempest.lib.common.rest_client [req-34fb7bcc-ecba-481e-8703-08ea7f30d795 req-34fb7bcc-ecba-481e-8703-08ea7f30d795 ] Request (FloatingIPsAssociationNegativeTestJSON:tearDownClass): 200 GET http://10.180.1.21/compute/v2.1/servers/0e396779-8b56-4718-9c40-f44d86723090 0.880s
2025-03-12 09:13:27.377 68523 INFO tempest.lib.common.rest_client [req-45425d0c-4e25-4ff1-811e-2a6607ef8b41 req-45425d0c-4e25-4ff1-811e-2a6607ef8b41 ] Request (ServersAdmin275Test:test_rebuild_update_server_275): 200 GET http://10.180.1.21/compute/v2.1/servers/45a45c16-3ba7-4fc1-9bd1-f1751772d416 0.846s
2025-03-12 09:13:27.386 68523 INFO tempest.common.waiters [-] State transition "REBUILD/rebuild_spawning" ==> "ACTIVE/None" after 10 second wait
2025-03-12 09:13:27.447 68484 INFO tempest.lib.common.rest_client [req-ba9d2b80-e549-4a5b-8d97-68608c52de1c req-ba9d2b80-e549-4a5b-8d97-68608c52de1c ] Request (ServerDiagnosticsV248Test:test_get_server_diagnostics): 200 GET http://10.180.1.21/compute/v2.1/servers/6462c122-dc0f-4083-84f8-a472e61285b8 0.862s
2025-03-12 09:13:27.485 68468 INFO tempest.lib.common.rest_client [req-24d2edb6-6c01-4c51-86bb-6ab3403227ab req-24d2edb6-6c01-4c51-86bb-6ab3403227ab ] Request (ListImageFiltersTestJSON:setUpClass): 200 GET http://10.180.1.21/compute/v2.1/images/bd8c2194-a858-4dd4-8a51-5b10d0f78727 0.783s
2025-03-12 09:13:27.670 68510 INFO tempest.lib.common.rest_client [req-9054ebb6-986f-49c6-b47a-0587080200ba req-9054ebb6-986f-49c6-b47a-0587080200ba ] Request (SecurityGroupRulesTestJSON:test_security_group_rules_delete_when_peer_group_deleted): 202 DELETE http://10.180.1.21/compute/v2.1/os-security-groups/98593f50-1f72-4df8-92ec-f000f0759eaa 0.872s
2025-03-12 09:13:27.756 68470 INFO tempest.lib.common.rest_client [req-0e650a03-ab74-4a94-9871-40f841dd9f16 req-0e650a03-ab74-4a94-9871-40f841dd9f16 ] Request (QuotasAdminNegativeTest:test_create_server_when_memory_quota_is_full): 200 PUT http://10.180.1.21/compute/v2.1/os-quota-sets/0983e141a45c4b14941819851377686b 0.890s
2025-03-12 09:13:27.794 68494 INFO tempest.lib.common.rest_client [req-aeb6aeb2-f99a-465b-8b2e-38a08c49ce85 req-aeb6aeb2-f99a-465b-8b2e-38a08c49ce85 ] Request (FloatingIPDetailsNegativeTestJSON:tearDownClass): 200 PUT http://10.180.1.21:9696/networking/v2.0/routers/7b0e0903-0f27-4b21-89b6-15a6baaac9ec/remove_router_interface 1.888s
2025-03-12 09:13:27.897 68468 INFO tempest.lib.common.rest_client [req-3eee2b58-20b7-4409-8aeb-e126b5e45195 req-3eee2b58-20b7-4409-8aeb-e126b5e45195 ] Request (ListImageFiltersTestJSON:setUpClass): 201 POST http://10.180.1.21/image/v2/images 0.406s
2025-03-12 09:13:27.926 68470 INFO tempest.lib.common.rest_client [req-ad44ba8b-c37d-49e3-8036-38e74d214eb8 req-ad44ba8b-c37d-49e3-8036-38e74d214eb8 ] Request (QuotasAdminNegativeTest:test_create_server_when_memory_quota_is_full): 201 POST http://10.180.1.21/identity/v3/auth/tokens 0.163s
2025-03-12 09:13:27.926 68470 INFO tempest.lib.common.fixed_network [-] (QuotasAdminNegativeTest:test_create_server_when_memory_quota_is_full) Found network None available for tenant
2025-03-12 09:13:28.214 68490 INFO tempest.lib.common.rest_client [req-12137291-5d40-4a06-a9ca-1c5ccf68dd65 req-12137291-5d40-4a06-a9ca-1c5ccf68dd65 ] Request (DeleteServersTestJSON:test_delete_active_server): 202 POST http://10.180.1.21/compute/v2.1/servers 1.325s
2025-03-12 09:13:28.314 68496 INFO tempest.lib.common.rest_client [req-1c196daf-a95b-465e-a746-7711f03c5f19 req-1c196daf-a95b-465e-a746-7711f03c5f19 ] Request (ServersAdminTestJSON:test_create_server_with_scheduling_hint): 200 GET http://10.180.1.21/compute/v2.1/servers/f8d8520b-21a2-48a9-951f-15d869dfe6d1 1.318s
2025-03-12 09:13:28.383 68505 INFO tempest.lib.common.rest_client [req-309fa3a1-73c6-440f-84ca-3f1258d9fd4c req-309fa3a1-73c6-440f-84ca-3f1258d9fd4c ] Request (ImagesOneServerNegativeTestJSON:setUpClass): 200 GET http://10.180.1.21/compute/v2.1/servers/a518e6a0-7142-4a7b-a710-169c52edd3ee 1.310s
2025-03-12 09:13:28.418 68488 INFO tempest.lib.common.rest_client [req-eae23220-2a7c-4143-afdf-fbfd81e5510e req-eae23220-2a7c-4143-afdf-fbfd81e5510e ] Request (FlavorsAdminTestJSON:_run_cleanups): 200 GET http://10.180.1.21/compute/v2.1/flavors/detail 1.321s
2025-03-12 09:13:28.478 68514 INFO tempest.lib.common.rest_client [req-c5786e96-721d-4237-9f26-a8cb89f0610a req-c5786e96-721d-4237-9f26-a8cb89f0610a ] Request (ServersTestManualDisk:setUpClass): 200 GET http://10.180.1.21/compute/v2.1/servers/ea2fc662-f98e-461d-956b-d7eff9b191d8 1.308s
2025-03-12 09:13:28.528 68518 INFO tempest.lib.common.rest_client [req-4a315134-1d08-4b0b-8733-ba3d4a16aaa9 req-4a315134-1d08-4b0b-8733-ba3d4a16aaa9 ] Request (InstanceActionsTestJSON:setUpClass): 200 GET http://10.180.1.21/compute/v2.1/servers/cc25ab8d-527a-4c21-8993-cb16b7228d70 1.253s
2025-03-12 09:13:28.589 68466 INFO tempest.lib.common.rest_client [req-632f916c-7287-4afc-9aa0-7518b6e859ba req-632f916c-7287-4afc-9aa0-7518b6e859ba ] Request (ServerExternalEventsTest:tearDownClass): 200 GET http://10.180.1.21/compute/v2.1/servers/74dfb642-d692-4832-b2ca-ccbe76fb0802 1.309s
2025-03-12 09:13:28.638 68494 INFO tempest.lib.common.rest_client [req-24a72e58-8150-4f9d-ac71-8a1db5ac4b91 req-24a72e58-8150-4f9d-ac71-8a1db5ac4b91 ] Request (FloatingIPDetailsNegativeTestJSON:tearDownClass): 204 DELETE http://10.180.1.21:9696/networking/v2.0/routers/7b0e0903-0f27-4b21-89b6-15a6baaac9ec 0.843s
2025-03-12 09:13:28.647 68512 INFO tempest.lib.common.rest_client [req-f82508d6-e832-4e7d-a977-18cdc9336cdd req-f82508d6-e832-4e7d-a977-18cdc9336cdd ] Request (ImagesTestJSON:test_create_image_from_stopped_server): 200 GET http://10.180.1.21/compute/v2.1/servers/22fbeb09-3d90-4b99-ab23-73793f4a9b40 1.316s
2025-03-12 09:13:28.717 68480 INFO tempest.lib.common.rest_client [req-ee7ec9e0-2fd1-44b1-b1c4-acb3a5ed20f3 req-ee7ec9e0-2fd1-44b1-b1c4-acb3a5ed20f3 ] Request (ServerRescueTestJSONUnderV235:test_rescued_vm_associate_dissociate_floating_ip): 202 POST http://10.180.1.21/compute/v2.1/servers/ff322f86-8e94-43e4-9c39-c133ac8ee7ca/action 2.761s
2025-03-12 09:13:28.746 68474 INFO tempest.lib.common.rest_client [req-0745dd79-ca07-4351-afab-76d55779e137 req-0745dd79-ca07-4351-afab-76d55779e137 ] Request (ServerAddressesTestJSON:setUpClass): 200 GET http://10.180.1.21/compute/v2.1/servers/f0d040bc-68b5-4e45-b854-775936dae98c 1.388s
2025-03-12 09:13:28.814 68494 INFO tempest.lib.common.rest_client [req-ee1c0fd2-76cc-420c-826a-ce60cc8f2349 req-ee1c0fd2-76cc-420c-826a-ce60cc8f2349 ] Request (FloatingIPDetailsNegativeTestJSON:tearDownClass): 204 DELETE http://10.180.1.21:9696/networking/v2.0/subnets/ae1f3fb3-d783-4f99-bb7a-d981b2862d83 0.175s
2025-03-12 09:13:28.841 68486 INFO tempest.lib.common.rest_client [req-59e2910d-f8f3-4728-bef2-a3a438f2e9a6 req-59e2910d-f8f3-4728-bef2-a3a438f2e9a6 ] Request (ServerActionsTestJSON:setUpClass): 200 GET http://10.180.1.21/compute/v2.1/servers/fa4e8290-ce2b-4823-8166-afd27d4abde0 1.446s
2025-03-12 09:13:28.907 68478 INFO tempest.lib.common.rest_client [req-bac824d6-a330-4918-8ad7-95e40687d678 req-bac824d6-a330-4918-8ad7-95e40687d678 ] Request (ServersAdminNegativeTestJSON:test_migrate_server_invalid_state): 200 GET http://10.180.1.21/compute/v2.1/servers/06b09205-14aa-4166-81f6-ce6f44dc826e 1.477s
2025-03-12 09:13:28.971 68492 INFO tempest.lib.common.rest_client [req-545ab53a-8904-4f0e-82f0-e55678c4511a req-545ab53a-8904-4f0e-82f0-e55678c4511a ] Request (DeleteServersAdminTestJSON:test_delete_server_while_in_error_state): 200 GET http://10.180.1.21/compute/v2.1/servers/f23b2dae-688d-48ed-8912-92548a355f33 1.524s
2025-03-12 09:13:28.997 68494 INFO tempest.lib.common.rest_client [req-f89725f8-9056-4116-b899-f83cee6cb812 req-f89725f8-9056-4116-b899-f83cee6cb812 ] Request (FloatingIPDetailsNegativeTestJSON:tearDownClass): 204 DELETE http://10.180.1.21:9696/networking/v2.0/networks/25778d60-33e0-4589-9baf-89edbaa71b74 0.183s
2025-03-12 09:13:29.054 68502 INFO tempest.lib.common.rest_client [req-c069478d-09b2-41d3-ad1d-5bf72ab6cb43 req-c069478d-09b2-41d3-ad1d-5bf72ab6cb43 ] Request (ServerAddressesNegativeTestJSON:setUpClass): 200 GET http://10.180.1.21/compute/v2.1/servers/6a07635b-5b0c-4d02-94dc-2c6cd34b95b5 1.548s
2025-03-12 09:13:29.089 68500 INFO tempest.lib.common.rest_client [req-251a8a7a-1540-4600-8a74-f7e6b0367e07 req-251a8a7a-1540-4600-8a74-f7e6b0367e07 ] Request (ImagesOneServerTestJSON:test_create_image_specify_multibyte_character_image_name): 200 GET http://10.180.1.21/compute/v2.1/images/eee0876b-7e08-48ba-8f41-c50036420c77 1.559s
2025-03-12 09:13:29.125 68494 INFO tempest.lib.common.rest_client [req-688ca0dd-d9cf-4325-ac51-3d6b1c539ded req-688ca0dd-d9cf-4325-ac51-3d6b1c539ded ] Request (FloatingIPDetailsNegativeTestJSON:tearDownClass): 204 DELETE http://10.180.1.21/identity/v3/users/30fb90ff19474ca78f1655a55bdcd5cc 0.127s
2025-03-12 09:13:29.125 68494 INFO tempest.lib.common.dynamic_creds [-] Deleting project and security group for project: db0b00beafa1420aade413f19f09d49d
2025-03-12 09:13:29.138 68523 INFO tempest.lib.common.rest_client [req-6bfe9f27-d62a-47aa-91db-8b32fbceeef9 req-6bfe9f27-d62a-47aa-91db-8b32fbceeef9 ] Request (ServersAdmin275Test:test_rebuild_update_server_275): 202 POST http://10.180.1.21/compute/v2.1/servers/45a45c16-3ba7-4fc1-9bd1-f1751772d416/action 1.747s
2025-03-12 09:13:29.162 68494 INFO tempest.lib.common.rest_client [req-ee4f07e8-06ac-47cc-8f4e-44621881a63d req-ee4f07e8-06ac-47cc-8f4e-44621881a63d ] Request (FloatingIPDetailsNegativeTestJSON:tearDownClass): 200 GET http://10.180.1.21:9696/networking/v2.0/security-groups?tenant_id=db0b00beafa1420aade413f19f09d49d&name=default 0.037s
2025-03-12 09:13:29.169 68510 INFO tempest.lib.common.rest_client [req-9e57da67-bbcf-444d-8de7-6b08e9d04320 req-9e57da67-bbcf-444d-8de7-6b08e9d04320 ] Request (SecurityGroupRulesTestJSON:test_security_group_rules_delete_when_peer_group_deleted): 200 GET http://10.180.1.21/compute/v2.1/os-security-groups/d8370bac-db46-4dd6-9acb-5c9f53eb6f3b 1.498s
2025-03-12 09:13:29.230 68482 INFO tempest.lib.common.rest_client [req-e36f480a-ca97-4278-a49d-5d3e7642104e req-e36f480a-ca97-4278-a49d-5d3e7642104e ] Request (MultipleCreateTestJSON:test_multiple_create): 200 GET http://10.180.1.21/compute/v2.1/servers/953ab25c-c318-439f-aed7-5d9df5c37a8e 1.568s
2025-03-12 09:13:29.259 68494 INFO tempest.lib.common.rest_client [req-22e6899a-de20-4842-9e2e-5ef250cfeea7 req-22e6899a-de20-4842-9e2e-5ef250cfeea7 ] Request (FloatingIPDetailsNegativeTestJSON:tearDownClass): 204 DELETE http://10.180.1.21:9696/networking/v2.0/security-groups/f3087989-4584-4bbc-b8bd-765fd95d3308 0.097s
2025-03-12 09:13:29.338 68476 INFO tempest.lib.common.rest_client [req-9415aaf4-6f6a-4ed2-ab27-4e59bdb16771 req-9415aaf4-6f6a-4ed2-ab27-4e59bdb16771 ] Request (InstanceActionsNegativeTestJSON:setUpClass): 200 GET http://10.180.1.21/compute/v2.1/servers/e1f537bc-5937-446d-b44a-8c0fe5441aee 1.378s
2025-03-12 09:13:29.359 68470 INFO tempest.lib.common.rest_client [req-435e8e88-8ee8-4c72-816f-810297076277 req-435e8e88-8ee8-4c72-816f-810297076277 ] Request (QuotasAdminNegativeTest:test_create_server_when_memory_quota_is_full): 403 POST http://10.180.1.21/compute/v2.1/servers 1.432s
2025-03-12 09:13:29.389 68494 INFO tempest.lib.common.rest_client [req-e6bc2dc8-8060-46cb-b43b-83a288c68c91 req-e6bc2dc8-8060-46cb-b43b-83a288c68c91 ] Request (FloatingIPDetailsNegativeTestJSON:tearDownClass): 204 DELETE http://10.180.1.21/identity/v3/projects/db0b00beafa1420aade413f19f09d49d 0.130s
2025-03-12 09:13:29.430 68490 INFO tempest.lib.common.rest_client [req-a90db0a7-5858-420e-8e62-37820bacfe41 req-a90db0a7-5858-420e-8e62-37820bacfe41 ] Request (DeleteServersTestJSON:test_delete_active_server): 200 GET http://10.180.1.21/compute/v2.1/servers/39697361-2e54-45c5-b0f5-6995c2bc13d8 1.214s
2025-03-12 09:13:29.452 68494 INFO tempest.lib.common.rest_client [req-961de4e1-8b6c-4eff-b788-3727a72ea48b req-961de4e1-8b6c-4eff-b788-3727a72ea48b ] Request (QuotasTestJSON:setUpClass): 201 POST http://10.180.1.21/identity/v3/auth/tokens 0.061s
2025-03-12 09:13:29.465 68498 INFO tempest.lib.common.rest_client [req-b744bffd-e775-4d26-9e1c-b5b9908cce35 req-b744bffd-e775-4d26-9e1c-b5b9908cce35 ] Request (ServerDiagnosticsTest:tearDownClass): 404 GET http://10.180.1.21/compute/v2.1/servers/08ab5963-281f-43c8-ae97-9cb9028d095f 1.204s
2025-03-12 09:13:29.477 68462 INFO tempest.lib.common.rest_client [req-6c9150d5-9f88-44e7-96c3-da31de21b94a req-6c9150d5-9f88-44e7-96c3-da31de21b94a ] Request (MigrationsAdminTest:test_list_migrations_in_flavor_resize_situation): 200 GET http://10.180.1.21/compute/v2.1/servers/d96bc42c-7bd3-41b2-a663-1992180fcd51 1.279s
2025-03-12 09:13:29.485 68494 INFO tempest.lib.common.rest_client [req-6cfc0493-adbc-41e1-9192-d83aa4bc784b req-6cfc0493-adbc-41e1-9192-d83aa4bc784b ] Request (QuotasTestJSON:setUpClass): 201 POST http://10.180.1.21/identity/v3/auth/tokens 0.029s
2025-03-12 09:13:29.502 68488 INFO tempest.lib.common.rest_client [req-2f791a38-a7b8-4956-a01c-a6e45e4e5f50 req-2f791a38-a7b8-4956-a01c-a6e45e4e5f50 ] Request (FlavorsAdminTestJSON:test_list_public_flavor_with_other_user): 200 POST http://10.180.1.21/compute/v2.1/flavors 1.078s
2025-03-12 09:13:29.535 68516 INFO tempest.lib.common.rest_client [req-ce2e40a7-422d-4c92-b6b1-d92362238f33 req-ce2e40a7-422d-4c92-b6b1-d92362238f33 ] Request (FloatingIPsAssociationNegativeTestJSON:tearDownClass): 200 GET http://10.180.1.21/compute/v2.1/servers/0e396779-8b56-4718-9c40-f44d86723090 1.211s
2025-03-12 09:13:29.557 68498 INFO tempest.lib.common.rest_client [req-17ac35b5-2a15-42ef-977d-342d90f0bd15 req-17ac35b5-2a15-42ef-977d-342d90f0bd15 ] Request (ServerDiagnosticsTest:tearDownClass): 204 DELETE http://10.180.1.21/identity/v3/users/140cf6c254484dec88f151688fb60fa8 0.091s
2025-03-12 09:13:29.568 68484 INFO tempest.lib.common.rest_client [req-0bc76555-7e02-406b-94e2-fb5923786a56 req-0bc76555-7e02-406b-94e2-fb5923786a56 ] Request (ServerDiagnosticsV248Test:test_get_server_diagnostics): 200 GET http://10.180.1.21/compute/v2.1/servers/6462c122-dc0f-4083-84f8-a472e61285b8 1.106s
2025-03-12 09:13:29.581 68484 INFO tempest.common.waiters [-] State transition "BUILD/spawning" ==> "ACTIVE/None" after 42 second wait
2025-03-12 09:13:29.619 68468 INFO tempest.lib.common.rest_client [req-b4978690-4eba-4f7d-a71f-d83210a80f34 req-b4978690-4eba-4f7d-a71f-d83210a80f34 ] Request (ListImageFiltersTestJSON:setUpClass): 204 PUT http://10.180.1.21/image/v2/images/e449544e-3fd3-4161-809d-321f88c861c3/file 0.719s
2025-03-12 09:13:29.674 68498 INFO tempest.lib.common.rest_client [req-f4e5a98d-b847-4c4a-99af-39090d925f34 req-f4e5a98d-b847-4c4a-99af-39090d925f34 ] Request (ServerDiagnosticsTest:tearDownClass): 204 DELETE http://10.180.1.21/identity/v3/users/0b5a183f59874df9993a40e5e5f0e825 0.116s
2025-03-12 09:13:29.674 68498 INFO tempest.lib.common.dynamic_creds [-] Deleting project and security group for project: 3e1b8885ad6c4d999d7d5863012f9eec
2025-03-12 09:13:29.705 68494 INFO tempest.lib.common.rest_client [req-c9b1d02e-82b1-4a4a-a4a6-08ac7b940406 req-c9b1d02e-82b1-4a4a-a4a6-08ac7b940406 ] Request (QuotasTestJSON:setUpClass): 200 GET http://10.180.1.21/identity/v3/domains?name=Default 0.220s
2025-03-12 09:13:29.707 68523 INFO tempest.lib.common.rest_client [req-9b1bc771-ea4d-4716-8291-1a54eae55bd3 req-9b1bc771-ea4d-4716-8291-1a54eae55bd3 ] Request (ServersAdmin275Test:_run_cleanups): 200 GET http://10.180.1.21/compute/v2.1/servers/45a45c16-3ba7-4fc1-9bd1-f1751772d416 0.559s
2025-03-12 09:13:29.739 68498 INFO tempest.lib.common.rest_client [req-2147b439-fa91-48b4-80bc-e91de2401a7c req-2147b439-fa91-48b4-80bc-e91de2401a7c ] Request (ServerDiagnosticsTest:tearDownClass): 201 POST http://10.180.1.21/identity/v3/auth/tokens 0.065s
2025-03-12 09:13:29.806 68494 INFO tempest.lib.common.rest_client [req-39da6eab-5cb5-468a-86fa-1c9b2a7f1d5b req-39da6eab-5cb5-468a-86fa-1c9b2a7f1d5b ] Request (QuotasTestJSON:setUpClass): 201 POST http://10.180.1.21/identity/v3/projects 0.100s
2025-03-12 09:13:29.877 68494 INFO tempest.lib.common.rest_client [req-c7efc9f3-e276-47a9-a640-a77da2f9fa37 req-c7efc9f3-e276-47a9-a640-a77da2f9fa37 ] Request (QuotasTestJSON:setUpClass): 201 POST http://10.180.1.21/identity/v3/users 0.071s
2025-03-12 09:13:29.900 68494 INFO tempest.lib.common.rest_client [req-764a040b-4d1d-4c6b-9cf4-152826cf71b6 req-764a040b-4d1d-4c6b-9cf4-152826cf71b6 ] Request (QuotasTestJSON:setUpClass): 200 GET http://10.180.1.21/identity/v3/roles 0.022s
2025-03-12 09:13:29.907 68510 INFO tempest.lib.common.rest_client [req-2ab6f26c-54b1-44b6-b9b5-575c5472cf35 req-2ab6f26c-54b1-44b6-b9b5-575c5472cf35 ] Request (SecurityGroupRulesTestJSON:test_security_group_rules_list): 200 POST http://10.180.1.21/compute/v2.1/os-security-groups 0.735s
2025-03-12 09:13:29.944 68494 INFO tempest.lib.common.rest_client [req-704e4664-7a27-4450-8148-5e1cde551eb9 req-704e4664-7a27-4450-8148-5e1cde551eb9 ] Request (QuotasTestJSON:setUpClass): 204 PUT http://10.180.1.21/identity/v3/projects/02ac9b395c6d495ea6f7a28943ac49a6/users/1c6d7ce865d54c92bf0d82cd01c03f38/roles/62f0c8c530ae4f3dbecf3cbebfb95666 0.043s
2025-03-12 09:13:29.944 68494 INFO tempest.lib.common.dynamic_creds [-] Dynamic test user 1c6d7ce865d54c92bf0d82cd01c03f38 is created with scope project and roles: ['member']
2025-03-12 09:13:29.944 68494 INFO tempest.lib.common.dynamic_creds [-] Acquired dynamic creds: credentials: Credentials: {'domain_id': 'default', 'domain_name': 'Default', 'username': 'tempest-QuotasTestJSON-447966021-project-member', 'project_domain_id': 'default', 'project_domain_name': 'Default', 'project_id': '02ac9b395c6d495ea6f7a28943ac49a6', 'project_name': 'tempest-QuotasTestJSON-447966021', 'tenant_id': '02ac9b395c6d495ea6f7a28943ac49a6', 'tenant_name': 'tempest-QuotasTestJSON-447966021', 'user_domain_id': 'default', 'user_domain_name': 'Default', 'user_id': '1c6d7ce865d54c92bf0d82cd01c03f38', 'system': None}, Network: None, Subnet: None, Router: None
2025-03-12 09:13:29.944 68494 INFO tempest.lib.common.dynamic_creds [-] Created isolated network resources for: credentials: Credentials: {'domain_id': 'default', 'domain_name': 'Default', 'username': 'tempest-QuotasTestJSON-447966021-project-member', 'project_domain_id': 'default', 'project_domain_name': 'Default', 'project_id': '02ac9b395c6d495ea6f7a28943ac49a6', 'project_name': 'tempest-QuotasTestJSON-447966021', 'tenant_id': '02ac9b395c6d495ea6f7a28943ac49a6', 'tenant_name': 'tempest-QuotasTestJSON-447966021', 'user_domain_id': 'default', 'user_domain_name': 'Default', 'user_id': '1c6d7ce865d54c92bf0d82cd01c03f38', 'system': None}, Network: None, Subnet: None, Router: None
2025-03-12 09:13:29.987 68496 INFO tempest.lib.common.rest_client [req-d1499fc0-1767-44cd-830c-250a1a4b10a0 req-d1499fc0-1767-44cd-830c-250a1a4b10a0 ] Request (ServersAdminTestJSON:test_create_server_with_scheduling_hint): 200 GET http://10.180.1.21/compute/v2.1/servers/f8d8520b-21a2-48a9-951f-15d869dfe6d1 0.662s
2025-03-12 09:13:29.990 68498 INFO tempest.lib.common.rest_client [req-5ba48f90-6076-4512-8380-3ac925788d0a req-5ba48f90-6076-4512-8380-3ac925788d0a ] Request (ServerDiagnosticsTest:tearDownClass): 200 GET http://10.180.1.21:9696/networking/v2.0/security-groups?tenant_id=3e1b8885ad6c4d999d7d5863012f9eec&name=default 0.250s
2025-03-12 09:13:30.035 68494 INFO tempest.lib.common.rest_client [req-8b93c795-b289-4ddf-a150-adbc47827710 req-8b93c795-b289-4ddf-a150-adbc47827710 ] Request (QuotasTestJSON:setUpClass): 201 POST http://10.180.1.21/identity/v3/auth/tokens 0.087s
2025-03-12 09:13:30.048 68480 INFO tempest.lib.common.rest_client [req-0de535f0-8a3e-4a6f-b4b4-1c1e47d24438 req-0de535f0-8a3e-4a6f-b4b4-1c1e47d24438 ] Request (ServerRescueTestJSONUnderV235:_run_cleanups): 202 DELETE http://10.180.1.21/compute/v2.1/os-floating-ips/f94d6784-eb97-4c37-860a-bb1adb8d50f2 1.330s
2025-03-12 09:13:30.074 68498 INFO tempest.lib.common.rest_client [req-2213fd9f-3c79-4cbc-8cae-dc0d1cd4faca req-2213fd9f-3c79-4cbc-8cae-dc0d1cd4faca ] Request (ServerDiagnosticsTest:tearDownClass): 204 DELETE http://10.180.1.21:9696/networking/v2.0/security-groups/db4e97e3-095e-4607-9b9f-4e4170640ef8 0.082s
2025-03-12 09:13:30.118 68505 INFO tempest.lib.common.rest_client [req-d9a33db1-4cd2-4990-9314-ed0c43116850 req-d9a33db1-4cd2-4990-9314-ed0c43116850 ] Request (ImagesOneServerNegativeTestJSON:setUpClass): 200 GET http://10.180.1.21/compute/v2.1/servers/a518e6a0-7142-4a7b-a710-169c52edd3ee 0.721s
2025-03-12 09:13:30.179 68470 INFO tempest.lib.common.rest_client [req-6dd14060-9aa1-4ed8-be4d-1622eefb9949 req-6dd14060-9aa1-4ed8-be4d-1622eefb9949 ] Request (QuotasAdminNegativeTest:_run_cleanups): 200 PUT http://10.180.1.21/compute/v2.1/os-quota-sets/0983e141a45c4b14941819851377686b 0.819s
2025-03-12 09:13:30.185 68472 WARNING tempest.lib.common.ssh [-] Failed to establish authenticated ssh connection to cirros@10.180.180.204 ([Errno None] Unable to connect to port 22 on 10.180.180.204). Number attempts: 1. Retry after 2 seconds.: paramiko.ssh_exception.NoValidConnectionsError: [Errno None] Unable to connect to port 22 on 10.180.180.204
2025-03-12 09:13:30.195 68514 INFO tempest.lib.common.rest_client [req-55886300-bfe4-4208-bdf0-43cc8068ceb7 req-55886300-bfe4-4208-bdf0-43cc8068ceb7 ] Request (ServersTestManualDisk:setUpClass): 200 GET http://10.180.1.21/compute/v2.1/servers/ea2fc662-f98e-461d-956b-d7eff9b191d8 0.709s
2025-03-12 09:13:30.212 68488 INFO tempest.lib.common.rest_client [req-0af5da6f-6bd1-445a-8f6d-403c99b15874 req-0af5da6f-6bd1-445a-8f6d-403c99b15874 ] Request (FlavorsAdminTestJSON:test_list_public_flavor_with_other_user): 200 GET http://10.180.1.21/compute/v2.1/flavors/detail 0.707s
2025-03-12 09:13:30.229 68498 INFO tempest.lib.common.rest_client [req-3aee316d-85ba-4a4b-a847-96d908c5b016 req-3aee316d-85ba-4a4b-a847-96d908c5b016 ] Request (ServerDiagnosticsTest:tearDownClass): 204 DELETE http://10.180.1.21/identity/v3/projects/3e1b8885ad6c4d999d7d5863012f9eec 0.153s
2025-03-12 09:13:30.229 68498 INFO tempest.lib.common.dynamic_creds [-] Deleting project and security group for project: db36e75cf7a1464db260f4486f874a70
2025-03-12 09:13:30.261 68518 INFO tempest.lib.common.rest_client [req-e981455d-6e32-4cb6-944f-1a7238634565 req-e981455d-6e32-4cb6-944f-1a7238634565 ] Request (InstanceActionsTestJSON:setUpClass): 200 GET http://10.180.1.21/compute/v2.1/servers/cc25ab8d-527a-4c21-8993-cb16b7228d70 0.721s
2025-03-12 09:13:30.269 68518 INFO tempest.common.waiters [-] State transition "BUILD/scheduling" ==> "BUILD/None" after 15 second wait
2025-03-12 09:13:30.286 68498 INFO tempest.lib.common.rest_client [req-757b0bdf-08ca-42ee-b778-ce583a52d167 req-757b0bdf-08ca-42ee-b778-ce583a52d167 ] Request (ServerDiagnosticsTest:tearDownClass): 200 GET http://10.180.1.21:9696/networking/v2.0/security-groups?tenant_id=db36e75cf7a1464db260f4486f874a70&name=default 0.056s
2025-03-12 09:13:30.340 68466 INFO tempest.lib.common.rest_client [req-3bacb542-720d-4e78-85e0-e6a5031f593b req-3bacb542-720d-4e78-85e0-e6a5031f593b ] Request (ServerExternalEventsTest:tearDownClass): 200 GET http://10.180.1.21/compute/v2.1/servers/74dfb642-d692-4832-b2ca-ccbe76fb0802 0.741s
2025-03-12 09:13:30.389 68468 INFO tempest.lib.common.rest_client [req-308d2070-a279-47e5-9adc-093868ce1685 req-308d2070-a279-47e5-9adc-093868ce1685 ] Request (ListImageFiltersTestJSON:setUpClass): 200 GET http://10.180.1.21/compute/v2.1/images/e449544e-3fd3-4161-809d-321f88c861c3 0.769s
2025-03-12 09:13:30.395 68498 INFO tempest.lib.common.rest_client [req-880fb5d6-d9f1-4784-bf74-f67e09158787 req-880fb5d6-d9f1-4784-bf74-f67e09158787 ] Request (ServerDiagnosticsTest:tearDownClass): 204 DELETE http://10.180.1.21:9696/networking/v2.0/security-groups/0bbb6936-31e2-49b4-a95e-4f381d23a5d0 0.109s
2025-03-12 09:13:30.448 68512 INFO tempest.lib.common.rest_client [req-2a304a0d-72e2-41af-aa53-5636f1a8255c req-2a304a0d-72e2-41af-aa53-5636f1a8255c ] Request (ImagesTestJSON:test_create_image_from_stopped_server): 200 GET http://10.180.1.21/compute/v2.1/servers/22fbeb09-3d90-4b99-ab23-73793f4a9b40 0.786s
2025-03-12 09:13:30.507 68474 INFO tempest.lib.common.rest_client [req-1660abdb-9d4f-4edb-a2ad-fd1b03db1963 req-1660abdb-9d4f-4edb-a2ad-fd1b03db1963 ] Request (ServerAddressesTestJSON:setUpClass): 200 GET http://10.180.1.21/compute/v2.1/servers/f0d040bc-68b5-4e45-b854-775936dae98c 0.747s
2025-03-12 09:13:30.522 68498 INFO tempest.lib.common.rest_client [req-04e7e9cd-0a69-441a-84c4-770702015179 req-04e7e9cd-0a69-441a-84c4-770702015179 ] Request (ServerDiagnosticsTest:tearDownClass): 204 DELETE http://10.180.1.21/identity/v3/projects/db36e75cf7a1464db260f4486f874a70 0.126s
2025-03-12 09:13:30.566 68486 INFO tempest.lib.common.rest_client [req-8e257eb2-5f08-49f1-a971-914014a6ff81 req-8e257eb2-5f08-49f1-a971-914014a6ff81 ] Request (ServerActionsTestJSON:setUpClass): 200 GET http://10.180.1.21/compute/v2.1/servers/fa4e8290-ce2b-4823-8166-afd27d4abde0 0.715s
2025-03-12 09:13:30.591 68498 INFO tempest.lib.common.rest_client [req-5fada0e0-e7a4-4ad6-abee-a54d0f2c5b14 req-5fada0e0-e7a4-4ad6-abee-a54d0f2c5b14 ] Request (ServersTestFqdnHostnames:setUpClass): 201 POST http://10.180.1.21/identity/v3/auth/tokens 0.067s
2025-03-12 09:13:30.623 68498 INFO tempest.lib.common.rest_client [req-8c172219-cfe9-41a0-a636-10d3c9006c7f req-8c172219-cfe9-41a0-a636-10d3c9006c7f ] Request (ServersTestFqdnHostnames:setUpClass): 201 POST http://10.180.1.21/identity/v3/auth/tokens 0.030s
2025-03-12 09:13:30.652 68498 INFO tempest.lib.common.rest_client [req-f6d4f48c-1acc-4e2a-b63a-fcb254a912c9 req-f6d4f48c-1acc-4e2a-b63a-fcb254a912c9 ] Request (ServersTestFqdnHostnames:setUpClass): 200 GET http://10.180.1.21/identity/v3/domains?name=Default 0.028s
2025-03-12 09:13:30.680 68510 INFO tempest.lib.common.rest_client [req-ad394d65-7746-4062-9c1c-31d1d531b0c6 req-ad394d65-7746-4062-9c1c-31d1d531b0c6 ] Request (SecurityGroupRulesTestJSON:test_security_group_rules_list): 200 POST http://10.180.1.21/compute/v2.1/os-security-group-rules 0.769s
2025-03-12 09:13:30.681 68498 INFO tempest.lib.common.rest_client [req-4e9da75b-1747-446c-a71a-d1bc6e88a58a req-4e9da75b-1747-446c-a71a-d1bc6e88a58a ] Request (ServersTestFqdnHostnames:setUpClass): 201 POST http://10.180.1.21/identity/v3/projects 0.029s
2025-03-12 09:13:30.740 68478 INFO tempest.lib.common.rest_client [req-2df13d72-4a97-4f18-b6d0-ef5a71653764 req-2df13d72-4a97-4f18-b6d0-ef5a71653764 ] Request (ServersAdminNegativeTestJSON:test_migrate_server_invalid_state): 200 GET http://10.180.1.21/compute/v2.1/servers/06b09205-14aa-4166-81f6-ce6f44dc826e 0.821s
2025-03-12 09:13:30.753 68498 INFO tempest.lib.common.rest_client [req-3375952b-bafc-499b-9953-a01299b3a79c req-3375952b-bafc-499b-9953-a01299b3a79c ] Request (ServersTestFqdnHostnames:setUpClass): 201 POST http://10.180.1.21/identity/v3/users 0.071s
2025-03-12 09:13:30.780 68498 INFO tempest.lib.common.rest_client [req-f1dbf2b9-debb-4483-ad60-e267d16f518f req-f1dbf2b9-debb-4483-ad60-e267d16f518f ] Request (ServersTestFqdnHostnames:setUpClass): 200 GET http://10.180.1.21/identity/v3/roles 0.026s
2025-03-12 09:13:30.797 68492 INFO tempest.lib.common.rest_client [req-7e4285ed-4979-422f-bc17-7bceaa1358f7 req-7e4285ed-4979-422f-bc17-7bceaa1358f7 ] Request (DeleteServersAdminTestJSON:test_delete_server_while_in_error_state): 200 GET http://10.180.1.21/compute/v2.1/servers/f23b2dae-688d-48ed-8912-92548a355f33 0.816s
2025-03-12 09:13:30.814 68498 INFO tempest.lib.common.rest_client [req-e70e37e2-7c4a-4094-852f-7ac3d991bb37 req-e70e37e2-7c4a-4094-852f-7ac3d991bb37 ] Request (ServersTestFqdnHostnames:setUpClass): 204 PUT http://10.180.1.21/identity/v3/projects/6ab03af804df4eb8b264588f0ec355e5/users/4930202df8f948b4bc7aae9f643f9f74/roles/62f0c8c530ae4f3dbecf3cbebfb95666 0.033s
2025-03-12 09:13:30.815 68498 INFO tempest.lib.common.dynamic_creds [-] Dynamic test user 4930202df8f948b4bc7aae9f643f9f74 is created with scope project and roles: ['member']
2025-03-12 09:13:30.815 68498 INFO tempest.lib.common.dynamic_creds [-] Acquired dynamic creds: credentials: Credentials: {'domain_id': 'default', 'domain_name': 'Default', 'username': 'tempest-ServersTestFqdnHostnames-987004425-project-member', 'project_domain_id': 'default', 'project_domain_name': 'Default', 'project_id': '6ab03af804df4eb8b264588f0ec355e5', 'project_name': 'tempest-ServersTestFqdnHostnames-987004425', 'tenant_id': '6ab03af804df4eb8b264588f0ec355e5', 'tenant_name': 'tempest-ServersTestFqdnHostnames-987004425', 'user_domain_id': 'default', 'user_domain_name': 'Default', 'user_id': '4930202df8f948b4bc7aae9f643f9f74', 'system': None}, Network: None, Subnet: None, Router: None
2025-03-12 09:13:30.876 68498 INFO tempest.lib.common.rest_client [req-680115ed-6e75-4a4c-af55-eff913f26c10 req-680115ed-6e75-4a4c-af55-eff913f26c10 ] Request (ServersTestFqdnHostnames:setUpClass): 201 POST http://10.180.1.21/identity/v3/auth/tokens 0.061s
2025-03-12 09:13:30.883 68484 INFO tempest.lib.common.rest_client [req-ba724fb1-cb8e-4782-b2bf-090d2c9e46a5 req-ba724fb1-cb8e-4782-b2bf-090d2c9e46a5 ] Request (ServerDiagnosticsV248Test:test_get_server_diagnostics): 200 GET http://10.180.1.21/compute/v2.1/servers/6462c122-dc0f-4083-84f8-a472e61285b8/diagnostics 1.301s
2025-03-12 09:13:30.982 68494 INFO tempest.lib.common.rest_client [req-654e4c7b-8051-4c10-a686-ceba0aa4c182 req-654e4c7b-8051-4c10-a686-ceba0aa4c182 ] Request (QuotasTestJSON:test_compare_tenant_quotas_with_default_quotas): 200 GET http://10.180.1.21/compute/v2.1/os-quota-sets/02ac9b395c6d495ea6f7a28943ac49a6/defaults 0.945s
2025-03-12 09:13:31.055 68502 INFO tempest.lib.common.rest_client [req-b6de5159-1241-498c-8e5e-0497b0c4ac7d req-b6de5159-1241-498c-8e5e-0497b0c4ac7d ] Request (ServerAddressesNegativeTestJSON:setUpClass): 200 GET http://10.180.1.21/compute/v2.1/servers/6a07635b-5b0c-4d02-94dc-2c6cd34b95b5 0.991s
2025-03-12 09:13:31.099 68480 INFO tempest.lib.common.rest_client [req-cd1c5370-a64d-4e13-b51b-3e79f96176a6 req-cd1c5370-a64d-4e13-b51b-3e79f96176a6 ] Request (ServerRescueTestJSONUnderV235:tearDownClass): 202 DELETE http://10.180.1.21/compute/v2.1/os-security-groups/3ed64708-16be-4ef2-a910-946bc4340ff3 1.049s
2025-03-12 09:13:31.100 68500 INFO tempest.lib.common.rest_client [req-4f6fca74-173b-4eec-b795-2a1eb64c209b req-4f6fca74-173b-4eec-b795-2a1eb64c209b ] Request (ImagesOneServerTestJSON:test_create_image_specify_multibyte_character_image_name): 200 GET http://10.180.1.21/compute/v2.1/images/eee0876b-7e08-48ba-8f41-c50036420c77 1.007s
2025-03-12 09:13:31.107 68470 INFO tempest.lib.common.rest_client [req-dffe4e47-cea8-4b57-84b7-cecf2991d498 req-dffe4e47-cea8-4b57-84b7-cecf2991d498 ] Request (QuotasAdminNegativeTest:test_update_quota_normal_user): 403 PUT http://10.180.1.21/compute/v2.1/os-quota-sets/0983e141a45c4b14941819851377686b 0.924s
2025-03-12 09:13:31.124 68488 INFO tempest.lib.common.rest_client [req-17b3f199-1f19-49bc-9814-a1cd48a31da7 req-17b3f199-1f19-49bc-9814-a1cd48a31da7 ] Request (FlavorsAdminTestJSON:_run_cleanups): 202 DELETE http://10.180.1.21/compute/v2.1/flavors/1142943447 0.904s
2025-03-12 09:13:31.215 68470 INFO tempest.lib.common.rest_client [req-e5cd01a9-7817-48ad-b342-5930af2bcdd7 req-e5cd01a9-7817-48ad-b342-5930af2bcdd7 ] Request (QuotasAdminNegativeTest:tearDownClass): 204 DELETE http://10.180.1.21/identity/v3/users/0c1f80fbc7274790b86678a9e379778e 0.106s
2025-03-12 09:13:31.232 68482 INFO tempest.lib.common.rest_client [req-483871a1-a635-4547-bf20-9ab2e624c779 req-483871a1-a635-4547-bf20-9ab2e624c779 ] Request (MultipleCreateTestJSON:test_multiple_create): 200 GET http://10.180.1.21/compute/v2.1/servers/953ab25c-c318-439f-aed7-5d9df5c37a8e 0.993s
2025-03-12 09:13:31.270 68468 INFO tempest.lib.common.rest_client [req-dbb1f4fd-2d57-491d-9607-96c1ea59c4cd req-dbb1f4fd-2d57-491d-9607-96c1ea59c4cd ] Request (ListImageFiltersTestJSON:setUpClass): 200 GET http://10.180.1.21/compute/v2.1/images/e449544e-3fd3-4161-809d-321f88c861c3 0.878s
2025-03-12 09:13:31.350 68470 INFO tempest.lib.common.rest_client [req-dd00d757-16db-487f-a3a6-c3b5b5750205 req-dd00d757-16db-487f-a3a6-c3b5b5750205 ] Request (QuotasAdminNegativeTest:tearDownClass): 204 DELETE http://10.180.1.21/identity/v3/users/86feaa4c17714b96a04ec082c9a91401 0.135s
2025-03-12 09:13:31.350 68470 INFO tempest.lib.common.dynamic_creds [-] Deleting project and security group for project: 0983e141a45c4b14941819851377686b
2025-03-12 09:13:31.385 68490 INFO tempest.lib.common.rest_client [req-fbb3f937-9d9e-494c-b696-08533d34ef26 req-fbb3f937-9d9e-494c-b696-08533d34ef26 ] Request (DeleteServersTestJSON:test_delete_active_server): 200 GET http://10.180.1.21/compute/v2.1/servers/39697361-2e54-45c5-b0f5-6995c2bc13d8 0.941s
2025-03-12 09:13:31.403 68476 INFO tempest.lib.common.rest_client [req-ab217039-02ba-424d-a18d-76c2b112ecaa req-ab217039-02ba-424d-a18d-76c2b112ecaa ] Request (InstanceActionsNegativeTestJSON:setUpClass): 200 GET http://10.180.1.21/compute/v2.1/servers/e1f537bc-5937-446d-b44a-8c0fe5441aee 1.053s
2025-03-12 09:13:31.409 68498 INFO tempest.lib.common.rest_client [req-df99a2c5-cd9a-4588-86da-837d3e2e5526 req-df99a2c5-cd9a-4588-86da-837d3e2e5526 ] Request (ServersTestFqdnHostnames:setUpClass): 201 POST http://10.180.1.21:9696/networking/v2.0/networks 0.532s
2025-03-12 09:13:31.430 68470 INFO tempest.lib.common.rest_client [req-4d68c2d3-a539-484a-8baa-ee040c25668a req-4d68c2d3-a539-484a-8baa-ee040c25668a ] Request (QuotasAdminNegativeTest:tearDownClass): 201 POST http://10.180.1.21/identity/v3/auth/tokens 0.079s
