2025-03-12 09:13:47.536 68510 INFO tempest.lib.common.fixed_network [-] (ServerDiskConfigTestJSON:test_rebuild_server_with_auto_disk_config) Found network {'id': 'a235dcbc-36f4-4ee0-8990-6c5036b3f13a', 'name': 'tempest-ServerDiskConfigTestJSON-746909756-network', 'tenant_id': '0d2058493e2f425c8abf274ac43f7f69', 'admin_state_up': True, 'mtu': 8950, 'status': 'ACTIVE', 'subnets': [], 'shared': False, 'project_id': '0d2058493e2f425c8abf274ac43f7f69', 'port_security_enabled': True, 'router:external': False, 'provider:network_type': 'vlan', 'provider:physical_network': 'default', 'provider:segmentation_id': 275, 'availability_zone_hints': [], 'availability_zones': [], 'ipv4_address_scope': None, 'ipv6_address_scope': None, 'description': '', 'tags': [], 'created_at': '2025-03-12T09:13:42Z', 'updated_at': '2025-03-12T09:13:42Z', 'revision_number': 1} available for tenant
2025-03-12 09:13:47.584 68468 INFO tempest.lib.common.rest_client [req-45c8c667-f2f0-4fd6-87ca-a34ba35ee09c req-45c8c667-f2f0-4fd6-87ca-a34ba35ee09c ] Request (ListImageFiltersTestJSON:setUpClass): 200 GET http://10.180.1.21/compute/v2.1/servers/bec2b37d-ba84-42f7-8506-0b5868e7fa7a 0.394s
2025-03-12 09:13:47.811 68505 INFO tempest.lib.common.rest_client [req-df33a160-7911-487f-9711-2b0d4a8b6696 req-df33a160-7911-487f-9711-2b0d4a8b6696 ] Request (ImagesOneServerNegativeTestJSON:setUpClass): 200 GET http://10.180.1.21/compute/v2.1/servers/a518e6a0-7142-4a7b-a710-169c52edd3ee 0.516s
2025-03-12 09:13:47.817 68502 INFO tempest.lib.common.rest_client [req-fd9d0897-d7b8-43b6-8de9-11752ea201a0 req-fd9d0897-d7b8-43b6-8de9-11752ea201a0 ] Request (ServerAddressesNegativeTestJSON:test_list_server_addresses_invalid_server_id): 404 GET http://10.180.1.21/compute/v2.1/servers/999/ips 0.469s
2025-03-12 09:13:47.911 68496 INFO tempest.lib.common.rest_client [req-d65f5309-8ba7-462d-b8be-677676c13b09 req-d65f5309-8ba7-462d-b8be-677676c13b09 ] Request (ServersAdminTestJSON:test_create_server_with_scheduling_hint): 200 GET http://10.180.1.21/compute/v2.1/servers/f8d8520b-21a2-48a9-951f-15d869dfe6d1 0.555s
2025-03-12 09:13:47.916 68488 INFO tempest.lib.common.rest_client [req-646dbca1-bcf0-45e0-9333-bc5f37e43cd0 req-646dbca1-bcf0-45e0-9333-bc5f37e43cd0 ] Request (SecurityGroupsTestJSON:test_list_security_groups_by_server): 202 POST http://10.180.1.21/compute/v2.1/servers 0.716s
2025-03-12 09:13:48.014 68470 INFO tempest.lib.common.rest_client [req-7c5610ca-1c9b-40ca-add7-9da66b28db99 req-7c5610ca-1c9b-40ca-add7-9da66b28db99 ] Request (ServersV294TestFqdnHostnames:setUpClass): 200 GET http://10.180.1.21/compute/v2.1/servers/9c4949ce-1c1c-45f4-9348-1201c2734c6e 0.644s
2025-03-12 09:13:48.046 68500 INFO tempest.lib.common.rest_client [req-4403bcf2-f024-43d3-b28c-ef2dfcc93f20 req-4403bcf2-f024-43d3-b28c-ef2dfcc93f20 ] Request (ImagesOneServerTestJSON:tearDownClass): 200 GET http://10.180.1.21/compute/v2.1/servers/33d3c446-1267-4eb7-970b-af1013db456c 0.615s
2025-03-12 09:13:48.101 68514 INFO tempest.lib.common.rest_client [req-202370bc-bc4d-42b6-8a6a-bdd2acebd2af req-202370bc-bc4d-42b6-8a6a-bdd2acebd2af ] Request (ServersTestManualDisk:setUpClass): 200 GET http://10.180.1.21/compute/v2.1/servers/ea2fc662-f98e-461d-956b-d7eff9b191d8 0.589s
2025-03-12 09:13:48.282 68462 INFO tempest.lib.common.rest_client [req-cf1e68c4-5c89-4043-8cdc-59acc8141dc5 req-cf1e68c4-5c89-4043-8cdc-59acc8141dc5 ] Request (MigrationsAdminTest:test_list_migrations_in_flavor_resize_situation): 200 GET http://10.180.1.21/compute/v2.1/servers/d96bc42c-7bd3-41b2-a663-1992180fcd51 0.601s
2025-03-12 09:13:48.369 68476 INFO tempest.lib.common.rest_client [req-51aacee7-205b-481d-8f45-c44d88327833 req-51aacee7-205b-481d-8f45-c44d88327833 ] Request (InstanceActionsNegativeTestJSON:tearDownClass): 200 GET http://10.180.1.21/compute/v2.1/servers/e1f537bc-5937-446d-b44a-8c0fe5441aee 0.594s
2025-03-12 09:13:48.403 68510 INFO tempest.lib.common.rest_client [req-bcf859ec-f8eb-4d90-8472-b228da210656 req-bcf859ec-f8eb-4d90-8472-b228da210656 ] Request (ServerDiskConfigTestJSON:test_rebuild_server_with_auto_disk_config): 202 POST http://10.180.1.21/compute/v2.1/servers 0.864s
2025-03-12 09:13:48.503 68502 INFO tempest.lib.common.rest_client [req-3f41a744-c5d4-422d-b8d4-64c2b9e072b8 req-3f41a744-c5d4-422d-b8d4-64c2b9e072b8 ] Request (ServerAddressesNegativeTestJSON:tearDownClass): 204 DELETE http://10.180.1.21/compute/v2.1/servers/6a07635b-5b0c-4d02-94dc-2c6cd34b95b5 0.683s
2025-03-12 09:13:48.589 68484 INFO tempest.lib.common.rest_client [req-332f4f94-2f1d-46b2-97b8-66161e5174f7 req-332f4f94-2f1d-46b2-97b8-66161e5174f7 ] Request (ServerDiagnosticsV248Test:tearDownClass): 200 GET http://10.180.1.21/compute/v2.1/servers/6462c122-dc0f-4083-84f8-a472e61285b8 0.718s
2025-03-12 09:13:48.602 68484 INFO tempest.common.waiters [-] State transition "ACTIVE/deleting" ==> "DELETED/None" after 5 second wait
2025-03-12 09:13:48.669 68523 INFO tempest.lib.common.rest_client [req-ba1b05d2-a55e-4e41-9147-a726e89f5664 req-ba1b05d2-a55e-4e41-9147-a726e89f5664 ] Request (ServersAdmin275Test:tearDownClass): 200 GET http://10.180.1.21/compute/v2.1/servers/45a45c16-3ba7-4fc1-9bd1-f1751772d416 0.760s
2025-03-12 09:13:48.708 68518 INFO tempest.lib.common.rest_client [req-230de4ad-d56e-4839-a108-586f61971809 req-230de4ad-d56e-4839-a108-586f61971809 ] Request (InstanceActionsTestJSON:setUpClass): 200 GET http://10.180.1.21/compute/v2.1/servers/cc25ab8d-527a-4c21-8993-cb16b7228d70 0.901s
2025-03-12 09:13:48.726 68488 INFO tempest.lib.common.rest_client [req-b82be0e9-543f-4b2d-8254-8caaed260308 req-b82be0e9-543f-4b2d-8254-8caaed260308 ] Request (SecurityGroupsTestJSON:test_list_security_groups_by_server): 200 GET http://10.180.1.21/compute/v2.1/servers/8ae09ca9-6d7f-41a2-ad2d-f138e2c29433 0.808s
2025-03-12 09:13:48.887 68474 INFO tempest.lib.common.rest_client [req-badf8efb-5766-4d73-8d1c-5e8d877686c7 req-badf8efb-5766-4d73-8d1c-5e8d877686c7 ] Request (ServerAddressesTestJSON:setUpClass): 200 GET http://10.180.1.21/compute/v2.1/servers/f0d040bc-68b5-4e45-b854-775936dae98c 0.623s
2025-03-12 09:13:48.927 68512 INFO tempest.lib.common.rest_client [req-70a469b7-fe2b-4ffd-8e10-b0e7a52fa0c2 req-70a469b7-fe2b-4ffd-8e10-b0e7a52fa0c2 ] Request (ImagesTestJSON:test_create_image_from_stopped_server): 200 GET http://10.180.1.21/compute/v2.1/servers/22fbeb09-3d90-4b99-ab23-73793f4a9b40 0.849s
2025-03-12 09:13:48.966 68478 INFO tempest.lib.common.rest_client [req-887b0905-9137-4a97-a37c-6081806752bd req-887b0905-9137-4a97-a37c-6081806752bd ] Request (ServersAdminNegativeTestJSON:test_migrate_server_invalid_state): 200 GET http://10.180.1.21/compute/v2.1/servers/06b09205-14aa-4166-81f6-ce6f44dc826e 0.702s
2025-03-12 09:13:49.009 68490 INFO tempest.lib.common.rest_client [req-1b1c1c7a-d347-47b2-82d5-fe11e1f71051 req-1b1c1c7a-d347-47b2-82d5-fe11e1f71051 ] Request (DeleteServersTestJSON:test_delete_active_server): 200 GET http://10.180.1.21/compute/v2.1/servers/39697361-2e54-45c5-b0f5-6995c2bc13d8 0.679s
2025-03-12 09:13:49.022 68492 INFO tempest.lib.common.rest_client [req-39a9f90b-41ad-47e9-b578-ba2ecf2c2e58 req-39a9f90b-41ad-47e9-b578-ba2ecf2c2e58 ] Request (DeleteServersAdminTestJSON:test_delete_server_while_in_error_state): 200 GET http://10.180.1.21/compute/v2.1/servers/f23b2dae-688d-48ed-8912-92548a355f33 0.678s
2025-03-12 09:13:49.079 68510 INFO tempest.lib.common.rest_client [req-5ab5b960-0905-4a42-9478-617bb7322fd0 req-5ab5b960-0905-4a42-9478-617bb7322fd0 ] Request (ServerDiskConfigTestJSON:test_rebuild_server_with_auto_disk_config): 200 GET http://10.180.1.21/compute/v2.1/servers/665a3f40-d12f-4e99-b3d2-53e137897226 0.673s
2025-03-12 09:13:49.086 68480 INFO tempest.lib.common.rest_client [req-ee30a8c5-0f3f-4589-afd2-8c28d86820dd req-ee30a8c5-0f3f-4589-afd2-8c28d86820dd ] Request (ServerRescueTestJSONUnderV235:tearDownClass): 200 GET http://10.180.1.21/compute/v2.1/servers/ff322f86-8e94-43e4-9c39-c133ac8ee7ca 0.674s
2025-03-12 09:13:49.151 68498 INFO tempest.lib.common.rest_client [req-7d4358da-f083-40f3-80c2-44371bd87fd0 req-7d4358da-f083-40f3-80c2-44371bd87fd0 ] Request (ServersTestFqdnHostnames:test_create_server_with_fqdn_name): 200 GET http://10.180.1.21/compute/v2.1/servers/11adde73-5bff-4603-baa6-900887998828 0.657s
2025-03-12 09:13:49.171 68464 WARNING tempest.lib.common.ssh [-] Failed to establish authenticated ssh connection to cirros@10.180.180.215 ([Errno None] Unable to connect to port 22 on 10.180.180.215). Number attempts: 4. Retry after 5 seconds.: paramiko.ssh_exception.NoValidConnectionsError: [Errno None] Unable to connect to port 22 on 10.180.180.215
2025-03-12 09:13:49.182 68502 INFO tempest.lib.common.rest_client [req-abeb499b-c62d-457a-af8b-cf6965c0c4f3 req-abeb499b-c62d-457a-af8b-cf6965c0c4f3 ] Request (ServerAddressesNegativeTestJSON:tearDownClass): 200 GET http://10.180.1.21/compute/v2.1/servers/6a07635b-5b0c-4d02-94dc-2c6cd34b95b5 0.679s
2025-03-12 09:13:49.229 68468 INFO tempest.lib.common.rest_client [req-47f924fe-e8f3-459a-9dde-2798a2c14aec req-47f924fe-e8f3-459a-9dde-2798a2c14aec ] Request (ListImageFiltersTestJSON:setUpClass): 200 GET http://10.180.1.21/compute/v2.1/servers/bec2b37d-ba84-42f7-8506-0b5868e7fa7a 0.633s
2025-03-12 09:13:49.233 68482 INFO tempest.lib.common.rest_client [req-3fb61a4e-f144-42aa-991c-ae8fef4b0318 req-3fb61a4e-f144-42aa-991c-ae8fef4b0318 ] Request (MultipleCreateTestJSON:_run_cleanups): 200 GET http://10.180.1.21/compute/v2.1/servers/eb3aa9a6-bb95-4bac-b679-8c83d4eb389d 0.724s
2025-03-12 09:13:49.298 68496 INFO tempest.lib.common.rest_client [req-0027acc0-02c8-44f4-9a9b-6b2c9db90373 req-0027acc0-02c8-44f4-9a9b-6b2c9db90373 ] Request (ServersAdminTestJSON:test_create_server_with_scheduling_hint): 200 GET http://10.180.1.21/compute/v2.1/servers/f8d8520b-21a2-48a9-951f-15d869dfe6d1 0.375s
2025-03-12 09:13:49.348 68505 INFO tempest.lib.common.rest_client [req-78ef8fea-9f31-4ce7-9e25-bcd5b3ec1628 req-78ef8fea-9f31-4ce7-9e25-bcd5b3ec1628 ] Request (ImagesOneServerNegativeTestJSON:setUpClass): 200 GET http://10.180.1.21/compute/v2.1/servers/a518e6a0-7142-4a7b-a710-169c52edd3ee 0.527s
2025-03-12 09:13:49.383 68470 INFO tempest.lib.common.rest_client [req-7e7c04dc-820a-4469-bf5f-2468abb4d328 req-7e7c04dc-820a-4469-bf5f-2468abb4d328 ] Request (ServersV294TestFqdnHostnames:setUpClass): 200 GET http://10.180.1.21/compute/v2.1/servers/9c4949ce-1c1c-45f4-9348-1201c2734c6e 0.350s
2025-03-12 09:13:49.451 68514 INFO tempest.lib.common.rest_client [req-a7350dc2-f1e6-4cab-9a1a-ec7f3341191c req-a7350dc2-f1e6-4cab-9a1a-ec7f3341191c ] Request (ServersTestManualDisk:setUpClass): 200 GET http://10.180.1.21/compute/v2.1/servers/ea2fc662-f98e-461d-956b-d7eff9b191d8 0.340s
2025-03-12 09:13:49.469 68500 INFO tempest.lib.common.rest_client [req-edf66729-55ed-4a7d-8590-20f31a21f3f5 req-edf66729-55ed-4a7d-8590-20f31a21f3f5 ] Request (ImagesOneServerTestJSON:tearDownClass): 200 GET http://10.180.1.21/compute/v2.1/servers/33d3c446-1267-4eb7-970b-af1013db456c 0.411s
2025-03-12 09:13:49.479 68466 INFO tempest.lib.common.rest_client [req-4fed44ef-cd52-4473-a44d-20c81121d074 req-4fed44ef-cd52-4473-a44d-20c81121d074 ] Request (SecurityGroupsNegativeTestJSON:tearDownClass): 200 PUT http://10.180.1.21:9696/networking/v2.0/routers/0554344a-8357-4778-9ba1-37f7fb05532f/remove_router_interface 1.949s
2025-03-12 09:13:49.489 68516 INFO tempest.lib.common.rest_client [req-0cc02ae2-6690-422b-baf5-4be0fb8a744e req-0cc02ae2-6690-422b-baf5-4be0fb8a744e ] Request (FloatingIPsAssociationNegativeTestJSON:tearDownClass): 200 PUT http://10.180.1.21:9696/networking/v2.0/routers/6714c6cb-a607-4631-a3d5-4d5ea486495b/remove_router_interface 1.978s
2025-03-12 09:13:49.570 68476 INFO tempest.lib.common.rest_client [req-361237ef-9482-4dd0-9d95-d1ae8a25b70c req-361237ef-9482-4dd0-9d95-d1ae8a25b70c ] Request (InstanceActionsNegativeTestJSON:tearDownClass): 200 GET http://10.180.1.21/compute/v2.1/servers/e1f537bc-5937-446d-b44a-8c0fe5441aee 0.186s
2025-03-12 09:13:49.605 68462 INFO tempest.lib.common.rest_client [req-49827ecd-c614-4e9f-ac4a-7037c5ab0c66 req-49827ecd-c614-4e9f-ac4a-7037c5ab0c66 ] Request (MigrationsAdminTest:test_list_migrations_in_flavor_resize_situation): 200 GET http://10.180.1.21/compute/v2.1/servers/d96bc42c-7bd3-41b2-a663-1992180fcd51 0.316s
2025-03-12 09:13:49.688 68484 INFO tempest.lib.common.rest_client [req-3867c928-5ac3-45b7-b85a-b178194151b7 req-3867c928-5ac3-45b7-b85a-b178194151b7 ] Request (ServerDiagnosticsV248Test:tearDownClass): 200 GET http://10.180.1.21/compute/v2.1/servers/6462c122-dc0f-4083-84f8-a472e61285b8 0.085s
2025-03-12 09:13:49.793 68518 INFO tempest.lib.common.rest_client [req-09bc9a44-5c8f-4ae8-9d00-390f165177ba req-09bc9a44-5c8f-4ae8-9d00-390f165177ba ] Request (InstanceActionsTestJSON:setUpClass): 200 GET http://10.180.1.21/compute/v2.1/servers/cc25ab8d-527a-4c21-8993-cb16b7228d70 0.072s
2025-03-12 09:13:49.802 68523 INFO tempest.lib.common.rest_client [req-80cb35ca-c8d3-43a4-96f3-b565662a93f8 req-80cb35ca-c8d3-43a4-96f3-b565662a93f8 ] Request (ServersAdmin275Test:tearDownClass): 200 GET http://10.180.1.21/compute/v2.1/servers/45a45c16-3ba7-4fc1-9bd1-f1751772d416 0.121s
2025-03-12 09:13:49.877 68488 INFO tempest.lib.common.rest_client [req-78f32ff3-3973-40ab-a7c4-50637b5a4df6 req-78f32ff3-3973-40ab-a7c4-50637b5a4df6 ] Request (SecurityGroupsTestJSON:test_list_security_groups_by_server): 200 GET http://10.180.1.21/compute/v2.1/servers/8ae09ca9-6d7f-41a2-ad2d-f138e2c29433 0.142s
2025-03-12 09:13:49.931 68466 INFO tempest.lib.common.rest_client [req-dd9f7c7b-b24d-447c-acc2-4bb1a9f4ec49 req-dd9f7c7b-b24d-447c-acc2-4bb1a9f4ec49 ] Request (SecurityGroupsNegativeTestJSON:tearDownClass): 204 DELETE http://10.180.1.21:9696/networking/v2.0/routers/0554344a-8357-4778-9ba1-37f7fb05532f 0.451s
2025-03-12 09:13:50.119 68474 INFO tempest.lib.common.rest_client [req-0f351ec2-ccab-4df2-ae8a-143551b02d61 req-0f351ec2-ccab-4df2-ae8a-143551b02d61 ] Request (ServerAddressesTestJSON:setUpClass): 200 GET http://10.180.1.21/compute/v2.1/servers/f0d040bc-68b5-4e45-b854-775936dae98c 0.221s
2025-03-12 09:13:50.147 68466 INFO tempest.lib.common.rest_client [req-6cf51037-5f55-456e-a051-ef1d6a59083c req-6cf51037-5f55-456e-a051-ef1d6a59083c ] Request (SecurityGroupsNegativeTestJSON:tearDownClass): 204 DELETE http://10.180.1.21:9696/networking/v2.0/subnets/9751b43d-6fbb-4d1d-8d5e-4bfe9f1332b4 0.216s
2025-03-12 09:13:50.191 68512 INFO tempest.lib.common.rest_client [req-6f38d1c8-2418-4b0e-b312-b65499546971 req-6f38d1c8-2418-4b0e-b312-b65499546971 ] Request (ImagesTestJSON:test_create_image_from_stopped_server): 200 GET http://10.180.1.21/compute/v2.1/servers/22fbeb09-3d90-4b99-ab23-73793f4a9b40 0.251s
2025-03-12 09:13:50.244 68478 INFO tempest.lib.common.rest_client [req-90cd091f-4085-462b-8e18-ea5c14bcbd59 req-90cd091f-4085-462b-8e18-ea5c14bcbd59 ] Request (ServersAdminNegativeTestJSON:test_migrate_server_invalid_state): 200 GET http://10.180.1.21/compute/v2.1/servers/06b09205-14aa-4166-81f6-ce6f44dc826e 0.269s
2025-03-12 09:13:50.262 68490 INFO tempest.lib.common.rest_client [req-50e3a5a7-edcc-4d74-8c76-a4d593af819a req-50e3a5a7-edcc-4d74-8c76-a4d593af819a ] Request (DeleteServersTestJSON:test_delete_active_server): 200 GET http://10.180.1.21/compute/v2.1/servers/39697361-2e54-45c5-b0f5-6995c2bc13d8 0.243s
2025-03-12 09:13:50.299 68516 INFO tempest.lib.common.rest_client [req-f0cbb76b-8946-49cf-bec0-0ea1a150420c req-f0cbb76b-8946-49cf-bec0-0ea1a150420c ] Request (FloatingIPsAssociationNegativeTestJSON:tearDownClass): 204 DELETE http://10.180.1.21:9696/networking/v2.0/routers/6714c6cb-a607-4631-a3d5-4d5ea486495b 0.810s
2025-03-12 09:13:50.332 68510 INFO tempest.lib.common.rest_client [req-537d12a8-d9de-43b7-a9e9-47ce2322006a req-537d12a8-d9de-43b7-a9e9-47ce2322006a ] Request (ServerDiskConfigTestJSON:test_rebuild_server_with_auto_disk_config): 200 GET http://10.180.1.21/compute/v2.1/servers/665a3f40-d12f-4e99-b3d2-53e137897226 0.243s
2025-03-12 09:13:50.344 68492 INFO tempest.lib.common.rest_client [req-57a659d7-9838-4419-9fc0-cb905e7578aa req-57a659d7-9838-4419-9fc0-cb905e7578aa ] Request (DeleteServersAdminTestJSON:test_delete_server_while_in_error_state): 200 GET http://10.180.1.21/compute/v2.1/servers/f23b2dae-688d-48ed-8912-92548a355f33 0.313s
2025-03-12 09:13:50.416 68480 INFO tempest.lib.common.rest_client [req-986bee51-2593-4170-9c6f-caa7dd741c2c req-986bee51-2593-4170-9c6f-caa7dd741c2c ] Request (ServerRescueTestJSONUnderV235:tearDownClass): 200 GET http://10.180.1.21/compute/v2.1/servers/ff322f86-8e94-43e4-9c39-c133ac8ee7ca 0.321s
2025-03-12 09:13:50.429 68498 INFO tempest.lib.common.rest_client [req-cf79eb24-d709-459c-8287-383064fe21b2 req-cf79eb24-d709-459c-8287-383064fe21b2 ] Request (ServersTestFqdnHostnames:test_create_server_with_fqdn_name): 200 GET http://10.180.1.21/compute/v2.1/servers/11adde73-5bff-4603-baa6-900887998828 0.265s
2025-03-12 09:13:50.511 68468 INFO tempest.lib.common.rest_client [req-10494f55-50ca-4d21-8703-ae1f91e62644 req-10494f55-50ca-4d21-8703-ae1f91e62644 ] Request (ListImageFiltersTestJSON:setUpClass): 200 GET http://10.180.1.21/compute/v2.1/servers/bec2b37d-ba84-42f7-8506-0b5868e7fa7a 0.273s
2025-03-12 09:13:50.584 68482 INFO tempest.lib.common.rest_client [req-a15a1b43-2836-4c28-9321-32661f64ef7c req-a15a1b43-2836-4c28-9321-32661f64ef7c ] Request (MultipleCreateTestJSON:_run_cleanups): 200 GET http://10.180.1.21/compute/v2.1/servers/eb3aa9a6-bb95-4bac-b679-8c83d4eb389d 0.336s
2025-03-12 09:13:50.588 68502 INFO tempest.lib.common.rest_client [req-2ffa7967-523e-4a32-ae59-e0af65e04955 req-2ffa7967-523e-4a32-ae59-e0af65e04955 ] Request (ServerAddressesNegativeTestJSON:tearDownClass): 200 GET http://10.180.1.21/compute/v2.1/servers/6a07635b-5b0c-4d02-94dc-2c6cd34b95b5 0.396s
2025-03-12 09:13:50.604 68516 INFO tempest.lib.common.rest_client [req-a8ce4e5e-c640-479f-b3a6-bade9da1a9bf req-a8ce4e5e-c640-479f-b3a6-bade9da1a9bf ] Request (FloatingIPsAssociationNegativeTestJSON:tearDownClass): 204 DELETE http://10.180.1.21:9696/networking/v2.0/subnets/bc783371-b319-4727-8407-a32f5d2d3753 0.304s
2025-03-12 09:13:50.608 68466 INFO tempest.lib.common.rest_client [req-ff9c0b8d-5482-4ef4-8b24-51d5daf1e73d req-ff9c0b8d-5482-4ef4-8b24-51d5daf1e73d ] Request (SecurityGroupsNegativeTestJSON:tearDownClass): 204 DELETE http://10.180.1.21:9696/networking/v2.0/networks/b40fd293-e1f0-43b7-b8ee-0d1ceb74f01b 0.460s
2025-03-12 09:13:50.677 68466 INFO tempest.lib.common.rest_client [req-e25630b1-5635-4170-bd75-c6604ccfb198 req-e25630b1-5635-4170-bd75-c6604ccfb198 ] Request (SecurityGroupsNegativeTestJSON:tearDownClass): 204 DELETE http://10.180.1.21/identity/v3/users/2a58c4badaf243c190525875109ee95b 0.069s
2025-03-12 09:13:50.677 68466 INFO tempest.lib.common.dynamic_creds [-] Deleting project and security group for project: 2de1d0c284c74a2da91090d5f75af938
2025-03-12 09:13:50.722 68505 INFO tempest.lib.common.rest_client [req-8d5a4309-a37b-46f6-a6af-30858fccbb45 req-8d5a4309-a37b-46f6-a6af-30858fccbb45 ] Request (ImagesOneServerNegativeTestJSON:setUpClass): 200 GET http://10.180.1.21/compute/v2.1/servers/a518e6a0-7142-4a7b-a710-169c52edd3ee 0.364s
2025-03-12 09:13:50.727 68466 INFO tempest.lib.common.rest_client [req-1f8a63be-ffa7-4e8d-b44c-420bd5734484 req-1f8a63be-ffa7-4e8d-b44c-420bd5734484 ] Request (SecurityGroupsNegativeTestJSON:tearDownClass): 200 GET http://10.180.1.21:9696/networking/v2.0/security-groups?tenant_id=2de1d0c284c74a2da91090d5f75af938&name=default 0.049s
2025-03-12 09:13:50.800 68470 INFO tempest.lib.common.rest_client [req-19dbc5db-c33e-4e22-9fc1-6083e63be16b req-19dbc5db-c33e-4e22-9fc1-6083e63be16b ] Request (ServersV294TestFqdnHostnames:setUpClass): 200 GET http://10.180.1.21/compute/v2.1/servers/9c4949ce-1c1c-45f4-9348-1201c2734c6e 0.404s
2025-03-12 09:13:50.847 68496 INFO tempest.lib.common.rest_client [req-093d8241-0890-4d37-9c42-e66d8f2c3fc8 req-093d8241-0890-4d37-9c42-e66d8f2c3fc8 ] Request (ServersAdminTestJSON:test_create_server_with_scheduling_hint): 200 GET http://10.180.1.21/compute/v2.1/servers/f8d8520b-21a2-48a9-951f-15d869dfe6d1 0.539s
2025-03-12 09:13:50.863 68496 INFO tempest.common.waiters [-] State transition "BUILD/None" ==> "BUILD/block_device_mapping" after 40 second wait
2025-03-12 09:13:50.877 68514 INFO tempest.lib.common.rest_client [req-9677a25f-875c-475d-8a39-fe345a6a1131 req-9677a25f-875c-475d-8a39-fe345a6a1131 ] Request (ServersTestManualDisk:setUpClass): 200 GET http://10.180.1.21/compute/v2.1/servers/ea2fc662-f98e-461d-956b-d7eff9b191d8 0.413s
2025-03-12 09:13:50.902 68466 INFO tempest.lib.common.rest_client [req-6609e3ab-bda3-4c77-93d6-c062e88298a1 req-6609e3ab-bda3-4c77-93d6-c062e88298a1 ] Request (SecurityGroupsNegativeTestJSON:tearDownClass): 204 DELETE http://10.180.1.21:9696/networking/v2.0/security-groups/981b966d-b9ac-4940-9cd8-15922f2fa7d7 0.175s
2025-03-12 09:13:50.951 68500 INFO tempest.lib.common.rest_client [req-41f7b5fe-3b59-42a6-bed2-039e0a2de29e req-41f7b5fe-3b59-42a6-bed2-039e0a2de29e ] Request (ImagesOneServerTestJSON:tearDownClass): 200 GET http://10.180.1.21/compute/v2.1/servers/33d3c446-1267-4eb7-970b-af1013db456c 0.468s
2025-03-12 09:13:51.034 68466 INFO tempest.lib.common.rest_client [req-1d7d414f-190f-4ac0-8bc5-aba5c633e511 req-1d7d414f-190f-4ac0-8bc5-aba5c633e511 ] Request (SecurityGroupsNegativeTestJSON:tearDownClass): 204 DELETE http://10.180.1.21/identity/v3/projects/2de1d0c284c74a2da91090d5f75af938 0.131s
2025-03-12 09:13:51.107 68466 INFO tempest.lib.common.rest_client [req-4b528f80-9b83-4c53-9607-024087c066fb req-4b528f80-9b83-4c53-9607-024087c066fb ] Request (AttachInterfacesUnderV243Test:setUpClass): 201 POST http://10.180.1.21/identity/v3/auth/tokens 0.071s
2025-03-12 09:13:51.108 68462 INFO tempest.lib.common.rest_client [req-67aa3d14-435d-44f0-b738-be634bffe858 req-67aa3d14-435d-44f0-b738-be634bffe858 ] Request (MigrationsAdminTest:test_list_migrations_in_flavor_resize_situation): 200 GET http://10.180.1.21/compute/v2.1/servers/d96bc42c-7bd3-41b2-a663-1992180fcd51 0.492s
2025-03-12 09:13:51.144 68466 INFO tempest.lib.common.rest_client [req-756b54e8-9c58-49e3-988f-822c33e937bf req-756b54e8-9c58-49e3-988f-822c33e937bf ] Request (AttachInterfacesUnderV243Test:setUpClass): 201 POST http://10.180.1.21/identity/v3/auth/tokens 0.034s
2025-03-12 09:13:51.158 68516 INFO tempest.lib.common.rest_client [req-26fd5fc6-b4e9-43aa-a8f9-c253f4fb381d req-26fd5fc6-b4e9-43aa-a8f9-c253f4fb381d ] Request (FloatingIPsAssociationNegativeTestJSON:tearDownClass): 204 DELETE http://10.180.1.21:9696/networking/v2.0/networks/0eee3069-1f9f-4e66-991c-bf4fb8c7eec1 0.553s
2025-03-12 09:13:51.163 68476 INFO tempest.lib.common.rest_client [req-5eaa0b4d-cf74-4a4d-bc74-69219ef943be req-5eaa0b4d-cf74-4a4d-bc74-69219ef943be ] Request (InstanceActionsNegativeTestJSON:tearDownClass): 200 GET http://10.180.1.21/compute/v2.1/servers/e1f537bc-5937-446d-b44a-8c0fe5441aee 0.585s
2025-03-12 09:13:51.195 68484 INFO tempest.lib.common.rest_client [req-4008c169-b518-402c-84b4-ab16ce319031 req-4008c169-b518-402c-84b4-ab16ce319031 ] Request (ServerDiagnosticsV248Test:tearDownClass): 200 GET http://10.180.1.21/compute/v2.1/servers/6462c122-dc0f-4083-84f8-a472e61285b8 0.496s
2025-03-12 09:13:51.249 68516 INFO tempest.lib.common.rest_client [req-323c71cc-e2a5-40c8-8749-792ef0105944 req-323c71cc-e2a5-40c8-8749-792ef0105944 ] Request (FloatingIPsAssociationNegativeTestJSON:tearDownClass): 204 DELETE http://10.180.1.21/identity/v3/users/8cd8e74a2e1247368d9fa17d0e5062b4 0.090s
2025-03-12 09:13:51.249 68516 INFO tempest.lib.common.dynamic_creds [-] Deleting project and security group for project: 518b26a51ca64e67ae77ecb296df1ec3
2025-03-12 09:13:51.275 68518 INFO tempest.lib.common.rest_client [req-e69cb41e-2727-4d5c-ba40-db3500b074e0 req-e69cb41e-2727-4d5c-ba40-db3500b074e0 ] Request (InstanceActionsTestJSON:setUpClass): 200 GET http://10.180.1.21/compute/v2.1/servers/cc25ab8d-527a-4c21-8993-cb16b7228d70 0.469s
2025-03-12 09:13:51.282 68523 INFO tempest.lib.common.rest_client [req-54c742c2-b249-4081-b56c-4738feb50d66 req-54c742c2-b249-4081-b56c-4738feb50d66 ] Request (ServersAdmin275Test:tearDownClass): 200 GET http://10.180.1.21/compute/v2.1/servers/45a45c16-3ba7-4fc1-9bd1-f1751772d416 0.470s
2025-03-12 09:13:51.289 68516 INFO tempest.lib.common.rest_client [req-8d3192af-6199-4a13-8931-e3daa4be7e9c req-8d3192af-6199-4a13-8931-e3daa4be7e9c ] Request (FloatingIPsAssociationNegativeTestJSON:tearDownClass): 200 GET http://10.180.1.21:9696/networking/v2.0/security-groups?tenant_id=518b26a51ca64e67ae77ecb296df1ec3&name=default 0.040s
2025-03-12 09:13:51.332 68466 INFO tempest.lib.common.rest_client [req-a6b78431-5632-4420-9711-24ee30a38454 req-a6b78431-5632-4420-9711-24ee30a38454 ] Request (AttachInterfacesUnderV243Test:setUpClass): 200 GET http://10.180.1.21/identity/v3/domains?name=Default 0.188s
2025-03-12 09:13:51.340 68488 INFO tempest.lib.common.rest_client [req-084d2afd-1569-45d1-b080-699d15183d51 req-084d2afd-1569-45d1-b080-699d15183d51 ] Request (SecurityGroupsTestJSON:test_list_security_groups_by_server): 200 GET http://10.180.1.21/compute/v2.1/servers/8ae09ca9-6d7f-41a2-ad2d-f138e2c29433 0.450s
2025-03-12 09:13:51.401 68466 INFO tempest.lib.common.rest_client [req-bb0b4a26-cbda-4632-bd26-7d49a9d47578 req-bb0b4a26-cbda-4632-bd26-7d49a9d47578 ] Request (AttachInterfacesUnderV243Test:setUpClass): 201 POST http://10.180.1.21/identity/v3/projects 0.068s
2025-03-12 09:13:51.418 68474 INFO tempest.lib.common.rest_client [req-e3fd8bde-faa6-4891-9f11-332ab61cb405 req-e3fd8bde-faa6-4891-9f11-332ab61cb405 ] Request (ServerAddressesTestJSON:setUpClass): 200 GET http://10.180.1.21/compute/v2.1/servers/f0d040bc-68b5-4e45-b854-775936dae98c 0.289s
2025-03-12 09:13:51.450 68516 INFO tempest.lib.common.rest_client [req-f423cec8-353a-4f71-9f5c-f22c4ff6ce24 req-f423cec8-353a-4f71-9f5c-f22c4ff6ce24 ] Request (FloatingIPsAssociationNegativeTestJSON:tearDownClass): 204 DELETE http://10.180.1.21:9696/networking/v2.0/security-groups/72a839cf-7c22-4180-acb2-35488ef6db7b 0.160s
2025-03-12 09:13:51.468 68512 INFO tempest.lib.common.rest_client [req-f91303fa-1248-48d4-80a2-6fe32e24593d req-f91303fa-1248-48d4-80a2-6fe32e24593d ] Request (ImagesTestJSON:test_create_image_from_stopped_server): 200 GET http://10.180.1.21/compute/v2.1/servers/22fbeb09-3d90-4b99-ab23-73793f4a9b40 0.269s
2025-03-12 09:13:51.471 68466 INFO tempest.lib.common.rest_client [req-94b76835-52ca-4d1c-b93b-c11e665b236b req-94b76835-52ca-4d1c-b93b-c11e665b236b ] Request (AttachInterfacesUnderV243Test:setUpClass): 201 POST http://10.180.1.21/identity/v3/users 0.069s
2025-03-12 09:13:51.481 68478 INFO tempest.lib.common.rest_client [req-18bddd24-6a3c-451c-8549-4c969a82e126 req-18bddd24-6a3c-451c-8549-4c969a82e126 ] Request (ServersAdminNegativeTestJSON:test_migrate_server_invalid_state): 200 GET http://10.180.1.21/compute/v2.1/servers/06b09205-14aa-4166-81f6-ce6f44dc826e 0.229s
2025-03-12 09:13:51.490 68466 INFO tempest.lib.common.rest_client [req-96491ac2-9692-458d-9591-1973d48f7e19 req-96491ac2-9692-458d-9591-1973d48f7e19 ] Request (AttachInterfacesUnderV243Test:setUpClass): 200 GET http://10.180.1.21/identity/v3/roles 0.019s
2025-03-12 09:13:51.522 68490 INFO tempest.lib.common.rest_client [req-de9650c4-59d4-4796-871a-55a96c9ff2b0 req-de9650c4-59d4-4796-871a-55a96c9ff2b0 ] Request (DeleteServersTestJSON:test_delete_active_server): 200 GET http://10.180.1.21/compute/v2.1/servers/39697361-2e54-45c5-b0f5-6995c2bc13d8 0.247s
2025-03-12 09:13:51.522 68466 INFO tempest.lib.common.rest_client [req-34cf9933-228f-4de6-b96e-c4bf6b0d3426 req-34cf9933-228f-4de6-b96e-c4bf6b0d3426 ] Request (AttachInterfacesUnderV243Test:setUpClass): 204 PUT http://10.180.1.21/identity/v3/projects/e188328108b541beaf7716eb11ae1b5b/users/7b494b955c0f45ef856e2e424772f54f/roles/62f0c8c530ae4f3dbecf3cbebfb95666 0.031s
2025-03-12 09:13:51.523 68466 INFO tempest.lib.common.dynamic_creds [-] Dynamic test user 7b494b955c0f45ef856e2e424772f54f is created with scope project and roles: ['member']
2025-03-12 09:13:51.523 68466 INFO tempest.lib.common.dynamic_creds [-] Acquired dynamic creds: credentials: Credentials: {'domain_id': 'default', 'domain_name': 'Default', 'username': 'tempest-AttachInterfacesUnderV243Test-1941846221-project-member', 'project_domain_id': 'default', 'project_domain_name': 'Default', 'project_id': 'e188328108b541beaf7716eb11ae1b5b', 'project_name': 'tempest-AttachInterfacesUnderV243Test-1941846221', 'tenant_id': 'e188328108b541beaf7716eb11ae1b5b', 'tenant_name': 'tempest-AttachInterfacesUnderV243Test-1941846221', 'user_domain_id': 'default', 'user_domain_name': 'Default', 'user_id': '7b494b955c0f45ef856e2e424772f54f', 'system': None}, Network: None, Subnet: None, Router: None
2025-03-12 09:13:51.532 68516 INFO tempest.lib.common.rest_client [req-2df5a222-85f2-4a7f-9700-eff7e8d9c39c req-2df5a222-85f2-4a7f-9700-eff7e8d9c39c ] Request (FloatingIPsAssociationNegativeTestJSON:tearDownClass): 204 DELETE http://10.180.1.21/identity/v3/projects/518b26a51ca64e67ae77ecb296df1ec3 0.081s
2025-03-12 09:13:51.535 68510 INFO tempest.lib.common.rest_client [req-fb4edc3e-aba6-4916-b07c-8f3669316562 req-fb4edc3e-aba6-4916-b07c-8f3669316562 ] Request (ServerDiskConfigTestJSON:test_rebuild_server_with_auto_disk_config): 200 GET http://10.180.1.21/compute/v2.1/servers/665a3f40-d12f-4e99-b3d2-53e137897226 0.187s
2025-03-12 09:13:51.585 68466 INFO tempest.lib.common.rest_client [req-9997adf1-f869-466a-99d4-70d4d4dcacf8 req-9997adf1-f869-466a-99d4-70d4d4dcacf8 ] Request (AttachInterfacesUnderV243Test:setUpClass): 201 POST http://10.180.1.21/identity/v3/auth/tokens 0.062s
2025-03-12 09:13:51.590 68492 INFO tempest.lib.common.rest_client [req-c782dcac-96e4-4444-80c5-165add40fa57 req-c782dcac-96e4-4444-80c5-165add40fa57 ] Request (DeleteServersAdminTestJSON:test_delete_server_while_in_error_state): 200 GET http://10.180.1.21/compute/v2.1/servers/f23b2dae-688d-48ed-8912-92548a355f33 0.233s
2025-03-12 09:13:51.591 68480 INFO tempest.lib.common.rest_client [req-3dcb83f5-2b71-411d-bb86-087ed5b12e01 req-3dcb83f5-2b71-411d-bb86-087ed5b12e01 ] Request (ServerRescueTestJSONUnderV235:tearDownClass): 200 GET http://10.180.1.21/compute/v2.1/servers/ff322f86-8e94-43e4-9c39-c133ac8ee7ca 0.160s
2025-03-12 09:13:51.606 68516 INFO tempest.lib.common.rest_client [req-d1eb8726-0f80-4388-a02c-8b9b044427a4 req-d1eb8726-0f80-4388-a02c-8b9b044427a4 ] Request (AttachInterfacesTestJSON:setUpClass): 201 POST http://10.180.1.21/identity/v3/auth/tokens 0.072s
2025-03-12 09:13:51.637 68516 INFO tempest.lib.common.rest_client [req-a977d3f0-e437-4b05-bd1a-0283cb6ebe5d req-a977d3f0-e437-4b05-bd1a-0283cb6ebe5d ] Request (AttachInterfacesTestJSON:setUpClass): 201 POST http://10.180.1.21/identity/v3/auth/tokens 0.027s
2025-03-12 09:13:51.638 68468 INFO tempest.lib.common.rest_client [req-9f6fedce-4b03-4ac3-b3c5-4b8c270c27e5 req-9f6fedce-4b03-4ac3-b3c5-4b8c270c27e5 ] Request (ListImageFiltersTestJSON:setUpClass): 200 GET http://10.180.1.21/compute/v2.1/servers/bec2b37d-ba84-42f7-8506-0b5868e7fa7a 0.118s
2025-03-12 09:13:51.647 68498 INFO tempest.lib.common.rest_client [req-724e560e-a4e7-4d99-864b-e7faa114a20f req-724e560e-a4e7-4d99-864b-e7faa114a20f ] Request (ServersTestFqdnHostnames:test_create_server_with_fqdn_name): 200 GET http://10.180.1.21/compute/v2.1/servers/11adde73-5bff-4603-baa6-900887998828 0.209s
2025-03-12 09:13:51.665 68516 INFO tempest.lib.common.rest_client [req-4a49e7a1-781b-4b23-81bf-7162d91c5521 req-4a49e7a1-781b-4b23-81bf-7162d91c5521 ] Request (AttachInterfacesTestJSON:setUpClass): 200 GET http://10.180.1.21/identity/v3/domains?name=Default 0.028s
2025-03-12 09:13:51.691 68516 INFO tempest.lib.common.rest_client [req-97609bc5-9a8c-409c-bb84-945b2b9227a4 req-97609bc5-9a8c-409c-bb84-945b2b9227a4 ] Request (AttachInterfacesTestJSON:setUpClass): 201 POST http://10.180.1.21/identity/v3/projects 0.026s
2025-03-12 09:13:51.700 68502 INFO tempest.lib.common.rest_client [req-a0176bdd-f6a8-4939-ba44-a9d0494c92d0 req-a0176bdd-f6a8-4939-ba44-a9d0494c92d0 ] Request (ServerAddressesNegativeTestJSON:tearDownClass): 200 GET http://10.180.1.21/compute/v2.1/servers/6a07635b-5b0c-4d02-94dc-2c6cd34b95b5 0.102s
2025-03-12 09:13:51.706 68482 INFO tempest.lib.common.rest_client [req-bd977219-f618-4d56-bd31-85800680b65b req-bd977219-f618-4d56-bd31-85800680b65b ] Request (MultipleCreateTestJSON:_run_cleanups): 200 GET http://10.180.1.21/compute/v2.1/servers/eb3aa9a6-bb95-4bac-b679-8c83d4eb389d 0.112s
2025-03-12 09:13:51.761 68516 INFO tempest.lib.common.rest_client [req-c2e4488c-4e9c-4829-bec4-d26a459cc387 req-c2e4488c-4e9c-4829-bec4-d26a459cc387 ] Request (AttachInterfacesTestJSON:setUpClass): 201 POST http://10.180.1.21/identity/v3/users 0.069s
2025-03-12 09:13:51.785 68516 INFO tempest.lib.common.rest_client [req-fe6debdd-d19a-41f1-9448-bf62288bbd2a req-fe6debdd-d19a-41f1-9448-bf62288bbd2a ] Request (AttachInterfacesTestJSON:setUpClass): 200 GET http://10.180.1.21/identity/v3/roles 0.024s
2025-03-12 09:13:51.824 68516 INFO tempest.lib.common.rest_client [req-20d70bc8-17fa-4f4e-81b8-da1c63176d5d req-20d70bc8-17fa-4f4e-81b8-da1c63176d5d ] Request (AttachInterfacesTestJSON:setUpClass): 204 PUT http://10.180.1.21/identity/v3/projects/b47b61caac2b42cc85bae9f0be2df58e/users/28abd543dac74137b0fc58f11236af41/roles/62f0c8c530ae4f3dbecf3cbebfb95666 0.038s
2025-03-12 09:13:51.825 68516 INFO tempest.lib.common.dynamic_creds [-] Dynamic test user 28abd543dac74137b0fc58f11236af41 is created with scope project and roles: ['member']
2025-03-12 09:13:51.825 68516 INFO tempest.lib.common.dynamic_creds [-] Acquired dynamic creds: credentials: Credentials: {'domain_id': 'default', 'domain_name': 'Default', 'username': 'tempest-AttachInterfacesTestJSON-526601679-project-member', 'project_domain_id': 'default', 'project_domain_name': 'Default', 'project_id': 'b47b61caac2b42cc85bae9f0be2df58e', 'project_name': 'tempest-AttachInterfacesTestJSON-526601679', 'tenant_id': 'b47b61caac2b42cc85bae9f0be2df58e', 'tenant_name': 'tempest-AttachInterfacesTestJSON-526601679', 'user_domain_id': 'default', 'user_domain_name': 'Default', 'user_id': '28abd543dac74137b0fc58f11236af41', 'system': None}, Network: None, Subnet: None, Router: None
2025-03-12 09:13:51.853 68466 INFO tempest.lib.common.rest_client [req-5f2e6df2-6856-4564-86cc-2e8ac5b6b568 req-5f2e6df2-6856-4564-86cc-2e8ac5b6b568 ] Request (AttachInterfacesUnderV243Test:setUpClass): 201 POST http://10.180.1.21:9696/networking/v2.0/networks 0.267s
2025-03-12 09:13:51.862 68486 WARNING tempest.lib.common.ssh [-] Failed to establish authenticated ssh connection to cirros@10.180.180.172 ([Errno None] Unable to connect to port 22 on 10.180.180.172). Number attempts: 1. Retry after 2 seconds.: paramiko.ssh_exception.NoValidConnectionsError: [Errno None] Unable to connect to port 22 on 10.180.180.172
2025-03-12 09:13:51.906 68516 INFO tempest.lib.common.rest_client [req-82d9d6ab-3c47-45a3-823b-cd1636b79706 req-82d9d6ab-3c47-45a3-823b-cd1636b79706 ] Request (AttachInterfacesTestJSON:setUpClass): 201 POST http://10.180.1.21/identity/v3/auth/tokens 0.081s
2025-03-12 09:13:51.910 68505 INFO tempest.lib.common.rest_client [req-d05e46a5-30b9-4de9-a697-d6c583ad5c61 req-d05e46a5-30b9-4de9-a697-d6c583ad5c61 ] Request (ImagesOneServerNegativeTestJSON:setUpClass): 200 GET http://10.180.1.21/compute/v2.1/servers/a518e6a0-7142-4a7b-a710-169c52edd3ee 0.177s
2025-03-12 09:13:51.920 68470 INFO tempest.lib.common.rest_client [req-9d1f1841-3e27-4220-9093-54a2fedeedae req-9d1f1841-3e27-4220-9093-54a2fedeedae ] Request (ServersV294TestFqdnHostnames:setUpClass): 200 GET http://10.180.1.21/compute/v2.1/servers/9c4949ce-1c1c-45f4-9348-1201c2734c6e 0.098s
2025-03-12 09:13:51.976 68514 INFO tempest.lib.common.rest_client [req-69a459f7-02ef-439e-9147-177e510f3b43 req-69a459f7-02ef-439e-9147-177e510f3b43 ] Request (ServersTestManualDisk:setUpClass): 200 GET http://10.180.1.21/compute/v2.1/servers/ea2fc662-f98e-461d-956b-d7eff9b191d8 0.087s
2025-03-12 09:13:52.074 68496 INFO tempest.lib.common.rest_client [req-a2088e29-74c3-4dba-a8f0-69eb6ea11c8f req-a2088e29-74c3-4dba-a8f0-69eb6ea11c8f ] Request (ServersAdminTestJSON:test_create_server_with_scheduling_hint): 200 GET http://10.180.1.21/compute/v2.1/servers/f8d8520b-21a2-48a9-951f-15d869dfe6d1 0.206s
2025-03-12 09:13:52.082 68496 INFO tempest.common.waiters [-] State transition "BUILD/block_device_mapping" ==> "BUILD/spawning" after 42 second wait
2025-03-12 09:13:52.083 68500 INFO tempest.lib.common.rest_client [req-a013810f-ea68-478b-a771-54d44afffbd6 req-a013810f-ea68-478b-a771-54d44afffbd6 ] Request (ImagesOneServerTestJSON:tearDownClass): 200 GET http://10.180.1.21/compute/v2.1/servers/33d3c446-1267-4eb7-970b-af1013db456c 0.121s
2025-03-12 09:13:52.092 68500 INFO tempest.common.waiters [-] State transition "ACTIVE/deleting" ==> "DELETED/None" after 4 second wait
2025-03-12 09:13:52.101 68466 INFO tempest.lib.common.rest_client [req-454a3950-04d9-47bf-95f7-332965d72d95 req-454a3950-04d9-47bf-95f7-332965d72d95 ] Request (AttachInterfacesUnderV243Test:setUpClass): 201 POST http://10.180.1.21:9696/networking/v2.0/subnets 0.247s
2025-03-12 09:13:52.233 68476 INFO tempest.lib.common.rest_client [req-df20a923-6fd6-45bf-ab71-85812726dac1 req-df20a923-6fd6-45bf-ab71-85812726dac1 ] Request (InstanceActionsNegativeTestJSON:tearDownClass): 200 GET http://10.180.1.21/compute/v2.1/servers/e1f537bc-5937-446d-b44a-8c0fe5441aee 0.061s
2025-03-12 09:13:52.266 68516 INFO tempest.lib.common.rest_client [req-ba136ed1-2d4b-4430-aff9-ba615927bc88 req-ba136ed1-2d4b-4430-aff9-ba615927bc88 ] Request (AttachInterfacesTestJSON:setUpClass): 201 POST http://10.180.1.21:9696/networking/v2.0/networks 0.360s
2025-03-12 09:13:52.277 68462 INFO tempest.lib.common.rest_client [req-829a4681-47f4-4023-a606-e8415dc865e4 req-829a4681-47f4-4023-a606-e8415dc865e4 ] Request (MigrationsAdminTest:test_list_migrations_in_flavor_resize_situation): 200 GET http://10.180.1.21/compute/v2.1/servers/d96bc42c-7bd3-41b2-a663-1992180fcd51 0.161s
2025-03-12 09:13:52.315 68484 INFO tempest.lib.common.rest_client [req-5966a79f-065b-4674-9b97-0aff85a695a8 req-5966a79f-065b-4674-9b97-0aff85a695a8 ] Request (ServerDiagnosticsV248Test:tearDownClass): 200 GET http://10.180.1.21/compute/v2.1/servers/6462c122-dc0f-4083-84f8-a472e61285b8 0.103s
2025-03-12 09:13:52.405 68523 INFO tempest.lib.common.rest_client [req-0fc9eaef-6bb0-4d96-a725-f1560cbff5e6 req-0fc9eaef-6bb0-4d96-a725-f1560cbff5e6 ] Request (ServersAdmin275Test:tearDownClass): 200 GET http://10.180.1.21/compute/v2.1/servers/45a45c16-3ba7-4fc1-9bd1-f1751772d416 0.107s
2025-03-12 09:13:52.475 68488 INFO tempest.lib.common.rest_client [req-5a6f4680-36b7-420a-8aa0-3e1b2c32867e req-5a6f4680-36b7-420a-8aa0-3e1b2c32867e ] Request (SecurityGroupsTestJSON:test_list_security_groups_by_server): 200 GET http://10.180.1.21/compute/v2.1/servers/8ae09ca9-6d7f-41a2-ad2d-f138e2c29433 0.128s
2025-03-12 09:13:52.542 68518 INFO tempest.lib.common.rest_client [req-8654897e-3550-46d8-8aa6-c003d5f893c1 req-8654897e-3550-46d8-8aa6-c003d5f893c1 ] Request (InstanceActionsTestJSON:setUpClass): 200 GET http://10.180.1.21/compute/v2.1/servers/cc25ab8d-527a-4c21-8993-cb16b7228d70 0.258s
2025-03-12 09:13:52.652 68474 INFO tempest.lib.common.rest_client [req-3914a1bf-490b-49fa-abb9-5be5d21ed8a2 req-3914a1bf-490b-49fa-abb9-5be5d21ed8a2 ] Request (ServerAddressesTestJSON:setUpClass): 200 GET http://10.180.1.21/compute/v2.1/servers/f0d040bc-68b5-4e45-b854-775936dae98c 0.221s
2025-03-12 09:13:52.663 68474 INFO tempest.common.waiters [-] State transition "BUILD/spawning" ==> "ACTIVE/None" after 52 second wait
2025-03-12 09:13:52.680 68512 INFO tempest.lib.common.rest_client [req-60dcafbc-0a7a-43df-a9b2-21eb645c51da req-60dcafbc-0a7a-43df-a9b2-21eb645c51da ] Request (ImagesTestJSON:test_create_image_from_stopped_server): 200 GET http://10.180.1.21/compute/v2.1/servers/22fbeb09-3d90-4b99-ab23-73793f4a9b40 0.197s
2025-03-12 09:13:52.721 68478 INFO tempest.lib.common.rest_client [req-1a765efd-fee9-480a-b76b-7df829d64767 req-1a765efd-fee9-480a-b76b-7df829d64767 ] Request (ServersAdminNegativeTestJSON:test_migrate_server_invalid_state): 200 GET http://10.180.1.21/compute/v2.1/servers/06b09205-14aa-4166-81f6-ce6f44dc826e 0.232s
2025-03-12 09:13:52.743 68490 INFO tempest.lib.common.rest_client [req-274973b6-2bfa-4292-b918-cf5761426024 req-274973b6-2bfa-4292-b918-cf5761426024 ] Request (DeleteServersTestJSON:test_delete_active_server): 200 GET http://10.180.1.21/compute/v2.1/servers/39697361-2e54-45c5-b0f5-6995c2bc13d8 0.210s
2025-03-12 09:13:52.754 68506 WARNING tempest.lib.common.ssh [-] Failed to establish authenticated ssh connection to cirros@10.180.180.128 ([Errno None] Unable to connect to port 22 on 10.180.180.128). Number attempts: 6. Retry after 7 seconds.: paramiko.ssh_exception.NoValidConnectionsError: [Errno None] Unable to connect to port 22 on 10.180.180.128
2025-03-12 09:13:52.805 68492 INFO tempest.lib.common.rest_client [req-3210eea8-9060-4667-9d7f-4d06cdea4a4a req-3210eea8-9060-4667-9d7f-4d06cdea4a4a ] Request (DeleteServersAdminTestJSON:test_delete_server_while_in_error_state): 200 GET http://10.180.1.21/compute/v2.1/servers/f23b2dae-688d-48ed-8912-92548a355f33 0.203s
2025-03-12 09:13:52.815 68516 INFO tempest.lib.common.rest_client [req-a328436f-c190-49be-8d00-e3602cbab372 req-a328436f-c190-49be-8d00-e3602cbab372 ] Request (AttachInterfacesTestJSON:setUpClass): 201 POST http://10.180.1.21:9696/networking/v2.0/subnets 0.548s
2025-03-12 09:13:52.816 68510 INFO tempest.lib.common.rest_client [req-b5ccabf9-193f-4abf-b9ab-eb8abd30ffbb req-b5ccabf9-193f-4abf-b9ab-eb8abd30ffbb ] Request (ServerDiskConfigTestJSON:test_rebuild_server_with_auto_disk_config): 200 GET http://10.180.1.21/compute/v2.1/servers/665a3f40-d12f-4e99-b3d2-53e137897226 0.271s
2025-03-12 09:13:52.875 68480 INFO tempest.lib.common.rest_client [req-c014a703-24d8-4a87-bb30-d0d22c9e4e58 req-c014a703-24d8-4a87-bb30-d0d22c9e4e58 ] Request (ServerRescueTestJSONUnderV235:tearDownClass): 200 GET http://10.180.1.21/compute/v2.1/servers/ff322f86-8e94-43e4-9c39-c133ac8ee7ca 0.271s
2025-03-12 09:13:52.878 68468 INFO tempest.lib.common.rest_client [req-a21593b2-6413-4dea-aace-0f0ff45d9276 req-a21593b2-6413-4dea-aace-0f0ff45d9276 ] Request (ListImageFiltersTestJSON:setUpClass): 200 GET http://10.180.1.21/compute/v2.1/servers/bec2b37d-ba84-42f7-8506-0b5868e7fa7a 0.231s
2025-03-12 09:13:52.907 68474 INFO tempest.lib.common.rest_client [req-bb77d8e7-6568-40ad-a1ea-26f2f0f163b9 req-bb77d8e7-6568-40ad-a1ea-26f2f0f163b9 ] Request (ServerAddressesTestJSON:test_list_server_addresses): 200 GET http://10.180.1.21/compute/v2.1/servers/f0d040bc-68b5-4e45-b854-775936dae98c/ips 0.241s
2025-03-12 09:13:52.934 68498 INFO tempest.lib.common.rest_client [req-4c80fb23-ff5f-48df-a433-ca7347cc45ca req-4c80fb23-ff5f-48df-a433-ca7347cc45ca ] Request (ServersTestFqdnHostnames:test_create_server_with_fqdn_name): 200 GET http://10.180.1.21/compute/v2.1/servers/11adde73-5bff-4603-baa6-900887998828 0.277s
2025-03-12 09:13:52.998 68502 INFO tempest.lib.common.rest_client [req-5ca4d42d-361e-41a7-ab55-5b24a86c2567 req-5ca4d42d-361e-41a7-ab55-5b24a86c2567 ] Request (ServerAddressesNegativeTestJSON:tearDownClass): 200 GET http://10.180.1.21/compute/v2.1/servers/6a07635b-5b0c-4d02-94dc-2c6cd34b95b5 0.275s
2025-03-12 09:13:53.014 68502 INFO tempest.common.waiters [-] State transition "ACTIVE/deleting" ==> "DELETED/None" after 4 second wait
2025-03-12 09:13:53.015 68482 INFO tempest.lib.common.rest_client [req-4cb34c8c-cb77-444e-beeb-3485e3932cca req-4cb34c8c-cb77-444e-beeb-3485e3932cca ] Request (MultipleCreateTestJSON:_run_cleanups): 200 GET http://10.180.1.21/compute/v2.1/servers/eb3aa9a6-bb95-4bac-b679-8c83d4eb389d 0.297s
2025-03-12 09:13:53.028 68474 INFO tempest.lib.common.rest_client [req-f1b290e9-b209-40e3-9154-c6b659aa421b req-f1b290e9-b209-40e3-9154-c6b659aa421b ] Request (ServerAddressesTestJSON:test_list_server_addresses_by_network): 200 GET http://10.180.1.21/compute/v2.1/servers/f0d040bc-68b5-4e45-b854-775936dae98c/ips 0.118s
2025-03-12 09:13:53.097 68470 INFO tempest.lib.common.rest_client [req-37a61add-7f64-4eae-8d83-def925cb1581 req-37a61add-7f64-4eae-8d83-def925cb1581 ] Request (ServersV294TestFqdnHostnames:setUpClass): 200 GET http://10.180.1.21/compute/v2.1/servers/9c4949ce-1c1c-45f4-9348-1201c2734c6e 0.165s
2025-03-12 09:13:53.165 68505 INFO tempest.lib.common.rest_client [req-9b3175ba-897a-409c-a40f-2608af75395f req-9b3175ba-897a-409c-a40f-2608af75395f ] Request (ImagesOneServerNegativeTestJSON:setUpClass): 200 GET http://10.180.1.21/compute/v2.1/servers/a518e6a0-7142-4a7b-a710-169c52edd3ee 0.247s
2025-03-12 09:13:53.166 68514 INFO tempest.lib.common.rest_client [req-2267eb3a-fab8-4487-8429-17f487861be3 req-2267eb3a-fab8-4487-8429-17f487861be3 ] Request (ServersTestManualDisk:setUpClass): 200 GET http://10.180.1.21/compute/v2.1/servers/ea2fc662-f98e-461d-956b-d7eff9b191d8 0.176s
2025-03-12 09:13:53.198 68474 INFO tempest.lib.common.rest_client [req-48475c55-0912-4e8b-bec2-e71852c1dcfc req-48475c55-0912-4e8b-bec2-e71852c1dcfc ] Request (ServerAddressesTestJSON:test_list_server_addresses_by_network): 200 GET http://10.180.1.21/compute/v2.1/servers/f0d040bc-68b5-4e45-b854-775936dae98c/ips/tempest-ServerAddressesTestJSON-1596751779-network 0.168s
2025-03-12 09:13:53.258 68500 INFO tempest.lib.common.rest_client [req-abcc4ec7-86fc-4dc5-b47e-1fc6f85a6805 req-abcc4ec7-86fc-4dc5-b47e-1fc6f85a6805 ] Request (ImagesOneServerTestJSON:tearDownClass): 200 GET http://10.180.1.21/compute/v2.1/servers/33d3c446-1267-4eb7-970b-af1013db456c 0.165s
2025-03-12 09:13:53.299 68466 INFO tempest.lib.common.rest_client [req-995a1dc9-c40a-4e59-b0d0-42bfe2716482 req-995a1dc9-c40a-4e59-b0d0-42bfe2716482 ] Request (AttachInterfacesUnderV243Test:setUpClass): 201 POST http://10.180.1.21:9696/networking/v2.0/routers 1.198s
2025-03-12 09:13:53.302 68496 INFO tempest.lib.common.rest_client [req-0f45d20d-4952-4c01-a9f5-bc91810278fe req-0f45d20d-4952-4c01-a9f5-bc91810278fe ] Request (ServersAdminTestJSON:test_create_server_with_scheduling_hint): 200 GET http://10.180.1.21/compute/v2.1/servers/f8d8520b-21a2-48a9-951f-15d869dfe6d1 0.219s
2025-03-12 09:13:53.333 68474 INFO tempest.lib.common.rest_client [req-0ed78c57-b4e3-4a85-a0ac-bce5f5c97f05 req-0ed78c57-b4e3-4a85-a0ac-bce5f5c97f05 ] Request (ServerAddressesTestJSON:tearDownClass): 204 DELETE http://10.180.1.21/compute/v2.1/servers/f0d040bc-68b5-4e45-b854-775936dae98c 0.132s
2025-03-12 09:13:53.403 68476 INFO tempest.lib.common.rest_client [req-d4251215-197e-4802-a89c-fd6216f571d5 req-d4251215-197e-4802-a89c-fd6216f571d5 ] Request (InstanceActionsNegativeTestJSON:tearDownClass): 200 GET http://10.180.1.21/compute/v2.1/servers/e1f537bc-5937-446d-b44a-8c0fe5441aee 0.160s
2025-03-12 09:13:53.469 68484 INFO tempest.lib.common.rest_client [req-0ecec4b0-4094-42db-a3d8-953ea735bff4 req-0ecec4b0-4094-42db-a3d8-953ea735bff4 ] Request (ServerDiagnosticsV248Test:tearDownClass): 200 GET http://10.180.1.21/compute/v2.1/servers/6462c122-dc0f-4083-84f8-a472e61285b8 0.142s
2025-03-12 09:13:53.521 68462 INFO tempest.lib.common.rest_client [req-da1ef62d-f60b-48d8-91ae-6299a2243021 req-da1ef62d-f60b-48d8-91ae-6299a2243021 ] Request (MigrationsAdminTest:test_list_migrations_in_flavor_resize_situation): 200 GET http://10.180.1.21/compute/v2.1/servers/d96bc42c-7bd3-41b2-a663-1992180fcd51 0.235s
2025-03-12 09:13:53.597 68523 INFO tempest.lib.common.rest_client [req-5f4fb0eb-7081-4ec6-ab73-b04d50a316bb req-5f4fb0eb-7081-4ec6-ab73-b04d50a316bb ] Request (ServersAdmin275Test:tearDownClass): 200 GET http://10.180.1.21/compute/v2.1/servers/45a45c16-3ba7-4fc1-9bd1-f1751772d416 0.182s
2025-03-12 09:13:53.610 68474 INFO tempest.lib.common.rest_client [req-9b76b08e-cb21-4051-865c-1af37954ca6f req-9b76b08e-cb21-4051-865c-1af37954ca6f ] Request (ServerAddressesTestJSON:tearDownClass): 200 GET http://10.180.1.21/compute/v2.1/servers/f0d040bc-68b5-4e45-b854-775936dae98c 0.277s
2025-03-12 09:13:53.648 68488 INFO tempest.lib.common.rest_client [req-bd3686bc-a14f-44b4-9a5b-4896dd5b936e req-bd3686bc-a14f-44b4-9a5b-4896dd5b936e ] Request (SecurityGroupsTestJSON:test_list_security_groups_by_server): 200 GET http://10.180.1.21/compute/v2.1/servers/8ae09ca9-6d7f-41a2-ad2d-f138e2c29433 0.163s
2025-03-12 09:13:53.662 68516 INFO tempest.lib.common.rest_client [req-4992a965-7564-4415-953c-480957912535 req-4992a965-7564-4415-953c-480957912535 ] Request (AttachInterfacesTestJSON:setUpClass): 201 POST http://10.180.1.21:9696/networking/v2.0/routers 0.847s
2025-03-12 09:13:53.669 68518 INFO tempest.lib.common.rest_client [req-8013c2d0-3bfe-493b-a612-dad673ac0d3a req-8013c2d0-3bfe-493b-a612-dad673ac0d3a ] Request (InstanceActionsTestJSON:setUpClass): 200 GET http://10.180.1.21/compute/v2.1/servers/cc25ab8d-527a-4c21-8993-cb16b7228d70 0.118s
2025-03-12 09:13:53.786 68478 INFO tempest.lib.common.rest_client [req-1bbd579e-ba3d-497e-ba67-aa28d182cd7b req-1bbd579e-ba3d-497e-ba67-aa28d182cd7b ] Request (ServersAdminNegativeTestJSON:test_migrate_server_invalid_state): 200 GET http://10.180.1.21/compute/v2.1/servers/06b09205-14aa-4166-81f6-ce6f44dc826e 0.054s
2025-03-12 09:13:53.811 68512 INFO tempest.lib.common.rest_client [req-f25ca8e4-77a4-4cc7-a0e1-9eb20de5976d req-f25ca8e4-77a4-4cc7-a0e1-9eb20de5976d ] Request (ImagesTestJSON:test_create_image_from_stopped_server): 200 GET http://10.180.1.21/compute/v2.1/servers/22fbeb09-3d90-4b99-ab23-73793f4a9b40 0.119s
2025-03-12 09:13:53.844 68490 INFO tempest.lib.common.rest_client [req-92cd5e77-d579-4264-81e6-360e66b71931 req-92cd5e77-d579-4264-81e6-360e66b71931 ] Request (DeleteServersTestJSON:test_delete_active_server): 200 GET http://10.180.1.21/compute/v2.1/servers/39697361-2e54-45c5-b0f5-6995c2bc13d8 0.089s
