2025-03-12 09:14:17.143 68484 INFO tempest.lib.common.rest_client [req-4b859cf9-23d5-4a3a-8abc-474694a53716 req-4b859cf9-23d5-4a3a-8abc-474694a53716 ] Request (ServerDiagnosticsV248Test:tearDownClass): 200 GET http://10.180.1.21/compute/v2.1/servers/6462c122-dc0f-4083-84f8-a472e61285b8 0.131s
2025-03-12 09:14:17.151 68478 INFO tempest.lib.common.rest_client [req-720076bd-fd7d-477f-acf5-ff64651664eb req-720076bd-fd7d-477f-acf5-ff64651664eb ] Request (ServersAdminNegativeTestJSON:test_migrate_server_invalid_state): 200 GET http://10.180.1.21/compute/v2.1/servers/06b09205-14aa-4166-81f6-ce6f44dc826e 0.178s
2025-03-12 09:14:17.161 68478 INFO tempest.common.waiters [-] State transition "ACTIVE/suspending" ==> "SUSPENDED/None" after 3 second wait
2025-03-12 09:14:17.175 68476 INFO tempest.lib.common.rest_client [req-a05e53a1-aa3e-4904-8bbe-751294ec8a90 req-a05e53a1-aa3e-4904-8bbe-751294ec8a90 ] Request (ValidationResourcesFixture:setUp): 201 POST http://10.180.1.21:9696/networking/v2.0/security-group-rules 0.101s
2025-03-12 09:14:17.210 68518 INFO tempest.lib.common.rest_client [req-cc7bd3b3-8dc8-4de6-b71c-409798351264 req-cc7bd3b3-8dc8-4de6-b71c-409798351264 ] Request (InstanceActionsTestJSON:tearDownClass): 200 GET http://10.180.1.21/compute/v2.1/servers/cc25ab8d-527a-4c21-8993-cb16b7228d70 0.139s
2025-03-12 09:14:17.273 68514 INFO tempest.lib.common.rest_client [req-0e240f0b-56d2-416e-b671-5a1eca008b2d req-0e240f0b-56d2-416e-b671-5a1eca008b2d ] Request (ServersTestManualDisk:setUpClass): 200 GET http://10.180.1.21/compute/v2.1/servers/ea2fc662-f98e-461d-956b-d7eff9b191d8 0.158s
2025-03-12 09:14:17.278 68474 INFO tempest.lib.common.rest_client [req-fb9222c3-654c-40f3-84ce-1bd2b9750a20 req-fb9222c3-654c-40f3-84ce-1bd2b9750a20 ] Request (ServerAddressesTestJSON:tearDownClass): 200 GET http://10.180.1.21/compute/v2.1/servers/f0d040bc-68b5-4e45-b854-775936dae98c 0.133s
2025-03-12 09:14:17.280 68476 INFO tempest.lib.common.rest_client [req-9c848ed3-0029-4967-805e-e01fa70b340e req-9c848ed3-0029-4967-805e-e01fa70b340e ] Request (ValidationResourcesFixture:setUp): 201 POST http://10.180.1.21:9696/networking/v2.0/security-group-rules 0.104s
2025-03-12 09:14:17.351 68523 INFO tempest.lib.common.rest_client [req-64f1647a-97b6-43b4-96fb-4317099ab22c req-64f1647a-97b6-43b4-96fb-4317099ab22c ] Request (ServersAdmin275Test:tearDownClass): 200 GET http://10.180.1.21/compute/v2.1/servers/45a45c16-3ba7-4fc1-9bd1-f1751772d416 0.167s
2025-03-12 09:14:17.410 68516 INFO tempest.lib.common.rest_client [req-49ede261-5c3e-44f4-a873-0ea9f087f1b5 req-49ede261-5c3e-44f4-a873-0ea9f087f1b5 ] Request (AttachInterfacesTestJSON:test_create_list_show_delete_interfaces_by_fixed_ip): 200 GET http://10.180.1.21/compute/v2.1/servers/941df5cb-677e-421e-b32a-ced3e69257bb 0.170s
2025-03-12 09:14:17.468 68492 INFO tempest.lib.common.rest_client [req-3b7e970c-f8d6-4f5d-97da-8a438c28e4af req-3b7e970c-f8d6-4f5d-97da-8a438c28e4af ] Request (DeleteServersAdminTestJSON:test_delete_server_while_in_error_state): 200 GET http://10.180.1.21/compute/v2.1/servers/f23b2dae-688d-48ed-8912-92548a355f33 0.112s
2025-03-12 09:14:17.520 68488 INFO tempest.lib.common.rest_client [req-e4e9dd0f-84dd-48f9-9898-b02bb6d1d298 req-e4e9dd0f-84dd-48f9-9898-b02bb6d1d298 ] Request (SecurityGroupsTestJSON:test_list_security_groups_by_server): 200 GET http://10.180.1.21/compute/v2.1/servers/8ae09ca9-6d7f-41a2-ad2d-f138e2c29433 0.112s
2025-03-12 09:14:17.571 68478 INFO tempest.lib.common.rest_client [req-dac43ff8-b289-41be-aa75-a93ebe927e1f req-dac43ff8-b289-41be-aa75-a93ebe927e1f ] Request (ServersAdminNegativeTestJSON:test_migrate_server_invalid_state): 409 POST http://10.180.1.21/compute/v2.1/servers/06b09205-14aa-4166-81f6-ce6f44dc826e/action 0.410s
2025-03-12 09:14:17.578 68480 INFO tempest.lib.common.rest_client [req-4acd315c-d91f-4912-a84a-721bc0f4e4bd req-4acd315c-d91f-4912-a84a-721bc0f4e4bd ] Request (ServersTestJSON:test_create_server_specify_multibyte_character_name): 200 GET http://10.180.1.21/compute/v2.1/servers/22b1aa51-4faf-46cc-8047-aeed803bbaeb 0.112s
2025-03-12 09:14:17.584 68478 INFO tempest.lib.common.rest_client [req-abee0c81-2678-4db7-95bb-2c5177b66143 req-abee0c81-2678-4db7-95bb-2c5177b66143 ] Request (ServersAdminNegativeTestJSON:test_reset_state_server_invalid_state): 400 POST http://10.180.1.21/compute/v2.1/servers/23228ef5-dfa9-44e5-b3da-b1532febba2a/action 0.011s
2025-03-12 09:14:17.631 68462 INFO tempest.lib.common.rest_client [req-21e978e5-d7ce-4152-aa13-34c9043e4a10 req-21e978e5-d7ce-4152-aa13-34c9043e4a10 ] Request (MigrationsAdminTest:test_resize_server_revert_deleted_flavor): 200 GET http://10.180.1.21/compute/v2.1/servers/d7104546-8dde-4cca-9151-45ec1afb3f2a 0.118s
2025-03-12 09:14:17.640 68478 INFO tempest.lib.common.rest_client [req-154ca20f-56fe-4679-ab74-40360adc37a1 req-154ca20f-56fe-4679-ab74-40360adc37a1 ] Request (ServersAdminNegativeTestJSON:test_reset_state_server_invalid_type): 400 POST http://10.180.1.21/compute/v2.1/servers/23228ef5-dfa9-44e5-b3da-b1532febba2a/action 0.054s
2025-03-12 09:14:17.641 68498 INFO tempest.lib.common.rest_client [req-b17c820c-ffc1-458e-9220-654c3c766dfd req-b17c820c-ffc1-458e-9220-654c3c766dfd ] Request (ServersTestFqdnHostnames:test_create_server_with_fqdn_name): 200 GET http://10.180.1.21/compute/v2.1/servers/11adde73-5bff-4603-baa6-900887998828 0.067s
2025-03-12 09:14:17.652 68478 INFO tempest.lib.common.rest_client [req-a26629ae-61a9-4763-a5d1-0f3f8e9cf3b3 req-a26629ae-61a9-4763-a5d1-0f3f8e9cf3b3 ] Request (ServersAdminNegativeTestJSON:test_reset_state_server_nonexistent_server): 404 POST http://10.180.1.21/compute/v2.1/servers/999/action 0.010s
2025-03-12 09:14:17.714 68486 WARNING tempest.lib.common.ssh [-] Failed to establish authenticated ssh connection to cirros@10.180.180.172 ([Errno None] Unable to connect to port 22 on 10.180.180.172). Number attempts: 5. Retry after 6 seconds.: paramiko.ssh_exception.NoValidConnectionsError: [Errno None] Unable to connect to port 22 on 10.180.180.172
2025-03-12 09:14:17.733 68476 INFO tempest.lib.common.rest_client [req-7acc6ce5-3c41-484d-bfd9-67f096b821c5 req-7acc6ce5-3c41-484d-bfd9-67f096b821c5 ] Request (ValidationResourcesFixture:setUp): 201 POST http://10.180.1.21:9696/networking/v2.0/floatingips 0.452s
2025-03-12 09:14:17.763 68478 INFO tempest.lib.common.rest_client [req-dc601f68-b535-4da2-9758-6811c69542cd req-dc601f68-b535-4da2-9758-6811c69542cd ] Request (ServersAdminNegativeTestJSON:test_resize_server_using_overlimit_ram): 200 GET http://10.180.1.21/compute/v2.1/os-quota-sets/59d8d96020844c9ba5f7634887149c14 0.109s
2025-03-12 09:14:17.774 68476 INFO tempest.lib.common.rest_client [req-f8789334-bec2-4cb2-89cc-ec846001b29c req-f8789334-bec2-4cb2-89cc-ec846001b29c ] Request (AttachVolumeShelveTestJSON:test_attach_volume_shelved_or_offload_server): 201 POST http://10.180.1.21/identity/v3/auth/tokens 0.038s
2025-03-12 09:14:17.775 68476 INFO tempest.lib.common.fixed_network [-] (AttachVolumeShelveTestJSON:test_attach_volume_shelved_or_offload_server) Found network {'id': '1de6ae58-3261-4424-913b-4a500bf23085', 'name': 'tempest-AttachVolumeShelveTestJSON-1239691482-network', 'tenant_id': '3907b00ca7604bf399ce05e2298a3885', 'admin_state_up': True, 'mtu': 8950, 'status': 'ACTIVE', 'subnets': [], 'shared': False, 'project_id': '3907b00ca7604bf399ce05e2298a3885', 'port_security_enabled': True, 'router:external': False, 'provider:network_type': 'vlan', 'provider:physical_network': 'default', 'provider:segmentation_id': 301, 'availability_zone_hints': [], 'availability_zones': [], 'ipv4_address_scope': None, 'ipv6_address_scope': None, 'description': '', 'tags': [], 'created_at': '2025-03-12T09:14:13Z', 'updated_at': '2025-03-12T09:14:13Z', 'revision_number': 1} available for tenant
2025-03-12 09:14:17.819 68510 INFO tempest.lib.common.rest_client [req-202700b6-e43e-4e7f-ada2-1a15c44e4839 req-202700b6-e43e-4e7f-ada2-1a15c44e4839 ] Request (ServerDiskConfigTestJSON:test_rebuild_server_with_auto_disk_config): 200 GET http://10.180.1.21/compute/v2.1/servers/665a3f40-d12f-4e99-b3d2-53e137897226 0.076s
2025-03-12 09:14:17.840 68478 INFO tempest.lib.common.rest_client [req-9c186353-4d8a-4505-a721-6c11208b90a3 req-9c186353-4d8a-4505-a721-6c11208b90a3 ] Request (ServersAdminNegativeTestJSON:test_resize_server_using_overlimit_ram): 200 POST http://10.180.1.21/compute/v2.1/flavors 0.071s
2025-03-12 09:14:17.849 68490 INFO tempest.lib.common.rest_client [req-faf6acbf-3084-47dd-9c64-1f15702170b9 req-faf6acbf-3084-47dd-9c64-1f15702170b9 ] Request (DeleteServersTestJSON:test_delete_active_server): 200 GET http://10.180.1.21/compute/v2.1/servers/39697361-2e54-45c5-b0f5-6995c2bc13d8 0.132s
2025-03-12 09:14:17.877 68482 INFO tempest.lib.common.rest_client [req-f022b1c5-bef7-4376-8cbf-066013651d38 req-f022b1c5-bef7-4376-8cbf-066013651d38 ] Request (MultipleCreateTestJSON:_run_cleanups): 404 GET http://10.180.1.21/compute/v2.1/servers/eb3aa9a6-bb95-4bac-b679-8c83d4eb389d 0.089s
2025-03-12 09:14:17.906 68464 WARNING tempest.lib.common.ssh [-] Failed to establish authenticated ssh connection to cirros@10.180.180.215 ([Errno None] Unable to connect to port 22 on 10.180.180.215). Number attempts: 7. Retry after 8 seconds.: paramiko.ssh_exception.NoValidConnectionsError: [Errno None] Unable to connect to port 22 on 10.180.180.215
2025-03-12 09:14:17.932 68468 INFO tempest.lib.common.rest_client [req-adc0daad-8914-4737-b996-a79c328fa753 req-adc0daad-8914-4737-b996-a79c328fa753 ] Request (ListImageFiltersTestJSON:setUpClass): 200 GET http://10.180.1.21/compute/v2.1/servers/bec2b37d-ba84-42f7-8506-0b5868e7fa7a 0.120s
2025-03-12 09:14:18.054 68478 INFO tempest.lib.common.rest_client [req-3fe919dc-ae7c-44e4-9c3b-70175dc4036e req-3fe919dc-ae7c-44e4-9c3b-70175dc4036e ] Request (ServersAdminNegativeTestJSON:test_resize_server_using_overlimit_ram): 403 POST http://10.180.1.21/compute/v2.1/servers/23228ef5-dfa9-44e5-b3da-b1532febba2a/action 0.211s
2025-03-12 09:14:18.113 68502 INFO tempest.lib.common.rest_client [req-da8bc7b5-0a7c-4766-b3df-0f9f58e1d9e3 req-da8bc7b5-0a7c-4766-b3df-0f9f58e1d9e3 ] Request (ServerAddressesNegativeTestJSON:tearDownClass): 200 GET http://10.180.1.21/compute/v2.1/servers/6a07635b-5b0c-4d02-94dc-2c6cd34b95b5 0.247s
2025-03-12 09:14:18.163 68496 INFO tempest.lib.common.rest_client [req-68cba782-9c4e-4459-9299-2976c550f495 req-68cba782-9c4e-4459-9299-2976c550f495 ] Request (ServersAdminTestJSON:test_inject_network_info): 200 GET http://10.180.1.21/compute/v2.1/servers/daf16a4a-cdcc-487f-99db-6600425b356a 0.287s
2025-03-12 09:14:18.184 68482 INFO tempest.lib.common.rest_client [req-60c94036-6142-4d0b-99d7-06a7c45a7d69 req-60c94036-6142-4d0b-99d7-06a7c45a7d69 ] Request (MultipleCreateTestJSON:_run_cleanups): 404 GET http://10.180.1.21/compute/v2.1/servers/953ab25c-c318-439f-aed7-5d9df5c37a8e 0.307s
2025-03-12 09:14:18.199 68476 INFO tempest.lib.common.rest_client [req-4c389f9c-9448-4d46-9060-f15e7c68b363 req-4c389f9c-9448-4d46-9060-f15e7c68b363 ] Request (AttachVolumeShelveTestJSON:test_attach_volume_shelved_or_offload_server): 202 POST http://10.180.1.21/compute/v2.1/servers 0.423s
2025-03-12 09:14:18.259 68512 INFO tempest.lib.common.rest_client [req-3db6463e-f9f8-4c31-88c7-3726faef695b req-3db6463e-f9f8-4c31-88c7-3726faef695b ] Request (ImagesTestJSON:test_create_image_from_suspended_server): 200 GET http://10.180.1.21/compute/v2.1/servers/5938f3b0-bec5-4515-8191-de835d6f9a7f 0.330s
2025-03-12 09:14:18.266 68470 INFO tempest.lib.common.rest_client [req-259a9103-9c42-4532-9280-f2aaba1f3cc4 req-259a9103-9c42-4532-9280-f2aaba1f3cc4 ] Request (ServersV294TestFqdnHostnames:setUpClass): 200 GET http://10.180.1.21/compute/v2.1/servers/9c4949ce-1c1c-45f4-9348-1201c2734c6e 0.255s
2025-03-12 09:14:18.291 68482 INFO tempest.lib.common.rest_client [req-5d2189a0-95cf-485a-950f-545a1fc4621c req-5d2189a0-95cf-485a-950f-545a1fc4621c ] Request (MultipleCreateTestJSON:test_multiple_create_with_reservation_return): 201 POST http://10.180.1.21/identity/v3/auth/tokens 0.102s
2025-03-12 09:14:18.291 68482 INFO tempest.lib.common.fixed_network [-] (MultipleCreateTestJSON:test_multiple_create_with_reservation_return) Found network {'id': '28d0b923-ec74-43ae-b1b9-42415c0cf166', 'name': 'tempest-MultipleCreateTestJSON-1242007688-network', 'tenant_id': '6b6e9a1d6a4149a88165bc6f6c03a289', 'admin_state_up': True, 'mtu': 8950, 'status': 'ACTIVE', 'subnets': [], 'shared': False, 'project_id': '6b6e9a1d6a4149a88165bc6f6c03a289', 'port_security_enabled': True, 'router:external': False, 'provider:network_type': 'vlan', 'provider:physical_network': 'default', 'provider:segmentation_id': 351, 'availability_zone_hints': [], 'availability_zones': [], 'ipv4_address_scope': None, 'ipv6_address_scope': None, 'description': '', 'tags': [], 'created_at': '2025-03-12T09:12:43Z', 'updated_at': '2025-03-12T09:12:43Z', 'revision_number': 1} available for tenant
2025-03-12 09:14:18.299 68478 INFO tempest.lib.common.rest_client [req-9db312e4-4d78-4ea2-9e2e-6ebcfdb0c66d req-9db312e4-4d78-4ea2-9e2e-6ebcfdb0c66d ] Request (ServersAdminNegativeTestJSON:_run_cleanups): 202 DELETE http://10.180.1.21/compute/v2.1/flavors/291467516 0.244s
2025-03-12 09:14:18.328 68505 INFO tempest.lib.common.rest_client [req-86d1536c-69f6-4e33-aa84-822f0cb4df05 req-86d1536c-69f6-4e33-aa84-822f0cb4df05 ] Request (ImagesOneServerNegativeTestJSON:_run_cleanups): 200 GET http://10.180.1.21/compute/v2.1/servers/a518e6a0-7142-4a7b-a710-169c52edd3ee 0.315s
2025-03-12 09:14:18.353 68466 INFO tempest.lib.common.rest_client [req-c4903457-1ef3-460c-9162-e55a907938f1 req-c4903457-1ef3-460c-9162-e55a907938f1 ] Request (AttachInterfacesUnderV243Test:test_add_remove_fixed_ip): 200 GET http://10.180.1.21/compute/v2.1/servers/e751acc9-f68b-4f29-8b86-f16c2bbaae87 0.290s
2025-03-12 09:14:18.397 68500 INFO tempest.lib.common.rest_client [req-125a6bd4-84d4-4ad3-946e-f3bf881b0433 req-125a6bd4-84d4-4ad3-946e-f3bf881b0433 ] Request (ImagesOneServerTestJSON:tearDownClass): 200 GET http://10.180.1.21/compute/v2.1/servers/33d3c446-1267-4eb7-970b-af1013db456c 0.314s
2025-03-12 09:14:18.408 68484 INFO tempest.lib.common.rest_client [req-8d6887d6-bae7-49ec-83cc-4da8bed557cb req-8d6887d6-bae7-49ec-83cc-4da8bed557cb ] Request (ServerDiagnosticsV248Test:tearDownClass): 200 GET http://10.180.1.21/compute/v2.1/servers/6462c122-dc0f-4083-84f8-a472e61285b8 0.256s
2025-03-12 09:14:18.446 68476 INFO tempest.lib.common.rest_client [req-5c3715ce-17b0-4a86-b48a-4a78d25023fe req-5c3715ce-17b0-4a86-b48a-4a78d25023fe ] Request (AttachVolumeShelveTestJSON:test_attach_volume_shelved_or_offload_server): 200 GET http://10.180.1.21/compute/v2.1/servers/58ffa9ba-219e-4756-b125-9b9b00629b1e 0.246s
2025-03-12 09:14:18.465 68518 INFO tempest.lib.common.rest_client [req-5dd7d96f-24ea-4f97-b771-621c3b5aaf29 req-5dd7d96f-24ea-4f97-b771-621c3b5aaf29 ] Request (InstanceActionsTestJSON:tearDownClass): 200 GET http://10.180.1.21/compute/v2.1/servers/cc25ab8d-527a-4c21-8993-cb16b7228d70 0.245s
2025-03-12 09:14:18.521 68474 INFO tempest.lib.common.rest_client [req-1ccebc16-a93c-4e13-bbdf-c9b4acdbf661 req-1ccebc16-a93c-4e13-bbdf-c9b4acdbf661 ] Request (ServerAddressesTestJSON:tearDownClass): 200 GET http://10.180.1.21/compute/v2.1/servers/f0d040bc-68b5-4e45-b854-775936dae98c 0.233s
2025-03-12 09:14:18.551 68514 INFO tempest.lib.common.rest_client [req-12ba942a-583b-4027-9409-6d21328ea6cb req-12ba942a-583b-4027-9409-6d21328ea6cb ] Request (ServersTestManualDisk:setUpClass): 200 GET http://10.180.1.21/compute/v2.1/servers/ea2fc662-f98e-461d-956b-d7eff9b191d8 0.267s
2025-03-12 09:14:18.558 68514 INFO tempest.common.waiters [-] State transition "BUILD/spawning" ==> "ACTIVE/None" after 52 second wait
2025-03-12 09:14:18.573 68478 INFO tempest.lib.common.rest_client [req-76b75fe6-1acb-48bc-95d6-1fb1511636ab req-76b75fe6-1acb-48bc-95d6-1fb1511636ab ] Request (ServersAdminNegativeTestJSON:_run_cleanups): 200 GET http://10.180.1.21/compute/v2.1/flavors/detail 0.274s
2025-03-12 09:14:18.634 68523 INFO tempest.lib.common.rest_client [req-8a693f58-b311-49c0-bb2b-32ab9bba6a2f req-8a693f58-b311-49c0-bb2b-32ab9bba6a2f ] Request (ServersAdmin275Test:tearDownClass): 200 GET http://10.180.1.21/compute/v2.1/servers/45a45c16-3ba7-4fc1-9bd1-f1751772d416 0.268s
2025-03-12 09:14:18.677 68516 INFO tempest.lib.common.rest_client [req-1341d3c7-e897-4081-bd82-5bc3a3ad0d1b req-1341d3c7-e897-4081-bd82-5bc3a3ad0d1b ] Request (AttachInterfacesTestJSON:test_create_list_show_delete_interfaces_by_fixed_ip): 200 GET http://10.180.1.21/compute/v2.1/servers/941df5cb-677e-421e-b32a-ced3e69257bb 0.254s
2025-03-12 09:14:18.727 68492 INFO tempest.lib.common.rest_client [req-c75268a6-f907-4891-bb1f-1f8d545bd0e6 req-c75268a6-f907-4891-bb1f-1f8d545bd0e6 ] Request (DeleteServersAdminTestJSON:test_delete_server_while_in_error_state): 200 GET http://10.180.1.21/compute/v2.1/servers/f23b2dae-688d-48ed-8912-92548a355f33 0.247s
2025-03-12 09:14:18.734 68492 INFO tempest.common.waiters [-] State transition "ERROR/deleting" ==> "DELETED/None" after 6 second wait
2025-03-12 09:14:18.776 68488 INFO tempest.lib.common.rest_client [req-b49a810a-4794-40fb-a3bc-7410608bf097 req-b49a810a-4794-40fb-a3bc-7410608bf097 ] Request (SecurityGroupsTestJSON:test_list_security_groups_by_server): 200 GET http://10.180.1.21/compute/v2.1/servers/8ae09ca9-6d7f-41a2-ad2d-f138e2c29433 0.248s
2025-03-12 09:14:18.813 68482 INFO tempest.lib.common.rest_client [req-d02a09cf-4aa5-4b3c-98a9-39095019ddd8 req-d02a09cf-4aa5-4b3c-98a9-39095019ddd8 ] Request (MultipleCreateTestJSON:test_multiple_create_with_reservation_return): 202 POST http://10.180.1.21/compute/v2.1/servers 0.521s
2025-03-12 09:14:18.859 68514 INFO tempest.lib.common.rest_client [req-c937dd94-2991-4c94-b023-8ced7ce642ee req-c937dd94-2991-4c94-b023-8ced7ce642ee ] Request (ServersTestManualDisk:setUpClass): 200 GET http://10.180.1.21/compute/v2.1/servers/ea2fc662-f98e-461d-956b-d7eff9b191d8/os-interface 0.300s
2025-03-12 09:14:18.860 68478 INFO tempest.lib.common.rest_client [req-f2173bc6-32e6-4c36-945b-9a18e672dc44 req-f2173bc6-32e6-4c36-945b-9a18e672dc44 ] Request (ServersAdminNegativeTestJSON:test_resize_server_using_overlimit_vcpus): 200 GET http://10.180.1.21/compute/v2.1/os-quota-sets/59d8d96020844c9ba5f7634887149c14 0.280s
2025-03-12 09:14:18.905 68480 INFO tempest.lib.common.rest_client [req-564a4487-4b69-43d5-adf9-aec02152d4de req-564a4487-4b69-43d5-adf9-aec02152d4de ] Request (ServersTestJSON:test_create_server_specify_multibyte_character_name): 200 GET http://10.180.1.21/compute/v2.1/servers/22b1aa51-4faf-46cc-8047-aeed803bbaeb 0.313s
2025-03-12 09:14:18.915 68462 INFO tempest.lib.common.rest_client [req-b9237d7a-87c2-4c99-a70f-44e06071eb0e req-b9237d7a-87c2-4c99-a70f-44e06071eb0e ] Request (MigrationsAdminTest:test_resize_server_revert_deleted_flavor): 200 GET http://10.180.1.21/compute/v2.1/servers/d7104546-8dde-4cca-9151-45ec1afb3f2a 0.270s
2025-03-12 09:14:18.950 68498 INFO tempest.lib.common.rest_client [req-cca63606-1416-414e-b488-f5b6ddddf5bf req-cca63606-1416-414e-b488-f5b6ddddf5bf ] Request (ServersTestFqdnHostnames:test_create_server_with_fqdn_name): 200 GET http://10.180.1.21/compute/v2.1/servers/11adde73-5bff-4603-baa6-900887998828 0.299s
2025-03-12 09:14:18.973 68482 INFO tempest.lib.common.rest_client [req-10eb25e6-16c7-437b-8eac-3d36af0c468e req-10eb25e6-16c7-437b-8eac-3d36af0c468e ] Request (MultipleCreateTestJSON:test_multiple_create_with_reservation_return): 200 GET http://10.180.1.21/compute/v2.1/servers 0.159s
2025-03-12 09:14:19.008 68510 INFO tempest.lib.common.rest_client [req-8cab899b-1e4b-41df-a7c1-274c5550ba71 req-8cab899b-1e4b-41df-a7c1-274c5550ba71 ] Request (ServerDiskConfigTestJSON:test_rebuild_server_with_auto_disk_config): 200 GET http://10.180.1.21/compute/v2.1/servers/665a3f40-d12f-4e99-b3d2-53e137897226 0.178s
2025-03-12 09:14:19.025 68478 INFO tempest.lib.common.rest_client [req-ee5ef64b-850e-4581-8dcc-e562ffadccad req-ee5ef64b-850e-4581-8dcc-e562ffadccad ] Request (ServersAdminNegativeTestJSON:test_resize_server_using_overlimit_vcpus): 200 POST http://10.180.1.21/compute/v2.1/flavors 0.164s
2025-03-12 09:14:19.073 68468 INFO tempest.lib.common.rest_client [req-232dfc78-c300-4d61-86ab-2c66dd3c559b req-232dfc78-c300-4d61-86ab-2c66dd3c559b ] Request (ListImageFiltersTestJSON:setUpClass): 200 GET http://10.180.1.21/compute/v2.1/servers/bec2b37d-ba84-42f7-8506-0b5868e7fa7a 0.132s
2025-03-12 09:14:19.105 68490 INFO tempest.lib.common.rest_client [req-680c25fc-74c2-4bc0-a090-25555e5c18e6 req-680c25fc-74c2-4bc0-a090-25555e5c18e6 ] Request (DeleteServersTestJSON:test_delete_active_server): 200 GET http://10.180.1.21/compute/v2.1/servers/39697361-2e54-45c5-b0f5-6995c2bc13d8 0.247s
2025-03-12 09:14:19.117 68482 INFO tempest.lib.common.rest_client [req-b62f679a-c734-43dc-b569-7eacaf66e237 req-b62f679a-c734-43dc-b569-7eacaf66e237 ] Request (MultipleCreateTestJSON:test_multiple_create_with_reservation_return): 200 GET http://10.180.1.21/compute/v2.1/servers/90f0a81c-dfe5-4ba0-8603-890db1cee214 0.142s
2025-03-12 09:14:19.181 68502 INFO tempest.lib.common.rest_client [req-75cb90bc-560b-45fe-bd8e-4cb667952074 req-75cb90bc-560b-45fe-bd8e-4cb667952074 ] Request (ServerAddressesNegativeTestJSON:tearDownClass): 200 GET http://10.180.1.21/compute/v2.1/servers/6a07635b-5b0c-4d02-94dc-2c6cd34b95b5 0.056s
2025-03-12 09:14:19.232 68496 INFO tempest.lib.common.rest_client [req-9ef5a158-a337-40cc-8549-9063930de39d req-9ef5a158-a337-40cc-8549-9063930de39d ] Request (ServersAdminTestJSON:test_inject_network_info): 200 GET http://10.180.1.21/compute/v2.1/servers/daf16a4a-cdcc-487f-99db-6600425b356a 0.061s
2025-03-12 09:14:19.248 68496 INFO tempest.common.waiters [-] State transition "BUILD/scheduling" ==> "BUILD/None" after 19 second wait
2025-03-12 09:14:19.327 68512 INFO tempest.lib.common.rest_client [req-545ef395-acdd-480d-8a52-b49fa0c8085c req-545ef395-acdd-480d-8a52-b49fa0c8085c ] Request (ImagesTestJSON:test_create_image_from_suspended_server): 200 GET http://10.180.1.21/compute/v2.1/servers/5938f3b0-bec5-4515-8191-de835d6f9a7f 0.053s
2025-03-12 09:14:19.370 68514 INFO tempest.lib.common.rest_client [req-f23ff097-cdba-48dd-97db-8719a236c890 req-f23ff097-cdba-48dd-97db-8719a236c890 ] Request (ServersTestManualDisk:setUpClass): 200 PUT http://10.180.1.21:9696/networking/v2.0/floatingips/d4e2107b-22e7-4c29-911b-f5285947ec37 0.510s
2025-03-12 09:14:19.388 68470 INFO tempest.lib.common.rest_client [req-7f481e40-90dd-4f7e-8a11-368aa4563679 req-7f481e40-90dd-4f7e-8a11-368aa4563679 ] Request (ServersV294TestFqdnHostnames:setUpClass): 200 GET http://10.180.1.21/compute/v2.1/servers/9c4949ce-1c1c-45f4-9348-1201c2734c6e 0.107s
2025-03-12 09:14:19.427 68478 INFO tempest.lib.common.rest_client [req-f3bed1a8-e157-4ca6-a451-c4750fe83852 req-f3bed1a8-e157-4ca6-a451-c4750fe83852 ] Request (ServersAdminNegativeTestJSON:test_resize_server_using_overlimit_vcpus): 403 POST http://10.180.1.21/compute/v2.1/servers/23228ef5-dfa9-44e5-b3da-b1532febba2a/action 0.399s
2025-03-12 09:14:19.443 68505 INFO tempest.lib.common.rest_client [req-8bf41657-fc22-404b-a6df-70073b9328b2 req-8bf41657-fc22-404b-a6df-70073b9328b2 ] Request (ImagesOneServerNegativeTestJSON:_run_cleanups): 200 GET http://10.180.1.21/compute/v2.1/servers/a518e6a0-7142-4a7b-a710-169c52edd3ee 0.107s
2025-03-12 09:14:19.473 68466 INFO tempest.lib.common.rest_client [req-429343ee-7292-4f48-9ff3-5d0aaee6b347 req-429343ee-7292-4f48-9ff3-5d0aaee6b347 ] Request (AttachInterfacesUnderV243Test:test_add_remove_fixed_ip): 200 GET http://10.180.1.21/compute/v2.1/servers/e751acc9-f68b-4f29-8b86-f16c2bbaae87 0.112s
2025-03-12 09:14:19.529 68500 INFO tempest.lib.common.rest_client [req-14cbc6f6-895b-4de3-bfef-a719c934a157 req-14cbc6f6-895b-4de3-bfef-a719c934a157 ] Request (ImagesOneServerTestJSON:tearDownClass): 200 GET http://10.180.1.21/compute/v2.1/servers/33d3c446-1267-4eb7-970b-af1013db456c 0.122s
2025-03-12 09:14:19.557 68514 INFO tempest.lib.common.rest_client [req-d4c06d6b-1404-421d-89ed-5cdc4136d484 req-d4c06d6b-1404-421d-89ed-5cdc4136d484 ] Request (ServersTestManualDisk:setUpClass): 200 GET http://10.180.1.21/compute/v2.1/servers/ea2fc662-f98e-461d-956b-d7eff9b191d8 0.186s
2025-03-12 09:14:19.565 68514 INFO tempest.lib.common.ssh [-] Creating ssh connection to '10.180.180.171:22' as 'cirros' with public key authentication
2025-03-12 09:14:19.570 68478 INFO tempest.lib.common.rest_client [req-cbe86a53-b3af-428a-ab1a-af8c72e09b2d req-cbe86a53-b3af-428a-ab1a-af8c72e09b2d ] Request (ServersAdminNegativeTestJSON:_run_cleanups): 202 DELETE http://10.180.1.21/compute/v2.1/flavors/1238801037 0.143s
2025-03-12 09:14:19.581 68484 INFO tempest.lib.common.rest_client [req-4f83f7a6-e4e8-4949-9d22-f71e1a4fbcef req-4f83f7a6-e4e8-4949-9d22-f71e1a4fbcef ] Request (ServerDiagnosticsV248Test:tearDownClass): 200 GET http://10.180.1.21/compute/v2.1/servers/6462c122-dc0f-4083-84f8-a472e61285b8 0.163s
2025-03-12 09:14:19.615 68476 INFO tempest.lib.common.rest_client [req-67d9e9d4-b179-49b5-b76d-5f978dc82087 req-67d9e9d4-b179-49b5-b76d-5f978dc82087 ] Request (AttachVolumeShelveTestJSON:test_attach_volume_shelved_or_offload_server): 200 GET http://10.180.1.21/compute/v2.1/servers/58ffa9ba-219e-4756-b125-9b9b00629b1e 0.158s
2025-03-12 09:14:19.637 68518 INFO tempest.lib.common.rest_client [req-2d40095d-70b2-47fa-84d6-73ba4bdfa1b1 req-2d40095d-70b2-47fa-84d6-73ba4bdfa1b1 ] Request (InstanceActionsTestJSON:tearDownClass): 200 GET http://10.180.1.21/compute/v2.1/servers/cc25ab8d-527a-4c21-8993-cb16b7228d70 0.163s
2025-03-12 09:14:19.659 68478 INFO tempest.lib.common.rest_client [req-0118c4d0-febe-4f31-9b78-42d1d1fa87bb req-0118c4d0-febe-4f31-9b78-42d1d1fa87bb ] Request (ServersAdminNegativeTestJSON:_run_cleanups): 200 GET http://10.180.1.21/compute/v2.1/flavors/detail 0.088s
2025-03-12 09:14:19.673 68474 INFO tempest.lib.common.rest_client [req-ceb7e04e-d08d-4024-a796-fd77073d533e req-ceb7e04e-d08d-4024-a796-fd77073d533e ] Request (ServerAddressesTestJSON:tearDownClass): 200 GET http://10.180.1.21/compute/v2.1/servers/f0d040bc-68b5-4e45-b854-775936dae98c 0.143s
2025-03-12 09:14:19.679 68523 INFO tempest.lib.common.rest_client [req-0e0f48ad-9a3c-4992-a13a-9f6bf4e7eaa4 req-0e0f48ad-9a3c-4992-a13a-9f6bf4e7eaa4 ] Request (ServersAdmin275Test:tearDownClass): 404 GET http://10.180.1.21/compute/v2.1/servers/45a45c16-3ba7-4fc1-9bd1-f1751772d416 0.033s
2025-03-12 09:14:19.700 68478 INFO tempest.lib.common.rest_client [req-d6185203-79a3-476e-a826-9b8b00a445b2 req-d6185203-79a3-476e-a826-9b8b00a445b2 ] Request (ServersAdminNegativeTestJSON:test_restore_server_invalid_state): 409 POST http://10.180.1.21/compute/v2.1/servers/23228ef5-dfa9-44e5-b3da-b1532febba2a/action 0.029s
2025-03-12 09:14:19.766 68523 INFO tempest.lib.common.rest_client [req-a5df7429-d95a-4e6a-b86d-b76bf8361b8e req-a5df7429-d95a-4e6a-b86d-b76bf8361b8e ] Request (ServersAdmin275Test:tearDownClass): 204 DELETE http://10.180.1.21/identity/v3/users/eaa35792a3b4419f9c9ab9b1a821fb53 0.087s
2025-03-12 09:14:19.796 68478 INFO tempest.lib.common.rest_client [req-e45320c3-698d-418c-9f9c-1715f723feaa req-e45320c3-698d-418c-9f9c-1715f723feaa ] Request (ServersAdminNegativeTestJSON:tearDownClass): 204 DELETE http://10.180.1.21/compute/v2.1/servers/06b09205-14aa-4166-81f6-ce6f44dc826e 0.095s
2025-03-12 09:14:19.905 68492 INFO tempest.lib.common.rest_client [req-6bc9a620-1249-46a4-a90b-10fea3a750c9 req-6bc9a620-1249-46a4-a90b-10fea3a750c9 ] Request (DeleteServersAdminTestJSON:test_delete_server_while_in_error_state): 200 GET http://10.180.1.21/compute/v2.1/servers/f23b2dae-688d-48ed-8912-92548a355f33 0.170s
2025-03-12 09:14:19.910 68523 INFO tempest.lib.common.rest_client [req-a5a20aaa-6993-454f-b81c-4ec89c3bd8d7 req-a5a20aaa-6993-454f-b81c-4ec89c3bd8d7 ] Request (ServersAdmin275Test:tearDownClass): 204 DELETE http://10.180.1.21/identity/v3/users/658cc210154c4eeb9f03e09490b036cd 0.143s
2025-03-12 09:14:19.911 68523 INFO tempest.lib.common.dynamic_creds [-] Deleting project and security group for project: d09a92dccc0049929df4dafeeae8df43
2025-03-12 09:14:19.961 68488 INFO tempest.lib.common.rest_client [req-0eff0c99-47a8-43eb-8bff-7b80e30317cd req-0eff0c99-47a8-43eb-8bff-7b80e30317cd ] Request (SecurityGroupsTestJSON:test_list_security_groups_by_server): 200 GET http://10.180.1.21/compute/v2.1/servers/8ae09ca9-6d7f-41a2-ad2d-f138e2c29433 0.176s
2025-03-12 09:14:19.977 68523 INFO tempest.lib.common.rest_client [req-5dda1ac0-b6ce-4833-8a7d-dbda5aeea44e req-5dda1ac0-b6ce-4833-8a7d-dbda5aeea44e ] Request (ServersAdmin275Test:tearDownClass): 201 POST http://10.180.1.21/identity/v3/auth/tokens 0.067s
2025-03-12 09:14:19.986 68516 INFO tempest.lib.common.rest_client [req-eddf93b5-db67-4691-80ca-d57814c54957 req-eddf93b5-db67-4691-80ca-d57814c54957 ] Request (AttachInterfacesTestJSON:test_create_list_show_delete_interfaces_by_fixed_ip): 200 GET http://10.180.1.21/compute/v2.1/servers/941df5cb-677e-421e-b32a-ced3e69257bb 0.302s
2025-03-12 09:14:20.042 68480 INFO tempest.lib.common.rest_client [req-2b04b35e-a2a6-4bf8-b76a-5ed0d679916d req-2b04b35e-a2a6-4bf8-b76a-5ed0d679916d ] Request (ServersTestJSON:test_create_server_specify_multibyte_character_name): 200 GET http://10.180.1.21/compute/v2.1/servers/22b1aa51-4faf-46cc-8047-aeed803bbaeb 0.129s
2025-03-12 09:14:20.095 68462 INFO tempest.lib.common.rest_client [req-3d909d77-f57a-4c94-9b85-47d93631ab4b req-3d909d77-f57a-4c94-9b85-47d93631ab4b ] Request (MigrationsAdminTest:test_resize_server_revert_deleted_flavor): 200 GET http://10.180.1.21/compute/v2.1/servers/d7104546-8dde-4cca-9151-45ec1afb3f2a 0.172s
2025-03-12 09:14:20.133 68478 INFO tempest.lib.common.rest_client [req-9fdc16a0-66b0-421b-9ebe-a361167207f2 req-9fdc16a0-66b0-421b-9ebe-a361167207f2 ] Request (ServersAdminNegativeTestJSON:tearDownClass): 200 GET http://10.180.1.21/compute/v2.1/servers/06b09205-14aa-4166-81f6-ce6f44dc826e 0.336s
2025-03-12 09:14:20.156 68498 INFO tempest.lib.common.rest_client [req-cb815ed2-cda3-4ce1-add9-77b9480542f4 req-cb815ed2-cda3-4ce1-add9-77b9480542f4 ] Request (ServersTestFqdnHostnames:test_create_server_with_fqdn_name): 200 GET http://10.180.1.21/compute/v2.1/servers/11adde73-5bff-4603-baa6-900887998828 0.197s
2025-03-12 09:14:20.204 68468 INFO tempest.lib.common.rest_client [req-9ce9962e-8f47-446b-b81b-0e9f60a23542 req-9ce9962e-8f47-446b-b81b-0e9f60a23542 ] Request (ListImageFiltersTestJSON:setUpClass): 200 GET http://10.180.1.21/compute/v2.1/servers/bec2b37d-ba84-42f7-8506-0b5868e7fa7a 0.119s
2025-03-12 09:14:20.204 68510 INFO tempest.lib.common.rest_client [req-c213b39a-d2fd-4fb7-8b78-ccdb4e2dc3b2 req-c213b39a-d2fd-4fb7-8b78-ccdb4e2dc3b2 ] Request (ServerDiskConfigTestJSON:test_rebuild_server_with_auto_disk_config): 200 GET http://10.180.1.21/compute/v2.1/servers/665a3f40-d12f-4e99-b3d2-53e137897226 0.188s
2025-03-12 09:14:20.254 68482 INFO tempest.lib.common.rest_client [req-20e5ff31-3470-498c-ac74-a7a095b30d84 req-20e5ff31-3470-498c-ac74-a7a095b30d84 ] Request (MultipleCreateTestJSON:test_multiple_create_with_reservation_return): 200 GET http://10.180.1.21/compute/v2.1/servers/90f0a81c-dfe5-4ba0-8603-890db1cee214 0.128s
2025-03-12 09:14:20.293 68523 INFO tempest.lib.common.rest_client [req-dac3eb81-50f0-4675-a92d-918c1f3d765b req-dac3eb81-50f0-4675-a92d-918c1f3d765b ] Request (ServersAdmin275Test:tearDownClass): 200 GET http://10.180.1.21:9696/networking/v2.0/security-groups?tenant_id=d09a92dccc0049929df4dafeeae8df43&name=default 0.315s
2025-03-12 09:14:20.329 68502 INFO tempest.lib.common.rest_client [req-1e4173c4-e3d0-40a0-bb1e-8cc93e5c32fc req-1e4173c4-e3d0-40a0-bb1e-8cc93e5c32fc ] Request (ServerAddressesNegativeTestJSON:tearDownClass): 200 GET http://10.180.1.21/compute/v2.1/servers/6a07635b-5b0c-4d02-94dc-2c6cd34b95b5 0.140s
2025-03-12 09:14:20.393 68496 INFO tempest.lib.common.rest_client [req-5ed01c22-75b7-4050-836c-ade3fc383894 req-5ed01c22-75b7-4050-836c-ade3fc383894 ] Request (ServersAdminTestJSON:test_inject_network_info): 200 GET http://10.180.1.21/compute/v2.1/servers/daf16a4a-cdcc-487f-99db-6600425b356a 0.144s
2025-03-12 09:14:20.408 68490 INFO tempest.lib.common.rest_client [req-155aaa1b-62e8-4043-a6ed-f4a8594f7ab8 req-155aaa1b-62e8-4043-a6ed-f4a8594f7ab8 ] Request (DeleteServersTestJSON:test_delete_active_server): 200 GET http://10.180.1.21/compute/v2.1/servers/39697361-2e54-45c5-b0f5-6995c2bc13d8 0.295s
2025-03-12 09:14:20.425 68523 INFO tempest.lib.common.rest_client [req-0cb5a44f-819e-4516-b891-c116a6b316d4 req-0cb5a44f-819e-4516-b891-c116a6b316d4 ] Request (ServersAdmin275Test:tearDownClass): 204 DELETE http://10.180.1.21:9696/networking/v2.0/security-groups/f447a33c-1429-4ae3-9fbb-055a58655022 0.131s
2025-03-12 09:14:20.446 68512 INFO tempest.lib.common.rest_client [req-4b7774d7-4aec-4d43-a5aa-5372563c6a3e req-4b7774d7-4aec-4d43-a5aa-5372563c6a3e ] Request (ImagesTestJSON:test_create_image_from_suspended_server): 200 GET http://10.180.1.21/compute/v2.1/servers/5938f3b0-bec5-4515-8191-de835d6f9a7f 0.112s
2025-03-12 09:14:20.461 68470 INFO tempest.lib.common.rest_client [req-a2b177ff-5cf8-4ab4-9f0e-9440b8ad2f52 req-a2b177ff-5cf8-4ab4-9f0e-9440b8ad2f52 ] Request (ServersV294TestFqdnHostnames:setUpClass): 200 GET http://10.180.1.21/compute/v2.1/servers/9c4949ce-1c1c-45f4-9348-1201c2734c6e 0.060s
2025-03-12 09:14:20.486 68523 INFO tempest.lib.common.rest_client [req-184bcee8-f76e-469a-b499-b89bad6ad686 req-184bcee8-f76e-469a-b499-b89bad6ad686 ] Request (ServersAdmin275Test:tearDownClass): 204 DELETE http://10.180.1.21/identity/v3/projects/d09a92dccc0049929df4dafeeae8df43 0.060s
2025-03-12 09:14:20.486 68523 INFO tempest.lib.common.dynamic_creds [-] Deleting project and security group for project: 720af2747ae1461fa6781827f4aa3e99
2025-03-12 09:14:20.510 68505 INFO tempest.lib.common.rest_client [req-ccf8ee8b-ded1-4efb-9423-601fdba557b7 req-ccf8ee8b-ded1-4efb-9423-601fdba557b7 ] Request (ImagesOneServerNegativeTestJSON:_run_cleanups): 200 GET http://10.180.1.21/compute/v2.1/servers/a518e6a0-7142-4a7b-a710-169c52edd3ee 0.058s
2025-03-12 09:14:20.535 68466 INFO tempest.lib.common.rest_client [req-479b92f5-4695-4a79-bc66-474e815fe748 req-479b92f5-4695-4a79-bc66-474e815fe748 ] Request (AttachInterfacesUnderV243Test:test_add_remove_fixed_ip): 200 GET http://10.180.1.21/compute/v2.1/servers/e751acc9-f68b-4f29-8b86-f16c2bbaae87 0.054s
2025-03-12 09:14:20.584 68523 INFO tempest.lib.common.rest_client [req-af4ff0f5-43df-4028-9dfd-5b8000cf1f68 req-af4ff0f5-43df-4028-9dfd-5b8000cf1f68 ] Request (ServersAdmin275Test:tearDownClass): 200 GET http://10.180.1.21:9696/networking/v2.0/security-groups?tenant_id=720af2747ae1461fa6781827f4aa3e99&name=default 0.098s
2025-03-12 09:14:20.607 68500 INFO tempest.lib.common.rest_client [req-96286e8d-3055-4464-b889-68fabf557a44 req-96286e8d-3055-4464-b889-68fabf557a44 ] Request (ImagesOneServerTestJSON:tearDownClass): 200 GET http://10.180.1.21/compute/v2.1/servers/33d3c446-1267-4eb7-970b-af1013db456c 0.067s
2025-03-12 09:14:20.659 68484 INFO tempest.lib.common.rest_client [req-9f44ca5b-ab7e-497f-9c51-5d61c8b598fc req-9f44ca5b-ab7e-497f-9c51-5d61c8b598fc ] Request (ServerDiagnosticsV248Test:tearDownClass): 200 GET http://10.180.1.21/compute/v2.1/servers/6462c122-dc0f-4083-84f8-a472e61285b8 0.068s
2025-03-12 09:14:20.668 68523 INFO tempest.lib.common.rest_client [req-83349642-20a9-4f0b-a1b4-ae496a583d4e req-83349642-20a9-4f0b-a1b4-ae496a583d4e ] Request (ServersAdmin275Test:tearDownClass): 204 DELETE http://10.180.1.21:9696/networking/v2.0/security-groups/766b5870-4fdf-431a-a19e-81f437f242b7 0.083s
2025-03-12 09:14:20.679 68476 INFO tempest.lib.common.rest_client [req-4b1e8097-9861-4774-9ffa-eebe27006cf0 req-4b1e8097-9861-4774-9ffa-eebe27006cf0 ] Request (AttachVolumeShelveTestJSON:test_attach_volume_shelved_or_offload_server): 200 GET http://10.180.1.21/compute/v2.1/servers/58ffa9ba-219e-4756-b125-9b9b00629b1e 0.055s
2025-03-12 09:14:20.713 68518 INFO tempest.lib.common.rest_client [req-7352ff39-f3a9-412c-b9a1-2b6ece4a7b64 req-7352ff39-f3a9-412c-b9a1-2b6ece4a7b64 ] Request (InstanceActionsTestJSON:tearDownClass): 200 GET http://10.180.1.21/compute/v2.1/servers/cc25ab8d-527a-4c21-8993-cb16b7228d70 0.067s
2025-03-12 09:14:20.742 68474 INFO tempest.lib.common.rest_client [req-c6783704-6d5b-403e-a4f9-9e5b7cff3ca8 req-c6783704-6d5b-403e-a4f9-9e5b7cff3ca8 ] Request (ServerAddressesTestJSON:tearDownClass): 200 GET http://10.180.1.21/compute/v2.1/servers/f0d040bc-68b5-4e45-b854-775936dae98c 0.060s
2025-03-12 09:14:20.750 68523 INFO tempest.lib.common.rest_client [req-3c16d376-6cc1-414a-832a-03908dd65122 req-3c16d376-6cc1-414a-832a-03908dd65122 ] Request (ServersAdmin275Test:tearDownClass): 204 DELETE http://10.180.1.21/identity/v3/projects/720af2747ae1461fa6781827f4aa3e99 0.082s
2025-03-12 09:14:20.817 68523 INFO tempest.lib.common.rest_client [req-2c52cacc-141c-4905-b8ae-54fe30e0ad60 req-2c52cacc-141c-4905-b8ae-54fe30e0ad60 ] Request (FloatingIPsAssociationTestJSON:setUpClass): 201 POST http://10.180.1.21/identity/v3/auth/tokens 0.065s
2025-03-12 09:14:20.851 68523 INFO tempest.lib.common.rest_client [req-6987627d-d38b-49e7-a14e-e05b8c458ece req-6987627d-d38b-49e7-a14e-e05b8c458ece ] Request (FloatingIPsAssociationTestJSON:setUpClass): 201 POST http://10.180.1.21/identity/v3/auth/tokens 0.032s
2025-03-12 09:14:20.875 68523 INFO tempest.lib.common.rest_client [req-8f3842e6-0739-4df1-a602-fbfed6dff710 req-8f3842e6-0739-4df1-a602-fbfed6dff710 ] Request (FloatingIPsAssociationTestJSON:setUpClass): 200 GET http://10.180.1.21/identity/v3/domains?name=Default 0.023s
2025-03-12 09:14:20.901 68523 INFO tempest.lib.common.rest_client [req-0b29b006-6f33-4136-b243-abc99e0858e2 req-0b29b006-6f33-4136-b243-abc99e0858e2 ] Request (FloatingIPsAssociationTestJSON:setUpClass): 201 POST http://10.180.1.21/identity/v3/projects 0.025s
2025-03-12 09:14:20.955 68523 INFO tempest.lib.common.rest_client [req-69101e6a-6265-4511-b7f4-385735bfa8fe req-69101e6a-6265-4511-b7f4-385735bfa8fe ] Request (FloatingIPsAssociationTestJSON:setUpClass): 201 POST http://10.180.1.21/identity/v3/users 0.053s
2025-03-12 09:14:20.975 68523 INFO tempest.lib.common.rest_client [req-9f9fb97b-9504-43d4-a30c-c4bdd8104bf3 req-9f9fb97b-9504-43d4-a30c-c4bdd8104bf3 ] Request (FloatingIPsAssociationTestJSON:setUpClass): 200 GET http://10.180.1.21/identity/v3/roles 0.019s
2025-03-12 09:14:20.979 68492 INFO tempest.lib.common.rest_client [req-b5c79475-08b3-4458-b84e-41b82722746a req-b5c79475-08b3-4458-b84e-41b82722746a ] Request (DeleteServersAdminTestJSON:test_delete_server_while_in_error_state): 200 GET http://10.180.1.21/compute/v2.1/servers/f23b2dae-688d-48ed-8912-92548a355f33 0.064s
2025-03-12 09:14:20.998 68523 INFO tempest.lib.common.rest_client [req-6413f830-347e-4d52-ad91-33674fbd5fa3 req-6413f830-347e-4d52-ad91-33674fbd5fa3 ] Request (FloatingIPsAssociationTestJSON:setUpClass): 204 PUT http://10.180.1.21/identity/v3/projects/123c47b06ec5488e94f925ae3384f210/users/ae26922813b2436baf7b5d7ca24dfe1d/roles/62f0c8c530ae4f3dbecf3cbebfb95666 0.023s
2025-03-12 09:14:20.998 68523 INFO tempest.lib.common.dynamic_creds [-] Dynamic test user ae26922813b2436baf7b5d7ca24dfe1d is created with scope project and roles: ['member']
2025-03-12 09:14:20.999 68523 INFO tempest.lib.common.dynamic_creds [-] Acquired dynamic creds: credentials: Credentials: {'domain_id': 'default', 'domain_name': 'Default', 'username': 'tempest-FloatingIPsAssociationTestJSON-1001622592-project-member', 'project_domain_id': 'default', 'project_domain_name': 'Default', 'project_id': '123c47b06ec5488e94f925ae3384f210', 'project_name': 'tempest-FloatingIPsAssociationTestJSON-1001622592', 'tenant_id': '123c47b06ec5488e94f925ae3384f210', 'tenant_name': 'tempest-FloatingIPsAssociationTestJSON-1001622592', 'user_domain_id': 'default', 'user_domain_name': 'Default', 'user_id': 'ae26922813b2436baf7b5d7ca24dfe1d', 'system': None}, Network: None, Subnet: None, Router: None
2025-03-12 09:14:21.022 68488 INFO tempest.lib.common.rest_client [req-59c58965-945f-4475-8fa3-a42bda0dc985 req-59c58965-945f-4475-8fa3-a42bda0dc985 ] Request (SecurityGroupsTestJSON:test_list_security_groups_by_server): 200 GET http://10.180.1.21/compute/v2.1/servers/8ae09ca9-6d7f-41a2-ad2d-f138e2c29433 0.051s
2025-03-12 09:14:21.045 68516 INFO tempest.lib.common.rest_client [req-cad1693a-e2b1-4f48-a08e-d9946001b72a req-cad1693a-e2b1-4f48-a08e-d9946001b72a ] Request (AttachInterfacesTestJSON:test_create_list_show_delete_interfaces_by_fixed_ip): 200 GET http://10.180.1.21/compute/v2.1/servers/941df5cb-677e-421e-b32a-ced3e69257bb 0.049s
2025-03-12 09:14:21.051 68523 INFO tempest.lib.common.rest_client [req-2d804d07-f9cc-49ac-9562-66cdb0103f7e req-2d804d07-f9cc-49ac-9562-66cdb0103f7e ] Request (FloatingIPsAssociationTestJSON:setUpClass): 201 POST http://10.180.1.21/identity/v3/auth/tokens 0.052s
2025-03-12 09:14:21.101 68480 INFO tempest.lib.common.rest_client [req-c4065d47-ced4-4616-a526-8c2a11959de1 req-c4065d47-ced4-4616-a526-8c2a11959de1 ] Request (ServersTestJSON:test_create_server_specify_multibyte_character_name): 200 GET http://10.180.1.21/compute/v2.1/servers/22b1aa51-4faf-46cc-8047-aeed803bbaeb 0.047s
2025-03-12 09:14:21.161 68462 INFO tempest.lib.common.rest_client [req-7ff9d47e-8ea9-48d3-b33b-c9d1fd2cefd6 req-7ff9d47e-8ea9-48d3-b33b-c9d1fd2cefd6 ] Request (MigrationsAdminTest:test_resize_server_revert_deleted_flavor): 200 GET http://10.180.1.21/compute/v2.1/servers/d7104546-8dde-4cca-9151-45ec1afb3f2a 0.054s
2025-03-12 09:14:21.215 68498 INFO tempest.lib.common.rest_client [req-489a9280-6aee-4d82-8c38-6d2a50938b50 req-489a9280-6aee-4d82-8c38-6d2a50938b50 ] Request (ServersTestFqdnHostnames:test_create_server_with_fqdn_name): 200 GET http://10.180.1.21/compute/v2.1/servers/11adde73-5bff-4603-baa6-900887998828 0.052s
2025-03-12 09:14:21.263 68468 INFO tempest.lib.common.rest_client [req-6ee78b0c-fb05-4376-af89-6a118098a60b req-6ee78b0c-fb05-4376-af89-6a118098a60b ] Request (ListImageFiltersTestJSON:setUpClass): 200 GET http://10.180.1.21/compute/v2.1/servers/bec2b37d-ba84-42f7-8506-0b5868e7fa7a 0.051s
2025-03-12 09:14:21.272 68478 INFO tempest.lib.common.rest_client [req-17106c1d-186f-4823-819f-89814848c532 req-17106c1d-186f-4823-819f-89814848c532 ] Request (ServersAdminNegativeTestJSON:tearDownClass): 200 GET http://10.180.1.21/compute/v2.1/servers/06b09205-14aa-4166-81f6-ce6f44dc826e 0.128s
2025-03-12 09:14:21.311 68523 INFO tempest.lib.common.rest_client [req-2f45eba1-ae1c-4339-9f1a-e64785894db2 req-2f45eba1-ae1c-4339-9f1a-e64785894db2 ] Request (FloatingIPsAssociationTestJSON:setUpClass): 201 POST http://10.180.1.21:9696/networking/v2.0/networks 0.260s
2025-03-12 09:14:21.321 68510 INFO tempest.lib.common.rest_client [req-4fbd651c-3caa-428d-bef1-674045df5fe2 req-4fbd651c-3caa-428d-bef1-674045df5fe2 ] Request (ServerDiskConfigTestJSON:test_rebuild_server_with_auto_disk_config): 200 GET http://10.180.1.21/compute/v2.1/servers/665a3f40-d12f-4e99-b3d2-53e137897226 0.108s
2025-03-12 09:14:21.335 68482 INFO tempest.lib.common.rest_client [req-d1dca156-46a4-4c4b-8d6c-64993b77232e req-d1dca156-46a4-4c4b-8d6c-64993b77232e ] Request (MultipleCreateTestJSON:test_multiple_create_with_reservation_return): 200 GET http://10.180.1.21/compute/v2.1/servers/90f0a81c-dfe5-4ba0-8603-890db1cee214 0.068s
2025-03-12 09:14:21.406 68502 INFO tempest.lib.common.rest_client [req-e96af0dc-b2c1-449e-abdc-9e7c4565696f req-e96af0dc-b2c1-449e-abdc-9e7c4565696f ] Request (ServerAddressesNegativeTestJSON:tearDownClass): 200 GET http://10.180.1.21/compute/v2.1/servers/6a07635b-5b0c-4d02-94dc-2c6cd34b95b5 0.063s
2025-03-12 09:14:21.460 68496 INFO tempest.lib.common.rest_client [req-e02039da-b953-47dd-9fa9-1bea1cb9acaf req-e02039da-b953-47dd-9fa9-1bea1cb9acaf ] Request (ServersAdminTestJSON:test_inject_network_info): 200 GET http://10.180.1.21/compute/v2.1/servers/daf16a4a-cdcc-487f-99db-6600425b356a 0.050s
2025-03-12 09:14:21.503 68512 INFO tempest.lib.common.rest_client [req-84254a58-ba75-44dc-9670-f09286156854 req-84254a58-ba75-44dc-9670-f09286156854 ] Request (ImagesTestJSON:test_create_image_from_suspended_server): 200 GET http://10.180.1.21/compute/v2.1/servers/5938f3b0-bec5-4515-8191-de835d6f9a7f 0.048s
2025-03-12 09:14:21.550 68490 INFO tempest.lib.common.rest_client [req-b26fc6a6-4c9d-4aa1-8652-d6a2c68a19bd req-b26fc6a6-4c9d-4aa1-8652-d6a2c68a19bd ] Request (DeleteServersTestJSON:test_delete_active_server): 200 GET http://10.180.1.21/compute/v2.1/servers/39697361-2e54-45c5-b0f5-6995c2bc13d8 0.133s
2025-03-12 09:14:21.552 68470 INFO tempest.lib.common.rest_client [req-830d925e-014e-48cc-9c55-5522ef4ed077 req-830d925e-014e-48cc-9c55-5522ef4ed077 ] Request (ServersV294TestFqdnHostnames:setUpClass): 200 GET http://10.180.1.21/compute/v2.1/servers/9c4949ce-1c1c-45f4-9348-1201c2734c6e 0.082s
2025-03-12 09:14:21.576 68523 INFO tempest.lib.common.rest_client [req-4f7f5f91-b414-478a-9fa7-7cd3b32ef1e5 req-4f7f5f91-b414-478a-9fa7-7cd3b32ef1e5 ] Request (FloatingIPsAssociationTestJSON:setUpClass): 201 POST http://10.180.1.21:9696/networking/v2.0/subnets 0.263s
2025-03-12 09:14:21.604 68505 INFO tempest.lib.common.rest_client [req-dbbfdcf9-a6f4-41a7-b731-04ceefc55f69 req-dbbfdcf9-a6f4-41a7-b731-04ceefc55f69 ] Request (ImagesOneServerNegativeTestJSON:_run_cleanups): 200 GET http://10.180.1.21/compute/v2.1/servers/a518e6a0-7142-4a7b-a710-169c52edd3ee 0.086s
2025-03-12 09:14:21.610 68466 INFO tempest.lib.common.rest_client [req-67cbdfe4-6953-48e1-ad25-45fee3fb1634 req-67cbdfe4-6953-48e1-ad25-45fee3fb1634 ] Request (AttachInterfacesUnderV243Test:test_add_remove_fixed_ip): 200 GET http://10.180.1.21/compute/v2.1/servers/e751acc9-f68b-4f29-8b86-f16c2bbaae87 0.066s
2025-03-12 09:14:21.677 68500 INFO tempest.lib.common.rest_client [req-109e7f76-8912-46b5-b342-2842cc09147d req-109e7f76-8912-46b5-b342-2842cc09147d ] Request (ImagesOneServerTestJSON:tearDownClass): 200 GET http://10.180.1.21/compute/v2.1/servers/33d3c446-1267-4eb7-970b-af1013db456c 0.063s
2025-03-12 09:14:21.737 68484 INFO tempest.lib.common.rest_client [req-2353373d-9b7a-4a1c-b139-8ab5f525792f req-2353373d-9b7a-4a1c-b139-8ab5f525792f ] Request (ServerDiagnosticsV248Test:tearDownClass): 200 GET http://10.180.1.21/compute/v2.1/servers/6462c122-dc0f-4083-84f8-a472e61285b8 0.065s
2025-03-12 09:14:21.747 68476 INFO tempest.lib.common.rest_client [req-7155734b-584b-455a-b3f8-b4de2bbfeb44 req-7155734b-584b-455a-b3f8-b4de2bbfeb44 ] Request (AttachVolumeShelveTestJSON:test_attach_volume_shelved_or_offload_server): 200 GET http://10.180.1.21/compute/v2.1/servers/58ffa9ba-219e-4756-b125-9b9b00629b1e 0.059s
2025-03-12 09:14:21.798 68518 INFO tempest.lib.common.rest_client [req-40f11461-d37b-46c3-b5b7-0437adb17de8 req-40f11461-d37b-46c3-b5b7-0437adb17de8 ] Request (InstanceActionsTestJSON:tearDownClass): 200 GET http://10.180.1.21/compute/v2.1/servers/cc25ab8d-527a-4c21-8993-cb16b7228d70 0.078s
2025-03-12 09:14:21.828 68474 INFO tempest.lib.common.rest_client [req-25269982-8803-4dd9-8dd1-f8360575b37e req-25269982-8803-4dd9-8dd1-f8360575b37e ] Request (ServerAddressesTestJSON:tearDownClass): 200 GET http://10.180.1.21/compute/v2.1/servers/f0d040bc-68b5-4e45-b854-775936dae98c 0.077s
2025-03-12 09:14:22.051 68492 INFO tempest.lib.common.rest_client [req-3a5deb75-3c90-4b6a-8ad2-99a036925594 req-3a5deb75-3c90-4b6a-8ad2-99a036925594 ] Request (DeleteServersAdminTestJSON:test_delete_server_while_in_error_state): 200 GET http://10.180.1.21/compute/v2.1/servers/f23b2dae-688d-48ed-8912-92548a355f33 0.064s
2025-03-12 09:14:22.079 68488 INFO tempest.lib.common.rest_client [req-88ec32f2-857c-4557-be8b-71cea385cec8 req-88ec32f2-857c-4557-be8b-71cea385cec8 ] Request (SecurityGroupsTestJSON:test_list_security_groups_by_server): 200 GET http://10.180.1.21/compute/v2.1/servers/8ae09ca9-6d7f-41a2-ad2d-f138e2c29433 0.049s
2025-03-12 09:14:22.102 68516 INFO tempest.lib.common.rest_client [req-5d6676ce-9ebb-4069-8bad-2d68eadd0f3b req-5d6676ce-9ebb-4069-8bad-2d68eadd0f3b ] Request (AttachInterfacesTestJSON:test_create_list_show_delete_interfaces_by_fixed_ip): 200 GET http://10.180.1.21/compute/v2.1/servers/941df5cb-677e-421e-b32a-ced3e69257bb 0.047s
2025-03-12 09:14:22.153 68480 INFO tempest.lib.common.rest_client [req-334c1da4-a586-4dd5-aa40-c476334dd680 req-334c1da4-a586-4dd5-aa40-c476334dd680 ] Request (ServersTestJSON:test_create_server_specify_multibyte_character_name): 200 GET http://10.180.1.21/compute/v2.1/servers/22b1aa51-4faf-46cc-8047-aeed803bbaeb 0.045s
2025-03-12 09:14:22.219 68462 INFO tempest.lib.common.rest_client [req-c67ccf8a-1086-4dd6-a0ea-6f198e1f1fb0 req-c67ccf8a-1086-4dd6-a0ea-6f198e1f1fb0 ] Request (MigrationsAdminTest:test_resize_server_revert_deleted_flavor): 200 GET http://10.180.1.21/compute/v2.1/servers/d7104546-8dde-4cca-9151-45ec1afb3f2a 0.050s
2025-03-12 09:14:22.253 68523 INFO tempest.lib.common.rest_client [req-b8c6f408-d026-4292-9cae-6c97dd61ee8c req-b8c6f408-d026-4292-9cae-6c97dd61ee8c ] Request (FloatingIPsAssociationTestJSON:setUpClass): 201 POST http://10.180.1.21:9696/networking/v2.0/routers 0.677s
2025-03-12 09:14:22.272 68498 INFO tempest.lib.common.rest_client [req-d1ea59ea-6a68-4e49-882f-2cf6f4ff36f0 req-d1ea59ea-6a68-4e49-882f-2cf6f4ff36f0 ] Request (ServersTestFqdnHostnames:test_create_server_with_fqdn_name): 200 GET http://10.180.1.21/compute/v2.1/servers/11adde73-5bff-4603-baa6-900887998828 0.049s
2025-03-12 09:14:22.338 68468 INFO tempest.lib.common.rest_client [req-a9af5a1e-a571-43fd-9c4e-714697d70585 req-a9af5a1e-a571-43fd-9c4e-714697d70585 ] Request (ListImageFiltersTestJSON:setUpClass): 200 GET http://10.180.1.21/compute/v2.1/servers/bec2b37d-ba84-42f7-8506-0b5868e7fa7a 0.067s
2025-03-12 09:14:22.339 68478 INFO tempest.lib.common.rest_client [req-81f7f7fe-71d4-42db-9da3-560207582f12 req-81f7f7fe-71d4-42db-9da3-560207582f12 ] Request (ServersAdminNegativeTestJSON:tearDownClass): 200 GET http://10.180.1.21/compute/v2.1/servers/06b09205-14aa-4166-81f6-ce6f44dc826e 0.060s
