2025-03-12 09:14:04.466 68466 INFO tempest.lib.common.rest_client [req-ecfa83a5-78cd-43a2-97ae-0e7f9e755276 req-ecfa83a5-78cd-43a2-97ae-0e7f9e755276 ] Request (AttachInterfacesUnderV243Test:test_add_remove_fixed_ip): 200 GET http://10.180.1.21/compute/v2.1/servers/e751acc9-f68b-4f29-8b86-f16c2bbaae87 0.211s
2025-03-12 09:14:04.487 68476 INFO tempest.lib.common.rest_client [req-66354098-40d3-439d-abeb-fa9cd61987bb req-66354098-40d3-439d-abeb-fa9cd61987bb ] Request (InstanceActionsNegativeTestJSON:tearDownClass): 200 GET http://10.180.1.21/compute/v2.1/servers/e1f537bc-5937-446d-b44a-8c0fe5441aee 0.210s
2025-03-12 09:14:04.521 68484 INFO tempest.lib.common.rest_client [req-89fa874b-29f1-4ff5-a953-fbeb0f8ab17d req-89fa874b-29f1-4ff5-a953-fbeb0f8ab17d ] Request (ServerDiagnosticsV248Test:tearDownClass): 200 GET http://10.180.1.21/compute/v2.1/servers/6462c122-dc0f-4083-84f8-a472e61285b8 0.205s
2025-03-12 09:14:04.545 68523 INFO tempest.lib.common.rest_client [req-f9b1d8d1-a5a1-4e1d-9e53-735011d3750e req-f9b1d8d1-a5a1-4e1d-9e53-735011d3750e ] Request (ServersAdmin275Test:tearDownClass): 200 GET http://10.180.1.21/compute/v2.1/servers/45a45c16-3ba7-4fc1-9bd1-f1751772d416 0.173s
2025-03-12 09:14:04.577 68474 INFO tempest.lib.common.rest_client [req-7272789f-b3f3-48f2-b18a-e8d13ea3428c req-7272789f-b3f3-48f2-b18a-e8d13ea3428c ] Request (ServerAddressesTestJSON:tearDownClass): 200 GET http://10.180.1.21/compute/v2.1/servers/f0d040bc-68b5-4e45-b854-775936dae98c 0.162s
2025-03-12 09:14:04.614 68488 INFO tempest.lib.common.rest_client [req-de350de5-bb25-45e0-9e5a-2328f916bc13 req-de350de5-bb25-45e0-9e5a-2328f916bc13 ] Request (SecurityGroupsTestJSON:test_list_security_groups_by_server): 200 GET http://10.180.1.21/compute/v2.1/servers/8ae09ca9-6d7f-41a2-ad2d-f138e2c29433 0.051s
2025-03-12 09:14:04.687 68516 INFO tempest.lib.common.rest_client [req-7ee88489-f090-4854-bb1c-ae01018a5c9c req-7ee88489-f090-4854-bb1c-ae01018a5c9c ] Request (AttachInterfacesTestJSON:test_create_list_show_delete_interfaces_by_fixed_ip): 200 GET http://10.180.1.21/compute/v2.1/servers/941df5cb-677e-421e-b32a-ced3e69257bb 0.053s
2025-03-12 09:14:04.714 68505 INFO tempest.lib.common.rest_client [req-ab4d14a5-7bd8-454b-9fa1-87270518b323 req-ab4d14a5-7bd8-454b-9fa1-87270518b323 ] Request (ImagesOneServerNegativeTestJSON:tearDown): 200 GET http://10.180.1.21/compute/v2.1/servers/a518e6a0-7142-4a7b-a710-169c52edd3ee 0.130s
2025-03-12 09:14:04.867 68480 INFO tempest.lib.common.rest_client [req-eb686d6f-6e2c-4821-86f5-39ffc6d28228 req-eb686d6f-6e2c-4821-86f5-39ffc6d28228 ] Request (ServersTestJSON:test_create_server_specify_multibyte_character_name): 200 GET http://10.180.1.21/compute/v2.1/servers/22b1aa51-4faf-46cc-8047-aeed803bbaeb 0.057s
2025-03-12 09:14:04.868 68462 INFO tempest.lib.common.rest_client [req-e9ff967f-d30e-4cc5-9a5a-295d93243ca0 req-e9ff967f-d30e-4cc5-9a5a-295d93243ca0 ] Request (MigrationsAdminTest:test_resize_server_revert_deleted_flavor): 200 GET http://10.180.1.21/compute/v2.1/servers/d7104546-8dde-4cca-9151-45ec1afb3f2a 0.062s
2025-03-12 09:14:04.920 68512 INFO tempest.lib.common.rest_client [req-0b9eea85-598b-4fb2-961d-a7ead3757e5c req-0b9eea85-598b-4fb2-961d-a7ead3757e5c ] Request (ImagesTestJSON:test_create_image_from_stopped_server): 200 GET http://10.180.1.21/compute/v2.1/images/79080c97-a681-4bc8-8277-c202f762a4cf 0.036s
2025-03-12 09:14:04.947 68490 INFO tempest.lib.common.rest_client [req-325dab4e-fc63-4c54-a7d0-9ee6e90d9609 req-325dab4e-fc63-4c54-a7d0-9ee6e90d9609 ] Request (DeleteServersTestJSON:test_delete_active_server): 200 GET http://10.180.1.21/compute/v2.1/servers/39697361-2e54-45c5-b0f5-6995c2bc13d8 0.051s
2025-03-12 09:14:05.050 68510 INFO tempest.lib.common.rest_client [req-107b5e9a-5fde-4b47-97be-1d670fdfa4e1 req-107b5e9a-5fde-4b47-97be-1d670fdfa4e1 ] Request (ServerDiskConfigTestJSON:test_rebuild_server_with_auto_disk_config): 200 GET http://10.180.1.21/compute/v2.1/servers/665a3f40-d12f-4e99-b3d2-53e137897226 0.052s
2025-03-12 09:14:05.101 68518 INFO tempest.lib.common.rest_client [req-c8a72cfb-c707-472f-941d-2e9feb5375ba req-c8a72cfb-c707-472f-941d-2e9feb5375ba ] Request (InstanceActionsTestJSON:setUpClass): 200 GET http://10.180.1.21/compute/v2.1/servers/cc25ab8d-527a-4c21-8993-cb16b7228d70 0.094s
2025-03-12 09:14:05.115 68518 INFO tempest.common.waiters [-] State transition "BUILD/spawning" ==> "ACTIVE/None" after 50 second wait
2025-03-12 09:14:05.166 68498 INFO tempest.lib.common.rest_client [req-6bf65304-1dd7-43f7-8e7b-13c93f615edf req-6bf65304-1dd7-43f7-8e7b-13c93f615edf ] Request (ServersTestFqdnHostnames:test_create_server_with_fqdn_name): 200 GET http://10.180.1.21/compute/v2.1/servers/11adde73-5bff-4603-baa6-900887998828 0.096s
2025-03-12 09:14:05.189 68478 INFO tempest.lib.common.rest_client [req-c1209c61-6648-48b3-8d6d-633376ae452f req-c1209c61-6648-48b3-8d6d-633376ae452f ] Request (ServersAdminNegativeTestJSON:test_migrate_server_invalid_state): 200 GET http://10.180.1.21/compute/v2.1/servers/06b09205-14aa-4166-81f6-ce6f44dc826e 0.130s
2025-03-12 09:14:05.196 68478 INFO tempest.common.waiters [-] State transition "BUILD/None" ==> "BUILD/networking" after 42 second wait
2025-03-12 09:14:05.197 68518 INFO tempest.lib.common.rest_client [req-9a11e8ea-ed81-43c4-a216-30e3ce979a09 req-9a11e8ea-ed81-43c4-a216-30e3ce979a09 ] Request (InstanceActionsTestJSON:test_get_instance_action): 200 GET http://10.180.1.21/compute/v2.1/servers/cc25ab8d-527a-4c21-8993-cb16b7228d70/os-instance-actions/req-9f0aa4d3-568b-4709-afa7-2197b1ba4a69 0.081s
2025-03-12 09:14:05.267 68518 INFO tempest.lib.common.rest_client [req-38b5005f-f7df-4815-99b9-3f174813a639 req-38b5005f-f7df-4815-99b9-3f174813a639 ] Request (InstanceActionsTestJSON:test_list_instance_actions): 202 POST http://10.180.1.21/compute/v2.1/servers/cc25ab8d-527a-4c21-8993-cb16b7228d70/action 0.066s
2025-03-12 09:14:05.298 68492 INFO tempest.lib.common.rest_client [req-2073fe3e-4855-49a0-9b13-c9f69004edcc req-2073fe3e-4855-49a0-9b13-c9f69004edcc ] Request (DeleteServersAdminTestJSON:test_delete_server_while_in_error_state): 200 GET http://10.180.1.21/compute/v2.1/servers/f23b2dae-688d-48ed-8912-92548a355f33 0.091s
2025-03-12 09:14:05.326 68482 INFO tempest.lib.common.rest_client [req-25d279fa-a4a0-461b-9da5-720bc4a7f0d3 req-25d279fa-a4a0-461b-9da5-720bc4a7f0d3 ] Request (MultipleCreateTestJSON:_run_cleanups): 200 GET http://10.180.1.21/compute/v2.1/servers/eb3aa9a6-bb95-4bac-b679-8c83d4eb389d 0.069s
2025-03-12 09:14:05.373 68468 INFO tempest.lib.common.rest_client [req-86e30965-dcda-46b5-b535-2b1023f1c97d req-86e30965-dcda-46b5-b535-2b1023f1c97d ] Request (ListImageFiltersTestJSON:setUpClass): 200 GET http://10.180.1.21/compute/v2.1/servers/bec2b37d-ba84-42f7-8506-0b5868e7fa7a 0.063s
2025-03-12 09:14:05.380 68518 INFO tempest.lib.common.rest_client [req-73337d1b-a4d3-497c-8e04-c3f35b7f0429 req-73337d1b-a4d3-497c-8e04-c3f35b7f0429 ] Request (InstanceActionsTestJSON:test_list_instance_actions): 200 GET http://10.180.1.21/compute/v2.1/servers/cc25ab8d-527a-4c21-8993-cb16b7228d70 0.113s
2025-03-12 09:14:05.429 68502 INFO tempest.lib.common.rest_client [req-93b4149b-48d2-46f4-beb8-4182e78bfb8f req-93b4149b-48d2-46f4-beb8-4182e78bfb8f ] Request (ServerAddressesNegativeTestJSON:tearDownClass): 200 GET http://10.180.1.21/compute/v2.1/servers/6a07635b-5b0c-4d02-94dc-2c6cd34b95b5 0.115s
2025-03-12 09:14:05.437 68496 INFO tempest.lib.common.rest_client [req-2486d9e9-337d-4dce-85f9-79faa761142c req-2486d9e9-337d-4dce-85f9-79faa761142c ] Request (ServersAdminTestJSON:test_inject_network_info): 200 GET http://10.180.1.21/compute/v2.1/servers/daf16a4a-cdcc-487f-99db-6600425b356a 0.069s
2025-03-12 09:14:05.487 68470 INFO tempest.lib.common.rest_client [req-71397aa9-7764-44b3-92ab-c260e5978dab req-71397aa9-7764-44b3-92ab-c260e5978dab ] Request (ServersV294TestFqdnHostnames:setUpClass): 200 GET http://10.180.1.21/compute/v2.1/servers/9c4949ce-1c1c-45f4-9348-1201c2734c6e 0.107s
2025-03-12 09:14:05.499 68514 INFO tempest.lib.common.rest_client [req-b6466a32-fc6d-41db-8b4b-3fc212925dff req-b6466a32-fc6d-41db-8b4b-3fc212925dff ] Request (ServersTestManualDisk:setUpClass): 200 GET http://10.180.1.21/compute/v2.1/servers/ea2fc662-f98e-461d-956b-d7eff9b191d8 0.072s
2025-03-12 09:14:05.545 68500 INFO tempest.lib.common.rest_client [req-953a4a45-bd8f-4f2a-bb22-59f9dfa23454 req-953a4a45-bd8f-4f2a-bb22-59f9dfa23454 ] Request (ImagesOneServerTestJSON:tearDownClass): 200 GET http://10.180.1.21/compute/v2.1/servers/33d3c446-1267-4eb7-970b-af1013db456c 0.108s
2025-03-12 09:14:05.552 68466 INFO tempest.lib.common.rest_client [req-c62b359a-55ef-42c5-8841-8406cbc63cc7 req-c62b359a-55ef-42c5-8841-8406cbc63cc7 ] Request (AttachInterfacesUnderV243Test:test_add_remove_fixed_ip): 200 GET http://10.180.1.21/compute/v2.1/servers/e751acc9-f68b-4f29-8b86-f16c2bbaae87 0.078s
2025-03-12 09:14:05.608 68476 INFO tempest.lib.common.rest_client [req-00e36b02-d948-4ea1-83d7-a3c896c26d88 req-00e36b02-d948-4ea1-83d7-a3c896c26d88 ] Request (InstanceActionsNegativeTestJSON:tearDownClass): 200 GET http://10.180.1.21/compute/v2.1/servers/e1f537bc-5937-446d-b44a-8c0fe5441aee 0.113s
2025-03-12 09:14:05.610 68484 INFO tempest.lib.common.rest_client [req-adb415e9-94af-4c57-94da-e345472fdff0 req-adb415e9-94af-4c57-94da-e345472fdff0 ] Request (ServerDiagnosticsV248Test:tearDownClass): 200 GET http://10.180.1.21/compute/v2.1/servers/6462c122-dc0f-4083-84f8-a472e61285b8 0.079s
2025-03-12 09:14:05.618 68472 WARNING tempest.lib.common.ssh [-] Failed to establish authenticated ssh connection to cirros@10.180.180.204 ([Errno None] Unable to connect to port 22 on 10.180.180.204). Number attempts: 6. Retry after 7 seconds.: paramiko.ssh_exception.NoValidConnectionsError: [Errno None] Unable to connect to port 22 on 10.180.180.204
2025-03-12 09:14:05.663 68474 INFO tempest.lib.common.rest_client [req-eb6b3d50-54c8-4c30-a504-dac0524aaa92 req-eb6b3d50-54c8-4c30-a504-dac0524aaa92 ] Request (ServerAddressesTestJSON:tearDownClass): 200 GET http://10.180.1.21/compute/v2.1/servers/f0d040bc-68b5-4e45-b854-775936dae98c 0.078s
2025-03-12 09:14:05.668 68523 INFO tempest.lib.common.rest_client [req-60e11172-7ff7-4f32-a4c8-f77ead083b10 req-60e11172-7ff7-4f32-a4c8-f77ead083b10 ] Request (ServersAdmin275Test:tearDownClass): 200 GET http://10.180.1.21/compute/v2.1/servers/45a45c16-3ba7-4fc1-9bd1-f1751772d416 0.112s
2025-03-12 09:14:05.710 68488 INFO tempest.lib.common.rest_client [req-dab898eb-c488-46c5-bcc7-bf835ed3831d req-dab898eb-c488-46c5-bcc7-bf835ed3831d ] Request (SecurityGroupsTestJSON:test_list_security_groups_by_server): 200 GET http://10.180.1.21/compute/v2.1/servers/8ae09ca9-6d7f-41a2-ad2d-f138e2c29433 0.086s
2025-03-12 09:14:05.747 68516 INFO tempest.lib.common.rest_client [req-ca24c918-2ecf-4696-9084-8420e99140c2 req-ca24c918-2ecf-4696-9084-8420e99140c2 ] Request (AttachInterfacesTestJSON:test_create_list_show_delete_interfaces_by_fixed_ip): 200 GET http://10.180.1.21/compute/v2.1/servers/941df5cb-677e-421e-b32a-ced3e69257bb 0.052s
2025-03-12 09:14:05.815 68505 INFO tempest.lib.common.rest_client [req-a7ab1a46-e5b2-4586-a1f4-85606b20f525 req-a7ab1a46-e5b2-4586-a1f4-85606b20f525 ] Request (ImagesOneServerNegativeTestJSON:tearDown): 200 GET http://10.180.1.21/compute/v2.1/servers/a518e6a0-7142-4a7b-a710-169c52edd3ee 0.093s
2025-03-12 09:14:05.934 68480 INFO tempest.lib.common.rest_client [req-5767ad53-2224-4136-a9ed-786a2e2e766a req-5767ad53-2224-4136-a9ed-786a2e2e766a ] Request (ServersTestJSON:test_create_server_specify_multibyte_character_name): 200 GET http://10.180.1.21/compute/v2.1/servers/22b1aa51-4faf-46cc-8047-aeed803bbaeb 0.059s
2025-03-12 09:14:05.935 68462 INFO tempest.lib.common.rest_client [req-4d287c51-4997-451f-bf76-5d2a31ebf136 req-4d287c51-4997-451f-bf76-5d2a31ebf136 ] Request (MigrationsAdminTest:test_resize_server_revert_deleted_flavor): 200 GET http://10.180.1.21/compute/v2.1/servers/d7104546-8dde-4cca-9151-45ec1afb3f2a 0.057s
2025-03-12 09:14:05.969 68512 INFO tempest.lib.common.rest_client [req-7d13ca30-6b88-405b-9587-e6be6c51c19f req-7d13ca30-6b88-405b-9587-e6be6c51c19f ] Request (ImagesTestJSON:test_create_image_from_stopped_server): 200 GET http://10.180.1.21/compute/v2.1/images/79080c97-a681-4bc8-8277-c202f762a4cf 0.045s
2025-03-12 09:14:06.005 68490 INFO tempest.lib.common.rest_client [req-a94307e8-dd9f-4672-ab2f-279f9bec079b req-a94307e8-dd9f-4672-ab2f-279f9bec079b ] Request (DeleteServersTestJSON:test_delete_active_server): 200 GET http://10.180.1.21/compute/v2.1/servers/39697361-2e54-45c5-b0f5-6995c2bc13d8 0.051s
2025-03-12 09:14:06.106 68510 INFO tempest.lib.common.rest_client [req-2e03c43e-04bb-4563-8b70-80fa35768188 req-2e03c43e-04bb-4563-8b70-80fa35768188 ] Request (ServerDiskConfigTestJSON:test_rebuild_server_with_auto_disk_config): 200 GET http://10.180.1.21/compute/v2.1/servers/665a3f40-d12f-4e99-b3d2-53e137897226 0.048s
2025-03-12 09:14:06.235 68498 INFO tempest.lib.common.rest_client [req-ba6a2d8d-fab0-4c11-8842-162426f1dcd1 req-ba6a2d8d-fab0-4c11-8842-162426f1dcd1 ] Request (ServersTestFqdnHostnames:test_create_server_with_fqdn_name): 200 GET http://10.180.1.21/compute/v2.1/servers/11adde73-5bff-4603-baa6-900887998828 0.061s
2025-03-12 09:14:06.338 68478 INFO tempest.lib.common.rest_client [req-6625e4f3-1b33-4235-8b33-2bbe13672448 req-6625e4f3-1b33-4235-8b33-2bbe13672448 ] Request (ServersAdminNegativeTestJSON:test_migrate_server_invalid_state): 200 GET http://10.180.1.21/compute/v2.1/servers/06b09205-14aa-4166-81f6-ce6f44dc826e 0.141s
2025-03-12 09:14:06.345 68478 INFO tempest.common.waiters [-] State transition "BUILD/networking" ==> "BUILD/spawning" after 43 second wait
2025-03-12 09:14:06.407 68482 INFO tempest.lib.common.rest_client [req-e655c0b7-8de1-46cf-8388-652ceab4f85d req-e655c0b7-8de1-46cf-8388-652ceab4f85d ] Request (MultipleCreateTestJSON:_run_cleanups): 200 GET http://10.180.1.21/compute/v2.1/servers/eb3aa9a6-bb95-4bac-b679-8c83d4eb389d 0.074s
2025-03-12 09:14:06.415 68492 INFO tempest.lib.common.rest_client [req-11321b08-be0f-40e9-a6ae-5adf4b52f48d req-11321b08-be0f-40e9-a6ae-5adf4b52f48d ] Request (DeleteServersAdminTestJSON:test_delete_server_while_in_error_state): 200 GET http://10.180.1.21/compute/v2.1/servers/f23b2dae-688d-48ed-8912-92548a355f33 0.106s
2025-03-12 09:14:06.468 68468 INFO tempest.lib.common.rest_client [req-9e16ff47-b1c9-432a-99f5-cb6618779821 req-9e16ff47-b1c9-432a-99f5-cb6618779821 ] Request (ListImageFiltersTestJSON:setUpClass): 200 GET http://10.180.1.21/compute/v2.1/servers/bec2b37d-ba84-42f7-8506-0b5868e7fa7a 0.087s
2025-03-12 09:14:06.516 68518 INFO tempest.lib.common.rest_client [req-eb9785cb-c3b5-4d46-b6bb-ba6a4d32d344 req-eb9785cb-c3b5-4d46-b6bb-ba6a4d32d344 ] Request (InstanceActionsTestJSON:test_list_instance_actions): 200 GET http://10.180.1.21/compute/v2.1/servers/cc25ab8d-527a-4c21-8993-cb16b7228d70 0.127s
2025-03-12 09:14:06.528 68502 INFO tempest.lib.common.rest_client [req-d75b0ddb-19b4-4d63-a85d-2df4c7092747 req-d75b0ddb-19b4-4d63-a85d-2df4c7092747 ] Request (ServerAddressesNegativeTestJSON:tearDownClass): 200 GET http://10.180.1.21/compute/v2.1/servers/6a07635b-5b0c-4d02-94dc-2c6cd34b95b5 0.091s
2025-03-12 09:14:06.566 68496 INFO tempest.lib.common.rest_client [req-240f95ef-e4cf-498a-878d-e3ff62a04ca9 req-240f95ef-e4cf-498a-878d-e3ff62a04ca9 ] Request (ServersAdminTestJSON:test_inject_network_info): 200 GET http://10.180.1.21/compute/v2.1/servers/daf16a4a-cdcc-487f-99db-6600425b356a 0.121s
2025-03-12 09:14:06.595 68470 INFO tempest.lib.common.rest_client [req-d719d670-cf36-421c-85f8-93a161949bf5 req-d719d670-cf36-421c-85f8-93a161949bf5 ] Request (ServersV294TestFqdnHostnames:setUpClass): 200 GET http://10.180.1.21/compute/v2.1/servers/9c4949ce-1c1c-45f4-9348-1201c2734c6e 0.097s
2025-03-12 09:14:06.619 68514 INFO tempest.lib.common.rest_client [req-6eca0682-dd90-44a6-ae31-849a3f0d367c req-6eca0682-dd90-44a6-ae31-849a3f0d367c ] Request (ServersTestManualDisk:setUpClass): 200 GET http://10.180.1.21/compute/v2.1/servers/ea2fc662-f98e-461d-956b-d7eff9b191d8 0.111s
2025-03-12 09:14:06.657 68500 INFO tempest.lib.common.rest_client [req-0cd1fb4a-4c06-4fe0-8d62-70ac712aea84 req-0cd1fb4a-4c06-4fe0-8d62-70ac712aea84 ] Request (ImagesOneServerTestJSON:tearDownClass): 200 GET http://10.180.1.21/compute/v2.1/servers/33d3c446-1267-4eb7-970b-af1013db456c 0.100s
2025-03-12 09:14:06.669 68466 INFO tempest.lib.common.rest_client [req-ad519704-072e-43a1-9122-c8a8ac368a9f req-ad519704-072e-43a1-9122-c8a8ac368a9f ] Request (AttachInterfacesUnderV243Test:test_add_remove_fixed_ip): 200 GET http://10.180.1.21/compute/v2.1/servers/e751acc9-f68b-4f29-8b86-f16c2bbaae87 0.107s
2025-03-12 09:14:06.719 68476 INFO tempest.lib.common.rest_client [req-f453124e-b236-4112-9c6f-99e8d20f720e req-f453124e-b236-4112-9c6f-99e8d20f720e ] Request (InstanceActionsNegativeTestJSON:tearDownClass): 200 GET http://10.180.1.21/compute/v2.1/servers/e1f537bc-5937-446d-b44a-8c0fe5441aee 0.104s
2025-03-12 09:14:06.724 68484 INFO tempest.lib.common.rest_client [req-c724ca42-6b12-47b0-a350-51ca54f8e7e4 req-c724ca42-6b12-47b0-a350-51ca54f8e7e4 ] Request (ServerDiagnosticsV248Test:tearDownClass): 200 GET http://10.180.1.21/compute/v2.1/servers/6462c122-dc0f-4083-84f8-a472e61285b8 0.104s
2025-03-12 09:14:06.770 68474 INFO tempest.lib.common.rest_client [req-e0ca1553-eaa0-4f25-aca3-9f26ca2e6c9f req-e0ca1553-eaa0-4f25-aca3-9f26ca2e6c9f ] Request (ServerAddressesTestJSON:tearDownClass): 200 GET http://10.180.1.21/compute/v2.1/servers/f0d040bc-68b5-4e45-b854-775936dae98c 0.098s
2025-03-12 09:14:06.780 68523 INFO tempest.lib.common.rest_client [req-b4a928c0-2f03-4178-afe8-fe96afae2bc0 req-b4a928c0-2f03-4178-afe8-fe96afae2bc0 ] Request (ServersAdmin275Test:tearDownClass): 200 GET http://10.180.1.21/compute/v2.1/servers/45a45c16-3ba7-4fc1-9bd1-f1751772d416 0.102s
2025-03-12 09:14:06.815 68488 INFO tempest.lib.common.rest_client [req-f877aca2-1ea8-4952-8caf-c6cdbc9fc99a req-f877aca2-1ea8-4952-8caf-c6cdbc9fc99a ] Request (SecurityGroupsTestJSON:test_list_security_groups_by_server): 200 GET http://10.180.1.21/compute/v2.1/servers/8ae09ca9-6d7f-41a2-ad2d-f138e2c29433 0.098s
2025-03-12 09:14:06.825 68516 INFO tempest.lib.common.rest_client [req-56fb661f-e2ac-4619-8c45-f8b618602f26 req-56fb661f-e2ac-4619-8c45-f8b618602f26 ] Request (AttachInterfacesTestJSON:test_create_list_show_delete_interfaces_by_fixed_ip): 200 GET http://10.180.1.21/compute/v2.1/servers/941df5cb-677e-421e-b32a-ced3e69257bb 0.070s
2025-03-12 09:14:07.000 68505 INFO tempest.lib.common.rest_client [req-34219b6c-1bc5-4bf9-897b-f94fbabaf4e3 req-34219b6c-1bc5-4bf9-897b-f94fbabaf4e3 ] Request (ImagesOneServerNegativeTestJSON:tearDown): 200 GET http://10.180.1.21/compute/v2.1/servers/a518e6a0-7142-4a7b-a710-169c52edd3ee 0.176s
2025-03-12 09:14:07.028 68480 INFO tempest.lib.common.rest_client [req-c9fb7778-2f33-46f2-a829-b26e33e48769 req-c9fb7778-2f33-46f2-a829-b26e33e48769 ] Request (ServersTestJSON:test_create_server_specify_multibyte_character_name): 200 GET http://10.180.1.21/compute/v2.1/servers/22b1aa51-4faf-46cc-8047-aeed803bbaeb 0.082s
2025-03-12 09:14:07.054 68462 INFO tempest.lib.common.rest_client [req-05e4db2c-5ef8-4513-9f04-30125c15a3f8 req-05e4db2c-5ef8-4513-9f04-30125c15a3f8 ] Request (MigrationsAdminTest:test_resize_server_revert_deleted_flavor): 200 GET http://10.180.1.21/compute/v2.1/servers/d7104546-8dde-4cca-9151-45ec1afb3f2a 0.108s
2025-03-12 09:14:07.070 68512 INFO tempest.lib.common.rest_client [req-c310e255-ec2e-4005-b0f6-9201537adddb req-c310e255-ec2e-4005-b0f6-9201537adddb ] Request (ImagesTestJSON:test_create_image_from_stopped_server): 200 GET http://10.180.1.21/compute/v2.1/images/79080c97-a681-4bc8-8277-c202f762a4cf 0.096s
2025-03-12 09:14:07.108 68490 INFO tempest.lib.common.rest_client [req-ead2a90f-e78a-40b6-9acb-0455cdf390ae req-ead2a90f-e78a-40b6-9acb-0455cdf390ae ] Request (DeleteServersTestJSON:test_delete_active_server): 200 GET http://10.180.1.21/compute/v2.1/servers/39697361-2e54-45c5-b0f5-6995c2bc13d8 0.094s
2025-03-12 09:14:07.163 68510 INFO tempest.lib.common.rest_client [req-cb114103-87a3-48d9-b48f-22f52278338c req-cb114103-87a3-48d9-b48f-22f52278338c ] Request (ServerDiskConfigTestJSON:test_rebuild_server_with_auto_disk_config): 200 GET http://10.180.1.21/compute/v2.1/servers/665a3f40-d12f-4e99-b3d2-53e137897226 0.049s
2025-03-12 09:14:07.170 68510 INFO tempest.common.waiters [-] State transition "BUILD/scheduling" ==> "BUILD/None" after 18 second wait
2025-03-12 09:14:07.296 68498 INFO tempest.lib.common.rest_client [req-0b48a9d6-8573-4fc4-a313-336b6d452ea0 req-0b48a9d6-8573-4fc4-a313-336b6d452ea0 ] Request (ServersTestFqdnHostnames:test_create_server_with_fqdn_name): 200 GET http://10.180.1.21/compute/v2.1/servers/11adde73-5bff-4603-baa6-900887998828 0.051s
2025-03-12 09:14:07.346 68464 WARNING tempest.lib.common.ssh [-] Failed to establish authenticated ssh connection to cirros@10.180.180.215 ([Errno None] Unable to connect to port 22 on 10.180.180.215). Number attempts: 6. Retry after 7 seconds.: paramiko.ssh_exception.NoValidConnectionsError: [Errno None] Unable to connect to port 22 on 10.180.180.215
2025-03-12 09:14:07.441 68478 INFO tempest.lib.common.rest_client [req-aae9aa41-eb19-4d93-88a5-62c280ceaf72 req-aae9aa41-eb19-4d93-88a5-62c280ceaf72 ] Request (ServersAdminNegativeTestJSON:test_migrate_server_invalid_state): 200 GET http://10.180.1.21/compute/v2.1/servers/06b09205-14aa-4166-81f6-ce6f44dc826e 0.095s
2025-03-12 09:14:07.477 68482 INFO tempest.lib.common.rest_client [req-5d2d60bd-2913-4a4f-8860-dd4f0d640edf req-5d2d60bd-2913-4a4f-8860-dd4f0d640edf ] Request (MultipleCreateTestJSON:_run_cleanups): 200 GET http://10.180.1.21/compute/v2.1/servers/eb3aa9a6-bb95-4bac-b679-8c83d4eb389d 0.062s
2025-03-12 09:14:07.531 68492 INFO tempest.lib.common.rest_client [req-ba046f6f-dc3a-444c-ad13-9ebdb81cde36 req-ba046f6f-dc3a-444c-ad13-9ebdb81cde36 ] Request (DeleteServersAdminTestJSON:test_delete_server_while_in_error_state): 200 GET http://10.180.1.21/compute/v2.1/servers/f23b2dae-688d-48ed-8912-92548a355f33 0.109s
2025-03-12 09:14:07.534 68468 INFO tempest.lib.common.rest_client [req-bc078b84-9b74-4a64-b1dd-84928fb5e53b req-bc078b84-9b74-4a64-b1dd-84928fb5e53b ] Request (ListImageFiltersTestJSON:setUpClass): 200 GET http://10.180.1.21/compute/v2.1/servers/bec2b37d-ba84-42f7-8506-0b5868e7fa7a 0.052s
2025-03-12 09:14:07.597 68502 INFO tempest.lib.common.rest_client [req-cc3636d1-d9dc-447c-92a2-aab2bd0b06fa req-cc3636d1-d9dc-447c-92a2-aab2bd0b06fa ] Request (ServerAddressesNegativeTestJSON:tearDownClass): 200 GET http://10.180.1.21/compute/v2.1/servers/6a07635b-5b0c-4d02-94dc-2c6cd34b95b5 0.061s
2025-03-12 09:14:07.622 68518 INFO tempest.lib.common.rest_client [req-a1d4229b-4a12-49c9-b396-9856a460509f req-a1d4229b-4a12-49c9-b396-9856a460509f ] Request (InstanceActionsTestJSON:test_list_instance_actions): 200 GET http://10.180.1.21/compute/v2.1/servers/cc25ab8d-527a-4c21-8993-cb16b7228d70 0.098s
2025-03-12 09:14:07.645 68496 INFO tempest.lib.common.rest_client [req-a8d3e7a3-d793-4dd9-a7a4-ada1b8e4a506 req-a8d3e7a3-d793-4dd9-a7a4-ada1b8e4a506 ] Request (ServersAdminTestJSON:test_inject_network_info): 200 GET http://10.180.1.21/compute/v2.1/servers/daf16a4a-cdcc-487f-99db-6600425b356a 0.070s
2025-03-12 09:14:07.675 68470 INFO tempest.lib.common.rest_client [req-bb789dab-9008-4855-8c4a-051752631008 req-bb789dab-9008-4855-8c4a-051752631008 ] Request (ServersV294TestFqdnHostnames:setUpClass): 200 GET http://10.180.1.21/compute/v2.1/servers/9c4949ce-1c1c-45f4-9348-1201c2734c6e 0.067s
2025-03-12 09:14:07.707 68514 INFO tempest.lib.common.rest_client [req-488a4b07-6ee7-495b-8d9a-64943688189d req-488a4b07-6ee7-495b-8d9a-64943688189d ] Request (ServersTestManualDisk:setUpClass): 200 GET http://10.180.1.21/compute/v2.1/servers/ea2fc662-f98e-461d-956b-d7eff9b191d8 0.078s
2025-03-12 09:14:07.744 68500 INFO tempest.lib.common.rest_client [req-db572cf4-cd1b-47c6-93f1-0075f3456361 req-db572cf4-cd1b-47c6-93f1-0075f3456361 ] Request (ImagesOneServerTestJSON:tearDownClass): 200 GET http://10.180.1.21/compute/v2.1/servers/33d3c446-1267-4eb7-970b-af1013db456c 0.077s
2025-03-12 09:14:07.768 68466 INFO tempest.lib.common.rest_client [req-d7d10682-a730-4c9d-af08-5a511f5522af req-d7d10682-a730-4c9d-af08-5a511f5522af ] Request (AttachInterfacesUnderV243Test:test_add_remove_fixed_ip): 200 GET http://10.180.1.21/compute/v2.1/servers/e751acc9-f68b-4f29-8b86-f16c2bbaae87 0.091s
2025-03-12 09:14:07.806 68476 INFO tempest.lib.common.rest_client [req-a94ba3c7-54e9-4bb8-b0e8-eca85f329aae req-a94ba3c7-54e9-4bb8-b0e8-eca85f329aae ] Request (InstanceActionsNegativeTestJSON:tearDownClass): 200 GET http://10.180.1.21/compute/v2.1/servers/e1f537bc-5937-446d-b44a-8c0fe5441aee 0.079s
2025-03-12 09:14:07.846 68484 INFO tempest.lib.common.rest_client [req-94b9719b-d17f-4bbc-9820-3c21288e3b09 req-94b9719b-d17f-4bbc-9820-3c21288e3b09 ] Request (ServerDiagnosticsV248Test:tearDownClass): 200 GET http://10.180.1.21/compute/v2.1/servers/6462c122-dc0f-4083-84f8-a472e61285b8 0.112s
2025-03-12 09:14:07.867 68474 INFO tempest.lib.common.rest_client [req-b16052ae-c657-49ef-b6c2-5ce5b1081fd8 req-b16052ae-c657-49ef-b6c2-5ce5b1081fd8 ] Request (ServerAddressesTestJSON:tearDownClass): 200 GET http://10.180.1.21/compute/v2.1/servers/f0d040bc-68b5-4e45-b854-775936dae98c 0.090s
2025-03-12 09:14:07.911 68523 INFO tempest.lib.common.rest_client [req-8b557680-7473-49fe-98e5-e40256aa7dc0 req-8b557680-7473-49fe-98e5-e40256aa7dc0 ] Request (ServersAdmin275Test:tearDownClass): 200 GET http://10.180.1.21/compute/v2.1/servers/45a45c16-3ba7-4fc1-9bd1-f1751772d416 0.120s
2025-03-12 09:14:07.915 68488 INFO tempest.lib.common.rest_client [req-9fa973cd-8f78-4877-9b13-60d0013a766f req-9fa973cd-8f78-4877-9b13-60d0013a766f ] Request (SecurityGroupsTestJSON:test_list_security_groups_by_server): 200 GET http://10.180.1.21/compute/v2.1/servers/8ae09ca9-6d7f-41a2-ad2d-f138e2c29433 0.092s
2025-03-12 09:14:07.963 68516 INFO tempest.lib.common.rest_client [req-4d96aef9-8500-43ca-8cf6-d37acc7c8d17 req-4d96aef9-8500-43ca-8cf6-d37acc7c8d17 ] Request (AttachInterfacesTestJSON:test_create_list_show_delete_interfaces_by_fixed_ip): 200 GET http://10.180.1.21/compute/v2.1/servers/941df5cb-677e-421e-b32a-ced3e69257bb 0.131s
2025-03-12 09:14:08.086 68480 INFO tempest.lib.common.rest_client [req-9b81aac6-6035-4f4a-b939-c700a1fdf3f1 req-9b81aac6-6035-4f4a-b939-c700a1fdf3f1 ] Request (ServersTestJSON:test_create_server_specify_multibyte_character_name): 200 GET http://10.180.1.21/compute/v2.1/servers/22b1aa51-4faf-46cc-8047-aeed803bbaeb 0.051s
2025-03-12 09:14:08.121 68505 INFO tempest.lib.common.rest_client [req-ed7e73bf-c439-4b73-b82b-5ea809493c9d req-ed7e73bf-c439-4b73-b82b-5ea809493c9d ] Request (ImagesOneServerNegativeTestJSON:tearDown): 200 GET http://10.180.1.21/compute/v2.1/servers/a518e6a0-7142-4a7b-a710-169c52edd3ee 0.112s
2025-03-12 09:14:08.129 68505 INFO tempest.common.waiters [-] State transition "ACTIVE/image_uploading" ==> "ACTIVE/None" after 9 second wait
2025-03-12 09:14:08.138 68462 INFO tempest.lib.common.rest_client [req-c1a2f41f-e99b-4442-907c-d1d00b981781 req-c1a2f41f-e99b-4442-907c-d1d00b981781 ] Request (MigrationsAdminTest:test_resize_server_revert_deleted_flavor): 200 GET http://10.180.1.21/compute/v2.1/servers/d7104546-8dde-4cca-9151-45ec1afb3f2a 0.072s
2025-03-12 09:14:08.149 68512 INFO tempest.lib.common.rest_client [req-81402d5d-0815-4f04-bc73-bff1198577dc req-81402d5d-0815-4f04-bc73-bff1198577dc ] Request (ImagesTestJSON:test_create_image_from_stopped_server): 200 GET http://10.180.1.21/compute/v2.1/images/79080c97-a681-4bc8-8277-c202f762a4cf 0.073s
2025-03-12 09:14:08.184 68490 INFO tempest.lib.common.rest_client [req-4463098a-0be1-4ba7-86d5-90214aa2b390 req-4463098a-0be1-4ba7-86d5-90214aa2b390 ] Request (DeleteServersTestJSON:test_delete_active_server): 200 GET http://10.180.1.21/compute/v2.1/servers/39697361-2e54-45c5-b0f5-6995c2bc13d8 0.068s
2025-03-12 09:14:08.215 68505 INFO tempest.lib.common.rest_client [req-cc7b6e43-a265-455b-b64b-a9f0567e19bf req-cc7b6e43-a265-455b-b64b-a9f0567e19bf ] Request (ImagesOneServerNegativeTestJSON:_run_cleanups): 204 DELETE http://10.180.1.21/compute/v2.1/servers/a518e6a0-7142-4a7b-a710-169c52edd3ee 0.086s
2025-03-12 09:14:08.231 68510 INFO tempest.lib.common.rest_client [req-0cfd8f53-050b-44ca-915f-e2870c82a66a req-0cfd8f53-050b-44ca-915f-e2870c82a66a ] Request (ServerDiskConfigTestJSON:test_rebuild_server_with_auto_disk_config): 200 GET http://10.180.1.21/compute/v2.1/servers/665a3f40-d12f-4e99-b3d2-53e137897226 0.060s
2025-03-12 09:14:08.305 68505 INFO tempest.lib.common.rest_client [req-c61ca5ee-0447-4bef-b79f-42638f033a68 req-c61ca5ee-0447-4bef-b79f-42638f033a68 ] Request (ImagesOneServerNegativeTestJSON:_run_cleanups): 200 GET http://10.180.1.21/compute/v2.1/servers/a518e6a0-7142-4a7b-a710-169c52edd3ee 0.089s
2025-03-12 09:14:08.372 68498 INFO tempest.lib.common.rest_client [req-d85f99ef-b9ca-4e0e-b9ed-33a9bd462555 req-d85f99ef-b9ca-4e0e-b9ed-33a9bd462555 ] Request (ServersTestFqdnHostnames:test_create_server_with_fqdn_name): 200 GET http://10.180.1.21/compute/v2.1/servers/11adde73-5bff-4603-baa6-900887998828 0.068s
2025-03-12 09:14:08.587 68482 INFO tempest.lib.common.rest_client [req-38b9bac7-fba5-46e0-becb-5240dfb9b3a3 req-38b9bac7-fba5-46e0-becb-5240dfb9b3a3 ] Request (MultipleCreateTestJSON:_run_cleanups): 200 GET http://10.180.1.21/compute/v2.1/servers/eb3aa9a6-bb95-4bac-b679-8c83d4eb389d 0.102s
2025-03-12 09:14:08.596 68478 INFO tempest.lib.common.rest_client [req-be24e328-3974-443c-93a9-a66d25b52057 req-be24e328-3974-443c-93a9-a66d25b52057 ] Request (ServersAdminNegativeTestJSON:test_migrate_server_invalid_state): 200 GET http://10.180.1.21/compute/v2.1/servers/06b09205-14aa-4166-81f6-ce6f44dc826e 0.147s
2025-03-12 09:14:08.662 68468 INFO tempest.lib.common.rest_client [req-daa4981c-950e-4c04-8ba8-3649418863dc req-daa4981c-950e-4c04-8ba8-3649418863dc ] Request (ListImageFiltersTestJSON:setUpClass): 200 GET http://10.180.1.21/compute/v2.1/servers/bec2b37d-ba84-42f7-8506-0b5868e7fa7a 0.118s
2025-03-12 09:14:08.729 68502 INFO tempest.lib.common.rest_client [req-4a06b18d-d537-4943-8547-448e39cb4cf3 req-4a06b18d-d537-4943-8547-448e39cb4cf3 ] Request (ServerAddressesNegativeTestJSON:tearDownClass): 200 GET http://10.180.1.21/compute/v2.1/servers/6a07635b-5b0c-4d02-94dc-2c6cd34b95b5 0.123s
2025-03-12 09:14:08.786 68492 INFO tempest.lib.common.rest_client [req-ba25499c-1029-487d-a74f-f9cc80489768 req-ba25499c-1029-487d-a74f-f9cc80489768 ] Request (DeleteServersAdminTestJSON:test_delete_server_while_in_error_state): 200 GET http://10.180.1.21/compute/v2.1/servers/f23b2dae-688d-48ed-8912-92548a355f33 0.244s
2025-03-12 09:14:08.836 68518 INFO tempest.lib.common.rest_client [req-ae0351d1-8d4d-43ec-865c-236a938dcd31 req-ae0351d1-8d4d-43ec-865c-236a938dcd31 ] Request (InstanceActionsTestJSON:test_list_instance_actions): 200 GET http://10.180.1.21/compute/v2.1/servers/cc25ab8d-527a-4c21-8993-cb16b7228d70 0.206s
2025-03-12 09:14:08.847 68518 INFO tempest.common.waiters [-] State transition "HARD_REBOOT/rebooting_hard" ==> "HARD_REBOOT/reboot_started_hard" after 3 second wait
2025-03-12 09:14:08.866 68496 INFO tempest.lib.common.rest_client [req-77d66894-84b1-4c11-a8ee-95c5e96e4ab1 req-77d66894-84b1-4c11-a8ee-95c5e96e4ab1 ] Request (ServersAdminTestJSON:test_inject_network_info): 200 GET http://10.180.1.21/compute/v2.1/servers/daf16a4a-cdcc-487f-99db-6600425b356a 0.213s
2025-03-12 09:14:08.900 68470 INFO tempest.lib.common.rest_client [req-305dc1bc-6dc2-4d97-95de-6cc751b77b86 req-305dc1bc-6dc2-4d97-95de-6cc751b77b86 ] Request (ServersV294TestFqdnHostnames:setUpClass): 200 GET http://10.180.1.21/compute/v2.1/servers/9c4949ce-1c1c-45f4-9348-1201c2734c6e 0.208s
2025-03-12 09:14:08.969 68500 INFO tempest.lib.common.rest_client [req-28e013be-fa49-4ddc-b914-f292ef575656 req-28e013be-fa49-4ddc-b914-f292ef575656 ] Request (ImagesOneServerTestJSON:tearDownClass): 200 GET http://10.180.1.21/compute/v2.1/servers/33d3c446-1267-4eb7-970b-af1013db456c 0.210s
2025-03-12 09:14:09.002 68514 INFO tempest.lib.common.rest_client [req-3ab701d4-3e35-49c1-a6fb-d260a9f85af5 req-3ab701d4-3e35-49c1-a6fb-d260a9f85af5 ] Request (ServersTestManualDisk:setUpClass): 200 GET http://10.180.1.21/compute/v2.1/servers/ea2fc662-f98e-461d-956b-d7eff9b191d8 0.285s
2025-03-12 09:14:09.010 68514 INFO tempest.common.waiters [-] State transition "BUILD/None" ==> "BUILD/block_device_mapping" after 43 second wait
2025-03-12 09:14:09.016 68466 INFO tempest.lib.common.rest_client [req-d20911a4-352e-4df3-b49c-1a807143d890 req-d20911a4-352e-4df3-b49c-1a807143d890 ] Request (AttachInterfacesUnderV243Test:test_add_remove_fixed_ip): 200 GET http://10.180.1.21/compute/v2.1/servers/e751acc9-f68b-4f29-8b86-f16c2bbaae87 0.238s
2025-03-12 09:14:09.076 68484 INFO tempest.lib.common.rest_client [req-b504a88b-18fc-4a8f-8581-31aff449156d req-b504a88b-18fc-4a8f-8581-31aff449156d ] Request (ServerDiagnosticsV248Test:tearDownClass): 200 GET http://10.180.1.21/compute/v2.1/servers/6462c122-dc0f-4083-84f8-a472e61285b8 0.220s
2025-03-12 09:14:09.079 68476 INFO tempest.lib.common.rest_client [req-77a3a3ae-a510-4e9f-afc6-652cb505e405 req-77a3a3ae-a510-4e9f-afc6-652cb505e405 ] Request (InstanceActionsNegativeTestJSON:tearDownClass): 200 GET http://10.180.1.21/compute/v2.1/servers/e1f537bc-5937-446d-b44a-8c0fe5441aee 0.265s
2025-03-12 09:14:09.138 68474 INFO tempest.lib.common.rest_client [req-ad7b793e-87f6-4118-bba4-6d0f866ad5f7 req-ad7b793e-87f6-4118-bba4-6d0f866ad5f7 ] Request (ServerAddressesTestJSON:tearDownClass): 200 GET http://10.180.1.21/compute/v2.1/servers/f0d040bc-68b5-4e45-b854-775936dae98c 0.262s
2025-03-12 09:14:09.139 68486 WARNING tempest.lib.common.ssh [-] Failed to establish authenticated ssh connection to cirros@10.180.180.172 ([Errno None] Unable to connect to port 22 on 10.180.180.172). Number attempts: 4. Retry after 5 seconds.: paramiko.ssh_exception.NoValidConnectionsError: [Errno None] Unable to connect to port 22 on 10.180.180.172
2025-03-12 09:14:09.165 68523 INFO tempest.lib.common.rest_client [req-d5fe1629-c441-4210-87fa-87b50282b174 req-d5fe1629-c441-4210-87fa-87b50282b174 ] Request (ServersAdmin275Test:tearDownClass): 200 GET http://10.180.1.21/compute/v2.1/servers/45a45c16-3ba7-4fc1-9bd1-f1751772d416 0.243s
2025-03-12 09:14:09.189 68488 INFO tempest.lib.common.rest_client [req-dd4bcf1f-54f2-4609-aceb-f9406a9049d3 req-dd4bcf1f-54f2-4609-aceb-f9406a9049d3 ] Request (SecurityGroupsTestJSON:test_list_security_groups_by_server): 200 GET http://10.180.1.21/compute/v2.1/servers/8ae09ca9-6d7f-41a2-ad2d-f138e2c29433 0.266s
2025-03-12 09:14:09.226 68516 INFO tempest.lib.common.rest_client [req-870c731a-810a-4264-9992-123e8706276a req-870c731a-810a-4264-9992-123e8706276a ] Request (AttachInterfacesTestJSON:test_create_list_show_delete_interfaces_by_fixed_ip): 200 GET http://10.180.1.21/compute/v2.1/servers/941df5cb-677e-421e-b32a-ced3e69257bb 0.250s
2025-03-12 09:14:09.237 68480 INFO tempest.lib.common.rest_client [req-2037867a-1c4c-45ae-b85b-2379b809d498 req-2037867a-1c4c-45ae-b85b-2379b809d498 ] Request (ServersTestJSON:test_create_server_specify_multibyte_character_name): 200 GET http://10.180.1.21/compute/v2.1/servers/22b1aa51-4faf-46cc-8047-aeed803bbaeb 0.142s
2025-03-12 09:14:09.277 68512 INFO tempest.lib.common.rest_client [req-20b3f85f-88cc-4fcc-89c7-851e8d572249 req-20b3f85f-88cc-4fcc-89c7-851e8d572249 ] Request (ImagesTestJSON:test_create_image_from_stopped_server): 200 GET http://10.180.1.21/compute/v2.1/images/79080c97-a681-4bc8-8277-c202f762a4cf 0.123s
2025-03-12 09:14:09.290 68462 INFO tempest.lib.common.rest_client [req-c90f251a-936f-41f5-a429-2d2177e8ee30 req-c90f251a-936f-41f5-a429-2d2177e8ee30 ] Request (MigrationsAdminTest:test_resize_server_revert_deleted_flavor): 200 GET http://10.180.1.21/compute/v2.1/servers/d7104546-8dde-4cca-9151-45ec1afb3f2a 0.143s
2025-03-12 09:14:09.325 68490 INFO tempest.lib.common.rest_client [req-0fc2d94d-00a4-48b2-884f-5535c082a24b req-0fc2d94d-00a4-48b2-884f-5535c082a24b ] Request (DeleteServersTestJSON:test_delete_active_server): 200 GET http://10.180.1.21/compute/v2.1/servers/39697361-2e54-45c5-b0f5-6995c2bc13d8 0.132s
2025-03-12 09:14:09.344 68510 INFO tempest.lib.common.rest_client [req-cc9d536c-72df-453c-9819-175e5093a601 req-cc9d536c-72df-453c-9819-175e5093a601 ] Request (ServerDiskConfigTestJSON:test_rebuild_server_with_auto_disk_config): 200 GET http://10.180.1.21/compute/v2.1/servers/665a3f40-d12f-4e99-b3d2-53e137897226 0.103s
2025-03-12 09:14:09.436 68498 INFO tempest.lib.common.rest_client [req-22c2cfb3-834b-4a92-9c54-7a2b09a1ae57 req-22c2cfb3-834b-4a92-9c54-7a2b09a1ae57 ] Request (ServersTestFqdnHostnames:test_create_server_with_fqdn_name): 200 GET http://10.180.1.21/compute/v2.1/servers/11adde73-5bff-4603-baa6-900887998828 0.055s
2025-03-12 09:14:09.441 68505 INFO tempest.lib.common.rest_client [req-300bf460-5d8e-4efc-9e70-c6ccd46b5c1a req-300bf460-5d8e-4efc-9e70-c6ccd46b5c1a ] Request (ImagesOneServerNegativeTestJSON:_run_cleanups): 200 GET http://10.180.1.21/compute/v2.1/servers/a518e6a0-7142-4a7b-a710-169c52edd3ee 0.128s
2025-03-12 09:14:09.652 68482 INFO tempest.lib.common.rest_client [req-3da931da-91e9-45b3-b311-5d193be90c56 req-3da931da-91e9-45b3-b311-5d193be90c56 ] Request (MultipleCreateTestJSON:_run_cleanups): 200 GET http://10.180.1.21/compute/v2.1/servers/eb3aa9a6-bb95-4bac-b679-8c83d4eb389d 0.056s
2025-03-12 09:14:09.720 68478 INFO tempest.lib.common.rest_client [req-9ad3fb43-a844-409e-90f7-8083d931593b req-9ad3fb43-a844-409e-90f7-8083d931593b ] Request (ServersAdminNegativeTestJSON:test_migrate_server_invalid_state): 200 GET http://10.180.1.21/compute/v2.1/servers/06b09205-14aa-4166-81f6-ce6f44dc826e 0.116s
2025-03-12 09:14:09.723 68468 INFO tempest.lib.common.rest_client [req-d2fa1c61-60db-4a29-99b5-63ad9554ddd9 req-d2fa1c61-60db-4a29-99b5-63ad9554ddd9 ] Request (ListImageFiltersTestJSON:setUpClass): 200 GET http://10.180.1.21/compute/v2.1/servers/bec2b37d-ba84-42f7-8506-0b5868e7fa7a 0.049s
2025-03-12 09:14:09.792 68502 INFO tempest.lib.common.rest_client [req-a1d410a8-7321-459d-a828-a546cca7b6bb req-a1d410a8-7321-459d-a828-a546cca7b6bb ] Request (ServerAddressesNegativeTestJSON:tearDownClass): 200 GET http://10.180.1.21/compute/v2.1/servers/6a07635b-5b0c-4d02-94dc-2c6cd34b95b5 0.054s
2025-03-12 09:14:09.903 68492 INFO tempest.lib.common.rest_client [req-e6fba7b3-4cbe-4224-a6a2-f86938090a20 req-e6fba7b3-4cbe-4224-a6a2-f86938090a20 ] Request (DeleteServersAdminTestJSON:test_delete_server_while_in_error_state): 200 GET http://10.180.1.21/compute/v2.1/servers/f23b2dae-688d-48ed-8912-92548a355f33 0.105s
2025-03-12 09:14:09.952 68496 INFO tempest.lib.common.rest_client [req-79305bfc-b9c3-457d-aeee-13ff91702a9d req-79305bfc-b9c3-457d-aeee-13ff91702a9d ] Request (ServersAdminTestJSON:test_inject_network_info): 200 GET http://10.180.1.21/compute/v2.1/servers/daf16a4a-cdcc-487f-99db-6600425b356a 0.073s
2025-03-12 09:14:09.963 68518 INFO tempest.lib.common.rest_client [req-ffb60651-5b14-4588-9eaf-73b223f2c97c req-ffb60651-5b14-4588-9eaf-73b223f2c97c ] Request (InstanceActionsTestJSON:test_list_instance_actions): 200 GET http://10.180.1.21/compute/v2.1/servers/cc25ab8d-527a-4c21-8993-cb16b7228d70 0.115s
2025-03-12 09:14:09.970 68518 INFO tempest.common.waiters [-] State transition "HARD_REBOOT/reboot_started_hard" ==> "ACTIVE/None" after 4 second wait
2025-03-12 09:14:10.005 68518 INFO tempest.lib.common.rest_client [req-a3266e8f-d4bf-48a9-9e3d-b6b55fbdb4dd req-a3266e8f-d4bf-48a9-9e3d-b6b55fbdb4dd ] Request (InstanceActionsTestJSON:test_list_instance_actions): 200 GET http://10.180.1.21/compute/v2.1/servers/cc25ab8d-527a-4c21-8993-cb16b7228d70/os-instance-actions 0.034s
2025-03-12 09:14:10.010 68470 INFO tempest.lib.common.rest_client [req-2fd73b98-780d-4dcf-9b75-4d784ed966b1 req-2fd73b98-780d-4dcf-9b75-4d784ed966b1 ] Request (ServersV294TestFqdnHostnames:setUpClass): 200 GET http://10.180.1.21/compute/v2.1/servers/9c4949ce-1c1c-45f4-9348-1201c2734c6e 0.097s
2025-03-12 09:14:10.062 68500 INFO tempest.lib.common.rest_client [req-eddf3a22-013f-41e8-953e-20b4bc682a31 req-eddf3a22-013f-41e8-953e-20b4bc682a31 ] Request (ImagesOneServerTestJSON:tearDownClass): 200 GET http://10.180.1.21/compute/v2.1/servers/33d3c446-1267-4eb7-970b-af1013db456c 0.083s
2025-03-12 09:14:10.086 68518 INFO tempest.lib.common.rest_client [req-2d5fd9f5-c3e2-4951-a8a3-ef870cd9fc71 req-2d5fd9f5-c3e2-4951-a8a3-ef870cd9fc71 ] Request (InstanceActionsTestJSON:tearDownClass): 204 DELETE http://10.180.1.21/compute/v2.1/servers/cc25ab8d-527a-4c21-8993-cb16b7228d70 0.077s
2025-03-12 09:14:10.132 68466 INFO tempest.lib.common.rest_client [req-ca0250d3-6681-4833-bbc4-82395adb46ce req-ca0250d3-6681-4833-bbc4-82395adb46ce ] Request (AttachInterfacesUnderV243Test:test_add_remove_fixed_ip): 200 GET http://10.180.1.21/compute/v2.1/servers/e751acc9-f68b-4f29-8b86-f16c2bbaae87 0.106s
2025-03-12 09:14:10.178 68514 INFO tempest.lib.common.rest_client [req-2603c24d-40ba-4963-bfc1-cc04e2e2ea72 req-2603c24d-40ba-4963-bfc1-cc04e2e2ea72 ] Request (ServersTestManualDisk:setUpClass): 200 GET http://10.180.1.21/compute/v2.1/servers/ea2fc662-f98e-461d-956b-d7eff9b191d8 0.166s
2025-03-12 09:14:10.185 68514 INFO tempest.common.waiters [-] State transition "BUILD/block_device_mapping" ==> "BUILD/spawning" after 44 second wait
2025-03-12 09:14:10.234 68518 INFO tempest.lib.common.rest_client [req-593ebad9-b5a2-4ea3-8858-6e3b18adbeba req-593ebad9-b5a2-4ea3-8858-6e3b18adbeba ] Request (InstanceActionsTestJSON:tearDownClass): 200 GET http://10.180.1.21/compute/v2.1/servers/cc25ab8d-527a-4c21-8993-cb16b7228d70 0.147s
2025-03-12 09:14:10.234 68484 INFO tempest.lib.common.rest_client [req-76966c00-dda2-4696-90de-87d5bfe3ed2f req-76966c00-dda2-4696-90de-87d5bfe3ed2f ] Request (ServerDiagnosticsV248Test:tearDownClass): 200 GET http://10.180.1.21/compute/v2.1/servers/6462c122-dc0f-4083-84f8-a472e61285b8 0.147s
2025-03-12 09:14:10.253 68476 INFO tempest.lib.common.rest_client [req-98613a5e-3eed-431b-9fb2-ea8eafa7c68d req-98613a5e-3eed-431b-9fb2-ea8eafa7c68d ] Request (InstanceActionsNegativeTestJSON:tearDownClass): 404 GET http://10.180.1.21/compute/v2.1/servers/e1f537bc-5937-446d-b44a-8c0fe5441aee 0.163s
2025-03-12 09:14:10.297 68474 INFO tempest.lib.common.rest_client [req-1f4ae527-3553-4bc5-a0b7-5b2327e36924 req-1f4ae527-3553-4bc5-a0b7-5b2327e36924 ] Request (ServerAddressesTestJSON:tearDownClass): 200 GET http://10.180.1.21/compute/v2.1/servers/f0d040bc-68b5-4e45-b854-775936dae98c 0.150s
2025-03-12 09:14:10.313 68523 INFO tempest.lib.common.rest_client [req-87b84672-a10f-4aec-8cc5-fc5cd3724f59 req-87b84672-a10f-4aec-8cc5-fc5cd3724f59 ] Request (ServersAdmin275Test:tearDownClass): 200 GET http://10.180.1.21/compute/v2.1/servers/45a45c16-3ba7-4fc1-9bd1-f1751772d416 0.135s
2025-03-12 09:14:10.356 68488 INFO tempest.lib.common.rest_client [req-9c5adb62-6145-4d6c-b156-008b417993b9 req-9c5adb62-6145-4d6c-b156-008b417993b9 ] Request (SecurityGroupsTestJSON:test_list_security_groups_by_server): 200 GET http://10.180.1.21/compute/v2.1/servers/8ae09ca9-6d7f-41a2-ad2d-f138e2c29433 0.157s
2025-03-12 09:14:10.371 68516 INFO tempest.lib.common.rest_client [req-e29944e6-9238-4ea2-95b3-73f3266c31b4 req-e29944e6-9238-4ea2-95b3-73f3266c31b4 ] Request (AttachInterfacesTestJSON:test_create_list_show_delete_interfaces_by_fixed_ip): 200 GET http://10.180.1.21/compute/v2.1/servers/941df5cb-677e-421e-b32a-ced3e69257bb 0.132s
2025-03-12 09:14:10.406 68512 INFO tempest.lib.common.rest_client [req-3460c404-345f-4d25-9311-d8e56ffc4ed3 req-3460c404-345f-4d25-9311-d8e56ffc4ed3 ] Request (ImagesTestJSON:test_create_image_from_stopped_server): 200 GET http://10.180.1.21/compute/v2.1/images/79080c97-a681-4bc8-8277-c202f762a4cf 0.125s
2025-03-12 09:14:10.411 68480 INFO tempest.lib.common.rest_client [req-da67d909-a7ed-4a65-9c66-7c06c4e58c9f req-da67d909-a7ed-4a65-9c66-7c06c4e58c9f ] Request (ServersTestJSON:test_create_server_specify_multibyte_character_name): 200 GET http://10.180.1.21/compute/v2.1/servers/22b1aa51-4faf-46cc-8047-aeed803bbaeb 0.162s
2025-03-12 09:14:10.459 68462 INFO tempest.lib.common.rest_client [req-daeb7c39-b74c-494c-9399-a93199f8b0de req-daeb7c39-b74c-494c-9399-a93199f8b0de ] Request (MigrationsAdminTest:test_resize_server_revert_deleted_flavor): 200 GET http://10.180.1.21/compute/v2.1/servers/d7104546-8dde-4cca-9151-45ec1afb3f2a 0.160s
2025-03-12 09:14:10.473 68490 INFO tempest.lib.common.rest_client [req-f149bd33-2c8c-4873-a73a-9c01bddadfc8 req-f149bd33-2c8c-4873-a73a-9c01bddadfc8 ] Request (DeleteServersTestJSON:test_delete_active_server): 200 GET http://10.180.1.21/compute/v2.1/servers/39697361-2e54-45c5-b0f5-6995c2bc13d8 0.140s
2025-03-12 09:14:10.519 68510 INFO tempest.lib.common.rest_client [req-693bf68c-a3b1-4568-be25-828d58dbe63f req-693bf68c-a3b1-4568-be25-828d58dbe63f ] Request (ServerDiskConfigTestJSON:test_rebuild_server_with_auto_disk_config): 200 GET http://10.180.1.21/compute/v2.1/servers/665a3f40-d12f-4e99-b3d2-53e137897226 0.168s
2025-03-12 09:14:10.560 68498 INFO tempest.lib.common.rest_client [req-2f786761-0c78-4b0d-a246-e1bc294125ea req-2f786761-0c78-4b0d-a246-e1bc294125ea ] Request (ServersTestFqdnHostnames:test_create_server_with_fqdn_name): 200 GET http://10.180.1.21/compute/v2.1/servers/11adde73-5bff-4603-baa6-900887998828 0.116s
2025-03-12 09:14:10.639 68505 INFO tempest.lib.common.rest_client [req-deb6a7aa-d547-4414-bf2a-80049459a0d9 req-deb6a7aa-d547-4414-bf2a-80049459a0d9 ] Request (ImagesOneServerNegativeTestJSON:_run_cleanups): 200 GET http://10.180.1.21/compute/v2.1/servers/a518e6a0-7142-4a7b-a710-169c52edd3ee 0.190s
2025-03-12 09:14:10.735 68482 INFO tempest.lib.common.rest_client [req-ae2ff5e3-e40f-4808-86ef-d9773a7ca72f req-ae2ff5e3-e40f-4808-86ef-d9773a7ca72f ] Request (MultipleCreateTestJSON:_run_cleanups): 200 GET http://10.180.1.21/compute/v2.1/servers/eb3aa9a6-bb95-4bac-b679-8c83d4eb389d 0.074s
2025-03-12 09:14:10.809 68468 INFO tempest.lib.common.rest_client [req-964903a2-853d-468f-a09e-55712834df9d req-964903a2-853d-468f-a09e-55712834df9d ] Request (ListImageFiltersTestJSON:setUpClass): 200 GET http://10.180.1.21/compute/v2.1/servers/bec2b37d-ba84-42f7-8506-0b5868e7fa7a 0.078s
2025-03-12 09:14:10.853 68478 INFO tempest.lib.common.rest_client [req-324d936b-40e9-4a2e-b785-8530d99133ab req-324d936b-40e9-4a2e-b785-8530d99133ab ] Request (ServersAdminNegativeTestJSON:test_migrate_server_invalid_state): 200 GET http://10.180.1.21/compute/v2.1/servers/06b09205-14aa-4166-81f6-ce6f44dc826e 0.125s
2025-03-12 09:14:10.896 68502 INFO tempest.lib.common.rest_client [req-34aab4e3-871d-44e0-ab7f-9a8b011b92fa req-34aab4e3-871d-44e0-ab7f-9a8b011b92fa ] Request (ServerAddressesNegativeTestJSON:tearDownClass): 200 GET http://10.180.1.21/compute/v2.1/servers/6a07635b-5b0c-4d02-94dc-2c6cd34b95b5 0.088s
2025-03-12 09:14:11.011 68492 INFO tempest.lib.common.rest_client [req-7f3ebe3c-e0d7-495d-aec7-78234e5295ea req-7f3ebe3c-e0d7-495d-aec7-78234e5295ea ] Request (DeleteServersAdminTestJSON:test_delete_server_while_in_error_state): 200 GET http://10.180.1.21/compute/v2.1/servers/f23b2dae-688d-48ed-8912-92548a355f33 0.100s
2025-03-12 09:14:11.016 68496 INFO tempest.lib.common.rest_client [req-af8d6712-c0f3-4949-b6fa-8d3f64bcbd52 req-af8d6712-c0f3-4949-b6fa-8d3f64bcbd52 ] Request (ServersAdminTestJSON:test_inject_network_info): 200 GET http://10.180.1.21/compute/v2.1/servers/daf16a4a-cdcc-487f-99db-6600425b356a 0.055s
2025-03-12 09:14:11.091 68470 INFO tempest.lib.common.rest_client [req-b02a2501-3307-4c6d-8709-890ea422df3a req-b02a2501-3307-4c6d-8709-890ea422df3a ] Request (ServersV294TestFqdnHostnames:setUpClass): 200 GET http://10.180.1.21/compute/v2.1/servers/9c4949ce-1c1c-45f4-9348-1201c2734c6e 0.071s
2025-03-12 09:14:11.207 68466 INFO tempest.lib.common.rest_client [req-64f0cd5e-e949-4c02-abcd-b3bb77dbaaa0 req-64f0cd5e-e949-4c02-abcd-b3bb77dbaaa0 ] Request (AttachInterfacesUnderV243Test:test_add_remove_fixed_ip): 200 GET http://10.180.1.21/compute/v2.1/servers/e751acc9-f68b-4f29-8b86-f16c2bbaae87 0.067s
2025-03-12 09:14:11.328 68514 INFO tempest.lib.common.rest_client [req-3f985135-158b-43d1-8166-6e2f68cecd51 req-3f985135-158b-43d1-8166-6e2f68cecd51 ] Request (ServersTestManualDisk:setUpClass): 200 GET http://10.180.1.21/compute/v2.1/servers/ea2fc662-f98e-461d-956b-d7eff9b191d8 0.141s
2025-03-12 09:14:11.339 68500 INFO tempest.lib.common.rest_client [req-e9a23a6e-fc59-4d67-8d43-b8e939115e7e req-e9a23a6e-fc59-4d67-8d43-b8e939115e7e ] Request (ImagesOneServerTestJSON:tearDownClass): 200 GET http://10.180.1.21/compute/v2.1/servers/33d3c446-1267-4eb7-970b-af1013db456c 0.268s
2025-03-12 09:14:11.421 68484 INFO tempest.lib.common.rest_client [req-652e33a2-f2d3-4207-8e49-282418fe2901 req-652e33a2-f2d3-4207-8e49-282418fe2901 ] Request (ServerDiagnosticsV248Test:tearDownClass): 200 GET http://10.180.1.21/compute/v2.1/servers/6462c122-dc0f-4083-84f8-a472e61285b8 0.178s
2025-03-12 09:14:11.447 68518 INFO tempest.lib.common.rest_client [req-0538b124-1d96-4afa-b908-22db56e72451 req-0538b124-1d96-4afa-b908-22db56e72451 ] Request (InstanceActionsTestJSON:tearDownClass): 200 GET http://10.180.1.21/compute/v2.1/servers/cc25ab8d-527a-4c21-8993-cb16b7228d70 0.204s
2025-03-12 09:14:11.492 68474 INFO tempest.lib.common.rest_client [req-c9e6aad1-2f93-4580-8eb2-20838aea64df req-c9e6aad1-2f93-4580-8eb2-20838aea64df ] Request (ServerAddressesTestJSON:tearDownClass): 200 GET http://10.180.1.21/compute/v2.1/servers/f0d040bc-68b5-4e45-b854-775936dae98c 0.187s
2025-03-12 09:14:11.501 68476 INFO tempest.lib.common.rest_client [req-4556c09c-20d5-4d48-a0e6-1d9abb66b59c req-4556c09c-20d5-4d48-a0e6-1d9abb66b59c ] Request (InstanceActionsNegativeTestJSON:tearDownClass): 200 PUT http://10.180.1.21:9696/networking/v2.0/routers/16464d05-fd8b-4063-a6e0-c6ae2a69a27b/remove_router_interface 1.248s
