2025-03-12 09:13:04.000 68462 INFO tempest.lib.common.rest_client [req-21c8359c-9b1b-4687-b699-1686acd2263f req-21c8359c-9b1b-4687-b699-1686acd2263f ] Request (MigrationsAdminTest:test_list_migrations_in_flavor_resize_situation): 200 GET http://10.180.1.21/compute/v2.1/servers/d96bc42c-7bd3-41b2-a663-1992180fcd51 1.832s
2025-03-12 09:13:04.027 68523 INFO tempest.lib.common.rest_client [req-ef1762f7-869b-473c-b83c-93961cff6328 req-ef1762f7-869b-473c-b83c-93961cff6328 ] Request (ServersAdmin275Test:test_rebuild_update_server_275): 200 GET http://10.180.1.21/compute/v2.1/servers/45a45c16-3ba7-4fc1-9bd1-f1751772d416 1.800s
2025-03-12 09:13:04.040 68523 INFO tempest.common.waiters [-] State transition "BUILD/None" ==> "BUILD/networking" after 24 second wait
2025-03-12 09:13:04.064 68500 INFO tempest.lib.common.rest_client [req-3ddccd6b-6ab2-4d8e-a0ae-c2656feded2c req-3ddccd6b-6ab2-4d8e-a0ae-c2656feded2c ] Request (ImagesOneServerTestJSON:test_create_delete_image): 200 GET http://10.180.1.21/compute/v2.1/images/2eec147b-7f8f-4669-815e-78bc11a3b901 1.600s
2025-03-12 09:13:04.072 68490 INFO tempest.lib.common.rest_client [req-f9a242a2-20f1-4d83-9638-df4d99753aa8 req-f9a242a2-20f1-4d83-9638-df4d99753aa8 ] Request (QuotasAdminTestV257:_run_cleanups): 204 DELETE http://10.180.1.21/identity/v3/users/466de05347a34b7589030ab1ce7cf777 0.121s
2025-03-12 09:13:04.120 68472 INFO tempest.lib.common.rest_client [req-81bc4c0a-6720-4c43-a9de-ed216e3d994d req-81bc4c0a-6720-4c43-a9de-ed216e3d994d ] Request (ServersWithSpecificFlavorTestJSON:test_verify_created_server_ephemeral_disk): 200 GET http://10.180.1.21/compute/v2.1/servers/2a16afaf-4291-455b-b320-b9d58646fc32 1.587s
2025-03-12 09:13:04.173 68512 INFO tempest.lib.common.rest_client [req-f143a7a8-1a4a-43a8-a970-8d25a1186448 req-f143a7a8-1a4a-43a8-a970-8d25a1186448 ] Request (ImagesTestJSON:setUpClass): 200 PUT http://10.180.1.21:9696/networking/v2.0/routers/c16d6927-6928-4427-9950-289306f8950c/add_router_interface 1.725s
2025-03-12 09:13:04.173 68512 INFO tempest.lib.common.dynamic_creds [-] Created isolated network resources for: credentials: Credentials: {'domain_id': 'default', 'domain_name': 'Default', 'username': 'tempest-ImagesTestJSON-1365390958-project-member', 'project_domain_id': 'default', 'project_domain_name': 'Default', 'project_id': 'fd87906daa0c4d0cbfd2f7bfa1147a28', 'project_name': 'tempest-ImagesTestJSON-1365390958', 'tenant_id': 'fd87906daa0c4d0cbfd2f7bfa1147a28', 'tenant_name': 'tempest-ImagesTestJSON-1365390958', 'user_domain_id': 'default', 'user_domain_name': 'Default', 'user_id': '50e04eaaed634205adb05af1c93f71a3', 'system': None}, Network: {'id': '8dee633d-7eab-4f74-880b-b677dd0facff', 'name': 'tempest-ImagesTestJSON-509227430-network', 'tenant_id': 'fd87906daa0c4d0cbfd2f7bfa1147a28', 'admin_state_up': True, 'mtu': 8950, 'status': 'ACTIVE', 'subnets': [], 'shared': False, 'project_id': 'fd87906daa0c4d0cbfd2f7bfa1147a28', 'port_security_enabled': True, 'router:external': False, 'provider:network_type': 'vlan', 'provider:physical_network': 'default', 'provider:segmentation_id': 522, 'availability_zone_hints': [], 'availability_zones': [], 'ipv4_address_scope': None, 'ipv6_address_scope': None, 'description': '', 'tags': [], 'created_at': '2025-03-12T09:13:00Z', 'updated_at': '2025-03-12T09:13:01Z', 'revision_number': 1}, Subnet: {'id': '94c1c530-b0bc-45ef-82f1-d5d3ffc484e2', 'name': 'tempest-ImagesTestJSON-509227430-subnet', 'tenant_id': 'fd87906daa0c4d0cbfd2f7bfa1147a28', 'network_id': '8dee633d-7eab-4f74-880b-b677dd0facff', 'ip_version': 4, 'subnetpool_id': None, 'enable_dhcp': True, 'ipv6_ra_mode': None, 'ipv6_address_mode': None, 'gateway_ip': '192.168.128.1', 'cidr': '192.168.128.0/28', 'allocation_pools': [{'start': '192.168.128.2', 'end': '192.168.128.14'}], 'host_routes': [], 'dns_nameservers': [], 'description': '', 'router:external': False, 'service_types': [], 'tags': [], 'created_at': '2025-03-12T09:13:01Z', 'updated_at': '2025-03-12T09:13:01Z', 'revision_number': 0, 'project_id': 'fd87906daa0c4d0cbfd2f7bfa1147a28'}, Router: {'id': 'c16d6927-6928-4427-9950-289306f8950c', 'name': 'tempest-ImagesTestJSON-509227430-router', 'tenant_id': 'fd87906daa0c4d0cbfd2f7bfa1147a28', 'admin_state_up': True, 'status': 'ACTIVE', 'external_gateway_info': {'network_id': '28bf4192-b909-4f23-970b-a02568b83a70', 'external_fixed_ips': [{'subnet_id': '7a92a11b-ccd4-408b-ae94-7940e0235462', 'ip_address': '10.180.180.180'}], 'enable_snat': True}, 'description': '', 'availability_zones': [], 'distributed': False, 'ha': False, 'availability_zone_hints': [], 'routes': [], 'flavor_id': None, 'tags': [], 'created_at': '2025-03-12T09:13:01Z', 'updated_at': '2025-03-12T09:13:02Z', 'revision_number': 2, 'project_id': 'fd87906daa0c4d0cbfd2f7bfa1147a28'}
2025-03-12 09:13:04.174 68490 INFO tempest.lib.common.rest_client [req-186defd4-e0fe-4134-b1e7-59199e58ec6e req-186defd4-e0fe-4134-b1e7-59199e58ec6e ] Request (QuotasAdminTestV257:_run_cleanups): 204 DELETE http://10.180.1.21/identity/v3/projects/3476357c2374402787abadcafe894310 0.101s
2025-03-12 09:13:04.176 68476 INFO tempest.lib.common.rest_client [req-62f8e637-218c-4127-820c-bccb280dc26e req-62f8e637-218c-4127-820c-bccb280dc26e ] Request (InstanceActionsNegativeTestJSON:setUpClass): 200 GET http://10.180.1.21/compute/v2.1/servers/e1f537bc-5937-446d-b44a-8c0fe5441aee 1.421s
2025-03-12 09:13:04.185 68476 INFO tempest.common.waiters [-] State transition "BUILD/scheduling" ==> "BUILD/None" after 15 second wait
2025-03-12 09:13:04.246 68518 INFO tempest.lib.common.rest_client [req-c57ccd96-1c61-405f-aaf3-f43920fc8ca5 req-c57ccd96-1c61-405f-aaf3-f43920fc8ca5 ] Request (ImagesMetadataTestJSON:test_update_image_metadata): 200 POST http://10.180.1.21/compute/v2.1/images/f2e735fa-2da4-457d-937c-b11a60817d89/metadata 1.828s
2025-03-12 09:13:04.251 68512 INFO tempest.lib.common.rest_client [req-7c9b1dfe-bcf8-441a-97f0-e1ad0292fb0f req-7c9b1dfe-bcf8-441a-97f0-e1ad0292fb0f ] Request (ImagesTestJSON:setUpClass): 201 POST http://10.180.1.21/identity/v3/auth/tokens 0.071s
2025-03-12 09:13:04.278 68480 INFO tempest.lib.common.rest_client [req-25132a63-5377-4620-be69-7578a5be18a1 req-25132a63-5377-4620-be69-7578a5be18a1 ] Request (ServerRescueTestJSONUnderV235:setUpClass): 200 GET http://10.180.1.21/compute/v2.1/servers/ff322f86-8e94-43e4-9c39-c133ac8ee7ca 1.513s
2025-03-12 09:13:04.286 68512 INFO tempest.lib.common.rest_client [req-bce130e1-b92d-4984-8c3c-bf5fda3f8149 req-bce130e1-b92d-4984-8c3c-bf5fda3f8149 ] Request (ImagesTestJSON:test_create_image_from_stopped_server): 201 POST http://10.180.1.21/identity/v3/auth/tokens 0.029s
2025-03-12 09:13:04.286 68512 INFO tempest.lib.common.fixed_network [-] (ImagesTestJSON:test_create_image_from_stopped_server) Found network {'id': '8dee633d-7eab-4f74-880b-b677dd0facff', 'name': 'tempest-ImagesTestJSON-509227430-network', 'tenant_id': 'fd87906daa0c4d0cbfd2f7bfa1147a28', 'admin_state_up': True, 'mtu': 8950, 'status': 'ACTIVE', 'subnets': [], 'shared': False, 'project_id': 'fd87906daa0c4d0cbfd2f7bfa1147a28', 'port_security_enabled': True, 'router:external': False, 'provider:network_type': 'vlan', 'provider:physical_network': 'default', 'provider:segmentation_id': 522, 'availability_zone_hints': [], 'availability_zones': [], 'ipv4_address_scope': None, 'ipv6_address_scope': None, 'description': '', 'tags': [], 'created_at': '2025-03-12T09:13:00Z', 'updated_at': '2025-03-12T09:13:01Z', 'revision_number': 1} available for tenant
2025-03-12 09:13:04.288 68480 INFO tempest.common.waiters [-] State transition "BUILD/spawning" ==> "ACTIVE/None" after 29 second wait
2025-03-12 09:13:04.300 68484 INFO tempest.lib.common.rest_client [req-ff21f689-4a52-4389-9304-3c55b88d6709 req-ff21f689-4a52-4389-9304-3c55b88d6709 ] Request (ServerDiagnosticsV248Test:test_get_server_diagnostics): 200 GET http://10.180.1.21/compute/v2.1/servers/6462c122-dc0f-4083-84f8-a472e61285b8 1.483s
2025-03-12 09:13:04.328 68490 INFO tempest.lib.common.rest_client [req-9912dccf-ffd5-4618-8caa-a3faa0633077 req-9912dccf-ffd5-4618-8caa-a3faa0633077 ] Request (QuotasAdminTestV257:tearDownClass): 204 DELETE http://10.180.1.21/identity/v3/users/63546f6ce6214a9eb0c400fe2c66fafa 0.148s
2025-03-12 09:13:04.332 68498 INFO tempest.lib.common.rest_client [req-cfd9a289-f1e7-4cf9-bd60-a9205630dd14 req-cfd9a289-f1e7-4cf9-bd60-a9205630dd14 ] Request (ServerDiagnosticsTest:tearDownClass): 200 GET http://10.180.1.21/compute/v2.1/servers/08ab5963-281f-43c8-ae97-9cb9028d095f 1.426s
2025-03-12 09:13:04.413 68490 INFO tempest.lib.common.rest_client [req-6c142d58-1a1b-4be8-a4e5-c9f035202b2b req-6c142d58-1a1b-4be8-a4e5-c9f035202b2b ] Request (QuotasAdminTestV257:tearDownClass): 204 DELETE http://10.180.1.21/identity/v3/users/6e553588df294c88928438ab736541f2 0.084s
2025-03-12 09:13:04.413 68490 INFO tempest.lib.common.dynamic_creds [-] Deleting project and security group for project: 03383cea5c2d44bbbf4572f34d304422
2025-03-12 09:13:04.416 68496 INFO tempest.lib.common.rest_client [req-831a7bf8-d639-4af1-86a3-464b96b5ffe7 req-831a7bf8-d639-4af1-86a3-464b96b5ffe7 ] Request (ServersAdminTestJSON:setUpClass): 200 GET http://10.180.1.21/compute/v2.1/servers/7eafe60b-51f1-436a-adf7-634ab7f15949 1.362s
2025-03-12 09:13:04.423 68496 INFO tempest.common.waiters [-] State transition "BUILD/spawning" ==> "ACTIVE/None" after 31 second wait
2025-03-12 09:13:04.467 68505 INFO tempest.lib.common.rest_client [req-29f4e56e-7bb1-4ec6-ba4c-fce6fd7158d3 req-29f4e56e-7bb1-4ec6-ba4c-fce6fd7158d3 ] Request (ImagesOneServerNegativeTestJSON:setUpClass): 200 GET http://10.180.1.21/compute/v2.1/servers/a518e6a0-7142-4a7b-a710-169c52edd3ee 1.312s
2025-03-12 09:13:04.478 68490 INFO tempest.lib.common.rest_client [req-6e5831e0-856b-4e95-900d-f5364e03bbda req-6e5831e0-856b-4e95-900d-f5364e03bbda ] Request (QuotasAdminTestV257:tearDownClass): 201 POST http://10.180.1.21/identity/v3/auth/tokens 0.065s
2025-03-12 09:13:04.567 68506 INFO tempest.lib.common.rest_client [req-71aa8a3f-11f5-4a4a-a1d4-e7f36815e97e req-71aa8a3f-11f5-4a4a-a1d4-e7f36815e97e ] Request (VolumesAdminNegativeTest:test_update_attached_volume_with_nonexistent_volume_in_body): 200 GET http://10.180.1.21/compute/v2.1/servers/a5e06d25-8a3d-4cad-a340-cb441326aedf 1.387s
2025-03-12 09:13:04.707 68490 INFO tempest.lib.common.rest_client [req-aa4c7003-67a8-4d1c-bfd4-147bda12c1a1 req-aa4c7003-67a8-4d1c-bfd4-147bda12c1a1 ] Request (QuotasAdminTestV257:tearDownClass): 200 GET http://10.180.1.21:9696/networking/v2.0/security-groups?tenant_id=03383cea5c2d44bbbf4572f34d304422&name=default 0.229s
2025-03-12 09:13:04.877 68490 INFO tempest.lib.common.rest_client [req-da85beb8-12d7-4aa5-9a1e-a81be78aec71 req-da85beb8-12d7-4aa5-9a1e-a81be78aec71 ] Request (QuotasAdminTestV257:tearDownClass): 204 DELETE http://10.180.1.21:9696/networking/v2.0/security-groups/c98332c9-e71b-416a-8a28-adcbb7c1ded4 0.169s
2025-03-12 09:13:04.945 68490 INFO tempest.lib.common.rest_client [req-f00fb947-0244-4b62-ac1c-b96c70793256 req-f00fb947-0244-4b62-ac1c-b96c70793256 ] Request (QuotasAdminTestV257:tearDownClass): 204 DELETE http://10.180.1.21/identity/v3/projects/03383cea5c2d44bbbf4572f34d304422 0.068s
2025-03-12 09:13:04.945 68490 INFO tempest.lib.common.dynamic_creds [-] Deleting project and security group for project: 30fc9b7d54414a6ebcbae6f4b57c7ed6
2025-03-12 09:13:05.172 68520 INFO tempest.lib.common.rest_client [req-6bb85603-fa4f-47bb-8df2-7ad2798515e5 req-6bb85603-fa4f-47bb-8df2-7ad2798515e5 ] Request (FloatingIPDetailsTestJSON:_run_cleanups): 202 DELETE http://10.180.1.21/compute/v2.1/os-floating-ips/d394e0f2-2148-4732-ad1c-40fad354b4be 1.939s
2025-03-12 09:13:05.194 68468 INFO tempest.lib.common.rest_client [req-f0be59b5-9b20-4d29-a9f8-b133c716679c req-f0be59b5-9b20-4d29-a9f8-b133c716679c ] Request (FlavorsV2TestJSON:test_list_flavors_detailed_limit_results): 200 GET http://10.180.1.21/compute/v2.1/flavors/detail?limit=1 1.852s
2025-03-12 09:13:05.219 68488 INFO tempest.lib.common.rest_client [req-49066452-b657-4927-bbac-066e22224499 req-49066452-b657-4927-bbac-066e22224499 ] Request (FlavorsAdminTestJSON:test_is_public_string_variations): 200 GET http://10.180.1.21/compute/v2.1/flavors/detail?is_public=f 1.857s
2025-03-12 09:13:05.242 68490 INFO tempest.lib.common.rest_client [req-22b3b90e-5707-439e-a3d7-7f428e8d180d req-22b3b90e-5707-439e-a3d7-7f428e8d180d ] Request (QuotasAdminTestV257:tearDownClass): 200 GET http://10.180.1.21:9696/networking/v2.0/security-groups?tenant_id=30fc9b7d54414a6ebcbae6f4b57c7ed6&name=default 0.297s
2025-03-12 09:13:05.401 68490 INFO tempest.lib.common.rest_client [req-a0f2bf44-fcad-4a5c-adfc-df9026498e3f req-a0f2bf44-fcad-4a5c-adfc-df9026498e3f ] Request (QuotasAdminTestV257:tearDownClass): 204 DELETE http://10.180.1.21:9696/networking/v2.0/security-groups/faedca5f-b76d-49f4-b2ab-c9af985bb7f3 0.158s
2025-03-12 09:13:05.423 68466 INFO tempest.lib.common.rest_client [req-5ec32e8b-bb69-48f9-8612-4fd175ee0f7d req-5ec32e8b-bb69-48f9-8612-4fd175ee0f7d ] Request (ServerExternalEventsTest:test_create_server_external_events): 200 GET http://10.180.1.21/compute/v2.1/servers/74dfb642-d692-4832-b2ca-ccbe76fb0802 2.049s
2025-03-12 09:13:05.431 68466 INFO tempest.common.waiters [-] State transition "BUILD/spawning" ==> "ACTIVE/None" after 33 second wait
2025-03-12 09:13:05.443 68516 INFO tempest.lib.common.rest_client [req-034685c1-dc9e-4e4e-bd6e-b5d6eef6fd93 req-034685c1-dc9e-4e4e-bd6e-b5d6eef6fd93 ] Request (FloatingIPsAssociationNegativeTestJSON:test_associate_ip_to_server_with_floating_ip): 202 POST http://10.180.1.21/compute/v2.1/servers/0e396779-8b56-4718-9c40-f44d86723090/action 2.404s
2025-03-12 09:13:05.486 68470 INFO tempest.lib.common.rest_client [req-26f1f13c-63a8-497d-a1d0-7daa3f1e254f req-26f1f13c-63a8-497d-a1d0-7daa3f1e254f ] Request (AggregatesAdminNegativeTestJSON:_run_cleanups): 200 DELETE http://10.180.1.21/compute/v2.1/os-aggregates/7 1.787s
2025-03-12 09:13:05.504 68474 INFO tempest.lib.common.rest_client [req-7b7e4778-4742-421a-b25a-6a64c9c27b9f req-7b7e4778-4742-421a-b25a-6a64c9c27b9f ] Request (ServerAddressesTestJSON:setUpClass): 200 GET http://10.180.1.21/compute/v2.1/servers/f0d040bc-68b5-4e45-b854-775936dae98c 2.060s
2025-03-12 09:13:05.519 68490 INFO tempest.lib.common.rest_client [req-f861fc01-a905-4e28-b04e-36b1041a7475 req-f861fc01-a905-4e28-b04e-36b1041a7475 ] Request (QuotasAdminTestV257:tearDownClass): 204 DELETE http://10.180.1.21/identity/v3/projects/30fc9b7d54414a6ebcbae6f4b57c7ed6 0.118s
2025-03-12 09:13:05.627 68490 INFO tempest.lib.common.rest_client [req-fa7b9f0f-479e-41b8-9c78-6d7db2282f44 req-fa7b9f0f-479e-41b8-9c78-6d7db2282f44 ] Request (ImagesMetadataNegativeTestJSON:setUpClass): 201 POST http://10.180.1.21/identity/v3/auth/tokens 0.106s
2025-03-12 09:13:05.653 68510 INFO tempest.lib.common.rest_client [req-1cd67746-1f25-499f-9e26-ba41ab0f173d req-1cd67746-1f25-499f-9e26-ba41ab0f173d ] Request (SecurityGroupsTestAdminJSON:_run_cleanups): 202 DELETE http://10.180.1.21/compute/v2.1/os-security-groups/72cae4c4-1b5c-4f4c-a5c0-8775e9eb3961 1.768s
2025-03-12 09:13:05.686 68490 INFO tempest.lib.common.rest_client [req-15be8b5a-d80c-4b3b-a027-6be4ad4cb3b8 req-15be8b5a-d80c-4b3b-a027-6be4ad4cb3b8 ] Request (ImagesMetadataNegativeTestJSON:setUpClass): 201 POST http://10.180.1.21/identity/v3/auth/tokens 0.055s
2025-03-12 09:13:05.753 68490 INFO tempest.lib.common.rest_client [req-4b975808-65de-4bd9-9099-d7556e598a82 req-4b975808-65de-4bd9-9099-d7556e598a82 ] Request (ImagesMetadataNegativeTestJSON:setUpClass): 200 GET http://10.180.1.21/identity/v3/domains?name=Default 0.065s
2025-03-12 09:13:05.766 68492 INFO tempest.lib.common.rest_client [req-680f9283-db46-422e-8dc0-0e79840810d6 req-680f9283-db46-422e-8dc0-0e79840810d6 ] Request (DeleteServersAdminTestJSON:test_admin_delete_servers_of_others): 200 GET http://10.180.1.21/compute/v2.1/servers/f7578951-667c-401a-a56e-637a992dddb4 1.633s
2025-03-12 09:13:05.787 68510 INFO tempest.lib.common.rest_client [req-98d81f95-6dde-4488-8536-d4699d8cd36a req-98d81f95-6dde-4488-8536-d4699d8cd36a ] Request (SecurityGroupsTestAdminJSON:tearDownClass): 204 DELETE http://10.180.1.21/identity/v3/users/ddb6fea0503a44d689024c5d4813a05c 0.131s
2025-03-12 09:13:05.838 68490 INFO tempest.lib.common.rest_client [req-47815061-8055-4265-a804-09aca78c4f41 req-47815061-8055-4265-a804-09aca78c4f41 ] Request (ImagesMetadataNegativeTestJSON:setUpClass): 201 POST http://10.180.1.21/identity/v3/projects 0.085s
2025-03-12 09:13:05.951 68510 INFO tempest.lib.common.rest_client [req-28962065-2c2c-4ebd-9c7a-a0de2e859fa8 req-28962065-2c2c-4ebd-9c7a-a0de2e859fa8 ] Request (SecurityGroupsTestAdminJSON:tearDownClass): 204 DELETE http://10.180.1.21/identity/v3/users/08a2f010a73743b18128df3dac3a74fc 0.163s
2025-03-12 09:13:05.951 68510 INFO tempest.lib.common.dynamic_creds [-] Deleting project and security group for project: 7f15a0ff03bb4f7fa72dbc326fbaf574
2025-03-12 09:13:05.952 68514 INFO tempest.lib.common.rest_client [req-7be949e0-2de2-49b9-be52-cf50366dda55 req-7be949e0-2de2-49b9-be52-cf50366dda55 ] Request (QuotaClassesAdminTestJSON:test_update_default_quotas): 200 GET http://10.180.1.21/compute/v2.1/os-quota-class-sets/default 1.743s
2025-03-12 09:13:05.982 68518 INFO tempest.lib.common.rest_client [req-1b9d4b0e-4838-4e20-8792-83b985220761 req-1b9d4b0e-4838-4e20-8792-83b985220761 ] Request (ImagesMetadataTestJSON:test_update_image_metadata): 200 GET http://10.180.1.21/compute/v2.1/images/f2e735fa-2da4-457d-937c-b11a60817d89/metadata 1.735s
2025-03-12 09:13:06.002 68490 INFO tempest.lib.common.rest_client [req-713fe3cd-9b3a-4e15-aa13-a53caf2c1cd3 req-713fe3cd-9b3a-4e15-aa13-a53caf2c1cd3 ] Request (ImagesMetadataNegativeTestJSON:setUpClass): 201 POST http://10.180.1.21/identity/v3/users 0.163s
2025-03-12 09:13:06.025 68510 INFO tempest.lib.common.rest_client [req-bff83eff-dbb3-4494-ba2f-94159d7065c9 req-bff83eff-dbb3-4494-ba2f-94159d7065c9 ] Request (SecurityGroupsTestAdminJSON:tearDownClass): 201 POST http://10.180.1.21/identity/v3/auth/tokens 0.074s
2025-03-12 09:13:06.077 68490 INFO tempest.lib.common.rest_client [req-19570a10-c0e2-4001-b4a8-474d79ca7d88 req-19570a10-c0e2-4001-b4a8-474d79ca7d88 ] Request (ImagesMetadataNegativeTestJSON:setUpClass): 200 GET http://10.180.1.21/identity/v3/roles 0.074s
2025-03-12 09:13:06.092 68508 INFO tempest.lib.common.rest_client [req-2863486d-4ab3-4366-bcc6-aca74b3aa8bb req-2863486d-4ab3-4366-bcc6-aca74b3aa8bb ] Request (FloatingIPsTestJSON:test_delete_floating_ip): 200 POST http://10.180.1.21/compute/v2.1/os-floating-ips 2.341s
2025-03-12 09:13:06.110 68518 INFO tempest.lib.common.rest_client [req-5168f1e2-9305-4ab4-b323-ab40583e2542 req-5168f1e2-9305-4ab4-b323-ab40583e2542 ] Request (ImagesMetadataTestJSON:tearDownClass): 204 DELETE http://10.180.1.21/image/v2/images/f2e735fa-2da4-457d-937c-b11a60817d89 0.124s
2025-03-12 09:13:06.156 68490 INFO tempest.lib.common.rest_client [req-5fe8ee5a-9024-4f00-b7f3-7a58f5d86cfc req-5fe8ee5a-9024-4f00-b7f3-7a58f5d86cfc ] Request (ImagesMetadataNegativeTestJSON:setUpClass): 204 PUT http://10.180.1.21/identity/v3/projects/2579e85b281a4071bc448ed57b5b7d7c/users/3c8c17c66a394e12bff8a0d78de8f34f/roles/62f0c8c530ae4f3dbecf3cbebfb95666 0.079s
2025-03-12 09:13:06.157 68490 INFO tempest.lib.common.dynamic_creds [-] Dynamic test user 3c8c17c66a394e12bff8a0d78de8f34f is created with scope project and roles: ['member']
2025-03-12 09:13:06.157 68490 INFO tempest.lib.common.dynamic_creds [-] Acquired dynamic creds: credentials: Credentials: {'domain_id': 'default', 'domain_name': 'Default', 'username': 'tempest-ImagesMetadataNegativeTestJSON-439537571-project-member', 'project_domain_id': 'default', 'project_domain_name': 'Default', 'project_id': '2579e85b281a4071bc448ed57b5b7d7c', 'project_name': 'tempest-ImagesMetadataNegativeTestJSON-439537571', 'tenant_id': '2579e85b281a4071bc448ed57b5b7d7c', 'tenant_name': 'tempest-ImagesMetadataNegativeTestJSON-439537571', 'user_domain_id': 'default', 'user_domain_name': 'Default', 'user_id': '3c8c17c66a394e12bff8a0d78de8f34f', 'system': None}, Network: None, Subnet: None, Router: None
2025-03-12 09:13:06.157 68490 INFO tempest.lib.common.dynamic_creds [-] Created isolated network resources for: credentials: Credentials: {'domain_id': 'default', 'domain_name': 'Default', 'username': 'tempest-ImagesMetadataNegativeTestJSON-439537571-project-member', 'project_domain_id': 'default', 'project_domain_name': 'Default', 'project_id': '2579e85b281a4071bc448ed57b5b7d7c', 'project_name': 'tempest-ImagesMetadataNegativeTestJSON-439537571', 'tenant_id': '2579e85b281a4071bc448ed57b5b7d7c', 'tenant_name': 'tempest-ImagesMetadataNegativeTestJSON-439537571', 'user_domain_id': 'default', 'user_domain_name': 'Default', 'user_id': '3c8c17c66a394e12bff8a0d78de8f34f', 'system': None}, Network: None, Subnet: None, Router: None
2025-03-12 09:13:06.178 68510 INFO tempest.lib.common.rest_client [req-54e17f95-4ab7-43fb-8121-12888f3d307e req-54e17f95-4ab7-43fb-8121-12888f3d307e ] Request (SecurityGroupsTestAdminJSON:tearDownClass): 200 GET http://10.180.1.21:9696/networking/v2.0/security-groups?tenant_id=7f15a0ff03bb4f7fa72dbc326fbaf574&name=default 0.152s
2025-03-12 09:13:06.232 68480 INFO tempest.lib.common.rest_client [req-c275a855-2020-4c3d-93a2-22194060801b req-c275a855-2020-4c3d-93a2-22194060801b ] Request (ServerRescueTestJSONUnderV235:setUpClass): 200 POST http://10.180.1.21/compute/v2.1/servers/ff322f86-8e94-43e4-9c39-c133ac8ee7ca/action 1.943s
2025-03-12 09:13:06.255 68518 INFO tempest.lib.common.rest_client [req-6d9a9f42-0b92-456b-8d57-f5de8b19b378 req-6d9a9f42-0b92-456b-8d57-f5de8b19b378 ] Request (ImagesMetadataTestJSON:tearDownClass): 204 DELETE http://10.180.1.21/identity/v3/users/4f5b504335b446779d78ae6d8dcbeb84 0.144s
2025-03-12 09:13:06.256 68518 INFO tempest.lib.common.dynamic_creds [-] Deleting project and security group for project: 1bc7515b79f7425cb6918249b5109eff
2025-03-12 09:13:06.257 68490 INFO tempest.lib.common.rest_client [req-6364a0f0-c8e7-4ac4-96e7-5fb7f7f9e60e req-6364a0f0-c8e7-4ac4-96e7-5fb7f7f9e60e ] Request (ImagesMetadataNegativeTestJSON:setUpClass): 201 POST http://10.180.1.21/identity/v3/auth/tokens 0.095s
2025-03-12 09:13:06.303 68486 INFO tempest.lib.common.rest_client [req-75aacb5e-8aa4-4ee5-b1f3-197ebe64a5d4 req-75aacb5e-8aa4-4ee5-b1f3-197ebe64a5d4 ] Request (ServerActionsTestJSON:setUpClass): 200 GET http://10.180.1.21/compute/v2.1/servers/fa4e8290-ce2b-4823-8166-afd27d4abde0 1.996s
2025-03-12 09:13:06.309 68510 INFO tempest.lib.common.rest_client [req-15fa85bd-c717-4012-b63e-d528584e0d76 req-15fa85bd-c717-4012-b63e-d528584e0d76 ] Request (SecurityGroupsTestAdminJSON:tearDownClass): 204 DELETE http://10.180.1.21:9696/networking/v2.0/security-groups/9b21302e-2e98-43d8-af90-aaa900ea1734 0.130s
2025-03-12 09:13:06.315 68486 INFO tempest.common.waiters [-] State transition "BUILD/scheduling" ==> "BUILD/None" after 8 second wait
2025-03-12 09:13:06.330 68518 INFO tempest.lib.common.rest_client [req-0b68b17d-426e-47a1-99db-6b946b6ad071 req-0b68b17d-426e-47a1-99db-6b946b6ad071 ] Request (ImagesMetadataTestJSON:tearDownClass): 201 POST http://10.180.1.21/identity/v3/auth/tokens 0.074s
2025-03-12 09:13:06.395 68510 INFO tempest.lib.common.rest_client [req-5bae136f-63a6-4470-add3-12471fa75d1b req-5bae136f-63a6-4470-add3-12471fa75d1b ] Request (SecurityGroupsTestAdminJSON:tearDownClass): 204 DELETE http://10.180.1.21/identity/v3/projects/7f15a0ff03bb4f7fa72dbc326fbaf574 0.086s
2025-03-12 09:13:06.395 68510 INFO tempest.lib.common.dynamic_creds [-] Deleting project and security group for project: ca2117c4f5214b01a684c7b778d8c399
2025-03-12 09:13:06.439 68496 INFO tempest.lib.common.rest_client [req-5e8e306b-e2c3-450d-b2b4-a5674b127148 req-5e8e306b-e2c3-450d-b2b4-a5674b127148 ] Request (ServersAdminTestJSON:setUpClass): 200 GET http://10.180.1.21/compute/v2.1/servers/2eba6da6-cf10-4c1c-a3ed-a6921af029da 2.015s
2025-03-12 09:13:06.440 68510 INFO tempest.lib.common.rest_client [req-933e32ba-532f-473e-9c3e-344368883158 req-933e32ba-532f-473e-9c3e-344368883158 ] Request (SecurityGroupsTestAdminJSON:tearDownClass): 200 GET http://10.180.1.21:9696/networking/v2.0/security-groups?tenant_id=ca2117c4f5214b01a684c7b778d8c399&name=default 0.044s
2025-03-12 09:13:06.498 68482 INFO tempest.lib.common.rest_client [req-ce8c8e49-9150-4567-acf2-ff5390a43572 req-ce8c8e49-9150-4567-acf2-ff5390a43572 ] Request (MultipleCreateTestJSON:test_multiple_create): 200 GET http://10.180.1.21/compute/v2.1/servers/953ab25c-c318-439f-aed7-5d9df5c37a8e 2.064s
2025-03-12 09:13:06.508 68482 INFO tempest.common.waiters [-] State transition "BUILD/scheduling" ==> "BUILD/None" after 12 second wait
2025-03-12 09:13:06.514 68496 INFO tempest.lib.common.rest_client [req-4e0b4d38-2df7-42ba-9c8c-29699cb4221d req-4e0b4d38-2df7-42ba-9c8c-29699cb4221d ] Request (ServersAdminTestJSON:test_create_server_with_scheduling_hint): 201 POST http://10.180.1.21/identity/v3/auth/tokens 0.062s
2025-03-12 09:13:06.514 68496 INFO tempest.lib.common.fixed_network [-] (ServersAdminTestJSON:test_create_server_with_scheduling_hint) Found network {'id': '5713b5dd-7d18-4428-b57f-f03177329ddc', 'name': 'tempest-ServersAdminTestJSON-1971604044-network', 'tenant_id': '8f9d2d3f223342d38db3bd9ecb1e500c', 'admin_state_up': True, 'mtu': 8950, 'status': 'ACTIVE', 'subnets': [], 'shared': False, 'project_id': '8f9d2d3f223342d38db3bd9ecb1e500c', 'port_security_enabled': True, 'router:external': False, 'provider:network_type': 'vlan', 'provider:physical_network': 'default', 'provider:segmentation_id': 369, 'availability_zone_hints': [], 'availability_zones': [], 'ipv4_address_scope': None, 'ipv6_address_scope': None, 'description': '', 'tags': [], 'created_at': '2025-03-12T09:12:19Z', 'updated_at': '2025-03-12T09:12:19Z', 'revision_number': 1} available for tenant
2025-03-12 09:13:06.550 68512 INFO tempest.lib.common.rest_client [req-8ec0ceb2-9e50-460b-a19a-dfd2f4cb3313 req-8ec0ceb2-9e50-460b-a19a-dfd2f4cb3313 ] Request (ImagesTestJSON:test_create_image_from_stopped_server): 202 POST http://10.180.1.21/compute/v2.1/servers 2.264s
2025-03-12 09:13:06.555 68510 INFO tempest.lib.common.rest_client [req-ced6fbe0-ce5e-49f0-8244-ac5c4194debf req-ced6fbe0-ce5e-49f0-8244-ac5c4194debf ] Request (SecurityGroupsTestAdminJSON:tearDownClass): 204 DELETE http://10.180.1.21:9696/networking/v2.0/security-groups/182cb6d8-4054-4ac8-8356-c1576b7d3b9d 0.114s
2025-03-12 09:13:06.563 68502 INFO tempest.lib.common.rest_client [req-8f449b6b-c0c7-47fa-a184-1eb83f90829c req-8f449b6b-c0c7-47fa-a184-1eb83f90829c ] Request (ServerAddressesNegativeTestJSON:setUpClass): 200 GET http://10.180.1.21/compute/v2.1/servers/6a07635b-5b0c-4d02-94dc-2c6cd34b95b5 2.074s
2025-03-12 09:13:06.566 68518 INFO tempest.lib.common.rest_client [req-8c859c09-8f86-409b-a9b7-3f7192c3c03c req-8c859c09-8f86-409b-a9b7-3f7192c3c03c ] Request (ImagesMetadataTestJSON:tearDownClass): 200 GET http://10.180.1.21:9696/networking/v2.0/security-groups?tenant_id=1bc7515b79f7425cb6918249b5109eff&name=default 0.235s
2025-03-12 09:13:06.607 68478 INFO tempest.lib.common.rest_client [req-53e6b9b5-3efd-461e-a66f-358802c49528 req-53e6b9b5-3efd-461e-a66f-358802c49528 ] Request (ServersAdminNegativeTestJSON:setUpClass): 200 GET http://10.180.1.21/compute/v2.1/servers/23228ef5-dfa9-44e5-b3da-b1532febba2a 2.056s
2025-03-12 09:13:06.615 68478 INFO tempest.common.waiters [-] State transition "BUILD/None" ==> "BUILD/networking" after 24 second wait
2025-03-12 09:13:06.620 68464 INFO tempest.lib.common.rest_client [req-c312b4f5-e9aa-47ec-bc78-6e97d9adf726 req-c312b4f5-e9aa-47ec-bc78-6e97d9adf726 ] Request (VolumesAssistedSnapshotsTest:test_volume_assisted_snapshot_create_delete): 200 GET http://10.180.1.21/compute/v2.1/servers/ec8106b2-cf75-44d3-b171-b3cfb4fd5e37 1.771s
2025-03-12 09:13:06.628 68510 INFO tempest.lib.common.rest_client [req-82fda014-e399-4a5b-a0f8-3adc736a18f0 req-82fda014-e399-4a5b-a0f8-3adc736a18f0 ] Request (SecurityGroupsTestAdminJSON:tearDownClass): 204 DELETE http://10.180.1.21/identity/v3/projects/ca2117c4f5214b01a684c7b778d8c399 0.073s
2025-03-12 09:13:06.677 68523 INFO tempest.lib.common.rest_client [req-7db63933-d367-4dd6-9544-c634b16e2860 req-7db63933-d367-4dd6-9544-c634b16e2860 ] Request (ServersAdmin275Test:test_rebuild_update_server_275): 200 GET http://10.180.1.21/compute/v2.1/servers/45a45c16-3ba7-4fc1-9bd1-f1751772d416 1.636s
2025-03-12 09:13:06.684 68518 INFO tempest.lib.common.rest_client [req-61a9e766-8c1f-4bfe-b3c2-6d0b9d10c6f8 req-61a9e766-8c1f-4bfe-b3c2-6d0b9d10c6f8 ] Request (ImagesMetadataTestJSON:tearDownClass): 204 DELETE http://10.180.1.21:9696/networking/v2.0/security-groups/899ce9dc-aed2-4374-b562-1cb5c2408c06 0.117s
2025-03-12 09:13:06.695 68523 INFO tempest.common.waiters [-] State transition "BUILD/networking" ==> "BUILD/spawning" after 26 second wait
2025-03-12 09:13:06.710 68510 INFO tempest.lib.common.rest_client [req-29e42153-2847-4a5b-a757-2cc89bcfd874 req-29e42153-2847-4a5b-a757-2cc89bcfd874 ] Request (SecurityGroupRulesTestJSON:setUpClass): 201 POST http://10.180.1.21/identity/v3/auth/tokens 0.079s
2025-03-12 09:13:06.721 68500 INFO tempest.lib.common.rest_client [req-9dffd1b6-0ef1-42e8-bb70-01448874ab48 req-9dffd1b6-0ef1-42e8-bb70-01448874ab48 ] Request (ImagesOneServerTestJSON:test_create_delete_image): 200 GET http://10.180.1.21/compute/v2.1/images/2eec147b-7f8f-4669-815e-78bc11a3b901 1.650s
2025-03-12 09:13:06.723 68462 INFO tempest.lib.common.rest_client [req-b28391c9-3ffa-4449-b057-ef6d01a84e75 req-b28391c9-3ffa-4449-b057-ef6d01a84e75 ] Request (MigrationsAdminTest:test_list_migrations_in_flavor_resize_situation): 200 GET http://10.180.1.21/compute/v2.1/servers/d96bc42c-7bd3-41b2-a663-1992180fcd51 1.711s
2025-03-12 09:13:06.741 68510 INFO tempest.lib.common.rest_client [req-23e15c8e-431a-4db7-a9bb-48aed9fd50d4 req-23e15c8e-431a-4db7-a9bb-48aed9fd50d4 ] Request (SecurityGroupRulesTestJSON:setUpClass): 201 POST http://10.180.1.21/identity/v3/auth/tokens 0.028s
2025-03-12 09:13:06.776 68510 INFO tempest.lib.common.rest_client [req-a111b480-bcdc-4b7e-8dca-6ad5627b7280 req-a111b480-bcdc-4b7e-8dca-6ad5627b7280 ] Request (SecurityGroupRulesTestJSON:setUpClass): 200 GET http://10.180.1.21/identity/v3/domains?name=Default 0.035s
2025-03-12 09:13:06.788 68472 INFO tempest.lib.common.rest_client [req-5d9814ef-04e3-4d24-a6d2-7a9ff0f399ff req-5d9814ef-04e3-4d24-a6d2-7a9ff0f399ff ] Request (ServersWithSpecificFlavorTestJSON:test_verify_created_server_ephemeral_disk): 200 GET http://10.180.1.21/compute/v2.1/servers/2a16afaf-4291-455b-b320-b9d58646fc32 1.655s
2025-03-12 09:13:06.811 68510 INFO tempest.lib.common.rest_client [req-964a8d08-80a0-4349-9770-b9381279d764 req-964a8d08-80a0-4349-9770-b9381279d764 ] Request (SecurityGroupRulesTestJSON:setUpClass): 201 POST http://10.180.1.21/identity/v3/projects 0.033s
2025-03-12 09:13:06.820 68518 INFO tempest.lib.common.rest_client [req-dc224b42-3456-4bff-9fa8-afcc4a6df626 req-dc224b42-3456-4bff-9fa8-afcc4a6df626 ] Request (ImagesMetadataTestJSON:tearDownClass): 204 DELETE http://10.180.1.21/identity/v3/projects/1bc7515b79f7425cb6918249b5109eff 0.136s
2025-03-12 09:13:06.838 68520 INFO tempest.lib.common.rest_client [req-7d951159-0ce7-4132-a792-97a0c9cdd941 req-7d951159-0ce7-4132-a792-97a0c9cdd941 ] Request (FloatingIPDetailsTestJSON:test_list_floating_ips): 200 GET http://10.180.1.21/compute/v2.1/os-floating-ips 1.664s
2025-03-12 09:13:06.854 68476 INFO tempest.lib.common.rest_client [req-f299f2c5-4cdb-43b9-94c2-87ce76e796f6 req-f299f2c5-4cdb-43b9-94c2-87ce76e796f6 ] Request (InstanceActionsNegativeTestJSON:setUpClass): 200 GET http://10.180.1.21/compute/v2.1/servers/e1f537bc-5937-446d-b44a-8c0fe5441aee 1.667s
2025-03-12 09:13:06.860 68468 INFO tempest.lib.common.rest_client [req-e65cf07c-3d7b-4d3c-85a1-89cb4c3fdd0b req-e65cf07c-3d7b-4d3c-85a1-89cb4c3fdd0b ] Request (FlavorsV2TestJSON:test_list_flavors_detailed_using_marker): 200 GET http://10.180.1.21/compute/v2.1/flavors/42 1.658s
2025-03-12 09:13:06.870 68488 INFO tempest.lib.common.rest_client [req-b389708f-abd0-4b38-84da-4883bf46d071 req-b389708f-abd0-4b38-84da-4883bf46d071 ] Request (FlavorsAdminTestJSON:test_is_public_string_variations): 200 GET http://10.180.1.21/compute/v2.1/flavors/detail?is_public=false 1.648s
2025-03-12 09:13:06.879 68510 INFO tempest.lib.common.rest_client [req-313bf2e1-c397-4d20-a2a2-ec48417ca964 req-313bf2e1-c397-4d20-a2a2-ec48417ca964 ] Request (SecurityGroupRulesTestJSON:setUpClass): 201 POST http://10.180.1.21/identity/v3/users 0.068s
2025-03-12 09:13:06.897 68518 INFO tempest.lib.common.rest_client [req-f323612d-102a-456c-a704-8e1bbc4d824d req-f323612d-102a-456c-a704-8e1bbc4d824d ] Request (InstanceActionsTestJSON:setUpClass): 201 POST http://10.180.1.21/identity/v3/auth/tokens 0.075s
2025-03-12 09:13:06.910 68510 INFO tempest.lib.common.rest_client [req-b6b70521-8dd9-4855-9a31-e109c594f74f req-b6b70521-8dd9-4855-9a31-e109c594f74f ] Request (SecurityGroupRulesTestJSON:setUpClass): 200 GET http://10.180.1.21/identity/v3/roles 0.030s
2025-03-12 09:13:06.920 68484 INFO tempest.lib.common.rest_client [req-73c9252f-95ff-48db-be83-fc5b4c32a1f3 req-73c9252f-95ff-48db-be83-fc5b4c32a1f3 ] Request (ServerDiagnosticsV248Test:test_get_server_diagnostics): 200 GET http://10.180.1.21/compute/v2.1/servers/6462c122-dc0f-4083-84f8-a472e61285b8 1.610s
2025-03-12 09:13:06.928 68518 INFO tempest.lib.common.rest_client [req-f902c248-41da-4ea8-b853-bb5004e03e9c req-f902c248-41da-4ea8-b853-bb5004e03e9c ] Request (InstanceActionsTestJSON:setUpClass): 201 POST http://10.180.1.21/identity/v3/auth/tokens 0.028s
2025-03-12 09:13:06.928 68498 INFO tempest.lib.common.rest_client [req-45fcd26a-963d-484c-ab38-c565e56675f6 req-45fcd26a-963d-484c-ab38-c565e56675f6 ] Request (ServerDiagnosticsTest:tearDownClass): 200 GET http://10.180.1.21/compute/v2.1/servers/08ab5963-281f-43c8-ae97-9cb9028d095f 1.588s
2025-03-12 09:13:06.935 68498 INFO tempest.common.waiters [-] State transition "ACTIVE/deleting" ==> "DELETED/None" after 5 second wait
2025-03-12 09:13:06.942 68510 INFO tempest.lib.common.rest_client [req-9c57533b-aaa5-4eb1-9ee9-37f7b78f0e62 req-9c57533b-aaa5-4eb1-9ee9-37f7b78f0e62 ] Request (SecurityGroupRulesTestJSON:setUpClass): 204 PUT http://10.180.1.21/identity/v3/projects/f6cd1fea0ca44ee896d44e00843d656d/users/8d896c3529e343c1b3914d842cf35433/roles/62f0c8c530ae4f3dbecf3cbebfb95666 0.032s
2025-03-12 09:13:06.943 68510 INFO tempest.lib.common.dynamic_creds [-] Dynamic test user 8d896c3529e343c1b3914d842cf35433 is created with scope project and roles: ['member']
2025-03-12 09:13:06.943 68510 INFO tempest.lib.common.dynamic_creds [-] Acquired dynamic creds: credentials: Credentials: {'domain_id': 'default', 'domain_name': 'Default', 'username': 'tempest-SecurityGroupRulesTestJSON-1617334781-project-member', 'project_domain_id': 'default', 'project_domain_name': 'Default', 'project_id': 'f6cd1fea0ca44ee896d44e00843d656d', 'project_name': 'tempest-SecurityGroupRulesTestJSON-1617334781', 'tenant_id': 'f6cd1fea0ca44ee896d44e00843d656d', 'tenant_name': 'tempest-SecurityGroupRulesTestJSON-1617334781', 'user_domain_id': 'default', 'user_domain_name': 'Default', 'user_id': '8d896c3529e343c1b3914d842cf35433', 'system': None}, Network: None, Subnet: None, Router: None
2025-03-12 09:13:06.996 68518 INFO tempest.lib.common.rest_client [req-46d737f2-99b5-4ef8-ae71-f4f747df173e req-46d737f2-99b5-4ef8-ae71-f4f747df173e ] Request (InstanceActionsTestJSON:setUpClass): 200 GET http://10.180.1.21/identity/v3/domains?name=Default 0.067s
2025-03-12 09:13:07.020 68510 INFO tempest.lib.common.rest_client [req-ea4f3246-1569-4f6c-8c2c-bdde7ac9d8fd req-ea4f3246-1569-4f6c-8c2c-bdde7ac9d8fd ] Request (SecurityGroupRulesTestJSON:setUpClass): 201 POST http://10.180.1.21/identity/v3/auth/tokens 0.077s
2025-03-12 09:13:07.050 68518 INFO tempest.lib.common.rest_client [req-d9fce002-2f52-4639-a25d-1a2f2f7430bc req-d9fce002-2f52-4639-a25d-1a2f2f7430bc ] Request (InstanceActionsTestJSON:setUpClass): 201 POST http://10.180.1.21/identity/v3/projects 0.053s
2025-03-12 09:13:07.098 68466 INFO tempest.lib.common.rest_client [req-1b9abce1-3b6b-41b0-abe9-d9cfdc58cba3 req-1b9abce1-3b6b-41b0-abe9-d9cfdc58cba3 ] Request (ServerExternalEventsTest:test_create_server_external_events): 200 POST http://10.180.1.21/compute/v2.1/os-server-external-events 1.667s
2025-03-12 09:13:07.128 68518 INFO tempest.lib.common.rest_client [req-ad704296-ce52-48a5-9f9f-39e8b41d85da req-ad704296-ce52-48a5-9f9f-39e8b41d85da ] Request (InstanceActionsTestJSON:setUpClass): 201 POST http://10.180.1.21/identity/v3/users 0.078s
2025-03-12 09:13:07.150 68518 INFO tempest.lib.common.rest_client [req-b205e8bb-31ab-40a7-ad0d-1095161cb5cc req-b205e8bb-31ab-40a7-ad0d-1095161cb5cc ] Request (InstanceActionsTestJSON:setUpClass): 200 GET http://10.180.1.21/identity/v3/roles 0.020s
2025-03-12 09:13:07.180 68505 INFO tempest.lib.common.rest_client [req-2f9655d6-6eae-4aa5-8603-fb7d232c4cbc req-2f9655d6-6eae-4aa5-8603-fb7d232c4cbc ] Request (ImagesOneServerNegativeTestJSON:setUpClass): 200 GET http://10.180.1.21/compute/v2.1/servers/a518e6a0-7142-4a7b-a710-169c52edd3ee 1.704s
2025-03-12 09:13:07.187 68518 INFO tempest.lib.common.rest_client [req-600ba811-3215-4fb5-a947-1bba131f5e2f req-600ba811-3215-4fb5-a947-1bba131f5e2f ] Request (InstanceActionsTestJSON:setUpClass): 204 PUT http://10.180.1.21/identity/v3/projects/e38a30810a254a1f93277801c1859cde/users/956d1a3df7714ce1a0f5ac1136a3c084/roles/62f0c8c530ae4f3dbecf3cbebfb95666 0.037s
2025-03-12 09:13:07.188 68518 INFO tempest.lib.common.dynamic_creds [-] Dynamic test user 956d1a3df7714ce1a0f5ac1136a3c084 is created with scope project and roles: ['member']
2025-03-12 09:13:07.188 68518 INFO tempest.lib.common.dynamic_creds [-] Acquired dynamic creds: credentials: Credentials: {'domain_id': 'default', 'domain_name': 'Default', 'username': 'tempest-InstanceActionsTestJSON-1310580034-project-member', 'project_domain_id': 'default', 'project_domain_name': 'Default', 'project_id': 'e38a30810a254a1f93277801c1859cde', 'project_name': 'tempest-InstanceActionsTestJSON-1310580034', 'tenant_id': 'e38a30810a254a1f93277801c1859cde', 'tenant_name': 'tempest-InstanceActionsTestJSON-1310580034', 'user_domain_id': 'default', 'user_domain_name': 'Default', 'user_id': '956d1a3df7714ce1a0f5ac1136a3c084', 'system': None}, Network: None, Subnet: None, Router: None
2025-03-12 09:13:07.208 68470 INFO tempest.lib.common.rest_client [req-77c4c8a3-8879-4ce3-a048-e1387a01ce32 req-77c4c8a3-8879-4ce3-a048-e1387a01ce32 ] Request (AggregatesAdminNegativeTestJSON:test_aggregate_remove_nonexistent_host): 200 POST http://10.180.1.21/compute/v2.1/os-aggregates 1.721s
2025-03-12 09:13:07.259 68518 INFO tempest.lib.common.rest_client [req-feb26ae0-e85e-47d9-95e7-806b1cd54072 req-feb26ae0-e85e-47d9-95e7-806b1cd54072 ] Request (InstanceActionsTestJSON:setUpClass): 201 POST http://10.180.1.21/identity/v3/auth/tokens 0.071s
2025-03-12 09:13:07.481 68506 INFO tempest.lib.common.rest_client [req-7bbf7bc4-0d50-4224-8d30-9153f40f7e56 req-7bbf7bc4-0d50-4224-8d30-9153f40f7e56 ] Request (VolumesAdminNegativeTest:test_update_attached_volume_with_nonexistent_volume_in_body): 200 GET http://10.180.1.21/compute/v2.1/servers/a5e06d25-8a3d-4cad-a340-cb441326aedf 1.901s
2025-03-12 09:13:07.519 68510 INFO tempest.lib.common.rest_client [req-0e90f14a-8b44-406f-9d1a-6fcff441fa9e req-0e90f14a-8b44-406f-9d1a-6fcff441fa9e ] Request (SecurityGroupRulesTestJSON:setUpClass): 201 POST http://10.180.1.21:9696/networking/v2.0/networks 0.499s
2025-03-12 09:13:07.594 68514 INFO tempest.lib.common.rest_client [req-668a3ebf-fa96-4472-9656-6eedafbfc960 req-668a3ebf-fa96-4472-9656-6eedafbfc960 ] Request (QuotaClassesAdminTestJSON:test_update_default_quotas): 200 PUT http://10.180.1.21/compute/v2.1/os-quota-class-sets/default 1.639s
2025-03-12 09:13:07.829 68518 INFO tempest.lib.common.rest_client [req-5c2a1068-0b08-4a25-a2d8-96ad46095f72 req-5c2a1068-0b08-4a25-a2d8-96ad46095f72 ] Request (InstanceActionsTestJSON:setUpClass): 201 POST http://10.180.1.21:9696/networking/v2.0/networks 0.570s
2025-03-12 09:13:07.967 68516 INFO tempest.lib.common.rest_client [req-c521cf36-1f08-40c3-a36a-cd8b77831c4d req-c521cf36-1f08-40c3-a36a-cd8b77831c4d ] Request (FloatingIPsAssociationNegativeTestJSON:test_associate_ip_to_server_with_floating_ip): 200 POST http://10.180.1.21/compute/v2.1/os-floating-ips 2.524s
2025-03-12 09:13:07.980 68510 INFO tempest.lib.common.rest_client [req-9945a9ea-8ade-45f5-a38f-04ae0f83bedc req-9945a9ea-8ade-45f5-a38f-04ae0f83bedc ] Request (SecurityGroupRulesTestJSON:setUpClass): 201 POST http://10.180.1.21:9696/networking/v2.0/subnets 0.459s
2025-03-12 09:13:08.117 68508 INFO tempest.lib.common.rest_client [req-fdb3e5f7-f826-45ad-8f45-e65026700009 req-fdb3e5f7-f826-45ad-8f45-e65026700009 ] Request (FloatingIPsTestJSON:test_delete_floating_ip): 202 DELETE http://10.180.1.21/compute/v2.1/os-floating-ips/7352b874-81e7-4662-9d36-6c4880014ee6 2.023s
2025-03-12 09:13:08.152 68518 INFO tempest.lib.common.rest_client [req-1928b046-80d7-412d-b396-3683b577b747 req-1928b046-80d7-412d-b396-3683b577b747 ] Request (InstanceActionsTestJSON:setUpClass): 201 POST http://10.180.1.21:9696/networking/v2.0/subnets 0.321s
2025-03-12 09:13:08.189 68480 INFO tempest.lib.common.rest_client [req-c5e4432d-f1c0-40d7-a403-82f922d5fcfc req-c5e4432d-f1c0-40d7-a403-82f922d5fcfc ] Request (ServerRescueTestJSONUnderV235:setUpClass): 200 GET http://10.180.1.21/compute/v2.1/servers/ff322f86-8e94-43e4-9c39-c133ac8ee7ca 1.957s
2025-03-12 09:13:08.233 68490 INFO tempest.lib.common.rest_client [req-655e7550-e0ca-49c8-b642-7d7e0375add2 req-655e7550-e0ca-49c8-b642-7d7e0375add2 ] Request (ImagesMetadataNegativeTestJSON:test_delete_nonexistent_image_metadata_item): 404 DELETE http://10.180.1.21/compute/v2.1/images/23444807-a66a-4e65-8e74-7dee9fea31d6/metadata/os_distro 1.974s
2025-03-12 09:13:08.251 68474 INFO tempest.lib.common.rest_client [req-e980bd11-8645-44c8-95e8-761a7ccd6eb7 req-e980bd11-8645-44c8-95e8-761a7ccd6eb7 ] Request (ServerAddressesTestJSON:setUpClass): 200 GET http://10.180.1.21/compute/v2.1/servers/f0d040bc-68b5-4e45-b854-775936dae98c 1.737s
2025-03-12 09:13:08.317 68512 INFO tempest.lib.common.rest_client [req-46b469b1-ee0a-48f3-b68b-07282e15f722 req-46b469b1-ee0a-48f3-b68b-07282e15f722 ] Request (ImagesTestJSON:test_create_image_from_stopped_server): 200 GET http://10.180.1.21/compute/v2.1/servers/22fbeb09-3d90-4b99-ab23-73793f4a9b40 1.765s
2025-03-12 09:13:08.379 68492 INFO tempest.lib.common.rest_client [req-ff7c32d0-3a94-41f9-8e50-7e287daeb09b req-ff7c32d0-3a94-41f9-8e50-7e287daeb09b ] Request (DeleteServersAdminTestJSON:test_admin_delete_servers_of_others): 200 GET http://10.180.1.21/compute/v2.1/servers/f7578951-667c-401a-a56e-637a992dddb4 1.604s
2025-03-12 09:13:08.605 68496 INFO tempest.lib.common.rest_client [req-b0f01096-7f2f-4928-88ba-c02ef99ad887 req-b0f01096-7f2f-4928-88ba-c02ef99ad887 ] Request (ServersAdminTestJSON:test_create_server_with_scheduling_hint): 202 POST http://10.180.1.21/compute/v2.1/servers 2.090s
2025-03-12 09:13:08.651 68468 INFO tempest.lib.common.rest_client [req-a1b1901f-b090-461a-98b5-c06cbb2b7ad8 req-a1b1901f-b090-461a-98b5-c06cbb2b7ad8 ] Request (FlavorsV2TestJSON:test_list_flavors_detailed_using_marker): 200 GET http://10.180.1.21/compute/v2.1/flavors/detail?marker=42 1.789s
2025-03-12 09:13:08.664 68488 INFO tempest.lib.common.rest_client [req-5739b408-df9c-44b8-acd4-31e729566342 req-5739b408-df9c-44b8-acd4-31e729566342 ] Request (FlavorsAdminTestJSON:test_is_public_string_variations): 200 GET http://10.180.1.21/compute/v2.1/flavors/detail?is_public=no 1.790s
2025-03-12 09:13:08.754 68466 INFO tempest.lib.common.rest_client [req-67bae6b4-f7c8-432d-abdd-7df701d6cf72 req-67bae6b4-f7c8-432d-abdd-7df701d6cf72 ] Request (ServerExternalEventsTest:tearDownClass): 204 DELETE http://10.180.1.21/compute/v2.1/servers/74dfb642-d692-4832-b2ca-ccbe76fb0802 1.651s
2025-03-12 09:13:08.778 68470 INFO tempest.lib.common.rest_client [req-9f62a528-c075-415d-bda9-fd97239f93ad req-9f62a528-c075-415d-bda9-fd97239f93ad ] Request (AggregatesAdminNegativeTestJSON:test_aggregate_remove_nonexistent_host): 404 POST http://10.180.1.21/compute/v2.1/os-aggregates/8/action 1.568s
2025-03-12 09:13:08.841 68486 INFO tempest.lib.common.rest_client [req-e75c63c6-2aec-4722-82a9-689ddbe3fea3 req-e75c63c6-2aec-4722-82a9-689ddbe3fea3 ] Request (ServerActionsTestJSON:setUpClass): 200 GET http://10.180.1.21/compute/v2.1/servers/fa4e8290-ce2b-4823-8166-afd27d4abde0 1.524s
2025-03-12 09:13:08.914 68482 INFO tempest.lib.common.rest_client [req-5d9d2396-a80b-495d-bde1-eb1888743dce req-5d9d2396-a80b-495d-bde1-eb1888743dce ] Request (MultipleCreateTestJSON:test_multiple_create): 200 GET http://10.180.1.21/compute/v2.1/servers/953ab25c-c318-439f-aed7-5d9df5c37a8e 1.404s
2025-03-12 09:13:08.964 68502 INFO tempest.lib.common.rest_client [req-06c92036-3fdf-46e5-b5c0-d7a522525c57 req-06c92036-3fdf-46e5-b5c0-d7a522525c57 ] Request (ServerAddressesNegativeTestJSON:setUpClass): 200 GET http://10.180.1.21/compute/v2.1/servers/6a07635b-5b0c-4d02-94dc-2c6cd34b95b5 1.393s
2025-03-12 09:13:08.973 68502 INFO tempest.common.waiters [-] State transition "BUILD/scheduling" ==> "BUILD/None" after 10 second wait
2025-03-12 09:13:08.978 68514 INFO tempest.lib.common.rest_client [req-3ad7e544-a541-4d1d-88f3-74ca930a7af5 req-3ad7e544-a541-4d1d-88f3-74ca930a7af5 ] Request (QuotaClassesAdminTestJSON:test_update_default_quotas): 200 GET http://10.180.1.21/compute/v2.1/os-quota-class-sets/default 1.382s
2025-03-12 09:13:08.987 68518 INFO tempest.lib.common.rest_client [req-45ce543e-e90d-49cd-954b-edeb23d78fde req-45ce543e-e90d-49cd-954b-edeb23d78fde ] Request (InstanceActionsTestJSON:setUpClass): 201 POST http://10.180.1.21:9696/networking/v2.0/routers 0.835s
2025-03-12 09:13:09.094 68520 INFO tempest.lib.common.rest_client [req-624a1e64-ea14-4e04-ac40-50679d6c520c req-624a1e64-ea14-4e04-ac40-50679d6c520c ] Request (FloatingIPDetailsTestJSON:tearDownClass): 202 DELETE http://10.180.1.21/compute/v2.1/os-floating-ips/e2bf2687-aa80-4acc-95ab-6ae64531a40c 2.252s
2025-03-12 09:13:09.134 68510 INFO tempest.lib.common.rest_client [req-6017d5a5-cfc3-4479-88f8-a79b0621f0ad req-6017d5a5-cfc3-4479-88f8-a79b0621f0ad ] Request (SecurityGroupRulesTestJSON:setUpClass): 201 POST http://10.180.1.21:9696/networking/v2.0/routers 1.154s
2025-03-12 09:13:09.143 68478 INFO tempest.lib.common.rest_client [req-fd699e12-7d12-4722-8036-df5724da2aff req-fd699e12-7d12-4722-8036-df5724da2aff ] Request (ServersAdminNegativeTestJSON:setUpClass): 200 GET http://10.180.1.21/compute/v2.1/servers/23228ef5-dfa9-44e5-b3da-b1532febba2a 1.527s
2025-03-12 09:13:09.153 68478 INFO tempest.common.waiters [-] State transition "BUILD/networking" ==> "BUILD/spawning" after 27 second wait
2025-03-12 09:13:09.200 68464 INFO tempest.lib.common.rest_client [req-b0498572-068c-4102-a4b7-31ecaeed22c7 req-b0498572-068c-4102-a4b7-31ecaeed22c7 ] Request (VolumesAssistedSnapshotsTest:test_volume_assisted_snapshot_create_delete): 200 GET http://10.180.1.21/compute/v2.1/servers/ec8106b2-cf75-44d3-b171-b3cfb4fd5e37 1.571s
2025-03-12 09:13:09.217 68523 INFO tempest.lib.common.rest_client [req-a2edd549-0e04-42b9-ad2b-b0890fa46490 req-a2edd549-0e04-42b9-ad2b-b0890fa46490 ] Request (ServersAdmin275Test:test_rebuild_update_server_275): 200 GET http://10.180.1.21/compute/v2.1/servers/45a45c16-3ba7-4fc1-9bd1-f1751772d416 1.520s
2025-03-12 09:13:09.268 68500 INFO tempest.lib.common.rest_client [req-98aa33f4-6581-4d1b-82ca-17c462c29f6a req-98aa33f4-6581-4d1b-82ca-17c462c29f6a ] Request (ImagesOneServerTestJSON:test_create_delete_image): 200 GET http://10.180.1.21/compute/v2.1/images/2eec147b-7f8f-4669-815e-78bc11a3b901 1.540s
2025-03-12 09:13:09.343 68472 INFO tempest.lib.common.rest_client [req-0cf0aed8-1dd7-4b75-893e-d58784735735 req-0cf0aed8-1dd7-4b75-893e-d58784735735 ] Request (ServersWithSpecificFlavorTestJSON:test_verify_created_server_ephemeral_disk): 200 GET http://10.180.1.21/compute/v2.1/servers/2a16afaf-4291-455b-b320-b9d58646fc32 1.542s
2025-03-12 09:13:09.351 68472 INFO tempest.common.waiters [-] State transition "BUILD/None" ==> "BUILD/networking" after 25 second wait
2025-03-12 09:13:09.432 68476 INFO tempest.lib.common.rest_client [req-dfe7dd45-59c8-4e73-8708-f2a2c7389dfc req-dfe7dd45-59c8-4e73-8708-f2a2c7389dfc ] Request (InstanceActionsNegativeTestJSON:setUpClass): 200 GET http://10.180.1.21/compute/v2.1/servers/e1f537bc-5937-446d-b44a-8c0fe5441aee 1.569s
2025-03-12 09:13:09.446 68462 INFO tempest.lib.common.rest_client [req-53728f7c-eb43-4db5-b66b-c5126c17b5ea req-53728f7c-eb43-4db5-b66b-c5126c17b5ea ] Request (MigrationsAdminTest:test_list_migrations_in_flavor_resize_situation): 200 GET http://10.180.1.21/compute/v2.1/servers/d96bc42c-7bd3-41b2-a663-1992180fcd51 1.711s
2025-03-12 09:13:09.517 68484 INFO tempest.lib.common.rest_client [req-b1032bbc-f620-4327-bc00-3cc4499a06c4 req-b1032bbc-f620-4327-bc00-3cc4499a06c4 ] Request (ServerDiagnosticsV248Test:test_get_server_diagnostics): 200 GET http://10.180.1.21/compute/v2.1/servers/6462c122-dc0f-4083-84f8-a472e61285b8 1.587s
2025-03-12 09:13:09.547 68498 INFO tempest.lib.common.rest_client [req-7b873886-d434-4c19-84c6-e1c36ae577e4 req-7b873886-d434-4c19-84c6-e1c36ae577e4 ] Request (ServerDiagnosticsTest:tearDownClass): 200 GET http://10.180.1.21/compute/v2.1/servers/08ab5963-281f-43c8-ae97-9cb9028d095f 1.610s
2025-03-12 09:13:09.616 68508 INFO tempest.lib.common.rest_client [req-65ea749b-8499-4f29-82a6-2dd9db56618e req-65ea749b-8499-4f29-82a6-2dd9db56618e ] Request (FloatingIPsTestJSON:test_delete_floating_ip): 404 GET http://10.180.1.21/compute/v2.1/os-floating-ips/7352b874-81e7-4662-9d36-6c4880014ee6 1.498s
