2024-09-03 07:43:44.934 62122 INFO tempest.lib.common.rest_client [req-f17f6591-358d-4c4a-bfbd-5e09001dae68 req-f17f6591-358d-4c4a-bfbd-5e09001dae68 ] Request (VolumesAssistedSnapshotsTest:setUpClass): 200 PUT http://10.180.1.21:9696/networking/v2.0/routers/99f01cbf-f266-4c6a-b8dd-82c3fd5d7ad6/add_router_interface 4.034s
2024-09-03 07:43:44.934 62122 INFO tempest.lib.common.dynamic_creds [-] Created isolated network resources for: credentials: Credentials: {'domain_id': 'default', 'domain_name': 'Default', 'username': 'tempest-VolumesAssistedSnapshotsTest-1949902129-project', 'project_domain_id': 'default', 'project_domain_name': 'Default', 'project_id': 'a35a07c9e34641ca93baa22e5af0d474', 'project_name': 'tempest-VolumesAssistedSnapshotsTest-1949902129', 'tenant_id': 'a35a07c9e34641ca93baa22e5af0d474', 'tenant_name': 'tempest-VolumesAssistedSnapshotsTest-1949902129', 'user_domain_id': 'default', 'user_domain_name': 'Default', 'user_id': 'e23e2742d2364b059fb4b12473271a50', 'system': None}, Network: {'id': 'ccdf6651-315a-47b2-aee6-3fe7f004755a', 'name': 'tempest-VolumesAssistedSnapshotsTest-2059767080-network', 'tenant_id': 'a35a07c9e34641ca93baa22e5af0d474', 'admin_state_up': True, 'mtu': 8950, 'status': 'ACTIVE', 'subnets': [], 'shared': False, 'project_id': 'a35a07c9e34641ca93baa22e5af0d474', 'port_security_enabled': True, 'router:external': False, 'provider:network_type': 'vlan', 'provider:physical_network': 'default', 'provider:segmentation_id': 771, 'is_default': False, 'availability_zone_hints': [], 'availability_zones': [], 'ipv4_address_scope': None, 'ipv6_address_scope': None, 'description': '', 'tags': [], 'created_at': '2024-09-03T07:43:39Z', 'updated_at': '2024-09-03T07:43:39Z', 'revision_number': 1}, Subnet: {'id': '669443ee-7707-4b25-a212-5e9a4cb393c9', 'name': 'tempest-VolumesAssistedSnapshotsTest-2059767080-subnet', 'tenant_id': 'a35a07c9e34641ca93baa22e5af0d474', 'network_id': 'ccdf6651-315a-47b2-aee6-3fe7f004755a', 'ip_version': 4, 'subnetpool_id': None, 'enable_dhcp': True, 'ipv6_ra_mode': None, 'ipv6_address_mode': None, 'gateway_ip': '192.168.128.1', 'cidr': '192.168.128.0/28', 'allocation_pools': [{'start': '192.168.128.2', 'end': '192.168.128.14'}], 'host_routes': [], 'dns_nameservers': [], 'description': '', 'router:external': False, 'service_types': [], 'tags': [], 'created_at': '2024-09-03T07:43:39Z', 'updated_at': '2024-09-03T07:43:39Z', 'revision_number': 0, 'project_id': 'a35a07c9e34641ca93baa22e5af0d474'}, Router: {'id': '99f01cbf-f266-4c6a-b8dd-82c3fd5d7ad6', 'name': 'tempest-VolumesAssistedSnapshotsTest-2059767080-router', 'tenant_id': 'a35a07c9e34641ca93baa22e5af0d474', 'admin_state_up': True, 'status': 'ACTIVE', 'external_gateway_info': {'network_id': '80be1b5f-9c0e-4184-a486-dc7467192d88', 'external_fixed_ips': [{'subnet_id': '93180fcc-5576-4c7f-ba97-c657a1591f84', 'ip_address': '10.180.180.161'}], 'enable_snat': True}, 'description': '', 'availability_zones': [], 'distributed': False, 'ha': False, 'availability_zone_hints': [], 'routes': [], 'flavor_id': None, 'tags': [], 'created_at': '2024-09-03T07:43:39Z', 'updated_at': '2024-09-03T07:43:40Z', 'revision_number': 2, 'project_id': 'a35a07c9e34641ca93baa22e5af0d474'}
2024-09-03 07:43:44.951 62084 INFO tempest.lib.common.rest_client [req-aaed378b-91a8-4736-9307-fdab0881201d req-aaed378b-91a8-4736-9307-fdab0881201d ] Request (KeyPairsV210TestJSON:setUpClass): 201 POST http://10.180.1.21/identity/v3/projects 0.378s
2024-09-03 07:43:45.043 62105 INFO tempest.lib.common.rest_client [req-be37295c-0730-4637-b4e9-e9dd5d2a589f req-be37295c-0730-4637-b4e9-e9dd5d2a589f ] Request (HostsAdminTestJSON:tearDownClass): 204 DELETE http://10.180.1.21/identity/v3/users/a256492f934344d7967c994bb8772abc 0.382s
2024-09-03 07:43:45.044 62105 INFO tempest.lib.common.dynamic_creds [-] Deleting project and security group for project: 340fcdccc8d8420185cdbca4dda71872
2024-09-03 07:43:45.050 62114 INFO tempest.lib.common.rest_client [req-97fff3d8-bbf7-44d5-94a2-9d2c0ee099e6 req-97fff3d8-bbf7-44d5-94a2-9d2c0ee099e6 ] Request (NetworksTest:tearDownClass): 204 DELETE http://10.180.1.21/identity/v3/projects/987a66161045499b897a2fefcb1a962d 0.388s
2024-09-03 07:43:45.099 62062 INFO tempest.lib.common.rest_client [req-047cd768-3597-4898-83cd-db75d0cad403 req-047cd768-3597-4898-83cd-db75d0cad403 ] Request (FloatingIPsTestJSON:tearDownClass): 204 DELETE http://10.180.1.21:9696/networking/v2.0/networks/86532f02-65b5-437e-9286-234333c7c45c 1.345s
2024-09-03 07:43:45.101 62092 INFO tempest.lib.common.rest_client [req-b22d8c11-dede-42c9-87f5-00475705ad65 req-b22d8c11-dede-42c9-87f5-00475705ad65 ] Request (TenantUsagesNegativeTestJSON:setUpClass): 204 PUT http://10.180.1.21/identity/v3/projects/1ebb6483184048b2b1cd8683ca5f6e24/users/84276f06009f4556a7d23aca6acb728f/roles/2193632934d54214a0cf677639013a0a 0.391s
2024-09-03 07:43:45.102 62092 INFO tempest.lib.common.dynamic_creds [-] Dynamic test user 84276f06009f4556a7d23aca6acb728f is created with scope project and roles: ['member']
2024-09-03 07:43:45.102 62092 INFO tempest.lib.common.dynamic_creds [-] Acquired dynamic creds: credentials: Credentials: {'domain_id': 'default', 'domain_name': 'Default', 'username': 'tempest-TenantUsagesNegativeTestJSON-1265384552-project-member', 'project_domain_id': 'default', 'project_domain_name': 'Default', 'project_id': '1ebb6483184048b2b1cd8683ca5f6e24', 'project_name': 'tempest-TenantUsagesNegativeTestJSON-1265384552', 'tenant_id': '1ebb6483184048b2b1cd8683ca5f6e24', 'tenant_name': 'tempest-TenantUsagesNegativeTestJSON-1265384552', 'user_domain_id': 'default', 'user_domain_name': 'Default', 'user_id': '84276f06009f4556a7d23aca6acb728f', 'system': None}, Network: None, Subnet: None, Router: None
2024-09-03 07:43:45.102 62092 INFO tempest.lib.common.dynamic_creds [-] Created isolated network resources for: credentials: Credentials: {'domain_id': 'default', 'domain_name': 'Default', 'username': 'tempest-TenantUsagesNegativeTestJSON-1265384552-project-member', 'project_domain_id': 'default', 'project_domain_name': 'Default', 'project_id': '1ebb6483184048b2b1cd8683ca5f6e24', 'project_name': 'tempest-TenantUsagesNegativeTestJSON-1265384552', 'tenant_id': '1ebb6483184048b2b1cd8683ca5f6e24', 'tenant_name': 'tempest-TenantUsagesNegativeTestJSON-1265384552', 'user_domain_id': 'default', 'user_domain_name': 'Default', 'user_id': '84276f06009f4556a7d23aca6acb728f', 'system': None}, Network: None, Subnet: None, Router: None
2024-09-03 07:43:45.107 62094 INFO tempest.lib.common.rest_client [req-7250ce25-1d5e-419c-bfea-3a88754f692b req-7250ce25-1d5e-419c-bfea-3a88754f692b ] Request (QuotasAdminTestV257:tearDownClass): 201 POST http://10.180.1.21/identity/v3/auth/tokens 0.337s
2024-09-03 07:43:45.115 62112 INFO tempest.lib.common.rest_client [req-06e91394-bc80-4f7d-bffe-20808707a664 req-06e91394-bc80-4f7d-bffe-20808707a664 ] Request (ValidationResourcesFixture:setUp): 201 POST http://10.180.1.21:9696/networking/v2.0/security-groups 0.404s
2024-09-03 07:43:45.169 62109 INFO tempest.lib.common.rest_client [req-f44876ea-633a-4a0b-beec-263a35bdaf7b req-f44876ea-633a-4a0b-beec-263a35bdaf7b ] Request (HypervisorAdminNegativeTestJSON:tearDownClass): 204 DELETE http://10.180.1.21:9696/networking/v2.0/security-groups/40416b78-0a11-4ec6-87da-de22221dcd47 0.469s
2024-09-03 07:43:45.197 62076 INFO tempest.lib.common.rest_client [req-031321d2-c285-433d-b8fa-1ec1a214ac45 req-031321d2-c285-433d-b8fa-1ec1a214ac45 ] Request (FlavorsAccessTestJSON:tearDownClass): 204 DELETE http://10.180.1.21/identity/v3/users/223f67230c6d4673a5f69fb104fb802e 0.348s
2024-09-03 07:43:45.197 62076 INFO tempest.lib.common.dynamic_creds [-] Deleting project and security group for project: 9d59bad4a3804cf6b9413875e0aa081d
2024-09-03 07:43:45.254 62119 INFO tempest.lib.common.rest_client [req-60357ac3-78fd-40f5-b390-f2c00e1ee319 req-60357ac3-78fd-40f5-b390-f2c00e1ee319 ] Request (QuotasAdminTestV236:test_get_updated_quotas): 200 GET http://10.180.1.21/identity/v3/domains?name=Default 0.349s
2024-09-03 07:43:45.268 62082 INFO tempest.lib.common.rest_client [req-8481cd7c-424b-4837-94b0-1cc08c74dc4d req-8481cd7c-424b-4837-94b0-1cc08c74dc4d ] Request (QuotasAdminNegativeTest:setUpClass): 200 GET http://10.180.1.21/identity/v3/roles 0.378s
2024-09-03 07:43:45.300 62084 INFO tempest.lib.common.rest_client [req-e2d29c1c-b41f-40d7-bb11-90b208f4526f req-e2d29c1c-b41f-40d7-bb11-90b208f4526f ] Request (KeyPairsV210TestJSON:setUpClass): 201 POST http://10.180.1.21/identity/v3/users 0.348s
2024-09-03 07:43:45.345 62105 INFO tempest.lib.common.rest_client [req-eb24643e-6a10-4c3d-9845-c56a71c842c1 req-eb24643e-6a10-4c3d-9845-c56a71c842c1 ] Request (HostsAdminTestJSON:tearDownClass): 201 POST http://10.180.1.21/identity/v3/auth/tokens 0.300s
2024-09-03 07:43:45.371 62114 INFO tempest.lib.common.rest_client [req-8039d2d9-bbae-47c8-a0cb-104dfe2f81eb req-8039d2d9-bbae-47c8-a0cb-104dfe2f81eb ] Request (ServersTestManualDisk:setUpClass): 201 POST http://10.180.1.21/identity/v3/auth/tokens 0.319s
2024-09-03 07:43:45.384 62122 INFO tempest.lib.common.rest_client [req-5739e287-55bd-4c77-8c92-6a781dc7d56e req-5739e287-55bd-4c77-8c92-6a781dc7d56e ] Request (VolumesAssistedSnapshotsTest:setUpClass): 201 POST http://10.180.1.21/identity/v3/auth/tokens 0.409s
2024-09-03 07:43:45.392 62072 INFO tempest.lib.common.rest_client [req-b103ae62-f4a2-422b-a969-dd9eb108e81a req-b103ae62-f4a2-422b-a969-dd9eb108e81a ] Request (ServicesAdminNegativeV253TestJSON:tearDownClass): 200 GET http://10.180.1.21:9696/networking/v2.0/security-groups?tenant_id=070f113e7719420e8554f656fa5e811d&name=default 0.793s
2024-09-03 07:43:45.410 62121 INFO tempest.lib.common.rest_client [req-b6cec77a-a9f3-48df-80f7-bd482b2496fa req-b6cec77a-a9f3-48df-80f7-bd482b2496fa ] Request (ServerMetadataTestJSON:setUpClass): 201 POST http://10.180.1.21:9696/networking/v2.0/networks 1.041s
2024-09-03 07:43:45.445 62080 INFO tempest.lib.common.rest_client [req-f56d0103-3bc0-4e3e-9fe0-a2371587c368 req-f56d0103-3bc0-4e3e-9fe0-a2371587c368 ] Request (FloatingIPDetailsTestJSON:setUpClass): 200 POST http://10.180.1.21/compute/v2.1/os-floating-ips 2.048s
2024-09-03 07:43:45.462 62066 INFO tempest.lib.common.rest_client [req-ce5312fe-3960-4410-9960-042c31999152 req-ce5312fe-3960-4410-9960-042c31999152 ] Request (FlavorsExtraSpecsNegativeTestJSON:tearDownClass): 200 GET http://10.180.1.21/compute/v2.1/flavors/detail 1.028s
2024-09-03 07:43:45.486 62062 INFO tempest.lib.common.rest_client [req-679c2276-7b0b-47f8-b721-add0cd1d9ef6 req-679c2276-7b0b-47f8-b721-add0cd1d9ef6 ] Request (FloatingIPsTestJSON:tearDownClass): 204 DELETE http://10.180.1.21/identity/v3/users/cc5c2fbcf971492fb958308a9c106fa5 0.387s
2024-09-03 07:43:45.486 62062 INFO tempest.lib.common.dynamic_creds [-] Deleting project and security group for project: bb83994bff874733b416a088f6c6f9ae
2024-09-03 07:43:45.489 62086 INFO tempest.lib.common.rest_client [req-84b7d54b-1bb8-4eb5-9cf0-7336734c0ec9 req-84b7d54b-1bb8-4eb5-9cf0-7336734c0ec9 ] Request (ServicesAdminNegativeTestJSON:test_get_service_by_invalid_service_and_valid_host): 200 GET http://10.180.1.21/compute/v2.1/os-services?host=devstack&binary=xxx 0.990s
2024-09-03 07:43:45.506 62106 INFO tempest.lib.common.rest_client [req-220e1268-416c-4dd5-87e8-aac2861ebd6a req-220e1268-416c-4dd5-87e8-aac2861ebd6a ] Request (VolumesAdminNegativeTest:setUpClass): 201 POST http://10.180.1.21:9696/networking/v2.0/subnets 0.890s
2024-09-03 07:43:45.513 62102 INFO tempest.lib.common.rest_client [req-4c64fadf-51e1-4833-8a45-dedce1b2cc11 req-4c64fadf-51e1-4833-8a45-dedce1b2cc11 ] Request (KeyPairsV2TestJSON:_run_cleanups): 202 DELETE http://10.180.1.21/compute/v2.1/os-keypairs/tempest-KeyPairsV2TestJSON-keypair-873236499 0.883s
2024-09-03 07:43:45.541 62096 INFO tempest.lib.common.rest_client [req-58520c18-a7a6-4d5f-b048-d5e470182615 req-58520c18-a7a6-4d5f-b048-d5e470182615 ] Request (AggregatesAdminNegativeTestJSON:_run_cleanups): 200 DELETE http://10.180.1.21/compute/v2.1/os-aggregates/3 0.884s
2024-09-03 07:43:45.546 62070 INFO tempest.lib.common.rest_client [req-2b512e61-e18d-4032-a6c6-cbe3fb9839e4 req-2b512e61-e18d-4032-a6c6-cbe3fb9839e4 ] Request (FlavorsAccessNegativeTestJSON:test_flavor_non_admin_remove): 200 POST http://10.180.1.21/compute/v2.1/flavors/1899241290/action 1.131s
2024-09-03 07:43:45.550 62090 INFO tempest.lib.common.rest_client [req-c029df1c-e0b6-46a7-8260-8ca604927f98 req-c029df1c-e0b6-46a7-8260-8ca604927f98 ] Request (HostsAdminNegativeTestJSON:test_update_host_without_param): 400 PUT http://10.180.1.21/compute/v2.1/os-hosts/devstack 0.886s
2024-09-03 07:43:45.568 62092 INFO tempest.lib.common.rest_client [req-a22d7793-01ea-4378-b556-b959b53d384c req-a22d7793-01ea-4378-b556-b959b53d384c ] Request (TenantUsagesNegativeTestJSON:setUpClass): 201 POST http://10.180.1.21/identity/v3/auth/tokens 0.461s
2024-09-03 07:43:45.571 62110 INFO tempest.lib.common.rest_client [req-87756bc9-3682-4262-b791-623be3a9a8a6 req-87756bc9-3682-4262-b791-623be3a9a8a6 ] Request (FlavorsExtraSpecsTestJSON:tearDownClass): 202 DELETE http://10.180.1.21/compute/v2.1/flavors/532407716 0.850s
2024-09-03 07:43:45.589 62112 INFO tempest.lib.common.rest_client [req-1ad2b873-df39-4f0c-9a0f-423c64ee41e7 req-1ad2b873-df39-4f0c-9a0f-423c64ee41e7 ] Request (ValidationResourcesFixture:setUp): 201 POST http://10.180.1.21:9696/networking/v2.0/security-group-rules 0.474s
2024-09-03 07:43:45.639 62062 INFO tempest.lib.common.rest_client [req-c6d80c91-60aa-4c35-9054-3a5160566ede req-c6d80c91-60aa-4c35-9054-3a5160566ede ] Request (FloatingIPsTestJSON:tearDownClass): 200 GET http://10.180.1.21:9696/networking/v2.0/security-groups?tenant_id=bb83994bff874733b416a088f6c6f9ae&name=default 0.152s
2024-09-03 07:43:45.657 62124 INFO tempest.lib.common.rest_client [req-0e92b861-eae1-4d6b-a6d0-98e2520b8aff req-0e92b861-eae1-4d6b-a6d0-98e2520b8aff ] Request (MigrationsAdminTest:test_list_migrations_in_flavor_resize_situation): 200 GET http://10.180.1.21/compute/v2.1/servers/76e29d48-9415-42ad-b599-e0efafd61474 0.862s
2024-09-03 07:43:45.664 62124 INFO tempest.common.waiters [-] State transition "BUILD/None" ==> "BUILD/block_device_mapping" after 9 second wait
2024-09-03 07:43:45.676 62109 INFO tempest.lib.common.rest_client [req-c936dbb2-d558-4d7e-86d2-a032b0586212 req-c936dbb2-d558-4d7e-86d2-a032b0586212 ] Request (HypervisorAdminNegativeTestJSON:tearDownClass): 204 DELETE http://10.180.1.21/identity/v3/projects/93ba377f8a614829914c1d91fc7a130d 0.507s
2024-09-03 07:43:45.677 62109 INFO tempest.lib.common.dynamic_creds [-] Deleting project and security group for project: f71aa03e075f4f5bb5ce66cd7dcf19a3
2024-09-03 07:43:45.728 62076 INFO tempest.lib.common.rest_client [req-7a11efae-e9ba-475c-8665-810a97edcedd req-7a11efae-e9ba-475c-8665-810a97edcedd ] Request (FlavorsAccessTestJSON:tearDownClass): 201 POST http://10.180.1.21/identity/v3/auth/tokens 0.531s
2024-09-03 07:43:45.746 62078 INFO tempest.lib.common.rest_client [req-8c1e140b-43fc-4ec4-9de7-82c7299b5620 req-8c1e140b-43fc-4ec4-9de7-82c7299b5620 ] Request (TenantUsagesTestJSON:setUpClass): 200 GET http://10.180.1.21/compute/v2.1/servers/c5811821-6d86-48bb-b2ac-b98cd1bc8bae 0.841s
2024-09-03 07:43:45.750 62084 INFO tempest.lib.common.rest_client [req-f2165a51-7abd-4a4b-9dbf-2b0285ba495e req-f2165a51-7abd-4a4b-9dbf-2b0285ba495e ] Request (KeyPairsV210TestJSON:setUpClass): 200 GET http://10.180.1.21/identity/v3/roles 0.450s
2024-09-03 07:43:45.779 62082 INFO tempest.lib.common.rest_client [req-0d30ed59-cfc4-47db-8c1b-1d0b86a39151 req-0d30ed59-cfc4-47db-8c1b-1d0b86a39151 ] Request (QuotasAdminNegativeTest:setUpClass): 204 PUT http://10.180.1.21/identity/v3/projects/69ebb58026a642df8df4d6ce600d64fb/users/2876cfd25929436c99f23e1886ee2acf/roles/2193632934d54214a0cf677639013a0a 0.511s
2024-09-03 07:43:45.780 62082 INFO tempest.lib.common.dynamic_creds [-] Dynamic test user 2876cfd25929436c99f23e1886ee2acf is created with scope project and roles: ['member']
2024-09-03 07:43:45.780 62082 INFO tempest.lib.common.dynamic_creds [-] Acquired dynamic creds: credentials: Credentials: {'domain_id': 'default', 'domain_name': 'Default', 'username': 'tempest-QuotasAdminNegativeTest-509678872-project-member', 'project_domain_id': 'default', 'project_domain_name': 'Default', 'project_id': '69ebb58026a642df8df4d6ce600d64fb', 'project_name': 'tempest-QuotasAdminNegativeTest-509678872', 'tenant_id': '69ebb58026a642df8df4d6ce600d64fb', 'tenant_name': 'tempest-QuotasAdminNegativeTest-509678872', 'user_domain_id': 'default', 'user_domain_name': 'Default', 'user_id': '2876cfd25929436c99f23e1886ee2acf', 'system': None}, Network: None, Subnet: None, Router: None
2024-09-03 07:43:45.780 62082 INFO tempest.lib.common.dynamic_creds [-] Created isolated network resources for: credentials: Credentials: {'domain_id': 'default', 'domain_name': 'Default', 'username': 'tempest-QuotasAdminNegativeTest-509678872-project-member', 'project_domain_id': 'default', 'project_domain_name': 'Default', 'project_id': '69ebb58026a642df8df4d6ce600d64fb', 'project_name': 'tempest-QuotasAdminNegativeTest-509678872', 'tenant_id': '69ebb58026a642df8df4d6ce600d64fb', 'tenant_name': 'tempest-QuotasAdminNegativeTest-509678872', 'user_domain_id': 'default', 'user_domain_name': 'Default', 'user_id': '2876cfd25929436c99f23e1886ee2acf', 'system': None}, Network: None, Subnet: None, Router: None
2024-09-03 07:43:45.844 62072 INFO tempest.lib.common.rest_client [req-28bb1215-98ce-4134-bea4-7f77088a35a8 req-28bb1215-98ce-4134-bea4-7f77088a35a8 ] Request (ServicesAdminNegativeV253TestJSON:tearDownClass): 204 DELETE http://10.180.1.21:9696/networking/v2.0/security-groups/bc76ba8d-8653-42e2-be73-bb51d9ecec23 0.451s
2024-09-03 07:43:45.859 62114 INFO tempest.lib.common.rest_client [req-f5cfa2e7-2dc8-4ac9-b89e-3342d4f61e4f req-f5cfa2e7-2dc8-4ac9-b89e-3342d4f61e4f ] Request (ServersTestManualDisk:setUpClass): 201 POST http://10.180.1.21/identity/v3/auth/tokens 0.485s
2024-09-03 07:43:45.911 62066 INFO tempest.lib.common.rest_client [req-fe8b6be8-d01d-4ed6-a9ec-52e0bdb8fae0 req-fe8b6be8-d01d-4ed6-a9ec-52e0bdb8fae0 ] Request (FlavorsExtraSpecsNegativeTestJSON:tearDownClass): 204 DELETE http://10.180.1.21/identity/v3/users/7fc5cb3bc0dc4dea91a8fb48c108e314 0.444s
2024-09-03 07:43:45.990 62092 INFO tempest.lib.common.rest_client [req-80a59917-efd6-4cb1-bd2f-040cc5a68e80 req-80a59917-efd6-4cb1-bd2f-040cc5a68e80 ] Request (TenantUsagesNegativeTestJSON:setUpClass): 201 POST http://10.180.1.21/identity/v3/projects 0.422s
2024-09-03 07:43:46.030 62102 INFO tempest.lib.common.rest_client [req-5a48ded3-b182-4b3b-971e-61d53526d7df req-5a48ded3-b182-4b3b-971e-61d53526d7df ] Request (KeyPairsV2TestJSON:tearDownClass): 204 DELETE http://10.180.1.21/identity/v3/users/2702dcb34626489888ebd64a49a080df 0.516s
2024-09-03 07:43:46.031 62102 INFO tempest.lib.common.dynamic_creds [-] Deleting project and security group for project: 954ce4f360b140e3bf1b74a12b4f8c27
2024-09-03 07:43:46.107 62098 INFO tempest.lib.common.rest_client [req-65ca0555-8617-429b-9d39-e7ef72a72c90 req-65ca0555-8617-429b-9d39-e7ef72a72c90 ] Request (ServersAdminNegativeTestJSON:setUpClass): 200 GET http://10.180.1.21/compute/v2.1/servers/b39cb907-f4e4-4363-8ec6-c3539180e2d0 1.378s
2024-09-03 07:43:46.120 62116 INFO tempest.lib.common.rest_client [req-c245c44b-0373-4427-82f6-08d4b8036561 req-c245c44b-0373-4427-82f6-08d4b8036561 ] Request (ListImageFiltersTestJSON:setUpClass): 201 POST http://10.180.1.21/image/v2/images 1.646s
2024-09-03 07:43:46.132 62084 INFO tempest.lib.common.rest_client [req-945c7625-24da-49a3-aa09-3ff34519fb63 req-945c7625-24da-49a3-aa09-3ff34519fb63 ] Request (KeyPairsV210TestJSON:setUpClass): 204 PUT http://10.180.1.21/identity/v3/projects/1c0bc0f328c04bbfaba912bd84c2167e/users/f73da95ab7bb4e93b8059b422c9567ab/roles/5e75e481c62342a88fa0f24607b11b7c 0.381s
2024-09-03 07:43:46.178 62094 INFO tempest.lib.common.rest_client [req-2f648072-8b43-4e43-a4aa-43fdb4768f0a req-2f648072-8b43-4e43-a4aa-43fdb4768f0a ] Request (QuotasAdminTestV257:tearDownClass): 200 GET http://10.180.1.21:9696/networking/v2.0/security-groups?tenant_id=1910f1b6424e4267a8fe19bcd9eac07c&name=default 1.070s
2024-09-03 07:43:46.199 62082 INFO tempest.lib.common.rest_client [req-67709574-a6a0-4b78-b18c-31ca76e85a77 req-67709574-a6a0-4b78-b18c-31ca76e85a77 ] Request (QuotasAdminNegativeTest:setUpClass): 201 POST http://10.180.1.21/identity/v3/auth/tokens 0.414s
2024-09-03 07:43:46.217 62074 INFO tempest.lib.common.rest_client [req-c689a2c9-8844-4a65-a0a5-68a31ef7a967 req-c689a2c9-8844-4a65-a0a5-68a31ef7a967 ] Request (ServerExternalEventsTest:test_create_server_external_events): 200 GET http://10.180.1.21/compute/v2.1/servers/245800d7-66f2-4deb-b590-92b293459c26 1.137s
2024-09-03 07:43:46.227 62074 INFO tempest.common.waiters [-] State transition "BUILD/scheduling" ==> "BUILD/None" after 2 second wait
2024-09-03 07:43:46.246 62112 INFO tempest.lib.common.rest_client [req-0fe8fd64-e767-4210-809f-ca03ef9e80c8 req-0fe8fd64-e767-4210-809f-ca03ef9e80c8 ] Request (ValidationResourcesFixture:setUp): 201 POST http://10.180.1.21:9696/networking/v2.0/security-group-rules 0.656s
2024-09-03 07:43:46.284 62114 INFO tempest.lib.common.rest_client [req-3d685337-0909-4aff-bb31-740fd7c83060 req-3d685337-0909-4aff-bb31-740fd7c83060 ] Request (ServersTestManualDisk:setUpClass): 200 GET http://10.180.1.21/identity/v3/domains?name=Default 0.424s
2024-09-03 07:43:46.308 62062 INFO tempest.lib.common.rest_client [req-8a3080d5-113b-4c22-82f5-ddba07f9949a req-8a3080d5-113b-4c22-82f5-ddba07f9949a ] Request (FloatingIPsTestJSON:tearDownClass): 204 DELETE http://10.180.1.21:9696/networking/v2.0/security-groups/7800abda-8411-4e9d-81ed-8c23749e2101 0.669s
2024-09-03 07:43:46.324 62109 INFO tempest.lib.common.rest_client [req-4e5b512c-7f3c-4e32-91d2-cbbe40be4f4f req-4e5b512c-7f3c-4e32-91d2-cbbe40be4f4f ] Request (HypervisorAdminNegativeTestJSON:tearDownClass): 200 GET http://10.180.1.21:9696/networking/v2.0/security-groups?tenant_id=f71aa03e075f4f5bb5ce66cd7dcf19a3&name=default 0.648s
2024-09-03 07:43:46.363 62072 INFO tempest.lib.common.rest_client [req-7f7f37a1-4f31-4aef-aff7-0ea347898e2c req-7f7f37a1-4f31-4aef-aff7-0ea347898e2c ] Request (ServicesAdminNegativeV253TestJSON:tearDownClass): 204 DELETE http://10.180.1.21/identity/v3/projects/070f113e7719420e8554f656fa5e811d 0.519s
2024-09-03 07:43:46.364 62072 INFO tempest.lib.common.dynamic_creds [-] Deleting project and security group for project: bc5dd2d16db44b378bc05c7b37990361
2024-09-03 07:43:46.364 62122 INFO tempest.lib.common.rest_client [req-5e2b1cce-7ccd-46d5-bf4e-70f8bbf29c98 req-5e2b1cce-7ccd-46d5-bf4e-70f8bbf29c98 ] Request (VolumesAssistedSnapshotsTest:test_volume_assisted_snapshot_create_delete): 202 POST http://10.180.1.21/volume/v3/5da7fc347ee24f0ca2245382bd8a7382/volumes 0.978s
2024-09-03 07:43:46.410 62088 INFO tempest.lib.common.rest_client [req-16b6ccf6-2ed8-4cf1-a98c-4b11d33acdca req-16b6ccf6-2ed8-4cf1-a98c-4b11d33acdca ] Request (DeleteServersAdminTestJSON:test_admin_delete_servers_of_others): 200 GET http://10.180.1.21/compute/v2.1/servers/0db3e49f-e761-4e0e-a029-6dca44c55e14 1.459s
2024-09-03 07:43:46.430 62066 INFO tempest.lib.common.rest_client [req-6fe0eb82-18e4-4768-9583-7c3a83a579b4 req-6fe0eb82-18e4-4768-9583-7c3a83a579b4 ] Request (FlavorsExtraSpecsNegativeTestJSON:tearDownClass): 204 DELETE http://10.180.1.21/identity/v3/users/b7604845a2824b5fb51cbc2721d9b52e 0.518s
2024-09-03 07:43:46.430 62066 INFO tempest.lib.common.dynamic_creds [-] Deleting project and security group for project: 0e5466092e6742d897dd9ac6556e06e6
2024-09-03 07:43:46.454 62121 INFO tempest.lib.common.rest_client [req-d3aeb974-ec5f-4747-ba1e-f43a0e3272af req-d3aeb974-ec5f-4747-ba1e-f43a0e3272af ] Request (ServerMetadataTestJSON:setUpClass): 201 POST http://10.180.1.21:9696/networking/v2.0/subnets 1.044s
2024-09-03 07:43:46.461 62122 INFO tempest.lib.common.rest_client [req-54075520-8833-40e2-8275-f29fab8da887 req-54075520-8833-40e2-8275-f29fab8da887 ] Request (VolumesAssistedSnapshotsTest:test_volume_assisted_snapshot_create_delete): 200 GET http://10.180.1.21/volume/v3/5da7fc347ee24f0ca2245382bd8a7382/volumes/adf913cb-6d50-44e3-9058-23315904bf49 0.090s
2024-09-03 07:43:46.507 62105 INFO tempest.lib.common.rest_client [req-290b7cee-4af8-42af-ae7e-159439dee6b0 req-290b7cee-4af8-42af-ae7e-159439dee6b0 ] Request (HostsAdminTestJSON:tearDownClass): 200 GET http://10.180.1.21:9696/networking/v2.0/security-groups?tenant_id=340fcdccc8d8420185cdbca4dda71872&name=default 1.162s
2024-09-03 07:43:46.533 62092 INFO tempest.lib.common.rest_client [req-9289ffce-0a91-40f0-9df0-51a5864807c4 req-9289ffce-0a91-40f0-9df0-51a5864807c4 ] Request (TenantUsagesNegativeTestJSON:setUpClass): 201 POST http://10.180.1.21/identity/v3/users 0.542s
2024-09-03 07:43:46.544 62102 INFO tempest.lib.common.rest_client [req-4e3453d9-9749-4383-ab8f-45a72a1271fb req-4e3453d9-9749-4383-ab8f-45a72a1271fb ] Request (KeyPairsV2TestJSON:tearDownClass): 201 POST http://10.180.1.21/identity/v3/auth/tokens 0.513s
2024-09-03 07:43:46.558 62084 INFO tempest.lib.common.rest_client [req-d4318a03-b4c5-4d54-9c18-cbe1ad8a3c67 req-d4318a03-b4c5-4d54-9c18-cbe1ad8a3c67 ] Request (KeyPairsV210TestJSON:setUpClass): 200 GET http://10.180.1.21/identity/v3/roles 0.425s
2024-09-03 07:43:46.582 62082 INFO tempest.lib.common.rest_client [req-890fba1a-3543-4e86-9202-76bc6fe25f11 req-890fba1a-3543-4e86-9202-76bc6fe25f11 ] Request (QuotasAdminNegativeTest:setUpClass): 201 POST http://10.180.1.21/identity/v3/projects 0.381s
2024-09-03 07:43:46.640 62114 INFO tempest.lib.common.rest_client [req-1fbaf608-561a-433b-b969-a5a41dcdc316 req-1fbaf608-561a-433b-b969-a5a41dcdc316 ] Request (ServersTestManualDisk:setUpClass): 201 POST http://10.180.1.21/identity/v3/projects 0.356s
2024-09-03 07:43:46.729 62062 INFO tempest.lib.common.rest_client [req-17b990ca-a247-4236-9c29-5c1e4f72381c req-17b990ca-a247-4236-9c29-5c1e4f72381c ] Request (FloatingIPsTestJSON:tearDownClass): 204 DELETE http://10.180.1.21/identity/v3/projects/bb83994bff874733b416a088f6c6f9ae 0.421s
2024-09-03 07:43:46.744 62066 INFO tempest.lib.common.rest_client [req-1d422e97-b8ca-4e7e-a5d2-421a58b7e5f5 req-1d422e97-b8ca-4e7e-a5d2-421a58b7e5f5 ] Request (FlavorsExtraSpecsNegativeTestJSON:tearDownClass): 201 POST http://10.180.1.21/identity/v3/auth/tokens 0.313s
2024-09-03 07:43:46.760 62084 INFO tempest.lib.common.rest_client [req-80a4d1a4-c011-4702-a462-46bdf23d7ce5 req-80a4d1a4-c011-4702-a462-46bdf23d7ce5 ] Request (KeyPairsV210TestJSON:setUpClass): 204 PUT http://10.180.1.21/identity/v3/projects/1c0bc0f328c04bbfaba912bd84c2167e/users/f73da95ab7bb4e93b8059b422c9567ab/roles/5e75e481c62342a88fa0f24607b11b7c 0.202s
2024-09-03 07:43:46.761 62084 INFO tempest.lib.common.dynamic_creds [-] Dynamic test user f73da95ab7bb4e93b8059b422c9567ab is created with scope project and roles: ['admin']
2024-09-03 07:43:46.761 62084 INFO tempest.lib.common.dynamic_creds [-] Acquired dynamic creds: credentials: Credentials: {'domain_id': 'default', 'domain_name': 'Default', 'username': 'tempest-KeyPairsV210TestJSON-50076735-project-admin', 'project_domain_id': 'default', 'project_domain_name': 'Default', 'project_id': '1c0bc0f328c04bbfaba912bd84c2167e', 'project_name': 'tempest-KeyPairsV210TestJSON-50076735', 'tenant_id': '1c0bc0f328c04bbfaba912bd84c2167e', 'tenant_name': 'tempest-KeyPairsV210TestJSON-50076735', 'user_domain_id': 'default', 'user_domain_name': 'Default', 'user_id': 'f73da95ab7bb4e93b8059b422c9567ab', 'system': None}, Network: None, Subnet: None, Router: None
2024-09-03 07:43:46.761 62084 INFO tempest.lib.common.dynamic_creds [-] Created isolated network resources for: credentials: Credentials: {'domain_id': 'default', 'domain_name': 'Default', 'username': 'tempest-KeyPairsV210TestJSON-50076735-project-admin', 'project_domain_id': 'default', 'project_domain_name': 'Default', 'project_id': '1c0bc0f328c04bbfaba912bd84c2167e', 'project_name': 'tempest-KeyPairsV210TestJSON-50076735', 'tenant_id': '1c0bc0f328c04bbfaba912bd84c2167e', 'tenant_name': 'tempest-KeyPairsV210TestJSON-50076735', 'user_domain_id': 'default', 'user_domain_name': 'Default', 'user_id': 'f73da95ab7bb4e93b8059b422c9567ab', 'system': None}, Network: None, Subnet: None, Router: None
2024-09-03 07:43:46.767 62094 INFO tempest.lib.common.rest_client [req-42ee4fa5-8bee-4727-98a2-4403150d852d req-42ee4fa5-8bee-4727-98a2-4403150d852d ] Request (QuotasAdminTestV257:tearDownClass): 204 DELETE http://10.180.1.21:9696/networking/v2.0/security-groups/41d5f13b-23d4-4c01-8017-eff21ce3b434 0.589s
2024-09-03 07:43:46.794 62076 INFO tempest.lib.common.rest_client [req-026d4b5a-ea78-46e8-9e80-10d0749c96ee req-026d4b5a-ea78-46e8-9e80-10d0749c96ee ] Request (FlavorsAccessTestJSON:tearDownClass): 200 GET http://10.180.1.21:9696/networking/v2.0/security-groups?tenant_id=9d59bad4a3804cf6b9413875e0aa081d&name=default 1.065s
2024-09-03 07:43:46.818 62092 INFO tempest.lib.common.rest_client [req-ede06df8-ac8a-4879-9f86-451c08627ca9 req-ede06df8-ac8a-4879-9f86-451c08627ca9 ] Request (TenantUsagesNegativeTestJSON:setUpClass): 200 GET http://10.180.1.21/identity/v3/roles 0.285s
2024-09-03 07:43:46.846 62082 INFO tempest.lib.common.rest_client [req-fa00a5c1-f04c-4138-bc33-09ace830ae0a req-fa00a5c1-f04c-4138-bc33-09ace830ae0a ] Request (QuotasAdminNegativeTest:setUpClass): 201 POST http://10.180.1.21/identity/v3/users 0.263s
2024-09-03 07:43:46.868 62114 INFO tempest.lib.common.rest_client [req-963d2f52-dfa3-4093-8143-17b7d6edf9dc req-963d2f52-dfa3-4093-8143-17b7d6edf9dc ] Request (ServersTestManualDisk:setUpClass): 201 POST http://10.180.1.21/identity/v3/users 0.227s
2024-09-03 07:43:46.872 62062 INFO tempest.lib.common.rest_client [req-d788aab5-bf22-4f5d-80b8-ca98dd79671a req-d788aab5-bf22-4f5d-80b8-ca98dd79671a ] Request (SecurityGroupRulesNegativeTestJSON:setUpClass): 201 POST http://10.180.1.21/identity/v3/auth/tokens 0.140s
2024-09-03 07:43:46.941 62094 INFO tempest.lib.common.rest_client [req-66459b1a-f610-4f89-ac27-083e7c693e69 req-66459b1a-f610-4f89-ac27-083e7c693e69 ] Request (QuotasAdminTestV257:tearDownClass): 204 DELETE http://10.180.1.21/identity/v3/projects/1910f1b6424e4267a8fe19bcd9eac07c 0.173s
2024-09-03 07:43:46.941 62094 INFO tempest.lib.common.dynamic_creds [-] Deleting project and security group for project: 127301345264441499ea72703cba9f80
2024-09-03 07:43:46.948 62084 INFO tempest.lib.common.rest_client [req-74d306ac-f917-48e9-bc5c-ff40c5c8efe5 req-74d306ac-f917-48e9-bc5c-ff40c5c8efe5 ] Request (KeyPairsV210TestJSON:setUpClass): 201 POST http://10.180.1.21/identity/v3/auth/tokens 0.184s
2024-09-03 07:43:46.968 62109 INFO tempest.lib.common.rest_client [req-ec9e2e37-cd05-4c31-aab1-ab04ac6ebcbe req-ec9e2e37-cd05-4c31-aab1-ab04ac6ebcbe ] Request (HypervisorAdminNegativeTestJSON:tearDownClass): 204 DELETE http://10.180.1.21:9696/networking/v2.0/security-groups/f8c431fe-aa8c-45c0-aca0-0df3248d41f5 0.643s
2024-09-03 07:43:46.996 62082 INFO tempest.lib.common.rest_client [req-0063aca5-c379-4d21-9482-bf46bd185a55 req-0063aca5-c379-4d21-9482-bf46bd185a55 ] Request (QuotasAdminNegativeTest:setUpClass): 200 GET http://10.180.1.21/identity/v3/roles 0.149s
2024-09-03 07:43:46.995 62072 INFO tempest.lib.common.rest_client [req-dc970b20-a804-48ed-99f1-dc57139a1eac req-dc970b20-a804-48ed-99f1-dc57139a1eac ] Request (ServicesAdminNegativeV253TestJSON:tearDownClass): 200 GET http://10.180.1.21:9696/networking/v2.0/security-groups?tenant_id=bc5dd2d16db44b378bc05c7b37990361&name=default 0.631s
2024-09-03 07:43:46.999 62092 INFO tempest.lib.common.rest_client [req-be17084f-e2f7-4fc0-8ddf-13047bcddcc8 req-be17084f-e2f7-4fc0-8ddf-13047bcddcc8 ] Request (TenantUsagesNegativeTestJSON:setUpClass): 204 PUT http://10.180.1.21/identity/v3/projects/56c738026b1c40d29873e7b39cbc641b/users/cf744c0c75014eeda50a698b1b1fc98d/roles/5e75e481c62342a88fa0f24607b11b7c 0.180s
2024-09-03 07:43:47.044 62114 INFO tempest.lib.common.rest_client [req-a48a09d3-8bff-4104-9d28-7a9824e6f016 req-a48a09d3-8bff-4104-9d28-7a9824e6f016 ] Request (ServersTestManualDisk:setUpClass): 200 GET http://10.180.1.21/identity/v3/roles 0.176s
2024-09-03 07:43:47.065 62062 INFO tempest.lib.common.rest_client [req-96181fac-cf26-4a0a-9756-946fbf1d889b req-96181fac-cf26-4a0a-9756-946fbf1d889b ] Request (SecurityGroupRulesNegativeTestJSON:setUpClass): 201 POST http://10.180.1.21/identity/v3/auth/tokens 0.189s
2024-09-03 07:43:47.112 62105 INFO tempest.lib.common.rest_client [req-f0ad8a02-0ee3-4034-abb8-47e6adadf5ad req-f0ad8a02-0ee3-4034-abb8-47e6adadf5ad ] Request (HostsAdminTestJSON:tearDownClass): 204 DELETE http://10.180.1.21:9696/networking/v2.0/security-groups/cefb4e81-2ddb-4e58-9589-19975b48d4e2 0.605s
2024-09-03 07:43:47.125 62109 INFO tempest.lib.common.rest_client [req-aebbfcec-d92b-4a4b-9452-978a92c5007c req-aebbfcec-d92b-4a4b-9452-978a92c5007c ] Request (HypervisorAdminNegativeTestJSON:tearDownClass): 204 DELETE http://10.180.1.21/identity/v3/projects/f71aa03e075f4f5bb5ce66cd7dcf19a3 0.157s
2024-09-03 07:43:47.161 62119 INFO tempest.lib.common.rest_client [req-30714fea-d386-4da0-a93b-0dc5b702747c req-30714fea-d386-4da0-a93b-0dc5b702747c ] Request (QuotasAdminTestV236:test_get_updated_quotas): 200 PUT http://10.180.1.21/compute/v2.1/os-quota-sets/fe7f2c292c50433aa903dc5e9f945a06 1.907s
2024-09-03 07:43:47.178 62092 INFO tempest.lib.common.rest_client [req-dba0e716-c306-43f4-a96d-0aa40c4a2bab req-dba0e716-c306-43f4-a96d-0aa40c4a2bab ] Request (TenantUsagesNegativeTestJSON:setUpClass): 200 GET http://10.180.1.21/identity/v3/roles 0.178s
2024-09-03 07:43:47.178 62082 INFO tempest.lib.common.rest_client [req-c2993f7c-ec59-45ce-9de1-9b5f4d574657 req-c2993f7c-ec59-45ce-9de1-9b5f4d574657 ] Request (QuotasAdminNegativeTest:setUpClass): 204 PUT http://10.180.1.21/identity/v3/projects/729c67378bff4626a4fbb326bbeddf56/users/721eb5c85c5b45bea60eb7680787d610/roles/5e75e481c62342a88fa0f24607b11b7c 0.182s
2024-09-03 07:43:47.187 62086 INFO tempest.lib.common.rest_client [req-d9a25538-0378-4b48-9d0f-80e17da393a3 req-d9a25538-0378-4b48-9d0f-80e17da393a3 ] Request (ServicesAdminNegativeTestJSON:test_get_service_with_valid_service_and_invalid_host): 200 GET http://10.180.1.21/compute/v2.1/os-services 1.691s
2024-09-03 07:43:47.193 62096 INFO tempest.lib.common.rest_client [req-d3be6092-1b47-460d-93e0-c48dd1f7ef9a req-d3be6092-1b47-460d-93e0-c48dd1f7ef9a ] Request (AggregatesAdminNegativeTestJSON:test_aggregate_create_aggregate_name_length_exceeds_255): 400 POST http://10.180.1.21/compute/v2.1/os-aggregates 1.651s
2024-09-03 07:43:47.202 62070 INFO tempest.lib.common.rest_client [req-ccc94c1e-76f8-496e-acea-50f85c15624c req-ccc94c1e-76f8-496e-acea-50f85c15624c ] Request (FlavorsAccessNegativeTestJSON:test_flavor_non_admin_remove): 403 POST http://10.180.1.21/compute/v2.1/flavors/1899241290/action 1.655s
2024-09-03 07:43:47.211 62090 INFO tempest.lib.common.rest_client [req-17fb3123-7290-4e97-b1a2-2b1ff52485b4 req-17fb3123-7290-4e97-b1a2-2b1ff52485b4 ] Request (HostsAdminNegativeTestJSON:test_update_nonexistent_host): 404 PUT http://10.180.1.21/compute/v2.1/os-hosts/nonexistent_hostname 1.656s
2024-09-03 07:43:47.230 62110 INFO tempest.lib.common.rest_client [req-b82a12fd-e1d9-4f4a-b6c7-1ca54237363f req-b82a12fd-e1d9-4f4a-b6c7-1ca54237363f ] Request (FlavorsExtraSpecsTestJSON:tearDownClass): 200 GET http://10.180.1.21/compute/v2.1/flavors/detail 1.658s
2024-09-03 07:43:47.240 62062 INFO tempest.lib.common.rest_client [req-d91b8183-0f5b-40ac-ba93-616f028bb881 req-d91b8183-0f5b-40ac-ba93-616f028bb881 ] Request (SecurityGroupRulesNegativeTestJSON:setUpClass): 200 GET http://10.180.1.21/identity/v3/domains?name=Default 0.175s
2024-09-03 07:43:47.248 62114 INFO tempest.lib.common.rest_client [req-4426555e-7742-4533-a0f9-e1bcf8f8418f req-4426555e-7742-4533-a0f9-e1bcf8f8418f ] Request (ServersTestManualDisk:setUpClass): 204 PUT http://10.180.1.21/identity/v3/projects/0bf97854a79747b58170cfa6ddf69661/users/c5578ee356ec4983bd4c5b7b03b1f305/roles/2193632934d54214a0cf677639013a0a 0.204s
2024-09-03 07:43:47.248 62114 INFO tempest.lib.common.dynamic_creds [-] Dynamic test user c5578ee356ec4983bd4c5b7b03b1f305 is created with scope project and roles: ['member']
2024-09-03 07:43:47.249 62114 INFO tempest.lib.common.dynamic_creds [-] Acquired dynamic creds: credentials: Credentials: {'domain_id': 'default', 'domain_name': 'Default', 'username': 'tempest-ServersTestManualDisk-856608913-project-member', 'project_domain_id': 'default', 'project_domain_name': 'Default', 'project_id': '0bf97854a79747b58170cfa6ddf69661', 'project_name': 'tempest-ServersTestManualDisk-856608913', 'tenant_id': '0bf97854a79747b58170cfa6ddf69661', 'tenant_name': 'tempest-ServersTestManualDisk-856608913', 'user_domain_id': 'default', 'user_domain_name': 'Default', 'user_id': 'c5578ee356ec4983bd4c5b7b03b1f305', 'system': None}, Network: None, Subnet: None, Router: None
2024-09-03 07:43:47.318 62109 INFO tempest.lib.common.rest_client [req-bc1fcffb-fa3e-4157-8fc7-d2feb4f7e3fb req-bc1fcffb-fa3e-4157-8fc7-d2feb4f7e3fb ] Request (FloatingIPsNegativeTestJSON:setUpClass): 201 POST http://10.180.1.21/identity/v3/auth/tokens 0.192s
2024-09-03 07:43:47.336 62064 INFO tempest.lib.common.rest_client [req-80330b7e-1f01-43be-9baf-8f46cabf31bf req-80330b7e-1f01-43be-9baf-8f46cabf31bf ] Request (ImagesTestJSON:test_create_image_from_stopped_server): 200 GET http://10.180.1.21/compute/v2.1/servers/2ab0d776-bf1e-4dde-8d5a-725852f65585 1.715s
2024-09-03 07:43:47.346 62068 INFO tempest.lib.common.rest_client [req-d48c1543-8549-4f15-a829-42f9f6edb386 req-d48c1543-8549-4f15-a829-42f9f6edb386 ] Request (AttachInterfacesTestJSON:setUpClass): 201 POST http://10.180.1.21:9696/networking/v2.0/routers 2.829s
2024-09-03 07:43:47.359 62105 INFO tempest.lib.common.rest_client [req-1f276e86-d8aa-4b6d-8770-fd83b1c70d24 req-1f276e86-d8aa-4b6d-8770-fd83b1c70d24 ] Request (HostsAdminTestJSON:tearDownClass): 204 DELETE http://10.180.1.21/identity/v3/projects/340fcdccc8d8420185cdbca4dda71872 0.246s
2024-09-03 07:43:47.359 62105 INFO tempest.lib.common.dynamic_creds [-] Deleting project and security group for project: 914f8a908fe3419893c12c4388d73615
2024-09-03 07:43:47.415 62094 INFO tempest.lib.common.rest_client [req-15f528dd-fdc7-4466-84f3-2ddc883c0b44 req-15f528dd-fdc7-4466-84f3-2ddc883c0b44 ] Request (QuotasAdminTestV257:tearDownClass): 200 GET http://10.180.1.21:9696/networking/v2.0/security-groups?tenant_id=127301345264441499ea72703cba9f80&name=default 0.473s
2024-09-03 07:43:47.417 62082 INFO tempest.lib.common.rest_client [req-7ee4d61f-1ae7-4b48-8d40-8997ad78de56 req-7ee4d61f-1ae7-4b48-8d40-8997ad78de56 ] Request (QuotasAdminNegativeTest:setUpClass): 200 GET http://10.180.1.21/identity/v3/roles 0.238s
2024-09-03 07:43:47.439 62092 INFO tempest.lib.common.rest_client [req-f6ccbcf3-a3fd-4790-93a7-2444e923919e req-f6ccbcf3-a3fd-4790-93a7-2444e923919e ] Request (TenantUsagesNegativeTestJSON:setUpClass): 204 PUT http://10.180.1.21/identity/v3/projects/56c738026b1c40d29873e7b39cbc641b/users/cf744c0c75014eeda50a698b1b1fc98d/roles/5e75e481c62342a88fa0f24607b11b7c 0.261s
2024-09-03 07:43:47.439 62092 INFO tempest.lib.common.dynamic_creds [-] Dynamic test user cf744c0c75014eeda50a698b1b1fc98d is created with scope project and roles: ['admin']
2024-09-03 07:43:47.439 62092 INFO tempest.lib.common.dynamic_creds [-] Acquired dynamic creds: credentials: Credentials: {'domain_id': 'default', 'domain_name': 'Default', 'username': 'tempest-TenantUsagesNegativeTestJSON-494463314-project-admin', 'project_domain_id': 'default', 'project_domain_name': 'Default', 'project_id': '56c738026b1c40d29873e7b39cbc641b', 'project_name': 'tempest-TenantUsagesNegativeTestJSON-494463314', 'tenant_id': '56c738026b1c40d29873e7b39cbc641b', 'tenant_name': 'tempest-TenantUsagesNegativeTestJSON-494463314', 'user_domain_id': 'default', 'user_domain_name': 'Default', 'user_id': 'cf744c0c75014eeda50a698b1b1fc98d', 'system': None}, Network: None, Subnet: None, Router: None
2024-09-03 07:43:47.440 62092 INFO tempest.lib.common.dynamic_creds [-] Created isolated network resources for: credentials: Credentials: {'domain_id': 'default', 'domain_name': 'Default', 'username': 'tempest-TenantUsagesNegativeTestJSON-494463314-project-admin', 'project_domain_id': 'default', 'project_domain_name': 'Default', 'project_id': '56c738026b1c40d29873e7b39cbc641b', 'project_name': 'tempest-TenantUsagesNegativeTestJSON-494463314', 'tenant_id': '56c738026b1c40d29873e7b39cbc641b', 'tenant_name': 'tempest-TenantUsagesNegativeTestJSON-494463314', 'user_domain_id': 'default', 'user_domain_name': 'Default', 'user_id': 'cf744c0c75014eeda50a698b1b1fc98d', 'system': None}, Network: None, Subnet: None, Router: None
2024-09-03 07:43:47.508 62122 INFO tempest.lib.common.rest_client [req-da5ed8ee-f280-478e-a88f-401835b3ce21 req-da5ed8ee-f280-478e-a88f-401835b3ce21 ] Request (VolumesAssistedSnapshotsTest:test_volume_assisted_snapshot_create_delete): 200 GET http://10.180.1.21/volume/v3/5da7fc347ee24f0ca2245382bd8a7382/volumes/adf913cb-6d50-44e3-9058-23315904bf49 0.038s
2024-09-03 07:43:47.515 62122 INFO tempest.common.waiters [-] volume adf913cb-6d50-44e3-9058-23315904bf49 reached available after waiting for 1.515141 seconds
2024-09-03 07:43:47.543 62110 INFO tempest.lib.common.rest_client [req-b749599c-b456-44b1-8707-1be8b1d92ba7 req-b749599c-b456-44b1-8707-1be8b1d92ba7 ] Request (FlavorsExtraSpecsTestJSON:tearDownClass): 204 DELETE http://10.180.1.21/identity/v3/users/73e5eb0be64841b1810c70c74f01c815 0.309s
2024-09-03 07:43:47.547 62090 INFO tempest.lib.common.rest_client [req-d9d2f60b-ef8b-4460-a6bf-f3c8af52a552 req-d9d2f60b-ef8b-4460-a6bf-f3c8af52a552 ] Request (HostsAdminNegativeTestJSON:tearDownClass): 204 DELETE http://10.180.1.21/identity/v3/users/8c0849ff5bf44b39801e70f09e207868 0.334s
2024-09-03 07:43:47.604 62114 INFO tempest.lib.common.rest_client [req-db70d78a-1d72-4c48-b965-c310a35cdb64 req-db70d78a-1d72-4c48-b965-c310a35cdb64 ] Request (ServersTestManualDisk:setUpClass): 201 POST http://10.180.1.21/identity/v3/auth/tokens 0.355s
2024-09-03 07:43:47.646 62109 INFO tempest.lib.common.rest_client [req-011444d7-d4a0-4169-80c2-7929a22c2085 req-011444d7-d4a0-4169-80c2-7929a22c2085 ] Request (FloatingIPsNegativeTestJSON:setUpClass): 201 POST http://10.180.1.21/identity/v3/auth/tokens 0.325s
2024-09-03 07:43:47.650 62076 INFO tempest.lib.common.rest_client [req-37758f09-cbec-48ea-b687-8663eb384c76 req-37758f09-cbec-48ea-b687-8663eb384c76 ] Request (FlavorsAccessTestJSON:tearDownClass): 204 DELETE http://10.180.1.21:9696/networking/v2.0/security-groups/5f52c58c-1a9a-47bc-9eb1-bd201cb23868 0.855s
2024-09-03 07:43:47.657 62102 INFO tempest.lib.common.rest_client [req-6973a943-ca13-4926-a064-6c3d31b3c652 req-6973a943-ca13-4926-a064-6c3d31b3c652 ] Request (KeyPairsV2TestJSON:tearDownClass): 200 GET http://10.180.1.21:9696/networking/v2.0/security-groups?tenant_id=954ce4f360b140e3bf1b74a12b4f8c27&name=default 1.112s
2024-09-03 07:43:47.664 62062 INFO tempest.lib.common.rest_client [req-2c047a07-24c6-47a8-8a93-23b39827972e req-2c047a07-24c6-47a8-8a93-23b39827972e ] Request (SecurityGroupRulesNegativeTestJSON:setUpClass): 201 POST http://10.180.1.21/identity/v3/projects 0.422s
2024-09-03 07:43:47.671 62082 INFO tempest.lib.common.rest_client [req-80482b8f-4566-4be8-a82c-8fb94da30d83 req-80482b8f-4566-4be8-a82c-8fb94da30d83 ] Request (QuotasAdminNegativeTest:setUpClass): 204 PUT http://10.180.1.21/identity/v3/projects/729c67378bff4626a4fbb326bbeddf56/users/721eb5c85c5b45bea60eb7680787d610/roles/5e75e481c62342a88fa0f24607b11b7c 0.253s
2024-09-03 07:43:47.671 62082 INFO tempest.lib.common.dynamic_creds [-] Dynamic test user 721eb5c85c5b45bea60eb7680787d610 is created with scope project and roles: ['admin']
2024-09-03 07:43:47.671 62082 INFO tempest.lib.common.dynamic_creds [-] Acquired dynamic creds: credentials: Credentials: {'domain_id': 'default', 'domain_name': 'Default', 'username': 'tempest-QuotasAdminNegativeTest-654325602-project-admin', 'project_domain_id': 'default', 'project_domain_name': 'Default', 'project_id': '729c67378bff4626a4fbb326bbeddf56', 'project_name': 'tempest-QuotasAdminNegativeTest-654325602', 'tenant_id': '729c67378bff4626a4fbb326bbeddf56', 'tenant_name': 'tempest-QuotasAdminNegativeTest-654325602', 'user_domain_id': 'default', 'user_domain_name': 'Default', 'user_id': '721eb5c85c5b45bea60eb7680787d610', 'system': None}, Network: None, Subnet: None, Router: None
2024-09-03 07:43:47.671 62082 INFO tempest.lib.common.dynamic_creds [-] Created isolated network resources for: credentials: Credentials: {'domain_id': 'default', 'domain_name': 'Default', 'username': 'tempest-QuotasAdminNegativeTest-654325602-project-admin', 'project_domain_id': 'default', 'project_domain_name': 'Default', 'project_id': '729c67378bff4626a4fbb326bbeddf56', 'project_name': 'tempest-QuotasAdminNegativeTest-654325602', 'tenant_id': '729c67378bff4626a4fbb326bbeddf56', 'tenant_name': 'tempest-QuotasAdminNegativeTest-654325602', 'user_domain_id': 'default', 'user_domain_name': 'Default', 'user_id': '721eb5c85c5b45bea60eb7680787d610', 'system': None}, Network: None, Subnet: None, Router: None
2024-09-03 07:43:47.741 62124 INFO tempest.lib.common.rest_client [req-89f0dcdc-f3f0-4a84-9238-cb5c443a29fa req-89f0dcdc-f3f0-4a84-9238-cb5c443a29fa ] Request (MigrationsAdminTest:test_list_migrations_in_flavor_resize_situation): 200 GET http://10.180.1.21/compute/v2.1/servers/76e29d48-9415-42ad-b599-e0efafd61474 1.076s
2024-09-03 07:43:47.747 62124 INFO tempest.common.waiters [-] State transition "BUILD/block_device_mapping" ==> "BUILD/spawning" after 11 second wait
2024-09-03 07:43:47.774 62066 INFO tempest.lib.common.rest_client [req-856b49b1-fd71-4338-93f3-669dc11dfcb3 req-856b49b1-fd71-4338-93f3-669dc11dfcb3 ] Request (FlavorsExtraSpecsNegativeTestJSON:tearDownClass): 200 GET http://10.180.1.21:9696/networking/v2.0/security-groups?tenant_id=0e5466092e6742d897dd9ac6556e06e6&name=default 1.029s
2024-09-03 07:43:47.810 62092 INFO tempest.lib.common.rest_client [req-1cf55915-10f9-401c-ba3e-70572073fea0 req-1cf55915-10f9-401c-ba3e-70572073fea0 ] Request (TenantUsagesNegativeTestJSON:setUpClass): 201 POST http://10.180.1.21/identity/v3/auth/tokens 0.366s
2024-09-03 07:43:47.832 62072 INFO tempest.lib.common.rest_client [req-9439ecc4-d688-439e-a8b3-4a64906c571d req-9439ecc4-d688-439e-a8b3-4a64906c571d ] Request (ServicesAdminNegativeV253TestJSON:tearDownClass): 204 DELETE http://10.180.1.21:9696/networking/v2.0/security-groups/ea5947b0-805f-4a08-80f3-51c525aa3882 0.835s
2024-09-03 07:43:47.839 62110 INFO tempest.lib.common.rest_client [req-cd1d9b5c-da39-45b2-a7b4-26b307cb2ef6 req-cd1d9b5c-da39-45b2-a7b4-26b307cb2ef6 ] Request (FlavorsExtraSpecsTestJSON:tearDownClass): 204 DELETE http://10.180.1.21/identity/v3/users/f249568938e0422f99e4a424f2d4f4f9 0.296s
2024-09-03 07:43:47.840 62110 INFO tempest.lib.common.dynamic_creds [-] Deleting project and security group for project: 5ca39222ce7c4ce389866db4a5c821b4
2024-09-03 07:43:47.910 62090 INFO tempest.lib.common.rest_client [req-4db27981-cac9-4920-bfe9-16334451de26 req-4db27981-cac9-4920-bfe9-16334451de26 ] Request (HostsAdminNegativeTestJSON:tearDownClass): 204 DELETE http://10.180.1.21/identity/v3/users/29bd2b30c34a48dc81d8f498aecf2047 0.363s
2024-09-03 07:43:47.910 62090 INFO tempest.lib.common.dynamic_creds [-] Deleting project and security group for project: 50904b3f68894af38cd34e759f0fa5e9
2024-09-03 07:43:47.965 62109 INFO tempest.lib.common.rest_client [req-3a5a6f5b-4052-4c61-88d8-b007adbf016a req-3a5a6f5b-4052-4c61-88d8-b007adbf016a ] Request (FloatingIPsNegativeTestJSON:setUpClass): 200 GET http://10.180.1.21/identity/v3/domains?name=Default 0.317s
2024-09-03 07:43:47.969 62078 INFO tempest.lib.common.rest_client [req-217fb241-fb2a-4990-a226-eba95b67c9ac req-217fb241-fb2a-4990-a226-eba95b67c9ac ] Request (TenantUsagesTestJSON:setUpClass): 200 GET http://10.180.1.21/compute/v2.1/servers/c5811821-6d86-48bb-b2ac-b98cd1bc8bae 1.214s
2024-09-03 07:43:47.979 62078 INFO tempest.common.waiters [-] State transition "BUILD/None" ==> "BUILD/block_device_mapping" after 8 second wait
2024-09-03 07:43:47.999 62062 INFO tempest.lib.common.rest_client [req-853aafcf-a182-4d01-adc6-14181adad4d1 req-853aafcf-a182-4d01-adc6-14181adad4d1 ] Request (SecurityGroupRulesNegativeTestJSON:setUpClass): 201 POST http://10.180.1.21/identity/v3/users 0.334s
2024-09-03 07:43:48.009 62076 INFO tempest.lib.common.rest_client [req-dbe35a7d-d35d-49d6-8e22-3bf7883c4f1d req-dbe35a7d-d35d-49d6-8e22-3bf7883c4f1d ] Request (FlavorsAccessTestJSON:tearDownClass): 204 DELETE http://10.180.1.21/identity/v3/projects/9d59bad4a3804cf6b9413875e0aa081d 0.359s
2024-09-03 07:43:48.009 62076 INFO tempest.lib.common.dynamic_creds [-] Deleting project and security group for project: 983b9bf83bcf42c19bcde3eca30023ca
2024-09-03 07:43:48.011 62094 INFO tempest.lib.common.rest_client [req-a2533e0b-4e51-4901-a352-8592605dcc49 req-a2533e0b-4e51-4901-a352-8592605dcc49 ] Request (QuotasAdminTestV257:tearDownClass): 204 DELETE http://10.180.1.21:9696/networking/v2.0/security-groups/a5ee65d2-702d-4a0d-a1ee-093c380823c2 0.595s
2024-09-03 07:43:48.044 62105 INFO tempest.lib.common.rest_client [req-71f3a61d-91b1-4dc2-bc90-90dabaf1feb8 req-71f3a61d-91b1-4dc2-bc90-90dabaf1feb8 ] Request (HostsAdminTestJSON:tearDownClass): 200 GET http://10.180.1.21:9696/networking/v2.0/security-groups?tenant_id=914f8a908fe3419893c12c4388d73615&name=default 0.685s
2024-09-03 07:43:48.066 62082 INFO tempest.lib.common.rest_client [req-5cedd01f-1f6a-4913-b013-fcc63ee18c5d req-5cedd01f-1f6a-4913-b013-fcc63ee18c5d ] Request (QuotasAdminNegativeTest:setUpClass): 201 POST http://10.180.1.21/identity/v3/auth/tokens 0.390s
2024-09-03 07:43:48.067 62082 WARNING tempest.lib.common.rest_client [-] Deprecated: "tenant_id" property is deprecated for removal, use "project_id" instead
