2024-09-03 07:45:49.732 62082 INFO tempest.lib.common.rest_client [req-94d97c40-db2e-4ad5-a595-1d81c5cddcf3 req-94d97c40-db2e-4ad5-a595-1d81c5cddcf3 ] Request (ServerAddressesTestJSON:setUpClass): 200 GET http://10.180.1.21/compute/v2.1/servers/1ccfb0fc-e8c0-4d8a-83d3-456569477bec 0.172s
2024-09-03 07:45:49.738 62082 INFO tempest.common.waiters [-] State transition "BUILD/spawning" ==> "ACTIVE/None" after 58 second wait
2024-09-03 07:45:49.767 62082 INFO tempest.lib.common.rest_client [req-c26c300d-41ad-49c8-b723-b95d556dade1 req-c26c300d-41ad-49c8-b723-b95d556dade1 ] Request (ServerAddressesTestJSON:test_list_server_addresses): 200 GET http://10.180.1.21/compute/v2.1/servers/1ccfb0fc-e8c0-4d8a-83d3-456569477bec/ips 0.027s
2024-09-03 07:45:49.797 62082 INFO tempest.lib.common.rest_client [req-c275f59d-0e76-481c-a9b0-0850971f4038 req-c275f59d-0e76-481c-a9b0-0850971f4038 ] Request (ServerAddressesTestJSON:test_list_server_addresses_by_network): 200 GET http://10.180.1.21/compute/v2.1/servers/1ccfb0fc-e8c0-4d8a-83d3-456569477bec/ips 0.027s
2024-09-03 07:45:49.800 62124 INFO tempest.lib.common.rest_client [req-5ad85ea5-a7f1-4ffd-b341-e29c549dccc1 req-5ad85ea5-a7f1-4ffd-b341-e29c549dccc1 ] Request (MigrationsAdminTest:test_resize_server_revert_deleted_flavor): 200 GET http://10.180.1.21/compute/v2.1/servers/333e4106-38f5-436c-8b05-d0aee15ed894 0.058s
2024-09-03 07:45:49.826 62082 INFO tempest.lib.common.rest_client [req-8b6da167-c74e-4194-a62b-607287e3299a req-8b6da167-c74e-4194-a62b-607287e3299a ] Request (ServerAddressesTestJSON:test_list_server_addresses_by_network): 200 GET http://10.180.1.21/compute/v2.1/servers/1ccfb0fc-e8c0-4d8a-83d3-456569477bec/ips/tempest-ServerAddressesTestJSON-1342538778-network 0.027s
2024-09-03 07:45:49.921 62082 INFO tempest.lib.common.rest_client [req-4b24fbbe-7aeb-4e76-a1e9-4f8788d352c1 req-4b24fbbe-7aeb-4e76-a1e9-4f8788d352c1 ] Request (ServerAddressesTestJSON:tearDownClass): 204 DELETE http://10.180.1.21/compute/v2.1/servers/1ccfb0fc-e8c0-4d8a-83d3-456569477bec 0.087s
2024-09-03 07:45:50.042 62082 INFO tempest.lib.common.rest_client [req-16b028c0-82a5-40ed-8804-320e0ef140c9 req-16b028c0-82a5-40ed-8804-320e0ef140c9 ] Request (ServerAddressesTestJSON:tearDownClass): 200 GET http://10.180.1.21/compute/v2.1/servers/1ccfb0fc-e8c0-4d8a-83d3-456569477bec 0.121s
2024-09-03 07:45:50.084 62078 INFO tempest.lib.common.rest_client [req-1e169bd3-a7dd-476d-a4ac-60d90cf6fedc req-1e169bd3-a7dd-476d-a4ac-60d90cf6fedc ] Request (ServerMetadataNegativeTestJSON:setUpClass): 200 GET http://10.180.1.21/compute/v2.1/servers/99c636ce-d99d-4b06-8c7a-6cf18c930d3f 0.152s
2024-09-03 07:45:50.100 62080 INFO tempest.lib.common.rest_client [req-862d34c7-7585-438f-9f47-1c9f81e24f34 req-862d34c7-7585-438f-9f47-1c9f81e24f34 ] Request (ServerGroupTestJSON:test_create_server_with_scheduler_hint_group): 200 GET http://10.180.1.21/compute/v2.1/servers/eadc35dc-0ce2-431e-a046-35a98518bdec 0.117s
2024-09-03 07:45:50.191 62102 INFO tempest.lib.common.rest_client [req-1602c2c4-a303-4964-a948-dc60f3202475 req-1602c2c4-a303-4964-a948-dc60f3202475 ] Request (ServersTestBootFromVolume:setUpClass): 200 GET http://10.180.1.21/compute/v2.1/servers/342f8307-c23c-459a-8c7f-626b72ad12c8 0.103s
2024-09-03 07:45:50.206 62090 INFO tempest.lib.common.rest_client [req-987c21d8-3e63-4359-b0d0-fcd43267c69d req-987c21d8-3e63-4359-b0d0-fcd43267c69d ] Request (ListServersNegativeTestJSON:tearDownClass): 200 GET http://10.180.1.21/compute/v2.1/servers/f1634d57-f185-4b71-acff-d720ff028036 0.060s
2024-09-03 07:45:50.274 62072 INFO tempest.lib.common.rest_client [req-8b5d832e-b9d0-4b1c-9af9-59cf8b80a63e req-8b5d832e-b9d0-4b1c-9af9-59cf8b80a63e ] Request (ServerShowV247Test:tearDownClass): 200 GET http://10.180.1.21/compute/v2.1/servers/c039222d-3472-4354-81c4-0384679aae87 0.063s
2024-09-03 07:45:50.320 62105 INFO tempest.lib.common.rest_client [req-17ff2cff-83a1-4d55-99c4-fdc4d635a5eb req-17ff2cff-83a1-4d55-99c4-fdc4d635a5eb ] Request (ServersAdminTestJSON:test_create_server_with_scheduling_hint): 200 GET http://10.180.1.21/compute/v2.1/servers/97a5a6c0-374e-4c2c-997b-e4b6f91796ea 0.054s
2024-09-03 07:45:50.329 62116 INFO tempest.lib.common.rest_client [req-64f3cf51-90a7-4061-ab18-cee613fdd0fd req-64f3cf51-90a7-4061-ab18-cee613fdd0fd ] Request (ListImageFiltersTestJSON:setUpClass): 200 GET http://10.180.1.21/compute/v2.1/images/28211a98-3a30-4855-9103-bc1eb6e2e2ef 0.033s
2024-09-03 07:45:50.384 62098 INFO tempest.lib.common.rest_client [req-8e80f482-9e16-47d6-be04-9ab926211bd8 req-8e80f482-9e16-47d6-be04-9ab926211bd8 ] Request (ServersAdminNegativeTestJSON:tearDownClass): 200 GET http://10.180.1.21/compute/v2.1/servers/b39cb907-f4e4-4363-8ec6-c3539180e2d0 0.080s
2024-09-03 07:45:50.404 62066 INFO tempest.lib.common.rest_client [req-b5bf5f59-5db4-4277-9ba3-3865e0dc1e1b req-b5bf5f59-5db4-4277-9ba3-3865e0dc1e1b ] Request (ServerRescueTestJSON:setUpClass): 200 GET http://10.180.1.21/compute/v2.1/servers/497db95f-89d8-4dbb-af5d-5d7e069b62b2 0.049s
2024-09-03 07:45:50.460 62096 INFO tempest.lib.common.rest_client [req-79b4bd71-cec0-4725-8e7d-058cb92a8f7b req-79b4bd71-cec0-4725-8e7d-058cb92a8f7b ] Request (ServerPasswordTestJSON:setUpClass): 200 GET http://10.180.1.21/compute/v2.1/servers/caf75c43-34a6-49c9-9eb0-756904cb4906 0.054s
2024-09-03 07:45:50.532 62101 INFO tempest.lib.common.rest_client [req-ca1645c6-41e4-4fde-8e35-fdf15f2ad367 req-ca1645c6-41e4-4fde-8e35-fdf15f2ad367 ] Request (InstanceActionsNegativeTestJSON:tearDownClass): 200 GET http://10.180.1.21/compute/v2.1/servers/6d079f42-1f1f-402e-a9b2-7ff0fc2b4dc1 0.065s
2024-09-03 07:45:50.564 62092 INFO tempest.lib.common.rest_client [req-713a6760-2550-475d-aa61-adec54e8ec60 req-713a6760-2550-475d-aa61-adec54e8ec60 ] Request (ImagesOneServerTestJSON:test_create_image_specify_multibyte_character_image_name): 200 GET http://10.180.1.21/compute/v2.1/images/7d9167d9-b191-459d-b1ef-ce2b163879da 0.092s
2024-09-03 07:45:50.601 62062 INFO tempest.lib.common.rest_client [req-56b9c13a-775e-42c8-b91e-51e6bd32ca5a req-56b9c13a-775e-42c8-b91e-51e6bd32ca5a ] Request (ServerDiskConfigTestJSON:test_rebuild_server_with_auto_disk_config): 200 GET http://10.180.1.21/compute/v2.1/servers/c05b0771-40b8-4c3b-a135-93335d1c069f 0.164s
2024-09-03 07:45:50.608 62062 INFO tempest.common.waiters [-] State transition "REBUILD/rebuild_block_device_mapping" ==> "REBUILD/rebuild_spawning" after 4 second wait
2024-09-03 07:45:50.615 62094 INFO tempest.lib.common.rest_client [req-59dfae78-0fba-471d-9afc-a77a2b812aa6 req-59dfae78-0fba-471d-9afc-a77a2b812aa6 ] Request (ImagesOneServerNegativeTestJSON:_run_cleanups): 200 GET http://10.180.1.21/compute/v2.1/servers/1795ebab-6b43-4b98-8d1e-802432d596ab 0.084s
2024-09-03 07:45:50.666 62064 INFO tempest.lib.common.rest_client [req-2aae561f-14df-43e1-94f5-c181e53602ce req-2aae561f-14df-43e1-94f5-c181e53602ce ] Request (ImagesTestJSON:test_create_server_from_snapshot): 200 GET http://10.180.1.21/compute/v2.1/servers/20a4e404-ac39-4629-a38c-23b0cbfb56c8 0.132s
2024-09-03 07:45:50.676 62084 INFO tempest.lib.common.rest_client [req-414561bc-fed3-4c4f-aef2-70208bb031b8 req-414561bc-fed3-4c4f-aef2-70208bb031b8 ] Request (ServerDiagnosticsV248Test:tearDownClass): 200 GET http://10.180.1.21/compute/v2.1/servers/c9ae111e-42d1-4bc4-9131-38a5ddee98c3 0.077s
2024-09-03 07:45:50.722 62070 INFO tempest.lib.common.rest_client [req-698bb521-054e-41e8-af04-db0af784207e req-698bb521-054e-41e8-af04-db0af784207e ] Request (ServerDiagnosticsNegativeTest:tearDownClass): 200 GET http://10.180.1.21/compute/v2.1/servers/4da04112-1b07-4364-82c2-4d0da80ddfe3 0.116s
2024-09-03 07:45:50.739 62088 INFO tempest.lib.common.rest_client [req-bce94bfc-992f-4ed0-a3e3-595f7e1e2d16 req-bce94bfc-992f-4ed0-a3e3-595f7e1e2d16 ] Request (ServersV294TestFqdnHostnames:setUpClass): 200 GET http://10.180.1.21/compute/v2.1/servers/87a9eb19-b2ac-45ef-9bc1-9876211c5640 0.059s
2024-09-03 07:45:50.748 62088 INFO tempest.common.waiters [-] State transition "BUILD/scheduling" ==> "BUILD/None" after 29 second wait
2024-09-03 07:45:50.801 62121 INFO tempest.lib.common.rest_client [req-f33558eb-87c4-44a9-8906-85ce41f12ce8 req-f33558eb-87c4-44a9-8906-85ce41f12ce8 ] Request (ServerShowV254Test:test_rebuild_server): 200 GET http://10.180.1.21/compute/v2.1/servers/13cd6688-7ec0-4b31-984a-01010c4d6984 0.055s
2024-09-03 07:45:50.858 62124 INFO tempest.lib.common.rest_client [req-17e196e0-ce1c-4085-b204-e6b07ae070e2 req-17e196e0-ce1c-4085-b204-e6b07ae070e2 ] Request (MigrationsAdminTest:test_resize_server_revert_deleted_flavor): 200 GET http://10.180.1.21/compute/v2.1/servers/333e4106-38f5-436c-8b05-d0aee15ed894 0.051s
2024-09-03 07:45:51.057 62074 WARNING tempest.lib.common.ssh [-] Failed to establish authenticated ssh connection to cirros@10.180.180.159 ([Errno None] Unable to connect to port 22 on 10.180.180.159). Number attempts: 2. Retry after 3 seconds.: paramiko.ssh_exception.NoValidConnectionsError: [Errno None] Unable to connect to port 22 on 10.180.180.159
2024-09-03 07:45:51.196 62082 INFO tempest.lib.common.rest_client [req-6b54710f-98f9-46aa-9ef4-9de97c578b2d req-6b54710f-98f9-46aa-9ef4-9de97c578b2d ] Request (ServerAddressesTestJSON:tearDownClass): 200 GET http://10.180.1.21/compute/v2.1/servers/1ccfb0fc-e8c0-4d8a-83d3-456569477bec 0.145s
2024-09-03 07:45:51.205 62078 INFO tempest.lib.common.rest_client [req-adb155eb-8449-491e-9d7d-fdda57bfa028 req-adb155eb-8449-491e-9d7d-fdda57bfa028 ] Request (ServerMetadataNegativeTestJSON:setUpClass): 200 GET http://10.180.1.21/compute/v2.1/servers/99c636ce-d99d-4b06-8c7a-6cf18c930d3f 0.114s
2024-09-03 07:45:51.213 62078 INFO tempest.common.waiters [-] State transition "BUILD/spawning" ==> "ACTIVE/None" after 60 second wait
2024-09-03 07:45:51.251 62080 INFO tempest.lib.common.rest_client [req-ec0e3c5f-3c0a-4f90-b851-2efa74da6641 req-ec0e3c5f-3c0a-4f90-b851-2efa74da6641 ] Request (ServerGroupTestJSON:test_create_server_with_scheduler_hint_group): 200 GET http://10.180.1.21/compute/v2.1/servers/eadc35dc-0ce2-431e-a046-35a98518bdec 0.140s
2024-09-03 07:45:51.273 62090 INFO tempest.lib.common.rest_client [req-b54fd0f6-6058-438a-a543-9fa532ee8b3d req-b54fd0f6-6058-438a-a543-9fa532ee8b3d ] Request (ListServersNegativeTestJSON:tearDownClass): 404 GET http://10.180.1.21/compute/v2.1/servers/f1634d57-f185-4b71-acff-d720ff028036 0.060s
2024-09-03 07:45:51.288 62078 INFO tempest.lib.common.rest_client [req-146af546-1d20-49fa-9110-e20016dbed32 req-146af546-1d20-49fa-9110-e20016dbed32 ] Request (ServerMetadataNegativeTestJSON:test_create_server_metadata_blank_key): 201 POST http://10.180.1.21/identity/v3/auth/tokens 0.070s
2024-09-03 07:45:51.289 62078 INFO tempest.lib.common.fixed_network [-] (ServerMetadataNegativeTestJSON:test_create_server_metadata_blank_key) Found network {'id': '6ea3b0c6-a865-4c5e-8af2-d599d98c14b0', 'name': 'tempest-ServerMetadataNegativeTestJSON-1358582122-network', 'tenant_id': '418fec8ea8014806895eaa7f20a4a5d4', 'admin_state_up': True, 'mtu': 8950, 'status': 'ACTIVE', 'subnets': [], 'shared': False, 'project_id': '418fec8ea8014806895eaa7f20a4a5d4', 'port_security_enabled': True, 'router:external': False, 'provider:network_type': 'vlan', 'provider:physical_network': 'default', 'provider:segmentation_id': 273, 'is_default': False, 'availability_zone_hints': [], 'availability_zones': [], 'ipv4_address_scope': None, 'ipv6_address_scope': None, 'description': '', 'tags': [], 'created_at': '2024-09-03T07:44:44Z', 'updated_at': '2024-09-03T07:44:44Z', 'revision_number': 1} available for tenant
2024-09-03 07:45:51.297 62090 INFO tempest.lib.common.rest_client [req-160f2f9f-9c2a-41c2-a868-064e8e89104c req-160f2f9f-9c2a-41c2-a868-064e8e89104c ] Request (ListServersNegativeTestJSON:tearDownClass): 404 GET http://10.180.1.21/compute/v2.1/servers/644ff425-e2f3-4213-ad59-ee929e1c1888 0.024s
2024-09-03 07:45:51.353 62102 INFO tempest.lib.common.rest_client [req-5c9b7c72-9c63-44e9-a63a-02f4079752c1 req-5c9b7c72-9c63-44e9-a63a-02f4079752c1 ] Request (ServersTestBootFromVolume:setUpClass): 200 GET http://10.180.1.21/compute/v2.1/servers/342f8307-c23c-459a-8c7f-626b72ad12c8 0.154s
2024-09-03 07:45:51.356 62072 INFO tempest.lib.common.rest_client [req-269f4e5f-9d0d-46da-b9d0-eecbe4a4ae65 req-269f4e5f-9d0d-46da-b9d0-eecbe4a4ae65 ] Request (ServerShowV247Test:tearDownClass): 200 GET http://10.180.1.21/compute/v2.1/servers/c039222d-3472-4354-81c4-0384679aae87 0.069s
2024-09-03 07:45:51.358 62078 INFO tempest.lib.common.rest_client [req-c7e3e127-dc9b-4abe-84fb-e8a8181a0ebc req-c7e3e127-dc9b-4abe-84fb-e8a8181a0ebc ] Request (ServerMetadataNegativeTestJSON:test_create_server_metadata_blank_key): 400 POST http://10.180.1.21/compute/v2.1/servers 0.068s
2024-09-03 07:45:51.359 62102 INFO tempest.common.waiters [-] State transition "BUILD/block_device_mapping" ==> "BUILD/spawning" after 59 second wait
2024-09-03 07:45:51.378 62090 INFO tempest.lib.common.rest_client [req-44a21e50-bf67-4d6f-84bf-1bffff293e9a req-44a21e50-bf67-4d6f-84bf-1bffff293e9a ] Request (ListServersNegativeTestJSON:tearDownClass): 404 GET http://10.180.1.21/compute/v2.1/servers/226463bf-078f-4a76-a188-90dd890000c1 0.080s
2024-09-03 07:45:51.406 62105 INFO tempest.lib.common.rest_client [req-ae33dd73-fcdd-4a4c-b4c7-bb4cc2a27e59 req-ae33dd73-fcdd-4a4c-b4c7-bb4cc2a27e59 ] Request (ServersAdminTestJSON:test_create_server_with_scheduling_hint): 200 GET http://10.180.1.21/compute/v2.1/servers/97a5a6c0-374e-4c2c-997b-e4b6f91796ea 0.076s
2024-09-03 07:45:51.409 62116 INFO tempest.lib.common.rest_client [req-de63d63c-31ec-4986-a1a6-055f9fccaed0 req-de63d63c-31ec-4986-a1a6-055f9fccaed0 ] Request (ListImageFiltersTestJSON:setUpClass): 200 GET http://10.180.1.21/compute/v2.1/images/28211a98-3a30-4855-9103-bc1eb6e2e2ef 0.077s
2024-09-03 07:45:51.414 62078 INFO tempest.lib.common.rest_client [req-38448471-bfa3-434c-ab32-b12fb096567b req-38448471-bfa3-434c-ab32-b12fb096567b ] Request (ServerMetadataNegativeTestJSON:test_delete_metadata_non_existent_server): 404 DELETE http://10.180.1.21/compute/v2.1/servers/fe5c0f13-93fd-4e12-b281-c0d205050871/metadata/d 0.055s
2024-09-03 07:45:51.478 62066 INFO tempest.lib.common.rest_client [req-420af82d-f67c-4fa1-ada4-9b934b4cf8e6 req-420af82d-f67c-4fa1-ada4-9b934b4cf8e6 ] Request (ServerRescueTestJSON:setUpClass): 200 GET http://10.180.1.21/compute/v2.1/servers/497db95f-89d8-4dbb-af5d-5d7e069b62b2 0.066s
2024-09-03 07:45:51.482 62098 INFO tempest.lib.common.rest_client [req-d2620eaa-43a1-439b-963c-770f018c080f req-d2620eaa-43a1-439b-963c-770f018c080f ] Request (ServersAdminNegativeTestJSON:tearDownClass): 200 GET http://10.180.1.21/compute/v2.1/servers/b39cb907-f4e4-4363-8ec6-c3539180e2d0 0.091s
2024-09-03 07:45:51.488 62078 INFO tempest.lib.common.rest_client [req-56e69a75-4b8c-40fa-b5e2-72e04590606b req-56e69a75-4b8c-40fa-b5e2-72e04590606b ] Request (ServerMetadataNegativeTestJSON:test_list_server_metadata_non_existent_server): 404 GET http://10.180.1.21/compute/v2.1/servers/a214aac2-5ed5-49bd-9818-02749045fb4c/metadata 0.072s
2024-09-03 07:45:51.542 62096 INFO tempest.lib.common.rest_client [req-ba3b18e1-d5dc-4ba9-9529-bf9920832f05 req-ba3b18e1-d5dc-4ba9-9529-bf9920832f05 ] Request (ServerPasswordTestJSON:setUpClass): 200 GET http://10.180.1.21/compute/v2.1/servers/caf75c43-34a6-49c9-9eb0-756904cb4906 0.075s
2024-09-03 07:45:51.543 62078 INFO tempest.lib.common.rest_client [req-fcbd8693-f2df-4042-99d1-79f0da41838e req-fcbd8693-f2df-4042-99d1-79f0da41838e ] Request (ServerMetadataNegativeTestJSON:test_metadata_items_limit): 200 GET http://10.180.1.21/compute/v2.1/os-quota-sets/418fec8ea8014806895eaa7f20a4a5d4 0.054s
2024-09-03 07:45:51.598 62078 INFO tempest.lib.common.rest_client [req-266b88b8-5ad3-4fdc-b443-e9b7469ac31d req-266b88b8-5ad3-4fdc-b443-e9b7469ac31d ] Request (ServerMetadataNegativeTestJSON:test_metadata_items_limit): 403 PUT http://10.180.1.21/compute/v2.1/servers/99c636ce-d99d-4b06-8c7a-6cf18c930d3f/metadata 0.053s
2024-09-03 07:45:51.608 62101 INFO tempest.lib.common.rest_client [req-94d42e96-6d69-4fbf-a773-4dec7d3aaa73 req-94d42e96-6d69-4fbf-a773-4dec7d3aaa73 ] Request (InstanceActionsNegativeTestJSON:tearDownClass): 200 GET http://10.180.1.21/compute/v2.1/servers/6d079f42-1f1f-402e-a9b2-7ff0fc2b4dc1 0.069s
2024-09-03 07:45:51.627 62106 WARNING tempest.lib.common.ssh [-] Failed to establish authenticated ssh connection to cirros@10.180.180.139 ([Errno None] Unable to connect to port 22 on 10.180.180.139). Number attempts: 10. Retry after 11 seconds.: paramiko.ssh_exception.NoValidConnectionsError: [Errno None] Unable to connect to port 22 on 10.180.180.139
2024-09-03 07:45:51.647 62092 INFO tempest.lib.common.rest_client [req-e9912395-b2e8-4254-8ae8-73be476a58c5 req-e9912395-b2e8-4254-8ae8-73be476a58c5 ] Request (ImagesOneServerTestJSON:test_create_image_specify_multibyte_character_image_name): 200 GET http://10.180.1.21/compute/v2.1/images/7d9167d9-b191-459d-b1ef-ce2b163879da 0.079s
2024-09-03 07:45:51.656 62078 INFO tempest.lib.common.rest_client [req-9d893ea1-d099-4589-be66-305b816564a0 req-9d893ea1-d099-4589-be66-305b816564a0 ] Request (ServerMetadataNegativeTestJSON:test_metadata_items_limit): 403 POST http://10.180.1.21/compute/v2.1/servers/99c636ce-d99d-4b06-8c7a-6cf18c930d3f/metadata 0.057s
2024-09-03 07:45:51.706 62078 INFO tempest.lib.common.rest_client [req-deb59d99-367a-45af-8f07-7fdcde11bcce req-deb59d99-367a-45af-8f07-7fdcde11bcce ] Request (ServerMetadataNegativeTestJSON:test_server_create_metadata_key_too_long): 201 POST http://10.180.1.21/identity/v3/auth/tokens 0.045s
2024-09-03 07:45:51.707 62078 INFO tempest.lib.common.fixed_network [-] (ServerMetadataNegativeTestJSON:test_server_create_metadata_key_too_long) Found network {'id': '6ea3b0c6-a865-4c5e-8af2-d599d98c14b0', 'name': 'tempest-ServerMetadataNegativeTestJSON-1358582122-network', 'tenant_id': '418fec8ea8014806895eaa7f20a4a5d4', 'admin_state_up': True, 'mtu': 8950, 'status': 'ACTIVE', 'subnets': [], 'shared': False, 'project_id': '418fec8ea8014806895eaa7f20a4a5d4', 'port_security_enabled': True, 'router:external': False, 'provider:network_type': 'vlan', 'provider:physical_network': 'default', 'provider:segmentation_id': 273, 'is_default': False, 'availability_zone_hints': [], 'availability_zones': [], 'ipv4_address_scope': None, 'ipv6_address_scope': None, 'description': '', 'tags': [], 'created_at': '2024-09-03T07:44:44Z', 'updated_at': '2024-09-03T07:44:44Z', 'revision_number': 1} available for tenant
2024-09-03 07:45:51.745 62114 INFO paramiko.transport [-] Connected (version 2.0, client dropbear_2020.81)
2024-09-03 07:45:51.754 62094 INFO tempest.lib.common.rest_client [req-07fd582f-6362-4868-8c1a-59ed3d0ca9c3 req-07fd582f-6362-4868-8c1a-59ed3d0ca9c3 ] Request (ImagesOneServerNegativeTestJSON:_run_cleanups): 200 GET http://10.180.1.21/compute/v2.1/servers/1795ebab-6b43-4b98-8d1e-802432d596ab 0.130s
2024-09-03 07:45:51.808 62064 INFO tempest.lib.common.rest_client [req-0ca2308f-04a6-4a49-96ed-87305d67ee99 req-0ca2308f-04a6-4a49-96ed-87305d67ee99 ] Request (ImagesTestJSON:test_create_server_from_snapshot): 200 GET http://10.180.1.21/compute/v2.1/servers/20a4e404-ac39-4629-a38c-23b0cbfb56c8 0.132s
2024-09-03 07:45:51.849 62114 INFO paramiko.transport [-] Authentication (publickey) successful!
2024-09-03 07:45:51.849 62114 INFO tempest.lib.common.ssh [-] ssh connection to cirros@10.180.180.137 successfully created
2024-09-03 07:45:51.886 62084 INFO tempest.lib.common.rest_client [req-75ed7ffd-fa7d-4c84-b11a-415c2ed6db1d req-75ed7ffd-fa7d-4c84-b11a-415c2ed6db1d ] Request (ServerDiagnosticsV248Test:tearDownClass): 200 GET http://10.180.1.21/compute/v2.1/servers/c9ae111e-42d1-4bc4-9131-38a5ddee98c3 0.196s
2024-09-03 07:45:51.888 62078 INFO tempest.lib.common.rest_client [req-6a82d414-a7b8-4d85-a6f5-b4293ae21d34 req-6a82d414-a7b8-4d85-a6f5-b4293ae21d34 ] Request (ServerMetadataNegativeTestJSON:test_server_create_metadata_key_too_long): 400 POST http://10.180.1.21/compute/v2.1/servers 0.181s
2024-09-03 07:45:51.904 62062 INFO tempest.lib.common.rest_client [req-a4e2b5e4-3c13-4ebf-b4b3-ee531472413a req-a4e2b5e4-3c13-4ebf-b4b3-ee531472413a ] Request (ServerDiskConfigTestJSON:test_rebuild_server_with_auto_disk_config): 200 GET http://10.180.1.21/compute/v2.1/servers/c05b0771-40b8-4c3b-a135-93335d1c069f 0.295s
2024-09-03 07:45:51.936 62078 INFO tempest.lib.common.rest_client [req-3f551a92-dd53-43e4-9267-3a09cb238854 req-3f551a92-dd53-43e4-9267-3a09cb238854 ] Request (ServerMetadataNegativeTestJSON:test_server_create_metadata_key_too_long): 201 POST http://10.180.1.21/identity/v3/auth/tokens 0.044s
2024-09-03 07:45:51.936 62078 INFO tempest.lib.common.fixed_network [-] (ServerMetadataNegativeTestJSON:test_server_create_metadata_key_too_long) Found network {'id': '6ea3b0c6-a865-4c5e-8af2-d599d98c14b0', 'name': 'tempest-ServerMetadataNegativeTestJSON-1358582122-network', 'tenant_id': '418fec8ea8014806895eaa7f20a4a5d4', 'admin_state_up': True, 'mtu': 8950, 'status': 'ACTIVE', 'subnets': [], 'shared': False, 'project_id': '418fec8ea8014806895eaa7f20a4a5d4', 'port_security_enabled': True, 'router:external': False, 'provider:network_type': 'vlan', 'provider:physical_network': 'default', 'provider:segmentation_id': 273, 'is_default': False, 'availability_zone_hints': [], 'availability_zones': [], 'ipv4_address_scope': None, 'ipv6_address_scope': None, 'description': '', 'tags': [], 'created_at': '2024-09-03T07:44:44Z', 'updated_at': '2024-09-03T07:44:44Z', 'revision_number': 1} available for tenant
2024-09-03 07:45:51.971 62070 INFO tempest.lib.common.rest_client [req-ee09fd4b-2a11-45c8-a7bc-911e437dd7eb req-ee09fd4b-2a11-45c8-a7bc-911e437dd7eb ] Request (ServerDiagnosticsNegativeTest:tearDownClass): 200 GET http://10.180.1.21/compute/v2.1/servers/4da04112-1b07-4364-82c2-4d0da80ddfe3 0.241s
2024-09-03 07:45:51.981 62088 INFO tempest.lib.common.rest_client [req-d236da8f-f284-48c7-96d8-3c75019e2c58 req-d236da8f-f284-48c7-96d8-3c75019e2c58 ] Request (ServersV294TestFqdnHostnames:setUpClass): 200 GET http://10.180.1.21/compute/v2.1/servers/87a9eb19-b2ac-45ef-9bc1-9876211c5640 0.231s
2024-09-03 07:45:52.029 62121 INFO tempest.lib.common.rest_client [req-7ffeadc7-0145-437d-9120-52a56740c7ec req-7ffeadc7-0145-437d-9120-52a56740c7ec ] Request (ServerShowV254Test:test_rebuild_server): 200 GET http://10.180.1.21/compute/v2.1/servers/13cd6688-7ec0-4b31-984a-01010c4d6984 0.218s
2024-09-03 07:45:52.031 62114 INFO tempest.lib.common.rest_client [req-94b1f081-a956-4b18-bbd6-a427cf308a12 req-94b1f081-a956-4b18-bbd6-a427cf308a12 ] Request (ServersTestManualDisk:test_list_servers): 200 GET http://10.180.1.21/compute/v2.1/servers 0.175s
2024-09-03 07:45:52.037 62078 INFO tempest.lib.common.rest_client [req-e2fcf562-10b9-439c-9bf6-c573bed5b511 req-e2fcf562-10b9-439c-9bf6-c573bed5b511 ] Request (ServerMetadataNegativeTestJSON:test_server_create_metadata_key_too_long): 400 POST http://10.180.1.21/compute/v2.1/servers 0.101s
2024-09-03 07:45:52.074 62078 INFO tempest.lib.common.rest_client [req-c463f341-9129-4d40-ab47-7aab1cf29672 req-c463f341-9129-4d40-ab47-7aab1cf29672 ] Request (ServerMetadataNegativeTestJSON:test_server_create_metadata_key_too_long): 201 POST http://10.180.1.21/identity/v3/auth/tokens 0.033s
2024-09-03 07:45:52.075 62078 INFO tempest.lib.common.fixed_network [-] (ServerMetadataNegativeTestJSON:test_server_create_metadata_key_too_long) Found network {'id': '6ea3b0c6-a865-4c5e-8af2-d599d98c14b0', 'name': 'tempest-ServerMetadataNegativeTestJSON-1358582122-network', 'tenant_id': '418fec8ea8014806895eaa7f20a4a5d4', 'admin_state_up': True, 'mtu': 8950, 'status': 'ACTIVE', 'subnets': [], 'shared': False, 'project_id': '418fec8ea8014806895eaa7f20a4a5d4', 'port_security_enabled': True, 'router:external': False, 'provider:network_type': 'vlan', 'provider:physical_network': 'default', 'provider:segmentation_id': 273, 'is_default': False, 'availability_zone_hints': [], 'availability_zones': [], 'ipv4_address_scope': None, 'ipv6_address_scope': None, 'description': '', 'tags': [], 'created_at': '2024-09-03T07:44:44Z', 'updated_at': '2024-09-03T07:44:44Z', 'revision_number': 1} available for tenant
2024-09-03 07:45:52.085 62124 INFO tempest.lib.common.rest_client [req-b76f6c5f-a227-44b0-b76c-dc5f39b800a8 req-b76f6c5f-a227-44b0-b76c-dc5f39b800a8 ] Request (MigrationsAdminTest:test_resize_server_revert_deleted_flavor): 200 GET http://10.180.1.21/compute/v2.1/servers/333e4106-38f5-436c-8b05-d0aee15ed894 0.220s
2024-09-03 07:45:52.092 62078 INFO tempest.lib.common.rest_client [req-3e362b8e-b42e-4e64-87ad-4d22d4656282 req-3e362b8e-b42e-4e64-87ad-4d22d4656282 ] Request (ServerMetadataNegativeTestJSON:test_server_create_metadata_key_too_long): 400 POST http://10.180.1.21/compute/v2.1/servers 0.015s
2024-09-03 07:45:52.123 62078 INFO tempest.lib.common.rest_client [req-e6bd5a07-554f-4bf9-ab6e-bcf66e5e4906 req-e6bd5a07-554f-4bf9-ab6e-bcf66e5e4906 ] Request (ServerMetadataNegativeTestJSON:test_server_create_metadata_key_too_long): 201 POST http://10.180.1.21/identity/v3/auth/tokens 0.027s
2024-09-03 07:45:52.123 62078 INFO tempest.lib.common.fixed_network [-] (ServerMetadataNegativeTestJSON:test_server_create_metadata_key_too_long) Found network {'id': '6ea3b0c6-a865-4c5e-8af2-d599d98c14b0', 'name': 'tempest-ServerMetadataNegativeTestJSON-1358582122-network', 'tenant_id': '418fec8ea8014806895eaa7f20a4a5d4', 'admin_state_up': True, 'mtu': 8950, 'status': 'ACTIVE', 'subnets': [], 'shared': False, 'project_id': '418fec8ea8014806895eaa7f20a4a5d4', 'port_security_enabled': True, 'router:external': False, 'provider:network_type': 'vlan', 'provider:physical_network': 'default', 'provider:segmentation_id': 273, 'is_default': False, 'availability_zone_hints': [], 'availability_zones': [], 'ipv4_address_scope': None, 'ipv6_address_scope': None, 'description': '', 'tags': [], 'created_at': '2024-09-03T07:44:44Z', 'updated_at': '2024-09-03T07:44:44Z', 'revision_number': 1} available for tenant
2024-09-03 07:45:52.133 62078 INFO tempest.lib.common.rest_client [req-be086b7c-7e2b-4f44-b6ee-d8f75fa7c2d7 req-be086b7c-7e2b-4f44-b6ee-d8f75fa7c2d7 ] Request (ServerMetadataNegativeTestJSON:test_server_create_metadata_key_too_long): 400 POST http://10.180.1.21/compute/v2.1/servers 0.009s
2024-09-03 07:45:52.148 62078 INFO tempest.lib.common.rest_client [req-af3813ad-e8e0-478d-81b8-6a9ed745e152 req-af3813ad-e8e0-478d-81b8-6a9ed745e152 ] Request (ServerMetadataNegativeTestJSON:test_server_metadata_non_existent_server): 404 GET http://10.180.1.21/compute/v2.1/servers/66df14dc-2c5b-493d-b372-5de79ecf218a/metadata/test2 0.011s
2024-09-03 07:45:52.180 62078 INFO tempest.lib.common.rest_client [req-602df615-d17d-4ec7-8b0c-782c6bd26fda req-602df615-d17d-4ec7-8b0c-782c6bd26fda ] Request (ServerMetadataNegativeTestJSON:test_set_metadata_invalid_key): 400 PUT http://10.180.1.21/compute/v2.1/servers/99c636ce-d99d-4b06-8c7a-6cf18c930d3f/metadata/key 0.030s
2024-09-03 07:45:52.202 62078 INFO tempest.lib.common.rest_client [req-94cef01a-f002-4740-a004-975263367b8f req-94cef01a-f002-4740-a004-975263367b8f ] Request (ServerMetadataNegativeTestJSON:test_set_metadata_non_existent_server): 404 PUT http://10.180.1.21/compute/v2.1/servers/a69b4b92-b0ab-43d2-b485-b7f3a280876f/metadata 0.020s
2024-09-03 07:45:52.212 62078 INFO tempest.lib.common.rest_client [req-42dd4bd5-4c29-43f5-b323-c6b165649bb4 req-42dd4bd5-4c29-43f5-b323-c6b165649bb4 ] Request (ServerMetadataNegativeTestJSON:test_set_server_metadata_blank_key): 400 PUT http://10.180.1.21/compute/v2.1/servers/99c636ce-d99d-4b06-8c7a-6cf18c930d3f/metadata 0.009s
2024-09-03 07:45:52.264 62114 INFO tempest.lib.common.rest_client [req-fb9250d7-5d7d-4f40-904c-096e06f30b64 req-fb9250d7-5d7d-4f40-904c-096e06f30b64 ] Request (ServersTestManualDisk:test_list_servers_with_detail): 200 GET http://10.180.1.21/compute/v2.1/servers/detail 0.229s
2024-09-03 07:45:52.272 62078 INFO tempest.lib.common.rest_client [req-1ce5c725-ddaa-42bf-bdcc-933835266ab0 req-1ce5c725-ddaa-42bf-bdcc-933835266ab0 ] Request (ServerMetadataNegativeTestJSON:test_set_server_metadata_missing_metadata): 400 PUT http://10.180.1.21/compute/v2.1/servers/99c636ce-d99d-4b06-8c7a-6cf18c930d3f/metadata 0.058s
2024-09-03 07:45:52.289 62082 INFO tempest.lib.common.rest_client [req-c9983fe5-f09c-4582-b7b8-26c946c3ec1f req-c9983fe5-f09c-4582-b7b8-26c946c3ec1f ] Request (ServerAddressesTestJSON:tearDownClass): 200 GET http://10.180.1.21/compute/v2.1/servers/1ccfb0fc-e8c0-4d8a-83d3-456569477bec 0.083s
2024-09-03 07:45:52.306 62114 INFO tempest.lib.common.rest_client [req-4ccf24cb-d291-4f01-8671-4e89300e4448 req-4ccf24cb-d291-4f01-8671-4e89300e4448 ] Request (ServersTestManualDisk:test_verify_created_server_vcpus): 200 GET http://10.180.1.21/compute/v2.1/flavors/42 0.032s
2024-09-03 07:45:52.309 62114 INFO tempest.lib.common.ssh [-] Creating ssh connection to '10.180.180.137:22' as 'cirros' with public key authentication
2024-09-03 07:45:52.315 62114 INFO paramiko.transport [-] Connected (version 2.0, client dropbear_2020.81)
2024-09-03 07:45:52.318 62078 INFO tempest.lib.common.rest_client [req-902a5cf2-eb21-417a-bdb1-76b30aaf1421 req-902a5cf2-eb21-417a-bdb1-76b30aaf1421 ] Request (ServerMetadataNegativeTestJSON:test_update_metadata_non_existent_server): 404 POST http://10.180.1.21/compute/v2.1/servers/213a5b3e-a4ed-437c-aa29-84a7c8611339/metadata 0.044s
2024-09-03 07:45:52.326 62090 INFO tempest.lib.common.rest_client [req-a730652d-49ba-4c7a-b3b7-bd7a11fdcc54 req-a730652d-49ba-4c7a-b3b7-bd7a11fdcc54 ] Request (ListServersNegativeTestJSON:tearDownClass): 200 PUT http://10.180.1.21:9696/networking/v2.0/routers/a4124311-2eeb-47dd-9763-e5cdbbe08a15/remove_router_interface 0.947s
2024-09-03 07:45:52.329 62080 INFO tempest.lib.common.rest_client [req-de87c120-0739-4bba-ac95-6320679439b0 req-de87c120-0739-4bba-ac95-6320679439b0 ] Request (ServerGroupTestJSON:test_create_server_with_scheduler_hint_group): 200 GET http://10.180.1.21/compute/v2.1/servers/eadc35dc-0ce2-431e-a046-35a98518bdec 0.070s
2024-09-03 07:45:52.329 62078 INFO tempest.lib.common.rest_client [req-492818f6-61f2-49b9-994d-6bb74de538d4 req-492818f6-61f2-49b9-994d-6bb74de538d4 ] Request (ServerMetadataNegativeTestJSON:test_update_metadata_with_blank_key): 400 POST http://10.180.1.21/compute/v2.1/servers/99c636ce-d99d-4b06-8c7a-6cf18c930d3f/metadata 0.010s
2024-09-03 07:45:52.422 62114 INFO paramiko.transport [-] Authentication (publickey) successful!
2024-09-03 07:45:52.424 62114 INFO tempest.lib.common.ssh [-] ssh connection to cirros@10.180.180.137 successfully created
2024-09-03 07:45:52.436 62078 INFO tempest.lib.common.rest_client [req-0cf90733-435f-4918-bc73-76a765d05bd8 req-0cf90733-435f-4918-bc73-76a765d05bd8 ] Request (ServerMetadataNegativeTestJSON:tearDownClass): 204 DELETE http://10.180.1.21/compute/v2.1/servers/99c636ce-d99d-4b06-8c7a-6cf18c930d3f 0.105s
2024-09-03 07:45:52.530 62072 INFO tempest.lib.common.rest_client [req-b210496c-26f7-40ad-8c34-dbb64762cc62 req-b210496c-26f7-40ad-8c34-dbb64762cc62 ] Request (ServerShowV247Test:tearDownClass): 200 GET http://10.180.1.21/compute/v2.1/servers/c039222d-3472-4354-81c4-0384679aae87 0.165s
2024-09-03 07:45:52.567 62102 INFO tempest.lib.common.rest_client [req-38afc3e6-f789-42f2-a7a8-f06dde4a6467 req-38afc3e6-f789-42f2-a7a8-f06dde4a6467 ] Request (ServersTestBootFromVolume:setUpClass): 200 GET http://10.180.1.21/compute/v2.1/servers/342f8307-c23c-459a-8c7f-626b72ad12c8 0.207s
2024-09-03 07:45:52.576 62116 INFO tempest.lib.common.rest_client [req-f5beeed0-e25a-45e5-b7ef-ee08fd806d00 req-f5beeed0-e25a-45e5-b7ef-ee08fd806d00 ] Request (ListImageFiltersTestJSON:setUpClass): 200 GET http://10.180.1.21/compute/v2.1/images/28211a98-3a30-4855-9103-bc1eb6e2e2ef 0.163s
2024-09-03 07:45:52.632 62105 INFO tempest.lib.common.rest_client [req-ac2f8e80-59c2-4e31-893b-701ea73feca8 req-ac2f8e80-59c2-4e31-893b-701ea73feca8 ] Request (ServersAdminTestJSON:test_create_server_with_scheduling_hint): 200 GET http://10.180.1.21/compute/v2.1/servers/97a5a6c0-374e-4c2c-997b-e4b6f91796ea 0.216s
2024-09-03 07:45:52.716 62114 INFO tempest.lib.common.rest_client [req-cfc9a0cc-56e5-427c-b795-13a03ada9076 req-cfc9a0cc-56e5-427c-b795-13a03ada9076 ] Request (ServersTestManualDisk:tearDownClass): 204 DELETE http://10.180.1.21/compute/v2.1/servers/b011f7b7-ba5c-47d4-87ee-1c52e6fc03b3 0.279s
2024-09-03 07:45:52.734 62078 INFO tempest.lib.common.rest_client [req-e43a5e57-595e-44c7-9197-3d89e3c4b1f7 req-e43a5e57-595e-44c7-9197-3d89e3c4b1f7 ] Request (ServerMetadataNegativeTestJSON:tearDownClass): 200 GET http://10.180.1.21/compute/v2.1/servers/99c636ce-d99d-4b06-8c7a-6cf18c930d3f 0.298s
2024-09-03 07:45:52.772 62066 INFO tempest.lib.common.rest_client [req-dcb9f77f-9c72-4447-a416-a85c9954fac7 req-dcb9f77f-9c72-4447-a416-a85c9954fac7 ] Request (ServerRescueTestJSON:setUpClass): 200 GET http://10.180.1.21/compute/v2.1/servers/497db95f-89d8-4dbb-af5d-5d7e069b62b2 0.286s
2024-09-03 07:45:52.778 62066 INFO tempest.common.waiters [-] State transition "BUILD/scheduling" ==> "BUILD/None" after 26 second wait
2024-09-03 07:45:52.805 62098 INFO tempest.lib.common.rest_client [req-4e3cdab0-0900-4d48-aa3c-08ea900c953a req-4e3cdab0-0900-4d48-aa3c-08ea900c953a ] Request (ServersAdminNegativeTestJSON:tearDownClass): 200 GET http://10.180.1.21/compute/v2.1/servers/b39cb907-f4e4-4363-8ec6-c3539180e2d0 0.315s
2024-09-03 07:45:52.824 62096 INFO tempest.lib.common.rest_client [req-c7bd9bfd-11e9-4753-8112-634ff94ec967 req-c7bd9bfd-11e9-4753-8112-634ff94ec967 ] Request (ServerPasswordTestJSON:setUpClass): 200 GET http://10.180.1.21/compute/v2.1/servers/caf75c43-34a6-49c9-9eb0-756904cb4906 0.274s
2024-09-03 07:45:52.857 62092 INFO tempest.lib.common.rest_client [req-b60722c7-d2e1-4c6e-85aa-4b2435dc81b4 req-b60722c7-d2e1-4c6e-85aa-4b2435dc81b4 ] Request (ImagesOneServerTestJSON:test_create_image_specify_multibyte_character_image_name): 200 GET http://10.180.1.21/compute/v2.1/images/7d9167d9-b191-459d-b1ef-ce2b163879da 0.205s
2024-09-03 07:45:52.876 62101 INFO tempest.lib.common.rest_client [req-2e61780c-2876-4304-bedc-43394e2df2dc req-2e61780c-2876-4304-bedc-43394e2df2dc ] Request (InstanceActionsNegativeTestJSON:tearDownClass): 200 GET http://10.180.1.21/compute/v2.1/servers/6d079f42-1f1f-402e-a9b2-7ff0fc2b4dc1 0.259s
2024-09-03 07:45:52.917 62090 INFO tempest.lib.common.rest_client [req-bc08ac44-de71-4857-8a81-87f8688b5b18 req-bc08ac44-de71-4857-8a81-87f8688b5b18 ] Request (ListServersNegativeTestJSON:tearDownClass): 204 DELETE http://10.180.1.21:9696/networking/v2.0/routers/a4124311-2eeb-47dd-9763-e5cdbbe08a15 0.590s
2024-09-03 07:45:52.949 62094 INFO tempest.lib.common.rest_client [req-2e009ff8-6f9b-48cf-a20e-a4289d7d1ccd req-2e009ff8-6f9b-48cf-a20e-a4289d7d1ccd ] Request (ImagesOneServerNegativeTestJSON:_run_cleanups): 200 GET http://10.180.1.21/compute/v2.1/servers/1795ebab-6b43-4b98-8d1e-802432d596ab 0.181s
2024-09-03 07:45:53.016 62064 INFO tempest.lib.common.rest_client [req-78454ab5-71a8-468b-9e76-b599ac52a489 req-78454ab5-71a8-468b-9e76-b599ac52a489 ] Request (ImagesTestJSON:test_create_server_from_snapshot): 200 GET http://10.180.1.21/compute/v2.1/servers/20a4e404-ac39-4629-a38c-23b0cbfb56c8 0.199s
2024-09-03 07:45:53.085 62114 INFO tempest.lib.common.rest_client [req-aecba84e-6773-49a9-8cc8-683bff0fbe58 req-aecba84e-6773-49a9-8cc8-683bff0fbe58 ] Request (ServersTestManualDisk:tearDownClass): 200 GET http://10.180.1.21/compute/v2.1/servers/b011f7b7-ba5c-47d4-87ee-1c52e6fc03b3 0.369s
2024-09-03 07:45:53.087 62084 INFO tempest.lib.common.rest_client [req-242bd64f-f9fb-4661-b41a-3bbfdb1e2f59 req-242bd64f-f9fb-4661-b41a-3bbfdb1e2f59 ] Request (ServerDiagnosticsV248Test:tearDownClass): 200 GET http://10.180.1.21/compute/v2.1/servers/c9ae111e-42d1-4bc4-9131-38a5ddee98c3 0.186s
2024-09-03 07:45:53.147 62090 INFO tempest.lib.common.rest_client [req-c41d1fa0-3390-4e77-bc69-5096f19a46e2 req-c41d1fa0-3390-4e77-bc69-5096f19a46e2 ] Request (ListServersNegativeTestJSON:tearDownClass): 204 DELETE http://10.180.1.21:9696/networking/v2.0/subnets/43881fc1-d40f-4f47-9a32-dfad0ffc1197 0.230s
2024-09-03 07:45:53.173 62070 INFO tempest.lib.common.rest_client [req-28ed8f6f-6a6d-4d7a-9642-2bf723c834b6 req-28ed8f6f-6a6d-4d7a-9642-2bf723c834b6 ] Request (ServerDiagnosticsNegativeTest:tearDownClass): 200 GET http://10.180.1.21/compute/v2.1/servers/4da04112-1b07-4364-82c2-4d0da80ddfe3 0.194s
2024-09-03 07:45:53.229 62109 WARNING tempest.lib.common.ssh [-] Failed to establish authenticated ssh connection to cirros@10.180.180.181 ([Errno None] Unable to connect to port 22 on 10.180.180.181). Number attempts: 4. Retry after 5 seconds.: paramiko.ssh_exception.NoValidConnectionsError: [Errno None] Unable to connect to port 22 on 10.180.180.181
2024-09-03 07:45:53.254 62088 INFO tempest.lib.common.rest_client [req-2e7077c0-a615-4f39-8f4d-54b377994530 req-2e7077c0-a615-4f39-8f4d-54b377994530 ] Request (ServersV294TestFqdnHostnames:setUpClass): 200 GET http://10.180.1.21/compute/v2.1/servers/87a9eb19-b2ac-45ef-9bc1-9876211c5640 0.263s
2024-09-03 07:45:53.255 62062 INFO tempest.lib.common.rest_client [req-4bcab4cf-0c99-45ab-bb69-661b982fed89 req-4bcab4cf-0c99-45ab-bb69-661b982fed89 ] Request (ServerDiskConfigTestJSON:test_rebuild_server_with_auto_disk_config): 200 GET http://10.180.1.21/compute/v2.1/servers/c05b0771-40b8-4c3b-a135-93335d1c069f 0.341s
2024-09-03 07:45:53.312 62124 INFO tempest.lib.common.rest_client [req-7eb6915a-871e-4cf8-b132-5e6c1f589177 req-7eb6915a-871e-4cf8-b132-5e6c1f589177 ] Request (MigrationsAdminTest:test_resize_server_revert_deleted_flavor): 200 GET http://10.180.1.21/compute/v2.1/servers/333e4106-38f5-436c-8b05-d0aee15ed894 0.216s
2024-09-03 07:45:53.331 62121 INFO tempest.lib.common.rest_client [req-2be899b2-a8d8-4dd1-ba3a-2fba6e8faca3 req-2be899b2-a8d8-4dd1-ba3a-2fba6e8faca3 ] Request (ServerShowV254Test:test_rebuild_server): 200 GET http://10.180.1.21/compute/v2.1/servers/13cd6688-7ec0-4b31-984a-01010c4d6984 0.292s
2024-09-03 07:45:53.378 62082 INFO tempest.lib.common.rest_client [req-64a8279a-3378-4925-af07-b4dd066c6faf req-64a8279a-3378-4925-af07-b4dd066c6faf ] Request (ServerAddressesTestJSON:tearDownClass): 200 GET http://10.180.1.21/compute/v2.1/servers/1ccfb0fc-e8c0-4d8a-83d3-456569477bec 0.079s
2024-09-03 07:45:53.386 62082 INFO tempest.common.waiters [-] State transition "ACTIVE/deleting" ==> "DELETED/None" after 3 second wait
2024-09-03 07:45:53.394 62080 INFO tempest.lib.common.rest_client [req-684f69d6-b1bc-4cc4-95ee-e64a00ceb79a req-684f69d6-b1bc-4cc4-95ee-e64a00ceb79a ] Request (ServerGroupTestJSON:test_create_server_with_scheduler_hint_group): 200 GET http://10.180.1.21/compute/v2.1/servers/eadc35dc-0ce2-431e-a046-35a98518bdec 0.057s
2024-09-03 07:45:53.536 62090 INFO tempest.lib.common.rest_client [req-145782b4-edac-4c9c-83ec-6935db4b9254 req-145782b4-edac-4c9c-83ec-6935db4b9254 ] Request (ListServersNegativeTestJSON:tearDownClass): 204 DELETE http://10.180.1.21:9696/networking/v2.0/networks/45501f2c-ef73-4a00-8b74-8f5815cf89ec 0.388s
2024-09-03 07:45:53.639 62072 INFO tempest.lib.common.rest_client [req-e6ce95f7-35ff-46c9-90fa-373683f603b7 req-e6ce95f7-35ff-46c9-90fa-373683f603b7 ] Request (ServerShowV247Test:tearDownClass): 200 GET http://10.180.1.21/compute/v2.1/servers/c039222d-3472-4354-81c4-0384679aae87 0.095s
2024-09-03 07:45:53.645 62090 INFO tempest.lib.common.rest_client [req-9b3d441c-5714-40d6-a5ce-8d01f21a852d req-9b3d441c-5714-40d6-a5ce-8d01f21a852d ] Request (ListServersNegativeTestJSON:tearDownClass): 204 DELETE http://10.180.1.21/identity/v3/users/42618998b00b4627af8b468b6083bfe8 0.109s
2024-09-03 07:45:53.645 62090 INFO tempest.lib.common.dynamic_creds [-] Deleting project and security group for project: 2b52a598161b41adb293843c5f895f72
2024-09-03 07:45:53.682 62116 INFO tempest.lib.common.rest_client [req-550870e2-0a5e-4150-bde3-bbe158c56d16 req-550870e2-0a5e-4150-bde3-bbe158c56d16 ] Request (ListImageFiltersTestJSON:setUpClass): 200 GET http://10.180.1.21/compute/v2.1/images/28211a98-3a30-4855-9103-bc1eb6e2e2ef 0.102s
2024-09-03 07:45:53.712 62090 INFO tempest.lib.common.rest_client [req-55093df4-6f43-475a-98b2-598aad047c30 req-55093df4-6f43-475a-98b2-598aad047c30 ] Request (ListServersNegativeTestJSON:tearDownClass): 200 GET http://10.180.1.21:9696/networking/v2.0/security-groups?tenant_id=2b52a598161b41adb293843c5f895f72&name=default 0.066s
2024-09-03 07:45:53.744 62105 INFO tempest.lib.common.rest_client [req-574b7017-6f9e-4f0c-8c05-9d2ab7bee531 req-574b7017-6f9e-4f0c-8c05-9d2ab7bee531 ] Request (ServersAdminTestJSON:test_create_server_with_scheduling_hint): 200 GET http://10.180.1.21/compute/v2.1/servers/97a5a6c0-374e-4c2c-997b-e4b6f91796ea 0.103s
2024-09-03 07:45:53.755 62102 INFO tempest.lib.common.rest_client [req-461feb72-1d13-4466-9e2f-10254bdb2a50 req-461feb72-1d13-4466-9e2f-10254bdb2a50 ] Request (ServersTestBootFromVolume:setUpClass): 200 GET http://10.180.1.21/compute/v2.1/servers/342f8307-c23c-459a-8c7f-626b72ad12c8 0.179s
2024-09-03 07:45:53.844 62066 INFO tempest.lib.common.rest_client [req-a8394619-719f-4184-a810-8ab3a2156811 req-a8394619-719f-4184-a810-8ab3a2156811 ] Request (ServerRescueTestJSON:setUpClass): 200 GET http://10.180.1.21/compute/v2.1/servers/497db95f-89d8-4dbb-af5d-5d7e069b62b2 0.064s
2024-09-03 07:45:53.915 62098 INFO tempest.lib.common.rest_client [req-7cf014c6-b5ba-416e-93e1-0f12c4c9cccd req-7cf014c6-b5ba-416e-93e1-0f12c4c9cccd ] Request (ServersAdminNegativeTestJSON:tearDownClass): 200 GET http://10.180.1.21/compute/v2.1/servers/b39cb907-f4e4-4363-8ec6-c3539180e2d0 0.099s
2024-09-03 07:45:53.920 62090 INFO tempest.lib.common.rest_client [req-e52a245e-3f7d-4a09-957e-ad9e29d1ba0f req-e52a245e-3f7d-4a09-957e-ad9e29d1ba0f ] Request (ListServersNegativeTestJSON:tearDownClass): 204 DELETE http://10.180.1.21:9696/networking/v2.0/security-groups/6c237050-385f-4c46-9267-4329ee5ab9c8 0.207s
2024-09-03 07:45:53.971 62078 INFO tempest.lib.common.rest_client [req-4191a703-7182-4664-9d7c-2f059c635280 req-4191a703-7182-4664-9d7c-2f059c635280 ] Request (ServerMetadataNegativeTestJSON:tearDownClass): 200 GET http://10.180.1.21/compute/v2.1/servers/99c636ce-d99d-4b06-8c7a-6cf18c930d3f 0.229s
2024-09-03 07:45:53.979 62096 INFO tempest.lib.common.rest_client [req-b055debf-e04b-4a94-8e93-2f1e28e1109c req-b055debf-e04b-4a94-8e93-2f1e28e1109c ] Request (ServerPasswordTestJSON:setUpClass): 200 GET http://10.180.1.21/compute/v2.1/servers/caf75c43-34a6-49c9-9eb0-756904cb4906 0.146s
2024-09-03 07:45:54.012 62092 INFO tempest.lib.common.rest_client [req-aeadb4dd-22fc-4ea0-8734-b52bad2fb5be req-aeadb4dd-22fc-4ea0-8734-b52bad2fb5be ] Request (ImagesOneServerTestJSON:test_create_image_specify_multibyte_character_image_name): 200 GET http://10.180.1.21/compute/v2.1/images/7d9167d9-b191-459d-b1ef-ce2b163879da 0.151s
2024-09-03 07:45:54.037 62090 INFO tempest.lib.common.rest_client [req-c1db4fad-27f2-440d-b437-672fa45fa9b5 req-c1db4fad-27f2-440d-b437-672fa45fa9b5 ] Request (ListServersNegativeTestJSON:tearDownClass): 204 DELETE http://10.180.1.21/identity/v3/projects/2b52a598161b41adb293843c5f895f72 0.116s
2024-09-03 07:45:54.038 62090 INFO tempest.test [-] raised in ServerBootFromVolumeStableRescueTest.setUpClass. Invoking tearDownClass.
2024-09-03 07:45:54.039 62090 INFO tempest.test [-] raised in ServerStableDeviceRescueTestIDE.setUpClass. Invoking tearDownClass.
2024-09-03 07:45:54.050 62101 INFO tempest.lib.common.rest_client [req-f1f2534a-9734-43d0-b6c8-705ff8daf172 req-f1f2534a-9734-43d0-b6c8-705ff8daf172 ] Request (InstanceActionsNegativeTestJSON:tearDownClass): 200 GET http://10.180.1.21/compute/v2.1/servers/6d079f42-1f1f-402e-a9b2-7ff0fc2b4dc1 0.164s
2024-09-03 07:45:54.079 62094 INFO tempest.lib.common.rest_client [req-da0911da-ced6-41a9-8bdd-817d38b0d7de req-da0911da-ced6-41a9-8bdd-817d38b0d7de ] Request (ImagesOneServerNegativeTestJSON:_run_cleanups): 200 GET http://10.180.1.21/compute/v2.1/servers/1795ebab-6b43-4b98-8d1e-802432d596ab 0.120s
2024-09-03 07:45:54.097 62064 INFO tempest.lib.common.rest_client [req-b0a3d1df-7e71-4df9-9723-6278f1b68366 req-b0a3d1df-7e71-4df9-9723-6278f1b68366 ] Request (ImagesTestJSON:test_create_server_from_snapshot): 200 GET http://10.180.1.21/compute/v2.1/servers/20a4e404-ac39-4629-a38c-23b0cbfb56c8 0.071s
2024-09-03 07:45:54.112 62090 INFO tempest.lib.common.rest_client [req-ee392b2c-9c98-4cfa-bae7-ed8af0367e6d req-ee392b2c-9c98-4cfa-bae7-ed8af0367e6d ] Request (ServerShowV263Test:setUpClass): 201 POST http://10.180.1.21/identity/v3/auth/tokens 0.069s
2024-09-03 07:45:54.147 62090 INFO tempest.lib.common.rest_client [req-2f7eab51-df80-43d5-b93d-e46f5453eadf req-2f7eab51-df80-43d5-b93d-e46f5453eadf ] Request (ServerShowV263Test:setUpClass): 201 POST http://10.180.1.21/identity/v3/auth/tokens 0.031s
2024-09-03 07:45:54.179 62090 INFO tempest.lib.common.rest_client [req-60b87cfa-b0c3-4a43-a5fb-fa73849ed15d req-60b87cfa-b0c3-4a43-a5fb-fa73849ed15d ] Request (ServerShowV263Test:setUpClass): 200 GET http://10.180.1.21/identity/v3/domains?name=Default 0.031s
2024-09-03 07:45:54.184 62084 INFO tempest.lib.common.rest_client [req-e7e3c623-7665-454a-9177-34ddb7f8af71 req-e7e3c623-7665-454a-9177-34ddb7f8af71 ] Request (ServerDiagnosticsV248Test:tearDownClass): 200 GET http://10.180.1.21/compute/v2.1/servers/c9ae111e-42d1-4bc4-9131-38a5ddee98c3 0.087s
2024-09-03 07:45:54.213 62090 INFO tempest.lib.common.rest_client [req-9070a09a-af9b-433a-a4c3-4759c091639a req-9070a09a-af9b-433a-a4c3-4759c091639a ] Request (ServerShowV263Test:setUpClass): 201 POST http://10.180.1.21/identity/v3/projects 0.033s
2024-09-03 07:45:54.228 62114 INFO tempest.lib.common.rest_client [req-14bf1b6c-f466-4fe0-b324-5877e1483c1e req-14bf1b6c-f466-4fe0-b324-5877e1483c1e ] Request (ServersTestManualDisk:tearDownClass): 200 GET http://10.180.1.21/compute/v2.1/servers/b011f7b7-ba5c-47d4-87ee-1c52e6fc03b3 0.135s
2024-09-03 07:45:54.251 62070 INFO tempest.lib.common.rest_client [req-e6da68a4-6dd4-469a-91b0-f7ddc650ca7f req-e6da68a4-6dd4-469a-91b0-f7ddc650ca7f ] Request (ServerDiagnosticsNegativeTest:tearDownClass): 200 GET http://10.180.1.21/compute/v2.1/servers/4da04112-1b07-4364-82c2-4d0da80ddfe3 0.071s
2024-09-03 07:45:54.277 62090 INFO tempest.lib.common.rest_client [req-de5dcaba-1fdd-405a-9541-ab6ed12494a9 req-de5dcaba-1fdd-405a-9541-ab6ed12494a9 ] Request (ServerShowV263Test:setUpClass): 201 POST http://10.180.1.21/identity/v3/users 0.064s
2024-09-03 07:45:54.306 62090 INFO tempest.lib.common.rest_client [req-e72a87cf-314a-4485-b688-8afab7e145ed req-e72a87cf-314a-4485-b688-8afab7e145ed ] Request (ServerShowV263Test:setUpClass): 200 GET http://10.180.1.21/identity/v3/roles 0.029s
2024-09-03 07:45:54.308 62110 INFO paramiko.transport [-] Connected (version 2.0, client dropbear_2020.81)
2024-09-03 07:45:54.333 62088 INFO tempest.lib.common.rest_client [req-7cbbfcf8-4437-49b2-b6d4-4e70c5668b15 req-7cbbfcf8-4437-49b2-b6d4-4e70c5668b15 ] Request (ServersV294TestFqdnHostnames:setUpClass): 200 GET http://10.180.1.21/compute/v2.1/servers/87a9eb19-b2ac-45ef-9bc1-9876211c5640 0.065s
2024-09-03 07:45:54.335 62090 INFO tempest.lib.common.rest_client [req-8c76bc9c-c017-44f5-b475-2729fc19d4ae req-8c76bc9c-c017-44f5-b475-2729fc19d4ae ] Request (ServerShowV263Test:setUpClass): 204 PUT http://10.180.1.21/identity/v3/projects/6c1fe24d2f2642c7ad3cbc50302c5ac8/users/462c4ed09f58407ba775780f4a3fb8b1/roles/2193632934d54214a0cf677639013a0a 0.028s
2024-09-03 07:45:54.335 62090 INFO tempest.lib.common.dynamic_creds [-] Dynamic test user 462c4ed09f58407ba775780f4a3fb8b1 is created with scope project and roles: ['member']
2024-09-03 07:45:54.335 62090 INFO tempest.lib.common.dynamic_creds [-] Acquired dynamic creds: credentials: Credentials: {'domain_id': 'default', 'domain_name': 'Default', 'username': 'tempest-ServerShowV263Test-669619218-project-member', 'project_domain_id': 'default', 'project_domain_name': 'Default', 'project_id': '6c1fe24d2f2642c7ad3cbc50302c5ac8', 'project_name': 'tempest-ServerShowV263Test-669619218', 'tenant_id': '6c1fe24d2f2642c7ad3cbc50302c5ac8', 'tenant_name': 'tempest-ServerShowV263Test-669619218', 'user_domain_id': 'default', 'user_domain_name': 'Default', 'user_id': '462c4ed09f58407ba775780f4a3fb8b1', 'system': None}, Network: None, Subnet: None, Router: None
2024-09-03 07:45:54.335 62090 INFO tempest.lib.common.dynamic_creds [-] Created isolated network resources for: credentials: Credentials: {'domain_id': 'default', 'domain_name': 'Default', 'username': 'tempest-ServerShowV263Test-669619218-project-member', 'project_domain_id': 'default', 'project_domain_name': 'Default', 'project_id': '6c1fe24d2f2642c7ad3cbc50302c5ac8', 'project_name': 'tempest-ServerShowV263Test-669619218', 'tenant_id': '6c1fe24d2f2642c7ad3cbc50302c5ac8', 'tenant_name': 'tempest-ServerShowV263Test-669619218', 'user_domain_id': 'default', 'user_domain_name': 'Default', 'user_id': '462c4ed09f58407ba775780f4a3fb8b1', 'system': None}, Network: None, Subnet: None, Router: None
2024-09-03 07:45:54.385 62062 INFO tempest.lib.common.rest_client [req-b0b54e79-d72f-4acd-980c-66da776862f7 req-b0b54e79-d72f-4acd-980c-66da776862f7 ] Request (ServerDiskConfigTestJSON:test_rebuild_server_with_auto_disk_config): 200 GET http://10.180.1.21/compute/v2.1/servers/c05b0771-40b8-4c3b-a135-93335d1c069f 0.117s
2024-09-03 07:45:54.389 62124 INFO tempest.lib.common.rest_client [req-050081f7-d385-4584-a91b-3b9aa37ed785 req-050081f7-d385-4584-a91b-3b9aa37ed785 ] Request (MigrationsAdminTest:test_resize_server_revert_deleted_flavor): 200 GET http://10.180.1.21/compute/v2.1/servers/333e4106-38f5-436c-8b05-d0aee15ed894 0.067s
2024-09-03 07:45:54.413 62110 INFO paramiko.transport [-] Authentication (publickey) successful!
2024-09-03 07:45:54.414 62110 INFO tempest.lib.common.ssh [-] ssh connection to cirros@10.180.180.241 successfully created
