2024-09-03 07:44:24.506 62062 INFO tempest.lib.common.rest_client [req-5eb31764-2d14-47ac-89d5-3ce86a8afabf req-5eb31764-2d14-47ac-89d5-3ce86a8afabf ] Request (SecurityGroupRulesNegativeTestJSON:test_create_security_group_rule_with_invalid_port_range): 200 POST http://10.180.1.21/compute/v2.1/os-security-groups 1.605s
2024-09-03 07:44:24.558 62082 INFO tempest.lib.common.rest_client [req-ee8bc900-9b4e-4a99-8ac0-72d405e932b0 req-ee8bc900-9b4e-4a99-8ac0-72d405e932b0 ] Request (SecurityGroupsTestAdminJSON:setUpClass): 201 POST http://10.180.1.21/identity/v3/users 0.094s
2024-09-03 07:44:24.583 62082 INFO tempest.lib.common.rest_client [req-86762cf4-1016-4099-95c1-3264c91abd4b req-86762cf4-1016-4099-95c1-3264c91abd4b ] Request (SecurityGroupsTestAdminJSON:setUpClass): 200 GET http://10.180.1.21/identity/v3/roles 0.025s
2024-09-03 07:44:24.608 62124 INFO tempest.lib.common.rest_client [req-ff111562-d68d-495f-8d85-960bfe124d15 req-ff111562-d68d-495f-8d85-960bfe124d15 ] Request (MigrationsAdminTest:test_list_migrations_in_flavor_resize_situation): 200 GET http://10.180.1.21/compute/v2.1/servers/76e29d48-9415-42ad-b599-e0efafd61474 1.570s
2024-09-03 07:44:24.620 62082 INFO tempest.lib.common.rest_client [req-216faaf1-af19-4ef8-a8f2-d6a109ea9a4d req-216faaf1-af19-4ef8-a8f2-d6a109ea9a4d ] Request (SecurityGroupsTestAdminJSON:setUpClass): 204 PUT http://10.180.1.21/identity/v3/projects/7a761d9013cd4d98bed31c07879b5899/users/f6d4bf1d3a734381a9ba05df7a86c193/roles/5e75e481c62342a88fa0f24607b11b7c 0.036s
2024-09-03 07:44:24.623 62105 INFO tempest.lib.common.rest_client [req-80aa317e-f1c1-4c0a-bc69-c7c1fc54d93c req-80aa317e-f1c1-4c0a-bc69-c7c1fc54d93c ] Request (ServersAdminTestJSON:setUpClass): 200 GET http://10.180.1.21/compute/v2.1/servers/0ea28618-7b95-4442-8d74-6363bc6da9a1 1.522s
2024-09-03 07:44:24.651 62086 INFO tempest.lib.common.rest_client [req-b4cd4a79-8e4a-46b7-8039-79b473d0d868 req-b4cd4a79-8e4a-46b7-8039-79b473d0d868 ] Request (FlavorsV2TestJSON:test_list_flavors_filter_by_min_disk): 200 GET http://10.180.1.21/compute/v2.1/flavors?minDisk=2 1.253s
2024-09-03 07:44:24.711 62082 INFO tempest.lib.common.rest_client [req-80864a7f-c17a-41e8-872b-67bc40f71814 req-80864a7f-c17a-41e8-872b-67bc40f71814 ] Request (SecurityGroupsTestAdminJSON:setUpClass): 200 GET http://10.180.1.21/identity/v3/roles 0.090s
2024-09-03 07:44:24.735 62082 INFO tempest.lib.common.rest_client [req-99460e3f-aeee-4baa-908b-c5e18b2d5832 req-99460e3f-aeee-4baa-908b-c5e18b2d5832 ] Request (SecurityGroupsTestAdminJSON:setUpClass): 204 PUT http://10.180.1.21/identity/v3/projects/7a761d9013cd4d98bed31c07879b5899/users/f6d4bf1d3a734381a9ba05df7a86c193/roles/5e75e481c62342a88fa0f24607b11b7c 0.023s
2024-09-03 07:44:24.735 62082 INFO tempest.lib.common.dynamic_creds [-] Dynamic test user f6d4bf1d3a734381a9ba05df7a86c193 is created with scope project and roles: ['admin']
2024-09-03 07:44:24.736 62082 INFO tempest.lib.common.dynamic_creds [-] Acquired dynamic creds: credentials: Credentials: {'domain_id': 'default', 'domain_name': 'Default', 'username': 'tempest-SecurityGroupsTestAdminJSON-784488565-project-admin', 'project_domain_id': 'default', 'project_domain_name': 'Default', 'project_id': '7a761d9013cd4d98bed31c07879b5899', 'project_name': 'tempest-SecurityGroupsTestAdminJSON-784488565', 'tenant_id': '7a761d9013cd4d98bed31c07879b5899', 'tenant_name': 'tempest-SecurityGroupsTestAdminJSON-784488565', 'user_domain_id': 'default', 'user_domain_name': 'Default', 'user_id': 'f6d4bf1d3a734381a9ba05df7a86c193', 'system': None}, Network: None, Subnet: None, Router: None
2024-09-03 07:44:24.736 62082 INFO tempest.lib.common.dynamic_creds [-] Created isolated network resources for: credentials: Credentials: {'domain_id': 'default', 'domain_name': 'Default', 'username': 'tempest-SecurityGroupsTestAdminJSON-784488565-project-admin', 'project_domain_id': 'default', 'project_domain_name': 'Default', 'project_id': '7a761d9013cd4d98bed31c07879b5899', 'project_name': 'tempest-SecurityGroupsTestAdminJSON-784488565', 'tenant_id': '7a761d9013cd4d98bed31c07879b5899', 'tenant_name': 'tempest-SecurityGroupsTestAdminJSON-784488565', 'user_domain_id': 'default', 'user_domain_name': 'Default', 'user_id': 'f6d4bf1d3a734381a9ba05df7a86c193', 'system': None}, Network: None, Subnet: None, Router: None
2024-09-03 07:44:24.806 62068 INFO tempest.lib.common.rest_client [req-aa992467-4f8c-45fa-a93c-6d6aa636049b req-aa992467-4f8c-45fa-a93c-6d6aa636049b ] Request (AttachInterfacesTestJSON:test_create_list_show_delete_interfaces_by_fixed_ip): 200 GET http://10.180.1.21/compute/v2.1/servers/4e6ab1de-7c40-4741-9ac3-63f6d2829b46/os-interface 1.699s
2024-09-03 07:44:24.824 62082 INFO tempest.lib.common.rest_client [req-67aa7cea-0eb0-4cd9-822f-3885ee85784d req-67aa7cea-0eb0-4cd9-822f-3885ee85784d ] Request (SecurityGroupsTestAdminJSON:setUpClass): 201 POST http://10.180.1.21/identity/v3/auth/tokens 0.084s
2024-09-03 07:44:24.996 62101 INFO tempest.lib.common.rest_client [req-22f75331-190d-48c2-9c10-7b12ad7c2e6d req-22f75331-190d-48c2-9c10-7b12ad7c2e6d ] Request (QuotasAdminTestJSON:test_get_updated_quotas): 200 PUT http://10.180.1.21/compute/v2.1/os-quota-sets/5de779fb2e834d8695fb038d4044934f 1.487s
2024-09-03 07:44:25.029 62090 INFO tempest.lib.common.rest_client [req-d1f1b7bb-9620-4d8e-90c1-814a90ca3a9e req-d1f1b7bb-9620-4d8e-90c1-814a90ca3a9e ] Request (ListServersNegativeTestJSON:setUpClass): 200 GET http://10.180.1.21/compute/v2.1/servers/226463bf-078f-4a76-a188-90dd890000c1 1.572s
2024-09-03 07:44:25.080 62078 INFO tempest.lib.common.rest_client [req-a02e15c6-4cc1-485e-b8f2-fd831a0e4cdc req-a02e15c6-4cc1-485e-b8f2-fd831a0e4cdc ] Request (TenantUsagesTestJSON:tearDownClass): 200 GET http://10.180.1.21/compute/v2.1/servers/c5811821-6d86-48bb-b2ac-b98cd1bc8bae 1.536s
2024-09-03 07:44:25.169 62109 INFO tempest.lib.common.rest_client [req-964fd4ae-bdb2-471b-97a0-696c480c80c3 req-964fd4ae-bdb2-471b-97a0-696c480c80c3 ] Request (ServersTestJSON:setUpClass): 201 POST http://10.180.1.21:9696/networking/v2.0/floatingips 0.735s
2024-09-03 07:44:25.232 62109 INFO tempest.lib.common.rest_client [req-90dbfe1a-088f-4fe3-ab70-2b9e3243c2cb req-90dbfe1a-088f-4fe3-ab70-2b9e3243c2cb ] Request (ServersTestJSON:setUpClass): 201 POST http://10.180.1.21/identity/v3/auth/tokens 0.060s
2024-09-03 07:44:25.232 62109 INFO tempest.lib.common.fixed_network [-] (ServersTestJSON:setUpClass) Found network {'id': '46f8188f-34ab-4de7-9d7d-47d3768226a0', 'name': 'tempest-ServersTestJSON-1408711784-network', 'tenant_id': 'a972d95f134144ddbbe6c9a10bc4de4e', 'admin_state_up': True, 'mtu': 8950, 'status': 'ACTIVE', 'subnets': [], 'shared': False, 'project_id': 'a972d95f134144ddbbe6c9a10bc4de4e', 'port_security_enabled': True, 'router:external': False, 'provider:network_type': 'vlan', 'provider:physical_network': 'default', 'provider:segmentation_id': 255, 'is_default': False, 'availability_zone_hints': [], 'availability_zones': [], 'ipv4_address_scope': None, 'ipv6_address_scope': None, 'description': '', 'tags': [], 'created_at': '2024-09-03T07:44:16Z', 'updated_at': '2024-09-03T07:44:16Z', 'revision_number': 1} available for tenant
2024-09-03 07:44:25.244 62088 INFO tempest.lib.common.rest_client [req-9e4bb546-088f-4c18-a8ed-c4cc49a9e31e req-9e4bb546-088f-4c18-a8ed-c4cc49a9e31e ] Request (DeleteServersAdminTestJSON:test_delete_server_while_in_error_state): 200 GET http://10.180.1.21/compute/v2.1/servers/943a30c4-f56a-410c-bf18-27d3283f5e11 1.565s
2024-09-03 07:44:25.261 62074 INFO tempest.lib.common.rest_client [req-8ea795f8-f86e-43c1-99c7-cb3eb3f89017 req-8ea795f8-f86e-43c1-99c7-cb3eb3f89017 ] Request (ServerExternalEventsTest:tearDownClass): 200 GET http://10.180.1.21/compute/v2.1/servers/245800d7-66f2-4deb-b590-92b293459c26 1.604s
2024-09-03 07:44:25.310 62098 INFO tempest.lib.common.rest_client [req-aa536911-37a3-4e19-aa9e-ad2fb11accdb req-aa536911-37a3-4e19-aa9e-ad2fb11accdb ] Request (ServersAdminNegativeTestJSON:test_migrate_server_invalid_state): 200 GET http://10.180.1.21/compute/v2.1/servers/309f9148-69c8-4280-8515-6fb424b9e82a 1.583s
2024-09-03 07:44:25.327 62110 INFO tempest.lib.common.rest_client [req-2f380852-e57a-4f5f-9088-48a0e0cbad01 req-2f380852-e57a-4f5f-9088-48a0e0cbad01 ] Request (ServerActionsTestOtherA:setUpClass): 200 GET http://10.180.1.21/compute/v2.1/servers/308db853-9771-41bf-b35e-1a44b3c9a67d 1.506s
2024-09-03 07:44:25.336 62102 INFO tempest.lib.common.rest_client [req-823650fd-2b1e-44eb-8ca5-8459f27b25d7 req-823650fd-2b1e-44eb-8ca5-8459f27b25d7 ] Request (ServersTestBootFromVolume:setUpClass): 200 PUT http://10.180.1.21:9696/networking/v2.0/routers/02d13532-d27e-4a6f-8d53-85fae9044f41/add_router_interface 3.289s
2024-09-03 07:44:25.336 62102 INFO tempest.lib.common.dynamic_creds [-] Created isolated network resources for: credentials: Credentials: {'domain_id': 'default', 'domain_name': 'Default', 'username': 'tempest-ServersTestBootFromVolume-93721505-project-member', 'project_domain_id': 'default', 'project_domain_name': 'Default', 'project_id': 'f3871a3823a7481fbc8344b907cc03ee', 'project_name': 'tempest-ServersTestBootFromVolume-93721505', 'tenant_id': 'f3871a3823a7481fbc8344b907cc03ee', 'tenant_name': 'tempest-ServersTestBootFromVolume-93721505', 'user_domain_id': 'default', 'user_domain_name': 'Default', 'user_id': 'a530ce3baa98482491aea3c0ef48d1d3', 'system': None}, Network: {'id': 'c9786b9b-f8a0-4542-9796-13b4ab493665', 'name': 'tempest-ServersTestBootFromVolume-1279558975-network', 'tenant_id': 'f3871a3823a7481fbc8344b907cc03ee', 'admin_state_up': True, 'mtu': 8950, 'status': 'ACTIVE', 'subnets': [], 'shared': False, 'project_id': 'f3871a3823a7481fbc8344b907cc03ee', 'port_security_enabled': True, 'router:external': False, 'provider:network_type': 'vlan', 'provider:physical_network': 'default', 'provider:segmentation_id': 27, 'is_default': False, 'availability_zone_hints': [], 'availability_zones': [], 'ipv4_address_scope': None, 'ipv6_address_scope': None, 'description': '', 'tags': [], 'created_at': '2024-09-03T07:44:18Z', 'updated_at': '2024-09-03T07:44:19Z', 'revision_number': 1}, Subnet: {'id': '98dc8856-c3d5-42fe-83f9-2ecf667c65ae', 'name': 'tempest-ServersTestBootFromVolume-1279558975-subnet', 'tenant_id': 'f3871a3823a7481fbc8344b907cc03ee', 'network_id': 'c9786b9b-f8a0-4542-9796-13b4ab493665', 'ip_version': 4, 'subnetpool_id': None, 'enable_dhcp': True, 'ipv6_ra_mode': None, 'ipv6_address_mode': None, 'gateway_ip': '192.168.128.1', 'cidr': '192.168.128.0/28', 'allocation_pools': [{'start': '192.168.128.2', 'end': '192.168.128.14'}], 'host_routes': [], 'dns_nameservers': [], 'description': '', 'router:external': False, 'service_types': [], 'tags': [], 'created_at': '2024-09-03T07:44:19Z', 'updated_at': '2024-09-03T07:44:19Z', 'revision_number': 0, 'project_id': 'f3871a3823a7481fbc8344b907cc03ee'}, Router: {'id': '02d13532-d27e-4a6f-8d53-85fae9044f41', 'name': 'tempest-ServersTestBootFromVolume-1279558975-router', 'tenant_id': 'f3871a3823a7481fbc8344b907cc03ee', 'admin_state_up': True, 'status': 'ACTIVE', 'external_gateway_info': {'network_id': '80be1b5f-9c0e-4184-a486-dc7467192d88', 'external_fixed_ips': [{'subnet_id': '93180fcc-5576-4c7f-ba97-c657a1591f84', 'ip_address': '10.180.180.130'}], 'enable_snat': True}, 'description': '', 'availability_zones': [], 'distributed': False, 'ha': False, 'availability_zone_hints': [], 'routes': [], 'flavor_id': None, 'tags': [], 'created_at': '2024-09-03T07:44:20Z', 'updated_at': '2024-09-03T07:44:21Z', 'revision_number': 2, 'project_id': 'f3871a3823a7481fbc8344b907cc03ee'}
2024-09-03 07:44:25.380 62064 INFO tempest.lib.common.rest_client [req-734b4d1b-9833-4430-8e25-72e79b881254 req-734b4d1b-9833-4430-8e25-72e79b881254 ] Request (ImagesTestJSON:test_create_image_from_suspended_server): 200 GET http://10.180.1.21/compute/v2.1/servers/c5e1dbd5-321d-4124-ba88-44ea09cfd929 1.518s
2024-09-03 07:44:25.425 62102 INFO tempest.lib.common.rest_client [req-1c280e55-f80e-4e54-a8a6-586c02788acd req-1c280e55-f80e-4e54-a8a6-586c02788acd ] Request (ServersTestBootFromVolume:setUpClass): 201 POST http://10.180.1.21/identity/v3/auth/tokens 0.085s
2024-09-03 07:44:25.479 62112 INFO tempest.lib.common.rest_client [req-19536e31-00d9-4c07-b22d-1a1cb86d4248 req-19536e31-00d9-4c07-b22d-1a1cb86d4248 ] Request (ServersWithSpecificFlavorTestJSON:test_verify_created_server_ephemeral_disk): 200 GET http://10.180.1.21/compute/v2.1/servers/523b500e-94d6-405e-8c55-0869047e55f6 1.558s
2024-09-03 07:44:25.479 62068 INFO tempest.lib.common.rest_client [req-25d9070b-3ac1-4369-bc2a-39506af57f99 req-25d9070b-3ac1-4369-bc2a-39506af57f99 ] Request (AttachInterfacesTestJSON:test_create_list_show_delete_interfaces_by_fixed_ip): 200 PUT http://10.180.1.21:9696/networking/v2.0/floatingips/c502be6e-acea-4973-ae6d-f3275fd04242 0.671s
2024-09-03 07:44:25.484 62096 INFO tempest.lib.common.rest_client [req-e240fe6b-9151-4794-94c7-6c042b55a474 req-e240fe6b-9151-4794-94c7-6c042b55a474 ] Request (AggregatesAdminNegativeTestJSON:test_aggregate_remove_host_as_user): 403 POST http://10.180.1.21/compute/v2.1/os-aggregates/7/action 1.528s
2024-09-03 07:44:25.489 62112 INFO tempest.lib.common.ssh [-] Creating ssh connection to '10.180.180.211:22' as 'cirros' with public key authentication
2024-09-03 07:44:25.584 62092 INFO tempest.lib.common.rest_client [req-831c2af0-eb7e-42d2-ac44-70e52c42390f req-831c2af0-eb7e-42d2-ac44-70e52c42390f ] Request (ImagesOneServerTestJSON:setUpClass): 200 GET http://10.180.1.21/compute/v2.1/servers/beba5f2c-02ed-4280-b063-f7517c3d8115 1.615s
2024-09-03 07:44:25.607 62121 INFO tempest.lib.common.rest_client [req-cdb7d22c-cb90-4c65-9766-9c30e843d8b5 req-cdb7d22c-cb90-4c65-9766-9c30e843d8b5 ] Request (ServerMetadataTestJSON:test_delete_server_metadata_item): 200 GET http://10.180.1.21/compute/v2.1/servers/1c567748-c84b-472e-ba11-186c57cb7cc7/metadata 1.628s
2024-09-03 07:44:25.637 62080 INFO tempest.lib.common.rest_client [req-0980dce7-54bd-4448-93bd-10976f7e485f req-0980dce7-54bd-4448-93bd-10976f7e485f ] Request (SecurityGroupRulesTestJSON:test_security_group_rules_create): 200 POST http://10.180.1.21/compute/v2.1/os-security-group-rules 1.711s
2024-09-03 07:44:25.656 62066 INFO tempest.lib.common.rest_client [req-41b7603e-068a-44a5-b3fb-2e849040bd09 req-41b7603e-068a-44a5-b3fb-2e849040bd09 ] Request (ServerAddressesNegativeTestJSON:setUpClass): 200 GET http://10.180.1.21/compute/v2.1/servers/29afc885-1290-4869-afdb-ed3c47523755 1.625s
2024-09-03 07:44:25.685 62070 INFO tempest.lib.common.rest_client [req-aede0b34-900a-44c7-9ac1-83a5b1e3ad5e req-aede0b34-900a-44c7-9ac1-83a5b1e3ad5e ] Request (ServerDiagnosticsNegativeTest:test_get_server_diagnostics_by_non_admin): 200 GET http://10.180.1.21/compute/v2.1/servers/4da04112-1b07-4364-82c2-4d0da80ddfe3 1.583s
2024-09-03 07:44:25.717 62084 INFO tempest.lib.common.rest_client [req-787fdaf4-1c2c-4a42-aec2-af5c1c771bd7 req-787fdaf4-1c2c-4a42-aec2-af5c1c771bd7 ] Request (ServerDiagnosticsV248Test:test_get_server_diagnostics): 200 GET http://10.180.1.21/compute/v2.1/servers/c9ae111e-42d1-4bc4-9131-38a5ddee98c3 1.524s
2024-09-03 07:44:25.785 62116 INFO tempest.lib.common.rest_client [req-1edb5f9a-2da9-47ea-a56d-640828508406 req-1edb5f9a-2da9-47ea-a56d-640828508406 ] Request (ListImageFiltersTestJSON:setUpClass): 200 GET http://10.180.1.21/compute/v2.1/servers/a9342d55-1c9f-41bf-bf96-72797e9a81fc 1.489s
2024-09-03 07:44:25.795 62094 INFO tempest.lib.common.rest_client [req-c8184f59-ea76-43aa-b749-3f9ace2c1894 req-c8184f59-ea76-43aa-b749-3f9ace2c1894 ] Request (ImagesOneServerNegativeTestJSON:setUp): 200 GET http://10.180.1.21/compute/v2.1/servers/b32b7f7f-23de-4e00-b3f5-01a9fd3b61b5 1.567s
2024-09-03 07:44:25.849 62072 INFO tempest.lib.common.rest_client [req-ad3fabb0-0fca-488e-9d6d-a92e24ccdceb req-ad3fabb0-0fca-488e-9d6d-a92e24ccdceb ] Request (ServerShowV247Test:test_update_rebuild_list_server): 200 GET http://10.180.1.21/compute/v2.1/servers/c039222d-3472-4354-81c4-0384679aae87 1.457s
2024-09-03 07:44:25.859 62114 INFO tempest.lib.common.rest_client [req-7ff47a0e-c2d8-4b47-b741-abf72ad359f6 req-7ff47a0e-c2d8-4b47-b741-abf72ad359f6 ] Request (ServersTestManualDisk:setUpClass): 200 GET http://10.180.1.21/compute/v2.1/servers/b011f7b7-ba5c-47d4-87ee-1c52e6fc03b3 1.465s
2024-09-03 07:44:25.866 62114 INFO tempest.common.waiters [-] State transition "BUILD/scheduling" ==> "BUILD/None" after 13 second wait
2024-09-03 07:44:25.883 62086 INFO tempest.lib.common.rest_client [req-ca621267-7ef6-4b43-9d7d-48ccc59b9e9f req-ca621267-7ef6-4b43-9d7d-48ccc59b9e9f ] Request (FlavorsV2TestJSON:test_list_flavors_filter_by_min_ram): 200 GET http://10.180.1.21/compute/v2.1/flavors/42 1.228s
2024-09-03 07:44:25.909 62062 INFO tempest.lib.common.rest_client [req-1aa79598-7fed-43c6-9476-488589be7e18 req-1aa79598-7fed-43c6-9476-488589be7e18 ] Request (SecurityGroupRulesNegativeTestJSON:test_create_security_group_rule_with_invalid_port_range): 400 POST http://10.180.1.21/compute/v2.1/os-security-group-rules 1.399s
2024-09-03 07:44:26.048 62106 INFO tempest.lib.common.rest_client [req-59062132-f898-4ffa-b9b0-22e0899e0fd9 req-59062132-f898-4ffa-b9b0-22e0899e0fd9 ] Request (VolumesAdminNegativeTest:test_update_attached_volume_with_nonexistent_volume_in_body): 200 GET http://10.180.1.21/compute/v2.1/servers/0adada9c-da4b-4e46-a160-4770b4638c3a 1.350s
2024-09-03 07:44:26.115 62101 INFO tempest.lib.common.rest_client [req-879feafb-225f-4c71-a6d4-29d454d86389 req-879feafb-225f-4c71-a6d4-29d454d86389 ] Request (QuotasAdminTestJSON:test_get_updated_quotas): 200 GET http://10.180.1.21/compute/v2.1/os-quota-sets/5de779fb2e834d8695fb038d4044934f/detail 1.117s
2024-09-03 07:44:26.150 62101 INFO tempest.lib.common.rest_client [req-6988a7ee-6735-4020-a86a-2066044fde9f req-6988a7ee-6735-4020-a86a-2066044fde9f ] Request (QuotasAdminTestJSON:test_get_updated_quotas): 200 GET http://10.180.1.21/identity/v3/domains?name=Default 0.030s
2024-09-03 07:44:26.183 62101 INFO tempest.lib.common.rest_client [req-e2bc1e43-0f54-41ca-b235-ddb08b5435dd req-e2bc1e43-0f54-41ca-b235-ddb08b5435dd ] Request (QuotasAdminTestJSON:test_get_updated_quotas): 201 POST http://10.180.1.21/identity/v3/users 0.032s
2024-09-03 07:44:26.212 62082 INFO tempest.lib.common.rest_client [req-987e72ce-76dc-421b-bcf4-073caf6e48df req-987e72ce-76dc-421b-bcf4-073caf6e48df ] Request (SecurityGroupsTestAdminJSON:test_list_security_groups_list_all_tenants_filter): 200 POST http://10.180.1.21/compute/v2.1/os-security-groups 1.385s
2024-09-03 07:44:26.222 62101 INFO tempest.lib.common.rest_client [req-10a855bc-24b1-45dd-98d0-7af6df32c8c8 req-10a855bc-24b1-45dd-98d0-7af6df32c8c8 ] Request (QuotasAdminTestJSON:test_get_updated_quotas): 200 GET http://10.180.1.21/identity/v3/domains?name=Default 0.039s
2024-09-03 07:44:26.320 62102 INFO tempest.lib.common.rest_client [req-9daa7a6d-c945-4ce6-af60-e316a05eb277 req-9daa7a6d-c945-4ce6-af60-e316a05eb277 ] Request (ServersTestBootFromVolume:setUpClass): 200 POST http://10.180.1.21/compute/v2.1/os-keypairs 0.894s
2024-09-03 07:44:26.507 62068 INFO tempest.lib.common.rest_client [req-b00a9118-1292-46e2-a019-c1835a026c90 req-b00a9118-1292-46e2-a019-c1835a026c90 ] Request (AttachInterfacesTestJSON:test_create_list_show_delete_interfaces_by_fixed_ip): 200 GET http://10.180.1.21/compute/v2.1/servers/4e6ab1de-7c40-4741-9ac3-63f6d2829b46 1.027s
2024-09-03 07:44:26.510 62102 INFO tempest.lib.common.rest_client [req-7411f05b-369d-42f2-875f-2e7e5c7c7abe req-7411f05b-369d-42f2-875f-2e7e5c7c7abe ] Request (ServersTestBootFromVolume:setUpClass): 201 POST http://10.180.1.21:9696/networking/v2.0/security-groups 0.188s
2024-09-03 07:44:26.519 62068 INFO tempest.lib.common.ssh [-] Creating ssh connection to '10.180.180.152:22' as 'cirros' with public key authentication
2024-09-03 07:44:26.615 62102 INFO tempest.lib.common.rest_client [req-6f0863f0-fd83-4990-a7d6-9874abf78e5a req-6f0863f0-fd83-4990-a7d6-9874abf78e5a ] Request (ServersTestBootFromVolume:setUpClass): 201 POST http://10.180.1.21:9696/networking/v2.0/security-group-rules 0.105s
2024-09-03 07:44:26.635 62096 INFO tempest.lib.common.rest_client [req-090d3c06-6fb5-4eb7-9e72-8f5a35a59300 req-090d3c06-6fb5-4eb7-9e72-8f5a35a59300 ] Request (AggregatesAdminNegativeTestJSON:_run_cleanups): 200 POST http://10.180.1.21/compute/v2.1/os-aggregates/7/action 1.150s
2024-09-03 07:44:26.720 62121 INFO tempest.lib.common.rest_client [req-fd9541ce-5b3d-4a42-bc2e-664a529569be req-fd9541ce-5b3d-4a42-bc2e-664a529569be ] Request (ServerMetadataTestJSON:setUp): 200 PUT http://10.180.1.21/compute/v2.1/servers/1c567748-c84b-472e-ba11-186c57cb7cc7/metadata 1.111s
2024-09-03 07:44:26.729 62102 INFO tempest.lib.common.rest_client [req-caee5ee1-4906-4696-9cbd-9e16043ea68e req-caee5ee1-4906-4696-9cbd-9e16043ea68e ] Request (ServersTestBootFromVolume:setUpClass): 201 POST http://10.180.1.21:9696/networking/v2.0/security-group-rules 0.113s
2024-09-03 07:44:26.819 62109 INFO tempest.lib.common.rest_client [req-7e316211-6bbd-4a39-9bd6-ad2b02a1f058 req-7e316211-6bbd-4a39-9bd6-ad2b02a1f058 ] Request (ServersTestJSON:setUpClass): 202 POST http://10.180.1.21/compute/v2.1/servers 1.586s
2024-09-03 07:44:26.884 62105 INFO tempest.lib.common.rest_client [req-4b1c0e1a-e1e4-4fdc-8dc4-494de122dd23 req-4b1c0e1a-e1e4-4fdc-8dc4-494de122dd23 ] Request (ServersAdminTestJSON:setUpClass): 200 GET http://10.180.1.21/compute/v2.1/servers/0ea28618-7b95-4442-8d74-6363bc6da9a1 1.250s
2024-09-03 07:44:26.889 62124 INFO tempest.lib.common.rest_client [req-0bb7f8de-c754-468e-970c-e93b6140ae78 req-0bb7f8de-c754-468e-970c-e93b6140ae78 ] Request (MigrationsAdminTest:test_list_migrations_in_flavor_resize_situation): 200 GET http://10.180.1.21/compute/v2.1/servers/76e29d48-9415-42ad-b599-e0efafd61474 1.270s
2024-09-03 07:44:26.891 62094 INFO tempest.lib.common.rest_client [req-874d1ba8-cf1c-4a1a-92d3-0adedca8084e req-874d1ba8-cf1c-4a1a-92d3-0adedca8084e ] Request (ImagesOneServerNegativeTestJSON:test_create_image_specify_invalid_metadata): 400 POST http://10.180.1.21/compute/v2.1/servers/b32b7f7f-23de-4e00-b3f5-01a9fd3b61b5/action 1.087s
2024-09-03 07:44:26.909 62086 INFO tempest.lib.common.rest_client [req-6d3b5732-09eb-40ec-9b38-0b685634f73e req-6d3b5732-09eb-40ec-9b38-0b685634f73e ] Request (FlavorsV2TestJSON:test_list_flavors_filter_by_min_ram): 200 GET http://10.180.1.21/compute/v2.1/flavors?minRam=193 1.023s
2024-09-03 07:44:27.076 62080 INFO tempest.lib.common.rest_client [req-45509d9c-2c1b-40d0-9c3a-4cde19a1f0ef req-45509d9c-2c1b-40d0-9c3a-4cde19a1f0ef ] Request (SecurityGroupRulesTestJSON:test_security_group_rules_create_with_optional_cidr): 200 POST http://10.180.1.21/compute/v2.1/os-security-groups 1.436s
2024-09-03 07:44:27.229 62062 INFO tempest.lib.common.rest_client [req-9afdb1c6-e96d-4040-a115-bd09e8803e29 req-9afdb1c6-e96d-4040-a115-bd09e8803e29 ] Request (SecurityGroupRulesNegativeTestJSON:test_create_security_group_rule_with_invalid_to_port): 200 POST http://10.180.1.21/compute/v2.1/os-security-groups 1.318s
2024-09-03 07:44:27.251 62090 INFO tempest.lib.common.rest_client [req-e9ee0f37-3cd4-477e-8f27-228674538918 req-e9ee0f37-3cd4-477e-8f27-228674538918 ] Request (ListServersNegativeTestJSON:setUpClass): 200 GET http://10.180.1.21/compute/v2.1/servers/226463bf-078f-4a76-a188-90dd890000c1 1.210s
2024-09-03 07:44:27.300 62078 INFO tempest.lib.common.rest_client [req-0afce826-e99c-4fab-ad62-bc3c4570d6d8 req-0afce826-e99c-4fab-ad62-bc3c4570d6d8 ] Request (TenantUsagesTestJSON:tearDownClass): 200 GET http://10.180.1.21/compute/v2.1/servers/c5811821-6d86-48bb-b2ac-b98cd1bc8bae 1.213s
2024-09-03 07:44:27.364 62082 INFO tempest.lib.common.rest_client [req-dbae0cc4-2b31-4d33-9ec8-fe868ee8e932 req-dbae0cc4-2b31-4d33-9ec8-fe868ee8e932 ] Request (SecurityGroupsTestAdminJSON:test_list_security_groups_list_all_tenants_filter): 200 POST http://10.180.1.21/compute/v2.1/os-security-groups 1.146s
2024-09-03 07:44:27.428 62101 INFO tempest.lib.common.rest_client [req-7e2e5938-920b-4e95-b50e-c4bfb2d59b25 req-7e2e5938-920b-4e95-b50e-c4bfb2d59b25 ] Request (QuotasAdminTestJSON:test_get_updated_quotas): 200 PUT http://10.180.1.21/compute/v2.1/os-quota-sets/5de779fb2e834d8695fb038d4044934f?user_id=2aad0846250643399e2d464d8d32a49c 1.205s
2024-09-03 07:44:27.491 62088 INFO tempest.lib.common.rest_client [req-f1fb015c-47e2-4a23-b06a-bcd4f937b65f req-f1fb015c-47e2-4a23-b06a-bcd4f937b65f ] Request (DeleteServersAdminTestJSON:test_delete_server_while_in_error_state): 200 GET http://10.180.1.21/compute/v2.1/servers/943a30c4-f56a-410c-bf18-27d3283f5e11 1.237s
2024-09-03 07:44:27.495 62074 INFO tempest.lib.common.rest_client [req-3101bd8f-c131-4b0e-903c-a88b19a12eb1 req-3101bd8f-c131-4b0e-903c-a88b19a12eb1 ] Request (ServerExternalEventsTest:tearDownClass): 200 GET http://10.180.1.21/compute/v2.1/servers/245800d7-66f2-4deb-b590-92b293459c26 1.226s
2024-09-03 07:44:27.510 62102 INFO tempest.lib.common.rest_client [req-9afd6a37-e6b6-4556-a243-d26c45be2aab req-9afd6a37-e6b6-4556-a243-d26c45be2aab ] Request (ServersTestBootFromVolume:setUpClass): 201 POST http://10.180.1.21:9696/networking/v2.0/floatingips 0.780s
2024-09-03 07:44:27.540 62098 INFO tempest.lib.common.rest_client [req-39817421-13ed-449e-9759-441677e1bc0a req-39817421-13ed-449e-9759-441677e1bc0a ] Request (ServersAdminNegativeTestJSON:test_migrate_server_invalid_state): 200 GET http://10.180.1.21/compute/v2.1/servers/309f9148-69c8-4280-8515-6fb424b9e82a 1.221s
2024-09-03 07:44:27.543 62110 INFO tempest.lib.common.rest_client [req-34f24e8a-7a47-4e0a-ac56-cbcc71635112 req-34f24e8a-7a47-4e0a-ac56-cbcc71635112 ] Request (ServerActionsTestOtherA:setUpClass): 200 GET http://10.180.1.21/compute/v2.1/servers/308db853-9771-41bf-b35e-1a44b3c9a67d 1.207s
2024-09-03 07:44:27.551 62102 INFO tempest.lib.common.rest_client [req-af0d7dfd-3743-4b3c-8c63-a04ebdf71dfb req-af0d7dfd-3743-4b3c-8c63-a04ebdf71dfb ] Request (ServersTestBootFromVolume:setUpClass): 201 POST http://10.180.1.21/identity/v3/auth/tokens 0.038s
2024-09-03 07:44:27.551 62102 INFO tempest.lib.common.fixed_network [-] (ServersTestBootFromVolume:setUpClass) Found network {'id': 'c9786b9b-f8a0-4542-9796-13b4ab493665', 'name': 'tempest-ServersTestBootFromVolume-1279558975-network', 'tenant_id': 'f3871a3823a7481fbc8344b907cc03ee', 'admin_state_up': True, 'mtu': 8950, 'status': 'ACTIVE', 'subnets': [], 'shared': False, 'project_id': 'f3871a3823a7481fbc8344b907cc03ee', 'port_security_enabled': True, 'router:external': False, 'provider:network_type': 'vlan', 'provider:physical_network': 'default', 'provider:segmentation_id': 27, 'is_default': False, 'availability_zone_hints': [], 'availability_zones': [], 'ipv4_address_scope': None, 'ipv6_address_scope': None, 'description': '', 'tags': [], 'created_at': '2024-09-03T07:44:18Z', 'updated_at': '2024-09-03T07:44:19Z', 'revision_number': 1} available for tenant
2024-09-03 07:44:27.590 62064 INFO tempest.lib.common.rest_client [req-e94d4563-253b-47e3-b992-5e993b361d1c req-e94d4563-253b-47e3-b992-5e993b361d1c ] Request (ImagesTestJSON:test_create_image_from_suspended_server): 200 GET http://10.180.1.21/compute/v2.1/servers/c5e1dbd5-321d-4124-ba88-44ea09cfd929 1.201s
2024-09-03 07:44:27.594 62092 INFO tempest.lib.common.rest_client [req-6c7bde00-c0b4-4c8a-a9a5-eef54319897a req-6c7bde00-c0b4-4c8a-a9a5-eef54319897a ] Request (ImagesOneServerTestJSON:setUpClass): 200 GET http://10.180.1.21/compute/v2.1/servers/beba5f2c-02ed-4280-b063-f7517c3d8115 0.999s
2024-09-03 07:44:27.608 62096 INFO tempest.lib.common.rest_client [req-707afe17-b4e2-4c6a-8c63-68a60b3e30be req-707afe17-b4e2-4c6a-8c63-68a60b3e30be ] Request (AggregatesAdminNegativeTestJSON:_run_cleanups): 200 DELETE http://10.180.1.21/compute/v2.1/os-aggregates/7 0.970s
2024-09-03 07:44:27.638 62066 INFO tempest.lib.common.rest_client [req-aea2e232-f846-42f4-9459-bb0a8acdf7be req-aea2e232-f846-42f4-9459-bb0a8acdf7be ] Request (ServerAddressesNegativeTestJSON:setUpClass): 200 GET http://10.180.1.21/compute/v2.1/servers/29afc885-1290-4869-afdb-ed3c47523755 0.973s
2024-09-03 07:44:27.654 62070 INFO tempest.lib.common.rest_client [req-a7b0420b-fcab-4345-80fe-68f3da041cd5 req-a7b0420b-fcab-4345-80fe-68f3da041cd5 ] Request (ServerDiagnosticsNegativeTest:test_get_server_diagnostics_by_non_admin): 200 GET http://10.180.1.21/compute/v2.1/servers/4da04112-1b07-4364-82c2-4d0da80ddfe3 0.961s
2024-09-03 07:44:27.664 62121 INFO tempest.lib.common.rest_client [req-fde614c8-10fd-46b1-8cf1-d283328d9aaa req-fde614c8-10fd-46b1-8cf1-d283328d9aaa ] Request (ServerMetadataTestJSON:test_get_server_metadata_item): 200 GET http://10.180.1.21/compute/v2.1/servers/1c567748-c84b-472e-ba11-186c57cb7cc7/metadata/key2 0.942s
2024-09-03 07:44:27.707 62084 INFO tempest.lib.common.rest_client [req-744cd699-3090-4ba4-a039-2e87227680cd req-744cd699-3090-4ba4-a039-2e87227680cd ] Request (ServerDiagnosticsV248Test:test_get_server_diagnostics): 200 GET http://10.180.1.21/compute/v2.1/servers/c9ae111e-42d1-4bc4-9131-38a5ddee98c3 0.970s
2024-09-03 07:44:27.709 62116 INFO tempest.lib.common.rest_client [req-a78c189c-afe3-4b35-8c0e-98506d8c6086 req-a78c189c-afe3-4b35-8c0e-98506d8c6086 ] Request (ListImageFiltersTestJSON:setUpClass): 200 GET http://10.180.1.21/compute/v2.1/servers/a9342d55-1c9f-41bf-bf96-72797e9a81fc 0.914s
2024-09-03 07:44:27.756 62109 INFO tempest.lib.common.rest_client [req-2d9b0bbe-9635-4ac1-bc44-e42e97c26f3a req-2d9b0bbe-9635-4ac1-bc44-e42e97c26f3a ] Request (ServersTestJSON:setUpClass): 200 GET http://10.180.1.21/compute/v2.1/servers/1f472644-25f8-4c29-b34e-6a7cda78ef22 0.934s
2024-09-03 07:44:27.759 62072 INFO tempest.lib.common.rest_client [req-2c94869c-5e6e-4072-a826-f6b173059a9d req-2c94869c-5e6e-4072-a826-f6b173059a9d ] Request (ServerShowV247Test:test_update_rebuild_list_server): 200 GET http://10.180.1.21/compute/v2.1/servers/c039222d-3472-4354-81c4-0384679aae87 0.899s
2024-09-03 07:44:27.810 62114 INFO tempest.lib.common.rest_client [req-8481acf1-8c0e-495e-be62-7e44e0d0a493 req-8481acf1-8c0e-495e-be62-7e44e0d0a493 ] Request (ServersTestManualDisk:setUpClass): 200 GET http://10.180.1.21/compute/v2.1/servers/b011f7b7-ba5c-47d4-87ee-1c52e6fc03b3 0.943s
2024-09-03 07:44:27.822 62086 INFO tempest.lib.common.rest_client [req-dafdab84-d852-49df-a664-3104989cf087 req-dafdab84-d852-49df-a664-3104989cf087 ] Request (FlavorsV2TestJSON:test_list_flavors_limit_results): 200 GET http://10.180.1.21/compute/v2.1/flavors?limit=1 0.908s
2024-09-03 07:44:27.858 62122 WARNING tempest.lib.common.ssh [-] Failed to establish authenticated ssh connection to cirros@10.180.180.207 ([Errno None] Unable to connect to port 22 on 10.180.180.207). Number attempts: 1. Retry after 2 seconds.: paramiko.ssh_exception.NoValidConnectionsError: [Errno None] Unable to connect to port 22 on 10.180.180.207
2024-09-03 07:44:27.902 62094 INFO tempest.lib.common.rest_client [req-9e500aec-1623-48a6-8d57-ebe61e6d4229 req-9e500aec-1623-48a6-8d57-ebe61e6d4229 ] Request (ImagesOneServerNegativeTestJSON:tearDown): 200 GET http://10.180.1.21/compute/v2.1/servers/b32b7f7f-23de-4e00-b3f5-01a9fd3b61b5 1.010s
2024-09-03 07:44:27.924 62106 INFO tempest.lib.common.rest_client [req-048dd27f-0a43-4830-b901-09fff5dffcde req-048dd27f-0a43-4830-b901-09fff5dffcde ] Request (VolumesAdminNegativeTest:test_update_attached_volume_with_nonexistent_volume_in_body): 200 GET http://10.180.1.21/compute/v2.1/servers/0adada9c-da4b-4e46-a160-4770b4638c3a 0.868s
2024-09-03 07:44:27.931 62106 INFO tempest.common.waiters [-] State transition "BUILD/spawning" ==> "ACTIVE/None" after 19 second wait
2024-09-03 07:44:27.968 62062 INFO tempest.lib.common.rest_client [req-18499bf9-3410-4a1a-9ff5-58504c7feab3 req-18499bf9-3410-4a1a-9ff5-58504c7feab3 ] Request (SecurityGroupRulesNegativeTestJSON:test_create_security_group_rule_with_invalid_to_port): 400 POST http://10.180.1.21/compute/v2.1/os-security-group-rules 0.736s
2024-09-03 07:44:28.071 62080 INFO tempest.lib.common.rest_client [req-08387a2a-3d14-48be-b8fb-e9c06e4cd9ac req-08387a2a-3d14-48be-b8fb-e9c06e4cd9ac ] Request (SecurityGroupRulesTestJSON:test_security_group_rules_create_with_optional_cidr): 200 POST http://10.180.1.21/compute/v2.1/os-security-group-rules 0.992s
2024-09-03 07:44:28.120 62101 INFO tempest.lib.common.rest_client [req-c07e48da-598d-46db-acb8-9783239d3be2 req-c07e48da-598d-46db-acb8-9783239d3be2 ] Request (QuotasAdminTestJSON:test_get_updated_quotas): 200 GET http://10.180.1.21/compute/v2.1/os-quota-sets/5de779fb2e834d8695fb038d4044934f?user_id=2aad0846250643399e2d464d8d32a49c 0.689s
2024-09-03 07:44:28.154 62096 INFO tempest.lib.common.rest_client [req-70f984ab-eb00-4f95-bcac-9a734f3bba98 req-70f984ab-eb00-4f95-bcac-9a734f3bba98 ] Request (AggregatesAdminNegativeTestJSON:test_aggregate_remove_nonexistent_host): 200 POST http://10.180.1.21/compute/v2.1/os-aggregates 0.543s
2024-09-03 07:44:28.221 62102 INFO tempest.lib.common.rest_client [req-1d2c2720-2e8a-4fea-86cf-e6cc5341a456 req-1d2c2720-2e8a-4fea-86cf-e6cc5341a456 ] Request (ServersTestBootFromVolume:setUpClass): 202 POST http://10.180.1.21/volume/v3/f3871a3823a7481fbc8344b907cc03ee/volumes 0.669s
2024-09-03 07:44:28.237 62121 INFO tempest.lib.common.rest_client [req-b79c7b9b-1031-487c-867b-15ac6f083b0f req-b79c7b9b-1031-487c-867b-15ac6f083b0f ] Request (ServerMetadataTestJSON:setUp): 200 PUT http://10.180.1.21/compute/v2.1/servers/1c567748-c84b-472e-ba11-186c57cb7cc7/metadata 0.570s
2024-09-03 07:44:28.244 62082 INFO tempest.lib.common.rest_client [req-f1aee02d-24aa-41b0-902a-ee387975842a req-f1aee02d-24aa-41b0-902a-ee387975842a ] Request (SecurityGroupsTestAdminJSON:test_list_security_groups_list_all_tenants_filter): 200 POST http://10.180.1.21/compute/v2.1/os-security-groups 0.877s
2024-09-03 07:44:28.253 62086 INFO tempest.lib.common.rest_client [req-9f421a53-2bbe-460e-b94e-9931a1a86b92 req-9f421a53-2bbe-460e-b94e-9931a1a86b92 ] Request (FlavorsV2TestJSON:test_list_flavors_using_marker): 200 GET http://10.180.1.21/compute/v2.1/flavors/42 0.427s
2024-09-03 07:44:28.292 62102 INFO tempest.lib.common.rest_client [req-e157c734-74d6-421a-93c1-17016bef02b7 req-e157c734-74d6-421a-93c1-17016bef02b7 ] Request (ServersTestBootFromVolume:setUpClass): 200 GET http://10.180.1.21/volume/v3/f3871a3823a7481fbc8344b907cc03ee/volumes/31fc608b-4dd7-452f-8dc0-ea55cc46cf39 0.065s
2024-09-03 07:44:28.311 62101 INFO tempest.lib.common.rest_client [req-6f9de8a3-54b2-4997-ba72-b91cb1394575 req-6f9de8a3-54b2-4997-ba72-b91cb1394575 ] Request (QuotasAdminTestJSON:_run_cleanups): 204 DELETE http://10.180.1.21/identity/v3/users/2aad0846250643399e2d464d8d32a49c 0.189s
2024-09-03 07:44:28.338 62105 INFO tempest.lib.common.rest_client [req-7458f4b7-d961-452d-98c6-c356e3de78b8 req-7458f4b7-d961-452d-98c6-c356e3de78b8 ] Request (ServersAdminTestJSON:setUpClass): 200 GET http://10.180.1.21/compute/v2.1/servers/0ea28618-7b95-4442-8d74-6363bc6da9a1 0.443s
2024-09-03 07:44:28.403 62124 INFO tempest.lib.common.rest_client [req-d01f469a-c7fb-473c-a856-0cf3542ccac5 req-d01f469a-c7fb-473c-a856-0cf3542ccac5 ] Request (MigrationsAdminTest:test_list_migrations_in_flavor_resize_situation): 200 GET http://10.180.1.21/compute/v2.1/servers/76e29d48-9415-42ad-b599-e0efafd61474 0.507s
2024-09-03 07:44:28.411 62124 INFO tempest.common.waiters [-] State transition "RESIZE/resize_prep" ==> "RESIZE/resize_migrating" after 15 second wait
2024-09-03 07:44:28.432 62101 INFO tempest.lib.common.rest_client [req-19d70217-00df-40e8-b4f8-19921b7a7224 req-19d70217-00df-40e8-b4f8-19921b7a7224 ] Request (QuotasAdminTestJSON:_run_cleanups): 204 DELETE http://10.180.1.21/identity/v3/projects/5de779fb2e834d8695fb038d4044934f 0.120s
2024-09-03 07:44:28.465 62106 INFO tempest.lib.common.rest_client [req-4f7b1301-a53d-4322-8e00-f19e455fee83 req-4f7b1301-a53d-4322-8e00-f19e455fee83 ] Request (VolumesAdminNegativeTest:test_update_attached_volume_with_nonexistent_volume_in_body): 200 GET http://10.180.1.21/compute/v2.1/servers/0adada9c-da4b-4e46-a160-4770b4638c3a/os-interface 0.533s
2024-09-03 07:44:28.498 62062 INFO tempest.lib.common.rest_client [req-a83e510a-daa8-47a3-a439-a706cb72ea6d req-a83e510a-daa8-47a3-a439-a706cb72ea6d ] Request (SecurityGroupRulesNegativeTestJSON:test_create_security_group_rule_with_non_existent_id): 404 POST http://10.180.1.21/compute/v2.1/os-security-group-rules 0.526s
2024-09-03 07:44:28.550 62094 INFO tempest.lib.common.rest_client [req-bc71294c-faff-4ae0-aebe-8a26055119e7 req-bc71294c-faff-4ae0-aebe-8a26055119e7 ] Request (ImagesOneServerNegativeTestJSON:setUp): 200 GET http://10.180.1.21/compute/v2.1/servers/b32b7f7f-23de-4e00-b3f5-01a9fd3b61b5 0.640s
2024-09-03 07:44:28.562 62112 WARNING tempest.lib.common.ssh [-] Failed to establish authenticated ssh connection to cirros@10.180.180.211 ([Errno None] Unable to connect to port 22 on 10.180.180.211). Number attempts: 1. Retry after 2 seconds.: paramiko.ssh_exception.NoValidConnectionsError: [Errno None] Unable to connect to port 22 on 10.180.180.211
2024-09-03 07:44:28.583 62096 INFO tempest.lib.common.rest_client [req-dd49f521-f2a5-4bd4-95aa-688c2c184807 req-dd49f521-f2a5-4bd4-95aa-688c2c184807 ] Request (AggregatesAdminNegativeTestJSON:test_aggregate_remove_nonexistent_host): 404 POST http://10.180.1.21/compute/v2.1/os-aggregates/8/action 0.428s
2024-09-03 07:44:28.620 62121 INFO tempest.lib.common.rest_client [req-74d046ae-8c9d-4595-b4b0-6edfc6797b45 req-74d046ae-8c9d-4595-b4b0-6edfc6797b45 ] Request (ServerMetadataTestJSON:test_list_server_metadata): 200 GET http://10.180.1.21/compute/v2.1/servers/1c567748-c84b-472e-ba11-186c57cb7cc7/metadata 0.382s
2024-09-03 07:44:28.741 62080 INFO tempest.lib.common.rest_client [req-bbf397ac-f6a6-4dbf-a1f7-5abf3a4263d4 req-bbf397ac-f6a6-4dbf-a1f7-5abf3a4263d4 ] Request (SecurityGroupRulesTestJSON:test_security_group_rules_create_with_optional_group_id): 200 POST http://10.180.1.21/compute/v2.1/os-security-groups 0.665s
2024-09-03 07:44:28.765 62082 INFO tempest.lib.common.rest_client [req-18cb695b-d912-4513-919e-923a572fbf9b req-18cb695b-d912-4513-919e-923a572fbf9b ] Request (SecurityGroupsTestAdminJSON:test_list_security_groups_list_all_tenants_filter): 200 POST http://10.180.1.21/compute/v2.1/os-security-groups 0.519s
2024-09-03 07:44:28.797 62086 INFO tempest.lib.common.rest_client [req-005deff5-17fd-4d22-91e4-e3b08601be2a req-005deff5-17fd-4d22-91e4-e3b08601be2a ] Request (FlavorsV2TestJSON:test_list_flavors_using_marker): 200 GET http://10.180.1.21/compute/v2.1/flavors?marker=42 0.540s
2024-09-03 07:44:28.865 62078 INFO tempest.lib.common.rest_client [req-a2be3b2b-d25c-40bb-b9ac-0a90dc777c38 req-a2be3b2b-d25c-40bb-b9ac-0a90dc777c38 ] Request (TenantUsagesTestJSON:tearDownClass): 200 GET http://10.180.1.21/compute/v2.1/servers/c5811821-6d86-48bb-b2ac-b98cd1bc8bae 0.558s
2024-09-03 07:44:28.978 62101 INFO tempest.lib.common.rest_client [req-b76368ba-1358-4401-a7dc-a91eab14c082 req-b76368ba-1358-4401-a7dc-a91eab14c082 ] Request (QuotasAdminTestJSON:test_update_all_quota_resources_for_tenant): 200 GET http://10.180.1.21/compute/v2.1/os-quota-sets/72fb554bb06d4ad4b6cd4b716c298ade/defaults 0.543s
2024-09-03 07:44:29.124 62088 INFO tempest.lib.common.rest_client [req-e3d13419-5095-4aa1-9e38-c56367af42db req-e3d13419-5095-4aa1-9e38-c56367af42db ] Request (DeleteServersAdminTestJSON:test_delete_server_while_in_error_state): 200 GET http://10.180.1.21/compute/v2.1/servers/943a30c4-f56a-410c-bf18-27d3283f5e11 0.625s
2024-09-03 07:44:29.142 62062 INFO tempest.lib.common.rest_client [req-b96c0424-0155-4644-9acd-e8a206265110 req-b96c0424-0155-4644-9acd-e8a206265110 ] Request (SecurityGroupRulesNegativeTestJSON:test_delete_security_group_rule_with_non_existent_id): 404 DELETE http://10.180.1.21/compute/v2.1/os-security-group-rules/50c68441-db17-493d-8c61-da4111b8f249 0.642s
2024-09-03 07:44:29.205 62074 INFO tempest.lib.common.rest_client [req-ef804c89-f169-4fe6-b251-856bb0a40082 req-ef804c89-f169-4fe6-b251-856bb0a40082 ] Request (ServerExternalEventsTest:tearDownClass): 200 GET http://10.180.1.21/compute/v2.1/servers/245800d7-66f2-4deb-b590-92b293459c26 0.703s
2024-09-03 07:44:29.261 62098 INFO tempest.lib.common.rest_client [req-4e81f22a-b6fb-4aa9-a447-b46da9d4c929 req-4e81f22a-b6fb-4aa9-a447-b46da9d4c929 ] Request (ServersAdminNegativeTestJSON:test_migrate_server_invalid_state): 200 GET http://10.180.1.21/compute/v2.1/servers/309f9148-69c8-4280-8515-6fb424b9e82a 0.713s
2024-09-03 07:44:29.268 62098 INFO tempest.common.waiters [-] State transition "BUILD/scheduling" ==> "BUILD/None" after 16 second wait
2024-09-03 07:44:29.323 62110 INFO tempest.lib.common.rest_client [req-dbd119de-4e71-47ea-9141-66127497bb4c req-dbd119de-4e71-47ea-9141-66127497bb4c ] Request (ServerActionsTestOtherA:setUpClass): 200 GET http://10.180.1.21/compute/v2.1/servers/308db853-9771-41bf-b35e-1a44b3c9a67d 0.774s
2024-09-03 07:44:29.331 62094 INFO tempest.lib.common.rest_client [req-260a9be0-20c2-495b-969f-55b4803569d6 req-260a9be0-20c2-495b-969f-55b4803569d6 ] Request (ImagesOneServerNegativeTestJSON:test_create_image_specify_metadata_over_limits): 400 POST http://10.180.1.21/compute/v2.1/servers/b32b7f7f-23de-4e00-b3f5-01a9fd3b61b5/action 0.769s
2024-09-03 07:44:29.332 62090 INFO tempest.lib.common.rest_client [req-915e367f-63d5-49f6-b9b4-bea69a58ae83 req-915e367f-63d5-49f6-b9b4-bea69a58ae83 ] Request (ListServersNegativeTestJSON:setUpClass): 200 GET http://10.180.1.21/compute/v2.1/servers/226463bf-078f-4a76-a188-90dd890000c1 1.070s
2024-09-03 07:44:29.346 62102 INFO tempest.lib.common.rest_client [req-70294bb0-e5f8-40e0-8c0c-16b51830d725 req-70294bb0-e5f8-40e0-8c0c-16b51830d725 ] Request (ServersTestBootFromVolume:setUpClass): 200 GET http://10.180.1.21/volume/v3/f3871a3823a7481fbc8344b907cc03ee/volumes/31fc608b-4dd7-452f-8dc0-ea55cc46cf39 0.044s
2024-09-03 07:44:29.362 62096 INFO tempest.lib.common.rest_client [req-48e9972d-7b28-405d-a1e9-d2c6d30117bc req-48e9972d-7b28-405d-a1e9-d2c6d30117bc ] Request (AggregatesAdminNegativeTestJSON:_run_cleanups): 200 DELETE http://10.180.1.21/compute/v2.1/os-aggregates/8 0.778s
2024-09-03 07:44:29.426 62092 INFO tempest.lib.common.rest_client [req-1096b616-226b-410c-8232-97eff721c349 req-1096b616-226b-410c-8232-97eff721c349 ] Request (ImagesOneServerTestJSON:setUpClass): 200 GET http://10.180.1.21/compute/v2.1/servers/beba5f2c-02ed-4280-b063-f7517c3d8115 0.824s
2024-09-03 07:44:29.429 62064 INFO tempest.lib.common.rest_client [req-54958ab9-7582-4a33-9376-059587d9038d req-54958ab9-7582-4a33-9376-059587d9038d ] Request (ImagesTestJSON:test_create_image_from_suspended_server): 200 GET http://10.180.1.21/compute/v2.1/servers/c5e1dbd5-321d-4124-ba88-44ea09cfd929 0.831s
2024-09-03 07:44:29.509 62121 INFO tempest.lib.common.rest_client [req-7eeea74f-cb37-4588-8a85-7e1444eb35ab req-7eeea74f-cb37-4588-8a85-7e1444eb35ab ] Request (ServerMetadataTestJSON:setUp): 200 PUT http://10.180.1.21/compute/v2.1/servers/1c567748-c84b-472e-ba11-186c57cb7cc7/metadata 0.887s
2024-09-03 07:44:29.515 62066 INFO tempest.lib.common.rest_client [req-34d3feb2-b2a5-42f6-8149-7259bb49302e req-34d3feb2-b2a5-42f6-8149-7259bb49302e ] Request (ServerAddressesNegativeTestJSON:setUpClass): 200 GET http://10.180.1.21/compute/v2.1/servers/29afc885-1290-4869-afdb-ed3c47523755 0.870s
2024-09-03 07:44:29.518 62096 INFO tempest.lib.common.rest_client [req-d525781b-a963-4970-b328-5efaa8da7f0c req-d525781b-a963-4970-b328-5efaa8da7f0c ] Request (AggregatesAdminNegativeTestJSON:tearDownClass): 204 DELETE http://10.180.1.21/identity/v3/users/52f32c3a8ed4439da4e0030bf27be057 0.154s
2024-09-03 07:44:29.571 62070 INFO tempest.lib.common.rest_client [req-b03845ad-4d2e-486c-87aa-870f5833184c req-b03845ad-4d2e-486c-87aa-870f5833184c ] Request (ServerDiagnosticsNegativeTest:test_get_server_diagnostics_by_non_admin): 200 GET http://10.180.1.21/compute/v2.1/servers/4da04112-1b07-4364-82c2-4d0da80ddfe3 0.909s
2024-09-03 07:44:29.588 62068 WARNING tempest.lib.common.ssh [-] Failed to establish authenticated ssh connection to cirros@10.180.180.152 ([Errno None] Unable to connect to port 22 on 10.180.180.152). Number attempts: 1. Retry after 2 seconds.: paramiko.ssh_exception.NoValidConnectionsError: [Errno None] Unable to connect to port 22 on 10.180.180.152
2024-09-03 07:44:29.602 62084 INFO tempest.lib.common.rest_client [req-a2e67451-0908-4a92-85f9-cff97059e0e0 req-a2e67451-0908-4a92-85f9-cff97059e0e0 ] Request (ServerDiagnosticsV248Test:test_get_server_diagnostics): 200 GET http://10.180.1.21/compute/v2.1/servers/c9ae111e-42d1-4bc4-9131-38a5ddee98c3 0.886s
2024-09-03 07:44:29.629 62116 INFO tempest.lib.common.rest_client [req-4446af77-a390-474c-84fc-64632afd203c req-4446af77-a390-474c-84fc-64632afd203c ] Request (ListImageFiltersTestJSON:setUpClass): 200 GET http://10.180.1.21/compute/v2.1/servers/a9342d55-1c9f-41bf-bf96-72797e9a81fc 0.911s
2024-09-03 07:44:29.641 62096 INFO tempest.lib.common.rest_client [req-e2153911-deed-4799-91fb-d7e1fd7cc3ff req-e2153911-deed-4799-91fb-d7e1fd7cc3ff ] Request (AggregatesAdminNegativeTestJSON:tearDownClass): 204 DELETE http://10.180.1.21/identity/v3/users/589fdcb927a34dd38330dd9972d76c83 0.123s
2024-09-03 07:44:29.641 62096 INFO tempest.lib.common.dynamic_creds [-] Deleting project and security group for project: a41f58aed3834fea8c050f614b37e57e
2024-09-03 07:44:29.682 62109 INFO tempest.lib.common.rest_client [req-73e7d427-873d-4448-9d25-57f894694641 req-73e7d427-873d-4448-9d25-57f894694641 ] Request (ServersTestJSON:setUpClass): 200 GET http://10.180.1.21/compute/v2.1/servers/1f472644-25f8-4c29-b34e-6a7cda78ef22 0.916s
2024-09-03 07:44:29.721 62096 INFO tempest.lib.common.rest_client [req-a3724704-ad6e-44ee-a394-214b271abaac req-a3724704-ad6e-44ee-a394-214b271abaac ] Request (AggregatesAdminNegativeTestJSON:tearDownClass): 201 POST http://10.180.1.21/identity/v3/auth/tokens 0.080s
2024-09-03 07:44:29.734 62072 INFO tempest.lib.common.rest_client [req-a9e06773-384a-42ba-9cc5-46567c562f8c req-a9e06773-384a-42ba-9cc5-46567c562f8c ] Request (ServerShowV247Test:test_update_rebuild_list_server): 200 GET http://10.180.1.21/compute/v2.1/servers/c039222d-3472-4354-81c4-0384679aae87 0.968s
2024-09-03 07:44:29.865 62080 INFO tempest.lib.common.rest_client [req-e7e3323a-0386-4bfc-aeb5-1753103113cb req-e7e3323a-0386-4bfc-aeb5-1753103113cb ] Request (SecurityGroupRulesTestJSON:test_security_group_rules_create_with_optional_group_id): 200 POST http://10.180.1.21/compute/v2.1/os-security-groups 1.121s
2024-09-03 07:44:29.895 62086 INFO tempest.lib.common.rest_client [req-e98fb538-3d73-41c3-a914-fced39c83319 req-e98fb538-3d73-41c3-a914-fced39c83319 ] Request (FlavorsV2TestJSON:test_list_flavors_with_detail): 200 GET http://10.180.1.21/compute/v2.1/flavors/detail 1.094s
2024-09-03 07:44:29.918 62106 INFO tempest.lib.common.rest_client [req-81143ec4-2039-423b-a2e9-792581f65d42 req-81143ec4-2039-423b-a2e9-792581f65d42 ] Request (VolumesAdminNegativeTest:test_update_attached_volume_with_nonexistent_volume_in_body): 200 PUT http://10.180.1.21:9696/networking/v2.0/floatingips/569e1772-b03d-4912-a976-13724e094cb6 1.450s
2024-09-03 07:44:29.919 62106 INFO tempest.lib.common.ssh [-] Creating ssh connection to '10.180.180.139:22' as 'cirros' with public key authentication
2024-09-03 07:44:29.958 62114 INFO tempest.lib.common.rest_client [req-e0766938-3dae-4ce5-bd32-8cd2215f2cda req-e0766938-3dae-4ce5-bd32-8cd2215f2cda ] Request (ServersTestManualDisk:setUpClass): 200 GET http://10.180.1.21/compute/v2.1/servers/b011f7b7-ba5c-47d4-87ee-1c52e6fc03b3 1.135s
2024-09-03 07:44:30.050 62096 INFO tempest.lib.common.rest_client [req-072d4745-df7c-4274-8dc3-cf954a0b0caf req-072d4745-df7c-4274-8dc3-cf954a0b0caf ] Request (AggregatesAdminNegativeTestJSON:tearDownClass): 200 GET http://10.180.1.21:9696/networking/v2.0/security-groups?tenant_id=a41f58aed3834fea8c050f614b37e57e&name=default 0.328s
2024-09-03 07:44:30.175 62101 INFO tempest.lib.common.rest_client [req-ca8e68e1-e7f2-4ef0-a831-33d35e6d0b07 req-ca8e68e1-e7f2-4ef0-a831-33d35e6d0b07 ] Request (QuotasAdminTestJSON:test_update_all_quota_resources_for_tenant): 200 PUT http://10.180.1.21/compute/v2.1/os-quota-sets/72fb554bb06d4ad4b6cd4b716c298ade 1.195s
2024-09-03 07:44:30.245 62096 INFO tempest.lib.common.rest_client [req-505d5390-369b-44d8-8455-cec08c2ba49e req-505d5390-369b-44d8-8455-cec08c2ba49e ] Request (AggregatesAdminNegativeTestJSON:tearDownClass): 204 DELETE http://10.180.1.21:9696/networking/v2.0/security-groups/fc5fc913-c604-4e2c-8e0f-e9104d234b37 0.195s
2024-09-03 07:44:30.338 62096 INFO tempest.lib.common.rest_client [req-7be19f08-7443-433e-afa7-9aa5f37e9876 req-7be19f08-7443-433e-afa7-9aa5f37e9876 ] Request (AggregatesAdminNegativeTestJSON:tearDownClass): 204 DELETE http://10.180.1.21/identity/v3/projects/a41f58aed3834fea8c050f614b37e57e 0.092s
2024-09-03 07:44:30.338 62096 INFO tempest.lib.common.dynamic_creds [-] Deleting project and security group for project: eab2fcc20ec047d692ffc538c0145543
2024-09-03 07:44:30.353 62062 INFO tempest.lib.common.rest_client [req-2eecadf0-b29c-4275-ad26-7c33adfc11ef req-2eecadf0-b29c-4275-ad26-7c33adfc11ef ] Request (SecurityGroupRulesNegativeTestJSON:tearDownClass): 202 DELETE http://10.180.1.21/compute/v2.1/os-security-groups/766567c1-e0b6-4e3b-9026-a15bbc6f82fe 1.208s
2024-09-03 07:44:30.400 62102 INFO tempest.lib.common.rest_client [req-b4d705dc-b1d8-4882-9653-05236dfbe6c1 req-b4d705dc-b1d8-4882-9653-05236dfbe6c1 ] Request (ServersTestBootFromVolume:setUpClass): 200 GET http://10.180.1.21/volume/v3/f3871a3823a7481fbc8344b907cc03ee/volumes/31fc608b-4dd7-452f-8dc0-ea55cc46cf39 0.047s
2024-09-03 07:44:30.546 62096 INFO tempest.lib.common.rest_client [req-22cb0325-cf67-4829-82f6-f5e1d36bf55b req-22cb0325-cf67-4829-82f6-f5e1d36bf55b ] Request (AggregatesAdminNegativeTestJSON:tearDownClass): 200 GET http://10.180.1.21:9696/networking/v2.0/security-groups?tenant_id=eab2fcc20ec047d692ffc538c0145543&name=default 0.208s
