2024-09-03 07:45:00.550 62062 INFO tempest.lib.common.rest_client [req-c84bfa7d-1a20-4e1e-a808-8af7ba97b9fe req-c84bfa7d-1a20-4e1e-a808-8af7ba97b9fe ] Request (ServerDiskConfigTestJSON:test_rebuild_server_with_auto_disk_config): 200 GET http://10.180.1.21/compute/v2.1/servers/c05b0771-40b8-4c3b-a135-93335d1c069f 0.538s
2024-09-03 07:45:00.640 62090 INFO tempest.lib.common.rest_client [req-a8767fca-b526-4faf-b817-59e6d09eae30 req-a8767fca-b526-4faf-b817-59e6d09eae30 ] Request (ListServersNegativeTestJSON:setUpClass): 200 GET http://10.180.1.21/compute/v2.1/servers/226463bf-078f-4a76-a188-90dd890000c1 0.253s
2024-09-03 07:45:00.697 62096 INFO tempest.lib.common.rest_client [req-a284d975-3dd7-4155-bf84-71c7024a8f30 req-a284d975-3dd7-4155-bf84-71c7024a8f30 ] Request (ServerPasswordTestJSON:setUpClass): 200 GET http://10.180.1.21/compute/v2.1/servers/caf75c43-34a6-49c9-9eb0-756904cb4906 0.233s
2024-09-03 07:45:00.719 62080 INFO tempest.lib.common.rest_client [req-86e44a0f-ce55-45c2-942b-12e84a9a19b9 req-86e44a0f-ce55-45c2-942b-12e84a9a19b9 ] Request (ServerGroupTestJSON:test_create_delete_multiple_server_groups_with_same_name_policy): 200 GET http://10.180.1.21/compute/v2.1/os-server-groups 0.253s
2024-09-03 07:45:00.744 62105 INFO tempest.lib.common.rest_client [req-f8783704-ad75-4e36-b061-7fe738308c83 req-f8783704-ad75-4e36-b061-7fe738308c83 ] Request (ServersAdminTestJSON:setUpClass): 200 GET http://10.180.1.21/compute/v2.1/servers/0ea28618-7b95-4442-8d74-6363bc6da9a1 0.593s
2024-09-03 07:45:00.752 62105 INFO tempest.common.waiters [-] State transition "BUILD/networking" ==> "BUILD/block_device_mapping" after 44 second wait
2024-09-03 07:45:00.791 62066 INFO tempest.lib.common.rest_client [req-683b7450-78c3-4d90-b0b6-1740c10016d3 req-683b7450-78c3-4d90-b0b6-1740c10016d3 ] Request (ServerAddressesNegativeTestJSON:tearDownClass): 200 GET http://10.180.1.21/compute/v2.1/servers/29afc885-1290-4869-afdb-ed3c47523755 0.322s
2024-09-03 07:45:00.808 62088 INFO tempest.lib.common.rest_client [req-bf4cf862-3e91-4e4f-b996-004938788797 req-bf4cf862-3e91-4e4f-b996-004938788797 ] Request (DeleteServersAdminTestJSON:test_delete_server_while_in_error_state): 200 GET http://10.180.1.21/compute/v2.1/servers/943a30c4-f56a-410c-bf18-27d3283f5e11 0.330s
2024-09-03 07:45:00.846 62092 INFO tempest.lib.common.rest_client [req-411f0be8-2c99-4b17-aabc-8963b0903ee4 req-411f0be8-2c99-4b17-aabc-8963b0903ee4 ] Request (ImagesOneServerTestJSON:setUpClass): 200 GET http://10.180.1.21/compute/v2.1/servers/beba5f2c-02ed-4280-b063-f7517c3d8115 0.307s
2024-09-03 07:45:00.874 62110 INFO tempest.lib.common.rest_client [req-a5e32755-bd65-497b-942f-b215537b48f8 req-a5e32755-bd65-497b-942f-b215537b48f8 ] Request (ServerActionsTestOtherA:setUpClass): 200 GET http://10.180.1.21/compute/v2.1/servers/308db853-9771-41bf-b35e-1a44b3c9a67d 0.334s
2024-09-03 07:45:00.904 62074 INFO tempest.lib.common.rest_client [req-a04893e0-7167-4b90-83d5-a37897982baa req-a04893e0-7167-4b90-83d5-a37897982baa ] Request (ServersTestFqdnHostnames:test_create_server_with_fqdn_name): 200 GET http://10.180.1.21/compute/v2.1/servers/dc263aa1-2080-45b9-88f2-1d0ad23a821b 0.307s
2024-09-03 07:45:00.944 62078 INFO tempest.lib.common.rest_client [req-a998f147-3d89-42e1-8629-dac6d8aa9e5c req-a998f147-3d89-42e1-8629-dac6d8aa9e5c ] Request (ServerMetadataNegativeTestJSON:setUpClass): 200 GET http://10.180.1.21/compute/v2.1/servers/99c636ce-d99d-4b06-8c7a-6cf18c930d3f 0.294s
2024-09-03 07:45:00.967 62101 INFO tempest.lib.common.rest_client [req-2e0defa4-6429-4032-8ed3-2d054754097d req-2e0defa4-6429-4032-8ed3-2d054754097d ] Request (InstanceActionsNegativeTestJSON:setUpClass): 200 GET http://10.180.1.21/compute/v2.1/servers/6d079f42-1f1f-402e-a9b2-7ff0fc2b4dc1 0.250s
2024-09-03 07:45:00.969 62080 INFO tempest.lib.common.rest_client [req-1f916847-b937-4120-a3a9-114d92233ba4 req-1f916847-b937-4120-a3a9-114d92233ba4 ] Request (ServerGroupTestJSON:test_create_delete_multiple_server_groups_with_same_name_policy): 204 DELETE http://10.180.1.21/compute/v2.1/os-server-groups/5d6af8be-cff6-4098-a390-446b8b914f54 0.247s
2024-09-03 07:45:01.011 62064 INFO tempest.lib.common.rest_client [req-a2d5af1e-bebc-4437-af35-78da89d4e0e5 req-a2d5af1e-bebc-4437-af35-78da89d4e0e5 ] Request (ImagesTestJSON:test_create_image_from_suspended_server): 200 GET http://10.180.1.21/compute/v2.1/images/71a605f7-8749-45c6-93f4-531a52ee5c1c 0.249s
2024-09-03 07:45:01.027 62070 INFO tempest.lib.common.rest_client [req-70f0537d-eb86-4c81-bb97-9942d37e687a req-70f0537d-eb86-4c81-bb97-9942d37e687a ] Request (ServerDiagnosticsNegativeTest:test_get_server_diagnostics_by_non_admin): 200 GET http://10.180.1.21/compute/v2.1/servers/4da04112-1b07-4364-82c2-4d0da80ddfe3 0.205s
2024-09-03 07:45:01.075 62116 INFO tempest.lib.common.rest_client [req-197a283e-9c0c-4ee3-be8b-73adf54a1d2b req-197a283e-9c0c-4ee3-be8b-73adf54a1d2b ] Request (ListImageFiltersTestJSON:setUpClass): 200 GET http://10.180.1.21/compute/v2.1/images/b2beb1c7-ddf1-4fdd-8e63-e6d2eacf19f8 0.213s
2024-09-03 07:45:01.136 62084 INFO tempest.lib.common.rest_client [req-87f56371-2497-440d-ab7f-f1f07e21d1d9 req-87f56371-2497-440d-ab7f-f1f07e21d1d9 ] Request (ServerDiagnosticsV248Test:test_get_server_diagnostics): 200 GET http://10.180.1.21/compute/v2.1/servers/c9ae111e-42d1-4bc4-9131-38a5ddee98c3 0.202s
2024-09-03 07:45:01.199 62102 INFO tempest.lib.common.rest_client [req-547e94ff-e624-46e0-98e4-a52146cb2ad6 req-547e94ff-e624-46e0-98e4-a52146cb2ad6 ] Request (ServersTestBootFromVolume:setUpClass): 200 GET http://10.180.1.21/compute/v2.1/servers/342f8307-c23c-459a-8c7f-626b72ad12c8 0.258s
2024-09-03 07:45:01.211 62080 INFO tempest.lib.common.rest_client [req-cdb563f3-fd4b-467d-9e1e-ff5d67b1a8c1 req-cdb563f3-fd4b-467d-9e1e-ff5d67b1a8c1 ] Request (ServerGroupTestJSON:test_create_delete_multiple_server_groups_with_same_name_policy): 200 GET http://10.180.1.21/compute/v2.1/os-server-groups 0.241s
2024-09-03 07:45:01.248 62098 INFO tempest.lib.common.rest_client [req-382951ea-38f9-46ed-a3ad-e218dc4bf8a3 req-382951ea-38f9-46ed-a3ad-e218dc4bf8a3 ] Request (ServersAdminNegativeTestJSON:test_migrate_server_invalid_state): 200 GET http://10.180.1.21/compute/v2.1/servers/309f9148-69c8-4280-8515-6fb424b9e82a 0.382s
2024-09-03 07:45:01.258 62098 INFO tempest.common.waiters [-] State transition "BUILD/spawning" ==> "ACTIVE/None" after 48 second wait
2024-09-03 07:45:01.279 62121 INFO tempest.lib.common.rest_client [req-d21e2ef0-7de3-442e-b046-31fd0b02e9c9 req-d21e2ef0-7de3-442e-b046-31fd0b02e9c9 ] Request (ServerMetadataTestJSON:tearDownClass): 200 GET http://10.180.1.21/compute/v2.1/servers/1c567748-c84b-472e-ba11-186c57cb7cc7 0.268s
2024-09-03 07:45:01.306 62072 INFO tempest.lib.common.rest_client [req-c0c4094a-b6fb-462a-b327-85ee973b2180 req-c0c4094a-b6fb-462a-b327-85ee973b2180 ] Request (ServerShowV247Test:test_update_rebuild_list_server): 200 GET http://10.180.1.21/compute/v2.1/servers/c039222d-3472-4354-81c4-0384679aae87 0.234s
2024-09-03 07:45:01.333 62080 INFO tempest.lib.common.rest_client [req-81881ae4-585b-4d5b-b27c-249a25f3ccab req-81881ae4-585b-4d5b-b27c-249a25f3ccab ] Request (ServerGroupTestJSON:test_create_delete_server_group_with_affinity_policy): 200 POST http://10.180.1.21/compute/v2.1/os-server-groups 0.119s
2024-09-03 07:45:01.390 62098 INFO tempest.lib.common.rest_client [req-1541d960-1097-4390-b5c8-9110499b740c req-1541d960-1097-4390-b5c8-9110499b740c ] Request (ServersAdminNegativeTestJSON:test_migrate_server_invalid_state): 202 POST http://10.180.1.21/compute/v2.1/servers/309f9148-69c8-4280-8515-6fb424b9e82a/action 0.132s
2024-09-03 07:45:01.422 62080 INFO tempest.lib.common.rest_client [req-4e426b62-854c-4df2-b802-e48a7d4437a9 req-4e426b62-854c-4df2-b802-e48a7d4437a9 ] Request (ServerGroupTestJSON:test_create_delete_server_group_with_affinity_policy): 204 DELETE http://10.180.1.21/compute/v2.1/os-server-groups/4e025590-69ba-40cc-8d37-b5096e114f7d 0.087s
2024-09-03 07:45:01.461 62124 INFO tempest.lib.common.rest_client [req-2461deb2-377e-4b0c-bd0e-6ec81da7a4ca req-2461deb2-377e-4b0c-bd0e-6ec81da7a4ca ] Request (MigrationsAdminTest:test_list_migrations_in_flavor_resize_situation): 200 GET http://10.180.1.21/compute/v2.1/servers/76e29d48-9415-42ad-b599-e0efafd61474 0.179s
2024-09-03 07:45:01.484 62094 INFO tempest.lib.common.rest_client [req-dc6c345d-aa0f-41a9-ad85-8cd79cdf9298 req-dc6c345d-aa0f-41a9-ad85-8cd79cdf9298 ] Request (ImagesOneServerNegativeTestJSON:_run_cleanups): 200 GET http://10.180.1.21/compute/v2.1/servers/b32b7f7f-23de-4e00-b3f5-01a9fd3b61b5 0.121s
2024-09-03 07:45:01.495 62080 INFO tempest.lib.common.rest_client [req-045cc4ad-da54-4fee-b081-6b227443d933 req-045cc4ad-da54-4fee-b081-6b227443d933 ] Request (ServerGroupTestJSON:test_create_delete_server_group_with_affinity_policy): 200 GET http://10.180.1.21/compute/v2.1/os-server-groups 0.072s
2024-09-03 07:45:01.545 62109 INFO tempest.lib.common.rest_client [req-d8c536d0-c759-4a50-9bd0-d0c58d946182 req-d8c536d0-c759-4a50-9bd0-d0c58d946182 ] Request (ServersTestJSON:setUpClass): 200 GET http://10.180.1.21/compute/v2.1/servers/1f472644-25f8-4c29-b34e-6a7cda78ef22 0.095s
2024-09-03 07:45:01.602 62080 INFO tempest.lib.common.rest_client [req-655b1459-b5c9-4efe-bde4-1930e57c2874 req-655b1459-b5c9-4efe-bde4-1930e57c2874 ] Request (ServerGroupTestJSON:test_create_delete_server_group_with_anti_affinity_policy): 200 POST http://10.180.1.21/compute/v2.1/os-server-groups 0.104s
2024-09-03 07:45:01.664 62062 INFO tempest.lib.common.rest_client [req-4108b8fa-c948-4e2d-aa6b-d3b388a32b41 req-4108b8fa-c948-4e2d-aa6b-d3b388a32b41 ] Request (ServerDiskConfigTestJSON:test_rebuild_server_with_auto_disk_config): 200 GET http://10.180.1.21/compute/v2.1/servers/c05b0771-40b8-4c3b-a135-93335d1c069f 0.104s
2024-09-03 07:45:01.723 62082 INFO tempest.lib.common.rest_client [req-8e53f378-c447-420d-a3f5-52e6a6929477 req-8e53f378-c447-420d-a3f5-52e6a6929477 ] Request (ServerAddressesTestJSON:setUpClass): 200 GET http://10.180.1.21/compute/v2.1/servers/1ccfb0fc-e8c0-4d8a-83d3-456569477bec 0.157s
2024-09-03 07:45:01.743 62080 INFO tempest.lib.common.rest_client [req-e8278ae6-d862-40cd-a652-0284c005dcdd req-e8278ae6-d862-40cd-a652-0284c005dcdd ] Request (ServerGroupTestJSON:test_create_delete_server_group_with_anti_affinity_policy): 204 DELETE http://10.180.1.21/compute/v2.1/os-server-groups/636c7da7-aafe-4942-91d9-b7d9203496c9 0.139s
2024-09-03 07:45:01.765 62098 INFO tempest.lib.common.rest_client [req-1066bfab-0624-45e9-b6a8-8aa6d4c90944 req-1066bfab-0624-45e9-b6a8-8aa6d4c90944 ] Request (ServersAdminNegativeTestJSON:test_migrate_server_invalid_state): 200 GET http://10.180.1.21/compute/v2.1/servers/309f9148-69c8-4280-8515-6fb424b9e82a 0.375s
2024-09-03 07:45:01.811 62090 INFO tempest.lib.common.rest_client [req-c1420bca-67f3-438f-9756-b7353964a433 req-c1420bca-67f3-438f-9756-b7353964a433 ] Request (ListServersNegativeTestJSON:setUpClass): 200 GET http://10.180.1.21/compute/v2.1/servers/226463bf-078f-4a76-a188-90dd890000c1 0.163s
2024-09-03 07:45:01.827 62080 INFO tempest.lib.common.rest_client [req-bfe9ba56-6201-4f38-b906-bd91c5a77829 req-bfe9ba56-6201-4f38-b906-bd91c5a77829 ] Request (ServerGroupTestJSON:test_create_delete_server_group_with_anti_affinity_policy): 200 GET http://10.180.1.21/compute/v2.1/os-server-groups 0.083s
2024-09-03 07:45:01.843 62096 INFO tempest.lib.common.rest_client [req-e8adb61f-d63a-4b18-8cc9-225ef7628176 req-e8adb61f-d63a-4b18-8cc9-225ef7628176 ] Request (ServerPasswordTestJSON:setUpClass): 200 GET http://10.180.1.21/compute/v2.1/servers/caf75c43-34a6-49c9-9eb0-756904cb4906 0.134s
2024-09-03 07:45:01.889 62080 INFO tempest.lib.common.rest_client [req-aefa04b3-c26d-460e-a46c-592b7134f855 req-aefa04b3-c26d-460e-a46c-592b7134f855 ] Request (ServerGroupTestJSON:test_create_server_with_scheduler_hint_group): 201 POST http://10.180.1.21/identity/v3/auth/tokens 0.056s
2024-09-03 07:45:01.890 62080 INFO tempest.lib.common.fixed_network [-] (ServerGroupTestJSON:test_create_server_with_scheduler_hint_group) Found network {'id': 'ce7bdefb-2344-4f09-9016-d03d2cfbffef', 'name': 'tempest-ServerGroupTestJSON-1253291471-network', 'tenant_id': 'b31dd5200d3e45b3a7978be38e50f938', 'admin_state_up': True, 'mtu': 8950, 'status': 'ACTIVE', 'subnets': [], 'shared': False, 'project_id': 'b31dd5200d3e45b3a7978be38e50f938', 'port_security_enabled': True, 'router:external': False, 'provider:network_type': 'vlan', 'provider:physical_network': 'default', 'provider:segmentation_id': 847, 'is_default': False, 'availability_zone_hints': [], 'availability_zones': [], 'ipv4_address_scope': None, 'ipv6_address_scope': None, 'description': '', 'tags': [], 'created_at': '2024-09-03T07:44:55Z', 'updated_at': '2024-09-03T07:44:55Z', 'revision_number': 1} available for tenant
2024-09-03 07:45:02.141 62066 INFO tempest.lib.common.rest_client [req-39631ef2-cc19-4cfd-a1ec-3a0381c09f05 req-39631ef2-cc19-4cfd-a1ec-3a0381c09f05 ] Request (ServerAddressesNegativeTestJSON:tearDownClass): 200 GET http://10.180.1.21/compute/v2.1/servers/29afc885-1290-4869-afdb-ed3c47523755 0.340s
2024-09-03 07:45:02.185 62105 INFO tempest.lib.common.rest_client [req-6c0e6a92-cb04-402d-8ab1-f4630f30b984 req-6c0e6a92-cb04-402d-8ab1-f4630f30b984 ] Request (ServersAdminTestJSON:setUpClass): 200 GET http://10.180.1.21/compute/v2.1/servers/0ea28618-7b95-4442-8d74-6363bc6da9a1 0.432s
2024-09-03 07:45:02.189 62088 INFO tempest.lib.common.rest_client [req-01b89c6d-321f-4980-978d-3691148f2d55 req-01b89c6d-321f-4980-978d-3691148f2d55 ] Request (DeleteServersAdminTestJSON:test_delete_server_while_in_error_state): 404 GET http://10.180.1.21/compute/v2.1/servers/943a30c4-f56a-410c-bf18-27d3283f5e11 0.370s
2024-09-03 07:45:02.195 62105 INFO tempest.common.waiters [-] State transition "BUILD/block_device_mapping" ==> "BUILD/spawning" after 46 second wait
2024-09-03 07:45:02.244 62092 INFO tempest.lib.common.rest_client [req-1a505ab6-822d-4311-952c-97c43760886b req-1a505ab6-822d-4311-952c-97c43760886b ] Request (ImagesOneServerTestJSON:setUpClass): 200 GET http://10.180.1.21/compute/v2.1/servers/beba5f2c-02ed-4280-b063-f7517c3d8115 0.384s
2024-09-03 07:45:02.248 62110 INFO tempest.lib.common.rest_client [req-626ffa08-d46b-4e02-9bed-4a58300a5904 req-626ffa08-d46b-4e02-9bed-4a58300a5904 ] Request (ServerActionsTestOtherA:setUpClass): 200 GET http://10.180.1.21/compute/v2.1/servers/308db853-9771-41bf-b35e-1a44b3c9a67d 0.364s
2024-09-03 07:45:02.306 62074 INFO tempest.lib.common.rest_client [req-f957991f-74da-419d-9988-19a21aedaeda req-f957991f-74da-419d-9988-19a21aedaeda ] Request (ServersTestFqdnHostnames:test_create_server_with_fqdn_name): 200 GET http://10.180.1.21/compute/v2.1/servers/dc263aa1-2080-45b9-88f2-1d0ad23a821b 0.390s
2024-09-03 07:45:02.355 62078 INFO tempest.lib.common.rest_client [req-898bab3e-8246-4c63-8ef0-2c9da4111a90 req-898bab3e-8246-4c63-8ef0-2c9da4111a90 ] Request (ServerMetadataNegativeTestJSON:setUpClass): 200 GET http://10.180.1.21/compute/v2.1/servers/99c636ce-d99d-4b06-8c7a-6cf18c930d3f 0.398s
2024-09-03 07:45:02.407 62101 INFO tempest.lib.common.rest_client [req-4ec9420e-fd08-484d-b84a-e87d49d34995 req-4ec9420e-fd08-484d-b84a-e87d49d34995 ] Request (InstanceActionsNegativeTestJSON:setUpClass): 200 GET http://10.180.1.21/compute/v2.1/servers/6d079f42-1f1f-402e-a9b2-7ff0fc2b4dc1 0.430s
2024-09-03 07:45:02.414 62101 INFO tempest.common.waiters [-] State transition "BUILD/scheduling" ==> "BUILD/None" after 21 second wait
2024-09-03 07:45:02.438 62064 INFO tempest.lib.common.rest_client [req-d03388ba-5415-40e7-8924-c4c4ee9238cb req-d03388ba-5415-40e7-8924-c4c4ee9238cb ] Request (ImagesTestJSON:test_create_image_from_suspended_server): 200 GET http://10.180.1.21/compute/v2.1/images/71a605f7-8749-45c6-93f4-531a52ee5c1c 0.421s
2024-09-03 07:45:02.502 62070 INFO tempest.lib.common.rest_client [req-b2c6db37-34bf-4200-bc54-7e0ab6cf83e1 req-b2c6db37-34bf-4200-bc54-7e0ab6cf83e1 ] Request (ServerDiagnosticsNegativeTest:test_get_server_diagnostics_by_non_admin): 200 GET http://10.180.1.21/compute/v2.1/servers/4da04112-1b07-4364-82c2-4d0da80ddfe3 0.466s
2024-09-03 07:45:02.537 62116 INFO tempest.lib.common.rest_client [req-b4be4f72-6a81-4829-a826-31d2cc83caed req-b4be4f72-6a81-4829-a826-31d2cc83caed ] Request (ListImageFiltersTestJSON:setUpClass): 200 GET http://10.180.1.21/compute/v2.1/images/b2beb1c7-ddf1-4fdd-8e63-e6d2eacf19f8 0.458s
2024-09-03 07:45:02.590 62084 INFO tempest.lib.common.rest_client [req-0a9ef18e-2aaf-48db-b0b2-111d8bac265b req-0a9ef18e-2aaf-48db-b0b2-111d8bac265b ] Request (ServerDiagnosticsV248Test:test_get_server_diagnostics): 200 GET http://10.180.1.21/compute/v2.1/servers/c9ae111e-42d1-4bc4-9131-38a5ddee98c3 0.443s
2024-09-03 07:45:02.599 62084 INFO tempest.common.waiters [-] State transition "BUILD/spawning" ==> "ACTIVE/None" after 47 second wait
2024-09-03 07:45:02.608 62088 INFO tempest.lib.common.rest_client [req-99a4e805-0682-4ccc-9803-eb3fb0136fd2 req-99a4e805-0682-4ccc-9803-eb3fb0136fd2 ] Request (DeleteServersAdminTestJSON:tearDownClass): 404 DELETE http://10.180.1.21/compute/v2.1/servers/943a30c4-f56a-410c-bf18-27d3283f5e11 0.417s
2024-09-03 07:45:02.635 62080 INFO tempest.lib.common.rest_client [req-2dd2d704-30c3-4b1f-8b23-06ee87b85ffa req-2dd2d704-30c3-4b1f-8b23-06ee87b85ffa ] Request (ServerGroupTestJSON:test_create_server_with_scheduler_hint_group): 202 POST http://10.180.1.21/compute/v2.1/servers 0.745s
2024-09-03 07:45:02.656 62102 INFO tempest.lib.common.rest_client [req-0984f07c-674d-47ef-bf35-dde147ceb299 req-0984f07c-674d-47ef-bf35-dde147ceb299 ] Request (ServersTestBootFromVolume:setUpClass): 200 GET http://10.180.1.21/compute/v2.1/servers/342f8307-c23c-459a-8c7f-626b72ad12c8 0.447s
2024-09-03 07:45:02.696 62121 INFO tempest.lib.common.rest_client [req-8a240d00-d7d2-4f83-b7b4-81e5405c8e59 req-8a240d00-d7d2-4f83-b7b4-81e5405c8e59 ] Request (ServerMetadataTestJSON:tearDownClass): 200 GET http://10.180.1.21/compute/v2.1/servers/1c567748-c84b-472e-ba11-186c57cb7cc7 0.406s
2024-09-03 07:45:02.715 62072 INFO tempest.lib.common.rest_client [req-55ee60f0-323a-496e-867c-77dcf8f5d513 req-55ee60f0-323a-496e-867c-77dcf8f5d513 ] Request (ServerShowV247Test:test_update_rebuild_list_server): 200 GET http://10.180.1.21/compute/v2.1/servers/c039222d-3472-4354-81c4-0384679aae87 0.397s
2024-09-03 07:45:02.772 62094 INFO tempest.lib.common.rest_client [req-255fbc8e-216e-4ef2-a6d0-e3d05ec6ab0e req-255fbc8e-216e-4ef2-a6d0-e3d05ec6ab0e ] Request (ImagesOneServerNegativeTestJSON:_run_cleanups): 200 GET http://10.180.1.21/compute/v2.1/servers/b32b7f7f-23de-4e00-b3f5-01a9fd3b61b5 0.277s
2024-09-03 07:45:02.825 62109 INFO tempest.lib.common.rest_client [req-2231c8b1-f8b1-4b7a-9acb-5b9b4b228f01 req-2231c8b1-f8b1-4b7a-9acb-5b9b4b228f01 ] Request (ServersTestJSON:setUpClass): 200 GET http://10.180.1.21/compute/v2.1/servers/1f472644-25f8-4c29-b34e-6a7cda78ef22 0.273s
2024-09-03 07:45:02.827 62124 INFO tempest.lib.common.rest_client [req-016da864-1e7b-48cc-9b79-edfd7efe80fc req-016da864-1e7b-48cc-9b79-edfd7efe80fc ] Request (MigrationsAdminTest:test_list_migrations_in_flavor_resize_situation): 200 GET http://10.180.1.21/compute/v2.1/servers/76e29d48-9415-42ad-b599-e0efafd61474 0.357s
2024-09-03 07:45:02.853 62088 INFO tempest.lib.common.rest_client [req-7718cf64-7206-4e3e-b6a5-3271befdda37 req-7718cf64-7206-4e3e-b6a5-3271befdda37 ] Request (DeleteServersAdminTestJSON:tearDownClass): 404 GET http://10.180.1.21/compute/v2.1/servers/943a30c4-f56a-410c-bf18-27d3283f5e11 0.245s
2024-09-03 07:45:02.889 62080 INFO tempest.lib.common.rest_client [req-f1a6e87e-4c7e-4827-a7b7-4f436d98c269 req-f1a6e87e-4c7e-4827-a7b7-4f436d98c269 ] Request (ServerGroupTestJSON:test_create_server_with_scheduler_hint_group): 200 GET http://10.180.1.21/compute/v2.1/servers/eadc35dc-0ce2-431e-a046-35a98518bdec 0.252s
2024-09-03 07:45:02.941 62062 INFO tempest.lib.common.rest_client [req-36f39387-0ee6-49f8-83ec-fa8bd0c455c4 req-36f39387-0ee6-49f8-83ec-fa8bd0c455c4 ] Request (ServerDiskConfigTestJSON:test_rebuild_server_with_auto_disk_config): 200 GET http://10.180.1.21/compute/v2.1/servers/c05b0771-40b8-4c3b-a135-93335d1c069f 0.266s
2024-09-03 07:45:02.950 62088 INFO tempest.lib.common.rest_client [req-3455fdc7-866a-4961-8688-21a222aa1622 req-3455fdc7-866a-4961-8688-21a222aa1622 ] Request (DeleteServersAdminTestJSON:tearDownClass): 204 DELETE http://10.180.1.21/identity/v3/users/fb1053bca8554796b12558c71d26f5fc 0.096s
2024-09-03 07:45:02.987 62082 INFO tempest.lib.common.rest_client [req-10178e2e-2549-46d2-97db-a40b6f5aa00f req-10178e2e-2549-46d2-97db-a40b6f5aa00f ] Request (ServerAddressesTestJSON:setUpClass): 200 GET http://10.180.1.21/compute/v2.1/servers/1ccfb0fc-e8c0-4d8a-83d3-456569477bec 0.255s
2024-09-03 07:45:03.044 62088 INFO tempest.lib.common.rest_client [req-42ac6fc5-6d09-4e8c-bfc5-430ed07d494f req-42ac6fc5-6d09-4e8c-bfc5-430ed07d494f ] Request (DeleteServersAdminTestJSON:tearDownClass): 204 DELETE http://10.180.1.21/identity/v3/users/171650771b9143a794d408fb733600bd 0.094s
2024-09-03 07:45:03.044 62088 INFO tempest.lib.common.dynamic_creds [-] Deleting project and security group for project: a0ee529b1caa4268be47445a1f6a612c
2024-09-03 07:45:03.103 62088 INFO tempest.lib.common.rest_client [req-e898d45d-3cc8-423b-a7ee-a6af983649f3 req-e898d45d-3cc8-423b-a7ee-a6af983649f3 ] Request (DeleteServersAdminTestJSON:tearDownClass): 201 POST http://10.180.1.21/identity/v3/auth/tokens 0.059s
2024-09-03 07:45:03.131 62098 INFO tempest.lib.common.rest_client [req-101b0156-6817-4603-a313-7acc1f4bfdd5 req-101b0156-6817-4603-a313-7acc1f4bfdd5 ] Request (ServersAdminNegativeTestJSON:test_migrate_server_invalid_state): 200 GET http://10.180.1.21/compute/v2.1/servers/309f9148-69c8-4280-8515-6fb424b9e82a 0.354s
2024-09-03 07:45:03.138 62098 INFO tempest.common.waiters [-] State transition "ACTIVE/suspending" ==> "SUSPENDED/None" after 2 second wait
2024-09-03 07:45:03.194 62090 INFO tempest.lib.common.rest_client [req-e11e45dc-f65c-4bd8-88cc-b1c6cfab51bc req-e11e45dc-f65c-4bd8-88cc-b1c6cfab51bc ] Request (ListServersNegativeTestJSON:setUpClass): 200 GET http://10.180.1.21/compute/v2.1/servers/226463bf-078f-4a76-a188-90dd890000c1 0.374s
2024-09-03 07:45:03.221 62088 INFO tempest.lib.common.rest_client [req-6aba3c5b-b0b7-4dad-ac39-2859dd4e3601 req-6aba3c5b-b0b7-4dad-ac39-2859dd4e3601 ] Request (DeleteServersAdminTestJSON:tearDownClass): 200 GET http://10.180.1.21:9696/networking/v2.0/security-groups?tenant_id=a0ee529b1caa4268be47445a1f6a612c&name=default 0.117s
2024-09-03 07:45:03.252 62114 WARNING tempest.lib.common.ssh [-] Failed to establish authenticated ssh connection to cirros@10.180.180.137 ([Errno None] Unable to connect to port 22 on 10.180.180.137). Number attempts: 1. Retry after 2 seconds.: paramiko.ssh_exception.NoValidConnectionsError: [Errno None] Unable to connect to port 22 on 10.180.180.137
2024-09-03 07:45:03.257 62096 INFO tempest.lib.common.rest_client [req-25216b1e-9f62-4771-89b0-ea5117a57cbd req-25216b1e-9f62-4771-89b0-ea5117a57cbd ] Request (ServerPasswordTestJSON:setUpClass): 200 GET http://10.180.1.21/compute/v2.1/servers/caf75c43-34a6-49c9-9eb0-756904cb4906 0.405s
2024-09-03 07:45:03.313 62122 WARNING tempest.lib.common.ssh [-] Failed to establish authenticated ssh connection to cirros@10.180.180.207 ([Errno None] Unable to connect to port 22 on 10.180.180.207). Number attempts: 6. Retry after 7 seconds.: paramiko.ssh_exception.NoValidConnectionsError: [Errno None] Unable to connect to port 22 on 10.180.180.207
2024-09-03 07:45:03.328 62098 INFO tempest.lib.common.rest_client [req-87ad540d-da97-4dc7-8b94-9d294ee07173 req-87ad540d-da97-4dc7-8b94-9d294ee07173 ] Request (ServersAdminNegativeTestJSON:test_migrate_server_invalid_state): 409 POST http://10.180.1.21/compute/v2.1/servers/309f9148-69c8-4280-8515-6fb424b9e82a/action 0.189s
2024-09-03 07:45:03.364 62088 INFO tempest.lib.common.rest_client [req-d81e275c-76eb-472b-b579-412fb9b58b2b req-d81e275c-76eb-472b-b579-412fb9b58b2b ] Request (DeleteServersAdminTestJSON:tearDownClass): 204 DELETE http://10.180.1.21:9696/networking/v2.0/security-groups/5775fa29-42c2-48c6-9408-7a90af5a1576 0.143s
2024-09-03 07:45:03.391 62066 INFO tempest.lib.common.rest_client [req-2c549042-2db9-4576-a476-806dcef5c104 req-2c549042-2db9-4576-a476-806dcef5c104 ] Request (ServerAddressesNegativeTestJSON:tearDownClass): 200 GET http://10.180.1.21/compute/v2.1/servers/29afc885-1290-4869-afdb-ed3c47523755 0.241s
2024-09-03 07:45:03.447 62088 INFO tempest.lib.common.rest_client [req-79262fc2-2b10-4c7a-b26d-f288f1a77d6c req-79262fc2-2b10-4c7a-b26d-f288f1a77d6c ] Request (DeleteServersAdminTestJSON:tearDownClass): 204 DELETE http://10.180.1.21/identity/v3/projects/a0ee529b1caa4268be47445a1f6a612c 0.082s
2024-09-03 07:45:03.447 62088 INFO tempest.lib.common.dynamic_creds [-] Deleting project and security group for project: f5b9cd98c77a4c7d8c67da7e6740731d
2024-09-03 07:45:03.462 62084 INFO tempest.lib.common.rest_client [req-837819ea-bb04-4fdc-a1a2-dba6875925b7 req-837819ea-bb04-4fdc-a1a2-dba6875925b7 ] Request (ServerDiagnosticsV248Test:test_get_server_diagnostics): 200 GET http://10.180.1.21/compute/v2.1/servers/c9ae111e-42d1-4bc4-9131-38a5ddee98c3/diagnostics 0.863s
2024-09-03 07:45:03.525 62092 INFO tempest.lib.common.rest_client [req-a89e5720-572e-4c47-b733-4563586e7bd2 req-a89e5720-572e-4c47-b733-4563586e7bd2 ] Request (ImagesOneServerTestJSON:setUpClass): 200 GET http://10.180.1.21/compute/v2.1/servers/beba5f2c-02ed-4280-b063-f7517c3d8115 0.270s
2024-09-03 07:45:03.528 62105 INFO tempest.lib.common.rest_client [req-5ad429dd-97d7-4a9b-a0d3-0510b2662d23 req-5ad429dd-97d7-4a9b-a0d3-0510b2662d23 ] Request (ServersAdminTestJSON:setUpClass): 200 GET http://10.180.1.21/compute/v2.1/servers/0ea28618-7b95-4442-8d74-6363bc6da9a1 0.331s
2024-09-03 07:45:03.574 62074 INFO tempest.lib.common.rest_client [req-fa41497b-caac-4d09-97cd-cb7329b84366 req-fa41497b-caac-4d09-97cd-cb7329b84366 ] Request (ServersTestFqdnHostnames:test_create_server_with_fqdn_name): 200 GET http://10.180.1.21/compute/v2.1/servers/dc263aa1-2080-45b9-88f2-1d0ad23a821b 0.260s
2024-09-03 07:45:03.580 62098 INFO tempest.lib.common.rest_client [req-95068ea3-f51c-4d5b-8971-8ef75578c60a req-95068ea3-f51c-4d5b-8971-8ef75578c60a ] Request (ServersAdminNegativeTestJSON:test_reset_state_server_invalid_state): 400 POST http://10.180.1.21/compute/v2.1/servers/b39cb907-f4e4-4363-8ec6-c3539180e2d0/action 0.251s
2024-09-03 07:45:03.581 62074 INFO tempest.common.waiters [-] State transition "BUILD/scheduling" ==> "BUILD/None" after 14 second wait
2024-09-03 07:45:03.596 62110 INFO tempest.lib.common.rest_client [req-393d3595-ca04-4a74-864b-2073bad19911 req-393d3595-ca04-4a74-864b-2073bad19911 ] Request (ServerActionsTestOtherA:setUpClass): 200 GET http://10.180.1.21/compute/v2.1/servers/308db853-9771-41bf-b35e-1a44b3c9a67d 0.336s
2024-09-03 07:45:03.609 62088 INFO tempest.lib.common.rest_client [req-64cfb5c2-425c-49e1-bd84-6b169268b272 req-64cfb5c2-425c-49e1-bd84-6b169268b272 ] Request (DeleteServersAdminTestJSON:tearDownClass): 200 GET http://10.180.1.21:9696/networking/v2.0/security-groups?tenant_id=f5b9cd98c77a4c7d8c67da7e6740731d&name=default 0.162s
2024-09-03 07:45:03.633 62078 INFO tempest.lib.common.rest_client [req-be08f812-df51-4ac8-94b1-4295c049b755 req-be08f812-df51-4ac8-94b1-4295c049b755 ] Request (ServerMetadataNegativeTestJSON:setUpClass): 200 GET http://10.180.1.21/compute/v2.1/servers/99c636ce-d99d-4b06-8c7a-6cf18c930d3f 0.267s
2024-09-03 07:45:03.660 62101 INFO tempest.lib.common.rest_client [req-3bd224ea-356b-4ca0-bf3a-ea4c6f031d16 req-3bd224ea-356b-4ca0-bf3a-ea4c6f031d16 ] Request (InstanceActionsNegativeTestJSON:setUpClass): 200 GET http://10.180.1.21/compute/v2.1/servers/6d079f42-1f1f-402e-a9b2-7ff0fc2b4dc1 0.245s
2024-09-03 07:45:03.664 62064 INFO tempest.lib.common.rest_client [req-af086c60-95ca-481c-80d8-abf7a10b205a req-af086c60-95ca-481c-80d8-abf7a10b205a ] Request (ImagesTestJSON:test_create_image_from_suspended_server): 200 GET http://10.180.1.21/compute/v2.1/images/71a605f7-8749-45c6-93f4-531a52ee5c1c 0.222s
2024-09-03 07:45:03.720 62070 INFO tempest.lib.common.rest_client [req-88e177be-228e-45c0-bbfd-f125fb50e5f6 req-88e177be-228e-45c0-bbfd-f125fb50e5f6 ] Request (ServerDiagnosticsNegativeTest:test_get_server_diagnostics_by_non_admin): 200 GET http://10.180.1.21/compute/v2.1/servers/4da04112-1b07-4364-82c2-4d0da80ddfe3 0.212s
2024-09-03 07:45:03.728 62098 INFO tempest.lib.common.rest_client [req-de6c330a-a10c-4edf-b1a0-96d21285b6ba req-de6c330a-a10c-4edf-b1a0-96d21285b6ba ] Request (ServersAdminNegativeTestJSON:test_reset_state_server_invalid_type): 400 POST http://10.180.1.21/compute/v2.1/servers/b39cb907-f4e4-4363-8ec6-c3539180e2d0/action 0.146s
2024-09-03 07:45:03.759 62088 INFO tempest.lib.common.rest_client [req-61aad9b7-ce1b-4df3-9d33-3b35b7f2a26a req-61aad9b7-ce1b-4df3-9d33-3b35b7f2a26a ] Request (DeleteServersAdminTestJSON:tearDownClass): 204 DELETE http://10.180.1.21:9696/networking/v2.0/security-groups/bba1fc4d-219d-4cd4-bb2e-ec3ce064e203 0.149s
2024-09-03 07:45:03.785 62102 INFO tempest.lib.common.rest_client [req-fb790f66-78e4-47ab-8118-cda86dad39e5 req-fb790f66-78e4-47ab-8118-cda86dad39e5 ] Request (ServersTestBootFromVolume:setUpClass): 200 GET http://10.180.1.21/compute/v2.1/servers/342f8307-c23c-459a-8c7f-626b72ad12c8 0.120s
2024-09-03 07:45:03.850 62121 INFO tempest.lib.common.rest_client [req-263b5519-bcc6-4e8e-9fd7-b75843a5d2ae req-263b5519-bcc6-4e8e-9fd7-b75843a5d2ae ] Request (ServerMetadataTestJSON:tearDownClass): 200 GET http://10.180.1.21/compute/v2.1/servers/1c567748-c84b-472e-ba11-186c57cb7cc7 0.146s
2024-09-03 07:45:03.872 62088 INFO tempest.lib.common.rest_client [req-28f313b3-46fa-45a2-91f8-11ca38470432 req-28f313b3-46fa-45a2-91f8-11ca38470432 ] Request (DeleteServersAdminTestJSON:tearDownClass): 204 DELETE http://10.180.1.21/identity/v3/projects/f5b9cd98c77a4c7d8c67da7e6740731d 0.112s
2024-09-03 07:45:03.905 62072 INFO tempest.lib.common.rest_client [req-17fd5a81-ae47-476e-8023-e99afe80a6a6 req-17fd5a81-ae47-476e-8023-e99afe80a6a6 ] Request (ServerShowV247Test:test_update_rebuild_list_server): 200 GET http://10.180.1.21/compute/v2.1/servers/c039222d-3472-4354-81c4-0384679aae87 0.178s
2024-09-03 07:45:03.907 62098 INFO tempest.lib.common.rest_client [req-5586e18d-13ff-4e25-b3a2-6ec7716f9828 req-5586e18d-13ff-4e25-b3a2-6ec7716f9828 ] Request (ServersAdminNegativeTestJSON:test_reset_state_server_nonexistent_server): 404 POST http://10.180.1.21/compute/v2.1/servers/999/action 0.177s
2024-09-03 07:45:03.950 62088 INFO tempest.lib.common.rest_client [req-bbc3fb8b-ea0c-4419-9d92-5ffe91dfb930 req-bbc3fb8b-ea0c-4419-9d92-5ffe91dfb930 ] Request (KeyPairsV22TestJSON:setUpClass): 201 POST http://10.180.1.21/identity/v3/auth/tokens 0.077s
2024-09-03 07:45:03.970 62094 INFO tempest.lib.common.rest_client [req-df305905-b4f5-45a1-bf9d-a9961d58d1f5 req-df305905-b4f5-45a1-bf9d-a9961d58d1f5 ] Request (ImagesOneServerNegativeTestJSON:_run_cleanups): 200 GET http://10.180.1.21/compute/v2.1/servers/b32b7f7f-23de-4e00-b3f5-01a9fd3b61b5 0.189s
2024-09-03 07:45:03.991 62088 INFO tempest.lib.common.rest_client [req-32e3c4fe-ef26-4928-9364-f2ec35013168 req-32e3c4fe-ef26-4928-9364-f2ec35013168 ] Request (KeyPairsV22TestJSON:setUpClass): 201 POST http://10.180.1.21/identity/v3/auth/tokens 0.038s
2024-09-03 07:45:04.014 62088 INFO tempest.lib.common.rest_client [req-f653e83c-d62e-4b75-ace6-b7f90cae2cd6 req-f653e83c-d62e-4b75-ace6-b7f90cae2cd6 ] Request (KeyPairsV22TestJSON:setUpClass): 200 GET http://10.180.1.21/identity/v3/domains?name=Default 0.022s
2024-09-03 07:45:04.017 62112 WARNING tempest.lib.common.ssh [-] Failed to establish authenticated ssh connection to cirros@10.180.180.211 ([Errno None] Unable to connect to port 22 on 10.180.180.211). Number attempts: 6. Retry after 7 seconds.: paramiko.ssh_exception.NoValidConnectionsError: [Errno None] Unable to connect to port 22 on 10.180.180.211
2024-09-03 07:45:04.019 62109 INFO tempest.lib.common.rest_client [req-3cb43040-0774-475a-863f-aecf8ed622fe req-3cb43040-0774-475a-863f-aecf8ed622fe ] Request (ServersTestJSON:setUpClass): 200 GET http://10.180.1.21/compute/v2.1/servers/1f472644-25f8-4c29-b34e-6a7cda78ef22 0.187s
2024-09-03 07:45:04.044 62088 INFO tempest.lib.common.rest_client [req-f5a880d5-9532-4d33-92fc-8dbc8190bfeb req-f5a880d5-9532-4d33-92fc-8dbc8190bfeb ] Request (KeyPairsV22TestJSON:setUpClass): 201 POST http://10.180.1.21/identity/v3/projects 0.030s
2024-09-03 07:45:04.113 62088 INFO tempest.lib.common.rest_client [req-fa6a40e1-c654-45fb-be86-2e7566821326 req-fa6a40e1-c654-45fb-be86-2e7566821326 ] Request (KeyPairsV22TestJSON:setUpClass): 201 POST http://10.180.1.21/identity/v3/users 0.068s
2024-09-03 07:45:04.133 62088 INFO tempest.lib.common.rest_client [req-3f0b40b2-0d6e-44a1-9afa-e04e04702ccc req-3f0b40b2-0d6e-44a1-9afa-e04e04702ccc ] Request (KeyPairsV22TestJSON:setUpClass): 200 GET http://10.180.1.21/identity/v3/roles 0.019s
2024-09-03 07:45:04.152 62124 INFO tempest.lib.common.rest_client [req-a87d6e1b-639e-47df-91b2-db715d6cbb5a req-a87d6e1b-639e-47df-91b2-db715d6cbb5a ] Request (MigrationsAdminTest:test_list_migrations_in_flavor_resize_situation): 200 GET http://10.180.1.21/compute/v2.1/servers/76e29d48-9415-42ad-b599-e0efafd61474 0.317s
2024-09-03 07:45:04.170 62088 INFO tempest.lib.common.rest_client [req-763c93d6-e53e-4f1b-8cb5-f7e9fed3522b req-763c93d6-e53e-4f1b-8cb5-f7e9fed3522b ] Request (KeyPairsV22TestJSON:setUpClass): 204 PUT http://10.180.1.21/identity/v3/projects/d37eeb2406f143c9a28c288489e8ba79/users/6b1d4802225444f58803c9335a7e4c59/roles/2193632934d54214a0cf677639013a0a 0.036s
2024-09-03 07:45:04.170 62088 INFO tempest.lib.common.dynamic_creds [-] Dynamic test user 6b1d4802225444f58803c9335a7e4c59 is created with scope project and roles: ['member']
2024-09-03 07:45:04.170 62088 INFO tempest.lib.common.dynamic_creds [-] Acquired dynamic creds: credentials: Credentials: {'domain_id': 'default', 'domain_name': 'Default', 'username': 'tempest-KeyPairsV22TestJSON-1521742981-project-member', 'project_domain_id': 'default', 'project_domain_name': 'Default', 'project_id': 'd37eeb2406f143c9a28c288489e8ba79', 'project_name': 'tempest-KeyPairsV22TestJSON-1521742981', 'tenant_id': 'd37eeb2406f143c9a28c288489e8ba79', 'tenant_name': 'tempest-KeyPairsV22TestJSON-1521742981', 'user_domain_id': 'default', 'user_domain_name': 'Default', 'user_id': '6b1d4802225444f58803c9335a7e4c59', 'system': None}, Network: None, Subnet: None, Router: None
2024-09-03 07:45:04.171 62088 INFO tempest.lib.common.dynamic_creds [-] Created isolated network resources for: credentials: Credentials: {'domain_id': 'default', 'domain_name': 'Default', 'username': 'tempest-KeyPairsV22TestJSON-1521742981-project-member', 'project_domain_id': 'default', 'project_domain_name': 'Default', 'project_id': 'd37eeb2406f143c9a28c288489e8ba79', 'project_name': 'tempest-KeyPairsV22TestJSON-1521742981', 'tenant_id': 'd37eeb2406f143c9a28c288489e8ba79', 'tenant_name': 'tempest-KeyPairsV22TestJSON-1521742981', 'user_domain_id': 'default', 'user_domain_name': 'Default', 'user_id': '6b1d4802225444f58803c9335a7e4c59', 'system': None}, Network: None, Subnet: None, Router: None
2024-09-03 07:45:04.204 62080 INFO tempest.lib.common.rest_client [req-8fd24dff-82d1-412b-baa8-c4deb76c2690 req-8fd24dff-82d1-412b-baa8-c4deb76c2690 ] Request (ServerGroupTestJSON:test_create_server_with_scheduler_hint_group): 200 GET http://10.180.1.21/compute/v2.1/servers/eadc35dc-0ce2-431e-a046-35a98518bdec 0.307s
2024-09-03 07:45:04.247 62088 INFO tempest.lib.common.rest_client [req-c3ed3685-c855-44a5-b0f9-df0c4e7706f2 req-c3ed3685-c855-44a5-b0f9-df0c4e7706f2 ] Request (KeyPairsV22TestJSON:setUpClass): 201 POST http://10.180.1.21/identity/v3/auth/tokens 0.073s
2024-09-03 07:45:04.341 62098 INFO tempest.lib.common.rest_client [req-4eb39a28-1b70-4c43-8c40-4747270e8cb8 req-4eb39a28-1b70-4c43-8c40-4747270e8cb8 ] Request (ServersAdminNegativeTestJSON:test_resize_server_using_overlimit_ram): 200 GET http://10.180.1.21/compute/v2.1/os-quota-sets/9189bab5241f4d44893f397682d0ee5f 0.432s
2024-09-03 07:45:04.387 62062 INFO tempest.lib.common.rest_client [req-a711ece5-74f1-462b-8af2-ac18316acb4e req-a711ece5-74f1-462b-8af2-ac18316acb4e ] Request (ServerDiskConfigTestJSON:test_rebuild_server_with_auto_disk_config): 200 GET http://10.180.1.21/compute/v2.1/servers/c05b0771-40b8-4c3b-a135-93335d1c069f 0.437s
2024-09-03 07:45:04.393 62062 INFO tempest.common.waiters [-] State transition "BUILD/scheduling" ==> "BUILD/None" after 13 second wait
2024-09-03 07:45:04.439 62082 INFO tempest.lib.common.rest_client [req-e4eef130-77e7-4f83-aa75-1d6a4e15b80b req-e4eef130-77e7-4f83-aa75-1d6a4e15b80b ] Request (ServerAddressesTestJSON:setUpClass): 200 GET http://10.180.1.21/compute/v2.1/servers/1ccfb0fc-e8c0-4d8a-83d3-456569477bec 0.445s
2024-09-03 07:45:04.518 62090 INFO tempest.lib.common.rest_client [req-070690d0-3b23-48e9-adf6-441868e8b569 req-070690d0-3b23-48e9-adf6-441868e8b569 ] Request (ListServersNegativeTestJSON:setUpClass): 200 GET http://10.180.1.21/compute/v2.1/servers/226463bf-078f-4a76-a188-90dd890000c1 0.317s
2024-09-03 07:45:04.571 62088 INFO tempest.lib.common.rest_client [req-db13a971-9c8c-428d-bfe8-88d44444e8dd req-db13a971-9c8c-428d-bfe8-88d44444e8dd ] Request (KeyPairsV22TestJSON:test_get_keypair_detail): 201 POST http://10.180.1.21/compute/v2.1/os-keypairs 0.321s
2024-09-03 07:45:04.619 62096 INFO tempest.lib.common.rest_client [req-1a4ce05e-b50d-4cf9-ad2b-a46b5da7054c req-1a4ce05e-b50d-4cf9-ad2b-a46b5da7054c ] Request (ServerPasswordTestJSON:setUpClass): 200 GET http://10.180.1.21/compute/v2.1/servers/caf75c43-34a6-49c9-9eb0-756904cb4906 0.354s
2024-09-03 07:45:04.633 62098 INFO tempest.lib.common.rest_client [req-8630ef6e-3a24-4327-996e-58944054f99c req-8630ef6e-3a24-4327-996e-58944054f99c ] Request (ServersAdminNegativeTestJSON:test_resize_server_using_overlimit_ram): 200 POST http://10.180.1.21/compute/v2.1/flavors 0.289s
2024-09-03 07:45:04.685 62066 INFO tempest.lib.common.rest_client [req-56ad0d5c-aa6f-4fee-815d-261f14fccc77 req-56ad0d5c-aa6f-4fee-815d-261f14fccc77 ] Request (ServerAddressesNegativeTestJSON:tearDownClass): 200 GET http://10.180.1.21/compute/v2.1/servers/29afc885-1290-4869-afdb-ed3c47523755 0.286s
2024-09-03 07:45:04.736 62092 INFO tempest.lib.common.rest_client [req-3c125ef1-4b83-4203-acf9-97bfbd11e475 req-3c125ef1-4b83-4203-acf9-97bfbd11e475 ] Request (ImagesOneServerTestJSON:setUpClass): 200 GET http://10.180.1.21/compute/v2.1/servers/beba5f2c-02ed-4280-b063-f7517c3d8115 0.203s
2024-09-03 07:45:04.951 62105 INFO tempest.lib.common.rest_client [req-24eb3382-7eee-478a-a9d8-ea0bd44ed108 req-24eb3382-7eee-478a-a9d8-ea0bd44ed108 ] Request (ServersAdminTestJSON:setUpClass): 200 GET http://10.180.1.21/compute/v2.1/servers/0ea28618-7b95-4442-8d74-6363bc6da9a1 0.416s
2024-09-03 07:45:04.959 62088 INFO tempest.lib.common.rest_client [req-e1369adb-8d7c-445d-ac5b-66858af1a528 req-e1369adb-8d7c-445d-ac5b-66858af1a528 ] Request (KeyPairsV22TestJSON:test_get_keypair_detail): 200 GET http://10.180.1.21/compute/v2.1/os-keypairs/tempest-keypair-1675339697 0.386s
2024-09-03 07:45:05.011 62074 INFO tempest.lib.common.rest_client [req-4b118af2-de76-49ed-8783-822d8c3ddc73 req-4b118af2-de76-49ed-8783-822d8c3ddc73 ] Request (ServersTestFqdnHostnames:test_create_server_with_fqdn_name): 200 GET http://10.180.1.21/compute/v2.1/servers/dc263aa1-2080-45b9-88f2-1d0ad23a821b 0.430s
2024-09-03 07:45:05.041 62068 WARNING tempest.lib.common.ssh [-] Failed to establish authenticated ssh connection to cirros@10.180.180.152 ([Errno None] Unable to connect to port 22 on 10.180.180.152). Number attempts: 6. Retry after 7 seconds.: paramiko.ssh_exception.NoValidConnectionsError: [Errno None] Unable to connect to port 22 on 10.180.180.152
2024-09-03 07:45:05.078 62110 INFO tempest.lib.common.rest_client [req-78ddb59d-cb89-4b31-9440-e06a6a697464 req-78ddb59d-cb89-4b31-9440-e06a6a697464 ] Request (ServerActionsTestOtherA:setUpClass): 200 GET http://10.180.1.21/compute/v2.1/servers/308db853-9771-41bf-b35e-1a44b3c9a67d 0.475s
2024-09-03 07:45:05.089 62110 INFO tempest.common.waiters [-] State transition "BUILD/None" ==> "BUILD/networking" after 48 second wait
2024-09-03 07:45:05.185 62098 INFO tempest.lib.common.rest_client [req-bdda0d48-62d9-4fa7-92b8-d242af17063f req-bdda0d48-62d9-4fa7-92b8-d242af17063f ] Request (ServersAdminNegativeTestJSON:test_resize_server_using_overlimit_ram): 403 POST http://10.180.1.21/compute/v2.1/servers/b39cb907-f4e4-4363-8ec6-c3539180e2d0/action 0.550s
2024-09-03 07:45:05.243 62078 INFO tempest.lib.common.rest_client [req-1dd27789-67a2-4344-8fd8-222af6e1665a req-1dd27789-67a2-4344-8fd8-222af6e1665a ] Request (ServerMetadataNegativeTestJSON:setUpClass): 200 GET http://10.180.1.21/compute/v2.1/servers/99c636ce-d99d-4b06-8c7a-6cf18c930d3f 0.601s
2024-09-03 07:45:05.310 62101 INFO tempest.lib.common.rest_client [req-64a7b064-c9d5-47aa-89b2-c4c6767c1289 req-64a7b064-c9d5-47aa-89b2-c4c6767c1289 ] Request (InstanceActionsNegativeTestJSON:setUpClass): 200 GET http://10.180.1.21/compute/v2.1/servers/6d079f42-1f1f-402e-a9b2-7ff0fc2b4dc1 0.642s
2024-09-03 07:45:08.817 62114 WARNING tempest.lib.common.ssh [-] Failed to establish authenticated ssh connection to cirros@10.180.180.137 ([Errno None] Unable to connect to port 22 on 10.180.180.137). Number attempts: 2. Retry after 3 seconds.: paramiko.ssh_exception.NoValidConnectionsError: [Errno None] Unable to connect to port 22 on 10.180.180.137
2024-09-03 07:45:09.457 62106 WARNING tempest.lib.common.ssh [-] Failed to establish authenticated ssh connection to cirros@10.180.180.139 ([Errno None] Unable to connect to port 22 on 10.180.180.139). Number attempts: 6. Retry after 7 seconds.: paramiko.ssh_exception.NoValidConnectionsError: [Errno None] Unable to connect to port 22 on 10.180.180.139
2024-09-03 07:45:10.440 62116 INFO tempest.lib.common.rest_client [req-ebbe11f0-5bc9-49e8-abd3-6734baf9be74 req-ebbe11f0-5bc9-49e8-abd3-6734baf9be74 ] Request (ListImageFiltersTestJSON:setUpClass): 200 GET http://10.180.1.21/compute/v2.1/images/b2beb1c7-ddf1-4fdd-8e63-e6d2eacf19f8 6.899s
2024-09-03 07:45:10.482 62064 INFO tempest.lib.common.rest_client [req-9e57353d-f575-4f2b-98b7-713d19f2c06a req-9e57353d-f575-4f2b-98b7-713d19f2c06a ] Request (ImagesTestJSON:test_create_image_from_suspended_server): 200 GET http://10.180.1.21/compute/v2.1/images/71a605f7-8749-45c6-93f4-531a52ee5c1c 5.813s
2024-09-03 07:45:10.489 62070 INFO tempest.lib.common.rest_client [req-cc845086-e2c3-4a6e-8d0d-392b4e69fc2a req-cc845086-e2c3-4a6e-8d0d-392b4e69fc2a ] Request (ServerDiagnosticsNegativeTest:test_get_server_diagnostics_by_non_admin): 200 GET http://10.180.1.21/compute/v2.1/servers/4da04112-1b07-4364-82c2-4d0da80ddfe3 5.760s
2024-09-03 07:45:10.531 62102 INFO tempest.lib.common.rest_client [req-111f50b0-70c4-4dcb-b345-c53446cf05ef req-111f50b0-70c4-4dcb-b345-c53446cf05ef ] Request (ServersTestBootFromVolume:setUpClass): 200 GET http://10.180.1.21/compute/v2.1/servers/342f8307-c23c-459a-8c7f-626b72ad12c8 5.738s
2024-09-03 07:45:10.544 62121 INFO tempest.lib.common.rest_client [req-48d9cb73-8fd9-4d7e-a704-ab16f5a85969 req-48d9cb73-8fd9-4d7e-a704-ab16f5a85969 ] Request (ServerMetadataTestJSON:tearDownClass): 200 GET http://10.180.1.21/compute/v2.1/servers/1c567748-c84b-472e-ba11-186c57cb7cc7 5.685s
2024-09-03 07:45:10.558 62088 INFO tempest.lib.common.rest_client [req-98e3c14e-ac0b-46ef-92db-1d2358c13a4e req-98e3c14e-ac0b-46ef-92db-1d2358c13a4e ] Request (KeyPairsV22TestJSON:_run_cleanups): 204 DELETE http://10.180.1.21/compute/v2.1/os-keypairs/tempest-keypair-1675339697 5.597s
2024-09-03 07:45:10.591 62072 INFO tempest.lib.common.rest_client [req-0cc36f44-f227-47f3-ad91-edd68507737d req-0cc36f44-f227-47f3-ad91-edd68507737d ] Request (ServerShowV247Test:test_update_rebuild_list_server): 200 GET http://10.180.1.21/compute/v2.1/servers/c039222d-3472-4354-81c4-0384679aae87 5.677s
2024-09-03 07:45:10.599 62072 INFO tempest.common.waiters [-] State transition "BUILD/None" ==> "BUILD/spawning" after 49 second wait
2024-09-03 07:45:10.613 62094 INFO tempest.lib.common.rest_client [req-0bd399dd-af2b-4469-a533-ad9802106a2d req-0bd399dd-af2b-4469-a533-ad9802106a2d ] Request (ImagesOneServerNegativeTestJSON:_run_cleanups): 200 GET http://10.180.1.21/compute/v2.1/servers/b32b7f7f-23de-4e00-b3f5-01a9fd3b61b5 5.629s
2024-09-03 07:45:10.651 62109 INFO tempest.lib.common.rest_client [req-e79ba552-8ecb-462b-b8d1-4722f6c641ef req-e79ba552-8ecb-462b-b8d1-4722f6c641ef ] Request (ServersTestJSON:setUpClass): 200 GET http://10.180.1.21/compute/v2.1/servers/1f472644-25f8-4c29-b34e-6a7cda78ef22 5.624s
2024-09-03 07:45:10.667 62098 INFO tempest.lib.common.rest_client [req-51bc6c84-a21e-4d02-af4e-b79635076d11 req-51bc6c84-a21e-4d02-af4e-b79635076d11 ] Request (ServersAdminNegativeTestJSON:_run_cleanups): 202 DELETE http://10.180.1.21/compute/v2.1/flavors/1885692729 5.481s
2024-09-03 07:45:10.720 62080 INFO tempest.lib.common.rest_client [req-5066056d-76bb-47e5-9134-16aec9a69ca4 req-5066056d-76bb-47e5-9134-16aec9a69ca4 ] Request (ServerGroupTestJSON:test_create_server_with_scheduler_hint_group): 200 GET http://10.180.1.21/compute/v2.1/servers/eadc35dc-0ce2-431e-a046-35a98518bdec 5.508s
2024-09-03 07:45:10.753 62124 INFO tempest.lib.common.rest_client [req-78c7f8ec-0c47-4986-a749-39508c7a06c4 req-78c7f8ec-0c47-4986-a749-39508c7a06c4 ] Request (MigrationsAdminTest:test_list_migrations_in_flavor_resize_situation): 200 GET http://10.180.1.21/compute/v2.1/servers/76e29d48-9415-42ad-b599-e0efafd61474 5.593s
2024-09-03 07:45:10.766 62062 INFO tempest.lib.common.rest_client [req-7000d159-a4c5-4dba-b931-e97feeaac8af req-7000d159-a4c5-4dba-b931-e97feeaac8af ] Request (ServerDiskConfigTestJSON:test_rebuild_server_with_auto_disk_config): 200 GET http://10.180.1.21/compute/v2.1/servers/c05b0771-40b8-4c3b-a135-93335d1c069f 5.372s
2024-09-03 07:45:10.786 62090 INFO tempest.lib.common.rest_client [req-08da653d-bcb3-48ea-923f-f7371fac60fc req-08da653d-bcb3-48ea-923f-f7371fac60fc ] Request (ListServersNegativeTestJSON:setUpClass): 404 GET http://10.180.1.21/compute/v2.1/servers/226463bf-078f-4a76-a188-90dd890000c1 5.260s
2024-09-03 07:45:10.800 62082 INFO tempest.lib.common.rest_client [req-f26f3461-cda7-4ff5-9080-796e518c9307 req-f26f3461-cda7-4ff5-9080-796e518c9307 ] Request (ServerAddressesTestJSON:setUpClass): 200 GET http://10.180.1.21/compute/v2.1/servers/1ccfb0fc-e8c0-4d8a-83d3-456569477bec 5.353s
2024-09-03 07:45:10.806 62082 INFO tempest.common.waiters [-] State transition "BUILD/scheduling" ==> "BUILD/None" after 19 second wait
2024-09-03 07:45:10.836 62096 INFO tempest.lib.common.rest_client [req-f05cef74-195a-4faa-af02-352885c7dc24 req-f05cef74-195a-4faa-af02-352885c7dc24 ] Request (ServerPasswordTestJSON:setUpClass): 200 GET http://10.180.1.21/compute/v2.1/servers/caf75c43-34a6-49c9-9eb0-756904cb4906 5.206s
2024-09-03 07:45:10.858 62066 INFO tempest.lib.common.rest_client [req-1cc6732f-aae0-40f9-90e0-de42469bbe0f req-1cc6732f-aae0-40f9-90e0-de42469bbe0f ] Request (ServerAddressesNegativeTestJSON:tearDownClass): 200 GET http://10.180.1.21/compute/v2.1/servers/29afc885-1290-4869-afdb-ed3c47523755 5.165s
2024-09-03 07:45:10.891 62092 INFO tempest.lib.common.rest_client [req-3784deab-db67-4b5d-8e19-c837231a7bf6 req-3784deab-db67-4b5d-8e19-c837231a7bf6 ] Request (ImagesOneServerTestJSON:setUpClass): 200 GET http://10.180.1.21/compute/v2.1/servers/beba5f2c-02ed-4280-b063-f7517c3d8115 5.148s
2024-09-03 07:45:10.946 62074 INFO tempest.lib.common.rest_client [req-e237ae40-08c6-4183-a769-80577bb661e6 req-e237ae40-08c6-4183-a769-80577bb661e6 ] Request (ServersTestFqdnHostnames:test_create_server_with_fqdn_name): 200 GET http://10.180.1.21/compute/v2.1/servers/dc263aa1-2080-45b9-88f2-1d0ad23a821b 4.923s
2024-09-03 07:45:11.004 62105 INFO tempest.lib.common.rest_client [req-dbb35a0b-3d43-42cd-8011-b9b49275034a req-dbb35a0b-3d43-42cd-8011-b9b49275034a ] Request (ServersAdminTestJSON:setUpClass): 200 GET http://10.180.1.21/compute/v2.1/servers/0ea28618-7b95-4442-8d74-6363bc6da9a1 5.046s
2024-09-03 07:45:11.014 62105 INFO tempest.common.waiters [-] State transition "BUILD/spawning" ==> "ACTIVE/None" after 55 second wait
2024-09-03 07:45:11.054 62078 INFO tempest.lib.common.rest_client [req-fa74fc22-8ff8-4227-8e2e-0726cfb71bf7 req-fa74fc22-8ff8-4227-8e2e-0726cfb71bf7 ] Request (ServerMetadataNegativeTestJSON:setUpClass): 200 GET http://10.180.1.21/compute/v2.1/servers/99c636ce-d99d-4b06-8c7a-6cf18c930d3f 4.801s
2024-09-03 07:45:11.097 62110 INFO tempest.lib.common.rest_client [req-111d644a-a9f1-4672-a8c7-8d5c28e9312b req-111d644a-a9f1-4672-a8c7-8d5c28e9312b ] Request (ServerActionsTestOtherA:setUpClass): 200 GET http://10.180.1.21/compute/v2.1/servers/308db853-9771-41bf-b35e-1a44b3c9a67d 5.005s
2024-09-03 07:45:11.103 62101 INFO tempest.lib.common.rest_client [req-ebc6cab7-ccb8-475d-9926-1da18aebc075 req-ebc6cab7-ccb8-475d-9926-1da18aebc075 ] Request (InstanceActionsNegativeTestJSON:setUpClass): 200 GET http://10.180.1.21/compute/v2.1/servers/6d079f42-1f1f-402e-a9b2-7ff0fc2b4dc1 4.782s
2024-09-03 07:45:11.103 62110 INFO tempest.common.waiters [-] State transition "BUILD/networking" ==> "BUILD/spawning" after 54 second wait
2024-09-03 07:45:11.136 62064 INFO tempest.lib.common.rest_client [req-f2d63ad1-1a6d-40bc-a1e1-98e6271f197f req-f2d63ad1-1a6d-40bc-a1e1-98e6271f197f ] Request (ImagesTestJSON:test_create_image_from_suspended_server): 200 GET http://10.180.1.21/compute/v2.1/images/71a605f7-8749-45c6-93f4-531a52ee5c1c 0.651s
2024-09-03 07:45:11.150 62088 INFO tempest.lib.common.rest_client [req-77bee987-3bf4-4e93-88f1-c98075e67379 req-77bee987-3bf4-4e93-88f1-c98075e67379 ] Request (KeyPairsV22TestJSON:test_keypair_create_delete): 201 POST http://10.180.1.21/compute/v2.1/os-keypairs 0.590s
