2024-09-03 07:44:41.952 62064 INFO tempest.lib.common.rest_client [req-1cb61a28-f582-45db-9b22-c91ec6d087fb req-1cb61a28-f582-45db-9b22-c91ec6d087fb ] Request (ImagesTestJSON:test_create_image_from_suspended_server): 200 GET http://10.180.1.21/compute/v2.1/servers/c5e1dbd5-321d-4124-ba88-44ea09cfd929 1.121s
2024-09-03 07:44:41.963 62086 INFO tempest.lib.common.rest_client [req-17856de5-b8eb-440c-9b39-9466ef8c4e8c req-17856de5-b8eb-440c-9b39-9466ef8c4e8c ] Request (ServerGroup264TestJSON:tearDownClass): 404 DELETE http://10.180.1.21/compute/v2.1/os-server-groups/1ca34061-0f04-4ae5-a6d0-c28a1ea9267c 0.913s
2024-09-03 07:44:42.004 62114 INFO tempest.lib.common.rest_client [req-7c4f34d9-db78-4152-89f5-f2c1849173a1 req-7c4f34d9-db78-4152-89f5-f2c1849173a1 ] Request (ServersTestManualDisk:setUpClass): 200 GET http://10.180.1.21/compute/v2.1/servers/b011f7b7-ba5c-47d4-87ee-1c52e6fc03b3 1.025s
2024-09-03 07:44:42.012 62062 INFO tempest.lib.common.rest_client [req-0e3e561c-c95b-4ea7-a525-586b8cacbaaf req-0e3e561c-c95b-4ea7-a525-586b8cacbaaf ] Request (ServerDiskConfigTestJSON:setUpClass): 201 POST http://10.180.1.21:9696/networking/v2.0/subnets 0.478s
2024-09-03 07:44:42.075 62082 INFO tempest.lib.common.rest_client [req-6000a039-5c3c-45e9-a82a-fa950d80df39 req-6000a039-5c3c-45e9-a82a-fa950d80df39 ] Request (SecurityGroupsTestAdminJSON:tearDownClass): 200 GET http://10.180.1.21:9696/networking/v2.0/security-groups?tenant_id=8a6abc241ffe4ab582cdee39b1b83536&name=default 0.262s
2024-09-03 07:44:42.087 62105 INFO tempest.lib.common.rest_client [req-4d69be96-a690-4648-beda-46f34a03a780 req-4d69be96-a690-4648-beda-46f34a03a780 ] Request (ServersAdminTestJSON:setUpClass): 200 GET http://10.180.1.21/compute/v2.1/servers/0ea28618-7b95-4442-8d74-6363bc6da9a1 0.672s
2024-09-03 07:44:42.165 62088 INFO tempest.lib.common.rest_client [req-f0fc7be2-04df-48cd-a90b-d671846fde70 req-f0fc7be2-04df-48cd-a90b-d671846fde70 ] Request (DeleteServersAdminTestJSON:test_delete_server_while_in_error_state): 200 GET http://10.180.1.21/compute/v2.1/servers/943a30c4-f56a-410c-bf18-27d3283f5e11 0.579s
2024-09-03 07:44:42.172 62088 INFO tempest.common.waiters [-] State transition "ERROR/deleting" ==> "DELETED/None" after 4 second wait
2024-09-03 07:44:42.241 62121 INFO tempest.lib.common.rest_client [req-a8816a17-1b4a-42ae-860e-1ca8d6f327da req-a8816a17-1b4a-42ae-860e-1ca8d6f327da ] Request (ServerMetadataTestJSON:test_update_server_metadata): 200 POST http://10.180.1.21/compute/v2.1/servers/1c567748-c84b-472e-ba11-186c57cb7cc7/metadata 0.544s
2024-09-03 07:44:42.267 62078 INFO tempest.lib.common.rest_client [req-e5ca9784-6d56-43af-ab9a-345d90fd1fb2 req-e5ca9784-6d56-43af-ab9a-345d90fd1fb2 ] Request (TenantUsagesTestJSON:tearDownClass): 200 GET http://10.180.1.21:9696/networking/v2.0/security-groups?tenant_id=01901224312b4a8aa007f19dcef246d7&name=default 0.374s
2024-09-03 07:44:42.277 62096 INFO tempest.lib.common.rest_client [req-557dec2e-2190-42e7-944c-fe757de878c1 req-557dec2e-2190-42e7-944c-fe757de878c1 ] Request (ImagesMetadataTestJSON:setUpClass): 200 GET http://10.180.1.21/compute/v2.1/images/41630b88-fb6a-4144-a7e7-542280e78e1d 0.570s
2024-09-03 07:44:42.330 62074 INFO tempest.lib.common.rest_client [req-9b12c27f-8ce4-4387-a52c-8b6c877f765f req-9b12c27f-8ce4-4387-a52c-8b6c877f765f ] Request (ServersTestFqdnHostnames:setUpClass): 200 PUT http://10.180.1.21:9696/networking/v2.0/routers/2a112085-c767-4d33-83e1-9016f4ee1771/add_router_interface 1.962s
2024-09-03 07:44:42.330 62074 INFO tempest.lib.common.dynamic_creds [-] Created isolated network resources for: credentials: Credentials: {'domain_id': 'default', 'domain_name': 'Default', 'username': 'tempest-ServersTestFqdnHostnames-578254759-project-member', 'project_domain_id': 'default', 'project_domain_name': 'Default', 'project_id': '69fa4306848f4c989a606e7a215585b4', 'project_name': 'tempest-ServersTestFqdnHostnames-578254759', 'tenant_id': '69fa4306848f4c989a606e7a215585b4', 'tenant_name': 'tempest-ServersTestFqdnHostnames-578254759', 'user_domain_id': 'default', 'user_domain_name': 'Default', 'user_id': 'd6eec32d1d8f4fc7881a0e5d354cd48a', 'system': None}, Network: {'id': 'bb3a7dc4-95b3-4aa9-8b3e-b32d81af66ca', 'name': 'tempest-ServersTestFqdnHostnames-656608532-network', 'tenant_id': '69fa4306848f4c989a606e7a215585b4', 'admin_state_up': True, 'mtu': 8950, 'status': 'ACTIVE', 'subnets': [], 'shared': False, 'project_id': '69fa4306848f4c989a606e7a215585b4', 'port_security_enabled': True, 'router:external': False, 'provider:network_type': 'vlan', 'provider:physical_network': 'default', 'provider:segmentation_id': 264, 'is_default': False, 'availability_zone_hints': [], 'availability_zones': [], 'ipv4_address_scope': None, 'ipv6_address_scope': None, 'description': '', 'tags': [], 'created_at': '2024-09-03T07:44:37Z', 'updated_at': '2024-09-03T07:44:37Z', 'revision_number': 1}, Subnet: {'id': '48db5a29-b4d6-4c5b-9a50-743312f789a3', 'name': 'tempest-ServersTestFqdnHostnames-656608532-subnet', 'tenant_id': '69fa4306848f4c989a606e7a215585b4', 'network_id': 'bb3a7dc4-95b3-4aa9-8b3e-b32d81af66ca', 'ip_version': 4, 'subnetpool_id': None, 'enable_dhcp': True, 'ipv6_ra_mode': None, 'ipv6_address_mode': None, 'gateway_ip': '192.168.128.1', 'cidr': '192.168.128.0/28', 'allocation_pools': [{'start': '192.168.128.2', 'end': '192.168.128.14'}], 'host_routes': [], 'dns_nameservers': [], 'description': '', 'router:external': False, 'service_types': [], 'tags': [], 'created_at': '2024-09-03T07:44:37Z', 'updated_at': '2024-09-03T07:44:37Z', 'revision_number': 0, 'project_id': '69fa4306848f4c989a606e7a215585b4'}, Router: {'id': '2a112085-c767-4d33-83e1-9016f4ee1771', 'name': 'tempest-ServersTestFqdnHostnames-656608532-router', 'tenant_id': '69fa4306848f4c989a606e7a215585b4', 'admin_state_up': True, 'status': 'ACTIVE', 'external_gateway_info': {'network_id': '80be1b5f-9c0e-4184-a486-dc7467192d88', 'external_fixed_ips': [{'subnet_id': '93180fcc-5576-4c7f-ba97-c657a1591f84', 'ip_address': '10.180.180.202'}], 'enable_snat': True}, 'description': '', 'availability_zones': [], 'distributed': False, 'ha': False, 'availability_zone_hints': [], 'routes': [], 'flavor_id': None, 'tags': [], 'created_at': '2024-09-03T07:44:38Z', 'updated_at': '2024-09-03T07:44:39Z', 'revision_number': 2, 'project_id': '69fa4306848f4c989a606e7a215585b4'}
2024-09-03 07:44:42.365 62082 INFO tempest.lib.common.rest_client [req-114b0c72-021f-4e24-8784-cec7c9653101 req-114b0c72-021f-4e24-8784-cec7c9653101 ] Request (SecurityGroupsTestAdminJSON:tearDownClass): 204 DELETE http://10.180.1.21:9696/networking/v2.0/security-groups/0f9f0d85-8607-408d-a6e7-0ee91586a4d4 0.289s
2024-09-03 07:44:42.429 62074 INFO tempest.lib.common.rest_client [req-a54bd38d-053a-49d8-823b-28bcc335895d req-a54bd38d-053a-49d8-823b-28bcc335895d ] Request (ServersTestFqdnHostnames:setUpClass): 201 POST http://10.180.1.21/identity/v3/auth/tokens 0.096s
2024-09-03 07:44:42.467 62082 INFO tempest.lib.common.rest_client [req-135951eb-32d3-49db-9210-b9cd9fa982a2 req-135951eb-32d3-49db-9210-b9cd9fa982a2 ] Request (SecurityGroupsTestAdminJSON:tearDownClass): 204 DELETE http://10.180.1.21/identity/v3/projects/8a6abc241ffe4ab582cdee39b1b83536 0.101s
2024-09-03 07:44:42.467 62082 INFO tempest.lib.common.dynamic_creds [-] Deleting project and security group for project: 7a761d9013cd4d98bed31c07879b5899
2024-09-03 07:44:42.536 62090 INFO tempest.lib.common.rest_client [req-abfc87a1-bc0b-4e7e-8344-0fc7d0f9f623 req-abfc87a1-bc0b-4e7e-8344-0fc7d0f9f623 ] Request (ListServersNegativeTestJSON:setUpClass): 200 GET http://10.180.1.21/compute/v2.1/servers/644ff425-e2f3-4213-ad59-ee929e1c1888 0.750s
2024-09-03 07:44:42.544 62090 INFO tempest.common.waiters [-] State transition "BUILD/spawning" ==> "ACTIVE/None" after 4 second wait
2024-09-03 07:44:42.559 62080 INFO tempest.lib.common.rest_client [req-784bb933-6057-46cd-848c-37b14cda80fd req-784bb933-6057-46cd-848c-37b14cda80fd ] Request (SecurityGroupRulesTestJSON:test_security_group_rules_list): 200 POST http://10.180.1.21/compute/v2.1/os-security-group-rules 1.376s
2024-09-03 07:44:42.559 62082 INFO tempest.lib.common.rest_client [req-706c6100-fdf5-4026-90cd-8007b0d96178 req-706c6100-fdf5-4026-90cd-8007b0d96178 ] Request (SecurityGroupsTestAdminJSON:tearDownClass): 200 GET http://10.180.1.21:9696/networking/v2.0/security-groups?tenant_id=7a761d9013cd4d98bed31c07879b5899&name=default 0.091s
2024-09-03 07:44:42.636 62098 INFO tempest.lib.common.rest_client [req-2db73d0a-0050-4c64-85a5-f3234d3b9597 req-2db73d0a-0050-4c64-85a5-f3234d3b9597 ] Request (ServersAdminNegativeTestJSON:test_migrate_server_invalid_state): 200 GET http://10.180.1.21/compute/v2.1/servers/309f9148-69c8-4280-8515-6fb424b9e82a 0.632s
2024-09-03 07:44:42.712 62110 INFO tempest.lib.common.rest_client [req-7400320b-ed56-4c7f-9da2-743d58363d4c req-7400320b-ed56-4c7f-9da2-743d58363d4c ] Request (ServerActionsTestOtherA:setUpClass): 200 GET http://10.180.1.21/compute/v2.1/servers/308db853-9771-41bf-b35e-1a44b3c9a67d 0.691s
2024-09-03 07:44:42.721 62110 INFO tempest.common.waiters [-] State transition "BUILD/scheduling" ==> "BUILD/None" after 25 second wait
2024-09-03 07:44:42.724 62078 INFO tempest.lib.common.rest_client [req-e08eccbf-4189-4696-9fd9-95635df9fe8c req-e08eccbf-4189-4696-9fd9-95635df9fe8c ] Request (TenantUsagesTestJSON:tearDownClass): 204 DELETE http://10.180.1.21:9696/networking/v2.0/security-groups/e5de56cf-256b-4826-88b0-a9c470f53d9e 0.456s
2024-09-03 07:44:42.748 62124 INFO tempest.lib.common.rest_client [req-f1391496-4063-494a-8e50-2d1033d91f69 req-f1391496-4063-494a-8e50-2d1033d91f69 ] Request (MigrationsAdminTest:test_list_migrations_in_flavor_resize_situation): 200 GET http://10.180.1.21/compute/v2.1/servers/76e29d48-9415-42ad-b599-e0efafd61474 0.804s
2024-09-03 07:44:42.761 62124 INFO tempest.common.waiters [-] State transition "RESIZE/resize_migrated" ==> "RESIZE/resize_finish" after 29 second wait
2024-09-03 07:44:42.798 62092 INFO tempest.lib.common.rest_client [req-de672a3c-fc18-44b3-92c9-f984a412cf5d req-de672a3c-fc18-44b3-92c9-f984a412cf5d ] Request (ImagesOneServerTestJSON:setUpClass): 200 GET http://10.180.1.21/compute/v2.1/servers/beba5f2c-02ed-4280-b063-f7517c3d8115 0.669s
2024-09-03 07:44:42.802 62082 INFO tempest.lib.common.rest_client [req-23b93997-ff55-4b0d-be9d-fde5b3d029b7 req-23b93997-ff55-4b0d-be9d-fde5b3d029b7 ] Request (SecurityGroupsTestAdminJSON:tearDownClass): 204 DELETE http://10.180.1.21:9696/networking/v2.0/security-groups/2d0a2e8e-ce38-4ad0-a9b9-0e0323434b93 0.242s
2024-09-03 07:44:42.824 62101 INFO tempest.lib.common.rest_client [req-fbd8d15e-47c0-46cf-ad9d-72090a0f559b req-fbd8d15e-47c0-46cf-ad9d-72090a0f559b ] Request (InstanceActionsNegativeTestJSON:setUpClass): 200 GET http://10.180.1.21/compute/v2.1/servers/6d079f42-1f1f-402e-a9b2-7ff0fc2b4dc1 0.622s
2024-09-03 07:44:42.826 62121 INFO tempest.lib.common.rest_client [req-8823145d-ad5a-447f-8148-1474c7522a38 req-8823145d-ad5a-447f-8148-1474c7522a38 ] Request (ServerMetadataTestJSON:test_update_server_metadata): 200 GET http://10.180.1.21/compute/v2.1/servers/1c567748-c84b-472e-ba11-186c57cb7cc7/metadata 0.584s
2024-09-03 07:44:42.879 62078 INFO tempest.lib.common.rest_client [req-2dc558c4-e914-4b8d-a7cd-c8646e7c6fc6 req-2dc558c4-e914-4b8d-a7cd-c8646e7c6fc6 ] Request (TenantUsagesTestJSON:tearDownClass): 204 DELETE http://10.180.1.21/identity/v3/projects/01901224312b4a8aa007f19dcef246d7 0.155s
2024-09-03 07:44:42.892 62082 INFO tempest.lib.common.rest_client [req-230600eb-0ec5-44bc-a11a-e7fdb784d34f req-230600eb-0ec5-44bc-a11a-e7fdb784d34f ] Request (SecurityGroupsTestAdminJSON:tearDownClass): 204 DELETE http://10.180.1.21/identity/v3/projects/7a761d9013cd4d98bed31c07879b5899 0.090s
2024-09-03 07:44:42.893 62082 INFO tempest.test [-] raised in UnshelveToHostMultiNodesTest.setUpClass. Invoking tearDownClass.
2024-09-03 07:44:42.923 62070 INFO tempest.lib.common.rest_client [req-4c2ff1bd-3836-448c-8006-ddc1f098867e req-4c2ff1bd-3836-448c-8006-ddc1f098867e ] Request (ServerDiagnosticsNegativeTest:test_get_server_diagnostics_by_non_admin): 200 GET http://10.180.1.21/compute/v2.1/servers/4da04112-1b07-4364-82c2-4d0da80ddfe3 0.662s
2024-09-03 07:44:42.950 62102 INFO tempest.lib.common.rest_client [req-74c12955-c0bb-4cb6-b848-fba166ac8700 req-74c12955-c0bb-4cb6-b848-fba166ac8700 ] Request (ServersTestBootFromVolume:setUpClass): 200 GET http://10.180.1.21/volume/v3/f3871a3823a7481fbc8344b907cc03ee/volumes/31fc608b-4dd7-452f-8dc0-ea55cc46cf39 0.049s
2024-09-03 07:44:42.970 62078 INFO tempest.lib.common.rest_client [req-2650af76-d9c6-4087-814d-066790eac3ea req-2650af76-d9c6-4087-814d-066790eac3ea ] Request (ServerMetadataNegativeTestJSON:setUpClass): 201 POST http://10.180.1.21/identity/v3/auth/tokens 0.090s
2024-09-03 07:44:42.986 62082 INFO tempest.lib.common.rest_client [req-89e90678-47a3-456a-b69f-09d178d0f5aa req-89e90678-47a3-456a-b69f-09d178d0f5aa ] Request (ServerAddressesTestJSON:setUpClass): 201 POST http://10.180.1.21/identity/v3/auth/tokens 0.089s
2024-09-03 07:44:43.001 62116 INFO tempest.lib.common.rest_client [req-5848b4d4-87bb-4611-b365-7691f4edec13 req-5848b4d4-87bb-4611-b365-7691f4edec13 ] Request (ListImageFiltersTestJSON:setUpClass): 200 GET http://10.180.1.21/compute/v2.1/servers/a9342d55-1c9f-41bf-bf96-72797e9a81fc 0.674s
2024-09-03 07:44:43.008 62116 INFO tempest.common.waiters [-] State transition "BUILD/None" ==> "BUILD/networking" after 32 second wait
2024-09-03 07:44:43.015 62078 INFO tempest.lib.common.rest_client [req-8efd1a8a-0a2d-430f-a093-10fc8e4589b4 req-8efd1a8a-0a2d-430f-a093-10fc8e4589b4 ] Request (ServerMetadataNegativeTestJSON:setUpClass): 201 POST http://10.180.1.21/identity/v3/auth/tokens 0.041s
2024-09-03 07:44:43.037 62082 INFO tempest.lib.common.rest_client [req-4fa6a9b5-1b1e-493a-b845-dc86d260786a req-4fa6a9b5-1b1e-493a-b845-dc86d260786a ] Request (ServerAddressesTestJSON:setUpClass): 201 POST http://10.180.1.21/identity/v3/auth/tokens 0.048s
2024-09-03 07:44:43.058 62082 INFO tempest.lib.common.rest_client [req-55fb706c-6ec5-4870-8143-165ce78db549 req-55fb706c-6ec5-4870-8143-165ce78db549 ] Request (ServerAddressesTestJSON:setUpClass): 200 GET http://10.180.1.21/identity/v3/domains?name=Default 0.021s
2024-09-03 07:44:43.066 62078 INFO tempest.lib.common.rest_client [req-c3923061-dbc5-4b07-8692-52732b01079a req-c3923061-dbc5-4b07-8692-52732b01079a ] Request (ServerMetadataNegativeTestJSON:setUpClass): 200 GET http://10.180.1.21/identity/v3/domains?name=Default 0.050s
2024-09-03 07:44:43.096 62084 INFO tempest.lib.common.rest_client [req-ac1a14db-d6e7-4c4a-a06a-78c0be03188a req-ac1a14db-d6e7-4c4a-a06a-78c0be03188a ] Request (ServerDiagnosticsV248Test:test_get_server_diagnostics): 200 GET http://10.180.1.21/compute/v2.1/servers/c9ae111e-42d1-4bc4-9131-38a5ddee98c3 0.694s
2024-09-03 07:44:43.100 62082 INFO tempest.lib.common.rest_client [req-58e64100-46cc-4413-bff0-060c69d1c922 req-58e64100-46cc-4413-bff0-060c69d1c922 ] Request (ServerAddressesTestJSON:setUpClass): 201 POST http://10.180.1.21/identity/v3/projects 0.041s
2024-09-03 07:44:43.107 62078 INFO tempest.lib.common.rest_client [req-3caae36c-702d-4b9c-80da-942f3a50c726 req-3caae36c-702d-4b9c-80da-942f3a50c726 ] Request (ServerMetadataNegativeTestJSON:setUpClass): 201 POST http://10.180.1.21/identity/v3/projects 0.040s
2024-09-03 07:44:43.157 62096 INFO tempest.lib.common.rest_client [req-0a9e3121-3d12-4209-ba50-915cb7226e36 req-0a9e3121-3d12-4209-ba50-915cb7226e36 ] Request (ImagesMetadataTestJSON:setUp): 200 PUT http://10.180.1.21/compute/v2.1/images/41630b88-fb6a-4144-a7e7-542280e78e1d/metadata 0.873s
2024-09-03 07:44:43.250 62082 INFO tempest.lib.common.rest_client [req-4b4a1dcf-60bf-482d-b29d-78d15e0a5a95 req-4b4a1dcf-60bf-482d-b29d-78d15e0a5a95 ] Request (ServerAddressesTestJSON:setUpClass): 201 POST http://10.180.1.21/identity/v3/users 0.149s
2024-09-03 07:44:43.256 62078 INFO tempest.lib.common.rest_client [req-fcdcc8c7-3648-4dd7-a27a-fc25b6ef17c0 req-fcdcc8c7-3648-4dd7-a27a-fc25b6ef17c0 ] Request (ServerMetadataNegativeTestJSON:setUpClass): 201 POST http://10.180.1.21/identity/v3/users 0.148s
2024-09-03 07:44:43.277 62078 INFO tempest.lib.common.rest_client [req-8b74500d-fa5f-493d-84f3-f965609b2a28 req-8b74500d-fa5f-493d-84f3-f965609b2a28 ] Request (ServerMetadataNegativeTestJSON:setUpClass): 200 GET http://10.180.1.21/identity/v3/roles 0.020s
2024-09-03 07:44:43.277 62082 INFO tempest.lib.common.rest_client [req-27e2f101-6f17-4b10-a707-e17f635e94b7 req-27e2f101-6f17-4b10-a707-e17f635e94b7 ] Request (ServerAddressesTestJSON:setUpClass): 200 GET http://10.180.1.21/identity/v3/roles 0.026s
2024-09-03 07:44:43.285 62074 INFO tempest.lib.common.rest_client [req-d27232a5-602a-4395-aedc-ecc6bcbea05b req-d27232a5-602a-4395-aedc-ecc6bcbea05b ] Request (ServersTestFqdnHostnames:test_create_server_with_fqdn_name): 200 POST http://10.180.1.21/compute/v2.1/os-keypairs 0.852s
2024-09-03 07:44:43.288 62062 INFO tempest.lib.common.rest_client [req-43131eee-afdc-492f-9fad-f45e8a0374c5 req-43131eee-afdc-492f-9fad-f45e8a0374c5 ] Request (ServerDiskConfigTestJSON:setUpClass): 201 POST http://10.180.1.21:9696/networking/v2.0/routers 1.275s
2024-09-03 07:44:43.306 62078 INFO tempest.lib.common.rest_client [req-f42244e6-1063-482b-9eb5-ab2877ec8aac req-f42244e6-1063-482b-9eb5-ab2877ec8aac ] Request (ServerMetadataNegativeTestJSON:setUpClass): 204 PUT http://10.180.1.21/identity/v3/projects/418fec8ea8014806895eaa7f20a4a5d4/users/50994381e3e04b219f2edd1d6d13d694/roles/2193632934d54214a0cf677639013a0a 0.029s
2024-09-03 07:44:43.306 62078 INFO tempest.lib.common.dynamic_creds [-] Dynamic test user 50994381e3e04b219f2edd1d6d13d694 is created with scope project and roles: ['member']
2024-09-03 07:44:43.307 62078 INFO tempest.lib.common.dynamic_creds [-] Acquired dynamic creds: credentials: Credentials: {'domain_id': 'default', 'domain_name': 'Default', 'username': 'tempest-ServerMetadataNegativeTestJSON-1852232764-project-member', 'project_domain_id': 'default', 'project_domain_name': 'Default', 'project_id': '418fec8ea8014806895eaa7f20a4a5d4', 'project_name': 'tempest-ServerMetadataNegativeTestJSON-1852232764', 'tenant_id': '418fec8ea8014806895eaa7f20a4a5d4', 'tenant_name': 'tempest-ServerMetadataNegativeTestJSON-1852232764', 'user_domain_id': 'default', 'user_domain_name': 'Default', 'user_id': '50994381e3e04b219f2edd1d6d13d694', 'system': None}, Network: None, Subnet: None, Router: None
2024-09-03 07:44:43.314 62082 INFO tempest.lib.common.rest_client [req-478cdfeb-6761-4068-bdc0-537893cced4e req-478cdfeb-6761-4068-bdc0-537893cced4e ] Request (ServerAddressesTestJSON:setUpClass): 204 PUT http://10.180.1.21/identity/v3/projects/473982da4a9c47ec884f6f9c9d45e56d/users/1b2258e108cd4359b21c5e5912da3853/roles/2193632934d54214a0cf677639013a0a 0.037s
2024-09-03 07:44:43.315 62082 INFO tempest.lib.common.dynamic_creds [-] Dynamic test user 1b2258e108cd4359b21c5e5912da3853 is created with scope project and roles: ['member']
2024-09-03 07:44:43.315 62082 INFO tempest.lib.common.dynamic_creds [-] Acquired dynamic creds: credentials: Credentials: {'domain_id': 'default', 'domain_name': 'Default', 'username': 'tempest-ServerAddressesTestJSON-382952916-project-member', 'project_domain_id': 'default', 'project_domain_name': 'Default', 'project_id': '473982da4a9c47ec884f6f9c9d45e56d', 'project_name': 'tempest-ServerAddressesTestJSON-382952916', 'tenant_id': '473982da4a9c47ec884f6f9c9d45e56d', 'tenant_name': 'tempest-ServerAddressesTestJSON-382952916', 'user_domain_id': 'default', 'user_domain_name': 'Default', 'user_id': '1b2258e108cd4359b21c5e5912da3853', 'system': None}, Network: None, Subnet: None, Router: None
2024-09-03 07:44:43.373 62078 INFO tempest.lib.common.rest_client [req-1abf1e95-8343-478a-a350-9d6e14d00cca req-1abf1e95-8343-478a-a350-9d6e14d00cca ] Request (ServerMetadataNegativeTestJSON:setUpClass): 201 POST http://10.180.1.21/identity/v3/auth/tokens 0.066s
2024-09-03 07:44:43.379 62082 INFO tempest.lib.common.rest_client [req-dd030053-543d-41bd-8473-c0195baeb91f req-dd030053-543d-41bd-8473-c0195baeb91f ] Request (ServerAddressesTestJSON:setUpClass): 201 POST http://10.180.1.21/identity/v3/auth/tokens 0.064s
2024-09-03 07:44:43.418 62080 INFO tempest.lib.common.rest_client [req-8e7149a5-24e8-4b66-aa62-aa061a2a33d4 req-8e7149a5-24e8-4b66-aa62-aa061a2a33d4 ] Request (SecurityGroupRulesTestJSON:test_security_group_rules_list): 200 GET http://10.180.1.21/compute/v2.1/os-security-groups/88da4cc4-3b54-497c-b39f-d75d935fabce 0.857s
2024-09-03 07:44:43.446 62074 INFO tempest.lib.common.rest_client [req-66c0b141-f89f-4176-aa9a-193c0045db53 req-66c0b141-f89f-4176-aa9a-193c0045db53 ] Request (ServersTestFqdnHostnames:test_create_server_with_fqdn_name): 201 POST http://10.180.1.21:9696/networking/v2.0/security-groups 0.160s
2024-09-03 07:44:43.666 62106 WARNING tempest.lib.common.ssh [-] Failed to establish authenticated ssh connection to cirros@10.180.180.139 ([Errno None] Unable to connect to port 22 on 10.180.180.139). Number attempts: 3. Retry after 4 seconds.: paramiko.ssh_exception.NoValidConnectionsError: [Errno None] Unable to connect to port 22 on 10.180.180.139
2024-09-03 07:44:43.669 62066 INFO tempest.lib.common.rest_client [req-49e03809-3366-4adc-8902-7da0c7707966 req-49e03809-3366-4adc-8902-7da0c7707966 ] Request (ServerAddressesNegativeTestJSON:setUpClass): 200 GET http://10.180.1.21/compute/v2.1/servers/29afc885-1290-4869-afdb-ed3c47523755 1.048s
2024-09-03 07:44:43.673 62090 INFO tempest.lib.common.rest_client [req-1a17abf3-6578-43b2-bedb-8aeca3849fe7 req-1a17abf3-6578-43b2-bedb-8aeca3849fe7 ] Request (ListServersNegativeTestJSON:setUpClass): 200 GET http://10.180.1.21/compute/v2.1/servers/f1634d57-f185-4b71-acff-d720ff028036 1.129s
2024-09-03 07:44:43.759 62074 INFO tempest.lib.common.rest_client [req-e2242228-1cd1-4997-bb0d-c645b4325eab req-e2242228-1cd1-4997-bb0d-c645b4325eab ] Request (ServersTestFqdnHostnames:test_create_server_with_fqdn_name): 201 POST http://10.180.1.21:9696/networking/v2.0/security-group-rules 0.312s
2024-09-03 07:44:43.774 62072 INFO tempest.lib.common.rest_client [req-3554dd93-e126-4468-9043-8c2a41d54711 req-3554dd93-e126-4468-9043-8c2a41d54711 ] Request (ServerShowV247Test:test_update_rebuild_list_server): 200 GET http://10.180.1.21/compute/v2.1/servers/c039222d-3472-4354-81c4-0384679aae87 1.130s
2024-09-03 07:44:43.834 62082 INFO tempest.lib.common.rest_client [req-404ee455-af0e-4c26-a65a-33e44e41cee3 req-404ee455-af0e-4c26-a65a-33e44e41cee3 ] Request (ServerAddressesTestJSON:setUpClass): 201 POST http://10.180.1.21:9696/networking/v2.0/networks 0.454s
2024-09-03 07:44:43.872 62121 INFO tempest.lib.common.rest_client [req-d32c16e7-f5a6-4940-81c6-a3050754dde2 req-d32c16e7-f5a6-4940-81c6-a3050754dde2 ] Request (ServerMetadataTestJSON:tearDownClass): 204 DELETE http://10.180.1.21/compute/v2.1/servers/1c567748-c84b-472e-ba11-186c57cb7cc7 1.044s
2024-09-03 07:44:43.995 62102 INFO tempest.lib.common.rest_client [req-b7a9a5cc-86d1-4226-920f-ef515a638374 req-b7a9a5cc-86d1-4226-920f-ef515a638374 ] Request (ServersTestBootFromVolume:setUpClass): 200 GET http://10.180.1.21/volume/v3/f3871a3823a7481fbc8344b907cc03ee/volumes/31fc608b-4dd7-452f-8dc0-ea55cc46cf39 0.035s
2024-09-03 07:44:43.998 62109 INFO tempest.lib.common.rest_client [req-5e8f3404-2606-42a8-ac7a-df0253aab0ea req-5e8f3404-2606-42a8-ac7a-df0253aab0ea ] Request (ServersTestJSON:setUpClass): 200 GET http://10.180.1.21/compute/v2.1/servers/1f472644-25f8-4c29-b34e-6a7cda78ef22 1.232s
2024-09-03 07:44:44.071 62094 INFO tempest.lib.common.rest_client [req-74fd4e42-492f-4316-86d7-fda1d71d816a req-74fd4e42-492f-4316-86d7-fda1d71d816a ] Request (ImagesOneServerNegativeTestJSON:tearDown): 200 GET http://10.180.1.21/compute/v2.1/servers/b32b7f7f-23de-4e00-b3f5-01a9fd3b61b5 1.138s
2024-09-03 07:44:44.080 62094 INFO tempest.common.waiters [-] State transition "ACTIVE/image_pending_upload" ==> "ACTIVE/image_uploading" after 3 second wait
2024-09-03 07:44:44.103 62082 INFO tempest.lib.common.rest_client [req-f111182a-b096-4ea1-bbf1-e6c2f8cb94a8 req-f111182a-b096-4ea1-bbf1-e6c2f8cb94a8 ] Request (ServerAddressesTestJSON:setUpClass): 201 POST http://10.180.1.21:9696/networking/v2.0/subnets 0.268s
2024-09-03 07:44:44.136 62114 INFO tempest.lib.common.rest_client [req-aa7e1668-f4a6-429b-bb0b-039a0253c9ca req-aa7e1668-f4a6-429b-bb0b-039a0253c9ca ] Request (ServersTestManualDisk:setUpClass): 200 GET http://10.180.1.21/compute/v2.1/servers/b011f7b7-ba5c-47d4-87ee-1c52e6fc03b3 1.121s
2024-09-03 07:44:44.205 62105 INFO tempest.lib.common.rest_client [req-10157e4e-750f-4065-ad7e-b16cb7f34395 req-10157e4e-750f-4065-ad7e-b16cb7f34395 ] Request (ServersAdminTestJSON:setUpClass): 200 GET http://10.180.1.21/compute/v2.1/servers/0ea28618-7b95-4442-8d74-6363bc6da9a1 1.108s
2024-09-03 07:44:44.375 62096 INFO tempest.lib.common.rest_client [req-ff4f22b5-e934-46d3-a2d3-1a155e50ba48 req-ff4f22b5-e934-46d3-a2d3-1a155e50ba48 ] Request (ImagesMetadataTestJSON:test_delete_image_metadata_item): 204 DELETE http://10.180.1.21/compute/v2.1/images/41630b88-fb6a-4144-a7e7-542280e78e1d/metadata/os_version 1.216s
2024-09-03 07:44:44.466 62088 INFO tempest.lib.common.rest_client [req-8f8ec912-ee17-4ca8-bc53-ab12b6996d51 req-8f8ec912-ee17-4ca8-bc53-ab12b6996d51 ] Request (DeleteServersAdminTestJSON:test_delete_server_while_in_error_state): 200 GET http://10.180.1.21/compute/v2.1/servers/943a30c4-f56a-410c-bf18-27d3283f5e11 1.293s
2024-09-03 07:44:44.557 62086 INFO tempest.lib.common.rest_client [req-a241c4e6-57ae-40f8-a9a3-365425256640 req-a241c4e6-57ae-40f8-a9a3-365425256640 ] Request (ServerGroup264TestJSON:tearDownClass): 200 PUT http://10.180.1.21:9696/networking/v2.0/routers/914f7aba-73ee-420b-a56a-bd83ca4715e5/remove_router_interface 2.593s
2024-09-03 07:44:44.600 62064 INFO tempest.lib.common.rest_client [req-bcc4ec3c-d948-4fbf-8423-66295ee09e2e req-bcc4ec3c-d948-4fbf-8423-66295ee09e2e ] Request (ImagesTestJSON:test_create_image_from_suspended_server): 200 GET http://10.180.1.21/compute/v2.1/servers/c5e1dbd5-321d-4124-ba88-44ea09cfd929 1.631s
2024-09-03 07:44:44.639 62078 INFO tempest.lib.common.rest_client [req-9597f6a2-9f93-4032-8712-ab3c61a8a9ef req-9597f6a2-9f93-4032-8712-ab3c61a8a9ef ] Request (ServerMetadataNegativeTestJSON:setUpClass): 201 POST http://10.180.1.21:9696/networking/v2.0/networks 1.266s
2024-09-03 07:44:44.656 62074 INFO tempest.lib.common.rest_client [req-cdf347ce-1ef5-41db-9387-8afefaaf5782 req-cdf347ce-1ef5-41db-9387-8afefaaf5782 ] Request (ServersTestFqdnHostnames:test_create_server_with_fqdn_name): 201 POST http://10.180.1.21:9696/networking/v2.0/security-group-rules 0.896s
2024-09-03 07:44:44.705 62080 INFO tempest.lib.common.rest_client [req-60cba24c-aab4-4ada-881a-4cfe254eec01 req-60cba24c-aab4-4ada-881a-4cfe254eec01 ] Request (SecurityGroupRulesTestJSON:_run_cleanups): 202 DELETE http://10.180.1.21/compute/v2.1/os-security-group-rules/bc2b9a56-8373-4538-9882-0515716d47c1 1.283s
2024-09-03 07:44:44.713 62098 INFO tempest.lib.common.rest_client [req-9279fb22-0bcc-40d6-8f2b-a1d43c25f979 req-9279fb22-0bcc-40d6-8f2b-a1d43c25f979 ] Request (ServersAdminNegativeTestJSON:test_migrate_server_invalid_state): 200 GET http://10.180.1.21/compute/v2.1/servers/309f9148-69c8-4280-8515-6fb424b9e82a 1.065s
2024-09-03 07:44:44.808 62110 INFO tempest.lib.common.rest_client [req-bb634d27-1e73-4609-a081-897930132624 req-bb634d27-1e73-4609-a081-897930132624 ] Request (ServerActionsTestOtherA:setUpClass): 200 GET http://10.180.1.21/compute/v2.1/servers/308db853-9771-41bf-b35e-1a44b3c9a67d 1.086s
2024-09-03 07:44:44.809 62090 INFO tempest.lib.common.rest_client [req-2c9d827e-5059-44a8-8140-9c31e935e88d req-2c9d827e-5059-44a8-8140-9c31e935e88d ] Request (ListServersNegativeTestJSON:setUpClass): 204 DELETE http://10.180.1.21/compute/v2.1/servers/226463bf-078f-4a76-a188-90dd890000c1 1.128s
2024-09-03 07:44:44.906 62092 INFO tempest.lib.common.rest_client [req-054e8748-a59c-482b-a6c5-c77672d23e02 req-054e8748-a59c-482b-a6c5-c77672d23e02 ] Request (ImagesOneServerTestJSON:setUpClass): 200 GET http://10.180.1.21/compute/v2.1/servers/beba5f2c-02ed-4280-b063-f7517c3d8115 1.094s
2024-09-03 07:44:45.003 62101 INFO tempest.lib.common.rest_client [req-94e900c3-174a-4385-b729-5cb7c29019d8 req-94e900c3-174a-4385-b729-5cb7c29019d8 ] Request (InstanceActionsNegativeTestJSON:setUpClass): 200 GET http://10.180.1.21/compute/v2.1/servers/6d079f42-1f1f-402e-a9b2-7ff0fc2b4dc1 1.163s
2024-09-03 07:44:45.042 62102 INFO tempest.lib.common.rest_client [req-37da556f-3234-4df0-9822-8ab153f80fb5 req-37da556f-3234-4df0-9822-8ab153f80fb5 ] Request (ServersTestBootFromVolume:setUpClass): 200 GET http://10.180.1.21/volume/v3/f3871a3823a7481fbc8344b907cc03ee/volumes/31fc608b-4dd7-452f-8dc0-ea55cc46cf39 0.036s
2024-09-03 07:44:45.062 62078 INFO tempest.lib.common.rest_client [req-3f05b15e-19da-4b84-8154-b5662ab5dff2 req-3f05b15e-19da-4b84-8154-b5662ab5dff2 ] Request (ServerMetadataNegativeTestJSON:setUpClass): 201 POST http://10.180.1.21:9696/networking/v2.0/subnets 0.422s
2024-09-03 07:44:45.074 62124 INFO tempest.lib.common.rest_client [req-510bec3d-314d-46d5-a5dd-578e8d607d14 req-510bec3d-314d-46d5-a5dd-578e8d607d14 ] Request (MigrationsAdminTest:test_list_migrations_in_flavor_resize_situation): 200 GET http://10.180.1.21/compute/v2.1/servers/76e29d48-9415-42ad-b599-e0efafd61474 1.312s
2024-09-03 07:44:45.093 62124 INFO tempest.common.waiters [-] State transition "RESIZE/resize_finish" ==> "VERIFY_RESIZE/None" after 32 second wait
2024-09-03 07:44:45.138 62122 WARNING tempest.lib.common.ssh [-] Failed to establish authenticated ssh connection to cirros@10.180.180.207 ([Errno None] Unable to connect to port 22 on 10.180.180.207). Number attempts: 4. Retry after 5 seconds.: paramiko.ssh_exception.NoValidConnectionsError: [Errno None] Unable to connect to port 22 on 10.180.180.207
2024-09-03 07:44:45.142 62070 INFO tempest.lib.common.rest_client [req-ca3495f5-ac50-4fe9-9009-5108b4de1cb6 req-ca3495f5-ac50-4fe9-9009-5108b4de1cb6 ] Request (ServerDiagnosticsNegativeTest:test_get_server_diagnostics_by_non_admin): 200 GET http://10.180.1.21/compute/v2.1/servers/4da04112-1b07-4364-82c2-4d0da80ddfe3 1.205s
2024-09-03 07:44:45.256 62082 INFO tempest.lib.common.rest_client [req-83b70226-bbdb-42d5-bf85-3d32d8fcd044 req-83b70226-bbdb-42d5-bf85-3d32d8fcd044 ] Request (ServerAddressesTestJSON:setUpClass): 201 POST http://10.180.1.21:9696/networking/v2.0/routers 1.152s
2024-09-03 07:44:45.341 62116 INFO tempest.lib.common.rest_client [req-43086bf3-b9f1-4a08-b64d-9bd754e953b7 req-43086bf3-b9f1-4a08-b64d-9bd754e953b7 ] Request (ListImageFiltersTestJSON:setUpClass): 200 GET http://10.180.1.21/compute/v2.1/servers/a9342d55-1c9f-41bf-bf96-72797e9a81fc 1.332s
2024-09-03 07:44:45.353 62116 INFO tempest.common.waiters [-] State transition "BUILD/networking" ==> "BUILD/spawning" after 34 second wait
2024-09-03 07:44:45.437 62121 INFO tempest.lib.common.rest_client [req-b9c23d85-5cac-46be-81f4-aebd2e86cab7 req-b9c23d85-5cac-46be-81f4-aebd2e86cab7 ] Request (ServerMetadataTestJSON:tearDownClass): 200 GET http://10.180.1.21/compute/v2.1/servers/1c567748-c84b-472e-ba11-186c57cb7cc7 1.564s
2024-09-03 07:44:45.441 62084 INFO tempest.lib.common.rest_client [req-f11a5ee0-e8f0-4826-9568-2fe620ca62a0 req-f11a5ee0-e8f0-4826-9568-2fe620ca62a0 ] Request (ServerDiagnosticsV248Test:test_get_server_diagnostics): 200 GET http://10.180.1.21/compute/v2.1/servers/c9ae111e-42d1-4bc4-9131-38a5ddee98c3 1.329s
2024-09-03 07:44:45.501 62096 INFO tempest.lib.common.rest_client [req-63815604-d5ff-474e-91f3-fe0eac1af5ce req-63815604-d5ff-474e-91f3-fe0eac1af5ce ] Request (ImagesMetadataTestJSON:test_delete_image_metadata_item): 200 GET http://10.180.1.21/compute/v2.1/images/41630b88-fb6a-4144-a7e7-542280e78e1d/metadata 1.126s
2024-09-03 07:44:45.842 62112 WARNING tempest.lib.common.ssh [-] Failed to establish authenticated ssh connection to cirros@10.180.180.211 ([Errno None] Unable to connect to port 22 on 10.180.180.211). Number attempts: 4. Retry after 5 seconds.: paramiko.ssh_exception.NoValidConnectionsError: [Errno None] Unable to connect to port 22 on 10.180.180.211
2024-09-03 07:44:45.929 62066 INFO tempest.lib.common.rest_client [req-9f117206-46b7-4717-867f-f0d7f5c3a6d3 req-9f117206-46b7-4717-867f-f0d7f5c3a6d3 ] Request (ServerAddressesNegativeTestJSON:setUpClass): 200 GET http://10.180.1.21/compute/v2.1/servers/29afc885-1290-4869-afdb-ed3c47523755 1.249s
2024-09-03 07:44:45.968 62086 INFO tempest.lib.common.rest_client [req-2a864db4-c302-4f19-b1ea-4685ee2d8d7a req-2a864db4-c302-4f19-b1ea-4685ee2d8d7a ] Request (ServerGroup264TestJSON:tearDownClass): 204 DELETE http://10.180.1.21:9696/networking/v2.0/routers/914f7aba-73ee-420b-a56a-bd83ca4715e5 1.411s
2024-09-03 07:44:46.027 62072 INFO tempest.lib.common.rest_client [req-ef2fe160-afe4-4dcf-b168-39231b6c4a43 req-ef2fe160-afe4-4dcf-b168-39231b6c4a43 ] Request (ServerShowV247Test:test_update_rebuild_list_server): 200 GET http://10.180.1.21/compute/v2.1/servers/c039222d-3472-4354-81c4-0384679aae87 1.242s
2024-09-03 07:44:46.043 62072 INFO tempest.common.waiters [-] State transition "BUILD/scheduling" ==> "BUILD/None" after 25 second wait
2024-09-03 07:44:46.084 62080 INFO tempest.lib.common.rest_client [req-36e1f1b3-afe3-4da5-9052-c754b6643f9d req-36e1f1b3-afe3-4da5-9052-c754b6643f9d ] Request (SecurityGroupRulesTestJSON:tearDownClass): 202 DELETE http://10.180.1.21/compute/v2.1/os-security-groups/88da4cc4-3b54-497c-b39f-d75d935fabce 1.377s
2024-09-03 07:44:46.127 62102 INFO tempest.lib.common.rest_client [req-3c690899-d8e8-4569-81f4-cd794cf5b42c req-3c690899-d8e8-4569-81f4-cd794cf5b42c ] Request (ServersTestBootFromVolume:setUpClass): 200 GET http://10.180.1.21/volume/v3/f3871a3823a7481fbc8344b907cc03ee/volumes/31fc608b-4dd7-452f-8dc0-ea55cc46cf39 0.067s
2024-09-03 07:44:46.182 62109 INFO tempest.lib.common.rest_client [req-d2c0b2ec-d52b-4cde-87e3-4262e860d2f9 req-d2c0b2ec-d52b-4cde-87e3-4262e860d2f9 ] Request (ServersTestJSON:setUpClass): 200 GET http://10.180.1.21/compute/v2.1/servers/1f472644-25f8-4c29-b34e-6a7cda78ef22 1.173s
2024-09-03 07:44:46.318 62090 INFO tempest.lib.common.rest_client [req-948ab959-81a4-4af8-b9d7-903b7b3914ff req-948ab959-81a4-4af8-b9d7-903b7b3914ff ] Request (ListServersNegativeTestJSON:setUpClass): 200 GET http://10.180.1.21/compute/v2.1/servers/226463bf-078f-4a76-a188-90dd890000c1 1.508s
2024-09-03 07:44:46.377 62086 INFO tempest.lib.common.rest_client [req-919b242d-30bd-49a7-bb09-b5073ab3f000 req-919b242d-30bd-49a7-bb09-b5073ab3f000 ] Request (ServerGroup264TestJSON:tearDownClass): 204 DELETE http://10.180.1.21:9696/networking/v2.0/subnets/19c2acd4-1ee1-41d9-b86e-d198598a36ab 0.409s
2024-09-03 07:44:46.390 62124 INFO tempest.lib.common.rest_client [req-f6118ef4-a54a-4c14-8434-4f606dbcb423 req-f6118ef4-a54a-4c14-8434-4f606dbcb423 ] Request (MigrationsAdminTest:test_list_migrations_in_flavor_resize_situation): 204 POST http://10.180.1.21/compute/v2.1/servers/76e29d48-9415-42ad-b599-e0efafd61474/action 1.296s
2024-09-03 07:44:46.515 62074 INFO tempest.lib.common.rest_client [req-3396020f-7990-480a-a552-7c43c6e47fb5 req-3396020f-7990-480a-a552-7c43c6e47fb5 ] Request (ServersTestFqdnHostnames:test_create_server_with_fqdn_name): 201 POST http://10.180.1.21:9696/networking/v2.0/floatingips 1.859s
2024-09-03 07:44:46.591 62074 INFO tempest.lib.common.rest_client [req-600eb2ba-f163-4f38-8262-3b7a5794bb39 req-600eb2ba-f163-4f38-8262-3b7a5794bb39 ] Request (ServersTestFqdnHostnames:test_create_server_with_fqdn_name): 201 POST http://10.180.1.21/identity/v3/auth/tokens 0.072s
2024-09-03 07:44:46.591 62074 INFO tempest.lib.common.fixed_network [-] (ServersTestFqdnHostnames:test_create_server_with_fqdn_name) Found network {'id': 'bb3a7dc4-95b3-4aa9-8b3e-b32d81af66ca', 'name': 'tempest-ServersTestFqdnHostnames-656608532-network', 'tenant_id': '69fa4306848f4c989a606e7a215585b4', 'admin_state_up': True, 'mtu': 8950, 'status': 'ACTIVE', 'subnets': [], 'shared': False, 'project_id': '69fa4306848f4c989a606e7a215585b4', 'port_security_enabled': True, 'router:external': False, 'provider:network_type': 'vlan', 'provider:physical_network': 'default', 'provider:segmentation_id': 264, 'is_default': False, 'availability_zone_hints': [], 'availability_zones': [], 'ipv4_address_scope': None, 'ipv6_address_scope': None, 'description': '', 'tags': [], 'created_at': '2024-09-03T07:44:37Z', 'updated_at': '2024-09-03T07:44:37Z', 'revision_number': 1} available for tenant
2024-09-03 07:44:46.728 62094 INFO tempest.lib.common.rest_client [req-b1c7fa01-cf79-4926-95d0-346f760210b8 req-b1c7fa01-cf79-4926-95d0-346f760210b8 ] Request (ImagesOneServerNegativeTestJSON:tearDown): 200 GET http://10.180.1.21/compute/v2.1/servers/b32b7f7f-23de-4e00-b3f5-01a9fd3b61b5 1.643s
2024-09-03 07:44:46.820 62105 INFO tempest.lib.common.rest_client [req-a43237ef-3ada-4800-b168-204a90e51f42 req-a43237ef-3ada-4800-b168-204a90e51f42 ] Request (ServersAdminTestJSON:setUpClass): 200 GET http://10.180.1.21/compute/v2.1/servers/0ea28618-7b95-4442-8d74-6363bc6da9a1 1.605s
2024-09-03 07:44:46.847 62114 INFO tempest.lib.common.rest_client [req-d2d96829-1b13-4a11-8531-321b579c74f9 req-d2d96829-1b13-4a11-8531-321b579c74f9 ] Request (ServersTestManualDisk:setUpClass): 200 GET http://10.180.1.21/compute/v2.1/servers/b011f7b7-ba5c-47d4-87ee-1c52e6fc03b3 1.700s
2024-09-03 07:44:46.857 62114 INFO tempest.common.waiters [-] State transition "BUILD/None" ==> "BUILD/spawning" after 34 second wait
2024-09-03 07:44:46.867 62068 WARNING tempest.lib.common.ssh [-] Failed to establish authenticated ssh connection to cirros@10.180.180.152 ([Errno None] Unable to connect to port 22 on 10.180.180.152). Number attempts: 4. Retry after 5 seconds.: paramiko.ssh_exception.NoValidConnectionsError: [Errno None] Unable to connect to port 22 on 10.180.180.152
2024-09-03 07:44:46.944 62088 INFO tempest.lib.common.rest_client [req-2a3065f7-a1fd-4ff9-8e53-715c0bf36657 req-2a3065f7-a1fd-4ff9-8e53-715c0bf36657 ] Request (DeleteServersAdminTestJSON:test_delete_server_while_in_error_state): 200 GET http://10.180.1.21/compute/v2.1/servers/943a30c4-f56a-410c-bf18-27d3283f5e11 1.471s
2024-09-03 07:44:47.069 62096 INFO tempest.lib.common.rest_client [req-2134eaec-ea1e-4721-9697-17d8d8233f2b req-2134eaec-ea1e-4721-9697-17d8d8233f2b ] Request (ImagesMetadataTestJSON:setUp): 200 PUT http://10.180.1.21/compute/v2.1/images/41630b88-fb6a-4144-a7e7-542280e78e1d/metadata 1.566s
2024-09-03 07:44:47.097 62078 INFO tempest.lib.common.rest_client [req-0a019a65-5d59-4b6c-94ad-51c70ae24b67 req-0a019a65-5d59-4b6c-94ad-51c70ae24b67 ] Request (ServerMetadataNegativeTestJSON:setUpClass): 201 POST http://10.180.1.21:9696/networking/v2.0/routers 2.034s
2024-09-03 07:44:47.171 62102 INFO tempest.lib.common.rest_client [req-781230f7-9725-498e-a3b8-a212dfd51290 req-781230f7-9725-498e-a3b8-a212dfd51290 ] Request (ServersTestBootFromVolume:setUpClass): 200 GET http://10.180.1.21/volume/v3/f3871a3823a7481fbc8344b907cc03ee/volumes/31fc608b-4dd7-452f-8dc0-ea55cc46cf39 0.034s
2024-09-03 07:44:47.178 62098 INFO tempest.lib.common.rest_client [req-09655c31-9a37-42ea-a8e6-fdae1068fdf6 req-09655c31-9a37-42ea-a8e6-fdae1068fdf6 ] Request (ServersAdminNegativeTestJSON:test_migrate_server_invalid_state): 200 GET http://10.180.1.21/compute/v2.1/servers/309f9148-69c8-4280-8515-6fb424b9e82a 1.455s
2024-09-03 07:44:47.194 62062 INFO tempest.lib.common.rest_client [req-0585d2ce-fa84-4428-8a55-41f170c8c4ee req-0585d2ce-fa84-4428-8a55-41f170c8c4ee ] Request (ServerDiskConfigTestJSON:setUpClass): 200 PUT http://10.180.1.21:9696/networking/v2.0/routers/ca039392-0173-4684-acec-85a3adbe55a1/add_router_interface 3.906s
2024-09-03 07:44:47.194 62062 INFO tempest.lib.common.dynamic_creds [-] Created isolated network resources for: credentials: Credentials: {'domain_id': 'default', 'domain_name': 'Default', 'username': 'tempest-ServerDiskConfigTestJSON-1012340232-project-member', 'project_domain_id': 'default', 'project_domain_name': 'Default', 'project_id': '064b5943b5944e509376034abdfcac38', 'project_name': 'tempest-ServerDiskConfigTestJSON-1012340232', 'tenant_id': '064b5943b5944e509376034abdfcac38', 'tenant_name': 'tempest-ServerDiskConfigTestJSON-1012340232', 'user_domain_id': 'default', 'user_domain_name': 'Default', 'user_id': '3f6e452bb9844b6fb209e0ddebb863f7', 'system': None}, Network: {'id': 'facc492e-babe-4a51-a554-c774171d5fc2', 'name': 'tempest-ServerDiskConfigTestJSON-1499060262-network', 'tenant_id': '064b5943b5944e509376034abdfcac38', 'admin_state_up': True, 'mtu': 8950, 'status': 'ACTIVE', 'subnets': [], 'shared': False, 'project_id': '064b5943b5944e509376034abdfcac38', 'port_security_enabled': True, 'router:external': False, 'provider:network_type': 'vlan', 'provider:physical_network': 'default', 'provider:segmentation_id': 212, 'is_default': False, 'availability_zone_hints': [], 'availability_zones': [], 'ipv4_address_scope': None, 'ipv6_address_scope': None, 'description': '', 'tags': [], 'created_at': '2024-09-03T07:44:41Z', 'updated_at': '2024-09-03T07:44:41Z', 'revision_number': 1}, Subnet: {'id': '799ab6dc-41bb-48e7-ba99-0fe7d8cc44b0', 'name': 'tempest-ServerDiskConfigTestJSON-1499060262-subnet', 'tenant_id': '064b5943b5944e509376034abdfcac38', 'network_id': 'facc492e-babe-4a51-a554-c774171d5fc2', 'ip_version': 4, 'subnetpool_id': None, 'enable_dhcp': True, 'ipv6_ra_mode': None, 'ipv6_address_mode': None, 'gateway_ip': '192.168.128.1', 'cidr': '192.168.128.0/28', 'allocation_pools': [{'start': '192.168.128.2', 'end': '192.168.128.14'}], 'host_routes': [], 'dns_nameservers': [], 'description': '', 'router:external': False, 'service_types': [], 'tags': [], 'created_at': '2024-09-03T07:44:41Z', 'updated_at': '2024-09-03T07:44:41Z', 'revision_number': 0, 'project_id': '064b5943b5944e509376034abdfcac38'}, Router: {'id': 'ca039392-0173-4684-acec-85a3adbe55a1', 'name': 'tempest-ServerDiskConfigTestJSON-1499060262-router', 'tenant_id': '064b5943b5944e509376034abdfcac38', 'admin_state_up': True, 'status': 'ACTIVE', 'external_gateway_info': {'network_id': '80be1b5f-9c0e-4184-a486-dc7467192d88', 'external_fixed_ips': [{'subnet_id': '93180fcc-5576-4c7f-ba97-c657a1591f84', 'ip_address': '10.180.180.205'}], 'enable_snat': True}, 'description': '', 'availability_zones': [], 'distributed': False, 'ha': False, 'availability_zone_hints': [], 'routes': [], 'flavor_id': None, 'tags': [], 'created_at': '2024-09-03T07:44:42Z', 'updated_at': '2024-09-03T07:44:42Z', 'revision_number': 2, 'project_id': '064b5943b5944e509376034abdfcac38'}
2024-09-03 07:44:47.211 62064 INFO tempest.lib.common.rest_client [req-9626fe9d-0bf3-4b48-9778-83a1b4018c76 req-9626fe9d-0bf3-4b48-9778-83a1b4018c76 ] Request (ImagesTestJSON:test_create_image_from_suspended_server): 200 GET http://10.180.1.21/compute/v2.1/servers/c5e1dbd5-321d-4124-ba88-44ea09cfd929 1.598s
2024-09-03 07:44:47.220 62064 INFO tempest.common.waiters [-] State transition "BUILD/spawning" ==> "ACTIVE/None" after 36 second wait
2024-09-03 07:44:47.251 62086 INFO tempest.lib.common.rest_client [req-46adb2d3-9470-4008-a88d-e37d64a5f142 req-46adb2d3-9470-4008-a88d-e37d64a5f142 ] Request (ServerGroup264TestJSON:tearDownClass): 204 DELETE http://10.180.1.21:9696/networking/v2.0/networks/f2f6cd43-00d4-4504-ba20-7de11e5018e1 0.873s
2024-09-03 07:44:47.273 62110 INFO tempest.lib.common.rest_client [req-62387cd9-91e5-4f6b-9059-2737b6f2f352 req-62387cd9-91e5-4f6b-9059-2737b6f2f352 ] Request (ServerActionsTestOtherA:setUpClass): 200 GET http://10.180.1.21/compute/v2.1/servers/308db853-9771-41bf-b35e-1a44b3c9a67d 1.451s
2024-09-03 07:44:47.293 62092 INFO tempest.lib.common.rest_client [req-92f6ff5f-e4e1-434b-9c6c-bdb58c50b838 req-92f6ff5f-e4e1-434b-9c6c-bdb58c50b838 ] Request (ImagesOneServerTestJSON:setUpClass): 200 GET http://10.180.1.21/compute/v2.1/servers/beba5f2c-02ed-4280-b063-f7517c3d8115 1.378s
2024-09-03 07:44:47.314 62062 INFO tempest.lib.common.rest_client [req-d332d35c-a3ab-46a0-956c-486842450544 req-d332d35c-a3ab-46a0-956c-486842450544 ] Request (ServerDiskConfigTestJSON:setUpClass): 201 POST http://10.180.1.21/identity/v3/auth/tokens 0.114s
2024-09-03 07:44:47.328 62080 INFO tempest.lib.common.rest_client [req-1d3c3615-9ebe-451e-8420-0a77d8045517 req-1d3c3615-9ebe-451e-8420-0a77d8045517 ] Request (SecurityGroupRulesTestJSON:tearDownClass): 404 DELETE http://10.180.1.21/compute/v2.1/os-security-groups/b70846b9-9dea-43c9-b7c1-259b48c976f3 1.243s
2024-09-03 07:44:47.381 62101 INFO tempest.lib.common.rest_client [req-791acb03-87fb-4b6b-9f27-2d0229c37668 req-791acb03-87fb-4b6b-9f27-2d0229c37668 ] Request (InstanceActionsNegativeTestJSON:setUpClass): 200 GET http://10.180.1.21/compute/v2.1/servers/6d079f42-1f1f-402e-a9b2-7ff0fc2b4dc1 1.364s
2024-09-03 07:44:47.383 62062 INFO tempest.lib.common.rest_client [req-f54ecedb-0833-4c07-9ba6-7593bda38c26 req-f54ecedb-0833-4c07-9ba6-7593bda38c26 ] Request (ServerDiskConfigTestJSON:test_rebuild_server_with_auto_disk_config): 201 POST http://10.180.1.21/identity/v3/auth/tokens 0.065s
2024-09-03 07:44:47.383 62062 INFO tempest.lib.common.fixed_network [-] (ServerDiskConfigTestJSON:test_rebuild_server_with_auto_disk_config) Found network {'id': 'facc492e-babe-4a51-a554-c774171d5fc2', 'name': 'tempest-ServerDiskConfigTestJSON-1499060262-network', 'tenant_id': '064b5943b5944e509376034abdfcac38', 'admin_state_up': True, 'mtu': 8950, 'status': 'ACTIVE', 'subnets': [], 'shared': False, 'project_id': '064b5943b5944e509376034abdfcac38', 'port_security_enabled': True, 'router:external': False, 'provider:network_type': 'vlan', 'provider:physical_network': 'default', 'provider:segmentation_id': 212, 'is_default': False, 'availability_zone_hints': [], 'availability_zones': [], 'ipv4_address_scope': None, 'ipv6_address_scope': None, 'description': '', 'tags': [], 'created_at': '2024-09-03T07:44:41Z', 'updated_at': '2024-09-03T07:44:41Z', 'revision_number': 1} available for tenant
2024-09-03 07:44:47.397 62086 INFO tempest.lib.common.rest_client [req-be3abea0-8468-48fd-a3c1-2cbc5758d140 req-be3abea0-8468-48fd-a3c1-2cbc5758d140 ] Request (ServerGroup264TestJSON:tearDownClass): 204 DELETE http://10.180.1.21/identity/v3/users/2e1b71bdae3f4dd1b631f41d8039e1cf 0.146s
2024-09-03 07:44:47.397 62086 INFO tempest.lib.common.dynamic_creds [-] Deleting project and security group for project: ebf7262bbd6945f5bc4b8be89ca3a188
2024-09-03 07:44:47.409 62070 INFO tempest.lib.common.rest_client [req-93ca6a00-45fb-4353-b605-d4d89888d22b req-93ca6a00-45fb-4353-b605-d4d89888d22b ] Request (ServerDiagnosticsNegativeTest:test_get_server_diagnostics_by_non_admin): 200 GET http://10.180.1.21/compute/v2.1/servers/4da04112-1b07-4364-82c2-4d0da80ddfe3 1.259s
2024-09-03 07:44:47.570 62086 INFO tempest.lib.common.rest_client [req-d32c4e2e-a861-4619-baa5-c578849b2327 req-d32c4e2e-a861-4619-baa5-c578849b2327 ] Request (ServerGroup264TestJSON:tearDownClass): 200 GET http://10.180.1.21:9696/networking/v2.0/security-groups?tenant_id=ebf7262bbd6945f5bc4b8be89ca3a188&name=default 0.172s
2024-09-03 07:44:47.573 62124 INFO tempest.lib.common.rest_client [req-06db5d5d-5cad-4f1d-99b9-b9d9e773374f req-06db5d5d-5cad-4f1d-99b9-b9d9e773374f ] Request (MigrationsAdminTest:test_list_migrations_in_flavor_resize_situation): 200 GET http://10.180.1.21/compute/v2.1/servers/76e29d48-9415-42ad-b599-e0efafd61474 1.183s
2024-09-03 07:44:47.723 62116 INFO tempest.lib.common.rest_client [req-9216b9e9-5a62-42da-acd5-2654adc5254c req-9216b9e9-5a62-42da-acd5-2654adc5254c ] Request (ListImageFiltersTestJSON:setUpClass): 200 GET http://10.180.1.21/compute/v2.1/servers/a9342d55-1c9f-41bf-bf96-72797e9a81fc 1.369s
2024-09-03 07:44:47.747 62121 INFO tempest.lib.common.rest_client [req-6c4550bc-eba5-47bf-aaa7-3dc2e6b5df9a req-6c4550bc-eba5-47bf-aaa7-3dc2e6b5df9a ] Request (ServerMetadataTestJSON:tearDownClass): 200 GET http://10.180.1.21/compute/v2.1/servers/1c567748-c84b-472e-ba11-186c57cb7cc7 1.303s
2024-09-03 07:44:47.777 62086 INFO tempest.lib.common.rest_client [req-e2a55f21-f00a-4924-845a-317e53103c95 req-e2a55f21-f00a-4924-845a-317e53103c95 ] Request (ServerGroup264TestJSON:tearDownClass): 204 DELETE http://10.180.1.21:9696/networking/v2.0/security-groups/1b375798-0a7d-4068-9580-617ad8132bf3 0.206s
2024-09-03 07:44:47.870 62084 INFO tempest.lib.common.rest_client [req-b33a0ff1-331a-4e54-9880-fe9b39c9f0b9 req-b33a0ff1-331a-4e54-9880-fe9b39c9f0b9 ] Request (ServerDiagnosticsV248Test:test_get_server_diagnostics): 200 GET http://10.180.1.21/compute/v2.1/servers/c9ae111e-42d1-4bc4-9131-38a5ddee98c3 1.409s
2024-09-03 07:44:47.948 62086 INFO tempest.lib.common.rest_client [req-f5f4104f-cb87-4e2b-b1ac-8c3990c53325 req-f5f4104f-cb87-4e2b-b1ac-8c3990c53325 ] Request (ServerGroup264TestJSON:tearDownClass): 204 DELETE http://10.180.1.21/identity/v3/projects/ebf7262bbd6945f5bc4b8be89ca3a188 0.170s
2024-09-03 07:44:47.949 62086 INFO tempest.test [-] raised in ServerPersonalityTestJSON.setUpClass. Invoking tearDownClass.
2024-09-03 07:44:48.077 62066 INFO tempest.lib.common.rest_client [req-a2549f0c-e715-4f21-91a6-fad22175a679 req-a2549f0c-e715-4f21-91a6-fad22175a679 ] Request (ServerAddressesNegativeTestJSON:setUpClass): 200 GET http://10.180.1.21/compute/v2.1/servers/29afc885-1290-4869-afdb-ed3c47523755 1.138s
2024-09-03 07:44:48.092 62082 INFO tempest.lib.common.rest_client [req-a9a6f989-cd2a-443b-88c4-2b81fbaba67b req-a9a6f989-cd2a-443b-88c4-2b81fbaba67b ] Request (ServerAddressesTestJSON:setUpClass): 200 PUT http://10.180.1.21:9696/networking/v2.0/routers/a393fc03-294f-4244-941a-b8a82bee4fac/add_router_interface 2.835s
