2025-12-12 17:29:03.741 66028 INFO tempest.lib.common.rest_client [req-43ac7cc1-2a44-45e1-816e-9eed5b0caf23 req-43ac7cc1-2a44-45e1-816e-9eed5b0caf23 ] Request (FlavorsV255TestJSON:tearDownClass): 201 POST http://10.180.1.21/identity/v3/auth/tokens 0.118s
2025-12-12 17:29:03.769 66012 INFO tempest.lib.common.rest_client [req-ae84ac26-de4f-4999-ac84-ab13033ef398 req-ae84ac26-de4f-4999-ac84-ab13033ef398 ] Request (ServersTestJSON:setUpClass): 201 POST http://10.180.1.21/networking/v2.0/networks 0.378s
2025-12-12 17:29:03.830 65994 INFO tempest.lib.common.rest_client [req-ace6c621-92ff-4165-a8cb-5a0b18ca88e9 req-ace6c621-92ff-4165-a8cb-5a0b18ca88e9 ] Request (ListImageFiltersTestJSON:tearDownClass): 204 DELETE http://10.180.1.21/compute/v2.1/images/31ede593-35f9-46b6-a478-6ebaf19c7308 0.184s
2025-12-12 17:29:03.980 66028 INFO tempest.lib.common.rest_client [req-dd216902-4ced-4de9-a78b-444e1e7aa6ce req-dd216902-4ced-4de9-a78b-444e1e7aa6ce ] Request (FlavorsV255TestJSON:tearDownClass): 200 GET http://10.180.1.21/networking/v2.0/security-groups?tenant_id=e89447f947554bf880585d02b2b90a75&name=default 0.239s
2025-12-12 17:29:04.003 66012 INFO tempest.lib.common.rest_client [req-e059f24a-7a13-4be2-9954-5fd1aeb72b01 req-e059f24a-7a13-4be2-9954-5fd1aeb72b01 ] Request (ServersTestJSON:setUpClass): 201 POST http://10.180.1.21/networking/v2.0/subnets 0.233s
2025-12-12 17:29:04.006 65990 INFO tempest.lib.common.rest_client [req-51342275-bbc3-4710-97b6-4c3bc3636fe5 req-51342275-bbc3-4710-97b6-4c3bc3636fe5 ] Request (ServersWithSpecificFlavorTestJSON:test_verify_created_server_ephemeral_disk): 200 GET http://10.180.1.21/compute/v2.1/servers/c34b8066-baec-46a3-a79d-2fb195ca3e39 0.348s
2025-12-12 17:29:04.020 65997 INFO tempest.lib.common.rest_client [req-b2b1fa59-4127-4079-87d0-c891e13dda64 req-b2b1fa59-4127-4079-87d0-c891e13dda64 ] Request (ImagesOneServerNegativeTestJSON:_run_cleanups): 200 GET http://10.180.1.21/compute/v2.1/servers/45b75840-f6d8-48bf-a4b0-d20f3bc59674 0.269s
2025-12-12 17:29:04.117 66028 INFO tempest.lib.common.rest_client [req-fbd93972-7b33-43b2-85ff-465d271bb020 req-fbd93972-7b33-43b2-85ff-465d271bb020 ] Request (FlavorsV255TestJSON:tearDownClass): 204 DELETE http://10.180.1.21/networking/v2.0/security-groups/f0561f6d-d529-4c3d-a3ac-09c80344cb4b 0.137s
2025-12-12 17:29:04.158 65994 INFO tempest.lib.common.rest_client [req-ce96fa00-c13c-4f62-9cd5-b8e62dd2a3d9 req-ce96fa00-c13c-4f62-9cd5-b8e62dd2a3d9 ] Request (ListImageFiltersTestJSON:tearDownClass): 204 DELETE http://10.180.1.21/compute/v2.1/images/9c505798-f27b-4b0a-985b-6ceb2b0ce5c5 0.328s
2025-12-12 17:29:04.197 66028 INFO tempest.lib.common.rest_client [req-eb7025f8-159a-4f48-9973-49892c37c703 req-eb7025f8-159a-4f48-9973-49892c37c703 ] Request (FlavorsV255TestJSON:tearDownClass): 204 DELETE http://10.180.1.21/identity/v3/projects/e89447f947554bf880585d02b2b90a75 0.079s
2025-12-12 17:29:04.198 66028 INFO tempest.lib.common.dynamic_creds [-] Deleting project and security group for project: 0ca174ee62d047668f6922b6ca2ac4bb
2025-12-12 17:29:04.198 66000 INFO tempest.lib.common.rest_client [req-9b338008-f910-4985-9b5a-1c0d6c98f667 req-9b338008-f910-4985-9b5a-1c0d6c98f667 ] Request (ServersAdminTestJSON:tearDownClass): 200 GET http://10.180.1.21/compute/v2.1/servers/8a083988-508a-48ce-93e3-587725234f1e 0.442s
2025-12-12 17:29:04.200 66010 INFO tempest.lib.common.rest_client [req-1d79bd10-a14a-4e2c-ac8b-0a7ee50c0f39 req-1d79bd10-a14a-4e2c-ac8b-0a7ee50c0f39 ] Request (ImagesTestJSON:test_create_server_from_snapshot): 200 GET http://10.180.1.21/compute/v2.1/images/6dfe7f1d-bfe6-472e-9bcf-7c11f5dd2ba8 0.337s
2025-12-12 17:29:04.361 66028 INFO tempest.lib.common.rest_client [req-6388a23f-d0ce-4b47-bc20-c1de25887436 req-6388a23f-d0ce-4b47-bc20-c1de25887436 ] Request (FlavorsV255TestJSON:tearDownClass): 200 GET http://10.180.1.21/networking/v2.0/security-groups?tenant_id=0ca174ee62d047668f6922b6ca2ac4bb&name=default 0.163s
2025-12-12 17:29:04.389 65998 INFO tempest.lib.common.rest_client [req-bc5b8c48-4343-4de2-82a2-89f16d29b4d1 req-bc5b8c48-4343-4de2-82a2-89f16d29b4d1 ] Request (InstanceActionsV221TestJSON:test_get_list_deleted_instance_actions): 200 GET http://10.180.1.21/compute/v2.1/servers/01b6ddcd-2181-4d78-a67a-efb5c18313e3 0.410s
2025-12-12 17:29:04.426 66002 WARNING tempest.lib.common.ssh [-] Failed to establish authenticated ssh connection to cirros@10.180.180.148 ([Errno None] Unable to connect to port 22 on 10.180.180.148). Number attempts: 3. Retry after 4 seconds.: paramiko.ssh_exception.NoValidConnectionsError: [Errno None] Unable to connect to port 22 on 10.180.180.148
2025-12-12 17:29:04.537 66028 INFO tempest.lib.common.rest_client [req-c2fe591a-b5bc-4f22-b9dd-604bda648a70 req-c2fe591a-b5bc-4f22-b9dd-604bda648a70 ] Request (FlavorsV255TestJSON:tearDownClass): 204 DELETE http://10.180.1.21/networking/v2.0/security-groups/af6cebc5-4d00-4538-addc-93a6b6674f8c 0.175s
2025-12-12 17:29:04.651 65980 INFO tempest.lib.common.rest_client [req-0fe60dd5-37fd-41ce-8303-f09bc6734046 req-0fe60dd5-37fd-41ce-8303-f09bc6734046 ] Request (AttachInterfacesTestJSON:_run_cleanups): 200 GET http://10.180.1.21/compute/v2.1/servers/bcab9a70-0885-4d58-818a-6193dd3b1e4d 0.771s
2025-12-12 17:29:04.694 66028 INFO tempest.lib.common.rest_client [req-ba70dc26-3149-4c05-a83e-00ed06d85508 req-ba70dc26-3149-4c05-a83e-00ed06d85508 ] Request (FlavorsV255TestJSON:tearDownClass): 204 DELETE http://10.180.1.21/identity/v3/projects/0ca174ee62d047668f6922b6ca2ac4bb 0.157s
2025-12-12 17:29:04.766 65972 INFO tempest.lib.common.rest_client [req-decb0d03-a7e3-4a40-90f2-64060e3132cf req-decb0d03-a7e3-4a40-90f2-64060e3132cf ] Request (ServerRescueTestJSONUnderV235:tearDownClass): 200 GET http://10.180.1.21/compute/v2.1/servers/a6ede455-d5a3-4b4a-920f-df6e27435636 0.740s
2025-12-12 17:29:04.783 66028 INFO tempest.lib.common.rest_client [req-818e0178-bc0e-4453-aad9-fe1eda8d2b13 req-818e0178-bc0e-4453-aad9-fe1eda8d2b13 ] Request (AttachVolumeShelveTestJSON:setUpClass): 201 POST http://10.180.1.21/identity/v3/auth/tokens 0.087s
2025-12-12 17:29:04.825 66028 INFO tempest.lib.common.rest_client [req-bec23f54-32d4-4c24-bed5-defca05604e6 req-bec23f54-32d4-4c24-bed5-defca05604e6 ] Request (AttachVolumeShelveTestJSON:setUpClass): 201 POST http://10.180.1.21/identity/v3/auth/tokens 0.039s
2025-12-12 17:29:04.830 65976 INFO tempest.lib.common.rest_client [req-dd9ec344-6e8c-4109-aea6-a6872d6850f3 req-dd9ec344-6e8c-4109-aea6-a6872d6850f3 ] Request (ServerActionsTestOtherA:setUpClass): 200 GET http://10.180.1.21/compute/v2.1/servers/ce530210-08fc-4369-9dd4-cb9b51ad5a32 0.731s
2025-12-12 17:29:04.870 66028 INFO tempest.lib.common.rest_client [req-599a81c8-bbc2-4a28-977e-8207e759884a req-599a81c8-bbc2-4a28-977e-8207e759884a ] Request (AttachVolumeShelveTestJSON:setUpClass): 200 GET http://10.180.1.21/identity/v3/domains?name=Default 0.044s
2025-12-12 17:29:04.916 66028 INFO tempest.lib.common.rest_client [req-fe9a1f91-4494-40c5-9cca-f113eb4a9551 req-fe9a1f91-4494-40c5-9cca-f113eb4a9551 ] Request (AttachVolumeShelveTestJSON:setUpClass): 201 POST http://10.180.1.21/identity/v3/projects 0.045s
2025-12-12 17:29:04.939 65994 INFO tempest.lib.common.rest_client [req-d07c1b24-5c63-4da7-b3fe-610839aa374c req-d07c1b24-5c63-4da7-b3fe-610839aa374c ] Request (ListImageFiltersTestJSON:tearDownClass): 204 DELETE http://10.180.1.21/compute/v2.1/images/d043c02c-8ec5-427c-bdfc-f148e4ca98c7 0.780s
2025-12-12 17:29:04.984 66028 INFO tempest.lib.common.rest_client [req-095dd9a5-6e07-44f1-88af-2dd24e4af3b9 req-095dd9a5-6e07-44f1-88af-2dd24e4af3b9 ] Request (AttachVolumeShelveTestJSON:setUpClass): 201 POST http://10.180.1.21/identity/v3/users 0.067s
2025-12-12 17:29:05.007 66028 INFO tempest.lib.common.rest_client [req-90cf11a4-cf82-490d-910f-1f63465ff99f req-90cf11a4-cf82-490d-910f-1f63465ff99f ] Request (AttachVolumeShelveTestJSON:setUpClass): 200 GET http://10.180.1.21/identity/v3/roles 0.022s
2025-12-12 17:29:05.039 66028 INFO tempest.lib.common.rest_client [req-1d50395a-1bf6-4112-9ef6-72b54d2312ff req-1d50395a-1bf6-4112-9ef6-72b54d2312ff ] Request (AttachVolumeShelveTestJSON:setUpClass): 204 PUT http://10.180.1.21/identity/v3/projects/ce38a9aee3d24979806f5bc141f795fd/users/fa382ec159c44aedb63cb83ae6af5ccd/roles/c8a9eb5be65040ca8c10b7e1115dfa92 0.031s
2025-12-12 17:29:05.039 66028 INFO tempest.lib.common.dynamic_creds [-] Dynamic test user fa382ec159c44aedb63cb83ae6af5ccd is created with scope project and roles: ['member']
2025-12-12 17:29:05.039 66028 INFO tempest.lib.common.dynamic_creds [-] Acquired dynamic creds: credentials: Credentials: {'domain_id': 'default', 'domain_name': 'Default', 'username': 'tempest-AttachVolumeShelveTestJSON-1854315558-project-member', 'project_domain_id': 'default', 'project_domain_name': 'Default', 'project_id': 'ce38a9aee3d24979806f5bc141f795fd', 'project_name': 'tempest-AttachVolumeShelveTestJSON-1854315558', 'tenant_id': 'ce38a9aee3d24979806f5bc141f795fd', 'tenant_name': 'tempest-AttachVolumeShelveTestJSON-1854315558', 'user_domain_id': 'default', 'user_domain_name': 'Default', 'user_id': 'fa382ec159c44aedb63cb83ae6af5ccd', 'system': None}, Network: None, Subnet: None, Router: None
2025-12-12 17:29:05.102 66028 INFO tempest.lib.common.rest_client [req-43312ec6-1ac8-4b67-abd3-1420c2f756a7 req-43312ec6-1ac8-4b67-abd3-1420c2f756a7 ] Request (AttachVolumeShelveTestJSON:setUpClass): 201 POST http://10.180.1.21/identity/v3/auth/tokens 0.062s
2025-12-12 17:29:05.226 66012 INFO tempest.lib.common.rest_client [req-b52b3d53-10e9-453f-b41a-a2e5150444eb req-b52b3d53-10e9-453f-b41a-a2e5150444eb ] Request (ServersTestJSON:setUpClass): 201 POST http://10.180.1.21/networking/v2.0/routers 1.222s
2025-12-12 17:29:05.309 66014 INFO tempest.lib.common.rest_client [req-f5f38230-13f3-4604-be2b-eb7f5b0d819c req-f5f38230-13f3-4604-be2b-eb7f5b0d819c ] Request (SecurityGroupsTestJSON:test_list_security_groups_by_server): 200 GET http://10.180.1.21/compute/v2.1/servers/ca2fd846-cdda-43bd-9dee-30211e256780 1.161s
2025-12-12 17:29:05.348 65988 INFO tempest.lib.common.rest_client [req-40f879cf-d474-4614-baac-2df9e4c562b3 req-40f879cf-d474-4614-baac-2df9e4c562b3 ] Request (ImagesNegativeTestJSON:test_create_image_from_deleted_server): 404 GET http://10.180.1.21/compute/v2.1/servers/302928c9-bf98-4b62-afe3-2cebd6024775 1.139s
2025-12-12 17:29:05.593 65986 WARNING tempest.lib.common.ssh [-] Failed to establish authenticated ssh connection to cirros@10.180.180.216 ([Errno None] Unable to connect to port 22 on 10.180.180.216). Number attempts: 7. Retry after 8 seconds.: paramiko.ssh_exception.NoValidConnectionsError: [Errno None] Unable to connect to port 22 on 10.180.180.216
2025-12-12 17:29:05.655 66028 INFO tempest.lib.common.rest_client [req-4899a027-60b0-498c-9f56-cc35adde97b0 req-4899a027-60b0-498c-9f56-cc35adde97b0 ] Request (AttachVolumeShelveTestJSON:setUpClass): 201 POST http://10.180.1.21/networking/v2.0/networks 0.552s
2025-12-12 17:29:05.989 65984 INFO tempest.lib.common.rest_client [req-5ea55e05-7521-4286-be48-ecd8fb938fb5 req-5ea55e05-7521-4286-be48-ecd8fb938fb5 ] Request (ServersListShow2100Test:tearDownClass): 200 GET http://10.180.1.21/compute/v2.1/servers/e9e0f7b8-27c8-4b45-bea2-5252ed9c84cc 1.725s
2025-12-12 17:29:06.007 66020 INFO tempest.lib.common.rest_client [req-ddc80b0b-4dfd-4eb6-9b96-023c401021d3 req-ddc80b0b-4dfd-4eb6-9b96-023c401021d3 ] Request (ServersTestMultiNic:test_verify_duplicate_network_nics): 200 GET http://10.180.1.21/compute/v2.1/servers/07e5765b-7f50-4423-92ec-259ce6cb50ab 1.832s
2025-12-12 17:29:06.184 66028 INFO tempest.lib.common.rest_client [req-a93f593d-f4fe-40c4-aaa2-df60d1f6f727 req-a93f593d-f4fe-40c4-aaa2-df60d1f6f727 ] Request (AttachVolumeShelveTestJSON:setUpClass): 201 POST http://10.180.1.21/networking/v2.0/subnets 0.529s
2025-12-12 17:29:06.213 65978 INFO tempest.lib.common.rest_client [req-186218f3-6165-4638-9abc-4b19a7155dff req-186218f3-6165-4638-9abc-4b19a7155dff ] Request (ServersAdmin275Test:tearDownClass): 200 GET http://10.180.1.21/compute/v2.1/servers/c06de266-4b65-48a6-83b2-75ef5d9db2f7 1.924s
2025-12-12 17:29:06.223 66006 INFO tempest.lib.common.rest_client [req-43fbeff4-8040-4afb-9d20-9f030eda243b req-43fbeff4-8040-4afb-9d20-9f030eda243b ] Request (ServerTagsTestJSON:tearDownClass): 200 GET http://10.180.1.21/compute/v2.1/servers/6a60f6de-1322-48d0-9b2a-73ce9e5ee7b3 1.861s
2025-12-12 17:29:06.313 66012 INFO tempest.lib.common.rest_client [req-de2f51e7-e700-4a38-b222-5f8f825cd3cd req-de2f51e7-e700-4a38-b222-5f8f825cd3cd ] Request (ServersTestJSON:setUpClass): 200 PUT http://10.180.1.21/networking/v2.0/routers/593b092b-9a7a-4d11-84b5-ac8fc0d5734d/add_router_interface 1.087s
2025-12-12 17:29:06.313 66012 INFO tempest.lib.common.dynamic_creds [-] Created isolated network resources for: credentials: Credentials: {'domain_id': 'default', 'domain_name': 'Default', 'username': 'tempest-ServersTestJSON-670201719-project-member', 'project_domain_id': 'default', 'project_domain_name': 'Default', 'project_id': '6df5f885d1714edbbf6063bbe1b96a15', 'project_name': 'tempest-ServersTestJSON-670201719', 'tenant_id': '6df5f885d1714edbbf6063bbe1b96a15', 'tenant_name': 'tempest-ServersTestJSON-670201719', 'user_domain_id': 'default', 'user_domain_name': 'Default', 'user_id': '3a47b7afff0d47bdae1b6589e8432981', 'system': None}, Network: {'id': '453e87ef-7408-479f-b1b7-bafeed4d5d16', 'name': 'tempest-ServersTestJSON-753438790-network', 'tenant_id': '6df5f885d1714edbbf6063bbe1b96a15', 'project_id': '6df5f885d1714edbbf6063bbe1b96a15', 'admin_state_up': True, 'mtu': 8950, 'status': 'ACTIVE', 'subnets': [], 'shared': False, 'port_security_enabled': True, 'router:external': False, 'provider:network_type': 'vlan', 'provider:physical_network': 'default', 'provider:segmentation_id': 890, 'availability_zone_hints': [], 'availability_zones': [], 'ipv4_address_scope': None, 'ipv6_address_scope': None, 'description': '', 'tags': [], 'created_at': '2025-12-12T17:29:03Z', 'updated_at': '2025-12-12T17:29:03Z', 'revision_number': 1}, Subnet: {'id': '3b56b1b1-a37f-4fa6-b438-da60d81f3757', 'name': 'tempest-ServersTestJSON-753438790-subnet', 'tenant_id': '6df5f885d1714edbbf6063bbe1b96a15', 'network_id': '453e87ef-7408-479f-b1b7-bafeed4d5d16', 'ip_version': 4, 'subnetpool_id': None, 'enable_dhcp': True, 'ipv6_ra_mode': None, 'ipv6_address_mode': None, 'gateway_ip': '192.168.128.1', 'cidr': '192.168.128.0/28', 'allocation_pools': [{'start': '192.168.128.2', 'end': '192.168.128.14'}], 'host_routes': [], 'dns_nameservers': [], 'description': '', 'router:external': False, 'service_types': [], 'tags': [], 'created_at': '2025-12-12T17:29:03Z', 'updated_at': '2025-12-12T17:29:03Z', 'revision_number': 0, 'project_id': '6df5f885d1714edbbf6063bbe1b96a15'}, Router: {'id': '593b092b-9a7a-4d11-84b5-ac8fc0d5734d', 'name': 'tempest-ServersTestJSON-753438790-router', 'tenant_id': '6df5f885d1714edbbf6063bbe1b96a15', 'admin_state_up': True, 'status': 'ACTIVE', 'external_gateway_info': {'network_id': 'b17ca395-2a67-42ac-9d08-4bf2dbb9aa77', 'external_fixed_ips': [{'subnet_id': '8c47f5f1-7b1b-4314-a6e8-4fd08ab9071c', 'ip_address': '10.180.180.187'}], 'enable_snat': True}, 'description': '', 'availability_zones': [], 'distributed': False, 'ha': False, 'availability_zone_hints': [], 'routes': [], 'flavor_id': None, 'tags': [], 'created_at': '2025-12-12T17:29:04Z', 'updated_at': '2025-12-12T17:29:04Z', 'revision_number': 2, 'project_id': '6df5f885d1714edbbf6063bbe1b96a15'}
2025-12-12 17:29:06.346 66018 INFO tempest.lib.common.rest_client [req-b0a5702b-1707-4c98-ad70-c1eaf3527c6d req-b0a5702b-1707-4c98-ad70-c1eaf3527c6d ] Request (ServerRescueTestJSON:tearDownClass): 200 GET http://10.180.1.21/compute/v2.1/servers/eb6a5760-b246-403f-a409-6fce5228f487 1.968s
2025-12-12 17:29:06.412 66022 INFO tempest.lib.common.rest_client [req-ccea95dd-a6bd-464b-924b-c4eb4b5ca6d7 req-ccea95dd-a6bd-464b-924b-c4eb4b5ca6d7 ] Request (ImagesOneServerTestJSON:setUpClass): 200 GET http://10.180.1.21/compute/v2.1/servers/caf16640-1b91-4826-bba9-07a0ecc19f97 1.962s
2025-12-12 17:29:06.418 66012 INFO tempest.lib.common.rest_client [req-49fc18c6-a4a0-4afa-9f66-ecdd7e4e06d4 req-49fc18c6-a4a0-4afa-9f66-ecdd7e4e06d4 ] Request (ServersTestJSON:setUpClass): 201 POST http://10.180.1.21/identity/v3/auth/tokens 0.100s
2025-12-12 17:29:06.420 66022 INFO tempest.common.waiters [-] State transition "BUILD/spawning" ==> "ACTIVE/None" after 54 second wait
2025-12-12 17:29:06.431 65966 INFO tempest.lib.common.rest_client [req-1ba11289-7876-4ca7-a024-604fe89402cb req-1ba11289-7876-4ca7-a024-604fe89402cb ] Request (DeleteServersTestJSON:test_delete_server_while_in_attached_volume): 200 GET http://10.180.1.21/compute/v2.1/servers/a0faba58-8e64-44db-b56b-c6296f13f4fe 1.901s
2025-12-12 17:29:06.455 66012 INFO tempest.lib.common.rest_client [req-4e3a1b12-8f8b-4f6d-9118-a40872399270 req-4e3a1b12-8f8b-4f6d-9118-a40872399270 ] Request (ServersTestJSON:setUpClass): 200 GET http://10.180.1.21/identity/v3/projects/6df5f885d1714edbbf6063bbe1b96a15 0.037s
2025-12-12 17:29:06.455 66012 INFO tempest.lib.common.dynamic_creds [-] Using the existing project 6df5f885d1714edbbf6063bbe1b96a15 for scope project and roles: ['reader']
2025-12-12 17:29:06.489 65992 INFO tempest.lib.common.rest_client [req-f7eb05f9-6ebd-4320-9bd2-fdab35124ff3 req-f7eb05f9-6ebd-4320-9bd2-fdab35124ff3 ] Request (ServerGroupTestJSON:_run_cleanups): 200 GET http://10.180.1.21/compute/v2.1/servers/54ee3a6b-57a4-4cbb-a007-be68dee5cd39 1.947s
2025-12-12 17:29:06.496 66012 INFO tempest.lib.common.rest_client [req-fe1f27a6-6934-416c-aca2-58c35fe558f5 req-fe1f27a6-6934-416c-aca2-58c35fe558f5 ] Request (ServersTestJSON:setUpClass): 201 POST http://10.180.1.21/identity/v3/users 0.040s
2025-12-12 17:29:06.517 65968 INFO tempest.lib.common.rest_client [req-21e4ade3-3c8c-4282-b045-7e4cdfbc5c22 req-21e4ade3-3c8c-4282-b045-7e4cdfbc5c22 ] Request (ServerShowV257Test:tearDownClass): 200 GET http://10.180.1.21/compute/v2.1/servers/b0ef926c-8541-41e0-afba-72d4516a184f 1.831s
2025-12-12 17:29:06.524 66012 INFO tempest.lib.common.rest_client [req-1c0a0cdc-cab3-4ea9-8975-b10ac4eed2e9 req-1c0a0cdc-cab3-4ea9-8975-b10ac4eed2e9 ] Request (ServersTestJSON:setUpClass): 200 GET http://10.180.1.21/identity/v3/roles 0.027s
2025-12-12 17:29:06.526 65968 INFO tempest.common.waiters [-] State transition "ACTIVE/deleting" ==> "DELETED/None" after 4 second wait
2025-12-12 17:29:06.552 65982 INFO tempest.lib.common.rest_client [req-95b5ae1e-16b3-4520-b530-e85fda6346b7 req-95b5ae1e-16b3-4520-b530-e85fda6346b7 ] Request (MigrationsAdminTest:test_resize_server_revert_deleted_flavor): 200 GET http://10.180.1.21/compute/v2.1/servers/ac62535a-a710-49c4-b2bd-1042490cf4e2 1.815s
2025-12-12 17:29:06.567 66012 INFO tempest.lib.common.rest_client [req-bf85d07e-70ae-40bf-bef0-08b4abc6b4c9 req-bf85d07e-70ae-40bf-bef0-08b4abc6b4c9 ] Request (ServersTestJSON:setUpClass): 204 PUT http://10.180.1.21/identity/v3/projects/6df5f885d1714edbbf6063bbe1b96a15/users/d8546a914301437692c580540822613b/roles/baa7ade57bfe44539604e1722b013319 0.043s
2025-12-12 17:29:06.567 66012 INFO tempest.lib.common.dynamic_creds [-] Dynamic test user d8546a914301437692c580540822613b is created with scope project and roles: ['reader']
2025-12-12 17:29:06.567 66012 INFO tempest.lib.common.dynamic_creds [-] Acquired dynamic creds: credentials: Credentials: {'domain_id': 'default', 'domain_name': 'Default', 'username': 'tempest-ServersTestJSON-670201719-project-reader', 'project_domain_id': 'default', 'project_domain_name': 'Default', 'project_id': '6df5f885d1714edbbf6063bbe1b96a15', 'project_name': 'tempest-ServersTestJSON-670201719', 'tenant_id': '6df5f885d1714edbbf6063bbe1b96a15', 'tenant_name': 'tempest-ServersTestJSON-670201719', 'user_domain_id': 'default', 'user_domain_name': 'Default', 'user_id': 'd8546a914301437692c580540822613b', 'system': None}, Network: None, Subnet: None, Router: None
2025-12-12 17:29:06.568 66012 INFO tempest.lib.common.dynamic_creds [-] Network resources are not created for requested scope: project and credentials: Credentials: {'domain_id': 'default', 'domain_name': 'Default', 'username': 'tempest-ServersTestJSON-670201719-project-reader', 'project_domain_id': 'default', 'project_domain_name': 'Default', 'project_id': '6df5f885d1714edbbf6063bbe1b96a15', 'project_name': 'tempest-ServersTestJSON-670201719', 'tenant_id': '6df5f885d1714edbbf6063bbe1b96a15', 'tenant_name': 'tempest-ServersTestJSON-670201719', 'user_domain_id': 'default', 'user_domain_name': 'Default', 'user_id': 'd8546a914301437692c580540822613b', 'system': None}, Network: None, Subnet: None, Router: None
2025-12-12 17:29:06.617 65990 INFO tempest.lib.common.rest_client [req-44756834-3935-4088-bef8-0588542e76ff req-44756834-3935-4088-bef8-0588542e76ff ] Request (ServersWithSpecificFlavorTestJSON:test_verify_created_server_ephemeral_disk): 200 GET http://10.180.1.21/compute/v2.1/servers/c34b8066-baec-46a3-a79d-2fb195ca3e39 1.602s
2025-12-12 17:29:06.620 65994 INFO tempest.lib.common.rest_client [req-e4c1a1de-9dd1-4b7d-86f2-f98afe1aaba6 req-e4c1a1de-9dd1-4b7d-86f2-f98afe1aaba6 ] Request (ListImageFiltersTestJSON:tearDownClass): 204 DELETE http://10.180.1.21/compute/v2.1/servers/9069fd9f-0be7-43af-a4af-6d4d3f13a419 1.681s
2025-12-12 17:29:06.680 66012 INFO tempest.lib.common.rest_client [req-9c20f18f-e797-42ef-b978-af9f57e3b35a req-9c20f18f-e797-42ef-b978-af9f57e3b35a ] Request (ServersTestJSON:setUpClass): 201 POST http://10.180.1.21/identity/v3/auth/tokens 0.110s
2025-12-12 17:29:06.684 66010 INFO tempest.lib.common.rest_client [req-187300a7-50a3-4938-b752-00393b2577f4 req-187300a7-50a3-4938-b752-00393b2577f4 ] Request (ImagesTestJSON:test_create_server_from_snapshot): 200 GET http://10.180.1.21/compute/v2.1/images/6dfe7f1d-bfe6-472e-9bcf-7c11f5dd2ba8 1.477s
2025-12-12 17:29:06.709 65997 INFO tempest.lib.common.rest_client [req-51d24c5d-2500-415e-8553-55d2978de4e0 req-51d24c5d-2500-415e-8553-55d2978de4e0 ] Request (ImagesOneServerNegativeTestJSON:_run_cleanups): 200 GET http://10.180.1.21/compute/v2.1/servers/45b75840-f6d8-48bf-a4b0-d20f3bc59674 1.680s
2025-12-12 17:29:06.766 65988 INFO tempest.lib.common.rest_client [req-37a0355b-5fde-4a5e-b91a-30d557946a19 req-37a0355b-5fde-4a5e-b91a-30d557946a19 ] Request (ImagesNegativeTestJSON:test_create_image_from_deleted_server): 404 POST http://10.180.1.21/compute/v2.1/servers/302928c9-bf98-4b62-afe3-2cebd6024775/action 1.418s
2025-12-12 17:29:06.771 66000 INFO tempest.lib.common.rest_client [req-23243a2d-dfda-4bba-a8fa-5da9739902db req-23243a2d-dfda-4bba-a8fa-5da9739902db ] Request (ServersAdminTestJSON:tearDownClass): 200 GET http://10.180.1.21/compute/v2.1/servers/8a083988-508a-48ce-93e3-587725234f1e 1.563s
2025-12-12 17:29:06.774 66012 INFO tempest.lib.common.rest_client [req-031508c9-4350-4e9a-9ed5-97d1a29bf79f req-031508c9-4350-4e9a-9ed5-97d1a29bf79f ] Request (ServersTestJSON:test_create_server_specify_multibyte_character_name): 201 POST http://10.180.1.21/identity/v3/auth/tokens 0.089s
2025-12-12 17:29:06.775 66012 INFO tempest.lib.common.fixed_network [-] (ServersTestJSON:test_create_server_specify_multibyte_character_name) Found network {'id': '453e87ef-7408-479f-b1b7-bafeed4d5d16', 'name': 'tempest-ServersTestJSON-753438790-network', 'tenant_id': '6df5f885d1714edbbf6063bbe1b96a15', 'project_id': '6df5f885d1714edbbf6063bbe1b96a15', 'admin_state_up': True, 'mtu': 8950, 'status': 'ACTIVE', 'subnets': [], 'shared': False, 'port_security_enabled': True, 'router:external': False, 'provider:network_type': 'vlan', 'provider:physical_network': 'default', 'provider:segmentation_id': 890, 'availability_zone_hints': [], 'availability_zones': [], 'ipv4_address_scope': None, 'ipv6_address_scope': None, 'description': '', 'tags': [], 'created_at': '2025-12-12T17:29:03Z', 'updated_at': '2025-12-12T17:29:03Z', 'revision_number': 1} available for tenant
2025-12-12 17:29:06.857 65998 INFO tempest.lib.common.rest_client [req-9130d7c7-b93b-4ec0-b461-42889a2eb753 req-9130d7c7-b93b-4ec0-b461-42889a2eb753 ] Request (InstanceActionsV221TestJSON:test_get_list_deleted_instance_actions): 200 GET http://10.180.1.21/compute/v2.1/servers/01b6ddcd-2181-4d78-a67a-efb5c18313e3 1.458s
2025-12-12 17:29:06.915 65980 INFO tempest.lib.common.rest_client [req-eff3e742-962a-4a19-8f1b-ebf8b7115246 req-eff3e742-962a-4a19-8f1b-ebf8b7115246 ] Request (AttachInterfacesTestJSON:_run_cleanups): 200 GET http://10.180.1.21/compute/v2.1/servers/bcab9a70-0885-4d58-818a-6193dd3b1e4d 1.248s
2025-12-12 17:29:06.925 65980 INFO tempest.common.waiters [-] State transition "ACTIVE/deleting" ==> "DELETED/None" after 4 second wait
2025-12-12 17:29:06.930 65972 INFO tempest.lib.common.rest_client [req-63005a6e-ff2e-487d-98bb-11a14e1fa761 req-63005a6e-ff2e-487d-98bb-11a14e1fa761 ] Request (ServerRescueTestJSONUnderV235:tearDownClass): 200 GET http://10.180.1.21/compute/v2.1/servers/a6ede455-d5a3-4b4a-920f-df6e27435636 1.151s
2025-12-12 17:29:06.989 65976 INFO tempest.lib.common.rest_client [req-8a86e0a1-2440-429e-bcaf-38538c429e76 req-8a86e0a1-2440-429e-bcaf-38538c429e76 ] Request (ServerActionsTestOtherA:setUpClass): 200 GET http://10.180.1.21/compute/v2.1/servers/ce530210-08fc-4369-9dd4-cb9b51ad5a32 1.148s
2025-12-12 17:29:07.007 66014 INFO tempest.lib.common.rest_client [req-3c38832b-4f6c-493e-93ed-5793f4a5d811 req-3c38832b-4f6c-493e-93ed-5793f4a5d811 ] Request (SecurityGroupsTestJSON:test_list_security_groups_by_server): 200 GET http://10.180.1.21/compute/v2.1/servers/ca2fd846-cdda-43bd-9dee-30211e256780 0.688s
2025-12-12 17:29:07.105 66028 INFO tempest.lib.common.rest_client [req-2df9a911-6341-490d-a813-b032b880e43b req-2df9a911-6341-490d-a813-b032b880e43b ] Request (AttachVolumeShelveTestJSON:setUpClass): 201 POST http://10.180.1.21/networking/v2.0/routers 0.920s
2025-12-12 17:29:07.198 65994 INFO tempest.lib.common.rest_client [req-8e348492-8966-40ee-a160-26e13e1924e6 req-8e348492-8966-40ee-a160-26e13e1924e6 ] Request (ListImageFiltersTestJSON:tearDownClass): 200 GET http://10.180.1.21/compute/v2.1/servers/9069fd9f-0be7-43af-a4af-6d4d3f13a419 0.577s
2025-12-12 17:29:07.203 65988 INFO tempest.lib.common.rest_client [req-55d81275-5b1f-4a6a-a518-3dc3f7bc0a8b req-55d81275-5b1f-4a6a-a518-3dc3f7bc0a8b ] Request (ImagesNegativeTestJSON:test_create_image_from_invalid_server): 404 POST http://10.180.1.21/compute/v2.1/servers/tempest-invalid-1845710389/action 0.433s
2025-12-12 17:29:07.562 66022 INFO tempest.lib.common.rest_client [req-7647f7ba-dfe2-42ca-9235-898762bfaf81 req-7647f7ba-dfe2-42ca-9235-898762bfaf81 ] Request (ImagesOneServerTestJSON:test_create_delete_image): 202 POST http://10.180.1.21/compute/v2.1/servers/caf16640-1b91-4826-bba9-07a0ecc19f97/action 1.138s
2025-12-12 17:29:07.810 65984 INFO tempest.lib.common.rest_client [req-9ab05d8a-2bdc-4a8d-970c-33bdbfc30acf req-9ab05d8a-2bdc-4a8d-970c-33bdbfc30acf ] Request (ServersListShow2100Test:tearDownClass): 200 GET http://10.180.1.21/compute/v2.1/servers/e9e0f7b8-27c8-4b45-bea2-5252ed9c84cc 0.801s
2025-12-12 17:29:08.013 66012 INFO tempest.lib.common.rest_client [req-31689c73-2fcc-4b37-aea1-776b5982296f req-31689c73-2fcc-4b37-aea1-776b5982296f ] Request (ServersTestJSON:test_create_server_specify_multibyte_character_name): 202 POST http://10.180.1.21/compute/v2.1/servers 1.238s
2025-12-12 17:29:08.027 65988 INFO tempest.lib.common.rest_client [req-90687ce6-881e-4935-a0a3-ee361cd60ba1 req-90687ce6-881e-4935-a0a3-ee361cd60ba1 ] Request (ImagesNegativeTestJSON:test_create_image_specify_uuid_35_characters_or_less): 404 POST http://10.180.1.21/compute/v2.1/servers/aaaaaaaaaaaaaaaaaaaaaaaaaaaaaaaaaaa/action 0.822s
2025-12-12 17:29:08.049 65978 INFO tempest.lib.common.rest_client [req-754d6a30-993c-4ad2-879d-0478c5c5308b req-754d6a30-993c-4ad2-879d-0478c5c5308b ] Request (ServersAdmin275Test:tearDownClass): 404 GET http://10.180.1.21/compute/v2.1/servers/c06de266-4b65-48a6-83b2-75ef5d9db2f7 0.820s
2025-12-12 17:29:08.072 66020 INFO tempest.lib.common.rest_client [req-95a9bd81-a380-4870-9d10-4ca03b57aec4 req-95a9bd81-a380-4870-9d10-4ca03b57aec4 ] Request (ServersTestMultiNic:test_verify_duplicate_network_nics): 200 GET http://10.180.1.21/compute/v2.1/servers/07e5765b-7f50-4423-92ec-259ce6cb50ab 1.051s
2025-12-12 17:29:08.151 66006 INFO tempest.lib.common.rest_client [req-0f809474-e609-407e-8c11-cf74a7a5b23d req-0f809474-e609-407e-8c11-cf74a7a5b23d ] Request (ServerTagsTestJSON:tearDownClass): 200 GET http://10.180.1.21/compute/v2.1/servers/6a60f6de-1322-48d0-9b2a-73ce9e5ee7b3 0.918s
2025-12-12 17:29:08.185 66028 INFO tempest.lib.common.rest_client [req-94db159a-166a-4bf0-93a7-ca44970f52ea req-94db159a-166a-4bf0-93a7-ca44970f52ea ] Request (AttachVolumeShelveTestJSON:setUpClass): 200 PUT http://10.180.1.21/networking/v2.0/routers/d19e6ae7-e5a8-4435-b8fb-b7091bb30ec1/add_router_interface 1.079s
2025-12-12 17:29:08.185 66028 INFO tempest.lib.common.dynamic_creds [-] Created isolated network resources for: credentials: Credentials: {'domain_id': 'default', 'domain_name': 'Default', 'username': 'tempest-AttachVolumeShelveTestJSON-1854315558-project-member', 'project_domain_id': 'default', 'project_domain_name': 'Default', 'project_id': 'ce38a9aee3d24979806f5bc141f795fd', 'project_name': 'tempest-AttachVolumeShelveTestJSON-1854315558', 'tenant_id': 'ce38a9aee3d24979806f5bc141f795fd', 'tenant_name': 'tempest-AttachVolumeShelveTestJSON-1854315558', 'user_domain_id': 'default', 'user_domain_name': 'Default', 'user_id': 'fa382ec159c44aedb63cb83ae6af5ccd', 'system': None}, Network: {'id': 'f5ce1482-09a3-42bc-a953-75b17ba079cd', 'name': 'tempest-AttachVolumeShelveTestJSON-444820412-network', 'tenant_id': 'ce38a9aee3d24979806f5bc141f795fd', 'project_id': 'ce38a9aee3d24979806f5bc141f795fd', 'admin_state_up': True, 'mtu': 8950, 'status': 'ACTIVE', 'subnets': [], 'shared': False, 'port_security_enabled': True, 'router:external': False, 'provider:network_type': 'vlan', 'provider:physical_network': 'default', 'provider:segmentation_id': 78, 'availability_zone_hints': [], 'availability_zones': [], 'ipv4_address_scope': None, 'ipv6_address_scope': None, 'description': '', 'tags': [], 'created_at': '2025-12-12T17:29:05Z', 'updated_at': '2025-12-12T17:29:05Z', 'revision_number': 1}, Subnet: {'id': '3bf8e1f1-fed2-4577-a4c8-0f691c0105e2', 'name': 'tempest-AttachVolumeShelveTestJSON-444820412-subnet', 'tenant_id': 'ce38a9aee3d24979806f5bc141f795fd', 'network_id': 'f5ce1482-09a3-42bc-a953-75b17ba079cd', 'ip_version': 4, 'subnetpool_id': None, 'enable_dhcp': True, 'ipv6_ra_mode': None, 'ipv6_address_mode': None, 'gateway_ip': '192.168.128.1', 'cidr': '192.168.128.0/28', 'allocation_pools': [{'start': '192.168.128.2', 'end': '192.168.128.14'}], 'host_routes': [], 'dns_nameservers': [], 'description': '', 'router:external': False, 'service_types': [], 'tags': [], 'created_at': '2025-12-12T17:29:06Z', 'updated_at': '2025-12-12T17:29:06Z', 'revision_number': 0, 'project_id': 'ce38a9aee3d24979806f5bc141f795fd'}, Router: {'id': 'd19e6ae7-e5a8-4435-b8fb-b7091bb30ec1', 'name': 'tempest-AttachVolumeShelveTestJSON-444820412-router', 'tenant_id': 'ce38a9aee3d24979806f5bc141f795fd', 'admin_state_up': True, 'status': 'ACTIVE', 'external_gateway_info': {'network_id': 'b17ca395-2a67-42ac-9d08-4bf2dbb9aa77', 'external_fixed_ips': [{'subnet_id': '8c47f5f1-7b1b-4314-a6e8-4fd08ab9071c', 'ip_address': '10.180.180.170'}], 'enable_snat': True}, 'description': '', 'availability_zones': [], 'distributed': False, 'ha': False, 'availability_zone_hints': [], 'routes': [], 'flavor_id': None, 'tags': [], 'created_at': '2025-12-12T17:29:06Z', 'updated_at': '2025-12-12T17:29:06Z', 'revision_number': 2, 'project_id': 'ce38a9aee3d24979806f5bc141f795fd'}
2025-12-12 17:29:08.188 66018 INFO tempest.lib.common.rest_client [req-6d10fc73-b9a0-44aa-896b-71e0deb6ca18 req-6d10fc73-b9a0-44aa-896b-71e0deb6ca18 ] Request (ServerRescueTestJSON:tearDownClass): 200 GET http://10.180.1.21/compute/v2.1/servers/eb6a5760-b246-403f-a409-6fce5228f487 0.829s
2025-12-12 17:29:08.240 65978 INFO tempest.lib.common.rest_client [req-d116371b-52d7-4a5e-a1af-cf80f304bb67 req-d116371b-52d7-4a5e-a1af-cf80f304bb67 ] Request (ServersAdmin275Test:tearDownClass): 204 DELETE http://10.180.1.21/identity/v3/users/8c4cdee5307841e4be5d04271c452cde 0.190s
2025-12-12 17:29:08.256 65966 INFO tempest.lib.common.rest_client [req-5296ea75-743f-4055-b4fc-6a7a04338a12 req-5296ea75-743f-4055-b4fc-6a7a04338a12 ] Request (DeleteServersTestJSON:test_delete_server_while_in_attached_volume): 200 GET http://10.180.1.21/compute/v2.1/servers/a0faba58-8e64-44db-b56b-c6296f13f4fe 0.815s
2025-12-12 17:29:08.297 65992 INFO tempest.lib.common.rest_client [req-d83dd702-aa3c-4ee7-a6ef-df3efce3b9a7 req-d83dd702-aa3c-4ee7-a6ef-df3efce3b9a7 ] Request (ServerGroupTestJSON:_run_cleanups): 200 GET http://10.180.1.21/compute/v2.1/servers/54ee3a6b-57a4-4cbb-a007-be68dee5cd39 0.800s
2025-12-12 17:29:08.327 66028 INFO tempest.lib.common.rest_client [req-928ea8d4-8364-4266-b270-adef165ee7f2 req-928ea8d4-8364-4266-b270-adef165ee7f2 ] Request (AttachVolumeShelveTestJSON:setUpClass): 201 POST http://10.180.1.21/identity/v3/auth/tokens 0.136s
2025-12-12 17:29:08.349 66022 INFO tempest.lib.common.rest_client [req-29ef9f90-6174-47bf-8845-9c2978683ea8 req-29ef9f90-6174-47bf-8845-9c2978683ea8 ] Request (ImagesOneServerTestJSON:test_create_delete_image): 200 GET http://10.180.1.21/compute/v2.1/images/e8d38d71-1d03-4ca1-b15c-ca13028dd112 0.785s
2025-12-12 17:29:08.356 65968 INFO tempest.lib.common.rest_client [req-d0eb4054-4c2d-4365-a57d-f59a45ba30f0 req-d0eb4054-4c2d-4365-a57d-f59a45ba30f0 ] Request (ServerShowV257Test:tearDownClass): 200 GET http://10.180.1.21/compute/v2.1/servers/b0ef926c-8541-41e0-afba-72d4516a184f 0.829s
2025-12-12 17:29:08.389 65978 INFO tempest.lib.common.rest_client [req-4471288e-4169-4dfb-9d58-e70a2f102118 req-4471288e-4169-4dfb-9d58-e70a2f102118 ] Request (ServersAdmin275Test:tearDownClass): 204 DELETE http://10.180.1.21/identity/v3/users/5ea916896f3743a29fcc25fda39cea2f 0.149s
2025-12-12 17:29:08.390 65978 INFO tempest.lib.common.dynamic_creds [-] Deleting project and security group for project: 4888e764df7541da9a9d0147a4ad4771
2025-12-12 17:29:08.410 65982 INFO tempest.lib.common.rest_client [req-861e7c68-54ed-4df6-accc-98f06a2cda1c req-861e7c68-54ed-4df6-accc-98f06a2cda1c ] Request (MigrationsAdminTest:test_resize_server_revert_deleted_flavor): 200 GET http://10.180.1.21/compute/v2.1/servers/ac62535a-a710-49c4-b2bd-1042490cf4e2 0.843s
2025-12-12 17:29:08.433 65990 INFO tempest.lib.common.rest_client [req-48245643-f9fe-4b9f-ab14-277a8959d6f9 req-48245643-f9fe-4b9f-ab14-277a8959d6f9 ] Request (ServersWithSpecificFlavorTestJSON:test_verify_created_server_ephemeral_disk): 200 GET http://10.180.1.21/compute/v2.1/servers/c34b8066-baec-46a3-a79d-2fb195ca3e39 0.800s
2025-12-12 17:29:08.465 66010 INFO tempest.lib.common.rest_client [req-7221a452-eb4b-4066-878c-0436e7d9e768 req-7221a452-eb4b-4066-878c-0436e7d9e768 ] Request (ImagesTestJSON:test_create_server_from_snapshot): 200 GET http://10.180.1.21/compute/v2.1/images/6dfe7f1d-bfe6-472e-9bcf-7c11f5dd2ba8 0.771s
2025-12-12 17:29:08.482 65978 INFO tempest.lib.common.rest_client [req-e3354ba4-104a-43e3-a0a3-21feba347da3 req-e3354ba4-104a-43e3-a0a3-21feba347da3 ] Request (ServersAdmin275Test:tearDownClass): 201 POST http://10.180.1.21/identity/v3/auth/tokens 0.092s
2025-12-12 17:29:08.514 65997 INFO tempest.lib.common.rest_client [req-f1303110-6e2b-4030-882b-79bcf815f74f req-f1303110-6e2b-4030-882b-79bcf815f74f ] Request (ImagesOneServerNegativeTestJSON:_run_cleanups): 200 GET http://10.180.1.21/compute/v2.1/servers/45b75840-f6d8-48bf-a4b0-d20f3bc59674 0.791s
2025-12-12 17:29:08.591 66000 INFO tempest.lib.common.rest_client [req-d6cbcdaf-385e-4672-9007-8de6a219d0d0 req-d6cbcdaf-385e-4672-9007-8de6a219d0d0 ] Request (ServersAdminTestJSON:tearDownClass): 200 GET http://10.180.1.21/compute/v2.1/servers/8a083988-508a-48ce-93e3-587725234f1e 0.804s
2025-12-12 17:29:08.605 65998 INFO tempest.lib.common.rest_client [req-40be0693-f880-4ecb-8a0a-26ba9424e11d req-40be0693-f880-4ecb-8a0a-26ba9424e11d ] Request (InstanceActionsV221TestJSON:test_get_list_deleted_instance_actions): 200 GET http://10.180.1.21/compute/v2.1/servers/01b6ddcd-2181-4d78-a67a-efb5c18313e3 0.737s
2025-12-12 17:29:08.692 65980 INFO tempest.lib.common.rest_client [req-856bbafd-597d-4770-96eb-523486ec7011 req-856bbafd-597d-4770-96eb-523486ec7011 ] Request (AttachInterfacesTestJSON:_run_cleanups): 200 GET http://10.180.1.21/compute/v2.1/servers/bcab9a70-0885-4d58-818a-6193dd3b1e4d 0.765s
2025-12-12 17:29:08.707 65972 INFO tempest.lib.common.rest_client [req-2c647474-c6c8-4ca4-98bd-b04a77ea5ae4 req-2c647474-c6c8-4ca4-98bd-b04a77ea5ae4 ] Request (ServerRescueTestJSONUnderV235:tearDownClass): 200 GET http://10.180.1.21/compute/v2.1/servers/a6ede455-d5a3-4b4a-920f-df6e27435636 0.768s
2025-12-12 17:29:08.725 65972 INFO tempest.common.waiters [-] State transition "RESCUE/deleting" ==> "DELETED/None" after 5 second wait
2025-12-12 17:29:08.730 65978 INFO tempest.lib.common.rest_client [req-cce71bb4-b791-4828-ad7b-7a9870b86d8f req-cce71bb4-b791-4828-ad7b-7a9870b86d8f ] Request (ServersAdmin275Test:tearDownClass): 200 GET http://10.180.1.21/networking/v2.0/security-groups?tenant_id=4888e764df7541da9a9d0147a4ad4771&name=default 0.248s
2025-12-12 17:29:08.779 66012 INFO tempest.lib.common.rest_client [req-9cd55ac4-3ded-4710-a26c-91322684d067 req-9cd55ac4-3ded-4710-a26c-91322684d067 ] Request (ServersTestJSON:test_create_server_specify_multibyte_character_name): 200 GET http://10.180.1.21/compute/v2.1/servers/0db391e9-e94c-4487-a12d-2c4bee43aed8 0.763s
2025-12-12 17:29:08.809 65976 INFO tempest.lib.common.rest_client [req-7290a58d-ade5-4ed1-98d0-f9eb55084ebb req-7290a58d-ade5-4ed1-98d0-f9eb55084ebb ] Request (ServerActionsTestOtherA:setUpClass): 200 GET http://10.180.1.21/compute/v2.1/servers/ce530210-08fc-4369-9dd4-cb9b51ad5a32 0.810s
2025-12-12 17:29:08.827 65988 INFO tempest.lib.common.rest_client [req-26068a20-b77d-4d0e-830c-1a86e78b97cb req-26068a20-b77d-4d0e-830c-1a86e78b97cb ] Request (ImagesNegativeTestJSON:test_create_image_specify_uuid_37_characters_or_more): 404 POST http://10.180.1.21/compute/v2.1/servers/aaaaaaaaaaaaaaaaaaaaaaaaaaaaaaaaaaaaa/action 0.797s
2025-12-12 17:29:08.853 65978 INFO tempest.lib.common.rest_client [req-ad7ad20a-8ee7-4f36-abad-2f9489097ff9 req-ad7ad20a-8ee7-4f36-abad-2f9489097ff9 ] Request (ServersAdmin275Test:tearDownClass): 204 DELETE http://10.180.1.21/networking/v2.0/security-groups/8551da01-2e1b-4cd9-94b5-99f4bc874d12 0.122s
2025-12-12 17:29:08.900 66014 INFO tempest.lib.common.rest_client [req-87da0c19-e515-4ac9-81e4-f38b5747fc83 req-87da0c19-e515-4ac9-81e4-f38b5747fc83 ] Request (SecurityGroupsTestJSON:test_list_security_groups_by_server): 200 GET http://10.180.1.21/compute/v2.1/servers/ca2fd846-cdda-43bd-9dee-30211e256780 0.885s
2025-12-12 17:29:08.932 66002 WARNING tempest.lib.common.ssh [-] Failed to establish authenticated ssh connection to cirros@10.180.180.148 ([Errno None] Unable to connect to port 22 on 10.180.180.148). Number attempts: 4. Retry after 5 seconds.: paramiko.ssh_exception.NoValidConnectionsError: [Errno None] Unable to connect to port 22 on 10.180.180.148
2025-12-12 17:29:08.988 65978 INFO tempest.lib.common.rest_client [req-90e17fe0-365c-4145-b8f9-d448e42639fd req-90e17fe0-365c-4145-b8f9-d448e42639fd ] Request (ServersAdmin275Test:tearDownClass): 204 DELETE http://10.180.1.21/identity/v3/projects/4888e764df7541da9a9d0147a4ad4771 0.134s
2025-12-12 17:29:08.988 65978 INFO tempest.lib.common.dynamic_creds [-] Deleting project and security group for project: 04ad28b01b6d4ddc95247e11f5696c6d
2025-12-12 17:29:09.149 65978 INFO tempest.lib.common.rest_client [req-7b76daea-3a3a-4e19-b230-696325ccd8a0 req-7b76daea-3a3a-4e19-b230-696325ccd8a0 ] Request (ServersAdmin275Test:tearDownClass): 200 GET http://10.180.1.21/networking/v2.0/security-groups?tenant_id=04ad28b01b6d4ddc95247e11f5696c6d&name=default 0.160s
2025-12-12 17:29:09.181 66028 INFO tempest.lib.common.rest_client [req-41c32da1-cab6-46e8-8964-5a00c694207e req-41c32da1-cab6-46e8-8964-5a00c694207e ] Request (ValidationResourcesFixture:setUp): 201 POST http://10.180.1.21/compute/v2.1/os-keypairs 0.850s
2025-12-12 17:29:09.189 65994 INFO tempest.lib.common.rest_client [req-b586bb8b-57e7-41e0-bdb8-6f40eea4cdc6 req-b586bb8b-57e7-41e0-bdb8-6f40eea4cdc6 ] Request (ListImageFiltersTestJSON:tearDownClass): 200 GET http://10.180.1.21/compute/v2.1/servers/9069fd9f-0be7-43af-a4af-6d4d3f13a419 0.979s
2025-12-12 17:29:09.261 65988 INFO tempest.lib.common.rest_client [req-85c4533b-8774-4a5f-81d0-6e3cf75b1d90 req-85c4533b-8774-4a5f-81d0-6e3cf75b1d90 ] Request (ImagesNegativeTestJSON:tearDownClass): 404 DELETE http://10.180.1.21/compute/v2.1/servers/302928c9-bf98-4b62-afe3-2cebd6024775 0.428s
2025-12-12 17:29:09.316 65978 INFO tempest.lib.common.rest_client [req-a6bdff62-a012-42f4-983e-c56ceab7d2f4 req-a6bdff62-a012-42f4-983e-c56ceab7d2f4 ] Request (ServersAdmin275Test:tearDownClass): 204 DELETE http://10.180.1.21/networking/v2.0/security-groups/c3812a4f-cc6d-42a7-b3c0-17e59446346b 0.167s
2025-12-12 17:29:09.359 65984 INFO tempest.lib.common.rest_client [req-b0c5cf2a-865c-4cce-b663-b70db1cf9b96 req-b0c5cf2a-865c-4cce-b663-b70db1cf9b96 ] Request (ServersListShow2100Test:tearDownClass): 200 GET http://10.180.1.21/compute/v2.1/servers/e9e0f7b8-27c8-4b45-bea2-5252ed9c84cc 0.530s
2025-12-12 17:29:09.376 66028 INFO tempest.lib.common.rest_client [req-d1ebc37b-c078-4dc5-ab9f-5ae008f101bd req-d1ebc37b-c078-4dc5-ab9f-5ae008f101bd ] Request (ValidationResourcesFixture:setUp): 201 POST http://10.180.1.21/networking/v2.0/security-groups 0.189s
2025-12-12 17:29:09.429 66020 INFO tempest.lib.common.rest_client [req-dd24b2fc-db1e-4b72-b839-d291653fdc48 req-dd24b2fc-db1e-4b72-b839-d291653fdc48 ] Request (ServersTestMultiNic:test_verify_duplicate_network_nics): 200 GET http://10.180.1.21/compute/v2.1/servers/07e5765b-7f50-4423-92ec-259ce6cb50ab 0.342s
2025-12-12 17:29:09.449 66006 INFO tempest.lib.common.rest_client [req-361f065e-8d8c-4c14-a4be-1cb031b8c8fd req-361f065e-8d8c-4c14-a4be-1cb031b8c8fd ] Request (ServerTagsTestJSON:tearDownClass): 200 GET http://10.180.1.21/compute/v2.1/servers/6a60f6de-1322-48d0-9b2a-73ce9e5ee7b3 0.284s
2025-12-12 17:29:09.466 66018 INFO tempest.lib.common.rest_client [req-c7c84add-0901-485f-81c6-00677f8ccef2 req-c7c84add-0901-485f-81c6-00677f8ccef2 ] Request (ServerRescueTestJSON:tearDownClass): 404 GET http://10.180.1.21/compute/v2.1/servers/eb6a5760-b246-403f-a409-6fce5228f487 0.266s
2025-12-12 17:29:09.477 65978 INFO tempest.lib.common.rest_client [req-b5422448-b39c-43da-a0b4-8147d312b122 req-b5422448-b39c-43da-a0b4-8147d312b122 ] Request (ServersAdmin275Test:tearDownClass): 204 DELETE http://10.180.1.21/identity/v3/projects/04ad28b01b6d4ddc95247e11f5696c6d 0.160s
2025-12-12 17:29:09.478 65978 INFO tempest.test [-] raised in ServersOnMultiNodesTest.setUpClass. Invoking tearDownClass.
2025-12-12 17:29:09.497 65988 INFO tempest.lib.common.rest_client [req-e7afd366-21b0-4c4f-991b-1e0179d4cc8c req-e7afd366-21b0-4c4f-991b-1e0179d4cc8c ] Request (ImagesNegativeTestJSON:tearDownClass): 404 GET http://10.180.1.21/compute/v2.1/servers/302928c9-bf98-4b62-afe3-2cebd6024775 0.235s
2025-12-12 17:29:09.521 66028 INFO tempest.lib.common.rest_client [req-1e3df746-96bd-469b-ab55-1e08acf3ecb8 req-1e3df746-96bd-469b-ab55-1e08acf3ecb8 ] Request (ValidationResourcesFixture:setUp): 201 POST http://10.180.1.21/networking/v2.0/security-group-rules 0.144s
2025-12-12 17:29:09.609 65978 INFO tempest.lib.common.rest_client [req-32c24373-5cf6-4677-ba50-6f9a172d3ab8 req-32c24373-5cf6-4677-ba50-6f9a172d3ab8 ] Request (SecurityGroupsNegativeTestJSON:setUpClass): 201 POST http://10.180.1.21/identity/v3/auth/tokens 0.128s
2025-12-12 17:29:09.655 65978 INFO tempest.lib.common.rest_client [req-8cf66843-bfe2-4ff5-b792-39568f46b4cc req-8cf66843-bfe2-4ff5-b792-39568f46b4cc ] Request (SecurityGroupsNegativeTestJSON:setUpClass): 201 POST http://10.180.1.21/identity/v3/auth/tokens 0.040s
2025-12-12 17:29:09.701 65978 INFO tempest.lib.common.rest_client [req-2144964f-d895-482d-8b40-ec7992fd0604 req-2144964f-d895-482d-8b40-ec7992fd0604 ] Request (SecurityGroupsNegativeTestJSON:setUpClass): 200 GET http://10.180.1.21/identity/v3/domains?name=Default 0.045s
2025-12-12 17:29:09.752 65978 INFO tempest.lib.common.rest_client [req-28177b62-67d0-459b-bf2e-7b423c38c713 req-28177b62-67d0-459b-bf2e-7b423c38c713 ] Request (SecurityGroupsNegativeTestJSON:setUpClass): 201 POST http://10.180.1.21/identity/v3/projects 0.051s
2025-12-12 17:29:09.834 65978 INFO tempest.lib.common.rest_client [req-64ba7d81-4d70-4536-b39d-17a89cf594e5 req-64ba7d81-4d70-4536-b39d-17a89cf594e5 ] Request (SecurityGroupsNegativeTestJSON:setUpClass): 201 POST http://10.180.1.21/identity/v3/users 0.081s
2025-12-12 17:29:09.859 65978 INFO tempest.lib.common.rest_client [req-ce762e40-0f71-4ac3-ae9a-6c66490d3626 req-ce762e40-0f71-4ac3-ae9a-6c66490d3626 ] Request (SecurityGroupsNegativeTestJSON:setUpClass): 200 GET http://10.180.1.21/identity/v3/roles 0.024s
2025-12-12 17:29:09.886 65978 INFO tempest.lib.common.rest_client [req-e8f652fc-d168-4414-8359-a58b3c90c0eb req-e8f652fc-d168-4414-8359-a58b3c90c0eb ] Request (SecurityGroupsNegativeTestJSON:setUpClass): 204 PUT http://10.180.1.21/identity/v3/projects/0567e784bc394060ac71c24d573c8346/users/20b2166769de4eb18d875aef3d341c6c/roles/c8a9eb5be65040ca8c10b7e1115dfa92 0.026s
2025-12-12 17:29:09.886 65978 INFO tempest.lib.common.dynamic_creds [-] Dynamic test user 20b2166769de4eb18d875aef3d341c6c is created with scope project and roles: ['member']
2025-12-12 17:29:09.886 65978 INFO tempest.lib.common.dynamic_creds [-] Acquired dynamic creds: credentials: Credentials: {'domain_id': 'default', 'domain_name': 'Default', 'username': 'tempest-SecurityGroupsNegativeTestJSON-2047111465-project-member', 'project_domain_id': 'default', 'project_domain_name': 'Default', 'project_id': '0567e784bc394060ac71c24d573c8346', 'project_name': 'tempest-SecurityGroupsNegativeTestJSON-2047111465', 'tenant_id': '0567e784bc394060ac71c24d573c8346', 'tenant_name': 'tempest-SecurityGroupsNegativeTestJSON-2047111465', 'user_domain_id': 'default', 'user_domain_name': 'Default', 'user_id': '20b2166769de4eb18d875aef3d341c6c', 'system': None}, Network: None, Subnet: None, Router: None
2025-12-12 17:29:09.945 65978 INFO tempest.lib.common.rest_client [req-57ef3bac-a792-4d65-9eb0-41154ab21532 req-57ef3bac-a792-4d65-9eb0-41154ab21532 ] Request (SecurityGroupsNegativeTestJSON:setUpClass): 201 POST http://10.180.1.21/identity/v3/auth/tokens 0.058s
2025-12-12 17:29:10.333 66018 INFO tempest.lib.common.rest_client [req-b343051c-54df-4f23-b354-555316e71984 req-b343051c-54df-4f23-b354-555316e71984 ] Request (ServerRescueTestJSON:tearDownClass): 200 PUT http://10.180.1.21/networking/v2.0/routers/714e63b8-e174-43d6-bbe8-dbf3379a265f/remove_router_interface 0.866s
2025-12-12 17:29:10.350 65988 INFO tempest.lib.common.rest_client [req-fd26c61b-9bfd-49a1-b80f-40c01cdba7cc req-fd26c61b-9bfd-49a1-b80f-40c01cdba7cc ] Request (ImagesNegativeTestJSON:tearDownClass): 200 PUT http://10.180.1.21/networking/v2.0/routers/f4047ba7-c87d-44c3-a860-f7f58a353580/remove_router_interface 0.852s
2025-12-12 17:29:10.384 65992 INFO tempest.lib.common.rest_client [req-f1ac64bf-ab3d-4f92-907a-8b716d1a4bb5 req-f1ac64bf-ab3d-4f92-907a-8b716d1a4bb5 ] Request (ServerGroupTestJSON:_run_cleanups): 200 GET http://10.180.1.21/compute/v2.1/servers/54ee3a6b-57a4-4cbb-a007-be68dee5cd39 1.067s
2025-12-12 17:29:10.400 65966 INFO tempest.lib.common.rest_client [req-c62ef9bc-a74d-40ef-af6b-81f4e1df7328 req-c62ef9bc-a74d-40ef-af6b-81f4e1df7328 ] Request (DeleteServersTestJSON:test_delete_server_while_in_attached_volume): 200 GET http://10.180.1.21/compute/v2.1/servers/a0faba58-8e64-44db-b56b-c6296f13f4fe 1.133s
2025-12-12 17:29:10.437 66028 INFO tempest.lib.common.rest_client [req-44daa0b5-413d-4060-9616-a533fec0a333 req-44daa0b5-413d-4060-9616-a533fec0a333 ] Request (ValidationResourcesFixture:setUp): 201 POST http://10.180.1.21/networking/v2.0/security-group-rules 0.916s
2025-12-12 17:29:10.440 66022 INFO tempest.lib.common.rest_client [req-51344f09-7aaa-4d3e-9dbf-bbf8ee06e6cb req-51344f09-7aaa-4d3e-9dbf-bbf8ee06e6cb ] Request (ImagesOneServerTestJSON:test_create_delete_image): 200 GET http://10.180.1.21/compute/v2.1/images/e8d38d71-1d03-4ca1-b15c-ca13028dd112 1.085s
2025-12-12 17:29:10.719 65978 INFO tempest.lib.common.rest_client [req-3e96f743-c209-44fd-b0c5-617ce91c52ca req-3e96f743-c209-44fd-b0c5-617ce91c52ca ] Request (SecurityGroupsNegativeTestJSON:setUpClass): 201 POST http://10.180.1.21/networking/v2.0/networks 0.774s
2025-12-12 17:29:10.947 66018 INFO tempest.lib.common.rest_client [req-6cc3fc1a-b0d0-4ff8-823f-2d30c476b975 req-6cc3fc1a-b0d0-4ff8-823f-2d30c476b975 ] Request (ServerRescueTestJSON:tearDownClass): 204 DELETE http://10.180.1.21/networking/v2.0/routers/714e63b8-e174-43d6-bbe8-dbf3379a265f 0.613s
2025-12-12 17:29:11.139 65988 INFO tempest.lib.common.rest_client [req-391172db-9a68-402a-be34-cff459aff199 req-391172db-9a68-402a-be34-cff459aff199 ] Request (ImagesNegativeTestJSON:tearDownClass): 204 DELETE http://10.180.1.21/networking/v2.0/routers/f4047ba7-c87d-44c3-a860-f7f58a353580 0.789s
2025-12-12 17:29:11.171 65968 INFO tempest.lib.common.rest_client [req-74404258-81d0-4fc6-8a98-68f03a4ede18 req-74404258-81d0-4fc6-8a98-68f03a4ede18 ] Request (ServerShowV257Test:tearDownClass): 200 GET http://10.180.1.21/compute/v2.1/servers/b0ef926c-8541-41e0-afba-72d4516a184f 1.800s
2025-12-12 17:29:11.185 65982 INFO tempest.lib.common.rest_client [req-2535cf56-68e1-4fa8-bc75-a30df2b376c9 req-2535cf56-68e1-4fa8-bc75-a30df2b376c9 ] Request (MigrationsAdminTest:test_resize_server_revert_deleted_flavor): 200 GET http://10.180.1.21/compute/v2.1/servers/ac62535a-a710-49c4-b2bd-1042490cf4e2 1.762s
