2025-12-12 17:29:11.232 66010 INFO tempest.lib.common.rest_client [req-08bbe373-f6a9-454e-aa02-aadfef553154 req-08bbe373-f6a9-454e-aa02-aadfef553154 ] Request (ImagesTestJSON:test_create_server_from_snapshot): 200 GET http://10.180.1.21/compute/v2.1/images/6dfe7f1d-bfe6-472e-9bcf-7c11f5dd2ba8 1.761s
2025-12-12 17:29:11.348 65978 INFO tempest.lib.common.rest_client [req-cdad3505-64e6-47d6-bd2e-0a35ce5b956c req-cdad3505-64e6-47d6-bd2e-0a35ce5b956c ] Request (SecurityGroupsNegativeTestJSON:setUpClass): 201 POST http://10.180.1.21/networking/v2.0/subnets 0.628s
2025-12-12 17:29:11.379 66028 INFO tempest.lib.common.rest_client [req-6dc67e24-ab2e-42a7-97b6-08bd292c59c6 req-6dc67e24-ab2e-42a7-97b6-08bd292c59c6 ] Request (ValidationResourcesFixture:setUp): 201 POST http://10.180.1.21/networking/v2.0/floatingips 0.941s
2025-12-12 17:29:11.445 66018 INFO tempest.lib.common.rest_client [req-4d507fe0-4665-42a4-bdfb-46df398bb1ae req-4d507fe0-4665-42a4-bdfb-46df398bb1ae ] Request (ServerRescueTestJSON:tearDownClass): 204 DELETE http://10.180.1.21/networking/v2.0/subnets/c1cfd1df-38bd-4f50-8e45-4293d6a61b03 0.497s
2025-12-12 17:29:11.459 66028 INFO tempest.lib.common.rest_client [req-1ee3e92b-b5a2-4a26-8302-90fd2797873e req-1ee3e92b-b5a2-4a26-8302-90fd2797873e ] Request (AttachVolumeShelveTestJSON:test_attach_volume_shelved_or_offload_server): 201 POST http://10.180.1.21/identity/v3/auth/tokens 0.076s
2025-12-12 17:29:11.459 66028 INFO tempest.lib.common.fixed_network [-] (AttachVolumeShelveTestJSON:test_attach_volume_shelved_or_offload_server) Found network {'id': 'f5ce1482-09a3-42bc-a953-75b17ba079cd', 'name': 'tempest-AttachVolumeShelveTestJSON-444820412-network', 'tenant_id': 'ce38a9aee3d24979806f5bc141f795fd', 'project_id': 'ce38a9aee3d24979806f5bc141f795fd', 'admin_state_up': True, 'mtu': 8950, 'status': 'ACTIVE', 'subnets': [], 'shared': False, 'port_security_enabled': True, 'router:external': False, 'provider:network_type': 'vlan', 'provider:physical_network': 'default', 'provider:segmentation_id': 78, 'availability_zone_hints': [], 'availability_zones': [], 'ipv4_address_scope': None, 'ipv6_address_scope': None, 'description': '', 'tags': [], 'created_at': '2025-12-12T17:29:05Z', 'updated_at': '2025-12-12T17:29:05Z', 'revision_number': 1} available for tenant
2025-12-12 17:29:11.477 65990 INFO tempest.lib.common.rest_client [req-f62b1b05-7427-48f9-91d9-f907fef4b717 req-f62b1b05-7427-48f9-91d9-f907fef4b717 ] Request (ServersWithSpecificFlavorTestJSON:test_verify_created_server_ephemeral_disk): 200 GET http://10.180.1.21/compute/v2.1/servers/c34b8066-baec-46a3-a79d-2fb195ca3e39 2.033s
2025-12-12 17:29:11.495 65997 INFO tempest.lib.common.rest_client [req-1e538fe9-7da4-426f-a868-109fe41f53cb req-1e538fe9-7da4-426f-a868-109fe41f53cb ] Request (ImagesOneServerNegativeTestJSON:_run_cleanups): 200 GET http://10.180.1.21/compute/v2.1/servers/45b75840-f6d8-48bf-a4b0-d20f3bc59674 1.968s
2025-12-12 17:29:11.542 65988 INFO tempest.lib.common.rest_client [req-57faedb9-db20-4719-9266-588723171870 req-57faedb9-db20-4719-9266-588723171870 ] Request (ImagesNegativeTestJSON:tearDownClass): 204 DELETE http://10.180.1.21/networking/v2.0/subnets/870705de-2756-47d1-994a-1b8c0cc6386b 0.403s
2025-12-12 17:29:11.742 66018 INFO tempest.lib.common.rest_client [req-b191061a-2aba-4546-8c5c-9f2cb14b420b req-b191061a-2aba-4546-8c5c-9f2cb14b420b ] Request (ServerRescueTestJSON:tearDownClass): 204 DELETE http://10.180.1.21/networking/v2.0/networks/5f43bed2-06cc-41d4-818a-6f24acc0c09c 0.296s
2025-12-12 17:29:11.778 66000 INFO tempest.lib.common.rest_client [req-374b01f4-7e96-433c-ae26-5132806d4db3 req-374b01f4-7e96-433c-ae26-5132806d4db3 ] Request (ServersAdminTestJSON:tearDownClass): 200 GET http://10.180.1.21/compute/v2.1/servers/8a083988-508a-48ce-93e3-587725234f1e 2.177s
2025-12-12 17:29:11.797 65998 INFO tempest.lib.common.rest_client [req-8877680b-d730-4b3f-84a5-78a0b234f66d req-8877680b-d730-4b3f-84a5-78a0b234f66d ] Request (InstanceActionsV221TestJSON:test_get_list_deleted_instance_actions): 200 GET http://10.180.1.21/compute/v2.1/servers/01b6ddcd-2181-4d78-a67a-efb5c18313e3 2.175s
2025-12-12 17:29:11.847 66018 INFO tempest.lib.common.rest_client [req-bf01a4f4-9139-4a85-9de7-ce0af4dde652 req-bf01a4f4-9139-4a85-9de7-ce0af4dde652 ] Request (ServerRescueTestJSON:tearDownClass): 204 DELETE http://10.180.1.21/identity/v3/users/df52a8ef7eb4426faf2549ceb64aec48 0.105s
2025-12-12 17:29:11.848 66018 INFO tempest.lib.common.dynamic_creds [-] Deleting project and security group for project: a354c72d7e7c4b6eb4dc3b11be38d409
2025-12-12 17:29:12.089 65988 INFO tempest.lib.common.rest_client [req-a1586187-70d0-4a70-bcf7-6b6d75eeefe4 req-a1586187-70d0-4a70-bcf7-6b6d75eeefe4 ] Request (ImagesNegativeTestJSON:tearDownClass): 204 DELETE http://10.180.1.21/networking/v2.0/networks/bf1fdda5-9ab1-4219-9043-37c094bdf36c 0.546s
2025-12-12 17:29:12.117 65980 INFO tempest.lib.common.rest_client [req-115b7c69-e8bc-4e8c-bff2-ac012cf11607 req-115b7c69-e8bc-4e8c-bff2-ac012cf11607 ] Request (AttachInterfacesTestJSON:_run_cleanups): 200 GET http://10.180.1.21/compute/v2.1/servers/bcab9a70-0885-4d58-818a-6193dd3b1e4d 2.415s
2025-12-12 17:29:12.137 66018 INFO tempest.lib.common.rest_client [req-765af060-a02d-471c-92ef-0566c1df31d8 req-765af060-a02d-471c-92ef-0566c1df31d8 ] Request (ServerRescueTestJSON:tearDownClass): 200 GET http://10.180.1.21/networking/v2.0/security-groups?tenant_id=a354c72d7e7c4b6eb4dc3b11be38d409&name=default 0.289s
2025-12-12 17:29:12.166 65972 INFO tempest.lib.common.rest_client [req-8718c224-c5b8-4d39-83d7-14b944a53980 req-8718c224-c5b8-4d39-83d7-14b944a53980 ] Request (ServerRescueTestJSONUnderV235:tearDownClass): 200 GET http://10.180.1.21/compute/v2.1/servers/a6ede455-d5a3-4b4a-920f-df6e27435636 2.438s
2025-12-12 17:29:12.221 65988 INFO tempest.lib.common.rest_client [req-9727cba3-97c3-46bf-b13f-20663eebe42d req-9727cba3-97c3-46bf-b13f-20663eebe42d ] Request (ImagesNegativeTestJSON:tearDownClass): 204 DELETE http://10.180.1.21/identity/v3/users/a069441a90114af4b6c76c65acd6a839 0.131s
2025-12-12 17:29:12.221 65988 INFO tempest.lib.common.dynamic_creds [-] Deleting project and security group for project: ef5ccb2b418f42968f91edbcb122f411
2025-12-12 17:29:12.289 66018 INFO tempest.lib.common.rest_client [req-9ced7a62-a581-4311-b559-83212a6ace8a req-9ced7a62-a581-4311-b559-83212a6ace8a ] Request (ServerRescueTestJSON:tearDownClass): 204 DELETE http://10.180.1.21/networking/v2.0/security-groups/058ea99b-3460-4684-a1a5-dc0770c5cbbd 0.152s
2025-12-12 17:29:12.318 66012 INFO tempest.lib.common.rest_client [req-d253c243-92d5-4c4f-827c-6979dcbb6824 req-d253c243-92d5-4c4f-827c-6979dcbb6824 ] Request (ServersTestJSON:test_create_server_specify_multibyte_character_name): 200 GET http://10.180.1.21/compute/v2.1/servers/0db391e9-e94c-4487-a12d-2c4bee43aed8 2.531s
2025-12-12 17:29:12.332 65976 INFO tempest.lib.common.rest_client [req-ef9af119-e1eb-41db-a556-5755a5ca827d req-ef9af119-e1eb-41db-a556-5755a5ca827d ] Request (ServerActionsTestOtherA:setUpClass): 200 GET http://10.180.1.21/compute/v2.1/servers/ce530210-08fc-4369-9dd4-cb9b51ad5a32 2.509s
2025-12-12 17:29:12.333 66012 INFO tempest.common.waiters [-] State transition "BUILD/scheduling" ==> "BUILD/None" after 4 second wait
2025-12-12 17:29:12.354 65988 INFO tempest.lib.common.rest_client [req-29fb77ec-2cab-4ee1-a41e-eb38ee65cf08 req-29fb77ec-2cab-4ee1-a41e-eb38ee65cf08 ] Request (ImagesNegativeTestJSON:tearDownClass): 200 GET http://10.180.1.21/networking/v2.0/security-groups?tenant_id=ef5ccb2b418f42968f91edbcb122f411&name=default 0.131s
2025-12-12 17:29:12.367 65978 INFO tempest.lib.common.rest_client [req-fe89f5fe-d6f8-4d66-9e0f-6ae0e8ce6f3e req-fe89f5fe-d6f8-4d66-9e0f-6ae0e8ce6f3e ] Request (SecurityGroupsNegativeTestJSON:setUpClass): 201 POST http://10.180.1.21/networking/v2.0/routers 1.018s
2025-12-12 17:29:12.392 66014 INFO tempest.lib.common.rest_client [req-de78f169-2b59-44af-86c4-6b821e616e04 req-de78f169-2b59-44af-86c4-6b821e616e04 ] Request (SecurityGroupsTestJSON:test_list_security_groups_by_server): 200 GET http://10.180.1.21/compute/v2.1/servers/ca2fd846-cdda-43bd-9dee-30211e256780 2.476s
2025-12-12 17:29:12.427 66018 INFO tempest.lib.common.rest_client [req-3209a5a8-77f3-42f0-a5b3-64f7631fdbec req-3209a5a8-77f3-42f0-a5b3-64f7631fdbec ] Request (ServerRescueTestJSON:tearDownClass): 204 DELETE http://10.180.1.21/identity/v3/projects/a354c72d7e7c4b6eb4dc3b11be38d409 0.137s
2025-12-12 17:29:12.459 65988 INFO tempest.lib.common.rest_client [req-e5dc1f25-5aba-4d07-ac93-9d83de3aaeab req-e5dc1f25-5aba-4d07-ac93-9d83de3aaeab ] Request (ImagesNegativeTestJSON:tearDownClass): 204 DELETE http://10.180.1.21/networking/v2.0/security-groups/6201f4e9-0079-405c-937a-c370da7c717b 0.105s
2025-12-12 17:29:12.491 65994 INFO tempest.lib.common.rest_client [req-9f256213-7c94-405c-9bd6-abf76bd16ebd req-9f256213-7c94-405c-9bd6-abf76bd16ebd ] Request (ListImageFiltersTestJSON:tearDownClass): 200 GET http://10.180.1.21/compute/v2.1/servers/9069fd9f-0be7-43af-a4af-6d4d3f13a419 2.288s
2025-12-12 17:29:12.499 65994 INFO tempest.common.waiters [-] State transition "ACTIVE/deleting" ==> "DELETED/None" after 5 second wait
2025-12-12 17:29:12.504 66018 INFO tempest.lib.common.rest_client [req-98d59cde-90db-419b-b00a-1f021f2c7a9d req-98d59cde-90db-419b-b00a-1f021f2c7a9d ] Request (AttachVolumeTestJSON:setUpClass): 201 POST http://10.180.1.21/identity/v3/auth/tokens 0.074s
2025-12-12 17:29:12.506 65984 INFO tempest.lib.common.rest_client [req-40aa6f90-acb2-4ae4-9b7c-b26d9c600e72 req-40aa6f90-acb2-4ae4-9b7c-b26d9c600e72 ] Request (ServersListShow2100Test:tearDownClass): 200 GET http://10.180.1.21/compute/v2.1/servers/e9e0f7b8-27c8-4b45-bea2-5252ed9c84cc 2.130s
2025-12-12 17:29:12.541 66018 INFO tempest.lib.common.rest_client [req-7d6aa484-1cf0-4346-a98e-955e88d5c86d req-7d6aa484-1cf0-4346-a98e-955e88d5c86d ] Request (AttachVolumeTestJSON:setUpClass): 201 POST http://10.180.1.21/identity/v3/auth/tokens 0.033s
2025-12-12 17:29:12.568 66018 INFO tempest.lib.common.rest_client [req-ab8fafa7-a57c-441e-b352-a6af69cf8cab req-ab8fafa7-a57c-441e-b352-a6af69cf8cab ] Request (AttachVolumeTestJSON:setUpClass): 200 GET http://10.180.1.21/identity/v3/domains?name=Default 0.027s
2025-12-12 17:29:12.592 66006 INFO tempest.lib.common.rest_client [req-344d0013-d876-49ba-9bb0-e4a15fd887cc req-344d0013-d876-49ba-9bb0-e4a15fd887cc ] Request (ServerTagsTestJSON:tearDownClass): 200 GET http://10.180.1.21/compute/v2.1/servers/6a60f6de-1322-48d0-9b2a-73ce9e5ee7b3 2.127s
2025-12-12 17:29:12.608 66018 INFO tempest.lib.common.rest_client [req-6e51cda8-00be-42d4-885a-8a7327e83d3f req-6e51cda8-00be-42d4-885a-8a7327e83d3f ] Request (AttachVolumeTestJSON:setUpClass): 201 POST http://10.180.1.21/identity/v3/projects 0.039s
2025-12-12 17:29:12.623 65992 INFO tempest.lib.common.rest_client [req-d6698179-82cc-429b-a557-603c43f21dc5 req-d6698179-82cc-429b-a557-603c43f21dc5 ] Request (ServerGroupTestJSON:_run_cleanups): 404 GET http://10.180.1.21/compute/v2.1/servers/54ee3a6b-57a4-4cbb-a007-be68dee5cd39 1.226s
2025-12-12 17:29:12.648 65988 INFO tempest.lib.common.rest_client [req-98479c64-b80d-4e6f-98bb-fbd69873d840 req-98479c64-b80d-4e6f-98bb-fbd69873d840 ] Request (ImagesNegativeTestJSON:tearDownClass): 204 DELETE http://10.180.1.21/identity/v3/projects/ef5ccb2b418f42968f91edbcb122f411 0.188s
2025-12-12 17:29:12.701 66020 INFO tempest.lib.common.rest_client [req-9f281050-df0e-4ac1-90b4-df199c134be1 req-9f281050-df0e-4ac1-90b4-df199c134be1 ] Request (ServersTestMultiNic:test_verify_duplicate_network_nics): 200 GET http://10.180.1.21/compute/v2.1/servers/07e5765b-7f50-4423-92ec-259ce6cb50ab 2.256s
2025-12-12 17:29:12.702 66018 INFO tempest.lib.common.rest_client [req-5d8a7f94-7711-432d-bb85-0c394210e6d3 req-5d8a7f94-7711-432d-bb85-0c394210e6d3 ] Request (AttachVolumeTestJSON:setUpClass): 201 POST http://10.180.1.21/identity/v3/users 0.093s
2025-12-12 17:29:12.715 66020 INFO tempest.common.waiters [-] State transition "BUILD/spawning" ==> "ACTIVE/None" after 63 second wait
2025-12-12 17:29:12.715 65988 INFO tempest.lib.common.rest_client [req-00e08879-17fa-433a-871a-e435ad858026 req-00e08879-17fa-433a-871a-e435ad858026 ] Request (ServersV294TestFqdnHostnames:setUpClass): 201 POST http://10.180.1.21/identity/v3/auth/tokens 0.064s
2025-12-12 17:29:12.749 65966 INFO tempest.lib.common.rest_client [req-627c1cda-8919-4ef0-a372-7b1e7429c2fe req-627c1cda-8919-4ef0-a372-7b1e7429c2fe ] Request (DeleteServersTestJSON:test_delete_server_while_in_attached_volume): 200 GET http://10.180.1.21/compute/v2.1/servers/a0faba58-8e64-44db-b56b-c6296f13f4fe 1.338s
2025-12-12 17:29:12.753 66018 INFO tempest.lib.common.rest_client [req-54e40a6f-1b5b-405e-a590-a4b7b25297fd req-54e40a6f-1b5b-405e-a590-a4b7b25297fd ] Request (AttachVolumeTestJSON:setUpClass): 200 GET http://10.180.1.21/identity/v3/roles 0.050s
2025-12-12 17:29:12.757 66022 INFO tempest.lib.common.rest_client [req-452f7e62-f1bf-413f-8012-9c3b8e14c916 req-452f7e62-f1bf-413f-8012-9c3b8e14c916 ] Request (ImagesOneServerTestJSON:test_create_delete_image): 200 GET http://10.180.1.21/compute/v2.1/images/e8d38d71-1d03-4ca1-b15c-ca13028dd112 1.313s
2025-12-12 17:29:12.761 65988 INFO tempest.lib.common.rest_client [req-54310197-36bc-4f7d-885c-81f96b8d9df9 req-54310197-36bc-4f7d-885c-81f96b8d9df9 ] Request (ServersV294TestFqdnHostnames:setUpClass): 201 POST http://10.180.1.21/identity/v3/auth/tokens 0.039s
2025-12-12 17:29:12.791 66018 INFO tempest.lib.common.rest_client [req-12caacd8-fb13-41fc-8f06-ea198d59ac4c req-12caacd8-fb13-41fc-8f06-ea198d59ac4c ] Request (AttachVolumeTestJSON:setUpClass): 204 PUT http://10.180.1.21/identity/v3/projects/f56b236498f64dff8699ea3d8e72e26d/users/da2775c9e57647148f789ade41fa31e2/roles/c8a9eb5be65040ca8c10b7e1115dfa92 0.038s
2025-12-12 17:29:12.791 66018 INFO tempest.lib.common.dynamic_creds [-] Dynamic test user da2775c9e57647148f789ade41fa31e2 is created with scope project and roles: ['member']
2025-12-12 17:29:12.792 66018 INFO tempest.lib.common.dynamic_creds [-] Acquired dynamic creds: credentials: Credentials: {'domain_id': 'default', 'domain_name': 'Default', 'username': 'tempest-AttachVolumeTestJSON-1796854117-project-member', 'project_domain_id': 'default', 'project_domain_name': 'Default', 'project_id': 'f56b236498f64dff8699ea3d8e72e26d', 'project_name': 'tempest-AttachVolumeTestJSON-1796854117', 'tenant_id': 'f56b236498f64dff8699ea3d8e72e26d', 'tenant_name': 'tempest-AttachVolumeTestJSON-1796854117', 'user_domain_id': 'default', 'user_domain_name': 'Default', 'user_id': 'da2775c9e57647148f789ade41fa31e2', 'system': None}, Network: None, Subnet: None, Router: None
2025-12-12 17:29:12.796 65988 INFO tempest.lib.common.rest_client [req-df44b580-7c36-40cf-96f6-4a1018df7b7f req-df44b580-7c36-40cf-96f6-4a1018df7b7f ] Request (ServersV294TestFqdnHostnames:setUpClass): 200 GET http://10.180.1.21/identity/v3/domains?name=Default 0.034s
2025-12-12 17:29:12.870 66018 INFO tempest.lib.common.rest_client [req-8ce73301-5d4c-4ceb-944d-129ef5f834e3 req-8ce73301-5d4c-4ceb-944d-129ef5f834e3 ] Request (AttachVolumeTestJSON:setUpClass): 201 POST http://10.180.1.21/identity/v3/auth/tokens 0.078s
2025-12-12 17:29:12.874 65988 INFO tempest.lib.common.rest_client [req-99254fdd-fcd2-45e3-9c1f-82ba1e040d27 req-99254fdd-fcd2-45e3-9c1f-82ba1e040d27 ] Request (ServersV294TestFqdnHostnames:setUpClass): 201 POST http://10.180.1.21/identity/v3/projects 0.077s
2025-12-12 17:29:12.881 65968 INFO tempest.lib.common.rest_client [req-e0f7f20d-b1d7-49fd-9fa8-578bd25f6f2f req-e0f7f20d-b1d7-49fd-9fa8-578bd25f6f2f ] Request (ServerShowV257Test:tearDownClass): 200 GET http://10.180.1.21/compute/v2.1/servers/b0ef926c-8541-41e0-afba-72d4516a184f 0.696s
2025-12-12 17:29:12.938 65988 INFO tempest.lib.common.rest_client [req-a76dcfd2-1179-46d1-82f6-d61c79963493 req-a76dcfd2-1179-46d1-82f6-d61c79963493 ] Request (ServersV294TestFqdnHostnames:setUpClass): 201 POST http://10.180.1.21/identity/v3/users 0.064s
2025-12-12 17:29:12.960 65988 INFO tempest.lib.common.rest_client [req-f061ac07-cc34-4bd0-b680-0eaa381be6e2 req-f061ac07-cc34-4bd0-b680-0eaa381be6e2 ] Request (ServersV294TestFqdnHostnames:setUpClass): 200 GET http://10.180.1.21/identity/v3/roles 0.021s
2025-12-12 17:29:12.986 65988 INFO tempest.lib.common.rest_client [req-9252fc60-76ff-4df9-8290-ef697649b909 req-9252fc60-76ff-4df9-8290-ef697649b909 ] Request (ServersV294TestFqdnHostnames:setUpClass): 204 PUT http://10.180.1.21/identity/v3/projects/cfe60ed33a004f93b1bf6bbde75431f6/users/2a2e578501304986bd2faeaf004e7dfd/roles/c8a9eb5be65040ca8c10b7e1115dfa92 0.026s
2025-12-12 17:29:12.987 65988 INFO tempest.lib.common.dynamic_creds [-] Dynamic test user 2a2e578501304986bd2faeaf004e7dfd is created with scope project and roles: ['member']
2025-12-12 17:29:12.987 65988 INFO tempest.lib.common.dynamic_creds [-] Acquired dynamic creds: credentials: Credentials: {'domain_id': 'default', 'domain_name': 'Default', 'username': 'tempest-ServersV294TestFqdnHostnames-478948616-project-member', 'project_domain_id': 'default', 'project_domain_name': 'Default', 'project_id': 'cfe60ed33a004f93b1bf6bbde75431f6', 'project_name': 'tempest-ServersV294TestFqdnHostnames-478948616', 'tenant_id': 'cfe60ed33a004f93b1bf6bbde75431f6', 'tenant_name': 'tempest-ServersV294TestFqdnHostnames-478948616', 'user_domain_id': 'default', 'user_domain_name': 'Default', 'user_id': '2a2e578501304986bd2faeaf004e7dfd', 'system': None}, Network: None, Subnet: None, Router: None
2025-12-12 17:29:13.046 65988 INFO tempest.lib.common.rest_client [req-4e13166a-510d-45f8-826a-9ce7436b9f52 req-4e13166a-510d-45f8-826a-9ce7436b9f52 ] Request (ServersV294TestFqdnHostnames:setUpClass): 201 POST http://10.180.1.21/identity/v3/auth/tokens 0.059s
2025-12-12 17:29:13.162 66018 INFO tempest.lib.common.rest_client [req-4992e590-a851-4d17-81c4-1405343039b6 req-4992e590-a851-4d17-81c4-1405343039b6 ] Request (AttachVolumeTestJSON:setUpClass): 201 POST http://10.180.1.21/networking/v2.0/networks 0.291s
2025-12-12 17:29:13.185 65982 INFO tempest.lib.common.rest_client [req-28451904-fae4-4185-a13f-38b87b91d12a req-28451904-fae4-4185-a13f-38b87b91d12a ] Request (MigrationsAdminTest:test_resize_server_revert_deleted_flavor): 200 GET http://10.180.1.21/compute/v2.1/servers/ac62535a-a710-49c4-b2bd-1042490cf4e2 0.989s
2025-12-12 17:29:13.232 66010 INFO tempest.lib.common.rest_client [req-3dbbf9ce-3303-45e9-a9a0-064996d6d38c req-3dbbf9ce-3303-45e9-a9a0-064996d6d38c ] Request (ImagesTestJSON:test_create_server_from_snapshot): 200 GET http://10.180.1.21/compute/v2.1/images/6dfe7f1d-bfe6-472e-9bcf-7c11f5dd2ba8 0.994s
2025-12-12 17:29:13.358 65978 INFO tempest.lib.common.rest_client [req-4c6a86ca-5f36-4310-a75c-be0d4ecd4991 req-4c6a86ca-5f36-4310-a75c-be0d4ecd4991 ] Request (SecurityGroupsNegativeTestJSON:setUpClass): 200 PUT http://10.180.1.21/networking/v2.0/routers/c6a2f8cc-cef7-4b1d-abd6-5253d83a9722/add_router_interface 0.990s
2025-12-12 17:29:13.358 65978 INFO tempest.lib.common.dynamic_creds [-] Created isolated network resources for: credentials: Credentials: {'domain_id': 'default', 'domain_name': 'Default', 'username': 'tempest-SecurityGroupsNegativeTestJSON-2047111465-project-member', 'project_domain_id': 'default', 'project_domain_name': 'Default', 'project_id': '0567e784bc394060ac71c24d573c8346', 'project_name': 'tempest-SecurityGroupsNegativeTestJSON-2047111465', 'tenant_id': '0567e784bc394060ac71c24d573c8346', 'tenant_name': 'tempest-SecurityGroupsNegativeTestJSON-2047111465', 'user_domain_id': 'default', 'user_domain_name': 'Default', 'user_id': '20b2166769de4eb18d875aef3d341c6c', 'system': None}, Network: {'id': '93b89b48-bc92-49cd-9252-503cbb06a453', 'name': 'tempest-SecurityGroupsNegativeTestJSON-725044202-network', 'tenant_id': '0567e784bc394060ac71c24d573c8346', 'project_id': '0567e784bc394060ac71c24d573c8346', 'admin_state_up': True, 'mtu': 8950, 'status': 'ACTIVE', 'subnets': [], 'shared': False, 'port_security_enabled': True, 'router:external': False, 'provider:network_type': 'vlan', 'provider:physical_network': 'default', 'provider:segmentation_id': 396, 'availability_zone_hints': [], 'availability_zones': [], 'ipv4_address_scope': None, 'ipv6_address_scope': None, 'description': '', 'tags': [], 'created_at': '2025-12-12T17:29:10Z', 'updated_at': '2025-12-12T17:29:10Z', 'revision_number': 1}, Subnet: {'id': 'f35b43a8-5246-4dec-8e4d-74b4ca98b92f', 'name': 'tempest-SecurityGroupsNegativeTestJSON-725044202-subnet', 'tenant_id': '0567e784bc394060ac71c24d573c8346', 'network_id': '93b89b48-bc92-49cd-9252-503cbb06a453', 'ip_version': 4, 'subnetpool_id': None, 'enable_dhcp': True, 'ipv6_ra_mode': None, 'ipv6_address_mode': None, 'gateway_ip': '192.168.128.1', 'cidr': '192.168.128.0/28', 'allocation_pools': [{'start': '192.168.128.2', 'end': '192.168.128.14'}], 'host_routes': [], 'dns_nameservers': [], 'description': '', 'router:external': False, 'service_types': [], 'tags': [], 'created_at': '2025-12-12T17:29:11Z', 'updated_at': '2025-12-12T17:29:11Z', 'revision_number': 0, 'project_id': '0567e784bc394060ac71c24d573c8346'}, Router: {'id': 'c6a2f8cc-cef7-4b1d-abd6-5253d83a9722', 'name': 'tempest-SecurityGroupsNegativeTestJSON-725044202-router', 'tenant_id': '0567e784bc394060ac71c24d573c8346', 'admin_state_up': True, 'status': 'ACTIVE', 'external_gateway_info': {'network_id': 'b17ca395-2a67-42ac-9d08-4bf2dbb9aa77', 'external_fixed_ips': [{'subnet_id': '8c47f5f1-7b1b-4314-a6e8-4fd08ab9071c', 'ip_address': '10.180.180.167'}], 'enable_snat': True}, 'description': '', 'availability_zones': [], 'distributed': False, 'ha': False, 'availability_zone_hints': [], 'routes': [], 'flavor_id': None, 'tags': [], 'created_at': '2025-12-12T17:29:11Z', 'updated_at': '2025-12-12T17:29:12Z', 'revision_number': 2, 'project_id': '0567e784bc394060ac71c24d573c8346'}
2025-12-12 17:29:13.442 65978 INFO tempest.lib.common.rest_client [req-428c484f-240a-4941-ba87-eb427a5bd74b req-428c484f-240a-4941-ba87-eb427a5bd74b ] Request (SecurityGroupsNegativeTestJSON:setUpClass): 201 POST http://10.180.1.21/identity/v3/auth/tokens 0.078s
2025-12-12 17:29:13.458 65988 INFO tempest.lib.common.rest_client [req-62f7dca3-a1d0-43ab-8b9c-760ac23313c8 req-62f7dca3-a1d0-43ab-8b9c-760ac23313c8 ] Request (ServersV294TestFqdnHostnames:setUpClass): 201 POST http://10.180.1.21/networking/v2.0/networks 0.411s
2025-12-12 17:29:13.565 65990 INFO tempest.lib.common.rest_client [req-37118dfe-2605-4f3d-94cd-9cbb0147eef5 req-37118dfe-2605-4f3d-94cd-9cbb0147eef5 ] Request (ServersWithSpecificFlavorTestJSON:test_verify_created_server_ephemeral_disk): 200 GET http://10.180.1.21/compute/v2.1/servers/c34b8066-baec-46a3-a79d-2fb195ca3e39 1.072s
2025-12-12 17:29:13.570 66018 INFO tempest.lib.common.rest_client [req-c50619d6-b403-4a4b-946a-548e1c3c59ae req-c50619d6-b403-4a4b-946a-548e1c3c59ae ] Request (AttachVolumeTestJSON:setUpClass): 201 POST http://10.180.1.21/networking/v2.0/subnets 0.407s
2025-12-12 17:29:13.786 65988 INFO tempest.lib.common.rest_client [req-4cbd79df-10af-48fc-a3bd-039074c4c26b req-4cbd79df-10af-48fc-a3bd-039074c4c26b ] Request (ServersV294TestFqdnHostnames:setUpClass): 201 POST http://10.180.1.21/networking/v2.0/subnets 0.327s
2025-12-12 17:29:13.813 65997 INFO tempest.lib.common.rest_client [req-fe9ad1c2-976f-42d2-aada-a73c44ede19d req-fe9ad1c2-976f-42d2-aada-a73c44ede19d ] Request (ImagesOneServerNegativeTestJSON:_run_cleanups): 200 GET http://10.180.1.21/compute/v2.1/servers/45b75840-f6d8-48bf-a4b0-d20f3bc59674 1.303s
2025-12-12 17:29:13.856 65992 INFO tempest.lib.common.rest_client [req-71e50526-8b11-46b3-86e1-7ea37d44e7de req-71e50526-8b11-46b3-86e1-7ea37d44e7de ] Request (ServerGroupTestJSON:test_list_server_groups): 200 GET http://10.180.1.21/compute/v2.1/os-server-groups 1.227s
2025-12-12 17:29:13.894 66020 INFO tempest.lib.common.rest_client [req-6ae8ffa9-af03-4359-92ad-c6035c5f6798 req-6ae8ffa9-af03-4359-92ad-c6035c5f6798 ] Request (ServersTestMultiNic:test_verify_duplicate_network_nics): 200 GET http://10.180.1.21/compute/v2.1/servers/07e5765b-7f50-4423-92ec-259ce6cb50ab/ips 1.179s
2025-12-12 17:29:13.948 66028 INFO tempest.lib.common.rest_client [req-c9957880-eede-49c3-8204-3de75f808e95 req-c9957880-eede-49c3-8204-3de75f808e95 ] Request (AttachVolumeShelveTestJSON:test_attach_volume_shelved_or_offload_server): 202 POST http://10.180.1.21/compute/v2.1/servers 2.488s
2025-12-12 17:29:14.441 66002 WARNING tempest.lib.common.ssh [-] Failed to establish authenticated ssh connection to cirros@10.180.180.148 ([Errno None] Unable to connect to port 22 on 10.180.180.148). Number attempts: 5. Retry after 6 seconds.: paramiko.ssh_exception.NoValidConnectionsError: [Errno None] Unable to connect to port 22 on 10.180.180.148
2025-12-12 17:29:14.488 66026 WARNING tempest.lib.common.ssh [-] Failed to establish authenticated ssh connection to cirros@10.180.180.180 ([Errno None] Unable to connect to port 22 on 10.180.180.180). Number attempts: 8. Retry after 9 seconds.: paramiko.ssh_exception.NoValidConnectionsError: [Errno None] Unable to connect to port 22 on 10.180.180.180
2025-12-12 17:29:14.546 66018 INFO tempest.lib.common.rest_client [req-1984831b-dbf4-4029-be20-76cbe8b6f04b req-1984831b-dbf4-4029-be20-76cbe8b6f04b ] Request (AttachVolumeTestJSON:setUpClass): 201 POST http://10.180.1.21/networking/v2.0/routers 0.975s
2025-12-12 17:29:14.608 66000 INFO tempest.lib.common.rest_client [req-c55b5b66-be0c-4697-9563-91436707e7ac req-c55b5b66-be0c-4697-9563-91436707e7ac ] Request (ServersAdminTestJSON:tearDownClass): 200 GET http://10.180.1.21/compute/v2.1/servers/8a083988-508a-48ce-93e3-587725234f1e 1.821s
2025-12-12 17:29:14.633 65998 INFO tempest.lib.common.rest_client [req-425d149a-0bcc-45a9-9c6f-aeb405351145 req-425d149a-0bcc-45a9-9c6f-aeb405351145 ] Request (InstanceActionsV221TestJSON:test_get_list_deleted_instance_actions): 200 GET http://10.180.1.21/compute/v2.1/servers/01b6ddcd-2181-4d78-a67a-efb5c18313e3 1.824s
2025-12-12 17:29:14.812 65988 INFO tempest.lib.common.rest_client [req-6cce5b40-c2db-4f98-aef4-d813f910b5b9 req-6cce5b40-c2db-4f98-aef4-d813f910b5b9 ] Request (ServersV294TestFqdnHostnames:setUpClass): 201 POST http://10.180.1.21/networking/v2.0/routers 1.025s
2025-12-12 17:29:15.594 66018 INFO tempest.lib.common.rest_client [req-c8c12195-a732-48cf-af9e-3d41a71724dc req-c8c12195-a732-48cf-af9e-3d41a71724dc ] Request (AttachVolumeTestJSON:setUpClass): 200 PUT http://10.180.1.21/networking/v2.0/routers/1b29b620-f8e8-4fe5-bb1d-58d41e9cb538/add_router_interface 1.048s
2025-12-12 17:29:15.594 66018 INFO tempest.lib.common.dynamic_creds [-] Created isolated network resources for: credentials: Credentials: {'domain_id': 'default', 'domain_name': 'Default', 'username': 'tempest-AttachVolumeTestJSON-1796854117-project-member', 'project_domain_id': 'default', 'project_domain_name': 'Default', 'project_id': 'f56b236498f64dff8699ea3d8e72e26d', 'project_name': 'tempest-AttachVolumeTestJSON-1796854117', 'tenant_id': 'f56b236498f64dff8699ea3d8e72e26d', 'tenant_name': 'tempest-AttachVolumeTestJSON-1796854117', 'user_domain_id': 'default', 'user_domain_name': 'Default', 'user_id': 'da2775c9e57647148f789ade41fa31e2', 'system': None}, Network: {'id': '23f27e57-abbe-4819-9a76-1fd8fcd9fa77', 'name': 'tempest-AttachVolumeTestJSON-956064280-network', 'tenant_id': 'f56b236498f64dff8699ea3d8e72e26d', 'project_id': 'f56b236498f64dff8699ea3d8e72e26d', 'admin_state_up': True, 'mtu': 8950, 'status': 'ACTIVE', 'subnets': [], 'shared': False, 'port_security_enabled': True, 'router:external': False, 'provider:network_type': 'vlan', 'provider:physical_network': 'default', 'provider:segmentation_id': 68, 'availability_zone_hints': [], 'availability_zones': [], 'ipv4_address_scope': None, 'ipv6_address_scope': None, 'description': '', 'tags': [], 'created_at': '2025-12-12T17:29:13Z', 'updated_at': '2025-12-12T17:29:13Z', 'revision_number': 1}, Subnet: {'id': 'bca7aba4-fec8-4c3d-9fd3-6afd514c5ca7', 'name': 'tempest-AttachVolumeTestJSON-956064280-subnet', 'tenant_id': 'f56b236498f64dff8699ea3d8e72e26d', 'network_id': '23f27e57-abbe-4819-9a76-1fd8fcd9fa77', 'ip_version': 4, 'subnetpool_id': None, 'enable_dhcp': True, 'ipv6_ra_mode': None, 'ipv6_address_mode': None, 'gateway_ip': '192.168.128.1', 'cidr': '192.168.128.0/28', 'allocation_pools': [{'start': '192.168.128.2', 'end': '192.168.128.14'}], 'host_routes': [], 'dns_nameservers': [], 'description': '', 'router:external': False, 'service_types': [], 'tags': [], 'created_at': '2025-12-12T17:29:13Z', 'updated_at': '2025-12-12T17:29:13Z', 'revision_number': 0, 'project_id': 'f56b236498f64dff8699ea3d8e72e26d'}, Router: {'id': '1b29b620-f8e8-4fe5-bb1d-58d41e9cb538', 'name': 'tempest-AttachVolumeTestJSON-956064280-router', 'tenant_id': 'f56b236498f64dff8699ea3d8e72e26d', 'admin_state_up': True, 'status': 'ACTIVE', 'external_gateway_info': {'network_id': 'b17ca395-2a67-42ac-9d08-4bf2dbb9aa77', 'external_fixed_ips': [{'subnet_id': '8c47f5f1-7b1b-4314-a6e8-4fd08ab9071c', 'ip_address': '10.180.180.161'}], 'enable_snat': True}, 'description': '', 'availability_zones': [], 'distributed': False, 'ha': False, 'availability_zone_hints': [], 'routes': [], 'flavor_id': None, 'tags': [], 'created_at': '2025-12-12T17:29:13Z', 'updated_at': '2025-12-12T17:29:14Z', 'revision_number': 2, 'project_id': 'f56b236498f64dff8699ea3d8e72e26d'}
2025-12-12 17:29:15.626 65972 INFO tempest.lib.common.rest_client [req-4775573f-c799-4764-b288-c68748646f65 req-4775573f-c799-4764-b288-c68748646f65 ] Request (ServerRescueTestJSONUnderV235:tearDownClass): 200 GET http://10.180.1.21/compute/v2.1/servers/a6ede455-d5a3-4b4a-920f-df6e27435636 2.449s
2025-12-12 17:29:15.638 65980 INFO tempest.lib.common.rest_client [req-ca3e4bfe-4efc-4fe9-bddf-7ee8e3b81e45 req-ca3e4bfe-4efc-4fe9-bddf-7ee8e3b81e45 ] Request (AttachInterfacesTestJSON:_run_cleanups): 200 GET http://10.180.1.21/compute/v2.1/servers/bcab9a70-0885-4d58-818a-6193dd3b1e4d 2.510s
2025-12-12 17:29:15.733 66018 INFO tempest.lib.common.rest_client [req-8403124a-8a2e-442d-8e95-7b87d6d07894 req-8403124a-8a2e-442d-8e95-7b87d6d07894 ] Request (AttachVolumeTestJSON:setUpClass): 201 POST http://10.180.1.21/identity/v3/auth/tokens 0.135s
2025-12-12 17:29:16.535 65988 INFO tempest.lib.common.rest_client [req-7364636e-65d3-4fa5-9d39-d178f4204a40 req-7364636e-65d3-4fa5-9d39-d178f4204a40 ] Request (ServersV294TestFqdnHostnames:setUpClass): 200 PUT http://10.180.1.21/networking/v2.0/routers/0c3d8b23-303a-40b2-b1f8-20a1431d9f0b/add_router_interface 1.722s
2025-12-12 17:29:16.535 65988 INFO tempest.lib.common.dynamic_creds [-] Created isolated network resources for: credentials: Credentials: {'domain_id': 'default', 'domain_name': 'Default', 'username': 'tempest-ServersV294TestFqdnHostnames-478948616-project-member', 'project_domain_id': 'default', 'project_domain_name': 'Default', 'project_id': 'cfe60ed33a004f93b1bf6bbde75431f6', 'project_name': 'tempest-ServersV294TestFqdnHostnames-478948616', 'tenant_id': 'cfe60ed33a004f93b1bf6bbde75431f6', 'tenant_name': 'tempest-ServersV294TestFqdnHostnames-478948616', 'user_domain_id': 'default', 'user_domain_name': 'Default', 'user_id': '2a2e578501304986bd2faeaf004e7dfd', 'system': None}, Network: {'id': 'eae29e7b-6a69-4db8-acb3-dcf05530305e', 'name': 'tempest-ServersV294TestFqdnHostnames-2126498236-network', 'tenant_id': 'cfe60ed33a004f93b1bf6bbde75431f6', 'project_id': 'cfe60ed33a004f93b1bf6bbde75431f6', 'admin_state_up': True, 'mtu': 8950, 'status': 'ACTIVE', 'subnets': [], 'shared': False, 'port_security_enabled': True, 'router:external': False, 'provider:network_type': 'vlan', 'provider:physical_network': 'default', 'provider:segmentation_id': 864, 'availability_zone_hints': [], 'availability_zones': [], 'ipv4_address_scope': None, 'ipv6_address_scope': None, 'description': '', 'tags': [], 'created_at': '2025-12-12T17:29:13Z', 'updated_at': '2025-12-12T17:29:13Z', 'revision_number': 1}, Subnet: {'id': 'f62d0a34-702c-4fd3-960f-805c0628dfad', 'name': 'tempest-ServersV294TestFqdnHostnames-2126498236-subnet', 'tenant_id': 'cfe60ed33a004f93b1bf6bbde75431f6', 'network_id': 'eae29e7b-6a69-4db8-acb3-dcf05530305e', 'ip_version': 4, 'subnetpool_id': None, 'enable_dhcp': True, 'ipv6_ra_mode': None, 'ipv6_address_mode': None, 'gateway_ip': '192.168.128.1', 'cidr': '192.168.128.0/28', 'allocation_pools': [{'start': '192.168.128.2', 'end': '192.168.128.14'}], 'host_routes': [], 'dns_nameservers': [], 'description': '', 'router:external': False, 'service_types': [], 'tags': [], 'created_at': '2025-12-12T17:29:13Z', 'updated_at': '2025-12-12T17:29:13Z', 'revision_number': 0, 'project_id': 'cfe60ed33a004f93b1bf6bbde75431f6'}, Router: {'id': '0c3d8b23-303a-40b2-b1f8-20a1431d9f0b', 'name': 'tempest-ServersV294TestFqdnHostnames-2126498236-router', 'tenant_id': 'cfe60ed33a004f93b1bf6bbde75431f6', 'admin_state_up': True, 'status': 'ACTIVE', 'external_gateway_info': {'network_id': 'b17ca395-2a67-42ac-9d08-4bf2dbb9aa77', 'external_fixed_ips': [{'subnet_id': '8c47f5f1-7b1b-4314-a6e8-4fd08ab9071c', 'ip_address': '10.180.180.196'}], 'enable_snat': True}, 'description': '', 'availability_zones': [], 'distributed': False, 'ha': False, 'availability_zone_hints': [], 'routes': [], 'flavor_id': None, 'tags': [], 'created_at': '2025-12-12T17:29:13Z', 'updated_at': '2025-12-12T17:29:14Z', 'revision_number': 2, 'project_id': 'cfe60ed33a004f93b1bf6bbde75431f6'}
2025-12-12 17:29:16.570 66012 INFO tempest.lib.common.rest_client [req-96ee3bbc-d92f-4243-8806-b18d12662750 req-96ee3bbc-d92f-4243-8806-b18d12662750 ] Request (ServersTestJSON:test_create_server_specify_multibyte_character_name): 200 GET http://10.180.1.21/compute/v2.1/servers/0db391e9-e94c-4487-a12d-2c4bee43aed8 3.236s
2025-12-12 17:29:16.581 65976 INFO tempest.lib.common.rest_client [req-4ca781cc-0618-4070-8a8e-31d5dbc384d2 req-4ca781cc-0618-4070-8a8e-31d5dbc384d2 ] Request (ServerActionsTestOtherA:setUpClass): 200 GET http://10.180.1.21/compute/v2.1/servers/ce530210-08fc-4369-9dd4-cb9b51ad5a32 3.230s
2025-12-12 17:29:16.641 66014 INFO tempest.lib.common.rest_client [req-91f0430a-571f-4153-82ac-9c10c5d56cb1 req-91f0430a-571f-4153-82ac-9c10c5d56cb1 ] Request (SecurityGroupsTestJSON:test_list_security_groups_by_server): 200 GET http://10.180.1.21/compute/v2.1/servers/ca2fd846-cdda-43bd-9dee-30211e256780 3.238s
2025-12-12 17:29:16.654 65988 INFO tempest.lib.common.rest_client [req-8d78b344-ec09-47a7-82b1-d2908664e31f req-8d78b344-ec09-47a7-82b1-d2908664e31f ] Request (ServersV294TestFqdnHostnames:setUpClass): 201 POST http://10.180.1.21/identity/v3/auth/tokens 0.110s
2025-12-12 17:29:16.718 65978 INFO tempest.lib.common.rest_client [req-b968e8ef-b079-4b9a-920a-f21ef04be7b1 req-b968e8ef-b079-4b9a-920a-f21ef04be7b1 ] Request (SecurityGroupsNegativeTestJSON:test_delete_nonexistent_security_group): 404 DELETE http://10.180.1.21/compute/v2.1/os-security-groups/2f87e088-12c6-4726-a07e-b5f7be88e87d 3.274s
2025-12-12 17:29:16.750 65994 INFO tempest.lib.common.rest_client [req-51765491-8ebd-4c68-9696-70a0b9080cb2 req-51765491-8ebd-4c68-9696-70a0b9080cb2 ] Request (ListImageFiltersTestJSON:tearDownClass): 200 GET http://10.180.1.21/compute/v2.1/servers/9069fd9f-0be7-43af-a4af-6d4d3f13a419 3.250s
2025-12-12 17:29:16.821 65984 INFO tempest.lib.common.rest_client [req-18b3bd0e-229b-4d3f-9953-bff603957271 req-18b3bd0e-229b-4d3f-9953-bff603957271 ] Request (ServersListShow2100Test:tearDownClass): 200 GET http://10.180.1.21/compute/v2.1/servers/e9e0f7b8-27c8-4b45-bea2-5252ed9c84cc 3.293s
2025-12-12 17:29:16.829 66006 INFO tempest.lib.common.rest_client [req-20b4dea7-e498-439d-9ba7-61aa81b47ba9 req-20b4dea7-e498-439d-9ba7-61aa81b47ba9 ] Request (ServerTagsTestJSON:tearDownClass): 200 GET http://10.180.1.21/compute/v2.1/servers/6a60f6de-1322-48d0-9b2a-73ce9e5ee7b3 3.224s
2025-12-12 17:29:16.885 66022 INFO tempest.lib.common.rest_client [req-c6aed0f2-4538-4b0c-a08f-b1c2327796fb req-c6aed0f2-4538-4b0c-a08f-b1c2327796fb ] Request (ImagesOneServerTestJSON:test_create_delete_image): 200 GET http://10.180.1.21/compute/v2.1/images/e8d38d71-1d03-4ca1-b15c-ca13028dd112 3.119s
2025-12-12 17:29:16.910 65966 INFO tempest.lib.common.rest_client [req-14536aa9-f85f-4398-a497-17a68f34a25f req-14536aa9-f85f-4398-a497-17a68f34a25f ] Request (DeleteServersTestJSON:test_delete_server_while_in_attached_volume): 200 GET http://10.180.1.21/compute/v2.1/servers/a0faba58-8e64-44db-b56b-c6296f13f4fe 3.148s
2025-12-12 17:29:16.914 65992 INFO tempest.lib.common.rest_client [req-c987db16-2aa8-4658-b484-8f0ba9e1b775 req-c987db16-2aa8-4658-b484-8f0ba9e1b775 ] Request (ServerGroupTestJSON:test_show_server_group): 200 GET http://10.180.1.21/compute/v2.1/os-server-groups/8fd442a7-74f6-44b6-8b40-cbd7219b63d4 3.053s
2025-12-12 17:29:16.974 65968 INFO tempest.lib.common.rest_client [req-63553760-8aa5-4676-ace6-de6d058068f5 req-63553760-8aa5-4676-ace6-de6d058068f5 ] Request (ServerShowV257Test:tearDownClass): 200 GET http://10.180.1.21/compute/v2.1/servers/b0ef926c-8541-41e0-afba-72d4516a184f 3.080s
2025-12-12 17:29:17.008 66020 INFO tempest.lib.common.rest_client [req-70324b56-04ea-4606-a905-91f42a88df6e req-70324b56-04ea-4606-a905-91f42a88df6e ] Request (ServersTestMultiNic:_run_cleanups): 204 DELETE http://10.180.1.21/compute/v2.1/servers/07e5765b-7f50-4423-92ec-259ce6cb50ab 3.109s
2025-12-12 17:29:17.031 66028 INFO tempest.lib.common.rest_client [req-6cf17646-886e-4bbc-8d0a-19a5d1a11918 req-6cf17646-886e-4bbc-8d0a-19a5d1a11918 ] Request (AttachVolumeShelveTestJSON:test_attach_volume_shelved_or_offload_server): 200 GET http://10.180.1.21/compute/v2.1/servers/ddaf49d1-ffe2-4262-858a-46e71136f57d 3.081s
2025-12-12 17:29:17.074 65982 INFO tempest.lib.common.rest_client [req-57010ca8-1a57-40c6-8627-16c71e33bd9d req-57010ca8-1a57-40c6-8627-16c71e33bd9d ] Request (MigrationsAdminTest:test_resize_server_revert_deleted_flavor): 200 GET http://10.180.1.21/compute/v2.1/servers/ac62535a-a710-49c4-b2bd-1042490cf4e2 2.881s
2025-12-12 17:29:17.080 66010 INFO tempest.lib.common.rest_client [req-04dd0d1e-c74c-474a-95a0-3747c107ec61 req-04dd0d1e-c74c-474a-95a0-3747c107ec61 ] Request (ImagesTestJSON:test_create_server_from_snapshot): 200 GET http://10.180.1.21/compute/v2.1/images/6dfe7f1d-bfe6-472e-9bcf-7c11f5dd2ba8 2.843s
2025-12-12 17:29:17.176 65986 WARNING tempest.lib.common.ssh [-] Failed to establish authenticated ssh connection to cirros@10.180.180.216 ([Errno None] Unable to connect to port 22 on 10.180.180.216). Number attempts: 8. Retry after 9 seconds.: paramiko.ssh_exception.NoValidConnectionsError: [Errno None] Unable to connect to port 22 on 10.180.180.216
2025-12-12 17:29:17.201 65997 INFO tempest.lib.common.rest_client [req-de9a9679-0885-42b7-80a8-aec7722ef0bc req-de9a9679-0885-42b7-80a8-aec7722ef0bc ] Request (ImagesOneServerNegativeTestJSON:_run_cleanups): 200 GET http://10.180.1.21/compute/v2.1/servers/45b75840-f6d8-48bf-a4b0-d20f3bc59674 2.379s
2025-12-12 17:29:17.229 65990 INFO tempest.lib.common.rest_client [req-4968b418-0254-4790-88a3-69d82ba212bc req-4968b418-0254-4790-88a3-69d82ba212bc ] Request (ServersWithSpecificFlavorTestJSON:test_verify_created_server_ephemeral_disk): 200 GET http://10.180.1.21/compute/v2.1/servers/c34b8066-baec-46a3-a79d-2fb195ca3e39 2.655s
2025-12-12 17:29:17.237 65990 INFO tempest.common.waiters [-] State transition "BUILD/None" ==> "BUILD/spawning" after 43 second wait
2025-12-12 17:29:17.274 66000 INFO tempest.lib.common.rest_client [req-187333a0-937b-442c-973a-73539f498a98 req-187333a0-937b-442c-973a-73539f498a98 ] Request (ServersAdminTestJSON:tearDownClass): 200 GET http://10.180.1.21/compute/v2.1/servers/8a083988-508a-48ce-93e3-587725234f1e 1.654s
2025-12-12 17:29:17.302 65998 INFO tempest.lib.common.rest_client [req-ad3267a7-3de1-461c-9f64-9518c797589a req-ad3267a7-3de1-461c-9f64-9518c797589a ] Request (InstanceActionsV221TestJSON:test_get_list_deleted_instance_actions): 200 GET http://10.180.1.21/compute/v2.1/servers/01b6ddcd-2181-4d78-a67a-efb5c18313e3 1.653s
2025-12-12 17:29:17.357 66018 INFO tempest.lib.common.rest_client [req-57eb8736-0b2d-48f8-9979-55714095d162 req-57eb8736-0b2d-48f8-9979-55714095d162 ] Request (ValidationResourcesFixture:setUp): 200 POST http://10.180.1.21/compute/v2.1/os-keypairs 1.617s
2025-12-12 17:29:17.376 65972 INFO tempest.lib.common.rest_client [req-92ce2e65-23a2-424c-8aa2-efe286651e8a req-92ce2e65-23a2-424c-8aa2-efe286651e8a ] Request (ServerRescueTestJSONUnderV235:tearDownClass): 200 GET http://10.180.1.21/compute/v2.1/servers/a6ede455-d5a3-4b4a-920f-df6e27435636 0.738s
2025-12-12 17:29:17.443 65980 INFO tempest.lib.common.rest_client [req-c288b7cc-a477-4406-a034-530e4cd7730f req-c288b7cc-a477-4406-a034-530e4cd7730f ] Request (AttachInterfacesTestJSON:_run_cleanups): 200 GET http://10.180.1.21/compute/v2.1/servers/bcab9a70-0885-4d58-818a-6193dd3b1e4d 0.790s
2025-12-12 17:29:17.452 65978 INFO tempest.lib.common.rest_client [req-f309b5b9-4e79-4393-ac80-e6715c820f51 req-f309b5b9-4e79-4393-ac80-e6715c820f51 ] Request (SecurityGroupsNegativeTestJSON:test_delete_security_group_without_passing_id): 404 DELETE http://10.180.1.21/compute/v2.1/os-security-groups/ 0.733s
2025-12-12 17:29:17.466 65988 INFO tempest.lib.common.rest_client [req-23b943b7-a653-4e24-9033-27250b7ffb2c req-23b943b7-a653-4e24-9033-27250b7ffb2c ] Request (ServersV294TestFqdnHostnames:setUpClass): 201 POST http://10.180.1.21/compute/v2.1/os-keypairs 0.810s
2025-12-12 17:29:17.478 65992 INFO tempest.lib.common.rest_client [req-2d6c322a-bd1f-4244-9d32-b7ecef36a954 req-2d6c322a-bd1f-4244-9d32-b7ecef36a954 ] Request (ServerGroupTestJSON:tearDownClass): 404 DELETE http://10.180.1.21/compute/v2.1/servers/54ee3a6b-57a4-4cbb-a007-be68dee5cd39 0.562s
2025-12-12 17:29:17.491 66018 INFO tempest.lib.common.rest_client [req-87006a91-4836-408c-b1f1-1d7bff3989ca req-87006a91-4836-408c-b1f1-1d7bff3989ca ] Request (ValidationResourcesFixture:setUp): 201 POST http://10.180.1.21/networking/v2.0/security-groups 0.132s
2025-12-12 17:29:17.525 66010 INFO tempest.lib.common.rest_client [req-c448c147-92f4-4c22-ad86-81ffd4a73dad req-c448c147-92f4-4c22-ad86-81ffd4a73dad ] Request (ImagesTestJSON:test_create_server_from_snapshot): 200 GET http://10.180.1.21/compute/v2.1/images/6dfe7f1d-bfe6-472e-9bcf-7c11f5dd2ba8 0.442s
2025-12-12 17:29:17.606 65988 INFO tempest.lib.common.rest_client [req-9788e8aa-4f8d-405c-9bc2-a4b327a43c76 req-9788e8aa-4f8d-405c-9bc2-a4b327a43c76 ] Request (ServersV294TestFqdnHostnames:setUpClass): 201 POST http://10.180.1.21/networking/v2.0/security-groups 0.137s
2025-12-12 17:29:17.627 66010 INFO tempest.lib.common.rest_client [req-f9a94810-08b8-4455-abb3-f4cc26f9814c req-f9a94810-08b8-4455-abb3-f4cc26f9814c ] Request (ImagesTestJSON:test_create_server_from_snapshot): 201 POST http://10.180.1.21/identity/v3/auth/tokens 0.093s
2025-12-12 17:29:17.627 66010 INFO tempest.lib.common.fixed_network [-] (ImagesTestJSON:test_create_server_from_snapshot) Found network {'id': '88684ec6-b2d1-44ec-9310-0a45f9406ee5', 'name': 'tempest-ImagesTestJSON-1226196217-network', 'tenant_id': '037b19c9d6e94428a04573efa1478051', 'project_id': '037b19c9d6e94428a04573efa1478051', 'admin_state_up': True, 'mtu': 8950, 'status': 'ACTIVE', 'subnets': [], 'shared': False, 'port_security_enabled': True, 'router:external': False, 'provider:network_type': 'vlan', 'provider:physical_network': 'default', 'provider:segmentation_id': 769, 'availability_zone_hints': [], 'availability_zones': [], 'ipv4_address_scope': None, 'ipv6_address_scope': None, 'description': '', 'tags': [], 'created_at': '2025-12-12T17:25:39Z', 'updated_at': '2025-12-12T17:25:39Z', 'revision_number': 1} available for tenant
2025-12-12 17:29:17.634 66018 INFO tempest.lib.common.rest_client [req-a4eccad9-1743-4a70-844e-13aa8f9155ec req-a4eccad9-1743-4a70-844e-13aa8f9155ec ] Request (ValidationResourcesFixture:setUp): 201 POST http://10.180.1.21/networking/v2.0/security-group-rules 0.142s
2025-12-12 17:29:17.772 65988 INFO tempest.lib.common.rest_client [req-7cd5b1ff-96ef-41b0-84ba-0b69bc6b34f2 req-7cd5b1ff-96ef-41b0-84ba-0b69bc6b34f2 ] Request (ServersV294TestFqdnHostnames:setUpClass): 201 POST http://10.180.1.21/networking/v2.0/security-group-rules 0.165s
2025-12-12 17:29:17.832 66018 INFO tempest.lib.common.rest_client [req-598c0b1e-d630-4173-9f6e-cd2748ca2931 req-598c0b1e-d630-4173-9f6e-cd2748ca2931 ] Request (ValidationResourcesFixture:setUp): 201 POST http://10.180.1.21/networking/v2.0/security-group-rules 0.197s
2025-12-12 17:29:17.853 66020 INFO tempest.lib.common.rest_client [req-31387745-8dd6-4cb9-bfbc-ed72af9bc7cf req-31387745-8dd6-4cb9-bfbc-ed72af9bc7cf ] Request (ServersTestMultiNic:_run_cleanups): 200 GET http://10.180.1.21/compute/v2.1/servers/07e5765b-7f50-4423-92ec-259ce6cb50ab 0.843s
2025-12-12 17:29:17.876 65978 INFO tempest.lib.common.rest_client [req-9af34a58-e49a-4372-9b44-812f142fef64 req-9af34a58-e49a-4372-9b44-812f142fef64 ] Request (SecurityGroupsNegativeTestJSON:test_delete_the_default_security_group): 200 GET http://10.180.1.21/compute/v2.1/os-security-groups 0.422s
2025-12-12 17:29:17.888 65992 INFO tempest.lib.common.rest_client [req-071d3272-8e7e-437d-bb90-dbbdf65b460a req-071d3272-8e7e-437d-bb90-dbbdf65b460a ] Request (ServerGroupTestJSON:tearDownClass): 404 GET http://10.180.1.21/compute/v2.1/servers/54ee3a6b-57a4-4cbb-a007-be68dee5cd39 0.408s
2025-12-12 17:29:17.934 65988 INFO tempest.lib.common.rest_client [req-98f48f28-e0e5-47a0-88fa-2fc0e26fc45f req-98f48f28-e0e5-47a0-88fa-2fc0e26fc45f ] Request (ServersV294TestFqdnHostnames:setUpClass): 201 POST http://10.180.1.21/networking/v2.0/security-group-rules 0.162s
2025-12-12 17:29:17.958 66012 INFO tempest.lib.common.rest_client [req-f805a2a0-40a7-4f92-b36a-41a9f86fe9c2 req-f805a2a0-40a7-4f92-b36a-41a9f86fe9c2 ] Request (ServersTestJSON:test_create_server_specify_multibyte_character_name): 200 GET http://10.180.1.21/compute/v2.1/servers/0db391e9-e94c-4487-a12d-2c4bee43aed8 0.379s
2025-12-12 17:29:17.979 65976 INFO tempest.lib.common.rest_client [req-ef468b38-065b-4d56-b53b-4420bfd3abf5 req-ef468b38-065b-4d56-b53b-4420bfd3abf5 ] Request (ServerActionsTestOtherA:setUpClass): 200 GET http://10.180.1.21/compute/v2.1/servers/ce530210-08fc-4369-9dd4-cb9b51ad5a32 0.389s
2025-12-12 17:29:18.415 66018 INFO tempest.lib.common.rest_client [req-4cc4bd1d-a923-44d7-9e25-4f587ba9b553 req-4cc4bd1d-a923-44d7-9e25-4f587ba9b553 ] Request (ValidationResourcesFixture:setUp): 201 POST http://10.180.1.21/networking/v2.0/floatingips 0.583s
2025-12-12 17:29:18.428 65988 INFO tempest.lib.common.rest_client [req-d917b8a4-d54b-49ea-90bb-fe82ce5e586b req-d917b8a4-d54b-49ea-90bb-fe82ce5e586b ] Request (ServersV294TestFqdnHostnames:setUpClass): 201 POST http://10.180.1.21/networking/v2.0/floatingips 0.493s
2025-12-12 17:29:18.442 66014 INFO tempest.lib.common.rest_client [req-f72ca3ed-6cc9-479e-b956-cc86071ba4c9 req-f72ca3ed-6cc9-479e-b956-cc86071ba4c9 ] Request (SecurityGroupsTestJSON:test_list_security_groups_by_server): 200 GET http://10.180.1.21/compute/v2.1/servers/ca2fd846-cdda-43bd-9dee-30211e256780 0.786s
2025-12-12 17:29:18.470 66018 INFO tempest.lib.common.rest_client [req-f166f8d9-8ad0-44df-b555-2459b6d4af3d req-f166f8d9-8ad0-44df-b555-2459b6d4af3d ] Request (AttachVolumeTestJSON:test_attach_detach_volume): 201 POST http://10.180.1.21/identity/v3/auth/tokens 0.050s
2025-12-12 17:29:18.471 66018 INFO tempest.lib.common.fixed_network [-] (AttachVolumeTestJSON:test_attach_detach_volume) Found network {'id': '23f27e57-abbe-4819-9a76-1fd8fcd9fa77', 'name': 'tempest-AttachVolumeTestJSON-956064280-network', 'tenant_id': 'f56b236498f64dff8699ea3d8e72e26d', 'project_id': 'f56b236498f64dff8699ea3d8e72e26d', 'admin_state_up': True, 'mtu': 8950, 'status': 'ACTIVE', 'subnets': [], 'shared': False, 'port_security_enabled': True, 'router:external': False, 'provider:network_type': 'vlan', 'provider:physical_network': 'default', 'provider:segmentation_id': 68, 'availability_zone_hints': [], 'availability_zones': [], 'ipv4_address_scope': None, 'ipv6_address_scope': None, 'description': '', 'tags': [], 'created_at': '2025-12-12T17:29:13Z', 'updated_at': '2025-12-12T17:29:13Z', 'revision_number': 1} available for tenant
2025-12-12 17:29:18.480 65988 INFO tempest.lib.common.rest_client [req-19b2bec0-0f6b-4815-b662-210e7c6e5d21 req-19b2bec0-0f6b-4815-b662-210e7c6e5d21 ] Request (ServersV294TestFqdnHostnames:setUpClass): 201 POST http://10.180.1.21/identity/v3/auth/tokens 0.049s
2025-12-12 17:29:18.481 65988 INFO tempest.lib.common.fixed_network [-] (ServersV294TestFqdnHostnames:setUpClass) Found network {'id': 'eae29e7b-6a69-4db8-acb3-dcf05530305e', 'name': 'tempest-ServersV294TestFqdnHostnames-2126498236-network', 'tenant_id': 'cfe60ed33a004f93b1bf6bbde75431f6', 'project_id': 'cfe60ed33a004f93b1bf6bbde75431f6', 'admin_state_up': True, 'mtu': 8950, 'status': 'ACTIVE', 'subnets': [], 'shared': False, 'port_security_enabled': True, 'router:external': False, 'provider:network_type': 'vlan', 'provider:physical_network': 'default', 'provider:segmentation_id': 864, 'availability_zone_hints': [], 'availability_zones': [], 'ipv4_address_scope': None, 'ipv6_address_scope': None, 'description': '', 'tags': [], 'created_at': '2025-12-12T17:29:13Z', 'updated_at': '2025-12-12T17:29:13Z', 'revision_number': 1} available for tenant
2025-12-12 17:29:18.551 65994 INFO tempest.lib.common.rest_client [req-c607eddb-b2d9-41d5-8837-feb1fba55661 req-c607eddb-b2d9-41d5-8837-feb1fba55661 ] Request (ListImageFiltersTestJSON:tearDownClass): 200 GET http://10.180.1.21/compute/v2.1/servers/9069fd9f-0be7-43af-a4af-6d4d3f13a419 0.791s
2025-12-12 17:29:18.722 65984 INFO tempest.lib.common.rest_client [req-b9ed25b6-acbb-4624-b358-58766d701e1f req-b9ed25b6-acbb-4624-b358-58766d701e1f ] Request (ServersListShow2100Test:tearDownClass): 200 GET http://10.180.1.21/compute/v2.1/servers/e9e0f7b8-27c8-4b45-bea2-5252ed9c84cc 0.886s
