2025-12-12 17:27:45.201 66022 INFO tempest.lib.common.rest_client [req-76939e3f-ab27-4af4-a115-3cf29441b241 req-76939e3f-ab27-4af4-a115-3cf29441b241 ] Request (ImagesMetadataTestJSON:test_list_image_metadata): 200 GET http://10.180.1.21/compute/v2.1/images/9ab5ec07-50f3-4415-8fab-416dc86f014f/metadata 1.231s
2025-12-12 17:27:45.201 65982 INFO tempest.lib.common.rest_client [req-973419eb-cb16-4885-9ed1-f76d354baa1a req-973419eb-cb16-4885-9ed1-f76d354baa1a ] Request (MigrationsAdminTest:test_list_migrations_in_flavor_resize_situation): 200 GET http://10.180.1.21/compute/v2.1/servers/47a559fa-77a8-497d-8426-6f5f0e747495 1.273s
2025-12-12 17:27:45.209 65982 INFO tempest.common.waiters [-] State transition "RESIZE/resize_prep" ==> "RESIZE/resize_migrating" after 26 second wait
2025-12-12 17:27:45.222 66020 INFO tempest.lib.common.rest_client [req-18dda1bf-76a7-4815-8762-a5eccd22db46 req-18dda1bf-76a7-4815-8762-a5eccd22db46 ] Request (FlavorsAdminTestJSON:_run_cleanups): 202 DELETE http://10.180.1.21/compute/v2.1/flavors/1455488778 1.162s
2025-12-12 17:27:45.238 66010 INFO tempest.lib.common.rest_client [req-81bc6e61-c071-4ba7-bcbf-958cd350dc95 req-81bc6e61-c071-4ba7-bcbf-958cd350dc95 ] Request (ImagesTestJSON:test_create_image_from_suspended_server): 200 GET http://10.180.1.21/compute/v2.1/images/0ae9afe8-c8dc-44e2-8b22-ec9b3ce0cd00 1.240s
2025-12-12 17:27:45.260 65994 INFO tempest.lib.common.rest_client [req-9da5c4da-673d-4376-8dc6-2c89fb9d325c req-9da5c4da-673d-4376-8dc6-2c89fb9d325c ] Request (ListImageFiltersTestJSON:setUpClass): 200 GET http://10.180.1.21/compute/v2.1/images/d043c02c-8ec5-427c-bdfc-f148e4ca98c7 1.166s
2025-12-12 17:27:45.298 65988 INFO tempest.lib.common.rest_client [req-264cd4af-b5bb-4ce2-9ce2-ecf63f80a2d1 req-264cd4af-b5bb-4ce2-9ce2-ecf63f80a2d1 ] Request (ImagesNegativeTestJSON:test_create_image_from_deleted_server): 200 GET http://10.180.1.21/compute/v2.1/servers/302928c9-bf98-4b62-afe3-2cebd6024775 1.142s
2025-12-12 17:27:45.303 65974 INFO tempest.lib.common.rest_client [req-44457d34-0570-4817-b79f-323f5f971c29 req-44457d34-0570-4817-b79f-323f5f971c29 ] Request (SecurityGroupRulesNegativeTestJSON:test_create_security_group_rule_with_invalid_port_range): 400 POST http://10.180.1.21/compute/v2.1/os-security-group-rules 1.124s
2025-12-12 17:27:45.311 65997 INFO tempest.lib.common.rest_client [req-aac6e6da-8ac4-4831-956c-62af87accb32 req-aac6e6da-8ac4-4831-956c-62af87accb32 ] Request (ImagesOneServerNegativeTestJSON:test_create_image_specify_metadata_over_limits): 400 POST http://10.180.1.21/compute/v2.1/servers/19b0da5e-aa77-4a9a-bf9f-836acd9adcc8/action 0.948s
2025-12-12 17:27:45.323 65968 INFO tempest.lib.common.rest_client [req-3b53f571-a48a-41ff-ac31-61ad3d0dcd0f req-3b53f571-a48a-41ff-ac31-61ad3d0dcd0f ] Request (ServerDiagnosticsV248Test:tearDownClass): 404 GET http://10.180.1.21/compute/v2.1/servers/f0cfdeda-7691-434f-883a-5a4fe8f4b2c5 1.092s
2025-12-12 17:27:45.339 66002 INFO tempest.lib.common.rest_client [req-e7a8fe71-1f99-47d8-9996-6c40d4b4e764 req-e7a8fe71-1f99-47d8-9996-6c40d4b4e764 ] Request (KeyPairsV210TestJSON:_run_cleanups): 204 DELETE http://10.180.1.21/compute/v2.1/os-keypairs/tempest-keypair-852531459?user_id=5307eb14335443adba88a50bf01ee563 0.964s
2025-12-12 17:27:45.380 66012 INFO tempest.lib.common.rest_client [req-af6878f5-e65f-4128-9d6e-2bc67e99a654 req-af6878f5-e65f-4128-9d6e-2bc67e99a654 ] Request (ServersAdminNegativeTestJSON:test_restore_server_invalid_state): 409 POST http://10.180.1.21/compute/v2.1/servers/1486d504-bf2f-465a-9751-740121e8c238/action 0.810s
2025-12-12 17:27:45.382 65978 INFO tempest.lib.common.rest_client [req-796123d8-3d71-49f0-8122-ad378a17d814 req-796123d8-3d71-49f0-8122-ad378a17d814 ] Request (ServersAdmin275Test:test_rebuild_update_server_275): 200 GET http://10.180.1.21/compute/v2.1/servers/c06de266-4b65-48a6-83b2-75ef5d9db2f7 0.865s
2025-12-12 17:27:45.464 66026 INFO tempest.lib.common.rest_client [req-312ffa58-d745-400f-a57b-2ea0885a709c req-312ffa58-d745-400f-a57b-2ea0885a709c ] Request (AttachVolumeNegativeTest:test_attach_attached_volume_to_different_server): 200 GET http://10.180.1.21/compute/v2.1/servers/9bcb5d23-dd0e-48ec-b4aa-fc1ee945267b 0.888s
2025-12-12 17:27:45.487 65968 INFO tempest.lib.common.rest_client [req-f1826fd2-dbd8-4594-b915-ddf8fdbcee88 req-f1826fd2-dbd8-4594-b915-ddf8fdbcee88 ] Request (ServerDiagnosticsV248Test:tearDownClass): 204 DELETE http://10.180.1.21/identity/v3/users/ecd41dc5f50a4c799d3c1a431a35378f 0.164s
2025-12-12 17:27:45.488 65998 INFO tempest.lib.common.rest_client [req-3f5987b5-dd64-489f-9c56-367427fc2236 req-3f5987b5-dd64-489f-9c56-367427fc2236 ] Request (FloatingIPsAssociationNegativeTestJSON:tearDownClass): 204 DELETE http://10.180.1.21/compute/v2.1/servers/803e462a-8e3b-4dbe-a388-84df7664e6f5 0.689s
2025-12-12 17:27:45.514 66002 INFO tempest.lib.common.rest_client [req-fd277687-9352-4f41-a3db-4189edb5f7f4 req-fd277687-9352-4f41-a3db-4189edb5f7f4 ] Request (KeyPairsV210TestJSON:tearDownClass): 204 DELETE http://10.180.1.21/identity/v3/users/5307eb14335443adba88a50bf01ee563 0.171s
2025-12-12 17:27:45.546 66000 INFO tempest.lib.common.rest_client [req-a0f89375-2e04-4522-bc5c-d2f838cc491d req-a0f89375-2e04-4522-bc5c-d2f838cc491d ] Request (ServersAdminTestJSON:test_list_servers_by_admin_with_specified_tenant): 200 GET http://10.180.1.21/compute/v2.1/servers/detail?tenant_id=c29c23e63c89461fbbf95dec75db4667 0.637s
2025-12-12 17:27:45.590 65984 INFO tempest.lib.common.rest_client [req-803f5548-975e-4add-a68a-369c7fbcf352 req-803f5548-975e-4add-a68a-369c7fbcf352 ] Request (ServersListShow2100Test:test_list_show_rebuild_update_server_2100): 200 GET http://10.180.1.21/compute/v2.1/servers/e9e0f7b8-27c8-4b45-bea2-5252ed9c84cc 0.544s
2025-12-12 17:27:45.615 66020 INFO tempest.lib.common.rest_client [req-20d2b179-c16d-451b-808b-f169fb00f6a0 req-20d2b179-c16d-451b-808b-f169fb00f6a0 ] Request (FlavorsAdminTestJSON:_run_cleanups): 200 GET http://10.180.1.21/compute/v2.1/flavors/detail 0.393s
2025-12-12 17:27:45.673 65968 INFO tempest.lib.common.rest_client [req-93b58d0f-2302-41e7-b749-62072c4973ad req-93b58d0f-2302-41e7-b749-62072c4973ad ] Request (ServerDiagnosticsV248Test:tearDownClass): 204 DELETE http://10.180.1.21/identity/v3/users/28262352e7b84877b39190f4acf87058 0.184s
2025-12-12 17:27:45.673 65968 INFO tempest.lib.common.dynamic_creds [-] Deleting project and security group for project: 74bfdc31b91d43488f8d954e43cf39ff
2025-12-12 17:27:45.680 66002 INFO tempest.lib.common.rest_client [req-a321a5f3-519f-4c1f-95c9-3f481347cf0d req-a321a5f3-519f-4c1f-95c9-3f481347cf0d ] Request (KeyPairsV210TestJSON:tearDownClass): 204 DELETE http://10.180.1.21/identity/v3/users/3d37b1e49bdc4793ae69bfde16c3e148 0.165s
2025-12-12 17:27:45.680 66002 INFO tempest.lib.common.dynamic_creds [-] Deleting project and security group for project: ded3328441124d869de094ac3dff75cf
2025-12-12 17:27:45.695 65992 INFO tempest.lib.common.rest_client [req-d1296e9c-edbe-4d42-8bf2-b24f2ada1199 req-d1296e9c-edbe-4d42-8bf2-b24f2ada1199 ] Request (ServerGroupTestJSON:test_create_server_with_scheduler_hint_group): 200 GET http://10.180.1.21/compute/v2.1/servers/54ee3a6b-57a4-4cbb-a007-be68dee5cd39 0.449s
2025-12-12 17:27:45.746 66022 INFO tempest.lib.common.rest_client [req-4f758567-7fd8-4bad-970b-e4632e40539d req-4f758567-7fd8-4bad-970b-e4632e40539d ] Request (ImagesMetadataTestJSON:setUp): 200 PUT http://10.180.1.21/compute/v2.1/images/9ab5ec07-50f3-4415-8fab-416dc86f014f/metadata 0.542s
2025-12-12 17:27:45.760 66002 INFO tempest.lib.common.rest_client [req-b5862c6e-e258-4778-a7fc-e7e09af8e77f req-b5862c6e-e258-4778-a7fc-e7e09af8e77f ] Request (KeyPairsV210TestJSON:tearDownClass): 201 POST http://10.180.1.21/identity/v3/auth/tokens 0.079s
2025-12-12 17:27:45.769 65968 INFO tempest.lib.common.rest_client [req-964ed274-5902-40b0-be50-3a95d435f69a req-964ed274-5902-40b0-be50-3a95d435f69a ] Request (ServerDiagnosticsV248Test:tearDownClass): 201 POST http://10.180.1.21/identity/v3/auth/tokens 0.096s
2025-12-12 17:27:45.846 65974 INFO tempest.lib.common.rest_client [req-3d86839b-8c9a-42fa-a53c-14c817bf8a44 req-3d86839b-8c9a-42fa-a53c-14c817bf8a44 ] Request (SecurityGroupRulesNegativeTestJSON:test_create_security_group_rule_with_invalid_to_port): 200 POST http://10.180.1.21/compute/v2.1/os-security-groups 0.542s
2025-12-12 17:27:45.933 66002 INFO tempest.lib.common.rest_client [req-8919dd05-873b-4857-8221-baadf8229386 req-8919dd05-873b-4857-8221-baadf8229386 ] Request (KeyPairsV210TestJSON:tearDownClass): 200 GET http://10.180.1.21/networking/v2.0/security-groups?tenant_id=ded3328441124d869de094ac3dff75cf&name=default 0.172s
2025-12-12 17:27:45.939 66012 INFO tempest.lib.common.rest_client [req-d296047b-ac4e-4499-91a7-19ae23433e7f req-d296047b-ac4e-4499-91a7-19ae23433e7f ] Request (ServersAdminNegativeTestJSON:tearDownClass): 204 DELETE http://10.180.1.21/compute/v2.1/servers/a41d4f06-9811-4462-b879-db7fa85abc71 0.556s
2025-12-12 17:27:45.988 65968 INFO tempest.lib.common.rest_client [req-7f394524-2f93-4b2b-94c9-2232a99f2f84 req-7f394524-2f93-4b2b-94c9-2232a99f2f84 ] Request (ServerDiagnosticsV248Test:tearDownClass): 200 GET http://10.180.1.21/networking/v2.0/security-groups?tenant_id=74bfdc31b91d43488f8d954e43cf39ff&name=default 0.218s
2025-12-12 17:27:46.029 65997 INFO tempest.lib.common.rest_client [req-fe7bfab4-7683-44a2-a985-7418dd5a9959 req-fe7bfab4-7683-44a2-a985-7418dd5a9959 ] Request (ImagesOneServerNegativeTestJSON:tearDown): 200 GET http://10.180.1.21/compute/v2.1/servers/19b0da5e-aa77-4a9a-bf9f-836acd9adcc8 0.717s
2025-12-12 17:27:46.048 65980 INFO tempest.lib.common.rest_client [req-fa2dd1a1-dece-44db-8544-10b9a4d1b7ae req-fa2dd1a1-dece-44db-8544-10b9a4d1b7ae ] Request (AttachInterfacesTestJSON:test_create_list_show_delete_interfaces_by_fixed_ip): 200 GET http://10.180.1.21/compute/v2.1/servers/bcab9a70-0885-4d58-818a-6193dd3b1e4d 0.631s
2025-12-12 17:27:46.067 66002 INFO tempest.lib.common.rest_client [req-19799dbd-3194-4248-8e06-48b6cd29bcf7 req-19799dbd-3194-4248-8e06-48b6cd29bcf7 ] Request (KeyPairsV210TestJSON:tearDownClass): 204 DELETE http://10.180.1.21/networking/v2.0/security-groups/a158227d-f318-49cf-86a3-4b9ca8304619 0.133s
2025-12-12 17:27:46.149 65968 INFO tempest.lib.common.rest_client [req-ea7fe0c7-ad30-47e7-a1db-6423f6c9d5c1 req-ea7fe0c7-ad30-47e7-a1db-6423f6c9d5c1 ] Request (ServerDiagnosticsV248Test:tearDownClass): 204 DELETE http://10.180.1.21/networking/v2.0/security-groups/1bd81d91-b552-42d2-a01c-0e5e5a2fa8e5 0.161s
2025-12-12 17:27:46.182 66008 INFO tempest.lib.common.rest_client [req-6ee7b791-8e04-45f3-91a7-54568d25a206 req-6ee7b791-8e04-45f3-91a7-54568d25a206 ] Request (ServerShowV254Test:tearDownClass): 200 GET http://10.180.1.21/compute/v2.1/servers/c4f8b2f3-4f9c-446d-864c-6e536902bcbf 0.733s
2025-12-12 17:27:46.198 66002 INFO tempest.lib.common.rest_client [req-74284f4c-afc9-47c7-a51c-2543e3991f7a req-74284f4c-afc9-47c7-a51c-2543e3991f7a ] Request (KeyPairsV210TestJSON:tearDownClass): 204 DELETE http://10.180.1.21/identity/v3/projects/ded3328441124d869de094ac3dff75cf 0.130s
2025-12-12 17:27:46.198 66002 INFO tempest.lib.common.dynamic_creds [-] Deleting project and security group for project: e028cd4f5a034df982b85cfdd437c578
2025-12-12 17:27:46.263 66028 INFO tempest.lib.common.rest_client [req-b241ec7e-f425-4462-b769-d5c6377c4492 req-b241ec7e-f425-4462-b769-d5c6377c4492 ] Request (VolumesAssistedSnapshotsTest:test_volume_assisted_snapshot_create_delete): 200 GET http://10.180.1.21/volume/v3/volumes/b737cd3a-c568-472d-808b-c5dfed81b2f8 0.061s
2025-12-12 17:27:46.305 65968 INFO tempest.lib.common.rest_client [req-c1fcc838-6b7c-46dc-b8ee-04bae5eeb0a9 req-c1fcc838-6b7c-46dc-b8ee-04bae5eeb0a9 ] Request (ServerDiagnosticsV248Test:tearDownClass): 204 DELETE http://10.180.1.21/identity/v3/projects/74bfdc31b91d43488f8d954e43cf39ff 0.155s
2025-12-12 17:27:46.305 65968 INFO tempest.lib.common.dynamic_creds [-] Deleting project and security group for project: ab28f7a84f8e481db72b9caddc90bbb1
2025-12-12 17:27:46.791 65998 INFO tempest.lib.common.rest_client [req-b4fad691-b486-44db-8337-7f08040c4265 req-b4fad691-b486-44db-8337-7f08040c4265 ] Request (FloatingIPsAssociationNegativeTestJSON:tearDownClass): 200 GET http://10.180.1.21/compute/v2.1/servers/803e462a-8e3b-4dbe-a388-84df7664e6f5 1.303s
2025-12-12 17:27:46.812 65972 INFO tempest.lib.common.rest_client [req-b2710e7e-54ec-4a9c-bb4c-6e3d734981ac req-b2710e7e-54ec-4a9c-bb4c-6e3d734981ac ] Request (ServerRescueTestJSONUnderV235:setUpClass): 200 GET http://10.180.1.21/compute/v2.1/servers/a6ede455-d5a3-4b4a-920f-df6e27435636 1.312s
2025-12-12 17:27:46.846 66002 INFO tempest.lib.common.rest_client [req-6c80005b-db49-4e76-b2b7-b48b4e25bf9a req-6c80005b-db49-4e76-b2b7-b48b4e25bf9a ] Request (KeyPairsV210TestJSON:tearDownClass): 200 GET http://10.180.1.21/networking/v2.0/security-groups?tenant_id=e028cd4f5a034df982b85cfdd437c578&name=default 0.647s
2025-12-12 17:27:46.919 65968 INFO tempest.lib.common.rest_client [req-52ca3658-e681-412c-8a9e-81c5b641df1e req-52ca3658-e681-412c-8a9e-81c5b641df1e ] Request (ServerDiagnosticsV248Test:tearDownClass): 200 GET http://10.180.1.21/networking/v2.0/security-groups?tenant_id=ab28f7a84f8e481db72b9caddc90bbb1&name=default 0.613s
2025-12-12 17:27:46.942 66002 INFO tempest.lib.common.rest_client [req-0f421961-d4d2-4e69-8efd-0ee509bd5b54 req-0f421961-d4d2-4e69-8efd-0ee509bd5b54 ] Request (KeyPairsV210TestJSON:tearDownClass): 204 DELETE http://10.180.1.21/networking/v2.0/security-groups/7bc889cd-d7bd-47cd-bbd0-4a822178a91b 0.095s
2025-12-12 17:27:47.006 66014 INFO tempest.lib.common.rest_client [req-bab46103-ad30-44aa-bcfe-463f6575bd1a req-bab46103-ad30-44aa-bcfe-463f6575bd1a ] Request (ServerDiagnosticsTest:test_get_server_diagnostics): 200 GET http://10.180.1.21/compute/v2.1/servers/4a414978-d549-465a-9203-078965962888 1.459s
2025-12-12 17:27:47.016 66014 INFO tempest.common.waiters [-] State transition "BUILD/spawning" ==> "ACTIVE/None" after 35 second wait
2025-12-12 17:27:47.033 66020 INFO tempest.lib.common.rest_client [req-d9e2ecc3-5968-4246-969f-b6a51d5c2941 req-d9e2ecc3-5968-4246-969f-b6a51d5c2941 ] Request (FlavorsAdminTestJSON:test_list_public_flavor_with_other_user): 200 POST http://10.180.1.21/compute/v2.1/flavors 1.410s
2025-12-12 17:27:47.045 65968 INFO tempest.lib.common.rest_client [req-6a2e645c-c029-4b36-8859-8d343d69fdad req-6a2e645c-c029-4b36-8859-8d343d69fdad ] Request (ServerDiagnosticsV248Test:tearDownClass): 204 DELETE http://10.180.1.21/networking/v2.0/security-groups/2111fdee-4a50-4c80-a3d6-07a9e85db6e4 0.125s
2025-12-12 17:27:47.094 66000 INFO tempest.lib.common.rest_client [req-08df5127-bdef-4987-be12-1a5b50b59767 req-08df5127-bdef-4987-be12-1a5b50b59767 ] Request (ServersAdminTestJSON:test_list_servers_by_admin_with_specified_tenant): 200 GET http://10.180.1.21/compute/v2.1/servers/detail?all_tenants=&tenant_id=c29c23e63c89461fbbf95dec75db4667 1.539s
2025-12-12 17:27:47.141 66002 INFO tempest.lib.common.rest_client [req-17ea58c4-b6ae-4bfb-aa71-fc3d8558908b req-17ea58c4-b6ae-4bfb-aa71-fc3d8558908b ] Request (KeyPairsV210TestJSON:tearDownClass): 204 DELETE http://10.180.1.21/identity/v3/projects/e028cd4f5a034df982b85cfdd437c578 0.199s
2025-12-12 17:27:47.167 65968 INFO tempest.lib.common.rest_client [req-8028df4e-e805-4934-8dce-2a0ed331bd37 req-8028df4e-e805-4934-8dce-2a0ed331bd37 ] Request (ServerDiagnosticsV248Test:tearDownClass): 204 DELETE http://10.180.1.21/identity/v3/projects/ab28f7a84f8e481db72b9caddc90bbb1 0.121s
2025-12-12 17:27:47.238 66002 INFO tempest.lib.common.rest_client [req-d354eb94-75e0-48c2-93ea-a9fdd57130c8 req-d354eb94-75e0-48c2-93ea-a9fdd57130c8 ] Request (AttachInterfacesUnderV243Test:setUpClass): 201 POST http://10.180.1.21/identity/v3/auth/tokens 0.094s
2025-12-12 17:27:47.255 65968 INFO tempest.lib.common.rest_client [req-d006cf81-b941-4212-97fa-1af5b507a54e req-d006cf81-b941-4212-97fa-1af5b507a54e ] Request (ServerShowV257Test:setUpClass): 201 POST http://10.180.1.21/identity/v3/auth/tokens 0.085s
2025-12-12 17:27:47.285 66002 INFO tempest.lib.common.rest_client [req-43bc297e-ec21-44ec-9725-1f8aa5514c1c req-43bc297e-ec21-44ec-9725-1f8aa5514c1c ] Request (AttachInterfacesUnderV243Test:setUpClass): 201 POST http://10.180.1.21/identity/v3/auth/tokens 0.040s
2025-12-12 17:27:47.296 65968 INFO tempest.lib.common.rest_client [req-cb6cd0e2-cc74-4d3b-a617-e68b959929f3 req-cb6cd0e2-cc74-4d3b-a617-e68b959929f3 ] Request (ServerShowV257Test:setUpClass): 201 POST http://10.180.1.21/identity/v3/auth/tokens 0.037s
2025-12-12 17:27:47.315 66002 INFO tempest.lib.common.rest_client [req-941de9e1-996d-46c3-a09a-b37bfa164cfc req-941de9e1-996d-46c3-a09a-b37bfa164cfc ] Request (AttachInterfacesUnderV243Test:setUpClass): 200 GET http://10.180.1.21/identity/v3/domains?name=Default 0.029s
2025-12-12 17:27:47.321 66028 INFO tempest.lib.common.rest_client [req-e31ebdb3-1ce6-4b1e-8898-41c79ceed92b req-e31ebdb3-1ce6-4b1e-8898-41c79ceed92b ] Request (VolumesAssistedSnapshotsTest:test_volume_assisted_snapshot_create_delete): 200 GET http://10.180.1.21/volume/v3/volumes/b737cd3a-c568-472d-808b-c5dfed81b2f8 0.041s
2025-12-12 17:27:47.325 66018 INFO tempest.lib.common.rest_client [req-97087b94-8cb5-4913-81ee-4c30e5b83460 req-97087b94-8cb5-4913-81ee-4c30e5b83460 ] Request (ServerRescueTestJSON:test_rescue_unrescue_instance): 200 GET http://10.180.1.21/compute/v2.1/servers/30e80c91-d551-41d6-bbb6-7a42f128b1ac 1.550s
2025-12-12 17:27:47.329 65968 INFO tempest.lib.common.rest_client [req-f0ebf9c5-29cd-4afe-a835-540784941879 req-f0ebf9c5-29cd-4afe-a835-540784941879 ] Request (ServerShowV257Test:setUpClass): 200 GET http://10.180.1.21/identity/v3/domains?name=Default 0.032s
2025-12-12 17:27:47.335 66018 INFO tempest.common.waiters [-] State transition "RESCUE/unrescuing" ==> "ACTIVE/None" after 5 second wait
2025-12-12 17:27:47.363 66022 INFO tempest.lib.common.rest_client [req-083b6dc1-bcfe-45a5-837b-bbdaf45b149b req-083b6dc1-bcfe-45a5-837b-bbdaf45b149b ] Request (ImagesMetadataTestJSON:test_set_image_metadata): 200 PUT http://10.180.1.21/compute/v2.1/images/9ab5ec07-50f3-4415-8fab-416dc86f014f/metadata 1.616s
2025-12-12 17:27:47.381 65974 INFO tempest.lib.common.rest_client [req-048695ab-bca2-4d28-a711-1393ce93a463 req-048695ab-bca2-4d28-a711-1393ce93a463 ] Request (SecurityGroupRulesNegativeTestJSON:test_create_security_group_rule_with_invalid_to_port): 400 POST http://10.180.1.21/compute/v2.1/os-security-group-rules 1.531s
2025-12-12 17:27:47.389 66002 INFO tempest.lib.common.rest_client [req-d1bee3ca-81af-45a0-b9ea-45c53f463d5e req-d1bee3ca-81af-45a0-b9ea-45c53f463d5e ] Request (AttachInterfacesUnderV243Test:setUpClass): 201 POST http://10.180.1.21/identity/v3/projects 0.073s
2025-12-12 17:27:47.389 65968 INFO tempest.lib.common.rest_client [req-3e125a15-da88-4ab6-b004-7f022ed8bc1c req-3e125a15-da88-4ab6-b004-7f022ed8bc1c ] Request (ServerShowV257Test:setUpClass): 201 POST http://10.180.1.21/identity/v3/projects 0.060s
2025-12-12 17:27:47.478 66002 INFO tempest.lib.common.rest_client [req-38622dd3-5a9c-4fac-bc4b-db08984be742 req-38622dd3-5a9c-4fac-bc4b-db08984be742 ] Request (AttachInterfacesUnderV243Test:setUpClass): 201 POST http://10.180.1.21/identity/v3/users 0.086s
2025-12-12 17:27:47.479 65968 INFO tempest.lib.common.rest_client [req-83bab550-b487-4d13-a409-b1d5ab678098 req-83bab550-b487-4d13-a409-b1d5ab678098 ] Request (ServerShowV257Test:setUpClass): 201 POST http://10.180.1.21/identity/v3/users 0.089s
2025-12-12 17:27:47.504 65968 INFO tempest.lib.common.rest_client [req-4158d5bf-169c-47ee-8804-df99990787e3 req-4158d5bf-169c-47ee-8804-df99990787e3 ] Request (ServerShowV257Test:setUpClass): 200 GET http://10.180.1.21/identity/v3/roles 0.025s
2025-12-12 17:27:47.516 66002 INFO tempest.lib.common.rest_client [req-186ad18d-b5f7-4c20-a2a5-7f606bb96153 req-186ad18d-b5f7-4c20-a2a5-7f606bb96153 ] Request (AttachInterfacesUnderV243Test:setUpClass): 200 GET http://10.180.1.21/identity/v3/roles 0.037s
2025-12-12 17:27:47.537 65970 INFO tempest.lib.common.rest_client [req-dc435cd6-4571-45a3-9872-c32b58033652 req-dc435cd6-4571-45a3-9872-c32b58033652 ] Request (ServersTestFqdnHostnames:tearDownClass): 200 GET http://10.180.1.21/compute/v2.1/servers/ee6904ce-f525-4b8d-ad81-26de321562d7 1.648s
2025-12-12 17:27:47.541 65968 INFO tempest.lib.common.rest_client [req-9e41e9c7-3b20-4f9b-8d34-398f82f27192 req-9e41e9c7-3b20-4f9b-8d34-398f82f27192 ] Request (ServerShowV257Test:setUpClass): 204 PUT http://10.180.1.21/identity/v3/projects/e11d60fc0f7a427d85cd67c598eb2a92/users/027fe24f4dac4966b037ab08c3d5db6b/roles/c8a9eb5be65040ca8c10b7e1115dfa92 0.037s
2025-12-12 17:27:47.541 65968 INFO tempest.lib.common.dynamic_creds [-] Dynamic test user 027fe24f4dac4966b037ab08c3d5db6b is created with scope project and roles: ['member']
2025-12-12 17:27:47.542 65968 INFO tempest.lib.common.dynamic_creds [-] Acquired dynamic creds: credentials: Credentials: {'domain_id': 'default', 'domain_name': 'Default', 'username': 'tempest-ServerShowV257Test-1547262518-project-member', 'project_domain_id': 'default', 'project_domain_name': 'Default', 'project_id': 'e11d60fc0f7a427d85cd67c598eb2a92', 'project_name': 'tempest-ServerShowV257Test-1547262518', 'tenant_id': 'e11d60fc0f7a427d85cd67c598eb2a92', 'tenant_name': 'tempest-ServerShowV257Test-1547262518', 'user_domain_id': 'default', 'user_domain_name': 'Default', 'user_id': '027fe24f4dac4966b037ab08c3d5db6b', 'system': None}, Network: None, Subnet: None, Router: None
2025-12-12 17:27:47.542 65968 INFO tempest.lib.common.dynamic_creds [-] Created isolated network resources for: credentials: Credentials: {'domain_id': 'default', 'domain_name': 'Default', 'username': 'tempest-ServerShowV257Test-1547262518-project-member', 'project_domain_id': 'default', 'project_domain_name': 'Default', 'project_id': 'e11d60fc0f7a427d85cd67c598eb2a92', 'project_name': 'tempest-ServerShowV257Test-1547262518', 'tenant_id': 'e11d60fc0f7a427d85cd67c598eb2a92', 'tenant_name': 'tempest-ServerShowV257Test-1547262518', 'user_domain_id': 'default', 'user_domain_name': 'Default', 'user_id': '027fe24f4dac4966b037ab08c3d5db6b', 'system': None}, Network: None, Subnet: None, Router: None
2025-12-12 17:27:47.558 66012 INFO tempest.lib.common.rest_client [req-00ecf2fc-bf39-4335-9b4e-a88c2488edb1 req-00ecf2fc-bf39-4335-9b4e-a88c2488edb1 ] Request (ServersAdminNegativeTestJSON:tearDownClass): 200 GET http://10.180.1.21/compute/v2.1/servers/a41d4f06-9811-4462-b879-db7fa85abc71 1.619s
2025-12-12 17:27:47.574 66002 INFO tempest.lib.common.rest_client [req-5c49fb0e-11ee-4b7f-9a06-af992ecdd5f7 req-5c49fb0e-11ee-4b7f-9a06-af992ecdd5f7 ] Request (AttachInterfacesUnderV243Test:setUpClass): 204 PUT http://10.180.1.21/identity/v3/projects/84bd25a435dd42c08de604b48bed2f65/users/8ffe3aa106314ee2a3b4fb613a07fbe1/roles/c8a9eb5be65040ca8c10b7e1115dfa92 0.057s
2025-12-12 17:27:47.575 66002 INFO tempest.lib.common.dynamic_creds [-] Dynamic test user 8ffe3aa106314ee2a3b4fb613a07fbe1 is created with scope project and roles: ['member']
2025-12-12 17:27:47.575 66002 INFO tempest.lib.common.dynamic_creds [-] Acquired dynamic creds: credentials: Credentials: {'domain_id': 'default', 'domain_name': 'Default', 'username': 'tempest-AttachInterfacesUnderV243Test-237703561-project-member', 'project_domain_id': 'default', 'project_domain_name': 'Default', 'project_id': '84bd25a435dd42c08de604b48bed2f65', 'project_name': 'tempest-AttachInterfacesUnderV243Test-237703561', 'tenant_id': '84bd25a435dd42c08de604b48bed2f65', 'tenant_name': 'tempest-AttachInterfacesUnderV243Test-237703561', 'user_domain_id': 'default', 'user_domain_name': 'Default', 'user_id': '8ffe3aa106314ee2a3b4fb613a07fbe1', 'system': None}, Network: None, Subnet: None, Router: None
2025-12-12 17:27:47.614 65986 INFO tempest.lib.common.rest_client [req-b0584c85-0845-41dd-8084-019a30a5417e req-b0584c85-0845-41dd-8084-019a30a5417e ] Request (ServerActionsTestOtherB:setUpClass): 200 GET http://10.180.1.21/compute/v2.1/servers/b50eeccc-2674-4021-b303-8aa9c5b65c99 1.648s
2025-12-12 17:27:47.666 65968 INFO tempest.lib.common.rest_client [req-8ca48ebf-02e7-4982-8d47-fcfb9b8d5116 req-8ca48ebf-02e7-4982-8d47-fcfb9b8d5116 ] Request (ServerShowV257Test:setUpClass): 201 POST http://10.180.1.21/identity/v3/auth/tokens 0.121s
2025-12-12 17:27:47.671 65966 INFO tempest.lib.common.rest_client [req-37136fd3-ebd6-469a-80e2-2668e6df3761 req-37136fd3-ebd6-469a-80e2-2668e6df3761 ] Request (DeleteServersTestJSON:test_delete_server_while_in_attached_volume): 200 GET http://10.180.1.21/compute/v2.1/servers/a0faba58-8e64-44db-b56b-c6296f13f4fe 1.634s
2025-12-12 17:27:47.709 66002 INFO tempest.lib.common.rest_client [req-cd1ed2ca-8fcf-4b06-90b1-3cb5ba74c9b9 req-cd1ed2ca-8fcf-4b06-90b1-3cb5ba74c9b9 ] Request (AttachInterfacesUnderV243Test:setUpClass): 201 POST http://10.180.1.21/identity/v3/auth/tokens 0.133s
2025-12-12 17:27:47.732 65968 INFO tempest.lib.common.rest_client [req-48bf845a-661a-4c7f-99a7-16abd7a20b55 req-48bf845a-661a-4c7f-99a7-16abd7a20b55 ] Request (ServerShowV257Test:test_rebuild_server): 201 POST http://10.180.1.21/identity/v3/auth/tokens 0.055s
2025-12-12 17:27:47.733 65968 INFO tempest.lib.common.fixed_network [-] (ServerShowV257Test:test_rebuild_server) Found network None available for tenant
2025-12-12 17:27:48.377 66028 INFO tempest.lib.common.rest_client [req-4e54c420-0b5e-4c28-a7f5-44e14ab17c18 req-4e54c420-0b5e-4c28-a7f5-44e14ab17c18 ] Request (VolumesAssistedSnapshotsTest:test_volume_assisted_snapshot_create_delete): 200 GET http://10.180.1.21/volume/v3/volumes/b737cd3a-c568-472d-808b-c5dfed81b2f8 0.043s
2025-12-12 17:27:48.425 66002 INFO tempest.lib.common.rest_client [req-b96894ba-b8cc-4a4f-a9f8-e5a3a44f9b3b req-b96894ba-b8cc-4a4f-a9f8-e5a3a44f9b3b ] Request (AttachInterfacesUnderV243Test:setUpClass): 201 POST http://10.180.1.21/networking/v2.0/networks 0.712s
2025-12-12 17:27:48.452 65976 INFO tempest.lib.common.rest_client [req-88a45b4a-7dcf-4180-b176-6506a770be4b req-88a45b4a-7dcf-4180-b176-6506a770be4b ] Request (ServersTestJSON:tearDownClass): 200 GET http://10.180.1.21/compute/v2.1/servers/c0418244-0e6e-4cea-8199-33d921426fad 2.373s
2025-12-12 17:27:48.485 65997 INFO tempest.lib.common.rest_client [req-6d2d607b-2db0-48d1-a852-ee6f9545ca82 req-6d2d607b-2db0-48d1-a852-ee6f9545ca82 ] Request (ImagesOneServerNegativeTestJSON:setUp): 200 GET http://10.180.1.21/compute/v2.1/servers/19b0da5e-aa77-4a9a-bf9f-836acd9adcc8 2.438s
2025-12-12 17:27:48.883 66002 INFO tempest.lib.common.rest_client [req-10f2bc5b-16b9-4997-9ff9-ca2e7ec98aac req-10f2bc5b-16b9-4997-9ff9-ca2e7ec98aac ] Request (AttachInterfacesUnderV243Test:setUpClass): 201 POST http://10.180.1.21/networking/v2.0/subnets 0.456s
2025-12-12 17:27:48.953 66006 INFO tempest.lib.common.rest_client [req-9115c553-f400-41af-8fa3-41c97f7e650f req-9115c553-f400-41af-8fa3-41c97f7e650f ] Request (ServerTagsTestJSON:setUpClass): 200 GET http://10.180.1.21/compute/v2.1/servers/6a60f6de-1322-48d0-9b2a-73ce9e5ee7b3 2.781s
2025-12-12 17:27:49.403 66024 INFO tempest.lib.common.rest_client [req-398b34e3-4877-44aa-96dc-875265ac9aa4 req-398b34e3-4877-44aa-96dc-875265ac9aa4 ] Request (InstanceActionsTestJSON:setUpClass): 200 GET http://10.180.1.21/compute/v2.1/servers/5a8b2c15-6815-4a45-80ba-19605df2c1db 3.292s
2025-12-12 17:27:49.413 66024 INFO tempest.common.waiters [-] State transition "BUILD/None" ==> "BUILD/spawning" after 23 second wait
2025-12-12 17:27:49.422 66028 INFO tempest.lib.common.rest_client [req-27fdf8e3-ea3b-4c17-846d-96f1eabe28dd req-27fdf8e3-ea3b-4c17-846d-96f1eabe28dd ] Request (VolumesAssistedSnapshotsTest:test_volume_assisted_snapshot_create_delete): 200 GET http://10.180.1.21/volume/v3/volumes/b737cd3a-c568-472d-808b-c5dfed81b2f8 0.037s
2025-12-12 17:27:49.504 65982 INFO tempest.lib.common.rest_client [req-17be16bf-c3d2-4337-87e3-6b8ad512b1a6 req-17be16bf-c3d2-4337-87e3-6b8ad512b1a6 ] Request (MigrationsAdminTest:test_list_migrations_in_flavor_resize_situation): 200 GET http://10.180.1.21/compute/v2.1/servers/47a559fa-77a8-497d-8426-6f5f0e747495 3.293s
2025-12-12 17:27:49.732 66002 INFO tempest.lib.common.rest_client [req-8dd18f35-f996-4e73-9e9b-fae7f9179f9e req-8dd18f35-f996-4e73-9e9b-fae7f9179f9e ] Request (AttachInterfacesUnderV243Test:setUpClass): 201 POST http://10.180.1.21/networking/v2.0/routers 0.849s
2025-12-12 17:27:50.474 66028 INFO tempest.lib.common.rest_client [req-2573e2ca-a0bb-48aa-a6a6-b9704e25354a req-2573e2ca-a0bb-48aa-a6a6-b9704e25354a ] Request (VolumesAssistedSnapshotsTest:test_volume_assisted_snapshot_create_delete): 200 GET http://10.180.1.21/volume/v3/volumes/b737cd3a-c568-472d-808b-c5dfed81b2f8 0.041s
2025-12-12 17:27:50.659 66002 INFO tempest.lib.common.rest_client [req-17598d06-60c9-4a84-bf20-a44dd0d8d97b req-17598d06-60c9-4a84-bf20-a44dd0d8d97b ] Request (AttachInterfacesUnderV243Test:setUpClass): 200 PUT http://10.180.1.21/networking/v2.0/routers/67ad9ad7-29ac-481b-af27-23e48f657063/add_router_interface 0.926s
2025-12-12 17:27:50.660 66002 INFO tempest.lib.common.dynamic_creds [-] Created isolated network resources for: credentials: Credentials: {'domain_id': 'default', 'domain_name': 'Default', 'username': 'tempest-AttachInterfacesUnderV243Test-237703561-project-member', 'project_domain_id': 'default', 'project_domain_name': 'Default', 'project_id': '84bd25a435dd42c08de604b48bed2f65', 'project_name': 'tempest-AttachInterfacesUnderV243Test-237703561', 'tenant_id': '84bd25a435dd42c08de604b48bed2f65', 'tenant_name': 'tempest-AttachInterfacesUnderV243Test-237703561', 'user_domain_id': 'default', 'user_domain_name': 'Default', 'user_id': '8ffe3aa106314ee2a3b4fb613a07fbe1', 'system': None}, Network: {'id': '88e7dce9-8d68-40f8-b845-d9e7af672da2', 'name': 'tempest-AttachInterfacesUnderV243Test-1329029446-network', 'tenant_id': '84bd25a435dd42c08de604b48bed2f65', 'project_id': '84bd25a435dd42c08de604b48bed2f65', 'admin_state_up': True, 'mtu': 8950, 'status': 'ACTIVE', 'subnets': [], 'shared': False, 'port_security_enabled': True, 'router:external': False, 'provider:network_type': 'vlan', 'provider:physical_network': 'default', 'provider:segmentation_id': 559, 'availability_zone_hints': [], 'availability_zones': [], 'ipv4_address_scope': None, 'ipv6_address_scope': None, 'description': '', 'tags': [], 'created_at': '2025-12-12T17:27:48Z', 'updated_at': '2025-12-12T17:27:48Z', 'revision_number': 1}, Subnet: {'id': 'c7c8d46e-561e-42da-ace1-26a2c88997ac', 'name': 'tempest-AttachInterfacesUnderV243Test-1329029446-subnet', 'tenant_id': '84bd25a435dd42c08de604b48bed2f65', 'network_id': '88e7dce9-8d68-40f8-b845-d9e7af672da2', 'ip_version': 4, 'subnetpool_id': None, 'enable_dhcp': True, 'ipv6_ra_mode': None, 'ipv6_address_mode': None, 'gateway_ip': '192.168.128.1', 'cidr': '192.168.128.0/28', 'allocation_pools': [{'start': '192.168.128.2', 'end': '192.168.128.14'}], 'host_routes': [], 'dns_nameservers': [], 'description': '', 'router:external': False, 'service_types': [], 'tags': [], 'created_at': '2025-12-12T17:27:48Z', 'updated_at': '2025-12-12T17:27:48Z', 'revision_number': 0, 'project_id': '84bd25a435dd42c08de604b48bed2f65'}, Router: {'id': '67ad9ad7-29ac-481b-af27-23e48f657063', 'name': 'tempest-AttachInterfacesUnderV243Test-1329029446-router', 'tenant_id': '84bd25a435dd42c08de604b48bed2f65', 'admin_state_up': True, 'status': 'ACTIVE', 'external_gateway_info': {'network_id': 'b17ca395-2a67-42ac-9d08-4bf2dbb9aa77', 'external_fixed_ips': [{'subnet_id': '8c47f5f1-7b1b-4314-a6e8-4fd08ab9071c', 'ip_address': '10.180.180.242'}], 'enable_snat': True}, 'description': '', 'availability_zones': [], 'distributed': False, 'ha': False, 'availability_zone_hints': [], 'routes': [], 'flavor_id': None, 'tags': [], 'created_at': '2025-12-12T17:27:48Z', 'updated_at': '2025-12-12T17:27:49Z', 'revision_number': 2, 'project_id': '84bd25a435dd42c08de604b48bed2f65'}
2025-12-12 17:27:50.835 66002 INFO tempest.lib.common.rest_client [req-f08bbcc5-9449-42f6-9bce-3e0d5d929bd6 req-f08bbcc5-9449-42f6-9bce-3e0d5d929bd6 ] Request (AttachInterfacesUnderV243Test:setUpClass): 201 POST http://10.180.1.21/identity/v3/auth/tokens 0.172s
2025-12-12 17:27:51.518 66028 INFO tempest.lib.common.rest_client [req-68cc2913-ea5e-422a-86de-99c8be8e4744 req-68cc2913-ea5e-422a-86de-99c8be8e4744 ] Request (VolumesAssistedSnapshotsTest:test_volume_assisted_snapshot_create_delete): 200 GET http://10.180.1.21/volume/v3/volumes/b737cd3a-c568-472d-808b-c5dfed81b2f8 0.035s
2025-12-12 17:27:52.565 66028 INFO tempest.lib.common.rest_client [req-98760141-7991-4d74-a6a3-13c3b9be5ef3 req-98760141-7991-4d74-a6a3-13c3b9be5ef3 ] Request (VolumesAssistedSnapshotsTest:test_volume_assisted_snapshot_create_delete): 200 GET http://10.180.1.21/volume/v3/volumes/b737cd3a-c568-472d-808b-c5dfed81b2f8 0.039s
2025-12-12 17:27:52.572 66028 INFO tempest.common.waiters [-] Attachment b04d9fac-3fbd-43c6-96d3-1691d7408ae9 created for volume b737cd3a-c568-472d-808b-c5dfed81b2f8 to server e61c9b40-8350-43cb-8e5d-8a270d02845f after waiting for 8.572589 seconds
2025-12-12 17:27:52.609 66028 INFO tempest.lib.common.rest_client [req-ea97e3f3-23ac-4566-84c3-84e80e0d37cf req-ea97e3f3-23ac-4566-84c3-84e80e0d37cf ] Request (VolumesAssistedSnapshotsTest:test_volume_assisted_snapshot_create_delete): 200 GET http://10.180.1.21/volume/v3/volumes/b737cd3a-c568-472d-808b-c5dfed81b2f8 0.036s
2025-12-12 17:27:52.619 66028 INFO tempest.common.waiters [-] volume b737cd3a-c568-472d-808b-c5dfed81b2f8 reached in-use after waiting for 0.619178 seconds
2025-12-12 17:27:54.274 65994 INFO tempest.lib.common.rest_client [req-357469a2-5ee6-4bb7-b68c-f718360e5f04 req-357469a2-5ee6-4bb7-b68c-f718360e5f04 ] Request (ListImageFiltersTestJSON:setUpClass): 200 GET http://10.180.1.21/compute/v2.1/images/d043c02c-8ec5-427c-bdfc-f148e4ca98c7 8.011s
2025-12-12 17:27:54.276 66010 INFO tempest.lib.common.rest_client [req-11fc47af-0847-406d-98f6-ac3e0e0848e7 req-11fc47af-0847-406d-98f6-ac3e0e0848e7 ] Request (ImagesTestJSON:test_create_image_from_suspended_server): 200 GET http://10.180.1.21/compute/v2.1/images/0ae9afe8-c8dc-44e2-8b22-ec9b3ce0cd00 8.033s
2025-12-12 17:27:54.341 65988 INFO tempest.lib.common.rest_client [req-18df1164-8c98-419c-a66a-4bcd2bc8e657 req-18df1164-8c98-419c-a66a-4bcd2bc8e657 ] Request (ImagesNegativeTestJSON:test_create_image_from_deleted_server): 200 GET http://10.180.1.21/compute/v2.1/servers/302928c9-bf98-4b62-afe3-2cebd6024775 8.031s
2025-12-12 17:27:54.357 65978 INFO tempest.lib.common.rest_client [req-92443b43-db79-475e-9c14-d3b94e8564b7 req-92443b43-db79-475e-9c14-d3b94e8564b7 ] Request (ServersAdmin275Test:test_rebuild_update_server_275): 200 GET http://10.180.1.21/compute/v2.1/servers/c06de266-4b65-48a6-83b2-75ef5d9db2f7 7.957s
2025-12-12 17:27:54.372 65978 INFO tempest.common.waiters [-] State transition "BUILD/spawning" ==> "ACTIVE/None" after 40 second wait
2025-12-12 17:27:54.405 66026 INFO tempest.lib.common.rest_client [req-a0a88de3-e74e-451d-afd2-2648a1fe98f8 req-a0a88de3-e74e-451d-afd2-2648a1fe98f8 ] Request (AttachVolumeNegativeTest:test_attach_attached_volume_to_different_server): 200 GET http://10.180.1.21/compute/v2.1/servers/9bcb5d23-dd0e-48ec-b4aa-fc1ee945267b 7.930s
2025-12-12 17:27:54.450 65984 INFO tempest.lib.common.rest_client [req-f2d1e118-c04a-4e65-a304-e1aef71a30b8 req-f2d1e118-c04a-4e65-a304-e1aef71a30b8 ] Request (ServersListShow2100Test:test_list_show_rebuild_update_server_2100): 200 GET http://10.180.1.21/compute/v2.1/servers/e9e0f7b8-27c8-4b45-bea2-5252ed9c84cc 7.838s
2025-12-12 17:27:54.468 65984 INFO tempest.common.waiters [-] State transition "BUILD/scheduling" ==> "BUILD/None" after 12 second wait
2025-12-12 17:27:54.485 65992 INFO tempest.lib.common.rest_client [req-27bfd420-e8ad-4086-a3e8-65b7edb353b8 req-27bfd420-e8ad-4086-a3e8-65b7edb353b8 ] Request (ServerGroupTestJSON:test_create_server_with_scheduler_hint_group): 200 GET http://10.180.1.21/compute/v2.1/servers/54ee3a6b-57a4-4cbb-a007-be68dee5cd39 7.779s
2025-12-12 17:27:54.516 66020 INFO tempest.lib.common.rest_client [req-0910ce71-b46f-4bfa-a68f-12a231c1f383 req-0910ce71-b46f-4bfa-a68f-12a231c1f383 ] Request (FlavorsAdminTestJSON:test_list_public_flavor_with_other_user): 200 GET http://10.180.1.21/compute/v2.1/flavors/detail 7.479s
2025-12-12 17:27:54.703 65980 INFO tempest.lib.common.rest_client [req-dc8ef240-2ca3-45f8-bad9-dc8af0f80b06 req-dc8ef240-2ca3-45f8-bad9-dc8af0f80b06 ] Request (AttachInterfacesTestJSON:test_create_list_show_delete_interfaces_by_fixed_ip): 200 GET http://10.180.1.21/compute/v2.1/servers/bcab9a70-0885-4d58-818a-6193dd3b1e4d 7.638s
2025-12-12 17:27:54.711 65980 INFO tempest.common.waiters [-] State transition "BUILD/None" ==> "BUILD/spawning" after 27 second wait
2025-12-12 17:27:54.746 66000 INFO tempest.lib.common.rest_client [req-1272e36b-3f1f-4d05-8ee2-5eb81b8443d2 req-1272e36b-3f1f-4d05-8ee2-5eb81b8443d2 ] Request (ServersAdminTestJSON:test_list_servers_by_admin_with_specified_tenant): 200 GET http://10.180.1.21/compute/v2.1/servers/detail?all_tenants=&tenant_id=cda52376b91a4edabc4673ea03cc3ff0 7.633s
2025-12-12 17:27:54.825 66008 INFO tempest.lib.common.rest_client [req-38fd3e82-6683-4e9c-988c-8fcae239c211 req-38fd3e82-6683-4e9c-988c-8fcae239c211 ] Request (ServerShowV254Test:tearDownClass): 200 GET http://10.180.1.21/compute/v2.1/servers/c4f8b2f3-4f9c-446d-864c-6e536902bcbf 7.617s
2025-12-12 17:27:54.919 66018 INFO tempest.lib.common.rest_client [req-af23a87e-de39-473d-9c0d-e544b46f3850 req-af23a87e-de39-473d-9c0d-e544b46f3850 ] Request (ServerRescueTestJSON:tearDownClass): 204 DELETE http://10.180.1.21/compute/v2.1/servers/30e80c91-d551-41d6-bbb6-7a42f128b1ac 7.581s
2025-12-12 17:27:54.957 66022 INFO tempest.lib.common.rest_client [req-d2f43b24-5659-4c52-95d1-a3effe72e10c req-d2f43b24-5659-4c52-95d1-a3effe72e10c ] Request (ImagesMetadataTestJSON:test_set_image_metadata): 200 GET http://10.180.1.21/compute/v2.1/images/9ab5ec07-50f3-4415-8fab-416dc86f014f/metadata 7.593s
2025-12-12 17:27:54.986 65974 INFO tempest.lib.common.rest_client [req-068fe0ce-a584-4b60-9b82-01ae519015ce req-068fe0ce-a584-4b60-9b82-01ae519015ce ] Request (SecurityGroupRulesNegativeTestJSON:test_create_security_group_rule_with_non_existent_id): 404 POST http://10.180.1.21/compute/v2.1/os-security-group-rules 7.599s
2025-12-12 17:27:55.154 65968 INFO tempest.lib.common.rest_client [req-e68e4ebb-03aa-48fc-a0ce-97323c6d5e0a req-e68e4ebb-03aa-48fc-a0ce-97323c6d5e0a ] Request (ServerShowV257Test:test_rebuild_server): 202 POST http://10.180.1.21/compute/v2.1/servers 7.421s
2025-12-12 17:27:55.165 66014 INFO tempest.lib.common.rest_client [req-badab640-b200-4304-a4e8-9d0a70ce527c req-badab640-b200-4304-a4e8-9d0a70ce527c ] Request (ServerDiagnosticsTest:test_get_server_diagnostics): 200 GET http://10.180.1.21/compute/v2.1/servers/4a414978-d549-465a-9203-078965962888/diagnostics 8.149s
2025-12-12 17:27:55.219 65998 INFO tempest.lib.common.rest_client [req-5691aa44-71e6-44ec-9c82-bef2a3cf3760 req-5691aa44-71e6-44ec-9c82-bef2a3cf3760 ] Request (FloatingIPsAssociationNegativeTestJSON:tearDownClass): 200 GET http://10.180.1.21/compute/v2.1/servers/803e462a-8e3b-4dbe-a388-84df7664e6f5 7.417s
2025-12-12 17:27:55.223 65972 INFO tempest.lib.common.rest_client [req-1be3f7b9-8c7c-4985-a8e2-2b6c29264a1f req-1be3f7b9-8c7c-4985-a8e2-2b6c29264a1f ] Request (ServerRescueTestJSONUnderV235:setUpClass): 200 GET http://10.180.1.21/compute/v2.1/servers/a6ede455-d5a3-4b4a-920f-df6e27435636 7.394s
2025-12-12 17:27:55.225 65997 INFO tempest.lib.common.rest_client [req-425b20db-728d-423d-b5f2-d24461a766e3 req-425b20db-728d-423d-b5f2-d24461a766e3 ] Request (ImagesOneServerNegativeTestJSON:test_create_image_specify_name_over_character_limit): 400 POST http://10.180.1.21/compute/v2.1/servers/19b0da5e-aa77-4a9a-bf9f-836acd9adcc8/action 6.732s
2025-12-12 17:27:55.228 65998 INFO tempest.common.waiters [-] State transition "ACTIVE/deleting" ==> "DELETED/None" after 9 second wait
2025-12-12 17:27:55.232 65972 INFO tempest.common.waiters [-] State transition "BUILD/scheduling" ==> "BUILD/None" after 13 second wait
2025-12-12 17:27:55.292 66012 INFO tempest.lib.common.rest_client [req-8a3b8687-a62a-4553-a420-3f1aef149b99 req-8a3b8687-a62a-4553-a420-3f1aef149b99 ] Request (ServersAdminNegativeTestJSON:tearDownClass): 200 GET http://10.180.1.21/compute/v2.1/servers/a41d4f06-9811-4462-b879-db7fa85abc71 6.720s
2025-12-12 17:27:55.293 65970 INFO tempest.lib.common.rest_client [req-3d30b6c9-fc02-45ff-905f-6f768d8f3956 req-3d30b6c9-fc02-45ff-905f-6f768d8f3956 ] Request (ServersTestFqdnHostnames:tearDownClass): 200 GET http://10.180.1.21/compute/v2.1/servers/ee6904ce-f525-4b8d-ad81-26de321562d7 6.746s
2025-12-12 17:27:55.299 66012 INFO tempest.common.waiters [-] State transition "SUSPENDED/deleting" ==> "DELETED/None" after 8 second wait
2025-12-12 17:27:55.343 65986 INFO tempest.lib.common.rest_client [req-4c278148-7061-4398-a423-8bc7ec9bccfa req-4c278148-7061-4398-a423-8bc7ec9bccfa ] Request (ServerActionsTestOtherB:setUpClass): 200 GET http://10.180.1.21/compute/v2.1/servers/b50eeccc-2674-4021-b303-8aa9c5b65c99 6.720s
2025-12-12 17:27:55.345 65966 INFO tempest.lib.common.rest_client [req-adf083af-036c-4768-8926-279fbc781de6 req-adf083af-036c-4768-8926-279fbc781de6 ] Request (DeleteServersTestJSON:test_delete_server_while_in_attached_volume): 200 GET http://10.180.1.21/compute/v2.1/servers/a0faba58-8e64-44db-b56b-c6296f13f4fe 6.658s
2025-12-12 17:27:55.407 65976 INFO tempest.lib.common.rest_client [req-5313b701-340a-4987-b8cb-52ce6bdefe66 req-5313b701-340a-4987-b8cb-52ce6bdefe66 ] Request (ServersTestJSON:tearDownClass): 200 GET http://10.180.1.21/compute/v2.1/servers/c0418244-0e6e-4cea-8199-33d921426fad 5.947s
2025-12-12 17:27:55.414 65976 INFO tempest.common.waiters [-] State transition "ACTIVE/deleting" ==> "DELETED/None" after 10 second wait
2025-12-12 17:27:55.421 66006 INFO tempest.lib.common.rest_client [req-bf7b7445-8d57-467f-b0d9-3e740f3eb35b req-bf7b7445-8d57-467f-b0d9-3e740f3eb35b ] Request (ServerTagsTestJSON:setUpClass): 200 GET http://10.180.1.21/compute/v2.1/servers/6a60f6de-1322-48d0-9b2a-73ce9e5ee7b3 5.451s
2025-12-12 17:27:55.538 66024 INFO tempest.lib.common.rest_client [req-e16499e6-ee42-4dd1-8eba-02f8e735920c req-e16499e6-ee42-4dd1-8eba-02f8e735920c ] Request (InstanceActionsTestJSON:setUpClass): 200 GET http://10.180.1.21/compute/v2.1/servers/5a8b2c15-6815-4a45-80ba-19605df2c1db 5.124s
2025-12-12 17:27:55.545 65982 INFO tempest.lib.common.rest_client [req-131cdba5-7824-4b61-ba6e-a42e416a1df0 req-131cdba5-7824-4b61-ba6e-a42e416a1df0 ] Request (MigrationsAdminTest:test_list_migrations_in_flavor_resize_situation): 200 GET http://10.180.1.21/compute/v2.1/servers/47a559fa-77a8-497d-8426-6f5f0e747495 5.032s
2025-12-12 17:27:55.553 65982 INFO tempest.common.waiters [-] State transition "RESIZE/resize_migrating" ==> "RESIZE/resize_finish" after 36 second wait
2025-12-12 17:27:55.604 66002 INFO tempest.lib.common.rest_client [req-73b2fb50-37eb-4f0c-9b19-48ad69fd59fc req-73b2fb50-37eb-4f0c-9b19-48ad69fd59fc ] Request (ValidationResourcesFixture:setUp): 200 POST http://10.180.1.21/compute/v2.1/os-keypairs 4.765s
2025-12-12 17:27:55.647 66010 INFO tempest.lib.common.rest_client [req-d1d3db85-1c46-41eb-8603-a21f776fda0c req-d1d3db85-1c46-41eb-8603-a21f776fda0c ] Request (ImagesTestJSON:test_create_image_from_suspended_server): 200 GET http://10.180.1.21/compute/v2.1/images/0ae9afe8-c8dc-44e2-8b22-ec9b3ce0cd00 1.366s
2025-12-12 17:27:55.677 66010 INFO tempest.lib.common.rest_client [req-94e01ed8-c3d2-470d-af8a-89a044a2528c req-94e01ed8-c3d2-470d-af8a-89a044a2528c ] Request (ImagesTestJSON:test_create_image_from_suspended_server): 200 GET http://10.180.1.21/image/v2/images/0ae9afe8-c8dc-44e2-8b22-ec9b3ce0cd00/tasks 0.026s
2025-12-12 17:27:55.680 66028 INFO tempest.lib.common.rest_client [req-d1f32a6f-bdb3-4a99-8d02-ad8758792407 req-d1f32a6f-bdb3-4a99-8d02-ad8758792407 ] Request (VolumesAssistedSnapshotsTest:test_volume_assisted_snapshot_create_delete): 200 POST http://10.180.1.21/compute/v2.1/os-assisted-volume-snapshots 3.061s
2025-12-12 17:27:55.699 66020 INFO tempest.lib.common.rest_client [req-e93d7485-f4f3-4d08-af4f-01a97cbb3d22 req-e93d7485-f4f3-4d08-af4f-01a97cbb3d22 ] Request (FlavorsAdminTestJSON:_run_cleanups): 202 DELETE http://10.180.1.21/compute/v2.1/flavors/981636379 1.174s
2025-12-12 17:27:55.707 66000 INFO tempest.lib.common.rest_client [req-380ab673-14a1-4685-8824-affe0ca99e62 req-380ab673-14a1-4685-8824-affe0ca99e62 ] Request (ServersAdminTestJSON:test_list_servers_detailed_filter_by_invalid_status): 200 GET http://10.180.1.21/compute/v2.1/servers/detail?status=invalid_status 0.952s
2025-12-12 17:27:55.733 66002 INFO tempest.lib.common.rest_client [req-819212a7-ec21-495f-aa8b-5a7bc1783ead req-819212a7-ec21-495f-aa8b-5a7bc1783ead ] Request (ValidationResourcesFixture:setUp): 201 POST http://10.180.1.21/networking/v2.0/security-groups 0.128s
2025-12-12 17:27:55.830 66002 INFO tempest.lib.common.rest_client [req-29b89105-b882-46fe-95f8-d97f53becf63 req-29b89105-b882-46fe-95f8-d97f53becf63 ] Request (ValidationResourcesFixture:setUp): 201 POST http://10.180.1.21/networking/v2.0/security-group-rules 0.097s
2025-12-12 17:27:55.861 65978 INFO tempest.lib.common.rest_client [req-3d4af0c2-59f1-4ba6-bf39-d1f0d351f6a1 req-3d4af0c2-59f1-4ba6-bf39-d1f0d351f6a1 ] Request (ServersAdmin275Test:test_rebuild_update_server_275): 202 POST http://10.180.1.21/compute/v2.1/servers/c06de266-4b65-48a6-83b2-75ef5d9db2f7/action 1.489s
2025-12-12 17:27:55.865 66018 INFO tempest.lib.common.rest_client [req-dff72f19-f5ef-4493-ac3f-544e5188caf1 req-dff72f19-f5ef-4493-ac3f-544e5188caf1 ] Request (ServerRescueTestJSON:tearDownClass): 200 GET http://10.180.1.21/compute/v2.1/servers/30e80c91-d551-41d6-bbb6-7a42f128b1ac 0.945s
2025-12-12 17:27:55.882 65974 INFO tempest.lib.common.rest_client [req-a8d0fb2e-2f9d-41a8-8cbf-73d124670882 req-a8d0fb2e-2f9d-41a8-8cbf-73d124670882 ] Request (SecurityGroupRulesNegativeTestJSON:test_delete_security_group_rule_with_non_existent_id): 404 DELETE http://10.180.1.21/compute/v2.1/os-security-group-rules/9184a728-80a0-4fb1-ac28-bc123214b615 0.894s
2025-12-12 17:27:55.941 66002 INFO tempest.lib.common.rest_client [req-d85d3861-585b-4e8a-a32c-eedd61f1633a req-d85d3861-585b-4e8a-a32c-eedd61f1633a ] Request (ValidationResourcesFixture:setUp): 201 POST http://10.180.1.21/networking/v2.0/security-group-rules 0.109s
2025-12-12 17:27:55.955 65968 INFO tempest.lib.common.rest_client [req-648c942b-5de0-4e1c-993b-d23ea3f77689 req-648c942b-5de0-4e1c-993b-d23ea3f77689 ] Request (ServerShowV257Test:test_rebuild_server): 200 GET http://10.180.1.21/compute/v2.1/servers/b0ef926c-8541-41e0-afba-72d4516a184f 0.799s
2025-12-12 17:27:56.068 66014 INFO tempest.lib.common.rest_client [req-4445ac46-f64d-41fb-b25c-0f049eaa7a85 req-4445ac46-f64d-41fb-b25c-0f049eaa7a85 ] Request (ServerDiagnosticsTest:tearDownClass): 204 DELETE http://10.180.1.21/compute/v2.1/servers/4a414978-d549-465a-9203-078965962888 0.900s
2025-12-12 17:27:56.125 66022 INFO tempest.lib.common.rest_client [req-235b49b1-40d5-47cf-956f-000c3a684757 req-235b49b1-40d5-47cf-956f-000c3a684757 ] Request (ImagesMetadataTestJSON:setUp): 200 PUT http://10.180.1.21/compute/v2.1/images/9ab5ec07-50f3-4415-8fab-416dc86f014f/metadata 1.165s
2025-12-12 17:27:56.160 65994 INFO tempest.lib.common.rest_client [req-45afa4ee-20cb-41f0-9067-dd9b6d2d1cce req-45afa4ee-20cb-41f0-9067-dd9b6d2d1cce ] Request (ListImageFiltersTestJSON:setUpClass): 200 GET http://10.180.1.21/compute/v2.1/images/d043c02c-8ec5-427c-bdfc-f148e4ca98c7 0.881s
2025-12-12 17:27:56.209 65997 INFO tempest.lib.common.rest_client [req-cabb50d7-9d68-4269-8fc1-c4eebd8785bd req-cabb50d7-9d68-4269-8fc1-c4eebd8785bd ] Request (ImagesOneServerNegativeTestJSON:tearDown): 200 GET http://10.180.1.21/compute/v2.1/servers/19b0da5e-aa77-4a9a-bf9f-836acd9adcc8 0.984s
2025-12-12 17:27:56.224 65988 INFO tempest.lib.common.rest_client [req-76003509-795c-492a-855b-61457f11470f req-76003509-795c-492a-855b-61457f11470f ] Request (ImagesNegativeTestJSON:test_create_image_from_deleted_server): 200 GET http://10.180.1.21/compute/v2.1/servers/302928c9-bf98-4b62-afe3-2cebd6024775 0.875s
2025-12-12 17:27:56.272 66026 INFO tempest.lib.common.rest_client [req-1539e010-8106-48e7-b588-2b71313cfb86 req-1539e010-8106-48e7-b588-2b71313cfb86 ] Request (AttachVolumeNegativeTest:test_attach_attached_volume_to_different_server): 200 GET http://10.180.1.21/compute/v2.1/servers/9bcb5d23-dd0e-48ec-b4aa-fc1ee945267b 0.859s
2025-12-12 17:27:56.297 65984 INFO tempest.lib.common.rest_client [req-782761f1-48a0-4a2a-8876-f74f96ea2dc2 req-782761f1-48a0-4a2a-8876-f74f96ea2dc2 ] Request (ServersListShow2100Test:test_list_show_rebuild_update_server_2100): 200 GET http://10.180.1.21/compute/v2.1/servers/e9e0f7b8-27c8-4b45-bea2-5252ed9c84cc 0.827s
2025-12-12 17:27:56.338 65992 INFO tempest.lib.common.rest_client [req-f1b9debf-3cb0-403d-9067-0f1edd346126 req-f1b9debf-3cb0-403d-9067-0f1edd346126 ] Request (ServerGroupTestJSON:test_create_server_with_scheduler_hint_group): 200 GET http://10.180.1.21/compute/v2.1/servers/54ee3a6b-57a4-4cbb-a007-be68dee5cd39 0.842s
2025-12-12 17:27:56.369 66028 INFO tempest.lib.common.rest_client [req-0add19b1-fb48-46ad-90ae-549f0d1a2ad7 req-0add19b1-fb48-46ad-90ae-549f0d1a2ad7 ] Request (VolumesAssistedSnapshotsTest:test_volume_assisted_snapshot_create_delete): 204 DELETE http://10.180.1.21/compute/v2.1/os-assisted-volume-snapshots/None?delete_info=%7B%22volume_id%22%3A+%22b737cd3a-c568-472d-808b-c5dfed81b2f8%22%7D 0.688s
2025-12-12 17:27:56.395 66020 INFO tempest.lib.common.rest_client [req-44a4a9ab-ba30-4757-a3c4-c30570d4a38f req-44a4a9ab-ba30-4757-a3c4-c30570d4a38f ] Request (FlavorsAdminTestJSON:_run_cleanups): 200 GET http://10.180.1.21/compute/v2.1/flavors/detail 0.695s
