2025-12-12 17:26:15.047 66020 INFO tempest.lib.common.rest_client [req-5700f9b0-0906-4efc-b9a2-7a74c43e2c58 req-5700f9b0-0906-4efc-b9a2-7a74c43e2c58 ] Request (FlavorsAdminTestJSON:_run_cleanups): 200 GET http://10.180.1.21/compute/v2.1/flavors/detail 4.505s
2025-12-12 17:26:15.247 65997 INFO tempest.lib.common.rest_client [req-dea38b51-50a8-4c48-b40d-6eb8783b144d req-dea38b51-50a8-4c48-b40d-6eb8783b144d ] Request (QuotasAdminNegativeTest:_run_cleanups): 200 PUT http://10.180.1.21/compute/v2.1/os-quota-sets/1c7a2d7ce0c140beb2e99f83acdb1e99 4.387s
2025-12-12 17:26:15.323 65988 INFO tempest.lib.common.rest_client [req-14c4ab91-33c9-4660-b291-c3a171fe67d7 req-14c4ab91-33c9-4660-b291-c3a171fe67d7 ] Request (VolumesAdminNegativeTest:setUpClass): 201 POST http://10.180.1.21/networking/v2.0/networks 0.653s
2025-12-12 17:26:15.357 66026 INFO tempest.lib.common.rest_client [req-95f8602f-7f83-44a0-affb-1a0f282be849 req-95f8602f-7f83-44a0-affb-1a0f282be849 ] Request (FloatingIPsNegativeTestJSON:tearDownClass): 200 PUT http://10.180.1.21/networking/v2.0/routers/a2b4f792-6e37-4d9a-bb4e-ca185a80920f/remove_router_interface 1.974s
2025-12-12 17:26:15.499 66022 INFO tempest.lib.common.rest_client [req-2901358d-d9ce-4973-a4b5-d75e99434cbe req-2901358d-d9ce-4973-a4b5-d75e99434cbe ] Request (DeleteServersAdminTestJSON:test_admin_delete_servers_of_others): 204 DELETE http://10.180.1.21/compute/v2.1/servers/720fbcef-e15e-4540-a05e-f7487a5bd61f 4.360s
2025-12-12 17:26:15.522 66014 INFO tempest.lib.common.rest_client [req-5c84d772-6945-4805-8007-76ebd1ace3d3 req-5c84d772-6945-4805-8007-76ebd1ace3d3 ] Request (FlavorsAccessNegativeTestJSON:test_flavor_access_list_with_public_flavor): 200 POST http://10.180.1.21/compute/v2.1/flavors 4.354s
2025-12-12 17:26:15.539 66016 INFO tempest.lib.common.rest_client [req-e0390d5c-b45f-4d17-af4f-f4b446f09fcf req-e0390d5c-b45f-4d17-af4f-f4b446f09fcf ] Request (FlavorsV261TestJSON:tearDownClass): 200 GET http://10.180.1.21/networking/v2.0/security-groups?tenant_id=5aac32e2c90e43cdb1b5b53cdc2cda16&name=default 0.695s
2025-12-12 17:26:15.539 65990 INFO tempest.lib.common.rest_client [req-a609f990-6ac8-4df2-81bc-4338f4a4d9e0 req-a609f990-6ac8-4df2-81bc-4338f4a4d9e0 ] Request (ServersWithSpecificFlavorTestJSON:test_verify_created_server_ephemeral_disk): 200 GET http://10.180.1.21/compute/v2.1/flavors/42/os-extra_specs 4.364s
2025-12-12 17:26:15.619 65970 INFO tempest.lib.common.rest_client [req-dfca5db6-6612-469e-b1a8-db2d8ea4f003 req-dfca5db6-6612-469e-b1a8-db2d8ea4f003 ] Request (ServersTestFqdnHostnames:test_create_server_with_fqdn_name): 200 GET http://10.180.1.21/compute/v2.1/servers/ee6904ce-f525-4b8d-ad81-26de321562d7 5.080s
2025-12-12 17:26:15.738 66006 INFO tempest.lib.common.rest_client [req-9556bda3-9840-42f4-9bfe-eb2e84030703 req-9556bda3-9840-42f4-9bfe-eb2e84030703 ] Request (QuotasAdminTestJSON:test_get_updated_quotas): 200 GET http://10.180.1.21/compute/v2.1/os-quota-sets/9f9d9ecaecb744a4a9a391c1402340f1/detail 4.376s
2025-12-12 17:26:15.772 66006 INFO tempest.lib.common.rest_client [req-69950ac0-2f7d-4e55-9bfb-7d4a9649eb9e req-69950ac0-2f7d-4e55-9bfb-7d4a9649eb9e ] Request (QuotasAdminTestJSON:test_get_updated_quotas): 200 GET http://10.180.1.21/identity/v3/domains?name=Default 0.025s
2025-12-12 17:26:15.795 65988 INFO tempest.lib.common.rest_client [req-fe6a77cb-80d4-466a-8d7b-1e5146876504 req-fe6a77cb-80d4-466a-8d7b-1e5146876504 ] Request (VolumesAdminNegativeTest:setUpClass): 201 POST http://10.180.1.21/networking/v2.0/subnets 0.471s
2025-12-12 17:26:15.810 66006 INFO tempest.lib.common.rest_client [req-76095e8e-dfa3-4eee-be00-135582b58423 req-76095e8e-dfa3-4eee-be00-135582b58423 ] Request (QuotasAdminTestJSON:test_get_updated_quotas): 201 POST http://10.180.1.21/identity/v3/users 0.037s
2025-12-12 17:26:15.813 66010 INFO tempest.lib.common.rest_client [req-76f5a7ad-73cf-430a-b166-5dc500c74d72 req-76f5a7ad-73cf-430a-b166-5dc500c74d72 ] Request (ImagesTestJSON:test_create_image_from_stopped_server): 202 POST http://10.180.1.21/compute/v2.1/servers/e6326d0d-bbf6-4cba-9260-31571a6c8c76/action 4.147s
2025-12-12 17:26:15.844 66006 INFO tempest.lib.common.rest_client [req-9c5ecc91-b529-4a0c-be5e-06c15b5d1570 req-9c5ecc91-b529-4a0c-be5e-06c15b5d1570 ] Request (QuotasAdminTestJSON:test_get_updated_quotas): 200 GET http://10.180.1.21/identity/v3/domains?name=Default 0.033s
2025-12-12 17:26:16.242 66026 INFO tempest.lib.common.rest_client [req-3e6fdfa9-37fe-4453-a634-6b93f1f502e5 req-3e6fdfa9-37fe-4453-a634-6b93f1f502e5 ] Request (FloatingIPsNegativeTestJSON:tearDownClass): 204 DELETE http://10.180.1.21/networking/v2.0/routers/a2b4f792-6e37-4d9a-bb4e-ca185a80920f 0.884s
2025-12-12 17:26:16.350 66016 INFO tempest.lib.common.rest_client [req-e080e047-5b70-443f-bf5b-56f61487a059 req-e080e047-5b70-443f-bf5b-56f61487a059 ] Request (FlavorsV261TestJSON:tearDownClass): 204 DELETE http://10.180.1.21/networking/v2.0/security-groups/60ab2183-71ee-4105-abae-153a48b720cd 0.810s
2025-12-12 17:26:16.370 65974 INFO tempest.lib.common.rest_client [req-61ad77c5-babf-47d1-9e41-3ff5ef0e6ab1 req-61ad77c5-babf-47d1-9e41-3ff5ef0e6ab1 ] Request (FloatingIPsTestJSON:test_delete_floating_ip): 404 GET http://10.180.1.21/compute/v2.1/os-floating-ips/cdd6ac2d-6a5e-4b58-ba68-400cad337a3c 5.157s
2025-12-12 17:26:16.445 66016 INFO tempest.lib.common.rest_client [req-ce665db1-bd9f-4a1f-a1dc-2070f90ec858 req-ce665db1-bd9f-4a1f-a1dc-2070f90ec858 ] Request (FlavorsV261TestJSON:tearDownClass): 204 DELETE http://10.180.1.21/identity/v3/projects/5aac32e2c90e43cdb1b5b53cdc2cda16 0.094s
2025-12-12 17:26:16.445 66016 INFO tempest.lib.common.dynamic_creds [-] Deleting project and security group for project: b2bf0a7b79ef40b4be92899cd8658e81
2025-12-12 17:26:17.109 65988 INFO tempest.lib.common.rest_client [req-1fe98c5e-b47e-41cc-9f7e-340fa9e9ca83 req-1fe98c5e-b47e-41cc-9f7e-340fa9e9ca83 ] Request (VolumesAdminNegativeTest:setUpClass): 201 POST http://10.180.1.21/networking/v2.0/routers 1.314s
2025-12-12 17:26:17.143 66026 INFO tempest.lib.common.rest_client [req-8ed63dd1-148b-4062-9325-e544c6a1494a req-8ed63dd1-148b-4062-9325-e544c6a1494a ] Request (FloatingIPsNegativeTestJSON:tearDownClass): 204 DELETE http://10.180.1.21/networking/v2.0/subnets/d5792210-879c-4cbf-87df-e12d84e391c3 0.901s
2025-12-12 17:26:17.256 65986 INFO tempest.lib.common.rest_client [req-4e6453a0-bc53-4b01-8d67-0e0066662f7b req-4e6453a0-bc53-4b01-8d67-0e0066662f7b ] Request (ServerExternalEventsTest:test_create_server_external_events): 200 GET http://10.180.1.21/compute/v2.1/servers/ab37484d-e00a-4de5-b920-b7dee90d9446 5.439s
2025-12-12 17:26:17.264 65986 INFO tempest.common.waiters [-] State transition "BUILD/spawning" ==> "ACTIVE/None" after 25 second wait
2025-12-12 17:26:17.315 66016 INFO tempest.lib.common.rest_client [req-b59338c7-3a6d-4507-8d22-cb986d18d92c req-b59338c7-3a6d-4507-8d22-cb986d18d92c ] Request (FlavorsV261TestJSON:tearDownClass): 200 GET http://10.180.1.21/networking/v2.0/security-groups?tenant_id=b2bf0a7b79ef40b4be92899cd8658e81&name=default 0.870s
2025-12-12 17:26:17.564 66026 INFO tempest.lib.common.rest_client [req-04318c15-264c-4d6a-a4ec-7616e71d8e08 req-04318c15-264c-4d6a-a4ec-7616e71d8e08 ] Request (FloatingIPsNegativeTestJSON:tearDownClass): 204 DELETE http://10.180.1.21/networking/v2.0/networks/03420f48-1c48-4eaa-898d-6a3fcd45d026 0.420s
2025-12-12 17:26:17.697 66026 INFO tempest.lib.common.rest_client [req-2ccbf080-bff6-4c07-be7b-2fd3d5c37c0a req-2ccbf080-bff6-4c07-be7b-2fd3d5c37c0a ] Request (FloatingIPsNegativeTestJSON:tearDownClass): 204 DELETE http://10.180.1.21/identity/v3/users/e1517a0960b445489b4da9f90fb14361 0.131s
2025-12-12 17:26:17.697 66026 INFO tempest.lib.common.dynamic_creds [-] Deleting project and security group for project: 091a2b5692604f4c85275fab6942f264
2025-12-12 17:26:17.701 66000 INFO tempest.lib.common.rest_client [req-d384ffd9-8833-4745-ab03-8b782685e70b req-d384ffd9-8833-4745-ab03-8b782685e70b ] Request (ServersAdminTestJSON:setUpClass): 200 GET http://10.180.1.21/compute/v2.1/servers/1dca13f1-e55e-45f2-9aeb-12a9ce0bf1e7 5.720s
2025-12-12 17:26:17.708 66000 INFO tempest.common.waiters [-] State transition "BUILD/None" ==> "BUILD/spawning" after 14 second wait
2025-12-12 17:26:17.822 66016 INFO tempest.lib.common.rest_client [req-8faf346a-1fc4-4871-b408-9b67edf3bdbf req-8faf346a-1fc4-4871-b408-9b67edf3bdbf ] Request (FlavorsV261TestJSON:tearDownClass): 204 DELETE http://10.180.1.21/networking/v2.0/security-groups/269ef9b2-1880-485a-8676-87c5b7ae932c 0.506s
2025-12-12 17:26:17.925 66016 INFO tempest.lib.common.rest_client [req-b7db0cac-84ef-41f0-849f-eb85df4057ee req-b7db0cac-84ef-41f0-849f-eb85df4057ee ] Request (FlavorsV261TestJSON:tearDownClass): 204 DELETE http://10.180.1.21/identity/v3/projects/b2bf0a7b79ef40b4be92899cd8658e81 0.102s
2025-12-12 17:26:17.962 66026 INFO tempest.lib.common.rest_client [req-0653e9e1-5deb-4d9f-8ad1-70a2e856b6dd req-0653e9e1-5deb-4d9f-8ad1-70a2e856b6dd ] Request (FloatingIPsNegativeTestJSON:tearDownClass): 200 GET http://10.180.1.21/networking/v2.0/security-groups?tenant_id=091a2b5692604f4c85275fab6942f264&name=default 0.264s
2025-12-12 17:26:17.993 66016 INFO tempest.lib.common.rest_client [req-abed8a39-8b21-4e14-9668-0775310a7405 req-abed8a39-8b21-4e14-9668-0775310a7405 ] Request (InstanceUsageAuditLogTestJSON:setUpClass): 201 POST http://10.180.1.21/identity/v3/auth/tokens 0.066s
2025-12-12 17:26:18.031 66016 INFO tempest.lib.common.rest_client [req-af037983-a090-44e5-858e-45fafe31ca62 req-af037983-a090-44e5-858e-45fafe31ca62 ] Request (InstanceUsageAuditLogTestJSON:setUpClass): 201 POST http://10.180.1.21/identity/v3/auth/tokens 0.034s
2025-12-12 17:26:18.060 66016 INFO tempest.lib.common.rest_client [req-ab658d44-829c-4f04-924f-8bac58cefb85 req-ab658d44-829c-4f04-924f-8bac58cefb85 ] Request (InstanceUsageAuditLogTestJSON:setUpClass): 200 GET http://10.180.1.21/identity/v3/domains?name=Default 0.029s
2025-12-12 17:26:18.094 66016 INFO tempest.lib.common.rest_client [req-808b39a5-dee0-45fb-8918-6d0e0d4aaea8 req-808b39a5-dee0-45fb-8918-6d0e0d4aaea8 ] Request (InstanceUsageAuditLogTestJSON:setUpClass): 201 POST http://10.180.1.21/identity/v3/projects 0.033s
2025-12-12 17:26:18.109 65988 INFO tempest.lib.common.rest_client [req-0c3f1140-0f9d-491d-a1ea-5aa616da8c35 req-0c3f1140-0f9d-491d-a1ea-5aa616da8c35 ] Request (VolumesAdminNegativeTest:setUpClass): 200 PUT http://10.180.1.21/networking/v2.0/routers/4a9875e5-cb8f-40a8-a7ca-45f7f0f76cdb/add_router_interface 0.999s
2025-12-12 17:26:18.109 65988 INFO tempest.lib.common.dynamic_creds [-] Created isolated network resources for: credentials: Credentials: {'domain_id': 'default', 'domain_name': 'Default', 'username': 'tempest-VolumesAdminNegativeTest-272466918-project-admin', 'project_domain_id': 'default', 'project_domain_name': 'Default', 'project_id': '83d6d42dcd29460f87051cdebc498aad', 'project_name': 'tempest-VolumesAdminNegativeTest-272466918', 'tenant_id': '83d6d42dcd29460f87051cdebc498aad', 'tenant_name': 'tempest-VolumesAdminNegativeTest-272466918', 'user_domain_id': 'default', 'user_domain_name': 'Default', 'user_id': '7504da550dff4f0c9b2ab2a8b4458405', 'system': None}, Network: {'id': 'ac0c9e07-665f-4f23-8f04-f9d3ca20cdee', 'name': 'tempest-VolumesAdminNegativeTest-881671521-network', 'tenant_id': '83d6d42dcd29460f87051cdebc498aad', 'project_id': '83d6d42dcd29460f87051cdebc498aad', 'admin_state_up': True, 'mtu': 8950, 'status': 'ACTIVE', 'subnets': [], 'shared': False, 'port_security_enabled': True, 'router:external': False, 'provider:network_type': 'vlan', 'provider:physical_network': 'default', 'provider:segmentation_id': 231, 'availability_zone_hints': [], 'availability_zones': [], 'ipv4_address_scope': None, 'ipv6_address_scope': None, 'description': '', 'tags': [], 'created_at': '2025-12-12T17:26:15Z', 'updated_at': '2025-12-12T17:26:15Z', 'revision_number': 1}, Subnet: {'id': 'de62e401-cf78-4456-91b1-c2542c46946d', 'name': 'tempest-VolumesAdminNegativeTest-881671521-subnet', 'tenant_id': '83d6d42dcd29460f87051cdebc498aad', 'network_id': 'ac0c9e07-665f-4f23-8f04-f9d3ca20cdee', 'ip_version': 4, 'subnetpool_id': None, 'enable_dhcp': True, 'ipv6_ra_mode': None, 'ipv6_address_mode': None, 'gateway_ip': '192.168.128.1', 'cidr': '192.168.128.0/28', 'allocation_pools': [{'start': '192.168.128.2', 'end': '192.168.128.14'}], 'host_routes': [], 'dns_nameservers': [], 'description': '', 'router:external': False, 'service_types': [], 'tags': [], 'created_at': '2025-12-12T17:26:15Z', 'updated_at': '2025-12-12T17:26:15Z', 'revision_number': 0, 'project_id': '83d6d42dcd29460f87051cdebc498aad'}, Router: {'id': '4a9875e5-cb8f-40a8-a7ca-45f7f0f76cdb', 'name': 'tempest-VolumesAdminNegativeTest-881671521-router', 'tenant_id': '83d6d42dcd29460f87051cdebc498aad', 'admin_state_up': True, 'status': 'ACTIVE', 'external_gateway_info': {'network_id': 'b17ca395-2a67-42ac-9d08-4bf2dbb9aa77', 'external_fixed_ips': [{'subnet_id': '8c47f5f1-7b1b-4314-a6e8-4fd08ab9071c', 'ip_address': '10.180.180.167'}], 'enable_snat': True}, 'description': '', 'availability_zones': [], 'distributed': False, 'ha': False, 'availability_zone_hints': [], 'routes': [], 'flavor_id': None, 'tags': [], 'created_at': '2025-12-12T17:26:16Z', 'updated_at': '2025-12-12T17:26:16Z', 'revision_number': 2, 'project_id': '83d6d42dcd29460f87051cdebc498aad'}
2025-12-12 17:26:18.167 66016 INFO tempest.lib.common.rest_client [req-f32cd0aa-a8f4-47f3-bed4-6656cf7f8326 req-f32cd0aa-a8f4-47f3-bed4-6656cf7f8326 ] Request (InstanceUsageAuditLogTestJSON:setUpClass): 201 POST http://10.180.1.21/identity/v3/users 0.072s
2025-12-12 17:26:18.197 66016 INFO tempest.lib.common.rest_client [req-d52be01c-d43e-4385-8d81-58d739e45156 req-d52be01c-d43e-4385-8d81-58d739e45156 ] Request (InstanceUsageAuditLogTestJSON:setUpClass): 200 GET http://10.180.1.21/identity/v3/roles 0.030s
2025-12-12 17:26:18.210 65988 INFO tempest.lib.common.rest_client [req-f2f7fb84-8daf-4af5-93d7-c18aa962461b req-f2f7fb84-8daf-4af5-93d7-c18aa962461b ] Request (VolumesAdminNegativeTest:setUpClass): 201 POST http://10.180.1.21/identity/v3/auth/tokens 0.097s
2025-12-12 17:26:18.254 66016 INFO tempest.lib.common.rest_client [req-dc33d9cd-332a-4ec1-870d-fcf7fa039ad4 req-dc33d9cd-332a-4ec1-870d-fcf7fa039ad4 ] Request (InstanceUsageAuditLogTestJSON:setUpClass): 204 PUT http://10.180.1.21/identity/v3/projects/83de890cf8ee4672a85e50b97d691af1/users/f3ca70b13bac423e896ed2c8c0b08dad/roles/c8a9eb5be65040ca8c10b7e1115dfa92 0.056s
2025-12-12 17:26:18.254 66016 INFO tempest.lib.common.dynamic_creds [-] Dynamic test user f3ca70b13bac423e896ed2c8c0b08dad is created with scope project and roles: ['member']
2025-12-12 17:26:18.255 66016 INFO tempest.lib.common.dynamic_creds [-] Acquired dynamic creds: credentials: Credentials: {'domain_id': 'default', 'domain_name': 'Default', 'username': 'tempest-InstanceUsageAuditLogTestJSON-520271034-project-member', 'project_domain_id': 'default', 'project_domain_name': 'Default', 'project_id': '83de890cf8ee4672a85e50b97d691af1', 'project_name': 'tempest-InstanceUsageAuditLogTestJSON-520271034', 'tenant_id': '83de890cf8ee4672a85e50b97d691af1', 'tenant_name': 'tempest-InstanceUsageAuditLogTestJSON-520271034', 'user_domain_id': 'default', 'user_domain_name': 'Default', 'user_id': 'f3ca70b13bac423e896ed2c8c0b08dad', 'system': None}, Network: None, Subnet: None, Router: None
2025-12-12 17:26:18.255 66016 INFO tempest.lib.common.dynamic_creds [-] Created isolated network resources for: credentials: Credentials: {'domain_id': 'default', 'domain_name': 'Default', 'username': 'tempest-InstanceUsageAuditLogTestJSON-520271034-project-member', 'project_domain_id': 'default', 'project_domain_name': 'Default', 'project_id': '83de890cf8ee4672a85e50b97d691af1', 'project_name': 'tempest-InstanceUsageAuditLogTestJSON-520271034', 'tenant_id': '83de890cf8ee4672a85e50b97d691af1', 'tenant_name': 'tempest-InstanceUsageAuditLogTestJSON-520271034', 'user_domain_id': 'default', 'user_domain_name': 'Default', 'user_id': 'f3ca70b13bac423e896ed2c8c0b08dad', 'system': None}, Network: None, Subnet: None, Router: None
2025-12-12 17:26:18.294 65988 INFO tempest.lib.common.rest_client [req-90786dad-b1b7-40ce-a239-150296562b52 req-90786dad-b1b7-40ce-a239-150296562b52 ] Request (VolumesAdminNegativeTest:setUpClass): 201 POST http://10.180.1.21/identity/v3/projects 0.083s
2025-12-12 17:26:18.356 66016 INFO tempest.lib.common.rest_client [req-9a029f30-d092-4274-ac44-a525478aab22 req-9a029f30-d092-4274-ac44-a525478aab22 ] Request (InstanceUsageAuditLogTestJSON:setUpClass): 201 POST http://10.180.1.21/identity/v3/auth/tokens 0.095s
2025-12-12 17:26:18.365 65988 INFO tempest.lib.common.rest_client [req-b1e4bc5c-7d09-49b3-b278-53108fba212b req-b1e4bc5c-7d09-49b3-b278-53108fba212b ] Request (VolumesAdminNegativeTest:setUpClass): 201 POST http://10.180.1.21/identity/v3/users 0.070s
2025-12-12 17:26:18.388 65988 INFO tempest.lib.common.rest_client [req-80460273-4f84-48c8-8b73-d0f073dbc9ae req-80460273-4f84-48c8-8b73-d0f073dbc9ae ] Request (VolumesAdminNegativeTest:setUpClass): 200 GET http://10.180.1.21/identity/v3/roles 0.022s
2025-12-12 17:26:18.391 66016 INFO tempest.lib.common.rest_client [req-8e09fc77-32ee-41e9-92d2-f2b0c35ad331 req-8e09fc77-32ee-41e9-92d2-f2b0c35ad331 ] Request (InstanceUsageAuditLogTestJSON:setUpClass): 201 POST http://10.180.1.21/identity/v3/projects 0.034s
2025-12-12 17:26:18.462 65988 INFO tempest.lib.common.rest_client [req-c448def8-3a9b-4db1-acbc-5b0c4f6c0caf req-c448def8-3a9b-4db1-acbc-5b0c4f6c0caf ] Request (VolumesAdminNegativeTest:setUpClass): 204 PUT http://10.180.1.21/identity/v3/projects/dcbdd27571574b858738e24544c27cef/users/81d3b7b18d734a2d987941cf1ec7e63c/roles/568236dc7bec42319db2cd1291300e41 0.073s
2025-12-12 17:26:18.475 66016 INFO tempest.lib.common.rest_client [req-47059f55-0bf8-4df0-81f2-1e77ff25aea0 req-47059f55-0bf8-4df0-81f2-1e77ff25aea0 ] Request (InstanceUsageAuditLogTestJSON:setUpClass): 201 POST http://10.180.1.21/identity/v3/users 0.083s
2025-12-12 17:26:18.547 65988 INFO tempest.lib.common.rest_client [req-e551fa8a-5efd-46b3-9327-4c9a036e658b req-e551fa8a-5efd-46b3-9327-4c9a036e658b ] Request (VolumesAdminNegativeTest:setUpClass): 200 GET http://10.180.1.21/identity/v3/roles 0.084s
2025-12-12 17:26:18.548 66016 INFO tempest.lib.common.rest_client [req-9a13579b-f875-468a-b270-2df6aacd9b1f req-9a13579b-f875-468a-b270-2df6aacd9b1f ] Request (InstanceUsageAuditLogTestJSON:setUpClass): 200 GET http://10.180.1.21/identity/v3/roles 0.072s
2025-12-12 17:26:18.569 65988 INFO tempest.lib.common.rest_client [req-2ac6c0f2-9930-43a9-825a-8a4f9245400b req-2ac6c0f2-9930-43a9-825a-8a4f9245400b ] Request (VolumesAdminNegativeTest:setUpClass): 204 PUT http://10.180.1.21/identity/v3/projects/dcbdd27571574b858738e24544c27cef/users/81d3b7b18d734a2d987941cf1ec7e63c/roles/4b82d29d77bd4937b25b391d7bc3488f 0.022s
2025-12-12 17:26:18.569 65988 INFO tempest.lib.common.dynamic_creds [-] Dynamic test user 81d3b7b18d734a2d987941cf1ec7e63c is created with scope project and roles: ['admin', 'service']
2025-12-12 17:26:18.569 65988 INFO tempest.lib.common.dynamic_creds [-] Acquired dynamic creds: credentials: Credentials: {'domain_id': 'default', 'domain_name': 'Default', 'username': 'tempest-VolumesAdminNegativeTest-418795791-project', 'project_domain_id': 'default', 'project_domain_name': 'Default', 'project_id': 'dcbdd27571574b858738e24544c27cef', 'project_name': 'tempest-VolumesAdminNegativeTest-418795791', 'tenant_id': 'dcbdd27571574b858738e24544c27cef', 'tenant_name': 'tempest-VolumesAdminNegativeTest-418795791', 'user_domain_id': 'default', 'user_domain_name': 'Default', 'user_id': '81d3b7b18d734a2d987941cf1ec7e63c', 'system': None}, Network: None, Subnet: None, Router: None
2025-12-12 17:26:18.578 65998 INFO tempest.lib.common.rest_client [req-db5502bf-d2d1-405f-9fc8-942b0810c2d4 req-db5502bf-d2d1-405f-9fc8-942b0810c2d4 ] Request (TenantUsagesTestJSON:setUpClass): 200 GET http://10.180.1.21/compute/v2.1/servers/2be541a1-6213-4bd3-a475-1c0855f3d556 6.023s
2025-12-12 17:26:18.584 66016 INFO tempest.lib.common.rest_client [req-78029ea3-81c3-4d07-96ba-a3e897aeff4a req-78029ea3-81c3-4d07-96ba-a3e897aeff4a ] Request (InstanceUsageAuditLogTestJSON:setUpClass): 204 PUT http://10.180.1.21/identity/v3/projects/3b726be45d3946edbb7ee8079ef1cb9b/users/4f56fd85ada441a2be072aa2b5dfbf46/roles/568236dc7bec42319db2cd1291300e41 0.035s
2025-12-12 17:26:18.587 65998 INFO tempest.common.waiters [-] State transition "BUILD/spawning" ==> "ACTIVE/None" after 18 second wait
2025-12-12 17:26:18.590 66026 INFO tempest.lib.common.rest_client [req-e32c4929-10a0-4d7e-b895-1f7c58f8bc0f req-e32c4929-10a0-4d7e-b895-1f7c58f8bc0f ] Request (FloatingIPsNegativeTestJSON:tearDownClass): 204 DELETE http://10.180.1.21/networking/v2.0/security-groups/74ac9aff-d5a4-4f7d-a825-246527012e1f 0.626s
2025-12-12 17:26:18.645 66016 INFO tempest.lib.common.rest_client [req-5dae02bc-5db6-4cd9-b61f-205a9e659cad req-5dae02bc-5db6-4cd9-b61f-205a9e659cad ] Request (InstanceUsageAuditLogTestJSON:setUpClass): 200 GET http://10.180.1.21/identity/v3/roles 0.060s
2025-12-12 17:26:18.669 66016 INFO tempest.lib.common.rest_client [req-5865cf43-28ba-4bb8-a5ce-05dc265549e1 req-5865cf43-28ba-4bb8-a5ce-05dc265549e1 ] Request (InstanceUsageAuditLogTestJSON:setUpClass): 204 PUT http://10.180.1.21/identity/v3/projects/3b726be45d3946edbb7ee8079ef1cb9b/users/4f56fd85ada441a2be072aa2b5dfbf46/roles/568236dc7bec42319db2cd1291300e41 0.023s
2025-12-12 17:26:18.670 66016 INFO tempest.lib.common.dynamic_creds [-] Dynamic test user 4f56fd85ada441a2be072aa2b5dfbf46 is created with scope project and roles: ['admin']
2025-12-12 17:26:18.670 66016 INFO tempest.lib.common.dynamic_creds [-] Acquired dynamic creds: credentials: Credentials: {'domain_id': 'default', 'domain_name': 'Default', 'username': 'tempest-InstanceUsageAuditLogTestJSON-231417097-project-admin', 'project_domain_id': 'default', 'project_domain_name': 'Default', 'project_id': '3b726be45d3946edbb7ee8079ef1cb9b', 'project_name': 'tempest-InstanceUsageAuditLogTestJSON-231417097', 'tenant_id': '3b726be45d3946edbb7ee8079ef1cb9b', 'tenant_name': 'tempest-InstanceUsageAuditLogTestJSON-231417097', 'user_domain_id': 'default', 'user_domain_name': 'Default', 'user_id': '4f56fd85ada441a2be072aa2b5dfbf46', 'system': None}, Network: None, Subnet: None, Router: None
2025-12-12 17:26:18.670 66016 INFO tempest.lib.common.dynamic_creds [-] Created isolated network resources for: credentials: Credentials: {'domain_id': 'default', 'domain_name': 'Default', 'username': 'tempest-InstanceUsageAuditLogTestJSON-231417097-project-admin', 'project_domain_id': 'default', 'project_domain_name': 'Default', 'project_id': '3b726be45d3946edbb7ee8079ef1cb9b', 'project_name': 'tempest-InstanceUsageAuditLogTestJSON-231417097', 'tenant_id': '3b726be45d3946edbb7ee8079ef1cb9b', 'tenant_name': 'tempest-InstanceUsageAuditLogTestJSON-231417097', 'user_domain_id': 'default', 'user_domain_name': 'Default', 'user_id': '4f56fd85ada441a2be072aa2b5dfbf46', 'system': None}, Network: None, Subnet: None, Router: None
2025-12-12 17:26:18.705 66026 INFO tempest.lib.common.rest_client [req-bba3b182-a513-41e2-9fbf-182baaaf3ff7 req-bba3b182-a513-41e2-9fbf-182baaaf3ff7 ] Request (FloatingIPsNegativeTestJSON:tearDownClass): 204 DELETE http://10.180.1.21/identity/v3/projects/091a2b5692604f4c85275fab6942f264 0.114s
2025-12-12 17:26:18.758 66016 INFO tempest.lib.common.rest_client [req-1998c3f4-f428-414c-bbdf-2c9fd9fe5fb8 req-1998c3f4-f428-414c-bbdf-2c9fd9fe5fb8 ] Request (InstanceUsageAuditLogTestJSON:setUpClass): 201 POST http://10.180.1.21/identity/v3/auth/tokens 0.085s
2025-12-12 17:26:18.778 66026 INFO tempest.lib.common.rest_client [req-25df1628-cf48-4e05-89f7-fe5e65580823 req-25df1628-cf48-4e05-89f7-fe5e65580823 ] Request (KeyPairsV22TestJSON:setUpClass): 201 POST http://10.180.1.21/identity/v3/auth/tokens 0.071s
2025-12-12 17:26:18.817 66026 INFO tempest.lib.common.rest_client [req-b1289b8d-2621-41c0-a467-ada4ad806222 req-b1289b8d-2621-41c0-a467-ada4ad806222 ] Request (KeyPairsV22TestJSON:setUpClass): 201 POST http://10.180.1.21/identity/v3/auth/tokens 0.037s
2025-12-12 17:26:18.832 65988 INFO tempest.lib.common.rest_client [req-9e07c204-81c1-44ae-8d61-e5f551ca4fa0 req-9e07c204-81c1-44ae-8d61-e5f551ca4fa0 ] Request (VolumesAdminNegativeTest:setUpClass): 201 POST http://10.180.1.21/networking/v2.0/networks 0.262s
2025-12-12 17:26:18.850 66026 INFO tempest.lib.common.rest_client [req-764a3286-9f0d-4a86-903e-830661b2275b req-764a3286-9f0d-4a86-903e-830661b2275b ] Request (KeyPairsV22TestJSON:setUpClass): 200 GET http://10.180.1.21/identity/v3/domains?name=Default 0.032s
2025-12-12 17:26:18.885 66026 INFO tempest.lib.common.rest_client [req-06f77979-7ec0-4f1c-b70f-affb55bca184 req-06f77979-7ec0-4f1c-b70f-affb55bca184 ] Request (KeyPairsV22TestJSON:setUpClass): 201 POST http://10.180.1.21/identity/v3/projects 0.034s
2025-12-12 17:26:18.940 66026 INFO tempest.lib.common.rest_client [req-07525c86-4830-4ba7-85c3-9f835226dceb req-07525c86-4830-4ba7-85c3-9f835226dceb ] Request (KeyPairsV22TestJSON:setUpClass): 201 POST http://10.180.1.21/identity/v3/users 0.055s
2025-12-12 17:26:18.969 66026 INFO tempest.lib.common.rest_client [req-f65209ee-b5d1-4a81-86b9-f72def7801c7 req-f65209ee-b5d1-4a81-86b9-f72def7801c7 ] Request (KeyPairsV22TestJSON:setUpClass): 200 GET http://10.180.1.21/identity/v3/roles 0.027s
2025-12-12 17:26:18.995 66026 INFO tempest.lib.common.rest_client [req-67d90fc5-75df-407b-8874-c0fbadcc947b req-67d90fc5-75df-407b-8874-c0fbadcc947b ] Request (KeyPairsV22TestJSON:setUpClass): 204 PUT http://10.180.1.21/identity/v3/projects/d52187be2a534ed0b0fa4d4729a6c6e8/users/31231aec2cb340198f49b25a7d0d6967/roles/c8a9eb5be65040ca8c10b7e1115dfa92 0.026s
2025-12-12 17:26:18.995 66026 INFO tempest.lib.common.dynamic_creds [-] Dynamic test user 31231aec2cb340198f49b25a7d0d6967 is created with scope project and roles: ['member']
2025-12-12 17:26:18.995 66026 INFO tempest.lib.common.dynamic_creds [-] Acquired dynamic creds: credentials: Credentials: {'domain_id': 'default', 'domain_name': 'Default', 'username': 'tempest-KeyPairsV22TestJSON-1177612648-project-member', 'project_domain_id': 'default', 'project_domain_name': 'Default', 'project_id': 'd52187be2a534ed0b0fa4d4729a6c6e8', 'project_name': 'tempest-KeyPairsV22TestJSON-1177612648', 'tenant_id': 'd52187be2a534ed0b0fa4d4729a6c6e8', 'tenant_name': 'tempest-KeyPairsV22TestJSON-1177612648', 'user_domain_id': 'default', 'user_domain_name': 'Default', 'user_id': '31231aec2cb340198f49b25a7d0d6967', 'system': None}, Network: None, Subnet: None, Router: None
2025-12-12 17:26:18.995 66026 INFO tempest.lib.common.dynamic_creds [-] Created isolated network resources for: credentials: Credentials: {'domain_id': 'default', 'domain_name': 'Default', 'username': 'tempest-KeyPairsV22TestJSON-1177612648-project-member', 'project_domain_id': 'default', 'project_domain_name': 'Default', 'project_id': 'd52187be2a534ed0b0fa4d4729a6c6e8', 'project_name': 'tempest-KeyPairsV22TestJSON-1177612648', 'tenant_id': 'd52187be2a534ed0b0fa4d4729a6c6e8', 'tenant_name': 'tempest-KeyPairsV22TestJSON-1177612648', 'user_domain_id': 'default', 'user_domain_name': 'Default', 'user_id': '31231aec2cb340198f49b25a7d0d6967', 'system': None}, Network: None, Subnet: None, Router: None
2025-12-12 17:26:19.078 66026 INFO tempest.lib.common.rest_client [req-bddbd95d-e26d-4731-9827-3e930334c3f2 req-bddbd95d-e26d-4731-9827-3e930334c3f2 ] Request (KeyPairsV22TestJSON:setUpClass): 201 POST http://10.180.1.21/identity/v3/auth/tokens 0.078s
2025-12-12 17:26:19.177 65988 INFO tempest.lib.common.rest_client [req-d3379b04-cfcd-411c-b3dd-d9d4fdb7508b req-d3379b04-cfcd-411c-b3dd-d9d4fdb7508b ] Request (VolumesAdminNegativeTest:setUpClass): 201 POST http://10.180.1.21/networking/v2.0/subnets 0.344s
2025-12-12 17:26:20.288 65988 INFO tempest.lib.common.rest_client [req-f8b77373-0736-4a17-8448-176cb2090f7d req-f8b77373-0736-4a17-8448-176cb2090f7d ] Request (VolumesAdminNegativeTest:setUpClass): 201 POST http://10.180.1.21/networking/v2.0/routers 1.111s
2025-12-12 17:26:20.330 65976 INFO tempest.lib.common.rest_client [req-71cd4a6b-3100-4f1c-a6bd-24ed739160ab req-71cd4a6b-3100-4f1c-a6bd-24ed739160ab ] Request (ServersTestJSON:setUpClass): 202 POST http://10.180.1.21/compute/v2.1/servers 7.918s
2025-12-12 17:26:20.372 65980 INFO tempest.lib.common.rest_client [req-7b414716-a6ed-4823-86d2-a526cb41d1ce req-7b414716-a6ed-4823-86d2-a526cb41d1ce ] Request (SecurityGroupRulesTestJSON:test_security_group_rules_create_with_optional_group_id): 200 POST http://10.180.1.21/compute/v2.1/os-security-group-rules 7.738s
2025-12-12 17:26:20.374 65980 WARNING tempest.lib.common.rest_client [-] Deprecated: "tenant_id" property is deprecated for removal, use "project_id" instead
2025-12-12 17:26:21.250 65988 INFO tempest.lib.common.rest_client [req-c6e4be0e-f1e9-4457-bcd4-41bccc32d938 req-c6e4be0e-f1e9-4457-bcd4-41bccc32d938 ] Request (VolumesAdminNegativeTest:setUpClass): 200 PUT http://10.180.1.21/networking/v2.0/routers/e4987057-7fab-4a34-8df1-938c9cf3cafe/add_router_interface 0.962s
2025-12-12 17:26:21.251 65988 INFO tempest.lib.common.dynamic_creds [-] Created isolated network resources for: credentials: Credentials: {'domain_id': 'default', 'domain_name': 'Default', 'username': 'tempest-VolumesAdminNegativeTest-418795791-project', 'project_domain_id': 'default', 'project_domain_name': 'Default', 'project_id': 'dcbdd27571574b858738e24544c27cef', 'project_name': 'tempest-VolumesAdminNegativeTest-418795791', 'tenant_id': 'dcbdd27571574b858738e24544c27cef', 'tenant_name': 'tempest-VolumesAdminNegativeTest-418795791', 'user_domain_id': 'default', 'user_domain_name': 'Default', 'user_id': '81d3b7b18d734a2d987941cf1ec7e63c', 'system': None}, Network: {'id': '13be7275-39dd-42c7-b2bc-2cb4e8ea3458', 'name': 'tempest-VolumesAdminNegativeTest-2147444317-network', 'tenant_id': 'dcbdd27571574b858738e24544c27cef', 'project_id': 'dcbdd27571574b858738e24544c27cef', 'admin_state_up': True, 'mtu': 8950, 'status': 'ACTIVE', 'subnets': [], 'shared': False, 'port_security_enabled': True, 'router:external': False, 'provider:network_type': 'vlan', 'provider:physical_network': 'default', 'provider:segmentation_id': 758, 'availability_zone_hints': [], 'availability_zones': [], 'ipv4_address_scope': None, 'ipv6_address_scope': None, 'description': '', 'tags': [], 'created_at': '2025-12-12T17:26:18Z', 'updated_at': '2025-12-12T17:26:18Z', 'revision_number': 1}, Subnet: {'id': '8aa8e5e1-65b9-4a62-b675-28198aef6131', 'name': 'tempest-VolumesAdminNegativeTest-2147444317-subnet', 'tenant_id': 'dcbdd27571574b858738e24544c27cef', 'network_id': '13be7275-39dd-42c7-b2bc-2cb4e8ea3458', 'ip_version': 4, 'subnetpool_id': None, 'enable_dhcp': True, 'ipv6_ra_mode': None, 'ipv6_address_mode': None, 'gateway_ip': '192.168.128.1', 'cidr': '192.168.128.0/28', 'allocation_pools': [{'start': '192.168.128.2', 'end': '192.168.128.14'}], 'host_routes': [], 'dns_nameservers': [], 'description': '', 'router:external': False, 'service_types': [], 'tags': [], 'created_at': '2025-12-12T17:26:19Z', 'updated_at': '2025-12-12T17:26:19Z', 'revision_number': 0, 'project_id': 'dcbdd27571574b858738e24544c27cef'}, Router: {'id': 'e4987057-7fab-4a34-8df1-938c9cf3cafe', 'name': 'tempest-VolumesAdminNegativeTest-2147444317-router', 'tenant_id': 'dcbdd27571574b858738e24544c27cef', 'admin_state_up': True, 'status': 'ACTIVE', 'external_gateway_info': {'network_id': 'b17ca395-2a67-42ac-9d08-4bf2dbb9aa77', 'external_fixed_ips': [{'subnet_id': '8c47f5f1-7b1b-4314-a6e8-4fd08ab9071c', 'ip_address': '10.180.180.151'}], 'enable_snat': True}, 'description': '', 'availability_zones': [], 'distributed': False, 'ha': False, 'availability_zone_hints': [], 'routes': [], 'flavor_id': None, 'tags': [], 'created_at': '2025-12-12T17:26:19Z', 'updated_at': '2025-12-12T17:26:19Z', 'revision_number': 2, 'project_id': 'dcbdd27571574b858738e24544c27cef'}
2025-12-12 17:26:21.376 65988 INFO tempest.lib.common.rest_client [req-d6670dde-8fe6-459d-bf9b-cc392e452831 req-d6670dde-8fe6-459d-bf9b-cc392e452831 ] Request (VolumesAdminNegativeTest:setUpClass): 201 POST http://10.180.1.21/identity/v3/auth/tokens 0.121s
2025-12-12 17:26:21.448 65988 INFO tempest.lib.common.rest_client [req-038233e1-1e58-4936-8389-e5c0451cb942 req-038233e1-1e58-4936-8389-e5c0451cb942 ] Request (VolumesAdminNegativeTest:test_update_attached_volume_with_nonexistent_volume_in_uri): 201 POST http://10.180.1.21/identity/v3/auth/tokens 0.066s
2025-12-12 17:26:21.449 65988 INFO tempest.lib.common.fixed_network [-] (VolumesAdminNegativeTest:test_update_attached_volume_with_nonexistent_volume_in_uri) Found network {'id': '2c6a3db9-f0fa-4cd4-8a3f-329e86835b5b', 'name': 'tempest-VolumesAdminNegativeTest-1087700814-network', 'tenant_id': '36cf7373c41e42fab1b2220983b5ad66', 'project_id': '36cf7373c41e42fab1b2220983b5ad66', 'admin_state_up': True, 'mtu': 8950, 'status': 'ACTIVE', 'subnets': [], 'shared': False, 'port_security_enabled': True, 'router:external': False, 'provider:network_type': 'vlan', 'provider:physical_network': 'default', 'provider:segmentation_id': 672, 'availability_zone_hints': [], 'availability_zones': [], 'ipv4_address_scope': None, 'ipv6_address_scope': None, 'description': '', 'tags': [], 'created_at': '2025-12-12T17:26:11Z', 'updated_at': '2025-12-12T17:26:11Z', 'revision_number': 1} available for tenant
2025-12-12 17:26:21.502 66028 INFO tempest.lib.common.rest_client [req-c8ff7c61-5ddf-4cf6-a8af-1fbd7303d459 req-c8ff7c61-5ddf-4cf6-a8af-1fbd7303d459 ] Request (VolumesAssistedSnapshotsTest:test_volume_assisted_snapshot_create_delete): 200 GET http://10.180.1.21/compute/v2.1/servers/e61c9b40-8350-43cb-8e5d-8a270d02845f 8.666s
2025-12-12 17:26:21.510 66028 INFO tempest.common.waiters [-] State transition "BUILD/None" ==> "BUILD/spawning" after 10 second wait
2025-12-12 17:26:21.537 66024 INFO tempest.lib.common.rest_client [req-2872de45-894d-49d0-acef-4ae38c0dc5c7 req-2872de45-894d-49d0-acef-4ae38c0dc5c7 ] Request (KeyPairsV2TestJSON:test_keypairs_create_list_delete): 200 POST http://10.180.1.21/compute/v2.1/os-keypairs 8.131s
2025-12-12 17:26:21.555 66012 INFO tempest.lib.common.rest_client [req-8040631b-11e4-4a39-8e7a-2477622b6f90 req-8040631b-11e4-4a39-8e7a-2477622b6f90 ] Request (ServersAdminNegativeTestJSON:setUpClass): 200 GET http://10.180.1.21/compute/v2.1/servers/1486d504-bf2f-465a-9751-740121e8c238 8.528s
2025-12-12 17:26:21.561 65984 INFO tempest.lib.common.rest_client [req-7afbcda0-6f78-4ee2-9a21-a182e2d1a108 req-7afbcda0-6f78-4ee2-9a21-a182e2d1a108 ] Request (HypervisorAdminNegativeTestJSON:test_show_hypervisor_with_non_admin_user): 403 GET http://10.180.1.21/compute/v2.1/os-hypervisors/1 8.119s
2025-12-12 17:26:21.562 66012 INFO tempest.common.waiters [-] State transition "BUILD/None" ==> "BUILD/spawning" after 9 second wait
2025-12-12 17:26:21.574 65982 INFO tempest.lib.common.rest_client [req-924d9882-07db-4229-b941-d1c16e6663c3 req-924d9882-07db-4229-b941-d1c16e6663c3 ] Request (HostsAdminNegativeTestJSON:test_shutdown_nonexistent_host): 404 GET http://10.180.1.21/compute/v2.1/os-hosts/nonexistent_hostname/shutdown 8.123s
2025-12-12 17:26:21.664 65966 INFO tempest.lib.common.rest_client [req-647cd7fb-702b-4744-9eb7-e6deab11d0f0 req-647cd7fb-702b-4744-9eb7-e6deab11d0f0 ] Request (TenantUsagesNegativeTestJSON:test_list_usage_all_tenants_with_non_admin_user): 403 GET http://10.180.1.21/compute/v2.1/os-simple-tenant-usage?start=2025-12-11T17%3A26%3A03.362222&end=2025-12-13T17%3A26%3A03.362222&detailed=1 8.249s
2025-12-12 17:26:21.800 65966 INFO tempest.lib.common.rest_client [req-40e1e0fa-2262-475a-a428-7f1ff1187497 req-40e1e0fa-2262-475a-a428-7f1ff1187497 ] Request (TenantUsagesNegativeTestJSON:tearDownClass): 204 DELETE http://10.180.1.21/identity/v3/users/4bb777c6bba9451183bc0f05e2a92120 0.134s
2025-12-12 17:26:21.900 65966 INFO tempest.lib.common.rest_client [req-21d5ee74-43aa-4335-ab08-83d2430c7fa5 req-21d5ee74-43aa-4335-ab08-83d2430c7fa5 ] Request (TenantUsagesNegativeTestJSON:tearDownClass): 204 DELETE http://10.180.1.21/identity/v3/users/f8b3fec1061f47618a59fb7f4cb2d79a 0.099s
2025-12-12 17:26:21.900 65966 INFO tempest.lib.common.dynamic_creds [-] Deleting project and security group for project: d6644eda59e94482964cf78e3563e07e
2025-12-12 17:26:21.946 65994 INFO tempest.lib.common.rest_client [req-72be29d5-65a1-4319-b693-15d628035a35 req-72be29d5-65a1-4319-b693-15d628035a35 ] Request (NetworksTest:test_list_all_networks): 200 GET http://10.180.1.21/compute/v2.1/os-networks 7.603s
2025-12-12 17:26:21.965 65966 INFO tempest.lib.common.rest_client [req-c3f1324d-6181-4349-a865-6474a997e873 req-c3f1324d-6181-4349-a865-6474a997e873 ] Request (TenantUsagesNegativeTestJSON:tearDownClass): 201 POST http://10.180.1.21/identity/v3/auth/tokens 0.064s
2025-12-12 17:26:21.975 66018 INFO tempest.lib.common.rest_client [req-02edfb45-0e25-46a3-9fef-af06a4f27e9d req-02edfb45-0e25-46a3-9fef-af06a4f27e9d ] Request (ServerRescueTestJSON:setUpClass): 200 GET http://10.180.1.21/compute/v2.1/servers/eb6a5760-b246-403f-a409-6fce5228f487 7.829s
2025-12-12 17:26:22.003 66008 INFO tempest.lib.common.rest_client [req-30506786-917e-4865-9dee-aa079d627284 req-30506786-917e-4865-9dee-aa079d627284 ] Request (FlavorsAccessTestJSON:test_flavor_access_list_with_private_flavor): 200 POST http://10.180.1.21/compute/v2.1/flavors 7.558s
2025-12-12 17:26:22.060 65972 INFO tempest.lib.common.rest_client [req-23496d1b-570c-42b8-bd49-621ff4e1af36 req-23496d1b-570c-42b8-bd49-621ff4e1af36 ] Request (ServerMetadataTestJSON:test_delete_server_metadata_item): 204 DELETE http://10.180.1.21/compute/v2.1/servers/fad81a3f-1fd0-467b-8809-a6a0312145b4/metadata/key1 7.493s
2025-12-12 17:26:22.067 65994 INFO tempest.lib.common.rest_client [req-95dcb525-187c-41b3-a093-97f939d16b94 req-95dcb525-187c-41b3-a093-97f939d16b94 ] Request (NetworksTest:tearDownClass): 204 DELETE http://10.180.1.21/identity/v3/users/b7e257427520499989829d4edc73641b 0.114s
2025-12-12 17:26:22.106 66004 INFO tempest.lib.common.rest_client [req-d7b6347c-6b55-4cad-9759-3db9ad8d4936 req-d7b6347c-6b55-4cad-9759-3db9ad8d4936 ] Request (FlavorsExtraSpecsTestJSON:test_flavor_set_get_update_show_unset_keys): 200 PUT http://10.180.1.21/compute/v2.1/flavors/1736861912/os-extra_specs/hw:numa_nodes 7.521s
2025-12-12 17:26:22.115 65968 INFO tempest.lib.common.rest_client [req-7613dca8-9bfb-4358-896e-bf530244d16c req-7613dca8-9bfb-4358-896e-bf530244d16c ] Request (FlavorsExtraSpecsNegativeTestJSON:test_flavor_unset_nonexistent_key): 404 DELETE http://10.180.1.21/compute/v2.1/flavors/1056672593/os-extra_specs/hw:cpu_thread_policy 7.520s
2025-12-12 17:26:22.148 66002 INFO tempest.lib.common.rest_client [req-74ed3f72-11ef-4dd5-b12e-71450b96256f req-74ed3f72-11ef-4dd5-b12e-71450b96256f ] Request (AggregatesAdminNegativeTestJSON:test_aggregate_add_host_as_user): 403 POST http://10.180.1.21/compute/v2.1/os-aggregates/2/action 7.768s
2025-12-12 17:26:22.176 66020 INFO tempest.lib.common.rest_client [req-d7263f83-3191-41b8-a034-fac330482051 req-d7263f83-3191-41b8-a034-fac330482051 ] Request (FlavorsAdminTestJSON:test_create_flavor_with_int_id): 200 POST http://10.180.1.21/compute/v2.1/flavors 7.119s
2025-12-12 17:26:22.267 65992 INFO tempest.lib.common.rest_client [req-66c4bfef-4b97-4bd3-ad49-68a23f72defe req-66c4bfef-4b97-4bd3-ad49-68a23f72defe ] Request (SecurityGroupsTestAdminJSON:_run_cleanups): 202 DELETE http://10.180.1.21/compute/v2.1/os-security-groups/3ea8bf90-b851-4495-ba69-aaebdc78331e 7.248s
2025-12-12 17:26:22.284 65994 INFO tempest.lib.common.rest_client [req-88d78963-7586-4962-b42a-3c894050bfb8 req-88d78963-7586-4962-b42a-3c894050bfb8 ] Request (NetworksTest:tearDownClass): 204 DELETE http://10.180.1.21/identity/v3/users/abb34ce532ed4a07ad51ccfb54c4eaf1 0.216s
2025-12-12 17:26:22.285 65994 INFO tempest.lib.common.dynamic_creds [-] Deleting project and security group for project: b4c34ef7ee59490884f2ba9a2f05a57f
2025-12-12 17:26:22.297 66022 INFO tempest.lib.common.rest_client [req-2499fcee-e555-4603-8fbb-471406dab606 req-2499fcee-e555-4603-8fbb-471406dab606 ] Request (DeleteServersAdminTestJSON:test_admin_delete_servers_of_others): 404 GET http://10.180.1.21/compute/v2.1/servers/720fbcef-e15e-4540-a05e-f7487a5bd61f 6.798s
2025-12-12 17:26:22.312 66014 INFO tempest.lib.common.rest_client [req-6601d693-526d-45c8-b0c1-83d922030e7e req-6601d693-526d-45c8-b0c1-83d922030e7e ] Request (FlavorsAccessNegativeTestJSON:test_flavor_access_list_with_public_flavor): 404 GET http://10.180.1.21/compute/v2.1/flavors/1657566580/os-flavor-access 6.787s
2025-12-12 17:26:22.328 65966 INFO tempest.lib.common.rest_client [req-3e3765ea-b2a2-4c80-9ece-45e9ed81f157 req-3e3765ea-b2a2-4c80-9ece-45e9ed81f157 ] Request (TenantUsagesNegativeTestJSON:tearDownClass): 200 GET http://10.180.1.21/networking/v2.0/security-groups?tenant_id=d6644eda59e94482964cf78e3563e07e&name=default 0.362s
2025-12-12 17:26:22.334 65990 INFO tempest.lib.common.rest_client [req-60507346-896a-4509-ae41-977359a0e33a req-60507346-896a-4509-ae41-977359a0e33a ] Request (ServersWithSpecificFlavorTestJSON:test_verify_created_server_ephemeral_disk): 200 POST http://10.180.1.21/compute/v2.1/flavors/12673583/os-extra_specs 6.792s
2025-12-12 17:26:22.364 65994 INFO tempest.lib.common.rest_client [req-9f19df58-b25a-405c-b1ce-4656b011b1dd req-9f19df58-b25a-405c-b1ce-4656b011b1dd ] Request (NetworksTest:tearDownClass): 201 POST http://10.180.1.21/identity/v3/auth/tokens 0.079s
2025-12-12 17:26:22.397 65997 INFO tempest.lib.common.rest_client [req-6cc32f1a-e340-458c-9851-7a01b54bccce req-6cc32f1a-e340-458c-9851-7a01b54bccce ] Request (QuotasAdminNegativeTest:test_create_server_when_instances_quota_is_full): 200 GET http://10.180.1.21/compute/v2.1/os-quota-sets/1c7a2d7ce0c140beb2e99f83acdb1e99 7.146s
2025-12-12 17:26:22.414 66022 INFO tempest.lib.common.rest_client [req-9a65cf39-03a5-4fe0-8ed2-cf079f7411a9 req-9a65cf39-03a5-4fe0-8ed2-cf079f7411a9 ] Request (DeleteServersAdminTestJSON:test_delete_server_while_in_error_state): 201 POST http://10.180.1.21/identity/v3/auth/tokens 0.103s
2025-12-12 17:26:22.415 66022 INFO tempest.lib.common.fixed_network [-] (DeleteServersAdminTestJSON:test_delete_server_while_in_error_state) Found network None available for tenant
2025-12-12 17:26:22.423 65966 INFO tempest.lib.common.rest_client [req-40aca6cc-22d1-4cb9-a4b2-6007eed8ef6b req-40aca6cc-22d1-4cb9-a4b2-6007eed8ef6b ] Request (TenantUsagesNegativeTestJSON:tearDownClass): 204 DELETE http://10.180.1.21/networking/v2.0/security-groups/6514bc19-a5df-44a9-80c9-1b48a8a96f14 0.094s
2025-12-12 17:26:22.526 65966 INFO tempest.lib.common.rest_client [req-ddab0c61-8ae9-4d02-a21c-da9815a8a83b req-ddab0c61-8ae9-4d02-a21c-da9815a8a83b ] Request (TenantUsagesNegativeTestJSON:tearDownClass): 204 DELETE http://10.180.1.21/identity/v3/projects/d6644eda59e94482964cf78e3563e07e 0.102s
2025-12-12 17:26:22.526 65966 INFO tempest.lib.common.dynamic_creds [-] Deleting project and security group for project: 17b86f653db2422a9413f0fbfc4247bc
2025-12-12 17:26:22.553 66010 INFO tempest.lib.common.rest_client [req-080eec4d-2d01-416a-97e6-a3ce9229d2a6 req-080eec4d-2d01-416a-97e6-a3ce9229d2a6 ] Request (ImagesTestJSON:test_create_image_from_stopped_server): 200 GET http://10.180.1.21/compute/v2.1/servers/e6326d0d-bbf6-4cba-9260-31571a6c8c76 6.739s
2025-12-12 17:26:22.580 65994 INFO tempest.lib.common.rest_client [req-f2f426a5-a6b1-443a-975f-a8bc4590d62c req-f2f426a5-a6b1-443a-975f-a8bc4590d62c ] Request (NetworksTest:tearDownClass): 200 GET http://10.180.1.21/networking/v2.0/security-groups?tenant_id=b4c34ef7ee59490884f2ba9a2f05a57f&name=default 0.214s
2025-12-12 17:26:22.604 65974 INFO tempest.lib.common.rest_client [req-80012b2b-56d9-47e6-a949-6da5f89776b7 req-80012b2b-56d9-47e6-a949-6da5f89776b7 ] Request (FloatingIPsTestJSON:_run_cleanups): 404 DELETE http://10.180.1.21/compute/v2.1/os-floating-ips/cdd6ac2d-6a5e-4b58-ba68-400cad337a3c 6.233s
2025-12-12 17:26:22.686 65966 INFO tempest.lib.common.rest_client [req-0588ed0f-7b2a-4f18-a711-0df2883cb65e req-0588ed0f-7b2a-4f18-a711-0df2883cb65e ] Request (TenantUsagesNegativeTestJSON:tearDownClass): 200 GET http://10.180.1.21/networking/v2.0/security-groups?tenant_id=17b86f653db2422a9413f0fbfc4247bc&name=default 0.159s
2025-12-12 17:26:22.701 65994 INFO tempest.lib.common.rest_client [req-eafda443-4725-4757-a964-691cb0046db2 req-eafda443-4725-4757-a964-691cb0046db2 ] Request (NetworksTest:tearDownClass): 204 DELETE http://10.180.1.21/networking/v2.0/security-groups/220d7dec-21e6-40fe-8a7c-a9d2179593cc 0.120s
2025-12-12 17:26:22.702 66006 INFO tempest.lib.common.rest_client [req-25ff6d17-77ae-4ced-925b-a404af6a6341 req-25ff6d17-77ae-4ced-925b-a404af6a6341 ] Request (QuotasAdminTestJSON:test_get_updated_quotas): 200 PUT http://10.180.1.21/compute/v2.1/os-quota-sets/9f9d9ecaecb744a4a9a391c1402340f1?user_id=de10998b74e5463c8b007ba877d5b839 6.857s
2025-12-12 17:26:22.822 65994 INFO tempest.lib.common.rest_client [req-d319a5e8-e883-45a4-b361-463d2c458136 req-d319a5e8-e883-45a4-b361-463d2c458136 ] Request (NetworksTest:tearDownClass): 204 DELETE http://10.180.1.21/identity/v3/projects/b4c34ef7ee59490884f2ba9a2f05a57f 0.121s
2025-12-12 17:26:22.823 65994 INFO tempest.lib.common.dynamic_creds [-] Deleting project and security group for project: af9dcfad202c457097439643cd1a4757
2025-12-12 17:26:22.853 65986 INFO tempest.lib.common.rest_client [req-2a191415-9146-4dde-951f-46e9aaf1ca6b req-2a191415-9146-4dde-951f-46e9aaf1ca6b ] Request (ServerExternalEventsTest:test_create_server_external_events): 200 POST http://10.180.1.21/compute/v2.1/os-server-external-events 5.589s
2025-12-12 17:26:22.881 65966 INFO tempest.lib.common.rest_client [req-6ce9a4b7-92b3-4209-8086-055303b439b9 req-6ce9a4b7-92b3-4209-8086-055303b439b9 ] Request (TenantUsagesNegativeTestJSON:tearDownClass): 204 DELETE http://10.180.1.21/networking/v2.0/security-groups/284e74c1-b1a4-4188-8ccf-9eb62e6d847e 0.194s
2025-12-12 17:26:22.930 65970 INFO tempest.lib.common.rest_client [req-91dc20e7-4420-4ec3-93b6-a43714548fea req-91dc20e7-4420-4ec3-93b6-a43714548fea ] Request (ServersTestFqdnHostnames:test_create_server_with_fqdn_name): 200 GET http://10.180.1.21/compute/v2.1/servers/ee6904ce-f525-4b8d-ad81-26de321562d7 6.301s
2025-12-12 17:26:22.942 65970 INFO tempest.common.waiters [-] State transition "BUILD/spawning" ==> "ACTIVE/None" after 21 second wait
2025-12-12 17:26:22.999 65966 INFO tempest.lib.common.rest_client [req-4a08cfc3-f8a7-45d5-a78c-981e105b49e0 req-4a08cfc3-f8a7-45d5-a78c-981e105b49e0 ] Request (TenantUsagesNegativeTestJSON:tearDownClass): 204 DELETE http://10.180.1.21/identity/v3/projects/17b86f653db2422a9413f0fbfc4247bc 0.118s
2025-12-12 17:26:23.014 65994 INFO tempest.lib.common.rest_client [req-c4243868-e664-4fb7-9575-818649775129 req-c4243868-e664-4fb7-9575-818649775129 ] Request (NetworksTest:tearDownClass): 200 GET http://10.180.1.21/networking/v2.0/security-groups?tenant_id=af9dcfad202c457097439643cd1a4757&name=default 0.191s
2025-12-12 17:26:23.051 65998 INFO tempest.lib.common.rest_client [req-4b75f70a-7965-4fa4-8887-3e5ff9124253 req-4b75f70a-7965-4fa4-8887-3e5ff9124253 ] Request (TenantUsagesTestJSON:test_get_usage_tenant): 200 GET http://10.180.1.21/compute/v2.1/os-simple-tenant-usage/9f526d42696a44bfbe3f783d3f7c6b57?start=2025-12-11T17%3A26%3A18.587884&end=2025-12-13T17%3A26%3A18.587884 4.462s
2025-12-12 17:26:23.075 65966 INFO tempest.lib.common.rest_client [req-0985ae95-e547-4e00-8af9-37a23e02be8e req-0985ae95-e547-4e00-8af9-37a23e02be8e ] Request (AbsoluteLimitsTestJSON:setUpClass): 201 POST http://10.180.1.21/identity/v3/auth/tokens 0.074s
2025-12-12 17:26:23.113 65966 INFO tempest.lib.common.rest_client [req-86d2c7ad-27e4-4d40-94f4-18ba66493c68 req-86d2c7ad-27e4-4d40-94f4-18ba66493c68 ] Request (AbsoluteLimitsTestJSON:setUpClass): 201 POST http://10.180.1.21/identity/v3/auth/tokens 0.031s
2025-12-12 17:26:23.139 65966 INFO tempest.lib.common.rest_client [req-c99808be-9c9b-44c6-a5a5-83970b3f7f0d req-c99808be-9c9b-44c6-a5a5-83970b3f7f0d ] Request (AbsoluteLimitsTestJSON:setUpClass): 200 GET http://10.180.1.21/identity/v3/domains?name=Default 0.025s
2025-12-12 17:26:23.179 65966 INFO tempest.lib.common.rest_client [req-7f314d61-0a9e-457e-939a-9b93609ebfd6 req-7f314d61-0a9e-457e-939a-9b93609ebfd6 ] Request (AbsoluteLimitsTestJSON:setUpClass): 201 POST http://10.180.1.21/identity/v3/projects 0.040s
2025-12-12 17:26:23.192 65994 INFO tempest.lib.common.rest_client [req-3c82fc92-774b-4f6b-8c2c-3f50b7e053cf req-3c82fc92-774b-4f6b-8c2c-3f50b7e053cf ] Request (NetworksTest:tearDownClass): 204 DELETE http://10.180.1.21/networking/v2.0/security-groups/0e94cdeb-5989-4c38-8844-a2d45c860ab4 0.178s
2025-12-12 17:26:23.196 66016 INFO tempest.lib.common.rest_client [req-9626babe-2bde-43b9-bed5-855bfe27f154 req-9626babe-2bde-43b9-bed5-855bfe27f154 ] Request (InstanceUsageAuditLogTestJSON:test_get_instance_usage_audit_log): 200 GET http://10.180.1.21/compute/v2.1/os-instance_usage_audit_log/2025-12-12%2017%3A26%3A18 4.437s
2025-12-12 17:26:23.256 65966 INFO tempest.lib.common.rest_client [req-dc1c9973-3b54-4fe8-9bd9-a9df34a6d4f3 req-dc1c9973-3b54-4fe8-9bd9-a9df34a6d4f3 ] Request (AbsoluteLimitsTestJSON:setUpClass): 201 POST http://10.180.1.21/identity/v3/users 0.076s
2025-12-12 17:26:23.305 66000 INFO tempest.lib.common.rest_client [req-5376c2d0-c263-4947-bf93-31800895fe83 req-5376c2d0-c263-4947-bf93-31800895fe83 ] Request (ServersAdminTestJSON:setUpClass): 200 GET http://10.180.1.21/compute/v2.1/servers/1dca13f1-e55e-45f2-9aeb-12a9ce0bf1e7 4.594s
2025-12-12 17:26:23.327 65994 INFO tempest.lib.common.rest_client [req-a3b2cace-3b17-4088-beb3-1a5319661411 req-a3b2cace-3b17-4088-beb3-1a5319661411 ] Request (NetworksTest:tearDownClass): 204 DELETE http://10.180.1.21/identity/v3/projects/af9dcfad202c457097439643cd1a4757 0.134s
