2025-12-12 17:29:50.243 66012 INFO tempest.lib.common.rest_client [req-1afab3d3-4044-4b9d-93f4-11260af0d1b0 req-1afab3d3-4044-4b9d-93f4-11260af0d1b0 ] Request (ServersTestJSON:test_create_server_specify_multibyte_character_name): 200 GET http://10.180.1.21/compute/v2.1/servers/0db391e9-e94c-4487-a12d-2c4bee43aed8 0.664s
2025-12-12 17:29:50.258 66012 INFO tempest.common.waiters [-] State transition "BUILD/None" ==> "BUILD/networking" after 42 second wait
2025-12-12 17:29:50.467 65982 INFO tempest.lib.common.rest_client [req-4275fea4-f703-4be1-b7ff-6eb5cb60a99c req-4275fea4-f703-4be1-b7ff-6eb5cb60a99c ] Request (MigrationsAdminTest:test_resize_server_revert_deleted_flavor): 202 POST http://10.180.1.21/compute/v2.1/servers/ac62535a-a710-49c4-b2bd-1042490cf4e2/action 0.729s
2025-12-12 17:29:50.945 65972 INFO tempest.lib.common.rest_client [req-f96f8c44-27b5-414c-aefb-5a81a487d065 req-f96f8c44-27b5-414c-aefb-5a81a487d065 ] Request (ServerRescueNegativeTestJSON:setUpClass): 201 POST http://10.180.1.21/networking/v2.0/routers 0.749s
2025-12-12 17:29:50.974 65988 INFO tempest.lib.common.rest_client [req-30e6a6fc-3b48-412c-b0ac-60a7ffcbb298 req-30e6a6fc-3b48-412c-b0ac-60a7ffcbb298 ] Request (ServersV294TestFqdnHostnames:setUpClass): 200 GET http://10.180.1.21/compute/v2.1/servers/17b01bbb-c5ca-4bee-be25-368f11e4f84e 1.247s
2025-12-12 17:29:51.741 66006 INFO tempest.lib.common.rest_client [req-c1c4ea67-6bb1-44b8-b54d-6bbca475f657 req-c1c4ea67-6bb1-44b8-b54d-6bbca475f657 ] Request (ServersNegativeTestMultiTenantJSON:setUpClass): 200 GET http://10.180.1.21/compute/v2.1/servers/12bd0b98-5304-4823-9fae-668e59e25e4b 1.798s
2025-12-12 17:29:51.767 65994 INFO tempest.lib.common.rest_client [req-33dea14a-bbfe-49ec-9247-b5b97e235195 req-33dea14a-bbfe-49ec-9247-b5b97e235195 ] Request (ListImageFiltersTestJSON:tearDownClass): 404 GET http://10.180.1.21/compute/v2.1/servers/9069fd9f-0be7-43af-a4af-6d4d3f13a419 1.806s
2025-12-12 17:29:51.828 65992 INFO tempest.lib.common.rest_client [req-f3b29f4c-25da-4ebe-b628-9fc43b845447 req-f3b29f4c-25da-4ebe-b628-9fc43b845447 ] Request (ServerMetadataNegativeTestJSON:setUpClass): 200 GET http://10.180.1.21/compute/v2.1/servers/52c1c3d4-9606-42c1-ac38-360df9ba2d6a 1.822s
2025-12-12 17:29:51.935 66028 INFO tempest.lib.common.rest_client [req-38f1664a-5535-41dd-a0de-dd2d933e9852 req-38f1664a-5535-41dd-a0de-dd2d933e9852 ] Request (AttachVolumeShelveTestJSON:test_attach_volume_shelved_or_offload_server): 200 GET http://10.180.1.21/compute/v2.1/servers/ddaf49d1-ffe2-4262-858a-46e71136f57d 1.909s
2025-12-12 17:29:51.976 65972 INFO tempest.lib.common.rest_client [req-c8af0860-213a-4416-b7d9-d511e741b627 req-c8af0860-213a-4416-b7d9-d511e741b627 ] Request (ServerRescueNegativeTestJSON:setUpClass): 200 PUT http://10.180.1.21/networking/v2.0/routers/44ee5241-a889-490d-8c37-a90b0a1d34a4/add_router_interface 1.030s
2025-12-12 17:29:51.976 65972 INFO tempest.lib.common.dynamic_creds [-] Created isolated network resources for: credentials: Credentials: {'domain_id': 'default', 'domain_name': 'Default', 'username': 'tempest-ServerRescueNegativeTestJSON-29919617-project-member', 'project_domain_id': 'default', 'project_domain_name': 'Default', 'project_id': '87cd91affe78475ba4af8ec10bc7e63e', 'project_name': 'tempest-ServerRescueNegativeTestJSON-29919617', 'tenant_id': '87cd91affe78475ba4af8ec10bc7e63e', 'tenant_name': 'tempest-ServerRescueNegativeTestJSON-29919617', 'user_domain_id': 'default', 'user_domain_name': 'Default', 'user_id': '78fe040978a0478daaaab3aea5d6f1c2', 'system': None}, Network: {'id': '0c40dccc-5d61-4419-a759-02fbb3777324', 'name': 'tempest-ServerRescueNegativeTestJSON-505762866-network', 'tenant_id': '87cd91affe78475ba4af8ec10bc7e63e', 'project_id': '87cd91affe78475ba4af8ec10bc7e63e', 'admin_state_up': True, 'mtu': 8950, 'status': 'ACTIVE', 'subnets': [], 'shared': False, 'port_security_enabled': True, 'router:external': False, 'provider:network_type': 'vlan', 'provider:physical_network': 'default', 'provider:segmentation_id': 865, 'availability_zone_hints': [], 'availability_zones': [], 'ipv4_address_scope': None, 'ipv6_address_scope': None, 'description': '', 'tags': [], 'created_at': '2025-12-12T17:29:49Z', 'updated_at': '2025-12-12T17:29:49Z', 'revision_number': 1}, Subnet: {'id': '21bed0ff-df18-4c4f-a1e1-1501e42b17f2', 'name': 'tempest-ServerRescueNegativeTestJSON-505762866-subnet', 'tenant_id': '87cd91affe78475ba4af8ec10bc7e63e', 'network_id': '0c40dccc-5d61-4419-a759-02fbb3777324', 'ip_version': 4, 'subnetpool_id': None, 'enable_dhcp': True, 'ipv6_ra_mode': None, 'ipv6_address_mode': None, 'gateway_ip': '192.168.128.1', 'cidr': '192.168.128.0/28', 'allocation_pools': [{'start': '192.168.128.2', 'end': '192.168.128.14'}], 'host_routes': [], 'dns_nameservers': [], 'description': '', 'router:external': False, 'service_types': [], 'tags': [], 'created_at': '2025-12-12T17:29:50Z', 'updated_at': '2025-12-12T17:29:50Z', 'revision_number': 0, 'project_id': '87cd91affe78475ba4af8ec10bc7e63e'}, Router: {'id': '44ee5241-a889-490d-8c37-a90b0a1d34a4', 'name': 'tempest-ServerRescueNegativeTestJSON-505762866-router', 'tenant_id': '87cd91affe78475ba4af8ec10bc7e63e', 'admin_state_up': True, 'status': 'ACTIVE', 'external_gateway_info': {'network_id': 'b17ca395-2a67-42ac-9d08-4bf2dbb9aa77', 'external_fixed_ips': [{'subnet_id': '8c47f5f1-7b1b-4314-a6e8-4fd08ab9071c', 'ip_address': '10.180.180.134'}], 'enable_snat': True}, 'description': '', 'availability_zones': [], 'distributed': False, 'ha': False, 'availability_zone_hints': [], 'routes': [], 'flavor_id': None, 'tags': [], 'created_at': '2025-12-12T17:29:50Z', 'updated_at': '2025-12-12T17:29:50Z', 'revision_number': 2, 'project_id': '87cd91affe78475ba4af8ec10bc7e63e'}
2025-12-12 17:29:52.003 65968 INFO tempest.lib.common.rest_client [req-199be2b3-933d-473d-9cdb-55710eec9cdf req-199be2b3-933d-473d-9cdb-55710eec9cdf ] Request (ServersNegativeTestJSON:setUpClass): 202 POST http://10.180.1.21/compute/v2.1/servers 2.249s
2025-12-12 17:29:52.013 66002 INFO tempest.lib.common.rest_client [req-0b31dbea-fccb-4ee5-8340-e6cfd7bb2351 req-0b31dbea-fccb-4ee5-8340-e6cfd7bb2351 ] Request (AttachInterfacesUnderV243Test:_run_cleanups): 200 GET http://10.180.1.21/compute/v2.1/servers/c4757f18-4ac3-48b9-98ea-bfe4fcace014 1.820s
2025-12-12 17:29:52.094 66000 INFO tempest.lib.common.rest_client [req-137ee19f-0df0-4f0d-b4dc-e0ec7c8b27d5 req-137ee19f-0df0-4f0d-b4dc-e0ec7c8b27d5 ] Request (ServersAdminTestJSON:tearDownClass): 200 GET http://10.180.1.21/compute/v2.1/servers/0685c69c-1cb3-4b2b-b105-17dd7be4e495 1.878s
2025-12-12 17:29:52.097 65966 INFO tempest.lib.common.rest_client [req-1ed629c3-5d3d-4c89-97de-a1ff5e006b17 req-1ed629c3-5d3d-4c89-97de-a1ff5e006b17 ] Request (DeleteServersTestJSON:test_delete_server_while_in_shelved_state): 200 GET http://10.180.1.21/compute/v2.1/servers/1343255e-b306-4da3-8a32-e736fbd31fe2 1.838s
2025-12-12 17:29:52.109 65972 INFO tempest.lib.common.rest_client [req-dd09c3fd-18b1-488f-a4b3-f8cbc2961690 req-dd09c3fd-18b1-488f-a4b3-f8cbc2961690 ] Request (ServerRescueNegativeTestJSON:setUpClass): 201 POST http://10.180.1.21/identity/v3/auth/tokens 0.128s
2025-12-12 17:29:52.144 65972 INFO tempest.lib.common.rest_client [req-00f21555-47d9-450d-b75c-e26fd45a4b33 req-00f21555-47d9-450d-b75c-e26fd45a4b33 ] Request (ServerRescueNegativeTestJSON:setUpClass): 201 POST http://10.180.1.21/identity/v3/auth/tokens 0.031s
2025-12-12 17:29:52.145 65972 INFO tempest.lib.common.fixed_network [-] (ServerRescueNegativeTestJSON:setUpClass) Found network {'id': '0c40dccc-5d61-4419-a759-02fbb3777324', 'name': 'tempest-ServerRescueNegativeTestJSON-505762866-network', 'tenant_id': '87cd91affe78475ba4af8ec10bc7e63e', 'project_id': '87cd91affe78475ba4af8ec10bc7e63e', 'admin_state_up': True, 'mtu': 8950, 'status': 'ACTIVE', 'subnets': [], 'shared': False, 'port_security_enabled': True, 'router:external': False, 'provider:network_type': 'vlan', 'provider:physical_network': 'default', 'provider:segmentation_id': 865, 'availability_zone_hints': [], 'availability_zones': [], 'ipv4_address_scope': None, 'ipv6_address_scope': None, 'description': '', 'tags': [], 'created_at': '2025-12-12T17:29:49Z', 'updated_at': '2025-12-12T17:29:49Z', 'revision_number': 1} available for tenant
2025-12-12 17:29:52.163 65980 INFO tempest.lib.common.rest_client [req-c2664ff3-ae0c-4a84-a407-101f8746b54e req-c2664ff3-ae0c-4a84-a407-101f8746b54e ] Request (AttachInterfacesTestJSON:test_create_list_show_delete_interfaces_by_network_port): 200 GET http://10.180.1.21/compute/v2.1/servers/cabd3d19-9e2a-4c11-b7b5-4ff952f282a1 1.775s
2025-12-12 17:29:52.177 65998 INFO tempest.lib.common.rest_client [req-6c78fff1-af52-4655-a1d8-362bccff324e req-6c78fff1-af52-4655-a1d8-362bccff324e ] Request (InstanceActionsV221TestJSON:test_get_list_deleted_instance_actions): 200 GET http://10.180.1.21/compute/v2.1/servers/01b6ddcd-2181-4d78-a67a-efb5c18313e3 1.888s
2025-12-12 17:29:52.252 66022 INFO tempest.lib.common.rest_client [req-5b05bf2e-e363-479e-a364-7e44e3f724d5 req-5b05bf2e-e363-479e-a364-7e44e3f724d5 ] Request (ImagesOneServerTestJSON:tearDownClass): 200 GET http://10.180.1.21/compute/v2.1/servers/caf16640-1b91-4826-bba9-07a0ecc19f97 1.594s
2025-12-12 17:29:52.259 66022 INFO tempest.common.waiters [-] State transition "ACTIVE/deleting" ==> "DELETED/None" after 6 second wait
2025-12-12 17:29:52.328 65982 INFO tempest.lib.common.rest_client [req-72a19589-f67b-4b0b-a500-3ea07ae0e8a5 req-72a19589-f67b-4b0b-a500-3ea07ae0e8a5 ] Request (MigrationsAdminTest:test_resize_server_revert_deleted_flavor): 200 GET http://10.180.1.21/compute/v2.1/servers/ac62535a-a710-49c4-b2bd-1042490cf4e2 1.860s
2025-12-12 17:29:52.393 66014 INFO tempest.lib.common.rest_client [req-9dbcab3a-36b5-41d9-8763-3e2351c67d63 req-9dbcab3a-36b5-41d9-8763-3e2351c67d63 ] Request (SecurityGroupsTestJSON:test_server_security_groups): 200 GET http://10.180.1.21/compute/v2.1/servers/7d54913e-8ed3-4e13-bb96-8b3fdd1ed870 1.657s
2025-12-12 17:29:52.430 65997 INFO tempest.lib.common.rest_client [req-aa5357fa-7c5e-43f5-8142-5e8ada363111 req-aa5357fa-7c5e-43f5-8142-5e8ada363111 ] Request (ImagesOneServerNegativeTestJSON:_run_cleanups): 200 GET http://10.180.1.21/compute/v2.1/servers/45b75840-f6d8-48bf-a4b0-d20f3bc59674 1.714s
2025-12-12 17:29:52.437 65997 INFO tempest.common.waiters [-] State transition "BUILD/spawning" ==> "ACTIVE/None" after 51 second wait
2025-12-12 17:29:52.453 66018 INFO tempest.lib.common.rest_client [req-6ae87c8a-9739-4e21-9d68-062f6ec1983b req-6ae87c8a-9739-4e21-9d68-062f6ec1983b ] Request (AttachVolumeTestJSON:test_attach_detach_volume): 200 GET http://10.180.1.21/compute/v2.1/servers/bb2b2b77-4f3a-4146-b8a8-e0de3c56e618 1.409s
2025-12-12 17:29:52.497 66010 INFO tempest.lib.common.rest_client [req-a55c13a5-6c3e-414a-a90d-940316421d3d req-a55c13a5-6c3e-414a-a90d-940316421d3d ] Request (ImagesTestJSON:test_create_server_from_snapshot): 200 GET http://10.180.1.21/compute/v2.1/servers/42dcc4a6-d231-47b6-b130-a2ecba65d09d 1.444s
2025-12-12 17:29:52.533 66020 INFO tempest.lib.common.rest_client [req-26e91153-cb6c-455d-abd1-5d1af9f61f02 req-26e91153-cb6c-455d-abd1-5d1af9f61f02 ] Request (ServersTestMultiNic:_run_cleanups): 200 GET http://10.180.1.21/compute/v2.1/servers/07e5765b-7f50-4423-92ec-259ce6cb50ab 1.306s
2025-12-12 17:29:52.639 65994 INFO tempest.lib.common.rest_client [req-40a3b06c-5af0-4449-9d42-cd12db88e3f3 req-40a3b06c-5af0-4449-9d42-cd12db88e3f3 ] Request (ListImageFiltersTestJSON:tearDownClass): 204 DELETE http://10.180.1.21/compute/v2.1/servers/9e223805-b190-404c-8b76-dd039f6b486f 0.871s
2025-12-12 17:29:52.660 66012 INFO tempest.lib.common.rest_client [req-9c921554-a1eb-4d9c-91d2-1c60a233a997 req-9c921554-a1eb-4d9c-91d2-1c60a233a997 ] Request (ServersTestJSON:test_create_server_specify_multibyte_character_name): 200 GET http://10.180.1.21/compute/v2.1/servers/0db391e9-e94c-4487-a12d-2c4bee43aed8 1.400s
2025-12-12 17:29:52.668 66012 INFO tempest.common.waiters [-] State transition "BUILD/networking" ==> "BUILD/spawning" after 44 second wait
2025-12-12 17:29:52.705 65988 INFO tempest.lib.common.rest_client [req-cfdf6257-ddf4-4b8a-bfb4-8876418d9b1b req-cfdf6257-ddf4-4b8a-bfb4-8876418d9b1b ] Request (ServersV294TestFqdnHostnames:setUpClass): 200 GET http://10.180.1.21/compute/v2.1/servers/17b01bbb-c5ca-4bee-be25-368f11e4f84e 0.721s
2025-12-12 17:29:52.725 65968 INFO tempest.lib.common.rest_client [req-284accf3-3e13-413f-9d9c-45f0170caa02 req-284accf3-3e13-413f-9d9c-45f0170caa02 ] Request (ServersNegativeTestJSON:setUpClass): 200 GET http://10.180.1.21/compute/v2.1/servers/3a86bf19-adc7-48e1-adb7-0854e4274fcf 0.720s
2025-12-12 17:29:52.901 65997 INFO tempest.lib.common.rest_client [req-cf49385f-9e1f-4508-b845-5afc2c1d8274 req-cf49385f-9e1f-4508-b845-5afc2c1d8274 ] Request (ImagesOneServerNegativeTestJSON:setUp): 200 GET http://10.180.1.21/compute/v2.1/servers/45b75840-f6d8-48bf-a4b0-d20f3bc59674 0.461s
2025-12-12 17:29:53.021 65994 INFO tempest.lib.common.rest_client [req-6a5de960-139e-4978-b12f-0f2f7a850fdd req-6a5de960-139e-4978-b12f-0f2f7a850fdd ] Request (ListImageFiltersTestJSON:tearDownClass): 200 GET http://10.180.1.21/compute/v2.1/servers/9e223805-b190-404c-8b76-dd039f6b486f 0.381s
2025-12-12 17:29:53.080 66006 INFO tempest.lib.common.rest_client [req-e0d3526b-c29d-49ce-9d37-b668e5ccad2f req-e0d3526b-c29d-49ce-9d37-b668e5ccad2f ] Request (ServersNegativeTestMultiTenantJSON:setUpClass): 200 GET http://10.180.1.21/compute/v2.1/servers/12bd0b98-5304-4823-9fae-668e59e25e4b 0.331s
2025-12-12 17:29:53.110 65972 INFO tempest.lib.common.rest_client [req-1b080d80-b753-409e-b739-6b3a9f4cd3ea req-1b080d80-b753-409e-b739-6b3a9f4cd3ea ] Request (ServerRescueNegativeTestJSON:setUpClass): 202 POST http://10.180.1.21/compute/v2.1/servers 0.964s
2025-12-12 17:29:53.134 65992 INFO tempest.lib.common.rest_client [req-b14fdd03-f197-4851-b56b-9007f53dcb91 req-b14fdd03-f197-4851-b56b-9007f53dcb91 ] Request (ServerMetadataNegativeTestJSON:setUpClass): 200 GET http://10.180.1.21/compute/v2.1/servers/52c1c3d4-9606-42c1-ac38-360df9ba2d6a 0.291s
2025-12-12 17:29:53.199 66028 INFO tempest.lib.common.rest_client [req-30c120c2-0c44-4676-96f0-d005d33b5a1d req-30c120c2-0c44-4676-96f0-d005d33b5a1d ] Request (AttachVolumeShelveTestJSON:test_attach_volume_shelved_or_offload_server): 200 GET http://10.180.1.21/compute/v2.1/servers/ddaf49d1-ffe2-4262-858a-46e71136f57d 0.255s
2025-12-12 17:29:53.259 66002 INFO tempest.lib.common.rest_client [req-d4b41692-c614-4203-b2b8-333ed0d9c057 req-d4b41692-c614-4203-b2b8-333ed0d9c057 ] Request (AttachInterfacesUnderV243Test:_run_cleanups): 200 GET http://10.180.1.21/compute/v2.1/servers/c4757f18-4ac3-48b9-98ea-bfe4fcace014 0.232s
2025-12-12 17:29:53.316 66000 INFO tempest.lib.common.rest_client [req-95365306-3e7d-40ec-9c6c-6ae778a90fd1 req-95365306-3e7d-40ec-9c6c-6ae778a90fd1 ] Request (ServersAdminTestJSON:tearDownClass): 200 GET http://10.180.1.21/compute/v2.1/servers/0685c69c-1cb3-4b2b-b105-17dd7be4e495 0.213s
2025-12-12 17:29:53.365 65966 INFO tempest.lib.common.rest_client [req-4ad7af70-9388-4766-8582-518695902481 req-4ad7af70-9388-4766-8582-518695902481 ] Request (DeleteServersTestJSON:test_delete_server_while_in_shelved_state): 200 GET http://10.180.1.21/compute/v2.1/servers/1343255e-b306-4da3-8a32-e736fbd31fe2 0.256s
2025-12-12 17:29:53.403 65972 INFO tempest.lib.common.rest_client [req-0a325ed4-9d6f-4e33-889e-48d8ea47184e req-0a325ed4-9d6f-4e33-889e-48d8ea47184e ] Request (ServerRescueNegativeTestJSON:setUpClass): 200 GET http://10.180.1.21/compute/v2.1/servers/8f85a012-8c96-4265-99b4-f9bda13ab593 0.291s
2025-12-12 17:29:53.437 65972 INFO tempest.lib.common.rest_client [req-5c0e8dff-c528-480b-90e0-d2fd2601111f req-5c0e8dff-c528-480b-90e0-d2fd2601111f ] Request (ServerRescueNegativeTestJSON:setUpClass): 201 POST http://10.180.1.21/identity/v3/auth/tokens 0.025s
2025-12-12 17:29:53.437 65972 INFO tempest.lib.common.fixed_network [-] (ServerRescueNegativeTestJSON:setUpClass) Found network {'id': '0c40dccc-5d61-4419-a759-02fbb3777324', 'name': 'tempest-ServerRescueNegativeTestJSON-505762866-network', 'tenant_id': '87cd91affe78475ba4af8ec10bc7e63e', 'project_id': '87cd91affe78475ba4af8ec10bc7e63e', 'admin_state_up': True, 'mtu': 8950, 'status': 'ACTIVE', 'subnets': [], 'shared': False, 'port_security_enabled': True, 'router:external': False, 'provider:network_type': 'vlan', 'provider:physical_network': 'default', 'provider:segmentation_id': 865, 'availability_zone_hints': [], 'availability_zones': [], 'ipv4_address_scope': None, 'ipv6_address_scope': None, 'description': '', 'tags': [], 'created_at': '2025-12-12T17:29:49Z', 'updated_at': '2025-12-12T17:29:49Z', 'revision_number': 1} available for tenant
2025-12-12 17:29:53.452 65980 INFO tempest.lib.common.rest_client [req-41dfba20-97b1-4cf7-98d5-25299db51f31 req-41dfba20-97b1-4cf7-98d5-25299db51f31 ] Request (AttachInterfacesTestJSON:test_create_list_show_delete_interfaces_by_network_port): 200 GET http://10.180.1.21/compute/v2.1/servers/cabd3d19-9e2a-4c11-b7b5-4ff952f282a1 0.281s
2025-12-12 17:29:53.517 65998 INFO tempest.lib.common.rest_client [req-3d4b97f2-bad7-47b7-8857-514262d49e60 req-3d4b97f2-bad7-47b7-8857-514262d49e60 ] Request (InstanceActionsV221TestJSON:test_get_list_deleted_instance_actions): 200 GET http://10.180.1.21/compute/v2.1/servers/01b6ddcd-2181-4d78-a67a-efb5c18313e3 0.325s
2025-12-12 17:29:53.581 65997 INFO tempest.lib.common.rest_client [req-bfd94ded-a632-4807-87f0-f9e8c92b9d9d req-bfd94ded-a632-4807-87f0-f9e8c92b9d9d ] Request (ImagesOneServerNegativeTestJSON:test_delete_image_that_is_not_yet_active): 202 POST http://10.180.1.21/compute/v2.1/servers/45b75840-f6d8-48bf-a4b0-d20f3bc59674/action 0.671s
2025-12-12 17:29:53.594 66022 INFO tempest.lib.common.rest_client [req-6b110c5e-5f99-47a0-8e29-73be250390c2 req-6b110c5e-5f99-47a0-8e29-73be250390c2 ] Request (ImagesOneServerTestJSON:tearDownClass): 200 GET http://10.180.1.21/compute/v2.1/servers/caf16640-1b91-4826-bba9-07a0ecc19f97 0.334s
2025-12-12 17:29:53.644 66014 INFO tempest.lib.common.rest_client [req-dab40bd7-5a74-43ad-9ca7-592b15b9ce41 req-dab40bd7-5a74-43ad-9ca7-592b15b9ce41 ] Request (SecurityGroupsTestJSON:test_server_security_groups): 200 GET http://10.180.1.21/compute/v2.1/servers/7d54913e-8ed3-4e13-bb96-8b3fdd1ed870 0.244s
2025-12-12 17:29:53.652 66014 INFO tempest.common.waiters [-] State transition "BUILD/scheduling" ==> "BUILD/None" after 4 second wait
2025-12-12 17:29:53.702 65982 INFO tempest.lib.common.rest_client [req-8a3bc85b-f4ac-4799-a6c7-548cfa25f99e req-8a3bc85b-f4ac-4799-a6c7-548cfa25f99e ] Request (MigrationsAdminTest:test_resize_server_revert_deleted_flavor): 200 GET http://10.180.1.21/compute/v2.1/servers/ac62535a-a710-49c4-b2bd-1042490cf4e2 0.365s
2025-12-12 17:29:53.773 66018 INFO tempest.lib.common.rest_client [req-de15a0dd-c1ae-47a4-be59-d3e21ad79785 req-de15a0dd-c1ae-47a4-be59-d3e21ad79785 ] Request (AttachVolumeTestJSON:test_attach_detach_volume): 200 GET http://10.180.1.21/compute/v2.1/servers/bb2b2b77-4f3a-4146-b8a8-e0de3c56e618 0.313s
2025-12-12 17:29:53.841 66010 INFO tempest.lib.common.rest_client [req-44251031-bc52-4b3e-be5d-1072fb1a60a8 req-44251031-bc52-4b3e-be5d-1072fb1a60a8 ] Request (ImagesTestJSON:test_create_server_from_snapshot): 200 GET http://10.180.1.21/compute/v2.1/servers/42dcc4a6-d231-47b6-b130-a2ecba65d09d 0.331s
2025-12-12 17:29:53.916 66020 INFO tempest.lib.common.rest_client [req-84a7fec7-1a92-491d-8465-c886878adc9a req-84a7fec7-1a92-491d-8465-c886878adc9a ] Request (ServersTestMultiNic:_run_cleanups): 200 GET http://10.180.1.21/compute/v2.1/servers/07e5765b-7f50-4423-92ec-259ce6cb50ab 0.370s
2025-12-12 17:29:53.984 65972 INFO tempest.lib.common.rest_client [req-d779e99f-c806-4d86-a3c1-a8e873799262 req-d779e99f-c806-4d86-a3c1-a8e873799262 ] Request (ServerRescueNegativeTestJSON:setUpClass): 202 POST http://10.180.1.21/compute/v2.1/servers 0.547s
2025-12-12 17:29:54.004 65997 INFO tempest.lib.common.rest_client [req-9095de2f-9415-4e96-87d9-fc9f039b9128 req-9095de2f-9415-4e96-87d9-fc9f039b9128 ] Request (ImagesOneServerNegativeTestJSON:test_delete_image_that_is_not_yet_active): 204 DELETE http://10.180.1.21/compute/v2.1/images/59a70a89-4d26-4511-a9fe-bed74286eef1 0.422s
2025-12-12 17:29:54.074 65988 INFO tempest.lib.common.rest_client [req-998e058d-5317-4207-9697-58dd5d0b11e9 req-998e058d-5317-4207-9697-58dd5d0b11e9 ] Request (ServersV294TestFqdnHostnames:setUpClass): 200 GET http://10.180.1.21/compute/v2.1/servers/17b01bbb-c5ca-4bee-be25-368f11e4f84e 0.355s
2025-12-12 17:29:54.092 66012 INFO tempest.lib.common.rest_client [req-d4420f68-f4c0-40e8-b9ae-3b4c4f527ca0 req-d4420f68-f4c0-40e8-b9ae-3b4c4f527ca0 ] Request (ServersTestJSON:test_create_server_specify_multibyte_character_name): 200 GET http://10.180.1.21/compute/v2.1/servers/0db391e9-e94c-4487-a12d-2c4bee43aed8 0.423s
2025-12-12 17:29:54.131 65968 INFO tempest.lib.common.rest_client [req-1ab4994e-9893-4db1-80d6-c600ee03651c req-1ab4994e-9893-4db1-80d6-c600ee03651c ] Request (ServersNegativeTestJSON:setUpClass): 200 GET http://10.180.1.21/compute/v2.1/servers/3a86bf19-adc7-48e1-adb7-0854e4274fcf 0.392s
2025-12-12 17:29:54.138 65972 INFO tempest.lib.common.rest_client [req-e14d5496-17b2-48af-95e9-0e3e6a0ba4b6 req-e14d5496-17b2-48af-95e9-0e3e6a0ba4b6 ] Request (ServerRescueNegativeTestJSON:setUpClass): 200 GET http://10.180.1.21/compute/v2.1/servers/d504c94f-e74e-47ef-8ac5-9eb60323df23 0.152s
2025-12-12 17:29:54.152 65997 INFO tempest.lib.common.rest_client [req-132d5253-fda1-4429-85c6-cba62cc56969 req-132d5253-fda1-4429-85c6-cba62cc56969 ] Request (ImagesOneServerNegativeTestJSON:test_delete_image_that_is_not_yet_active): 404 GET http://10.180.1.21/compute/v2.1/images/59a70a89-4d26-4511-a9fe-bed74286eef1 0.147s
2025-12-12 17:29:54.202 66006 INFO tempest.lib.common.rest_client [req-cb8b80bd-945d-4613-860e-c3e13c3e7e6a req-cb8b80bd-945d-4613-860e-c3e13c3e7e6a ] Request (ServersNegativeTestMultiTenantJSON:setUpClass): 200 GET http://10.180.1.21/compute/v2.1/servers/12bd0b98-5304-4823-9fae-668e59e25e4b 0.114s
2025-12-12 17:29:54.236 65994 INFO tempest.lib.common.rest_client [req-210af813-2d08-4618-ab22-8dacdc03d043 req-210af813-2d08-4618-ab22-8dacdc03d043 ] Request (ListImageFiltersTestJSON:tearDownClass): 200 GET http://10.180.1.21/compute/v2.1/servers/9e223805-b190-404c-8b76-dd039f6b486f 0.206s
2025-12-12 17:29:54.258 65992 INFO tempest.lib.common.rest_client [req-cc7ed6e1-267f-4b13-92d2-ca5739a12a60 req-cc7ed6e1-267f-4b13-92d2-ca5739a12a60 ] Request (ServerMetadataNegativeTestJSON:setUpClass): 200 GET http://10.180.1.21/compute/v2.1/servers/52c1c3d4-9606-42c1-ac38-360df9ba2d6a 0.112s
2025-12-12 17:29:54.350 66028 INFO tempest.lib.common.rest_client [req-a2eb6b14-a018-42ca-bb60-aea0fdfb85e7 req-a2eb6b14-a018-42ca-bb60-aea0fdfb85e7 ] Request (AttachVolumeShelveTestJSON:test_attach_volume_shelved_or_offload_server): 200 GET http://10.180.1.21/compute/v2.1/servers/ddaf49d1-ffe2-4262-858a-46e71136f57d 0.141s
2025-12-12 17:29:54.358 66028 INFO tempest.common.waiters [-] State transition "BUILD/None" ==> "BUILD/networking" after 37 second wait
2025-12-12 17:29:54.370 65997 INFO tempest.lib.common.rest_client [req-322f3efa-96e1-4a5d-b189-985c01e60a9d req-322f3efa-96e1-4a5d-b189-985c01e60a9d ] Request (ImagesOneServerNegativeTestJSON:tearDown): 200 GET http://10.180.1.21/compute/v2.1/servers/45b75840-f6d8-48bf-a4b0-d20f3bc59674 0.218s
2025-12-12 17:29:54.413 66002 INFO tempest.lib.common.rest_client [req-d8d429d6-c48a-408e-98a3-45eb3cc4e6e2 req-d8d429d6-c48a-408e-98a3-45eb3cc4e6e2 ] Request (AttachInterfacesUnderV243Test:_run_cleanups): 200 GET http://10.180.1.21/compute/v2.1/servers/c4757f18-4ac3-48b9-98ea-bfe4fcace014 0.143s
2025-12-12 17:29:54.434 66000 INFO tempest.lib.common.rest_client [req-1826cef8-7066-49f9-ae2a-30956329bce4 req-1826cef8-7066-49f9-ae2a-30956329bce4 ] Request (ServersAdminTestJSON:tearDownClass): 200 GET http://10.180.1.21/compute/v2.1/servers/0685c69c-1cb3-4b2b-b105-17dd7be4e495 0.111s
2025-12-12 17:29:54.461 65966 INFO tempest.lib.common.rest_client [req-aeee3f64-f32b-45c4-9403-912f4cfdcc6f req-aeee3f64-f32b-45c4-9403-912f4cfdcc6f ] Request (DeleteServersTestJSON:test_delete_server_while_in_shelved_state): 200 GET http://10.180.1.21/compute/v2.1/servers/1343255e-b306-4da3-8a32-e736fbd31fe2 0.088s
2025-12-12 17:29:54.513 65980 INFO tempest.lib.common.rest_client [req-5b22c4eb-aed1-4b00-9e5d-11d6dc4b26d2 req-5b22c4eb-aed1-4b00-9e5d-11d6dc4b26d2 ] Request (AttachInterfacesTestJSON:test_create_list_show_delete_interfaces_by_network_port): 200 GET http://10.180.1.21/compute/v2.1/servers/cabd3d19-9e2a-4c11-b7b5-4ff952f282a1 0.052s
2025-12-12 17:29:54.617 65998 INFO tempest.lib.common.rest_client [req-51e24764-5bb5-4874-81df-234d14314caa req-51e24764-5bb5-4874-81df-234d14314caa ] Request (InstanceActionsV221TestJSON:test_get_list_deleted_instance_actions): 200 GET http://10.180.1.21/compute/v2.1/servers/01b6ddcd-2181-4d78-a67a-efb5c18313e3 0.090s
2025-12-12 17:29:54.678 66022 INFO tempest.lib.common.rest_client [req-fefed9a6-bccd-4f6f-83c7-a392b37316e4 req-fefed9a6-bccd-4f6f-83c7-a392b37316e4 ] Request (ImagesOneServerTestJSON:tearDownClass): 200 GET http://10.180.1.21/compute/v2.1/servers/caf16640-1b91-4826-bba9-07a0ecc19f97 0.075s
2025-12-12 17:29:54.720 66014 INFO tempest.lib.common.rest_client [req-7edeecac-f61f-4921-8d76-df9ab689b8ea req-7edeecac-f61f-4921-8d76-df9ab689b8ea ] Request (SecurityGroupsTestJSON:test_server_security_groups): 200 GET http://10.180.1.21/compute/v2.1/servers/7d54913e-8ed3-4e13-bb96-8b3fdd1ed870 0.066s
2025-12-12 17:29:54.846 65982 INFO tempest.lib.common.rest_client [req-cdd93539-43b9-4057-b774-a56cba7efae8 req-cdd93539-43b9-4057-b774-a56cba7efae8 ] Request (MigrationsAdminTest:test_resize_server_revert_deleted_flavor): 200 GET http://10.180.1.21/compute/v2.1/servers/ac62535a-a710-49c4-b2bd-1042490cf4e2 0.135s
2025-12-12 17:29:54.904 66018 INFO tempest.lib.common.rest_client [req-518e93b5-c86a-4ffa-9c32-ea3f653f50a0 req-518e93b5-c86a-4ffa-9c32-ea3f653f50a0 ] Request (AttachVolumeTestJSON:test_attach_detach_volume): 200 GET http://10.180.1.21/compute/v2.1/servers/bb2b2b77-4f3a-4146-b8a8-e0de3c56e618 0.122s
2025-12-12 17:29:55.160 66010 INFO tempest.lib.common.rest_client [req-efdb8876-95e2-4e0a-9b62-e3e1c005e7e3 req-efdb8876-95e2-4e0a-9b62-e3e1c005e7e3 ] Request (ImagesTestJSON:test_create_server_from_snapshot): 200 GET http://10.180.1.21/compute/v2.1/servers/42dcc4a6-d231-47b6-b130-a2ecba65d09d 0.307s
2025-12-12 17:29:55.173 66020 INFO tempest.lib.common.rest_client [req-b3ee0ab8-b4c2-456e-9397-b96e62ccd2fa req-b3ee0ab8-b4c2-456e-9397-b96e62ccd2fa ] Request (ServersTestMultiNic:_run_cleanups): 200 GET http://10.180.1.21/compute/v2.1/servers/07e5765b-7f50-4423-92ec-259ce6cb50ab 0.249s
2025-12-12 17:29:55.228 65988 INFO tempest.lib.common.rest_client [req-4eff3c7d-a49a-4af6-ac80-a6e157eb8297 req-4eff3c7d-a49a-4af6-ac80-a6e157eb8297 ] Request (ServersV294TestFqdnHostnames:setUpClass): 200 GET http://10.180.1.21/compute/v2.1/servers/17b01bbb-c5ca-4bee-be25-368f11e4f84e 0.144s
2025-12-12 17:29:55.344 65968 INFO tempest.lib.common.rest_client [req-c636272a-fa90-4eb3-baa8-28d784d1a9ff req-c636272a-fa90-4eb3-baa8-28d784d1a9ff ] Request (ServersNegativeTestJSON:setUpClass): 200 GET http://10.180.1.21/compute/v2.1/servers/3a86bf19-adc7-48e1-adb7-0854e4274fcf 0.204s
2025-12-12 17:29:55.370 66012 INFO tempest.lib.common.rest_client [req-20cbe12a-a97d-4c82-b2cf-8b5d4910234d req-20cbe12a-a97d-4c82-b2cf-8b5d4910234d ] Request (ServersTestJSON:test_create_server_specify_multibyte_character_name): 200 GET http://10.180.1.21/compute/v2.1/servers/0db391e9-e94c-4487-a12d-2c4bee43aed8 0.270s
2025-12-12 17:29:55.404 65972 INFO tempest.lib.common.rest_client [req-cff2bf0c-23f0-45dd-a9a4-ce5ee4148640 req-cff2bf0c-23f0-45dd-a9a4-ce5ee4148640 ] Request (ServerRescueNegativeTestJSON:setUpClass): 200 GET http://10.180.1.21/compute/v2.1/servers/d504c94f-e74e-47ef-8ac5-9eb60323df23 0.255s
2025-12-12 17:29:55.444 66006 INFO tempest.lib.common.rest_client [req-e3d909a2-ecbf-4fa0-887e-e1ce0a709323 req-e3d909a2-ecbf-4fa0-887e-e1ce0a709323 ] Request (ServersNegativeTestMultiTenantJSON:setUpClass): 200 GET http://10.180.1.21/compute/v2.1/servers/12bd0b98-5304-4823-9fae-668e59e25e4b 0.234s
2025-12-12 17:29:55.494 65994 INFO tempest.lib.common.rest_client [req-f949d3e4-6ed7-4d95-8046-5d6c11eb3c26 req-f949d3e4-6ed7-4d95-8046-5d6c11eb3c26 ] Request (ListImageFiltersTestJSON:tearDownClass): 200 GET http://10.180.1.21/compute/v2.1/servers/9e223805-b190-404c-8b76-dd039f6b486f 0.250s
2025-12-12 17:29:55.509 65992 INFO tempest.lib.common.rest_client [req-a3d53c09-18b4-4292-bf62-e93e52d15ff3 req-a3d53c09-18b4-4292-bf62-e93e52d15ff3 ] Request (ServerMetadataNegativeTestJSON:setUpClass): 200 GET http://10.180.1.21/compute/v2.1/servers/52c1c3d4-9606-42c1-ac38-360df9ba2d6a 0.240s
2025-12-12 17:29:55.641 66028 INFO tempest.lib.common.rest_client [req-e2d117b6-bd5b-4da5-8554-2ce84bc8b933 req-e2d117b6-bd5b-4da5-8554-2ce84bc8b933 ] Request (AttachVolumeShelveTestJSON:test_attach_volume_shelved_or_offload_server): 200 GET http://10.180.1.21/compute/v2.1/servers/ddaf49d1-ffe2-4262-858a-46e71136f57d 0.282s
2025-12-12 17:29:55.651 66028 INFO tempest.common.waiters [-] State transition "BUILD/networking" ==> "BUILD/spawning" after 38 second wait
2025-12-12 17:29:55.661 65997 INFO tempest.lib.common.rest_client [req-328b181e-2a2f-41e6-a023-c3a36f1e136a req-328b181e-2a2f-41e6-a023-c3a36f1e136a ] Request (ImagesOneServerNegativeTestJSON:tearDown): 200 GET http://10.180.1.21/compute/v2.1/servers/45b75840-f6d8-48bf-a4b0-d20f3bc59674 0.282s
2025-12-12 17:29:55.669 65997 INFO tempest.common.waiters [-] State transition "ACTIVE/image_snapshot" ==> "ACTIVE/image_pending_upload" after 1 second wait
2025-12-12 17:29:55.710 66002 INFO tempest.lib.common.rest_client [req-be2778a7-d0e0-420d-a036-7322cd834d8c req-be2778a7-d0e0-420d-a036-7322cd834d8c ] Request (AttachInterfacesUnderV243Test:_run_cleanups): 200 GET http://10.180.1.21/compute/v2.1/servers/c4757f18-4ac3-48b9-98ea-bfe4fcace014 0.288s
2025-12-12 17:29:55.728 66000 INFO tempest.lib.common.rest_client [req-5d08fa2f-d5a6-4d55-8c7b-d93ed9a2ec22 req-5d08fa2f-d5a6-4d55-8c7b-d93ed9a2ec22 ] Request (ServersAdminTestJSON:tearDownClass): 200 GET http://10.180.1.21/compute/v2.1/servers/0685c69c-1cb3-4b2b-b105-17dd7be4e495 0.285s
2025-12-12 17:29:55.766 65966 INFO tempest.lib.common.rest_client [req-a8d5cf5e-289b-475c-9e8c-9d8c8072d137 req-a8d5cf5e-289b-475c-9e8c-9d8c8072d137 ] Request (DeleteServersTestJSON:test_delete_server_while_in_shelved_state): 200 GET http://10.180.1.21/compute/v2.1/servers/1343255e-b306-4da3-8a32-e736fbd31fe2 0.297s
2025-12-12 17:29:55.781 65980 INFO tempest.lib.common.rest_client [req-7d246b64-4c62-4240-b5f3-51c65b588bbf req-7d246b64-4c62-4240-b5f3-51c65b588bbf ] Request (AttachInterfacesTestJSON:test_create_list_show_delete_interfaces_by_network_port): 200 GET http://10.180.1.21/compute/v2.1/servers/cabd3d19-9e2a-4c11-b7b5-4ff952f282a1 0.260s
2025-12-12 17:29:55.836 65998 INFO tempest.lib.common.rest_client [req-7d124fe6-b284-40ee-9d53-ee7d94760907 req-7d124fe6-b284-40ee-9d53-ee7d94760907 ] Request (InstanceActionsV221TestJSON:test_get_list_deleted_instance_actions): 200 GET http://10.180.1.21/compute/v2.1/servers/01b6ddcd-2181-4d78-a67a-efb5c18313e3 0.207s
2025-12-12 17:29:55.849 66022 INFO tempest.lib.common.rest_client [req-efa09018-7447-42dd-b8d0-df3143358236 req-efa09018-7447-42dd-b8d0-df3143358236 ] Request (ImagesOneServerTestJSON:tearDownClass): 200 GET http://10.180.1.21/compute/v2.1/servers/caf16640-1b91-4826-bba9-07a0ecc19f97 0.160s
2025-12-12 17:29:55.890 66014 INFO tempest.lib.common.rest_client [req-4fa5efb8-de68-487c-ab9c-ad88766ee16f req-4fa5efb8-de68-487c-ab9c-ad88766ee16f ] Request (SecurityGroupsTestJSON:test_server_security_groups): 200 GET http://10.180.1.21/compute/v2.1/servers/7d54913e-8ed3-4e13-bb96-8b3fdd1ed870 0.163s
2025-12-12 17:29:55.976 65982 INFO tempest.lib.common.rest_client [req-24ff11ec-631c-41a6-9ea5-b25832a86efb req-24ff11ec-631c-41a6-9ea5-b25832a86efb ] Request (MigrationsAdminTest:test_resize_server_revert_deleted_flavor): 200 GET http://10.180.1.21/compute/v2.1/servers/ac62535a-a710-49c4-b2bd-1042490cf4e2 0.121s
2025-12-12 17:29:55.986 66018 INFO tempest.lib.common.rest_client [req-1fd94b2b-8372-46c1-ba80-70c95f3afc44 req-1fd94b2b-8372-46c1-ba80-70c95f3afc44 ] Request (AttachVolumeTestJSON:test_attach_detach_volume): 200 GET http://10.180.1.21/compute/v2.1/servers/bb2b2b77-4f3a-4146-b8a8-e0de3c56e618 0.073s
2025-12-12 17:29:56.274 66010 INFO tempest.lib.common.rest_client [req-7d1c643f-4dec-47e5-8363-09d0a93734a3 req-7d1c643f-4dec-47e5-8363-09d0a93734a3 ] Request (ImagesTestJSON:test_create_server_from_snapshot): 200 GET http://10.180.1.21/compute/v2.1/servers/42dcc4a6-d231-47b6-b130-a2ecba65d09d 0.105s
2025-12-12 17:29:56.305 66020 INFO tempest.lib.common.rest_client [req-6ee04096-fb8d-4e7a-b2df-10ae4099cacb req-6ee04096-fb8d-4e7a-b2df-10ae4099cacb ] Request (ServersTestMultiNic:_run_cleanups): 200 GET http://10.180.1.21/compute/v2.1/servers/07e5765b-7f50-4423-92ec-259ce6cb50ab 0.114s
2025-12-12 17:29:56.382 65988 INFO tempest.lib.common.rest_client [req-320cd853-be32-48b1-9094-29464b9c069d req-320cd853-be32-48b1-9094-29464b9c069d ] Request (ServersV294TestFqdnHostnames:setUpClass): 200 GET http://10.180.1.21/compute/v2.1/servers/17b01bbb-c5ca-4bee-be25-368f11e4f84e 0.142s
2025-12-12 17:29:56.409 65968 INFO tempest.lib.common.rest_client [req-b1a99870-2a24-4175-96b0-1f9325e54e13 req-b1a99870-2a24-4175-96b0-1f9325e54e13 ] Request (ServersNegativeTestJSON:setUpClass): 200 GET http://10.180.1.21/compute/v2.1/servers/3a86bf19-adc7-48e1-adb7-0854e4274fcf 0.054s
2025-12-12 17:29:56.476 65972 INFO tempest.lib.common.rest_client [req-c3bc1985-59dd-44c8-bcbf-deb2d08fa842 req-c3bc1985-59dd-44c8-bcbf-deb2d08fa842 ] Request (ServerRescueNegativeTestJSON:setUpClass): 200 GET http://10.180.1.21/compute/v2.1/servers/d504c94f-e74e-47ef-8ac5-9eb60323df23 0.064s
2025-12-12 17:29:56.486 66012 INFO tempest.lib.common.rest_client [req-3f3c3825-0f6d-4e90-b845-16e9d6388fc2 req-3f3c3825-0f6d-4e90-b845-16e9d6388fc2 ] Request (ServersTestJSON:test_create_server_specify_multibyte_character_name): 200 GET http://10.180.1.21/compute/v2.1/servers/0db391e9-e94c-4487-a12d-2c4bee43aed8 0.108s
2025-12-12 17:29:56.527 66006 INFO tempest.lib.common.rest_client [req-2e37700c-4552-42fa-ae88-701d56f219d6 req-2e37700c-4552-42fa-ae88-701d56f219d6 ] Request (ServersNegativeTestMultiTenantJSON:setUpClass): 200 GET http://10.180.1.21/compute/v2.1/servers/12bd0b98-5304-4823-9fae-668e59e25e4b 0.074s
2025-12-12 17:29:56.577 65992 INFO tempest.lib.common.rest_client [req-3f5df732-6fa7-4e2c-b4ed-efc77d3f3b3e req-3f5df732-6fa7-4e2c-b4ed-efc77d3f3b3e ] Request (ServerMetadataNegativeTestJSON:setUpClass): 200 GET http://10.180.1.21/compute/v2.1/servers/52c1c3d4-9606-42c1-ac38-360df9ba2d6a 0.056s
2025-12-12 17:29:56.580 65994 INFO tempest.lib.common.rest_client [req-ed9a6446-7eda-4db5-ad15-4918a85695c8 req-ed9a6446-7eda-4db5-ad15-4918a85695c8 ] Request (ListImageFiltersTestJSON:tearDownClass): 200 GET http://10.180.1.21/compute/v2.1/servers/9e223805-b190-404c-8b76-dd039f6b486f 0.077s
2025-12-12 17:29:56.586 65994 INFO tempest.common.waiters [-] State transition "ACTIVE/deleting" ==> "DELETED/None" after 3 second wait
2025-12-12 17:29:56.789 65997 INFO tempest.lib.common.rest_client [req-b58acfae-8baf-4339-a419-5b4e1c110648 req-b58acfae-8baf-4339-a419-5b4e1c110648 ] Request (ImagesOneServerNegativeTestJSON:tearDown): 200 GET http://10.180.1.21/compute/v2.1/servers/45b75840-f6d8-48bf-a4b0-d20f3bc59674 0.117s
2025-12-12 17:29:56.873 66002 INFO tempest.lib.common.rest_client [req-e8996514-4205-42c5-a536-76cb851f216f req-e8996514-4205-42c5-a536-76cb851f216f ] Request (AttachInterfacesUnderV243Test:_run_cleanups): 200 GET http://10.180.1.21/compute/v2.1/servers/c4757f18-4ac3-48b9-98ea-bfe4fcace014 0.155s
2025-12-12 17:29:56.964 66000 INFO tempest.lib.common.rest_client [req-6abd7073-5bd5-4940-9fba-64443118c55a req-6abd7073-5bd5-4940-9fba-64443118c55a ] Request (ServersAdminTestJSON:tearDownClass): 200 GET http://10.180.1.21/compute/v2.1/servers/0685c69c-1cb3-4b2b-b105-17dd7be4e495 0.228s
2025-12-12 17:29:56.985 65990 WARNING tempest.lib.common.ssh [-] Failed to establish authenticated ssh connection to cirros@10.180.180.189 ([Errno None] Unable to connect to port 22 on 10.180.180.189). Number attempts: 5. Retry after 6 seconds.: paramiko.ssh_exception.NoValidConnectionsError: [Errno None] Unable to connect to port 22 on 10.180.180.189
2025-12-12 17:29:57.031 65966 INFO tempest.lib.common.rest_client [req-0ed0c123-cf31-4f69-a9bf-88d36d8cb6f6 req-0ed0c123-cf31-4f69-a9bf-88d36d8cb6f6 ] Request (DeleteServersTestJSON:test_delete_server_while_in_shelved_state): 200 GET http://10.180.1.21/compute/v2.1/servers/1343255e-b306-4da3-8a32-e736fbd31fe2 0.255s
2025-12-12 17:29:57.063 66028 INFO tempest.lib.common.rest_client [req-0368b1f8-1cb7-4201-8942-10c2157ecf4f req-0368b1f8-1cb7-4201-8942-10c2157ecf4f ] Request (AttachVolumeShelveTestJSON:test_attach_volume_shelved_or_offload_server): 200 GET http://10.180.1.21/compute/v2.1/servers/ddaf49d1-ffe2-4262-858a-46e71136f57d 0.411s
2025-12-12 17:29:57.096 65980 INFO tempest.lib.common.rest_client [req-3a9e9497-34ca-4b21-887a-4b3133d57ec9 req-3a9e9497-34ca-4b21-887a-4b3133d57ec9 ] Request (AttachInterfacesTestJSON:test_create_list_show_delete_interfaces_by_network_port): 200 GET http://10.180.1.21/compute/v2.1/servers/cabd3d19-9e2a-4c11-b7b5-4ff952f282a1 0.305s
2025-12-12 17:29:57.152 65998 INFO tempest.lib.common.rest_client [req-d942f419-61bf-4f74-ba6a-60314a582379 req-d942f419-61bf-4f74-ba6a-60314a582379 ] Request (InstanceActionsV221TestJSON:test_get_list_deleted_instance_actions): 200 GET http://10.180.1.21/compute/v2.1/servers/01b6ddcd-2181-4d78-a67a-efb5c18313e3 0.303s
2025-12-12 17:29:57.162 66022 INFO tempest.lib.common.rest_client [req-c9bd60e5-99e6-4c79-8728-82e389b83410 req-c9bd60e5-99e6-4c79-8728-82e389b83410 ] Request (ImagesOneServerTestJSON:tearDownClass): 200 GET http://10.180.1.21/compute/v2.1/servers/caf16640-1b91-4826-bba9-07a0ecc19f97 0.306s
2025-12-12 17:29:57.214 66014 INFO tempest.lib.common.rest_client [req-4c6ec408-c56a-4d38-b9a8-9458808d2160 req-4c6ec408-c56a-4d38-b9a8-9458808d2160 ] Request (SecurityGroupsTestJSON:test_server_security_groups): 200 GET http://10.180.1.21/compute/v2.1/servers/7d54913e-8ed3-4e13-bb96-8b3fdd1ed870 0.316s
2025-12-12 17:29:57.240 65976 WARNING tempest.lib.common.ssh [-] Failed to establish authenticated ssh connection to cirros@10.180.180.211 ([Errno None] Unable to connect to port 22 on 10.180.180.211). Number attempts: 4. Retry after 5 seconds.: paramiko.ssh_exception.NoValidConnectionsError: [Errno None] Unable to connect to port 22 on 10.180.180.211
2025-12-12 17:29:57.280 65982 INFO tempest.lib.common.rest_client [req-a01f1ef5-e53a-45b5-b3ac-16f8cf07db2b req-a01f1ef5-e53a-45b5-b3ac-16f8cf07db2b ] Request (MigrationsAdminTest:test_resize_server_revert_deleted_flavor): 200 GET http://10.180.1.21/compute/v2.1/servers/ac62535a-a710-49c4-b2bd-1042490cf4e2 0.296s
2025-12-12 17:29:57.292 66018 INFO tempest.lib.common.rest_client [req-801e0469-45eb-4ff3-bc74-2883c55d78c1 req-801e0469-45eb-4ff3-bc74-2883c55d78c1 ] Request (AttachVolumeTestJSON:test_attach_detach_volume): 200 GET http://10.180.1.21/compute/v2.1/servers/bb2b2b77-4f3a-4146-b8a8-e0de3c56e618 0.298s
2025-12-12 17:29:57.411 66020 INFO tempest.lib.common.rest_client [req-24c2ac13-1e0c-4e3b-b01f-0b9721c3a6bd req-24c2ac13-1e0c-4e3b-b01f-0b9721c3a6bd ] Request (ServersTestMultiNic:_run_cleanups): 200 GET http://10.180.1.21/compute/v2.1/servers/07e5765b-7f50-4423-92ec-259ce6cb50ab 0.094s
2025-12-12 17:29:57.438 66010 INFO tempest.lib.common.rest_client [req-92ab7d78-2e05-49a3-9b72-1acda01170b8 req-92ab7d78-2e05-49a3-9b72-1acda01170b8 ] Request (ImagesTestJSON:test_create_server_from_snapshot): 200 GET http://10.180.1.21/compute/v2.1/servers/42dcc4a6-d231-47b6-b130-a2ecba65d09d 0.154s
2025-12-12 17:29:57.446 66010 INFO tempest.common.waiters [-] State transition "BUILD/None" ==> "BUILD/networking" after 37 second wait
2025-12-12 17:29:57.472 65988 INFO tempest.lib.common.rest_client [req-d2b177b8-53f3-4e84-89d1-00aecd636b96 req-d2b177b8-53f3-4e84-89d1-00aecd636b96 ] Request (ServersV294TestFqdnHostnames:setUpClass): 200 GET http://10.180.1.21/compute/v2.1/servers/17b01bbb-c5ca-4bee-be25-368f11e4f84e 0.080s
2025-12-12 17:29:57.501 65968 INFO tempest.lib.common.rest_client [req-64e17c17-7116-4a55-bd5c-2e74fbe6c55e req-64e17c17-7116-4a55-bd5c-2e74fbe6c55e ] Request (ServersNegativeTestJSON:setUpClass): 200 GET http://10.180.1.21/compute/v2.1/servers/3a86bf19-adc7-48e1-adb7-0854e4274fcf 0.079s
2025-12-12 17:29:57.548 65972 INFO tempest.lib.common.rest_client [req-fab76a89-4151-4eea-a469-87c811050b12 req-fab76a89-4151-4eea-a469-87c811050b12 ] Request (ServerRescueNegativeTestJSON:setUpClass): 200 GET http://10.180.1.21/compute/v2.1/servers/d504c94f-e74e-47ef-8ac5-9eb60323df23 0.063s
2025-12-12 17:29:57.629 66006 INFO tempest.lib.common.rest_client [req-ad1c581f-e4d0-453a-a66a-e1d595081310 req-ad1c581f-e4d0-453a-a66a-e1d595081310 ] Request (ServersNegativeTestMultiTenantJSON:setUpClass): 200 GET http://10.180.1.21/compute/v2.1/servers/12bd0b98-5304-4823-9fae-668e59e25e4b 0.094s
2025-12-12 17:29:57.650 66012 INFO tempest.lib.common.rest_client [req-caa30afb-3637-41c5-8077-a4c63b5ee6ed req-caa30afb-3637-41c5-8077-a4c63b5ee6ed ] Request (ServersTestJSON:test_create_server_specify_multibyte_character_name): 200 GET http://10.180.1.21/compute/v2.1/servers/0db391e9-e94c-4487-a12d-2c4bee43aed8 0.156s
2025-12-12 17:29:57.707 65992 INFO tempest.lib.common.rest_client [req-8cccdc20-d429-4b85-92cc-3041018db379 req-8cccdc20-d429-4b85-92cc-3041018db379 ] Request (ServerMetadataNegativeTestJSON:setUpClass): 200 GET http://10.180.1.21/compute/v2.1/servers/52c1c3d4-9606-42c1-ac38-360df9ba2d6a 0.120s
2025-12-12 17:29:57.768 65994 INFO tempest.lib.common.rest_client [req-e2fef1d0-5fa7-4c97-bb28-ea383346fbb0 req-e2fef1d0-5fa7-4c97-bb28-ea383346fbb0 ] Request (ListImageFiltersTestJSON:tearDownClass): 200 GET http://10.180.1.21/compute/v2.1/servers/9e223805-b190-404c-8b76-dd039f6b486f 0.181s
2025-12-12 17:29:57.941 65997 INFO tempest.lib.common.rest_client [req-6d88c343-3f70-4f29-894c-4f17333d2324 req-6d88c343-3f70-4f29-894c-4f17333d2324 ] Request (ImagesOneServerNegativeTestJSON:tearDown): 200 GET http://10.180.1.21/compute/v2.1/servers/45b75840-f6d8-48bf-a4b0-d20f3bc59674 0.144s
2025-12-12 17:29:57.945 65986 WARNING tempest.lib.common.ssh [-] Failed to establish authenticated ssh connection to cirros@10.180.180.216 ([Errno None] Unable to connect to port 22 on 10.180.180.216). Number attempts: 11. Retry after 12 seconds.: paramiko.ssh_exception.NoValidConnectionsError: [Errno None] Unable to connect to port 22 on 10.180.180.216
2025-12-12 17:29:57.949 65997 INFO tempest.common.waiters [-] State transition "ACTIVE/image_pending_upload" ==> "ACTIVE/image_uploading" after 3 second wait
2025-12-12 17:29:57.958 66002 INFO tempest.lib.common.rest_client [req-62a43f76-2d84-4568-a195-4dc81180266f req-62a43f76-2d84-4568-a195-4dc81180266f ] Request (AttachInterfacesUnderV243Test:_run_cleanups): 200 GET http://10.180.1.21/compute/v2.1/servers/c4757f18-4ac3-48b9-98ea-bfe4fcace014 0.073s
2025-12-12 17:29:58.041 66000 INFO tempest.lib.common.rest_client [req-62255205-446c-49dd-9562-65c051296c28 req-62255205-446c-49dd-9562-65c051296c28 ] Request (ServersAdminTestJSON:tearDownClass): 200 GET http://10.180.1.21/compute/v2.1/servers/0685c69c-1cb3-4b2b-b105-17dd7be4e495 0.068s
2025-12-12 17:29:58.095 65966 INFO tempest.lib.common.rest_client [req-6b7864ca-60f4-4dc3-a70f-731ba382999a req-6b7864ca-60f4-4dc3-a70f-731ba382999a ] Request (DeleteServersTestJSON:test_delete_server_while_in_shelved_state): 200 GET http://10.180.1.21/compute/v2.1/servers/1343255e-b306-4da3-8a32-e736fbd31fe2 0.055s
2025-12-12 17:29:58.178 65980 INFO tempest.lib.common.rest_client [req-f54b21ba-b352-4991-b74d-4e4ad50e8525 req-f54b21ba-b352-4991-b74d-4e4ad50e8525 ] Request (AttachInterfacesTestJSON:test_create_list_show_delete_interfaces_by_network_port): 200 GET http://10.180.1.21/compute/v2.1/servers/cabd3d19-9e2a-4c11-b7b5-4ff952f282a1 0.074s
2025-12-12 17:29:58.203 66028 INFO tempest.lib.common.rest_client [req-2c4e821d-7642-4bcf-b17b-2a362adac83c req-2c4e821d-7642-4bcf-b17b-2a362adac83c ] Request (AttachVolumeShelveTestJSON:test_attach_volume_shelved_or_offload_server): 200 GET http://10.180.1.21/compute/v2.1/servers/ddaf49d1-ffe2-4262-858a-46e71136f57d 0.128s
2025-12-12 17:29:58.239 65998 INFO tempest.lib.common.rest_client [req-5853f8e8-c2be-4619-be13-3a911d932ff6 req-5853f8e8-c2be-4619-be13-3a911d932ff6 ] Request (InstanceActionsV221TestJSON:test_get_list_deleted_instance_actions): 200 GET http://10.180.1.21/compute/v2.1/servers/01b6ddcd-2181-4d78-a67a-efb5c18313e3 0.078s
2025-12-12 17:29:58.262 66022 INFO tempest.lib.common.rest_client [req-b1b7dfd1-dabd-4297-a921-236f24e5adff req-b1b7dfd1-dabd-4297-a921-236f24e5adff ] Request (ImagesOneServerTestJSON:tearDownClass): 200 GET http://10.180.1.21/compute/v2.1/servers/caf16640-1b91-4826-bba9-07a0ecc19f97 0.091s
2025-12-12 17:29:58.300 66014 INFO tempest.lib.common.rest_client [req-55adeaaa-2a16-4430-b27a-a452b1ef9fa6 req-55adeaaa-2a16-4430-b27a-a452b1ef9fa6 ] Request (SecurityGroupsTestJSON:test_server_security_groups): 200 GET http://10.180.1.21/compute/v2.1/servers/7d54913e-8ed3-4e13-bb96-8b3fdd1ed870 0.077s
2025-12-12 17:29:58.454 66018 INFO tempest.lib.common.rest_client [req-51bfab1e-736a-4b90-a5d2-ad82c2e7cd6c req-51bfab1e-736a-4b90-a5d2-ad82c2e7cd6c ] Request (AttachVolumeTestJSON:test_attach_detach_volume): 200 GET http://10.180.1.21/compute/v2.1/servers/bb2b2b77-4f3a-4146-b8a8-e0de3c56e618 0.152s
2025-12-12 17:29:58.485 65982 INFO tempest.lib.common.rest_client [req-4614bf66-d9f7-452e-b475-8cca3fd92f11 req-4614bf66-d9f7-452e-b475-8cca3fd92f11 ] Request (MigrationsAdminTest:test_resize_server_revert_deleted_flavor): 200 GET http://10.180.1.21/compute/v2.1/servers/ac62535a-a710-49c4-b2bd-1042490cf4e2 0.194s
2025-12-12 17:29:58.573 66020 INFO tempest.lib.common.rest_client [req-60c18895-b631-4a32-9a9b-c970dd24f94a req-60c18895-b631-4a32-9a9b-c970dd24f94a ] Request (ServersTestMultiNic:_run_cleanups): 200 GET http://10.180.1.21/compute/v2.1/servers/07e5765b-7f50-4423-92ec-259ce6cb50ab 0.145s
2025-12-12 17:29:58.597 66010 INFO tempest.lib.common.rest_client [req-30a4f307-8338-48b6-8590-9c5bbc3156f0 req-30a4f307-8338-48b6-8590-9c5bbc3156f0 ] Request (ImagesTestJSON:test_create_server_from_snapshot): 200 GET http://10.180.1.21/compute/v2.1/servers/42dcc4a6-d231-47b6-b130-a2ecba65d09d 0.149s
2025-12-12 17:29:58.604 66010 INFO tempest.common.waiters [-] State transition "BUILD/networking" ==> "BUILD/spawning" after 38 second wait
2025-12-12 17:29:58.639 65988 INFO tempest.lib.common.rest_client [req-14302a15-ceba-4ba0-877a-3ace0185ce58 req-14302a15-ceba-4ba0-877a-3ace0185ce58 ] Request (ServersV294TestFqdnHostnames:setUpClass): 200 GET http://10.180.1.21/compute/v2.1/servers/17b01bbb-c5ca-4bee-be25-368f11e4f84e 0.155s
2025-12-12 17:29:58.664 65968 INFO tempest.lib.common.rest_client [req-ab8fc03a-42e3-43e8-9d0f-f76f0f73d28b req-ab8fc03a-42e3-43e8-9d0f-f76f0f73d28b ] Request (ServersNegativeTestJSON:setUpClass): 200 GET http://10.180.1.21/compute/v2.1/servers/3a86bf19-adc7-48e1-adb7-0854e4274fcf 0.149s
2025-12-12 17:29:58.703 65972 INFO tempest.lib.common.rest_client [req-d4fb0fc5-33f1-46e0-b84e-3da9ccac880a req-d4fb0fc5-33f1-46e0-b84e-3da9ccac880a ] Request (ServerRescueNegativeTestJSON:setUpClass): 200 GET http://10.180.1.21/compute/v2.1/servers/d504c94f-e74e-47ef-8ac5-9eb60323df23 0.147s
2025-12-12 17:29:58.734 66006 INFO tempest.lib.common.rest_client [req-27fda462-76c7-4048-a744-b19f9ecceb00 req-27fda462-76c7-4048-a744-b19f9ecceb00 ] Request (ServersNegativeTestMultiTenantJSON:setUpClass): 200 GET http://10.180.1.21/compute/v2.1/servers/12bd0b98-5304-4823-9fae-668e59e25e4b 0.097s
2025-12-12 17:29:58.851 65992 INFO tempest.lib.common.rest_client [req-aa9fadef-acc5-44b7-8cbe-a31247304643 req-aa9fadef-acc5-44b7-8cbe-a31247304643 ] Request (ServerMetadataNegativeTestJSON:setUpClass): 200 GET http://10.180.1.21/compute/v2.1/servers/52c1c3d4-9606-42c1-ac38-360df9ba2d6a 0.136s
2025-12-12 17:29:58.881 66012 INFO tempest.lib.common.rest_client [req-c52df0fc-9918-49a0-8991-421e53635e07 req-c52df0fc-9918-49a0-8991-421e53635e07 ] Request (ServersTestJSON:test_create_server_specify_multibyte_character_name): 200 GET http://10.180.1.21/compute/v2.1/servers/0db391e9-e94c-4487-a12d-2c4bee43aed8 0.223s
2025-12-12 17:29:58.923 65994 INFO tempest.lib.common.rest_client [req-93310963-154c-4fd2-9bc5-ae96d221a52c req-93310963-154c-4fd2-9bc5-ae96d221a52c ] Request (ListImageFiltersTestJSON:tearDownClass): 200 GET http://10.180.1.21/compute/v2.1/servers/9e223805-b190-404c-8b76-dd039f6b486f 0.147s
2025-12-12 17:29:59.049 66002 INFO tempest.lib.common.rest_client [req-f41521d7-132e-489e-b845-7ec1e67211bf req-f41521d7-132e-489e-b845-7ec1e67211bf ] Request (AttachInterfacesUnderV243Test:_run_cleanups): 200 GET http://10.180.1.21/compute/v2.1/servers/c4757f18-4ac3-48b9-98ea-bfe4fcace014 0.082s
2025-12-12 17:29:59.094 65997 INFO tempest.lib.common.rest_client [req-311ed4e4-6dc5-4f4c-aef9-405f7f069447 req-311ed4e4-6dc5-4f4c-aef9-405f7f069447 ] Request (ImagesOneServerNegativeTestJSON:tearDown): 200 GET http://10.180.1.21/compute/v2.1/servers/45b75840-f6d8-48bf-a4b0-d20f3bc59674 0.144s
2025-12-12 17:29:59.115 66000 INFO tempest.lib.common.rest_client [req-c336544b-fbd4-4a02-9dad-a371909fda23 req-c336544b-fbd4-4a02-9dad-a371909fda23 ] Request (ServersAdminTestJSON:tearDownClass): 200 GET http://10.180.1.21/compute/v2.1/servers/0685c69c-1cb3-4b2b-b105-17dd7be4e495 0.065s
