2025-12-12 17:29:27.552 66028 INFO tempest.lib.common.rest_client [req-1676caeb-b66d-45bd-8f34-2ee649933e4b req-1676caeb-b66d-45bd-8f34-2ee649933e4b ] Request (AttachVolumeShelveTestJSON:test_attach_volume_shelved_or_offload_server): 200 GET http://10.180.1.21/compute/v2.1/servers/ddaf49d1-ffe2-4262-858a-46e71136f57d 0.406s
2025-12-12 17:29:27.579 65966 INFO tempest.lib.common.rest_client [req-e8ef990b-c4a6-40d1-a506-73ddc3fe88b3 req-e8ef990b-c4a6-40d1-a506-73ddc3fe88b3 ] Request (DeleteServersTestJSON:test_delete_server_while_in_building_state): 404 GET http://10.180.1.21/compute/v2.1/servers/13296257-0ba0-42e5-9a5e-edf20dbf1719 0.420s
2025-12-12 17:29:27.622 65966 INFO tempest.lib.common.rest_client [req-ca1ea2dd-49be-46bf-a8ee-906c086e81a6 req-ca1ea2dd-49be-46bf-a8ee-906c086e81a6 ] Request (DeleteServersTestJSON:test_delete_server_while_in_shelved_state): 201 POST http://10.180.1.21/identity/v3/auth/tokens 0.040s
2025-12-12 17:29:27.623 65966 INFO tempest.lib.common.fixed_network [-] (DeleteServersTestJSON:test_delete_server_while_in_shelved_state) Found network {'id': 'a78a1430-3dc7-49e1-9a25-5a1db1cc20a0', 'name': 'tempest-DeleteServersTestJSON-848587251-network', 'tenant_id': '29057417d2aa4e9f9b37efcace8c4d57', 'project_id': '29057417d2aa4e9f9b37efcace8c4d57', 'admin_state_up': True, 'mtu': 8950, 'status': 'ACTIVE', 'subnets': [], 'shared': False, 'port_security_enabled': True, 'router:external': False, 'provider:network_type': 'vlan', 'provider:physical_network': 'default', 'provider:segmentation_id': 139, 'availability_zone_hints': [], 'availability_zones': [], 'ipv4_address_scope': None, 'ipv6_address_scope': None, 'description': '', 'tags': [], 'created_at': '2025-12-12T17:26:28Z', 'updated_at': '2025-12-12T17:26:28Z', 'revision_number': 1} available for tenant
2025-12-12 17:29:27.697 65982 INFO tempest.lib.common.rest_client [req-537c00c8-b1fd-40f5-a26d-2ee2a9301670 req-537c00c8-b1fd-40f5-a26d-2ee2a9301670 ] Request (MigrationsAdminTest:test_resize_server_revert_deleted_flavor): 200 GET http://10.180.1.21/compute/v2.1/servers/ac62535a-a710-49c4-b2bd-1042490cf4e2 0.518s
2025-12-12 17:29:27.853 65997 INFO tempest.lib.common.rest_client [req-b7d0930b-54cd-4ffe-bc93-576820f058b7 req-b7d0930b-54cd-4ffe-bc93-576820f058b7 ] Request (ImagesOneServerNegativeTestJSON:_run_cleanups): 200 GET http://10.180.1.21/compute/v2.1/servers/45b75840-f6d8-48bf-a4b0-d20f3bc59674 0.637s
2025-12-12 17:29:27.939 65992 INFO tempest.lib.common.rest_client [req-28a27aaa-a17e-4176-a324-9c3a73ed8946 req-28a27aaa-a17e-4176-a324-9c3a73ed8946 ] Request (ServerMetadataNegativeTestJSON:setUpClass): 202 POST http://10.180.1.21/compute/v2.1/servers 0.844s
2025-12-12 17:29:27.955 66000 INFO tempest.lib.common.rest_client [req-12a22b1b-9516-4a39-8ec4-96b01f1ce815 req-12a22b1b-9516-4a39-8ec4-96b01f1ce815 ] Request (ServersAdminTestJSON:tearDownClass): 200 GET http://10.180.1.21/compute/v2.1/servers/8a083988-508a-48ce-93e3-587725234f1e 0.677s
2025-12-12 17:29:28.018 66006 INFO tempest.lib.common.rest_client [req-0e305fbb-da88-40ea-941c-af3474a7a0c9 req-0e305fbb-da88-40ea-941c-af3474a7a0c9 ] Request (ServerTagsTestJSON:tearDownClass): 200 PUT http://10.180.1.21/networking/v2.0/routers/816ad750-4e93-4be9-9a01-128c4b09c3ca/remove_router_interface 0.867s
2025-12-12 17:29:28.042 65972 INFO tempest.lib.common.rest_client [req-9e2918ef-1b96-41b4-a2eb-0961a2167c45 req-9e2918ef-1b96-41b4-a2eb-0961a2167c45 ] Request (ServerRescueTestJSONUnderV235:tearDownClass): 200 GET http://10.180.1.21/compute/v2.1/servers/a6ede455-d5a3-4b4a-920f-df6e27435636 0.686s
2025-12-12 17:29:28.075 65990 INFO tempest.lib.common.rest_client [req-46f411dd-ceea-4238-8e54-cb75114336b6 req-46f411dd-ceea-4238-8e54-cb75114336b6 ] Request (ServersWithSpecificFlavorTestJSON:test_verify_created_server_ephemeral_disk): 200 GET http://10.180.1.21/compute/v2.1/servers/c34b8066-baec-46a3-a79d-2fb195ca3e39 0.659s
2025-12-12 17:29:28.083 65990 INFO tempest.lib.common.ssh [-] Creating ssh connection to '10.180.180.189:22' as 'cirros' with public key authentication
2025-12-12 17:29:28.164 65980 INFO tempest.lib.common.rest_client [req-073664be-f4b0-4a90-b7de-1c734fae0a9c req-073664be-f4b0-4a90-b7de-1c734fae0a9c ] Request (AttachInterfacesTestJSON:_run_cleanups): 200 GET http://10.180.1.21/compute/v2.1/servers/bcab9a70-0885-4d58-818a-6193dd3b1e4d 0.737s
2025-12-12 17:29:28.219 66018 INFO tempest.lib.common.rest_client [req-34911b5b-8984-49e5-accb-64e7c8eb6f40 req-34911b5b-8984-49e5-accb-64e7c8eb6f40 ] Request (AttachVolumeTestJSON:test_attach_detach_volume): 200 GET http://10.180.1.21/compute/v2.1/servers/bb2b2b77-4f3a-4146-b8a8-e0de3c56e618 0.714s
2025-12-12 17:29:28.228 66018 INFO tempest.common.waiters [-] State transition "BUILD/scheduling" ==> "BUILD/None" after 7 second wait
2025-12-12 17:29:28.355 65998 INFO tempest.lib.common.rest_client [req-be351b93-649e-4c95-ae91-fe3aa1e58c2b req-be351b93-649e-4c95-ae91-fe3aa1e58c2b ] Request (InstanceActionsV221TestJSON:test_get_list_deleted_instance_actions): 200 GET http://10.180.1.21/compute/v2.1/servers/01b6ddcd-2181-4d78-a67a-efb5c18313e3 0.820s
2025-12-12 17:29:28.451 65988 INFO tempest.lib.common.rest_client [req-7f122557-ea19-46ed-abc2-befb5e7df3f2 req-7f122557-ea19-46ed-abc2-befb5e7df3f2 ] Request (ServersV294TestFqdnHostnames:setUpClass): 200 GET http://10.180.1.21/compute/v2.1/servers/17b01bbb-c5ca-4bee-be25-368f11e4f84e 0.874s
2025-12-12 17:29:28.466 66002 INFO paramiko.transport [-] Connected (version 2.0, client dropbear_2020.81)
2025-12-12 17:29:28.516 66006 INFO tempest.lib.common.rest_client [req-155d8322-f53e-4fe3-a814-26382f5f170c req-155d8322-f53e-4fe3-a814-26382f5f170c ] Request (ServerTagsTestJSON:tearDownClass): 204 DELETE http://10.180.1.21/networking/v2.0/routers/816ad750-4e93-4be9-9a01-128c4b09c3ca 0.498s
2025-12-12 17:29:28.516 66010 INFO tempest.lib.common.rest_client [req-4205e2ed-40b3-4de2-9057-03cd5f114459 req-4205e2ed-40b3-4de2-9057-03cd5f114459 ] Request (ImagesTestJSON:test_create_server_from_snapshot): 200 GET http://10.180.1.21/compute/v2.1/servers/42dcc4a6-d231-47b6-b130-a2ecba65d09d 0.925s
2025-12-12 17:29:28.581 66002 INFO paramiko.transport [-] Authentication (publickey) successful!
2025-12-12 17:29:28.581 66002 INFO tempest.lib.common.ssh [-] ssh connection to cirros@10.180.180.148 successfully created
2025-12-12 17:29:28.609 65990 WARNING tempest.lib.common.ssh [-] Failed to establish authenticated ssh connection to cirros@10.180.180.189 ([Errno None] Unable to connect to port 22 on 10.180.180.189). Number attempts: 1. Retry after 2 seconds.: paramiko.ssh_exception.NoValidConnectionsError: [Errno None] Unable to connect to port 22 on 10.180.180.189
2025-12-12 17:29:28.705 66022 INFO tempest.lib.common.rest_client [req-4adee778-0f73-40e3-b4d6-fd513594380e req-4adee778-0f73-40e3-b4d6-fd513594380e ] Request (ImagesOneServerTestJSON:test_create_image_specify_multibyte_character_image_name): 202 POST http://10.180.1.21/compute/v2.1/servers/caf16640-1b91-4826-bba9-07a0ecc19f97/action 1.235s
2025-12-12 17:29:28.764 66006 INFO tempest.lib.common.rest_client [req-5413163a-0983-4706-b2f7-ed80879cafba req-5413163a-0983-4706-b2f7-ed80879cafba ] Request (ServerTagsTestJSON:tearDownClass): 204 DELETE http://10.180.1.21/networking/v2.0/subnets/9db43b8c-f142-43ed-86cf-705870a8f42a 0.247s
2025-12-12 17:29:28.805 66012 INFO tempest.lib.common.rest_client [req-e1fe7d4a-8e96-401c-b649-9e50a80677ef req-e1fe7d4a-8e96-401c-b649-9e50a80677ef ] Request (ServersTestJSON:test_create_server_specify_multibyte_character_name): 200 GET http://10.180.1.21/compute/v2.1/servers/0db391e9-e94c-4487-a12d-2c4bee43aed8 1.175s
2025-12-12 17:29:28.933 66020 INFO tempest.lib.common.rest_client [req-7478822a-57fb-4593-8dbf-737e1db84ebe req-7478822a-57fb-4593-8dbf-737e1db84ebe ] Request (ServersTestMultiNic:_run_cleanups): 200 GET http://10.180.1.21/compute/v2.1/servers/07e5765b-7f50-4423-92ec-259ce6cb50ab 1.270s
2025-12-12 17:29:29.096 65966 INFO tempest.lib.common.rest_client [req-d763b1e6-c4cb-4047-b492-5114ac3c4e48 req-d763b1e6-c4cb-4047-b492-5114ac3c4e48 ] Request (DeleteServersTestJSON:test_delete_server_while_in_shelved_state): 202 POST http://10.180.1.21/compute/v2.1/servers 1.473s
2025-12-12 17:29:29.127 65976 INFO tempest.lib.common.rest_client [req-2ffd9d4b-d659-4f9f-8500-ebc8eaff9af9 req-2ffd9d4b-d659-4f9f-8500-ebc8eaff9af9 ] Request (ServerActionsTestOtherA:setUpClass): 200 GET http://10.180.1.21/compute/v2.1/servers/ce530210-08fc-4369-9dd4-cb9b51ad5a32 1.346s
2025-12-12 17:29:29.127 66006 INFO tempest.lib.common.rest_client [req-1e4ff55b-b77e-4e5c-8d23-9703f5c83e71 req-1e4ff55b-b77e-4e5c-8d23-9703f5c83e71 ] Request (ServerTagsTestJSON:tearDownClass): 204 DELETE http://10.180.1.21/networking/v2.0/networks/e41f9827-8e6e-43a3-b7f1-9accec8e0bae 0.363s
2025-12-12 17:29:29.189 66014 INFO tempest.lib.common.rest_client [req-ca40e489-66bd-4410-9811-1c0b0e6155b4 req-ca40e489-66bd-4410-9811-1c0b0e6155b4 ] Request (SecurityGroupsTestJSON:test_list_security_groups_by_server): 200 GET http://10.180.1.21/compute/v2.1/servers/ca2fd846-cdda-43bd-9dee-30211e256780 1.346s
2025-12-12 17:29:29.203 65994 INFO tempest.lib.common.rest_client [req-0e827d86-17d9-44f7-9369-b637a4b17cdf req-0e827d86-17d9-44f7-9369-b637a4b17cdf ] Request (ListImageFiltersTestJSON:tearDownClass): 200 GET http://10.180.1.21/compute/v2.1/servers/9069fd9f-0be7-43af-a4af-6d4d3f13a419 1.333s
2025-12-12 17:29:29.228 66006 INFO tempest.lib.common.rest_client [req-b53a91e4-b512-4748-b7b3-b83659ee36ad req-b53a91e4-b512-4748-b7b3-b83659ee36ad ] Request (ServerTagsTestJSON:tearDownClass): 204 DELETE http://10.180.1.21/identity/v3/users/878e341306514307b79a21879aff6724 0.100s
2025-12-12 17:29:29.228 66006 INFO tempest.lib.common.dynamic_creds [-] Deleting project and security group for project: 14d23e67d2f943f7abb43a3c59e25f03
2025-12-12 17:29:29.248 65992 INFO tempest.lib.common.rest_client [req-f0891348-e3e8-4828-bb66-b8a654fe6cac req-f0891348-e3e8-4828-bb66-b8a654fe6cac ] Request (ServerMetadataNegativeTestJSON:setUpClass): 200 GET http://10.180.1.21/compute/v2.1/servers/52c1c3d4-9606-42c1-ac38-360df9ba2d6a 1.306s
2025-12-12 17:29:29.265 66006 INFO tempest.lib.common.rest_client [req-0cbb826e-2238-4a91-b92e-cd52d5bcc60e req-0cbb826e-2238-4a91-b92e-cd52d5bcc60e ] Request (ServerTagsTestJSON:tearDownClass): 200 GET http://10.180.1.21/networking/v2.0/security-groups?tenant_id=14d23e67d2f943f7abb43a3c59e25f03&name=default 0.034s
2025-12-12 17:29:29.295 65984 INFO tempest.lib.common.rest_client [req-b81bf656-7292-4d7a-8f4a-946dbbbb47d5 req-b81bf656-7292-4d7a-8f4a-946dbbbb47d5 ] Request (ServersListShow2100Test:tearDownClass): 200 GET http://10.180.1.21/compute/v2.1/servers/e9e0f7b8-27c8-4b45-bea2-5252ed9c84cc 1.285s
2025-12-12 17:29:29.316 65968 INFO tempest.lib.common.rest_client [req-5d90e6ff-fd6e-46bc-9acb-93e07c001748 req-5d90e6ff-fd6e-46bc-9acb-93e07c001748 ] Request (ServerShowV257Test:tearDownClass): 200 GET http://10.180.1.21/compute/v2.1/servers/b0ef926c-8541-41e0-afba-72d4516a184f 0.857s
2025-12-12 17:29:29.359 66028 INFO tempest.lib.common.rest_client [req-6df3fbf1-e17b-407a-8210-cd47be3af5a3 req-6df3fbf1-e17b-407a-8210-cd47be3af5a3 ] Request (AttachVolumeShelveTestJSON:test_attach_volume_shelved_or_offload_server): 200 GET http://10.180.1.21/compute/v2.1/servers/ddaf49d1-ffe2-4262-858a-46e71136f57d 0.797s
2025-12-12 17:29:29.380 66006 INFO tempest.lib.common.rest_client [req-f49490bf-18e4-4fb8-bb34-f95266fbbbf4 req-f49490bf-18e4-4fb8-bb34-f95266fbbbf4 ] Request (ServerTagsTestJSON:tearDownClass): 204 DELETE http://10.180.1.21/networking/v2.0/security-groups/f0bf2fef-5471-4dc2-8d95-b80d183fa34f 0.115s
2025-12-12 17:29:29.413 65982 INFO tempest.lib.common.rest_client [req-b8bf879b-2c28-4a61-8de1-6956d72eff28 req-b8bf879b-2c28-4a61-8de1-6956d72eff28 ] Request (MigrationsAdminTest:test_resize_server_revert_deleted_flavor): 200 GET http://10.180.1.21/compute/v2.1/servers/ac62535a-a710-49c4-b2bd-1042490cf4e2 0.707s
2025-12-12 17:29:29.427 66002 INFO tempest.lib.common.rest_client [req-47ecb281-9143-4d1e-96a2-2b83d5563e22 req-47ecb281-9143-4d1e-96a2-2b83d5563e22 ] Request (AttachInterfacesUnderV243Test:test_add_remove_fixed_ip): 200 GET http://10.180.1.21/compute/v2.1/servers/c4757f18-4ac3-48b9-98ea-bfe4fcace014/os-interface 0.845s
2025-12-12 17:29:29.452 66022 INFO tempest.lib.common.rest_client [req-76e72033-ecf1-48ba-9678-952c68e4219d req-76e72033-ecf1-48ba-9678-952c68e4219d ] Request (ImagesOneServerTestJSON:test_create_image_specify_multibyte_character_image_name): 200 GET http://10.180.1.21/compute/v2.1/images/ffa9ca7d-e805-4ed8-a228-074472c6894e 0.744s
2025-12-12 17:29:29.476 65997 INFO tempest.lib.common.rest_client [req-be82cedb-f253-4ad6-9a8d-a40695733b04 req-be82cedb-f253-4ad6-9a8d-a40695733b04 ] Request (ImagesOneServerNegativeTestJSON:_run_cleanups): 200 GET http://10.180.1.21/compute/v2.1/servers/45b75840-f6d8-48bf-a4b0-d20f3bc59674 0.612s
2025-12-12 17:29:29.486 66006 INFO tempest.lib.common.rest_client [req-dc11f7da-488d-4d4a-a233-29f08279a545 req-dc11f7da-488d-4d4a-a233-29f08279a545 ] Request (ServerTagsTestJSON:tearDownClass): 204 DELETE http://10.180.1.21/identity/v3/projects/14d23e67d2f943f7abb43a3c59e25f03 0.105s
2025-12-12 17:29:29.521 66000 INFO tempest.lib.common.rest_client [req-f544470a-ca56-4e48-bdde-f4356f0d600e req-f544470a-ca56-4e48-bdde-f4356f0d600e ] Request (ServersAdminTestJSON:tearDownClass): 200 GET http://10.180.1.21/compute/v2.1/servers/8a083988-508a-48ce-93e3-587725234f1e 0.555s
2025-12-12 17:29:29.533 65972 INFO tempest.lib.common.rest_client [req-ae971e43-98e8-46c9-a985-b28eff0da8c0 req-ae971e43-98e8-46c9-a985-b28eff0da8c0 ] Request (ServerRescueTestJSONUnderV235:tearDownClass): 200 GET http://10.180.1.21/compute/v2.1/servers/a6ede455-d5a3-4b4a-920f-df6e27435636 0.480s
2025-12-12 17:29:29.555 66006 INFO tempest.lib.common.rest_client [req-6d816f8a-a4dd-44a0-bf95-4ef8a76faee7 req-6d816f8a-a4dd-44a0-bf95-4ef8a76faee7 ] Request (ServersNegativeTestMultiTenantJSON:setUpClass): 201 POST http://10.180.1.21/identity/v3/auth/tokens 0.067s
2025-12-12 17:29:29.563 65966 INFO tempest.lib.common.rest_client [req-18d0d151-aef7-44c9-8287-69b542e01813 req-18d0d151-aef7-44c9-8287-69b542e01813 ] Request (DeleteServersTestJSON:test_delete_server_while_in_shelved_state): 200 GET http://10.180.1.21/compute/v2.1/servers/1343255e-b306-4da3-8a32-e736fbd31fe2 0.465s
2025-12-12 17:29:29.583 66006 INFO tempest.lib.common.rest_client [req-3c862459-1b9f-4a71-b2d0-258acd67e7a1 req-3c862459-1b9f-4a71-b2d0-258acd67e7a1 ] Request (ServersNegativeTestMultiTenantJSON:setUpClass): 201 POST http://10.180.1.21/identity/v3/auth/tokens 0.026s
2025-12-12 17:29:29.592 65980 INFO tempest.lib.common.rest_client [req-bc608fbd-8c05-477e-89a7-b7ac4e0b9936 req-bc608fbd-8c05-477e-89a7-b7ac4e0b9936 ] Request (AttachInterfacesTestJSON:_run_cleanups): 200 GET http://10.180.1.21/compute/v2.1/servers/bcab9a70-0885-4d58-818a-6193dd3b1e4d 0.418s
2025-12-12 17:29:29.606 66006 INFO tempest.lib.common.rest_client [req-0e7f9578-c99f-4d69-b815-68d61ee5b6dd req-0e7f9578-c99f-4d69-b815-68d61ee5b6dd ] Request (ServersNegativeTestMultiTenantJSON:setUpClass): 200 GET http://10.180.1.21/identity/v3/domains?name=Default 0.023s
2025-12-12 17:29:29.617 66018 INFO tempest.lib.common.rest_client [req-fe1f7888-67d6-4d65-99cc-a1e4ab780878 req-fe1f7888-67d6-4d65-99cc-a1e4ab780878 ] Request (AttachVolumeTestJSON:test_attach_detach_volume): 200 GET http://10.180.1.21/compute/v2.1/servers/bb2b2b77-4f3a-4146-b8a8-e0de3c56e618 0.388s
2025-12-12 17:29:29.637 66006 INFO tempest.lib.common.rest_client [req-94a79ae2-c358-4e32-a14c-96adf7e27aa9 req-94a79ae2-c358-4e32-a14c-96adf7e27aa9 ] Request (ServersNegativeTestMultiTenantJSON:setUpClass): 201 POST http://10.180.1.21/identity/v3/projects 0.030s
2025-12-12 17:29:29.702 66002 INFO tempest.lib.common.rest_client [req-4a90014a-bfc7-47a7-a17b-97163369a11d req-4a90014a-bfc7-47a7-a17b-97163369a11d ] Request (AttachInterfacesUnderV243Test:test_add_remove_fixed_ip): 200 GET http://10.180.1.21/compute/v2.1/servers/c4757f18-4ac3-48b9-98ea-bfe4fcace014/os-interface/7e537ced-9826-4cc1-aa80-38e2291aefa7 0.273s
2025-12-12 17:29:29.715 66006 INFO tempest.lib.common.rest_client [req-8c767c92-64c6-43f3-be89-995ed319477b req-8c767c92-64c6-43f3-be89-995ed319477b ] Request (ServersNegativeTestMultiTenantJSON:setUpClass): 201 POST http://10.180.1.21/identity/v3/users 0.078s
2025-12-12 17:29:29.746 66006 INFO tempest.lib.common.rest_client [req-7bdfef6c-fc20-4bdf-a6c8-e04e2152e811 req-7bdfef6c-fc20-4bdf-a6c8-e04e2152e811 ] Request (ServersNegativeTestMultiTenantJSON:setUpClass): 200 GET http://10.180.1.21/identity/v3/roles 0.029s
2025-12-12 17:29:29.778 65988 INFO tempest.lib.common.rest_client [req-c496632d-b5d2-44fd-90a5-c0d9e5180a3d req-c496632d-b5d2-44fd-90a5-c0d9e5180a3d ] Request (ServersV294TestFqdnHostnames:setUpClass): 200 GET http://10.180.1.21/compute/v2.1/servers/17b01bbb-c5ca-4bee-be25-368f11e4f84e 0.316s
2025-12-12 17:29:29.781 65998 INFO tempest.lib.common.rest_client [req-1a9c8b9b-b008-4e91-99d8-f7abaa3420a4 req-1a9c8b9b-b008-4e91-99d8-f7abaa3420a4 ] Request (InstanceActionsV221TestJSON:test_get_list_deleted_instance_actions): 200 GET http://10.180.1.21/compute/v2.1/servers/01b6ddcd-2181-4d78-a67a-efb5c18313e3 0.414s
2025-12-12 17:29:29.785 65986 WARNING tempest.lib.common.ssh [-] Failed to establish authenticated ssh connection to cirros@10.180.180.216 ([Errno None] Unable to connect to port 22 on 10.180.180.216). Number attempts: 9. Retry after 10 seconds.: paramiko.ssh_exception.NoValidConnectionsError: [Errno None] Unable to connect to port 22 on 10.180.180.216
2025-12-12 17:29:29.788 66006 INFO tempest.lib.common.rest_client [req-a43b14d5-6729-4380-9fbc-3ddd01e3cc10 req-a43b14d5-6729-4380-9fbc-3ddd01e3cc10 ] Request (ServersNegativeTestMultiTenantJSON:setUpClass): 204 PUT http://10.180.1.21/identity/v3/projects/938ca0d95ee445edb964972d272bd504/users/e1e418d3b9d8423abf07e46771f67599/roles/c8a9eb5be65040ca8c10b7e1115dfa92 0.042s
2025-12-12 17:29:29.788 66006 INFO tempest.lib.common.dynamic_creds [-] Dynamic test user e1e418d3b9d8423abf07e46771f67599 is created with scope project and roles: ['member']
2025-12-12 17:29:29.789 66006 INFO tempest.lib.common.dynamic_creds [-] Acquired dynamic creds: credentials: Credentials: {'domain_id': 'default', 'domain_name': 'Default', 'username': 'tempest-ServersNegativeTestMultiTenantJSON-1177054578-project-member', 'project_domain_id': 'default', 'project_domain_name': 'Default', 'project_id': '938ca0d95ee445edb964972d272bd504', 'project_name': 'tempest-ServersNegativeTestMultiTenantJSON-1177054578', 'tenant_id': '938ca0d95ee445edb964972d272bd504', 'tenant_name': 'tempest-ServersNegativeTestMultiTenantJSON-1177054578', 'user_domain_id': 'default', 'user_domain_name': 'Default', 'user_id': 'e1e418d3b9d8423abf07e46771f67599', 'system': None}, Network: None, Subnet: None, Router: None
2025-12-12 17:29:29.809 66002 INFO tempest.lib.common.rest_client [req-bcf7219c-ccd0-4d2d-b294-4557a7b56ef1 req-bcf7219c-ccd0-4d2d-b294-4557a7b56ef1 ] Request (AttachInterfacesUnderV243Test:test_add_remove_fixed_ip): 200 GET http://10.180.1.21/compute/v2.1/servers/c4757f18-4ac3-48b9-98ea-bfe4fcace014/ips 0.104s
2025-12-12 17:29:29.832 66010 INFO tempest.lib.common.rest_client [req-171d3fdd-63ae-4595-9bb1-219141458e66 req-171d3fdd-63ae-4595-9bb1-219141458e66 ] Request (ImagesTestJSON:test_create_server_from_snapshot): 200 GET http://10.180.1.21/compute/v2.1/servers/42dcc4a6-d231-47b6-b130-a2ecba65d09d 0.303s
2025-12-12 17:29:29.841 66002 INFO tempest.lib.common.rest_client [req-50a1a70f-537e-44be-8dfd-ee4490f286c6 req-50a1a70f-537e-44be-8dfd-ee4490f286c6 ] Request (AttachInterfacesUnderV243Test:test_add_remove_fixed_ip): 202 POST http://10.180.1.21/compute/v2.1/servers/c4757f18-4ac3-48b9-98ea-bfe4fcace014/action 0.029s
2025-12-12 17:29:29.853 66006 INFO tempest.lib.common.rest_client [req-b18a2349-d4a2-4c45-9a8f-8e7d589ad8e4 req-b18a2349-d4a2-4c45-9a8f-8e7d589ad8e4 ] Request (ServersNegativeTestMultiTenantJSON:setUpClass): 201 POST http://10.180.1.21/identity/v3/auth/tokens 0.064s
2025-12-12 17:29:29.872 66002 INFO tempest.lib.common.rest_client [req-69aa26e2-4449-4003-bec2-fd8c6a4c008f req-69aa26e2-4449-4003-bec2-fd8c6a4c008f ] Request (AttachInterfacesUnderV243Test:test_add_remove_fixed_ip): 200 GET http://10.180.1.21/compute/v2.1/servers/c4757f18-4ac3-48b9-98ea-bfe4fcace014/ips 0.030s
2025-12-12 17:29:29.887 66012 INFO tempest.lib.common.rest_client [req-608270d7-17ec-4048-8c2c-ebac59f9c281 req-608270d7-17ec-4048-8c2c-ebac59f9c281 ] Request (ServersTestJSON:test_create_server_specify_multibyte_character_name): 200 GET http://10.180.1.21/compute/v2.1/servers/0db391e9-e94c-4487-a12d-2c4bee43aed8 0.073s
2025-12-12 17:29:30.019 66020 INFO tempest.lib.common.rest_client [req-beeecdbf-28b2-46bc-8101-55046862f0b2 req-beeecdbf-28b2-46bc-8101-55046862f0b2 ] Request (ServersTestMultiNic:_run_cleanups): 200 GET http://10.180.1.21/compute/v2.1/servers/07e5765b-7f50-4423-92ec-259ce6cb50ab 0.078s
2025-12-12 17:29:30.114 66006 INFO tempest.lib.common.rest_client [req-35dab618-7e2c-4b6c-a929-62501098251d req-35dab618-7e2c-4b6c-a929-62501098251d ] Request (ServersNegativeTestMultiTenantJSON:setUpClass): 201 POST http://10.180.1.21/networking/v2.0/networks 0.261s
2025-12-12 17:29:30.260 66006 INFO tempest.lib.common.rest_client [req-c9cfeaae-8150-4378-be79-a9790b60dc00 req-c9cfeaae-8150-4378-be79-a9790b60dc00 ] Request (ServersNegativeTestMultiTenantJSON:setUpClass): 201 POST http://10.180.1.21/networking/v2.0/subnets 0.145s
2025-12-12 17:29:30.400 65976 INFO tempest.lib.common.rest_client [req-db3f26fa-ed96-48de-93e6-1eff55776f08 req-db3f26fa-ed96-48de-93e6-1eff55776f08 ] Request (ServerActionsTestOtherA:setUpClass): 200 GET http://10.180.1.21/compute/v2.1/servers/ce530210-08fc-4369-9dd4-cb9b51ad5a32 0.260s
2025-12-12 17:29:31.006 66006 INFO tempest.lib.common.rest_client [req-64877ca0-40a3-4848-8002-76a5ef1fcd64 req-64877ca0-40a3-4848-8002-76a5ef1fcd64 ] Request (ServersNegativeTestMultiTenantJSON:setUpClass): 201 POST http://10.180.1.21/networking/v2.0/routers 0.745s
2025-12-12 17:29:31.081 66014 INFO tempest.lib.common.rest_client [req-32419c67-4920-4920-9693-f3d228958d4a req-32419c67-4920-4920-9693-f3d228958d4a ] Request (SecurityGroupsTestJSON:test_list_security_groups_by_server): 200 GET http://10.180.1.21/compute/v2.1/servers/ca2fd846-cdda-43bd-9dee-30211e256780 0.885s
2025-12-12 17:29:31.091 66014 INFO tempest.common.waiters [-] State transition "BUILD/None" ==> "BUILD/networking" after 46 second wait
2025-12-12 17:29:31.099 65994 INFO tempest.lib.common.rest_client [req-34def0d8-e02f-4f73-a63b-573da87ff0c0 req-34def0d8-e02f-4f73-a63b-573da87ff0c0 ] Request (ListImageFiltersTestJSON:tearDownClass): 200 GET http://10.180.1.21/compute/v2.1/servers/9069fd9f-0be7-43af-a4af-6d4d3f13a419 0.888s
2025-12-12 17:29:31.939 66006 INFO tempest.lib.common.rest_client [req-78b80dad-e7de-4c5c-adf2-2a6c2785043d req-78b80dad-e7de-4c5c-adf2-2a6c2785043d ] Request (ServersNegativeTestMultiTenantJSON:setUpClass): 200 PUT http://10.180.1.21/networking/v2.0/routers/90d605b7-3dee-4f47-9243-914ff0a4fb09/add_router_interface 0.933s
2025-12-12 17:29:31.940 66006 INFO tempest.lib.common.dynamic_creds [-] Created isolated network resources for: credentials: Credentials: {'domain_id': 'default', 'domain_name': 'Default', 'username': 'tempest-ServersNegativeTestMultiTenantJSON-1177054578-project-member', 'project_domain_id': 'default', 'project_domain_name': 'Default', 'project_id': '938ca0d95ee445edb964972d272bd504', 'project_name': 'tempest-ServersNegativeTestMultiTenantJSON-1177054578', 'tenant_id': '938ca0d95ee445edb964972d272bd504', 'tenant_name': 'tempest-ServersNegativeTestMultiTenantJSON-1177054578', 'user_domain_id': 'default', 'user_domain_name': 'Default', 'user_id': 'e1e418d3b9d8423abf07e46771f67599', 'system': None}, Network: {'id': '93bcd976-3fd0-41bb-8357-9107dee4c54d', 'name': 'tempest-ServersNegativeTestMultiTenantJSON-304563050-network', 'tenant_id': '938ca0d95ee445edb964972d272bd504', 'project_id': '938ca0d95ee445edb964972d272bd504', 'admin_state_up': True, 'mtu': 8950, 'status': 'ACTIVE', 'subnets': [], 'shared': False, 'port_security_enabled': True, 'router:external': False, 'provider:network_type': 'vlan', 'provider:physical_network': 'default', 'provider:segmentation_id': 480, 'availability_zone_hints': [], 'availability_zones': [], 'ipv4_address_scope': None, 'ipv6_address_scope': None, 'description': '', 'tags': [], 'created_at': '2025-12-12T17:29:30Z', 'updated_at': '2025-12-12T17:29:30Z', 'revision_number': 1}, Subnet: {'id': '7fb2bc2c-fc45-4716-b806-3efaf97fdb81', 'name': 'tempest-ServersNegativeTestMultiTenantJSON-304563050-subnet', 'tenant_id': '938ca0d95ee445edb964972d272bd504', 'network_id': '93bcd976-3fd0-41bb-8357-9107dee4c54d', 'ip_version': 4, 'subnetpool_id': None, 'enable_dhcp': True, 'ipv6_ra_mode': None, 'ipv6_address_mode': None, 'gateway_ip': '192.168.128.1', 'cidr': '192.168.128.0/28', 'allocation_pools': [{'start': '192.168.128.2', 'end': '192.168.128.14'}], 'host_routes': [], 'dns_nameservers': [], 'description': '', 'router:external': False, 'service_types': [], 'tags': [], 'created_at': '2025-12-12T17:29:30Z', 'updated_at': '2025-12-12T17:29:30Z', 'revision_number': 0, 'project_id': '938ca0d95ee445edb964972d272bd504'}, Router: {'id': '90d605b7-3dee-4f47-9243-914ff0a4fb09', 'name': 'tempest-ServersNegativeTestMultiTenantJSON-304563050-router', 'tenant_id': '938ca0d95ee445edb964972d272bd504', 'admin_state_up': True, 'status': 'ACTIVE', 'external_gateway_info': {'network_id': 'b17ca395-2a67-42ac-9d08-4bf2dbb9aa77', 'external_fixed_ips': [{'subnet_id': '8c47f5f1-7b1b-4314-a6e8-4fd08ab9071c', 'ip_address': '10.180.180.181'}], 'enable_snat': True}, 'description': '', 'availability_zones': [], 'distributed': False, 'ha': False, 'availability_zone_hints': [], 'routes': [], 'flavor_id': None, 'tags': [], 'created_at': '2025-12-12T17:29:30Z', 'updated_at': '2025-12-12T17:29:30Z', 'revision_number': 2, 'project_id': '938ca0d95ee445edb964972d272bd504'}
2025-12-12 17:29:32.039 65992 INFO tempest.lib.common.rest_client [req-2b18167b-155e-4cec-a57b-20684e9ca9dd req-2b18167b-155e-4cec-a57b-20684e9ca9dd ] Request (ServerMetadataNegativeTestJSON:setUpClass): 200 GET http://10.180.1.21/compute/v2.1/servers/52c1c3d4-9606-42c1-ac38-360df9ba2d6a 1.775s
2025-12-12 17:29:32.040 66006 INFO tempest.lib.common.rest_client [req-8fc0c9ad-9695-4aab-bf0a-172518611f3b req-8fc0c9ad-9695-4aab-bf0a-172518611f3b ] Request (ServersNegativeTestMultiTenantJSON:setUpClass): 201 POST http://10.180.1.21/identity/v3/auth/tokens 0.095s
2025-12-12 17:29:32.060 65984 INFO tempest.lib.common.rest_client [req-c8ba7143-de6c-4407-937d-9ef434418782 req-c8ba7143-de6c-4407-937d-9ef434418782 ] Request (ServersListShow2100Test:tearDownClass): 200 GET http://10.180.1.21/compute/v2.1/servers/e9e0f7b8-27c8-4b45-bea2-5252ed9c84cc 1.750s
2025-12-12 17:29:32.082 66006 INFO tempest.lib.common.rest_client [req-2d07d0df-e5c2-4b6d-9b5b-b551d4ed7da1 req-2d07d0df-e5c2-4b6d-9b5b-b551d4ed7da1 ] Request (ServersNegativeTestMultiTenantJSON:setUpClass): 201 POST http://10.180.1.21/identity/v3/projects 0.041s
2025-12-12 17:29:32.130 66028 INFO tempest.lib.common.rest_client [req-8a797951-d056-4a79-9975-b6e021961cf4 req-8a797951-d056-4a79-9975-b6e021961cf4 ] Request (AttachVolumeShelveTestJSON:test_attach_volume_shelved_or_offload_server): 200 GET http://10.180.1.21/compute/v2.1/servers/ddaf49d1-ffe2-4262-858a-46e71136f57d 1.763s
2025-12-12 17:29:32.147 65968 INFO tempest.lib.common.rest_client [req-47a99579-763d-4067-a33c-1e3726e2a60f req-47a99579-763d-4067-a33c-1e3726e2a60f ] Request (ServerShowV257Test:tearDownClass): 200 GET http://10.180.1.21/compute/v2.1/servers/b0ef926c-8541-41e0-afba-72d4516a184f 1.820s
2025-12-12 17:29:32.164 66006 INFO tempest.lib.common.rest_client [req-7737482f-8a2d-4645-aaf3-d8b327ca002b req-7737482f-8a2d-4645-aaf3-d8b327ca002b ] Request (ServersNegativeTestMultiTenantJSON:setUpClass): 201 POST http://10.180.1.21/identity/v3/users 0.082s
2025-12-12 17:29:32.192 66006 INFO tempest.lib.common.rest_client [req-1c13847c-8096-482a-88c4-8644419401c1 req-1c13847c-8096-482a-88c4-8644419401c1 ] Request (ServersNegativeTestMultiTenantJSON:setUpClass): 200 GET http://10.180.1.21/identity/v3/roles 0.027s
2025-12-12 17:29:32.194 65982 INFO tempest.lib.common.rest_client [req-aa6421f8-5596-498e-98af-3f40969f7b0f req-aa6421f8-5596-498e-98af-3f40969f7b0f ] Request (MigrationsAdminTest:test_resize_server_revert_deleted_flavor): 200 GET http://10.180.1.21/compute/v2.1/servers/ac62535a-a710-49c4-b2bd-1042490cf4e2 1.774s
2025-12-12 17:29:32.200 66022 INFO tempest.lib.common.rest_client [req-65aeda23-1416-472a-b848-e549487809d1 req-65aeda23-1416-472a-b848-e549487809d1 ] Request (ImagesOneServerTestJSON:test_create_image_specify_multibyte_character_image_name): 200 GET http://10.180.1.21/compute/v2.1/images/ffa9ca7d-e805-4ed8-a228-074472c6894e 1.744s
2025-12-12 17:29:32.221 66000 INFO tempest.lib.common.rest_client [req-21b8dacb-77bb-4f20-9061-27a28e953de1 req-21b8dacb-77bb-4f20-9061-27a28e953de1 ] Request (ServersAdminTestJSON:tearDownClass): 404 GET http://10.180.1.21/compute/v2.1/servers/8a083988-508a-48ce-93e3-587725234f1e 1.689s
2025-12-12 17:29:32.237 66006 INFO tempest.lib.common.rest_client [req-bb12dee4-d166-4108-afd4-363590b59cb6 req-bb12dee4-d166-4108-afd4-363590b59cb6 ] Request (ServersNegativeTestMultiTenantJSON:setUpClass): 204 PUT http://10.180.1.21/identity/v3/projects/ff28cab6a2e140248482cdc52640428c/users/a02a7ce14a3847f59f8d779662c77e3e/roles/c8a9eb5be65040ca8c10b7e1115dfa92 0.045s
2025-12-12 17:29:32.237 66006 INFO tempest.lib.common.dynamic_creds [-] Dynamic test user a02a7ce14a3847f59f8d779662c77e3e is created with scope project and roles: ['member']
2025-12-12 17:29:32.238 66006 INFO tempest.lib.common.dynamic_creds [-] Acquired dynamic creds: credentials: Credentials: {'domain_id': 'default', 'domain_name': 'Default', 'username': 'tempest-ServersNegativeTestMultiTenantJSON-637688544-project-member', 'project_domain_id': 'default', 'project_domain_name': 'Default', 'project_id': 'ff28cab6a2e140248482cdc52640428c', 'project_name': 'tempest-ServersNegativeTestMultiTenantJSON-637688544', 'tenant_id': 'ff28cab6a2e140248482cdc52640428c', 'tenant_name': 'tempest-ServersNegativeTestMultiTenantJSON-637688544', 'user_domain_id': 'default', 'user_domain_name': 'Default', 'user_id': 'a02a7ce14a3847f59f8d779662c77e3e', 'system': None}, Network: None, Subnet: None, Router: None
2025-12-12 17:29:32.261 65997 INFO tempest.lib.common.rest_client [req-9391f1e2-c9c0-4282-93d7-759b1715e3c7 req-9391f1e2-c9c0-4282-93d7-759b1715e3c7 ] Request (ImagesOneServerNegativeTestJSON:_run_cleanups): 200 GET http://10.180.1.21/compute/v2.1/servers/45b75840-f6d8-48bf-a4b0-d20f3bc59674 1.776s
2025-12-12 17:29:32.405 65972 INFO tempest.lib.common.rest_client [req-da29fe36-8198-4d88-9666-aa24c65071e7 req-da29fe36-8198-4d88-9666-aa24c65071e7 ] Request (ServerRescueTestJSONUnderV235:tearDownClass): 200 GET http://10.180.1.21/compute/v2.1/servers/a6ede455-d5a3-4b4a-920f-df6e27435636 1.864s
2025-12-12 17:29:32.417 65966 INFO tempest.lib.common.rest_client [req-f8ff8025-e1af-40fb-b6af-969e78cacad0 req-f8ff8025-e1af-40fb-b6af-969e78cacad0 ] Request (DeleteServersTestJSON:test_delete_server_while_in_shelved_state): 200 GET http://10.180.1.21/compute/v2.1/servers/1343255e-b306-4da3-8a32-e736fbd31fe2 1.846s
2025-12-12 17:29:32.495 65980 INFO tempest.lib.common.rest_client [req-dbf92cbc-15ff-4919-86fa-e0adcdce5d01 req-dbf92cbc-15ff-4919-86fa-e0adcdce5d01 ] Request (AttachInterfacesTestJSON:_run_cleanups): 200 GET http://10.180.1.21/compute/v2.1/servers/bcab9a70-0885-4d58-818a-6193dd3b1e4d 1.892s
2025-12-12 17:29:32.495 66006 INFO tempest.lib.common.rest_client [req-e8af7044-0757-45bd-ad1a-edad68ba58ff req-e8af7044-0757-45bd-ad1a-edad68ba58ff ] Request (ServersNegativeTestMultiTenantJSON:setUpClass): 201 POST http://10.180.1.21/networking/v2.0/networks 0.257s
2025-12-12 17:29:32.509 66018 INFO tempest.lib.common.rest_client [req-37be119f-d91a-4b5e-97c0-d4e0232402b5 req-37be119f-d91a-4b5e-97c0-d4e0232402b5 ] Request (AttachVolumeTestJSON:test_attach_detach_volume): 200 GET http://10.180.1.21/compute/v2.1/servers/bb2b2b77-4f3a-4146-b8a8-e0de3c56e618 1.883s
2025-12-12 17:29:32.568 65988 INFO tempest.lib.common.rest_client [req-3ad491fb-f2b6-4361-9969-a33a9e893282 req-3ad491fb-f2b6-4361-9969-a33a9e893282 ] Request (ServersV294TestFqdnHostnames:setUpClass): 200 GET http://10.180.1.21/compute/v2.1/servers/17b01bbb-c5ca-4bee-be25-368f11e4f84e 1.779s
2025-12-12 17:29:32.629 66010 INFO tempest.lib.common.rest_client [req-268da589-c29b-4fe5-a348-020da09ef2b8 req-268da589-c29b-4fe5-a348-020da09ef2b8 ] Request (ImagesTestJSON:test_create_server_from_snapshot): 200 GET http://10.180.1.21/compute/v2.1/servers/42dcc4a6-d231-47b6-b130-a2ecba65d09d 1.788s
2025-12-12 17:29:32.660 66002 INFO tempest.lib.common.rest_client [req-940faf78-3e91-4202-ab16-a39fd7b0ab98 req-940faf78-3e91-4202-ab16-a39fd7b0ab98 ] Request (AttachInterfacesUnderV243Test:test_add_remove_fixed_ip): 200 GET http://10.180.1.21/compute/v2.1/servers/c4757f18-4ac3-48b9-98ea-bfe4fcace014/ips 1.785s
2025-12-12 17:29:32.661 65998 INFO tempest.lib.common.rest_client [req-35caa7f8-2a79-419e-82a0-331221cedeaf req-35caa7f8-2a79-419e-82a0-331221cedeaf ] Request (InstanceActionsV221TestJSON:test_get_list_deleted_instance_actions): 200 GET http://10.180.1.21/compute/v2.1/servers/01b6ddcd-2181-4d78-a67a-efb5c18313e3 1.871s
2025-12-12 17:29:32.673 65998 INFO tempest.common.waiters [-] State transition "BUILD/spawning" ==> "ACTIVE/None" after 58 second wait
2025-12-12 17:29:32.735 66012 INFO tempest.lib.common.rest_client [req-eb070d0b-ab3d-43f0-a5c8-993ce20b718d req-eb070d0b-ab3d-43f0-a5c8-993ce20b718d ] Request (ServersTestJSON:test_create_server_specify_multibyte_character_name): 200 GET http://10.180.1.21/compute/v2.1/servers/0db391e9-e94c-4487-a12d-2c4bee43aed8 1.840s
2025-12-12 17:29:32.765 66020 INFO tempest.lib.common.rest_client [req-d1171e75-87ae-445c-9182-084530aea131 req-d1171e75-87ae-445c-9182-084530aea131 ] Request (ServersTestMultiNic:_run_cleanups): 200 GET http://10.180.1.21/compute/v2.1/servers/07e5765b-7f50-4423-92ec-259ce6cb50ab 1.736s
2025-12-12 17:29:32.780 66006 INFO tempest.lib.common.rest_client [req-7f75c21b-8329-421c-9b56-937190d2d3a6 req-7f75c21b-8329-421c-9b56-937190d2d3a6 ] Request (ServersNegativeTestMultiTenantJSON:setUpClass): 201 POST http://10.180.1.21/networking/v2.0/subnets 0.284s
2025-12-12 17:29:32.948 65976 INFO tempest.lib.common.rest_client [req-3878f603-60d8-430f-a3b3-d21df28a955e req-3878f603-60d8-430f-a3b3-d21df28a955e ] Request (ServerActionsTestOtherA:setUpClass): 200 GET http://10.180.1.21/compute/v2.1/servers/ce530210-08fc-4369-9dd4-cb9b51ad5a32 1.538s
2025-12-12 17:29:32.956 65976 INFO tempest.common.waiters [-] State transition "BUILD/spawning" ==> "ACTIVE/None" after 58 second wait
2025-12-12 17:29:33.013 66014 INFO tempest.lib.common.rest_client [req-e0a1d903-8508-441b-9730-338090545df2 req-e0a1d903-8508-441b-9730-338090545df2 ] Request (SecurityGroupsTestJSON:test_list_security_groups_by_server): 200 GET http://10.180.1.21/compute/v2.1/servers/ca2fd846-cdda-43bd-9dee-30211e256780 0.920s
2025-12-12 17:29:33.028 66014 INFO tempest.common.waiters [-] State transition "BUILD/networking" ==> "BUILD/spawning" after 48 second wait
2025-12-12 17:29:33.068 65994 INFO tempest.lib.common.rest_client [req-d36e119f-aa3e-451b-bbac-e4bde6581c9e req-d36e119f-aa3e-451b-bbac-e4bde6581c9e ] Request (ListImageFiltersTestJSON:tearDownClass): 200 GET http://10.180.1.21/compute/v2.1/servers/9069fd9f-0be7-43af-a4af-6d4d3f13a419 0.961s
2025-12-12 17:29:33.133 66000 INFO tempest.lib.common.rest_client [req-bfc72956-3abe-4baf-b1bb-866ffc7c2972 req-bfc72956-3abe-4baf-b1bb-866ffc7c2972 ] Request (ServersAdminTestJSON:tearDownClass): 204 DELETE http://10.180.1.21/compute/v2.1/servers/0685c69c-1cb3-4b2b-b105-17dd7be4e495 0.911s
2025-12-12 17:29:33.189 65998 INFO tempest.lib.common.rest_client [req-bf9e91f3-53c8-480f-9ab1-2329617bf902 req-bf9e91f3-53c8-480f-9ab1-2329617bf902 ] Request (InstanceActionsV221TestJSON:test_get_list_deleted_instance_actions): 204 DELETE http://10.180.1.21/compute/v2.1/servers/01b6ddcd-2181-4d78-a67a-efb5c18313e3 0.515s
2025-12-12 17:29:33.227 65976 INFO tempest.lib.common.rest_client [req-3a57042c-5aef-46a8-9653-dfa9f6562348 req-3a57042c-5aef-46a8-9653-dfa9f6562348 ] Request (ServerActionsTestOtherA:setUpClass): 200 GET http://10.180.1.21/compute/v2.1/servers/ce530210-08fc-4369-9dd4-cb9b51ad5a32/os-interface 0.270s
2025-12-12 17:29:33.301 65992 INFO tempest.lib.common.rest_client [req-50458108-1873-45e5-84ce-84b030779215 req-50458108-1873-45e5-84ce-84b030779215 ] Request (ServerMetadataNegativeTestJSON:setUpClass): 200 GET http://10.180.1.21/compute/v2.1/servers/52c1c3d4-9606-42c1-ac38-360df9ba2d6a 0.250s
2025-12-12 17:29:33.310 65992 INFO tempest.common.waiters [-] State transition "BUILD/scheduling" ==> "BUILD/None" after 4 second wait
2025-12-12 17:29:33.556 66006 INFO tempest.lib.common.rest_client [req-3740d3b6-86b7-46ee-8cf7-a33d1fe1e788 req-3740d3b6-86b7-46ee-8cf7-a33d1fe1e788 ] Request (ServersNegativeTestMultiTenantJSON:setUpClass): 201 POST http://10.180.1.21/networking/v2.0/routers 0.776s
2025-12-12 17:29:33.675 65984 INFO tempest.lib.common.rest_client [req-43047d88-eea0-4ea6-afee-62d9a6ce7729 req-43047d88-eea0-4ea6-afee-62d9a6ce7729 ] Request (ServersListShow2100Test:tearDownClass): 200 GET http://10.180.1.21/compute/v2.1/servers/e9e0f7b8-27c8-4b45-bea2-5252ed9c84cc 0.598s
2025-12-12 17:29:33.838 65976 INFO tempest.lib.common.rest_client [req-b9416715-e18a-4443-ad8b-efa5e6493012 req-b9416715-e18a-4443-ad8b-efa5e6493012 ] Request (ServerActionsTestOtherA:setUpClass): 200 PUT http://10.180.1.21/networking/v2.0/floatingips/e3decaef-95ec-45f6-a2b5-e0cf588b3880 0.607s
2025-12-12 17:29:33.839 65976 INFO tempest.lib.common.ssh [-] Creating ssh connection to '10.180.180.211:22' as 'cirros' with public key authentication
2025-12-12 17:29:33.962 66028 INFO tempest.lib.common.rest_client [req-1736f45c-f1e1-4de2-8d4b-13d32331f34b req-1736f45c-f1e1-4de2-8d4b-13d32331f34b ] Request (AttachVolumeShelveTestJSON:test_attach_volume_shelved_or_offload_server): 200 GET http://10.180.1.21/compute/v2.1/servers/ddaf49d1-ffe2-4262-858a-46e71136f57d 0.819s
2025-12-12 17:29:33.985 66000 INFO tempest.lib.common.rest_client [req-f0d3c9d3-dbf3-4e76-a163-c6784f297ef1 req-f0d3c9d3-dbf3-4e76-a163-c6784f297ef1 ] Request (ServersAdminTestJSON:tearDownClass): 200 GET http://10.180.1.21/compute/v2.1/servers/0685c69c-1cb3-4b2b-b105-17dd7be4e495 0.852s
2025-12-12 17:29:34.043 65968 INFO tempest.lib.common.rest_client [req-59b8bbef-8f91-4c4f-8a83-5ad3956759e6 req-59b8bbef-8f91-4c4f-8a83-5ad3956759e6 ] Request (ServerShowV257Test:tearDownClass): 200 GET http://10.180.1.21/compute/v2.1/servers/b0ef926c-8541-41e0-afba-72d4516a184f 0.883s
2025-12-12 17:29:34.118 65982 INFO tempest.lib.common.rest_client [req-ce84e660-7eeb-4a1d-a041-ab9225071abb req-ce84e660-7eeb-4a1d-a041-ab9225071abb ] Request (MigrationsAdminTest:test_resize_server_revert_deleted_flavor): 200 GET http://10.180.1.21/compute/v2.1/servers/ac62535a-a710-49c4-b2bd-1042490cf4e2 0.916s
2025-12-12 17:29:34.151 65998 INFO tempest.lib.common.rest_client [req-5779654c-a0c8-430f-9746-c71fd88f6bbf req-5779654c-a0c8-430f-9746-c71fd88f6bbf ] Request (InstanceActionsV221TestJSON:test_get_list_deleted_instance_actions): 200 GET http://10.180.1.21/compute/v2.1/servers/01b6ddcd-2181-4d78-a67a-efb5c18313e3 0.960s
2025-12-12 17:29:34.158 66022 INFO tempest.lib.common.rest_client [req-02baa985-45c7-4cac-a156-20983618ebed req-02baa985-45c7-4cac-a156-20983618ebed ] Request (ImagesOneServerTestJSON:test_create_image_specify_multibyte_character_image_name): 200 GET http://10.180.1.21/compute/v2.1/images/ffa9ca7d-e805-4ed8-a228-074472c6894e 0.953s
2025-12-12 17:29:34.202 65990 WARNING tempest.lib.common.ssh [-] Failed to establish authenticated ssh connection to cirros@10.180.180.189 ([Errno None] Unable to connect to port 22 on 10.180.180.189). Number attempts: 2. Retry after 3 seconds.: paramiko.ssh_exception.NoValidConnectionsError: [Errno None] Unable to connect to port 22 on 10.180.180.189
2025-12-12 17:29:34.211 65997 INFO tempest.lib.common.rest_client [req-dd5047f4-b4f1-4ab2-aa21-f794ca98452c req-dd5047f4-b4f1-4ab2-aa21-f794ca98452c ] Request (ImagesOneServerNegativeTestJSON:_run_cleanups): 200 GET http://10.180.1.21/compute/v2.1/servers/45b75840-f6d8-48bf-a4b0-d20f3bc59674 0.935s
2025-12-12 17:29:34.241 65972 INFO tempest.lib.common.rest_client [req-38068c50-6bfd-4c8f-8958-0e823b768e2f req-38068c50-6bfd-4c8f-8958-0e823b768e2f ] Request (ServerRescueTestJSONUnderV235:tearDownClass): 200 GET http://10.180.1.21/compute/v2.1/servers/a6ede455-d5a3-4b4a-920f-df6e27435636 0.823s
2025-12-12 17:29:34.281 65966 INFO tempest.lib.common.rest_client [req-c122f8ec-44ac-4a02-8c06-d3247605ffa4 req-c122f8ec-44ac-4a02-8c06-d3247605ffa4 ] Request (DeleteServersTestJSON:test_delete_server_while_in_shelved_state): 200 GET http://10.180.1.21/compute/v2.1/servers/1343255e-b306-4da3-8a32-e736fbd31fe2 0.856s
2025-12-12 17:29:34.291 65966 INFO tempest.common.waiters [-] State transition "BUILD/scheduling" ==> "BUILD/None" after 5 second wait
2025-12-12 17:29:34.315 65980 INFO tempest.lib.common.rest_client [req-0c51b7e3-c8f4-4ebc-8d12-b60a3420722e req-0c51b7e3-c8f4-4ebc-8d12-b60a3420722e ] Request (AttachInterfacesTestJSON:_run_cleanups): 200 GET http://10.180.1.21/compute/v2.1/servers/bcab9a70-0885-4d58-818a-6193dd3b1e4d 0.806s
2025-12-12 17:29:34.349 66018 INFO tempest.lib.common.rest_client [req-4e676977-3e11-4e0d-985f-dd1094b7aa4f req-4e676977-3e11-4e0d-985f-dd1094b7aa4f ] Request (AttachVolumeTestJSON:test_attach_detach_volume): 200 GET http://10.180.1.21/compute/v2.1/servers/bb2b2b77-4f3a-4146-b8a8-e0de3c56e618 0.826s
2025-12-12 17:29:34.376 65988 INFO tempest.lib.common.rest_client [req-ba2cea68-c941-49cd-abdf-69504435b5be req-ba2cea68-c941-49cd-abdf-69504435b5be ] Request (ServersV294TestFqdnHostnames:setUpClass): 200 GET http://10.180.1.21/compute/v2.1/servers/17b01bbb-c5ca-4bee-be25-368f11e4f84e 0.797s
2025-12-12 17:29:34.404 66010 INFO tempest.lib.common.rest_client [req-89312b9c-e877-441c-a053-9af6be94cd4d req-89312b9c-e877-441c-a053-9af6be94cd4d ] Request (ImagesTestJSON:test_create_server_from_snapshot): 200 GET http://10.180.1.21/compute/v2.1/servers/42dcc4a6-d231-47b6-b130-a2ecba65d09d 0.764s
2025-12-12 17:29:34.409 66002 INFO tempest.lib.common.rest_client [req-3c5fedfa-49ad-49ca-818d-de2721af04df req-3c5fedfa-49ad-49ca-818d-de2721af04df ] Request (AttachInterfacesUnderV243Test:test_add_remove_fixed_ip): 200 GET http://10.180.1.21/compute/v2.1/servers/c4757f18-4ac3-48b9-98ea-bfe4fcace014/ips 0.744s
2025-12-12 17:29:34.466 66012 INFO tempest.lib.common.rest_client [req-b0812260-a8fe-41a4-a200-7ecdacc3f53b req-b0812260-a8fe-41a4-a200-7ecdacc3f53b ] Request (ServersTestJSON:test_create_server_specify_multibyte_character_name): 200 GET http://10.180.1.21/compute/v2.1/servers/0db391e9-e94c-4487-a12d-2c4bee43aed8 0.723s
2025-12-12 17:29:34.477 66020 INFO tempest.lib.common.rest_client [req-c8f6caaf-202e-453b-9191-1ed124adb86d req-c8f6caaf-202e-453b-9191-1ed124adb86d ] Request (ServersTestMultiNic:_run_cleanups): 200 GET http://10.180.1.21/compute/v2.1/servers/07e5765b-7f50-4423-92ec-259ce6cb50ab 0.702s
2025-12-12 17:29:34.558 65994 INFO tempest.lib.common.rest_client [req-5acf673b-ca77-4fc1-8eff-18ac8d5ca37b req-5acf673b-ca77-4fc1-8eff-18ac8d5ca37b ] Request (ListImageFiltersTestJSON:tearDownClass): 200 GET http://10.180.1.21/compute/v2.1/servers/9069fd9f-0be7-43af-a4af-6d4d3f13a419 0.480s
2025-12-12 17:29:34.598 66014 INFO tempest.lib.common.rest_client [req-a5509f8c-eade-4ef8-904f-406745171ddc req-a5509f8c-eade-4ef8-904f-406745171ddc ] Request (SecurityGroupsTestJSON:test_list_security_groups_by_server): 200 GET http://10.180.1.21/compute/v2.1/servers/ca2fd846-cdda-43bd-9dee-30211e256780 0.569s
2025-12-12 17:29:34.617 65992 INFO tempest.lib.common.rest_client [req-06968c76-398d-40f6-8b14-051a811fdd3e req-06968c76-398d-40f6-8b14-051a811fdd3e ] Request (ServerMetadataNegativeTestJSON:setUpClass): 200 GET http://10.180.1.21/compute/v2.1/servers/52c1c3d4-9606-42c1-ac38-360df9ba2d6a 0.305s
2025-12-12 17:29:34.699 66006 INFO tempest.lib.common.rest_client [req-1b1dd383-4b63-4642-8cca-3db2513874fd req-1b1dd383-4b63-4642-8cca-3db2513874fd ] Request (ServersNegativeTestMultiTenantJSON:setUpClass): 200 PUT http://10.180.1.21/networking/v2.0/routers/c6f15157-000f-41c6-8eaf-75bcf1632db2/add_router_interface 1.142s
2025-12-12 17:29:34.700 66006 INFO tempest.lib.common.dynamic_creds [-] Created isolated network resources for: credentials: Credentials: {'domain_id': 'default', 'domain_name': 'Default', 'username': 'tempest-ServersNegativeTestMultiTenantJSON-637688544-project-member', 'project_domain_id': 'default', 'project_domain_name': 'Default', 'project_id': 'ff28cab6a2e140248482cdc52640428c', 'project_name': 'tempest-ServersNegativeTestMultiTenantJSON-637688544', 'tenant_id': 'ff28cab6a2e140248482cdc52640428c', 'tenant_name': 'tempest-ServersNegativeTestMultiTenantJSON-637688544', 'user_domain_id': 'default', 'user_domain_name': 'Default', 'user_id': 'a02a7ce14a3847f59f8d779662c77e3e', 'system': None}, Network: {'id': '68821435-1c1a-404b-9c86-8e556bd8fdbc', 'name': 'tempest-ServersNegativeTestMultiTenantJSON-278414693-network', 'tenant_id': 'ff28cab6a2e140248482cdc52640428c', 'project_id': 'ff28cab6a2e140248482cdc52640428c', 'admin_state_up': True, 'mtu': 8950, 'status': 'ACTIVE', 'subnets': [], 'shared': False, 'port_security_enabled': True, 'router:external': False, 'provider:network_type': 'vlan', 'provider:physical_network': 'default', 'provider:segmentation_id': 871, 'availability_zone_hints': [], 'availability_zones': [], 'ipv4_address_scope': None, 'ipv6_address_scope': None, 'description': '', 'tags': [], 'created_at': '2025-12-12T17:29:32Z', 'updated_at': '2025-12-12T17:29:32Z', 'revision_number': 1}, Subnet: {'id': '91be13da-b7db-4007-a59c-e245792f0d67', 'name': 'tempest-ServersNegativeTestMultiTenantJSON-278414693-subnet', 'tenant_id': 'ff28cab6a2e140248482cdc52640428c', 'network_id': '68821435-1c1a-404b-9c86-8e556bd8fdbc', 'ip_version': 4, 'subnetpool_id': None, 'enable_dhcp': True, 'ipv6_ra_mode': None, 'ipv6_address_mode': None, 'gateway_ip': '192.168.128.1', 'cidr': '192.168.128.0/28', 'allocation_pools': [{'start': '192.168.128.2', 'end': '192.168.128.14'}], 'host_routes': [], 'dns_nameservers': [], 'description': '', 'router:external': False, 'service_types': [], 'tags': [], 'created_at': '2025-12-12T17:29:32Z', 'updated_at': '2025-12-12T17:29:32Z', 'revision_number': 0, 'project_id': 'ff28cab6a2e140248482cdc52640428c'}, Router: {'id': 'c6f15157-000f-41c6-8eaf-75bcf1632db2', 'name': 'tempest-ServersNegativeTestMultiTenantJSON-278414693-router', 'tenant_id': 'ff28cab6a2e140248482cdc52640428c', 'admin_state_up': True, 'status': 'ACTIVE', 'external_gateway_info': {'network_id': 'b17ca395-2a67-42ac-9d08-4bf2dbb9aa77', 'external_fixed_ips': [{'subnet_id': '8c47f5f1-7b1b-4314-a6e8-4fd08ab9071c', 'ip_address': '10.180.180.197'}], 'enable_snat': True}, 'description': '', 'availability_zones': [], 'distributed': False, 'ha': False, 'availability_zone_hints': [], 'routes': [], 'flavor_id': None, 'tags': [], 'created_at': '2025-12-12T17:29:32Z', 'updated_at': '2025-12-12T17:29:33Z', 'revision_number': 2, 'project_id': 'ff28cab6a2e140248482cdc52640428c'}
2025-12-12 17:29:34.726 65984 INFO tempest.lib.common.rest_client [req-a4d83be8-1371-4967-bbc3-875b988de53c req-a4d83be8-1371-4967-bbc3-875b988de53c ] Request (ServersListShow2100Test:tearDownClass): 404 GET http://10.180.1.21/compute/v2.1/servers/e9e0f7b8-27c8-4b45-bea2-5252ed9c84cc 0.035s
2025-12-12 17:29:34.835 66006 INFO tempest.lib.common.rest_client [req-dece50bb-4a89-497b-93f9-f30e11d0e2d0 req-dece50bb-4a89-497b-93f9-f30e11d0e2d0 ] Request (ServersNegativeTestMultiTenantJSON:setUpClass): 201 POST http://10.180.1.21/identity/v3/auth/tokens 0.132s
2025-12-12 17:29:34.837 66002 INFO tempest.lib.common.rest_client [req-e55bc040-de28-4d30-a873-a312170c9e80 req-e55bc040-de28-4d30-a873-a312170c9e80 ] Request (AttachInterfacesUnderV243Test:test_add_remove_fixed_ip): 200 GET http://10.180.1.21/compute/v2.1/servers/c4757f18-4ac3-48b9-98ea-bfe4fcace014 0.426s
2025-12-12 17:29:34.908 66002 INFO tempest.lib.common.rest_client [req-da32a970-4031-482c-8554-0a124cc69f4a req-da32a970-4031-482c-8554-0a124cc69f4a ] Request (AttachInterfacesUnderV243Test:test_add_remove_fixed_ip): 202 POST http://10.180.1.21/compute/v2.1/servers/c4757f18-4ac3-48b9-98ea-bfe4fcace014/action 0.057s
2025-12-12 17:29:34.914 66006 INFO tempest.lib.common.rest_client [req-99e2b6ca-4b74-4055-b5dc-99f543cbe368 req-99e2b6ca-4b74-4055-b5dc-99f543cbe368 ] Request (ServersNegativeTestMultiTenantJSON:setUpClass): 201 POST http://10.180.1.21/identity/v3/auth/tokens 0.074s
2025-12-12 17:29:34.914 66006 INFO tempest.lib.common.fixed_network [-] (ServersNegativeTestMultiTenantJSON:setUpClass) Found network {'id': '93bcd976-3fd0-41bb-8357-9107dee4c54d', 'name': 'tempest-ServersNegativeTestMultiTenantJSON-304563050-network', 'tenant_id': '938ca0d95ee445edb964972d272bd504', 'project_id': '938ca0d95ee445edb964972d272bd504', 'admin_state_up': True, 'mtu': 8950, 'status': 'ACTIVE', 'subnets': [], 'shared': False, 'port_security_enabled': True, 'router:external': False, 'provider:network_type': 'vlan', 'provider:physical_network': 'default', 'provider:segmentation_id': 480, 'availability_zone_hints': [], 'availability_zones': [], 'ipv4_address_scope': None, 'ipv6_address_scope': None, 'description': '', 'tags': [], 'created_at': '2025-12-12T17:29:30Z', 'updated_at': '2025-12-12T17:29:30Z', 'revision_number': 1} available for tenant
