2025-12-12 17:25:59.094 66024 INFO tempest.lib.common.rest_client [req-3d1ed0cd-5a0e-4605-8b11-6b08532e79ae req-3d1ed0cd-5a0e-4605-8b11-6b08532e79ae ] Request (KeyPairsV2TestJSON:test_keypair_create_delete): 200 POST http://10.180.1.21/compute/v2.1/os-keypairs 5.304s
2025-12-12 17:25:59.186 65994 INFO tempest.lib.common.rest_client [req-8d3277f5-0bb1-44a0-8f0d-fd69957bfa03 req-8d3277f5-0bb1-44a0-8f0d-fd69957bfa03 ] Request (FlavorMetadataValidation:tearDownClass): 204 DELETE http://10.180.1.21/identity/v3/users/c0a90c89479e4cc0b823a824cc846a13 0.109s
2025-12-12 17:25:59.303 65994 INFO tempest.lib.common.rest_client [req-0bfa96fa-8b61-47cc-96f5-002bb724cf88 req-0bfa96fa-8b61-47cc-96f5-002bb724cf88 ] Request (FlavorMetadataValidation:tearDownClass): 204 DELETE http://10.180.1.21/identity/v3/users/0f29e672a0874e9c8f923e7d0d6978eb 0.114s
2025-12-12 17:25:59.303 65994 INFO tempest.lib.common.dynamic_creds [-] Deleting project and security group for project: d71b146ac5054222bab0263c1412eee7
2025-12-12 17:25:59.403 65994 INFO tempest.lib.common.rest_client [req-9d802ff5-e268-4062-895d-a270b1501805 req-9d802ff5-e268-4062-895d-a270b1501805 ] Request (FlavorMetadataValidation:tearDownClass): 201 POST http://10.180.1.21/identity/v3/auth/tokens 0.099s
2025-12-12 17:25:59.549 65974 INFO tempest.lib.common.rest_client [req-e4d144f8-c2cd-4239-87d5-b34472ad6711 req-e4d144f8-c2cd-4239-87d5-b34472ad6711 ] Request (FloatingIPsTestJSON:_run_cleanups): 202 DELETE http://10.180.1.21/compute/v2.1/os-floating-ips/bbab8414-22a2-4e67-837d-19731e51ee6a 6.031s
2025-12-12 17:25:59.575 65966 INFO tempest.lib.common.rest_client [req-099c719f-a721-4124-9873-6a3d40073dd2 req-099c719f-a721-4124-9873-6a3d40073dd2 ] Request (HypervisorAdminUnderV252Test:test_search_hypervisor): 200 GET http://10.180.1.21/compute/v2.1/os-hypervisors/domain-c8.fc996f14-c53b-4953-92e3-bdfa48f5cc28/search 5.759s
2025-12-12 17:25:59.603 66018 INFO tempest.lib.common.rest_client [req-0026a1aa-a73a-46bb-b36a-f2c236a6714a req-0026a1aa-a73a-46bb-b36a-f2c236a6714a ] Request (HypervisorAdminTestJSON:test_get_hypervisor_show_details): 200 GET http://10.180.1.21/compute/v2.1/os-hypervisors/1 5.764s
2025-12-12 17:25:59.676 65966 INFO tempest.lib.common.rest_client [req-55af7d48-aa56-4bc9-be10-77f4605417b4 req-55af7d48-aa56-4bc9-be10-77f4605417b4 ] Request (HypervisorAdminUnderV252Test:tearDownClass): 204 DELETE http://10.180.1.21/identity/v3/users/8d37a3cb42b94ae9bf1733baab1260f9 0.097s
2025-12-12 17:25:59.760 66012 INFO tempest.lib.common.rest_client [req-ae63fbcf-e679-4b4a-91b0-56541fe6a2e7 req-ae63fbcf-e679-4b4a-91b0-56541fe6a2e7 ] Request (QuotasSecurityGroupAdminNegativeTest:tearDownClass): 200 GET http://10.180.1.21/networking/v2.0/security-groups?tenant_id=43a3453312af4847a80a904602209c53&name=default 0.774s
2025-12-12 17:25:59.762 65966 INFO tempest.lib.common.rest_client [req-948c09b8-0d50-45e9-97fb-e271600b7b16 req-948c09b8-0d50-45e9-97fb-e271600b7b16 ] Request (HypervisorAdminUnderV252Test:tearDownClass): 204 DELETE http://10.180.1.21/identity/v3/users/addefbf19055452ebab15fa5ce200bc8 0.085s
2025-12-12 17:25:59.762 65966 INFO tempest.lib.common.dynamic_creds [-] Deleting project and security group for project: f8cc40c2b5854a9d9c11ba2387cfebdc
2025-12-12 17:25:59.812 65984 INFO tempest.lib.common.rest_client [req-cfc50805-6b38-44f3-9c2e-47664224f704 req-cfc50805-6b38-44f3-9c2e-47664224f704 ] Request (HypervisorAdminNegativeTestJSON:test_get_hypervisor_uptime_with_non_admin_user): 200 GET http://10.180.1.21/compute/v2.1/os-hypervisors 5.961s
2025-12-12 17:25:59.826 65966 INFO tempest.lib.common.rest_client [req-cdfd5156-def2-4763-b9f4-fe56d2a1470d req-cdfd5156-def2-4763-b9f4-fe56d2a1470d ] Request (HypervisorAdminUnderV252Test:tearDownClass): 201 POST http://10.180.1.21/identity/v3/auth/tokens 0.063s
2025-12-12 17:26:00.315 65994 INFO tempest.lib.common.rest_client [req-775b2bee-05cb-4165-ae52-1eb371b40034 req-775b2bee-05cb-4165-ae52-1eb371b40034 ] Request (FlavorMetadataValidation:tearDownClass): 200 GET http://10.180.1.21/networking/v2.0/security-groups?tenant_id=d71b146ac5054222bab0263c1412eee7&name=default 0.912s
2025-12-12 17:26:00.422 66012 INFO tempest.lib.common.rest_client [req-e68bfe95-9c2a-4bb4-895e-a82a36151cec req-e68bfe95-9c2a-4bb4-895e-a82a36151cec ] Request (QuotasSecurityGroupAdminNegativeTest:tearDownClass): 204 DELETE http://10.180.1.21/networking/v2.0/security-groups/58cd162f-d208-469f-9d20-db509a6c2a30 0.661s
2025-12-12 17:26:00.458 66022 INFO tempest.lib.common.rest_client [req-c5874d3b-b402-4c76-834b-cb5a5427e717 req-c5874d3b-b402-4c76-834b-cb5a5427e717 ] Request (DeleteServersAdminTestJSON:test_admin_delete_servers_of_others): 200 GET http://10.180.1.21/compute/v2.1/servers/720fbcef-e15e-4540-a05e-f7487a5bd61f 6.665s
2025-12-12 17:26:00.465 66022 INFO tempest.common.waiters [-] State transition "BUILD/None" ==> "BUILD/spawning" after 8 second wait
2025-12-12 17:26:00.480 65988 INFO tempest.lib.common.rest_client [req-594f9ae7-d083-444d-ae12-90427470d49f req-594f9ae7-d083-444d-ae12-90427470d49f ] Request (HypervisorAdminNegativeUnderV252Test:test_show_servers_with_non_admin_user): 200 GET http://10.180.1.21/compute/v2.1/os-hypervisors 6.357s
2025-12-12 17:26:00.495 66012 INFO tempest.lib.common.rest_client [req-37fc3afc-1d12-49d8-8cb9-ae9db5ae8fbd req-37fc3afc-1d12-49d8-8cb9-ae9db5ae8fbd ] Request (QuotasSecurityGroupAdminNegativeTest:tearDownClass): 204 DELETE http://10.180.1.21/identity/v3/projects/43a3453312af4847a80a904602209c53 0.072s
2025-12-12 17:26:00.496 66012 INFO tempest.lib.common.dynamic_creds [-] Deleting project and security group for project: 5b30771c6ca6427887eae584809852ae
2025-12-12 17:26:00.511 65982 INFO tempest.lib.common.rest_client [req-064147c0-f46b-4b06-9fd9-6c12c6c968f2 req-064147c0-f46b-4b06-9fd9-6c12c6c968f2 ] Request (HostsAdminNegativeTestJSON:test_reboot_nonexistent_host): 404 GET http://10.180.1.21/compute/v2.1/os-hosts/nonexistent_hostname/reboot 6.382s
2025-12-12 17:26:00.566 66002 INFO tempest.lib.common.rest_client [req-79bf7615-6c1b-4519-8af3-57fcd162743b req-79bf7615-6c1b-4519-8af3-57fcd162743b ] Request (AggregatesAdminNegativeTestJSON:test_aggregate_add_existent_host): 409 POST http://10.180.1.21/compute/v2.1/os-aggregates/1/action 6.030s
2025-12-12 17:26:00.604 65966 INFO tempest.lib.common.rest_client [req-d8d4d9be-115c-4daa-b005-ca34f80d80e1 req-d8d4d9be-115c-4daa-b005-ca34f80d80e1 ] Request (HypervisorAdminUnderV252Test:tearDownClass): 200 GET http://10.180.1.21/networking/v2.0/security-groups?tenant_id=f8cc40c2b5854a9d9c11ba2387cfebdc&name=default 0.777s
2025-12-12 17:26:00.633 65998 INFO tempest.lib.common.rest_client [req-d9fb7e4b-5083-4d6a-82fe-aaec6ca05362 req-d9fb7e4b-5083-4d6a-82fe-aaec6ca05362 ] Request (TenantUsagesTestJSON:setUpClass): 200 GET http://10.180.1.21/compute/v2.1/servers/2be541a1-6213-4bd3-a475-1c0855f3d556 6.556s
2025-12-12 17:26:00.726 65994 INFO tempest.lib.common.rest_client [req-b6221522-73e9-4829-b362-d59c4eea8a47 req-b6221522-73e9-4829-b362-d59c4eea8a47 ] Request (FlavorMetadataValidation:tearDownClass): 204 DELETE http://10.180.1.21/networking/v2.0/security-groups/611087b0-6ee7-4e81-8390-e7d919cb35ea 0.410s
2025-12-12 17:26:00.833 66012 INFO tempest.lib.common.rest_client [req-c6dfb482-01a5-4dcd-a4d5-e1be44665ff9 req-c6dfb482-01a5-4dcd-a4d5-e1be44665ff9 ] Request (QuotasSecurityGroupAdminNegativeTest:tearDownClass): 200 GET http://10.180.1.21/networking/v2.0/security-groups?tenant_id=5b30771c6ca6427887eae584809852ae&name=default 0.337s
2025-12-12 17:26:00.841 65994 INFO tempest.lib.common.rest_client [req-fe44f8a5-fedd-41a0-9c9f-69a40d9a293a req-fe44f8a5-fedd-41a0-9c9f-69a40d9a293a ] Request (FlavorMetadataValidation:tearDownClass): 204 DELETE http://10.180.1.21/identity/v3/projects/d71b146ac5054222bab0263c1412eee7 0.114s
2025-12-12 17:26:00.841 65994 INFO tempest.lib.common.dynamic_creds [-] Deleting project and security group for project: 5041a934bc8847a6a87ec970fac9714f
2025-12-12 17:26:00.921 65997 INFO tempest.lib.common.rest_client [req-41930191-72f6-4e6a-9ed0-9abe33a4eda2 req-41930191-72f6-4e6a-9ed0-9abe33a4eda2 ] Request (QuotasAdminNegativeTest:test_create_server_when_cpu_quota_is_full): 200 GET http://10.180.1.21/compute/v2.1/os-quota-sets/1c7a2d7ce0c140beb2e99f83acdb1e99 6.177s
2025-12-12 17:26:00.974 65966 INFO tempest.lib.common.rest_client [req-68284dd4-cf44-465c-a3bb-7848525f6924 req-68284dd4-cf44-465c-a3bb-7848525f6924 ] Request (HypervisorAdminUnderV252Test:tearDownClass): 204 DELETE http://10.180.1.21/networking/v2.0/security-groups/a4fe6eac-a73d-43d1-a34a-ad98b183e810 0.370s
2025-12-12 17:26:01.016 66028 INFO tempest.lib.common.rest_client [req-34378615-6d70-4e36-ab71-0eccfeace0bf req-34378615-6d70-4e36-ab71-0eccfeace0bf ] Request (VolumesAssistedSnapshotsTest:test_volume_assisted_snapshot_create_delete): 200 POST http://10.180.1.21/compute/v2.1/os-keypairs 5.886s
2025-12-12 17:26:01.058 66012 INFO tempest.lib.common.rest_client [req-fa74cc8f-4f8e-4b65-96bb-b8cc9c4ea7ff req-fa74cc8f-4f8e-4b65-96bb-b8cc9c4ea7ff ] Request (QuotasSecurityGroupAdminNegativeTest:tearDownClass): 204 DELETE http://10.180.1.21/networking/v2.0/security-groups/89e6d27c-5703-4a19-ae17-48f7b32fac4d 0.225s
2025-12-12 17:26:01.107 65966 INFO tempest.lib.common.rest_client [req-1547fe98-3cbe-4576-bf97-c4bbef7cf14f req-1547fe98-3cbe-4576-bf97-c4bbef7cf14f ] Request (HypervisorAdminUnderV252Test:tearDownClass): 204 DELETE http://10.180.1.21/identity/v3/projects/f8cc40c2b5854a9d9c11ba2387cfebdc 0.132s
2025-12-12 17:26:01.107 65966 INFO tempest.lib.common.dynamic_creds [-] Deleting project and security group for project: d504113d86d74feca664f53ab06cfb82
2025-12-12 17:26:01.182 65994 INFO tempest.lib.common.rest_client [req-658a1b9a-df8e-41a1-b57d-694005f7e833 req-658a1b9a-df8e-41a1-b57d-694005f7e833 ] Request (FlavorMetadataValidation:tearDownClass): 200 GET http://10.180.1.21/networking/v2.0/security-groups?tenant_id=5041a934bc8847a6a87ec970fac9714f&name=default 0.339s
2025-12-12 17:26:01.202 66012 INFO tempest.lib.common.rest_client [req-8e2af907-87c2-4aef-b09f-17a64ce55c6f req-8e2af907-87c2-4aef-b09f-17a64ce55c6f ] Request (QuotasSecurityGroupAdminNegativeTest:tearDownClass): 204 DELETE http://10.180.1.21/identity/v3/projects/5b30771c6ca6427887eae584809852ae 0.143s
2025-12-12 17:26:01.216 66010 INFO tempest.lib.common.rest_client [req-de6133e9-6336-45d1-9619-c50f7e46d343 req-de6133e9-6336-45d1-9619-c50f7e46d343 ] Request (ImagesTestJSON:test_create_image_from_stopped_server): 200 GET http://10.180.1.21/compute/v2.1/servers/e6326d0d-bbf6-4cba-9260-31571a6c8c76 6.497s
2025-12-12 17:26:01.225 66010 INFO tempest.common.waiters [-] State transition "BUILD/None" ==> "BUILD/spawning" after 8 second wait
2025-12-12 17:26:01.247 66016 INFO tempest.lib.common.rest_client [req-1695b03f-f8fe-4fca-aa2a-e249e6dc57d6 req-1695b03f-f8fe-4fca-aa2a-e249e6dc57d6 ] Request (FlavorsV261TestJSON:test_crud_flavor): 200 GET http://10.180.1.21/compute/v2.1/flavors/detail 5.534s
2025-12-12 17:26:01.279 66012 INFO tempest.lib.common.rest_client [req-53cdbdbf-8fa5-401a-8fe0-b5977d1e59ef req-53cdbdbf-8fa5-401a-8fe0-b5977d1e59ef ] Request (ServersAdminNegativeTestJSON:setUpClass): 201 POST http://10.180.1.21/identity/v3/auth/tokens 0.074s
2025-12-12 17:26:01.308 66012 INFO tempest.lib.common.rest_client [req-4fa952b9-197a-4b3b-bae4-1c7a521fb3b5 req-4fa952b9-197a-4b3b-bae4-1c7a521fb3b5 ] Request (ServersAdminNegativeTestJSON:setUpClass): 201 POST http://10.180.1.21/identity/v3/auth/tokens 0.026s
2025-12-12 17:26:01.330 66012 INFO tempest.lib.common.rest_client [req-e18da691-9fef-4a79-b5c3-a10822fa7c05 req-e18da691-9fef-4a79-b5c3-a10822fa7c05 ] Request (ServersAdminNegativeTestJSON:setUpClass): 200 GET http://10.180.1.21/identity/v3/domains?name=Default 0.021s
2025-12-12 17:26:01.341 66028 INFO tempest.lib.common.rest_client [req-20c96dc2-aa29-48a5-b2be-36a9e93a212d req-20c96dc2-aa29-48a5-b2be-36a9e93a212d ] Request (VolumesAssistedSnapshotsTest:test_volume_assisted_snapshot_create_delete): 201 POST http://10.180.1.21/networking/v2.0/security-groups 0.322s
2025-12-12 17:26:01.357 66012 INFO tempest.lib.common.rest_client [req-d1b807b1-79f2-4aa6-a3dc-24c8c5c99e93 req-d1b807b1-79f2-4aa6-a3dc-24c8c5c99e93 ] Request (ServersAdminNegativeTestJSON:setUpClass): 201 POST http://10.180.1.21/identity/v3/projects 0.027s
2025-12-12 17:26:01.366 66008 INFO tempest.lib.common.rest_client [req-c825fd38-fafd-4179-828d-04afbe0dc9f3 req-c825fd38-fafd-4179-828d-04afbe0dc9f3 ] Request (FlavorsAccessTestJSON:test_flavor_access_add_remove): 200 POST http://10.180.1.21/compute/v2.1/flavors/35842382/action 5.513s
2025-12-12 17:26:01.389 66004 INFO tempest.lib.common.rest_client [req-b2e2da5f-ff90-4b25-b31c-2f18dfa0ae7d req-b2e2da5f-ff90-4b25-b31c-2f18dfa0ae7d ] Request (FlavorsExtraSpecsTestJSON:test_flavor_non_admin_get_specific_key): 200 POST http://10.180.1.21/compute/v2.1/flavors/1736861912/os-extra_specs 5.464s
2025-12-12 17:26:01.443 65968 INFO tempest.lib.common.rest_client [req-4fef69be-801d-413c-aaaf-a1dc76528da0 req-4fef69be-801d-413c-aaaf-a1dc76528da0 ] Request (FlavorsExtraSpecsNegativeTestJSON:test_flavor_non_admin_unset_keys): 200 POST http://10.180.1.21/compute/v2.1/flavors/1056672593/os-extra_specs 5.492s
2025-12-12 17:26:01.449 66012 INFO tempest.lib.common.rest_client [req-7ab09ca2-17d6-417c-9871-ba00eedd39ac req-7ab09ca2-17d6-417c-9871-ba00eedd39ac ] Request (ServersAdminNegativeTestJSON:setUpClass): 201 POST http://10.180.1.21/identity/v3/users 0.090s
2025-12-12 17:26:01.460 66020 INFO tempest.lib.common.rest_client [req-b798c12a-ee1a-4818-b3c5-e94bf5d56536 req-b798c12a-ee1a-4818-b3c5-e94bf5d56536 ] Request (FlavorsAdminTestJSON:test_create_flavor_verify_entry_in_list_details): 200 POST http://10.180.1.21/compute/v2.1/flavors 5.504s
2025-12-12 17:26:01.482 66012 INFO tempest.lib.common.rest_client [req-2de5c3f6-b4ae-4252-8f5c-ab616c8fea37 req-2de5c3f6-b4ae-4252-8f5c-ab616c8fea37 ] Request (ServersAdminNegativeTestJSON:setUpClass): 200 GET http://10.180.1.21/identity/v3/roles 0.033s
2025-12-12 17:26:01.487 65966 INFO tempest.lib.common.rest_client [req-b558c4a3-2366-42b5-9756-1ea1822a15b1 req-b558c4a3-2366-42b5-9756-1ea1822a15b1 ] Request (HypervisorAdminUnderV252Test:tearDownClass): 200 GET http://10.180.1.21/networking/v2.0/security-groups?tenant_id=d504113d86d74feca664f53ab06cfb82&name=default 0.379s
2025-12-12 17:26:01.531 66012 INFO tempest.lib.common.rest_client [req-99d13fe3-3cf5-437a-a35d-819d09ac82ee req-99d13fe3-3cf5-437a-a35d-819d09ac82ee ] Request (ServersAdminNegativeTestJSON:setUpClass): 204 PUT http://10.180.1.21/identity/v3/projects/ad69d86935ff47ecbc96281b952c59d7/users/7e2a4bc68aa849e39408d4215b094db7/roles/c8a9eb5be65040ca8c10b7e1115dfa92 0.048s
2025-12-12 17:26:01.531 66012 INFO tempest.lib.common.dynamic_creds [-] Dynamic test user 7e2a4bc68aa849e39408d4215b094db7 is created with scope project and roles: ['member']
2025-12-12 17:26:01.531 66012 INFO tempest.lib.common.dynamic_creds [-] Acquired dynamic creds: credentials: Credentials: {'domain_id': 'default', 'domain_name': 'Default', 'username': 'tempest-ServersAdminNegativeTestJSON-1182959878-project-member', 'project_domain_id': 'default', 'project_domain_name': 'Default', 'project_id': 'ad69d86935ff47ecbc96281b952c59d7', 'project_name': 'tempest-ServersAdminNegativeTestJSON-1182959878', 'tenant_id': 'ad69d86935ff47ecbc96281b952c59d7', 'tenant_name': 'tempest-ServersAdminNegativeTestJSON-1182959878', 'user_domain_id': 'default', 'user_domain_name': 'Default', 'user_id': '7e2a4bc68aa849e39408d4215b094db7', 'system': None}, Network: None, Subnet: None, Router: None
2025-12-12 17:26:01.531 66012 INFO tempest.lib.common.dynamic_creds [-] Created isolated network resources for: credentials: Credentials: {'domain_id': 'default', 'domain_name': 'Default', 'username': 'tempest-ServersAdminNegativeTestJSON-1182959878-project-member', 'project_domain_id': 'default', 'project_domain_name': 'Default', 'project_id': 'ad69d86935ff47ecbc96281b952c59d7', 'project_name': 'tempest-ServersAdminNegativeTestJSON-1182959878', 'tenant_id': 'ad69d86935ff47ecbc96281b952c59d7', 'tenant_name': 'tempest-ServersAdminNegativeTestJSON-1182959878', 'user_domain_id': 'default', 'user_domain_name': 'Default', 'user_id': '7e2a4bc68aa849e39408d4215b094db7', 'system': None}, Network: None, Subnet: None, Router: None
2025-12-12 17:26:01.584 65992 INFO tempest.lib.common.rest_client [req-1ac35279-ee62-4154-b564-bc7edb09808f req-1ac35279-ee62-4154-b564-bc7edb09808f ] Request (SecurityGroupsTestAdminJSON:test_list_security_groups_list_all_tenants_filter): 200 POST http://10.180.1.21/compute/v2.1/os-security-groups 5.908s
2025-12-12 17:26:01.637 66012 INFO tempest.lib.common.rest_client [req-189362c5-d6ba-4c83-bd48-92280e583f97 req-189362c5-d6ba-4c83-bd48-92280e583f97 ] Request (ServersAdminNegativeTestJSON:setUpClass): 201 POST http://10.180.1.21/identity/v3/auth/tokens 0.100s
2025-12-12 17:26:01.655 65994 INFO tempest.lib.common.rest_client [req-94fb1632-a584-48e9-a7db-c2172ce5aebc req-94fb1632-a584-48e9-a7db-c2172ce5aebc ] Request (FlavorMetadataValidation:tearDownClass): 204 DELETE http://10.180.1.21/networking/v2.0/security-groups/7936c37e-023f-488c-bdba-dc5ffa26e158 0.472s
2025-12-12 17:26:01.670 66014 INFO tempest.lib.common.rest_client [req-16d97d50-c285-4d03-9a73-71c0aa521da8 req-16d97d50-c285-4d03-9a73-71c0aa521da8 ] Request (FlavorsAccessNegativeTestJSON:_run_cleanups): 200 POST http://10.180.1.21/compute/v2.1/flavors/1958198245/action 5.615s
2025-12-12 17:26:01.711 66012 INFO tempest.lib.common.rest_client [req-52288e27-fb1f-4b3a-854d-a83802eb4df4 req-52288e27-fb1f-4b3a-854d-a83802eb4df4 ] Request (ServersAdminNegativeTestJSON:setUpClass): 201 POST http://10.180.1.21/identity/v3/projects 0.074s
2025-12-12 17:26:01.767 66028 INFO tempest.lib.common.rest_client [req-442bc768-1b21-499d-8c3e-70df2fc28458 req-442bc768-1b21-499d-8c3e-70df2fc28458 ] Request (VolumesAssistedSnapshotsTest:test_volume_assisted_snapshot_create_delete): 201 POST http://10.180.1.21/networking/v2.0/security-group-rules 0.424s
2025-12-12 17:26:01.852 65966 INFO tempest.lib.common.rest_client [req-51855d80-f9d6-40fc-ae9e-18d0b152d79f req-51855d80-f9d6-40fc-ae9e-18d0b152d79f ] Request (HypervisorAdminUnderV252Test:tearDownClass): 204 DELETE http://10.180.1.21/networking/v2.0/security-groups/db1a8923-8992-430f-a3d2-8ee5836c6c7d 0.363s
2025-12-12 17:26:01.854 65994 INFO tempest.lib.common.rest_client [req-5fc2388f-4ee1-4caf-b0c4-11447e08ca67 req-5fc2388f-4ee1-4caf-b0c4-11447e08ca67 ] Request (FlavorMetadataValidation:tearDownClass): 204 DELETE http://10.180.1.21/identity/v3/projects/5041a934bc8847a6a87ec970fac9714f 0.197s
2025-12-12 17:26:01.859 66006 INFO tempest.lib.common.rest_client [req-a79f4b61-b805-4949-b3a5-0de918df7b45 req-a79f4b61-b805-4949-b3a5-0de918df7b45 ] Request (QuotasAdminTestJSON:test_delete_quota): 200 GET http://10.180.1.21/compute/v2.1/os-quota-sets/32eb82ec387e4a65a6f843802f8b03ff 5.784s
2025-12-12 17:26:01.875 65990 INFO tempest.lib.common.rest_client [req-4ba0f5a9-5189-42a8-b73a-9ceff6d5a941 req-4ba0f5a9-5189-42a8-b73a-9ceff6d5a941 ] Request (ServersWithSpecificFlavorTestJSON:test_verify_created_server_ephemeral_disk): 200 GET http://10.180.1.21/compute/v2.1/flavors/42/os-extra_specs 5.501s
2025-12-12 17:26:01.903 65970 INFO tempest.lib.common.rest_client [req-da4ab1a8-c616-4bb2-b0b7-02cfe998aea8 req-da4ab1a8-c616-4bb2-b0b7-02cfe998aea8 ] Request (ServersTestFqdnHostnames:test_create_server_with_fqdn_name): 200 GET http://10.180.1.21/compute/v2.1/servers/ee6904ce-f525-4b8d-ad81-26de321562d7 5.668s
2025-12-12 17:26:01.921 66012 INFO tempest.lib.common.rest_client [req-ad2b961a-48b0-4df7-b93d-a8110c65dee1 req-ad2b961a-48b0-4df7-b93d-a8110c65dee1 ] Request (ServersAdminNegativeTestJSON:setUpClass): 201 POST http://10.180.1.21/identity/v3/users 0.209s
2025-12-12 17:26:01.953 65994 INFO tempest.lib.common.rest_client [req-0519ccd1-7953-4472-a32b-f032f31c6d71 req-0519ccd1-7953-4472-a32b-f032f31c6d71 ] Request (NetworksTest:setUpClass): 201 POST http://10.180.1.21/identity/v3/auth/tokens 0.097s
2025-12-12 17:26:01.981 66028 INFO tempest.lib.common.rest_client [req-909e46b0-3ef3-4b11-bffa-0a6fe273d97d req-909e46b0-3ef3-4b11-bffa-0a6fe273d97d ] Request (VolumesAssistedSnapshotsTest:test_volume_assisted_snapshot_create_delete): 201 POST http://10.180.1.21/networking/v2.0/security-group-rules 0.214s
2025-12-12 17:26:01.990 65966 INFO tempest.lib.common.rest_client [req-91250f1f-bdd0-4ae7-94a6-e7fcbe99053c req-91250f1f-bdd0-4ae7-94a6-e7fcbe99053c ] Request (HypervisorAdminUnderV252Test:tearDownClass): 204 DELETE http://10.180.1.21/identity/v3/projects/d504113d86d74feca664f53ab06cfb82 0.138s
2025-12-12 17:26:02.244 66006 INFO tempest.lib.common.rest_client [req-935b13cc-4194-4498-a8f8-125eb02d3f11 req-935b13cc-4194-4498-a8f8-125eb02d3f11 ] Request (QuotasAdminTestJSON:_run_cleanups): 204 DELETE http://10.180.1.21/identity/v3/projects/32eb82ec387e4a65a6f843802f8b03ff 0.381s
2025-12-12 17:26:02.266 65976 INFO tempest.lib.common.rest_client [req-fa13b9f3-f263-4f2d-bb5a-2257eca5d114 req-fa13b9f3-f263-4f2d-bb5a-2257eca5d114 ] Request (AZV2TestJSON:test_get_availability_zone_list_with_non_admin_user): 200 GET http://10.180.1.21/compute/v2.1/os-availability-zone 5.418s
2025-12-12 17:26:02.335 66012 INFO tempest.lib.common.rest_client [req-111d46c5-7170-4abe-818b-afe5d92f71b8 req-111d46c5-7170-4abe-818b-afe5d92f71b8 ] Request (ServersAdminNegativeTestJSON:setUpClass): 200 GET http://10.180.1.21/identity/v3/roles 0.413s
2025-12-12 17:26:02.337 65994 INFO tempest.lib.common.rest_client [req-35a2ebfc-970b-409e-82df-3cd9f16ed7b0 req-35a2ebfc-970b-409e-82df-3cd9f16ed7b0 ] Request (NetworksTest:setUpClass): 201 POST http://10.180.1.21/identity/v3/auth/tokens 0.380s
2025-12-12 17:26:02.361 65966 INFO tempest.lib.common.rest_client [req-72b9514a-f4a0-42c0-b387-e6484ce4dd14 req-72b9514a-f4a0-42c0-b387-e6484ce4dd14 ] Request (TenantUsagesNegativeTestJSON:setUpClass): 201 POST http://10.180.1.21/identity/v3/auth/tokens 0.369s
2025-12-12 17:26:02.393 66012 INFO tempest.lib.common.rest_client [req-062dcd11-e5d1-45f6-b9d7-01eccfed94db req-062dcd11-e5d1-45f6-b9d7-01eccfed94db ] Request (ServersAdminNegativeTestJSON:setUpClass): 204 PUT http://10.180.1.21/identity/v3/projects/3349a689033248919c6d8ed297e0ad98/users/9db672434e1248a08f8444ec3b0a25e4/roles/568236dc7bec42319db2cd1291300e41 0.058s
2025-12-12 17:26:02.428 65976 INFO tempest.lib.common.rest_client [req-e48e4682-5e85-465c-996e-d90aca85d392 req-e48e4682-5e85-465c-996e-d90aca85d392 ] Request (AZV2TestJSON:tearDownClass): 204 DELETE http://10.180.1.21/identity/v3/users/5e41385cee9f409eb5f769c2d9fee1ad 0.160s
2025-12-12 17:26:02.429 65976 INFO tempest.lib.common.dynamic_creds [-] Deleting project and security group for project: eefe104717d74e37967a3d415151df7e
2025-12-12 17:26:02.498 65966 INFO tempest.lib.common.rest_client [req-6a7233c4-ba78-4f2a-bda7-1190dceb70e9 req-6a7233c4-ba78-4f2a-bda7-1190dceb70e9 ] Request (TenantUsagesNegativeTestJSON:setUpClass): 201 POST http://10.180.1.21/identity/v3/auth/tokens 0.131s
2025-12-12 17:26:02.510 65994 INFO tempest.lib.common.rest_client [req-cfc8a5be-e311-409e-b534-48276aa12b76 req-cfc8a5be-e311-409e-b534-48276aa12b76 ] Request (NetworksTest:setUpClass): 200 GET http://10.180.1.21/identity/v3/domains?name=Default 0.172s
2025-12-12 17:26:02.528 66012 INFO tempest.lib.common.rest_client [req-f4ec6309-3c68-4a22-bd77-539d9ccf18b8 req-f4ec6309-3c68-4a22-bd77-539d9ccf18b8 ] Request (ServersAdminNegativeTestJSON:setUpClass): 200 GET http://10.180.1.21/identity/v3/roles 0.134s
2025-12-12 17:26:02.537 65976 INFO tempest.lib.common.rest_client [req-50a483a0-82d2-4cb5-b9e0-8f803e2821cb req-50a483a0-82d2-4cb5-b9e0-8f803e2821cb ] Request (AZV2TestJSON:tearDownClass): 201 POST http://10.180.1.21/identity/v3/auth/tokens 0.108s
2025-12-12 17:26:02.556 65966 INFO tempest.lib.common.rest_client [req-7cb916b9-7ca2-44e1-8aec-27d85a6db0e6 req-7cb916b9-7ca2-44e1-8aec-27d85a6db0e6 ] Request (TenantUsagesNegativeTestJSON:setUpClass): 200 GET http://10.180.1.21/identity/v3/domains?name=Default 0.057s
2025-12-12 17:26:02.563 66028 INFO tempest.lib.common.rest_client [req-d52e5627-8c03-4389-9127-ab9d0e95ee65 req-d52e5627-8c03-4389-9127-ab9d0e95ee65 ] Request (VolumesAssistedSnapshotsTest:test_volume_assisted_snapshot_create_delete): 201 POST http://10.180.1.21/networking/v2.0/floatingips 0.581s
2025-12-12 17:26:02.572 66012 INFO tempest.lib.common.rest_client [req-5a34da9c-235d-4e8f-92ed-49fd1c661f83 req-5a34da9c-235d-4e8f-92ed-49fd1c661f83 ] Request (ServersAdminNegativeTestJSON:setUpClass): 204 PUT http://10.180.1.21/identity/v3/projects/3349a689033248919c6d8ed297e0ad98/users/9db672434e1248a08f8444ec3b0a25e4/roles/568236dc7bec42319db2cd1291300e41 0.043s
2025-12-12 17:26:02.572 66012 INFO tempest.lib.common.dynamic_creds [-] Dynamic test user 9db672434e1248a08f8444ec3b0a25e4 is created with scope project and roles: ['admin']
2025-12-12 17:26:02.572 66012 INFO tempest.lib.common.dynamic_creds [-] Acquired dynamic creds: credentials: Credentials: {'domain_id': 'default', 'domain_name': 'Default', 'username': 'tempest-ServersAdminNegativeTestJSON-377808891-project-admin', 'project_domain_id': 'default', 'project_domain_name': 'Default', 'project_id': '3349a689033248919c6d8ed297e0ad98', 'project_name': 'tempest-ServersAdminNegativeTestJSON-377808891', 'tenant_id': '3349a689033248919c6d8ed297e0ad98', 'tenant_name': 'tempest-ServersAdminNegativeTestJSON-377808891', 'user_domain_id': 'default', 'user_domain_name': 'Default', 'user_id': '9db672434e1248a08f8444ec3b0a25e4', 'system': None}, Network: None, Subnet: None, Router: None
2025-12-12 17:26:02.572 66012 INFO tempest.lib.common.dynamic_creds [-] Created isolated network resources for: credentials: Credentials: {'domain_id': 'default', 'domain_name': 'Default', 'username': 'tempest-ServersAdminNegativeTestJSON-377808891-project-admin', 'project_domain_id': 'default', 'project_domain_name': 'Default', 'project_id': '3349a689033248919c6d8ed297e0ad98', 'project_name': 'tempest-ServersAdminNegativeTestJSON-377808891', 'tenant_id': '3349a689033248919c6d8ed297e0ad98', 'tenant_name': 'tempest-ServersAdminNegativeTestJSON-377808891', 'user_domain_id': 'default', 'user_domain_name': 'Default', 'user_id': '9db672434e1248a08f8444ec3b0a25e4', 'system': None}, Network: None, Subnet: None, Router: None
2025-12-12 17:26:02.574 65994 INFO tempest.lib.common.rest_client [req-f8bdf93f-b63c-444c-ae04-6752ab34c3fd req-f8bdf93f-b63c-444c-ae04-6752ab34c3fd ] Request (NetworksTest:setUpClass): 201 POST http://10.180.1.21/identity/v3/projects 0.064s
2025-12-12 17:26:02.632 66028 INFO tempest.lib.common.rest_client [req-1952680e-b392-4398-acdc-b42ccb434170 req-1952680e-b392-4398-acdc-b42ccb434170 ] Request (VolumesAssistedSnapshotsTest:test_volume_assisted_snapshot_create_delete): 201 POST http://10.180.1.21/identity/v3/auth/tokens 0.065s
2025-12-12 17:26:02.633 66028 INFO tempest.lib.common.fixed_network [-] (VolumesAssistedSnapshotsTest:test_volume_assisted_snapshot_create_delete) Found network {'id': '8ca1a33f-de79-4f95-9015-aa5e8e44cb23', 'name': 'tempest-VolumesAssistedSnapshotsTest-1757064406-network', 'tenant_id': '9e2ade3c983440f2916a636f9bf8b981', 'project_id': '9e2ade3c983440f2916a636f9bf8b981', 'admin_state_up': True, 'mtu': 8950, 'status': 'ACTIVE', 'subnets': [], 'shared': False, 'port_security_enabled': True, 'router:external': False, 'provider:network_type': 'vlan', 'provider:physical_network': 'default', 'provider:segmentation_id': 415, 'availability_zone_hints': [], 'availability_zones': [], 'ipv4_address_scope': None, 'ipv6_address_scope': None, 'description': '', 'tags': [], 'created_at': '2025-12-12T17:25:41Z', 'updated_at': '2025-12-12T17:25:41Z', 'revision_number': 1} available for tenant
2025-12-12 17:26:02.661 65966 INFO tempest.lib.common.rest_client [req-61b46ac8-b39a-4146-867b-49ef418c634b req-61b46ac8-b39a-4146-867b-49ef418c634b ] Request (TenantUsagesNegativeTestJSON:setUpClass): 201 POST http://10.180.1.21/identity/v3/projects 0.104s
2025-12-12 17:26:02.699 66012 INFO tempest.lib.common.rest_client [req-7935da7d-fc80-49c5-a657-ed9779d31365 req-7935da7d-fc80-49c5-a657-ed9779d31365 ] Request (ServersAdminNegativeTestJSON:setUpClass): 201 POST http://10.180.1.21/identity/v3/auth/tokens 0.124s
2025-12-12 17:26:02.713 65994 INFO tempest.lib.common.rest_client [req-c44fbf5e-aa1f-4e01-919c-28df5232542c req-c44fbf5e-aa1f-4e01-919c-28df5232542c ] Request (NetworksTest:setUpClass): 201 POST http://10.180.1.21/identity/v3/users 0.138s
2025-12-12 17:26:02.722 65966 INFO tempest.lib.common.rest_client [req-d1c41449-6bf3-4e61-b8c1-234724680a4f req-d1c41449-6bf3-4e61-b8c1-234724680a4f ] Request (TenantUsagesNegativeTestJSON:setUpClass): 201 POST http://10.180.1.21/identity/v3/users 0.061s
2025-12-12 17:26:02.763 66012 INFO tempest.lib.common.rest_client [req-80ec4ca0-f6b2-4e0a-8ded-e91b061fe00a req-80ec4ca0-f6b2-4e0a-8ded-e91b061fe00a ] Request (ServersAdminNegativeTestJSON:setUpClass): 201 POST http://10.180.1.21/identity/v3/auth/tokens 0.058s
2025-12-12 17:26:02.763 66012 INFO tempest.lib.common.fixed_network [-] (ServersAdminNegativeTestJSON:setUpClass) Found network None available for tenant
2025-12-12 17:26:02.783 65994 INFO tempest.lib.common.rest_client [req-9a20daa8-3dbc-425c-8944-5e075da51ce7 req-9a20daa8-3dbc-425c-8944-5e075da51ce7 ] Request (NetworksTest:setUpClass): 200 GET http://10.180.1.21/identity/v3/roles 0.070s
2025-12-12 17:26:02.786 65966 INFO tempest.lib.common.rest_client [req-45afd6a2-b701-4099-9adf-4a5ce3d3b872 req-45afd6a2-b701-4099-9adf-4a5ce3d3b872 ] Request (TenantUsagesNegativeTestJSON:setUpClass): 200 GET http://10.180.1.21/identity/v3/roles 0.063s
2025-12-12 17:26:02.818 65994 INFO tempest.lib.common.rest_client [req-63617c8c-a1d9-44ef-bcbc-7f0f19b56156 req-63617c8c-a1d9-44ef-bcbc-7f0f19b56156 ] Request (NetworksTest:setUpClass): 204 PUT http://10.180.1.21/identity/v3/projects/b4c34ef7ee59490884f2ba9a2f05a57f/users/b7e257427520499989829d4edc73641b/roles/c8a9eb5be65040ca8c10b7e1115dfa92 0.034s
2025-12-12 17:26:02.818 65994 INFO tempest.lib.common.dynamic_creds [-] Dynamic test user b7e257427520499989829d4edc73641b is created with scope project and roles: ['member']
2025-12-12 17:26:02.819 65994 INFO tempest.lib.common.dynamic_creds [-] Acquired dynamic creds: credentials: Credentials: {'domain_id': 'default', 'domain_name': 'Default', 'username': 'tempest-NetworksTest-535978215-project-member', 'project_domain_id': 'default', 'project_domain_name': 'Default', 'project_id': 'b4c34ef7ee59490884f2ba9a2f05a57f', 'project_name': 'tempest-NetworksTest-535978215', 'tenant_id': 'b4c34ef7ee59490884f2ba9a2f05a57f', 'tenant_name': 'tempest-NetworksTest-535978215', 'user_domain_id': 'default', 'user_domain_name': 'Default', 'user_id': 'b7e257427520499989829d4edc73641b', 'system': None}, Network: None, Subnet: None, Router: None
2025-12-12 17:26:02.819 65994 INFO tempest.lib.common.dynamic_creds [-] Created isolated network resources for: credentials: Credentials: {'domain_id': 'default', 'domain_name': 'Default', 'username': 'tempest-NetworksTest-535978215-project-member', 'project_domain_id': 'default', 'project_domain_name': 'Default', 'project_id': 'b4c34ef7ee59490884f2ba9a2f05a57f', 'project_name': 'tempest-NetworksTest-535978215', 'tenant_id': 'b4c34ef7ee59490884f2ba9a2f05a57f', 'tenant_name': 'tempest-NetworksTest-535978215', 'user_domain_id': 'default', 'user_domain_name': 'Default', 'user_id': 'b7e257427520499989829d4edc73641b', 'system': None}, Network: None, Subnet: None, Router: None
2025-12-12 17:26:02.824 65966 INFO tempest.lib.common.rest_client [req-ebcb398f-f21d-4b7e-b095-d0e102ac19b6 req-ebcb398f-f21d-4b7e-b095-d0e102ac19b6 ] Request (TenantUsagesNegativeTestJSON:setUpClass): 204 PUT http://10.180.1.21/identity/v3/projects/17b86f653db2422a9413f0fbfc4247bc/users/4bb777c6bba9451183bc0f05e2a92120/roles/c8a9eb5be65040ca8c10b7e1115dfa92 0.037s
2025-12-12 17:26:02.824 65966 INFO tempest.lib.common.dynamic_creds [-] Dynamic test user 4bb777c6bba9451183bc0f05e2a92120 is created with scope project and roles: ['member']
2025-12-12 17:26:02.824 65966 INFO tempest.lib.common.dynamic_creds [-] Acquired dynamic creds: credentials: Credentials: {'domain_id': 'default', 'domain_name': 'Default', 'username': 'tempest-TenantUsagesNegativeTestJSON-1979167348-project-member', 'project_domain_id': 'default', 'project_domain_name': 'Default', 'project_id': '17b86f653db2422a9413f0fbfc4247bc', 'project_name': 'tempest-TenantUsagesNegativeTestJSON-1979167348', 'tenant_id': '17b86f653db2422a9413f0fbfc4247bc', 'tenant_name': 'tempest-TenantUsagesNegativeTestJSON-1979167348', 'user_domain_id': 'default', 'user_domain_name': 'Default', 'user_id': '4bb777c6bba9451183bc0f05e2a92120', 'system': None}, Network: None, Subnet: None, Router: None
2025-12-12 17:26:02.825 65966 INFO tempest.lib.common.dynamic_creds [-] Created isolated network resources for: credentials: Credentials: {'domain_id': 'default', 'domain_name': 'Default', 'username': 'tempest-TenantUsagesNegativeTestJSON-1979167348-project-member', 'project_domain_id': 'default', 'project_domain_name': 'Default', 'project_id': '17b86f653db2422a9413f0fbfc4247bc', 'project_name': 'tempest-TenantUsagesNegativeTestJSON-1979167348', 'tenant_id': '17b86f653db2422a9413f0fbfc4247bc', 'tenant_name': 'tempest-TenantUsagesNegativeTestJSON-1979167348', 'user_domain_id': 'default', 'user_domain_name': 'Default', 'user_id': '4bb777c6bba9451183bc0f05e2a92120', 'system': None}, Network: None, Subnet: None, Router: None
2025-12-12 17:26:02.891 65976 INFO tempest.lib.common.rest_client [req-f3069204-01e1-480d-802e-e238873dab69 req-f3069204-01e1-480d-802e-e238873dab69 ] Request (AZV2TestJSON:tearDownClass): 200 GET http://10.180.1.21/networking/v2.0/security-groups?tenant_id=eefe104717d74e37967a3d415151df7e&name=default 0.354s
2025-12-12 17:26:02.905 65966 INFO tempest.lib.common.rest_client [req-82b60191-e35c-46c2-8eae-6367c01e6035 req-82b60191-e35c-46c2-8eae-6367c01e6035 ] Request (TenantUsagesNegativeTestJSON:setUpClass): 201 POST http://10.180.1.21/identity/v3/auth/tokens 0.077s
2025-12-12 17:26:02.906 65994 INFO tempest.lib.common.rest_client [req-6daf2690-ae1b-4fd0-86a9-a913de9a0334 req-6daf2690-ae1b-4fd0-86a9-a913de9a0334 ] Request (NetworksTest:setUpClass): 201 POST http://10.180.1.21/identity/v3/auth/tokens 0.084s
2025-12-12 17:26:02.971 65994 INFO tempest.lib.common.rest_client [req-86a51708-fa79-4e4a-9143-a58b9b8836f1 req-86a51708-fa79-4e4a-9143-a58b9b8836f1 ] Request (NetworksTest:setUpClass): 201 POST http://10.180.1.21/identity/v3/projects 0.065s
2025-12-12 17:26:02.973 65966 INFO tempest.lib.common.rest_client [req-95f96530-ee01-4a1f-8b54-1149bc187deb req-95f96530-ee01-4a1f-8b54-1149bc187deb ] Request (TenantUsagesNegativeTestJSON:setUpClass): 201 POST http://10.180.1.21/identity/v3/projects 0.067s
2025-12-12 17:26:03.030 65980 INFO tempest.lib.common.rest_client [req-777fe2d3-cc21-4c15-91d6-787383c8f4eb req-777fe2d3-cc21-4c15-91d6-787383c8f4eb ] Request (SecurityGroupRulesTestJSON:test_security_group_rules_create_with_optional_cidr): 200 POST http://10.180.1.21/compute/v2.1/os-security-group-rules 5.390s
2025-12-12 17:26:03.036 65966 INFO tempest.lib.common.rest_client [req-dedf9186-14b6-498f-80b9-fe3340c9b781 req-dedf9186-14b6-498f-80b9-fe3340c9b781 ] Request (TenantUsagesNegativeTestJSON:setUpClass): 201 POST http://10.180.1.21/identity/v3/users 0.062s
2025-12-12 17:26:03.061 65972 INFO tempest.lib.common.rest_client [req-c2c49ec7-4f96-4a15-96e3-9561e3d7bb6e req-c2c49ec7-4f96-4a15-96e3-9561e3d7bb6e ] Request (ServerMetadataTestJSON:setUpClass): 200 GET http://10.180.1.21/compute/v2.1/servers/fad81a3f-1fd0-467b-8809-a6a0312145b4 4.527s
2025-12-12 17:26:03.071 65994 INFO tempest.lib.common.rest_client [req-76943941-d2c0-409d-bd99-320f7e5eee74 req-76943941-d2c0-409d-bd99-320f7e5eee74 ] Request (NetworksTest:setUpClass): 201 POST http://10.180.1.21/identity/v3/users 0.099s
2025-12-12 17:26:03.090 65966 INFO tempest.lib.common.rest_client [req-236e84f8-88f7-475e-adbb-60a1b124504b req-236e84f8-88f7-475e-adbb-60a1b124504b ] Request (TenantUsagesNegativeTestJSON:setUpClass): 200 GET http://10.180.1.21/identity/v3/roles 0.053s
2025-12-12 17:26:03.109 65994 INFO tempest.lib.common.rest_client [req-048e9b0c-686c-46fe-92f6-349d1f195d7c req-048e9b0c-686c-46fe-92f6-349d1f195d7c ] Request (NetworksTest:setUpClass): 200 GET http://10.180.1.21/identity/v3/roles 0.038s
2025-12-12 17:26:03.134 65966 INFO tempest.lib.common.rest_client [req-0d0e35d7-2ca0-470e-bb5f-4f3aa39f2305 req-0d0e35d7-2ca0-470e-bb5f-4f3aa39f2305 ] Request (TenantUsagesNegativeTestJSON:setUpClass): 204 PUT http://10.180.1.21/identity/v3/projects/d6644eda59e94482964cf78e3563e07e/users/f8b3fec1061f47618a59fb7f4cb2d79a/roles/568236dc7bec42319db2cd1291300e41 0.043s
2025-12-12 17:26:03.157 65976 INFO tempest.lib.common.rest_client [req-a6ec1ada-b4aa-4e0a-a6c6-3dc8af6dcd2c req-a6ec1ada-b4aa-4e0a-a6c6-3dc8af6dcd2c ] Request (AZV2TestJSON:tearDownClass): 204 DELETE http://10.180.1.21/networking/v2.0/security-groups/1b2cc047-46ad-4335-87b5-e97425950410 0.265s
2025-12-12 17:26:03.189 65994 INFO tempest.lib.common.rest_client [req-a3474b66-292c-4470-9f8c-26d744300dd4 req-a3474b66-292c-4470-9f8c-26d744300dd4 ] Request (NetworksTest:setUpClass): 204 PUT http://10.180.1.21/identity/v3/projects/af9dcfad202c457097439643cd1a4757/users/abb34ce532ed4a07ad51ccfb54c4eaf1/roles/568236dc7bec42319db2cd1291300e41 0.080s
2025-12-12 17:26:03.191 65966 INFO tempest.lib.common.rest_client [req-8cd0af3e-a084-4716-a3c5-f1fd6823fe78 req-8cd0af3e-a084-4716-a3c5-f1fd6823fe78 ] Request (TenantUsagesNegativeTestJSON:setUpClass): 200 GET http://10.180.1.21/identity/v3/roles 0.056s
2025-12-12 17:26:03.247 65994 INFO tempest.lib.common.rest_client [req-20f9861c-e9b6-4e5e-95fb-68b4ab9614e0 req-20f9861c-e9b6-4e5e-95fb-68b4ab9614e0 ] Request (NetworksTest:setUpClass): 200 GET http://10.180.1.21/identity/v3/roles 0.058s
2025-12-12 17:26:03.256 66026 INFO tempest.lib.common.rest_client [req-40740b5a-f645-434a-b6aa-bc3f8b4b4e5f req-40740b5a-f645-434a-b6aa-bc3f8b4b4e5f ] Request (FloatingIPsNegativeTestJSON:setUpClass): 200 GET http://10.180.1.21/compute/v2.1/os-floating-ips 4.652s
2025-12-12 17:26:03.267 65966 INFO tempest.lib.common.rest_client [req-215c36c8-ab1b-400c-8316-a1ef43ce9ddc req-215c36c8-ab1b-400c-8316-a1ef43ce9ddc ] Request (TenantUsagesNegativeTestJSON:setUpClass): 204 PUT http://10.180.1.21/identity/v3/projects/d6644eda59e94482964cf78e3563e07e/users/f8b3fec1061f47618a59fb7f4cb2d79a/roles/568236dc7bec42319db2cd1291300e41 0.076s
2025-12-12 17:26:03.267 65966 INFO tempest.lib.common.dynamic_creds [-] Dynamic test user f8b3fec1061f47618a59fb7f4cb2d79a is created with scope project and roles: ['admin']
2025-12-12 17:26:03.268 65966 INFO tempest.lib.common.dynamic_creds [-] Acquired dynamic creds: credentials: Credentials: {'domain_id': 'default', 'domain_name': 'Default', 'username': 'tempest-TenantUsagesNegativeTestJSON-1188952152-project-admin', 'project_domain_id': 'default', 'project_domain_name': 'Default', 'project_id': 'd6644eda59e94482964cf78e3563e07e', 'project_name': 'tempest-TenantUsagesNegativeTestJSON-1188952152', 'tenant_id': 'd6644eda59e94482964cf78e3563e07e', 'tenant_name': 'tempest-TenantUsagesNegativeTestJSON-1188952152', 'user_domain_id': 'default', 'user_domain_name': 'Default', 'user_id': 'f8b3fec1061f47618a59fb7f4cb2d79a', 'system': None}, Network: None, Subnet: None, Router: None
2025-12-12 17:26:03.268 65966 INFO tempest.lib.common.dynamic_creds [-] Created isolated network resources for: credentials: Credentials: {'domain_id': 'default', 'domain_name': 'Default', 'username': 'tempest-TenantUsagesNegativeTestJSON-1188952152-project-admin', 'project_domain_id': 'default', 'project_domain_name': 'Default', 'project_id': 'd6644eda59e94482964cf78e3563e07e', 'project_name': 'tempest-TenantUsagesNegativeTestJSON-1188952152', 'tenant_id': 'd6644eda59e94482964cf78e3563e07e', 'tenant_name': 'tempest-TenantUsagesNegativeTestJSON-1188952152', 'user_domain_id': 'default', 'user_domain_name': 'Default', 'user_id': 'f8b3fec1061f47618a59fb7f4cb2d79a', 'system': None}, Network: None, Subnet: None, Router: None
2025-12-12 17:26:03.283 65976 INFO tempest.lib.common.rest_client [req-9f99b56b-d33f-4472-9797-7776b959a801 req-9f99b56b-d33f-4472-9797-7776b959a801 ] Request (AZV2TestJSON:tearDownClass): 204 DELETE http://10.180.1.21/identity/v3/projects/eefe104717d74e37967a3d415151df7e 0.125s
2025-12-12 17:26:03.315 65986 INFO tempest.lib.common.rest_client [req-4acb7e54-a099-400d-90f9-3ebd1f38703b req-4acb7e54-a099-400d-90f9-3ebd1f38703b ] Request (ServerExternalEventsTest:test_create_server_external_events): 200 GET http://10.180.1.21/compute/v2.1/servers/ab37484d-e00a-4de5-b920-b7dee90d9446 4.507s
2025-12-12 17:26:03.326 65994 INFO tempest.lib.common.rest_client [req-dc30d3ee-1325-46dd-acc2-dfe5fdc5f979 req-dc30d3ee-1325-46dd-acc2-dfe5fdc5f979 ] Request (NetworksTest:setUpClass): 204 PUT http://10.180.1.21/identity/v3/projects/af9dcfad202c457097439643cd1a4757/users/abb34ce532ed4a07ad51ccfb54c4eaf1/roles/568236dc7bec42319db2cd1291300e41 0.078s
2025-12-12 17:26:03.326 65994 INFO tempest.lib.common.dynamic_creds [-] Dynamic test user abb34ce532ed4a07ad51ccfb54c4eaf1 is created with scope project and roles: ['admin']
2025-12-12 17:26:03.326 65994 INFO tempest.lib.common.dynamic_creds [-] Acquired dynamic creds: credentials: Credentials: {'domain_id': 'default', 'domain_name': 'Default', 'username': 'tempest-NetworksTest-2051903056-project-admin', 'project_domain_id': 'default', 'project_domain_name': 'Default', 'project_id': 'af9dcfad202c457097439643cd1a4757', 'project_name': 'tempest-NetworksTest-2051903056', 'tenant_id': 'af9dcfad202c457097439643cd1a4757', 'tenant_name': 'tempest-NetworksTest-2051903056', 'user_domain_id': 'default', 'user_domain_name': 'Default', 'user_id': 'abb34ce532ed4a07ad51ccfb54c4eaf1', 'system': None}, Network: None, Subnet: None, Router: None
2025-12-12 17:26:03.326 65994 INFO tempest.lib.common.dynamic_creds [-] Created isolated network resources for: credentials: Credentials: {'domain_id': 'default', 'domain_name': 'Default', 'username': 'tempest-NetworksTest-2051903056-project-admin', 'project_domain_id': 'default', 'project_domain_name': 'Default', 'project_id': 'af9dcfad202c457097439643cd1a4757', 'project_name': 'tempest-NetworksTest-2051903056', 'tenant_id': 'af9dcfad202c457097439643cd1a4757', 'tenant_name': 'tempest-NetworksTest-2051903056', 'user_domain_id': 'default', 'user_domain_name': 'Default', 'user_id': 'abb34ce532ed4a07ad51ccfb54c4eaf1', 'system': None}, Network: None, Subnet: None, Router: None
2025-12-12 17:26:03.335 66024 INFO tempest.lib.common.rest_client [req-51cd3bfe-4e9a-4db6-8aee-a9814b15048d req-51cd3bfe-4e9a-4db6-8aee-a9814b15048d ] Request (KeyPairsV2TestJSON:_run_cleanups): 202 DELETE http://10.180.1.21/compute/v2.1/os-keypairs/tempest-keypair-1318217776 4.240s
2025-12-12 17:26:03.361 65966 INFO tempest.lib.common.rest_client [req-b8d76f3c-76a2-4ac9-a69c-e86f1da16584 req-b8d76f3c-76a2-4ac9-a69c-e86f1da16584 ] Request (TenantUsagesNegativeTestJSON:setUpClass): 201 POST http://10.180.1.21/identity/v3/auth/tokens 0.090s
2025-12-12 17:26:03.364 66000 INFO tempest.lib.common.rest_client [req-ddc70c11-c1af-4531-a6a1-028154c8e3fb req-ddc70c11-c1af-4531-a6a1-028154c8e3fb ] Request (ServersAdminTestJSON:setUpClass): 200 GET http://10.180.1.21/compute/v2.1/servers/1dca13f1-e55e-45f2-9aeb-12a9ce0bf1e7 4.333s
2025-12-12 17:26:03.387 66018 INFO tempest.lib.common.rest_client [req-7d247bec-c464-4f2c-a2bf-0e4eb26b1c22 req-7d247bec-c464-4f2c-a2bf-0e4eb26b1c22 ] Request (HypervisorAdminTestJSON:test_get_hypervisor_stats): 200 GET http://10.180.1.21/compute/v2.1/os-hypervisors/statistics 3.779s
2025-12-12 17:26:03.393 65976 INFO tempest.lib.common.rest_client [req-ff1362d7-fbdd-45a2-a4d5-1885dac2f214 req-ff1362d7-fbdd-45a2-a4d5-1885dac2f214 ] Request (ServersTestJSON:setUpClass): 201 POST http://10.180.1.21/identity/v3/auth/tokens 0.109s
2025-12-12 17:26:03.395 65984 INFO tempest.lib.common.rest_client [req-3de9bab6-7408-447d-ac8f-c43fc49263a9 req-3de9bab6-7408-447d-ac8f-c43fc49263a9 ] Request (HypervisorAdminNegativeTestJSON:test_get_hypervisor_uptime_with_non_admin_user): 403 GET http://10.180.1.21/compute/v2.1/os-hypervisors/1/uptime 3.581s
2025-12-12 17:26:03.402 65988 INFO tempest.lib.common.rest_client [req-76af42db-62bb-429d-a42e-9b0db69cdfe8 req-76af42db-62bb-429d-a42e-9b0db69cdfe8 ] Request (HypervisorAdminNegativeUnderV252Test:test_show_servers_with_non_admin_user): 403 GET http://10.180.1.21/compute/v2.1/os-hypervisors/1/servers 2.921s
2025-12-12 17:26:03.410 65982 INFO tempest.lib.common.rest_client [req-86580391-8c32-4749-b791-7af48d78f008 req-86580391-8c32-4749-b791-7af48d78f008 ] Request (HostsAdminNegativeTestJSON:test_show_host_detail_with_non_admin_user): 403 GET http://10.180.1.21/compute/v2.1/os-hosts/devstack 2.898s
2025-12-12 17:26:03.434 65994 INFO tempest.lib.common.rest_client [req-f4ef6271-8c42-4c54-80ba-427c058c423c req-f4ef6271-8c42-4c54-80ba-427c058c423c ] Request (NetworksTest:setUpClass): 201 POST http://10.180.1.21/identity/v3/auth/tokens 0.106s
2025-12-12 17:26:03.512 66018 INFO tempest.lib.common.rest_client [req-5a5ea4ed-e61b-4597-b1e0-d5b79c66adb2 req-5a5ea4ed-e61b-4597-b1e0-d5b79c66adb2 ] Request (HypervisorAdminTestJSON:tearDownClass): 204 DELETE http://10.180.1.21/identity/v3/users/758cd519a4ae42aa8168e13e4299775c 0.119s
2025-12-12 17:26:03.529 65976 INFO tempest.lib.common.rest_client [req-3735a762-c8ec-4565-966c-e895049f5e36 req-3735a762-c8ec-4565-966c-e895049f5e36 ] Request (ServersTestJSON:setUpClass): 201 POST http://10.180.1.21/identity/v3/auth/tokens 0.132s
2025-12-12 17:26:03.616 65976 INFO tempest.lib.common.rest_client [req-b16b4099-5915-4cd8-a51c-91c5d2c30573 req-b16b4099-5915-4cd8-a51c-91c5d2c30573 ] Request (ServersTestJSON:setUpClass): 200 GET http://10.180.1.21/identity/v3/domains?name=Default 0.087s
2025-12-12 17:26:03.645 66018 INFO tempest.lib.common.rest_client [req-96ab7a29-91da-4d1f-99ad-6a9656984636 req-96ab7a29-91da-4d1f-99ad-6a9656984636 ] Request (HypervisorAdminTestJSON:tearDownClass): 204 DELETE http://10.180.1.21/identity/v3/users/07f0a22364004109a66c22667392210c 0.132s
2025-12-12 17:26:03.646 66018 INFO tempest.lib.common.dynamic_creds [-] Deleting project and security group for project: 5a86cafd71e944d299f531767595402c
2025-12-12 17:26:03.712 65976 INFO tempest.lib.common.rest_client [req-87f7259e-f0d3-4e11-be64-2047e413a13f req-87f7259e-f0d3-4e11-be64-2047e413a13f ] Request (ServersTestJSON:setUpClass): 201 POST http://10.180.1.21/identity/v3/projects 0.095s
2025-12-12 17:26:03.763 66018 INFO tempest.lib.common.rest_client [req-94af28cb-b659-4ed8-9553-2be9d537a310 req-94af28cb-b659-4ed8-9553-2be9d537a310 ] Request (HypervisorAdminTestJSON:tearDownClass): 201 POST http://10.180.1.21/identity/v3/auth/tokens 0.117s
2025-12-12 17:26:03.796 65976 INFO tempest.lib.common.rest_client [req-f9712101-c62c-4b72-bee2-666f6156a194 req-f9712101-c62c-4b72-bee2-666f6156a194 ] Request (ServersTestJSON:setUpClass): 201 POST http://10.180.1.21/identity/v3/users 0.083s
2025-12-12 17:26:03.821 65976 INFO tempest.lib.common.rest_client [req-af6b6786-fc24-4802-88ba-d19d34156719 req-af6b6786-fc24-4802-88ba-d19d34156719 ] Request (ServersTestJSON:setUpClass): 200 GET http://10.180.1.21/identity/v3/roles 0.024s
2025-12-12 17:26:03.865 65976 INFO tempest.lib.common.rest_client [req-523c1716-16cf-4953-aff7-a7c86cfdb058 req-523c1716-16cf-4953-aff7-a7c86cfdb058 ] Request (ServersTestJSON:setUpClass): 204 PUT http://10.180.1.21/identity/v3/projects/47421fff481b41f1bd3aafd81ba96641/users/65649bf7792441149ebd0cab93f9e545/roles/c8a9eb5be65040ca8c10b7e1115dfa92 0.043s
2025-12-12 17:26:03.865 65976 INFO tempest.lib.common.dynamic_creds [-] Dynamic test user 65649bf7792441149ebd0cab93f9e545 is created with scope project and roles: ['member']
2025-12-12 17:26:03.865 65976 INFO tempest.lib.common.dynamic_creds [-] Acquired dynamic creds: credentials: Credentials: {'domain_id': 'default', 'domain_name': 'Default', 'username': 'tempest-ServersTestJSON-1327571382-project-member', 'project_domain_id': 'default', 'project_domain_name': 'Default', 'project_id': '47421fff481b41f1bd3aafd81ba96641', 'project_name': 'tempest-ServersTestJSON-1327571382', 'tenant_id': '47421fff481b41f1bd3aafd81ba96641', 'tenant_name': 'tempest-ServersTestJSON-1327571382', 'user_domain_id': 'default', 'user_domain_name': 'Default', 'user_id': '65649bf7792441149ebd0cab93f9e545', 'system': None}, Network: None, Subnet: None, Router: None
2025-12-12 17:26:03.889 66002 INFO tempest.lib.common.rest_client [req-31848efc-9912-41f8-8265-3fd6a744b554 req-31848efc-9912-41f8-8265-3fd6a744b554 ] Request (AggregatesAdminNegativeTestJSON:_run_cleanups): 200 POST http://10.180.1.21/compute/v2.1/os-aggregates/1/action 3.322s
2025-12-12 17:26:03.930 65976 INFO tempest.lib.common.rest_client [req-d73b27f2-eea0-4e07-8e09-75e1897d94a7 req-d73b27f2-eea0-4e07-8e09-75e1897d94a7 ] Request (ServersTestJSON:setUpClass): 201 POST http://10.180.1.21/identity/v3/auth/tokens 0.064s
2025-12-12 17:26:04.048 66018 INFO tempest.lib.common.rest_client [req-1f29b392-c5c0-44d1-9271-32af6f2f5ce0 req-1f29b392-c5c0-44d1-9271-32af6f2f5ce0 ] Request (HypervisorAdminTestJSON:tearDownClass): 200 GET http://10.180.1.21/networking/v2.0/security-groups?tenant_id=5a86cafd71e944d299f531767595402c&name=default 0.284s
2025-12-12 17:26:04.093 65997 INFO tempest.lib.common.rest_client [req-c69abeaf-070b-40da-b3f1-d9ee93c2c6f9 req-c69abeaf-070b-40da-b3f1-d9ee93c2c6f9 ] Request (QuotasAdminNegativeTest:test_create_server_when_cpu_quota_is_full): 200 PUT http://10.180.1.21/compute/v2.1/os-quota-sets/1c7a2d7ce0c140beb2e99f83acdb1e99 3.170s
