2024-10-05 21:20:03.298 62282 INFO tempest.lib.common.rest_client [req-9640c069-ba72-4391-b517-f795646c8b75 req-9640c069-ba72-4391-b517-f795646c8b75 ] Request (AttachInterfacesTestJSON:test_create_list_show_delete_interfaces_by_fixed_ip): 201 POST http://10.180.1.21/identity/v3/auth/tokens 0.058s
2024-10-05 21:20:03.298 62282 INFO tempest.lib.common.fixed_network [-] (AttachInterfacesTestJSON:test_create_list_show_delete_interfaces_by_fixed_ip) Found network {'id': '37f80b34-c397-4db8-9175-d8ca67a15f87', 'name': 'tempest-AttachInterfacesTestJSON-1305533076-network', 'tenant_id': '70558e6feedb424e9afe69b5845e2171', 'admin_state_up': True, 'mtu': 8950, 'status': 'ACTIVE', 'subnets': [], 'shared': False, 'project_id': '70558e6feedb424e9afe69b5845e2171', 'port_security_enabled': True, 'router:external': False, 'provider:network_type': 'vlan', 'provider:physical_network': 'default', 'provider:segmentation_id': 578, 'is_default': False, 'availability_zone_hints': [], 'availability_zones': [], 'ipv4_address_scope': None, 'ipv6_address_scope': None, 'description': '', 'tags': [], 'created_at': '2024-10-05T21:19:54Z', 'updated_at': '2024-10-05T21:19:54Z', 'revision_number': 1} available for tenant
2024-10-05 21:20:03.309 62320 INFO tempest.lib.common.rest_client [req-3f8a7bed-7015-49f9-8aa3-e4274b30d4d4 req-3f8a7bed-7015-49f9-8aa3-e4274b30d4d4 ] Request (QuotasAdminTestV257:test_get_updated_quotas): 200 PUT http://10.180.1.21/compute/v2.1/os-quota-sets/2661c8b4f3e34f949dc0b7ad5fb7b16c 0.840s
2024-10-05 21:20:03.328 62316 INFO tempest.lib.common.rest_client [req-46d4835e-1b1a-4371-b673-9f7c3105bd80 req-46d4835e-1b1a-4371-b673-9f7c3105bd80 ] Request (ListServersNegativeTestJSON:setUpClass): 200 GET http://10.180.1.21/compute/v2.1/servers/80f73479-19b0-46f1-a81d-ef59b555e1be 0.747s
2024-10-05 21:20:03.331 62280 INFO tempest.lib.common.rest_client [req-ed93750b-7768-488e-9104-ed580b5a36ed req-ed93750b-7768-488e-9104-ed580b5a36ed ] Request (ServerDiagnosticsV248Test:tearDownClass): 404 GET http://10.180.1.21/compute/v2.1/servers/65f379f7-9180-4190-9499-2f0c35e8fea2 0.665s
2024-10-05 21:20:03.365 62298 INFO tempest.lib.common.rest_client [req-346e921a-b6b3-4eca-a98e-067d353b796b req-346e921a-b6b3-4eca-a98e-067d353b796b ] Request (FlavorsAdminTestJSON:_run_cleanups): 200 GET http://10.180.1.21/compute/v2.1/flavors/detail 0.666s
2024-10-05 21:20:03.408 62280 INFO tempest.lib.common.rest_client [req-4ca2460f-11d5-4589-a10a-5ceb52cf15ed req-4ca2460f-11d5-4589-a10a-5ceb52cf15ed ] Request (ServerDiagnosticsV248Test:tearDownClass): 204 DELETE http://10.180.1.21/identity/v3/users/400501ddbe08446d948d341f8f39ce15 0.076s
2024-10-05 21:20:03.410 62284 INFO tempest.lib.common.rest_client [req-2c275835-440b-4c14-90a0-e0078da9e086 req-2c275835-440b-4c14-90a0-e0078da9e086 ] Request (ServerActionsTestOtherB:setUpClass): 200 GET http://10.180.1.21/compute/v2.1/servers/3f48bca6-0762-455f-9557-eacfee0dcc0e 0.738s
2024-10-05 21:20:03.422 62286 INFO tempest.lib.common.rest_client [req-fdc8d409-84f4-440b-932e-17c8718a23a0 req-fdc8d409-84f4-440b-932e-17c8718a23a0 ] Request (FloatingIPsAssociationNegativeTestJSON:setUpClass): 200 GET http://10.180.1.21/compute/v2.1/servers/98e94272-dd3d-465c-886b-cf4bf6a9e454 0.678s
2024-10-05 21:20:03.479 62288 INFO tempest.lib.common.rest_client [req-24befc94-d7a7-461a-b5c8-2f99c74cd55f req-24befc94-d7a7-461a-b5c8-2f99c74cd55f ] Request (ListImageFiltersTestJSON:setUpClass): 200 GET http://10.180.1.21/compute/v2.1/servers/99fd1d99-591a-4844-8b8f-faadde5f8356 0.695s
2024-10-05 21:20:03.488 62328 INFO tempest.lib.common.rest_client [req-bdc62994-cb07-4cb5-8d80-386014a93265 req-bdc62994-cb07-4cb5-8d80-386014a93265 ] Request (ServerMetadataTestJSON:setUpClass): 200 GET http://10.180.1.21/compute/v2.1/servers/2737381d-3ac6-4c35-99ba-043f37bad9cf 0.717s
2024-10-05 21:20:03.491 62280 INFO tempest.lib.common.rest_client [req-06f71af2-7999-4847-a784-0f08d28da72d req-06f71af2-7999-4847-a784-0f08d28da72d ] Request (ServerDiagnosticsV248Test:tearDownClass): 204 DELETE http://10.180.1.21/identity/v3/users/2c66d2058a834297b4e99a29a69c9e4a 0.083s
2024-10-05 21:20:03.491 62280 INFO tempest.lib.common.dynamic_creds [-] Deleting project and security group for project: dcc2b7b597734f5599bafa484c1df203
2024-10-05 21:20:03.496 62298 INFO tempest.lib.common.rest_client [req-879a709f-bc55-4751-bb99-ef896edcfdd8 req-879a709f-bc55-4751-bb99-ef896edcfdd8 ] Request (FlavorsAdminTestJSON:tearDownClass): 204 DELETE http://10.180.1.21/identity/v3/users/6e435b304606464abfdd493329cb2e86 0.124s
2024-10-05 21:20:03.506 62308 INFO tempest.lib.common.rest_client [req-44d33dce-9799-4d8d-8cf0-d9da6b00c566 req-44d33dce-9799-4d8d-8cf0-d9da6b00c566 ] Request (ServersNegativeTestMultiTenantJSON:setUpClass): 201 POST http://10.180.1.21:9696/networking/v2.0/subnets 0.600s
2024-10-05 21:20:03.548 62304 INFO tempest.lib.common.rest_client [req-324aadbb-9348-4ac3-9911-a6bfdf347a32 req-324aadbb-9348-4ac3-9911-a6bfdf347a32 ] Request (InstanceActionsTestJSON:setUpClass): 200 PUT http://10.180.1.21:9696/networking/v2.0/routers/b6e3f564-4cfa-4dc9-84a0-99a7edf1d350/add_router_interface 3.420s
2024-10-05 21:20:03.548 62304 INFO tempest.lib.common.dynamic_creds [-] Created isolated network resources for: credentials: Credentials: {'domain_id': 'default', 'domain_name': 'Default', 'username': 'tempest-InstanceActionsTestJSON-1594761464-project-member', 'project_domain_id': 'default', 'project_domain_name': 'Default', 'project_id': 'bec8b3b7aed045c883ad58ae0cddb710', 'project_name': 'tempest-InstanceActionsTestJSON-1594761464', 'tenant_id': 'bec8b3b7aed045c883ad58ae0cddb710', 'tenant_name': 'tempest-InstanceActionsTestJSON-1594761464', 'user_domain_id': 'default', 'user_domain_name': 'Default', 'user_id': '0d929d69b4784ed99aa1a4edd3fc9322', 'system': None}, Network: {'id': '83c8c40e-78b0-4bc1-93c6-247ca415adaa', 'name': 'tempest-InstanceActionsTestJSON-1659620938-network', 'tenant_id': 'bec8b3b7aed045c883ad58ae0cddb710', 'admin_state_up': True, 'mtu': 8950, 'status': 'ACTIVE', 'subnets': [], 'shared': False, 'project_id': 'bec8b3b7aed045c883ad58ae0cddb710', 'port_security_enabled': True, 'router:external': False, 'provider:network_type': 'vlan', 'provider:physical_network': 'default', 'provider:segmentation_id': 143, 'is_default': False, 'availability_zone_hints': [], 'availability_zones': [], 'ipv4_address_scope': None, 'ipv6_address_scope': None, 'description': '', 'tags': [], 'created_at': '2024-10-05T21:19:56Z', 'updated_at': '2024-10-05T21:19:56Z', 'revision_number': 1}, Subnet: {'id': 'bb0ee1b0-3385-4803-9493-9c7e91c1a739', 'name': 'tempest-InstanceActionsTestJSON-1659620938-subnet', 'tenant_id': 'bec8b3b7aed045c883ad58ae0cddb710', 'network_id': '83c8c40e-78b0-4bc1-93c6-247ca415adaa', 'ip_version': 4, 'subnetpool_id': None, 'enable_dhcp': True, 'ipv6_ra_mode': None, 'ipv6_address_mode': None, 'gateway_ip': '192.168.128.1', 'cidr': '192.168.128.0/28', 'allocation_pools': [{'start': '192.168.128.2', 'end': '192.168.128.14'}], 'host_routes': [], 'dns_nameservers': [], 'description': '', 'router:external': False, 'service_types': [], 'tags': [], 'created_at': '2024-10-05T21:19:57Z', 'updated_at': '2024-10-05T21:19:57Z', 'revision_number': 0, 'project_id': 'bec8b3b7aed045c883ad58ae0cddb710'}, Router: {'id': 'b6e3f564-4cfa-4dc9-84a0-99a7edf1d350', 'name': 'tempest-InstanceActionsTestJSON-1659620938-router', 'tenant_id': 'bec8b3b7aed045c883ad58ae0cddb710', 'admin_state_up': True, 'status': 'ACTIVE', 'external_gateway_info': {'network_id': 'df4eb953-c6fe-48ee-9891-e1dcc66cbca1', 'external_fixed_ips': [{'subnet_id': '30e2cb7e-7e64-448b-8f43-c414e345292e', 'ip_address': '10.180.180.174'}], 'enable_snat': True}, 'description': '', 'availability_zones': [], 'distributed': False, 'ha': False, 'availability_zone_hints': [], 'routes': [], 'flavor_id': None, 'tags': [], 'created_at': '2024-10-05T21:19:57Z', 'updated_at': '2024-10-05T21:19:58Z', 'revision_number': 2, 'project_id': 'bec8b3b7aed045c883ad58ae0cddb710'}
2024-10-05 21:20:03.557 62294 INFO tempest.lib.common.rest_client [req-feedd60d-60da-42f8-95ee-ef37b632646f req-feedd60d-60da-42f8-95ee-ef37b632646f ] Request (VolumesAssistedSnapshotsTest:test_volume_assisted_snapshot_create_delete): 200 GET http://10.180.1.21/compute/v2.1/servers/ce2ea43f-e977-4211-bb83-3014d18cb162 0.672s
2024-10-05 21:20:03.584 62280 INFO tempest.lib.common.rest_client [req-ba937fe0-8086-490d-a523-41ef5fb1d352 req-ba937fe0-8086-490d-a523-41ef5fb1d352 ] Request (ServerDiagnosticsV248Test:tearDownClass): 201 POST http://10.180.1.21/identity/v3/auth/tokens 0.092s
2024-10-05 21:20:03.601 62298 INFO tempest.lib.common.rest_client [req-bcb4b4d5-4702-4a95-af61-ca9b16bdadd6 req-bcb4b4d5-4702-4a95-af61-ca9b16bdadd6 ] Request (FlavorsAdminTestJSON:tearDownClass): 204 DELETE http://10.180.1.21/identity/v3/users/1168aa239c8a445e90d5a34370e5f9ba 0.105s
2024-10-05 21:20:03.602 62298 INFO tempest.lib.common.dynamic_creds [-] Deleting project and security group for project: 4d8ffa3ad6174abd9ad5f12cd326583e
2024-10-05 21:20:03.606 62312 INFO tempest.lib.common.rest_client [req-927cbdc7-b4be-4902-b331-f783a56d94ef req-927cbdc7-b4be-4902-b331-f783a56d94ef ] Request (AttachInterfacesV270Test:setUpClass): 201 POST http://10.180.1.21:9696/networking/v2.0/networks 0.659s
2024-10-05 21:20:03.636 62326 INFO tempest.lib.common.rest_client [req-342ac068-6ac4-47a0-a2da-83a22595049d req-342ac068-6ac4-47a0-a2da-83a22595049d ] Request (ServerAddressesTestJSON:setUpClass): 200 GET http://10.180.1.21/compute/v2.1/servers/889a7971-f3f8-4e9c-ab0d-3744fe2bc951 0.609s
2024-10-05 21:20:03.663 62304 INFO tempest.lib.common.rest_client [req-aa291d89-d427-43f1-a295-bb4228ff0dc5 req-aa291d89-d427-43f1-a295-bb4228ff0dc5 ] Request (InstanceActionsTestJSON:setUpClass): 201 POST http://10.180.1.21/identity/v3/auth/tokens 0.112s
2024-10-05 21:20:03.688 62298 INFO tempest.lib.common.rest_client [req-475cf9f8-ec18-4a94-86c5-2c38018d3b3f req-475cf9f8-ec18-4a94-86c5-2c38018d3b3f ] Request (FlavorsAdminTestJSON:tearDownClass): 201 POST http://10.180.1.21/identity/v3/auth/tokens 0.086s
2024-10-05 21:20:03.706 62304 INFO tempest.lib.common.rest_client [req-3e161c13-e730-476e-ae73-cd99e01b88bd req-3e161c13-e730-476e-ae73-cd99e01b88bd ] Request (InstanceActionsTestJSON:setUpClass): 201 POST http://10.180.1.21/identity/v3/auth/tokens 0.037s
2024-10-05 21:20:03.706 62304 INFO tempest.lib.common.fixed_network [-] (InstanceActionsTestJSON:setUpClass) Found network {'id': '83c8c40e-78b0-4bc1-93c6-247ca415adaa', 'name': 'tempest-InstanceActionsTestJSON-1659620938-network', 'tenant_id': 'bec8b3b7aed045c883ad58ae0cddb710', 'admin_state_up': True, 'mtu': 8950, 'status': 'ACTIVE', 'subnets': [], 'shared': False, 'project_id': 'bec8b3b7aed045c883ad58ae0cddb710', 'port_security_enabled': True, 'router:external': False, 'provider:network_type': 'vlan', 'provider:physical_network': 'default', 'provider:segmentation_id': 143, 'is_default': False, 'availability_zone_hints': [], 'availability_zones': [], 'ipv4_address_scope': None, 'ipv6_address_scope': None, 'description': '', 'tags': [], 'created_at': '2024-10-05T21:19:56Z', 'updated_at': '2024-10-05T21:19:56Z', 'revision_number': 1} available for tenant
2024-10-05 21:20:03.769 62274 INFO tempest.lib.common.rest_client [req-214fc381-d3cd-421e-8a2a-57bc0be5148f req-214fc381-d3cd-421e-8a2a-57bc0be5148f ] Request (ServersAdminTestJSON:setUpClass): 200 GET http://10.180.1.21/compute/v2.1/servers/84d99082-9e9a-48bd-9fcc-366e1433fe13 0.952s
2024-10-05 21:20:03.836 62268 INFO tempest.lib.common.rest_client [req-b50bea30-eac5-4cba-974e-afd8e1d0461d req-b50bea30-eac5-4cba-974e-afd8e1d0461d ] Request (ImagesTestJSON:test_create_image_from_stopped_server): 200 GET http://10.180.1.21/compute/v2.1/servers/248f716d-8174-41eb-9445-3d3094ad2f70 0.754s
2024-10-05 21:20:03.899 62318 INFO tempest.lib.common.rest_client [req-c70386ec-2ce6-4f25-8afd-a5ff5d4aed32 req-c70386ec-2ce6-4f25-8afd-a5ff5d4aed32 ] Request (MigrationsAdminTest:test_resize_server_revert_deleted_flavor): 200 GET http://10.180.1.21/compute/v2.1/servers/bd04a015-b1f3-4ead-8749-1a4f82e9a9e0 0.765s
2024-10-05 21:20:03.958 62298 INFO tempest.lib.common.rest_client [req-810ed9aa-8cda-4aa1-b674-63e20e69a206 req-810ed9aa-8cda-4aa1-b674-63e20e69a206 ] Request (FlavorsAdminTestJSON:tearDownClass): 200 GET http://10.180.1.21:9696/networking/v2.0/security-groups?tenant_id=4d8ffa3ad6174abd9ad5f12cd326583e&name=default 0.270s
2024-10-05 21:20:03.960 62314 INFO tempest.lib.common.rest_client [req-93c53ee6-7c51-4cfe-9e5e-534d1afde494 req-93c53ee6-7c51-4cfe-9e5e-534d1afde494 ] Request (ServersTestMultiNic:test_verify_duplicate_network_nics): 200 GET http://10.180.1.21/compute/v2.1/servers/9461cc5d-99dd-449b-97a9-586cf5aa7cb9 0.742s
2024-10-05 21:20:04.051 62280 INFO tempest.lib.common.rest_client [req-7d2c46d7-fd93-4fb2-975c-570441bed6f9 req-7d2c46d7-fd93-4fb2-975c-570441bed6f9 ] Request (ServerDiagnosticsV248Test:tearDownClass): 200 GET http://10.180.1.21:9696/networking/v2.0/security-groups?tenant_id=dcc2b7b597734f5599bafa484c1df203&name=default 0.466s
2024-10-05 21:20:04.062 62276 INFO tempest.lib.common.rest_client [req-1d8ffec2-da90-4ca0-a45f-179780d934d7 req-1d8ffec2-da90-4ca0-a45f-179780d934d7 ] Request (SecurityGroupRulesNegativeTestJSON:tearDownClass): 202 DELETE http://10.180.1.21/compute/v2.1/os-security-groups/bc697c59-4547-48b1-9743-6a0c343b054c 0.990s
2024-10-05 21:20:04.150 62296 INFO tempest.lib.common.rest_client [req-caa9eb38-4701-4667-a28a-b3ae60aefcf7 req-caa9eb38-4701-4667-a28a-b3ae60aefcf7 ] Request (ServersAdminNegativeTestJSON:setUpClass): 200 GET http://10.180.1.21/compute/v2.1/servers/3d32529a-7c69-49eb-8066-b964c3058b5f 0.849s
2024-10-05 21:20:04.161 62312 INFO tempest.lib.common.rest_client [req-564b5929-111e-4d3b-991e-a62cd1761ded req-564b5929-111e-4d3b-991e-a62cd1761ded ] Request (AttachInterfacesV270Test:setUpClass): 201 POST http://10.180.1.21:9696/networking/v2.0/subnets 0.554s
2024-10-05 21:20:04.173 62298 INFO tempest.lib.common.rest_client [req-d54abe32-2222-4da0-ba99-8a8e388c69b9 req-d54abe32-2222-4da0-ba99-8a8e388c69b9 ] Request (FlavorsAdminTestJSON:tearDownClass): 204 DELETE http://10.180.1.21:9696/networking/v2.0/security-groups/d85bcbc2-e586-4ca5-b3a1-e86056b19ff4 0.215s
2024-10-05 21:20:04.248 62298 INFO tempest.lib.common.rest_client [req-2712292d-07d1-4191-ac6f-e67237458901 req-2712292d-07d1-4191-ac6f-e67237458901 ] Request (FlavorsAdminTestJSON:tearDownClass): 204 DELETE http://10.180.1.21/identity/v3/projects/4d8ffa3ad6174abd9ad5f12cd326583e 0.074s
2024-10-05 21:20:04.248 62298 INFO tempest.lib.common.dynamic_creds [-] Deleting project and security group for project: d9589c7a4ec74edc829ebc111b18690b
2024-10-05 21:20:04.317 62280 INFO tempest.lib.common.rest_client [req-4d9fa6cf-e336-40f8-816e-217b247a1791 req-4d9fa6cf-e336-40f8-816e-217b247a1791 ] Request (ServerDiagnosticsV248Test:tearDownClass): 204 DELETE http://10.180.1.21:9696/networking/v2.0/security-groups/20b52c20-bf60-4779-90b2-ddd3c30f83a2 0.265s
2024-10-05 21:20:04.353 62320 INFO tempest.lib.common.rest_client [req-3d0ba431-592e-4f63-a20f-3a685366669b req-3d0ba431-592e-4f63-a20f-3a685366669b ] Request (QuotasAdminTestV257:test_get_updated_quotas): 200 GET http://10.180.1.21/compute/v2.1/os-quota-sets/2661c8b4f3e34f949dc0b7ad5fb7b16c/detail 1.042s
2024-10-05 21:20:04.391 62320 INFO tempest.lib.common.rest_client [req-cf9ed19f-477e-400e-b18a-0f83b9002798 req-cf9ed19f-477e-400e-b18a-0f83b9002798 ] Request (QuotasAdminTestV257:test_get_updated_quotas): 200 GET http://10.180.1.21/identity/v3/domains?name=Default 0.034s
2024-10-05 21:20:04.420 62320 INFO tempest.lib.common.rest_client [req-4161f85d-9da6-4084-8532-63564ef2cd64 req-4161f85d-9da6-4084-8532-63564ef2cd64 ] Request (QuotasAdminTestV257:test_get_updated_quotas): 201 POST http://10.180.1.21/identity/v3/users 0.029s
2024-10-05 21:20:04.428 62280 INFO tempest.lib.common.rest_client [req-5c916029-c2ea-4da3-b912-6a0a1015b095 req-5c916029-c2ea-4da3-b912-6a0a1015b095 ] Request (ServerDiagnosticsV248Test:tearDownClass): 204 DELETE http://10.180.1.21/identity/v3/projects/dcc2b7b597734f5599bafa484c1df203 0.110s
2024-10-05 21:20:04.428 62280 INFO tempest.lib.common.dynamic_creds [-] Deleting project and security group for project: 06a06cbdc9dc4dd89ddd406b7df63891
2024-10-05 21:20:04.444 62306 INFO tempest.lib.common.rest_client [req-45578e5b-895b-4258-818a-e40d1ca1b3f8 req-45578e5b-895b-4258-818a-e40d1ca1b3f8 ] Request (VolumesAdminNegativeTest:test_update_attached_volume_with_nonexistent_volume_in_body): 200 GET http://10.180.1.21/compute/v2.1/servers/15840e95-6565-4b0a-b1a1-d97e42c55325 1.079s
2024-10-05 21:20:04.470 62320 INFO tempest.lib.common.rest_client [req-a1a29ed6-dca5-4190-bd6e-dc43bf5540b8 req-a1a29ed6-dca5-4190-bd6e-dc43bf5540b8 ] Request (QuotasAdminTestV257:test_get_updated_quotas): 200 GET http://10.180.1.21/identity/v3/domains?name=Default 0.049s
2024-10-05 21:20:04.628 62298 INFO tempest.lib.common.rest_client [req-3da90a37-7802-4b42-af86-ceba89d1ac7b req-3da90a37-7802-4b42-af86-ceba89d1ac7b ] Request (FlavorsAdminTestJSON:tearDownClass): 200 GET http://10.180.1.21:9696/networking/v2.0/security-groups?tenant_id=d9589c7a4ec74edc829ebc111b18690b&name=default 0.380s
2024-10-05 21:20:04.724 62282 INFO tempest.lib.common.rest_client [req-94c6f8c8-1971-450d-91cb-4184770a09a6 req-94c6f8c8-1971-450d-91cb-4184770a09a6 ] Request (AttachInterfacesTestJSON:test_create_list_show_delete_interfaces_by_fixed_ip): 202 POST http://10.180.1.21/compute/v2.1/servers 1.425s
2024-10-05 21:20:04.772 62322 INFO tempest.lib.common.rest_client [req-698116df-3c92-49de-8ca7-fe09255b8cfe req-698116df-3c92-49de-8ca7-fe09255b8cfe ] Request (ImagesOneServerTestJSON:setUpClass): 200 GET http://10.180.1.21/compute/v2.1/servers/b796850f-fe12-42f9-97fc-0946499e9ff7 1.142s
2024-10-05 21:20:04.800 62290 INFO tempest.lib.common.rest_client [req-2458d55a-8e20-4b73-ba5c-8ede3e7662e5 req-2458d55a-8e20-4b73-ba5c-8ede3e7662e5 ] Request (ServerDiskConfigTestJSON:test_rebuild_server_with_auto_disk_config): 200 GET http://10.180.1.21/compute/v2.1/servers/9ea786d6-8ae6-47ae-8b94-52b4ccfe855c 1.111s
2024-10-05 21:20:04.817 62280 INFO tempest.lib.common.rest_client [req-32f506f1-8ac6-4c91-bdae-946a65794f12 req-32f506f1-8ac6-4c91-bdae-946a65794f12 ] Request (ServerDiagnosticsV248Test:tearDownClass): 200 GET http://10.180.1.21:9696/networking/v2.0/security-groups?tenant_id=06a06cbdc9dc4dd89ddd406b7df63891&name=default 0.388s
2024-10-05 21:20:04.841 62308 INFO tempest.lib.common.rest_client [req-37fada36-b8d6-42e2-aaaf-97dc6e4e794e req-37fada36-b8d6-42e2-aaaf-97dc6e4e794e ] Request (ServersNegativeTestMultiTenantJSON:setUpClass): 201 POST http://10.180.1.21:9696/networking/v2.0/routers 1.334s
2024-10-05 21:20:04.902 62298 INFO tempest.lib.common.rest_client [req-bfbe52ac-4541-4634-b533-8ef91279a0ea req-bfbe52ac-4541-4634-b533-8ef91279a0ea ] Request (FlavorsAdminTestJSON:tearDownClass): 204 DELETE http://10.180.1.21:9696/networking/v2.0/security-groups/d9c9cc12-67c1-4e87-a5e0-9ae6f1792501 0.274s
2024-10-05 21:20:04.916 62302 INFO tempest.lib.common.rest_client [req-8a12b93b-e044-4b37-acad-88e8607a3172 req-8a12b93b-e044-4b37-acad-88e8607a3172 ] Request (ServerShowV254Test:tearDownClass): 200 GET http://10.180.1.21/compute/v2.1/servers/fc4556dd-d2ff-495b-b03b-fe55dd9902b3 1.104s
2024-10-05 21:20:04.984 62324 INFO tempest.lib.common.rest_client [req-eb2b82ce-ca55-40a3-b445-7e2c485927a4 req-eb2b82ce-ca55-40a3-b445-7e2c485927a4 ] Request (InstanceActionsNegativeTestJSON:setUpClass): 200 GET http://10.180.1.21/compute/v2.1/servers/4225a019-513e-4be5-8d22-1444597df6ed 1.097s
2024-10-05 21:20:05.023 62298 INFO tempest.lib.common.rest_client [req-549b51db-c296-4fb0-91fd-063446ff3a84 req-549b51db-c296-4fb0-91fd-063446ff3a84 ] Request (FlavorsAdminTestJSON:tearDownClass): 204 DELETE http://10.180.1.21/identity/v3/projects/d9589c7a4ec74edc829ebc111b18690b 0.120s
2024-10-05 21:20:05.077 62292 INFO tempest.lib.common.rest_client [req-2d3dfd08-5d17-4b66-b087-2729801fc27d req-2d3dfd08-5d17-4b66-b087-2729801fc27d ] Request (FloatingIPsAssociationTestJSON:setUpClass): 200 GET http://10.180.1.21/compute/v2.1/servers/c572b750-a834-4cdd-992d-7164768fc5f4 1.174s
2024-10-05 21:20:05.099 62298 INFO tempest.lib.common.rest_client [req-821db773-19b0-49ea-9bd5-d493c96cc7eb req-821db773-19b0-49ea-9bd5-d493c96cc7eb ] Request (QuotasAdminTestJSON:setUpClass): 201 POST http://10.180.1.21/identity/v3/auth/tokens 0.074s
2024-10-05 21:20:05.134 62298 INFO tempest.lib.common.rest_client [req-742b71b0-21a9-4de2-b2f5-e1e9e4b4c6e7 req-742b71b0-21a9-4de2-b2f5-e1e9e4b4c6e7 ] Request (QuotasAdminTestJSON:setUpClass): 201 POST http://10.180.1.21/identity/v3/auth/tokens 0.033s
2024-10-05 21:20:05.142 62270 INFO tempest.lib.common.rest_client [req-bd432974-1960-42be-8eb0-2bc1ba28be40 req-bd432974-1960-42be-8eb0-2bc1ba28be40 ] Request (ImagesNegativeTestJSON:test_create_image_from_deleted_server): 200 GET http://10.180.1.21/compute/v2.1/servers/72e581d2-45e8-4c6a-ac2b-59f09a756abb 1.154s
2024-10-05 21:20:05.145 62280 INFO tempest.lib.common.rest_client [req-43efb6cb-8b4e-4a26-b916-93329e575821 req-43efb6cb-8b4e-4a26-b916-93329e575821 ] Request (ServerDiagnosticsV248Test:tearDownClass): 204 DELETE http://10.180.1.21:9696/networking/v2.0/security-groups/3bf3dbe3-3a97-4aef-95f9-0a20fa1b5d6c 0.328s
2024-10-05 21:20:05.155 62298 INFO tempest.lib.common.rest_client [req-9b17ae2f-d20a-4d1c-b87a-d93426d607aa req-9b17ae2f-d20a-4d1c-b87a-d93426d607aa ] Request (QuotasAdminTestJSON:setUpClass): 200 GET http://10.180.1.21/identity/v3/domains?name=Default 0.020s
2024-10-05 21:20:05.188 62298 INFO tempest.lib.common.rest_client [req-89f7c94b-68e7-47e8-ae36-46c59c2e8bba req-89f7c94b-68e7-47e8-ae36-46c59c2e8bba ] Request (QuotasAdminTestJSON:setUpClass): 201 POST http://10.180.1.21/identity/v3/projects 0.032s
2024-10-05 21:20:05.226 62280 INFO tempest.lib.common.rest_client [req-585b5f38-dd04-4b85-8ed2-9e50b6a1075a req-585b5f38-dd04-4b85-8ed2-9e50b6a1075a ] Request (ServerDiagnosticsV248Test:tearDownClass): 204 DELETE http://10.180.1.21/identity/v3/projects/06a06cbdc9dc4dd89ddd406b7df63891 0.080s
2024-10-05 21:20:05.291 62298 INFO tempest.lib.common.rest_client [req-6963b50e-6dff-46db-b1d0-a08dfb15e938 req-6963b50e-6dff-46db-b1d0-a08dfb15e938 ] Request (QuotasAdminTestJSON:setUpClass): 201 POST http://10.180.1.21/identity/v3/users 0.103s
2024-10-05 21:20:05.294 62280 INFO tempest.lib.common.rest_client [req-0ca37f3a-cdf4-42c3-b8c1-6df0dca7f162 req-0ca37f3a-cdf4-42c3-b8c1-6df0dca7f162 ] Request (ServerExternalEventsTest:setUpClass): 201 POST http://10.180.1.21/identity/v3/auth/tokens 0.066s
2024-10-05 21:20:05.313 62298 INFO tempest.lib.common.rest_client [req-ab6adc84-47eb-4750-a421-a91cdd7abd49 req-ab6adc84-47eb-4750-a421-a91cdd7abd49 ] Request (QuotasAdminTestJSON:setUpClass): 200 GET http://10.180.1.21/identity/v3/roles 0.021s
2024-10-05 21:20:05.322 62276 INFO tempest.lib.common.rest_client [req-69fa45dc-3e7d-4c02-8aab-e5bc7609b7b1 req-69fa45dc-3e7d-4c02-8aab-e5bc7609b7b1 ] Request (SecurityGroupRulesNegativeTestJSON:tearDownClass): 202 DELETE http://10.180.1.21/compute/v2.1/os-security-groups/0309c942-aaf3-491b-a562-899697d8fae4 1.259s
2024-10-05 21:20:05.341 62280 INFO tempest.lib.common.rest_client [req-1774eae2-cb8d-42a1-9b28-581d1c258ca5 req-1774eae2-cb8d-42a1-9b28-581d1c258ca5 ] Request (ServerExternalEventsTest:setUpClass): 201 POST http://10.180.1.21/identity/v3/auth/tokens 0.043s
2024-10-05 21:20:05.348 62298 INFO tempest.lib.common.rest_client [req-d48e14b4-47dd-4de7-a52a-1ce9992d139d req-d48e14b4-47dd-4de7-a52a-1ce9992d139d ] Request (QuotasAdminTestJSON:setUpClass): 204 PUT http://10.180.1.21/identity/v3/projects/d1632776eab64d5d83d3620d85ae727c/users/ccdf5ae4224f43578564b134477ded53/roles/1e4ca2392b724c6286450c03353324b7 0.034s
2024-10-05 21:20:05.348 62298 INFO tempest.lib.common.dynamic_creds [-] Dynamic test user ccdf5ae4224f43578564b134477ded53 is created with scope project and roles: ['member']
2024-10-05 21:20:05.349 62298 INFO tempest.lib.common.dynamic_creds [-] Acquired dynamic creds: credentials: Credentials: {'domain_id': 'default', 'domain_name': 'Default', 'username': 'tempest-QuotasAdminTestJSON-1964094438-project-member', 'project_domain_id': 'default', 'project_domain_name': 'Default', 'project_id': 'd1632776eab64d5d83d3620d85ae727c', 'project_name': 'tempest-QuotasAdminTestJSON-1964094438', 'tenant_id': 'd1632776eab64d5d83d3620d85ae727c', 'tenant_name': 'tempest-QuotasAdminTestJSON-1964094438', 'user_domain_id': 'default', 'user_domain_name': 'Default', 'user_id': 'ccdf5ae4224f43578564b134477ded53', 'system': None}, Network: None, Subnet: None, Router: None
2024-10-05 21:20:05.349 62298 INFO tempest.lib.common.dynamic_creds [-] Created isolated network resources for: credentials: Credentials: {'domain_id': 'default', 'domain_name': 'Default', 'username': 'tempest-QuotasAdminTestJSON-1964094438-project-member', 'project_domain_id': 'default', 'project_domain_name': 'Default', 'project_id': 'd1632776eab64d5d83d3620d85ae727c', 'project_name': 'tempest-QuotasAdminTestJSON-1964094438', 'tenant_id': 'd1632776eab64d5d83d3620d85ae727c', 'tenant_name': 'tempest-QuotasAdminTestJSON-1964094438', 'user_domain_id': 'default', 'user_domain_name': 'Default', 'user_id': 'ccdf5ae4224f43578564b134477ded53', 'system': None}, Network: None, Subnet: None, Router: None
2024-10-05 21:20:05.386 62272 INFO tempest.lib.common.rest_client [req-5b177aed-15c3-447e-b797-aec5d28234da req-5b177aed-15c3-447e-b797-aec5d28234da ] Request (AttachInterfacesUnderV243Test:test_add_remove_fixed_ip): 200 GET http://10.180.1.21/compute/v2.1/servers/74401e9a-2a20-4797-87c4-ad0eea016866 1.312s
2024-10-05 21:20:05.401 62280 INFO tempest.lib.common.rest_client [req-23be0a36-a66f-4ff3-847d-099fde4cb055 req-23be0a36-a66f-4ff3-847d-099fde4cb055 ] Request (ServerExternalEventsTest:setUpClass): 200 GET http://10.180.1.21/identity/v3/domains?name=Default 0.059s
2024-10-05 21:20:05.417 62298 INFO tempest.lib.common.rest_client [req-a4e26ba3-e9a8-4457-9982-af4001f255f5 req-a4e26ba3-e9a8-4457-9982-af4001f255f5 ] Request (QuotasAdminTestJSON:setUpClass): 201 POST http://10.180.1.21/identity/v3/auth/tokens 0.064s
2024-10-05 21:20:05.428 62280 INFO tempest.lib.common.rest_client [req-51f30435-e241-4b60-9fde-35214a0fdaea req-51f30435-e241-4b60-9fde-35214a0fdaea ] Request (ServerExternalEventsTest:setUpClass): 201 POST http://10.180.1.21/identity/v3/projects 0.026s
2024-10-05 21:20:05.447 62298 INFO tempest.lib.common.rest_client [req-6be7b993-da3f-46a1-8e47-76fe10593254 req-6be7b993-da3f-46a1-8e47-76fe10593254 ] Request (QuotasAdminTestJSON:setUpClass): 201 POST http://10.180.1.21/identity/v3/projects 0.030s
2024-10-05 21:20:05.452 62310 INFO tempest.lib.common.rest_client [req-fe75ab56-d40f-4c29-848d-5ce4fea5bfcd req-fe75ab56-d40f-4c29-848d-5ce4fea5bfcd ] Request (ServersNegativeTestJSON:setUpClass): 200 GET http://10.180.1.21/compute/v2.1/servers/7f8c944f-e921-409a-956a-91c8e2117ecf 1.327s
2024-10-05 21:20:05.497 62298 INFO tempest.lib.common.rest_client [req-7c40cb9e-4da7-4fae-9cbc-bba6f8cd5f84 req-7c40cb9e-4da7-4fae-9cbc-bba6f8cd5f84 ] Request (QuotasAdminTestJSON:setUpClass): 201 POST http://10.180.1.21/identity/v3/users 0.049s
2024-10-05 21:20:05.516 62298 INFO tempest.lib.common.rest_client [req-aaa395fa-c3ce-452b-9f15-5c8fa10bd0ef req-aaa395fa-c3ce-452b-9f15-5c8fa10bd0ef ] Request (QuotasAdminTestJSON:setUpClass): 200 GET http://10.180.1.21/identity/v3/roles 0.018s
2024-10-05 21:20:05.516 62300 INFO tempest.lib.common.rest_client [req-fc17080b-ffee-48eb-b08f-9be45bd26ea1 req-fc17080b-ffee-48eb-b08f-9be45bd26ea1 ] Request (DeleteServersAdminTestJSON:test_delete_server_while_in_error_state): 200 GET http://10.180.1.21/compute/v2.1/servers/791632b4-4129-49e6-a38c-80f7e137f970 1.361s
2024-10-05 21:20:05.528 62280 INFO tempest.lib.common.rest_client [req-c63601b0-ae0f-4bf1-8dd3-b783fee0ed08 req-c63601b0-ae0f-4bf1-8dd3-b783fee0ed08 ] Request (ServerExternalEventsTest:setUpClass): 201 POST http://10.180.1.21/identity/v3/users 0.099s
2024-10-05 21:20:05.547 62298 INFO tempest.lib.common.rest_client [req-2ddcceb0-4d9c-4697-81b5-1317c577810e req-2ddcceb0-4d9c-4697-81b5-1317c577810e ] Request (QuotasAdminTestJSON:setUpClass): 204 PUT http://10.180.1.21/identity/v3/projects/26eebe743d694e9797d93b6dd1208c76/users/5d6be37100cd44bb95f88545f329b423/roles/0064f926235d46198cb02ce0b222e34c 0.031s
2024-10-05 21:20:05.550 62280 INFO tempest.lib.common.rest_client [req-6141d908-98d1-4dfc-9e5f-0cef88f9c039 req-6141d908-98d1-4dfc-9e5f-0cef88f9c039 ] Request (ServerExternalEventsTest:setUpClass): 200 GET http://10.180.1.21/identity/v3/roles 0.021s
2024-10-05 21:20:05.594 62298 INFO tempest.lib.common.rest_client [req-1ba3b30a-64de-477a-99df-4b2514539234 req-1ba3b30a-64de-477a-99df-4b2514539234 ] Request (QuotasAdminTestJSON:setUpClass): 200 GET http://10.180.1.21/identity/v3/roles 0.046s
2024-10-05 21:20:05.595 62278 INFO tempest.lib.common.rest_client [req-a3b82a0e-1e8e-4462-bdd5-22ca31c40205 req-a3b82a0e-1e8e-4462-bdd5-22ca31c40205 ] Request (ServersAdmin275Test:tearDownClass): 200 GET http://10.180.1.21/compute/v2.1/servers/8513a91b-12d3-4cfc-900a-e502d618bbf1 1.341s
2024-10-05 21:20:05.606 62278 INFO tempest.common.waiters [-] State transition "ACTIVE/deleting" ==> "DELETED/None" after 4 second wait
2024-10-05 21:20:05.613 62298 INFO tempest.lib.common.rest_client [req-90ccd847-1534-4780-9326-a35070442aa3 req-90ccd847-1534-4780-9326-a35070442aa3 ] Request (QuotasAdminTestJSON:setUpClass): 204 PUT http://10.180.1.21/identity/v3/projects/26eebe743d694e9797d93b6dd1208c76/users/5d6be37100cd44bb95f88545f329b423/roles/0064f926235d46198cb02ce0b222e34c 0.019s
2024-10-05 21:20:05.613 62298 INFO tempest.lib.common.dynamic_creds [-] Dynamic test user 5d6be37100cd44bb95f88545f329b423 is created with scope project and roles: ['admin']
2024-10-05 21:20:05.613 62298 INFO tempest.lib.common.dynamic_creds [-] Acquired dynamic creds: credentials: Credentials: {'domain_id': 'default', 'domain_name': 'Default', 'username': 'tempest-QuotasAdminTestJSON-96826288-project-admin', 'project_domain_id': 'default', 'project_domain_name': 'Default', 'project_id': '26eebe743d694e9797d93b6dd1208c76', 'project_name': 'tempest-QuotasAdminTestJSON-96826288', 'tenant_id': '26eebe743d694e9797d93b6dd1208c76', 'tenant_name': 'tempest-QuotasAdminTestJSON-96826288', 'user_domain_id': 'default', 'user_domain_name': 'Default', 'user_id': '5d6be37100cd44bb95f88545f329b423', 'system': None}, Network: None, Subnet: None, Router: None
2024-10-05 21:20:05.613 62298 INFO tempest.lib.common.dynamic_creds [-] Created isolated network resources for: credentials: Credentials: {'domain_id': 'default', 'domain_name': 'Default', 'username': 'tempest-QuotasAdminTestJSON-96826288-project-admin', 'project_domain_id': 'default', 'project_domain_name': 'Default', 'project_id': '26eebe743d694e9797d93b6dd1208c76', 'project_name': 'tempest-QuotasAdminTestJSON-96826288', 'tenant_id': '26eebe743d694e9797d93b6dd1208c76', 'tenant_name': 'tempest-QuotasAdminTestJSON-96826288', 'user_domain_id': 'default', 'user_domain_name': 'Default', 'user_id': '5d6be37100cd44bb95f88545f329b423', 'system': None}, Network: None, Subnet: None, Router: None
2024-10-05 21:20:05.626 62280 INFO tempest.lib.common.rest_client [req-15990bcd-682e-463e-94c4-ce0808b73c10 req-15990bcd-682e-463e-94c4-ce0808b73c10 ] Request (ServerExternalEventsTest:setUpClass): 204 PUT http://10.180.1.21/identity/v3/projects/148226f024b44d1ab615d2aaf76a4827/users/f6ed077c55cf4de699b6f23d5a7f79d3/roles/1e4ca2392b724c6286450c03353324b7 0.075s
2024-10-05 21:20:05.626 62280 INFO tempest.lib.common.dynamic_creds [-] Dynamic test user f6ed077c55cf4de699b6f23d5a7f79d3 is created with scope project and roles: ['member']
2024-10-05 21:20:05.626 62280 INFO tempest.lib.common.dynamic_creds [-] Acquired dynamic creds: credentials: Credentials: {'domain_id': 'default', 'domain_name': 'Default', 'username': 'tempest-ServerExternalEventsTest-404801782-project-member', 'project_domain_id': 'default', 'project_domain_name': 'Default', 'project_id': '148226f024b44d1ab615d2aaf76a4827', 'project_name': 'tempest-ServerExternalEventsTest-404801782', 'tenant_id': '148226f024b44d1ab615d2aaf76a4827', 'tenant_name': 'tempest-ServerExternalEventsTest-404801782', 'user_domain_id': 'default', 'user_domain_name': 'Default', 'user_id': 'f6ed077c55cf4de699b6f23d5a7f79d3', 'system': None}, Network: None, Subnet: None, Router: None
2024-10-05 21:20:05.626 62280 INFO tempest.lib.common.dynamic_creds [-] Created isolated network resources for: credentials: Credentials: {'domain_id': 'default', 'domain_name': 'Default', 'username': 'tempest-ServerExternalEventsTest-404801782-project-member', 'project_domain_id': 'default', 'project_domain_name': 'Default', 'project_id': '148226f024b44d1ab615d2aaf76a4827', 'project_name': 'tempest-ServerExternalEventsTest-404801782', 'tenant_id': '148226f024b44d1ab615d2aaf76a4827', 'tenant_name': 'tempest-ServerExternalEventsTest-404801782', 'user_domain_id': 'default', 'user_domain_name': 'Default', 'user_id': 'f6ed077c55cf4de699b6f23d5a7f79d3', 'system': None}, Network: None, Subnet: None, Router: None
2024-10-05 21:20:05.663 62316 INFO tempest.lib.common.rest_client [req-b88d67bb-8c26-4db3-bece-d400e2c6dab3 req-b88d67bb-8c26-4db3-bece-d400e2c6dab3 ] Request (ListServersNegativeTestJSON:setUpClass): 200 GET http://10.180.1.21/compute/v2.1/servers/80f73479-19b0-46f1-a81d-ef59b555e1be 1.323s
2024-10-05 21:20:05.677 62304 INFO tempest.lib.common.rest_client [req-5c43f4fa-7b97-4a90-b373-a7977cc44cdb req-5c43f4fa-7b97-4a90-b373-a7977cc44cdb ] Request (InstanceActionsTestJSON:setUpClass): 202 POST http://10.180.1.21/compute/v2.1/servers 1.969s
2024-10-05 21:20:05.707 62298 INFO tempest.lib.common.rest_client [req-f232b3de-01ec-4e0d-890a-d42b84b53521 req-f232b3de-01ec-4e0d-890a-d42b84b53521 ] Request (QuotasAdminTestJSON:setUpClass): 201 POST http://10.180.1.21/identity/v3/auth/tokens 0.090s
2024-10-05 21:20:05.708 62298 WARNING tempest.lib.common.rest_client [-] Deprecated: "tenant_id" property is deprecated for removal, use "project_id" instead
2024-10-05 21:20:05.715 62280 INFO tempest.lib.common.rest_client [req-08618165-734d-4ac1-b9e5-b8a2adcff204 req-08618165-734d-4ac1-b9e5-b8a2adcff204 ] Request (ServerExternalEventsTest:setUpClass): 201 POST http://10.180.1.21/identity/v3/auth/tokens 0.082s
2024-10-05 21:20:05.720 62284 INFO tempest.lib.common.rest_client [req-e400256f-7ba4-46c4-8af7-c6a476d14f90 req-e400256f-7ba4-46c4-8af7-c6a476d14f90 ] Request (ServerActionsTestOtherB:setUpClass): 200 GET http://10.180.1.21/compute/v2.1/servers/3f48bca6-0762-455f-9557-eacfee0dcc0e 1.302s
2024-10-05 21:20:05.730 62286 INFO tempest.lib.common.rest_client [req-cf01fda7-b51f-4e51-a32b-da95551dcdc0 req-cf01fda7-b51f-4e51-a32b-da95551dcdc0 ] Request (FloatingIPsAssociationNegativeTestJSON:setUpClass): 200 GET http://10.180.1.21/compute/v2.1/servers/98e94272-dd3d-465c-886b-cf4bf6a9e454 1.299s
2024-10-05 21:20:05.804 62280 INFO tempest.lib.common.rest_client [req-6a80e15c-e2e1-40c8-b96d-1f4bb6734597 req-6a80e15c-e2e1-40c8-b96d-1f4bb6734597 ] Request (ServerExternalEventsTest:setUpClass): 201 POST http://10.180.1.21/identity/v3/projects 0.087s
2024-10-05 21:20:05.816 62288 INFO tempest.lib.common.rest_client [req-cde03616-f740-4ca2-aef8-74ce44ccd2f5 req-cde03616-f740-4ca2-aef8-74ce44ccd2f5 ] Request (ListImageFiltersTestJSON:setUpClass): 200 GET http://10.180.1.21/compute/v2.1/servers/99fd1d99-591a-4844-8b8f-faadde5f8356 1.326s
2024-10-05 21:20:05.844 62312 INFO tempest.lib.common.rest_client [req-3ada7c67-add0-4418-a93d-47fa2ad7bc24 req-3ada7c67-add0-4418-a93d-47fa2ad7bc24 ] Request (AttachInterfacesV270Test:setUpClass): 201 POST http://10.180.1.21:9696/networking/v2.0/routers 1.682s
2024-10-05 21:20:05.872 62280 INFO tempest.lib.common.rest_client [req-ede6d71d-41de-425b-af8b-6ddb89413a47 req-ede6d71d-41de-425b-af8b-6ddb89413a47 ] Request (ServerExternalEventsTest:setUpClass): 201 POST http://10.180.1.21/identity/v3/users 0.067s
2024-10-05 21:20:05.893 62280 INFO tempest.lib.common.rest_client [req-1ef44c68-6cff-419c-b688-a35cdf209fba req-1ef44c68-6cff-419c-b688-a35cdf209fba ] Request (ServerExternalEventsTest:setUpClass): 200 GET http://10.180.1.21/identity/v3/roles 0.021s
2024-10-05 21:20:05.894 62328 INFO tempest.lib.common.rest_client [req-390cbcf3-60c9-4c2a-b3c5-a82016daaef9 req-390cbcf3-60c9-4c2a-b3c5-a82016daaef9 ] Request (ServerMetadataTestJSON:setUpClass): 200 GET http://10.180.1.21/compute/v2.1/servers/2737381d-3ac6-4c35-99ba-043f37bad9cf 1.395s
2024-10-05 21:20:05.937 62280 INFO tempest.lib.common.rest_client [req-2ac5edf0-a9a3-4020-aa5d-cb4128c88418 req-2ac5edf0-a9a3-4020-aa5d-cb4128c88418 ] Request (ServerExternalEventsTest:setUpClass): 204 PUT http://10.180.1.21/identity/v3/projects/ace37706930546038a093386b1bc6a8d/users/ec16932e9ee542f1b8c2363c58bbc787/roles/0064f926235d46198cb02ce0b222e34c 0.043s
2024-10-05 21:20:05.974 62294 INFO tempest.lib.common.rest_client [req-188285ee-08a7-4836-9250-1c9348310464 req-188285ee-08a7-4836-9250-1c9348310464 ] Request (VolumesAssistedSnapshotsTest:test_volume_assisted_snapshot_create_delete): 200 GET http://10.180.1.21/compute/v2.1/servers/ce2ea43f-e977-4211-bb83-3014d18cb162 1.406s
2024-10-05 21:20:05.985 62294 INFO tempest.common.waiters [-] State transition "BUILD/spawning" ==> "ERROR/None" after 45 second wait
2024-10-05 21:20:05.989 62320 INFO tempest.lib.common.rest_client [req-726e4035-4a3d-4ed3-9526-c6f95cbfd1f4 req-726e4035-4a3d-4ed3-9526-c6f95cbfd1f4 ] Request (QuotasAdminTestV257:test_get_updated_quotas): 200 PUT http://10.180.1.21/compute/v2.1/os-quota-sets/2661c8b4f3e34f949dc0b7ad5fb7b16c?user_id=2ca5006e7e0546ec803f4e9a63ad0dbf 1.518s
2024-10-05 21:20:05.996 62280 INFO tempest.lib.common.rest_client [req-cdd1ab01-75f4-4a4e-9ef8-f3f362b0533c req-cdd1ab01-75f4-4a4e-9ef8-f3f362b0533c ] Request (ServerExternalEventsTest:setUpClass): 200 GET http://10.180.1.21/identity/v3/roles 0.057s
2024-10-05 21:20:06.026 62280 INFO tempest.lib.common.rest_client [req-1216b87a-75a8-4c45-824d-7cc851c36d9c req-1216b87a-75a8-4c45-824d-7cc851c36d9c ] Request (ServerExternalEventsTest:setUpClass): 204 PUT http://10.180.1.21/identity/v3/projects/ace37706930546038a093386b1bc6a8d/users/ec16932e9ee542f1b8c2363c58bbc787/roles/0064f926235d46198cb02ce0b222e34c 0.029s
2024-10-05 21:20:06.026 62280 INFO tempest.lib.common.dynamic_creds [-] Dynamic test user ec16932e9ee542f1b8c2363c58bbc787 is created with scope project and roles: ['admin']
2024-10-05 21:20:06.026 62280 INFO tempest.lib.common.dynamic_creds [-] Acquired dynamic creds: credentials: Credentials: {'domain_id': 'default', 'domain_name': 'Default', 'username': 'tempest-ServerExternalEventsTest-1986621102-project-admin', 'project_domain_id': 'default', 'project_domain_name': 'Default', 'project_id': 'ace37706930546038a093386b1bc6a8d', 'project_name': 'tempest-ServerExternalEventsTest-1986621102', 'tenant_id': 'ace37706930546038a093386b1bc6a8d', 'tenant_name': 'tempest-ServerExternalEventsTest-1986621102', 'user_domain_id': 'default', 'user_domain_name': 'Default', 'user_id': 'ec16932e9ee542f1b8c2363c58bbc787', 'system': None}, Network: None, Subnet: None, Router: None
2024-10-05 21:20:06.026 62280 INFO tempest.lib.common.dynamic_creds [-] Created isolated network resources for: credentials: Credentials: {'domain_id': 'default', 'domain_name': 'Default', 'username': 'tempest-ServerExternalEventsTest-1986621102-project-admin', 'project_domain_id': 'default', 'project_domain_name': 'Default', 'project_id': 'ace37706930546038a093386b1bc6a8d', 'project_name': 'tempest-ServerExternalEventsTest-1986621102', 'tenant_id': 'ace37706930546038a093386b1bc6a8d', 'tenant_name': 'tempest-ServerExternalEventsTest-1986621102', 'user_domain_id': 'default', 'user_domain_name': 'Default', 'user_id': 'ec16932e9ee542f1b8c2363c58bbc787', 'system': None}, Network: None, Subnet: None, Router: None
2024-10-05 21:20:06.047 62326 INFO tempest.lib.common.rest_client [req-9b4ecc6c-8fbe-4f28-b82f-e4335d2abe81 req-9b4ecc6c-8fbe-4f28-b82f-e4335d2abe81 ] Request (ServerAddressesTestJSON:setUpClass): 200 GET http://10.180.1.21/compute/v2.1/servers/889a7971-f3f8-4e9c-ab0d-3744fe2bc951 1.401s
2024-10-05 21:20:06.051 62282 INFO tempest.lib.common.rest_client [req-69e43ed5-f58b-460f-b49e-248c60444eaf req-69e43ed5-f58b-460f-b49e-248c60444eaf ] Request (AttachInterfacesTestJSON:test_create_list_show_delete_interfaces_by_fixed_ip): 200 GET http://10.180.1.21/compute/v2.1/servers/afc5aba9-d5d9-441e-9545-845e6ac320a3 1.321s
2024-10-05 21:20:06.092 62308 INFO tempest.lib.common.rest_client [req-4fa45bf5-6105-4315-bb23-02969bf413e0 req-4fa45bf5-6105-4315-bb23-02969bf413e0 ] Request (ServersNegativeTestMultiTenantJSON:setUpClass): 200 PUT http://10.180.1.21:9696/networking/v2.0/routers/b2067341-1b42-4359-84c9-5450bb5636b2/add_router_interface 1.251s
2024-10-05 21:20:06.092 62308 INFO tempest.lib.common.dynamic_creds [-] Created isolated network resources for: credentials: Credentials: {'domain_id': 'default', 'domain_name': 'Default', 'username': 'tempest-ServersNegativeTestMultiTenantJSON-767281888-project-member', 'project_domain_id': 'default', 'project_domain_name': 'Default', 'project_id': '687b836b628b4ebfaaa8416f59fb2566', 'project_name': 'tempest-ServersNegativeTestMultiTenantJSON-767281888', 'tenant_id': '687b836b628b4ebfaaa8416f59fb2566', 'tenant_name': 'tempest-ServersNegativeTestMultiTenantJSON-767281888', 'user_domain_id': 'default', 'user_domain_name': 'Default', 'user_id': '993a0555ca69411fa07f17271c64f8c6', 'system': None}, Network: {'id': '597f916a-9f01-4572-9ae1-7dc4842877bc', 'name': 'tempest-ServersNegativeTestMultiTenantJSON-1049296710-network', 'tenant_id': '687b836b628b4ebfaaa8416f59fb2566', 'admin_state_up': True, 'mtu': 8950, 'status': 'ACTIVE', 'subnets': [], 'shared': False, 'project_id': '687b836b628b4ebfaaa8416f59fb2566', 'port_security_enabled': True, 'router:external': False, 'provider:network_type': 'vlan', 'provider:physical_network': 'default', 'provider:segmentation_id': 139, 'is_default': False, 'availability_zone_hints': [], 'availability_zones': [], 'ipv4_address_scope': None, 'ipv6_address_scope': None, 'description': '', 'tags': [], 'created_at': '2024-10-05T21:20:02Z', 'updated_at': '2024-10-05T21:20:02Z', 'revision_number': 1}, Subnet: {'id': '8714b3cc-ec2a-4ae3-8fc4-1d60129d6b07', 'name': 'tempest-ServersNegativeTestMultiTenantJSON-1049296710-subnet', 'tenant_id': '687b836b628b4ebfaaa8416f59fb2566', 'network_id': '597f916a-9f01-4572-9ae1-7dc4842877bc', 'ip_version': 4, 'subnetpool_id': None, 'enable_dhcp': True, 'ipv6_ra_mode': None, 'ipv6_address_mode': None, 'gateway_ip': '192.168.128.1', 'cidr': '192.168.128.0/28', 'allocation_pools': [{'start': '192.168.128.2', 'end': '192.168.128.14'}], 'host_routes': [], 'dns_nameservers': [], 'description': '', 'router:external': False, 'service_types': [], 'tags': [], 'created_at': '2024-10-05T21:20:03Z', 'updated_at': '2024-10-05T21:20:03Z', 'revision_number': 0, 'project_id': '687b836b628b4ebfaaa8416f59fb2566'}, Router: {'id': 'b2067341-1b42-4359-84c9-5450bb5636b2', 'name': 'tempest-ServersNegativeTestMultiTenantJSON-1049296710-router', 'tenant_id': '687b836b628b4ebfaaa8416f59fb2566', 'admin_state_up': True, 'status': 'ACTIVE', 'external_gateway_info': {'network_id': 'df4eb953-c6fe-48ee-9891-e1dcc66cbca1', 'external_fixed_ips': [{'subnet_id': '30e2cb7e-7e64-448b-8f43-c414e345292e', 'ip_address': '10.180.180.128'}], 'enable_snat': True}, 'description': '', 'availability_zones': [], 'distributed': False, 'ha': False, 'availability_zone_hints': [], 'routes': [], 'flavor_id': None, 'tags': [], 'created_at': '2024-10-05T21:20:03Z', 'updated_at': '2024-10-05T21:20:04Z', 'revision_number': 2, 'project_id': '687b836b628b4ebfaaa8416f59fb2566'}
2024-10-05 21:20:06.103 62280 INFO tempest.lib.common.rest_client [req-acf39a7b-0717-42fe-a0da-ee35aac78602 req-acf39a7b-0717-42fe-a0da-ee35aac78602 ] Request (ServerExternalEventsTest:setUpClass): 201 POST http://10.180.1.21/identity/v3/auth/tokens 0.074s
2024-10-05 21:20:06.113 62268 INFO tempest.lib.common.rest_client [req-98b73573-4750-452e-9aba-bfac8719c051 req-98b73573-4750-452e-9aba-bfac8719c051 ] Request (ImagesTestJSON:test_create_image_from_stopped_server): 200 GET http://10.180.1.21/compute/v2.1/servers/248f716d-8174-41eb-9445-3d3094ad2f70 1.266s
2024-10-05 21:20:06.116 62274 INFO tempest.lib.common.rest_client [req-f4826b65-8b22-4b42-9894-95227c7e25b8 req-f4826b65-8b22-4b42-9894-95227c7e25b8 ] Request (ServersAdminTestJSON:setUpClass): 200 GET http://10.180.1.21/compute/v2.1/servers/84d99082-9e9a-48bd-9fcc-366e1433fe13 1.336s
2024-10-05 21:20:06.163 62280 INFO tempest.lib.common.rest_client [req-c5147fcf-f4ed-4b80-9789-2ea1f302def2 req-c5147fcf-f4ed-4b80-9789-2ea1f302def2 ] Request (ServerExternalEventsTest:setUpClass): 201 POST http://10.180.1.21/identity/v3/projects 0.059s
2024-10-05 21:20:06.169 62318 INFO tempest.lib.common.rest_client [req-19ca2c85-3662-4522-a3b3-f30d99420f38 req-19ca2c85-3662-4522-a3b3-f30d99420f38 ] Request (MigrationsAdminTest:test_resize_server_revert_deleted_flavor): 200 GET http://10.180.1.21/compute/v2.1/servers/bd04a015-b1f3-4ead-8749-1a4f82e9a9e0 1.261s
2024-10-05 21:20:06.178 62314 INFO tempest.lib.common.rest_client [req-fd1e99fd-4cde-4894-8f41-044c25b7711f req-fd1e99fd-4cde-4894-8f41-044c25b7711f ] Request (ServersTestMultiNic:test_verify_duplicate_network_nics): 200 GET http://10.180.1.21/compute/v2.1/servers/9461cc5d-99dd-449b-97a9-586cf5aa7cb9 1.206s
2024-10-05 21:20:06.186 62314 INFO tempest.common.waiters [-] State transition "BUILD/None" ==> "BUILD/networking" after 27 second wait
2024-10-05 21:20:06.198 62308 INFO tempest.lib.common.rest_client [req-838d6cbd-9505-4765-a459-86ee0d4089fd req-838d6cbd-9505-4765-a459-86ee0d4089fd ] Request (ServersNegativeTestMultiTenantJSON:setUpClass): 201 POST http://10.180.1.21/identity/v3/auth/tokens 0.103s
2024-10-05 21:20:06.238 62280 INFO tempest.lib.common.rest_client [req-b1162977-f26e-4fea-a901-8fbc1687e1dd req-b1162977-f26e-4fea-a901-8fbc1687e1dd ] Request (ServerExternalEventsTest:setUpClass): 201 POST http://10.180.1.21/identity/v3/users 0.074s
2024-10-05 21:20:06.241 62296 INFO tempest.lib.common.rest_client [req-88ac3993-d430-465b-8b26-1da578b0f5cc req-88ac3993-d430-465b-8b26-1da578b0f5cc ] Request (ServersAdminNegativeTestJSON:setUpClass): 200 GET http://10.180.1.21/compute/v2.1/servers/3d32529a-7c69-49eb-8066-b964c3058b5f 1.081s
2024-10-05 21:20:06.247 62308 INFO tempest.lib.common.rest_client [req-b8268e4d-f60d-40cc-aa6a-51bf3e86eb49 req-b8268e4d-f60d-40cc-aa6a-51bf3e86eb49 ] Request (ServersNegativeTestMultiTenantJSON:setUpClass): 201 POST http://10.180.1.21/identity/v3/projects 0.048s
2024-10-05 21:20:06.300 62280 INFO tempest.lib.common.rest_client [req-a5e4e3da-2614-4580-ab66-846506e27a9f req-a5e4e3da-2614-4580-ab66-846506e27a9f ] Request (ServerExternalEventsTest:setUpClass): 200 GET http://10.180.1.21/identity/v3/roles 0.061s
2024-10-05 21:20:06.316 62308 INFO tempest.lib.common.rest_client [req-7160eeb8-1111-4fee-bba6-4391fd23f592 req-7160eeb8-1111-4fee-bba6-4391fd23f592 ] Request (ServersNegativeTestMultiTenantJSON:setUpClass): 201 POST http://10.180.1.21/identity/v3/users 0.067s
2024-10-05 21:20:06.335 62308 INFO tempest.lib.common.rest_client [req-12889280-80e3-48ae-916f-4dcbf0198647 req-12889280-80e3-48ae-916f-4dcbf0198647 ] Request (ServersNegativeTestMultiTenantJSON:setUpClass): 200 GET http://10.180.1.21/identity/v3/roles 0.019s
2024-10-05 21:20:06.350 62306 INFO tempest.lib.common.rest_client [req-4b82c0da-4df8-409e-a89a-7db90cff94e8 req-4b82c0da-4df8-409e-a89a-7db90cff94e8 ] Request (VolumesAdminNegativeTest:test_update_attached_volume_with_nonexistent_volume_in_body): 200 GET http://10.180.1.21/compute/v2.1/servers/15840e95-6565-4b0a-b1a1-d97e42c55325 0.898s
2024-10-05 21:20:06.363 62280 INFO tempest.lib.common.rest_client [req-f2532acc-252c-4057-b7d7-7e3783469ec6 req-f2532acc-252c-4057-b7d7-7e3783469ec6 ] Request (ServerExternalEventsTest:setUpClass): 204 PUT http://10.180.1.21/identity/v3/projects/863e333b1ad74d2baff4cb3853d66477/users/0469e24524e249c0bb680eb1833d4ca7/roles/dbb456f185f847ae8cedd54a637b8110 0.063s
2024-10-05 21:20:06.366 62308 INFO tempest.lib.common.rest_client [req-779ef48a-22d9-4300-8605-de948919d3bb req-779ef48a-22d9-4300-8605-de948919d3bb ] Request (ServersNegativeTestMultiTenantJSON:setUpClass): 204 PUT http://10.180.1.21/identity/v3/projects/98c9005e0ed84cafaf8d09779c4617c7/users/9986602bbdd648b5ad7158d4ee7d26a9/roles/1e4ca2392b724c6286450c03353324b7 0.030s
2024-10-05 21:20:06.366 62308 INFO tempest.lib.common.dynamic_creds [-] Dynamic test user 9986602bbdd648b5ad7158d4ee7d26a9 is created with scope project and roles: ['member']
2024-10-05 21:20:06.366 62308 INFO tempest.lib.common.dynamic_creds [-] Acquired dynamic creds: credentials: Credentials: {'domain_id': 'default', 'domain_name': 'Default', 'username': 'tempest-ServersNegativeTestMultiTenantJSON-1773037597-project-member', 'project_domain_id': 'default', 'project_domain_name': 'Default', 'project_id': '98c9005e0ed84cafaf8d09779c4617c7', 'project_name': 'tempest-ServersNegativeTestMultiTenantJSON-1773037597', 'tenant_id': '98c9005e0ed84cafaf8d09779c4617c7', 'tenant_name': 'tempest-ServersNegativeTestMultiTenantJSON-1773037597', 'user_domain_id': 'default', 'user_domain_name': 'Default', 'user_id': '9986602bbdd648b5ad7158d4ee7d26a9', 'system': None}, Network: None, Subnet: None, Router: None
2024-10-05 21:20:06.404 62304 INFO tempest.lib.common.rest_client [req-14e6ff01-5068-454f-8d9f-d1126aa9b69b req-14e6ff01-5068-454f-8d9f-d1126aa9b69b ] Request (InstanceActionsTestJSON:setUpClass): 200 GET http://10.180.1.21/compute/v2.1/servers/25cef25b-75f2-49a5-965a-ff9ce51a150e 0.726s
