2024-10-05 21:20:19.913 62294 INFO tempest.lib.common.rest_client [req-6b791200-cb76-421c-94a0-a213c7cf41d3 req-6b791200-cb76-421c-94a0-a213c7cf41d3 ] Request (VolumesAssistedSnapshotsTest:tearDownClass): 204 DELETE http://10.180.1.21/identity/v3/users/121fd0f11ec34ace8b9d7867e47ac2dc 0.183s
2024-10-05 21:20:19.951 62314 INFO tempest.lib.common.rest_client [req-1097957a-5fe0-4386-9915-4490472b224a req-1097957a-5fe0-4386-9915-4490472b224a ] Request (ServersTestMultiNic:test_verify_duplicate_network_nics): 200 GET http://10.180.1.21/compute/v2.1/servers/9461cc5d-99dd-449b-97a9-586cf5aa7cb9 0.140s
2024-10-05 21:20:19.972 62326 INFO tempest.lib.common.rest_client [req-0cfce15b-3889-4e86-986e-6e2ad2ef8899 req-0cfce15b-3889-4e86-986e-6e2ad2ef8899 ] Request (ServersTestJSON:setUpClass): 200 GET http://10.180.1.21/identity/v3/roles 0.306s
2024-10-05 21:20:19.992 62302 INFO tempest.lib.common.rest_client [req-e24df158-9298-420a-86a2-768cc61fdc7e req-e24df158-9298-420a-86a2-768cc61fdc7e ] Request (ServerShowV254Test:tearDownClass): 201 POST http://10.180.1.21/identity/v3/auth/tokens 0.253s
2024-10-05 21:20:19.998 62270 INFO tempest.lib.common.rest_client [req-68cda091-dd34-437a-8a64-767d4d3eb666 req-68cda091-dd34-437a-8a64-767d4d3eb666 ] Request (ImagesNegativeTestJSON:test_create_image_from_deleted_server): 200 GET http://10.180.1.21/compute/v2.1/servers/72e581d2-45e8-4c6a-ac2b-59f09a756abb 0.111s
2024-10-05 21:20:20.021 62268 INFO tempest.lib.common.rest_client [req-9755eeca-66fe-40db-b2db-a32da3e6983a req-9755eeca-66fe-40db-b2db-a32da3e6983a ] Request (ImagesTestJSON:test_create_image_from_suspended_server): 201 POST http://10.180.1.21/identity/v3/auth/tokens 0.263s
2024-10-05 21:20:20.022 62268 INFO tempest.lib.common.fixed_network [-] (ImagesTestJSON:test_create_image_from_suspended_server) Found network {'id': '602d56ec-c5a0-4da5-9e16-b9714986e568', 'name': 'tempest-ImagesTestJSON-1898463221-network', 'tenant_id': '57adb8e159a943438db7ad0f52958048', 'admin_state_up': True, 'mtu': 8950, 'status': 'ACTIVE', 'subnets': [], 'shared': False, 'project_id': '57adb8e159a943438db7ad0f52958048', 'port_security_enabled': True, 'router:external': False, 'provider:network_type': 'vlan', 'provider:physical_network': 'default', 'provider:segmentation_id': 498, 'is_default': False, 'availability_zone_hints': [], 'availability_zones': [], 'ipv4_address_scope': None, 'ipv6_address_scope': None, 'description': '', 'tags': [], 'created_at': '2024-10-05T21:19:15Z', 'updated_at': '2024-10-05T21:19:15Z', 'revision_number': 1} available for tenant
2024-10-05 21:20:20.023 62300 INFO tempest.lib.common.rest_client [req-febf2cba-dfc6-4fed-a096-505a860541ad req-febf2cba-dfc6-4fed-a096-505a860541ad ] Request (DeleteServersAdminTestJSON:test_delete_server_while_in_error_state): 200 GET http://10.180.1.21/compute/v2.1/servers/791632b4-4129-49e6-a38c-80f7e137f970 0.125s
2024-10-05 21:20:20.052 62310 INFO tempest.lib.common.rest_client [req-4966c71c-9828-45cb-a9df-d874bf757f03 req-4966c71c-9828-45cb-a9df-d874bf757f03 ] Request (ServersNegativeTestJSON:setUpClass): 200 GET http://10.180.1.21/compute/v2.1/servers/7f8c944f-e921-409a-956a-91c8e2117ecf 0.114s
2024-10-05 21:20:20.060 62326 INFO tempest.lib.common.rest_client [req-90b29394-37ee-4f29-82ca-b3da0516d9c6 req-90b29394-37ee-4f29-82ca-b3da0516d9c6 ] Request (ServersTestJSON:setUpClass): 204 PUT http://10.180.1.21/identity/v3/projects/124b7ed3b52644038d905e6de1f1dde4/users/73cd9392e2ee4ad48a9ca296fbb737bb/roles/1e4ca2392b724c6286450c03353324b7 0.087s
2024-10-05 21:20:20.060 62326 INFO tempest.lib.common.dynamic_creds [-] Dynamic test user 73cd9392e2ee4ad48a9ca296fbb737bb is created with scope project and roles: ['member']
2024-10-05 21:20:20.060 62326 INFO tempest.lib.common.dynamic_creds [-] Acquired dynamic creds: credentials: Credentials: {'domain_id': 'default', 'domain_name': 'Default', 'username': 'tempest-ServersTestJSON-1225058807-project-member', 'project_domain_id': 'default', 'project_domain_name': 'Default', 'project_id': '124b7ed3b52644038d905e6de1f1dde4', 'project_name': 'tempest-ServersTestJSON-1225058807', 'tenant_id': '124b7ed3b52644038d905e6de1f1dde4', 'tenant_name': 'tempest-ServersTestJSON-1225058807', 'user_domain_id': 'default', 'user_domain_name': 'Default', 'user_id': '73cd9392e2ee4ad48a9ca296fbb737bb', 'system': None}, Network: None, Subnet: None, Router: None
2024-10-05 21:20:20.077 62316 INFO tempest.lib.common.rest_client [req-f9e2e7b1-5c6c-4e45-8ed6-b0551a140dfc req-f9e2e7b1-5c6c-4e45-8ed6-b0551a140dfc ] Request (ListServersNegativeTestJSON:setUpClass): 200 GET http://10.180.1.21/compute/v2.1/servers/80f73479-19b0-46f1-a81d-ef59b555e1be 0.113s
2024-10-05 21:20:20.077 62294 INFO tempest.lib.common.rest_client [req-61e7615d-bfd8-4db7-970b-b43039d140c4 req-61e7615d-bfd8-4db7-970b-b43039d140c4 ] Request (VolumesAssistedSnapshotsTest:tearDownClass): 204 DELETE http://10.180.1.21/identity/v3/users/e6ee5e8a8dcc43e7b1ca23b5522d24eb 0.163s
2024-10-05 21:20:20.077 62294 INFO tempest.lib.common.dynamic_creds [-] Deleting project and security group for project: 3dc6bfca0db54b87bd6c22ce265d298d
2024-10-05 21:20:20.114 62284 INFO tempest.lib.common.rest_client [req-4bfb80cd-9cee-4ce9-ba20-f696bb7880ab req-4bfb80cd-9cee-4ce9-ba20-f696bb7880ab ] Request (ServerActionsTestOtherB:setUpClass): 200 GET http://10.180.1.21/compute/v2.1/servers/3f48bca6-0762-455f-9557-eacfee0dcc0e 0.112s
2024-10-05 21:20:20.124 62276 INFO tempest.lib.common.rest_client [req-e0d2367b-861f-40ce-b727-4474a1d49a75 req-e0d2367b-861f-40ce-b727-4474a1d49a75 ] Request (ServerAddressesNegativeTestJSON:setUpClass): 200 GET http://10.180.1.21/compute/v2.1/servers/6f801fe9-bc20-4661-a771-db5d8ce71a57 0.110s
2024-10-05 21:20:20.130 62326 INFO tempest.lib.common.rest_client [req-8c58257b-d770-452d-a74c-8adc8634fd13 req-8c58257b-d770-452d-a74c-8adc8634fd13 ] Request (ServersTestJSON:setUpClass): 201 POST http://10.180.1.21/identity/v3/auth/tokens 0.070s
2024-10-05 21:20:20.133 62294 INFO tempest.lib.common.rest_client [req-6fa68216-f893-46d8-b272-2d5a916c5b0e req-6fa68216-f893-46d8-b272-2d5a916c5b0e ] Request (VolumesAssistedSnapshotsTest:tearDownClass): 200 GET http://10.180.1.21:9696/networking/v2.0/security-groups?tenant_id=3dc6bfca0db54b87bd6c22ce265d298d&name=default 0.055s
2024-10-05 21:20:20.320 62288 INFO tempest.lib.common.rest_client [req-7d0215b4-c8fb-4218-aa02-9874406ade93 req-7d0215b4-c8fb-4218-aa02-9874406ade93 ] Request (ListImageFiltersTestJSON:setUpClass): 200 GET http://10.180.1.21/compute/v2.1/servers/99fd1d99-591a-4844-8b8f-faadde5f8356 0.278s
2024-10-05 21:20:20.338 62294 INFO tempest.lib.common.rest_client [req-dd9156ad-435a-41fa-8d69-f8ec5a18204c req-dd9156ad-435a-41fa-8d69-f8ec5a18204c ] Request (VolumesAssistedSnapshotsTest:tearDownClass): 204 DELETE http://10.180.1.21:9696/networking/v2.0/security-groups/6affb91d-276c-4ed7-ac49-732e2a3764e1 0.204s
2024-10-05 21:20:20.366 62286 INFO tempest.lib.common.rest_client [req-b7247434-d6c3-47e5-9f83-eebeff5c0ea4 req-b7247434-d6c3-47e5-9f83-eebeff5c0ea4 ] Request (FloatingIPsAssociationNegativeTestJSON:setUpClass): 200 GET http://10.180.1.21/compute/v2.1/servers/98e94272-dd3d-465c-886b-cf4bf6a9e454 0.304s
2024-10-05 21:20:20.366 62302 INFO tempest.lib.common.rest_client [req-07515ef0-43c1-4978-99c5-6d20177d1733 req-07515ef0-43c1-4978-99c5-6d20177d1733 ] Request (ServerShowV254Test:tearDownClass): 200 GET http://10.180.1.21:9696/networking/v2.0/security-groups?tenant_id=8ff6628b02664fd196e1503eda08e52d&name=default 0.374s
2024-10-05 21:20:20.409 62294 INFO tempest.lib.common.rest_client [req-6fac3964-e8bf-4d2b-8845-8c89b9bbd610 req-6fac3964-e8bf-4d2b-8845-8c89b9bbd610 ] Request (VolumesAssistedSnapshotsTest:tearDownClass): 204 DELETE http://10.180.1.21/identity/v3/projects/3dc6bfca0db54b87bd6c22ce265d298d 0.071s
2024-10-05 21:20:20.410 62294 INFO tempest.lib.common.dynamic_creds [-] Deleting project and security group for project: 1d2834fb0b3a4922ae086994d9bd824a
2024-10-05 21:20:20.429 62328 INFO tempest.lib.common.rest_client [req-346e23d9-0a3b-42f6-8474-366894ccaee6 req-346e23d9-0a3b-42f6-8474-366894ccaee6 ] Request (ServerMetadataTestJSON:setUpClass): 200 GET http://10.180.1.21/compute/v2.1/servers/2737381d-3ac6-4c35-99ba-043f37bad9cf 0.323s
2024-10-05 21:20:20.460 62294 INFO tempest.lib.common.rest_client [req-775b4208-aa0e-4713-9b60-a00293916230 req-775b4208-aa0e-4713-9b60-a00293916230 ] Request (VolumesAssistedSnapshotsTest:tearDownClass): 200 GET http://10.180.1.21:9696/networking/v2.0/security-groups?tenant_id=1d2834fb0b3a4922ae086994d9bd824a&name=default 0.050s
2024-10-05 21:20:20.488 62320 INFO tempest.lib.common.rest_client [req-cca0b92a-a111-465c-b59d-6fdfcc75c4ed req-cca0b92a-a111-465c-b59d-6fdfcc75c4ed ] Request (ServerGroupTestJSON:test_create_server_with_scheduler_hint_group): 200 GET http://10.180.1.21/compute/v2.1/servers/bedd60ed-9ecb-4d30-8cf5-de39b90331be 0.372s
2024-10-05 21:20:20.552 62268 INFO tempest.lib.common.rest_client [req-8e2fa579-2c9d-4620-866b-6f3a9051dfa2 req-8e2fa579-2c9d-4620-866b-6f3a9051dfa2 ] Request (ImagesTestJSON:test_create_image_from_suspended_server): 202 POST http://10.180.1.21/compute/v2.1/servers 0.530s
2024-10-05 21:20:20.558 62294 INFO tempest.lib.common.rest_client [req-e748ac1c-5ec7-41c1-9025-16e474e35417 req-e748ac1c-5ec7-41c1-9025-16e474e35417 ] Request (VolumesAssistedSnapshotsTest:tearDownClass): 204 DELETE http://10.180.1.21:9696/networking/v2.0/security-groups/9243c2c5-5579-469f-ba99-c1b73c16cafd 0.098s
2024-10-05 21:20:20.558 62318 INFO tempest.lib.common.rest_client [req-a9fc6e31-ba7f-47d6-b181-0c7c0c87788d req-a9fc6e31-ba7f-47d6-b181-0c7c0c87788d ] Request (MigrationsAdminTest:test_resize_server_revert_deleted_flavor): 200 GET http://10.180.1.21/compute/v2.1/servers/bd04a015-b1f3-4ead-8749-1a4f82e9a9e0 0.389s
2024-10-05 21:20:20.574 62302 INFO tempest.lib.common.rest_client [req-f860bef0-d86b-49e8-924f-c7c3d37813da req-f860bef0-d86b-49e8-924f-c7c3d37813da ] Request (ServerShowV254Test:tearDownClass): 204 DELETE http://10.180.1.21:9696/networking/v2.0/security-groups/08514d58-443a-4d8b-a5c1-debceadd7a34 0.208s
2024-10-05 21:20:20.624 62282 INFO tempest.lib.common.rest_client [req-08dbc0a2-afd8-4f59-86ca-14aed9b70eb7 req-08dbc0a2-afd8-4f59-86ca-14aed9b70eb7 ] Request (AttachInterfacesTestJSON:test_create_list_show_delete_interfaces_by_fixed_ip): 200 GET http://10.180.1.21/compute/v2.1/servers/afc5aba9-d5d9-441e-9545-845e6ac320a3 0.399s
2024-10-05 21:20:20.627 62326 INFO tempest.lib.common.rest_client [req-362aaa63-a3d3-4688-beea-05872bfe1998 req-362aaa63-a3d3-4688-beea-05872bfe1998 ] Request (ServersTestJSON:setUpClass): 201 POST http://10.180.1.21:9696/networking/v2.0/networks 0.494s
2024-10-05 21:20:20.649 62278 INFO tempest.lib.common.rest_client [req-dc71d3d3-d104-47a0-bcde-d479df2ee6de req-dc71d3d3-d104-47a0-bcde-d479df2ee6de ] Request (ServersAdmin275Test:tearDownClass): 200 GET http://10.180.1.21/compute/v2.1/servers/8513a91b-12d3-4cfc-900a-e502d618bbf1 0.459s
2024-10-05 21:20:20.685 62302 INFO tempest.lib.common.rest_client [req-e615026d-67ee-49db-9814-e16fc9b5f738 req-e615026d-67ee-49db-9814-e16fc9b5f738 ] Request (ServerShowV254Test:tearDownClass): 204 DELETE http://10.180.1.21/identity/v3/projects/8ff6628b02664fd196e1503eda08e52d 0.110s
2024-10-05 21:20:20.687 62294 INFO tempest.lib.common.rest_client [req-a3b20fc2-e646-4d0a-ad53-04bebf32171b req-a3b20fc2-e646-4d0a-ad53-04bebf32171b ] Request (VolumesAssistedSnapshotsTest:tearDownClass): 204 DELETE http://10.180.1.21/identity/v3/projects/1d2834fb0b3a4922ae086994d9bd824a 0.128s
2024-10-05 21:20:20.687 62294 INFO tempest.lib.common.dynamic_creds [-] Deleting project and security group for project: f43a1df7ffd64757b70a6cde7b278de9
2024-10-05 21:20:20.690 62308 INFO tempest.lib.common.rest_client [req-ebe8c51a-3245-407b-b66b-1a8fef68a255 req-ebe8c51a-3245-407b-b66b-1a8fef68a255 ] Request (ServersNegativeTestMultiTenantJSON:setUpClass): 200 GET http://10.180.1.21/compute/v2.1/servers/a6b4bb48-165c-489c-ae9d-3858a779de06 0.408s
2024-10-05 21:20:20.707 62274 INFO tempest.lib.common.rest_client [req-f8c6473d-7c58-43b3-80a5-1987b97ed509 req-f8c6473d-7c58-43b3-80a5-1987b97ed509 ] Request (ServersAdminTestJSON:setUpClass): 200 GET http://10.180.1.21/compute/v2.1/servers/84d99082-9e9a-48bd-9fcc-366e1433fe13 0.395s
2024-10-05 21:20:20.739 62294 INFO tempest.lib.common.rest_client [req-a0cb6c63-78c8-43cb-8bd5-f8b273006c48 req-a0cb6c63-78c8-43cb-8bd5-f8b273006c48 ] Request (VolumesAssistedSnapshotsTest:tearDownClass): 200 GET http://10.180.1.21:9696/networking/v2.0/security-groups?tenant_id=f43a1df7ffd64757b70a6cde7b278de9&name=default 0.050s
2024-10-05 21:20:20.757 62280 INFO tempest.lib.common.rest_client [req-9982efb5-e790-4680-99c0-181f979609d6 req-9982efb5-e790-4680-99c0-181f979609d6 ] Request (ServerExternalEventsTest:test_create_server_external_events): 200 GET http://10.180.1.21/compute/v2.1/servers/0c9b9333-1904-4458-a779-eb195ea3e7bb 0.417s
2024-10-05 21:20:20.759 62304 INFO tempest.lib.common.rest_client [req-a99a589f-8ccb-4e93-a248-75ab3216cc01 req-a99a589f-8ccb-4e93-a248-75ab3216cc01 ] Request (InstanceActionsTestJSON:setUpClass): 200 GET http://10.180.1.21/compute/v2.1/servers/25cef25b-75f2-49a5-965a-ff9ce51a150e 0.368s
2024-10-05 21:20:20.826 62306 INFO tempest.lib.common.rest_client [req-40d057ff-1142-4d66-8e45-b60ea210b305 req-40d057ff-1142-4d66-8e45-b60ea210b305 ] Request (VolumesAdminNegativeTest:test_update_attached_volume_with_nonexistent_volume_in_body): 200 GET http://10.180.1.21/compute/v2.1/servers/15840e95-6565-4b0a-b1a1-d97e42c55325 0.320s
2024-10-05 21:20:20.827 62322 INFO tempest.lib.common.rest_client [req-bb35da7d-46ad-4a07-b8de-ad3498e2f4b3 req-bb35da7d-46ad-4a07-b8de-ad3498e2f4b3 ] Request (ImagesOneServerTestJSON:setUpClass): 200 GET http://10.180.1.21/compute/v2.1/servers/b796850f-fe12-42f9-97fc-0946499e9ff7 0.380s
2024-10-05 21:20:20.873 62268 INFO tempest.lib.common.rest_client [req-8c3b26bc-3f8a-487c-bcf2-b98e313b7c48 req-8c3b26bc-3f8a-487c-bcf2-b98e313b7c48 ] Request (ImagesTestJSON:test_create_image_from_suspended_server): 200 GET http://10.180.1.21/compute/v2.1/servers/fdce4039-0716-4974-bef0-68cb4a686825 0.320s
2024-10-05 21:20:20.898 62290 INFO tempest.lib.common.rest_client [req-4f5e5b22-5106-434d-82ee-6da1ebd5539a req-4f5e5b22-5106-434d-82ee-6da1ebd5539a ] Request (ServerDiskConfigTestJSON:test_rebuild_server_with_auto_disk_config): 200 GET http://10.180.1.21/compute/v2.1/servers/9ea786d6-8ae6-47ae-8b94-52b4ccfe855c 0.331s
2024-10-05 21:20:20.929 62312 INFO tempest.lib.common.rest_client [req-d5bbed44-3075-4aba-b994-d7034855e475 req-d5bbed44-3075-4aba-b994-d7034855e475 ] Request (AttachInterfacesV270Test:test_create_get_list_interfaces): 200 GET http://10.180.1.21/compute/v2.1/servers/61e4dd14-70d6-4f3c-93e0-8e5b0acd0cec 0.294s
2024-10-05 21:20:20.953 62296 INFO tempest.lib.common.rest_client [req-e2d45d65-98a3-4c98-83e1-e104dce33800 req-e2d45d65-98a3-4c98-83e1-e104dce33800 ] Request (ServersAdminNegativeTestJSON:setUpClass): 200 GET http://10.180.1.21/compute/v2.1/servers/3d32529a-7c69-49eb-8066-b964c3058b5f 0.267s
2024-10-05 21:20:20.958 62294 INFO tempest.lib.common.rest_client [req-ba9d4c54-1e7a-47f7-9a90-a014199ef295 req-ba9d4c54-1e7a-47f7-9a90-a014199ef295 ] Request (VolumesAssistedSnapshotsTest:tearDownClass): 204 DELETE http://10.180.1.21:9696/networking/v2.0/security-groups/0b124269-06d4-47dd-883b-338e17c6a78a 0.218s
2024-10-05 21:20:20.961 62326 INFO tempest.lib.common.rest_client [req-c1eb12d9-015f-4461-b730-69cbd1cf3654 req-c1eb12d9-015f-4461-b730-69cbd1cf3654 ] Request (ServersTestJSON:setUpClass): 201 POST http://10.180.1.21:9696/networking/v2.0/subnets 0.334s
2024-10-05 21:20:20.979 62324 INFO tempest.lib.common.rest_client [req-0611c6c4-b15b-4291-a29c-8702997cf539 req-0611c6c4-b15b-4291-a29c-8702997cf539 ] Request (InstanceActionsNegativeTestJSON:setUpClass): 200 GET http://10.180.1.21/compute/v2.1/servers/4225a019-513e-4be5-8d22-1444597df6ed 0.255s
2024-10-05 21:20:21.013 62292 INFO tempest.lib.common.rest_client [req-3859358c-1cc5-4058-8568-44ee6d1c2c22 req-3859358c-1cc5-4058-8568-44ee6d1c2c22 ] Request (FloatingIPsAssociationTestJSON:setUpClass): 200 GET http://10.180.1.21/compute/v2.1/servers/c572b750-a834-4cdd-992d-7164768fc5f4 0.264s
2024-10-05 21:20:21.025 62298 INFO tempest.lib.common.rest_client [req-c492d3d3-faa4-44f7-a86b-3d97c6ea71b6 req-c492d3d3-faa4-44f7-a86b-3d97c6ea71b6 ] Request (ServerDiagnosticsNegativeTest:test_get_server_diagnostics_by_non_admin): 200 GET http://10.180.1.21/compute/v2.1/servers/b71d39a5-d32c-4169-8e57-6791c4184823 0.210s
2024-10-05 21:20:21.069 62314 INFO tempest.lib.common.rest_client [req-4c90c6f9-cd17-4ee6-858c-446512e404f3 req-4c90c6f9-cd17-4ee6-858c-446512e404f3 ] Request (ServersTestMultiNic:test_verify_duplicate_network_nics): 200 GET http://10.180.1.21/compute/v2.1/servers/9461cc5d-99dd-449b-97a9-586cf5aa7cb9 0.110s
2024-10-05 21:20:21.071 62294 INFO tempest.lib.common.rest_client [req-4b88c45c-fcf8-401a-b107-bff0420ddcb6 req-4b88c45c-fcf8-401a-b107-bff0420ddcb6 ] Request (VolumesAssistedSnapshotsTest:tearDownClass): 204 DELETE http://10.180.1.21/identity/v3/projects/f43a1df7ffd64757b70a6cde7b278de9 0.113s
2024-10-05 21:20:21.072 62272 INFO tempest.lib.common.rest_client [req-3394ac57-8b61-4341-ab0a-1bbcce90dd07 req-3394ac57-8b61-4341-ab0a-1bbcce90dd07 ] Request (AttachInterfacesUnderV243Test:test_add_remove_fixed_ip): 200 GET http://10.180.1.21/compute/v2.1/servers/74401e9a-2a20-4797-87c4-ad0eea016866 0.182s
2024-10-05 21:20:21.120 62270 INFO tempest.lib.common.rest_client [req-d453c713-5d74-4ce5-8cc0-a4b89a9f3488 req-d453c713-5d74-4ce5-8cc0-a4b89a9f3488 ] Request (ImagesNegativeTestJSON:test_create_image_from_deleted_server): 200 GET http://10.180.1.21/compute/v2.1/servers/72e581d2-45e8-4c6a-ac2b-59f09a756abb 0.116s
2024-10-05 21:20:21.126 62300 INFO tempest.lib.common.rest_client [req-9baffd74-a381-4290-9719-c560c4d903b2 req-9baffd74-a381-4290-9719-c560c4d903b2 ] Request (DeleteServersAdminTestJSON:test_delete_server_while_in_error_state): 200 GET http://10.180.1.21/compute/v2.1/servers/791632b4-4129-49e6-a38c-80f7e137f970 0.087s
2024-10-05 21:20:21.150 62294 INFO tempest.lib.common.rest_client [req-8c388c07-80f2-44f6-9daf-9b68feac95e7 req-8c388c07-80f2-44f6-9daf-9b68feac95e7 ] Request (ServersWithSpecificFlavorTestJSON:setUpClass): 201 POST http://10.180.1.21/identity/v3/auth/tokens 0.073s
2024-10-05 21:20:21.171 62310 INFO tempest.lib.common.rest_client [req-181dd058-cd38-47b6-a12d-c235205c9f40 req-181dd058-cd38-47b6-a12d-c235205c9f40 ] Request (ServersNegativeTestJSON:setUpClass): 200 GET http://10.180.1.21/compute/v2.1/servers/7f8c944f-e921-409a-956a-91c8e2117ecf 0.108s
2024-10-05 21:20:21.183 62316 INFO tempest.lib.common.rest_client [req-0db373c3-6e89-4086-8ac5-0fd028b9d346 req-0db373c3-6e89-4086-8ac5-0fd028b9d346 ] Request (ListServersNegativeTestJSON:setUpClass): 200 GET http://10.180.1.21/compute/v2.1/servers/80f73479-19b0-46f1-a81d-ef59b555e1be 0.097s
2024-10-05 21:20:21.184 62294 INFO tempest.lib.common.rest_client [req-56f45fac-e985-4963-a456-538ac95f4763 req-56f45fac-e985-4963-a456-538ac95f4763 ] Request (ServersWithSpecificFlavorTestJSON:setUpClass): 201 POST http://10.180.1.21/identity/v3/auth/tokens 0.032s
2024-10-05 21:20:21.212 62294 INFO tempest.lib.common.rest_client [req-838206da-8811-42c3-8056-7085aaa5584c req-838206da-8811-42c3-8056-7085aaa5584c ] Request (ServersWithSpecificFlavorTestJSON:setUpClass): 200 GET http://10.180.1.21/identity/v3/domains?name=Default 0.027s
2024-10-05 21:20:21.220 62284 INFO tempest.lib.common.rest_client [req-d811c846-db61-453e-9b7c-62c7323db50d req-d811c846-db61-453e-9b7c-62c7323db50d ] Request (ServerActionsTestOtherB:setUpClass): 200 GET http://10.180.1.21/compute/v2.1/servers/3f48bca6-0762-455f-9557-eacfee0dcc0e 0.099s
2024-10-05 21:20:21.233 62276 INFO tempest.lib.common.rest_client [req-fde109e1-1592-4d68-817b-00511371d3c1 req-fde109e1-1592-4d68-817b-00511371d3c1 ] Request (ServerAddressesNegativeTestJSON:setUpClass): 200 GET http://10.180.1.21/compute/v2.1/servers/6f801fe9-bc20-4661-a771-db5d8ce71a57 0.101s
2024-10-05 21:20:21.238 62294 INFO tempest.lib.common.rest_client [req-0c831189-2b5c-4e5a-aeb4-9a79c00f11d0 req-0c831189-2b5c-4e5a-aeb4-9a79c00f11d0 ] Request (ServersWithSpecificFlavorTestJSON:setUpClass): 201 POST http://10.180.1.21/identity/v3/projects 0.026s
2024-10-05 21:20:21.291 62294 INFO tempest.lib.common.rest_client [req-0fd34287-3dd7-42f5-a1a5-7aa71ec9ae6f req-0fd34287-3dd7-42f5-a1a5-7aa71ec9ae6f ] Request (ServersWithSpecificFlavorTestJSON:setUpClass): 201 POST http://10.180.1.21/identity/v3/users 0.053s
2024-10-05 21:20:21.309 62294 INFO tempest.lib.common.rest_client [req-5c5a27df-7e61-4562-aa28-c860bbb370eb req-5c5a27df-7e61-4562-aa28-c860bbb370eb ] Request (ServersWithSpecificFlavorTestJSON:setUpClass): 200 GET http://10.180.1.21/identity/v3/roles 0.017s
2024-10-05 21:20:21.338 62294 INFO tempest.lib.common.rest_client [req-a7eea1ff-812a-4306-a6bb-213b6e5e36cc req-a7eea1ff-812a-4306-a6bb-213b6e5e36cc ] Request (ServersWithSpecificFlavorTestJSON:setUpClass): 204 PUT http://10.180.1.21/identity/v3/projects/13801f3beb22404b9165033f7943ff29/users/64bb786e228f420ab8a25596cdcb23b9/roles/1e4ca2392b724c6286450c03353324b7 0.028s
2024-10-05 21:20:21.338 62294 INFO tempest.lib.common.dynamic_creds [-] Dynamic test user 64bb786e228f420ab8a25596cdcb23b9 is created with scope project and roles: ['member']
2024-10-05 21:20:21.339 62294 INFO tempest.lib.common.dynamic_creds [-] Acquired dynamic creds: credentials: Credentials: {'domain_id': 'default', 'domain_name': 'Default', 'username': 'tempest-ServersWithSpecificFlavorTestJSON-2011621627-project-member', 'project_domain_id': 'default', 'project_domain_name': 'Default', 'project_id': '13801f3beb22404b9165033f7943ff29', 'project_name': 'tempest-ServersWithSpecificFlavorTestJSON-2011621627', 'tenant_id': '13801f3beb22404b9165033f7943ff29', 'tenant_name': 'tempest-ServersWithSpecificFlavorTestJSON-2011621627', 'user_domain_id': 'default', 'user_domain_name': 'Default', 'user_id': '64bb786e228f420ab8a25596cdcb23b9', 'system': None}, Network: None, Subnet: None, Router: None
2024-10-05 21:20:21.381 62288 INFO tempest.lib.common.rest_client [req-2d29140c-afdc-47ea-834c-2d2a3e146954 req-2d29140c-afdc-47ea-834c-2d2a3e146954 ] Request (ListImageFiltersTestJSON:setUpClass): 200 GET http://10.180.1.21/compute/v2.1/servers/99fd1d99-591a-4844-8b8f-faadde5f8356 0.051s
2024-10-05 21:20:21.398 62294 INFO tempest.lib.common.rest_client [req-4850b882-99c9-43c1-952f-b7a136170bcd req-4850b882-99c9-43c1-952f-b7a136170bcd ] Request (ServersWithSpecificFlavorTestJSON:setUpClass): 201 POST http://10.180.1.21/identity/v3/auth/tokens 0.059s
2024-10-05 21:20:21.438 62286 INFO tempest.lib.common.rest_client [req-b296375e-c17d-4743-b9ab-cffc4f000345 req-b296375e-c17d-4743-b9ab-cffc4f000345 ] Request (FloatingIPsAssociationNegativeTestJSON:setUpClass): 200 GET http://10.180.1.21/compute/v2.1/servers/98e94272-dd3d-465c-886b-cf4bf6a9e454 0.058s
2024-10-05 21:20:21.498 62328 INFO tempest.lib.common.rest_client [req-27402047-e75a-4224-940a-fd350d1ea7ab req-27402047-e75a-4224-940a-fd350d1ea7ab ] Request (ServerMetadataTestJSON:setUpClass): 200 GET http://10.180.1.21/compute/v2.1/servers/2737381d-3ac6-4c35-99ba-043f37bad9cf 0.061s
2024-10-05 21:20:21.554 62320 INFO tempest.lib.common.rest_client [req-d0cca201-7b32-4ab1-a128-6ffa22dac290 req-d0cca201-7b32-4ab1-a128-6ffa22dac290 ] Request (ServerGroupTestJSON:test_create_server_with_scheduler_hint_group): 200 GET http://10.180.1.21/compute/v2.1/servers/bedd60ed-9ecb-4d30-8cf5-de39b90331be 0.057s
2024-10-05 21:20:21.635 62318 INFO tempest.lib.common.rest_client [req-4a72e459-f148-453a-a189-8cc53194d4d2 req-4a72e459-f148-453a-a189-8cc53194d4d2 ] Request (MigrationsAdminTest:test_resize_server_revert_deleted_flavor): 200 GET http://10.180.1.21/compute/v2.1/servers/bd04a015-b1f3-4ead-8749-1a4f82e9a9e0 0.058s
2024-10-05 21:20:21.663 62294 INFO tempest.lib.common.rest_client [req-c08a4c86-0bb1-413e-a3ee-a564b5f5270b req-c08a4c86-0bb1-413e-a3ee-a564b5f5270b ] Request (ServersWithSpecificFlavorTestJSON:setUpClass): 201 POST http://10.180.1.21:9696/networking/v2.0/networks 0.264s
2024-10-05 21:20:21.694 62326 INFO tempest.lib.common.rest_client [req-a05f774e-7358-47fc-9b02-4ae893e51c08 req-a05f774e-7358-47fc-9b02-4ae893e51c08 ] Request (ServersTestJSON:setUpClass): 201 POST http://10.180.1.21:9696/networking/v2.0/routers 0.731s
2024-10-05 21:20:21.702 62282 INFO tempest.lib.common.rest_client [req-bf14a9b4-307b-47da-99ec-450b105c2856 req-bf14a9b4-307b-47da-99ec-450b105c2856 ] Request (AttachInterfacesTestJSON:test_create_list_show_delete_interfaces_by_fixed_ip): 200 GET http://10.180.1.21/compute/v2.1/servers/afc5aba9-d5d9-441e-9545-845e6ac320a3 0.065s
2024-10-05 21:20:21.767 62308 INFO tempest.lib.common.rest_client [req-3c30503c-e30a-4e5e-9eb4-5e4f24c17b3e req-3c30503c-e30a-4e5e-9eb4-5e4f24c17b3e ] Request (ServersNegativeTestMultiTenantJSON:setUpClass): 200 GET http://10.180.1.21/compute/v2.1/servers/a6b4bb48-165c-489c-ae9d-3858a779de06 0.069s
2024-10-05 21:20:21.839 62274 INFO tempest.lib.common.rest_client [req-310f03e6-21b4-4fb7-bcfb-e5a99ede89b7 req-310f03e6-21b4-4fb7-bcfb-e5a99ede89b7 ] Request (ServersAdminTestJSON:setUpClass): 200 GET http://10.180.1.21/compute/v2.1/servers/84d99082-9e9a-48bd-9fcc-366e1433fe13 0.125s
2024-10-05 21:20:21.873 62278 INFO tempest.lib.common.rest_client [req-5274c88e-8241-4d38-94b7-fc3172bb3c8d req-5274c88e-8241-4d38-94b7-fc3172bb3c8d ] Request (ServersAdmin275Test:tearDownClass): 200 GET http://10.180.1.21/compute/v2.1/servers/8513a91b-12d3-4cfc-900a-e502d618bbf1 0.214s
2024-10-05 21:20:21.904 62280 INFO tempest.lib.common.rest_client [req-6686aa04-d2cc-4d5d-8974-3d96f414feca req-6686aa04-d2cc-4d5d-8974-3d96f414feca ] Request (ServerExternalEventsTest:test_create_server_external_events): 200 GET http://10.180.1.21/compute/v2.1/servers/0c9b9333-1904-4458-a779-eb195ea3e7bb 0.139s
2024-10-05 21:20:21.929 62304 INFO tempest.lib.common.rest_client [req-674b48cc-b17b-4256-845e-2ffc6005ed81 req-674b48cc-b17b-4256-845e-2ffc6005ed81 ] Request (InstanceActionsTestJSON:setUpClass): 200 GET http://10.180.1.21/compute/v2.1/servers/25cef25b-75f2-49a5-965a-ff9ce51a150e 0.163s
2024-10-05 21:20:21.963 62306 INFO tempest.lib.common.rest_client [req-fddf54e5-b5bd-4b83-a4aa-f6e313371ef7 req-fddf54e5-b5bd-4b83-a4aa-f6e313371ef7 ] Request (VolumesAdminNegativeTest:test_update_attached_volume_with_nonexistent_volume_in_body): 200 GET http://10.180.1.21/compute/v2.1/servers/15840e95-6565-4b0a-b1a1-d97e42c55325 0.129s
2024-10-05 21:20:21.978 62322 INFO tempest.lib.common.rest_client [req-2eb459fa-635c-43d7-b5a7-2a40e2617093 req-2eb459fa-635c-43d7-b5a7-2a40e2617093 ] Request (ImagesOneServerTestJSON:setUpClass): 200 GET http://10.180.1.21/compute/v2.1/servers/b796850f-fe12-42f9-97fc-0946499e9ff7 0.141s
2024-10-05 21:20:22.014 62268 INFO tempest.lib.common.rest_client [req-7f179c60-c4dc-4460-aa79-85e67e198867 req-7f179c60-c4dc-4460-aa79-85e67e198867 ] Request (ImagesTestJSON:test_create_image_from_suspended_server): 200 GET http://10.180.1.21/compute/v2.1/servers/fdce4039-0716-4974-bef0-68cb4a686825 0.132s
2024-10-05 21:20:22.027 62294 INFO tempest.lib.common.rest_client [req-e90fe15b-d200-4af0-9754-dca5fb14b094 req-e90fe15b-d200-4af0-9754-dca5fb14b094 ] Request (ServersWithSpecificFlavorTestJSON:setUpClass): 201 POST http://10.180.1.21:9696/networking/v2.0/subnets 0.364s
2024-10-05 21:20:22.031 62290 INFO tempest.lib.common.rest_client [req-3e394763-7c05-4553-b9c0-a7ce139884a3 req-3e394763-7c05-4553-b9c0-a7ce139884a3 ] Request (ServerDiskConfigTestJSON:test_rebuild_server_with_auto_disk_config): 200 GET http://10.180.1.21/compute/v2.1/servers/9ea786d6-8ae6-47ae-8b94-52b4ccfe855c 0.126s
2024-10-05 21:20:22.072 62312 INFO tempest.lib.common.rest_client [req-a8b798a8-3f3d-4cae-8934-b6a4ed5d7f3a req-a8b798a8-3f3d-4cae-8934-b6a4ed5d7f3a ] Request (AttachInterfacesV270Test:test_create_get_list_interfaces): 200 GET http://10.180.1.21/compute/v2.1/servers/61e4dd14-70d6-4f3c-93e0-8e5b0acd0cec 0.131s
2024-10-05 21:20:22.077 62296 INFO tempest.lib.common.rest_client [req-87c79cf9-59e8-424d-97a4-88a0fdc86476 req-87c79cf9-59e8-424d-97a4-88a0fdc86476 ] Request (ServersAdminNegativeTestJSON:setUpClass): 200 GET http://10.180.1.21/compute/v2.1/servers/3d32529a-7c69-49eb-8066-b964c3058b5f 0.110s
2024-10-05 21:20:22.131 62324 INFO tempest.lib.common.rest_client [req-7326be77-97a7-4c6e-94fe-7b0fb1b7ce31 req-7326be77-97a7-4c6e-94fe-7b0fb1b7ce31 ] Request (InstanceActionsNegativeTestJSON:setUpClass): 200 GET http://10.180.1.21/compute/v2.1/servers/4225a019-513e-4be5-8d22-1444597df6ed 0.144s
2024-10-05 21:20:22.154 62292 INFO tempest.lib.common.rest_client [req-8b4eaf2a-baf3-41ee-b378-7919ddf94700 req-8b4eaf2a-baf3-41ee-b378-7919ddf94700 ] Request (FloatingIPsAssociationTestJSON:setUpClass): 200 GET http://10.180.1.21/compute/v2.1/servers/c572b750-a834-4cdd-992d-7164768fc5f4 0.133s
2024-10-05 21:20:22.183 62298 INFO tempest.lib.common.rest_client [req-534ba3be-9559-4f36-be7a-a5cd726ff699 req-534ba3be-9559-4f36-be7a-a5cd726ff699 ] Request (ServerDiagnosticsNegativeTest:test_get_server_diagnostics_by_non_admin): 200 GET http://10.180.1.21/compute/v2.1/servers/b71d39a5-d32c-4169-8e57-6791c4184823 0.150s
2024-10-05 21:20:22.205 62314 INFO tempest.lib.common.rest_client [req-5ae970d9-6528-4cf0-9ee7-b5800886111e req-5ae970d9-6528-4cf0-9ee7-b5800886111e ] Request (ServersTestMultiNic:test_verify_duplicate_network_nics): 200 GET http://10.180.1.21/compute/v2.1/servers/9461cc5d-99dd-449b-97a9-586cf5aa7cb9 0.129s
2024-10-05 21:20:22.235 62272 INFO tempest.lib.common.rest_client [req-fff742ae-a135-445b-ad15-710b8376acab req-fff742ae-a135-445b-ad15-710b8376acab ] Request (AttachInterfacesUnderV243Test:test_add_remove_fixed_ip): 200 GET http://10.180.1.21/compute/v2.1/servers/74401e9a-2a20-4797-87c4-ad0eea016866 0.154s
2024-10-05 21:20:22.266 62270 INFO tempest.lib.common.rest_client [req-569c29a0-a09a-4061-9339-dd4c23cd9f93 req-569c29a0-a09a-4061-9339-dd4c23cd9f93 ] Request (ImagesNegativeTestJSON:test_create_image_from_deleted_server): 200 GET http://10.180.1.21/compute/v2.1/servers/72e581d2-45e8-4c6a-ac2b-59f09a756abb 0.134s
2024-10-05 21:20:22.284 62300 INFO tempest.lib.common.rest_client [req-3b55dd7a-3000-4989-b68e-c0ed9ceba949 req-3b55dd7a-3000-4989-b68e-c0ed9ceba949 ] Request (DeleteServersAdminTestJSON:test_delete_server_while_in_error_state): 200 GET http://10.180.1.21/compute/v2.1/servers/791632b4-4129-49e6-a38c-80f7e137f970 0.148s
2024-10-05 21:20:22.318 62310 INFO tempest.lib.common.rest_client [req-20ae1cae-77dc-4cf6-8c2c-1f649405d2ad req-20ae1cae-77dc-4cf6-8c2c-1f649405d2ad ] Request (ServersNegativeTestJSON:setUpClass): 200 GET http://10.180.1.21/compute/v2.1/servers/7f8c944f-e921-409a-956a-91c8e2117ecf 0.137s
2024-10-05 21:20:22.343 62316 INFO tempest.lib.common.rest_client [req-5e254452-56c8-49f5-9000-2fb687571cd9 req-5e254452-56c8-49f5-9000-2fb687571cd9 ] Request (ListServersNegativeTestJSON:setUpClass): 200 GET http://10.180.1.21/compute/v2.1/servers/80f73479-19b0-46f1-a81d-ef59b555e1be 0.152s
2024-10-05 21:20:22.377 62284 INFO tempest.lib.common.rest_client [req-24774a72-0b44-4283-b4d5-2daaaaa634de req-24774a72-0b44-4283-b4d5-2daaaaa634de ] Request (ServerActionsTestOtherB:setUpClass): 200 GET http://10.180.1.21/compute/v2.1/servers/3f48bca6-0762-455f-9557-eacfee0dcc0e 0.149s
2024-10-05 21:20:22.394 62276 INFO tempest.lib.common.rest_client [req-c1c05a91-1cd1-430c-ac0a-8d28b8046b44 req-c1c05a91-1cd1-430c-ac0a-8d28b8046b44 ] Request (ServerAddressesNegativeTestJSON:setUpClass): 200 GET http://10.180.1.21/compute/v2.1/servers/6f801fe9-bc20-4661-a771-db5d8ce71a57 0.155s
2024-10-05 21:20:22.453 62288 INFO tempest.lib.common.rest_client [req-e05a7f19-27f0-486e-b21c-fe58241add3f req-e05a7f19-27f0-486e-b21c-fe58241add3f ] Request (ListImageFiltersTestJSON:setUpClass): 200 GET http://10.180.1.21/compute/v2.1/servers/99fd1d99-591a-4844-8b8f-faadde5f8356 0.060s
2024-10-05 21:20:22.514 62286 INFO tempest.lib.common.rest_client [req-cf7b5c43-065a-427b-a143-4878866f6355 req-cf7b5c43-065a-427b-a143-4878866f6355 ] Request (FloatingIPsAssociationNegativeTestJSON:setUpClass): 200 GET http://10.180.1.21/compute/v2.1/servers/98e94272-dd3d-465c-886b-cf4bf6a9e454 0.069s
2024-10-05 21:20:22.561 62328 INFO tempest.lib.common.rest_client [req-b132d4a4-9220-43ae-9ebc-0e3bd3a7e735 req-b132d4a4-9220-43ae-9ebc-0e3bd3a7e735 ] Request (ServerMetadataTestJSON:setUpClass): 200 GET http://10.180.1.21/compute/v2.1/servers/2737381d-3ac6-4c35-99ba-043f37bad9cf 0.054s
2024-10-05 21:20:22.610 62320 INFO tempest.lib.common.rest_client [req-ddb05234-1f9d-446b-a8e4-2db50564c4cf req-ddb05234-1f9d-446b-a8e4-2db50564c4cf ] Request (ServerGroupTestJSON:test_create_server_with_scheduler_hint_group): 200 GET http://10.180.1.21/compute/v2.1/servers/bedd60ed-9ecb-4d30-8cf5-de39b90331be 0.049s
2024-10-05 21:20:22.702 62318 INFO tempest.lib.common.rest_client [req-e7fc6f7d-4794-4f3c-9aea-3f1f7bd25cfb req-e7fc6f7d-4794-4f3c-9aea-3f1f7bd25cfb ] Request (MigrationsAdminTest:test_resize_server_revert_deleted_flavor): 200 GET http://10.180.1.21/compute/v2.1/servers/bd04a015-b1f3-4ead-8749-1a4f82e9a9e0 0.060s
2024-10-05 21:20:22.717 62326 INFO tempest.lib.common.rest_client [req-ab413dbf-c64d-4073-b658-d4f0ec3d308b req-ab413dbf-c64d-4073-b658-d4f0ec3d308b ] Request (ServersTestJSON:setUpClass): 200 PUT http://10.180.1.21:9696/networking/v2.0/routers/df705bc9-0785-4cbe-862a-d662e235e567/add_router_interface 1.022s
2024-10-05 21:20:22.717 62326 INFO tempest.lib.common.dynamic_creds [-] Created isolated network resources for: credentials: Credentials: {'domain_id': 'default', 'domain_name': 'Default', 'username': 'tempest-ServersTestJSON-1225058807-project-member', 'project_domain_id': 'default', 'project_domain_name': 'Default', 'project_id': '124b7ed3b52644038d905e6de1f1dde4', 'project_name': 'tempest-ServersTestJSON-1225058807', 'tenant_id': '124b7ed3b52644038d905e6de1f1dde4', 'tenant_name': 'tempest-ServersTestJSON-1225058807', 'user_domain_id': 'default', 'user_domain_name': 'Default', 'user_id': '73cd9392e2ee4ad48a9ca296fbb737bb', 'system': None}, Network: {'id': 'e719b4df-9686-4e00-9499-a8eebfed4cbf', 'name': 'tempest-ServersTestJSON-1650391698-network', 'tenant_id': '124b7ed3b52644038d905e6de1f1dde4', 'admin_state_up': True, 'mtu': 8950, 'status': 'ACTIVE', 'subnets': [], 'shared': False, 'project_id': '124b7ed3b52644038d905e6de1f1dde4', 'port_security_enabled': True, 'router:external': False, 'provider:network_type': 'vlan', 'provider:physical_network': 'default', 'provider:segmentation_id': 146, 'is_default': False, 'availability_zone_hints': [], 'availability_zones': [], 'ipv4_address_scope': None, 'ipv6_address_scope': None, 'description': '', 'tags': [], 'created_at': '2024-10-05T21:20:20Z', 'updated_at': '2024-10-05T21:20:20Z', 'revision_number': 1}, Subnet: {'id': '091b8b08-fbfc-48ab-a039-585dd093ef1f', 'name': 'tempest-ServersTestJSON-1650391698-subnet', 'tenant_id': '124b7ed3b52644038d905e6de1f1dde4', 'network_id': 'e719b4df-9686-4e00-9499-a8eebfed4cbf', 'ip_version': 4, 'subnetpool_id': None, 'enable_dhcp': True, 'ipv6_ra_mode': None, 'ipv6_address_mode': None, 'gateway_ip': '192.168.128.1', 'cidr': '192.168.128.0/28', 'allocation_pools': [{'start': '192.168.128.2', 'end': '192.168.128.14'}], 'host_routes': [], 'dns_nameservers': [], 'description': '', 'router:external': False, 'service_types': [], 'tags': [], 'created_at': '2024-10-05T21:20:20Z', 'updated_at': '2024-10-05T21:20:20Z', 'revision_number': 0, 'project_id': '124b7ed3b52644038d905e6de1f1dde4'}, Router: {'id': 'df705bc9-0785-4cbe-862a-d662e235e567', 'name': 'tempest-ServersTestJSON-1650391698-router', 'tenant_id': '124b7ed3b52644038d905e6de1f1dde4', 'admin_state_up': True, 'status': 'ACTIVE', 'external_gateway_info': {'network_id': 'df4eb953-c6fe-48ee-9891-e1dcc66cbca1', 'external_fixed_ips': [{'subnet_id': '30e2cb7e-7e64-448b-8f43-c414e345292e', 'ip_address': '10.180.180.156'}], 'enable_snat': True}, 'description': '', 'availability_zones': [], 'distributed': False, 'ha': False, 'availability_zone_hints': [], 'routes': [], 'flavor_id': None, 'tags': [], 'created_at': '2024-10-05T21:20:21Z', 'updated_at': '2024-10-05T21:20:21Z', 'revision_number': 2, 'project_id': '124b7ed3b52644038d905e6de1f1dde4'}
2024-10-05 21:20:22.747 62294 INFO tempest.lib.common.rest_client [req-1367916b-8f4a-44c1-b87b-d12782e43f84 req-1367916b-8f4a-44c1-b87b-d12782e43f84 ] Request (ServersWithSpecificFlavorTestJSON:setUpClass): 201 POST http://10.180.1.21:9696/networking/v2.0/routers 0.719s
2024-10-05 21:20:22.767 62282 INFO tempest.lib.common.rest_client [req-6cb4bdc4-47fc-4dc8-b379-c8440f2e3244 req-6cb4bdc4-47fc-4dc8-b379-c8440f2e3244 ] Request (AttachInterfacesTestJSON:test_create_list_show_delete_interfaces_by_fixed_ip): 200 GET http://10.180.1.21/compute/v2.1/servers/afc5aba9-d5d9-441e-9545-845e6ac320a3 0.058s
2024-10-05 21:20:22.804 62326 INFO tempest.lib.common.rest_client [req-38f423ec-96ef-4c7d-be8f-66932b1ed116 req-38f423ec-96ef-4c7d-be8f-66932b1ed116 ] Request (ServersTestJSON:setUpClass): 201 POST http://10.180.1.21/identity/v3/auth/tokens 0.083s
2024-10-05 21:20:22.829 62326 INFO tempest.lib.common.rest_client [req-e6f981b2-e577-47b3-859e-416e05cd22ed req-e6f981b2-e577-47b3-859e-416e05cd22ed ] Request (ServersTestJSON:setUpClass): 200 GET http://10.180.1.21/identity/v3/projects/124b7ed3b52644038d905e6de1f1dde4 0.023s
2024-10-05 21:20:22.829 62326 INFO tempest.lib.common.dynamic_creds [-] Using the existing project 124b7ed3b52644038d905e6de1f1dde4 for scope project and roles: ['reader']
2024-10-05 21:20:22.861 62326 INFO tempest.lib.common.rest_client [req-e6b5530f-db08-4463-b2c4-8b698afe1cc9 req-e6b5530f-db08-4463-b2c4-8b698afe1cc9 ] Request (ServersTestJSON:setUpClass): 201 POST http://10.180.1.21/identity/v3/users 0.031s
2024-10-05 21:20:22.885 62326 INFO tempest.lib.common.rest_client [req-5b388f7e-8ba4-4e4b-bc0f-ad0f7a708732 req-5b388f7e-8ba4-4e4b-bc0f-ad0f7a708732 ] Request (ServersTestJSON:setUpClass): 200 GET http://10.180.1.21/identity/v3/roles 0.024s
2024-10-05 21:20:22.917 62274 INFO tempest.lib.common.rest_client [req-a4258221-9720-47e9-abc9-418be9ac1a0e req-a4258221-9720-47e9-abc9-418be9ac1a0e ] Request (ServersAdminTestJSON:setUpClass): 200 GET http://10.180.1.21/compute/v2.1/servers/84d99082-9e9a-48bd-9fcc-366e1433fe13 0.066s
2024-10-05 21:20:22.918 62326 INFO tempest.lib.common.rest_client [req-64437053-1332-4ce4-93bc-a72ce13b19b3 req-64437053-1332-4ce4-93bc-a72ce13b19b3 ] Request (ServersTestJSON:setUpClass): 204 PUT http://10.180.1.21/identity/v3/projects/124b7ed3b52644038d905e6de1f1dde4/users/de53db33ceb94036900563e950197d2f/roles/2db453d854b047a69adbd3b3de2dad96 0.033s
2024-10-05 21:20:22.919 62326 INFO tempest.lib.common.dynamic_creds [-] Dynamic test user de53db33ceb94036900563e950197d2f is created with scope project and roles: ['reader']
2024-10-05 21:20:22.919 62326 INFO tempest.lib.common.dynamic_creds [-] Acquired dynamic creds: credentials: Credentials: {'domain_id': 'default', 'domain_name': 'Default', 'username': 'tempest-ServersTestJSON-1225058807-project-reader', 'project_domain_id': 'default', 'project_domain_name': 'Default', 'project_id': '124b7ed3b52644038d905e6de1f1dde4', 'project_name': 'tempest-ServersTestJSON-1225058807', 'tenant_id': '124b7ed3b52644038d905e6de1f1dde4', 'tenant_name': 'tempest-ServersTestJSON-1225058807', 'user_domain_id': 'default', 'user_domain_name': 'Default', 'user_id': 'de53db33ceb94036900563e950197d2f', 'system': None}, Network: None, Subnet: None, Router: None
2024-10-05 21:20:22.919 62326 INFO tempest.lib.common.dynamic_creds [-] Network resources are not created for requested scope: project and credentials: Credentials: {'domain_id': 'default', 'domain_name': 'Default', 'username': 'tempest-ServersTestJSON-1225058807-project-reader', 'project_domain_id': 'default', 'project_domain_name': 'Default', 'project_id': '124b7ed3b52644038d905e6de1f1dde4', 'project_name': 'tempest-ServersTestJSON-1225058807', 'tenant_id': '124b7ed3b52644038d905e6de1f1dde4', 'tenant_name': 'tempest-ServersTestJSON-1225058807', 'user_domain_id': 'default', 'user_domain_name': 'Default', 'user_id': 'de53db33ceb94036900563e950197d2f', 'system': None}, Network: None, Subnet: None, Router: None
2024-10-05 21:20:22.991 62308 INFO tempest.lib.common.rest_client [req-2a459ab1-9d67-4796-a016-9b782243b642 req-2a459ab1-9d67-4796-a016-9b782243b642 ] Request (ServersNegativeTestMultiTenantJSON:setUpClass): 200 GET http://10.180.1.21/compute/v2.1/servers/a6b4bb48-165c-489c-ae9d-3858a779de06 0.214s
2024-10-05 21:20:22.991 62278 INFO tempest.lib.common.rest_client [req-8c1a1e69-bafb-4c9b-8459-45b10a51f591 req-8c1a1e69-bafb-4c9b-8459-45b10a51f591 ] Request (ServersAdmin275Test:tearDownClass): 200 GET http://10.180.1.21/compute/v2.1/servers/8513a91b-12d3-4cfc-900a-e502d618bbf1 0.107s
2024-10-05 21:20:23.002 62326 INFO tempest.lib.common.rest_client [req-d72de9be-bd58-44ce-8bda-6d2f830b24a9 req-d72de9be-bd58-44ce-8bda-6d2f830b24a9 ] Request (ServersTestJSON:setUpClass): 201 POST http://10.180.1.21/identity/v3/auth/tokens 0.081s
2024-10-05 21:20:23.034 62304 INFO tempest.lib.common.rest_client [req-a388e2f2-c6a4-4b62-8cc6-edb5bc920669 req-a388e2f2-c6a4-4b62-8cc6-edb5bc920669 ] Request (InstanceActionsTestJSON:setUpClass): 200 GET http://10.180.1.21/compute/v2.1/servers/25cef25b-75f2-49a5-965a-ff9ce51a150e 0.095s
2024-10-05 21:20:23.062 62280 INFO tempest.lib.common.rest_client [req-5f4b9998-2a36-488e-971d-7189520b8f75 req-5f4b9998-2a36-488e-971d-7189520b8f75 ] Request (ServerExternalEventsTest:test_create_server_external_events): 200 GET http://10.180.1.21/compute/v2.1/servers/0c9b9333-1904-4458-a779-eb195ea3e7bb 0.149s
2024-10-05 21:20:23.068 62326 INFO tempest.lib.common.rest_client [req-1f1d37e1-ec91-4b64-a417-7a0f544b2853 req-1f1d37e1-ec91-4b64-a417-7a0f544b2853 ] Request (ServersTestJSON:test_create_server_specify_multibyte_character_name): 201 POST http://10.180.1.21/identity/v3/auth/tokens 0.057s
2024-10-05 21:20:23.068 62326 INFO tempest.lib.common.fixed_network [-] (ServersTestJSON:test_create_server_specify_multibyte_character_name) Found network {'id': 'e719b4df-9686-4e00-9499-a8eebfed4cbf', 'name': 'tempest-ServersTestJSON-1650391698-network', 'tenant_id': '124b7ed3b52644038d905e6de1f1dde4', 'admin_state_up': True, 'mtu': 8950, 'status': 'ACTIVE', 'subnets': [], 'shared': False, 'project_id': '124b7ed3b52644038d905e6de1f1dde4', 'port_security_enabled': True, 'router:external': False, 'provider:network_type': 'vlan', 'provider:physical_network': 'default', 'provider:segmentation_id': 146, 'is_default': False, 'availability_zone_hints': [], 'availability_zones': [], 'ipv4_address_scope': None, 'ipv6_address_scope': None, 'description': '', 'tags': [], 'created_at': '2024-10-05T21:20:20Z', 'updated_at': '2024-10-05T21:20:20Z', 'revision_number': 1} available for tenant
2024-10-05 21:20:23.086 62306 INFO tempest.lib.common.rest_client [req-c95cccf9-251f-40a5-b77d-9eb1c0cb4a2d req-c95cccf9-251f-40a5-b77d-9eb1c0cb4a2d ] Request (VolumesAdminNegativeTest:test_update_attached_volume_with_nonexistent_volume_in_body): 200 GET http://10.180.1.21/compute/v2.1/servers/15840e95-6565-4b0a-b1a1-d97e42c55325 0.113s
2024-10-05 21:20:23.126 62322 INFO tempest.lib.common.rest_client [req-62e58d4d-9577-44cb-84b0-d3b8ef20f39a req-62e58d4d-9577-44cb-84b0-d3b8ef20f39a ] Request (ImagesOneServerTestJSON:setUpClass): 200 GET http://10.180.1.21/compute/v2.1/servers/b796850f-fe12-42f9-97fc-0946499e9ff7 0.141s
2024-10-05 21:20:23.139 62268 INFO tempest.lib.common.rest_client [req-e673ca82-0b18-4300-a354-5de9511b1fc4 req-e673ca82-0b18-4300-a354-5de9511b1fc4 ] Request (ImagesTestJSON:test_create_image_from_suspended_server): 200 GET http://10.180.1.21/compute/v2.1/servers/fdce4039-0716-4974-bef0-68cb4a686825 0.116s
2024-10-05 21:20:23.209 62290 INFO tempest.lib.common.rest_client [req-e86e3b43-8341-445f-b10b-d1a44572f3b4 req-e86e3b43-8341-445f-b10b-d1a44572f3b4 ] Request (ServerDiskConfigTestJSON:test_rebuild_server_with_auto_disk_config): 200 GET http://10.180.1.21/compute/v2.1/servers/9ea786d6-8ae6-47ae-8b94-52b4ccfe855c 0.170s
2024-10-05 21:20:23.280 62312 INFO tempest.lib.common.rest_client [req-09464a9f-b63b-4020-9c7d-520666695840 req-09464a9f-b63b-4020-9c7d-520666695840 ] Request (AttachInterfacesV270Test:test_create_get_list_interfaces): 200 GET http://10.180.1.21/compute/v2.1/servers/61e4dd14-70d6-4f3c-93e0-8e5b0acd0cec 0.199s
2024-10-05 21:20:23.334 62296 INFO tempest.lib.common.rest_client [req-e7f1c92d-5c26-45e3-b8fa-d515b81d1aca req-e7f1c92d-5c26-45e3-b8fa-d515b81d1aca ] Request (ServersAdminNegativeTestJSON:setUpClass): 200 GET http://10.180.1.21/compute/v2.1/servers/3d32529a-7c69-49eb-8066-b964c3058b5f 0.245s
2024-10-05 21:20:23.390 62324 INFO tempest.lib.common.rest_client [req-4ff2a46d-9a8b-4bfd-b2b9-690826804241 req-4ff2a46d-9a8b-4bfd-b2b9-690826804241 ] Request (InstanceActionsNegativeTestJSON:setUpClass): 200 GET http://10.180.1.21/compute/v2.1/servers/4225a019-513e-4be5-8d22-1444597df6ed 0.249s
2024-10-05 21:20:23.444 62292 INFO tempest.lib.common.rest_client [req-6d375deb-8090-4de2-a49d-20736340bdea req-6d375deb-8090-4de2-a49d-20736340bdea ] Request (FloatingIPsAssociationTestJSON:setUpClass): 200 GET http://10.180.1.21/compute/v2.1/servers/c572b750-a834-4cdd-992d-7164768fc5f4 0.281s
2024-10-05 21:20:23.504 62298 INFO tempest.lib.common.rest_client [req-ce743f9c-321e-44ba-8e73-52b5e0f0e5e7 req-ce743f9c-321e-44ba-8e73-52b5e0f0e5e7 ] Request (ServerDiagnosticsNegativeTest:test_get_server_diagnostics_by_non_admin): 200 GET http://10.180.1.21/compute/v2.1/servers/b71d39a5-d32c-4169-8e57-6791c4184823 0.312s
2024-10-05 21:20:23.535 62326 INFO tempest.lib.common.rest_client [req-865010bf-bf31-44d1-bb6c-38c6ef05a07b req-865010bf-bf31-44d1-bb6c-38c6ef05a07b ] Request (ServersTestJSON:test_create_server_specify_multibyte_character_name): 202 POST http://10.180.1.21/compute/v2.1/servers 0.466s
2024-10-05 21:20:23.565 62314 INFO tempest.lib.common.rest_client [req-569d2ca0-b893-4c53-a608-1d9ffe02d4bb req-569d2ca0-b893-4c53-a608-1d9ffe02d4bb ] Request (ServersTestMultiNic:test_verify_duplicate_network_nics): 200 GET http://10.180.1.21/compute/v2.1/servers/9461cc5d-99dd-449b-97a9-586cf5aa7cb9 0.343s
2024-10-05 21:20:23.588 62272 INFO tempest.lib.common.rest_client [req-82733d89-b9b4-4b11-b913-7f5d5bbae57c req-82733d89-b9b4-4b11-b913-7f5d5bbae57c ] Request (AttachInterfacesUnderV243Test:test_add_remove_fixed_ip): 200 GET http://10.180.1.21/compute/v2.1/servers/74401e9a-2a20-4797-87c4-ad0eea016866 0.341s
2024-10-05 21:20:23.622 62270 INFO tempest.lib.common.rest_client [req-c361f835-de82-43a9-be68-264b60f6e6cb req-c361f835-de82-43a9-be68-264b60f6e6cb ] Request (ImagesNegativeTestJSON:test_create_image_from_deleted_server): 200 GET http://10.180.1.21/compute/v2.1/servers/72e581d2-45e8-4c6a-ac2b-59f09a756abb 0.345s
2024-10-05 21:20:23.649 62300 INFO tempest.lib.common.rest_client [req-2ffae310-29a6-4ee9-bcac-d913d2009cbe req-2ffae310-29a6-4ee9-bcac-d913d2009cbe ] Request (DeleteServersAdminTestJSON:test_delete_server_while_in_error_state): 200 GET http://10.180.1.21/compute/v2.1/servers/791632b4-4129-49e6-a38c-80f7e137f970 0.356s
2024-10-05 21:20:23.669 62310 INFO tempest.lib.common.rest_client [req-bf7c64b9-6d94-48b4-a9b4-f67aa003a6e9 req-bf7c64b9-6d94-48b4-a9b4-f67aa003a6e9 ] Request (ServersNegativeTestJSON:setUpClass): 200 GET http://10.180.1.21/compute/v2.1/servers/7f8c944f-e921-409a-956a-91c8e2117ecf 0.342s
2024-10-05 21:20:23.696 62316 INFO tempest.lib.common.rest_client [req-838e1aa6-7ce7-4997-b148-fe74586c44f4 req-838e1aa6-7ce7-4997-b148-fe74586c44f4 ] Request (ListServersNegativeTestJSON:setUpClass): 200 GET http://10.180.1.21/compute/v2.1/servers/80f73479-19b0-46f1-a81d-ef59b555e1be 0.342s
2024-10-05 21:20:23.722 62284 INFO tempest.lib.common.rest_client [req-e8507803-590a-4dfd-8253-2a43a2578aee req-e8507803-590a-4dfd-8253-2a43a2578aee ] Request (ServerActionsTestOtherB:setUpClass): 200 GET http://10.180.1.21/compute/v2.1/servers/3f48bca6-0762-455f-9557-eacfee0dcc0e 0.338s
2024-10-05 21:20:23.740 62276 INFO tempest.lib.common.rest_client [req-940512e2-5e2b-4e41-bbb6-0871591c0e58 req-940512e2-5e2b-4e41-bbb6-0871591c0e58 ] Request (ServerAddressesNegativeTestJSON:setUpClass): 200 GET http://10.180.1.21/compute/v2.1/servers/6f801fe9-bc20-4661-a771-db5d8ce71a57 0.334s
2024-10-05 21:20:23.794 62288 INFO tempest.lib.common.rest_client [req-dbe39900-48ba-456b-8284-15a570a608b1 req-dbe39900-48ba-456b-8284-15a570a608b1 ] Request (ListImageFiltersTestJSON:setUpClass): 200 GET http://10.180.1.21/compute/v2.1/servers/99fd1d99-591a-4844-8b8f-faadde5f8356 0.327s
2024-10-05 21:20:23.803 62286 INFO tempest.lib.common.rest_client [req-e00658b4-6a40-4586-bf43-746d7c12b22a req-e00658b4-6a40-4586-bf43-746d7c12b22a ] Request (FloatingIPsAssociationNegativeTestJSON:setUpClass): 200 GET http://10.180.1.21/compute/v2.1/servers/98e94272-dd3d-465c-886b-cf4bf6a9e454 0.281s
2024-10-05 21:20:23.837 62326 INFO tempest.lib.common.rest_client [req-41a24de1-7563-4ed6-8a79-c580be1d8be8 req-41a24de1-7563-4ed6-8a79-c580be1d8be8 ] Request (ServersTestJSON:test_create_server_specify_multibyte_character_name): 200 GET http://10.180.1.21/compute/v2.1/servers/dcfe59db-577b-4373-bebf-939aabf9fe06 0.300s
2024-10-05 21:20:23.865 62328 INFO tempest.lib.common.rest_client [req-b68907b8-ec48-4999-88d8-e623b8f10ec3 req-b68907b8-ec48-4999-88d8-e623b8f10ec3 ] Request (ServerMetadataTestJSON:setUpClass): 200 GET http://10.180.1.21/compute/v2.1/servers/2737381d-3ac6-4c35-99ba-043f37bad9cf 0.296s
