2024-10-05 21:19:58.981 62286 INFO tempest.lib.common.fixed_network [-] (FloatingIPsAssociationNegativeTestJSON:setUpClass) Found network {'id': '2bffa4e8-2e3c-4621-b569-be2169f1cbd4', 'name': 'tempest-FloatingIPsAssociationNegativeTestJSON-1815462360-network', 'tenant_id': '0290db06046d454e9199c80f9abe78d8', 'admin_state_up': True, 'mtu': 8950, 'status': 'ACTIVE', 'subnets': [], 'shared': False, 'project_id': '0290db06046d454e9199c80f9abe78d8', 'port_security_enabled': True, 'router:external': False, 'provider:network_type': 'vlan', 'provider:physical_network': 'default', 'provider:segmentation_id': 535, 'is_default': False, 'availability_zone_hints': [], 'availability_zones': [], 'ipv4_address_scope': None, 'ipv6_address_scope': None, 'description': '', 'tags': [], 'created_at': '2024-10-05T21:19:55Z', 'updated_at': '2024-10-05T21:19:55Z', 'revision_number': 1} available for tenant
2024-10-05 21:19:59.004 62270 INFO tempest.lib.common.rest_client [req-5323b001-8bb7-4c7f-87f5-d9ba72711d11 req-5323b001-8bb7-4c7f-87f5-d9ba72711d11 ] Request (ImagesNegativeTestJSON:test_create_image_from_deleted_server): 200 GET http://10.180.1.21/compute/v2.1/servers/72e581d2-45e8-4c6a-ac2b-59f09a756abb 0.760s
2024-10-05 21:19:59.037 62272 INFO tempest.lib.common.rest_client [req-575835f4-3fb1-4df9-a30b-ae612ce52a74 req-575835f4-3fb1-4df9-a30b-ae612ce52a74 ] Request (AttachInterfacesUnderV243Test:test_add_remove_fixed_ip): 200 GET http://10.180.1.21/compute/v2.1/servers/74401e9a-2a20-4797-87c4-ad0eea016866 0.736s
2024-10-05 21:19:59.112 62300 INFO tempest.lib.common.rest_client [req-16079439-7908-45bf-a1c5-c6884ad91451 req-16079439-7908-45bf-a1c5-c6884ad91451 ] Request (DeleteServersAdminTestJSON:test_delete_server_while_in_error_state): 200 GET http://10.180.1.21/compute/v2.1/servers/791632b4-4129-49e6-a38c-80f7e137f970 0.748s
2024-10-05 21:19:59.133 62312 INFO tempest.lib.common.rest_client [req-2f47bfb2-4d69-4b4d-b990-c0cdfbfe1a73 req-2f47bfb2-4d69-4b4d-b990-c0cdfbfe1a73 ] Request (SecurityGroupRulesTestJSON:tearDownClass): 202 DELETE http://10.180.1.21/compute/v2.1/os-security-groups/23c593a1-6a3c-476e-b9c0-b90d4ed29425 0.808s
2024-10-05 21:19:59.163 62288 INFO tempest.lib.common.rest_client [req-26b69c96-1961-4c72-b11a-8449ced86e45 req-26b69c96-1961-4c72-b11a-8449ced86e45 ] Request (ListImageFiltersTestJSON:setUpClass): 200 GET http://10.180.1.21/compute/v2.1/images/5a5efec2-74de-4a66-b913-2b28f04d1196 0.632s
2024-10-05 21:19:59.188 62310 INFO tempest.lib.common.rest_client [req-37237b7e-dde7-4590-b06a-fcc85aea3709 req-37237b7e-dde7-4590-b06a-fcc85aea3709 ] Request (ServersNegativeTestJSON:setUpClass): 200 GET http://10.180.1.21/compute/v2.1/servers/7f8c944f-e921-409a-956a-91c8e2117ecf 0.805s
2024-10-05 21:19:59.205 62298 INFO tempest.lib.common.rest_client [req-3cfaabc3-7e7f-444c-9f04-d873fc9fd34d req-3cfaabc3-7e7f-444c-9f04-d873fc9fd34d ] Request (FlavorsAdminTestJSON:_run_cleanups): 202 DELETE http://10.180.1.21/compute/v2.1/flavors/376233375 0.546s
2024-10-05 21:19:59.377 62320 INFO tempest.lib.common.rest_client [req-5ad510ba-dbc9-4f6a-96f5-90e45ba1b6f8 req-5ad510ba-dbc9-4f6a-96f5-90e45ba1b6f8 ] Request (NetworksTest:test_list_all_networks): 200 GET http://10.180.1.21/compute/v2.1/os-networks 0.746s
2024-10-05 21:19:59.467 62320 INFO tempest.lib.common.rest_client [req-eb81c050-7f4a-4b6b-a90d-30a7eeaa2da1 req-eb81c050-7f4a-4b6b-a90d-30a7eeaa2da1 ] Request (NetworksTest:tearDownClass): 204 DELETE http://10.180.1.21/identity/v3/users/a757bb643fb44c89ae46037427963559 0.089s
2024-10-05 21:19:59.531 62316 INFO tempest.lib.common.rest_client [req-78a2bbaa-818a-4932-93c8-98b487bf7650 req-78a2bbaa-818a-4932-93c8-98b487bf7650 ] Request (ListServersNegativeTestJSON:setUpClass): 200 GET http://10.180.1.21/compute/v2.1/servers/80f73479-19b0-46f1-a81d-ef59b555e1be 0.865s
2024-10-05 21:19:59.537 62316 INFO tempest.common.waiters [-] State transition "BUILD/networking" ==> "BUILD/spawning" after 21 second wait
2024-10-05 21:19:59.569 62276 INFO tempest.lib.common.rest_client [req-53161f4c-725f-449d-b249-285aebed56e5 req-53161f4c-725f-449d-b249-285aebed56e5 ] Request (SecurityGroupRulesNegativeTestJSON:test_create_security_group_rule_with_invalid_to_port): 200 POST http://10.180.1.21/compute/v2.1/os-security-groups 0.873s
2024-10-05 21:19:59.591 62308 INFO tempest.lib.common.rest_client [req-c4260156-4e1a-4a5b-9c6e-eb101aa1a15a req-c4260156-4e1a-4a5b-9c6e-eb101aa1a15a ] Request (FlavorsV2TestJSON:test_list_flavors_with_detail): 200 GET http://10.180.1.21/compute/v2.1/flavors/detail 0.846s
2024-10-05 21:19:59.593 62320 INFO tempest.lib.common.rest_client [req-79fdf336-bb36-404f-9f9f-4057dc16413e req-79fdf336-bb36-404f-9f9f-4057dc16413e ] Request (NetworksTest:tearDownClass): 204 DELETE http://10.180.1.21/identity/v3/users/954aa7834f774fe985962f431c10a7fa 0.126s
2024-10-05 21:19:59.594 62320 INFO tempest.lib.common.dynamic_creds [-] Deleting project and security group for project: 940606f939c241179de86aa8991ad52e
2024-10-05 21:19:59.611 62284 INFO tempest.lib.common.rest_client [req-a5c3f05f-453e-4d15-9df6-0de9de81c9e7 req-a5c3f05f-453e-4d15-9df6-0de9de81c9e7 ] Request (ServerActionsTestOtherB:setUpClass): 200 GET http://10.180.1.21/compute/v2.1/servers/3f48bca6-0762-455f-9557-eacfee0dcc0e 0.875s
2024-10-05 21:19:59.660 62278 INFO tempest.lib.common.rest_client [req-1aad6513-d37e-4be4-8cc4-6ef868c1bcc8 req-1aad6513-d37e-4be4-8cc4-6ef868c1bcc8 ] Request (ServersAdmin275Test:_run_cleanups): 200 GET http://10.180.1.21/compute/v2.1/servers/8513a91b-12d3-4cfc-900a-e502d618bbf1 0.812s
2024-10-05 21:19:59.670 62278 INFO tempest.common.waiters [-] State transition "REBUILD/rebuild_spawning" ==> "ACTIVE/None" after 8 second wait
2024-10-05 21:19:59.675 62320 INFO tempest.lib.common.rest_client [req-124115a3-eb75-4034-bcbf-16f1553b362e req-124115a3-eb75-4034-bcbf-16f1553b362e ] Request (NetworksTest:tearDownClass): 201 POST http://10.180.1.21/identity/v3/auth/tokens 0.081s
2024-10-05 21:19:59.688 62280 INFO tempest.lib.common.rest_client [req-e976fa95-7b3d-4d56-9141-df441ab8b488 req-e976fa95-7b3d-4d56-9141-df441ab8b488 ] Request (ServerDiagnosticsV248Test:tearDownClass): 200 GET http://10.180.1.21/compute/v2.1/servers/65f379f7-9180-4190-9499-2f0c35e8fea2 0.780s
2024-10-05 21:19:59.725 62328 INFO tempest.lib.common.rest_client [req-cf34d3fb-963a-4f98-afaf-64b1fe5f9d23 req-cf34d3fb-963a-4f98-afaf-64b1fe5f9d23 ] Request (ServerMetadataTestJSON:setUpClass): 200 GET http://10.180.1.21/compute/v2.1/servers/2737381d-3ac6-4c35-99ba-043f37bad9cf 0.748s
2024-10-05 21:19:59.800 62274 INFO tempest.lib.common.rest_client [req-24cf5f61-1883-4afb-beb2-e8909bb92509 req-24cf5f61-1883-4afb-beb2-e8909bb92509 ] Request (ServersAdminTestJSON:setUpClass): 200 GET http://10.180.1.21/compute/v2.1/servers/84d99082-9e9a-48bd-9fcc-366e1433fe13 0.767s
2024-10-05 21:19:59.869 62294 INFO tempest.lib.common.rest_client [req-68ae04f3-3bf3-423d-9712-1106d420f502 req-68ae04f3-3bf3-423d-9712-1106d420f502 ] Request (VolumesAssistedSnapshotsTest:test_volume_assisted_snapshot_create_delete): 200 GET http://10.180.1.21/compute/v2.1/servers/ce2ea43f-e977-4211-bb83-3014d18cb162 0.774s
2024-10-05 21:19:59.902 62288 INFO tempest.lib.common.rest_client [req-56df932e-e95c-45ec-b160-2d8d860ac367 req-56df932e-e95c-45ec-b160-2d8d860ac367 ] Request (ListImageFiltersTestJSON:setUpClass): 200 GET http://10.180.1.21/compute/v2.1/images/5a5efec2-74de-4a66-b913-2b28f04d1196 0.736s
2024-10-05 21:19:59.918 62298 INFO tempest.lib.common.rest_client [req-51e18046-d092-451d-9d93-094f3be7376f req-51e18046-d092-451d-9d93-094f3be7376f ] Request (FlavorsAdminTestJSON:_run_cleanups): 200 GET http://10.180.1.21/compute/v2.1/flavors/detail 0.713s
2024-10-05 21:19:59.981 62320 INFO tempest.lib.common.rest_client [req-030b40ad-6531-4cd9-aa6c-96bcc16e6c6e req-030b40ad-6531-4cd9-aa6c-96bcc16e6c6e ] Request (NetworksTest:tearDownClass): 200 GET http://10.180.1.21:9696/networking/v2.0/security-groups?tenant_id=940606f939c241179de86aa8991ad52e&name=default 0.305s
2024-10-05 21:19:59.982 62326 INFO tempest.lib.common.rest_client [req-9ee46c4f-febb-4379-8c8e-3f1f4cf9fa54 req-9ee46c4f-febb-4379-8c8e-3f1f4cf9fa54 ] Request (ServerAddressesTestJSON:setUpClass): 200 GET http://10.180.1.21/compute/v2.1/servers/889a7971-f3f8-4e9c-ab0d-3744fe2bc951 0.517s
2024-10-05 21:19:59.986 62288 INFO tempest.lib.common.rest_client [req-bd23b93d-002e-49a1-99ba-edaaac24ac6d req-bd23b93d-002e-49a1-99ba-edaaac24ac6d ] Request (ListImageFiltersTestJSON:setUpClass): 201 POST http://10.180.1.21/identity/v3/auth/tokens 0.076s
2024-10-05 21:19:59.986 62288 INFO tempest.lib.common.fixed_network [-] (ListImageFiltersTestJSON:setUpClass) Found network None available for tenant
2024-10-05 21:20:00.127 62304 INFO tempest.lib.common.rest_client [req-7549931a-0bd6-4f65-a3e9-6e205c3c4f37 req-7549931a-0bd6-4f65-a3e9-6e205c3c4f37 ] Request (InstanceActionsTestJSON:setUpClass): 201 POST http://10.180.1.21:9696/networking/v2.0/routers 2.680s
2024-10-05 21:20:00.224 62268 INFO tempest.lib.common.rest_client [req-0cb63c8a-ec79-470a-9d72-a01f507d55f3 req-0cb63c8a-ec79-470a-9d72-a01f507d55f3 ] Request (ImagesTestJSON:test_create_image_from_stopped_server): 200 GET http://10.180.1.21/compute/v2.1/servers/248f716d-8174-41eb-9445-3d3094ad2f70 0.747s
2024-10-05 21:20:00.290 62318 INFO tempest.lib.common.rest_client [req-1d546698-cc54-4d1f-878c-4f6e26d9955a req-1d546698-cc54-4d1f-878c-4f6e26d9955a ] Request (MigrationsAdminTest:test_resize_server_revert_deleted_flavor): 200 GET http://10.180.1.21/compute/v2.1/servers/bd04a015-b1f3-4ead-8749-1a4f82e9a9e0 0.751s
2024-10-05 21:20:00.356 62320 INFO tempest.lib.common.rest_client [req-8752e202-5d26-4be9-93f3-1c32e99a8fd1 req-8752e202-5d26-4be9-93f3-1c32e99a8fd1 ] Request (NetworksTest:tearDownClass): 204 DELETE http://10.180.1.21:9696/networking/v2.0/security-groups/fbdabf39-4874-4164-bba0-ff7a3bf8e3cb 0.374s
2024-10-05 21:20:00.359 62314 INFO tempest.lib.common.rest_client [req-65812163-409f-47fc-8c84-6769ae28b8d4 req-65812163-409f-47fc-8c84-6769ae28b8d4 ] Request (ServersTestMultiNic:test_verify_duplicate_network_nics): 200 GET http://10.180.1.21/compute/v2.1/servers/9461cc5d-99dd-449b-97a9-586cf5aa7cb9 0.794s
2024-10-05 21:20:00.428 62276 INFO tempest.lib.common.rest_client [req-25c6e485-d191-491f-8b70-522c809e489a req-25c6e485-d191-491f-8b70-522c809e489a ] Request (SecurityGroupRulesNegativeTestJSON:test_create_security_group_rule_with_invalid_to_port): 400 POST http://10.180.1.21/compute/v2.1/os-security-group-rules 0.856s
2024-10-05 21:20:00.447 62312 INFO tempest.lib.common.rest_client [req-c4107d40-6253-4dd8-9c09-1d8f37274cd3 req-c4107d40-6253-4dd8-9c09-1d8f37274cd3 ] Request (SecurityGroupRulesTestJSON:tearDownClass): 200 PUT http://10.180.1.21:9696/networking/v2.0/routers/60852260-14ea-450d-9183-b7133fd36d9c/remove_router_interface 1.313s
2024-10-05 21:20:00.449 62320 INFO tempest.lib.common.rest_client [req-47f2f222-dca9-4058-8b54-e25450e1a61f req-47f2f222-dca9-4058-8b54-e25450e1a61f ] Request (NetworksTest:tearDownClass): 204 DELETE http://10.180.1.21/identity/v3/projects/940606f939c241179de86aa8991ad52e 0.092s
2024-10-05 21:20:00.449 62320 INFO tempest.lib.common.dynamic_creds [-] Deleting project and security group for project: 8e8d0a9d68cc41cd8307611505f57c16
2024-10-05 21:20:00.452 62308 INFO tempest.lib.common.rest_client [req-df1140e5-11b5-422c-b098-e60b48f23b30 req-df1140e5-11b5-422c-b098-e60b48f23b30 ] Request (FlavorsV2TestJSON:test_list_flavors_with_detail): 200 GET http://10.180.1.21/compute/v2.1/flavors/42 0.855s
2024-10-05 21:20:00.563 62278 INFO tempest.lib.common.rest_client [req-22d5689c-843a-4ba3-94eb-2bcdd7edabcb req-22d5689c-843a-4ba3-94eb-2bcdd7edabcb ] Request (ServersAdmin275Test:tearDownClass): 204 DELETE http://10.180.1.21/compute/v2.1/servers/8513a91b-12d3-4cfc-900a-e502d618bbf1 0.889s
2024-10-05 21:20:00.592 62308 INFO tempest.lib.common.rest_client [req-0423d1fb-1ea6-465b-bb33-4b1aec2adad6 req-0423d1fb-1ea6-465b-bb33-4b1aec2adad6 ] Request (FlavorsV2TestJSON:tearDownClass): 204 DELETE http://10.180.1.21/identity/v3/users/016ca9cedad3418ea6b7eab7bfe67a07 0.135s
2024-10-05 21:20:00.592 62308 INFO tempest.lib.common.dynamic_creds [-] Deleting project and security group for project: 695426e357a647baae5b23ab7b5af4bd
2024-10-05 21:20:00.649 62296 INFO tempest.lib.common.rest_client [req-c2e04933-197a-4f5c-88cf-722f40abbfcf req-c2e04933-197a-4f5c-88cf-722f40abbfcf ] Request (ServersAdminNegativeTestJSON:setUpClass): 200 GET http://10.180.1.21/compute/v2.1/servers/3d32529a-7c69-49eb-8066-b964c3058b5f 0.927s
2024-10-05 21:20:00.675 62308 INFO tempest.lib.common.rest_client [req-0741cb44-2a4c-4f5c-b181-76d12e709f77 req-0741cb44-2a4c-4f5c-b181-76d12e709f77 ] Request (FlavorsV2TestJSON:tearDownClass): 201 POST http://10.180.1.21/identity/v3/auth/tokens 0.082s
2024-10-05 21:20:00.676 62320 INFO tempest.lib.common.rest_client [req-29fa584b-7b5b-4418-8cf4-8a703b06bbd2 req-29fa584b-7b5b-4418-8cf4-8a703b06bbd2 ] Request (NetworksTest:tearDownClass): 200 GET http://10.180.1.21:9696/networking/v2.0/security-groups?tenant_id=8e8d0a9d68cc41cd8307611505f57c16&name=default 0.227s
2024-10-05 21:20:00.738 62282 INFO tempest.lib.common.rest_client [req-8f978d8d-1dfe-4745-9cea-2ad3ed66307e req-8f978d8d-1dfe-4745-9cea-2ad3ed66307e ] Request (AttachInterfacesTestJSON:setUpClass): 200 PUT http://10.180.1.21:9696/networking/v2.0/routers/c8dddc87-a058-4e87-b115-1addb6571bf1/add_router_interface 3.447s
2024-10-05 21:20:00.738 62282 INFO tempest.lib.common.dynamic_creds [-] Created isolated network resources for: credentials: Credentials: {'domain_id': 'default', 'domain_name': 'Default', 'username': 'tempest-AttachInterfacesTestJSON-1580966974-project-member', 'project_domain_id': 'default', 'project_domain_name': 'Default', 'project_id': '70558e6feedb424e9afe69b5845e2171', 'project_name': 'tempest-AttachInterfacesTestJSON-1580966974', 'tenant_id': '70558e6feedb424e9afe69b5845e2171', 'tenant_name': 'tempest-AttachInterfacesTestJSON-1580966974', 'user_domain_id': 'default', 'user_domain_name': 'Default', 'user_id': '1ef65e290c374b9fb40d029efd0aa241', 'system': None}, Network: {'id': '37f80b34-c397-4db8-9175-d8ca67a15f87', 'name': 'tempest-AttachInterfacesTestJSON-1305533076-network', 'tenant_id': '70558e6feedb424e9afe69b5845e2171', 'admin_state_up': True, 'mtu': 8950, 'status': 'ACTIVE', 'subnets': [], 'shared': False, 'project_id': '70558e6feedb424e9afe69b5845e2171', 'port_security_enabled': True, 'router:external': False, 'provider:network_type': 'vlan', 'provider:physical_network': 'default', 'provider:segmentation_id': 578, 'is_default': False, 'availability_zone_hints': [], 'availability_zones': [], 'ipv4_address_scope': None, 'ipv6_address_scope': None, 'description': '', 'tags': [], 'created_at': '2024-10-05T21:19:54Z', 'updated_at': '2024-10-05T21:19:54Z', 'revision_number': 1}, Subnet: {'id': '07c74aad-b1c3-4bb7-b850-f2e59bc1e1cf', 'name': 'tempest-AttachInterfacesTestJSON-1305533076-subnet', 'tenant_id': '70558e6feedb424e9afe69b5845e2171', 'network_id': '37f80b34-c397-4db8-9175-d8ca67a15f87', 'ip_version': 4, 'subnetpool_id': None, 'enable_dhcp': True, 'ipv6_ra_mode': None, 'ipv6_address_mode': None, 'gateway_ip': '192.168.128.1', 'cidr': '192.168.128.0/28', 'allocation_pools': [{'start': '192.168.128.2', 'end': '192.168.128.14'}], 'host_routes': [], 'dns_nameservers': [], 'description': '', 'router:external': False, 'service_types': [], 'tags': [], 'created_at': '2024-10-05T21:19:55Z', 'updated_at': '2024-10-05T21:19:55Z', 'revision_number': 0, 'project_id': '70558e6feedb424e9afe69b5845e2171'}, Router: {'id': 'c8dddc87-a058-4e87-b115-1addb6571bf1', 'name': 'tempest-AttachInterfacesTestJSON-1305533076-router', 'tenant_id': '70558e6feedb424e9afe69b5845e2171', 'admin_state_up': True, 'status': 'ACTIVE', 'external_gateway_info': {'network_id': 'df4eb953-c6fe-48ee-9891-e1dcc66cbca1', 'external_fixed_ips': [{'subnet_id': '30e2cb7e-7e64-448b-8f43-c414e345292e', 'ip_address': '10.180.180.209'}], 'enable_snat': True}, 'description': '', 'availability_zones': [], 'distributed': False, 'ha': False, 'availability_zone_hints': [], 'routes': [], 'flavor_id': None, 'tags': [], 'created_at': '2024-10-05T21:19:55Z', 'updated_at': '2024-10-05T21:19:56Z', 'revision_number': 2, 'project_id': '70558e6feedb424e9afe69b5845e2171'}
2024-10-05 21:20:00.766 62306 INFO tempest.lib.common.rest_client [req-567dfb58-d036-4775-9f6a-f974490ce2a1 req-567dfb58-d036-4775-9f6a-f974490ce2a1 ] Request (VolumesAdminNegativeTest:test_update_attached_volume_with_nonexistent_volume_in_body): 200 GET http://10.180.1.21/compute/v2.1/servers/15840e95-6565-4b0a-b1a1-d97e42c55325 0.969s
2024-10-05 21:20:00.790 62286 INFO tempest.lib.common.rest_client [req-1d74a1fe-7410-4adb-9089-75a2fdb4948b req-1d74a1fe-7410-4adb-9089-75a2fdb4948b ] Request (FloatingIPsAssociationNegativeTestJSON:setUpClass): 202 POST http://10.180.1.21/compute/v2.1/servers 1.808s
2024-10-05 21:20:00.847 62322 INFO tempest.lib.common.rest_client [req-14b8aff6-4e55-4ff5-8b92-5c0d4021ed88 req-14b8aff6-4e55-4ff5-8b92-5c0d4021ed88 ] Request (ImagesOneServerTestJSON:setUpClass): 200 GET http://10.180.1.21/compute/v2.1/servers/b796850f-fe12-42f9-97fc-0946499e9ff7 1.015s
2024-10-05 21:20:00.851 62282 INFO tempest.lib.common.rest_client [req-70755629-e5d6-464a-a7f5-d3871c7ebe42 req-70755629-e5d6-464a-a7f5-d3871c7ebe42 ] Request (AttachInterfacesTestJSON:setUpClass): 201 POST http://10.180.1.21/identity/v3/auth/tokens 0.107s
2024-10-05 21:20:00.856 62322 INFO tempest.common.waiters [-] State transition "BUILD/None" ==> "BUILD/block_device_mapping" after 23 second wait
2024-10-05 21:20:00.868 62290 INFO tempest.lib.common.rest_client [req-0916eb53-fc87-416a-802d-dc7fc2f271c9 req-0916eb53-fc87-416a-802d-dc7fc2f271c9 ] Request (ServerDiskConfigTestJSON:test_rebuild_server_with_auto_disk_config): 200 GET http://10.180.1.21/compute/v2.1/servers/9ea786d6-8ae6-47ae-8b94-52b4ccfe855c 0.985s
2024-10-05 21:20:00.898 62298 INFO tempest.lib.common.rest_client [req-7f409d26-e14e-47a1-88f6-c29d64a49498 req-7f409d26-e14e-47a1-88f6-c29d64a49498 ] Request (FlavorsAdminTestJSON:test_list_public_flavor_with_other_user): 200 POST http://10.180.1.21/compute/v2.1/flavors 0.973s
2024-10-05 21:20:00.943 62302 INFO tempest.lib.common.rest_client [req-c135ef02-d514-435c-b5db-0417fd4ab5cb req-c135ef02-d514-435c-b5db-0417fd4ab5cb ] Request (ServerShowV254Test:tearDownClass): 200 GET http://10.180.1.21/compute/v2.1/servers/fc4556dd-d2ff-495b-b03b-fe55dd9902b3 1.056s
2024-10-05 21:20:00.957 62320 INFO tempest.lib.common.rest_client [req-504a60f9-ad93-4777-9004-67bb6f5e4406 req-504a60f9-ad93-4777-9004-67bb6f5e4406 ] Request (NetworksTest:tearDownClass): 204 DELETE http://10.180.1.21:9696/networking/v2.0/security-groups/d77e6fcc-309d-415e-b89c-9b4e1f27df01 0.280s
2024-10-05 21:20:00.995 62292 INFO tempest.lib.common.rest_client [req-13bfd654-8224-4705-8cc8-fca83d16b654 req-13bfd654-8224-4705-8cc8-fca83d16b654 ] Request (FloatingIPsAssociationTestJSON:setUpClass): 200 GET http://10.180.1.21/compute/v2.1/servers/c572b750-a834-4cdd-992d-7164768fc5f4 1.051s
2024-10-05 21:20:01.026 62324 INFO tempest.lib.common.rest_client [req-7687e98c-1e5b-4e7f-bab1-55e14a418f38 req-7687e98c-1e5b-4e7f-bab1-55e14a418f38 ] Request (InstanceActionsNegativeTestJSON:setUpClass): 200 GET http://10.180.1.21/compute/v2.1/servers/4225a019-513e-4be5-8d22-1444597df6ed 1.062s
2024-10-05 21:20:01.034 62308 INFO tempest.lib.common.rest_client [req-a1997206-c2a9-46e9-b29a-eb412d10505d req-a1997206-c2a9-46e9-b29a-eb412d10505d ] Request (FlavorsV2TestJSON:tearDownClass): 200 GET http://10.180.1.21:9696/networking/v2.0/security-groups?tenant_id=695426e357a647baae5b23ab7b5af4bd&name=default 0.359s
2024-10-05 21:20:01.056 62320 INFO tempest.lib.common.rest_client [req-1ca0f28c-cb5c-452c-adc7-df2334ee9e7c req-1ca0f28c-cb5c-452c-adc7-df2334ee9e7c ] Request (NetworksTest:tearDownClass): 204 DELETE http://10.180.1.21/identity/v3/projects/8e8d0a9d68cc41cd8307611505f57c16 0.099s
2024-10-05 21:20:01.100 62270 INFO tempest.lib.common.rest_client [req-1877d004-a7ec-44d4-8daa-8d19b88e3498 req-1877d004-a7ec-44d4-8daa-8d19b88e3498 ] Request (ImagesNegativeTestJSON:test_create_image_from_deleted_server): 200 GET http://10.180.1.21/compute/v2.1/servers/72e581d2-45e8-4c6a-ac2b-59f09a756abb 1.086s
2024-10-05 21:20:01.135 62320 INFO tempest.lib.common.rest_client [req-fec55399-a168-47a0-ab4d-667364ab2a66 req-fec55399-a168-47a0-ab4d-667364ab2a66 ] Request (QuotasAdminTestV257:setUpClass): 201 POST http://10.180.1.21/identity/v3/auth/tokens 0.077s
2024-10-05 21:20:01.167 62272 INFO tempest.lib.common.rest_client [req-3879c6aa-8640-4ad6-8f65-4ef9ca9711aa req-3879c6aa-8640-4ad6-8f65-4ef9ca9711aa ] Request (AttachInterfacesUnderV243Test:test_add_remove_fixed_ip): 200 GET http://10.180.1.21/compute/v2.1/servers/74401e9a-2a20-4797-87c4-ad0eea016866 1.122s
2024-10-05 21:20:01.181 62320 INFO tempest.lib.common.rest_client [req-4b8f0ad8-861e-472f-b683-6b976b2db586 req-4b8f0ad8-861e-472f-b683-6b976b2db586 ] Request (QuotasAdminTestV257:setUpClass): 201 POST http://10.180.1.21/identity/v3/auth/tokens 0.043s
2024-10-05 21:20:01.207 62320 INFO tempest.lib.common.rest_client [req-4ca21348-b3b3-4ab3-a3f6-dd7ab11a7233 req-4ca21348-b3b3-4ab3-a3f6-dd7ab11a7233 ] Request (QuotasAdminTestV257:setUpClass): 200 GET http://10.180.1.21/identity/v3/domains?name=Default 0.025s
2024-10-05 21:20:01.213 62312 INFO tempest.lib.common.rest_client [req-6df2e6a2-c18d-4928-bbb3-dcc39cb1d1de req-6df2e6a2-c18d-4928-bbb3-dcc39cb1d1de ] Request (SecurityGroupRulesTestJSON:tearDownClass): 204 DELETE http://10.180.1.21:9696/networking/v2.0/routers/60852260-14ea-450d-9183-b7133fd36d9c 0.766s
2024-10-05 21:20:01.221 62300 INFO tempest.lib.common.rest_client [req-05cf49cf-0834-4dd8-99ca-cc4931c64ea0 req-05cf49cf-0834-4dd8-99ca-cc4931c64ea0 ] Request (DeleteServersAdminTestJSON:test_delete_server_while_in_error_state): 200 GET http://10.180.1.21/compute/v2.1/servers/791632b4-4129-49e6-a38c-80f7e137f970 1.099s
2024-10-05 21:20:01.242 62320 INFO tempest.lib.common.rest_client [req-dfd88a65-a2b8-43cf-8289-02b89af1a524 req-dfd88a65-a2b8-43cf-8289-02b89af1a524 ] Request (QuotasAdminTestV257:setUpClass): 201 POST http://10.180.1.21/identity/v3/projects 0.034s
2024-10-05 21:20:01.247 62308 INFO tempest.lib.common.rest_client [req-b1a2f40d-5562-426f-9e2b-cb0de4092800 req-b1a2f40d-5562-426f-9e2b-cb0de4092800 ] Request (FlavorsV2TestJSON:tearDownClass): 204 DELETE http://10.180.1.21:9696/networking/v2.0/security-groups/263d4c37-08c4-46df-abeb-9f17d86718e0 0.212s
2024-10-05 21:20:01.274 62310 INFO tempest.lib.common.rest_client [req-1eccdd2a-c1cb-4aef-8162-86184958b83f req-1eccdd2a-c1cb-4aef-8162-86184958b83f ] Request (ServersNegativeTestJSON:setUpClass): 200 GET http://10.180.1.21/compute/v2.1/servers/7f8c944f-e921-409a-956a-91c8e2117ecf 1.078s
2024-10-05 21:20:01.314 62320 INFO tempest.lib.common.rest_client [req-d915b6bc-e6be-4849-b60c-044e94f41f11 req-d915b6bc-e6be-4849-b60c-044e94f41f11 ] Request (QuotasAdminTestV257:setUpClass): 201 POST http://10.180.1.21/identity/v3/users 0.071s
2024-10-05 21:20:01.331 62276 INFO tempest.lib.common.rest_client [req-d705304b-6f57-4ba9-bce1-276dd17aee55 req-d705304b-6f57-4ba9-bce1-276dd17aee55 ] Request (SecurityGroupRulesNegativeTestJSON:test_create_security_group_rule_with_non_existent_id): 404 POST http://10.180.1.21/compute/v2.1/os-security-group-rules 0.898s
2024-10-05 21:20:01.365 62308 INFO tempest.lib.common.rest_client [req-a0ff518a-1a45-40cf-8e86-6040dad7a044 req-a0ff518a-1a45-40cf-8e86-6040dad7a044 ] Request (FlavorsV2TestJSON:tearDownClass): 204 DELETE http://10.180.1.21/identity/v3/projects/695426e357a647baae5b23ab7b5af4bd 0.117s
2024-10-05 21:20:01.397 62312 INFO tempest.lib.common.rest_client [req-ef3b301d-86ba-4096-a9ba-84d7dfe35bce req-ef3b301d-86ba-4096-a9ba-84d7dfe35bce ] Request (SecurityGroupRulesTestJSON:tearDownClass): 204 DELETE http://10.180.1.21:9696/networking/v2.0/subnets/e2cb5bd3-640a-41aa-9506-dea70f8f2797 0.183s
2024-10-05 21:20:01.404 62308 INFO tempest.lib.common.rest_client [req-529d6096-5f9c-4a9f-88d3-41572edadd5a req-529d6096-5f9c-4a9f-88d3-41572edadd5a ] Request (ServersNegativeTestMultiTenantJSON:setUpClass): 201 POST http://10.180.1.21/identity/v3/auth/tokens 0.038s
2024-10-05 21:20:01.405 62320 INFO tempest.lib.common.rest_client [req-08ec9703-89ca-4bfe-9fad-21d2b04cb57b req-08ec9703-89ca-4bfe-9fad-21d2b04cb57b ] Request (QuotasAdminTestV257:setUpClass): 200 GET http://10.180.1.21/identity/v3/roles 0.090s
2024-10-05 21:20:01.438 62288 INFO tempest.lib.common.rest_client [req-709cfe0a-32df-4791-a57e-10f1939367c6 req-709cfe0a-32df-4791-a57e-10f1939367c6 ] Request (ListImageFiltersTestJSON:setUpClass): 202 POST http://10.180.1.21/compute/v2.1/servers 1.451s
2024-10-05 21:20:01.444 62308 INFO tempest.lib.common.rest_client [req-f7934bae-fbfc-4dbb-b72d-6f2e776d393a req-f7934bae-fbfc-4dbb-b72d-6f2e776d393a ] Request (ServersNegativeTestMultiTenantJSON:setUpClass): 201 POST http://10.180.1.21/identity/v3/auth/tokens 0.035s
2024-10-05 21:20:01.449 62320 INFO tempest.lib.common.rest_client [req-531c2e99-ef6d-43df-937d-89bc12b62c8a req-531c2e99-ef6d-43df-937d-89bc12b62c8a ] Request (QuotasAdminTestV257:setUpClass): 204 PUT http://10.180.1.21/identity/v3/projects/da52ad8c95b345a6a9c5bfb13c511ce4/users/0f4250d499e7455b83f010c68e6d5633/roles/1e4ca2392b724c6286450c03353324b7 0.043s
2024-10-05 21:20:01.449 62320 INFO tempest.lib.common.dynamic_creds [-] Dynamic test user 0f4250d499e7455b83f010c68e6d5633 is created with scope project and roles: ['member']
2024-10-05 21:20:01.450 62320 INFO tempest.lib.common.dynamic_creds [-] Acquired dynamic creds: credentials: Credentials: {'domain_id': 'default', 'domain_name': 'Default', 'username': 'tempest-QuotasAdminTestV257-1128406747-project-member', 'project_domain_id': 'default', 'project_domain_name': 'Default', 'project_id': 'da52ad8c95b345a6a9c5bfb13c511ce4', 'project_name': 'tempest-QuotasAdminTestV257-1128406747', 'tenant_id': 'da52ad8c95b345a6a9c5bfb13c511ce4', 'tenant_name': 'tempest-QuotasAdminTestV257-1128406747', 'user_domain_id': 'default', 'user_domain_name': 'Default', 'user_id': '0f4250d499e7455b83f010c68e6d5633', 'system': None}, Network: None, Subnet: None, Router: None
2024-10-05 21:20:01.450 62320 INFO tempest.lib.common.dynamic_creds [-] Created isolated network resources for: credentials: Credentials: {'domain_id': 'default', 'domain_name': 'Default', 'username': 'tempest-QuotasAdminTestV257-1128406747-project-member', 'project_domain_id': 'default', 'project_domain_name': 'Default', 'project_id': 'da52ad8c95b345a6a9c5bfb13c511ce4', 'project_name': 'tempest-QuotasAdminTestV257-1128406747', 'tenant_id': 'da52ad8c95b345a6a9c5bfb13c511ce4', 'tenant_name': 'tempest-QuotasAdminTestV257-1128406747', 'user_domain_id': 'default', 'user_domain_name': 'Default', 'user_id': '0f4250d499e7455b83f010c68e6d5633', 'system': None}, Network: None, Subnet: None, Router: None
2024-10-05 21:20:01.498 62288 INFO tempest.lib.common.rest_client [req-a6835583-c230-4404-9af9-647591af0dcd req-a6835583-c230-4404-9af9-647591af0dcd ] Request (ListImageFiltersTestJSON:setUpClass): 201 POST http://10.180.1.21/identity/v3/auth/tokens 0.055s
2024-10-05 21:20:01.499 62288 INFO tempest.lib.common.fixed_network [-] (ListImageFiltersTestJSON:setUpClass) Found network None available for tenant
2024-10-05 21:20:01.520 62308 INFO tempest.lib.common.rest_client [req-963b20f5-1ffc-438d-b62a-ca989a801df7 req-963b20f5-1ffc-438d-b62a-ca989a801df7 ] Request (ServersNegativeTestMultiTenantJSON:setUpClass): 200 GET http://10.180.1.21/identity/v3/domains?name=Default 0.075s
2024-10-05 21:20:01.533 62278 INFO tempest.lib.common.rest_client [req-14024939-9179-495e-b27c-b2b83b677076 req-14024939-9179-495e-b27c-b2b83b677076 ] Request (ServersAdmin275Test:tearDownClass): 200 GET http://10.180.1.21/compute/v2.1/servers/8513a91b-12d3-4cfc-900a-e502d618bbf1 0.969s
2024-10-05 21:20:01.567 62308 INFO tempest.lib.common.rest_client [req-20211183-62ca-4da2-8e85-6d242d51b6e6 req-20211183-62ca-4da2-8e85-6d242d51b6e6 ] Request (ServersNegativeTestMultiTenantJSON:setUpClass): 201 POST http://10.180.1.21/identity/v3/projects 0.046s
2024-10-05 21:20:01.569 62316 INFO tempest.lib.common.rest_client [req-ef4ddde1-cf05-4555-bc0b-ccf4e99344f6 req-ef4ddde1-cf05-4555-bc0b-ccf4e99344f6 ] Request (ListServersNegativeTestJSON:setUpClass): 200 GET http://10.180.1.21/compute/v2.1/servers/80f73479-19b0-46f1-a81d-ef59b555e1be 1.030s
2024-10-05 21:20:01.608 62320 INFO tempest.lib.common.rest_client [req-f2b9f99e-49a5-4116-bd88-5ab48ce9aa23 req-f2b9f99e-49a5-4116-bd88-5ab48ce9aa23 ] Request (QuotasAdminTestV257:setUpClass): 201 POST http://10.180.1.21/identity/v3/auth/tokens 0.153s
2024-10-05 21:20:01.639 62308 INFO tempest.lib.common.rest_client [req-16dd7ea5-f2d7-4c1c-acb5-e95ada1ab01c req-16dd7ea5-f2d7-4c1c-acb5-e95ada1ab01c ] Request (ServersNegativeTestMultiTenantJSON:setUpClass): 201 POST http://10.180.1.21/identity/v3/users 0.071s
2024-10-05 21:20:01.642 62320 INFO tempest.lib.common.rest_client [req-58bba666-8c4e-4c43-9dfd-b2d48c7b1a69 req-58bba666-8c4e-4c43-9dfd-b2d48c7b1a69 ] Request (QuotasAdminTestV257:setUpClass): 201 POST http://10.180.1.21/identity/v3/projects 0.033s
2024-10-05 21:20:01.657 62280 INFO tempest.lib.common.rest_client [req-db58ae7f-0f12-49f3-acf8-1aee2383ea48 req-db58ae7f-0f12-49f3-acf8-1aee2383ea48 ] Request (ServerDiagnosticsV248Test:tearDownClass): 200 GET http://10.180.1.21/compute/v2.1/servers/65f379f7-9180-4190-9499-2f0c35e8fea2 0.958s
2024-10-05 21:20:01.658 62284 INFO tempest.lib.common.rest_client [req-b1da050f-fa69-4bc0-9548-26e3c30760f0 req-b1da050f-fa69-4bc0-9548-26e3c30760f0 ] Request (ServerActionsTestOtherB:setUpClass): 200 GET http://10.180.1.21/compute/v2.1/servers/3f48bca6-0762-455f-9557-eacfee0dcc0e 1.035s
2024-10-05 21:20:01.692 62308 INFO tempest.lib.common.rest_client [req-4689df19-d210-4a24-91c8-49e92e7fdc88 req-4689df19-d210-4a24-91c8-49e92e7fdc88 ] Request (ServersNegativeTestMultiTenantJSON:setUpClass): 200 GET http://10.180.1.21/identity/v3/roles 0.052s
2024-10-05 21:20:01.718 62320 INFO tempest.lib.common.rest_client [req-f784211f-740b-4a3d-80dc-8015704f1d98 req-f784211f-740b-4a3d-80dc-8015704f1d98 ] Request (QuotasAdminTestV257:setUpClass): 201 POST http://10.180.1.21/identity/v3/users 0.075s
2024-10-05 21:20:01.724 62308 INFO tempest.lib.common.rest_client [req-468a22f3-f157-4655-8e1d-1b1a5c6a72ab req-468a22f3-f157-4655-8e1d-1b1a5c6a72ab ] Request (ServersNegativeTestMultiTenantJSON:setUpClass): 204 PUT http://10.180.1.21/identity/v3/projects/687b836b628b4ebfaaa8416f59fb2566/users/993a0555ca69411fa07f17271c64f8c6/roles/1e4ca2392b724c6286450c03353324b7 0.031s
2024-10-05 21:20:01.724 62308 INFO tempest.lib.common.dynamic_creds [-] Dynamic test user 993a0555ca69411fa07f17271c64f8c6 is created with scope project and roles: ['member']
2024-10-05 21:20:01.724 62308 INFO tempest.lib.common.dynamic_creds [-] Acquired dynamic creds: credentials: Credentials: {'domain_id': 'default', 'domain_name': 'Default', 'username': 'tempest-ServersNegativeTestMultiTenantJSON-767281888-project-member', 'project_domain_id': 'default', 'project_domain_name': 'Default', 'project_id': '687b836b628b4ebfaaa8416f59fb2566', 'project_name': 'tempest-ServersNegativeTestMultiTenantJSON-767281888', 'tenant_id': '687b836b628b4ebfaaa8416f59fb2566', 'tenant_name': 'tempest-ServersNegativeTestMultiTenantJSON-767281888', 'user_domain_id': 'default', 'user_domain_name': 'Default', 'user_id': '993a0555ca69411fa07f17271c64f8c6', 'system': None}, Network: None, Subnet: None, Router: None
2024-10-05 21:20:01.726 62286 INFO tempest.lib.common.rest_client [req-dacc8dac-d1a4-4dca-b866-746ba06b42f5 req-dacc8dac-d1a4-4dca-b866-746ba06b42f5 ] Request (FloatingIPsAssociationNegativeTestJSON:setUpClass): 200 GET http://10.180.1.21/compute/v2.1/servers/98e94272-dd3d-465c-886b-cf4bf6a9e454 0.934s
2024-10-05 21:20:01.761 62328 INFO tempest.lib.common.rest_client [req-21d8a659-b8de-48cf-bfca-21165f5b5331 req-21d8a659-b8de-48cf-bfca-21165f5b5331 ] Request (ServerMetadataTestJSON:setUpClass): 200 GET http://10.180.1.21/compute/v2.1/servers/2737381d-3ac6-4c35-99ba-043f37bad9cf 1.024s
2024-10-05 21:20:01.788 62308 INFO tempest.lib.common.rest_client [req-e6114e9c-d8d5-429b-8a15-b4881ae8d94c req-e6114e9c-d8d5-429b-8a15-b4881ae8d94c ] Request (ServersNegativeTestMultiTenantJSON:setUpClass): 201 POST http://10.180.1.21/identity/v3/auth/tokens 0.063s
2024-10-05 21:20:01.800 62320 INFO tempest.lib.common.rest_client [req-c1eb36cf-7b82-4f49-b6e5-c02d7454a89a req-c1eb36cf-7b82-4f49-b6e5-c02d7454a89a ] Request (QuotasAdminTestV257:setUpClass): 200 GET http://10.180.1.21/identity/v3/roles 0.081s
2024-10-05 21:20:01.807 62274 INFO tempest.lib.common.rest_client [req-135e3408-2ac9-43ae-9474-c1316a9cc6e5 req-135e3408-2ac9-43ae-9474-c1316a9cc6e5 ] Request (ServersAdminTestJSON:setUpClass): 200 GET http://10.180.1.21/compute/v2.1/servers/84d99082-9e9a-48bd-9fcc-366e1433fe13 0.999s
2024-10-05 21:20:01.837 62312 INFO tempest.lib.common.rest_client [req-fccb2b1c-3862-4cc9-a9b2-f95ecad95925 req-fccb2b1c-3862-4cc9-a9b2-f95ecad95925 ] Request (SecurityGroupRulesTestJSON:tearDownClass): 204 DELETE http://10.180.1.21:9696/networking/v2.0/networks/1b4c6a66-86c1-41f0-bf66-9dac57927e6d 0.440s
2024-10-05 21:20:01.875 62294 INFO tempest.lib.common.rest_client [req-5b9c8efc-ad38-4035-8800-e06715e8b3db req-5b9c8efc-ad38-4035-8800-e06715e8b3db ] Request (VolumesAssistedSnapshotsTest:test_volume_assisted_snapshot_create_delete): 200 GET http://10.180.1.21/compute/v2.1/servers/ce2ea43f-e977-4211-bb83-3014d18cb162 0.998s
2024-10-05 21:20:01.896 62298 INFO tempest.lib.common.rest_client [req-88ae92a4-78a8-4c84-b5b7-a4382dcd618a req-88ae92a4-78a8-4c84-b5b7-a4382dcd618a ] Request (FlavorsAdminTestJSON:test_list_public_flavor_with_other_user): 200 GET http://10.180.1.21/compute/v2.1/flavors/detail 0.995s
2024-10-05 21:20:01.914 62320 INFO tempest.lib.common.rest_client [req-929f931a-96bc-438f-b904-8eab3d14c230 req-929f931a-96bc-438f-b904-8eab3d14c230 ] Request (QuotasAdminTestV257:setUpClass): 204 PUT http://10.180.1.21/identity/v3/projects/1991bc06d4944e32977e75a3fe0a920d/users/04d72ee5d3434a6c906c41e510d8ea54/roles/0064f926235d46198cb02ce0b222e34c 0.113s
2024-10-05 21:20:01.954 62282 INFO tempest.lib.common.rest_client [req-5fab5342-d6f1-451d-a8be-44b75508af96 req-5fab5342-d6f1-451d-a8be-44b75508af96 ] Request (ValidationResourcesFixture:setUp): 200 POST http://10.180.1.21/compute/v2.1/os-keypairs 1.101s
2024-10-05 21:20:02.002 62312 INFO tempest.lib.common.rest_client [req-5c9a7dda-53c3-4794-aee7-17b92abe07e3 req-5c9a7dda-53c3-4794-aee7-17b92abe07e3 ] Request (SecurityGroupRulesTestJSON:tearDownClass): 204 DELETE http://10.180.1.21/identity/v3/users/7fb075b3f13c4e21b88604dc446d521a 0.165s
2024-10-05 21:20:02.003 62312 INFO tempest.lib.common.dynamic_creds [-] Deleting project and security group for project: c595f3370b23456fada981d169b4e7c4
2024-10-05 21:20:02.018 62326 INFO tempest.lib.common.rest_client [req-4c51ab32-572d-4c63-9639-e1ccebda2de7 req-4c51ab32-572d-4c63-9639-e1ccebda2de7 ] Request (ServerAddressesTestJSON:setUpClass): 200 GET http://10.180.1.21/compute/v2.1/servers/889a7971-f3f8-4e9c-ab0d-3744fe2bc951 1.024s
2024-10-05 21:20:02.062 62268 INFO tempest.lib.common.rest_client [req-9e0b1bac-a625-40b0-85e6-9ec1fb47254f req-9e0b1bac-a625-40b0-85e6-9ec1fb47254f ] Request (ImagesTestJSON:test_create_image_from_stopped_server): 200 GET http://10.180.1.21/compute/v2.1/servers/248f716d-8174-41eb-9445-3d3094ad2f70 0.830s
2024-10-05 21:20:02.079 62320 INFO tempest.lib.common.rest_client [req-7c3400c8-7e15-41d9-8e70-05099e11831d req-7c3400c8-7e15-41d9-8e70-05099e11831d ] Request (QuotasAdminTestV257:setUpClass): 200 GET http://10.180.1.21/identity/v3/roles 0.165s
2024-10-05 21:20:02.113 62312 INFO tempest.lib.common.rest_client [req-7d76b8ef-ade3-4d02-8894-fb841a8a7007 req-7d76b8ef-ade3-4d02-8894-fb841a8a7007 ] Request (SecurityGroupRulesTestJSON:tearDownClass): 200 GET http://10.180.1.21:9696/networking/v2.0/security-groups?tenant_id=c595f3370b23456fada981d169b4e7c4&name=default 0.110s
2024-10-05 21:20:02.117 62318 INFO tempest.lib.common.rest_client [req-a9c934a6-90b1-457a-bd2a-3bfac1518291 req-a9c934a6-90b1-457a-bd2a-3bfac1518291 ] Request (MigrationsAdminTest:test_resize_server_revert_deleted_flavor): 200 GET http://10.180.1.21/compute/v2.1/servers/bd04a015-b1f3-4ead-8749-1a4f82e9a9e0 0.820s
2024-10-05 21:20:02.120 62276 INFO tempest.lib.common.rest_client [req-f8ad1bd1-b230-4519-8032-8388c2df6f8d req-f8ad1bd1-b230-4519-8032-8388c2df6f8d ] Request (SecurityGroupRulesNegativeTestJSON:test_delete_security_group_rule_with_non_existent_id): 404 DELETE http://10.180.1.21/compute/v2.1/os-security-group-rules/4a9b3214-55d1-4512-98a1-b0d80df99d20 0.787s
2024-10-05 21:20:02.168 62320 INFO tempest.lib.common.rest_client [req-c68a8be7-b705-441e-8b34-65ddbae4e761 req-c68a8be7-b705-441e-8b34-65ddbae4e761 ] Request (QuotasAdminTestV257:setUpClass): 204 PUT http://10.180.1.21/identity/v3/projects/1991bc06d4944e32977e75a3fe0a920d/users/04d72ee5d3434a6c906c41e510d8ea54/roles/0064f926235d46198cb02ce0b222e34c 0.088s
2024-10-05 21:20:02.169 62320 INFO tempest.lib.common.dynamic_creds [-] Dynamic test user 04d72ee5d3434a6c906c41e510d8ea54 is created with scope project and roles: ['admin']
2024-10-05 21:20:02.169 62320 INFO tempest.lib.common.dynamic_creds [-] Acquired dynamic creds: credentials: Credentials: {'domain_id': 'default', 'domain_name': 'Default', 'username': 'tempest-QuotasAdminTestV257-1084538532-project-admin', 'project_domain_id': 'default', 'project_domain_name': 'Default', 'project_id': '1991bc06d4944e32977e75a3fe0a920d', 'project_name': 'tempest-QuotasAdminTestV257-1084538532', 'tenant_id': '1991bc06d4944e32977e75a3fe0a920d', 'tenant_name': 'tempest-QuotasAdminTestV257-1084538532', 'user_domain_id': 'default', 'user_domain_name': 'Default', 'user_id': '04d72ee5d3434a6c906c41e510d8ea54', 'system': None}, Network: None, Subnet: None, Router: None
2024-10-05 21:20:02.169 62320 INFO tempest.lib.common.dynamic_creds [-] Created isolated network resources for: credentials: Credentials: {'domain_id': 'default', 'domain_name': 'Default', 'username': 'tempest-QuotasAdminTestV257-1084538532-project-admin', 'project_domain_id': 'default', 'project_domain_name': 'Default', 'project_id': '1991bc06d4944e32977e75a3fe0a920d', 'project_name': 'tempest-QuotasAdminTestV257-1084538532', 'tenant_id': '1991bc06d4944e32977e75a3fe0a920d', 'tenant_name': 'tempest-QuotasAdminTestV257-1084538532', 'user_domain_id': 'default', 'user_domain_name': 'Default', 'user_id': '04d72ee5d3434a6c906c41e510d8ea54', 'system': None}, Network: None, Subnet: None, Router: None
2024-10-05 21:20:02.209 62314 INFO tempest.lib.common.rest_client [req-d200719e-457f-43fd-b82d-bd05c377f065 req-d200719e-457f-43fd-b82d-bd05c377f065 ] Request (ServersTestMultiNic:test_verify_duplicate_network_nics): 200 GET http://10.180.1.21/compute/v2.1/servers/9461cc5d-99dd-449b-97a9-586cf5aa7cb9 0.841s
2024-10-05 21:20:02.243 62282 INFO tempest.lib.common.rest_client [req-00330ca4-830f-45bb-b5bf-294952aff754 req-00330ca4-830f-45bb-b5bf-294952aff754 ] Request (ValidationResourcesFixture:setUp): 201 POST http://10.180.1.21:9696/networking/v2.0/security-groups 0.287s
2024-10-05 21:20:02.291 62320 INFO tempest.lib.common.rest_client [req-53edd495-d5c5-490c-bef5-de3abe51d40e req-53edd495-d5c5-490c-bef5-de3abe51d40e ] Request (QuotasAdminTestV257:setUpClass): 201 POST http://10.180.1.21/identity/v3/auth/tokens 0.118s
2024-10-05 21:20:02.292 62296 INFO tempest.lib.common.rest_client [req-f9db8318-431e-425a-852e-5f9c7bbdf38d req-f9db8318-431e-425a-852e-5f9c7bbdf38d ] Request (ServersAdminNegativeTestJSON:setUpClass): 200 GET http://10.180.1.21/compute/v2.1/servers/3d32529a-7c69-49eb-8066-b964c3058b5f 0.630s
2024-10-05 21:20:02.292 62320 WARNING tempest.lib.common.rest_client [-] Deprecated: "tenant_id" property is deprecated for removal, use "project_id" instead
2024-10-05 21:20:02.341 62320 INFO tempest.lib.common.rest_client [req-8e1fb712-06ee-4b4c-9a99-f656b22c9240 req-8e1fb712-06ee-4b4c-9a99-f656b22c9240 ] Request (QuotasAdminTestV257:test_get_updated_quotas): 200 GET http://10.180.1.21/identity/v3/domains?name=Default 0.046s
2024-10-05 21:20:02.354 62306 INFO tempest.lib.common.rest_client [req-189f98bb-98f3-41f2-8e59-1a3a7abed98b req-189f98bb-98f3-41f2-8e59-1a3a7abed98b ] Request (VolumesAdminNegativeTest:test_update_attached_volume_with_nonexistent_volume_in_body): 200 GET http://10.180.1.21/compute/v2.1/servers/15840e95-6565-4b0a-b1a1-d97e42c55325 0.579s
2024-10-05 21:20:02.373 62312 INFO tempest.lib.common.rest_client [req-e1247cab-245e-4a48-97ef-5254ef11f691 req-e1247cab-245e-4a48-97ef-5254ef11f691 ] Request (SecurityGroupRulesTestJSON:tearDownClass): 204 DELETE http://10.180.1.21:9696/networking/v2.0/security-groups/684e55ee-bdbf-47cd-906c-ac632d236ab2 0.255s
2024-10-05 21:20:02.393 62320 INFO tempest.lib.common.rest_client [req-eff21517-9c0f-4997-8c8c-4ffc33fbab2a req-eff21517-9c0f-4997-8c8c-4ffc33fbab2a ] Request (QuotasAdminTestV257:test_get_updated_quotas): 201 POST http://10.180.1.21/identity/v3/projects 0.052s
2024-10-05 21:20:02.468 62320 INFO tempest.lib.common.rest_client [req-7de99428-e834-4dca-bc24-8ef81ae69093 req-7de99428-e834-4dca-bc24-8ef81ae69093 ] Request (QuotasAdminTestV257:test_get_updated_quotas): 200 GET http://10.180.1.21/identity/v3/domains?name=Default 0.074s
2024-10-05 21:20:02.490 62282 INFO tempest.lib.common.rest_client [req-d396e88e-c214-49dc-931d-946ff8641f80 req-d396e88e-c214-49dc-931d-946ff8641f80 ] Request (ValidationResourcesFixture:setUp): 201 POST http://10.180.1.21:9696/networking/v2.0/security-group-rules 0.246s
2024-10-05 21:20:02.528 62312 INFO tempest.lib.common.rest_client [req-58273d56-ccdb-45ed-a6b1-44adf37cab6b req-58273d56-ccdb-45ed-a6b1-44adf37cab6b ] Request (SecurityGroupRulesTestJSON:tearDownClass): 204 DELETE http://10.180.1.21/identity/v3/projects/c595f3370b23456fada981d169b4e7c4 0.155s
2024-10-05 21:20:02.595 62312 INFO tempest.lib.common.rest_client [req-50a3f787-0382-475b-91d6-691f4c36ee51 req-50a3f787-0382-475b-91d6-691f4c36ee51 ] Request (AttachInterfacesV270Test:setUpClass): 201 POST http://10.180.1.21/identity/v3/auth/tokens 0.065s
2024-10-05 21:20:02.618 62322 INFO tempest.lib.common.rest_client [req-9dc24f59-50aa-401c-923e-b4e870b73466 req-9dc24f59-50aa-401c-923e-b4e870b73466 ] Request (ImagesOneServerTestJSON:setUpClass): 200 GET http://10.180.1.21/compute/v2.1/servers/b796850f-fe12-42f9-97fc-0946499e9ff7 0.760s
2024-10-05 21:20:02.627 62322 INFO tempest.common.waiters [-] State transition "BUILD/block_device_mapping" ==> "BUILD/spawning" after 25 second wait
2024-10-05 21:20:02.633 62312 INFO tempest.lib.common.rest_client [req-53d91c53-da06-446b-a3cb-b50bef692f55 req-53d91c53-da06-446b-a3cb-b50bef692f55 ] Request (AttachInterfacesV270Test:setUpClass): 201 POST http://10.180.1.21/identity/v3/auth/tokens 0.035s
2024-10-05 21:20:02.644 62282 INFO tempest.lib.common.rest_client [req-205f3c3e-9840-47ca-b1e9-8c1a411c562c req-205f3c3e-9840-47ca-b1e9-8c1a411c562c ] Request (ValidationResourcesFixture:setUp): 201 POST http://10.180.1.21:9696/networking/v2.0/security-group-rules 0.153s
2024-10-05 21:20:02.660 62312 INFO tempest.lib.common.rest_client [req-dafab9d1-8bcf-4b30-aa3c-0fe9245e7da1 req-dafab9d1-8bcf-4b30-aa3c-0fe9245e7da1 ] Request (AttachInterfacesV270Test:setUpClass): 200 GET http://10.180.1.21/identity/v3/domains?name=Default 0.027s
2024-10-05 21:20:02.676 62290 INFO tempest.lib.common.rest_client [req-139885a7-29b6-4f89-91a3-fae019036f1d req-139885a7-29b6-4f89-91a3-fae019036f1d ] Request (ServerDiskConfigTestJSON:test_rebuild_server_with_auto_disk_config): 200 GET http://10.180.1.21/compute/v2.1/servers/9ea786d6-8ae6-47ae-8b94-52b4ccfe855c 0.798s
2024-10-05 21:20:02.698 62298 INFO tempest.lib.common.rest_client [req-36417105-f12a-4bc0-895d-76be23a25ebc req-36417105-f12a-4bc0-895d-76be23a25ebc ] Request (FlavorsAdminTestJSON:_run_cleanups): 202 DELETE http://10.180.1.21/compute/v2.1/flavors/1330173097 0.793s
2024-10-05 21:20:02.700 62312 INFO tempest.lib.common.rest_client [req-304844a4-7d5c-461d-a14f-9449b3864d5f req-304844a4-7d5c-461d-a14f-9449b3864d5f ] Request (AttachInterfacesV270Test:setUpClass): 201 POST http://10.180.1.21/identity/v3/projects 0.040s
2024-10-05 21:20:02.783 62288 INFO tempest.lib.common.rest_client [req-94022918-fac5-4a8d-8bfb-8c6755ace88f req-94022918-fac5-4a8d-8bfb-8c6755ace88f ] Request (ListImageFiltersTestJSON:setUpClass): 202 POST http://10.180.1.21/compute/v2.1/servers 1.283s
2024-10-05 21:20:02.800 62302 INFO tempest.lib.common.rest_client [req-75ab5208-f66d-4643-84fa-89832d10f9e7 req-75ab5208-f66d-4643-84fa-89832d10f9e7 ] Request (ServerShowV254Test:tearDownClass): 200 GET http://10.180.1.21/compute/v2.1/servers/fc4556dd-d2ff-495b-b03b-fe55dd9902b3 0.847s
2024-10-05 21:20:02.805 62312 INFO tempest.lib.common.rest_client [req-17721bf5-0ef5-43fc-8edb-c0204da92698 req-17721bf5-0ef5-43fc-8edb-c0204da92698 ] Request (AttachInterfacesV270Test:setUpClass): 201 POST http://10.180.1.21/identity/v3/users 0.104s
2024-10-05 21:20:02.835 62312 INFO tempest.lib.common.rest_client [req-aae492e6-65f0-470c-be00-e95620d09006 req-aae492e6-65f0-470c-be00-e95620d09006 ] Request (AttachInterfacesV270Test:setUpClass): 200 GET http://10.180.1.21/identity/v3/roles 0.029s
2024-10-05 21:20:02.873 62324 INFO tempest.lib.common.rest_client [req-6eb4a653-1ec2-48b1-b64a-1098d1057bee req-6eb4a653-1ec2-48b1-b64a-1098d1057bee ] Request (InstanceActionsNegativeTestJSON:setUpClass): 200 GET http://10.180.1.21/compute/v2.1/servers/4225a019-513e-4be5-8d22-1444597df6ed 0.839s
2024-10-05 21:20:02.874 62312 INFO tempest.lib.common.rest_client [req-ae90a1e1-33cb-435d-8521-0177db2abcf1 req-ae90a1e1-33cb-435d-8521-0177db2abcf1 ] Request (AttachInterfacesV270Test:setUpClass): 204 PUT http://10.180.1.21/identity/v3/projects/31eebbed35474293ae1d6645bac15f59/users/d9034d90023d42d6bc6d683df33171be/roles/1e4ca2392b724c6286450c03353324b7 0.038s
2024-10-05 21:20:02.874 62312 INFO tempest.lib.common.dynamic_creds [-] Dynamic test user d9034d90023d42d6bc6d683df33171be is created with scope project and roles: ['member']
2024-10-05 21:20:02.874 62312 INFO tempest.lib.common.dynamic_creds [-] Acquired dynamic creds: credentials: Credentials: {'domain_id': 'default', 'domain_name': 'Default', 'username': 'tempest-AttachInterfacesV270Test-355689111-project-member', 'project_domain_id': 'default', 'project_domain_name': 'Default', 'project_id': '31eebbed35474293ae1d6645bac15f59', 'project_name': 'tempest-AttachInterfacesV270Test-355689111', 'tenant_id': '31eebbed35474293ae1d6645bac15f59', 'tenant_name': 'tempest-AttachInterfacesV270Test-355689111', 'user_domain_id': 'default', 'user_domain_name': 'Default', 'user_id': 'd9034d90023d42d6bc6d683df33171be', 'system': None}, Network: None, Subnet: None, Router: None
2024-10-05 21:20:02.895 62292 INFO tempest.lib.common.rest_client [req-8d7c0a7d-0fe3-4e76-b07e-4302f3ff8015 req-8d7c0a7d-0fe3-4e76-b07e-4302f3ff8015 ] Request (FloatingIPsAssociationTestJSON:setUpClass): 200 GET http://10.180.1.21/compute/v2.1/servers/c572b750-a834-4cdd-992d-7164768fc5f4 0.890s
2024-10-05 21:20:02.905 62308 INFO tempest.lib.common.rest_client [req-36adc6ab-9a8c-4ed6-8a04-948125d2f6de req-36adc6ab-9a8c-4ed6-8a04-948125d2f6de ] Request (ServersNegativeTestMultiTenantJSON:setUpClass): 201 POST http://10.180.1.21:9696/networking/v2.0/networks 1.117s
2024-10-05 21:20:02.947 62312 INFO tempest.lib.common.rest_client [req-27a2db70-2d1d-4cb0-affa-484ff98d9331 req-27a2db70-2d1d-4cb0-affa-484ff98d9331 ] Request (AttachInterfacesV270Test:setUpClass): 201 POST http://10.180.1.21/identity/v3/auth/tokens 0.072s
2024-10-05 21:20:02.979 62270 INFO tempest.lib.common.rest_client [req-6dee9497-606e-41ec-86b6-31a8e524942f req-6dee9497-606e-41ec-86b6-31a8e524942f ] Request (ImagesNegativeTestJSON:test_create_image_from_deleted_server): 200 GET http://10.180.1.21/compute/v2.1/servers/72e581d2-45e8-4c6a-ac2b-59f09a756abb 0.866s
2024-10-05 21:20:03.062 62272 INFO tempest.lib.common.rest_client [req-15726482-225f-48b4-b9a8-eb685abca275 req-15726482-225f-48b4-b9a8-eb685abca275 ] Request (AttachInterfacesUnderV243Test:test_add_remove_fixed_ip): 200 GET http://10.180.1.21/compute/v2.1/servers/74401e9a-2a20-4797-87c4-ad0eea016866 0.886s
2024-10-05 21:20:03.072 62276 INFO tempest.lib.common.rest_client [req-ff99ce87-143d-4164-99b5-4797725907a9 req-ff99ce87-143d-4164-99b5-4797725907a9 ] Request (SecurityGroupRulesNegativeTestJSON:tearDownClass): 202 DELETE http://10.180.1.21/compute/v2.1/os-security-groups/bccc602e-445f-4b55-ae9d-9ffc85f529b4 0.950s
2024-10-05 21:20:03.118 62310 INFO tempest.lib.common.rest_client [req-7e2dbd98-8552-4ac5-9396-490cdb03159e req-7e2dbd98-8552-4ac5-9396-490cdb03159e ] Request (ServersNegativeTestJSON:setUpClass): 200 GET http://10.180.1.21/compute/v2.1/servers/7f8c944f-e921-409a-956a-91c8e2117ecf 0.833s
2024-10-05 21:20:03.147 62300 INFO tempest.lib.common.rest_client [req-dcb83a50-a419-49fb-931f-82b6e8f30fb1 req-dcb83a50-a419-49fb-931f-82b6e8f30fb1 ] Request (DeleteServersAdminTestJSON:test_delete_server_while_in_error_state): 200 GET http://10.180.1.21/compute/v2.1/servers/791632b4-4129-49e6-a38c-80f7e137f970 0.918s
2024-10-05 21:20:03.235 62282 INFO tempest.lib.common.rest_client [req-dbd50b63-c1ee-4eec-a0ad-61a67a5d705d req-dbd50b63-c1ee-4eec-a0ad-61a67a5d705d ] Request (ValidationResourcesFixture:setUp): 201 POST http://10.180.1.21:9696/networking/v2.0/floatingips 0.591s
2024-10-05 21:20:03.240 62278 INFO tempest.lib.common.rest_client [req-62f425b1-917e-45a1-bbaa-e4c27f018c52 req-62f425b1-917e-45a1-bbaa-e4c27f018c52 ] Request (ServersAdmin275Test:tearDownClass): 200 GET http://10.180.1.21/compute/v2.1/servers/8513a91b-12d3-4cfc-900a-e502d618bbf1 0.689s
