2024-10-05 21:20:47.968 62278 INFO tempest.lib.common.rest_client [req-317e1ca7-ebdb-43c6-8b46-2bd0455f87d0 req-317e1ca7-ebdb-43c6-8b46-2bd0455f87d0 ] Request (ImagesOneServerNegativeTestJSON:setUpClass): 200 GET http://10.180.1.21/compute/v2.1/servers/e1ddce62-88e5-417d-8f79-dfd126392ae4 0.046s
2024-10-05 21:20:48.002 62306 INFO tempest.lib.common.rest_client [req-8b058062-a468-4247-b62d-9d08e3639497 req-8b058062-a468-4247-b62d-9d08e3639497 ] Request (VolumesAdminNegativeTest:test_update_attached_volume_with_nonexistent_volume_in_body): 200 GET http://10.180.1.21/compute/v2.1/servers/15840e95-6565-4b0a-b1a1-d97e42c55325 0.044s
2024-10-05 21:20:48.065 62268 INFO tempest.lib.common.rest_client [req-518c68ef-a1c9-4779-9c74-6f34ed0055ea req-518c68ef-a1c9-4779-9c74-6f34ed0055ea ] Request (ImagesTestJSON:test_create_image_from_suspended_server): 200 GET http://10.180.1.21/compute/v2.1/servers/fdce4039-0716-4974-bef0-68cb4a686825 0.043s
2024-10-05 21:20:48.107 62290 INFO tempest.lib.common.rest_client [req-0683423a-d36a-424c-a591-c444b2a1c441 req-0683423a-d36a-424c-a591-c444b2a1c441 ] Request (ServerDiskConfigTestJSON:test_rebuild_server_with_auto_disk_config): 200 GET http://10.180.1.21/compute/v2.1/servers/9ea786d6-8ae6-47ae-8b94-52b4ccfe855c 0.043s
2024-10-05 21:20:48.220 62294 INFO tempest.lib.common.rest_client [req-654d3530-2191-449b-bb7d-85116817c74e req-654d3530-2191-449b-bb7d-85116817c74e ] Request (ServersWithSpecificFlavorTestJSON:test_verify_created_server_ephemeral_disk): 200 GET http://10.180.1.21/compute/v2.1/servers/9687acdc-f61d-4f9b-88b7-8612106dac16 0.046s
2024-10-05 21:20:48.271 62298 INFO tempest.lib.common.rest_client [req-e0c80485-79c6-4550-9502-eb1d6c652e7d req-e0c80485-79c6-4550-9502-eb1d6c652e7d ] Request (ServerDiagnosticsNegativeTest:test_get_server_diagnostics_by_non_admin): 200 GET http://10.180.1.21/compute/v2.1/servers/b71d39a5-d32c-4169-8e57-6791c4184823 0.046s
2024-10-05 21:20:48.322 62280 INFO tempest.lib.common.rest_client [req-4f60c5eb-e423-42ed-9568-2bbb80fff520 req-4f60c5eb-e423-42ed-9568-2bbb80fff520 ] Request (ServerExternalEventsTest:test_create_server_external_events): 200 GET http://10.180.1.21/compute/v2.1/servers/0c9b9333-1904-4458-a779-eb195ea3e7bb 0.048s
2024-10-05 21:20:48.338 62312 INFO tempest.lib.common.rest_client [req-c71f7fb0-f734-44a8-998e-54a3b25cf7b8 req-c71f7fb0-f734-44a8-998e-54a3b25cf7b8 ] Request (AttachInterfacesV270Test:test_create_get_list_interfaces): 200 GET http://10.180.1.21/compute/v2.1/servers/61e4dd14-70d6-4f3c-93e0-8e5b0acd0cec 0.048s
2024-10-05 21:20:48.373 62292 INFO tempest.lib.common.rest_client [req-699d69ba-8368-4efd-adfc-b835391f183a req-699d69ba-8368-4efd-adfc-b835391f183a ] Request (FloatingIPsAssociationTestJSON:setUpClass): 200 GET http://10.180.1.21/compute/v2.1/servers/c572b750-a834-4cdd-992d-7164768fc5f4 0.046s
2024-10-05 21:20:48.470 62270 INFO tempest.lib.common.rest_client [req-87ae9be9-1657-4be8-be4a-b2471b1422b7 req-87ae9be9-1657-4be8-be4a-b2471b1422b7 ] Request (ImagesNegativeTestJSON:test_create_image_from_deleted_server): 200 GET http://10.180.1.21/compute/v2.1/servers/72e581d2-45e8-4c6a-ac2b-59f09a756abb 0.066s
2024-10-05 21:20:48.477 62270 INFO tempest.common.waiters [-] State transition "BUILD/None" ==> "BUILD/networking" after 66 second wait
2024-10-05 21:20:48.501 62300 INFO tempest.lib.common.rest_client [req-b2af8b6a-c3a5-4c3f-a89d-b651bf894c91 req-b2af8b6a-c3a5-4c3f-a89d-b651bf894c91 ] Request (DeleteServersAdminTestJSON:test_delete_server_while_in_error_state): 200 GET http://10.180.1.21/compute/v2.1/servers/791632b4-4129-49e6-a38c-80f7e137f970 0.049s
2024-10-05 21:20:48.563 62296 INFO tempest.lib.common.rest_client [req-faf68c98-d8f9-412a-ad9c-a06b646d66d7 req-faf68c98-d8f9-412a-ad9c-a06b646d66d7 ] Request (ServersV294TestFqdnHostnames:setUpClass): 200 GET http://10.180.1.21/compute/v2.1/servers/10d51856-6938-435e-ac65-cb91a8486857 0.053s
2024-10-05 21:20:48.590 62272 INFO tempest.lib.common.rest_client [req-8af5f430-b67d-4eb7-8a32-868ea16ac0b9 req-8af5f430-b67d-4eb7-8a32-868ea16ac0b9 ] Request (AttachInterfacesUnderV243Test:test_add_remove_fixed_ip): 200 GET http://10.180.1.21/compute/v2.1/servers/74401e9a-2a20-4797-87c4-ad0eea016866 0.045s
2024-10-05 21:20:48.648 62310 INFO tempest.lib.common.rest_client [req-91238eef-1a01-461a-b8e1-f2d401c09d72 req-91238eef-1a01-461a-b8e1-f2d401c09d72 ] Request (ServersNegativeTestJSON:setUpClass): 200 GET http://10.180.1.21/compute/v2.1/servers/7f8c944f-e921-409a-956a-91c8e2117ecf 0.058s
2024-10-05 21:20:48.679 62324 INFO tempest.lib.common.rest_client [req-d164a1de-410c-42cc-a580-6c0f2a9cf0b2 req-d164a1de-410c-42cc-a580-6c0f2a9cf0b2 ] Request (InstanceActionsNegativeTestJSON:setUpClass): 200 GET http://10.180.1.21/compute/v2.1/servers/4225a019-513e-4be5-8d22-1444597df6ed 0.052s
2024-10-05 21:20:48.703 62284 INFO tempest.lib.common.rest_client [req-9f006f9c-1197-4ffa-88b5-48d5435ceb39 req-9f006f9c-1197-4ffa-88b5-48d5435ceb39 ] Request (ServerActionsTestOtherB:setUpClass): 200 GET http://10.180.1.21/compute/v2.1/servers/3f48bca6-0762-455f-9557-eacfee0dcc0e 0.066s
2024-10-05 21:20:48.728 62314 INFO tempest.lib.common.rest_client [req-915a88a1-e864-4473-9b15-4c291a82ea0f req-915a88a1-e864-4473-9b15-4c291a82ea0f ] Request (ServersTestMultiNic:test_verify_multiple_nics_order): 200 GET http://10.180.1.21/compute/v2.1/servers/f694b443-7945-421d-8c2b-05efadb1a4a0 0.055s
2024-10-05 21:20:48.754 62288 INFO tempest.lib.common.rest_client [req-3a1d26e5-5500-4d75-8dce-b4ce473751d9 req-3a1d26e5-5500-4d75-8dce-b4ce473751d9 ] Request (ListImageFiltersTestJSON:setUpClass): 200 GET http://10.180.1.21/compute/v2.1/servers/99fd1d99-591a-4844-8b8f-faadde5f8356 0.066s
2024-10-05 21:20:48.775 62286 INFO tempest.lib.common.rest_client [req-afcaa952-78af-4a7c-9096-f22892a7b211 req-afcaa952-78af-4a7c-9096-f22892a7b211 ] Request (FloatingIPsAssociationNegativeTestJSON:setUpClass): 200 GET http://10.180.1.21/compute/v2.1/servers/98e94272-dd3d-465c-886b-cf4bf6a9e454 0.056s
2024-10-05 21:20:48.803 62326 INFO tempest.lib.common.rest_client [req-977a4852-ed01-4ebb-8b5f-a6913e1441ce req-977a4852-ed01-4ebb-8b5f-a6913e1441ce ] Request (ServersTestJSON:test_create_server_specify_multibyte_character_name): 200 GET http://10.180.1.21/compute/v2.1/servers/dcfe59db-577b-4373-bebf-939aabf9fe06 0.072s
2024-10-05 21:20:48.828 62276 INFO tempest.lib.common.rest_client [req-ebbc50cd-deaf-4877-9bca-2c74caf33e88 req-ebbc50cd-deaf-4877-9bca-2c74caf33e88 ] Request (ServerAddressesNegativeTestJSON:setUpClass): 200 GET http://10.180.1.21/compute/v2.1/servers/6f801fe9-bc20-4661-a771-db5d8ce71a57 0.062s
2024-10-05 21:20:48.852 62328 INFO tempest.lib.common.rest_client [req-31cf5761-2f7e-487a-a593-02e5abb170a3 req-31cf5761-2f7e-487a-a593-02e5abb170a3 ] Request (ServerMetadataTestJSON:setUpClass): 200 GET http://10.180.1.21/compute/v2.1/servers/2737381d-3ac6-4c35-99ba-043f37bad9cf 0.073s
2024-10-05 21:20:48.876 62320 INFO tempest.lib.common.rest_client [req-463be2cf-7803-40d7-a6e5-06512c8dd31b req-463be2cf-7803-40d7-a6e5-06512c8dd31b ] Request (ServerGroupTestJSON:test_create_server_with_scheduler_hint_group): 200 GET http://10.180.1.21/compute/v2.1/servers/bedd60ed-9ecb-4d30-8cf5-de39b90331be 0.060s
2024-10-05 21:20:48.898 62282 INFO tempest.lib.common.rest_client [req-83dba702-ad17-444c-a296-592a5ff94953 req-83dba702-ad17-444c-a296-592a5ff94953 ] Request (AttachInterfacesTestJSON:test_create_list_show_delete_interfaces_by_fixed_ip): 200 GET http://10.180.1.21/compute/v2.1/servers/afc5aba9-d5d9-441e-9545-845e6ac320a3 0.072s
2024-10-05 21:20:48.924 62274 INFO tempest.lib.common.rest_client [req-76a5e5a9-ab44-4b6a-87b6-1b38ae424011 req-76a5e5a9-ab44-4b6a-87b6-1b38ae424011 ] Request (ServersAdminTestJSON:setUpClass): 200 GET http://10.180.1.21/compute/v2.1/servers/84d99082-9e9a-48bd-9fcc-366e1433fe13 0.052s
2024-10-05 21:20:48.953 62318 INFO tempest.lib.common.rest_client [req-e47576cd-bd65-495c-85c2-f0c321553f51 req-e47576cd-bd65-495c-85c2-f0c321553f51 ] Request (MigrationsAdminTest:test_resize_server_revert_deleted_flavor): 200 GET http://10.180.1.21/compute/v2.1/servers/bd04a015-b1f3-4ead-8749-1a4f82e9a9e0 0.080s
2024-10-05 21:20:48.974 62304 INFO tempest.lib.common.rest_client [req-22619189-7427-4d8e-afe9-b030d60187bd req-22619189-7427-4d8e-afe9-b030d60187bd ] Request (InstanceActionsTestJSON:setUpClass): 200 GET http://10.180.1.21/compute/v2.1/servers/25cef25b-75f2-49a5-965a-ff9ce51a150e 0.048s
2024-10-05 21:20:49.012 62308 INFO tempest.lib.common.rest_client [req-d7e3fe9e-9b00-4e50-bbf3-3fa882ef5710 req-d7e3fe9e-9b00-4e50-bbf3-3fa882ef5710 ] Request (ServersNegativeTestMultiTenantJSON:setUpClass): 200 GET http://10.180.1.21/compute/v2.1/servers/a6b4bb48-165c-489c-ae9d-3858a779de06 0.085s
2024-10-05 21:20:49.041 62278 INFO tempest.lib.common.rest_client [req-f2259b16-e185-4a70-818f-95974cbaad09 req-f2259b16-e185-4a70-818f-95974cbaad09 ] Request (ImagesOneServerNegativeTestJSON:setUpClass): 200 GET http://10.180.1.21/compute/v2.1/servers/e1ddce62-88e5-417d-8f79-dfd126392ae4 0.066s
2024-10-05 21:20:49.078 62306 INFO tempest.lib.common.rest_client [req-65028ea8-2361-4c8c-afc9-623b36caf959 req-65028ea8-2361-4c8c-afc9-623b36caf959 ] Request (VolumesAdminNegativeTest:test_update_attached_volume_with_nonexistent_volume_in_body): 200 GET http://10.180.1.21/compute/v2.1/servers/15840e95-6565-4b0a-b1a1-d97e42c55325 0.069s
2024-10-05 21:20:49.089 62306 INFO tempest.common.waiters [-] State transition "BUILD/spawning" ==> "ERROR/None" after 69 second wait
2024-10-05 21:20:49.140 62268 INFO tempest.lib.common.rest_client [req-281dde61-c229-45d2-a389-ab6b98d51688 req-281dde61-c229-45d2-a389-ab6b98d51688 ] Request (ImagesTestJSON:test_create_image_from_suspended_server): 200 GET http://10.180.1.21/compute/v2.1/servers/fdce4039-0716-4974-bef0-68cb4a686825 0.069s
2024-10-05 21:20:49.205 62290 INFO tempest.lib.common.rest_client [req-e3ff0341-0c08-4717-b13e-2697a5024ef8 req-e3ff0341-0c08-4717-b13e-2697a5024ef8 ] Request (ServerDiskConfigTestJSON:test_rebuild_server_with_auto_disk_config): 200 GET http://10.180.1.21/compute/v2.1/servers/9ea786d6-8ae6-47ae-8b94-52b4ccfe855c 0.091s
2024-10-05 21:20:49.285 62294 INFO tempest.lib.common.rest_client [req-d9b62015-be38-43ae-81a8-e9cb0b368d90 req-d9b62015-be38-43ae-81a8-e9cb0b368d90 ] Request (ServersWithSpecificFlavorTestJSON:test_verify_created_server_ephemeral_disk): 200 GET http://10.180.1.21/compute/v2.1/servers/9687acdc-f61d-4f9b-88b7-8612106dac16 0.059s
2024-10-05 21:20:49.299 62306 INFO tempest.lib.common.rest_client [req-0e4aa48f-cae5-48d7-a9bc-e76bbc7330c1 req-0e4aa48f-cae5-48d7-a9bc-e76bbc7330c1 ] Request (VolumesAdminNegativeTest:test_update_attached_volume_with_nonexistent_volume_in_body): 204 DELETE http://10.180.1.21/compute/v2.1/servers/15840e95-6565-4b0a-b1a1-d97e42c55325 0.210s
2024-10-05 21:20:49.322 62306 INFO tempest.lib.common.rest_client [req-57860116-3603-4a22-b11d-87a0d2c5f9f4 req-57860116-3603-4a22-b11d-87a0d2c5f9f4 ] Request (VolumesAdminNegativeTest:test_update_attached_volume_with_nonexistent_volume_in_body): 404 GET http://10.180.1.21/compute/v2.1/servers/15840e95-6565-4b0a-b1a1-d97e42c55325 0.023s
2024-10-05 21:20:49.346 62298 INFO tempest.lib.common.rest_client [req-7f8fbef8-e5a1-4a8a-8ea5-a5895b4e50d4 req-7f8fbef8-e5a1-4a8a-8ea5-a5895b4e50d4 ] Request (ServerDiagnosticsNegativeTest:test_get_server_diagnostics_by_non_admin): 200 GET http://10.180.1.21/compute/v2.1/servers/b71d39a5-d32c-4169-8e57-6791c4184823 0.068s
2024-10-05 21:20:49.391 62280 INFO tempest.lib.common.rest_client [req-12f66cb1-c106-45f0-902e-8210d7477542 req-12f66cb1-c106-45f0-902e-8210d7477542 ] Request (ServerExternalEventsTest:test_create_server_external_events): 200 GET http://10.180.1.21/compute/v2.1/servers/0c9b9333-1904-4458-a779-eb195ea3e7bb 0.063s
2024-10-05 21:20:49.401 62306 INFO tempest.lib.common.rest_client [req-19a59455-79ca-4640-9c93-8e1ec5fc49c8 req-19a59455-79ca-4640-9c93-8e1ec5fc49c8 ] Request (VolumesAdminNegativeTest:test_update_attached_volume_with_nonexistent_volume_in_uri): 201 POST http://10.180.1.21/identity/v3/auth/tokens 0.072s
2024-10-05 21:20:49.401 62306 INFO tempest.lib.common.fixed_network [-] (VolumesAdminNegativeTest:test_update_attached_volume_with_nonexistent_volume_in_uri) Found network {'id': '6fb4e07d-fcee-48a0-a0ac-b076a21a91ea', 'name': 'tempest-VolumesAdminNegativeTest-1810063131-network', 'tenant_id': '7fa384189a7d4d5d924675d7deabb03b', 'admin_state_up': True, 'mtu': 8950, 'status': 'ACTIVE', 'subnets': [], 'shared': False, 'project_id': '7fa384189a7d4d5d924675d7deabb03b', 'port_security_enabled': True, 'router:external': False, 'provider:network_type': 'vlan', 'provider:physical_network': 'default', 'provider:segmentation_id': 341, 'is_default': False, 'availability_zone_hints': [], 'availability_zones': [], 'ipv4_address_scope': None, 'ipv6_address_scope': None, 'description': '', 'tags': [], 'created_at': '2024-10-05T21:19:10Z', 'updated_at': '2024-10-05T21:19:10Z', 'revision_number': 1} available for tenant
2024-10-05 21:20:49.407 62312 INFO tempest.lib.common.rest_client [req-24e7a2e9-aac8-4b24-9c0f-eb7a34c7f0d6 req-24e7a2e9-aac8-4b24-9c0f-eb7a34c7f0d6 ] Request (AttachInterfacesV270Test:test_create_get_list_interfaces): 200 GET http://10.180.1.21/compute/v2.1/servers/61e4dd14-70d6-4f3c-93e0-8e5b0acd0cec 0.060s
2024-10-05 21:20:49.439 62292 INFO tempest.lib.common.rest_client [req-7fdad403-06d5-4413-9aca-c583af884ccf req-7fdad403-06d5-4413-9aca-c583af884ccf ] Request (FloatingIPsAssociationTestJSON:setUpClass): 200 GET http://10.180.1.21/compute/v2.1/servers/c572b750-a834-4cdd-992d-7164768fc5f4 0.058s
2024-10-05 21:20:49.663 62270 INFO tempest.lib.common.rest_client [req-2fb45b33-1ebf-4a14-90b6-2efd4250388e req-2fb45b33-1ebf-4a14-90b6-2efd4250388e ] Request (ImagesNegativeTestJSON:test_create_image_from_deleted_server): 200 GET http://10.180.1.21/compute/v2.1/servers/72e581d2-45e8-4c6a-ac2b-59f09a756abb 0.184s
2024-10-05 21:20:49.671 62270 INFO tempest.common.waiters [-] State transition "BUILD/networking" ==> "BUILD/spawning" after 67 second wait
2024-10-05 21:20:49.721 62300 INFO tempest.lib.common.rest_client [req-a656f461-dfad-42c0-89b8-f8e180fcddba req-a656f461-dfad-42c0-89b8-f8e180fcddba ] Request (DeleteServersAdminTestJSON:test_delete_server_while_in_error_state): 200 GET http://10.180.1.21/compute/v2.1/servers/791632b4-4129-49e6-a38c-80f7e137f970 0.213s
2024-10-05 21:20:49.777 62296 INFO tempest.lib.common.rest_client [req-46664158-a021-4e03-9696-170d5a91e176 req-46664158-a021-4e03-9696-170d5a91e176 ] Request (ServersV294TestFqdnHostnames:setUpClass): 200 GET http://10.180.1.21/compute/v2.1/servers/10d51856-6938-435e-ac65-cb91a8486857 0.205s
2024-10-05 21:20:49.829 62272 INFO tempest.lib.common.rest_client [req-55448911-3fbc-4c1d-8e72-db9981cb710e req-55448911-3fbc-4c1d-8e72-db9981cb710e ] Request (AttachInterfacesUnderV243Test:test_add_remove_fixed_ip): 200 GET http://10.180.1.21/compute/v2.1/servers/74401e9a-2a20-4797-87c4-ad0eea016866 0.231s
2024-10-05 21:20:49.835 62306 INFO tempest.lib.common.rest_client [req-b58db9ff-477d-41ca-9e9c-627ea8f30d40 req-b58db9ff-477d-41ca-9e9c-627ea8f30d40 ] Request (VolumesAdminNegativeTest:test_update_attached_volume_with_nonexistent_volume_in_uri): 202 POST http://10.180.1.21/compute/v2.1/servers 0.433s
2024-10-05 21:20:49.892 62310 INFO tempest.lib.common.rest_client [req-fadcb434-6876-4ac4-984a-c529265ae592 req-fadcb434-6876-4ac4-984a-c529265ae592 ] Request (ServersNegativeTestJSON:setUpClass): 200 GET http://10.180.1.21/compute/v2.1/servers/7f8c944f-e921-409a-956a-91c8e2117ecf 0.236s
2024-10-05 21:20:49.898 62310 INFO tempest.common.waiters [-] State transition "BUILD/scheduling" ==> "BUILD/None" after 52 second wait
2024-10-05 21:20:49.923 62324 INFO tempest.lib.common.rest_client [req-43d9db77-7051-4ca5-b013-9834f1ae40f7 req-43d9db77-7051-4ca5-b013-9834f1ae40f7 ] Request (InstanceActionsNegativeTestJSON:setUpClass): 200 GET http://10.180.1.21/compute/v2.1/servers/4225a019-513e-4be5-8d22-1444597df6ed 0.232s
2024-10-05 21:20:49.941 62284 INFO tempest.lib.common.rest_client [req-8ae6af15-4224-45f4-924c-6ea44314e2b4 req-8ae6af15-4224-45f4-924c-6ea44314e2b4 ] Request (ServerActionsTestOtherB:setUpClass): 200 GET http://10.180.1.21/compute/v2.1/servers/3f48bca6-0762-455f-9557-eacfee0dcc0e 0.230s
2024-10-05 21:20:49.981 62314 INFO tempest.lib.common.rest_client [req-48d99784-6f5b-4094-a933-023d3e000157 req-48d99784-6f5b-4094-a933-023d3e000157 ] Request (ServersTestMultiNic:test_verify_multiple_nics_order): 200 GET http://10.180.1.21/compute/v2.1/servers/f694b443-7945-421d-8c2b-05efadb1a4a0 0.246s
2024-10-05 21:20:49.990 62288 INFO tempest.lib.common.rest_client [req-6140a326-bbcc-42f4-a2d4-2f4861601288 req-6140a326-bbcc-42f4-a2d4-2f4861601288 ] Request (ListImageFiltersTestJSON:setUpClass): 200 GET http://10.180.1.21/compute/v2.1/servers/99fd1d99-591a-4844-8b8f-faadde5f8356 0.230s
2024-10-05 21:20:50.026 62286 INFO tempest.lib.common.rest_client [req-00b6a40b-ee87-45df-9833-e1a20096df5e req-00b6a40b-ee87-45df-9833-e1a20096df5e ] Request (FloatingIPsAssociationNegativeTestJSON:setUpClass): 200 GET http://10.180.1.21/compute/v2.1/servers/98e94272-dd3d-465c-886b-cf4bf6a9e454 0.240s
2024-10-05 21:20:50.038 62326 INFO tempest.lib.common.rest_client [req-bd81741d-f257-499a-84d8-6e71d9d4eba0 req-bd81741d-f257-499a-84d8-6e71d9d4eba0 ] Request (ServersTestJSON:test_create_server_specify_multibyte_character_name): 200 GET http://10.180.1.21/compute/v2.1/servers/dcfe59db-577b-4373-bebf-939aabf9fe06 0.228s
2024-10-05 21:20:50.070 62306 INFO tempest.lib.common.rest_client [req-9adf2baa-c4fe-414a-a3d9-9981508b59c6 req-9adf2baa-c4fe-414a-a3d9-9981508b59c6 ] Request (VolumesAdminNegativeTest:test_update_attached_volume_with_nonexistent_volume_in_uri): 200 GET http://10.180.1.21/compute/v2.1/servers/44ca9c9e-a16d-4cc8-9dee-7ff2604a5264 0.234s
2024-10-05 21:20:50.073 62276 INFO tempest.lib.common.rest_client [req-8f5b902c-4593-437d-86b3-71faab5e1734 req-8f5b902c-4593-437d-86b3-71faab5e1734 ] Request (ServerAddressesNegativeTestJSON:setUpClass): 200 GET http://10.180.1.21/compute/v2.1/servers/6f801fe9-bc20-4661-a771-db5d8ce71a57 0.238s
2024-10-05 21:20:50.117 62328 INFO tempest.lib.common.rest_client [req-38da0acb-2b40-407b-b299-3e09a0019373 req-38da0acb-2b40-407b-b299-3e09a0019373 ] Request (ServerMetadataTestJSON:setUpClass): 200 GET http://10.180.1.21/compute/v2.1/servers/2737381d-3ac6-4c35-99ba-043f37bad9cf 0.257s
2024-10-05 21:20:50.118 62320 INFO tempest.lib.common.rest_client [req-5b1d0195-9605-45d2-85cd-b2f68d09eece req-5b1d0195-9605-45d2-85cd-b2f68d09eece ] Request (ServerGroupTestJSON:test_create_server_with_scheduler_hint_group): 200 GET http://10.180.1.21/compute/v2.1/servers/bedd60ed-9ecb-4d30-8cf5-de39b90331be 0.230s
2024-10-05 21:20:50.162 62282 INFO tempest.lib.common.rest_client [req-febba3c3-061d-4edc-97d8-ef6778c9b9e7 req-febba3c3-061d-4edc-97d8-ef6778c9b9e7 ] Request (AttachInterfacesTestJSON:test_create_list_show_delete_interfaces_by_fixed_ip): 200 GET http://10.180.1.21/compute/v2.1/servers/afc5aba9-d5d9-441e-9545-845e6ac320a3 0.257s
2024-10-05 21:20:50.168 62274 INFO tempest.lib.common.rest_client [req-30f6437c-6352-4f32-92b0-cdb37f2a2209 req-30f6437c-6352-4f32-92b0-cdb37f2a2209 ] Request (ServersAdminTestJSON:setUpClass): 200 GET http://10.180.1.21/compute/v2.1/servers/84d99082-9e9a-48bd-9fcc-366e1433fe13 0.235s
2024-10-05 21:20:50.209 62318 INFO tempest.lib.common.rest_client [req-5ea196dc-6f2d-4f0f-b2fb-69d96aa15434 req-5ea196dc-6f2d-4f0f-b2fb-69d96aa15434 ] Request (MigrationsAdminTest:test_resize_server_revert_deleted_flavor): 200 GET http://10.180.1.21/compute/v2.1/servers/bd04a015-b1f3-4ead-8749-1a4f82e9a9e0 0.249s
2024-10-05 21:20:50.212 62304 INFO tempest.lib.common.rest_client [req-b8e517c1-de28-422c-93f2-8a21833d62a5 req-b8e517c1-de28-422c-93f2-8a21833d62a5 ] Request (InstanceActionsTestJSON:setUpClass): 200 GET http://10.180.1.21/compute/v2.1/servers/25cef25b-75f2-49a5-965a-ff9ce51a150e 0.231s
2024-10-05 21:20:50.254 62308 INFO tempest.lib.common.rest_client [req-9e4657d1-6cf5-4ca6-84f6-2b4094f535fe req-9e4657d1-6cf5-4ca6-84f6-2b4094f535fe ] Request (ServersNegativeTestMultiTenantJSON:setUpClass): 200 GET http://10.180.1.21/compute/v2.1/servers/a6b4bb48-165c-489c-ae9d-3858a779de06 0.236s
2024-10-05 21:20:50.255 62278 INFO tempest.lib.common.rest_client [req-7fa83735-f81c-44fb-bfea-5c50d1d058a2 req-7fa83735-f81c-44fb-bfea-5c50d1d058a2 ] Request (ImagesOneServerNegativeTestJSON:setUpClass): 200 GET http://10.180.1.21/compute/v2.1/servers/e1ddce62-88e5-417d-8f79-dfd126392ae4 0.206s
2024-10-05 21:20:50.300 62290 INFO tempest.lib.common.rest_client [req-54a8e60e-ceb5-45fd-9387-799bd72c0520 req-54a8e60e-ceb5-45fd-9387-799bd72c0520 ] Request (ServerDiskConfigTestJSON:test_rebuild_server_with_auto_disk_config): 200 GET http://10.180.1.21/compute/v2.1/servers/9ea786d6-8ae6-47ae-8b94-52b4ccfe855c 0.086s
2024-10-05 21:20:50.301 62268 INFO tempest.lib.common.rest_client [req-9a916cd9-e06e-4109-a269-daa3ab1a7f1c req-9a916cd9-e06e-4109-a269-daa3ab1a7f1c ] Request (ImagesTestJSON:test_create_image_from_suspended_server): 200 GET http://10.180.1.21/compute/v2.1/servers/fdce4039-0716-4974-bef0-68cb4a686825 0.149s
2024-10-05 21:20:50.341 62294 INFO tempest.lib.common.rest_client [req-f11e621b-d3c6-4496-9ae1-d7a5451715b2 req-f11e621b-d3c6-4496-9ae1-d7a5451715b2 ] Request (ServersWithSpecificFlavorTestJSON:test_verify_created_server_ephemeral_disk): 200 GET http://10.180.1.21/compute/v2.1/servers/9687acdc-f61d-4f9b-88b7-8612106dac16 0.048s
2024-10-05 21:20:50.406 62298 INFO tempest.lib.common.rest_client [req-739b0c51-4a92-4109-abac-f1a690066cca req-739b0c51-4a92-4109-abac-f1a690066cca ] Request (ServerDiagnosticsNegativeTest:test_get_server_diagnostics_by_non_admin): 200 GET http://10.180.1.21/compute/v2.1/servers/b71d39a5-d32c-4169-8e57-6791c4184823 0.051s
2024-10-05 21:20:50.450 62280 INFO tempest.lib.common.rest_client [req-43715c3f-af67-42e5-ae36-1527814a7524 req-43715c3f-af67-42e5-ae36-1527814a7524 ] Request (ServerExternalEventsTest:test_create_server_external_events): 200 GET http://10.180.1.21/compute/v2.1/servers/0c9b9333-1904-4458-a779-eb195ea3e7bb 0.051s
2024-10-05 21:20:50.477 62312 INFO tempest.lib.common.rest_client [req-dad724d7-a63e-4bbd-90e9-0ba4f30b8df5 req-dad724d7-a63e-4bbd-90e9-0ba4f30b8df5 ] Request (AttachInterfacesV270Test:test_create_get_list_interfaces): 200 GET http://10.180.1.21/compute/v2.1/servers/61e4dd14-70d6-4f3c-93e0-8e5b0acd0cec 0.058s
2024-10-05 21:20:50.494 62292 INFO tempest.lib.common.rest_client [req-e8037357-5c1b-4fef-831e-d56597f6bc60 req-e8037357-5c1b-4fef-831e-d56597f6bc60 ] Request (FloatingIPsAssociationTestJSON:setUpClass): 200 GET http://10.180.1.21/compute/v2.1/servers/c572b750-a834-4cdd-992d-7164768fc5f4 0.048s
2024-10-05 21:20:50.717 62270 INFO tempest.lib.common.rest_client [req-6983f5da-585c-411e-ba80-aabe347536e0 req-6983f5da-585c-411e-ba80-aabe347536e0 ] Request (ImagesNegativeTestJSON:test_create_image_from_deleted_server): 200 GET http://10.180.1.21/compute/v2.1/servers/72e581d2-45e8-4c6a-ac2b-59f09a756abb 0.045s
2024-10-05 21:20:50.780 62300 INFO tempest.lib.common.rest_client [req-1af6301d-9dd2-4b84-8103-1294984c1a02 req-1af6301d-9dd2-4b84-8103-1294984c1a02 ] Request (DeleteServersAdminTestJSON:test_delete_server_while_in_error_state): 200 GET http://10.180.1.21/compute/v2.1/servers/791632b4-4129-49e6-a38c-80f7e137f970 0.051s
2024-10-05 21:20:50.845 62296 INFO tempest.lib.common.rest_client [req-0c6d602c-8b4b-4b9e-8c23-090ca735a857 req-0c6d602c-8b4b-4b9e-8c23-090ca735a857 ] Request (ServersV294TestFqdnHostnames:setUpClass): 200 GET http://10.180.1.21/compute/v2.1/servers/10d51856-6938-435e-ac65-cb91a8486857 0.059s
2024-10-05 21:20:50.883 62272 INFO tempest.lib.common.rest_client [req-4334dea0-da65-4ef6-a813-9b3cb046f358 req-4334dea0-da65-4ef6-a813-9b3cb046f358 ] Request (AttachInterfacesUnderV243Test:test_add_remove_fixed_ip): 200 GET http://10.180.1.21/compute/v2.1/servers/74401e9a-2a20-4797-87c4-ad0eea016866 0.046s
2024-10-05 21:20:50.946 62310 INFO tempest.lib.common.rest_client [req-7a00b0e3-fcbe-4fcb-898d-83e259f501a3 req-7a00b0e3-fcbe-4fcb-898d-83e259f501a3 ] Request (ServersNegativeTestJSON:setUpClass): 200 GET http://10.180.1.21/compute/v2.1/servers/7f8c944f-e921-409a-956a-91c8e2117ecf 0.046s
2024-10-05 21:20:50.980 62324 INFO tempest.lib.common.rest_client [req-d37a0d89-91f2-4b79-96c7-3806eb37e7b6 req-d37a0d89-91f2-4b79-96c7-3806eb37e7b6 ] Request (InstanceActionsNegativeTestJSON:setUpClass): 200 GET http://10.180.1.21/compute/v2.1/servers/4225a019-513e-4be5-8d22-1444597df6ed 0.047s
2024-10-05 21:20:51.001 62284 INFO tempest.lib.common.rest_client [req-ea636e90-5e83-4aa1-9185-d22c1fe7b810 req-ea636e90-5e83-4aa1-9185-d22c1fe7b810 ] Request (ServerActionsTestOtherB:setUpClass): 200 GET http://10.180.1.21/compute/v2.1/servers/3f48bca6-0762-455f-9557-eacfee0dcc0e 0.052s
2024-10-05 21:20:51.033 62314 INFO tempest.lib.common.rest_client [req-883cc4d9-302c-4acb-9aae-d9d66ff9ab26 req-883cc4d9-302c-4acb-9aae-d9d66ff9ab26 ] Request (ServersTestMultiNic:test_verify_multiple_nics_order): 200 GET http://10.180.1.21/compute/v2.1/servers/f694b443-7945-421d-8c2b-05efadb1a4a0 0.045s
2024-10-05 21:20:51.047 62288 INFO tempest.lib.common.rest_client [req-6471103d-b3ac-47f9-8b09-c5454b3f01a0 req-6471103d-b3ac-47f9-8b09-c5454b3f01a0 ] Request (ListImageFiltersTestJSON:setUpClass): 200 GET http://10.180.1.21/compute/v2.1/servers/99fd1d99-591a-4844-8b8f-faadde5f8356 0.051s
2024-10-05 21:20:51.075 62286 INFO tempest.lib.common.rest_client [req-511a8365-4f4f-449f-bf2a-453da839be60 req-511a8365-4f4f-449f-bf2a-453da839be60 ] Request (FloatingIPsAssociationNegativeTestJSON:setUpClass): 200 GET http://10.180.1.21/compute/v2.1/servers/98e94272-dd3d-465c-886b-cf4bf6a9e454 0.043s
2024-10-05 21:20:51.093 62326 INFO tempest.lib.common.rest_client [req-d7db4098-21ed-4658-a9dd-c7e42fb44541 req-d7db4098-21ed-4658-a9dd-c7e42fb44541 ] Request (ServersTestJSON:test_create_server_specify_multibyte_character_name): 200 GET http://10.180.1.21/compute/v2.1/servers/dcfe59db-577b-4373-bebf-939aabf9fe06 0.048s
2024-10-05 21:20:51.125 62306 INFO tempest.lib.common.rest_client [req-c057c0ed-8dfe-42fb-ad91-0a8da2ce15ff req-c057c0ed-8dfe-42fb-ad91-0a8da2ce15ff ] Request (VolumesAdminNegativeTest:test_update_attached_volume_with_nonexistent_volume_in_uri): 200 GET http://10.180.1.21/compute/v2.1/servers/44ca9c9e-a16d-4cc8-9dee-7ff2604a5264 0.047s
2024-10-05 21:20:51.138 62276 INFO tempest.lib.common.rest_client [req-b51704f0-3ebc-488f-8434-38542a0ed00e req-b51704f0-3ebc-488f-8434-38542a0ed00e ] Request (ServerAddressesNegativeTestJSON:setUpClass): 200 GET http://10.180.1.21/compute/v2.1/servers/6f801fe9-bc20-4661-a771-db5d8ce71a57 0.057s
2024-10-05 21:20:51.170 62328 INFO tempest.lib.common.rest_client [req-a510c0d1-7ddb-43cb-b183-2722fa5f6140 req-a510c0d1-7ddb-43cb-b183-2722fa5f6140 ] Request (ServerMetadataTestJSON:setUpClass): 200 GET http://10.180.1.21/compute/v2.1/servers/2737381d-3ac6-4c35-99ba-043f37bad9cf 0.045s
2024-10-05 21:20:51.184 62320 INFO tempest.lib.common.rest_client [req-d7328637-57ab-45e4-b248-15dfde59120b req-d7328637-57ab-45e4-b248-15dfde59120b ] Request (ServerGroupTestJSON:test_create_server_with_scheduler_hint_group): 200 GET http://10.180.1.21/compute/v2.1/servers/bedd60ed-9ecb-4d30-8cf5-de39b90331be 0.056s
2024-10-05 21:20:51.215 62282 INFO tempest.lib.common.rest_client [req-14fcd02f-42b2-4d7a-a714-eb3738834a98 req-14fcd02f-42b2-4d7a-a714-eb3738834a98 ] Request (AttachInterfacesTestJSON:test_create_list_show_delete_interfaces_by_fixed_ip): 200 GET http://10.180.1.21/compute/v2.1/servers/afc5aba9-d5d9-441e-9545-845e6ac320a3 0.047s
2024-10-05 21:20:51.230 62274 INFO tempest.lib.common.rest_client [req-a26a0b81-808a-4fbf-964b-156b63d273d1 req-a26a0b81-808a-4fbf-964b-156b63d273d1 ] Request (ServersAdminTestJSON:setUpClass): 200 GET http://10.180.1.21/compute/v2.1/servers/84d99082-9e9a-48bd-9fcc-366e1433fe13 0.055s
2024-10-05 21:20:51.239 62274 INFO tempest.common.waiters [-] State transition "BUILD/None" ==> "BUILD/networking" after 68 second wait
2024-10-05 21:20:51.268 62318 INFO tempest.lib.common.rest_client [req-8908cb11-48c0-42ec-ad58-8b9834e4b2e1 req-8908cb11-48c0-42ec-ad58-8b9834e4b2e1 ] Request (MigrationsAdminTest:test_resize_server_revert_deleted_flavor): 200 GET http://10.180.1.21/compute/v2.1/servers/bd04a015-b1f3-4ead-8749-1a4f82e9a9e0 0.051s
2024-10-05 21:20:51.275 62304 INFO tempest.lib.common.rest_client [req-411fedb8-9378-48cd-8c19-9d1bead68569 req-411fedb8-9378-48cd-8c19-9d1bead68569 ] Request (InstanceActionsTestJSON:setUpClass): 200 GET http://10.180.1.21/compute/v2.1/servers/25cef25b-75f2-49a5-965a-ff9ce51a150e 0.056s
2024-10-05 21:20:51.308 62308 INFO tempest.lib.common.rest_client [req-0a0cec93-9b1c-4f35-91cf-380f12edad7f req-0a0cec93-9b1c-4f35-91cf-380f12edad7f ] Request (ServersNegativeTestMultiTenantJSON:setUpClass): 200 GET http://10.180.1.21/compute/v2.1/servers/a6b4bb48-165c-489c-ae9d-3858a779de06 0.047s
2024-10-05 21:20:51.324 62278 INFO tempest.lib.common.rest_client [req-55c4276a-345e-4725-bca5-045a8bf94a71 req-55c4276a-345e-4725-bca5-045a8bf94a71 ] Request (ImagesOneServerNegativeTestJSON:setUpClass): 200 GET http://10.180.1.21/compute/v2.1/servers/e1ddce62-88e5-417d-8f79-dfd126392ae4 0.062s
2024-10-05 21:20:51.353 62290 INFO tempest.lib.common.rest_client [req-8f131097-ae77-4dc6-9f37-a189ca277bbb req-8f131097-ae77-4dc6-9f37-a189ca277bbb ] Request (ServerDiskConfigTestJSON:test_rebuild_server_with_auto_disk_config): 200 GET http://10.180.1.21/compute/v2.1/servers/9ea786d6-8ae6-47ae-8b94-52b4ccfe855c 0.046s
2024-10-05 21:20:51.373 62268 INFO tempest.lib.common.rest_client [req-941f1430-e0ad-4de5-bdfc-2e7bad4e11ab req-941f1430-e0ad-4de5-bdfc-2e7bad4e11ab ] Request (ImagesTestJSON:test_create_image_from_suspended_server): 200 GET http://10.180.1.21/compute/v2.1/servers/fdce4039-0716-4974-bef0-68cb4a686825 0.064s
2024-10-05 21:20:51.399 62294 INFO tempest.lib.common.rest_client [req-99f5b389-6cf8-43c8-8251-8a1715d6abeb req-99f5b389-6cf8-43c8-8251-8a1715d6abeb ] Request (ServersWithSpecificFlavorTestJSON:test_verify_created_server_ephemeral_disk): 200 GET http://10.180.1.21/compute/v2.1/servers/9687acdc-f61d-4f9b-88b7-8612106dac16 0.050s
2024-10-05 21:20:51.460 62298 INFO tempest.lib.common.rest_client [req-4e9bdc76-3750-4aff-82ae-0e06d7858f05 req-4e9bdc76-3750-4aff-82ae-0e06d7858f05 ] Request (ServerDiagnosticsNegativeTest:test_get_server_diagnostics_by_non_admin): 200 GET http://10.180.1.21/compute/v2.1/servers/b71d39a5-d32c-4169-8e57-6791c4184823 0.047s
2024-10-05 21:20:51.511 62280 INFO tempest.lib.common.rest_client [req-fa17e7d2-1257-4f3c-bd6f-5f91580a8c3c req-fa17e7d2-1257-4f3c-bd6f-5f91580a8c3c ] Request (ServerExternalEventsTest:test_create_server_external_events): 200 GET http://10.180.1.21/compute/v2.1/servers/0c9b9333-1904-4458-a779-eb195ea3e7bb 0.054s
2024-10-05 21:20:51.551 62312 INFO tempest.lib.common.rest_client [req-63c79a01-e4f9-49e3-b2e4-33b5345fb2fb req-63c79a01-e4f9-49e3-b2e4-33b5345fb2fb ] Request (AttachInterfacesV270Test:test_create_get_list_interfaces): 200 GET http://10.180.1.21/compute/v2.1/servers/61e4dd14-70d6-4f3c-93e0-8e5b0acd0cec 0.065s
2024-10-05 21:20:51.560 62292 INFO tempest.lib.common.rest_client [req-92058a3c-9793-491d-9f65-e5edf061f671 req-92058a3c-9793-491d-9f65-e5edf061f671 ] Request (FloatingIPsAssociationTestJSON:setUpClass): 200 GET http://10.180.1.21/compute/v2.1/servers/c572b750-a834-4cdd-992d-7164768fc5f4 0.060s
2024-10-05 21:20:51.783 62270 INFO tempest.lib.common.rest_client [req-67a4029b-8a4b-4ad6-a227-ae65f50c1c69 req-67a4029b-8a4b-4ad6-a227-ae65f50c1c69 ] Request (ImagesNegativeTestJSON:test_create_image_from_deleted_server): 200 GET http://10.180.1.21/compute/v2.1/servers/72e581d2-45e8-4c6a-ac2b-59f09a756abb 0.058s
2024-10-05 21:20:51.855 62300 INFO tempest.lib.common.rest_client [req-48141376-88ac-42e6-b99d-5eb5092aa98c req-48141376-88ac-42e6-b99d-5eb5092aa98c ] Request (DeleteServersAdminTestJSON:test_delete_server_while_in_error_state): 200 GET http://10.180.1.21/compute/v2.1/servers/791632b4-4129-49e6-a38c-80f7e137f970 0.066s
2024-10-05 21:20:51.915 62296 INFO tempest.lib.common.rest_client [req-e09611ec-5cd8-4a2a-ab7b-1289025c9ed8 req-e09611ec-5cd8-4a2a-ab7b-1289025c9ed8 ] Request (ServersV294TestFqdnHostnames:setUpClass): 200 GET http://10.180.1.21/compute/v2.1/servers/10d51856-6938-435e-ac65-cb91a8486857 0.059s
2024-10-05 21:20:51.945 62272 INFO tempest.lib.common.rest_client [req-aa606c22-5e26-480e-882f-c19f652e1684 req-aa606c22-5e26-480e-882f-c19f652e1684 ] Request (AttachInterfacesUnderV243Test:test_add_remove_fixed_ip): 200 GET http://10.180.1.21/compute/v2.1/servers/74401e9a-2a20-4797-87c4-ad0eea016866 0.054s
2024-10-05 21:20:52.003 62310 INFO tempest.lib.common.rest_client [req-978dbbb7-6ed2-42a4-bc63-cbd9684121d0 req-978dbbb7-6ed2-42a4-bc63-cbd9684121d0 ] Request (ServersNegativeTestJSON:setUpClass): 200 GET http://10.180.1.21/compute/v2.1/servers/7f8c944f-e921-409a-956a-91c8e2117ecf 0.049s
2024-10-05 21:20:52.044 62324 INFO tempest.lib.common.rest_client [req-88e6ff14-bd0d-4a73-9845-d54f66eeb11c req-88e6ff14-bd0d-4a73-9845-d54f66eeb11c ] Request (InstanceActionsNegativeTestJSON:setUpClass): 200 GET http://10.180.1.21/compute/v2.1/servers/4225a019-513e-4be5-8d22-1444597df6ed 0.056s
2024-10-05 21:20:52.062 62284 INFO tempest.lib.common.rest_client [req-4d94a551-d687-4b14-aa4c-e13099425226 req-4d94a551-d687-4b14-aa4c-e13099425226 ] Request (ServerActionsTestOtherB:setUpClass): 200 GET http://10.180.1.21/compute/v2.1/servers/3f48bca6-0762-455f-9557-eacfee0dcc0e 0.052s
2024-10-05 21:20:52.094 62314 INFO tempest.lib.common.rest_client [req-bd30e70c-c18b-426c-94e9-568bea7d13cc req-bd30e70c-c18b-426c-94e9-568bea7d13cc ] Request (ServersTestMultiNic:test_verify_multiple_nics_order): 200 GET http://10.180.1.21/compute/v2.1/servers/f694b443-7945-421d-8c2b-05efadb1a4a0 0.054s
2024-10-05 21:20:52.109 62288 INFO tempest.lib.common.rest_client [req-d9ad25fd-3781-4488-aee1-3954267b2ac7 req-d9ad25fd-3781-4488-aee1-3954267b2ac7 ] Request (ListImageFiltersTestJSON:setUpClass): 200 GET http://10.180.1.21/compute/v2.1/servers/99fd1d99-591a-4844-8b8f-faadde5f8356 0.054s
2024-10-05 21:20:52.142 62286 INFO tempest.lib.common.rest_client [req-779504d0-083a-47a8-b8b8-b41a2c2132b3 req-779504d0-083a-47a8-b8b8-b41a2c2132b3 ] Request (FloatingIPsAssociationNegativeTestJSON:setUpClass): 200 GET http://10.180.1.21/compute/v2.1/servers/98e94272-dd3d-465c-886b-cf4bf6a9e454 0.056s
2024-10-05 21:20:52.155 62326 INFO tempest.lib.common.rest_client [req-6a3f6df9-889c-458b-a1b6-1503e21ffdbe req-6a3f6df9-889c-458b-a1b6-1503e21ffdbe ] Request (ServersTestJSON:test_create_server_specify_multibyte_character_name): 200 GET http://10.180.1.21/compute/v2.1/servers/dcfe59db-577b-4373-bebf-939aabf9fe06 0.056s
2024-10-05 21:20:52.189 62306 INFO tempest.lib.common.rest_client [req-0d87147e-4696-4494-a692-976f992b8798 req-0d87147e-4696-4494-a692-976f992b8798 ] Request (VolumesAdminNegativeTest:test_update_attached_volume_with_nonexistent_volume_in_uri): 200 GET http://10.180.1.21/compute/v2.1/servers/44ca9c9e-a16d-4cc8-9dee-7ff2604a5264 0.056s
2024-10-05 21:20:52.218 62276 INFO tempest.lib.common.rest_client [req-55cb5577-08a2-436c-84ce-914f84c6213e req-55cb5577-08a2-436c-84ce-914f84c6213e ] Request (ServerAddressesNegativeTestJSON:setUpClass): 200 GET http://10.180.1.21/compute/v2.1/servers/6f801fe9-bc20-4661-a771-db5d8ce71a57 0.073s
2024-10-05 21:20:52.235 62328 INFO tempest.lib.common.rest_client [req-68c3ad40-1b38-4e91-8810-7c5afbd25d49 req-68c3ad40-1b38-4e91-8810-7c5afbd25d49 ] Request (ServerMetadataTestJSON:setUpClass): 200 GET http://10.180.1.21/compute/v2.1/servers/2737381d-3ac6-4c35-99ba-043f37bad9cf 0.059s
2024-10-05 21:20:52.269 62320 INFO tempest.lib.common.rest_client [req-6cca1988-7436-4763-92f2-65cdd7b121fa req-6cca1988-7436-4763-92f2-65cdd7b121fa ] Request (ServerGroupTestJSON:test_create_server_with_scheduler_hint_group): 200 GET http://10.180.1.21/compute/v2.1/servers/bedd60ed-9ecb-4d30-8cf5-de39b90331be 0.079s
2024-10-05 21:20:52.281 62282 INFO tempest.lib.common.rest_client [req-c57ef850-8bff-4b49-82a8-72d17e56d4f2 req-c57ef850-8bff-4b49-82a8-72d17e56d4f2 ] Request (AttachInterfacesTestJSON:test_create_list_show_delete_interfaces_by_fixed_ip): 200 GET http://10.180.1.21/compute/v2.1/servers/afc5aba9-d5d9-441e-9545-845e6ac320a3 0.058s
2024-10-05 21:20:52.331 62318 INFO tempest.lib.common.rest_client [req-c69ba589-6653-4deb-a0b5-32f2aa17852a req-c69ba589-6653-4deb-a0b5-32f2aa17852a ] Request (MigrationsAdminTest:test_resize_server_revert_deleted_flavor): 200 GET http://10.180.1.21/compute/v2.1/servers/bd04a015-b1f3-4ead-8749-1a4f82e9a9e0 0.057s
2024-10-05 21:20:52.382 62304 INFO tempest.lib.common.rest_client [req-6201f582-5a35-48f2-a233-9c6b516b7c77 req-6201f582-5a35-48f2-a233-9c6b516b7c77 ] Request (InstanceActionsTestJSON:setUpClass): 200 GET http://10.180.1.21/compute/v2.1/servers/25cef25b-75f2-49a5-965a-ff9ce51a150e 0.099s
2024-10-05 21:20:52.401 62274 INFO tempest.lib.common.rest_client [req-8ad18ac0-48c7-4a5c-8130-ea0eabfd3f0e req-8ad18ac0-48c7-4a5c-8130-ea0eabfd3f0e ] Request (ServersAdminTestJSON:setUpClass): 200 GET http://10.180.1.21/compute/v2.1/servers/84d99082-9e9a-48bd-9fcc-366e1433fe13 0.160s
2024-10-05 21:20:52.407 62274 INFO tempest.common.waiters [-] State transition "BUILD/networking" ==> "BUILD/spawning" after 69 second wait
2024-10-05 21:20:52.429 62308 INFO tempest.lib.common.rest_client [req-7110ec64-2ba9-41bd-b2bd-8c69a94cd678 req-7110ec64-2ba9-41bd-b2bd-8c69a94cd678 ] Request (ServersNegativeTestMultiTenantJSON:setUpClass): 200 GET http://10.180.1.21/compute/v2.1/servers/a6b4bb48-165c-489c-ae9d-3858a779de06 0.114s
2024-10-05 21:20:52.445 62278 INFO tempest.lib.common.rest_client [req-2de1210c-dcb3-4db7-9682-912273a1204e req-2de1210c-dcb3-4db7-9682-912273a1204e ] Request (ImagesOneServerNegativeTestJSON:setUpClass): 200 GET http://10.180.1.21/compute/v2.1/servers/e1ddce62-88e5-417d-8f79-dfd126392ae4 0.113s
2024-10-05 21:20:52.476 62290 INFO tempest.lib.common.rest_client [req-2c324d93-facc-4be5-b37c-e9bdcbf8f8da req-2c324d93-facc-4be5-b37c-e9bdcbf8f8da ] Request (ServerDiskConfigTestJSON:test_rebuild_server_with_auto_disk_config): 200 GET http://10.180.1.21/compute/v2.1/servers/9ea786d6-8ae6-47ae-8b94-52b4ccfe855c 0.117s
2024-10-05 21:20:52.486 62268 INFO tempest.lib.common.rest_client [req-3bee9f53-393a-4144-93ec-66ddfd47b3fb req-3bee9f53-393a-4144-93ec-66ddfd47b3fb ] Request (ImagesTestJSON:test_create_image_from_suspended_server): 200 GET http://10.180.1.21/compute/v2.1/servers/fdce4039-0716-4974-bef0-68cb4a686825 0.106s
2024-10-05 21:20:52.523 62294 INFO tempest.lib.common.rest_client [req-00177458-1e8a-410c-baaa-67f97ef06c16 req-00177458-1e8a-410c-baaa-67f97ef06c16 ] Request (ServersWithSpecificFlavorTestJSON:test_verify_created_server_ephemeral_disk): 200 GET http://10.180.1.21/compute/v2.1/servers/9687acdc-f61d-4f9b-88b7-8612106dac16 0.118s
2024-10-05 21:20:52.529 62298 INFO tempest.lib.common.rest_client [req-c2baa2de-6abd-4369-9226-afb27aad7fb3 req-c2baa2de-6abd-4369-9226-afb27aad7fb3 ] Request (ServerDiagnosticsNegativeTest:test_get_server_diagnostics_by_non_admin): 200 GET http://10.180.1.21/compute/v2.1/servers/b71d39a5-d32c-4169-8e57-6791c4184823 0.061s
2024-10-05 21:20:52.568 62280 INFO tempest.lib.common.rest_client [req-8fae8986-c32a-423a-bc59-09d16746e1b3 req-8fae8986-c32a-423a-bc59-09d16746e1b3 ] Request (ServerExternalEventsTest:test_create_server_external_events): 200 GET http://10.180.1.21/compute/v2.1/servers/0c9b9333-1904-4458-a779-eb195ea3e7bb 0.049s
2024-10-05 21:20:52.608 62312 INFO tempest.lib.common.rest_client [req-7bcb1eb0-7150-4e36-97bc-39ae95b854ea req-7bcb1eb0-7150-4e36-97bc-39ae95b854ea ] Request (AttachInterfacesV270Test:test_create_get_list_interfaces): 200 GET http://10.180.1.21/compute/v2.1/servers/61e4dd14-70d6-4f3c-93e0-8e5b0acd0cec 0.048s
2024-10-05 21:20:52.612 62292 INFO tempest.lib.common.rest_client [req-c8029eaa-313a-438f-86a8-d90c2ad2d199 req-c8029eaa-313a-438f-86a8-d90c2ad2d199 ] Request (FloatingIPsAssociationTestJSON:setUpClass): 200 GET http://10.180.1.21/compute/v2.1/servers/c572b750-a834-4cdd-992d-7164768fc5f4 0.044s
2024-10-05 21:20:52.846 62270 INFO tempest.lib.common.rest_client [req-a1f61388-3d88-4061-843a-35dadb658472 req-a1f61388-3d88-4061-843a-35dadb658472 ] Request (ImagesNegativeTestJSON:test_create_image_from_deleted_server): 200 GET http://10.180.1.21/compute/v2.1/servers/72e581d2-45e8-4c6a-ac2b-59f09a756abb 0.056s
2024-10-05 21:20:52.914 62300 INFO tempest.lib.common.rest_client [req-ae6081a3-889d-46c4-a310-8c23a2ae200c req-ae6081a3-889d-46c4-a310-8c23a2ae200c ] Request (DeleteServersAdminTestJSON:test_delete_server_while_in_error_state): 200 GET http://10.180.1.21/compute/v2.1/servers/791632b4-4129-49e6-a38c-80f7e137f970 0.046s
2024-10-05 21:20:52.977 62296 INFO tempest.lib.common.rest_client [req-c9559fa4-11f5-4fa6-a922-28b486a00002 req-c9559fa4-11f5-4fa6-a922-28b486a00002 ] Request (ServersV294TestFqdnHostnames:setUpClass): 200 GET http://10.180.1.21/compute/v2.1/servers/10d51856-6938-435e-ac65-cb91a8486857 0.051s
2024-10-05 21:20:52.996 62272 INFO tempest.lib.common.rest_client [req-b1986984-e82a-400c-ae14-af96a1664af2 req-b1986984-e82a-400c-ae14-af96a1664af2 ] Request (AttachInterfacesUnderV243Test:test_add_remove_fixed_ip): 200 GET http://10.180.1.21/compute/v2.1/servers/74401e9a-2a20-4797-87c4-ad0eea016866 0.044s
2024-10-05 21:20:53.001 62272 INFO tempest.common.waiters [-] State transition "BUILD/None" ==> "BUILD/networking" after 69 second wait
2024-10-05 21:20:53.053 62310 INFO tempest.lib.common.rest_client [req-113a54df-c98f-484f-b941-f9010d711f2e req-113a54df-c98f-484f-b941-f9010d711f2e ] Request (ServersNegativeTestJSON:setUpClass): 200 GET http://10.180.1.21/compute/v2.1/servers/7f8c944f-e921-409a-956a-91c8e2117ecf 0.042s
2024-10-05 21:20:53.099 62324 INFO tempest.lib.common.rest_client [req-77a0a505-9a14-430b-bea0-84ac08a23d2e req-77a0a505-9a14-430b-bea0-84ac08a23d2e ] Request (InstanceActionsNegativeTestJSON:setUpClass): 200 GET http://10.180.1.21/compute/v2.1/servers/4225a019-513e-4be5-8d22-1444597df6ed 0.047s
2024-10-05 21:20:53.117 62284 INFO tempest.lib.common.rest_client [req-46d50c9f-2856-4925-8e7c-a6297f3a33e1 req-46d50c9f-2856-4925-8e7c-a6297f3a33e1 ] Request (ServerActionsTestOtherB:setUpClass): 200 GET http://10.180.1.21/compute/v2.1/servers/3f48bca6-0762-455f-9557-eacfee0dcc0e 0.049s
2024-10-05 21:20:53.147 62314 INFO tempest.lib.common.rest_client [req-dda60a6d-1852-4fd7-b12b-b9aafab45dd4 req-dda60a6d-1852-4fd7-b12b-b9aafab45dd4 ] Request (ServersTestMultiNic:test_verify_multiple_nics_order): 200 GET http://10.180.1.21/compute/v2.1/servers/f694b443-7945-421d-8c2b-05efadb1a4a0 0.046s
2024-10-05 21:20:53.165 62288 INFO tempest.lib.common.rest_client [req-0bac4560-f7e8-440d-bbcc-bf4fd9228bf5 req-0bac4560-f7e8-440d-bbcc-bf4fd9228bf5 ] Request (ListImageFiltersTestJSON:setUpClass): 200 GET http://10.180.1.21/compute/v2.1/servers/99fd1d99-591a-4844-8b8f-faadde5f8356 0.047s
2024-10-05 21:20:53.195 62286 INFO tempest.lib.common.rest_client [req-3b373a12-a205-4aee-b4af-77c04d418df2 req-3b373a12-a205-4aee-b4af-77c04d418df2 ] Request (FloatingIPsAssociationNegativeTestJSON:setUpClass): 200 GET http://10.180.1.21/compute/v2.1/servers/98e94272-dd3d-465c-886b-cf4bf6a9e454 0.044s
2024-10-05 21:20:53.206 62326 INFO tempest.lib.common.rest_client [req-c78c41c5-23d4-467d-a7b3-d35963cade81 req-c78c41c5-23d4-467d-a7b3-d35963cade81 ] Request (ServersTestJSON:test_create_server_specify_multibyte_character_name): 200 GET http://10.180.1.21/compute/v2.1/servers/dcfe59db-577b-4373-bebf-939aabf9fe06 0.044s
2024-10-05 21:20:53.239 62306 INFO tempest.lib.common.rest_client [req-c89ddb07-1dab-45e5-a4e6-320967d04eda req-c89ddb07-1dab-45e5-a4e6-320967d04eda ] Request (VolumesAdminNegativeTest:test_update_attached_volume_with_nonexistent_volume_in_uri): 200 GET http://10.180.1.21/compute/v2.1/servers/44ca9c9e-a16d-4cc8-9dee-7ff2604a5264 0.043s
2024-10-05 21:20:53.270 62276 INFO tempest.lib.common.rest_client [req-d67e1249-edfa-4cd9-9400-d5d5b95719fc req-d67e1249-edfa-4cd9-9400-d5d5b95719fc ] Request (ServerAddressesNegativeTestJSON:setUpClass): 200 GET http://10.180.1.21/compute/v2.1/servers/6f801fe9-bc20-4661-a771-db5d8ce71a57 0.044s
2024-10-05 21:20:53.285 62328 INFO tempest.lib.common.rest_client [req-c9333bdb-f840-4fc5-bf16-9a484a644c1c req-c9333bdb-f840-4fc5-bf16-9a484a644c1c ] Request (ServerMetadataTestJSON:setUpClass): 200 GET http://10.180.1.21/compute/v2.1/servers/2737381d-3ac6-4c35-99ba-043f37bad9cf 0.043s
2024-10-05 21:20:53.319 62320 INFO tempest.lib.common.rest_client [req-be84bb12-f71d-422f-8836-fc60c5452b02 req-be84bb12-f71d-422f-8836-fc60c5452b02 ] Request (ServerGroupTestJSON:test_create_server_with_scheduler_hint_group): 200 GET http://10.180.1.21/compute/v2.1/servers/bedd60ed-9ecb-4d30-8cf5-de39b90331be 0.042s
2024-10-05 21:20:53.329 62282 INFO tempest.lib.common.rest_client [req-706f2318-f4d6-4e8a-ae81-4f20f4f7c3f2 req-706f2318-f4d6-4e8a-ae81-4f20f4f7c3f2 ] Request (AttachInterfacesTestJSON:test_create_list_show_delete_interfaces_by_fixed_ip): 200 GET http://10.180.1.21/compute/v2.1/servers/afc5aba9-d5d9-441e-9545-845e6ac320a3 0.041s
2024-10-05 21:20:53.380 62318 INFO tempest.lib.common.rest_client [req-9ab2c2c4-99a6-480d-b5c7-ea2218945afb req-9ab2c2c4-99a6-480d-b5c7-ea2218945afb ] Request (MigrationsAdminTest:test_resize_server_revert_deleted_flavor): 200 GET http://10.180.1.21/compute/v2.1/servers/bd04a015-b1f3-4ead-8749-1a4f82e9a9e0 0.041s
2024-10-05 21:20:53.432 62304 INFO tempest.lib.common.rest_client [req-0a0da1ed-8232-48f0-91b5-7c3cade3add4 req-0a0da1ed-8232-48f0-91b5-7c3cade3add4 ] Request (InstanceActionsTestJSON:setUpClass): 200 GET http://10.180.1.21/compute/v2.1/servers/25cef25b-75f2-49a5-965a-ff9ce51a150e 0.043s
2024-10-05 21:20:53.461 62274 INFO tempest.lib.common.rest_client [req-31a362fe-2ac3-4019-8496-4547f1e92945 req-31a362fe-2ac3-4019-8496-4547f1e92945 ] Request (ServersAdminTestJSON:setUpClass): 200 GET http://10.180.1.21/compute/v2.1/servers/84d99082-9e9a-48bd-9fcc-366e1433fe13 0.053s
2024-10-05 21:20:53.483 62308 INFO tempest.lib.common.rest_client [req-db71bb41-0f45-4c5f-951d-49ca1db33500 req-db71bb41-0f45-4c5f-951d-49ca1db33500 ] Request (ServersNegativeTestMultiTenantJSON:setUpClass): 200 GET http://10.180.1.21/compute/v2.1/servers/a6b4bb48-165c-489c-ae9d-3858a779de06 0.047s
2024-10-05 21:20:53.507 62278 INFO tempest.lib.common.rest_client [req-53ff01fe-bc76-4c67-ae82-95663192cfcb req-53ff01fe-bc76-4c67-ae82-95663192cfcb ] Request (ImagesOneServerNegativeTestJSON:setUpClass): 200 GET http://10.180.1.21/compute/v2.1/servers/e1ddce62-88e5-417d-8f79-dfd126392ae4 0.054s
2024-10-05 21:20:53.528 62290 INFO tempest.lib.common.rest_client [req-da9da824-64fc-42ba-8114-bc3c2fb71e6c req-da9da824-64fc-42ba-8114-bc3c2fb71e6c ] Request (ServerDiskConfigTestJSON:test_rebuild_server_with_auto_disk_config): 200 GET http://10.180.1.21/compute/v2.1/servers/9ea786d6-8ae6-47ae-8b94-52b4ccfe855c 0.045s
2024-10-05 21:20:53.557 62268 INFO tempest.lib.common.rest_client [req-abfb7466-a5d9-4e87-aef2-bd0d149226ac req-abfb7466-a5d9-4e87-aef2-bd0d149226ac ] Request (ImagesTestJSON:test_create_image_from_suspended_server): 200 GET http://10.180.1.21/compute/v2.1/servers/fdce4039-0716-4974-bef0-68cb4a686825 0.064s
2024-10-05 21:20:53.580 62294 INFO tempest.lib.common.rest_client [req-167760ab-4e91-415c-837e-266537f7a09e req-167760ab-4e91-415c-837e-266537f7a09e ] Request (ServersWithSpecificFlavorTestJSON:test_verify_created_server_ephemeral_disk): 200 GET http://10.180.1.21/compute/v2.1/servers/9687acdc-f61d-4f9b-88b7-8612106dac16 0.050s
2024-10-05 21:20:53.615 62298 INFO tempest.lib.common.rest_client [req-2207514d-90da-418a-855e-d17cd98be173 req-2207514d-90da-418a-855e-d17cd98be173 ] Request (ServerDiagnosticsNegativeTest:test_get_server_diagnostics_by_non_admin): 200 GET http://10.180.1.21/compute/v2.1/servers/b71d39a5-d32c-4169-8e57-6791c4184823 0.080s
2024-10-05 21:20:53.639 62280 INFO tempest.lib.common.rest_client [req-3b4efa56-b98d-4ee8-be3d-bd1bce0f189b req-3b4efa56-b98d-4ee8-be3d-bd1bce0f189b ] Request (ServerExternalEventsTest:test_create_server_external_events): 200 GET http://10.180.1.21/compute/v2.1/servers/0c9b9333-1904-4458-a779-eb195ea3e7bb 0.063s
2024-10-05 21:20:53.667 62312 INFO tempest.lib.common.rest_client [req-48227462-d359-4e76-ae09-16c01703f8b5 req-48227462-d359-4e76-ae09-16c01703f8b5 ] Request (AttachInterfacesV270Test:test_create_get_list_interfaces): 200 GET http://10.180.1.21/compute/v2.1/servers/61e4dd14-70d6-4f3c-93e0-8e5b0acd0cec 0.051s
2024-10-05 21:20:53.687 62292 INFO tempest.lib.common.rest_client [req-00e3845c-a16b-46fc-8370-fc34aa80319d req-00e3845c-a16b-46fc-8370-fc34aa80319d ] Request (FloatingIPsAssociationTestJSON:setUpClass): 200 GET http://10.180.1.21/compute/v2.1/servers/c572b750-a834-4cdd-992d-7164768fc5f4 0.068s
2024-10-05 21:20:53.913 62270 INFO tempest.lib.common.rest_client [req-467f58ce-9eda-4e2d-afef-34ed617c3bf5 req-467f58ce-9eda-4e2d-afef-34ed617c3bf5 ] Request (ImagesNegativeTestJSON:test_create_image_from_deleted_server): 200 GET http://10.180.1.21/compute/v2.1/servers/72e581d2-45e8-4c6a-ac2b-59f09a756abb 0.060s
2024-10-05 21:20:53.972 62300 INFO tempest.lib.common.rest_client [req-7d6f09d2-3a0a-43f2-9ab0-086435cd9906 req-7d6f09d2-3a0a-43f2-9ab0-086435cd9906 ] Request (DeleteServersAdminTestJSON:test_delete_server_while_in_error_state): 200 GET http://10.180.1.21/compute/v2.1/servers/791632b4-4129-49e6-a38c-80f7e137f970 0.052s
2024-10-05 21:20:54.037 62296 INFO tempest.lib.common.rest_client [req-ceec462b-690d-4e28-8084-fd3c307190d1 req-ceec462b-690d-4e28-8084-fd3c307190d1 ] Request (ServersV294TestFqdnHostnames:setUpClass): 200 GET http://10.180.1.21/compute/v2.1/servers/10d51856-6938-435e-ac65-cb91a8486857 0.051s
