2024-10-05 21:19:54.208 62320 INFO tempest.lib.common.rest_client [req-906cefa0-584a-4166-94af-8c0630f44dd8 req-906cefa0-584a-4166-94af-8c0630f44dd8 ] Request (AggregatesAdminNegativeTestJSON:tearDownClass): 204 DELETE http://10.180.1.21/identity/v3/projects/faf249c42c2b44ba9dd5ebd1d1fee436 0.112s
2024-10-05 21:19:54.216 62276 INFO tempest.lib.common.rest_client [req-7feafe7c-4748-404e-b9a1-84026fd49a9b req-7feafe7c-4748-404e-b9a1-84026fd49a9b ] Request (SecurityGroupRulesNegativeTestJSON:test_create_security_group_rule_with_invalid_ip_protocol): 200 POST http://10.180.1.21/compute/v2.1/os-security-groups 0.899s
2024-10-05 21:19:54.221 62312 INFO tempest.lib.common.rest_client [req-d2520c61-742b-4a63-8417-8dc4b1acca57 req-d2520c61-742b-4a63-8417-8dc4b1acca57 ] Request (SecurityGroupRulesTestJSON:tearDownClass): 202 DELETE http://10.180.1.21/compute/v2.1/os-security-groups/d10b209a-9f6e-4ca5-be30-426169c62264 0.979s
2024-10-05 21:19:54.239 62282 INFO tempest.lib.common.rest_client [req-7d366f07-6379-4539-a565-cef9445542bf req-7d366f07-6379-4539-a565-cef9445542bf ] Request (AttachInterfacesTestJSON:setUpClass): 201 POST http://10.180.1.21/identity/v3/users 0.062s
2024-10-05 21:19:54.243 62298 INFO tempest.lib.common.rest_client [req-a8319c6e-c71e-4b84-8811-e60af91fdab2 req-a8319c6e-c71e-4b84-8811-e60af91fdab2 ] Request (FlavorsAdminTestJSON:_run_cleanups): 200 GET http://10.180.1.21/compute/v2.1/flavors/detail 0.803s
2024-10-05 21:19:54.246 62320 INFO tempest.lib.common.rest_client [req-a30f20cc-ca88-49f6-961b-3f02727e7818 req-a30f20cc-ca88-49f6-961b-3f02727e7818 ] Request (NetworksTest:setUpClass): 201 POST http://10.180.1.21/identity/v3/auth/tokens 0.036s
2024-10-05 21:19:54.278 62282 INFO tempest.lib.common.rest_client [req-709bd2ea-6578-4067-bbff-48f8e54b8bf1 req-709bd2ea-6578-4067-bbff-48f8e54b8bf1 ] Request (AttachInterfacesTestJSON:setUpClass): 200 GET http://10.180.1.21/identity/v3/roles 0.038s
2024-10-05 21:19:54.294 62320 INFO tempest.lib.common.rest_client [req-200710fe-b0bc-4a60-b1cc-ad001ad8a63d req-200710fe-b0bc-4a60-b1cc-ad001ad8a63d ] Request (NetworksTest:setUpClass): 201 POST http://10.180.1.21/identity/v3/auth/tokens 0.045s
2024-10-05 21:19:54.313 62286 INFO tempest.lib.common.rest_client [req-c0ac298d-ae1e-4374-80bb-d5b38beb1db3 req-c0ac298d-ae1e-4374-80bb-d5b38beb1db3 ] Request (QuotasAdminTestV236:tearDownClass): 200 GET http://10.180.1.21:9696/networking/v2.0/security-groups?tenant_id=4619b9dd1d0745ba8927e8cabdf5cabb&name=default 0.215s
2024-10-05 21:19:54.320 62324 INFO tempest.lib.common.rest_client [req-dee8a535-bdfb-48a3-b8d1-c201b1a433aa req-dee8a535-bdfb-48a3-b8d1-c201b1a433aa ] Request (InstanceActionsNegativeTestJSON:setUpClass): 200 GET http://10.180.1.21/compute/v2.1/servers/4225a019-513e-4be5-8d22-1444597df6ed 0.978s
2024-10-05 21:19:54.323 62282 INFO tempest.lib.common.rest_client [req-fdb0b81a-1f53-4389-a7d9-bdb2f479d3b3 req-fdb0b81a-1f53-4389-a7d9-bdb2f479d3b3 ] Request (AttachInterfacesTestJSON:setUpClass): 204 PUT http://10.180.1.21/identity/v3/projects/70558e6feedb424e9afe69b5845e2171/users/1ef65e290c374b9fb40d029efd0aa241/roles/1e4ca2392b724c6286450c03353324b7 0.045s
2024-10-05 21:19:54.323 62282 INFO tempest.lib.common.dynamic_creds [-] Dynamic test user 1ef65e290c374b9fb40d029efd0aa241 is created with scope project and roles: ['member']
2024-10-05 21:19:54.324 62282 INFO tempest.lib.common.dynamic_creds [-] Acquired dynamic creds: credentials: Credentials: {'domain_id': 'default', 'domain_name': 'Default', 'username': 'tempest-AttachInterfacesTestJSON-1580966974-project-member', 'project_domain_id': 'default', 'project_domain_name': 'Default', 'project_id': '70558e6feedb424e9afe69b5845e2171', 'project_name': 'tempest-AttachInterfacesTestJSON-1580966974', 'tenant_id': '70558e6feedb424e9afe69b5845e2171', 'tenant_name': 'tempest-AttachInterfacesTestJSON-1580966974', 'user_domain_id': 'default', 'user_domain_name': 'Default', 'user_id': '1ef65e290c374b9fb40d029efd0aa241', 'system': None}, Network: None, Subnet: None, Router: None
2024-10-05 21:19:54.332 62320 INFO tempest.lib.common.rest_client [req-a1d94428-e583-489f-a0c2-2fcc576167d0 req-a1d94428-e583-489f-a0c2-2fcc576167d0 ] Request (NetworksTest:setUpClass): 200 GET http://10.180.1.21/identity/v3/domains?name=Default 0.037s
2024-10-05 21:19:54.359 62270 INFO tempest.lib.common.rest_client [req-2f7e62af-e654-4ce6-a0fe-a281f8b8442d req-2f7e62af-e654-4ce6-a0fe-a281f8b8442d ] Request (ImagesNegativeTestJSON:test_create_image_from_deleted_server): 200 GET http://10.180.1.21/compute/v2.1/servers/72e581d2-45e8-4c6a-ac2b-59f09a756abb 0.907s
2024-10-05 21:19:54.359 62308 INFO tempest.lib.common.rest_client [req-8d8955ba-7611-42b9-9bb7-ee77ed134481 req-8d8955ba-7611-42b9-9bb7-ee77ed134481 ] Request (FlavorsV2TestJSON:test_list_flavors_filter_by_min_ram): 200 GET http://10.180.1.21/compute/v2.1/flavors?minRam=193 0.893s
2024-10-05 21:19:54.413 62288 INFO tempest.lib.common.rest_client [req-8d3ac757-32ef-4a01-bdc3-86b7e0ae0b37 req-8d3ac757-32ef-4a01-bdc3-86b7e0ae0b37 ] Request (ListImageFiltersTestJSON:setUpClass): 200 GET http://10.180.1.21/compute/v2.1/images/5a86a7bb-5334-46ae-a1e0-babf79d36659 0.909s
2024-10-05 21:19:54.427 62282 INFO tempest.lib.common.rest_client [req-e93f43a4-0be4-4aa0-9ae5-1560014db43e req-e93f43a4-0be4-4aa0-9ae5-1560014db43e ] Request (AttachInterfacesTestJSON:setUpClass): 201 POST http://10.180.1.21/identity/v3/auth/tokens 0.103s
2024-10-05 21:19:54.444 62320 INFO tempest.lib.common.rest_client [req-45d80212-0e08-497a-b03e-06863ee377eb req-45d80212-0e08-497a-b03e-06863ee377eb ] Request (NetworksTest:setUpClass): 201 POST http://10.180.1.21/identity/v3/projects 0.110s
2024-10-05 21:19:54.494 62328 INFO tempest.lib.common.rest_client [req-9d12e635-ccbe-448d-8001-ee88982ac391 req-9d12e635-ccbe-448d-8001-ee88982ac391 ] Request (ServerMetadataTestJSON:setUpClass): 200 PUT http://10.180.1.21:9696/networking/v2.0/routers/bb6ae752-20ba-4c55-93c7-15ec3bf3b750/add_router_interface 2.879s
2024-10-05 21:19:54.494 62328 INFO tempest.lib.common.dynamic_creds [-] Created isolated network resources for: credentials: Credentials: {'domain_id': 'default', 'domain_name': 'Default', 'username': 'tempest-ServerMetadataTestJSON-679191268-project-member', 'project_domain_id': 'default', 'project_domain_name': 'Default', 'project_id': '91a33269f0db48da838a3b004a39d194', 'project_name': 'tempest-ServerMetadataTestJSON-679191268', 'tenant_id': '91a33269f0db48da838a3b004a39d194', 'tenant_name': 'tempest-ServerMetadataTestJSON-679191268', 'user_domain_id': 'default', 'user_domain_name': 'Default', 'user_id': 'bcb9ae909fff4a4081f5713cc59ef61e', 'system': None}, Network: {'id': '36a781bb-7b7b-4c3b-9b51-6dea483d2456', 'name': 'tempest-ServerMetadataTestJSON-1992775658-network', 'tenant_id': '91a33269f0db48da838a3b004a39d194', 'admin_state_up': True, 'mtu': 8950, 'status': 'ACTIVE', 'subnets': [], 'shared': False, 'project_id': '91a33269f0db48da838a3b004a39d194', 'port_security_enabled': True, 'router:external': False, 'provider:network_type': 'vlan', 'provider:physical_network': 'default', 'provider:segmentation_id': 33, 'is_default': False, 'availability_zone_hints': [], 'availability_zones': [], 'ipv4_address_scope': None, 'ipv6_address_scope': None, 'description': '', 'tags': [], 'created_at': '2024-10-05T21:19:48Z', 'updated_at': '2024-10-05T21:19:48Z', 'revision_number': 1}, Subnet: {'id': '253be5a8-6b74-44b5-af08-12693a12ce6f', 'name': 'tempest-ServerMetadataTestJSON-1992775658-subnet', 'tenant_id': '91a33269f0db48da838a3b004a39d194', 'network_id': '36a781bb-7b7b-4c3b-9b51-6dea483d2456', 'ip_version': 4, 'subnetpool_id': None, 'enable_dhcp': True, 'ipv6_ra_mode': None, 'ipv6_address_mode': None, 'gateway_ip': '192.168.128.1', 'cidr': '192.168.128.0/28', 'allocation_pools': [{'start': '192.168.128.2', 'end': '192.168.128.14'}], 'host_routes': [], 'dns_nameservers': [], 'description': '', 'router:external': False, 'service_types': [], 'tags': [], 'created_at': '2024-10-05T21:19:48Z', 'updated_at': '2024-10-05T21:19:48Z', 'revision_number': 0, 'project_id': '91a33269f0db48da838a3b004a39d194'}, Router: {'id': 'bb6ae752-20ba-4c55-93c7-15ec3bf3b750', 'name': 'tempest-ServerMetadataTestJSON-1992775658-router', 'tenant_id': '91a33269f0db48da838a3b004a39d194', 'admin_state_up': True, 'status': 'ACTIVE', 'external_gateway_info': {'network_id': 'df4eb953-c6fe-48ee-9891-e1dcc66cbca1', 'external_fixed_ips': [{'subnet_id': '30e2cb7e-7e64-448b-8f43-c414e345292e', 'ip_address': '10.180.180.152'}], 'enable_snat': True}, 'description': '', 'availability_zones': [], 'distributed': False, 'ha': False, 'availability_zone_hints': [], 'routes': [], 'flavor_id': None, 'tags': [], 'created_at': '2024-10-05T21:19:49Z', 'updated_at': '2024-10-05T21:19:50Z', 'revision_number': 2, 'project_id': '91a33269f0db48da838a3b004a39d194'}
2024-10-05 21:19:54.502 62272 INFO tempest.lib.common.rest_client [req-a893b521-2b78-4c2e-815b-3b95a707a988 req-a893b521-2b78-4c2e-815b-3b95a707a988 ] Request (AttachInterfacesUnderV243Test:test_add_remove_fixed_ip): 200 GET http://10.180.1.21/compute/v2.1/servers/74401e9a-2a20-4797-87c4-ad0eea016866 0.957s
2024-10-05 21:19:54.563 62320 INFO tempest.lib.common.rest_client [req-c1c24626-5e13-42e4-b368-9890989ad64d req-c1c24626-5e13-42e4-b368-9890989ad64d ] Request (NetworksTest:setUpClass): 201 POST http://10.180.1.21/identity/v3/users 0.118s
2024-10-05 21:19:54.566 62286 INFO tempest.lib.common.rest_client [req-3f35a507-35ae-4eed-8e35-e088167fa258 req-3f35a507-35ae-4eed-8e35-e088167fa258 ] Request (QuotasAdminTestV236:tearDownClass): 204 DELETE http://10.180.1.21:9696/networking/v2.0/security-groups/46f97702-8562-4c94-8fb4-61295d8660e3 0.252s
2024-10-05 21:19:54.636 62328 INFO tempest.lib.common.rest_client [req-0a9dd8b4-d2ee-4d37-aaec-fdf990ba8217 req-0a9dd8b4-d2ee-4d37-aaec-fdf990ba8217 ] Request (ServerMetadataTestJSON:setUpClass): 201 POST http://10.180.1.21/identity/v3/auth/tokens 0.138s
2024-10-05 21:19:54.658 62320 INFO tempest.lib.common.rest_client [req-75c60a11-b5ab-4b9a-a10a-caae0bdc6497 req-75c60a11-b5ab-4b9a-a10a-caae0bdc6497 ] Request (NetworksTest:setUpClass): 200 GET http://10.180.1.21/identity/v3/roles 0.094s
2024-10-05 21:19:54.697 62286 INFO tempest.lib.common.rest_client [req-c5ae5230-a458-4614-bd23-63a50b5605a6 req-c5ae5230-a458-4614-bd23-63a50b5605a6 ] Request (QuotasAdminTestV236:tearDownClass): 204 DELETE http://10.180.1.21/identity/v3/projects/4619b9dd1d0745ba8927e8cabdf5cabb 0.131s
2024-10-05 21:19:54.717 62328 INFO tempest.lib.common.rest_client [req-0b46b2da-01df-48ea-9ece-e4622b890d41 req-0b46b2da-01df-48ea-9ece-e4622b890d41 ] Request (ServerMetadataTestJSON:setUpClass): 201 POST http://10.180.1.21/identity/v3/auth/tokens 0.077s
2024-10-05 21:19:54.718 62328 INFO tempest.lib.common.fixed_network [-] (ServerMetadataTestJSON:setUpClass) Found network {'id': '36a781bb-7b7b-4c3b-9b51-6dea483d2456', 'name': 'tempest-ServerMetadataTestJSON-1992775658-network', 'tenant_id': '91a33269f0db48da838a3b004a39d194', 'admin_state_up': True, 'mtu': 8950, 'status': 'ACTIVE', 'subnets': [], 'shared': False, 'project_id': '91a33269f0db48da838a3b004a39d194', 'port_security_enabled': True, 'router:external': False, 'provider:network_type': 'vlan', 'provider:physical_network': 'default', 'provider:segmentation_id': 33, 'is_default': False, 'availability_zone_hints': [], 'availability_zones': [], 'ipv4_address_scope': None, 'ipv6_address_scope': None, 'description': '', 'tags': [], 'created_at': '2024-10-05T21:19:48Z', 'updated_at': '2024-10-05T21:19:48Z', 'revision_number': 1} available for tenant
2024-10-05 21:19:54.788 62320 INFO tempest.lib.common.rest_client [req-e2321669-19a1-48bf-aaac-14ac7f7af23f req-e2321669-19a1-48bf-aaac-14ac7f7af23f ] Request (NetworksTest:setUpClass): 204 PUT http://10.180.1.21/identity/v3/projects/8e8d0a9d68cc41cd8307611505f57c16/users/a757bb643fb44c89ae46037427963559/roles/1e4ca2392b724c6286450c03353324b7 0.129s
2024-10-05 21:19:54.788 62286 INFO tempest.lib.common.rest_client [req-5f70ad2e-9a52-43d3-a440-419582fc1c7c req-5f70ad2e-9a52-43d3-a440-419582fc1c7c ] Request (FloatingIPsAssociationNegativeTestJSON:setUpClass): 201 POST http://10.180.1.21/identity/v3/auth/tokens 0.090s
2024-10-05 21:19:54.789 62320 INFO tempest.lib.common.dynamic_creds [-] Dynamic test user a757bb643fb44c89ae46037427963559 is created with scope project and roles: ['member']
2024-10-05 21:19:54.789 62320 INFO tempest.lib.common.dynamic_creds [-] Acquired dynamic creds: credentials: Credentials: {'domain_id': 'default', 'domain_name': 'Default', 'username': 'tempest-NetworksTest-553491486-project-member', 'project_domain_id': 'default', 'project_domain_name': 'Default', 'project_id': '8e8d0a9d68cc41cd8307611505f57c16', 'project_name': 'tempest-NetworksTest-553491486', 'tenant_id': '8e8d0a9d68cc41cd8307611505f57c16', 'tenant_name': 'tempest-NetworksTest-553491486', 'user_domain_id': 'default', 'user_domain_name': 'Default', 'user_id': 'a757bb643fb44c89ae46037427963559', 'system': None}, Network: None, Subnet: None, Router: None
2024-10-05 21:19:54.789 62320 INFO tempest.lib.common.dynamic_creds [-] Created isolated network resources for: credentials: Credentials: {'domain_id': 'default', 'domain_name': 'Default', 'username': 'tempest-NetworksTest-553491486-project-member', 'project_domain_id': 'default', 'project_domain_name': 'Default', 'project_id': '8e8d0a9d68cc41cd8307611505f57c16', 'project_name': 'tempest-NetworksTest-553491486', 'tenant_id': '8e8d0a9d68cc41cd8307611505f57c16', 'tenant_name': 'tempest-NetworksTest-553491486', 'user_domain_id': 'default', 'user_domain_name': 'Default', 'user_id': 'a757bb643fb44c89ae46037427963559', 'system': None}, Network: None, Subnet: None, Router: None
2024-10-05 21:19:54.863 62286 INFO tempest.lib.common.rest_client [req-2d43681f-a979-40de-a9ca-652972a26064 req-2d43681f-a979-40de-a9ca-652972a26064 ] Request (FloatingIPsAssociationNegativeTestJSON:setUpClass): 201 POST http://10.180.1.21/identity/v3/auth/tokens 0.069s
2024-10-05 21:19:54.880 62320 INFO tempest.lib.common.rest_client [req-dbdeb9ae-d60d-499c-a2f1-acb29dd4c1e1 req-dbdeb9ae-d60d-499c-a2f1-acb29dd4c1e1 ] Request (NetworksTest:setUpClass): 201 POST http://10.180.1.21/identity/v3/auth/tokens 0.087s
2024-10-05 21:19:54.883 62286 INFO tempest.lib.common.rest_client [req-bd5109bc-0650-4785-bc58-bfefeeba312e req-bd5109bc-0650-4785-bc58-bfefeeba312e ] Request (FloatingIPsAssociationNegativeTestJSON:setUpClass): 200 GET http://10.180.1.21/identity/v3/domains?name=Default 0.020s
2024-10-05 21:19:54.919 62286 INFO tempest.lib.common.rest_client [req-c4a99eea-d70b-464f-9828-5b34841c4a16 req-c4a99eea-d70b-464f-9828-5b34841c4a16 ] Request (FloatingIPsAssociationNegativeTestJSON:setUpClass): 201 POST http://10.180.1.21/identity/v3/projects 0.035s
2024-10-05 21:19:54.920 62320 INFO tempest.lib.common.rest_client [req-76a78f1e-144d-4f63-96bd-16e8c62031da req-76a78f1e-144d-4f63-96bd-16e8c62031da ] Request (NetworksTest:setUpClass): 201 POST http://10.180.1.21/identity/v3/projects 0.039s
2024-10-05 21:19:54.982 62290 INFO tempest.lib.common.rest_client [req-e785b500-1dda-4f18-a1df-1b1607f91088 req-e785b500-1dda-4f18-a1df-1b1607f91088 ] Request (ServerDiskConfigTestJSON:test_rebuild_server_with_auto_disk_config): 202 POST http://10.180.1.21/compute/v2.1/servers 1.476s
2024-10-05 21:19:54.993 62304 INFO tempest.lib.common.rest_client [req-686aa73e-bc76-411b-a8a2-3c7af4aeeb32 req-686aa73e-bc76-411b-a8a2-3c7af4aeeb32 ] Request (ServersTestFqdnHostnames:tearDownClass): 204 DELETE http://10.180.1.21:9696/networking/v2.0/networks/c8b46a91-fd49-42ec-87d1-6e0c58806b10 0.830s
2024-10-05 21:19:55.003 62320 INFO tempest.lib.common.rest_client [req-e1178a2d-9a60-4cad-8a90-faf45036eb50 req-e1178a2d-9a60-4cad-8a90-faf45036eb50 ] Request (NetworksTest:setUpClass): 201 POST http://10.180.1.21/identity/v3/users 0.082s
2024-10-05 21:19:55.004 62286 INFO tempest.lib.common.rest_client [req-e24d2813-9b96-4391-b020-1ee9c861b231 req-e24d2813-9b96-4391-b020-1ee9c861b231 ] Request (FloatingIPsAssociationNegativeTestJSON:setUpClass): 201 POST http://10.180.1.21/identity/v3/users 0.084s
2024-10-05 21:19:55.029 62320 INFO tempest.lib.common.rest_client [req-67927f80-b29a-4234-8394-2a09a3b4fda1 req-67927f80-b29a-4234-8394-2a09a3b4fda1 ] Request (NetworksTest:setUpClass): 200 GET http://10.180.1.21/identity/v3/roles 0.025s
2024-10-05 21:19:55.048 62286 INFO tempest.lib.common.rest_client [req-0ae21cc5-4da2-4f71-b9f9-d22914109acf req-0ae21cc5-4da2-4f71-b9f9-d22914109acf ] Request (FloatingIPsAssociationNegativeTestJSON:setUpClass): 200 GET http://10.180.1.21/identity/v3/roles 0.044s
2024-10-05 21:19:55.066 62316 INFO tempest.lib.common.rest_client [req-95ea6c75-65e2-4594-9af6-f2bf00bd4f68 req-95ea6c75-65e2-4594-9af6-f2bf00bd4f68 ] Request (ListServersNegativeTestJSON:setUpClass): 200 GET http://10.180.1.21/compute/v2.1/servers/80f73479-19b0-46f1-a81d-ef59b555e1be 1.467s
2024-10-05 21:19:55.074 62320 INFO tempest.lib.common.rest_client [req-318751cc-cc7c-410e-892d-c038f193296c req-318751cc-cc7c-410e-892d-c038f193296c ] Request (NetworksTest:setUpClass): 204 PUT http://10.180.1.21/identity/v3/projects/940606f939c241179de86aa8991ad52e/users/954aa7834f774fe985962f431c10a7fa/roles/0064f926235d46198cb02ce0b222e34c 0.045s
2024-10-05 21:19:55.115 62304 INFO tempest.lib.common.rest_client [req-d332efce-b2c6-4353-9569-a9db7fcf01ee req-d332efce-b2c6-4353-9569-a9db7fcf01ee ] Request (ServersTestFqdnHostnames:tearDownClass): 204 DELETE http://10.180.1.21/identity/v3/users/9a81b3a47ee04986a4068ef3ff057e5e 0.122s
2024-10-05 21:19:55.116 62304 INFO tempest.lib.common.dynamic_creds [-] Deleting project and security group for project: b9bfae382bce4c0a90d99129e059c1a1
2024-10-05 21:19:55.153 62282 INFO tempest.lib.common.rest_client [req-35eb6797-c183-4336-99da-cb6eba11f74d req-35eb6797-c183-4336-99da-cb6eba11f74d ] Request (AttachInterfacesTestJSON:setUpClass): 201 POST http://10.180.1.21:9696/networking/v2.0/networks 0.725s
2024-10-05 21:19:55.175 62286 INFO tempest.lib.common.rest_client [req-b0db4042-b73a-4cde-b6dd-54f0b70b3173 req-b0db4042-b73a-4cde-b6dd-54f0b70b3173 ] Request (FloatingIPsAssociationNegativeTestJSON:setUpClass): 204 PUT http://10.180.1.21/identity/v3/projects/0290db06046d454e9199c80f9abe78d8/users/0e80fc7328dc4b8198428f1d163a5e7d/roles/1e4ca2392b724c6286450c03353324b7 0.126s
2024-10-05 21:19:55.175 62286 INFO tempest.lib.common.dynamic_creds [-] Dynamic test user 0e80fc7328dc4b8198428f1d163a5e7d is created with scope project and roles: ['member']
2024-10-05 21:19:55.175 62286 INFO tempest.lib.common.dynamic_creds [-] Acquired dynamic creds: credentials: Credentials: {'domain_id': 'default', 'domain_name': 'Default', 'username': 'tempest-FloatingIPsAssociationNegativeTestJSON-1296450743-project-member', 'project_domain_id': 'default', 'project_domain_name': 'Default', 'project_id': '0290db06046d454e9199c80f9abe78d8', 'project_name': 'tempest-FloatingIPsAssociationNegativeTestJSON-1296450743', 'tenant_id': '0290db06046d454e9199c80f9abe78d8', 'tenant_name': 'tempest-FloatingIPsAssociationNegativeTestJSON-1296450743', 'user_domain_id': 'default', 'user_domain_name': 'Default', 'user_id': '0e80fc7328dc4b8198428f1d163a5e7d', 'system': None}, Network: None, Subnet: None, Router: None
2024-10-05 21:19:55.207 62304 INFO tempest.lib.common.rest_client [req-ad05fc4c-e481-4209-895c-52bdfe3ea2d8 req-ad05fc4c-e481-4209-895c-52bdfe3ea2d8 ] Request (ServersTestFqdnHostnames:tearDownClass): 200 GET http://10.180.1.21:9696/networking/v2.0/security-groups?tenant_id=b9bfae382bce4c0a90d99129e059c1a1&name=default 0.090s
2024-10-05 21:19:55.225 62320 INFO tempest.lib.common.rest_client [req-1fdedaaf-b172-41c0-943b-6469c779859a req-1fdedaaf-b172-41c0-943b-6469c779859a ] Request (NetworksTest:setUpClass): 200 GET http://10.180.1.21/identity/v3/roles 0.149s
2024-10-05 21:19:55.245 62286 INFO tempest.lib.common.rest_client [req-0294f943-a646-4835-853b-42cf2d216573 req-0294f943-a646-4835-853b-42cf2d216573 ] Request (FloatingIPsAssociationNegativeTestJSON:setUpClass): 201 POST http://10.180.1.21/identity/v3/auth/tokens 0.070s
2024-10-05 21:19:55.271 62320 INFO tempest.lib.common.rest_client [req-c17e30ef-5a6c-4530-82e5-82d770003f3b req-c17e30ef-5a6c-4530-82e5-82d770003f3b ] Request (NetworksTest:setUpClass): 204 PUT http://10.180.1.21/identity/v3/projects/940606f939c241179de86aa8991ad52e/users/954aa7834f774fe985962f431c10a7fa/roles/0064f926235d46198cb02ce0b222e34c 0.045s
2024-10-05 21:19:55.271 62320 INFO tempest.lib.common.dynamic_creds [-] Dynamic test user 954aa7834f774fe985962f431c10a7fa is created with scope project and roles: ['admin']
2024-10-05 21:19:55.271 62320 INFO tempest.lib.common.dynamic_creds [-] Acquired dynamic creds: credentials: Credentials: {'domain_id': 'default', 'domain_name': 'Default', 'username': 'tempest-NetworksTest-11795677-project-admin', 'project_domain_id': 'default', 'project_domain_name': 'Default', 'project_id': '940606f939c241179de86aa8991ad52e', 'project_name': 'tempest-NetworksTest-11795677', 'tenant_id': '940606f939c241179de86aa8991ad52e', 'tenant_name': 'tempest-NetworksTest-11795677', 'user_domain_id': 'default', 'user_domain_name': 'Default', 'user_id': '954aa7834f774fe985962f431c10a7fa', 'system': None}, Network: None, Subnet: None, Router: None
2024-10-05 21:19:55.272 62320 INFO tempest.lib.common.dynamic_creds [-] Created isolated network resources for: credentials: Credentials: {'domain_id': 'default', 'domain_name': 'Default', 'username': 'tempest-NetworksTest-11795677-project-admin', 'project_domain_id': 'default', 'project_domain_name': 'Default', 'project_id': '940606f939c241179de86aa8991ad52e', 'project_name': 'tempest-NetworksTest-11795677', 'tenant_id': '940606f939c241179de86aa8991ad52e', 'tenant_name': 'tempest-NetworksTest-11795677', 'user_domain_id': 'default', 'user_domain_name': 'Default', 'user_id': '954aa7834f774fe985962f431c10a7fa', 'system': None}, Network: None, Subnet: None, Router: None
2024-10-05 21:19:55.336 62292 INFO tempest.lib.common.rest_client [req-00e11c8a-ecea-4193-83b7-fa19a22ac8f6 req-00e11c8a-ecea-4193-83b7-fa19a22ac8f6 ] Request (FloatingIPsAssociationTestJSON:setUpClass): 202 POST http://10.180.1.21/compute/v2.1/servers 1.779s
2024-10-05 21:19:55.403 62304 INFO tempest.lib.common.rest_client [req-aeddd0d5-d45f-4b5b-95c6-6b9eaf32bcc6 req-aeddd0d5-d45f-4b5b-95c6-6b9eaf32bcc6 ] Request (ServersTestFqdnHostnames:tearDownClass): 204 DELETE http://10.180.1.21:9696/networking/v2.0/security-groups/4fce0476-481c-4a33-bad5-bc61255db276 0.196s
2024-10-05 21:19:55.408 62320 INFO tempest.lib.common.rest_client [req-d4190e79-f50e-43da-b449-12e034bd40aa req-d4190e79-f50e-43da-b449-12e034bd40aa ] Request (NetworksTest:setUpClass): 201 POST http://10.180.1.21/identity/v3/auth/tokens 0.132s
2024-10-05 21:19:55.428 62284 INFO tempest.lib.common.rest_client [req-e6cf40fb-6bc4-4539-a632-1cef1b6f5114 req-e6cf40fb-6bc4-4539-a632-1cef1b6f5114 ] Request (ServerActionsTestOtherB:setUpClass): 200 GET http://10.180.1.21/compute/v2.1/servers/3f48bca6-0762-455f-9557-eacfee0dcc0e 1.778s
2024-10-05 21:19:55.452 62282 INFO tempest.lib.common.rest_client [req-b3bdbf12-7b9b-442e-9432-6772bfdad1c8 req-b3bdbf12-7b9b-442e-9432-6772bfdad1c8 ] Request (AttachInterfacesTestJSON:setUpClass): 201 POST http://10.180.1.21:9696/networking/v2.0/subnets 0.299s
2024-10-05 21:19:55.506 62304 INFO tempest.lib.common.rest_client [req-a96fe02c-5724-42d8-80f9-e2687bdb6899 req-a96fe02c-5724-42d8-80f9-e2687bdb6899 ] Request (ServersTestFqdnHostnames:tearDownClass): 204 DELETE http://10.180.1.21/identity/v3/projects/b9bfae382bce4c0a90d99129e059c1a1 0.103s
2024-10-05 21:19:55.634 62304 INFO tempest.lib.common.rest_client [req-1b915e38-fb4d-4532-8cca-64e6ef6593e9 req-1b915e38-fb4d-4532-8cca-64e6ef6593e9 ] Request (InstanceActionsTestJSON:setUpClass): 201 POST http://10.180.1.21/identity/v3/auth/tokens 0.125s
2024-10-05 21:19:55.679 62304 INFO tempest.lib.common.rest_client [req-c0bf2c61-013a-4383-8365-a08395e6025e req-c0bf2c61-013a-4383-8365-a08395e6025e ] Request (InstanceActionsTestJSON:setUpClass): 201 POST http://10.180.1.21/identity/v3/auth/tokens 0.043s
2024-10-05 21:19:55.712 62300 INFO tempest.lib.common.rest_client [req-6b680dea-c8a3-47e1-b07e-43c62eaa5fd0 req-6b680dea-c8a3-47e1-b07e-43c62eaa5fd0 ] Request (DeleteServersAdminTestJSON:test_admin_delete_servers_of_others): 204 DELETE http://10.180.1.21/compute/v2.1/servers/11fcade3-5436-40f2-b6ab-624b741eb78b 2.023s
2024-10-05 21:19:55.721 62304 INFO tempest.lib.common.rest_client [req-ba0c2468-595b-46f2-bc1c-d25083ddb81c req-ba0c2468-595b-46f2-bc1c-d25083ddb81c ] Request (InstanceActionsTestJSON:setUpClass): 200 GET http://10.180.1.21/identity/v3/domains?name=Default 0.041s
2024-10-05 21:19:55.774 62304 INFO tempest.lib.common.rest_client [req-d0b6280a-8da3-4679-8b4d-9f04c4c12c0d req-d0b6280a-8da3-4679-8b4d-9f04c4c12c0d ] Request (InstanceActionsTestJSON:setUpClass): 201 POST http://10.180.1.21/identity/v3/projects 0.053s
2024-10-05 21:19:55.810 62278 INFO tempest.lib.common.rest_client [req-8a1ae892-ab9e-48b3-a264-0fc2296f8a4d req-8a1ae892-ab9e-48b3-a264-0fc2296f8a4d ] Request (ServersAdmin275Test:_run_cleanups): 200 GET http://10.180.1.21/compute/v2.1/servers/8513a91b-12d3-4cfc-900a-e502d618bbf1 1.947s
2024-10-05 21:19:55.874 62304 INFO tempest.lib.common.rest_client [req-61a78bf5-8800-4523-8c1a-1ce27e3f077e req-61a78bf5-8800-4523-8c1a-1ce27e3f077e ] Request (InstanceActionsTestJSON:setUpClass): 201 POST http://10.180.1.21/identity/v3/users 0.099s
2024-10-05 21:19:55.900 62304 INFO tempest.lib.common.rest_client [req-189ba011-65db-4103-82d9-421eb60d9da4 req-189ba011-65db-4103-82d9-421eb60d9da4 ] Request (InstanceActionsTestJSON:setUpClass): 200 GET http://10.180.1.21/identity/v3/roles 0.023s
2024-10-05 21:19:55.916 62280 INFO tempest.lib.common.rest_client [req-95811483-86f8-4751-b687-5bafa8d3be99 req-95811483-86f8-4751-b687-5bafa8d3be99 ] Request (ServerDiagnosticsV248Test:tearDownClass): 200 GET http://10.180.1.21/compute/v2.1/servers/65f379f7-9180-4190-9499-2f0c35e8fea2 1.797s
2024-10-05 21:19:55.938 62304 INFO tempest.lib.common.rest_client [req-e06052c9-9a4e-4f35-853f-39fda30626b6 req-e06052c9-9a4e-4f35-853f-39fda30626b6 ] Request (InstanceActionsTestJSON:setUpClass): 204 PUT http://10.180.1.21/identity/v3/projects/bec8b3b7aed045c883ad58ae0cddb710/users/0d929d69b4784ed99aa1a4edd3fc9322/roles/1e4ca2392b724c6286450c03353324b7 0.038s
2024-10-05 21:19:55.938 62304 INFO tempest.lib.common.dynamic_creds [-] Dynamic test user 0d929d69b4784ed99aa1a4edd3fc9322 is created with scope project and roles: ['member']
2024-10-05 21:19:55.939 62304 INFO tempest.lib.common.dynamic_creds [-] Acquired dynamic creds: credentials: Credentials: {'domain_id': 'default', 'domain_name': 'Default', 'username': 'tempest-InstanceActionsTestJSON-1594761464-project-member', 'project_domain_id': 'default', 'project_domain_name': 'Default', 'project_id': 'bec8b3b7aed045c883ad58ae0cddb710', 'project_name': 'tempest-InstanceActionsTestJSON-1594761464', 'tenant_id': 'bec8b3b7aed045c883ad58ae0cddb710', 'tenant_name': 'tempest-InstanceActionsTestJSON-1594761464', 'user_domain_id': 'default', 'user_domain_name': 'Default', 'user_id': '0d929d69b4784ed99aa1a4edd3fc9322', 'system': None}, Network: None, Subnet: None, Router: None
2024-10-05 21:19:55.955 62286 INFO tempest.lib.common.rest_client [req-2acd7964-964c-4038-96f2-7baf4975a69c req-2acd7964-964c-4038-96f2-7baf4975a69c ] Request (FloatingIPsAssociationNegativeTestJSON:setUpClass): 201 POST http://10.180.1.21:9696/networking/v2.0/networks 0.709s
2024-10-05 21:19:55.996 62310 INFO tempest.lib.common.rest_client [req-7e99bba1-2411-4334-ba50-f2ef4454e0ab req-7e99bba1-2411-4334-ba50-f2ef4454e0ab ] Request (ServersNegativeTestJSON:setUpClass): 202 POST http://10.180.1.21/compute/v2.1/servers 2.354s
2024-10-05 21:19:55.997 62276 INFO tempest.lib.common.rest_client [req-6e7a8f79-e2aa-4bf3-83af-72cfb66f8b28 req-6e7a8f79-e2aa-4bf3-83af-72cfb66f8b28 ] Request (SecurityGroupRulesNegativeTestJSON:test_create_security_group_rule_with_invalid_ip_protocol): 400 POST http://10.180.1.21/compute/v2.1/os-security-group-rules 1.776s
2024-10-05 21:19:56.015 62304 INFO tempest.lib.common.rest_client [req-45584bf1-9cca-4987-9e1b-8bec3439d7f8 req-45584bf1-9cca-4987-9e1b-8bec3439d7f8 ] Request (InstanceActionsTestJSON:setUpClass): 201 POST http://10.180.1.21/identity/v3/auth/tokens 0.076s
2024-10-05 21:19:56.025 62298 INFO tempest.lib.common.rest_client [req-fcbf6e42-aa06-417c-8388-b2e55e27b9dc req-fcbf6e42-aa06-417c-8388-b2e55e27b9dc ] Request (FlavorsAdminTestJSON:test_list_non_public_flavor): 200 POST http://10.180.1.21/compute/v2.1/flavors 1.774s
2024-10-05 21:19:56.259 62274 INFO tempest.lib.common.rest_client [req-ee17aebc-4dc0-4f3b-b2f6-1805da7905f1 req-ee17aebc-4dc0-4f3b-b2f6-1805da7905f1 ] Request (ServersAdminTestJSON:setUpClass): 200 GET http://10.180.1.21/compute/v2.1/servers/84d99082-9e9a-48bd-9fcc-366e1433fe13 1.946s
2024-10-05 21:19:56.265 62286 INFO tempest.lib.common.rest_client [req-3e3c45b4-1910-401f-92e3-6cc3e7502de0 req-3e3c45b4-1910-401f-92e3-6cc3e7502de0 ] Request (FloatingIPsAssociationNegativeTestJSON:setUpClass): 201 POST http://10.180.1.21:9696/networking/v2.0/subnets 0.309s
2024-10-05 21:19:56.306 62312 INFO tempest.lib.common.rest_client [req-f2df6d1c-c513-45f3-8655-c8cc9c3f2567 req-f2df6d1c-c513-45f3-8655-c8cc9c3f2567 ] Request (SecurityGroupRulesTestJSON:tearDownClass): 202 DELETE http://10.180.1.21/compute/v2.1/os-security-groups/3730d678-ca83-4218-94aa-ee53b9948321 2.084s
2024-10-05 21:19:56.322 62308 INFO tempest.lib.common.rest_client [req-ba5394cf-c87e-4c2f-b119-d8a290893380 req-ba5394cf-c87e-4c2f-b119-d8a290893380 ] Request (FlavorsV2TestJSON:test_list_flavors_limit_results): 200 GET http://10.180.1.21/compute/v2.1/flavors?limit=1 1.953s
2024-10-05 21:19:56.351 62294 INFO tempest.lib.common.rest_client [req-da9204bc-ed0d-4898-965e-d3f996ae11ba req-da9204bc-ed0d-4898-965e-d3f996ae11ba ] Request (VolumesAssistedSnapshotsTest:test_volume_assisted_snapshot_create_delete): 200 GET http://10.180.1.21/compute/v2.1/servers/ce2ea43f-e977-4211-bb83-3014d18cb162 2.013s
2024-10-05 21:19:56.361 62288 INFO tempest.lib.common.rest_client [req-d81eb351-24af-479d-8764-a3643f81d7d6 req-d81eb351-24af-479d-8764-a3643f81d7d6 ] Request (ListImageFiltersTestJSON:setUpClass): 200 GET http://10.180.1.21/compute/v2.1/images/5a86a7bb-5334-46ae-a1e0-babf79d36659 1.942s
2024-10-05 21:19:56.429 62268 INFO tempest.lib.common.rest_client [req-354f5c71-f889-4f80-bce8-c1b4d03f2535 req-354f5c71-f889-4f80-bce8-c1b4d03f2535 ] Request (ImagesTestJSON:test_create_image_from_stopped_server): 200 GET http://10.180.1.21/compute/v2.1/servers/248f716d-8174-41eb-9445-3d3094ad2f70 2.002s
2024-10-05 21:19:56.466 62326 INFO tempest.lib.common.rest_client [req-a31ebda5-f037-41e5-a1eb-90edbf804ce7 req-a31ebda5-f037-41e5-a1eb-90edbf804ce7 ] Request (ServerAddressesTestJSON:setUpClass): 200 GET http://10.180.1.21/compute/v2.1/servers/889a7971-f3f8-4e9c-ab0d-3744fe2bc951 2.011s
2024-10-05 21:19:56.514 62314 INFO tempest.lib.common.rest_client [req-eebf108e-0c1c-4212-a9c0-40b06db6333b req-eebf108e-0c1c-4212-a9c0-40b06db6333b ] Request (ServersTestMultiNic:test_verify_duplicate_network_nics): 200 GET http://10.180.1.21/compute/v2.1/servers/9461cc5d-99dd-449b-97a9-586cf5aa7cb9 1.957s
2024-10-05 21:19:56.524 62318 INFO tempest.lib.common.rest_client [req-66fcb050-f501-44ff-8fdd-7e86ea8634ab req-66fcb050-f501-44ff-8fdd-7e86ea8634ab ] Request (MigrationsAdminTest:test_resize_server_revert_deleted_flavor): 200 GET http://10.180.1.21/compute/v2.1/servers/bd04a015-b1f3-4ead-8749-1a4f82e9a9e0 1.953s
2024-10-05 21:19:56.608 62296 INFO tempest.lib.common.rest_client [req-b7606168-a915-470e-bfb9-5549d42c0466 req-b7606168-a915-470e-bfb9-5549d42c0466 ] Request (ServersAdminNegativeTestJSON:setUpClass): 200 GET http://10.180.1.21/compute/v2.1/servers/3d32529a-7c69-49eb-8066-b964c3058b5f 1.986s
2024-10-05 21:19:56.629 62306 INFO tempest.lib.common.rest_client [req-b9a37539-31d7-49f4-824b-a2e7768591db req-b9a37539-31d7-49f4-824b-a2e7768591db ] Request (VolumesAdminNegativeTest:test_update_attached_volume_with_nonexistent_volume_in_body): 200 GET http://10.180.1.21/compute/v2.1/servers/15840e95-6565-4b0a-b1a1-d97e42c55325 1.948s
2024-10-05 21:19:56.636 62306 INFO tempest.common.waiters [-] State transition "BUILD/scheduling" ==> "BUILD/None" after 16 second wait
2024-10-05 21:19:56.721 62322 INFO tempest.lib.common.rest_client [req-1feff483-2b87-48e9-966f-1675b9522938 req-1feff483-2b87-48e9-966f-1675b9522938 ] Request (ImagesOneServerTestJSON:setUpClass): 200 GET http://10.180.1.21/compute/v2.1/servers/b796850f-fe12-42f9-97fc-0946499e9ff7 1.962s
2024-10-05 21:19:56.790 62288 INFO tempest.lib.common.rest_client [req-6c4992e1-d176-4c3b-b2ef-aebaee229d60 req-6c4992e1-d176-4c3b-b2ef-aebaee229d60 ] Request (ListImageFiltersTestJSON:setUpClass): 201 POST http://10.180.1.21/image/v2/images 0.426s
2024-10-05 21:19:56.806 62302 INFO tempest.lib.common.rest_client [req-6334bbdf-a972-4227-a8e7-cbe63005c9ab req-6334bbdf-a972-4227-a8e7-cbe63005c9ab ] Request (ServerShowV254Test:tearDownClass): 200 GET http://10.180.1.21/compute/v2.1/servers/fc4556dd-d2ff-495b-b03b-fe55dd9902b3 2.033s
2024-10-05 21:19:56.836 62304 INFO tempest.lib.common.rest_client [req-7b35aeea-5d31-4425-a447-de9fe3aa7ca3 req-7b35aeea-5d31-4425-a447-de9fe3aa7ca3 ] Request (InstanceActionsTestJSON:setUpClass): 201 POST http://10.180.1.21:9696/networking/v2.0/networks 0.821s
2024-10-05 21:19:56.888 62290 INFO tempest.lib.common.rest_client [req-5e35122c-f6e7-4907-8f35-c9e1c1775c37 req-5e35122c-f6e7-4907-8f35-c9e1c1775c37 ] Request (ServerDiskConfigTestJSON:test_rebuild_server_with_auto_disk_config): 200 GET http://10.180.1.21/compute/v2.1/servers/9ea786d6-8ae6-47ae-8b94-52b4ccfe855c 1.904s
2024-10-05 21:19:57.090 62324 INFO tempest.lib.common.rest_client [req-48f381dd-0dd4-4d48-88fd-2eddcfb82c90 req-48f381dd-0dd4-4d48-88fd-2eddcfb82c90 ] Request (InstanceActionsNegativeTestJSON:setUpClass): 200 GET http://10.180.1.21/compute/v2.1/servers/4225a019-513e-4be5-8d22-1444597df6ed 1.758s
2024-10-05 21:19:57.166 62292 INFO tempest.lib.common.rest_client [req-5c244742-d3b9-4b72-863f-7361e85b3345 req-5c244742-d3b9-4b72-863f-7361e85b3345 ] Request (FloatingIPsAssociationTestJSON:setUpClass): 200 GET http://10.180.1.21/compute/v2.1/servers/c572b750-a834-4cdd-992d-7164768fc5f4 1.824s
2024-10-05 21:19:57.233 62270 INFO tempest.lib.common.rest_client [req-82ed1a77-c692-4e4e-a435-a6ba21fc1a1a req-82ed1a77-c692-4e4e-a435-a6ba21fc1a1a ] Request (ImagesNegativeTestJSON:test_create_image_from_deleted_server): 200 GET http://10.180.1.21/compute/v2.1/servers/72e581d2-45e8-4c6a-ac2b-59f09a756abb 1.868s
2024-10-05 21:19:57.234 62328 INFO tempest.lib.common.rest_client [req-989fc384-3a7c-485c-bc10-bd070a72c2d4 req-989fc384-3a7c-485c-bc10-bd070a72c2d4 ] Request (ServerMetadataTestJSON:setUpClass): 202 POST http://10.180.1.21/compute/v2.1/servers 2.514s
2024-10-05 21:19:57.290 62282 INFO tempest.lib.common.rest_client [req-e7b2b13c-e39c-4fee-befe-6892b0084ae5 req-e7b2b13c-e39c-4fee-befe-6892b0084ae5 ] Request (AttachInterfacesTestJSON:setUpClass): 201 POST http://10.180.1.21:9696/networking/v2.0/routers 1.837s
2024-10-05 21:19:57.292 62272 INFO tempest.lib.common.rest_client [req-22a70561-8c4c-4ced-9c2c-6dce6593531e req-22a70561-8c4c-4ced-9c2c-6dce6593531e ] Request (AttachInterfacesUnderV243Test:test_add_remove_fixed_ip): 200 GET http://10.180.1.21/compute/v2.1/servers/74401e9a-2a20-4797-87c4-ad0eea016866 1.781s
2024-10-05 21:19:57.318 62300 INFO tempest.lib.common.rest_client [req-ebb4e1dd-172d-4ff3-a7cb-44d1fc4448d0 req-ebb4e1dd-172d-4ff3-a7cb-44d1fc4448d0 ] Request (DeleteServersAdminTestJSON:test_admin_delete_servers_of_others): 404 GET http://10.180.1.21/compute/v2.1/servers/11fcade3-5436-40f2-b6ab-624b741eb78b 1.605s
2024-10-05 21:19:57.369 62310 INFO tempest.lib.common.rest_client [req-1516649b-c4c9-4da5-8fce-f278c0d40e3d req-1516649b-c4c9-4da5-8fce-f278c0d40e3d ] Request (ServersNegativeTestJSON:setUpClass): 200 GET http://10.180.1.21/compute/v2.1/servers/7f8c944f-e921-409a-956a-91c8e2117ecf 1.371s
2024-10-05 21:19:57.372 62300 INFO tempest.lib.common.rest_client [req-723753ca-8fae-460d-8ae6-9e7ad59fee2c req-723753ca-8fae-460d-8ae6-9e7ad59fee2c ] Request (DeleteServersAdminTestJSON:test_delete_server_while_in_error_state): 201 POST http://10.180.1.21/identity/v3/auth/tokens 0.049s
2024-10-05 21:19:57.373 62300 INFO tempest.lib.common.fixed_network [-] (DeleteServersAdminTestJSON:test_delete_server_while_in_error_state) Found network None available for tenant
2024-10-05 21:19:57.446 62304 INFO tempest.lib.common.rest_client [req-b606465a-5e37-4c9a-b65f-34e5cfdc9a0a req-b606465a-5e37-4c9a-b65f-34e5cfdc9a0a ] Request (InstanceActionsTestJSON:setUpClass): 201 POST http://10.180.1.21:9696/networking/v2.0/subnets 0.610s
2024-10-05 21:19:57.575 62320 INFO tempest.lib.common.rest_client [req-c7d6ed1f-e09a-42c1-8a6b-02e278f53093 req-c7d6ed1f-e09a-42c1-8a6b-02e278f53093 ] Request (NetworksTest:test_get_network): 200 GET http://10.180.1.21/compute/v2.1/os-networks 2.166s
2024-10-05 21:19:57.578 62276 INFO tempest.lib.common.rest_client [req-789cdbd0-df45-4188-b94f-cbfc223b64bf req-789cdbd0-df45-4188-b94f-cbfc223b64bf ] Request (SecurityGroupRulesNegativeTestJSON:test_create_security_group_rule_with_invalid_port_range): 200 POST http://10.180.1.21/compute/v2.1/os-security-groups 1.576s
2024-10-05 21:19:57.601 62298 INFO tempest.lib.common.rest_client [req-684d4e37-e92f-4a1c-9d78-d84ac5edb27d req-684d4e37-e92f-4a1c-9d78-d84ac5edb27d ] Request (FlavorsAdminTestJSON:test_list_non_public_flavor): 200 GET http://10.180.1.21/compute/v2.1/flavors/detail 1.573s
2024-10-05 21:19:57.656 62316 INFO tempest.lib.common.rest_client [req-f8ddf0d8-ee99-404a-b73b-ee5d808dc2c8 req-f8ddf0d8-ee99-404a-b73b-ee5d808dc2c8 ] Request (ListServersNegativeTestJSON:setUpClass): 200 GET http://10.180.1.21/compute/v2.1/servers/80f73479-19b0-46f1-a81d-ef59b555e1be 1.582s
2024-10-05 21:19:57.664 62316 INFO tempest.common.waiters [-] State transition "BUILD/None" ==> "BUILD/networking" after 19 second wait
2024-10-05 21:19:57.672 62308 INFO tempest.lib.common.rest_client [req-890d23ab-9447-4757-9db3-c9322a794ea7 req-890d23ab-9447-4757-9db3-c9322a794ea7 ] Request (FlavorsV2TestJSON:test_list_flavors_using_marker): 200 GET http://10.180.1.21/compute/v2.1/flavors/42 1.343s
2024-10-05 21:19:57.729 62284 INFO tempest.lib.common.rest_client [req-739e713b-c75f-4675-ac17-8b15745eac7b req-739e713b-c75f-4675-ac17-8b15745eac7b ] Request (ServerActionsTestOtherB:setUpClass): 200 GET http://10.180.1.21/compute/v2.1/servers/3f48bca6-0762-455f-9557-eacfee0dcc0e 1.294s
2024-10-05 21:19:57.746 62286 INFO tempest.lib.common.rest_client [req-0779daec-1ab7-45a7-b399-9201d6464cfe req-0779daec-1ab7-45a7-b399-9201d6464cfe ] Request (FloatingIPsAssociationNegativeTestJSON:setUpClass): 201 POST http://10.180.1.21:9696/networking/v2.0/routers 1.480s
2024-10-05 21:19:57.831 62278 INFO tempest.lib.common.rest_client [req-a0df6464-97cc-46de-842a-f02397ffb2dc req-a0df6464-97cc-46de-842a-f02397ffb2dc ] Request (ServersAdmin275Test:_run_cleanups): 200 GET http://10.180.1.21/compute/v2.1/servers/8513a91b-12d3-4cfc-900a-e502d618bbf1 1.003s
2024-10-05 21:19:57.898 62280 INFO tempest.lib.common.rest_client [req-375c12d5-2269-4500-8ebd-976770be684c req-375c12d5-2269-4500-8ebd-976770be684c ] Request (ServerDiagnosticsV248Test:tearDownClass): 200 GET http://10.180.1.21/compute/v2.1/servers/65f379f7-9180-4190-9499-2f0c35e8fea2 0.973s
2024-10-05 21:19:57.963 62328 INFO tempest.lib.common.rest_client [req-b4be70a1-480f-458b-8b53-7e97899c94da req-b4be70a1-480f-458b-8b53-7e97899c94da ] Request (ServerMetadataTestJSON:setUpClass): 200 GET http://10.180.1.21/compute/v2.1/servers/2737381d-3ac6-4c35-99ba-043f37bad9cf 0.727s
2024-10-05 21:19:58.024 62274 INFO tempest.lib.common.rest_client [req-82010296-1b75-4b93-b306-8c91924ca442 req-82010296-1b75-4b93-b306-8c91924ca442 ] Request (ServersAdminTestJSON:setUpClass): 200 GET http://10.180.1.21/compute/v2.1/servers/84d99082-9e9a-48bd-9fcc-366e1433fe13 0.752s
2024-10-05 21:19:58.084 62294 INFO tempest.lib.common.rest_client [req-e813ee85-61c4-450e-a765-73d17090f8f4 req-e813ee85-61c4-450e-a765-73d17090f8f4 ] Request (VolumesAssistedSnapshotsTest:test_volume_assisted_snapshot_create_delete): 200 GET http://10.180.1.21/compute/v2.1/servers/ce2ea43f-e977-4211-bb83-3014d18cb162 0.720s
2024-10-05 21:19:58.325 62312 INFO tempest.lib.common.rest_client [req-4009f1a9-4994-4681-bdc7-95016cf0874b req-4009f1a9-4994-4681-bdc7-95016cf0874b ] Request (SecurityGroupRulesTestJSON:tearDownClass): 202 DELETE http://10.180.1.21/compute/v2.1/os-security-groups/77ee3e85-46d5-4c4e-b825-7a55d4ac1184 2.019s
2024-10-05 21:19:58.362 62300 INFO tempest.lib.common.rest_client [req-b13d4135-dc5b-4029-9150-570aa38b1748 req-b13d4135-dc5b-4029-9150-570aa38b1748 ] Request (DeleteServersAdminTestJSON:test_delete_server_while_in_error_state): 202 POST http://10.180.1.21/compute/v2.1/servers 0.989s
2024-10-05 21:19:58.456 62268 INFO tempest.lib.common.rest_client [req-95ba9a78-970d-429b-b372-5e482b6af06b req-95ba9a78-970d-429b-b372-5e482b6af06b ] Request (ImagesTestJSON:test_create_image_from_stopped_server): 200 GET http://10.180.1.21/compute/v2.1/servers/248f716d-8174-41eb-9445-3d3094ad2f70 1.017s
2024-10-05 21:19:58.458 62326 INFO tempest.lib.common.rest_client [req-10c0028e-0c2b-489a-9b1e-725b48cd0019 req-10c0028e-0c2b-489a-9b1e-725b48cd0019 ] Request (ServerAddressesTestJSON:setUpClass): 200 GET http://10.180.1.21/compute/v2.1/servers/889a7971-f3f8-4e9c-ab0d-3744fe2bc951 0.983s
2024-10-05 21:19:58.527 62318 INFO tempest.lib.common.rest_client [req-cc186682-c38f-49b0-a459-c64f754f5e8c req-cc186682-c38f-49b0-a459-c64f754f5e8c ] Request (MigrationsAdminTest:test_resize_server_revert_deleted_flavor): 200 GET http://10.180.1.21/compute/v2.1/servers/bd04a015-b1f3-4ead-8749-1a4f82e9a9e0 0.991s
2024-10-05 21:19:58.530 62288 INFO tempest.lib.common.rest_client [req-6207d3ea-ce36-4b98-8232-04f721c56109 req-6207d3ea-ce36-4b98-8232-04f721c56109 ] Request (ListImageFiltersTestJSON:setUpClass): 204 PUT http://10.180.1.21/image/v2/images/5a5efec2-74de-4a66-b913-2b28f04d1196/file 0.738s
2024-10-05 21:19:58.555 62314 INFO tempest.lib.common.rest_client [req-2b63e045-ca34-4a07-a1e1-ef912798447f req-2b63e045-ca34-4a07-a1e1-ef912798447f ] Request (ServersTestMultiNic:test_verify_duplicate_network_nics): 200 GET http://10.180.1.21/compute/v2.1/servers/9461cc5d-99dd-449b-97a9-586cf5aa7cb9 1.029s
2024-10-05 21:19:58.629 62320 INFO tempest.lib.common.rest_client [req-42521824-d42a-4a23-ad09-2c5e1905e0e4 req-42521824-d42a-4a23-ad09-2c5e1905e0e4 ] Request (NetworksTest:test_get_network): 200 GET http://10.180.1.21/compute/v2.1/os-networks/df4eb953-c6fe-48ee-9891-e1dcc66cbca1 1.053s
2024-10-05 21:19:58.653 62298 INFO tempest.lib.common.rest_client [req-a88b69e3-4916-4546-9d4b-a8789bf39698 req-a88b69e3-4916-4546-9d4b-a8789bf39698 ] Request (FlavorsAdminTestJSON:test_list_non_public_flavor): 200 GET http://10.180.1.21/compute/v2.1/flavors/detail 1.048s
2024-10-05 21:19:58.694 62276 INFO tempest.lib.common.rest_client [req-5c71a8b0-1b72-406d-b714-03f812252263 req-5c71a8b0-1b72-406d-b714-03f812252263 ] Request (SecurityGroupRulesNegativeTestJSON:test_create_security_group_rule_with_invalid_port_range): 400 POST http://10.180.1.21/compute/v2.1/os-security-group-rules 1.112s
2024-10-05 21:19:58.711 62296 INFO tempest.lib.common.rest_client [req-4df216db-fe6d-4387-90e6-945869c347c1 req-4df216db-fe6d-4387-90e6-945869c347c1 ] Request (ServersAdminNegativeTestJSON:setUpClass): 200 GET http://10.180.1.21/compute/v2.1/servers/3d32529a-7c69-49eb-8066-b964c3058b5f 1.092s
2024-10-05 21:19:58.742 62308 INFO tempest.lib.common.rest_client [req-68213b3f-21e7-4f58-b3c3-ceff9febe832 req-68213b3f-21e7-4f58-b3c3-ceff9febe832 ] Request (FlavorsV2TestJSON:test_list_flavors_using_marker): 200 GET http://10.180.1.21/compute/v2.1/flavors?marker=42 1.068s
2024-10-05 21:19:58.786 62306 INFO tempest.lib.common.rest_client [req-fe32b101-465e-4828-aae7-66f8d5db0008 req-fe32b101-465e-4828-aae7-66f8d5db0008 ] Request (VolumesAdminNegativeTest:test_update_attached_volume_with_nonexistent_volume_in_body): 200 GET http://10.180.1.21/compute/v2.1/servers/15840e95-6565-4b0a-b1a1-d97e42c55325 1.149s
2024-10-05 21:19:58.823 62322 INFO tempest.lib.common.rest_client [req-55448128-f344-4aa1-b774-4d39265c387a req-55448128-f344-4aa1-b774-4d39265c387a ] Request (ImagesOneServerTestJSON:setUpClass): 200 GET http://10.180.1.21/compute/v2.1/servers/b796850f-fe12-42f9-97fc-0946499e9ff7 1.089s
2024-10-05 21:19:58.847 62286 INFO tempest.lib.common.rest_client [req-2f7ca4c2-313d-43a7-aca5-84c5960bdcc1 req-2f7ca4c2-313d-43a7-aca5-84c5960bdcc1 ] Request (FloatingIPsAssociationNegativeTestJSON:setUpClass): 200 PUT http://10.180.1.21:9696/networking/v2.0/routers/4c776061-9745-4ee8-9c73-e9dcdb44bccd/add_router_interface 1.100s
2024-10-05 21:19:58.847 62286 INFO tempest.lib.common.dynamic_creds [-] Created isolated network resources for: credentials: Credentials: {'domain_id': 'default', 'domain_name': 'Default', 'username': 'tempest-FloatingIPsAssociationNegativeTestJSON-1296450743-project-member', 'project_domain_id': 'default', 'project_domain_name': 'Default', 'project_id': '0290db06046d454e9199c80f9abe78d8', 'project_name': 'tempest-FloatingIPsAssociationNegativeTestJSON-1296450743', 'tenant_id': '0290db06046d454e9199c80f9abe78d8', 'tenant_name': 'tempest-FloatingIPsAssociationNegativeTestJSON-1296450743', 'user_domain_id': 'default', 'user_domain_name': 'Default', 'user_id': '0e80fc7328dc4b8198428f1d163a5e7d', 'system': None}, Network: {'id': '2bffa4e8-2e3c-4621-b569-be2169f1cbd4', 'name': 'tempest-FloatingIPsAssociationNegativeTestJSON-1815462360-network', 'tenant_id': '0290db06046d454e9199c80f9abe78d8', 'admin_state_up': True, 'mtu': 8950, 'status': 'ACTIVE', 'subnets': [], 'shared': False, 'project_id': '0290db06046d454e9199c80f9abe78d8', 'port_security_enabled': True, 'router:external': False, 'provider:network_type': 'vlan', 'provider:physical_network': 'default', 'provider:segmentation_id': 535, 'is_default': False, 'availability_zone_hints': [], 'availability_zones': [], 'ipv4_address_scope': None, 'ipv6_address_scope': None, 'description': '', 'tags': [], 'created_at': '2024-10-05T21:19:55Z', 'updated_at': '2024-10-05T21:19:55Z', 'revision_number': 1}, Subnet: {'id': 'd2940edd-7eb5-4954-b903-63d22f6d5eb0', 'name': 'tempest-FloatingIPsAssociationNegativeTestJSON-1815462360-subnet', 'tenant_id': '0290db06046d454e9199c80f9abe78d8', 'network_id': '2bffa4e8-2e3c-4621-b569-be2169f1cbd4', 'ip_version': 4, 'subnetpool_id': None, 'enable_dhcp': True, 'ipv6_ra_mode': None, 'ipv6_address_mode': None, 'gateway_ip': '192.168.128.1', 'cidr': '192.168.128.0/28', 'allocation_pools': [{'start': '192.168.128.2', 'end': '192.168.128.14'}], 'host_routes': [], 'dns_nameservers': [], 'description': '', 'router:external': False, 'service_types': [], 'tags': [], 'created_at': '2024-10-05T21:19:56Z', 'updated_at': '2024-10-05T21:19:56Z', 'revision_number': 0, 'project_id': '0290db06046d454e9199c80f9abe78d8'}, Router: {'id': '4c776061-9745-4ee8-9c73-e9dcdb44bccd', 'name': 'tempest-FloatingIPsAssociationNegativeTestJSON-1815462360-router', 'tenant_id': '0290db06046d454e9199c80f9abe78d8', 'admin_state_up': True, 'status': 'ACTIVE', 'external_gateway_info': {'network_id': 'df4eb953-c6fe-48ee-9891-e1dcc66cbca1', 'external_fixed_ips': [{'subnet_id': '30e2cb7e-7e64-448b-8f43-c414e345292e', 'ip_address': '10.180.180.221'}], 'enable_snat': True}, 'description': '', 'availability_zones': [], 'distributed': False, 'ha': False, 'availability_zone_hints': [], 'routes': [], 'flavor_id': None, 'tags': [], 'created_at': '2024-10-05T21:19:56Z', 'updated_at': '2024-10-05T21:19:57Z', 'revision_number': 2, 'project_id': '0290db06046d454e9199c80f9abe78d8'}
2024-10-05 21:19:58.874 62302 INFO tempest.lib.common.rest_client [req-77ea080c-46c7-48c3-8aa7-ad58eb7b9a85 req-77ea080c-46c7-48c3-8aa7-ad58eb7b9a85 ] Request (ServerShowV254Test:tearDownClass): 200 GET http://10.180.1.21/compute/v2.1/servers/fc4556dd-d2ff-495b-b03b-fe55dd9902b3 1.057s
2024-10-05 21:19:58.874 62290 INFO tempest.lib.common.rest_client [req-5f284e7e-ed31-45d9-87ff-81c624f19aa8 req-5f284e7e-ed31-45d9-87ff-81c624f19aa8 ] Request (ServerDiskConfigTestJSON:test_rebuild_server_with_auto_disk_config): 200 GET http://10.180.1.21/compute/v2.1/servers/9ea786d6-8ae6-47ae-8b94-52b4ccfe855c 0.969s
2024-10-05 21:19:58.886 62302 INFO tempest.common.waiters [-] State transition "ACTIVE/deleting" ==> "DELETED/None" after 5 second wait
2024-10-05 21:19:58.930 62286 INFO tempest.lib.common.rest_client [req-14dec381-aea6-4a48-9ce6-05339d2fc091 req-14dec381-aea6-4a48-9ce6-05339d2fc091 ] Request (FloatingIPsAssociationNegativeTestJSON:setUpClass): 201 POST http://10.180.1.21/identity/v3/auth/tokens 0.077s
2024-10-05 21:19:58.938 62292 INFO tempest.lib.common.rest_client [req-176441f2-03d3-42db-ae0f-5c9531f10514 req-176441f2-03d3-42db-ae0f-5c9531f10514 ] Request (FloatingIPsAssociationTestJSON:setUpClass): 200 GET http://10.180.1.21/compute/v2.1/servers/c572b750-a834-4cdd-992d-7164768fc5f4 0.764s
2024-10-05 21:19:58.953 62324 INFO tempest.lib.common.rest_client [req-0c240e40-c77f-45c7-8742-62825ed12c16 req-0c240e40-c77f-45c7-8742-62825ed12c16 ] Request (InstanceActionsNegativeTestJSON:setUpClass): 200 GET http://10.180.1.21/compute/v2.1/servers/4225a019-513e-4be5-8d22-1444597df6ed 0.853s
2024-10-05 21:19:58.980 62286 INFO tempest.lib.common.rest_client [req-b320284c-75bb-47cf-8ddb-a56cc727d990 req-b320284c-75bb-47cf-8ddb-a56cc727d990 ] Request (FloatingIPsAssociationNegativeTestJSON:setUpClass): 201 POST http://10.180.1.21/identity/v3/auth/tokens 0.045s
