2024-10-05 21:21:30.338 62270 INFO tempest.lib.common.rest_client [req-63947a3c-2cba-48c2-8953-c6368c6a30f9 req-63947a3c-2cba-48c2-8953-c6368c6a30f9 ] Request (MultipleCreateNegativeTestJSON:setUpClass): 204 PUT http://10.180.1.21/identity/v3/projects/8e131f5281a1499093970d8a4454dafb/users/dd516a11bd99415f817d3cc030514fcc/roles/1e4ca2392b724c6286450c03353324b7 0.028s
2024-10-05 21:21:30.338 62270 INFO tempest.lib.common.dynamic_creds [-] Dynamic test user dd516a11bd99415f817d3cc030514fcc is created with scope project and roles: ['member']
2024-10-05 21:21:30.339 62270 INFO tempest.lib.common.dynamic_creds [-] Acquired dynamic creds: credentials: Credentials: {'domain_id': 'default', 'domain_name': 'Default', 'username': 'tempest-MultipleCreateNegativeTestJSON-1294956177-project-member', 'project_domain_id': 'default', 'project_domain_name': 'Default', 'project_id': '8e131f5281a1499093970d8a4454dafb', 'project_name': 'tempest-MultipleCreateNegativeTestJSON-1294956177', 'tenant_id': '8e131f5281a1499093970d8a4454dafb', 'tenant_name': 'tempest-MultipleCreateNegativeTestJSON-1294956177', 'user_domain_id': 'default', 'user_domain_name': 'Default', 'user_id': 'dd516a11bd99415f817d3cc030514fcc', 'system': None}, Network: None, Subnet: None, Router: None
2024-10-05 21:21:30.339 62270 INFO tempest.lib.common.dynamic_creds [-] Created isolated network resources for: credentials: Credentials: {'domain_id': 'default', 'domain_name': 'Default', 'username': 'tempest-MultipleCreateNegativeTestJSON-1294956177-project-member', 'project_domain_id': 'default', 'project_domain_name': 'Default', 'project_id': '8e131f5281a1499093970d8a4454dafb', 'project_name': 'tempest-MultipleCreateNegativeTestJSON-1294956177', 'tenant_id': '8e131f5281a1499093970d8a4454dafb', 'tenant_name': 'tempest-MultipleCreateNegativeTestJSON-1294956177', 'user_domain_id': 'default', 'user_domain_name': 'Default', 'user_id': 'dd516a11bd99415f817d3cc030514fcc', 'system': None}, Network: None, Subnet: None, Router: None
2024-10-05 21:21:30.380 62310 INFO tempest.lib.common.rest_client [req-335806c5-a86e-4e23-b388-cdd85d6b8090 req-335806c5-a86e-4e23-b388-cdd85d6b8090 ] Request (ServersNegativeTestJSON:setUpClass): 200 GET http://10.180.1.21/compute/v2.1/servers/7f8c944f-e921-409a-956a-91c8e2117ecf 0.195s
2024-10-05 21:21:30.383 62276 INFO tempest.lib.common.rest_client [req-91ef5ba0-ceff-4cd8-8247-31191341b982 req-91ef5ba0-ceff-4cd8-8247-31191341b982 ] Request (ServerAddressesNegativeTestJSON:setUpClass): 200 GET http://10.180.1.21/compute/v2.1/servers/6f801fe9-bc20-4661-a771-db5d8ce71a57 0.052s
2024-10-05 21:21:30.424 62270 INFO tempest.lib.common.rest_client [req-034d3d9b-8eb9-426d-a4fd-56e2d2ef5056 req-034d3d9b-8eb9-426d-a4fd-56e2d2ef5056 ] Request (MultipleCreateNegativeTestJSON:setUpClass): 201 POST http://10.180.1.21/identity/v3/auth/tokens 0.081s
2024-10-05 21:21:30.438 62320 INFO tempest.lib.common.rest_client [req-2574f668-4802-43d1-96a9-bad5a2848d8c req-2574f668-4802-43d1-96a9-bad5a2848d8c ] Request (ServerGroupTestJSON:test_create_server_with_scheduler_hint_group): 200 GET http://10.180.1.21/compute/v2.1/servers/bedd60ed-9ecb-4d30-8cf5-de39b90331be 0.055s
2024-10-05 21:21:30.460 62270 INFO tempest.lib.common.rest_client [req-d3a87185-65db-49b1-a79e-2ec1d142c53f req-d3a87185-65db-49b1-a79e-2ec1d142c53f ] Request (MultipleCreateNegativeTestJSON:test_max_count_less_than_min_count): 201 POST http://10.180.1.21/identity/v3/auth/tokens 0.032s
2024-10-05 21:21:30.460 62270 INFO tempest.lib.common.fixed_network [-] (MultipleCreateNegativeTestJSON:test_max_count_less_than_min_count) Found network None available for tenant
2024-10-05 21:21:30.475 62296 INFO tempest.lib.common.rest_client [req-15c6476e-f997-4a5a-845d-bbe8e63cb315 req-15c6476e-f997-4a5a-845d-bbe8e63cb315 ] Request (ServersV294TestFqdnHostnames:setUpClass): 200 GET http://10.180.1.21/compute/v2.1/servers/10d51856-6938-435e-ac65-cb91a8486857 0.064s
2024-10-05 21:21:30.509 62272 INFO tempest.lib.common.rest_client [req-2cc72b85-db54-40b4-a91b-9c9ee90e04d5 req-2cc72b85-db54-40b4-a91b-9c9ee90e04d5 ] Request (AttachInterfacesUnderV243Test:test_add_remove_fixed_ip): 200 GET http://10.180.1.21/compute/v2.1/servers/74401e9a-2a20-4797-87c4-ad0eea016866 0.061s
2024-10-05 21:21:30.527 62328 INFO tempest.lib.common.rest_client [req-34479206-ffec-413a-96ee-aa0266e278b2 req-34479206-ffec-413a-96ee-aa0266e278b2 ] Request (ServerMetadataTestJSON:setUpClass): 200 GET http://10.180.1.21/compute/v2.1/servers/2737381d-3ac6-4c35-99ba-043f37bad9cf 0.066s
2024-10-05 21:21:30.535 62328 INFO tempest.common.waiters [-] State transition "BUILD/None" ==> "BUILD/networking" after 93 second wait
2024-10-05 21:21:30.569 62270 INFO tempest.lib.common.rest_client [req-b748850a-f897-412a-8c81-55606e3c5d34 req-b748850a-f897-412a-8c81-55606e3c5d34 ] Request (MultipleCreateNegativeTestJSON:test_max_count_less_than_min_count): 400 POST http://10.180.1.21/compute/v2.1/servers 0.109s
2024-10-05 21:21:30.574 62306 INFO tempest.lib.common.rest_client [req-a9af3d13-9e26-4988-8da1-69371cf79f55 req-a9af3d13-9e26-4988-8da1-69371cf79f55 ] Request (VolumesAdminNegativeTest:test_update_attached_volume_with_nonexistent_volume_in_uri): 200 GET http://10.180.1.21/compute/v2.1/servers/44ca9c9e-a16d-4cc8-9dee-7ff2604a5264 0.078s
2024-10-05 21:21:30.599 62270 INFO tempest.lib.common.rest_client [req-2db259ab-41b7-4f1a-a3fb-47e586c7eade req-2db259ab-41b7-4f1a-a3fb-47e586c7eade ] Request (MultipleCreateNegativeTestJSON:test_max_count_less_than_one): 201 POST http://10.180.1.21/identity/v3/auth/tokens 0.024s
2024-10-05 21:21:30.599 62270 INFO tempest.lib.common.fixed_network [-] (MultipleCreateNegativeTestJSON:test_max_count_less_than_one) Found network None available for tenant
2024-10-05 21:21:30.616 62304 INFO tempest.lib.common.rest_client [req-0049f6ac-0696-4876-a901-30e84f29ce1a req-0049f6ac-0696-4876-a901-30e84f29ce1a ] Request (InstanceActionsTestJSON:setUpClass): 200 GET http://10.180.1.21/compute/v2.1/servers/25cef25b-75f2-49a5-965a-ff9ce51a150e 0.054s
2024-10-05 21:21:30.619 62282 INFO tempest.lib.common.rest_client [req-411615f1-e17b-4bcb-9e4f-2493d1d9d9f5 req-411615f1-e17b-4bcb-9e4f-2493d1d9d9f5 ] Request (AttachInterfacesTestJSON:test_create_list_show_delete_interfaces_by_fixed_ip): 200 GET http://10.180.1.21/compute/v2.1/servers/afc5aba9-d5d9-441e-9545-845e6ac320a3 0.086s
2024-10-05 21:21:30.623 62270 INFO tempest.lib.common.rest_client [req-3ca24878-1886-4eca-8bbf-88a2acddd74f req-3ca24878-1886-4eca-8bbf-88a2acddd74f ] Request (MultipleCreateNegativeTestJSON:test_max_count_less_than_one): 400 POST http://10.180.1.21/compute/v2.1/servers 0.024s
2024-10-05 21:21:30.656 62270 INFO tempest.lib.common.rest_client [req-c4b80072-5f7f-40f2-b0b8-73f874490e22 req-c4b80072-5f7f-40f2-b0b8-73f874490e22 ] Request (MultipleCreateNegativeTestJSON:test_max_count_non_integer): 201 POST http://10.180.1.21/identity/v3/auth/tokens 0.028s
2024-10-05 21:21:30.657 62270 INFO tempest.lib.common.fixed_network [-] (MultipleCreateNegativeTestJSON:test_max_count_non_integer) Found network None available for tenant
2024-10-05 21:21:30.659 62278 INFO tempest.lib.common.rest_client [req-f1d97cbf-92bb-43cf-9ecc-3162c70b6ef1 req-f1d97cbf-92bb-43cf-9ecc-3162c70b6ef1 ] Request (ImagesOneServerNegativeTestJSON:setUpClass): 200 GET http://10.180.1.21/compute/v2.1/servers/e1ddce62-88e5-417d-8f79-dfd126392ae4 0.079s
2024-10-05 21:21:30.664 62270 INFO tempest.lib.common.rest_client [req-15073fa8-70a5-40c3-873d-64ab29f5c3c1 req-15073fa8-70a5-40c3-873d-64ab29f5c3c1 ] Request (MultipleCreateNegativeTestJSON:test_max_count_non_integer): 400 POST http://10.180.1.21/compute/v2.1/servers 0.006s
2024-10-05 21:21:30.683 62318 INFO tempest.lib.common.rest_client [req-1370b515-2f96-412c-9cd4-7a7890af8c51 req-1370b515-2f96-412c-9cd4-7a7890af8c51 ] Request (MigrationsAdminTest:test_resize_server_revert_deleted_flavor): 200 GET http://10.180.1.21/compute/v2.1/servers/bd04a015-b1f3-4ead-8749-1a4f82e9a9e0 0.053s
2024-10-05 21:21:30.692 62270 INFO tempest.lib.common.rest_client [req-78991233-4f7f-40c0-a7eb-58aa1a020712 req-78991233-4f7f-40c0-a7eb-58aa1a020712 ] Request (MultipleCreateNegativeTestJSON:test_min_count_less_than_one): 201 POST http://10.180.1.21/identity/v3/auth/tokens 0.024s
2024-10-05 21:21:30.692 62270 INFO tempest.lib.common.fixed_network [-] (MultipleCreateNegativeTestJSON:test_min_count_less_than_one) Found network None available for tenant
2024-10-05 21:21:30.700 62270 INFO tempest.lib.common.rest_client [req-426ef68f-05ac-48f9-9eb0-0dd4561e42bd req-426ef68f-05ac-48f9-9eb0-0dd4561e42bd ] Request (MultipleCreateNegativeTestJSON:test_min_count_less_than_one): 400 POST http://10.180.1.21/compute/v2.1/servers 0.007s
2024-10-05 21:21:30.735 62270 INFO tempest.lib.common.rest_client [req-4a24edc6-75a4-4476-8138-f091173f719c req-4a24edc6-75a4-4476-8138-f091173f719c ] Request (MultipleCreateNegativeTestJSON:test_min_count_non_integer): 201 POST http://10.180.1.21/identity/v3/auth/tokens 0.031s
2024-10-05 21:21:30.735 62270 INFO tempest.lib.common.fixed_network [-] (MultipleCreateNegativeTestJSON:test_min_count_non_integer) Found network None available for tenant
2024-10-05 21:21:30.737 62268 INFO tempest.lib.common.rest_client [req-5f4e655e-b2ce-4857-8621-1c788df6c7dd req-5f4e655e-b2ce-4857-8621-1c788df6c7dd ] Request (ImagesTestJSON:test_create_image_from_suspended_server): 200 GET http://10.180.1.21/compute/v2.1/servers/fdce4039-0716-4974-bef0-68cb4a686825 0.059s
2024-10-05 21:21:30.756 62270 INFO tempest.lib.common.rest_client [req-db833b02-a925-4025-8a3c-e5ccdb30b4e7 req-db833b02-a925-4025-8a3c-e5ccdb30b4e7 ] Request (MultipleCreateNegativeTestJSON:test_min_count_non_integer): 400 POST http://10.180.1.21/compute/v2.1/servers 0.020s
2024-10-05 21:21:30.815 62290 INFO tempest.lib.common.rest_client [req-30c0cc00-3865-4a71-a7d8-d24e5cedce82 req-30c0cc00-3865-4a71-a7d8-d24e5cedce82 ] Request (ServerDiskConfigTestJSON:test_rebuild_server_with_auto_disk_config): 200 GET http://10.180.1.21/compute/v2.1/servers/9ea786d6-8ae6-47ae-8b94-52b4ccfe855c 0.076s
2024-10-05 21:21:30.869 62298 INFO tempest.lib.common.rest_client [req-85c25494-982e-452a-9585-fd49be9532c8 req-85c25494-982e-452a-9585-fd49be9532c8 ] Request (ServerDiagnosticsNegativeTest:test_get_server_diagnostics_by_non_admin): 200 GET http://10.180.1.21/compute/v2.1/servers/b71d39a5-d32c-4169-8e57-6791c4184823 0.080s
2024-10-05 21:21:30.898 62270 INFO tempest.lib.common.rest_client [req-8cec8a81-9fd6-409d-b1bb-0f7b0acf701d req-8cec8a81-9fd6-409d-b1bb-0f7b0acf701d ] Request (MultipleCreateNegativeTestJSON:tearDownClass): 204 DELETE http://10.180.1.21/identity/v3/users/dd516a11bd99415f817d3cc030514fcc 0.138s
2024-10-05 21:21:30.898 62270 INFO tempest.lib.common.dynamic_creds [-] Deleting project and security group for project: 8e131f5281a1499093970d8a4454dafb
2024-10-05 21:21:30.944 62308 INFO tempest.lib.common.rest_client [req-ebc2ceb9-5286-4887-9546-952ef65af5b1 req-ebc2ceb9-5286-4887-9546-952ef65af5b1 ] Request (ServersNegativeTestMultiTenantJSON:setUpClass): 200 GET http://10.180.1.21/compute/v2.1/servers/a6b4bb48-165c-489c-ae9d-3858a779de06 0.091s
2024-10-05 21:21:30.971 62294 INFO tempest.lib.common.rest_client [req-1d95039a-7ac8-41cd-9baa-a48f9cf452f2 req-1d95039a-7ac8-41cd-9baa-a48f9cf452f2 ] Request (ServersWithSpecificFlavorTestJSON:test_verify_created_server_ephemeral_disk): 200 GET http://10.180.1.21/compute/v2.1/servers/9687acdc-f61d-4f9b-88b7-8612106dac16 0.073s
2024-10-05 21:21:31.000 62270 INFO tempest.lib.common.rest_client [req-61930f83-ea84-4b4d-8f08-4af6db61740e req-61930f83-ea84-4b4d-8f08-4af6db61740e ] Request (MultipleCreateNegativeTestJSON:tearDownClass): 201 POST http://10.180.1.21/identity/v3/auth/tokens 0.101s
2024-10-05 21:21:31.005 62280 INFO tempest.lib.common.rest_client [req-f082841c-9c38-41ae-8347-72f038e4c87a req-f082841c-9c38-41ae-8347-72f038e4c87a ] Request (ServerExternalEventsTest:test_create_server_external_events): 200 GET http://10.180.1.21/compute/v2.1/servers/0c9b9333-1904-4458-a779-eb195ea3e7bb 0.099s
2024-10-05 21:21:31.042 62292 INFO tempest.lib.common.rest_client [req-fa94899c-ba7d-4672-a5ff-a42ff8f35f4f req-fa94899c-ba7d-4672-a5ff-a42ff8f35f4f ] Request (FloatingIPsAssociationTestJSON:setUpClass): 200 GET http://10.180.1.21/compute/v2.1/servers/c572b750-a834-4cdd-992d-7164768fc5f4 0.094s
2024-10-05 21:21:31.068 62300 INFO tempest.lib.common.rest_client [req-f5577985-39eb-44d4-8452-ea74fa22744d req-f5577985-39eb-44d4-8452-ea74fa22744d ] Request (DeleteServersAdminTestJSON:test_delete_server_while_in_error_state): 200 GET http://10.180.1.21/compute/v2.1/servers/791632b4-4129-49e6-a38c-80f7e137f970 0.091s
2024-10-05 21:21:31.103 62312 INFO tempest.lib.common.rest_client [req-629e0d12-1160-4c88-9621-de346b1f0e2d req-629e0d12-1160-4c88-9621-de346b1f0e2d ] Request (AttachInterfacesV270Test:test_create_get_list_interfaces): 200 GET http://10.180.1.21/compute/v2.1/servers/61e4dd14-70d6-4f3c-93e0-8e5b0acd0cec 0.073s
2024-10-05 21:21:31.232 62314 INFO tempest.lib.common.rest_client [req-a0562645-05b5-424a-8321-2a72a16310f7 req-a0562645-05b5-424a-8321-2a72a16310f7 ] Request (ServersTestMultiNic:test_verify_multiple_nics_order): 200 GET http://10.180.1.21/compute/v2.1/servers/f694b443-7945-421d-8c2b-05efadb1a4a0 0.067s
2024-10-05 21:21:31.271 62270 INFO tempest.lib.common.rest_client [req-e22a3046-a052-4743-a202-5459a6389681 req-e22a3046-a052-4743-a202-5459a6389681 ] Request (MultipleCreateNegativeTestJSON:tearDownClass): 200 GET http://10.180.1.21:9696/networking/v2.0/security-groups?tenant_id=8e131f5281a1499093970d8a4454dafb&name=default 0.270s
2024-10-05 21:21:31.300 62274 INFO tempest.lib.common.rest_client [req-5c7a5e2d-8a91-4300-96fc-7dd0e8e6051f req-5c7a5e2d-8a91-4300-96fc-7dd0e8e6051f ] Request (ServersAdminTestJSON:tearDownClass): 200 PUT http://10.180.1.21:9696/networking/v2.0/routers/1448b24e-99ef-4289-8bf5-d35d7432eb67/remove_router_interface 1.173s
2024-10-05 21:21:31.300 62288 INFO tempest.lib.common.rest_client [req-db36aefa-c8a9-4ac0-b118-5d9a7887a727 req-db36aefa-c8a9-4ac0-b118-5d9a7887a727 ] Request (ListImageFiltersTestJSON:setUpClass): 200 GET http://10.180.1.21/compute/v2.1/servers/99fd1d99-591a-4844-8b8f-faadde5f8356 0.058s
2024-10-05 21:21:31.370 62286 INFO tempest.lib.common.rest_client [req-01f544af-7c80-4935-ab32-1f998e5e02e0 req-01f544af-7c80-4935-ab32-1f998e5e02e0 ] Request (FloatingIPsAssociationNegativeTestJSON:setUpClass): 200 GET http://10.180.1.21/compute/v2.1/servers/98e94272-dd3d-465c-886b-cf4bf6a9e454 0.083s
2024-10-05 21:21:31.395 62326 INFO tempest.lib.common.rest_client [req-9b08d82a-f991-4814-8980-ee0b216bcf1f req-9b08d82a-f991-4814-8980-ee0b216bcf1f ] Request (ServersTestJSON:test_create_server_specify_multibyte_character_name): 200 GET http://10.180.1.21/compute/v2.1/servers/dcfe59db-577b-4373-bebf-939aabf9fe06 0.057s
2024-10-05 21:21:31.453 62310 INFO tempest.lib.common.rest_client [req-a4da1682-440c-49eb-bc6e-773f5f50e7eb req-a4da1682-440c-49eb-bc6e-773f5f50e7eb ] Request (ServersNegativeTestJSON:setUpClass): 200 GET http://10.180.1.21/compute/v2.1/servers/7f8c944f-e921-409a-956a-91c8e2117ecf 0.064s
2024-10-05 21:21:31.456 62276 INFO tempest.lib.common.rest_client [req-d47a06a8-8b8f-4e09-9956-7db6c2076126 req-d47a06a8-8b8f-4e09-9956-7db6c2076126 ] Request (ServerAddressesNegativeTestJSON:setUpClass): 200 GET http://10.180.1.21/compute/v2.1/servers/6f801fe9-bc20-4661-a771-db5d8ce71a57 0.066s
2024-10-05 21:21:31.461 62270 INFO tempest.lib.common.rest_client [req-29c8a5f5-3bcb-4cfd-9bf4-af6d6a9fb250 req-29c8a5f5-3bcb-4cfd-9bf4-af6d6a9fb250 ] Request (MultipleCreateNegativeTestJSON:tearDownClass): 204 DELETE http://10.180.1.21:9696/networking/v2.0/security-groups/a7f8e674-1973-4969-9d32-a65f1e7d29ed 0.189s
2024-10-05 21:21:31.506 62320 INFO tempest.lib.common.rest_client [req-43071bd6-c5fe-4f07-aa87-bb47c15a9af8 req-43071bd6-c5fe-4f07-aa87-bb47c15a9af8 ] Request (ServerGroupTestJSON:test_create_server_with_scheduler_hint_group): 200 GET http://10.180.1.21/compute/v2.1/servers/bedd60ed-9ecb-4d30-8cf5-de39b90331be 0.062s
2024-10-05 21:21:31.550 62296 INFO tempest.lib.common.rest_client [req-a8771fea-9e88-4bcc-a067-f741dafef9f0 req-a8771fea-9e88-4bcc-a067-f741dafef9f0 ] Request (ServersV294TestFqdnHostnames:setUpClass): 200 GET http://10.180.1.21/compute/v2.1/servers/10d51856-6938-435e-ac65-cb91a8486857 0.065s
2024-10-05 21:21:31.554 62270 INFO tempest.lib.common.rest_client [req-e6c3a323-d387-421d-9f7d-18b98823e569 req-e6c3a323-d387-421d-9f7d-18b98823e569 ] Request (MultipleCreateNegativeTestJSON:tearDownClass): 204 DELETE http://10.180.1.21/identity/v3/projects/8e131f5281a1499093970d8a4454dafb 0.093s
2024-10-05 21:21:31.589 62272 INFO tempest.lib.common.rest_client [req-41306c42-b9f2-44f3-acd5-d6c1795a1c45 req-41306c42-b9f2-44f3-acd5-d6c1795a1c45 ] Request (AttachInterfacesUnderV243Test:test_add_remove_fixed_ip): 200 GET http://10.180.1.21/compute/v2.1/servers/74401e9a-2a20-4797-87c4-ad0eea016866 0.072s
2024-10-05 21:21:31.605 62272 INFO tempest.common.waiters [-] State transition "BUILD/spawning" ==> "ERROR/None" after 107 second wait
2024-10-05 21:21:31.623 62270 INFO tempest.lib.common.rest_client [req-baff948c-868b-46cd-979f-12b91019f2bf req-baff948c-868b-46cd-979f-12b91019f2bf ] Request (ServersAaction247Test:setUpClass): 201 POST http://10.180.1.21/identity/v3/auth/tokens 0.067s
2024-10-05 21:21:31.642 62306 INFO tempest.lib.common.rest_client [req-0ad81e13-1b71-4ac2-9a90-28b86fac56dd req-0ad81e13-1b71-4ac2-9a90-28b86fac56dd ] Request (VolumesAdminNegativeTest:test_update_attached_volume_with_nonexistent_volume_in_uri): 200 GET http://10.180.1.21/compute/v2.1/servers/44ca9c9e-a16d-4cc8-9dee-7ff2604a5264 0.061s
2024-10-05 21:21:31.667 62270 INFO tempest.lib.common.rest_client [req-9ca0d09e-fac0-4b2e-8f9c-d30cc9c445b9 req-9ca0d09e-fac0-4b2e-8f9c-d30cc9c445b9 ] Request (ServersAaction247Test:setUpClass): 201 POST http://10.180.1.21/identity/v3/auth/tokens 0.039s
2024-10-05 21:21:31.695 62270 INFO tempest.lib.common.rest_client [req-3723d650-6c9c-4319-835d-10fea311b8f4 req-3723d650-6c9c-4319-835d-10fea311b8f4 ] Request (ServersAaction247Test:setUpClass): 200 GET http://10.180.1.21/identity/v3/domains?name=Default 0.027s
2024-10-05 21:21:31.731 62270 INFO tempest.lib.common.rest_client [req-f99e0a60-7dde-4182-945d-89cb82660da8 req-f99e0a60-7dde-4182-945d-89cb82660da8 ] Request (ServersAaction247Test:setUpClass): 201 POST http://10.180.1.21/identity/v3/projects 0.035s
2024-10-05 21:21:31.750 62274 INFO tempest.lib.common.rest_client [req-a0458b11-09e4-4833-bb19-3b24f1d9f16e req-a0458b11-09e4-4833-bb19-3b24f1d9f16e ] Request (ServersAdminTestJSON:tearDownClass): 204 DELETE http://10.180.1.21:9696/networking/v2.0/routers/1448b24e-99ef-4289-8bf5-d35d7432eb67 0.449s
2024-10-05 21:21:31.774 62328 INFO tempest.lib.common.rest_client [req-c7cc2c67-8238-4255-8fb1-f8f69433caa2 req-c7cc2c67-8238-4255-8fb1-f8f69433caa2 ] Request (ServerMetadataTestJSON:setUpClass): 200 GET http://10.180.1.21/compute/v2.1/servers/2737381d-3ac6-4c35-99ba-043f37bad9cf 0.238s
2024-10-05 21:21:31.783 62328 INFO tempest.common.waiters [-] State transition "BUILD/networking" ==> "BUILD/block_device_mapping" after 94 second wait
2024-10-05 21:21:31.810 62270 INFO tempest.lib.common.rest_client [req-377109ea-f7bd-4d93-ace4-28237934367b req-377109ea-f7bd-4d93-ace4-28237934367b ] Request (ServersAaction247Test:setUpClass): 201 POST http://10.180.1.21/identity/v3/users 0.078s
2024-10-05 21:21:31.834 62270 INFO tempest.lib.common.rest_client [req-ae8856e1-4435-449c-abd5-efc2609aaa1c req-ae8856e1-4435-449c-abd5-efc2609aaa1c ] Request (ServersAaction247Test:setUpClass): 200 GET http://10.180.1.21/identity/v3/roles 0.022s
2024-10-05 21:21:31.838 62304 INFO tempest.lib.common.rest_client [req-878635eb-44f7-4217-b461-4aca7f68312b req-878635eb-44f7-4217-b461-4aca7f68312b ] Request (InstanceActionsTestJSON:setUpClass): 200 GET http://10.180.1.21/compute/v2.1/servers/25cef25b-75f2-49a5-965a-ff9ce51a150e 0.214s
2024-10-05 21:21:31.890 62270 INFO tempest.lib.common.rest_client [req-4a5dbdc6-476f-4837-9397-24ff1600e05e req-4a5dbdc6-476f-4837-9397-24ff1600e05e ] Request (ServersAaction247Test:setUpClass): 204 PUT http://10.180.1.21/identity/v3/projects/18a0043e35374b0e87c3e85af626bbeb/users/bbc9d94a7eb64f498fef556fb5fe4eaf/roles/1e4ca2392b724c6286450c03353324b7 0.056s
2024-10-05 21:21:31.891 62270 INFO tempest.lib.common.dynamic_creds [-] Dynamic test user bbc9d94a7eb64f498fef556fb5fe4eaf is created with scope project and roles: ['member']
2024-10-05 21:21:31.891 62270 INFO tempest.lib.common.dynamic_creds [-] Acquired dynamic creds: credentials: Credentials: {'domain_id': 'default', 'domain_name': 'Default', 'username': 'tempest-ServersAaction247Test-2083902128-project-member', 'project_domain_id': 'default', 'project_domain_name': 'Default', 'project_id': '18a0043e35374b0e87c3e85af626bbeb', 'project_name': 'tempest-ServersAaction247Test-2083902128', 'tenant_id': '18a0043e35374b0e87c3e85af626bbeb', 'tenant_name': 'tempest-ServersAaction247Test-2083902128', 'user_domain_id': 'default', 'user_domain_name': 'Default', 'user_id': 'bbc9d94a7eb64f498fef556fb5fe4eaf', 'system': None}, Network: None, Subnet: None, Router: None
2024-10-05 21:21:31.891 62270 INFO tempest.lib.common.dynamic_creds [-] Created isolated network resources for: credentials: Credentials: {'domain_id': 'default', 'domain_name': 'Default', 'username': 'tempest-ServersAaction247Test-2083902128-project-member', 'project_domain_id': 'default', 'project_domain_name': 'Default', 'project_id': '18a0043e35374b0e87c3e85af626bbeb', 'project_name': 'tempest-ServersAaction247Test-2083902128', 'tenant_id': '18a0043e35374b0e87c3e85af626bbeb', 'tenant_name': 'tempest-ServersAaction247Test-2083902128', 'user_domain_id': 'default', 'user_domain_name': 'Default', 'user_id': 'bbc9d94a7eb64f498fef556fb5fe4eaf', 'system': None}, Network: None, Subnet: None, Router: None
2024-10-05 21:21:31.899 62282 INFO tempest.lib.common.rest_client [req-98ff7c94-8fff-4b3f-823f-3e350339dd52 req-98ff7c94-8fff-4b3f-823f-3e350339dd52 ] Request (AttachInterfacesTestJSON:test_create_list_show_delete_interfaces_by_fixed_ip): 200 GET http://10.180.1.21/compute/v2.1/servers/afc5aba9-d5d9-441e-9545-845e6ac320a3 0.273s
2024-10-05 21:21:31.920 62272 INFO tempest.lib.common.rest_client [req-fd0ff52f-af1e-4782-94cb-502e5e270d62 req-fd0ff52f-af1e-4782-94cb-502e5e270d62 ] Request (AttachInterfacesUnderV243Test:test_add_remove_fixed_ip): 204 DELETE http://10.180.1.21/compute/v2.1/servers/74401e9a-2a20-4797-87c4-ad0eea016866 0.313s
2024-10-05 21:21:31.962 62278 INFO tempest.lib.common.rest_client [req-6751ebc6-f3e7-4c4e-8631-14c2483a4ccc req-6751ebc6-f3e7-4c4e-8631-14c2483a4ccc ] Request (ImagesOneServerNegativeTestJSON:setUpClass): 200 GET http://10.180.1.21/compute/v2.1/servers/e1ddce62-88e5-417d-8f79-dfd126392ae4 0.296s
2024-10-05 21:21:31.981 62274 INFO tempest.lib.common.rest_client [req-ad6a3854-dd59-45f6-a7b8-d33ec9b37412 req-ad6a3854-dd59-45f6-a7b8-d33ec9b37412 ] Request (ServersAdminTestJSON:tearDownClass): 204 DELETE http://10.180.1.21:9696/networking/v2.0/subnets/fc753de2-47c2-4432-96b1-10b9bb36fe6c 0.231s
2024-10-05 21:21:31.982 62318 INFO tempest.lib.common.rest_client [req-f0fe97d0-fc61-4707-9fec-367dd3281ef4 req-f0fe97d0-fc61-4707-9fec-367dd3281ef4 ] Request (MigrationsAdminTest:test_resize_server_revert_deleted_flavor): 200 GET http://10.180.1.21/compute/v2.1/servers/bd04a015-b1f3-4ead-8749-1a4f82e9a9e0 0.289s
2024-10-05 21:21:32.000 62270 INFO tempest.lib.common.rest_client [req-561d301a-fc68-4726-955b-91b67200c7fa req-561d301a-fc68-4726-955b-91b67200c7fa ] Request (ServersAaction247Test:setUpClass): 201 POST http://10.180.1.21/identity/v3/auth/tokens 0.105s
2024-10-05 21:21:32.020 62268 INFO tempest.lib.common.rest_client [req-5d6de022-3972-4c21-94a4-c2f972a81cb9 req-5d6de022-3972-4c21-94a4-c2f972a81cb9 ] Request (ImagesTestJSON:test_create_image_from_suspended_server): 200 GET http://10.180.1.21/compute/v2.1/servers/fdce4039-0716-4974-bef0-68cb4a686825 0.275s
2024-10-05 21:21:32.036 62290 INFO tempest.lib.common.rest_client [req-cab195be-93dd-43e7-8c28-61753020b912 req-cab195be-93dd-43e7-8c28-61753020b912 ] Request (ServerDiskConfigTestJSON:test_rebuild_server_with_auto_disk_config): 200 GET http://10.180.1.21/compute/v2.1/servers/9ea786d6-8ae6-47ae-8b94-52b4ccfe855c 0.206s
2024-10-05 21:21:32.039 62270 INFO tempest.lib.common.rest_client [req-3602b4b4-e64a-4114-90c1-1e1a1746e9c5 req-3602b4b4-e64a-4114-90c1-1e1a1746e9c5 ] Request (ServersAaction247Test:test_create_backup): 201 POST http://10.180.1.21/identity/v3/auth/tokens 0.035s
2024-10-05 21:21:32.040 62270 INFO tempest.lib.common.fixed_network [-] (ServersAaction247Test:test_create_backup) Found network None available for tenant
2024-10-05 21:21:32.056 62272 INFO tempest.lib.common.rest_client [req-f5e0b3a3-3724-45ae-9363-5ce4444a94e9 req-f5e0b3a3-3724-45ae-9363-5ce4444a94e9 ] Request (AttachInterfacesUnderV243Test:test_add_remove_fixed_ip): 404 GET http://10.180.1.21/compute/v2.1/servers/74401e9a-2a20-4797-87c4-ad0eea016866 0.135s
2024-10-05 21:21:32.077 62298 INFO tempest.lib.common.rest_client [req-6c7d8841-84b3-4719-b7d9-e7374bc87cc0 req-6c7d8841-84b3-4719-b7d9-e7374bc87cc0 ] Request (ServerDiagnosticsNegativeTest:test_get_server_diagnostics_by_non_admin): 200 GET http://10.180.1.21/compute/v2.1/servers/b71d39a5-d32c-4169-8e57-6791c4184823 0.196s
2024-10-05 21:21:32.106 62308 INFO tempest.lib.common.rest_client [req-82044d91-882c-46cb-8656-451c2ea78577 req-82044d91-882c-46cb-8656-451c2ea78577 ] Request (ServersNegativeTestMultiTenantJSON:setUpClass): 200 GET http://10.180.1.21/compute/v2.1/servers/a6b4bb48-165c-489c-ae9d-3858a779de06 0.151s
2024-10-05 21:21:32.135 62294 INFO tempest.lib.common.rest_client [req-7c1b5b37-6c14-4114-be7e-e71020645fa4 req-7c1b5b37-6c14-4114-be7e-e71020645fa4 ] Request (ServersWithSpecificFlavorTestJSON:test_verify_created_server_ephemeral_disk): 200 GET http://10.180.1.21/compute/v2.1/servers/9687acdc-f61d-4f9b-88b7-8612106dac16 0.154s
2024-10-05 21:21:32.163 62280 INFO tempest.lib.common.rest_client [req-fbd5b05f-8606-4c05-9669-d6f9fca95999 req-fbd5b05f-8606-4c05-9669-d6f9fca95999 ] Request (ServerExternalEventsTest:test_create_server_external_events): 200 GET http://10.180.1.21/compute/v2.1/servers/0c9b9333-1904-4458-a779-eb195ea3e7bb 0.151s
2024-10-05 21:21:32.217 62292 INFO tempest.lib.common.rest_client [req-00476cc4-876f-4130-9e56-ed2ae8221ae7 req-00476cc4-876f-4130-9e56-ed2ae8221ae7 ] Request (FloatingIPsAssociationTestJSON:setUpClass): 200 GET http://10.180.1.21/compute/v2.1/servers/c572b750-a834-4cdd-992d-7164768fc5f4 0.167s
2024-10-05 21:21:32.240 62272 INFO tempest.lib.common.rest_client [req-358403ec-ae65-4adb-b486-f10f8828a9af req-358403ec-ae65-4adb-b486-f10f8828a9af ] Request (AttachInterfacesUnderV243Test:_run_cleanups): 202 DELETE http://10.180.1.21/compute/v2.1/os-keypairs/tempest-keypair-1896125327 0.183s
2024-10-05 21:21:32.298 62300 INFO tempest.lib.common.rest_client [req-fd42b262-129a-4aeb-b885-04edbbe14c72 req-fd42b262-129a-4aeb-b885-04edbbe14c72 ] Request (DeleteServersAdminTestJSON:test_delete_server_while_in_error_state): 200 GET http://10.180.1.21/compute/v2.1/servers/791632b4-4129-49e6-a38c-80f7e137f970 0.224s
2024-10-05 21:21:32.355 62274 INFO tempest.lib.common.rest_client [req-e546bcf2-1f5c-43bf-877e-e1ccca00428b req-e546bcf2-1f5c-43bf-877e-e1ccca00428b ] Request (ServersAdminTestJSON:tearDownClass): 204 DELETE http://10.180.1.21:9696/networking/v2.0/networks/db6b5fe0-c990-4d41-bdea-8cae2fa73593 0.373s
2024-10-05 21:21:32.360 62270 INFO tempest.lib.common.rest_client [req-0f21857f-b7cb-4fa2-b146-ad5925648e95 req-0f21857f-b7cb-4fa2-b146-ad5925648e95 ] Request (ServersAaction247Test:test_create_backup): 202 POST http://10.180.1.21/compute/v2.1/servers 0.317s
2024-10-05 21:21:32.375 62312 INFO tempest.lib.common.rest_client [req-3acd6f03-ee61-49e2-91ae-adec0b0f7130 req-3acd6f03-ee61-49e2-91ae-adec0b0f7130 ] Request (AttachInterfacesV270Test:test_create_get_list_interfaces): 200 GET http://10.180.1.21/compute/v2.1/servers/61e4dd14-70d6-4f3c-93e0-8e5b0acd0cec 0.261s
2024-10-05 21:21:32.403 62272 INFO tempest.lib.common.rest_client [req-cc8c6a7d-cc67-4972-bfe7-2ce2997806b9 req-cc8c6a7d-cc67-4972-bfe7-2ce2997806b9 ] Request (AttachInterfacesUnderV243Test:_run_cleanups): 204 DELETE http://10.180.1.21:9696/networking/v2.0/security-groups/33f626b3-6d3f-47a4-9b54-bcce43017d10 0.162s
2024-10-05 21:21:32.431 62272 INFO tempest.lib.common.rest_client [req-ef3a73d7-d65b-49ca-9e61-d650e097220e req-ef3a73d7-d65b-49ca-9e61-d650e097220e ] Request (AttachInterfacesUnderV243Test:_run_cleanups): 404 GET http://10.180.1.21:9696/networking/v2.0/security-groups/33f626b3-6d3f-47a4-9b54-bcce43017d10 0.028s
2024-10-05 21:21:32.437 62314 INFO tempest.lib.common.rest_client [req-4d606d5b-7053-426e-93f4-e56cf448f83a req-4d606d5b-7053-426e-93f4-e56cf448f83a ] Request (ServersTestMultiNic:test_verify_multiple_nics_order): 200 GET http://10.180.1.21/compute/v2.1/servers/f694b443-7945-421d-8c2b-05efadb1a4a0 0.192s
2024-10-05 21:21:32.452 62288 INFO tempest.lib.common.rest_client [req-adc2e1b4-a346-4db9-abf4-6cb67df4bcd2 req-adc2e1b4-a346-4db9-abf4-6cb67df4bcd2 ] Request (ListImageFiltersTestJSON:setUpClass): 200 GET http://10.180.1.21/compute/v2.1/servers/99fd1d99-591a-4844-8b8f-faadde5f8356 0.142s
2024-10-05 21:21:32.497 62270 INFO tempest.lib.common.rest_client [req-92a8cbc9-9f0c-4119-8119-0bb80aabb9b3 req-92a8cbc9-9f0c-4119-8119-0bb80aabb9b3 ] Request (ServersAaction247Test:test_create_backup): 200 GET http://10.180.1.21/compute/v2.1/servers/66b71db4-be33-4423-8c9e-492eddeefeca 0.135s
2024-10-05 21:21:32.515 62286 INFO tempest.lib.common.rest_client [req-61b63366-b8eb-487c-9f0b-9d622c5a0390 req-61b63366-b8eb-487c-9f0b-9d622c5a0390 ] Request (FloatingIPsAssociationNegativeTestJSON:setUpClass): 200 GET http://10.180.1.21/compute/v2.1/servers/98e94272-dd3d-465c-886b-cf4bf6a9e454 0.134s
2024-10-05 21:21:32.555 62326 INFO tempest.lib.common.rest_client [req-a6447ecc-a1b3-415f-8823-54bf88518570 req-a6447ecc-a1b3-415f-8823-54bf88518570 ] Request (ServersTestJSON:test_create_server_specify_multibyte_character_name): 200 GET http://10.180.1.21/compute/v2.1/servers/dcfe59db-577b-4373-bebf-939aabf9fe06 0.150s
2024-10-05 21:21:32.563 62310 INFO tempest.lib.common.rest_client [req-088a313d-6175-4565-b240-dc43d8f77dab req-088a313d-6175-4565-b240-dc43d8f77dab ] Request (ServersNegativeTestJSON:setUpClass): 200 GET http://10.180.1.21/compute/v2.1/servers/7f8c944f-e921-409a-956a-91c8e2117ecf 0.100s
2024-10-05 21:21:32.611 62276 INFO tempest.lib.common.rest_client [req-77da4091-d9b6-4e58-bf1c-e6385c6e3891 req-77da4091-d9b6-4e58-bf1c-e6385c6e3891 ] Request (ServerAddressesNegativeTestJSON:setUpClass): 200 GET http://10.180.1.21/compute/v2.1/servers/6f801fe9-bc20-4661-a771-db5d8ce71a57 0.145s
2024-10-05 21:21:32.619 62320 INFO tempest.lib.common.rest_client [req-8b1ca44c-4ae1-48c7-8b02-6afce5dc8f4b req-8b1ca44c-4ae1-48c7-8b02-6afce5dc8f4b ] Request (ServerGroupTestJSON:test_create_server_with_scheduler_hint_group): 200 GET http://10.180.1.21/compute/v2.1/servers/bedd60ed-9ecb-4d30-8cf5-de39b90331be 0.101s
2024-10-05 21:21:32.667 62296 INFO tempest.lib.common.rest_client [req-2e71e09e-84aa-49d2-89ee-6db652e19eea req-2e71e09e-84aa-49d2-89ee-6db652e19eea ] Request (ServersV294TestFqdnHostnames:setUpClass): 200 GET http://10.180.1.21/compute/v2.1/servers/10d51856-6938-435e-ac65-cb91a8486857 0.105s
2024-10-05 21:21:32.702 62306 INFO tempest.lib.common.rest_client [req-509dd1da-a7f4-49f9-bb21-7a2969385d59 req-509dd1da-a7f4-49f9-bb21-7a2969385d59 ] Request (VolumesAdminNegativeTest:test_update_attached_volume_with_nonexistent_volume_in_uri): 200 GET http://10.180.1.21/compute/v2.1/servers/44ca9c9e-a16d-4cc8-9dee-7ff2604a5264 0.051s
2024-10-05 21:21:32.722 62272 INFO tempest.lib.common.rest_client [req-55ab976f-186e-4b68-a058-f162e8a703f9 req-55ab976f-186e-4b68-a058-f162e8a703f9 ] Request (AttachInterfacesUnderV243Test:_run_cleanups): 204 DELETE http://10.180.1.21:9696/networking/v2.0/floatingips/71653494-08a8-4e67-9962-11bf53e70a3f 0.291s
2024-10-05 21:21:32.851 62328 INFO tempest.lib.common.rest_client [req-fc266f05-dfc8-468b-8a4d-cd50a09070df req-fc266f05-dfc8-468b-8a4d-cd50a09070df ] Request (ServerMetadataTestJSON:setUpClass): 200 GET http://10.180.1.21/compute/v2.1/servers/2737381d-3ac6-4c35-99ba-043f37bad9cf 0.067s
2024-10-05 21:21:32.857 62328 INFO tempest.common.waiters [-] State transition "BUILD/block_device_mapping" ==> "BUILD/spawning" after 95 second wait
2024-10-05 21:21:32.926 62304 INFO tempest.lib.common.rest_client [req-c946374d-6692-4d8d-a493-41d7496d02e0 req-c946374d-6692-4d8d-a493-41d7496d02e0 ] Request (InstanceActionsTestJSON:setUpClass): 200 GET http://10.180.1.21/compute/v2.1/servers/25cef25b-75f2-49a5-965a-ff9ce51a150e 0.076s
2024-10-05 21:21:32.976 62282 INFO tempest.lib.common.rest_client [req-288bcb66-ccee-40c8-8bc9-d35c243ae74c req-288bcb66-ccee-40c8-8bc9-d35c243ae74c ] Request (AttachInterfacesTestJSON:test_create_list_show_delete_interfaces_by_fixed_ip): 200 GET http://10.180.1.21/compute/v2.1/servers/afc5aba9-d5d9-441e-9545-845e6ac320a3 0.068s
2024-10-05 21:21:32.983 62282 INFO tempest.common.waiters [-] State transition "BUILD/scheduling" ==> "BUILD/None" after 86 second wait
2024-10-05 21:21:33.034 62278 INFO tempest.lib.common.rest_client [req-5f834b31-b537-458c-8db2-21df506e618c req-5f834b31-b537-458c-8db2-21df506e618c ] Request (ImagesOneServerNegativeTestJSON:setUpClass): 200 GET http://10.180.1.21/compute/v2.1/servers/e1ddce62-88e5-417d-8f79-dfd126392ae4 0.063s
2024-10-05 21:21:33.087 62268 INFO tempest.lib.common.rest_client [req-9318e6b4-15bf-48a6-8e3d-8d5898969876 req-9318e6b4-15bf-48a6-8e3d-8d5898969876 ] Request (ImagesTestJSON:test_create_image_from_suspended_server): 200 GET http://10.180.1.21/compute/v2.1/servers/fdce4039-0716-4974-bef0-68cb4a686825 0.059s
2024-10-05 21:21:33.144 62290 INFO tempest.lib.common.rest_client [req-352a2df9-40bf-4e6f-b418-a2dccd918773 req-352a2df9-40bf-4e6f-b418-a2dccd918773 ] Request (ServerDiskConfigTestJSON:test_rebuild_server_with_auto_disk_config): 200 GET http://10.180.1.21/compute/v2.1/servers/9ea786d6-8ae6-47ae-8b94-52b4ccfe855c 0.094s
2024-10-05 21:21:33.157 62274 INFO tempest.lib.common.rest_client [req-5586197b-8666-4792-9d6a-46be22c2b27e req-5586197b-8666-4792-9d6a-46be22c2b27e ] Request (ServersAdminTestJSON:tearDownClass): 200 PUT http://10.180.1.21:9696/networking/v2.0/routers/43452f62-42c2-4c58-8762-5f6cc9f10a70/remove_router_interface 0.801s
2024-10-05 21:21:33.195 62298 INFO tempest.lib.common.rest_client [req-26c765ba-3c00-46d7-83f4-fc70bf3453a8 req-26c765ba-3c00-46d7-83f4-fc70bf3453a8 ] Request (ServerDiagnosticsNegativeTest:test_get_server_diagnostics_by_non_admin): 200 GET http://10.180.1.21/compute/v2.1/servers/b71d39a5-d32c-4169-8e57-6791c4184823 0.105s
2024-10-05 21:21:33.251 62308 INFO tempest.lib.common.rest_client [req-0416b1d4-38cb-4719-befb-79b6c5e7e9a5 req-0416b1d4-38cb-4719-befb-79b6c5e7e9a5 ] Request (ServersNegativeTestMultiTenantJSON:setUpClass): 200 GET http://10.180.1.21/compute/v2.1/servers/a6b4bb48-165c-489c-ae9d-3858a779de06 0.136s
2024-10-05 21:21:33.257 62318 INFO tempest.lib.common.rest_client [req-0ac23455-71ec-4a71-8ca1-35e9288016a0 req-0ac23455-71ec-4a71-8ca1-35e9288016a0 ] Request (MigrationsAdminTest:test_resize_server_revert_deleted_flavor): 200 GET http://10.180.1.21/compute/v2.1/servers/bd04a015-b1f3-4ead-8749-1a4f82e9a9e0 0.266s
2024-10-05 21:21:33.302 62294 INFO tempest.lib.common.rest_client [req-2245b06a-64a6-4553-b86d-93fe7495d25e req-2245b06a-64a6-4553-b86d-93fe7495d25e ] Request (ServersWithSpecificFlavorTestJSON:test_verify_created_server_ephemeral_disk): 200 GET http://10.180.1.21/compute/v2.1/servers/9687acdc-f61d-4f9b-88b7-8612106dac16 0.157s
2024-10-05 21:21:33.309 62280 INFO tempest.lib.common.rest_client [req-1ab9ccc8-372b-4f15-85bf-e9796cee6805 req-1ab9ccc8-372b-4f15-85bf-e9796cee6805 ] Request (ServerExternalEventsTest:test_create_server_external_events): 200 GET http://10.180.1.21/compute/v2.1/servers/0c9b9333-1904-4458-a779-eb195ea3e7bb 0.136s
2024-10-05 21:21:33.366 62300 INFO tempest.lib.common.rest_client [req-7f9b44f6-3a19-4b70-856b-f9ca255bcbb2 req-7f9b44f6-3a19-4b70-856b-f9ca255bcbb2 ] Request (DeleteServersAdminTestJSON:test_delete_server_while_in_error_state): 200 GET http://10.180.1.21/compute/v2.1/servers/791632b4-4129-49e6-a38c-80f7e137f970 0.057s
2024-10-05 21:21:33.377 62292 INFO tempest.lib.common.rest_client [req-75666435-3dcf-4a1b-b141-c9c4f4fbe5e0 req-75666435-3dcf-4a1b-b141-c9c4f4fbe5e0 ] Request (FloatingIPsAssociationTestJSON:setUpClass): 200 GET http://10.180.1.21/compute/v2.1/servers/c572b750-a834-4cdd-992d-7164768fc5f4 0.150s
2024-10-05 21:21:33.440 62312 INFO tempest.lib.common.rest_client [req-0bfd104b-efb2-44e2-8e26-e04c05ed1d88 req-0bfd104b-efb2-44e2-8e26-e04c05ed1d88 ] Request (AttachInterfacesV270Test:test_create_get_list_interfaces): 200 GET http://10.180.1.21/compute/v2.1/servers/61e4dd14-70d6-4f3c-93e0-8e5b0acd0cec 0.052s
2024-10-05 21:21:33.496 62314 INFO tempest.lib.common.rest_client [req-e64f3298-ddfc-450e-9d71-683e06956b6d req-e64f3298-ddfc-450e-9d71-683e06956b6d ] Request (ServersTestMultiNic:test_verify_multiple_nics_order): 200 GET http://10.180.1.21/compute/v2.1/servers/f694b443-7945-421d-8c2b-05efadb1a4a0 0.050s
2024-10-05 21:21:33.510 62288 INFO tempest.lib.common.rest_client [req-e260afe4-653b-4119-abb8-167b792c5eff req-e260afe4-653b-4119-abb8-167b792c5eff ] Request (ListImageFiltersTestJSON:setUpClass): 200 GET http://10.180.1.21/compute/v2.1/servers/99fd1d99-591a-4844-8b8f-faadde5f8356 0.048s
2024-10-05 21:21:33.553 62274 INFO tempest.lib.common.rest_client [req-09df6a86-fe9b-42f8-9276-0e39e1a88d19 req-09df6a86-fe9b-42f8-9276-0e39e1a88d19 ] Request (ServersAdminTestJSON:tearDownClass): 204 DELETE http://10.180.1.21:9696/networking/v2.0/routers/43452f62-42c2-4c58-8762-5f6cc9f10a70 0.395s
2024-10-05 21:21:33.562 62270 INFO tempest.lib.common.rest_client [req-aa0a2c8d-84a3-4bce-bb90-2cd3b31dc184 req-aa0a2c8d-84a3-4bce-bb90-2cd3b31dc184 ] Request (ServersAaction247Test:test_create_backup): 200 GET http://10.180.1.21/compute/v2.1/servers/66b71db4-be33-4423-8c9e-492eddeefeca 0.055s
2024-10-05 21:21:33.582 62286 INFO tempest.lib.common.rest_client [req-07d1ad88-d37e-41e5-a8b8-2e4d86db1763 req-07d1ad88-d37e-41e5-a8b8-2e4d86db1763 ] Request (FloatingIPsAssociationNegativeTestJSON:setUpClass): 200 GET http://10.180.1.21/compute/v2.1/servers/98e94272-dd3d-465c-886b-cf4bf6a9e454 0.056s
2024-10-05 21:21:33.596 62272 INFO tempest.lib.common.rest_client [req-91518897-16cb-46f3-b5f9-95cd194b09aa req-91518897-16cb-46f3-b5f9-95cd194b09aa ] Request (AttachInterfacesUnderV243Test:tearDownClass): 200 PUT http://10.180.1.21:9696/networking/v2.0/routers/b0826f0a-d7a2-41cd-a1d7-5f3feb58e30e/remove_router_interface 0.872s
2024-10-05 21:21:33.630 62326 INFO tempest.lib.common.rest_client [req-75c8ab99-cb7b-4123-9d52-f1ee98ec2428 req-75c8ab99-cb7b-4123-9d52-f1ee98ec2428 ] Request (ServersTestJSON:test_create_server_specify_multibyte_character_name): 200 GET http://10.180.1.21/compute/v2.1/servers/dcfe59db-577b-4373-bebf-939aabf9fe06 0.061s
2024-10-05 21:21:33.637 62310 INFO tempest.lib.common.rest_client [req-ce394434-db27-4c55-9990-ecd8554d77d4 req-ce394434-db27-4c55-9990-ecd8554d77d4 ] Request (ServersNegativeTestJSON:setUpClass): 200 GET http://10.180.1.21/compute/v2.1/servers/7f8c944f-e921-409a-956a-91c8e2117ecf 0.063s
2024-10-05 21:21:33.661 62274 INFO tempest.lib.common.rest_client [req-f2025545-dc1a-469e-b001-e359f2604ded req-f2025545-dc1a-469e-b001-e359f2604ded ] Request (ServersAdminTestJSON:tearDownClass): 204 DELETE http://10.180.1.21:9696/networking/v2.0/subnets/b326bf31-62bd-402e-ba3e-5ca4ef107e5d 0.108s
2024-10-05 21:21:33.701 62276 INFO tempest.lib.common.rest_client [req-8b3a637d-4441-45e1-978a-f4e3394d5f04 req-8b3a637d-4441-45e1-978a-f4e3394d5f04 ] Request (ServerAddressesNegativeTestJSON:setUpClass): 200 GET http://10.180.1.21/compute/v2.1/servers/6f801fe9-bc20-4661-a771-db5d8ce71a57 0.083s
2024-10-05 21:21:33.770 62296 INFO tempest.lib.common.rest_client [req-2baa730f-317a-4dfe-9b11-bce599bf327c req-2baa730f-317a-4dfe-9b11-bce599bf327c ] Request (ServersV294TestFqdnHostnames:setUpClass): 200 GET http://10.180.1.21/compute/v2.1/servers/10d51856-6938-435e-ac65-cb91a8486857 0.093s
2024-10-05 21:21:33.838 62306 INFO tempest.lib.common.rest_client [req-cc0ff50c-d932-45dd-b158-22a6dd38ad32 req-cc0ff50c-d932-45dd-b158-22a6dd38ad32 ] Request (VolumesAdminNegativeTest:test_update_attached_volume_with_nonexistent_volume_in_uri): 200 GET http://10.180.1.21/compute/v2.1/servers/44ca9c9e-a16d-4cc8-9dee-7ff2604a5264 0.127s
2024-10-05 21:21:33.845 62320 INFO tempest.lib.common.rest_client [req-ecf6dddc-7fe3-44d7-b0b0-0080487a7bd8 req-ecf6dddc-7fe3-44d7-b0b0-0080487a7bd8 ] Request (ServerGroupTestJSON:test_create_server_with_scheduler_hint_group): 200 GET http://10.180.1.21/compute/v2.1/servers/bedd60ed-9ecb-4d30-8cf5-de39b90331be 0.219s
2024-10-05 21:21:33.931 62328 INFO tempest.lib.common.rest_client [req-2a05d076-9d0e-402a-86a3-09cdbc8f85ce req-2a05d076-9d0e-402a-86a3-09cdbc8f85ce ] Request (ServerMetadataTestJSON:setUpClass): 200 GET http://10.180.1.21/compute/v2.1/servers/2737381d-3ac6-4c35-99ba-043f37bad9cf 0.073s
2024-10-05 21:21:33.943 62274 INFO tempest.lib.common.rest_client [req-3af6377b-d035-4a7b-8c6a-adb402b15fac req-3af6377b-d035-4a7b-8c6a-adb402b15fac ] Request (ServersAdminTestJSON:tearDownClass): 204 DELETE http://10.180.1.21:9696/networking/v2.0/networks/25544b03-84c5-41f1-864f-7089c566f4c7 0.281s
2024-10-05 21:21:34.001 62304 INFO tempest.lib.common.rest_client [req-7cd97c61-bbb1-4a2d-9801-46d8b858acb2 req-7cd97c61-bbb1-4a2d-9801-46d8b858acb2 ] Request (InstanceActionsTestJSON:setUpClass): 200 GET http://10.180.1.21/compute/v2.1/servers/25cef25b-75f2-49a5-965a-ff9ce51a150e 0.064s
2024-10-05 21:21:34.031 62282 INFO tempest.lib.common.rest_client [req-622b24f6-11fa-4683-93ff-ef0326d4a63d req-622b24f6-11fa-4683-93ff-ef0326d4a63d ] Request (AttachInterfacesTestJSON:test_create_list_show_delete_interfaces_by_fixed_ip): 200 GET http://10.180.1.21/compute/v2.1/servers/afc5aba9-d5d9-441e-9545-845e6ac320a3 0.047s
2024-10-05 21:21:34.054 62274 INFO tempest.lib.common.rest_client [req-93163f5d-fa12-4407-b4ba-a1b1561ff9f6 req-93163f5d-fa12-4407-b4ba-a1b1561ff9f6 ] Request (ServersAdminTestJSON:tearDownClass): 204 DELETE http://10.180.1.21/identity/v3/users/d3899ef41c484ed9a6ba44185e60efea 0.111s
2024-10-05 21:21:34.110 62278 INFO tempest.lib.common.rest_client [req-2ad191f0-bd95-4552-8482-f39aa846f2b6 req-2ad191f0-bd95-4552-8482-f39aa846f2b6 ] Request (ImagesOneServerNegativeTestJSON:setUpClass): 200 GET http://10.180.1.21/compute/v2.1/servers/e1ddce62-88e5-417d-8f79-dfd126392ae4 0.068s
2024-10-05 21:21:34.141 62274 INFO tempest.lib.common.rest_client [req-06b384b0-7d80-471b-a4fc-f9b719860eb4 req-06b384b0-7d80-471b-a4fc-f9b719860eb4 ] Request (ServersAdminTestJSON:tearDownClass): 204 DELETE http://10.180.1.21/identity/v3/users/f465c9bf7f7a4986bf6af1ca93d651e6 0.086s
2024-10-05 21:21:34.141 62274 INFO tempest.lib.common.dynamic_creds [-] Deleting project and security group for project: 251c7441e83e49bcadd4ccd349b3f84b
2024-10-05 21:21:34.146 62268 INFO tempest.lib.common.rest_client [req-b0011dde-bc88-484a-847d-ec2e80c29829 req-b0011dde-bc88-484a-847d-ec2e80c29829 ] Request (ImagesTestJSON:test_create_image_from_suspended_server): 200 GET http://10.180.1.21/compute/v2.1/servers/fdce4039-0716-4974-bef0-68cb4a686825 0.049s
2024-10-05 21:21:34.151 62272 INFO tempest.lib.common.rest_client [req-27530c21-b80e-4ea9-ba9a-f35d8b43f102 req-27530c21-b80e-4ea9-ba9a-f35d8b43f102 ] Request (AttachInterfacesUnderV243Test:tearDownClass): 204 DELETE http://10.180.1.21:9696/networking/v2.0/routers/b0826f0a-d7a2-41cd-a1d7-5f3feb58e30e 0.554s
2024-10-05 21:21:34.213 62290 INFO tempest.lib.common.rest_client [req-56b87d0a-74c3-41f0-9840-20b3c8f15d1a req-56b87d0a-74c3-41f0-9840-20b3c8f15d1a ] Request (ServerDiskConfigTestJSON:test_rebuild_server_with_auto_disk_config): 200 GET http://10.180.1.21/compute/v2.1/servers/9ea786d6-8ae6-47ae-8b94-52b4ccfe855c 0.060s
2024-10-05 21:21:34.319 62308 INFO tempest.lib.common.rest_client [req-7d5706b1-9c0c-42ac-9f68-1e6990b8eee4 req-7d5706b1-9c0c-42ac-9f68-1e6990b8eee4 ] Request (ServersNegativeTestMultiTenantJSON:setUpClass): 200 GET http://10.180.1.21/compute/v2.1/servers/a6b4bb48-165c-489c-ae9d-3858a779de06 0.057s
2024-10-05 21:21:34.378 62274 INFO tempest.lib.common.rest_client [req-86aaba66-2f67-419d-b71c-4d2dda7d9065 req-86aaba66-2f67-419d-b71c-4d2dda7d9065 ] Request (ServersAdminTestJSON:tearDownClass): 200 GET http://10.180.1.21:9696/networking/v2.0/security-groups?tenant_id=251c7441e83e49bcadd4ccd349b3f84b&name=default 0.237s
2024-10-05 21:21:34.383 62318 INFO tempest.lib.common.rest_client [req-c3418d91-eba8-400b-ab5d-e540835a4660 req-c3418d91-eba8-400b-ab5d-e540835a4660 ] Request (MigrationsAdminTest:test_resize_server_revert_deleted_flavor): 200 GET http://10.180.1.21/compute/v2.1/servers/bd04a015-b1f3-4ead-8749-1a4f82e9a9e0 0.119s
2024-10-05 21:21:34.404 62298 INFO tempest.lib.common.rest_client [req-0c96de8c-8861-455a-a548-b7db7c406a22 req-0c96de8c-8861-455a-a548-b7db7c406a22 ] Request (ServerDiagnosticsNegativeTest:test_get_server_diagnostics_by_non_admin): 200 GET http://10.180.1.21/compute/v2.1/servers/b71d39a5-d32c-4169-8e57-6791c4184823 0.202s
2024-10-05 21:21:34.455 62294 INFO tempest.lib.common.rest_client [req-d386ceea-80d5-4de7-820b-9cf92276116a req-d386ceea-80d5-4de7-820b-9cf92276116a ] Request (ServersWithSpecificFlavorTestJSON:test_verify_created_server_ephemeral_disk): 200 GET http://10.180.1.21/compute/v2.1/servers/9687acdc-f61d-4f9b-88b7-8612106dac16 0.146s
2024-10-05 21:21:34.464 62280 INFO tempest.lib.common.rest_client [req-0666c745-3dfb-4c84-8a06-d928337954b1 req-0666c745-3dfb-4c84-8a06-d928337954b1 ] Request (ServerExternalEventsTest:test_create_server_external_events): 200 GET http://10.180.1.21/compute/v2.1/servers/0c9b9333-1904-4458-a779-eb195ea3e7bb 0.148s
2024-10-05 21:21:34.475 62272 INFO tempest.lib.common.rest_client [req-0bf0ba8c-2997-45a7-9d7e-ca6b4afae804 req-0bf0ba8c-2997-45a7-9d7e-ca6b4afae804 ] Request (AttachInterfacesUnderV243Test:tearDownClass): 204 DELETE http://10.180.1.21:9696/networking/v2.0/subnets/2f1e85e0-f45d-4597-88a7-1b576ef1d5dd 0.324s
2024-10-05 21:21:34.513 62292 INFO tempest.lib.common.rest_client [req-fc2e174a-23f1-43d3-9c1e-a8db80bbc9dc req-fc2e174a-23f1-43d3-9c1e-a8db80bbc9dc ] Request (FloatingIPsAssociationTestJSON:setUpClass): 200 GET http://10.180.1.21/compute/v2.1/servers/c572b750-a834-4cdd-992d-7164768fc5f4 0.124s
2024-10-05 21:21:34.529 62300 INFO tempest.lib.common.rest_client [req-9d00f98b-3b41-4a93-b9e7-6a0049885c6f req-9d00f98b-3b41-4a93-b9e7-6a0049885c6f ] Request (DeleteServersAdminTestJSON:test_delete_server_while_in_error_state): 200 GET http://10.180.1.21/compute/v2.1/servers/791632b4-4129-49e6-a38c-80f7e137f970 0.155s
2024-10-05 21:21:34.559 62274 INFO tempest.lib.common.rest_client [req-d84699da-39cf-4021-94d1-c4610fdefe12 req-d84699da-39cf-4021-94d1-c4610fdefe12 ] Request (ServersAdminTestJSON:tearDownClass): 204 DELETE http://10.180.1.21:9696/networking/v2.0/security-groups/d547b431-14f4-4137-a371-291ac6fbad5b 0.180s
2024-10-05 21:21:34.583 62314 INFO tempest.lib.common.rest_client [req-156f5eaf-ddb1-4468-a8ee-2f31e39ef1b4 req-156f5eaf-ddb1-4468-a8ee-2f31e39ef1b4 ] Request (ServersTestMultiNic:test_verify_multiple_nics_order): 200 GET http://10.180.1.21/compute/v2.1/servers/f694b443-7945-421d-8c2b-05efadb1a4a0 0.079s
2024-10-05 21:21:34.586 62312 INFO tempest.lib.common.rest_client [req-ade23134-9cfd-482a-9602-fbdd2b7ff2cb req-ade23134-9cfd-482a-9602-fbdd2b7ff2cb ] Request (AttachInterfacesV270Test:test_create_get_list_interfaces): 200 GET http://10.180.1.21/compute/v2.1/servers/61e4dd14-70d6-4f3c-93e0-8e5b0acd0cec 0.137s
2024-10-05 21:21:34.637 62270 INFO tempest.lib.common.rest_client [req-17234d81-b876-4eac-9658-80333063910c req-17234d81-b876-4eac-9658-80333063910c ] Request (ServersAaction247Test:test_create_backup): 200 GET http://10.180.1.21/compute/v2.1/servers/66b71db4-be33-4423-8c9e-492eddeefeca 0.064s
2024-10-05 21:21:34.637 62288 INFO tempest.lib.common.rest_client [req-fc4fa9fe-cb8d-4050-a2ae-05180392efde req-fc4fa9fe-cb8d-4050-a2ae-05180392efde ] Request (ListImageFiltersTestJSON:setUpClass): 200 GET http://10.180.1.21/compute/v2.1/servers/99fd1d99-591a-4844-8b8f-faadde5f8356 0.120s
2024-10-05 21:21:34.652 62274 INFO tempest.lib.common.rest_client [req-f308fe2a-7873-44de-a55b-26517a42d5fb req-f308fe2a-7873-44de-a55b-26517a42d5fb ] Request (ServersAdminTestJSON:tearDownClass): 204 DELETE http://10.180.1.21/identity/v3/projects/251c7441e83e49bcadd4ccd349b3f84b 0.093s
2024-10-05 21:21:34.652 62274 INFO tempest.lib.common.dynamic_creds [-] Deleting project and security group for project: 1388869d0ce248b18a92dd01aea6ff60
2024-10-05 21:21:34.687 62286 INFO tempest.lib.common.rest_client [req-08174d48-68fd-411f-90ce-8b9fb44313ee req-08174d48-68fd-411f-90ce-8b9fb44313ee ] Request (FloatingIPsAssociationNegativeTestJSON:setUpClass): 200 GET http://10.180.1.21/compute/v2.1/servers/98e94272-dd3d-465c-886b-cf4bf6a9e454 0.094s
2024-10-05 21:21:34.694 62326 INFO tempest.lib.common.rest_client [req-574612a9-9fbf-4172-92e5-63391e9c1b40 req-574612a9-9fbf-4172-92e5-63391e9c1b40 ] Request (ServersTestJSON:test_create_server_specify_multibyte_character_name): 200 GET http://10.180.1.21/compute/v2.1/servers/dcfe59db-577b-4373-bebf-939aabf9fe06 0.052s
2024-10-05 21:21:34.699 62274 INFO tempest.lib.common.rest_client [req-e24f63c3-aaeb-44b4-bb36-794f765a8d7a req-e24f63c3-aaeb-44b4-bb36-794f765a8d7a ] Request (ServersAdminTestJSON:tearDownClass): 200 GET http://10.180.1.21:9696/networking/v2.0/security-groups?tenant_id=1388869d0ce248b18a92dd01aea6ff60&name=default 0.046s
