2024-10-05 21:19:46.198 62288 INFO tempest.lib.common.rest_client [req-869d14bc-fe4f-4685-9b02-cdf8820983a3 req-869d14bc-fe4f-4685-9b02-cdf8820983a3 ] Request (ListImageFiltersTestJSON:setUpClass): 201 POST http://10.180.1.21/identity/v3/auth/tokens 0.274s
2024-10-05 21:19:46.210 62286 INFO tempest.lib.common.rest_client [req-db5dce38-4cfa-459f-8504-96377b29933a req-db5dce38-4cfa-459f-8504-96377b29933a ] Request (QuotasAdminTestV236:setUpClass): 200 GET http://10.180.1.21/identity/v3/domains?name=Default 0.226s
2024-10-05 21:19:46.218 62276 INFO tempest.lib.common.rest_client [req-43ce99d9-0e03-4698-aa26-57759420230e req-43ce99d9-0e03-4698-aa26-57759420230e ] Request (SecurityGroupRulesNegativeTestJSON:setUpClass): 200 PUT http://10.180.1.21:9696/networking/v2.0/routers/cf5dd3a4-0be9-4b04-a1a6-ab5742633024/add_router_interface 2.736s
2024-10-05 21:19:46.218 62276 INFO tempest.lib.common.dynamic_creds [-] Created isolated network resources for: credentials: Credentials: {'domain_id': 'default', 'domain_name': 'Default', 'username': 'tempest-SecurityGroupRulesNegativeTestJSON-815105762-project-member', 'project_domain_id': 'default', 'project_domain_name': 'Default', 'project_id': '8b6de29b0811495eaefee9a1d6895f8c', 'project_name': 'tempest-SecurityGroupRulesNegativeTestJSON-815105762', 'tenant_id': '8b6de29b0811495eaefee9a1d6895f8c', 'tenant_name': 'tempest-SecurityGroupRulesNegativeTestJSON-815105762', 'user_domain_id': 'default', 'user_domain_name': 'Default', 'user_id': 'be2d0cf81b704fedb8f1e054abcf9ced', 'system': None}, Network: {'id': 'a13c5b11-856d-4f5f-833d-641fb51a6777', 'name': 'tempest-SecurityGroupRulesNegativeTestJSON-657688254-network', 'tenant_id': '8b6de29b0811495eaefee9a1d6895f8c', 'admin_state_up': True, 'mtu': 8950, 'status': 'ACTIVE', 'subnets': [], 'shared': False, 'project_id': '8b6de29b0811495eaefee9a1d6895f8c', 'port_security_enabled': True, 'router:external': False, 'provider:network_type': 'vlan', 'provider:physical_network': 'default', 'provider:segmentation_id': 882, 'is_default': False, 'availability_zone_hints': [], 'availability_zones': [], 'ipv4_address_scope': None, 'ipv6_address_scope': None, 'description': '', 'tags': [], 'created_at': '2024-10-05T21:19:41Z', 'updated_at': '2024-10-05T21:19:41Z', 'revision_number': 1}, Subnet: {'id': 'ae989062-3ea0-4a3c-b416-9cf1c2eddc4d', 'name': 'tempest-SecurityGroupRulesNegativeTestJSON-657688254-subnet', 'tenant_id': '8b6de29b0811495eaefee9a1d6895f8c', 'network_id': 'a13c5b11-856d-4f5f-833d-641fb51a6777', 'ip_version': 4, 'subnetpool_id': None, 'enable_dhcp': True, 'ipv6_ra_mode': None, 'ipv6_address_mode': None, 'gateway_ip': '192.168.128.1', 'cidr': '192.168.128.0/28', 'allocation_pools': [{'start': '192.168.128.2', 'end': '192.168.128.14'}], 'host_routes': [], 'dns_nameservers': [], 'description': '', 'router:external': False, 'service_types': [], 'tags': [], 'created_at': '2024-10-05T21:19:41Z', 'updated_at': '2024-10-05T21:19:41Z', 'revision_number': 0, 'project_id': '8b6de29b0811495eaefee9a1d6895f8c'}, Router: {'id': 'cf5dd3a4-0be9-4b04-a1a6-ab5742633024', 'name': 'tempest-SecurityGroupRulesNegativeTestJSON-657688254-router', 'tenant_id': '8b6de29b0811495eaefee9a1d6895f8c', 'admin_state_up': True, 'status': 'ACTIVE', 'external_gateway_info': {'network_id': 'df4eb953-c6fe-48ee-9891-e1dcc66cbca1', 'external_fixed_ips': [{'subnet_id': '30e2cb7e-7e64-448b-8f43-c414e345292e', 'ip_address': '10.180.180.134'}], 'enable_snat': True}, 'description': '', 'availability_zones': [], 'distributed': False, 'ha': False, 'availability_zone_hints': [], 'routes': [], 'flavor_id': None, 'tags': [], 'created_at': '2024-10-05T21:19:41Z', 'updated_at': '2024-10-05T21:19:42Z', 'revision_number': 2, 'project_id': '8b6de29b0811495eaefee9a1d6895f8c'}
2024-10-05 21:19:46.230 62310 INFO tempest.lib.common.rest_client [req-43f69d5e-d96e-438e-99bb-aee7186051ef req-43f69d5e-d96e-438e-99bb-aee7186051ef ] Request (ServersNegativeTestJSON:setUpClass): 201 POST http://10.180.1.21/identity/v3/projects 0.226s
2024-10-05 21:19:46.256 62290 INFO tempest.lib.common.rest_client [req-65fbbcd7-0535-4f1f-8056-d7b297df7529 req-65fbbcd7-0535-4f1f-8056-d7b297df7529 ] Request (FloatingIPsNegativeTestJSON:tearDownClass): 204 DELETE http://10.180.1.21:9696/networking/v2.0/security-groups/e231b9ba-c814-47c4-9469-d4ffddf9968f 0.111s
2024-10-05 21:19:46.258 62300 INFO tempest.lib.common.rest_client [req-8fcb4528-3d7c-428b-8a82-af5ac7880dd2 req-8fcb4528-3d7c-428b-8a82-af5ac7880dd2 ] Request (DeleteServersAdminTestJSON:test_admin_delete_servers_of_others): 200 GET http://10.180.1.21/compute/v2.1/servers/11fcade3-5436-40f2-b6ab-624b741eb78b 0.673s
2024-10-05 21:19:46.279 62282 INFO tempest.lib.common.rest_client [req-e480ec58-08e4-455c-aab1-306b948a00ed req-e480ec58-08e4-455c-aab1-306b948a00ed ] Request (ImagesMetadataTestJSON:test_set_image_metadata): 200 PUT http://10.180.1.21/compute/v2.1/images/868508af-2209-4f72-ba04-31d5d638e3f4/metadata 0.784s
2024-10-05 21:19:46.283 62318 INFO tempest.lib.common.rest_client [req-3772e83b-c2af-4e66-9a59-f60a752a70d3 req-3772e83b-c2af-4e66-9a59-f60a752a70d3 ] Request (MigrationsAdminTest:test_list_migrations_in_flavor_resize_situation): 404 GET http://10.180.1.21/compute/v2.1/servers/6349725a-9e78-4b6c-99fd-fc6507841737 0.696s
2024-10-05 21:19:46.340 62322 INFO tempest.lib.common.rest_client [req-89160fd8-3073-4cfc-8834-1ade17cfa467 req-89160fd8-3073-4cfc-8834-1ade17cfa467 ] Request (ImagesOneServerTestJSON:setUpClass): 200 GET http://10.180.1.21/compute/v2.1/servers/b796850f-fe12-42f9-97fc-0946499e9ff7 0.714s
2024-10-05 21:19:46.352 62292 INFO tempest.lib.common.rest_client [req-fa4e83b3-3f5a-4da8-8731-57095b3d98a6 req-fa4e83b3-3f5a-4da8-8731-57095b3d98a6 ] Request (FloatingIPsAssociationTestJSON:setUpClass): 201 POST http://10.180.1.21/identity/v3/users 0.198s
2024-10-05 21:19:46.361 62328 INFO tempest.lib.common.rest_client [req-2036845a-859a-43e0-9bcc-f79ee6ec5dbc req-2036845a-859a-43e0-9bcc-f79ee6ec5dbc ] Request (SecurityGroupsTestAdminJSON:tearDownClass): 204 DELETE http://10.180.1.21/identity/v3/projects/c922a2da32a949e6a38892b428f561ae 0.236s
2024-10-05 21:19:46.361 62328 INFO tempest.lib.common.dynamic_creds [-] Deleting project and security group for project: 3c32e8f8ec3d40ac98641ee23a0278d7
2024-10-05 21:19:46.399 62324 INFO tempest.lib.common.rest_client [req-43fa911d-22ff-4176-a0de-b3066952c9fd req-43fa911d-22ff-4176-a0de-b3066952c9fd ] Request (InstanceActionsNegativeTestJSON:setUpClass): 200 GET http://10.180.1.21/compute/v2.1/servers/4225a019-513e-4be5-8d22-1444597df6ed 0.704s
2024-10-05 21:19:46.416 62320 INFO tempest.lib.common.rest_client [req-715e1c1e-49cd-46cf-a98d-c5842de08ee1 req-715e1c1e-49cd-46cf-a98d-c5842de08ee1 ] Request (AggregatesAdminNegativeTestJSON:test_aggregate_remove_host_as_user): 200 POST http://10.180.1.21/compute/v2.1/os-aggregates/7/action 0.752s
2024-10-05 21:19:46.421 62328 INFO tempest.lib.common.rest_client [req-6b3c527a-009e-4b03-91fb-6e187c712ea1 req-6b3c527a-009e-4b03-91fb-6e187c712ea1 ] Request (SecurityGroupsTestAdminJSON:tearDownClass): 200 GET http://10.180.1.21:9696/networking/v2.0/security-groups?tenant_id=3c32e8f8ec3d40ac98641ee23a0278d7&name=default 0.060s
2024-10-05 21:19:46.436 62298 INFO tempest.lib.common.rest_client [req-dca5d33d-86c9-4350-a7a0-5594e960746f req-dca5d33d-86c9-4350-a7a0-5594e960746f ] Request (FlavorsAdminTestJSON:test_is_public_string_variations): 200 GET http://10.180.1.21/compute/v2.1/flavors/detail?is_public=no 0.697s
2024-10-05 21:19:46.448 62286 INFO tempest.lib.common.rest_client [req-c02d2870-fcd5-47e0-acab-d5567a3621f1 req-c02d2870-fcd5-47e0-acab-d5567a3621f1 ] Request (QuotasAdminTestV236:setUpClass): 201 POST http://10.180.1.21/identity/v3/projects 0.238s
2024-10-05 21:19:46.460 62270 INFO tempest.lib.common.rest_client [req-c19bf54a-2455-4e6a-8d78-82c96527311a req-c19bf54a-2455-4e6a-8d78-82c96527311a ] Request (ImagesNegativeTestJSON:test_create_image_from_deleted_server): 200 GET http://10.180.1.21/compute/v2.1/servers/72e581d2-45e8-4c6a-ac2b-59f09a756abb 0.731s
2024-10-05 21:19:46.488 62272 INFO tempest.lib.common.rest_client [req-4fde13bf-0de7-468e-b45a-8c85140c233b req-4fde13bf-0de7-468e-b45a-8c85140c233b ] Request (AttachInterfacesUnderV243Test:test_add_remove_fixed_ip): 200 GET http://10.180.1.21/compute/v2.1/servers/74401e9a-2a20-4797-87c4-ad0eea016866 0.717s
2024-10-05 21:19:46.522 62276 INFO tempest.lib.common.rest_client [req-465fd031-1e06-43cb-ba65-562c556364bd req-465fd031-1e06-43cb-ba65-562c556364bd ] Request (SecurityGroupRulesNegativeTestJSON:setUpClass): 201 POST http://10.180.1.21/identity/v3/auth/tokens 0.296s
2024-10-05 21:19:46.527 62316 INFO tempest.lib.common.rest_client [req-02538d57-3336-4cef-a922-86a25c86c4f1 req-02538d57-3336-4cef-a922-86a25c86c4f1 ] Request (ListServersNegativeTestJSON:setUpClass): 200 GET http://10.180.1.21/compute/v2.1/servers/80f73479-19b0-46f1-a81d-ef59b555e1be 0.702s
2024-10-05 21:19:46.542 62310 INFO tempest.lib.common.rest_client [req-8258f457-510c-4499-a4ce-6f3d36cea81f req-8258f457-510c-4499-a4ce-6f3d36cea81f ] Request (ServersNegativeTestJSON:setUpClass): 201 POST http://10.180.1.21/identity/v3/users 0.311s
2024-10-05 21:19:46.550 62284 INFO tempest.lib.common.rest_client [req-31642d9b-d1bf-4035-a0f3-20cffeb91c21 req-31642d9b-d1bf-4035-a0f3-20cffeb91c21 ] Request (ServerActionsTestOtherB:setUpClass): 200 GET http://10.180.1.21/compute/v2.1/servers/3f48bca6-0762-455f-9557-eacfee0dcc0e 0.718s
2024-10-05 21:19:46.565 62292 INFO tempest.lib.common.rest_client [req-6af0fa0d-a47d-4667-81b1-9f59150a04ba req-6af0fa0d-a47d-4667-81b1-9f59150a04ba ] Request (FloatingIPsAssociationTestJSON:setUpClass): 200 GET http://10.180.1.21/identity/v3/roles 0.212s
2024-10-05 21:19:46.586 62286 INFO tempest.lib.common.rest_client [req-c27ee2d3-7cf2-47fb-b939-ac3f9288ed6e req-c27ee2d3-7cf2-47fb-b939-ac3f9288ed6e ] Request (QuotasAdminTestV236:setUpClass): 201 POST http://10.180.1.21/identity/v3/users 0.137s
2024-10-05 21:19:46.588 62328 INFO tempest.lib.common.rest_client [req-6936ed29-215a-406a-8f44-a44729c21570 req-6936ed29-215a-406a-8f44-a44729c21570 ] Request (SecurityGroupsTestAdminJSON:tearDownClass): 204 DELETE http://10.180.1.21:9696/networking/v2.0/security-groups/91d54fcb-a7c4-4733-93f8-911e27c45acb 0.166s
2024-10-05 21:19:46.614 62290 INFO tempest.lib.common.rest_client [req-328f2006-e0ee-447d-9f41-2a4007c37ce0 req-328f2006-e0ee-447d-9f41-2a4007c37ce0 ] Request (FloatingIPsNegativeTestJSON:tearDownClass): 204 DELETE http://10.180.1.21/identity/v3/projects/eb7da53403ad49969175991e28ad87f8 0.357s
2024-10-05 21:19:46.631 62278 INFO tempest.lib.common.rest_client [req-57403f4e-6f5e-43c5-8d04-8add59159661 req-57403f4e-6f5e-43c5-8d04-8add59159661 ] Request (ServersAdmin275Test:test_rebuild_update_server_275): 200 GET http://10.180.1.21/compute/v2.1/servers/8513a91b-12d3-4cfc-900a-e502d618bbf1 0.669s
2024-10-05 21:19:46.667 62310 INFO tempest.lib.common.rest_client [req-72606d1b-17fb-41e7-a597-91402ce0358b req-72606d1b-17fb-41e7-a597-91402ce0358b ] Request (ServersNegativeTestJSON:setUpClass): 200 GET http://10.180.1.21/identity/v3/roles 0.124s
2024-10-05 21:19:46.671 62312 INFO tempest.lib.common.rest_client [req-3c29a5d9-e58f-438c-8564-2f1a64f27553 req-3c29a5d9-e58f-438c-8564-2f1a64f27553 ] Request (SecurityGroupRulesTestJSON:test_security_group_rules_list): 200 POST http://10.180.1.21/compute/v2.1/os-security-group-rules 0.711s
2024-10-05 21:19:46.685 62292 INFO tempest.lib.common.rest_client [req-f22a7df9-e869-4112-98a8-43559ca37183 req-f22a7df9-e869-4112-98a8-43559ca37183 ] Request (FloatingIPsAssociationTestJSON:setUpClass): 204 PUT http://10.180.1.21/identity/v3/projects/9cd25cab2e114c7c8be1d5a63221dc7c/users/d55a66649a2a419387bf346fcfeeb797/roles/1e4ca2392b724c6286450c03353324b7 0.120s
2024-10-05 21:19:46.685 62292 INFO tempest.lib.common.dynamic_creds [-] Dynamic test user d55a66649a2a419387bf346fcfeeb797 is created with scope project and roles: ['member']
2024-10-05 21:19:46.685 62292 INFO tempest.lib.common.dynamic_creds [-] Acquired dynamic creds: credentials: Credentials: {'domain_id': 'default', 'domain_name': 'Default', 'username': 'tempest-FloatingIPsAssociationTestJSON-912911384-project-member', 'project_domain_id': 'default', 'project_domain_name': 'Default', 'project_id': '9cd25cab2e114c7c8be1d5a63221dc7c', 'project_name': 'tempest-FloatingIPsAssociationTestJSON-912911384', 'tenant_id': '9cd25cab2e114c7c8be1d5a63221dc7c', 'tenant_name': 'tempest-FloatingIPsAssociationTestJSON-912911384', 'user_domain_id': 'default', 'user_domain_name': 'Default', 'user_id': 'd55a66649a2a419387bf346fcfeeb797', 'system': None}, Network: None, Subnet: None, Router: None
2024-10-05 21:19:46.688 62286 INFO tempest.lib.common.rest_client [req-4430a472-fe2d-4e09-aed7-498bfbf678d0 req-4430a472-fe2d-4e09-aed7-498bfbf678d0 ] Request (QuotasAdminTestV236:setUpClass): 200 GET http://10.180.1.21/identity/v3/roles 0.101s
2024-10-05 21:19:46.697 62308 INFO tempest.lib.common.rest_client [req-a0b881f8-586d-4b5c-9342-98d067e160f0 req-a0b881f8-586d-4b5c-9342-98d067e160f0 ] Request (FlavorsV2TestJSON:test_list_flavors_detailed_filter_by_min_disk): 200 GET http://10.180.1.21/compute/v2.1/flavors/detail?minDisk=2 0.615s
2024-10-05 21:19:46.712 62304 INFO tempest.lib.common.rest_client [req-2519c6af-8b0a-47a8-b86b-d76988a44124 req-2519c6af-8b0a-47a8-b86b-d76988a44124 ] Request (ServersTestFqdnHostnames:test_create_server_with_fqdn_name): 200 GET http://10.180.1.21/compute/v2.1/servers/f541baf9-b815-4d63-9be4-173c6b2175d7 0.667s
2024-10-05 21:19:46.757 62282 INFO tempest.lib.common.rest_client [req-7a685761-54d4-4129-974e-225512788bc8 req-7a685761-54d4-4129-974e-225512788bc8 ] Request (ImagesMetadataTestJSON:test_set_image_metadata): 200 GET http://10.180.1.21/compute/v2.1/images/868508af-2209-4f72-ba04-31d5d638e3f4/metadata 0.477s
2024-10-05 21:19:46.764 62290 INFO tempest.lib.common.rest_client [req-764cbce0-2a09-4a4c-bdcc-014c0413bb07 req-764cbce0-2a09-4a4c-bdcc-014c0413bb07 ] Request (ServerDiskConfigTestJSON:setUpClass): 201 POST http://10.180.1.21/identity/v3/auth/tokens 0.148s
2024-10-05 21:19:46.768 62304 INFO tempest.common.waiters [-] State transition "BUILD/spawning" ==> "ERROR/None" after 36 second wait
2024-10-05 21:19:46.771 62274 INFO tempest.lib.common.rest_client [req-05cd43a3-8468-436c-989d-227e93c1ed69 req-05cd43a3-8468-436c-989d-227e93c1ed69 ] Request (ServersAdminTestJSON:setUpClass): 200 GET http://10.180.1.21/compute/v2.1/servers/84d99082-9e9a-48bd-9fcc-366e1433fe13 0.632s
2024-10-05 21:19:46.776 62318 INFO tempest.lib.common.rest_client [req-94d907b2-e62e-462a-bfdf-11477a6c7acb req-94d907b2-e62e-462a-bfdf-11477a6c7acb ] Request (MigrationsAdminTest:test_resize_server_revert_deleted_flavor): 200 GET http://10.180.1.21/compute/v2.1/flavors/42 0.490s
2024-10-05 21:19:46.778 62328 INFO tempest.lib.common.rest_client [req-39345e02-cbf2-49df-b5ac-45c98677ecbf req-39345e02-cbf2-49df-b5ac-45c98677ecbf ] Request (SecurityGroupsTestAdminJSON:tearDownClass): 204 DELETE http://10.180.1.21/identity/v3/projects/3c32e8f8ec3d40ac98641ee23a0278d7 0.190s
2024-10-05 21:19:46.794 62320 INFO tempest.lib.common.rest_client [req-b894cead-eca4-4a47-8390-b4ec48395ce1 req-b894cead-eca4-4a47-8390-b4ec48395ce1 ] Request (AggregatesAdminNegativeTestJSON:test_aggregate_remove_host_as_user): 403 POST http://10.180.1.21/compute/v2.1/os-aggregates/7/action 0.375s
2024-10-05 21:19:46.805 62298 INFO tempest.lib.common.rest_client [req-5c8755e6-c3e7-4240-ae8e-a7f8f5b9d21c req-5c8755e6-c3e7-4240-ae8e-a7f8f5b9d21c ] Request (FlavorsAdminTestJSON:test_is_public_string_variations): 200 GET http://10.180.1.21/compute/v2.1/flavors/detail?is_public=0 0.366s
2024-10-05 21:19:46.856 62310 INFO tempest.lib.common.rest_client [req-8eb8a6f1-7805-4be5-a79e-443218d3077c req-8eb8a6f1-7805-4be5-a79e-443218d3077c ] Request (ServersNegativeTestJSON:setUpClass): 204 PUT http://10.180.1.21/identity/v3/projects/9eaffad5b3e541ef97f3333369c60b9b/users/223f69062b4744e5b9e808a336fd09c7/roles/1e4ca2392b724c6286450c03353324b7 0.188s
2024-10-05 21:19:46.856 62310 INFO tempest.lib.common.dynamic_creds [-] Dynamic test user 223f69062b4744e5b9e808a336fd09c7 is created with scope project and roles: ['member']
2024-10-05 21:19:46.857 62310 INFO tempest.lib.common.dynamic_creds [-] Acquired dynamic creds: credentials: Credentials: {'domain_id': 'default', 'domain_name': 'Default', 'username': 'tempest-ServersNegativeTestJSON-1998717453-project-member', 'project_domain_id': 'default', 'project_domain_name': 'Default', 'project_id': '9eaffad5b3e541ef97f3333369c60b9b', 'project_name': 'tempest-ServersNegativeTestJSON-1998717453', 'tenant_id': '9eaffad5b3e541ef97f3333369c60b9b', 'tenant_name': 'tempest-ServersNegativeTestJSON-1998717453', 'user_domain_id': 'default', 'user_domain_name': 'Default', 'user_id': '223f69062b4744e5b9e808a336fd09c7', 'system': None}, Network: None, Subnet: None, Router: None
2024-10-05 21:19:46.868 62280 INFO tempest.lib.common.rest_client [req-68dec178-bd2b-4a58-9c74-cd3808b2fbaa req-68dec178-bd2b-4a58-9c74-cd3808b2fbaa ] Request (ServerDiagnosticsV248Test:tearDownClass): 200 GET http://10.180.1.21/compute/v2.1/servers/65f379f7-9180-4190-9499-2f0c35e8fea2 0.514s
2024-10-05 21:19:46.898 62292 INFO tempest.lib.common.rest_client [req-8ace1637-7def-4628-8dfa-ec5e14328ca6 req-8ace1637-7def-4628-8dfa-ec5e14328ca6 ] Request (FloatingIPsAssociationTestJSON:setUpClass): 201 POST http://10.180.1.21/identity/v3/auth/tokens 0.212s
2024-10-05 21:19:46.923 62286 INFO tempest.lib.common.rest_client [req-5320358b-5a84-4202-bee9-20b04c21b30c req-5320358b-5a84-4202-bee9-20b04c21b30c ] Request (QuotasAdminTestV236:setUpClass): 204 PUT http://10.180.1.21/identity/v3/projects/4619b9dd1d0745ba8927e8cabdf5cabb/users/f6c5f84e3bd44e54801181cab21c30e8/roles/1e4ca2392b724c6286450c03353324b7 0.234s
2024-10-05 21:19:46.923 62286 INFO tempest.lib.common.dynamic_creds [-] Dynamic test user f6c5f84e3bd44e54801181cab21c30e8 is created with scope project and roles: ['member']
2024-10-05 21:19:46.923 62286 INFO tempest.lib.common.dynamic_creds [-] Acquired dynamic creds: credentials: Credentials: {'domain_id': 'default', 'domain_name': 'Default', 'username': 'tempest-QuotasAdminTestV236-435898475-project-member', 'project_domain_id': 'default', 'project_domain_name': 'Default', 'project_id': '4619b9dd1d0745ba8927e8cabdf5cabb', 'project_name': 'tempest-QuotasAdminTestV236-435898475', 'tenant_id': '4619b9dd1d0745ba8927e8cabdf5cabb', 'tenant_name': 'tempest-QuotasAdminTestV236-435898475', 'user_domain_id': 'default', 'user_domain_name': 'Default', 'user_id': 'f6c5f84e3bd44e54801181cab21c30e8', 'system': None}, Network: None, Subnet: None, Router: None
2024-10-05 21:19:46.923 62286 INFO tempest.lib.common.dynamic_creds [-] Created isolated network resources for: credentials: Credentials: {'domain_id': 'default', 'domain_name': 'Default', 'username': 'tempest-QuotasAdminTestV236-435898475-project-member', 'project_domain_id': 'default', 'project_domain_name': 'Default', 'project_id': '4619b9dd1d0745ba8927e8cabdf5cabb', 'project_name': 'tempest-QuotasAdminTestV236-435898475', 'tenant_id': '4619b9dd1d0745ba8927e8cabdf5cabb', 'tenant_name': 'tempest-QuotasAdminTestV236-435898475', 'user_domain_id': 'default', 'user_domain_name': 'Default', 'user_id': 'f6c5f84e3bd44e54801181cab21c30e8', 'system': None}, Network: None, Subnet: None, Router: None
2024-10-05 21:19:46.924 62290 INFO tempest.lib.common.rest_client [req-d9ddccd6-20cc-419e-bc94-fae69135f1b8 req-d9ddccd6-20cc-419e-bc94-fae69135f1b8 ] Request (ServerDiskConfigTestJSON:setUpClass): 201 POST http://10.180.1.21/identity/v3/auth/tokens 0.150s
2024-10-05 21:19:46.937 62294 INFO tempest.lib.common.rest_client [req-db0f1546-b601-4b0b-a551-fc9e51a103ed req-db0f1546-b601-4b0b-a551-fc9e51a103ed ] Request (VolumesAssistedSnapshotsTest:test_volume_assisted_snapshot_create_delete): 200 GET http://10.180.1.21/compute/v2.1/servers/ce2ea43f-e977-4211-bb83-3014d18cb162 0.357s
2024-10-05 21:19:46.973 62328 INFO tempest.lib.common.rest_client [req-8ac08c6c-584d-489e-ad5d-ccd7cd9ce319 req-8ac08c6c-584d-489e-ad5d-ccd7cd9ce319 ] Request (ServerMetadataTestJSON:setUpClass): 201 POST http://10.180.1.21/identity/v3/auth/tokens 0.193s
2024-10-05 21:19:47.028 62330 INFO tempest.lib.common.rest_client [req-4eef0168-6d71-401b-93b5-f7dbe4de4750 req-4eef0168-6d71-401b-93b5-f7dbe4de4750 ] Request (VolumesTestJSON:tearDownClass): 404 GET http://10.180.1.21/volume/v3/cc76b641f93e4701bff5c7b41f19d644/volumes/b295a548-56eb-4e77-b723-861987cf6d10 0.017s
2024-10-05 21:19:47.050 62310 INFO tempest.lib.common.rest_client [req-5a95c5ad-cf14-4202-a70b-f860613dac02 req-5a95c5ad-cf14-4202-a70b-f860613dac02 ] Request (ServersNegativeTestJSON:setUpClass): 201 POST http://10.180.1.21/identity/v3/auth/tokens 0.193s
2024-10-05 21:19:47.068 62290 INFO tempest.lib.common.rest_client [req-0abf74be-3f91-4425-bffc-1932af38a26a req-0abf74be-3f91-4425-bffc-1932af38a26a ] Request (ServerDiskConfigTestJSON:setUpClass): 200 GET http://10.180.1.21/identity/v3/domains?name=Default 0.144s
2024-10-05 21:19:47.075 62330 INFO tempest.lib.common.rest_client [req-4cdec761-bc55-4ab2-88d7-a303f2a56519 req-4cdec761-bc55-4ab2-88d7-a303f2a56519 ] Request (VolumesTestJSON:tearDownClass): 202 DELETE http://10.180.1.21/volume/v3/cc76b641f93e4701bff5c7b41f19d644/volumes/f99a47be-d49e-4954-8016-b177646b457b 0.046s
2024-10-05 21:19:47.079 62326 INFO tempest.lib.common.rest_client [req-54790742-cc3b-4370-a2c1-b045122916fe req-54790742-cc3b-4370-a2c1-b045122916fe ] Request (ServerAddressesTestJSON:setUpClass): 200 GET http://10.180.1.21/compute/v2.1/servers/889a7971-f3f8-4e9c-ab0d-3744fe2bc951 0.432s
2024-10-05 21:19:47.088 62326 INFO tempest.common.waiters [-] State transition "BUILD/networking" ==> "BUILD/spawning" after 18 second wait
2024-10-05 21:19:47.107 62330 INFO tempest.lib.common.rest_client [req-c38b3c66-3e1d-437c-9ba0-87b84bac96ef req-c38b3c66-3e1d-437c-9ba0-87b84bac96ef ] Request (VolumesTestJSON:tearDownClass): 200 GET http://10.180.1.21/volume/v3/cc76b641f93e4701bff5c7b41f19d644/volumes/f99a47be-d49e-4954-8016-b177646b457b 0.031s
2024-10-05 21:19:47.134 62328 INFO tempest.lib.common.rest_client [req-d32160e2-29c4-4944-abcf-76422a451371 req-d32160e2-29c4-4944-abcf-76422a451371 ] Request (ServerMetadataTestJSON:setUpClass): 201 POST http://10.180.1.21/identity/v3/auth/tokens 0.159s
2024-10-05 21:19:47.141 62286 INFO tempest.lib.common.rest_client [req-361cc645-d000-4ffe-b880-957334d27d56 req-361cc645-d000-4ffe-b880-957334d27d56 ] Request (QuotasAdminTestV236:setUpClass): 201 POST http://10.180.1.21/identity/v3/auth/tokens 0.212s
2024-10-05 21:19:47.182 62290 INFO tempest.lib.common.rest_client [req-d6fdfaf6-4187-4127-a2d3-cf1b31de737a req-d6fdfaf6-4187-4127-a2d3-cf1b31de737a ] Request (ServerDiskConfigTestJSON:setUpClass): 201 POST http://10.180.1.21/identity/v3/projects 0.113s
2024-10-05 21:19:47.204 62276 INFO tempest.lib.common.rest_client [req-f910c375-1086-4a4e-b168-7078d975b566 req-f910c375-1086-4a4e-b168-7078d975b566 ] Request (SecurityGroupRulesNegativeTestJSON:test_create_security_group_rule_duplicate): 200 POST http://10.180.1.21/compute/v2.1/os-security-groups 0.680s
2024-10-05 21:19:47.226 62288 INFO tempest.lib.common.rest_client [req-884897b0-1cd6-4204-ad64-796def71ef26 req-884897b0-1cd6-4204-ad64-796def71ef26 ] Request (ListImageFiltersTestJSON:setUpClass): 201 POST http://10.180.1.21/image/v2/images 1.027s
2024-10-05 21:19:47.229 62308 INFO tempest.lib.common.rest_client [req-9ccd3ac2-4304-4502-9709-8749de9fb54f req-9ccd3ac2-4304-4502-9709-8749de9fb54f ] Request (FlavorsV2TestJSON:test_list_flavors_detailed_filter_by_min_ram): 200 GET http://10.180.1.21/compute/v2.1/flavors/42 0.524s
2024-10-05 21:19:47.237 62328 INFO tempest.lib.common.rest_client [req-69adfd56-191b-4028-97d3-eb2c28ec53d0 req-69adfd56-191b-4028-97d3-eb2c28ec53d0 ] Request (ServerMetadataTestJSON:setUpClass): 200 GET http://10.180.1.21/identity/v3/domains?name=Default 0.102s
2024-10-05 21:19:47.246 62286 INFO tempest.lib.common.rest_client [req-ea005331-da3d-4deb-8075-bec21884ef6d req-ea005331-da3d-4deb-8075-bec21884ef6d ] Request (QuotasAdminTestV236:setUpClass): 201 POST http://10.180.1.21/identity/v3/projects 0.103s
2024-10-05 21:19:47.280 62290 INFO tempest.lib.common.rest_client [req-ff89c29a-2b7b-4547-a36a-1c76065a12eb req-ff89c29a-2b7b-4547-a36a-1c76065a12eb ] Request (ServerDiskConfigTestJSON:setUpClass): 201 POST http://10.180.1.21/identity/v3/users 0.097s
2024-10-05 21:19:47.298 62268 INFO tempest.lib.common.rest_client [req-4d518ca9-26ec-476d-a016-61efa0ba1b12 req-4d518ca9-26ec-476d-a016-61efa0ba1b12 ] Request (ImagesTestJSON:test_create_image_from_stopped_server): 200 GET http://10.180.1.21/compute/v2.1/servers/248f716d-8174-41eb-9445-3d3094ad2f70 0.560s
2024-10-05 21:19:47.348 62328 INFO tempest.lib.common.rest_client [req-31fd2c37-ecf8-4c06-a325-12bb843d58e2 req-31fd2c37-ecf8-4c06-a325-12bb843d58e2 ] Request (ServerMetadataTestJSON:setUpClass): 201 POST http://10.180.1.21/identity/v3/projects 0.110s
2024-10-05 21:19:47.381 62286 INFO tempest.lib.common.rest_client [req-0749addf-9a52-4a49-a0ec-43069d0d5bb0 req-0749addf-9a52-4a49-a0ec-43069d0d5bb0 ] Request (QuotasAdminTestV236:setUpClass): 201 POST http://10.180.1.21/identity/v3/users 0.133s
2024-10-05 21:19:47.435 62290 INFO tempest.lib.common.rest_client [req-e71a59bc-9921-4294-8a4f-452e2383c14c req-e71a59bc-9921-4294-8a4f-452e2383c14c ] Request (ServerDiskConfigTestJSON:setUpClass): 200 GET http://10.180.1.21/identity/v3/roles 0.155s
2024-10-05 21:19:47.450 62286 INFO tempest.lib.common.rest_client [req-10ba5d6b-97d0-47c8-948a-70a341cea4fb req-10ba5d6b-97d0-47c8-948a-70a341cea4fb ] Request (QuotasAdminTestV236:setUpClass): 200 GET http://10.180.1.21/identity/v3/roles 0.068s
2024-10-05 21:19:47.452 62328 INFO tempest.lib.common.rest_client [req-a8b5ab83-3f78-4fec-b4a0-f956558496ef req-a8b5ab83-3f78-4fec-b4a0-f956558496ef ] Request (ServerMetadataTestJSON:setUpClass): 201 POST http://10.180.1.21/identity/v3/users 0.103s
2024-10-05 21:19:47.484 62290 INFO tempest.lib.common.rest_client [req-777fd4b5-61c0-485e-9503-767fc4e73f84 req-777fd4b5-61c0-485e-9503-767fc4e73f84 ] Request (ServerDiskConfigTestJSON:setUpClass): 204 PUT http://10.180.1.21/identity/v3/projects/94cc5b0a7e924a58b350f78b24e83621/users/408b1aa9aa744ebdb37f765eb2458789/roles/1e4ca2392b724c6286450c03353324b7 0.049s
2024-10-05 21:19:47.485 62290 INFO tempest.lib.common.dynamic_creds [-] Dynamic test user 408b1aa9aa744ebdb37f765eb2458789 is created with scope project and roles: ['member']
2024-10-05 21:19:47.485 62290 INFO tempest.lib.common.dynamic_creds [-] Acquired dynamic creds: credentials: Credentials: {'domain_id': 'default', 'domain_name': 'Default', 'username': 'tempest-ServerDiskConfigTestJSON-163582830-project-member', 'project_domain_id': 'default', 'project_domain_name': 'Default', 'project_id': '94cc5b0a7e924a58b350f78b24e83621', 'project_name': 'tempest-ServerDiskConfigTestJSON-163582830', 'tenant_id': '94cc5b0a7e924a58b350f78b24e83621', 'tenant_name': 'tempest-ServerDiskConfigTestJSON-163582830', 'user_domain_id': 'default', 'user_domain_name': 'Default', 'user_id': '408b1aa9aa744ebdb37f765eb2458789', 'system': None}, Network: None, Subnet: None, Router: None
2024-10-05 21:19:47.485 62286 INFO tempest.lib.common.rest_client [req-b90a204d-0aa6-4cb7-8161-089232d7f7ef req-b90a204d-0aa6-4cb7-8161-089232d7f7ef ] Request (QuotasAdminTestV236:setUpClass): 204 PUT http://10.180.1.21/identity/v3/projects/ddaf2296582b47a092da499ac41837f1/users/4f6e1f3c51a24381a17a215d54351837/roles/0064f926235d46198cb02ce0b222e34c 0.035s
2024-10-05 21:19:47.490 62312 INFO tempest.lib.common.rest_client [req-6def9d9e-c798-4310-b8d2-404c6363b036 req-6def9d9e-c798-4310-b8d2-404c6363b036 ] Request (SecurityGroupRulesTestJSON:test_security_group_rules_list): 200 POST http://10.180.1.21/compute/v2.1/os-security-group-rules 0.817s
2024-10-05 21:19:47.541 62328 INFO tempest.lib.common.rest_client [req-0eaf7989-9a66-4cc1-81d3-55ee8d87a172 req-0eaf7989-9a66-4cc1-81d3-55ee8d87a172 ] Request (ServerMetadataTestJSON:setUpClass): 200 GET http://10.180.1.21/identity/v3/roles 0.088s
2024-10-05 21:19:47.553 62290 INFO tempest.lib.common.rest_client [req-8a4fea98-559a-440f-a663-9d3f549b9f93 req-8a4fea98-559a-440f-a663-9d3f549b9f93 ] Request (ServerDiskConfigTestJSON:setUpClass): 201 POST http://10.180.1.21/identity/v3/auth/tokens 0.067s
2024-10-05 21:19:47.564 62286 INFO tempest.lib.common.rest_client [req-0e301e20-ec2a-4cbf-aa0e-ecd26e90dfb7 req-0e301e20-ec2a-4cbf-aa0e-ecd26e90dfb7 ] Request (QuotasAdminTestV236:setUpClass): 200 GET http://10.180.1.21/identity/v3/roles 0.077s
2024-10-05 21:19:47.573 62292 INFO tempest.lib.common.rest_client [req-e6770e9c-9cac-4a8e-bb7a-2bafb07d3e19 req-e6770e9c-9cac-4a8e-bb7a-2bafb07d3e19 ] Request (FloatingIPsAssociationTestJSON:setUpClass): 201 POST http://10.180.1.21:9696/networking/v2.0/networks 0.674s
2024-10-05 21:19:47.573 62310 INFO tempest.lib.common.rest_client [req-122942ef-a22b-48e2-8e03-bf5321430fd7 req-122942ef-a22b-48e2-8e03-bf5321430fd7 ] Request (ServersNegativeTestJSON:setUpClass): 201 POST http://10.180.1.21:9696/networking/v2.0/networks 0.523s
2024-10-05 21:19:47.580 62328 INFO tempest.lib.common.rest_client [req-e5c947f4-b788-491b-97f5-ce9af178d258 req-e5c947f4-b788-491b-97f5-ce9af178d258 ] Request (ServerMetadataTestJSON:setUpClass): 204 PUT http://10.180.1.21/identity/v3/projects/91a33269f0db48da838a3b004a39d194/users/bcb9ae909fff4a4081f5713cc59ef61e/roles/1e4ca2392b724c6286450c03353324b7 0.038s
2024-10-05 21:19:47.580 62328 INFO tempest.lib.common.dynamic_creds [-] Dynamic test user bcb9ae909fff4a4081f5713cc59ef61e is created with scope project and roles: ['member']
2024-10-05 21:19:47.580 62328 INFO tempest.lib.common.dynamic_creds [-] Acquired dynamic creds: credentials: Credentials: {'domain_id': 'default', 'domain_name': 'Default', 'username': 'tempest-ServerMetadataTestJSON-679191268-project-member', 'project_domain_id': 'default', 'project_domain_name': 'Default', 'project_id': '91a33269f0db48da838a3b004a39d194', 'project_name': 'tempest-ServerMetadataTestJSON-679191268', 'tenant_id': '91a33269f0db48da838a3b004a39d194', 'tenant_name': 'tempest-ServerMetadataTestJSON-679191268', 'user_domain_id': 'default', 'user_domain_name': 'Default', 'user_id': 'bcb9ae909fff4a4081f5713cc59ef61e', 'system': None}, Network: None, Subnet: None, Router: None
2024-10-05 21:19:47.583 62282 INFO tempest.lib.common.rest_client [req-fcc6f57a-d79e-4a7b-bd04-6883ff7ba31d req-fcc6f57a-d79e-4a7b-bd04-6883ff7ba31d ] Request (ImagesMetadataTestJSON:setUp): 200 PUT http://10.180.1.21/compute/v2.1/images/868508af-2209-4f72-ba04-31d5d638e3f4/metadata 0.824s
2024-10-05 21:19:47.601 62318 INFO tempest.lib.common.rest_client [req-c5eb1b52-bcd5-46fe-9326-d8399cca16bb req-c5eb1b52-bcd5-46fe-9326-d8399cca16bb ] Request (MigrationsAdminTest:test_resize_server_revert_deleted_flavor): 200 POST http://10.180.1.21/compute/v2.1/flavors 0.821s
2024-10-05 21:19:47.640 62286 INFO tempest.lib.common.rest_client [req-424238c1-e84f-49b5-9bbe-bb33115765eb req-424238c1-e84f-49b5-9bbe-bb33115765eb ] Request (QuotasAdminTestV236:setUpClass): 204 PUT http://10.180.1.21/identity/v3/projects/ddaf2296582b47a092da499ac41837f1/users/4f6e1f3c51a24381a17a215d54351837/roles/0064f926235d46198cb02ce0b222e34c 0.075s
2024-10-05 21:19:47.641 62286 INFO tempest.lib.common.dynamic_creds [-] Dynamic test user 4f6e1f3c51a24381a17a215d54351837 is created with scope project and roles: ['admin']
2024-10-05 21:19:47.641 62286 INFO tempest.lib.common.dynamic_creds [-] Acquired dynamic creds: credentials: Credentials: {'domain_id': 'default', 'domain_name': 'Default', 'username': 'tempest-QuotasAdminTestV236-663289832-project-admin', 'project_domain_id': 'default', 'project_domain_name': 'Default', 'project_id': 'ddaf2296582b47a092da499ac41837f1', 'project_name': 'tempest-QuotasAdminTestV236-663289832', 'tenant_id': 'ddaf2296582b47a092da499ac41837f1', 'tenant_name': 'tempest-QuotasAdminTestV236-663289832', 'user_domain_id': 'default', 'user_domain_name': 'Default', 'user_id': '4f6e1f3c51a24381a17a215d54351837', 'system': None}, Network: None, Subnet: None, Router: None
2024-10-05 21:19:47.641 62286 INFO tempest.lib.common.dynamic_creds [-] Created isolated network resources for: credentials: Credentials: {'domain_id': 'default', 'domain_name': 'Default', 'username': 'tempest-QuotasAdminTestV236-663289832-project-admin', 'project_domain_id': 'default', 'project_domain_name': 'Default', 'project_id': 'ddaf2296582b47a092da499ac41837f1', 'project_name': 'tempest-QuotasAdminTestV236-663289832', 'tenant_id': 'ddaf2296582b47a092da499ac41837f1', 'tenant_name': 'tempest-QuotasAdminTestV236-663289832', 'user_domain_id': 'default', 'user_domain_name': 'Default', 'user_id': '4f6e1f3c51a24381a17a215d54351837', 'system': None}, Network: None, Subnet: None, Router: None
2024-10-05 21:19:47.698 62328 INFO tempest.lib.common.rest_client [req-77a6e4a9-460c-4a0b-bc10-f7d93d79d79c req-77a6e4a9-460c-4a0b-bc10-f7d93d79d79c ] Request (ServerMetadataTestJSON:setUpClass): 201 POST http://10.180.1.21/identity/v3/auth/tokens 0.118s
2024-10-05 21:19:47.745 62320 INFO tempest.lib.common.rest_client [req-763c99d3-37e5-43a5-b480-eaf5764a62af req-763c99d3-37e5-43a5-b480-eaf5764a62af ] Request (AggregatesAdminNegativeTestJSON:_run_cleanups): 200 POST http://10.180.1.21/compute/v2.1/os-aggregates/7/action 0.950s
2024-10-05 21:19:47.756 62286 INFO tempest.lib.common.rest_client [req-54ddfbff-7aa4-4893-b429-fe8a062651a3 req-54ddfbff-7aa4-4893-b429-fe8a062651a3 ] Request (QuotasAdminTestV236:setUpClass): 201 POST http://10.180.1.21/identity/v3/auth/tokens 0.111s
2024-10-05 21:19:47.766 62298 INFO tempest.lib.common.rest_client [req-1cc1e479-e465-4421-9bbc-d427be416193 req-1cc1e479-e465-4421-9bbc-d427be416193 ] Request (FlavorsAdminTestJSON:test_is_public_string_variations): 200 GET http://10.180.1.21/compute/v2.1/flavors/detail?is_public=t 0.958s
2024-10-05 21:19:47.767 62304 INFO tempest.lib.common.rest_client [req-f3d6f322-20d4-467c-8cfc-e9c5ab58dddf req-f3d6f322-20d4-467c-8cfc-e9c5ab58dddf ] Request (ServersTestFqdnHostnames:test_create_server_with_fqdn_name): 204 DELETE http://10.180.1.21/compute/v2.1/servers/f541baf9-b815-4d63-9be4-173c6b2175d7 0.999s
2024-10-05 21:19:47.783 62286 INFO tempest.lib.common.rest_client [req-e2a7782a-216d-4ee1-acc6-80cd6b87ee48 req-e2a7782a-216d-4ee1-acc6-80cd6b87ee48 ] Request (QuotasAdminTestV236:test_get_updated_quotas): 200 GET http://10.180.1.21/identity/v3/domains?name=Default 0.025s
2024-10-05 21:19:47.823 62286 INFO tempest.lib.common.rest_client [req-80924444-6e3a-4993-be0f-6746bb90e947 req-80924444-6e3a-4993-be0f-6746bb90e947 ] Request (QuotasAdminTestV236:test_get_updated_quotas): 201 POST http://10.180.1.21/identity/v3/projects 0.039s
2024-10-05 21:19:47.840 62302 INFO tempest.lib.common.rest_client [req-6f9305a7-fac2-4944-8881-e898e742968d req-6f9305a7-fac2-4944-8881-e898e742968d ] Request (ServerShowV254Test:test_rebuild_server): 200 GET http://10.180.1.21/compute/v2.1/servers/fc4556dd-d2ff-495b-b03b-fe55dd9902b3 0.851s
2024-10-05 21:19:47.852 62314 INFO tempest.lib.common.rest_client [req-001f0f15-b1e8-4f12-abb9-42351532af0b req-001f0f15-b1e8-4f12-abb9-42351532af0b ] Request (ServersTestMultiNic:test_verify_duplicate_network_nics): 200 GET http://10.180.1.21/compute/v2.1/servers/9461cc5d-99dd-449b-97a9-586cf5aa7cb9 1.009s
2024-10-05 21:19:47.872 62292 INFO tempest.lib.common.rest_client [req-aa4f1489-aba8-4791-9a34-2757192dd04c req-aa4f1489-aba8-4791-9a34-2757192dd04c ] Request (FloatingIPsAssociationTestJSON:setUpClass): 201 POST http://10.180.1.21:9696/networking/v2.0/subnets 0.298s
2024-10-05 21:19:47.884 62310 INFO tempest.lib.common.rest_client [req-a35d358a-bd3c-4708-baa1-be31230b8d18 req-a35d358a-bd3c-4708-baa1-be31230b8d18 ] Request (ServersNegativeTestJSON:setUpClass): 201 POST http://10.180.1.21:9696/networking/v2.0/subnets 0.310s
2024-10-05 21:19:47.886 62286 INFO tempest.lib.common.rest_client [req-5177a2f6-c70d-45aa-8b8c-6063e6e5320a req-5177a2f6-c70d-45aa-8b8c-6063e6e5320a ] Request (QuotasAdminTestV236:test_get_updated_quotas): 200 GET http://10.180.1.21/identity/v3/domains?name=Default 0.062s
2024-10-05 21:19:47.930 62306 INFO tempest.lib.common.rest_client [req-92b2c76a-f0b8-4fdf-a397-513cf8fd7e31 req-92b2c76a-f0b8-4fdf-a397-513cf8fd7e31 ] Request (VolumesAdminNegativeTest:test_update_attached_volume_with_nonexistent_volume_in_body): 200 GET http://10.180.1.21/compute/v2.1/servers/15840e95-6565-4b0a-b1a1-d97e42c55325 0.740s
2024-10-05 21:19:47.940 62296 INFO tempest.lib.common.rest_client [req-02b9827d-0bc6-4193-bbec-cd9032ee15c7 req-02b9827d-0bc6-4193-bbec-cd9032ee15c7 ] Request (ServersAdminNegativeTestJSON:setUpClass): 200 GET http://10.180.1.21/compute/v2.1/servers/3d32529a-7c69-49eb-8066-b964c3058b5f 0.871s
2024-10-05 21:19:47.947 62296 INFO tempest.common.waiters [-] State transition "BUILD/scheduling" ==> "BUILD/None" after 8 second wait
2024-10-05 21:19:47.969 62308 INFO tempest.lib.common.rest_client [req-0fcba987-9bc1-49a1-9e76-1c99e59b2fc2 req-0fcba987-9bc1-49a1-9e76-1c99e59b2fc2 ] Request (FlavorsV2TestJSON:test_list_flavors_detailed_filter_by_min_ram): 200 GET http://10.180.1.21/compute/v2.1/flavors/detail?minRam=193 0.737s
2024-10-05 21:19:48.131 62330 INFO tempest.lib.common.rest_client [req-90c5f5a6-f633-47c1-bc99-19a48b370851 req-90c5f5a6-f633-47c1-bc99-19a48b370851 ] Request (VolumesTestJSON:tearDownClass): 404 GET http://10.180.1.21/volume/v3/cc76b641f93e4701bff5c7b41f19d644/volumes/f99a47be-d49e-4954-8016-b177646b457b 0.016s
2024-10-05 21:19:48.183 62330 INFO tempest.lib.common.rest_client [req-f8043e67-953d-4a86-bf8d-07f33e7781af req-f8043e67-953d-4a86-bf8d-07f33e7781af ] Request (VolumesTestJSON:tearDownClass): 202 DELETE http://10.180.1.21/volume/v3/cc76b641f93e4701bff5c7b41f19d644/volumes/a1029f43-311c-4630-b65b-a0555921f242 0.051s
2024-10-05 21:19:48.198 62300 INFO tempest.lib.common.rest_client [req-36a29201-8a7f-4752-bc7b-1bb2f3af88a8 req-36a29201-8a7f-4752-bc7b-1bb2f3af88a8 ] Request (DeleteServersAdminTestJSON:test_admin_delete_servers_of_others): 200 GET http://10.180.1.21/compute/v2.1/servers/11fcade3-5436-40f2-b6ab-624b741eb78b 0.929s
2024-10-05 21:19:48.209 62330 INFO tempest.lib.common.rest_client [req-75c36170-f891-4904-909e-579a57600332 req-75c36170-f891-4904-909e-579a57600332 ] Request (VolumesTestJSON:tearDownClass): 200 GET http://10.180.1.21/volume/v3/cc76b641f93e4701bff5c7b41f19d644/volumes/a1029f43-311c-4630-b65b-a0555921f242 0.026s
2024-10-05 21:19:48.302 62322 INFO tempest.lib.common.rest_client [req-76907b4e-d815-4832-b48d-82b2cd9aa473 req-76907b4e-d815-4832-b48d-82b2cd9aa473 ] Request (ImagesOneServerTestJSON:setUpClass): 200 GET http://10.180.1.21/compute/v2.1/servers/b796850f-fe12-42f9-97fc-0946499e9ff7 0.955s
2024-10-05 21:19:48.310 62276 INFO tempest.lib.common.rest_client [req-e82c84ee-59d4-4ebe-8123-412667fb2599 req-e82c84ee-59d4-4ebe-8123-412667fb2599 ] Request (SecurityGroupRulesNegativeTestJSON:test_create_security_group_rule_duplicate): 200 POST http://10.180.1.21/compute/v2.1/os-security-group-rules 1.097s
2024-10-05 21:19:48.390 62290 INFO tempest.lib.common.rest_client [req-21333286-7cf2-4711-b23f-711608212be4 req-21333286-7cf2-4711-b23f-711608212be4 ] Request (ServerDiskConfigTestJSON:setUpClass): 201 POST http://10.180.1.21:9696/networking/v2.0/networks 0.837s
2024-10-05 21:19:48.396 62324 INFO tempest.lib.common.rest_client [req-a8a100ec-ba7a-4b0f-802a-59d84aa29e3f req-a8a100ec-ba7a-4b0f-802a-59d84aa29e3f ] Request (InstanceActionsNegativeTestJSON:setUpClass): 200 GET http://10.180.1.21/compute/v2.1/servers/4225a019-513e-4be5-8d22-1444597df6ed 0.986s
2024-10-05 21:19:48.397 62270 INFO tempest.lib.common.rest_client [req-65d87e94-8806-4f20-b6b8-3beeefe5e5d0 req-65d87e94-8806-4f20-b6b8-3beeefe5e5d0 ] Request (ImagesNegativeTestJSON:test_create_image_from_deleted_server): 200 GET http://10.180.1.21/compute/v2.1/servers/72e581d2-45e8-4c6a-ac2b-59f09a756abb 0.929s
2024-10-05 21:19:48.458 62272 INFO tempest.lib.common.rest_client [req-899434d3-4b6a-4e13-9805-e53b8bc2d1b2 req-899434d3-4b6a-4e13-9805-e53b8bc2d1b2 ] Request (AttachInterfacesUnderV243Test:test_add_remove_fixed_ip): 200 GET http://10.180.1.21/compute/v2.1/servers/74401e9a-2a20-4797-87c4-ad0eea016866 0.962s
2024-10-05 21:19:48.521 62316 INFO tempest.lib.common.rest_client [req-2de04a70-5b44-48d9-b3b5-9064e5810856 req-2de04a70-5b44-48d9-b3b5-9064e5810856 ] Request (ListServersNegativeTestJSON:setUpClass): 200 GET http://10.180.1.21/compute/v2.1/servers/80f73479-19b0-46f1-a81d-ef59b555e1be 0.985s
2024-10-05 21:19:48.533 62312 INFO tempest.lib.common.rest_client [req-c1ee92fd-a35a-4b5e-b09c-4b81b5e83d38 req-c1ee92fd-a35a-4b5e-b09c-4b81b5e83d38 ] Request (SecurityGroupRulesTestJSON:test_security_group_rules_list): 200 GET http://10.180.1.21/compute/v2.1/os-security-groups/3dc2b7e9-c63a-49f1-bbf5-b962faa0dc40 1.039s
2024-10-05 21:19:48.556 62328 INFO tempest.lib.common.rest_client [req-304b1aef-48ff-47cf-b776-17c018c7c895 req-304b1aef-48ff-47cf-b776-17c018c7c895 ] Request (ServerMetadataTestJSON:setUpClass): 201 POST http://10.180.1.21:9696/networking/v2.0/networks 0.857s
2024-10-05 21:19:48.602 62284 INFO tempest.lib.common.rest_client [req-56680ebc-7d1e-4333-861c-5fa74833e1c5 req-56680ebc-7d1e-4333-861c-5fa74833e1c5 ] Request (ServerActionsTestOtherB:setUpClass): 200 GET http://10.180.1.21/compute/v2.1/servers/3f48bca6-0762-455f-9557-eacfee0dcc0e 1.039s
2024-10-05 21:19:48.614 62318 INFO tempest.lib.common.rest_client [req-bbf468e4-7da8-4bf2-9e12-3e8631d28aff req-bbf468e4-7da8-4bf2-9e12-3e8631d28aff ] Request (MigrationsAdminTest:test_resize_server_revert_deleted_flavor): 200 GET http://10.180.1.21/compute/v2.1/flavors/42/os-extra_specs 1.011s
2024-10-05 21:19:48.699 62278 INFO tempest.lib.common.rest_client [req-efa5e631-5c0c-4df6-8b64-098b577720cd req-efa5e631-5c0c-4df6-8b64-098b577720cd ] Request (ServersAdmin275Test:test_rebuild_update_server_275): 200 GET http://10.180.1.21/compute/v2.1/servers/8513a91b-12d3-4cfc-900a-e502d618bbf1 1.055s
2024-10-05 21:19:48.716 62278 INFO tempest.common.waiters [-] State transition "REBUILD/rebuild_spawning" ==> "ACTIVE/None" after 8 second wait
2024-10-05 21:19:48.730 62320 INFO tempest.lib.common.rest_client [req-86e49a8d-a4d7-41ea-ae9d-a2afe66f913a req-86e49a8d-a4d7-41ea-ae9d-a2afe66f913a ] Request (AggregatesAdminNegativeTestJSON:_run_cleanups): 200 DELETE http://10.180.1.21/compute/v2.1/os-aggregates/7 0.983s
2024-10-05 21:19:48.733 62282 INFO tempest.lib.common.rest_client [req-adc3c10b-0c0a-4c3a-b5a9-039e41ae101e req-adc3c10b-0c0a-4c3a-b5a9-039e41ae101e ] Request (ImagesMetadataTestJSON:test_set_image_metadata_item): 200 PUT http://10.180.1.21/compute/v2.1/images/868508af-2209-4f72-ba04-31d5d638e3f4/metadata/os_version 1.150s
2024-10-05 21:19:48.738 62290 INFO tempest.lib.common.rest_client [req-d748661a-5937-4eb2-989f-77b9146bbde6 req-d748661a-5937-4eb2-989f-77b9146bbde6 ] Request (ServerDiskConfigTestJSON:setUpClass): 201 POST http://10.180.1.21:9696/networking/v2.0/subnets 0.347s
2024-10-05 21:19:48.751 62304 INFO tempest.lib.common.rest_client [req-b1ceb7b0-dda7-4b44-9149-32d9d21b975e req-b1ceb7b0-dda7-4b44-9149-32d9d21b975e ] Request (ServersTestFqdnHostnames:test_create_server_with_fqdn_name): 404 GET http://10.180.1.21/compute/v2.1/servers/f541baf9-b815-4d63-9be4-173c6b2175d7 0.983s
2024-10-05 21:19:48.756 62298 INFO tempest.lib.common.rest_client [req-671f4e9f-2da9-4ded-ab90-4a5a5bfb1b3b req-671f4e9f-2da9-4ded-ab90-4a5a5bfb1b3b ] Request (FlavorsAdminTestJSON:test_is_public_string_variations): 200 GET http://10.180.1.21/compute/v2.1/flavors/detail?is_public=true 0.983s
2024-10-05 21:19:48.829 62280 INFO tempest.lib.common.rest_client [req-6e0f417b-4eb7-4d2e-882e-c2a3dc28d18e req-6e0f417b-4eb7-4d2e-882e-c2a3dc28d18e ] Request (ServerDiagnosticsV248Test:tearDownClass): 200 GET http://10.180.1.21/compute/v2.1/servers/65f379f7-9180-4190-9499-2f0c35e8fea2 0.948s
2024-10-05 21:19:48.882 62288 INFO tempest.lib.common.rest_client [req-ef3f7d03-40c3-4fe0-a90e-d671644ce051 req-ef3f7d03-40c3-4fe0-a90e-d671644ce051 ] Request (ListImageFiltersTestJSON:setUpClass): 204 PUT http://10.180.1.21/image/v2/images/3c209777-dbf3-470a-bdda-a1fdeb6c0f79/file 0.653s
2024-10-05 21:19:48.966 62286 INFO tempest.lib.common.rest_client [req-67762f3c-4544-44e0-9ff7-7483203a4bb0 req-67762f3c-4544-44e0-9ff7-7483203a4bb0 ] Request (QuotasAdminTestV236:test_get_updated_quotas): 200 PUT http://10.180.1.21/compute/v2.1/os-quota-sets/bf9026e844a145d8977507c56ef826e8 1.079s
2024-10-05 21:19:48.988 62274 INFO tempest.lib.common.rest_client [req-ec814e85-66fc-49e9-8b45-92c43e4f564d req-ec814e85-66fc-49e9-8b45-92c43e4f564d ] Request (ServersAdminTestJSON:setUpClass): 200 GET http://10.180.1.21/compute/v2.1/servers/84d99082-9e9a-48bd-9fcc-366e1433fe13 1.207s
2024-10-05 21:19:49.003 62308 INFO tempest.lib.common.rest_client [req-da8cea7c-a456-4d21-8d56-1c6ce12a1152 req-da8cea7c-a456-4d21-8d56-1c6ce12a1152 ] Request (FlavorsV2TestJSON:test_list_flavors_detailed_limit_results): 200 GET http://10.180.1.21/compute/v2.1/flavors/detail?limit=1 1.027s
2024-10-05 21:19:49.021 62294 INFO tempest.lib.common.rest_client [req-9d9e8c22-26e7-45bd-a5e5-2244aafa2a9a req-9d9e8c22-26e7-45bd-a5e5-2244aafa2a9a ] Request (VolumesAssistedSnapshotsTest:test_volume_assisted_snapshot_create_delete): 200 GET http://10.180.1.21/compute/v2.1/servers/ce2ea43f-e977-4211-bb83-3014d18cb162 1.076s
2024-10-05 21:19:49.079 62326 INFO tempest.lib.common.rest_client [req-8ab3ed08-042b-4298-86e9-789859595aef req-8ab3ed08-042b-4298-86e9-789859595aef ] Request (ServerAddressesTestJSON:setUpClass): 200 GET http://10.180.1.21/compute/v2.1/servers/889a7971-f3f8-4e9c-ab0d-3744fe2bc951 0.990s
2024-10-05 21:19:49.182 62268 INFO tempest.lib.common.rest_client [req-d65cc375-9aef-4bcc-8538-d079242b2764 req-d65cc375-9aef-4bcc-8538-d079242b2764 ] Request (ImagesTestJSON:test_create_image_from_stopped_server): 200 GET http://10.180.1.21/compute/v2.1/servers/248f716d-8174-41eb-9445-3d3094ad2f70 0.870s
2024-10-05 21:19:49.190 62268 INFO tempest.common.waiters [-] State transition "BUILD/None" ==> "BUILD/spawning" after 20 second wait
2024-10-05 21:19:49.231 62330 INFO tempest.lib.common.rest_client [req-1144e4cf-3334-4c39-8ea6-a3edd74b860c req-1144e4cf-3334-4c39-8ea6-a3edd74b860c ] Request (VolumesTestJSON:tearDownClass): 404 GET http://10.180.1.21/volume/v3/cc76b641f93e4701bff5c7b41f19d644/volumes/a1029f43-311c-4630-b65b-a0555921f242 0.015s
2024-10-05 21:19:49.245 62276 INFO tempest.lib.common.rest_client [req-e14ea1e8-ddc8-4675-9f0a-66a4fe8ba859 req-e14ea1e8-ddc8-4675-9f0a-66a4fe8ba859 ] Request (SecurityGroupRulesNegativeTestJSON:test_create_security_group_rule_duplicate): 400 POST http://10.180.1.21/compute/v2.1/os-security-group-rules 0.932s
2024-10-05 21:19:49.268 62318 INFO tempest.lib.common.rest_client [req-dd91b4d8-3eeb-47f0-a7e3-7d6ff12d91e4 req-dd91b4d8-3eeb-47f0-a7e3-7d6ff12d91e4 ] Request (MigrationsAdminTest:test_resize_server_revert_deleted_flavor): 200 POST http://10.180.1.21/compute/v2.1/flavors/bb162946-949a-4127-8b33-252a4cb14014/os-extra_specs 0.652s
2024-10-05 21:19:49.320 62328 INFO tempest.lib.common.rest_client [req-8618e3b5-3c14-43b8-8d19-6b58fa4b53b0 req-8618e3b5-3c14-43b8-8d19-6b58fa4b53b0 ] Request (ServerMetadataTestJSON:setUpClass): 201 POST http://10.180.1.21:9696/networking/v2.0/subnets 0.763s
2024-10-05 21:19:49.343 62330 INFO tempest.lib.common.rest_client [req-0a4bf4af-cb39-4b1a-b070-be4d121d32fa req-0a4bf4af-cb39-4b1a-b070-be4d121d32fa ] Request (VolumesTestJSON:tearDownClass): 204 DELETE http://10.180.1.21/identity/v3/users/627ccb9b5153401ab068685fde928324 0.112s
2024-10-05 21:19:49.343 62330 INFO tempest.lib.common.dynamic_creds [-] Deleting project and security group for project: cc76b641f93e4701bff5c7b41f19d644
2024-10-05 21:19:49.389 62318 INFO tempest.lib.common.rest_client [req-43c60911-cdbe-4d2b-9640-8ab5f049ab39 req-43c60911-cdbe-4d2b-9640-8ab5f049ab39 ] Request (MigrationsAdminTest:test_resize_server_revert_deleted_flavor): 201 POST http://10.180.1.21/identity/v3/auth/tokens 0.117s
2024-10-05 21:19:49.390 62318 INFO tempest.lib.common.fixed_network [-] (MigrationsAdminTest:test_resize_server_revert_deleted_flavor) Found network None available for tenant
2024-10-05 21:19:49.401 62312 INFO tempest.lib.common.rest_client [req-79e77683-24ff-4155-93ba-2c83d3856e74 req-79e77683-24ff-4155-93ba-2c83d3856e74 ] Request (SecurityGroupRulesTestJSON:_run_cleanups): 202 DELETE http://10.180.1.21/compute/v2.1/os-security-group-rules/acc555d5-46cc-4d4c-a050-0b12b4b5c1df 0.865s
2024-10-05 21:19:49.414 62330 INFO tempest.lib.common.rest_client [req-8dc80697-b6e2-4ed3-8628-f315d8e27b38 req-8dc80697-b6e2-4ed3-8628-f315d8e27b38 ] Request (VolumesTestJSON:tearDownClass): 201 POST http://10.180.1.21/identity/v3/auth/tokens 0.070s
2024-10-05 21:19:49.424 62320 INFO tempest.lib.common.rest_client [req-59405c79-eb2d-42d5-9f5f-93df8883320d req-59405c79-eb2d-42d5-9f5f-93df8883320d ] Request (AggregatesAdminNegativeTestJSON:test_aggregate_remove_nonexistent_host): 200 POST http://10.180.1.21/compute/v2.1/os-aggregates 0.691s
2024-10-05 21:19:49.464 62282 INFO tempest.lib.common.rest_client [req-0b33a191-1cba-4d47-bfbb-5102d0d9a93b req-0b33a191-1cba-4d47-bfbb-5102d0d9a93b ] Request (ImagesMetadataTestJSON:test_set_image_metadata_item): 200 GET http://10.180.1.21/compute/v2.1/images/868508af-2209-4f72-ba04-31d5d638e3f4/metadata 0.729s
2024-10-05 21:19:49.479 62304 INFO tempest.lib.common.rest_client [req-4b146001-30e5-44e5-b6ad-9177de82ff4c req-4b146001-30e5-44e5-b6ad-9177de82ff4c ] Request (ServersTestFqdnHostnames:tearDownClass): 202 DELETE http://10.180.1.21/compute/v2.1/os-keypairs/tempest-keypair-1891654577 0.720s
