2024-10-07 06:39:30.999 62241 INFO tempest.lib.common.rest_client [req-8e47a6c0-2106-40f4-98df-d784a4293162 req-8e47a6c0-2106-40f4-98df-d784a4293162 ] Request (MigrationsAdminTest:setUpClass): 200 GET http://10.180.1.21/identity/v3/roles 0.023s
2024-10-07 06:39:31.000 62269 INFO tempest.lib.common.rest_client [req-85bdc068-9796-4376-86cf-01e092b9d091 req-85bdc068-9796-4376-86cf-01e092b9d091 ] Request (ServerDiagnosticsV248Test:test_get_server_diagnostics): 200 GET http://10.180.1.21/compute/v2.1/servers/6b586395-eb84-44f6-84c8-4a3ef3d64254/diagnostics 2.432s
2024-10-07 06:39:31.015 62281 INFO tempest.lib.common.rest_client [req-2e250e77-adac-4a14-bdaa-c215b5ca69b6 req-2e250e77-adac-4a14-bdaa-c215b5ca69b6 ] Request (FlavorsAdminTestJSON:_run_cleanups): 200 GET http://10.180.1.21/compute/v2.1/flavors/detail 2.041s
2024-10-07 06:39:31.050 62241 INFO tempest.lib.common.rest_client [req-90e807ba-a32f-49d5-b683-9b49e00e9fc7 req-90e807ba-a32f-49d5-b683-9b49e00e9fc7 ] Request (MigrationsAdminTest:setUpClass): 204 PUT http://10.180.1.21/identity/v3/projects/ddd77efba5d94caf81e14827bbae6ed8/users/f3ca3baaab63400684218e32dc8b8bdf/roles/405c762c30cc4defb56d421d72057a4c 0.050s
2024-10-07 06:39:31.051 62241 INFO tempest.lib.common.dynamic_creds [-] Dynamic test user f3ca3baaab63400684218e32dc8b8bdf is created with scope project and roles: ['member']
2024-10-07 06:39:31.051 62241 INFO tempest.lib.common.dynamic_creds [-] Acquired dynamic creds: credentials: Credentials: {'domain_id': 'default', 'domain_name': 'Default', 'username': 'tempest-MigrationsAdminTest-1193468496-project-member', 'project_domain_id': 'default', 'project_domain_name': 'Default', 'project_id': 'ddd77efba5d94caf81e14827bbae6ed8', 'project_name': 'tempest-MigrationsAdminTest-1193468496', 'tenant_id': 'ddd77efba5d94caf81e14827bbae6ed8', 'tenant_name': 'tempest-MigrationsAdminTest-1193468496', 'user_domain_id': 'default', 'user_domain_name': 'Default', 'user_id': 'f3ca3baaab63400684218e32dc8b8bdf', 'system': None}, Network: None, Subnet: None, Router: None
2024-10-07 06:39:31.051 62241 INFO tempest.lib.common.dynamic_creds [-] Created isolated network resources for: credentials: Credentials: {'domain_id': 'default', 'domain_name': 'Default', 'username': 'tempest-MigrationsAdminTest-1193468496-project-member', 'project_domain_id': 'default', 'project_domain_name': 'Default', 'project_id': 'ddd77efba5d94caf81e14827bbae6ed8', 'project_name': 'tempest-MigrationsAdminTest-1193468496', 'tenant_id': 'ddd77efba5d94caf81e14827bbae6ed8', 'tenant_name': 'tempest-MigrationsAdminTest-1193468496', 'user_domain_id': 'default', 'user_domain_name': 'Default', 'user_id': 'f3ca3baaab63400684218e32dc8b8bdf', 'system': None}, Network: None, Subnet: None, Router: None
2024-10-07 06:39:31.055 62271 INFO tempest.lib.common.rest_client [req-e2f0d2ff-afa4-460d-a57f-bf47d01fbdbc req-e2f0d2ff-afa4-460d-a57f-bf47d01fbdbc ] Request (HypervisorAdminUnderV252Test:test_search_hypervisor): 200 GET http://10.180.1.21/compute/v2.1/os-hypervisors/domain-c8.fc996f14-c53b-4953-92e3-bdfa48f5cc28/search 1.934s
2024-10-07 06:39:31.116 62273 INFO tempest.lib.common.rest_client [req-223bb352-140a-48eb-a4b6-f19a8685bb2a req-223bb352-140a-48eb-a4b6-f19a8685bb2a ] Request (FlavorsExtraSpecsNegativeTestJSON:tearDownClass): 204 DELETE http://10.180.1.21:9696/networking/v2.0/security-groups/03c86e64-d6a2-4afa-96a8-16868a175159 0.354s
2024-10-07 06:39:31.117 62235 INFO tempest.lib.common.rest_client [req-acfdfe3f-3491-4e4f-984e-f96eebabef2a req-acfdfe3f-3491-4e4f-984e-f96eebabef2a ] Request (AbsoluteLimitsTestJSON:tearDownClass): 204 DELETE http://10.180.1.21/identity/v3/projects/1d6e97f2ac9d4865a116eb71150d3dc9 0.130s
2024-10-07 06:39:31.118 62235 INFO tempest.test [-] raised in ServerBootFromVolumeStableRescueTest.setUpClass. Invoking tearDownClass.
2024-10-07 06:39:31.124 62235 INFO tempest.test [-] raised in ServerStableDeviceRescueTestIDE.setUpClass. Invoking tearDownClass.
2024-10-07 06:39:31.147 62223 INFO tempest.lib.common.rest_client [req-86bea1b0-9300-4234-a7a8-4ab6eccde748 req-86bea1b0-9300-4234-a7a8-4ab6eccde748 ] Request (ServersAdmin275Test:test_rebuild_update_server_275): 200 GET http://10.180.1.21/compute/v2.1/servers/76b7db85-734f-40fe-8d58-2fba89bf205f 1.989s
2024-10-07 06:39:31.169 62223 INFO tempest.common.waiters [-] State transition "BUILD/None" ==> "BUILD/spawning" after 11 second wait
2024-10-07 06:39:31.192 62225 INFO tempest.lib.common.rest_client [req-59fcae86-5572-4aa0-865e-d3750b245536 req-59fcae86-5572-4aa0-865e-d3750b245536 ] Request (HypervisorAdminNegativeTestJSON:tearDownClass): 204 DELETE http://10.180.1.21:9696/networking/v2.0/security-groups/5e540704-6010-4811-9d59-db9015784454 0.365s
2024-10-07 06:39:31.202 62239 INFO tempest.lib.common.rest_client [req-8c8c36d5-6171-4430-b327-0c51e2966809 req-8c8c36d5-6171-4430-b327-0c51e2966809 ] Request (ServerDiagnosticsTest:test_get_server_diagnostics): 200 GET http://10.180.1.21/compute/v2.1/servers/69e3c117-ee31-4d80-812b-da3c12fe19b9 1.984s
2024-10-07 06:39:31.210 62239 INFO tempest.common.waiters [-] State transition "BUILD/spawning" ==> "ERROR/None" after 20 second wait
2024-10-07 06:39:31.211 62241 INFO tempest.lib.common.rest_client [req-b87c4d15-7b2e-44ff-8378-120714b72415 req-b87c4d15-7b2e-44ff-8378-120714b72415 ] Request (MigrationsAdminTest:setUpClass): 201 POST http://10.180.1.21/identity/v3/auth/tokens 0.155s
2024-10-07 06:39:31.231 62250 INFO tempest.lib.common.rest_client [req-2faa6510-0170-49ef-a55d-f430af2fc8e3 req-2faa6510-0170-49ef-a55d-f430af2fc8e3 ] Request (FlavorsAccessNegativeTestJSON:_run_cleanups): 202 DELETE http://10.180.1.21/compute/v2.1/flavors/302581846 1.626s
2024-10-07 06:39:31.249 62257 INFO tempest.lib.common.rest_client [req-d7e8572d-e40e-4b2d-8cda-0e0e14dd8909 req-d7e8572d-e40e-4b2d-8cda-0e0e14dd8909 ] Request (FlavorsExtraSpecsTestJSON:tearDownClass): 200 GET http://10.180.1.21/compute/v2.1/flavors/detail 1.620s
2024-10-07 06:39:31.257 62229 INFO tempest.lib.common.rest_client [req-b858ed7e-4ad8-4983-a953-0d7a70b4b191 req-b858ed7e-4ad8-4983-a953-0d7a70b4b191 ] Request (DeleteServersAdminTestJSON:test_admin_delete_servers_of_others): 200 GET http://10.180.1.21/compute/v2.1/servers/f7f3a069-04da-4090-bbb1-1406799b5fdd 1.792s
2024-10-07 06:39:31.267 62285 INFO tempest.lib.common.rest_client [req-00268895-3553-43b0-99d3-d292c0ac0bd0 req-00268895-3553-43b0-99d3-d292c0ac0bd0 ] Request (ServerAddressesTestJSON:setUpClass): 201 POST http://10.180.1.21:9696/networking/v2.0/networks 0.647s
2024-10-07 06:39:31.275 62271 INFO tempest.lib.common.rest_client [req-fcc3e0b2-02cb-42db-bc51-a7d9bf584ad7 req-fcc3e0b2-02cb-42db-bc51-a7d9bf584ad7 ] Request (HypervisorAdminUnderV252Test:tearDownClass): 204 DELETE http://10.180.1.21/identity/v3/users/feeb0ea7daee41c2ba5a3f3ae38be9e9 0.216s
2024-10-07 06:39:31.293 62273 INFO tempest.lib.common.rest_client [req-5facdd8f-9e9d-48f4-9b19-db86f67f7f36 req-5facdd8f-9e9d-48f4-9b19-db86f67f7f36 ] Request (FlavorsExtraSpecsNegativeTestJSON:tearDownClass): 204 DELETE http://10.180.1.21/identity/v3/projects/97a218e766f54be68debf82987427767 0.176s
2024-10-07 06:39:31.334 62259 INFO tempest.lib.common.rest_client [req-1844c214-9201-4383-a0ee-6c41cc98eebd req-1844c214-9201-4383-a0ee-6c41cc98eebd ] Request (ImagesTestJSON:test_create_image_from_stopped_server): 200 GET http://10.180.1.21/compute/v2.1/servers/1bd21abf-5421-4f51-a4e9-fecb2c98aa3a 1.435s
2024-10-07 06:39:31.355 62241 INFO tempest.lib.common.rest_client [req-27bf8d1a-c3ac-4c7d-bd06-66fd5db28e4c req-27bf8d1a-c3ac-4c7d-bd06-66fd5db28e4c ] Request (MigrationsAdminTest:setUpClass): 201 POST http://10.180.1.21/identity/v3/projects 0.142s
2024-10-07 06:39:31.385 62225 INFO tempest.lib.common.rest_client [req-cd29f630-f318-469e-a653-69916226205b req-cd29f630-f318-469e-a653-69916226205b ] Request (HypervisorAdminNegativeTestJSON:tearDownClass): 204 DELETE http://10.180.1.21/identity/v3/projects/a7680ce926244e5fa2da0df54d7d5d0a 0.192s
2024-10-07 06:39:31.385 62225 INFO tempest.lib.common.dynamic_creds [-] Deleting project and security group for project: 2d1bcca9c7504125b3c7accdb7aa761e
2024-10-07 06:39:31.438 62243 INFO tempest.lib.common.rest_client [req-b8aec1f8-68af-4ffc-aa91-52ec08dcb6e2 req-b8aec1f8-68af-4ffc-aa91-52ec08dcb6e2 ] Request (ImagesMetadataTestJSON:test_delete_image_metadata_item): 204 DELETE http://10.180.1.21/compute/v2.1/images/318ba0a7-6e14-48b6-948c-072ba89358e5/metadata/os_version 1.639s
2024-10-07 06:39:31.507 62257 INFO tempest.lib.common.rest_client [req-c7c32273-9f41-455a-90c2-e35ec620db82 req-c7c32273-9f41-455a-90c2-e35ec620db82 ] Request (FlavorsExtraSpecsTestJSON:tearDownClass): 204 DELETE http://10.180.1.21/identity/v3/users/c15a7605a4f840439618090ef0849029 0.249s
2024-10-07 06:39:31.520 62271 INFO tempest.lib.common.rest_client [req-fc5cba0c-b910-422d-a253-a68a05e283ef req-fc5cba0c-b910-422d-a253-a68a05e283ef ] Request (HypervisorAdminUnderV252Test:tearDownClass): 204 DELETE http://10.180.1.21/identity/v3/users/5989318d359848d9a044d70818019c7f 0.244s
2024-10-07 06:39:31.520 62271 INFO tempest.lib.common.dynamic_creds [-] Deleting project and security group for project: 5a583f212cb74fadafad68d39fe7e500
2024-10-07 06:39:31.524 62263 INFO tempest.lib.common.rest_client [req-75fe6812-5dd5-4fee-993c-b9052a1d1920 req-75fe6812-5dd5-4fee-993c-b9052a1d1920 ] Request (ImagesOneServerTestJSON:setUpClass): 200 GET http://10.180.1.21/compute/v2.1/servers/bb58f75b-97d0-4615-a014-3de3bf7dee2f 1.553s
2024-10-07 06:39:31.562 62273 INFO tempest.lib.common.rest_client [req-a61f760a-362f-4084-96dd-c0f8c885a740 req-a61f760a-362f-4084-96dd-c0f8c885a740 ] Request (ServerDiskConfigTestJSON:setUpClass): 201 POST http://10.180.1.21/identity/v3/auth/tokens 0.268s
2024-10-07 06:39:31.592 62241 INFO tempest.lib.common.rest_client [req-9ec81410-1f10-4f58-b4e5-39282952323f req-9ec81410-1f10-4f58-b4e5-39282952323f ] Request (MigrationsAdminTest:setUpClass): 201 POST http://10.180.1.21/identity/v3/users 0.236s
2024-10-07 06:39:31.634 62257 INFO tempest.lib.common.rest_client [req-9f9a7896-83e1-4ba3-a3ab-db5d962204b8 req-9f9a7896-83e1-4ba3-a3ab-db5d962204b8 ] Request (FlavorsExtraSpecsTestJSON:tearDownClass): 204 DELETE http://10.180.1.21/identity/v3/users/96a47c6abfcf4f9bb7466dbc2ed9f515 0.127s
2024-10-07 06:39:31.634 62257 INFO tempest.lib.common.dynamic_creds [-] Deleting project and security group for project: 8b586de5f4f0424188356aaef4c36062
2024-10-07 06:39:31.649 62277 INFO tempest.lib.common.rest_client [req-e2790b50-77a6-426c-be2c-774ffd719cbc req-e2790b50-77a6-426c-be2c-774ffd719cbc ] Request (SecurityGroupsTestJSON:test_list_security_groups_by_server): 200 GET http://10.180.1.21/compute/v2.1/servers/03489669-961b-4e5b-87b1-ef05bb59433b 1.608s
2024-10-07 06:39:31.689 62271 INFO tempest.lib.common.rest_client [req-d294ff6c-d175-4af0-af2b-dafd5b620a95 req-d294ff6c-d175-4af0-af2b-dafd5b620a95 ] Request (HypervisorAdminUnderV252Test:tearDownClass): 201 POST http://10.180.1.21/identity/v3/auth/tokens 0.169s
2024-10-07 06:39:31.697 62265 INFO tempest.lib.common.rest_client [req-7793097a-3642-4e9d-88fe-2041bdb80614 req-7793097a-3642-4e9d-88fe-2041bdb80614 ] Request (FloatingIPDetailsTestJSON:tearDownClass): 204 DELETE http://10.180.1.21:9696/networking/v2.0/networks/f53d96f6-440d-47b8-9fe5-91d6a4e1a09f 0.835s
2024-10-07 06:39:31.713 62267 INFO tempest.lib.common.rest_client [req-2ff77d71-0f0d-496b-8512-82baa5e19e95 req-2ff77d71-0f0d-496b-8512-82baa5e19e95 ] Request (QuotasAdminTestJSON:test_update_all_quota_resources_for_tenant): 200 GET http://10.180.1.21/compute/v2.1/os-quota-sets/92b5a9776f554e2f8c7a1617792624f4/defaults 1.808s
2024-10-07 06:39:31.714 62227 INFO tempest.lib.common.rest_client [req-f5e4595a-ecfc-426e-9571-8200be8013b9 req-f5e4595a-ecfc-426e-9571-8200be8013b9 ] Request (SecurityGroupsNegativeTestJSON:test_delete_security_group_without_passing_id): 404 DELETE http://10.180.1.21/compute/v2.1/os-security-groups/ 1.566s
2024-10-07 06:39:31.715 62273 INFO tempest.lib.common.rest_client [req-919de5fe-19af-4620-a748-a75cb3765298 req-919de5fe-19af-4620-a748-a75cb3765298 ] Request (ServerDiskConfigTestJSON:setUpClass): 201 POST http://10.180.1.21/identity/v3/auth/tokens 0.147s
2024-10-07 06:39:31.717 62251 INFO tempest.lib.common.rest_client [req-6a21779b-9320-4b95-ad3e-f65ae1ded901 req-6a21779b-9320-4b95-ad3e-f65ae1ded901 ] Request (ServerRescueNegativeTestJSON:setUpClass): 200 GET http://10.180.1.21/compute/v2.1/servers/40b8df0a-36f1-4a4d-a975-f596901d1f98 1.610s
2024-10-07 06:39:31.720 62275 INFO tempest.lib.common.rest_client [req-22d3b56c-dc7c-47c0-9e0b-92c36f6848b4 req-22d3b56c-dc7c-47c0-9e0b-92c36f6848b4 ] Request (QuotasAdminNegativeTest:test_update_quota_normal_user): 403 PUT http://10.180.1.21/compute/v2.1/os-quota-sets/6e6acf2e877d460fba4c6ef257e9019f 1.495s
2024-10-07 06:39:31.725 62241 INFO tempest.lib.common.rest_client [req-66dd9388-9ffb-404f-83df-bf1906ba9151 req-66dd9388-9ffb-404f-83df-bf1906ba9151 ] Request (MigrationsAdminTest:setUpClass): 200 GET http://10.180.1.21/identity/v3/roles 0.130s
2024-10-07 06:39:31.740 62257 INFO tempest.lib.common.rest_client [req-5aaea100-3b31-43eb-98d7-499970a5a947 req-5aaea100-3b31-43eb-98d7-499970a5a947 ] Request (FlavorsExtraSpecsTestJSON:tearDownClass): 201 POST http://10.180.1.21/identity/v3/auth/tokens 0.105s
2024-10-07 06:39:31.747 62225 INFO tempest.lib.common.rest_client [req-211a00c2-82f1-40d7-b3f3-f9b4bc0e7e5d req-211a00c2-82f1-40d7-b3f3-f9b4bc0e7e5d ] Request (HypervisorAdminNegativeTestJSON:tearDownClass): 200 GET http://10.180.1.21:9696/networking/v2.0/security-groups?tenant_id=2d1bcca9c7504125b3c7accdb7aa761e&name=default 0.361s
2024-10-07 06:39:31.809 62265 INFO tempest.lib.common.rest_client [req-577e44f6-13a0-4246-bbcb-688b45c4a529 req-577e44f6-13a0-4246-bbcb-688b45c4a529 ] Request (FloatingIPDetailsTestJSON:tearDownClass): 204 DELETE http://10.180.1.21/identity/v3/users/3875f478497142bd949c2d4e166fb33b 0.111s
2024-10-07 06:39:31.809 62265 INFO tempest.lib.common.dynamic_creds [-] Deleting project and security group for project: fdd113d638db4578aee202326b5dd2c7
2024-10-07 06:39:31.824 62285 INFO tempest.lib.common.rest_client [req-aa400a31-6bfb-455e-a2b2-5afdc9351032 req-aa400a31-6bfb-455e-a2b2-5afdc9351032 ] Request (ServerAddressesTestJSON:setUpClass): 201 POST http://10.180.1.21:9696/networking/v2.0/subnets 0.556s
2024-10-07 06:39:31.827 62273 INFO tempest.lib.common.rest_client [req-8e0b89e5-478a-4d33-8c6f-2f525854e7c0 req-8e0b89e5-478a-4d33-8c6f-2f525854e7c0 ] Request (ServerDiskConfigTestJSON:setUpClass): 200 GET http://10.180.1.21/identity/v3/domains?name=Default 0.112s
2024-10-07 06:39:31.893 62265 INFO tempest.lib.common.rest_client [req-435da3f0-c607-4bb3-aee9-1943194484f8 req-435da3f0-c607-4bb3-aee9-1943194484f8 ] Request (FloatingIPDetailsTestJSON:tearDownClass): 200 GET http://10.180.1.21:9696/networking/v2.0/security-groups?tenant_id=fdd113d638db4578aee202326b5dd2c7&name=default 0.084s
2024-10-07 06:39:31.907 62275 INFO tempest.lib.common.rest_client [req-f537ba12-7f9b-4ecc-88dd-eb1c23b84a3f req-f537ba12-7f9b-4ecc-88dd-eb1c23b84a3f ] Request (QuotasAdminNegativeTest:tearDownClass): 204 DELETE http://10.180.1.21/identity/v3/users/3f1f7401277f424a93ff4de32699ec4e 0.185s
2024-10-07 06:39:31.919 62256 INFO tempest.lib.common.rest_client [req-5b17d34c-3975-4694-9f00-397d84599846 req-5b17d34c-3975-4694-9f00-397d84599846 ] Request (AZV2TestJSON:test_get_availability_zone_list_with_non_admin_user): 200 GET http://10.180.1.21/compute/v2.1/os-availability-zone 1.371s
2024-10-07 06:39:31.932 62237 INFO tempest.lib.common.rest_client [req-67c813d4-376d-4b9e-b406-f2498013b631 req-67c813d4-376d-4b9e-b406-f2498013b631 ] Request (KeyPairsV22TestJSON:test_keypairs_create_list_delete): 200 GET http://10.180.1.21/compute/v2.1/os-keypairs 0.942s
2024-10-07 06:39:31.954 62281 INFO tempest.lib.common.rest_client [req-a1e64f81-ea0c-41d9-9d5c-cb0ac19367f6 req-a1e64f81-ea0c-41d9-9d5c-cb0ac19367f6 ] Request (FlavorsAdminTestJSON:test_create_flavor_with_uuid_id): 200 POST http://10.180.1.21/compute/v2.1/flavors 0.928s
2024-10-07 06:39:31.981 62241 INFO tempest.lib.common.rest_client [req-e87b19ab-98c5-4988-8a37-c476fd8f93ef req-e87b19ab-98c5-4988-8a37-c476fd8f93ef ] Request (MigrationsAdminTest:setUpClass): 204 PUT http://10.180.1.21/identity/v3/projects/5d1db186b63e4ae88a8e5296fab8a9fb/users/7328f5e5d31148abbec4ace3f304e31d/roles/5633aeb6b1cc4e70b25ab17e8edf909b 0.255s
2024-10-07 06:39:32.000 62225 INFO tempest.lib.common.rest_client [req-08ce3b01-c8d7-49ad-98f3-d1f44c1c1524 req-08ce3b01-c8d7-49ad-98f3-d1f44c1c1524 ] Request (HypervisorAdminNegativeTestJSON:tearDownClass): 204 DELETE http://10.180.1.21:9696/networking/v2.0/security-groups/5f2f1763-3be0-4f47-a264-a0b337c35908 0.252s
2024-10-07 06:39:32.051 62273 INFO tempest.lib.common.rest_client [req-97804f41-2912-4206-9d06-369a1f70e52d req-97804f41-2912-4206-9d06-369a1f70e52d ] Request (ServerDiskConfigTestJSON:setUpClass): 201 POST http://10.180.1.21/identity/v3/projects 0.223s
2024-10-07 06:39:32.061 62233 INFO tempest.lib.common.rest_client [req-850cf200-6234-45d5-9b90-0fcfc817108a req-850cf200-6234-45d5-9b90-0fcfc817108a ] Request (SecurityGroupRulesTestJSON:test_security_group_rules_delete_when_peer_group_deleted): 202 DELETE http://10.180.1.21/compute/v2.1/os-security-groups/8069651b-d972-47e1-91e3-cab336e46ef6 1.275s
2024-10-07 06:39:32.080 62250 INFO tempest.lib.common.rest_client [req-47d131e8-3681-43a7-a04e-c9d9632a292b req-47d131e8-3681-43a7-a04e-c9d9632a292b ] Request (FlavorsAccessNegativeTestJSON:_run_cleanups): 200 GET http://10.180.1.21/compute/v2.1/flavors/detail 0.848s
2024-10-07 06:39:32.131 62265 INFO tempest.lib.common.rest_client [req-a85a1ce1-a8b1-473a-9075-3948d8530f40 req-a85a1ce1-a8b1-473a-9075-3948d8530f40 ] Request (FloatingIPDetailsTestJSON:tearDownClass): 204 DELETE http://10.180.1.21:9696/networking/v2.0/security-groups/a49a5a3f-3311-40e3-838d-4d4532360308 0.237s
2024-10-07 06:39:32.133 62243 INFO tempest.lib.common.rest_client [req-3df8815b-e907-4b99-9ece-6835b0e00154 req-3df8815b-e907-4b99-9ece-6835b0e00154 ] Request (ImagesMetadataTestJSON:test_delete_image_metadata_item): 200 GET http://10.180.1.21/compute/v2.1/images/318ba0a7-6e14-48b6-948c-072ba89358e5/metadata 0.694s
2024-10-07 06:39:32.179 62275 INFO tempest.lib.common.rest_client [req-afafa429-176b-4ea1-aea1-ece9f6470dd5 req-afafa429-176b-4ea1-aea1-ece9f6470dd5 ] Request (QuotasAdminNegativeTest:tearDownClass): 204 DELETE http://10.180.1.21/identity/v3/users/3a78ca2a145247e39f55cacdf505841c 0.271s
2024-10-07 06:39:32.179 62275 INFO tempest.lib.common.dynamic_creds [-] Deleting project and security group for project: 6e6acf2e877d460fba4c6ef257e9019f
2024-10-07 06:39:32.188 62256 INFO tempest.lib.common.rest_client [req-014b2ad4-be0b-471e-bb08-f68845934d39 req-014b2ad4-be0b-471e-bb08-f68845934d39 ] Request (AZV2TestJSON:tearDownClass): 204 DELETE http://10.180.1.21/identity/v3/users/1d2e61337a27499a8cf7677a66cd9d32 0.264s
2024-10-07 06:39:32.188 62256 INFO tempest.lib.common.dynamic_creds [-] Deleting project and security group for project: afe8c5fcad6742659b339873d109f11d
2024-10-07 06:39:32.242 62241 INFO tempest.lib.common.rest_client [req-0aa7d560-0a33-4718-b397-58f380c490b9 req-0aa7d560-0a33-4718-b397-58f380c490b9 ] Request (MigrationsAdminTest:setUpClass): 200 GET http://10.180.1.21/identity/v3/roles 0.261s
2024-10-07 06:39:32.270 62257 INFO tempest.lib.common.rest_client [req-eea40c42-9751-482a-9107-5e7cb5659e94 req-eea40c42-9751-482a-9107-5e7cb5659e94 ] Request (FlavorsExtraSpecsTestJSON:tearDownClass): 200 GET http://10.180.1.21:9696/networking/v2.0/security-groups?tenant_id=8b586de5f4f0424188356aaef4c36062&name=default 0.528s
2024-10-07 06:39:32.298 62239 INFO tempest.lib.common.rest_client [req-46438a78-a38d-4f5d-a047-9aa8370017e3 req-46438a78-a38d-4f5d-a047-9aa8370017e3 ] Request (ServerDiagnosticsTest:test_get_server_diagnostics): 204 DELETE http://10.180.1.21/compute/v2.1/servers/69e3c117-ee31-4d80-812b-da3c12fe19b9 1.088s
2024-10-07 06:39:32.313 62225 INFO tempest.lib.common.rest_client [req-43e22121-027d-41a7-b46f-66558458a47b req-43e22121-027d-41a7-b46f-66558458a47b ] Request (HypervisorAdminNegativeTestJSON:tearDownClass): 204 DELETE http://10.180.1.21/identity/v3/projects/2d1bcca9c7504125b3c7accdb7aa761e 0.313s
2024-10-07 06:39:32.348 62271 INFO tempest.lib.common.rest_client [req-cca239e7-bf87-47c0-a3c7-72f87171b28d req-cca239e7-bf87-47c0-a3c7-72f87171b28d ] Request (HypervisorAdminUnderV252Test:tearDownClass): 200 GET http://10.180.1.21:9696/networking/v2.0/security-groups?tenant_id=5a583f212cb74fadafad68d39fe7e500&name=default 0.658s
2024-10-07 06:39:32.357 62273 INFO tempest.lib.common.rest_client [req-e8ac681b-8def-4c97-ae06-5db43c3e74b9 req-e8ac681b-8def-4c97-ae06-5db43c3e74b9 ] Request (ServerDiskConfigTestJSON:setUpClass): 201 POST http://10.180.1.21/identity/v3/users 0.305s
2024-10-07 06:39:32.375 62253 INFO tempest.lib.common.rest_client [req-421ac690-cd3c-49f5-b323-971fe18cfc99 req-421ac690-cd3c-49f5-b323-971fe18cfc99 ] Request (AttachInterfacesTestJSON:setUpClass): 200 PUT http://10.180.1.21:9696/networking/v2.0/routers/5c8d2407-e994-45f2-a4fb-39f15a0669ca/add_router_interface 2.444s
2024-10-07 06:39:32.376 62253 INFO tempest.lib.common.dynamic_creds [-] Created isolated network resources for: credentials: Credentials: {'domain_id': 'default', 'domain_name': 'Default', 'username': 'tempest-AttachInterfacesTestJSON-892883867-project-member', 'project_domain_id': 'default', 'project_domain_name': 'Default', 'project_id': '617d3b641cdc4d1b815b5edf7e970d62', 'project_name': 'tempest-AttachInterfacesTestJSON-892883867', 'tenant_id': '617d3b641cdc4d1b815b5edf7e970d62', 'tenant_name': 'tempest-AttachInterfacesTestJSON-892883867', 'user_domain_id': 'default', 'user_domain_name': 'Default', 'user_id': '85e78188137c42faaa50ba3e3a2bffda', 'system': None}, Network: {'id': '44bde880-8646-44c4-8c3c-c1faf7d4a9ce', 'name': 'tempest-AttachInterfacesTestJSON-486682452-network', 'tenant_id': '617d3b641cdc4d1b815b5edf7e970d62', 'admin_state_up': True, 'mtu': 8950, 'status': 'ACTIVE', 'subnets': [], 'shared': False, 'project_id': '617d3b641cdc4d1b815b5edf7e970d62', 'port_security_enabled': True, 'router:external': False, 'provider:network_type': 'vlan', 'provider:physical_network': 'default', 'provider:segmentation_id': 275, 'is_default': False, 'availability_zone_hints': [], 'availability_zones': [], 'ipv4_address_scope': None, 'ipv6_address_scope': None, 'description': '', 'tags': [], 'created_at': '2024-10-07T06:39:28Z', 'updated_at': '2024-10-07T06:39:28Z', 'revision_number': 1}, Subnet: {'id': '62e564c4-4f98-4454-9d1d-b87252d9b5e9', 'name': 'tempest-AttachInterfacesTestJSON-486682452-subnet', 'tenant_id': '617d3b641cdc4d1b815b5edf7e970d62', 'network_id': '44bde880-8646-44c4-8c3c-c1faf7d4a9ce', 'ip_version': 4, 'subnetpool_id': None, 'enable_dhcp': True, 'ipv6_ra_mode': None, 'ipv6_address_mode': None, 'gateway_ip': '192.168.128.1', 'cidr': '192.168.128.0/28', 'allocation_pools': [{'start': '192.168.128.2', 'end': '192.168.128.14'}], 'host_routes': [], 'dns_nameservers': [], 'description': '', 'router:external': False, 'service_types': [], 'tags': [], 'created_at': '2024-10-07T06:39:28Z', 'updated_at': '2024-10-07T06:39:28Z', 'revision_number': 0, 'project_id': '617d3b641cdc4d1b815b5edf7e970d62'}, Router: {'id': '5c8d2407-e994-45f2-a4fb-39f15a0669ca', 'name': 'tempest-AttachInterfacesTestJSON-486682452-router', 'tenant_id': '617d3b641cdc4d1b815b5edf7e970d62', 'admin_state_up': True, 'status': 'ACTIVE', 'external_gateway_info': {'network_id': 'f8312395-786d-45a4-932a-5f61f5d0a781', 'external_fixed_ips': [{'subnet_id': '24bb967a-6ff8-4021-ab78-319855b908ab', 'ip_address': '10.180.180.139'}], 'enable_snat': True}, 'description': '', 'availability_zones': [], 'distributed': False, 'ha': False, 'availability_zone_hints': [], 'routes': [], 'flavor_id': None, 'tags': [], 'created_at': '2024-10-07T06:39:29Z', 'updated_at': '2024-10-07T06:39:29Z', 'revision_number': 2, 'project_id': '617d3b641cdc4d1b815b5edf7e970d62'}
2024-10-07 06:39:32.381 62275 INFO tempest.lib.common.rest_client [req-1c9255ba-e14e-4b66-9c97-e8ffa93a3749 req-1c9255ba-e14e-4b66-9c97-e8ffa93a3749 ] Request (QuotasAdminNegativeTest:tearDownClass): 201 POST http://10.180.1.21/identity/v3/auth/tokens 0.202s
2024-10-07 06:39:32.390 62227 INFO tempest.lib.common.rest_client [req-87a54dca-37db-4e97-a7d9-3bc4d35e32ad req-87a54dca-37db-4e97-a7d9-3bc4d35e32ad ] Request (SecurityGroupsNegativeTestJSON:test_delete_the_default_security_group): 200 GET http://10.180.1.21/compute/v2.1/os-security-groups 0.675s
2024-10-07 06:39:32.423 62265 INFO tempest.lib.common.rest_client [req-8455b5ad-08fb-4acb-adda-67645de4ba3b req-8455b5ad-08fb-4acb-adda-67645de4ba3b ] Request (FloatingIPDetailsTestJSON:tearDownClass): 204 DELETE http://10.180.1.21/identity/v3/projects/fdd113d638db4578aee202326b5dd2c7 0.291s
2024-10-07 06:39:32.458 62256 INFO tempest.lib.common.rest_client [req-c3e97bad-ebb8-4762-88f7-55d58c41d630 req-c3e97bad-ebb8-4762-88f7-55d58c41d630 ] Request (AZV2TestJSON:tearDownClass): 201 POST http://10.180.1.21/identity/v3/auth/tokens 0.269s
2024-10-07 06:39:32.478 62241 INFO tempest.lib.common.rest_client [req-0d502f38-6c51-4d96-93f3-a6cf6a9d91a3 req-0d502f38-6c51-4d96-93f3-a6cf6a9d91a3 ] Request (MigrationsAdminTest:setUpClass): 204 PUT http://10.180.1.21/identity/v3/projects/5d1db186b63e4ae88a8e5296fab8a9fb/users/7328f5e5d31148abbec4ace3f304e31d/roles/5633aeb6b1cc4e70b25ab17e8edf909b 0.234s
2024-10-07 06:39:32.479 62241 INFO tempest.lib.common.dynamic_creds [-] Dynamic test user 7328f5e5d31148abbec4ace3f304e31d is created with scope project and roles: ['admin']
2024-10-07 06:39:32.479 62241 INFO tempest.lib.common.dynamic_creds [-] Acquired dynamic creds: credentials: Credentials: {'domain_id': 'default', 'domain_name': 'Default', 'username': 'tempest-MigrationsAdminTest-1791818530-project-admin', 'project_domain_id': 'default', 'project_domain_name': 'Default', 'project_id': '5d1db186b63e4ae88a8e5296fab8a9fb', 'project_name': 'tempest-MigrationsAdminTest-1791818530', 'tenant_id': '5d1db186b63e4ae88a8e5296fab8a9fb', 'tenant_name': 'tempest-MigrationsAdminTest-1791818530', 'user_domain_id': 'default', 'user_domain_name': 'Default', 'user_id': '7328f5e5d31148abbec4ace3f304e31d', 'system': None}, Network: None, Subnet: None, Router: None
2024-10-07 06:39:32.479 62241 INFO tempest.lib.common.dynamic_creds [-] Created isolated network resources for: credentials: Credentials: {'domain_id': 'default', 'domain_name': 'Default', 'username': 'tempest-MigrationsAdminTest-1791818530-project-admin', 'project_domain_id': 'default', 'project_domain_name': 'Default', 'project_id': '5d1db186b63e4ae88a8e5296fab8a9fb', 'project_name': 'tempest-MigrationsAdminTest-1791818530', 'tenant_id': '5d1db186b63e4ae88a8e5296fab8a9fb', 'tenant_name': 'tempest-MigrationsAdminTest-1791818530', 'user_domain_id': 'default', 'user_domain_name': 'Default', 'user_id': '7328f5e5d31148abbec4ace3f304e31d', 'system': None}, Network: None, Subnet: None, Router: None
2024-10-07 06:39:32.480 62261 INFO tempest.lib.common.rest_client [req-75347a23-c8ab-4559-a988-9d49718190f7 req-75347a23-c8ab-4559-a988-9d49718190f7 ] Request (VolumesAssistedSnapshotsTest:test_volume_assisted_snapshot_create_delete): 200 GET http://10.180.1.21/compute/v2.1/servers/ab392d78-a11d-44d0-81d6-8afcb169e6e1 0.603s
2024-10-07 06:39:32.493 62257 INFO tempest.lib.common.rest_client [req-effc2c06-419e-4f9f-8684-192c720e9e76 req-effc2c06-419e-4f9f-8684-192c720e9e76 ] Request (FlavorsExtraSpecsTestJSON:tearDownClass): 204 DELETE http://10.180.1.21:9696/networking/v2.0/security-groups/3e544799-3e20-4408-9e37-0f45d4869cd7 0.223s
2024-10-07 06:39:32.506 62237 INFO tempest.lib.common.rest_client [req-d401c6ed-f8ee-4c27-bff1-a23e2db460cd req-d401c6ed-f8ee-4c27-bff1-a23e2db460cd ] Request (KeyPairsV22TestJSON:_run_cleanups): 204 DELETE http://10.180.1.21/compute/v2.1/os-keypairs/tempest-KeyPairsV22TestJSON-keypair-1577350835 0.572s
2024-10-07 06:39:32.534 62225 INFO tempest.lib.common.rest_client [req-95490951-6e94-4e07-b4db-f19b9575b9d9 req-95490951-6e94-4e07-b4db-f19b9575b9d9 ] Request (VolumesAdminNegativeTest:setUpClass): 201 POST http://10.180.1.21/identity/v3/auth/tokens 0.219s
2024-10-07 06:39:32.546 62271 INFO tempest.lib.common.rest_client [req-1ee3bdfa-7bf0-4deb-a2e9-3a273a477b21 req-1ee3bdfa-7bf0-4deb-a2e9-3a273a477b21 ] Request (HypervisorAdminUnderV252Test:tearDownClass): 204 DELETE http://10.180.1.21:9696/networking/v2.0/security-groups/003c3491-160d-469e-a4de-b6258a897923 0.198s
2024-10-07 06:39:32.553 62273 INFO tempest.lib.common.rest_client [req-e254dc30-b22d-4002-9f66-8d3b07fee0d6 req-e254dc30-b22d-4002-9f66-8d3b07fee0d6 ] Request (ServerDiskConfigTestJSON:setUpClass): 200 GET http://10.180.1.21/identity/v3/roles 0.195s
2024-10-07 06:39:32.577 62221 INFO tempest.lib.common.rest_client [req-0973d8f7-746f-4a44-bf28-64bb42990cca req-0973d8f7-746f-4a44-bf28-64bb42990cca ] Request (ServersWithSpecificFlavorTestJSON:test_verify_created_server_ephemeral_disk): 200 GET http://10.180.1.21/compute/v2.1/servers/e51ac29e-48f7-4589-ab67-c83a616cc591 0.622s
2024-10-07 06:39:32.596 62281 INFO tempest.lib.common.rest_client [req-abbb5c73-82bc-4768-a3d4-eb3ee253a171 req-abbb5c73-82bc-4768-a3d4-eb3ee253a171 ] Request (FlavorsAdminTestJSON:_run_cleanups): 202 DELETE http://10.180.1.21/compute/v2.1/flavors/b6923b02-8919-4ae7-a08f-db97f4a74b7f 0.639s
2024-10-07 06:39:32.599 62253 INFO tempest.lib.common.rest_client [req-a94cf26d-539b-42e5-8782-77b0b8dcd1fa req-a94cf26d-539b-42e5-8782-77b0b8dcd1fa ] Request (AttachInterfacesTestJSON:setUpClass): 201 POST http://10.180.1.21/identity/v3/auth/tokens 0.220s
2024-10-07 06:39:32.624 62265 INFO tempest.lib.common.rest_client [req-ec92f478-5f35-451d-8f78-6d09f2ee62b8 req-ec92f478-5f35-451d-8f78-6d09f2ee62b8 ] Request (ServerMetadataTestJSON:setUpClass): 201 POST http://10.180.1.21/identity/v3/auth/tokens 0.198s
2024-10-07 06:39:32.652 62233 INFO tempest.lib.common.rest_client [req-c0377a25-bc42-45dc-b306-2d596dbfb453 req-c0377a25-bc42-45dc-b306-2d596dbfb453 ] Request (SecurityGroupRulesTestJSON:test_security_group_rules_delete_when_peer_group_deleted): 200 GET http://10.180.1.21/compute/v2.1/os-security-groups/9e5e0cdf-d638-4303-93eb-6fce469e144d 0.590s
2024-10-07 06:39:32.675 62250 INFO tempest.lib.common.rest_client [req-e5b79f98-2626-41d2-b6b6-9f4acd5a9f0f req-e5b79f98-2626-41d2-b6b6-9f4acd5a9f0f ] Request (FlavorsAccessNegativeTestJSON:test_flavor_non_admin_remove): 200 POST http://10.180.1.21/compute/v2.1/flavors 0.585s
2024-10-07 06:39:32.698 62241 INFO tempest.lib.common.rest_client [req-29a3e96f-1440-4400-a015-82798adfa924 req-29a3e96f-1440-4400-a015-82798adfa924 ] Request (MigrationsAdminTest:setUpClass): 201 POST http://10.180.1.21/identity/v3/auth/tokens 0.214s
2024-10-07 06:39:32.760 62257 INFO tempest.lib.common.rest_client [req-06f36dca-7cc4-4073-8f89-2726ceb8b50f req-06f36dca-7cc4-4073-8f89-2726ceb8b50f ] Request (FlavorsExtraSpecsTestJSON:tearDownClass): 204 DELETE http://10.180.1.21/identity/v3/projects/8b586de5f4f0424188356aaef4c36062 0.264s
2024-10-07 06:39:32.761 62257 INFO tempest.lib.common.dynamic_creds [-] Deleting project and security group for project: ee7186ec6b654181a704137e49a21e7c
2024-10-07 06:39:32.816 62225 INFO tempest.lib.common.rest_client [req-db63b959-e8fd-4461-b05d-4ed2fd7eefe9 req-db63b959-e8fd-4461-b05d-4ed2fd7eefe9 ] Request (VolumesAdminNegativeTest:setUpClass): 201 POST http://10.180.1.21/identity/v3/auth/tokens 0.278s
2024-10-07 06:39:32.848 62273 INFO tempest.lib.common.rest_client [req-b62d952b-b1c8-4d7f-ad1e-a1a254422247 req-b62d952b-b1c8-4d7f-ad1e-a1a254422247 ] Request (ServerDiskConfigTestJSON:setUpClass): 204 PUT http://10.180.1.21/identity/v3/projects/0110dfcd30de444badf6fe685042ba3b/users/2ea19b4c355d4b2797683d78e82eadea/roles/405c762c30cc4defb56d421d72057a4c 0.293s
2024-10-07 06:39:32.848 62273 INFO tempest.lib.common.dynamic_creds [-] Dynamic test user 2ea19b4c355d4b2797683d78e82eadea is created with scope project and roles: ['member']
2024-10-07 06:39:32.849 62273 INFO tempest.lib.common.dynamic_creds [-] Acquired dynamic creds: credentials: Credentials: {'domain_id': 'default', 'domain_name': 'Default', 'username': 'tempest-ServerDiskConfigTestJSON-1563111558-project-member', 'project_domain_id': 'default', 'project_domain_name': 'Default', 'project_id': '0110dfcd30de444badf6fe685042ba3b', 'project_name': 'tempest-ServerDiskConfigTestJSON-1563111558', 'tenant_id': '0110dfcd30de444badf6fe685042ba3b', 'tenant_name': 'tempest-ServerDiskConfigTestJSON-1563111558', 'user_domain_id': 'default', 'user_domain_name': 'Default', 'user_id': '2ea19b4c355d4b2797683d78e82eadea', 'system': None}, Network: None, Subnet: None, Router: None
2024-10-07 06:39:32.921 62265 INFO tempest.lib.common.rest_client [req-9e92a3ef-064f-4c97-9869-562fc49891d4 req-9e92a3ef-064f-4c97-9869-562fc49891d4 ] Request (ServerMetadataTestJSON:setUpClass): 201 POST http://10.180.1.21/identity/v3/auth/tokens 0.238s
2024-10-07 06:39:32.950 62225 INFO tempest.lib.common.rest_client [req-bef9a33a-4fee-4f51-a7c9-fae99653da02 req-bef9a33a-4fee-4f51-a7c9-fae99653da02 ] Request (VolumesAdminNegativeTest:setUpClass): 200 GET http://10.180.1.21/identity/v3/domains?name=Default 0.133s
2024-10-07 06:39:32.958 62243 INFO tempest.lib.common.rest_client [req-ddf819a8-0f06-478f-9a45-267afc656435 req-ddf819a8-0f06-478f-9a45-267afc656435 ] Request (ImagesMetadataTestJSON:setUp): 200 PUT http://10.180.1.21/compute/v2.1/images/318ba0a7-6e14-48b6-948c-072ba89358e5/metadata 0.823s
2024-10-07 06:39:32.962 62267 INFO tempest.lib.common.rest_client [req-2a7b329f-33af-4332-830f-14ef1428b6ca req-2a7b329f-33af-4332-830f-14ef1428b6ca ] Request (QuotasAdminTestJSON:test_update_all_quota_resources_for_tenant): 200 PUT http://10.180.1.21/compute/v2.1/os-quota-sets/92b5a9776f554e2f8c7a1617792624f4 1.247s
2024-10-07 06:39:32.966 62257 INFO tempest.lib.common.rest_client [req-1d64a87c-8d58-48ca-8469-32d4b62e117f req-1d64a87c-8d58-48ca-8469-32d4b62e117f ] Request (FlavorsExtraSpecsTestJSON:tearDownClass): 200 GET http://10.180.1.21:9696/networking/v2.0/security-groups?tenant_id=ee7186ec6b654181a704137e49a21e7c&name=default 0.204s
2024-10-07 06:39:32.994 62273 INFO tempest.lib.common.rest_client [req-9fff0c1b-75ef-42fc-b7b4-eeaec387204b req-9fff0c1b-75ef-42fc-b7b4-eeaec387204b ] Request (ServerDiskConfigTestJSON:setUpClass): 201 POST http://10.180.1.21/identity/v3/auth/tokens 0.145s
2024-10-07 06:39:33.021 62265 INFO tempest.lib.common.rest_client [req-5618cb35-1106-4f4a-a336-dbea4749abc3 req-5618cb35-1106-4f4a-a336-dbea4749abc3 ] Request (ServerMetadataTestJSON:setUpClass): 200 GET http://10.180.1.21/identity/v3/domains?name=Default 0.100s
2024-10-07 06:39:33.044 62271 INFO tempest.lib.common.rest_client [req-765c2efa-7795-42a0-aae3-c4f8081e9e00 req-765c2efa-7795-42a0-aae3-c4f8081e9e00 ] Request (HypervisorAdminUnderV252Test:tearDownClass): 204 DELETE http://10.180.1.21/identity/v3/projects/5a583f212cb74fadafad68d39fe7e500 0.497s
2024-10-07 06:39:33.044 62271 INFO tempest.lib.common.dynamic_creds [-] Deleting project and security group for project: 0b8c67bff9684e9db97a28d986eb1514
2024-10-07 06:39:33.057 62229 INFO tempest.lib.common.rest_client [req-922fe920-5dcf-4b20-b3d8-32d30a4f4d78 req-922fe920-5dcf-4b20-b3d8-32d30a4f4d78 ] Request (DeleteServersAdminTestJSON:test_admin_delete_servers_of_others): 200 GET http://10.180.1.21/compute/v2.1/servers/f7f3a069-04da-4090-bbb1-1406799b5fdd 0.792s
2024-10-07 06:39:33.066 62229 INFO tempest.common.waiters [-] State transition "BUILD/spawning" ==> "BUILD/scheduling" after 22 second wait
2024-10-07 06:39:33.074 62223 INFO tempest.lib.common.rest_client [req-4f433f8d-5819-42c9-a089-82c869415be4 req-4f433f8d-5819-42c9-a089-82c869415be4 ] Request (ServersAdmin275Test:test_rebuild_update_server_275): 200 GET http://10.180.1.21/compute/v2.1/servers/76b7db85-734f-40fe-8d58-2fba89bf205f 0.904s
2024-10-07 06:39:33.095 62239 INFO tempest.lib.common.rest_client [req-51afee29-4852-4e7b-8043-0e9fdf388465 req-51afee29-4852-4e7b-8043-0e9fdf388465 ] Request (ServerDiagnosticsTest:test_get_server_diagnostics): 404 GET http://10.180.1.21/compute/v2.1/servers/69e3c117-ee31-4d80-812b-da3c12fe19b9 0.796s
2024-10-07 06:39:33.119 62225 INFO tempest.lib.common.rest_client [req-8038187c-db32-4870-990a-e2b88fc8e3fe req-8038187c-db32-4870-990a-e2b88fc8e3fe ] Request (VolumesAdminNegativeTest:setUpClass): 201 POST http://10.180.1.21/identity/v3/projects 0.168s
2024-10-07 06:39:33.124 62256 INFO tempest.lib.common.rest_client [req-a653f965-f941-4cfd-8f02-a3a93eec70f2 req-a653f965-f941-4cfd-8f02-a3a93eec70f2 ] Request (AZV2TestJSON:tearDownClass): 200 GET http://10.180.1.21:9696/networking/v2.0/security-groups?tenant_id=afe8c5fcad6742659b339873d109f11d&name=default 0.666s
2024-10-07 06:39:33.126 62275 INFO tempest.lib.common.rest_client [req-3dbba4b5-3bb9-412b-877a-dedc2f3c0e22 req-3dbba4b5-3bb9-412b-877a-dedc2f3c0e22 ] Request (QuotasAdminNegativeTest:tearDownClass): 200 GET http://10.180.1.21:9696/networking/v2.0/security-groups?tenant_id=6e6acf2e877d460fba4c6ef257e9019f&name=default 0.744s
2024-10-07 06:39:33.133 62265 INFO tempest.lib.common.rest_client [req-78b578d3-699b-441d-9c21-2f2b0ef25a87 req-78b578d3-699b-441d-9c21-2f2b0ef25a87 ] Request (ServerMetadataTestJSON:setUpClass): 201 POST http://10.180.1.21/identity/v3/projects 0.111s
2024-10-07 06:39:33.240 62239 INFO tempest.lib.common.rest_client [req-65619322-73a3-48d4-944b-4630a03e5188 req-65619322-73a3-48d4-944b-4630a03e5188 ] Request (ServerDiagnosticsTest:tearDownClass): 204 DELETE http://10.180.1.21/identity/v3/users/068bc72c6fb64bf28683069c393505e5 0.136s
2024-10-07 06:39:33.277 62225 INFO tempest.lib.common.rest_client [req-0829d52d-f9cb-41f6-b5ef-74c67589ef94 req-0829d52d-f9cb-41f6-b5ef-74c67589ef94 ] Request (VolumesAdminNegativeTest:setUpClass): 201 POST http://10.180.1.21/identity/v3/users 0.158s
2024-10-07 06:39:33.305 62265 INFO tempest.lib.common.rest_client [req-fbe8a27f-f2f6-4b42-a9a5-dbc6ac15e4b2 req-fbe8a27f-f2f6-4b42-a9a5-dbc6ac15e4b2 ] Request (ServerMetadataTestJSON:setUpClass): 201 POST http://10.180.1.21/identity/v3/users 0.171s
2024-10-07 06:39:33.347 62239 INFO tempest.lib.common.rest_client [req-8a0df6c6-6249-4f1a-90ab-af263c263a67 req-8a0df6c6-6249-4f1a-90ab-af263c263a67 ] Request (ServerDiagnosticsTest:tearDownClass): 204 DELETE http://10.180.1.21/identity/v3/users/526bb476cc4b431bbc119e1699db09b4 0.107s
2024-10-07 06:39:33.347 62239 INFO tempest.lib.common.dynamic_creds [-] Deleting project and security group for project: 8d449e6314c24967b8bc6d6636d38a3f
2024-10-07 06:39:33.355 62259 INFO tempest.lib.common.rest_client [req-c0a573f0-338f-4a0c-9236-887a8c1cac66 req-c0a573f0-338f-4a0c-9236-887a8c1cac66 ] Request (ImagesTestJSON:test_create_image_from_stopped_server): 200 GET http://10.180.1.21/compute/v2.1/servers/1bd21abf-5421-4f51-a4e9-fecb2c98aa3a 1.012s
2024-10-07 06:39:33.357 62225 INFO tempest.lib.common.rest_client [req-1ffecc36-b94b-4441-bf06-2dd6402f8b29 req-1ffecc36-b94b-4441-bf06-2dd6402f8b29 ] Request (VolumesAdminNegativeTest:setUpClass): 200 GET http://10.180.1.21/identity/v3/roles 0.080s
2024-10-07 06:39:33.387 62237 INFO tempest.lib.common.rest_client [req-cd0ba0e0-9f0c-422d-abf8-35c8b7243f9c req-cd0ba0e0-9f0c-422d-abf8-35c8b7243f9c ] Request (KeyPairsV22TestJSON:_run_cleanups): 204 DELETE http://10.180.1.21/compute/v2.1/os-keypairs/tempest-KeyPairsV22TestJSON-keypair-917183421 0.880s
2024-10-07 06:39:33.403 62265 INFO tempest.lib.common.rest_client [req-b15394aa-b0c4-4647-a2fc-e889bdcc43ac req-b15394aa-b0c4-4647-a2fc-e889bdcc43ac ] Request (ServerMetadataTestJSON:setUpClass): 200 GET http://10.180.1.21/identity/v3/roles 0.097s
2024-10-07 06:39:33.417 62239 INFO tempest.lib.common.rest_client [req-08ecbef5-e830-48af-af02-1de7008d8d1a req-08ecbef5-e830-48af-af02-1de7008d8d1a ] Request (ServerDiagnosticsTest:tearDownClass): 201 POST http://10.180.1.21/identity/v3/auth/tokens 0.069s
2024-10-07 06:39:33.435 62225 INFO tempest.lib.common.rest_client [req-1ac27044-4367-451b-90e1-bfb90e9ea9f6 req-1ac27044-4367-451b-90e1-bfb90e9ea9f6 ] Request (VolumesAdminNegativeTest:setUpClass): 204 PUT http://10.180.1.21/identity/v3/projects/040056883ae342589d380bc37eaec5a3/users/5c6dfc9a8e294015812f4926e07593e1/roles/405c762c30cc4defb56d421d72057a4c 0.076s
2024-10-07 06:39:33.435 62225 INFO tempest.lib.common.dynamic_creds [-] Dynamic test user 5c6dfc9a8e294015812f4926e07593e1 is created with scope project and roles: ['member']
2024-10-07 06:39:33.435 62225 INFO tempest.lib.common.dynamic_creds [-] Acquired dynamic creds: credentials: Credentials: {'domain_id': 'default', 'domain_name': 'Default', 'username': 'tempest-VolumesAdminNegativeTest-68264507-project-member', 'project_domain_id': 'default', 'project_domain_name': 'Default', 'project_id': '040056883ae342589d380bc37eaec5a3', 'project_name': 'tempest-VolumesAdminNegativeTest-68264507', 'tenant_id': '040056883ae342589d380bc37eaec5a3', 'tenant_name': 'tempest-VolumesAdminNegativeTest-68264507', 'user_domain_id': 'default', 'user_domain_name': 'Default', 'user_id': '5c6dfc9a8e294015812f4926e07593e1', 'system': None}, Network: None, Subnet: None, Router: None
2024-10-07 06:39:33.440 62265 INFO tempest.lib.common.rest_client [req-b6dcca65-f334-4309-a515-768df01157f2 req-b6dcca65-f334-4309-a515-768df01157f2 ] Request (ServerMetadataTestJSON:setUpClass): 204 PUT http://10.180.1.21/identity/v3/projects/5b11c088c3c4448283e1f35c1370a8e6/users/34bc65b11c324fa9b24b58488ec6a902/roles/405c762c30cc4defb56d421d72057a4c 0.036s
2024-10-07 06:39:33.440 62265 INFO tempest.lib.common.dynamic_creds [-] Dynamic test user 34bc65b11c324fa9b24b58488ec6a902 is created with scope project and roles: ['member']
2024-10-07 06:39:33.440 62265 INFO tempest.lib.common.dynamic_creds [-] Acquired dynamic creds: credentials: Credentials: {'domain_id': 'default', 'domain_name': 'Default', 'username': 'tempest-ServerMetadataTestJSON-1597644333-project-member', 'project_domain_id': 'default', 'project_domain_name': 'Default', 'project_id': '5b11c088c3c4448283e1f35c1370a8e6', 'project_name': 'tempest-ServerMetadataTestJSON-1597644333', 'tenant_id': '5b11c088c3c4448283e1f35c1370a8e6', 'tenant_name': 'tempest-ServerMetadataTestJSON-1597644333', 'user_domain_id': 'default', 'user_domain_name': 'Default', 'user_id': '34bc65b11c324fa9b24b58488ec6a902', 'system': None}, Network: None, Subnet: None, Router: None
2024-10-07 06:39:33.492 62225 INFO tempest.lib.common.rest_client [req-16498695-0bee-4874-b29e-d781b63b25aa req-16498695-0bee-4874-b29e-d781b63b25aa ] Request (VolumesAdminNegativeTest:setUpClass): 201 POST http://10.180.1.21/identity/v3/auth/tokens 0.055s
2024-10-07 06:39:33.501 62263 INFO tempest.lib.common.rest_client [req-3011b59b-179a-4ce4-8fc4-b34d2459fdfd req-3011b59b-179a-4ce4-8fc4-b34d2459fdfd ] Request (ImagesOneServerTestJSON:setUpClass): 200 GET http://10.180.1.21/compute/v2.1/servers/bb58f75b-97d0-4615-a014-3de3bf7dee2f 0.962s
2024-10-07 06:39:33.502 62265 INFO tempest.lib.common.rest_client [req-0fc825f4-2ef4-45a2-bfb0-5b31fbbfb7cb req-0fc825f4-2ef4-45a2-bfb0-5b31fbbfb7cb ] Request (ServerMetadataTestJSON:setUpClass): 201 POST http://10.180.1.21/identity/v3/auth/tokens 0.061s
2024-10-07 06:39:33.522 62281 INFO tempest.lib.common.rest_client [req-6f6aa140-d093-4f43-abec-d3a722c55c2e req-6f6aa140-d093-4f43-abec-d3a722c55c2e ] Request (FlavorsAdminTestJSON:_run_cleanups): 200 GET http://10.180.1.21/compute/v2.1/flavors/detail 0.925s
2024-10-07 06:39:33.563 62257 INFO tempest.lib.common.rest_client [req-a98dd35b-194d-4588-b5c0-9e189d0aa99b req-a98dd35b-194d-4588-b5c0-9e189d0aa99b ] Request (FlavorsExtraSpecsTestJSON:tearDownClass): 204 DELETE http://10.180.1.21:9696/networking/v2.0/security-groups/cae9aace-27b3-4e4f-b7c0-830881bbe09a 0.596s
2024-10-07 06:39:33.646 62257 INFO tempest.lib.common.rest_client [req-4ec4b277-dd30-4a89-bf9d-4332db1f222b req-4ec4b277-dd30-4a89-bf9d-4332db1f222b ] Request (FlavorsExtraSpecsTestJSON:tearDownClass): 204 DELETE http://10.180.1.21/identity/v3/projects/ee7186ec6b654181a704137e49a21e7c 0.082s
2024-10-07 06:39:33.675 62271 INFO tempest.lib.common.rest_client [req-26232f4d-da2e-4b47-b74d-d330a5c638f6 req-26232f4d-da2e-4b47-b74d-d330a5c638f6 ] Request (HypervisorAdminUnderV252Test:tearDownClass): 200 GET http://10.180.1.21:9696/networking/v2.0/security-groups?tenant_id=0b8c67bff9684e9db97a28d986eb1514&name=default 0.631s
2024-10-07 06:39:33.676 62253 INFO tempest.lib.common.rest_client [req-1b3a44c3-b05d-4e03-93de-f7698dd6cdd6 req-1b3a44c3-b05d-4e03-93de-f7698dd6cdd6 ] Request (ValidationResourcesFixture:setUp): 200 POST http://10.180.1.21/compute/v2.1/os-keypairs 1.074s
2024-10-07 06:39:33.708 62227 INFO tempest.lib.common.rest_client [req-fc410150-e551-4a35-b59d-26af571d9dad req-fc410150-e551-4a35-b59d-26af571d9dad ] Request (SecurityGroupsNegativeTestJSON:test_delete_the_default_security_group): 400 DELETE http://10.180.1.21/compute/v2.1/os-security-groups/8ccffaea-01b6-4fbc-b2a1-31103f3fff14 1.316s
2024-10-07 06:39:33.710 62239 INFO tempest.lib.common.rest_client [req-870a84b1-9d6a-4b58-ad0c-f4dbe9e963cf req-870a84b1-9d6a-4b58-ad0c-f4dbe9e963cf ] Request (ServerDiagnosticsTest:tearDownClass): 200 GET http://10.180.1.21:9696/networking/v2.0/security-groups?tenant_id=8d449e6314c24967b8bc6d6636d38a3f&name=default 0.293s
2024-10-07 06:39:33.711 62257 INFO tempest.lib.common.rest_client [req-7785764d-28c2-4d20-a8ce-a4e455172ba7 req-7785764d-28c2-4d20-a8ce-a4e455172ba7 ] Request (HypervisorAdminNegativeUnderV252Test:setUpClass): 201 POST http://10.180.1.21/identity/v3/auth/tokens 0.063s
2024-10-07 06:39:33.745 62257 INFO tempest.lib.common.rest_client [req-8e171604-97cf-45ec-8cd9-3afd5d0df756 req-8e171604-97cf-45ec-8cd9-3afd5d0df756 ] Request (HypervisorAdminNegativeUnderV252Test:setUpClass): 201 POST http://10.180.1.21/identity/v3/auth/tokens 0.032s
2024-10-07 06:39:33.747 62256 INFO tempest.lib.common.rest_client [req-85b0229d-15f5-4de4-8b61-17b4c07d6a2b req-85b0229d-15f5-4de4-8b61-17b4c07d6a2b ] Request (AZV2TestJSON:tearDownClass): 204 DELETE http://10.180.1.21:9696/networking/v2.0/security-groups/e32d17a7-178e-4772-b67f-15f1276abe6a 0.622s
2024-10-07 06:39:33.772 62257 INFO tempest.lib.common.rest_client [req-ae39ae4b-4fe3-4286-8029-ec4d21d5b678 req-ae39ae4b-4fe3-4286-8029-ec4d21d5b678 ] Request (HypervisorAdminNegativeUnderV252Test:setUpClass): 200 GET http://10.180.1.21/identity/v3/domains?name=Default 0.027s
2024-10-07 06:39:33.784 62277 INFO tempest.lib.common.rest_client [req-fa3ecfa2-303e-4e7b-9df3-17c55fad18f1 req-fa3ecfa2-303e-4e7b-9df3-17c55fad18f1 ] Request (SecurityGroupsTestJSON:test_list_security_groups_by_server): 200 GET http://10.180.1.21/compute/v2.1/servers/03489669-961b-4e5b-87b1-ef05bb59433b 1.126s
2024-10-07 06:39:33.803 62257 INFO tempest.lib.common.rest_client [req-cc27b7d7-b8ee-42a8-98b1-097339ca32be req-cc27b7d7-b8ee-42a8-98b1-097339ca32be ] Request (HypervisorAdminNegativeUnderV252Test:setUpClass): 201 POST http://10.180.1.21/identity/v3/projects 0.031s
2024-10-07 06:39:33.822 62256 INFO tempest.lib.common.rest_client [req-7463f143-d7dd-44ed-a70f-93fcb1872cea req-7463f143-d7dd-44ed-a70f-93fcb1872cea ] Request (AZV2TestJSON:tearDownClass): 204 DELETE http://10.180.1.21/identity/v3/projects/afe8c5fcad6742659b339873d109f11d 0.074s
2024-10-07 06:39:33.854 62275 INFO tempest.lib.common.rest_client [req-df474e77-f44f-4ab5-bf90-a1c61e19c28b req-df474e77-f44f-4ab5-bf90-a1c61e19c28b ] Request (QuotasAdminNegativeTest:tearDownClass): 204 DELETE http://10.180.1.21:9696/networking/v2.0/security-groups/c5d8ba2b-83b9-4e7e-a6c4-a5a25b083ac0 0.727s
2024-10-07 06:39:33.864 62257 INFO tempest.lib.common.rest_client [req-e88a363a-dd44-4e6a-b52b-f5ae4513fa87 req-e88a363a-dd44-4e6a-b52b-f5ae4513fa87 ] Request (HypervisorAdminNegativeUnderV252Test:setUpClass): 201 POST http://10.180.1.21/identity/v3/users 0.060s
2024-10-07 06:39:33.885 62245 INFO tempest.lib.common.rest_client [req-4d4c1f6e-9bf4-4df0-a786-6ddf3913df2c req-4d4c1f6e-9bf4-4df0-a786-6ddf3913df2c ] Request (InstanceActionsNegativeTestJSON:setUpClass): 200 PUT http://10.180.1.21:9696/networking/v2.0/routers/f398c2ba-9367-4fb3-82ea-d9798ab62122/add_router_interface 2.977s
