2024-10-07 06:40:25.084 62239 INFO tempest.lib.common.rest_client [req-08c7ecd4-ee12-4aab-9177-dcc313d07aa9 req-08c7ecd4-ee12-4aab-9177-dcc313d07aa9 ] Request (InstanceActionsTestJSON:setUpClass): 200 GET http://10.180.1.21/compute/v2.1/servers/35e41d19-8f1c-496d-9712-a1ac3c787c3b 0.201s
2024-10-07 06:40:25.115 62261 INFO tempest.lib.common.rest_client [req-02cda42f-eed1-4314-85c7-6f926280e4ed req-02cda42f-eed1-4314-85c7-6f926280e4ed ] Request (NetworksTest:setUpClass): 204 PUT http://10.180.1.21/identity/v3/projects/e89e0aeadf8f4225b3300cc6d259fa77/users/23438e17b0524e268106a7e999f2bfcf/roles/405c762c30cc4defb56d421d72057a4c 0.045s
2024-10-07 06:40:25.115 62261 INFO tempest.lib.common.dynamic_creds [-] Dynamic test user 23438e17b0524e268106a7e999f2bfcf is created with scope project and roles: ['member']
2024-10-07 06:40:25.115 62261 INFO tempest.lib.common.dynamic_creds [-] Acquired dynamic creds: credentials: Credentials: {'domain_id': 'default', 'domain_name': 'Default', 'username': 'tempest-NetworksTest-1863420657-project-member', 'project_domain_id': 'default', 'project_domain_name': 'Default', 'project_id': 'e89e0aeadf8f4225b3300cc6d259fa77', 'project_name': 'tempest-NetworksTest-1863420657', 'tenant_id': 'e89e0aeadf8f4225b3300cc6d259fa77', 'tenant_name': 'tempest-NetworksTest-1863420657', 'user_domain_id': 'default', 'user_domain_name': 'Default', 'user_id': '23438e17b0524e268106a7e999f2bfcf', 'system': None}, Network: None, Subnet: None, Router: None
2024-10-07 06:40:25.115 62261 INFO tempest.lib.common.dynamic_creds [-] Created isolated network resources for: credentials: Credentials: {'domain_id': 'default', 'domain_name': 'Default', 'username': 'tempest-NetworksTest-1863420657-project-member', 'project_domain_id': 'default', 'project_domain_name': 'Default', 'project_id': 'e89e0aeadf8f4225b3300cc6d259fa77', 'project_name': 'tempest-NetworksTest-1863420657', 'tenant_id': 'e89e0aeadf8f4225b3300cc6d259fa77', 'tenant_name': 'tempest-NetworksTest-1863420657', 'user_domain_id': 'default', 'user_domain_name': 'Default', 'user_id': '23438e17b0524e268106a7e999f2bfcf', 'system': None}, Network: None, Subnet: None, Router: None
2024-10-07 06:40:25.133 62225 INFO tempest.lib.common.rest_client [req-14e25ae1-cd3f-4c73-9b5b-bd7865dc4f4e req-14e25ae1-cd3f-4c73-9b5b-bd7865dc4f4e ] Request (VolumesAdminNegativeTest:test_update_attached_volume_with_nonexistent_volume_in_body): 200 GET http://10.180.1.21/compute/v2.1/servers/8adfe7b8-0e4d-45ca-9f64-b2ed33e85ec2 0.244s
2024-10-07 06:40:25.140 62241 INFO tempest.lib.common.rest_client [req-1b65551a-570e-4ab3-80df-a55de4411364 req-1b65551a-570e-4ab3-80df-a55de4411364 ] Request (MigrationsAdminTest:test_resize_server_revert_deleted_flavor): 200 GET http://10.180.1.21/compute/v2.1/servers/40de5f22-0de2-466a-91ab-dcb6ec586dad 0.210s
2024-10-07 06:40:25.202 62271 INFO tempest.lib.common.rest_client [req-21d2fd7e-a366-4aff-8cdf-f5463bcf5c27 req-21d2fd7e-a366-4aff-8cdf-f5463bcf5c27 ] Request (ServerActionsTestJSON:setUpClass): 200 GET http://10.180.1.21/compute/v2.1/servers/b632a5d1-62b1-44b1-a82a-b1e761e0c4b8 0.232s
2024-10-07 06:40:25.207 62261 INFO tempest.lib.common.rest_client [req-a8c626dd-b284-4ba3-820a-0ae95c6b2f4c req-a8c626dd-b284-4ba3-820a-0ae95c6b2f4c ] Request (NetworksTest:setUpClass): 201 POST http://10.180.1.21/identity/v3/auth/tokens 0.089s
2024-10-07 06:40:25.210 62285 INFO tempest.lib.common.rest_client [req-5f51b2de-e9ac-4e38-8dcf-fc996bf473d6 req-5f51b2de-e9ac-4e38-8dcf-fc996bf473d6 ] Request (ServerAddressesTestJSON:setUpClass): 200 GET http://10.180.1.21/compute/v2.1/servers/49d08e2b-1be4-4adb-98a8-98efad8eb7ff 0.257s
2024-10-07 06:40:25.268 62253 INFO tempest.lib.common.rest_client [req-31cf0291-e1bf-4659-853a-aa7e8be7c561 req-31cf0291-e1bf-4659-853a-aa7e8be7c561 ] Request (AttachInterfacesTestJSON:test_create_list_show_delete_interfaces_by_fixed_ip): 200 GET http://10.180.1.21/compute/v2.1/servers/42698792-0555-45ae-a525-62265259bc17 0.241s
2024-10-07 06:40:25.269 62279 INFO tempest.lib.common.rest_client [req-8c2d4706-e131-411d-8e2e-7792d0f2d006 req-8c2d4706-e131-411d-8e2e-7792d0f2d006 ] Request (AttachInterfacesUnderV243Test:test_add_remove_fixed_ip): 200 GET http://10.180.1.21/compute/v2.1/servers/55102fef-de7c-4505-a192-39568e08c096 0.253s
2024-10-07 06:40:25.274 62261 INFO tempest.lib.common.rest_client [req-2845c84d-a8b4-4fff-bfb2-f3b942344ecc req-2845c84d-a8b4-4fff-bfb2-f3b942344ecc ] Request (NetworksTest:setUpClass): 201 POST http://10.180.1.21/identity/v3/projects 0.066s
2024-10-07 06:40:25.285 62269 INFO tempest.lib.common.rest_client [req-a04d5730-672a-4618-8a4e-1ce1a9ba9525 req-a04d5730-672a-4618-8a4e-1ce1a9ba9525 ] Request (SecurityGroupRulesNegativeTestJSON:test_create_security_group_rule_with_non_existent_id): 404 POST http://10.180.1.21/compute/v2.1/os-security-group-rules 0.229s
2024-10-07 06:40:25.333 62237 INFO tempest.lib.common.rest_client [req-4bd2ba0d-3feb-474d-babc-668f17286d21 req-4bd2ba0d-3feb-474d-babc-668f17286d21 ] Request (ServersTestManualDisk:setUpClass): 200 GET http://10.180.1.21/compute/v2.1/servers/dd239b21-fdb2-48fb-acf4-18242a98cd1f 0.273s
2024-10-07 06:40:25.352 62261 INFO tempest.lib.common.rest_client [req-5e11c415-67f2-4229-b319-9c3b5860cf26 req-5e11c415-67f2-4229-b319-9c3b5860cf26 ] Request (NetworksTest:setUpClass): 201 POST http://10.180.1.21/identity/v3/users 0.077s
2024-10-07 06:40:25.354 62251 INFO tempest.lib.common.rest_client [req-05f38e48-3f50-4283-a960-653d52cf07a3 req-05f38e48-3f50-4283-a960-653d52cf07a3 ] Request (ServerTagsTestJSON:setUpClass): 200 GET http://10.180.1.21/compute/v2.1/servers/6c62a1e9-d60c-4720-a554-951bea4b2e18 0.273s
2024-10-07 06:40:25.380 62261 INFO tempest.lib.common.rest_client [req-a5ebd52a-32ac-41ec-b647-f439ac0baf0a req-a5ebd52a-32ac-41ec-b647-f439ac0baf0a ] Request (NetworksTest:setUpClass): 200 GET http://10.180.1.21/identity/v3/roles 0.028s
2024-10-07 06:40:25.406 62261 INFO tempest.lib.common.rest_client [req-f45e0f20-e291-436e-8248-aa41e593d12e req-f45e0f20-e291-436e-8248-aa41e593d12e ] Request (NetworksTest:setUpClass): 204 PUT http://10.180.1.21/identity/v3/projects/a0dced9381784f4fb2534d847bd1a251/users/b92fd01570014e49a75053be449ffd0d/roles/5633aeb6b1cc4e70b25ab17e8edf909b 0.025s
2024-10-07 06:40:25.410 62265 INFO tempest.lib.common.rest_client [req-377c0e66-6cfe-4b6e-9c0d-2c2723703bd2 req-377c0e66-6cfe-4b6e-9c0d-2c2723703bd2 ] Request (ServerMetadataTestJSON:setUpClass): 200 GET http://10.180.1.21/compute/v2.1/servers/f70adc74-3b24-434a-829a-13274bae40b1 0.227s
2024-10-07 06:40:25.415 62223 INFO tempest.lib.common.rest_client [req-abc3b942-875a-48e8-b3de-8e2fa36f78fb req-abc3b942-875a-48e8-b3de-8e2fa36f78fb ] Request (ServersAdmin275Test:tearDownClass): 200 GET http://10.180.1.21/compute/v2.1/servers/76b7db85-734f-40fe-8d58-2fba89bf205f 0.281s
2024-10-07 06:40:25.460 62261 INFO tempest.lib.common.rest_client [req-75dc4bb9-5d89-4bb8-805f-136adc1fb92a req-75dc4bb9-5d89-4bb8-805f-136adc1fb92a ] Request (NetworksTest:setUpClass): 200 GET http://10.180.1.21/identity/v3/roles 0.053s
2024-10-07 06:40:25.461 62221 INFO tempest.lib.common.rest_client [req-59a43888-536e-4a48-befe-e95a9cdc1706 req-59a43888-536e-4a48-befe-e95a9cdc1706 ] Request (ServersWithSpecificFlavorTestJSON:tearDownClass): 200 PUT http://10.180.1.21:9696/networking/v2.0/routers/309163f2-354b-42bb-8c93-c26c9b679166/remove_router_interface 0.794s
2024-10-07 06:40:25.471 62250 INFO tempest.lib.common.rest_client [req-5fbc2cc6-e105-40fd-bb9c-152f291b90ed req-5fbc2cc6-e105-40fd-bb9c-152f291b90ed ] Request (ServersAdminTestJSON:setUpClass): 200 GET http://10.180.1.21/compute/v2.1/servers/aa800cea-6c7c-48ce-bfc6-a00f2f4cff7d 0.230s
2024-10-07 06:40:25.477 62247 INFO tempest.lib.common.rest_client [req-ed62e27e-0d84-499b-97f6-265606f571ae req-ed62e27e-0d84-499b-97f6-265606f571ae ] Request (ServerExternalEventsTest:test_create_server_external_events): 200 GET http://10.180.1.21/compute/v2.1/servers/4fa110e0-7235-4d62-a68b-c727b4a79908 0.208s
2024-10-07 06:40:25.490 62269 INFO tempest.lib.common.rest_client [req-f8b00ed8-3f37-426b-a29f-32a334fe0e5b req-f8b00ed8-3f37-426b-a29f-32a334fe0e5b ] Request (SecurityGroupRulesNegativeTestJSON:test_delete_security_group_rule_with_non_existent_id): 404 DELETE http://10.180.1.21/compute/v2.1/os-security-group-rules/d8f0ce75-8a55-475f-90f5-d3ed82cfdf7d 0.204s
2024-10-07 06:40:25.492 62261 INFO tempest.lib.common.rest_client [req-de34c946-c22b-4b88-9b84-3928b4621af2 req-de34c946-c22b-4b88-9b84-3928b4621af2 ] Request (NetworksTest:setUpClass): 204 PUT http://10.180.1.21/identity/v3/projects/a0dced9381784f4fb2534d847bd1a251/users/b92fd01570014e49a75053be449ffd0d/roles/5633aeb6b1cc4e70b25ab17e8edf909b 0.032s
2024-10-07 06:40:25.493 62261 INFO tempest.lib.common.dynamic_creds [-] Dynamic test user b92fd01570014e49a75053be449ffd0d is created with scope project and roles: ['admin']
2024-10-07 06:40:25.493 62261 INFO tempest.lib.common.dynamic_creds [-] Acquired dynamic creds: credentials: Credentials: {'domain_id': 'default', 'domain_name': 'Default', 'username': 'tempest-NetworksTest-580607486-project-admin', 'project_domain_id': 'default', 'project_domain_name': 'Default', 'project_id': 'a0dced9381784f4fb2534d847bd1a251', 'project_name': 'tempest-NetworksTest-580607486', 'tenant_id': 'a0dced9381784f4fb2534d847bd1a251', 'tenant_name': 'tempest-NetworksTest-580607486', 'user_domain_id': 'default', 'user_domain_name': 'Default', 'user_id': 'b92fd01570014e49a75053be449ffd0d', 'system': None}, Network: None, Subnet: None, Router: None
2024-10-07 06:40:25.493 62261 INFO tempest.lib.common.dynamic_creds [-] Created isolated network resources for: credentials: Credentials: {'domain_id': 'default', 'domain_name': 'Default', 'username': 'tempest-NetworksTest-580607486-project-admin', 'project_domain_id': 'default', 'project_domain_name': 'Default', 'project_id': 'a0dced9381784f4fb2534d847bd1a251', 'project_name': 'tempest-NetworksTest-580607486', 'tenant_id': 'a0dced9381784f4fb2534d847bd1a251', 'tenant_name': 'tempest-NetworksTest-580607486', 'user_domain_id': 'default', 'user_domain_name': 'Default', 'user_id': 'b92fd01570014e49a75053be449ffd0d', 'system': None}, Network: None, Subnet: None, Router: None
2024-10-07 06:40:25.531 62267 INFO tempest.lib.common.rest_client [req-3cde27d7-de24-4e83-83da-99ada8c128ce req-3cde27d7-de24-4e83-83da-99ada8c128ce ] Request (ServersV294TestFqdnHostnames:setUpClass): 200 GET http://10.180.1.21/compute/v2.1/servers/a2c58c0a-785b-42a2-9960-0b3e4ff86d96 0.234s
2024-10-07 06:40:25.551 62273 INFO tempest.lib.common.rest_client [req-0d053a9e-7c1c-420c-8b5e-b58314fed757 req-0d053a9e-7c1c-420c-8b5e-b58314fed757 ] Request (ServerDiskConfigTestJSON:test_rebuild_server_with_auto_disk_config): 200 GET http://10.180.1.21/compute/v2.1/servers/236ecde7-1250-4ce1-837c-8266b95dd513 0.236s
2024-10-07 06:40:25.582 62261 INFO tempest.lib.common.rest_client [req-52522383-792f-4d01-adb3-ab43fa4bb222 req-52522383-792f-4d01-adb3-ab43fa4bb222 ] Request (NetworksTest:setUpClass): 201 POST http://10.180.1.21/identity/v3/auth/tokens 0.084s
2024-10-07 06:40:25.586 62229 INFO tempest.lib.common.rest_client [req-b4173c37-cdfe-44a8-8e3d-dc331a53baed req-b4173c37-cdfe-44a8-8e3d-dc331a53baed ] Request (DeleteServersAdminTestJSON:test_delete_server_while_in_error_state): 200 GET http://10.180.1.21/compute/v2.1/servers/c3960b9d-e8b9-4a3e-8fb2-2a6218d4886a 0.237s
2024-10-07 06:40:25.602 62275 INFO tempest.lib.common.rest_client [req-f9ef95ce-2d20-4f04-ba49-aafbaed9b7dc req-f9ef95ce-2d20-4f04-ba49-aafbaed9b7dc ] Request (AttachVolumeTestJSON:test_attach_detach_volume): 200 GET http://10.180.1.21/compute/v2.1/servers/198f36d0-8be4-4885-9c0b-e85d6a0cbb22 0.237s
2024-10-07 06:40:25.636 62256 INFO tempest.lib.common.rest_client [req-4b8e94e4-58ab-4eff-94af-a1db89532579 req-4b8e94e4-58ab-4eff-94af-a1db89532579 ] Request (ServersTestFqdnHostnames:test_create_server_with_fqdn_name): 200 GET http://10.180.1.21/compute/v2.1/servers/cbdf7e34-57f9-4456-8cc7-f09c15e0f965 0.210s
2024-10-07 06:40:25.661 62257 INFO tempest.lib.common.rest_client [req-c5107936-6459-47bd-bb5c-dfa36cc6f168 req-c5107936-6459-47bd-bb5c-dfa36cc6f168 ] Request (ServerDiagnosticsNegativeTest:test_get_server_diagnostics_by_non_admin): 200 GET http://10.180.1.21/compute/v2.1/servers/bf115dff-5440-41ba-9689-6337f63dedeb 0.209s
2024-10-07 06:40:25.698 62277 INFO tempest.lib.common.rest_client [req-4d14642b-5d72-498f-add9-0757a7a7ef79 req-4d14642b-5d72-498f-add9-0757a7a7ef79 ] Request (SecurityGroupsTestJSON:test_server_security_groups): 200 GET http://10.180.1.21/compute/v2.1/servers/77f4d9bd-c758-44c3-a17c-1efa8c395eb1 0.226s
2024-10-07 06:40:25.747 62281 INFO tempest.lib.common.rest_client [req-05c00acf-85a7-4c5a-b362-0698270d0991 req-05c00acf-85a7-4c5a-b362-0698270d0991 ] Request (MultipleCreateTestJSON:test_multiple_create): 200 GET http://10.180.1.21/compute/v2.1/servers/2377b482-52e7-4054-8d5b-8f00587c3371 0.247s
2024-10-07 06:40:25.793 62233 INFO tempest.lib.common.rest_client [req-f0c04e39-a6a8-49b0-bdc4-66cb717fb2c1 req-f0c04e39-a6a8-49b0-bdc4-66cb717fb2c1 ] Request (ServersTestJSON:setUpClass): 200 GET http://10.180.1.21/compute/v2.1/servers/7e5fadf3-dd41-402c-9878-2d11295203ac 0.258s
2024-10-07 06:40:25.822 62269 INFO tempest.lib.common.rest_client [req-c8c81e51-57cf-4989-aebb-27b7142ab68b req-c8c81e51-57cf-4989-aebb-27b7142ab68b ] Request (SecurityGroupRulesNegativeTestJSON:tearDownClass): 202 DELETE http://10.180.1.21/compute/v2.1/os-security-groups/1827268f-f551-4e02-a983-1c2748c40625 0.329s
2024-10-07 06:40:25.873 62259 INFO tempest.lib.common.rest_client [req-6bfa3c1d-b6f6-42dc-8322-d9680471a02a req-6bfa3c1d-b6f6-42dc-8322-d9680471a02a ] Request (ImagesTestJSON:test_create_image_from_suspended_server): 200 GET http://10.180.1.21/compute/v2.1/servers/10568cfc-3634-47d7-96d6-893c4fe01282 0.264s
2024-10-07 06:40:25.938 62221 INFO tempest.lib.common.rest_client [req-7eeb1dbe-6426-46e6-8285-d5a32a1b6e1d req-7eeb1dbe-6426-46e6-8285-d5a32a1b6e1d ] Request (ServersWithSpecificFlavorTestJSON:tearDownClass): 204 DELETE http://10.180.1.21:9696/networking/v2.0/routers/309163f2-354b-42bb-8c93-c26c9b679166 0.474s
2024-10-07 06:40:26.042 62261 INFO tempest.lib.common.rest_client [req-e432b816-173d-4d77-9516-35555d96a1da req-e432b816-173d-4d77-9516-35555d96a1da ] Request (NetworksTest:test_get_network): 200 GET http://10.180.1.21/compute/v2.1/os-networks 0.459s
2024-10-07 06:40:26.049 62221 INFO tempest.lib.common.rest_client [req-56bcfa2a-904c-4efd-9e30-e28b519336ad req-56bcfa2a-904c-4efd-9e30-e28b519336ad ] Request (ServersWithSpecificFlavorTestJSON:tearDownClass): 204 DELETE http://10.180.1.21:9696/networking/v2.0/subnets/f86e9023-0a8a-4bfe-84d9-dafed24e2225 0.110s
2024-10-07 06:40:26.112 62269 INFO tempest.lib.common.rest_client [req-1dd70b2d-eba5-4edd-a15a-7dac6e0c3848 req-1dd70b2d-eba5-4edd-a15a-7dac6e0c3848 ] Request (SecurityGroupRulesNegativeTestJSON:tearDownClass): 202 DELETE http://10.180.1.21/compute/v2.1/os-security-groups/a249aa66-2736-4f77-91c5-cb4f92e055ad 0.290s
2024-10-07 06:40:26.113 62263 INFO tempest.lib.common.rest_client [req-79bd63a7-42eb-4056-81f8-a7abcb95336e req-79bd63a7-42eb-4056-81f8-a7abcb95336e ] Request (ListServerFiltersTestJSON:setUpClass): 200 GET http://10.180.1.21/compute/v2.1/servers/213957b6-77a4-48fe-8bf5-f03bb67510c6 0.156s
2024-10-07 06:40:26.184 62245 INFO tempest.lib.common.rest_client [req-39efd1ea-d2ce-45b2-acef-306b0d670103 req-39efd1ea-d2ce-45b2-acef-306b0d670103 ] Request (InstanceActionsNegativeTestJSON:setUpClass): 200 GET http://10.180.1.21/compute/v2.1/servers/f5af7037-96fd-49f1-af80-a528737a3fa7 0.155s
2024-10-07 06:40:26.187 62227 INFO tempest.lib.common.rest_client [req-dc78bbe4-e1b1-43e5-88cf-9e14aa4e4bd4 req-dc78bbe4-e1b1-43e5-88cf-9e14aa4e4bd4 ] Request (AttachInterfacesV270Test:test_create_get_list_interfaces): 200 GET http://10.180.1.21/compute/v2.1/servers/9f8b9aca-420f-4314-a466-0d6f3d191377 0.184s
2024-10-07 06:40:26.191 62245 INFO tempest.common.waiters [-] State transition "BUILD/spawning" ==> "ERROR/None" after 49 second wait
2024-10-07 06:40:26.247 62261 INFO tempest.lib.common.rest_client [req-44cbf9c1-d558-4c2f-81dc-5ff61f18fdac req-44cbf9c1-d558-4c2f-81dc-5ff61f18fdac ] Request (NetworksTest:test_get_network): 200 GET http://10.180.1.21/compute/v2.1/os-networks/f8312395-786d-45a4-932a-5f61f5d0a781 0.203s
2024-10-07 06:40:26.252 62239 INFO tempest.lib.common.rest_client [req-f495c89e-f92b-4d33-a674-085c462a3080 req-f495c89e-f92b-4d33-a674-085c462a3080 ] Request (InstanceActionsTestJSON:setUpClass): 200 GET http://10.180.1.21/compute/v2.1/servers/35e41d19-8f1c-496d-9712-a1ac3c787c3b 0.156s
2024-10-07 06:40:26.299 62225 INFO tempest.lib.common.rest_client [req-2b0b5406-5a14-4889-ae2b-66acc8e8b0b7 req-2b0b5406-5a14-4889-ae2b-66acc8e8b0b7 ] Request (VolumesAdminNegativeTest:test_update_attached_volume_with_nonexistent_volume_in_body): 200 GET http://10.180.1.21/compute/v2.1/servers/8adfe7b8-0e4d-45ca-9f64-b2ed33e85ec2 0.157s
2024-10-07 06:40:26.330 62221 INFO tempest.lib.common.rest_client [req-a1479eb8-50ad-4ebd-a011-e2ae27c6aa94 req-a1479eb8-50ad-4ebd-a011-e2ae27c6aa94 ] Request (ServersWithSpecificFlavorTestJSON:tearDownClass): 204 DELETE http://10.180.1.21:9696/networking/v2.0/networks/ffc89db4-b2e6-47ba-92cf-f528872a0f74 0.280s
2024-10-07 06:40:26.346 62241 INFO tempest.lib.common.rest_client [req-a83fa435-6974-4ea2-b716-77d2ad4d8fa2 req-a83fa435-6974-4ea2-b716-77d2ad4d8fa2 ] Request (MigrationsAdminTest:test_resize_server_revert_deleted_flavor): 200 GET http://10.180.1.21/compute/v2.1/servers/40de5f22-0de2-466a-91ab-dcb6ec586dad 0.193s
2024-10-07 06:40:26.406 62269 INFO tempest.lib.common.rest_client [req-b65c68fe-7f64-4562-9b99-a32e7b2995a0 req-b65c68fe-7f64-4562-9b99-a32e7b2995a0 ] Request (SecurityGroupRulesNegativeTestJSON:tearDownClass): 202 DELETE http://10.180.1.21/compute/v2.1/os-security-groups/fa8b36c8-b8cc-4fde-91f8-418dd5e54f66 0.293s
2024-10-07 06:40:26.455 62271 INFO tempest.lib.common.rest_client [req-79b242b8-61b5-40de-b6f9-966bd3ad5498 req-79b242b8-61b5-40de-b6f9-966bd3ad5498 ] Request (ServerActionsTestJSON:setUpClass): 200 GET http://10.180.1.21/compute/v2.1/servers/b632a5d1-62b1-44b1-a82a-b1e761e0c4b8 0.241s
2024-10-07 06:40:26.516 62285 INFO tempest.lib.common.rest_client [req-50322ee9-8e2a-4ec8-8730-37cbbacd23c5 req-50322ee9-8e2a-4ec8-8730-37cbbacd23c5 ] Request (ServerAddressesTestJSON:setUpClass): 200 GET http://10.180.1.21/compute/v2.1/servers/49d08e2b-1be4-4adb-98a8-98efad8eb7ff 0.291s
2024-10-07 06:40:26.531 62245 INFO tempest.lib.common.rest_client [req-68dd2452-cb9e-4fe8-9924-c88c3284217c req-68dd2452-cb9e-4fe8-9924-c88c3284217c ] Request (InstanceActionsNegativeTestJSON:setUpClass): 204 DELETE http://10.180.1.21/compute/v2.1/servers/f5af7037-96fd-49f1-af80-a528737a3fa7 0.340s
2024-10-07 06:40:26.586 62253 INFO tempest.lib.common.rest_client [req-dff119bf-a5a9-42b1-806e-e4115d997f66 req-dff119bf-a5a9-42b1-806e-e4115d997f66 ] Request (AttachInterfacesTestJSON:test_create_list_show_delete_interfaces_by_fixed_ip): 200 GET http://10.180.1.21/compute/v2.1/servers/42698792-0555-45ae-a525-62265259bc17 0.309s
2024-10-07 06:40:26.680 62279 INFO tempest.lib.common.rest_client [req-ce321495-630e-4213-be52-22146255b8bc req-ce321495-630e-4213-be52-22146255b8bc ] Request (AttachInterfacesUnderV243Test:test_add_remove_fixed_ip): 200 GET http://10.180.1.21/compute/v2.1/servers/55102fef-de7c-4505-a192-39568e08c096 0.401s
2024-10-07 06:40:26.706 62261 INFO tempest.lib.common.rest_client [req-fad8abaf-42e4-4379-b312-6b40d5830cc8 req-fad8abaf-42e4-4379-b312-6b40d5830cc8 ] Request (NetworksTest:test_list_all_networks): 200 GET http://10.180.1.21/compute/v2.1/os-networks 0.458s
2024-10-07 06:40:26.726 62237 INFO tempest.lib.common.rest_client [req-e0926573-8ba2-4af7-a9b9-6a26999f0092 req-e0926573-8ba2-4af7-a9b9-6a26999f0092 ] Request (ServersTestManualDisk:setUpClass): 200 GET http://10.180.1.21/compute/v2.1/servers/dd239b21-fdb2-48fb-acf4-18242a98cd1f 0.375s
2024-10-07 06:40:26.762 62251 INFO tempest.lib.common.rest_client [req-af8a9eba-f2a7-47aa-bac8-9cda803e0a28 req-af8a9eba-f2a7-47aa-bac8-9cda803e0a28 ] Request (ServerTagsTestJSON:setUpClass): 200 GET http://10.180.1.21/compute/v2.1/servers/6c62a1e9-d60c-4720-a554-951bea4b2e18 0.395s
2024-10-07 06:40:26.815 62265 INFO tempest.lib.common.rest_client [req-95870b47-01ed-48d6-aaf8-97c397ad1bdc req-95870b47-01ed-48d6-aaf8-97c397ad1bdc ] Request (ServerMetadataTestJSON:setUpClass): 200 GET http://10.180.1.21/compute/v2.1/servers/f70adc74-3b24-434a-829a-13274bae40b1 0.396s
2024-10-07 06:40:26.825 62261 INFO tempest.lib.common.rest_client [req-71619eb9-63a5-41ac-b25d-78689ae22044 req-71619eb9-63a5-41ac-b25d-78689ae22044 ] Request (NetworksTest:tearDownClass): 204 DELETE http://10.180.1.21/identity/v3/users/23438e17b0524e268106a7e999f2bfcf 0.118s
2024-10-07 06:40:26.854 62269 INFO tempest.lib.common.rest_client [req-e7694ecf-2d72-45f2-9e48-88253b65e338 req-e7694ecf-2d72-45f2-9e48-88253b65e338 ] Request (SecurityGroupRulesNegativeTestJSON:tearDownClass): 202 DELETE http://10.180.1.21/compute/v2.1/os-security-groups/1ba97c3f-ba63-4903-bef2-06c2dc325a50 0.448s
2024-10-07 06:40:26.881 62223 INFO tempest.lib.common.rest_client [req-da1e3cdd-8c3d-495f-adce-24e0a21620fd req-da1e3cdd-8c3d-495f-adce-24e0a21620fd ] Request (ServersAdmin275Test:tearDownClass): 200 GET http://10.180.1.21/compute/v2.1/servers/76b7db85-734f-40fe-8d58-2fba89bf205f 0.455s
2024-10-07 06:40:26.909 62250 INFO tempest.lib.common.rest_client [req-a389a4a9-1d36-4489-94c1-a1f485b73484 req-a389a4a9-1d36-4489-94c1-a1f485b73484 ] Request (ServersAdminTestJSON:setUpClass): 200 GET http://10.180.1.21/compute/v2.1/servers/aa800cea-6c7c-48ce-bfc6-a00f2f4cff7d 0.429s
2024-10-07 06:40:26.916 62261 INFO tempest.lib.common.rest_client [req-ca9f7799-e0b8-4f49-99c9-3e0948f5a1d4 req-ca9f7799-e0b8-4f49-99c9-3e0948f5a1d4 ] Request (NetworksTest:tearDownClass): 204 DELETE http://10.180.1.21/identity/v3/users/b92fd01570014e49a75053be449ffd0d 0.089s
2024-10-07 06:40:26.916 62261 INFO tempest.lib.common.dynamic_creds [-] Deleting project and security group for project: a0dced9381784f4fb2534d847bd1a251
2024-10-07 06:40:26.930 62245 INFO tempest.lib.common.rest_client [req-58ceb5d9-94dd-46bb-b9c6-1e20f5099a17 req-58ceb5d9-94dd-46bb-b9c6-1e20f5099a17 ] Request (InstanceActionsNegativeTestJSON:setUpClass): 404 GET http://10.180.1.21/compute/v2.1/servers/f5af7037-96fd-49f1-af80-a528737a3fa7 0.398s
2024-10-07 06:40:26.930 62247 INFO tempest.lib.common.rest_client [req-d2fe3707-ef5b-41a7-b579-06b465f3e698 req-d2fe3707-ef5b-41a7-b579-06b465f3e698 ] Request (ServerExternalEventsTest:test_create_server_external_events): 200 GET http://10.180.1.21/compute/v2.1/servers/4fa110e0-7235-4d62-a68b-c727b4a79908 0.443s
2024-10-07 06:40:26.930 62245 INFO tempest.test [-] raised in InstanceActionsNegativeTestJSON.setUpClass. Invoking tearDownClass.
2024-10-07 06:40:26.964 62221 INFO tempest.lib.common.rest_client [req-2ee63579-965f-44cb-98aa-350422003a87 req-2ee63579-965f-44cb-98aa-350422003a87 ] Request (ServersWithSpecificFlavorTestJSON:tearDownClass): 200 PUT http://10.180.1.21:9696/networking/v2.0/routers/8d6d52bd-5e4b-44c0-a165-f604a59c9aeb/remove_router_interface 0.634s
2024-10-07 06:40:26.987 62261 INFO tempest.lib.common.rest_client [req-123c5a27-96dd-4ec0-b60a-a593bb45b0de req-123c5a27-96dd-4ec0-b60a-a593bb45b0de ] Request (NetworksTest:tearDownClass): 201 POST http://10.180.1.21/identity/v3/auth/tokens 0.071s
2024-10-07 06:40:27.012 62273 INFO tempest.lib.common.rest_client [req-b0cba4d1-3524-4ee9-898f-c3b635b20be2 req-b0cba4d1-3524-4ee9-898f-c3b635b20be2 ] Request (ServerDiskConfigTestJSON:test_rebuild_server_with_auto_disk_config): 200 GET http://10.180.1.21/compute/v2.1/servers/236ecde7-1250-4ce1-837c-8266b95dd513 0.452s
2024-10-07 06:40:27.029 62267 INFO tempest.lib.common.rest_client [req-0ab191f0-abb5-47c8-8241-f766a1e76091 req-0ab191f0-abb5-47c8-8241-f766a1e76091 ] Request (ServersV294TestFqdnHostnames:setUpClass): 200 GET http://10.180.1.21/compute/v2.1/servers/a2c58c0a-785b-42a2-9960-0b3e4ff86d96 0.484s
2024-10-07 06:40:27.127 62229 INFO tempest.lib.common.rest_client [req-4b283b76-2faa-4b6a-86be-ac8e8f6bc264 req-4b283b76-2faa-4b6a-86be-ac8e8f6bc264 ] Request (DeleteServersAdminTestJSON:test_delete_server_while_in_error_state): 200 GET http://10.180.1.21/compute/v2.1/servers/c3960b9d-e8b9-4a3e-8fb2-2a6218d4886a 0.533s
2024-10-07 06:40:27.133 62275 INFO tempest.lib.common.rest_client [req-d4747a50-d105-43f1-a7c4-5e4054431955 req-d4747a50-d105-43f1-a7c4-5e4054431955 ] Request (AttachVolumeTestJSON:test_attach_detach_volume): 200 GET http://10.180.1.21/compute/v2.1/servers/198f36d0-8be4-4885-9c0b-e85d6a0cbb22 0.518s
2024-10-07 06:40:27.306 62261 INFO tempest.lib.common.rest_client [req-dea4908a-f3bb-4c90-b936-01d8c43bdf9b req-dea4908a-f3bb-4c90-b936-01d8c43bdf9b ] Request (NetworksTest:tearDownClass): 200 GET http://10.180.1.21:9696/networking/v2.0/security-groups?tenant_id=a0dced9381784f4fb2534d847bd1a251&name=default 0.319s
2024-10-07 06:40:27.387 62257 INFO tempest.lib.common.rest_client [req-48ed98ff-4eb6-463b-b614-6326bdee1554 req-48ed98ff-4eb6-463b-b614-6326bdee1554 ] Request (ServerDiagnosticsNegativeTest:test_get_server_diagnostics_by_non_admin): 200 GET http://10.180.1.21/compute/v2.1/servers/bf115dff-5440-41ba-9689-6337f63dedeb 0.719s
2024-10-07 06:40:27.396 62261 INFO tempest.lib.common.rest_client [req-26f14fc9-2f10-4ef1-a344-5f7d1103580f req-26f14fc9-2f10-4ef1-a344-5f7d1103580f ] Request (NetworksTest:tearDownClass): 204 DELETE http://10.180.1.21:9696/networking/v2.0/security-groups/1e0cb8a1-7b83-4469-9d6f-ea8d01ef62c5 0.089s
2024-10-07 06:40:27.404 62256 INFO tempest.lib.common.rest_client [req-0c52c542-716e-40c9-b63f-df96217a9e70 req-0c52c542-716e-40c9-b63f-df96217a9e70 ] Request (ServersTestFqdnHostnames:test_create_server_with_fqdn_name): 200 GET http://10.180.1.21/compute/v2.1/servers/cbdf7e34-57f9-4456-8cc7-f09c15e0f965 0.761s
2024-10-07 06:40:27.412 62256 INFO tempest.common.waiters [-] State transition "BUILD/scheduling" ==> "BUILD/None" after 34 second wait
2024-10-07 06:40:27.478 62277 INFO tempest.lib.common.rest_client [req-b9bf690d-1313-433a-9bb0-cdb1222b3b94 req-b9bf690d-1313-433a-9bb0-cdb1222b3b94 ] Request (SecurityGroupsTestJSON:test_server_security_groups): 200 GET http://10.180.1.21/compute/v2.1/servers/77f4d9bd-c758-44c3-a17c-1efa8c395eb1 0.773s
2024-10-07 06:40:27.479 62261 INFO tempest.lib.common.rest_client [req-76b6e709-5259-4cea-b23e-3f837282962e req-76b6e709-5259-4cea-b23e-3f837282962e ] Request (NetworksTest:tearDownClass): 204 DELETE http://10.180.1.21/identity/v3/projects/a0dced9381784f4fb2534d847bd1a251 0.081s
2024-10-07 06:40:27.479 62261 INFO tempest.lib.common.dynamic_creds [-] Deleting project and security group for project: e89e0aeadf8f4225b3300cc6d259fa77
2024-10-07 06:40:27.486 62281 INFO tempest.lib.common.rest_client [req-def16078-4b6e-4b98-b7dd-6136e1e871e2 req-def16078-4b6e-4b98-b7dd-6136e1e871e2 ] Request (MultipleCreateTestJSON:test_multiple_create): 200 GET http://10.180.1.21/compute/v2.1/servers/2377b482-52e7-4054-8d5b-8f00587c3371 0.731s
2024-10-07 06:40:27.555 62233 INFO tempest.lib.common.rest_client [req-7d28c30b-fda1-4e28-98a3-f92ef65e999d req-7d28c30b-fda1-4e28-98a3-f92ef65e999d ] Request (ServersTestJSON:setUpClass): 200 GET http://10.180.1.21/compute/v2.1/servers/7e5fadf3-dd41-402c-9878-2d11295203ac 0.754s
2024-10-07 06:40:27.592 62261 INFO tempest.lib.common.rest_client [req-e65cdcc8-4b0d-4647-9110-50389ff65c40 req-e65cdcc8-4b0d-4647-9110-50389ff65c40 ] Request (NetworksTest:tearDownClass): 200 GET http://10.180.1.21:9696/networking/v2.0/security-groups?tenant_id=e89e0aeadf8f4225b3300cc6d259fa77&name=default 0.113s
2024-10-07 06:40:27.632 62259 INFO tempest.lib.common.rest_client [req-29b7b58f-6691-4479-b259-0e9f084826bb req-29b7b58f-6691-4479-b259-0e9f084826bb ] Request (ImagesTestJSON:test_create_image_from_suspended_server): 200 GET http://10.180.1.21/compute/v2.1/servers/10568cfc-3634-47d7-96d6-893c4fe01282 0.752s
2024-10-07 06:40:27.687 62261 INFO tempest.lib.common.rest_client [req-e20efcfd-8118-4517-aa68-556be5ffd2a8 req-e20efcfd-8118-4517-aa68-556be5ffd2a8 ] Request (NetworksTest:tearDownClass): 204 DELETE http://10.180.1.21:9696/networking/v2.0/security-groups/25e1aada-1dcc-44c2-b36c-35697872c445 0.094s
2024-10-07 06:40:27.695 62263 INFO tempest.lib.common.rest_client [req-038bfd7b-74f2-4ff3-a247-1659ec1765d4 req-038bfd7b-74f2-4ff3-a247-1659ec1765d4 ] Request (ListServerFiltersTestJSON:setUpClass): 200 GET http://10.180.1.21/compute/v2.1/servers/213957b6-77a4-48fe-8bf5-f03bb67510c6 0.571s
2024-10-07 06:40:27.764 62227 INFO tempest.lib.common.rest_client [req-5a06c54a-f41f-4b73-8645-86d3cebcc48d req-5a06c54a-f41f-4b73-8645-86d3cebcc48d ] Request (AttachInterfacesV270Test:test_create_get_list_interfaces): 200 GET http://10.180.1.21/compute/v2.1/servers/9f8b9aca-420f-4314-a466-0d6f3d191377 0.563s
2024-10-07 06:40:27.781 62261 INFO tempest.lib.common.rest_client [req-a1b27292-b956-49e6-9fe1-60d6ac324e24 req-a1b27292-b956-49e6-9fe1-60d6ac324e24 ] Request (NetworksTest:tearDownClass): 204 DELETE http://10.180.1.21/identity/v3/projects/e89e0aeadf8f4225b3300cc6d259fa77 0.094s
2024-10-07 06:40:27.804 62269 INFO tempest.lib.common.rest_client [req-c4d2612c-71db-46a0-82bf-b3624d77256a req-c4d2612c-71db-46a0-82bf-b3624d77256a ] Request (SecurityGroupRulesNegativeTestJSON:tearDownClass): 202 DELETE http://10.180.1.21/compute/v2.1/os-security-groups/c61f1d07-e7af-470a-9fed-479b7bc9e2ab 0.949s
2024-10-07 06:40:27.832 62239 INFO tempest.lib.common.rest_client [req-f786ef8b-6e24-4453-aa2b-e677fe517480 req-f786ef8b-6e24-4453-aa2b-e677fe517480 ] Request (InstanceActionsTestJSON:setUpClass): 200 GET http://10.180.1.21/compute/v2.1/servers/35e41d19-8f1c-496d-9712-a1ac3c787c3b 0.570s
2024-10-07 06:40:27.849 62261 INFO tempest.lib.common.rest_client [req-d0a54fc5-1efd-49f5-90be-5845192873e1 req-d0a54fc5-1efd-49f5-90be-5845192873e1 ] Request (ServersAdminNegativeTestJSON:setUpClass): 201 POST http://10.180.1.21/identity/v3/auth/tokens 0.067s
2024-10-07 06:40:27.868 62225 INFO tempest.lib.common.rest_client [req-7c6e9784-f6e7-48b8-9efd-91c768502951 req-7c6e9784-f6e7-48b8-9efd-91c768502951 ] Request (VolumesAdminNegativeTest:test_update_attached_volume_with_nonexistent_volume_in_body): 200 GET http://10.180.1.21/compute/v2.1/servers/8adfe7b8-0e4d-45ca-9f64-b2ed33e85ec2 0.562s
2024-10-07 06:40:27.887 62261 INFO tempest.lib.common.rest_client [req-4a0d2c57-19c3-4a19-87cb-9b0a96225e25 req-4a0d2c57-19c3-4a19-87cb-9b0a96225e25 ] Request (ServersAdminNegativeTestJSON:setUpClass): 201 POST http://10.180.1.21/identity/v3/auth/tokens 0.035s
2024-10-07 06:40:27.906 62261 INFO tempest.lib.common.rest_client [req-08facea9-0b04-4a7b-8fe1-5f75d426c36d req-08facea9-0b04-4a7b-8fe1-5f75d426c36d ] Request (ServersAdminNegativeTestJSON:setUpClass): 200 GET http://10.180.1.21/identity/v3/domains?name=Default 0.019s
2024-10-07 06:40:27.909 62241 INFO tempest.lib.common.rest_client [req-5873aa7e-5e9e-49ae-8d00-a3cc70a2e6c7 req-5873aa7e-5e9e-49ae-8d00-a3cc70a2e6c7 ] Request (MigrationsAdminTest:test_resize_server_revert_deleted_flavor): 200 GET http://10.180.1.21/compute/v2.1/servers/40de5f22-0de2-466a-91ab-dcb6ec586dad 0.555s
2024-10-07 06:40:27.940 62261 INFO tempest.lib.common.rest_client [req-80bd21fe-d6f1-4a50-b8a2-81ee9341d764 req-80bd21fe-d6f1-4a50-b8a2-81ee9341d764 ] Request (ServersAdminNegativeTestJSON:setUpClass): 201 POST http://10.180.1.21/identity/v3/projects 0.033s
2024-10-07 06:40:27.947 62271 INFO tempest.lib.common.rest_client [req-65eccb41-963e-4d7d-922d-0af2b9cf5d1c req-65eccb41-963e-4d7d-922d-0af2b9cf5d1c ] Request (ServerActionsTestJSON:setUpClass): 200 GET http://10.180.1.21/compute/v2.1/servers/b632a5d1-62b1-44b1-a82a-b1e761e0c4b8 0.485s
2024-10-07 06:40:27.963 62221 INFO tempest.lib.common.rest_client [req-d074eb80-5c5c-49b3-958b-c009340df74a req-d074eb80-5c5c-49b3-958b-c009340df74a ] Request (ServersWithSpecificFlavorTestJSON:tearDownClass): 204 DELETE http://10.180.1.21:9696/networking/v2.0/routers/8d6d52bd-5e4b-44c0-a165-f604a59c9aeb 0.998s
2024-10-07 06:40:27.971 62285 INFO tempest.lib.common.rest_client [req-fa85bedd-b4d3-42e1-91cc-91839149b155 req-fa85bedd-b4d3-42e1-91cc-91839149b155 ] Request (ServerAddressesTestJSON:setUpClass): 200 GET http://10.180.1.21/compute/v2.1/servers/49d08e2b-1be4-4adb-98a8-98efad8eb7ff 0.448s
2024-10-07 06:40:28.003 62261 INFO tempest.lib.common.rest_client [req-d35da17b-7351-4fd1-8be9-9292495981c4 req-d35da17b-7351-4fd1-8be9-9292495981c4 ] Request (ServersAdminNegativeTestJSON:setUpClass): 201 POST http://10.180.1.21/identity/v3/users 0.062s
2024-10-07 06:40:28.024 62261 INFO tempest.lib.common.rest_client [req-f49421c9-5ea6-41c0-bdfe-46c588cd4ea4 req-f49421c9-5ea6-41c0-bdfe-46c588cd4ea4 ] Request (ServersAdminNegativeTestJSON:setUpClass): 200 GET http://10.180.1.21/identity/v3/roles 0.021s
2024-10-07 06:40:28.027 62253 INFO tempest.lib.common.rest_client [req-a1f36a46-1069-499c-8f17-cb0b0767a539 req-a1f36a46-1069-499c-8f17-cb0b0767a539 ] Request (AttachInterfacesTestJSON:test_create_list_show_delete_interfaces_by_fixed_ip): 200 GET http://10.180.1.21/compute/v2.1/servers/42698792-0555-45ae-a525-62265259bc17 0.435s
2024-10-07 06:40:28.036 62279 INFO tempest.lib.common.rest_client [req-676876ca-8883-4dc4-a09a-dda55e9efef6 req-676876ca-8883-4dc4-a09a-dda55e9efef6 ] Request (AttachInterfacesUnderV243Test:test_add_remove_fixed_ip): 200 GET http://10.180.1.21/compute/v2.1/servers/55102fef-de7c-4505-a192-39568e08c096 0.349s
2024-10-07 06:40:28.037 62253 INFO tempest.common.waiters [-] State transition "BUILD/spawning" ==> "ERROR/None" after 47 second wait
2024-10-07 06:40:28.074 62261 INFO tempest.lib.common.rest_client [req-7642086e-69b4-472b-9576-12c6edb8f2c6 req-7642086e-69b4-472b-9576-12c6edb8f2c6 ] Request (ServersAdminNegativeTestJSON:setUpClass): 204 PUT http://10.180.1.21/identity/v3/projects/034de7dfeeb145c0a1e90b111c15e36f/users/94bb4fe585bb42339a01194fa2a68bac/roles/405c762c30cc4defb56d421d72057a4c 0.049s
2024-10-07 06:40:28.074 62261 INFO tempest.lib.common.dynamic_creds [-] Dynamic test user 94bb4fe585bb42339a01194fa2a68bac is created with scope project and roles: ['member']
2024-10-07 06:40:28.074 62261 INFO tempest.lib.common.dynamic_creds [-] Acquired dynamic creds: credentials: Credentials: {'domain_id': 'default', 'domain_name': 'Default', 'username': 'tempest-ServersAdminNegativeTestJSON-254054608-project-member', 'project_domain_id': 'default', 'project_domain_name': 'Default', 'project_id': '034de7dfeeb145c0a1e90b111c15e36f', 'project_name': 'tempest-ServersAdminNegativeTestJSON-254054608', 'tenant_id': '034de7dfeeb145c0a1e90b111c15e36f', 'tenant_name': 'tempest-ServersAdminNegativeTestJSON-254054608', 'user_domain_id': 'default', 'user_domain_name': 'Default', 'user_id': '94bb4fe585bb42339a01194fa2a68bac', 'system': None}, Network: None, Subnet: None, Router: None
2024-10-07 06:40:28.075 62261 INFO tempest.lib.common.dynamic_creds [-] Created isolated network resources for: credentials: Credentials: {'domain_id': 'default', 'domain_name': 'Default', 'username': 'tempest-ServersAdminNegativeTestJSON-254054608-project-member', 'project_domain_id': 'default', 'project_domain_name': 'Default', 'project_id': '034de7dfeeb145c0a1e90b111c15e36f', 'project_name': 'tempest-ServersAdminNegativeTestJSON-254054608', 'tenant_id': '034de7dfeeb145c0a1e90b111c15e36f', 'tenant_name': 'tempest-ServersAdminNegativeTestJSON-254054608', 'user_domain_id': 'default', 'user_domain_name': 'Default', 'user_id': '94bb4fe585bb42339a01194fa2a68bac', 'system': None}, Network: None, Subnet: None, Router: None
2024-10-07 06:40:28.096 62237 INFO tempest.lib.common.rest_client [req-3b1bc14e-668c-46b7-949c-12d70f02c179 req-3b1bc14e-668c-46b7-949c-12d70f02c179 ] Request (ServersTestManualDisk:setUpClass): 200 GET http://10.180.1.21/compute/v2.1/servers/dd239b21-fdb2-48fb-acf4-18242a98cd1f 0.363s
2024-10-07 06:40:28.105 62251 INFO tempest.lib.common.rest_client [req-c5cd6ada-5335-45c1-81c0-59002dd72685 req-c5cd6ada-5335-45c1-81c0-59002dd72685 ] Request (ServerTagsTestJSON:setUpClass): 200 GET http://10.180.1.21/compute/v2.1/servers/6c62a1e9-d60c-4720-a554-951bea4b2e18 0.328s
2024-10-07 06:40:28.162 62265 INFO tempest.lib.common.rest_client [req-44f788ca-3718-47c6-a0ac-e45b5f3ec399 req-44f788ca-3718-47c6-a0ac-e45b5f3ec399 ] Request (ServerMetadataTestJSON:setUpClass): 200 GET http://10.180.1.21/compute/v2.1/servers/f70adc74-3b24-434a-829a-13274bae40b1 0.337s
2024-10-07 06:40:28.178 62223 INFO tempest.lib.common.rest_client [req-0715f515-755b-4693-85a5-3703b11267b5 req-0715f515-755b-4693-85a5-3703b11267b5 ] Request (ServersAdmin275Test:tearDownClass): 200 GET http://10.180.1.21/compute/v2.1/servers/76b7db85-734f-40fe-8d58-2fba89bf205f 0.288s
2024-10-07 06:40:28.186 62261 INFO tempest.lib.common.rest_client [req-f375b662-5d19-45ac-a5ac-eeafa0ed7aa4 req-f375b662-5d19-45ac-a5ac-eeafa0ed7aa4 ] Request (ServersAdminNegativeTestJSON:setUpClass): 201 POST http://10.180.1.21/identity/v3/auth/tokens 0.109s
2024-10-07 06:40:28.192 62221 INFO tempest.lib.common.rest_client [req-f91a3c28-dbdb-4091-b449-163aa3774fde req-f91a3c28-dbdb-4091-b449-163aa3774fde ] Request (ServersWithSpecificFlavorTestJSON:tearDownClass): 204 DELETE http://10.180.1.21:9696/networking/v2.0/subnets/9f019c44-62c9-446b-b339-2a6ed6b45135 0.229s
2024-10-07 06:40:28.232 62250 INFO tempest.lib.common.rest_client [req-60ff6ae4-3432-4773-b27b-d318c38f6b0b req-60ff6ae4-3432-4773-b27b-d318c38f6b0b ] Request (ServersAdminTestJSON:setUpClass): 200 GET http://10.180.1.21/compute/v2.1/servers/aa800cea-6c7c-48ce-bfc6-a00f2f4cff7d 0.313s
2024-10-07 06:40:28.234 62247 INFO tempest.lib.common.rest_client [req-9478d0c5-bbeb-4134-bc5b-4df9a83d92f4 req-9478d0c5-bbeb-4134-bc5b-4df9a83d92f4 ] Request (ServerExternalEventsTest:test_create_server_external_events): 200 GET http://10.180.1.21/compute/v2.1/servers/4fa110e0-7235-4d62-a68b-c727b4a79908 0.295s
2024-10-07 06:40:28.268 62261 INFO tempest.lib.common.rest_client [req-dc2e4f3f-f523-4ddd-9a7c-95a4424c69b2 req-dc2e4f3f-f523-4ddd-9a7c-95a4424c69b2 ] Request (ServersAdminNegativeTestJSON:setUpClass): 201 POST http://10.180.1.21/identity/v3/projects 0.081s
2024-10-07 06:40:28.296 62273 INFO tempest.lib.common.rest_client [req-1d223edb-0736-4425-8e49-ae80ee8c4e63 req-1d223edb-0736-4425-8e49-ae80ee8c4e63 ] Request (ServerDiskConfigTestJSON:test_rebuild_server_with_auto_disk_config): 200 GET http://10.180.1.21/compute/v2.1/servers/236ecde7-1250-4ce1-837c-8266b95dd513 0.269s
2024-10-07 06:40:28.333 62261 INFO tempest.lib.common.rest_client [req-1dc38ba1-5e19-4add-8f50-62596c828610 req-1dc38ba1-5e19-4add-8f50-62596c828610 ] Request (ServersAdminNegativeTestJSON:setUpClass): 201 POST http://10.180.1.21/identity/v3/users 0.064s
2024-10-07 06:40:28.352 62261 INFO tempest.lib.common.rest_client [req-3db96951-362f-4661-92ab-0b6ed0eb5e4a req-3db96951-362f-4661-92ab-0b6ed0eb5e4a ] Request (ServersAdminNegativeTestJSON:setUpClass): 200 GET http://10.180.1.21/identity/v3/roles 0.019s
2024-10-07 06:40:28.355 62267 INFO tempest.lib.common.rest_client [req-f1e1f5e0-0391-45ca-9a86-1c9505a6f1b0 req-f1e1f5e0-0391-45ca-9a86-1c9505a6f1b0 ] Request (ServersV294TestFqdnHostnames:setUpClass): 200 GET http://10.180.1.21/compute/v2.1/servers/a2c58c0a-785b-42a2-9960-0b3e4ff86d96 0.313s
2024-10-07 06:40:28.384 62261 INFO tempest.lib.common.rest_client [req-012a1385-a160-4c39-9538-7617b423436e req-012a1385-a160-4c39-9538-7617b423436e ] Request (ServersAdminNegativeTestJSON:setUpClass): 204 PUT http://10.180.1.21/identity/v3/projects/c760396aff704075a2d3e1b392f4e01c/users/20cb9fc6a9ce4a1e863a7bb3744f7ba8/roles/5633aeb6b1cc4e70b25ab17e8edf909b 0.031s
2024-10-07 06:40:28.405 62229 INFO tempest.lib.common.rest_client [req-ad4b96fe-d930-474f-b667-6143cece62cf req-ad4b96fe-d930-474f-b667-6143cece62cf ] Request (DeleteServersAdminTestJSON:test_delete_server_while_in_error_state): 200 GET http://10.180.1.21/compute/v2.1/servers/c3960b9d-e8b9-4a3e-8fb2-2a6218d4886a 0.265s
2024-10-07 06:40:28.439 62261 INFO tempest.lib.common.rest_client [req-0a5f3842-d2bc-448c-a721-238f8c89ef2a req-0a5f3842-d2bc-448c-a721-238f8c89ef2a ] Request (ServersAdminNegativeTestJSON:setUpClass): 200 GET http://10.180.1.21/identity/v3/roles 0.055s
2024-10-07 06:40:28.447 62253 INFO tempest.lib.common.rest_client [req-116e8dca-8aff-4aa1-956e-ad81e3c49e29 req-116e8dca-8aff-4aa1-956e-ad81e3c49e29 ] Request (AttachInterfacesTestJSON:test_create_list_show_delete_interfaces_by_fixed_ip): 204 DELETE http://10.180.1.21/compute/v2.1/servers/42698792-0555-45ae-a525-62265259bc17 0.410s
2024-10-07 06:40:28.455 62275 INFO tempest.lib.common.rest_client [req-36f0ec3c-881a-4378-a047-93ba3e59c8d4 req-36f0ec3c-881a-4378-a047-93ba3e59c8d4 ] Request (AttachVolumeTestJSON:test_attach_detach_volume): 200 GET http://10.180.1.21/compute/v2.1/servers/198f36d0-8be4-4885-9c0b-e85d6a0cbb22 0.302s
2024-10-07 06:40:28.465 62261 INFO tempest.lib.common.rest_client [req-b5d77bc1-a9d0-417c-82d9-66157114614a req-b5d77bc1-a9d0-417c-82d9-66157114614a ] Request (ServersAdminNegativeTestJSON:setUpClass): 204 PUT http://10.180.1.21/identity/v3/projects/c760396aff704075a2d3e1b392f4e01c/users/20cb9fc6a9ce4a1e863a7bb3744f7ba8/roles/5633aeb6b1cc4e70b25ab17e8edf909b 0.025s
2024-10-07 06:40:28.465 62261 INFO tempest.lib.common.dynamic_creds [-] Dynamic test user 20cb9fc6a9ce4a1e863a7bb3744f7ba8 is created with scope project and roles: ['admin']
2024-10-07 06:40:28.465 62261 INFO tempest.lib.common.dynamic_creds [-] Acquired dynamic creds: credentials: Credentials: {'domain_id': 'default', 'domain_name': 'Default', 'username': 'tempest-ServersAdminNegativeTestJSON-2098671033-project-admin', 'project_domain_id': 'default', 'project_domain_name': 'Default', 'project_id': 'c760396aff704075a2d3e1b392f4e01c', 'project_name': 'tempest-ServersAdminNegativeTestJSON-2098671033', 'tenant_id': 'c760396aff704075a2d3e1b392f4e01c', 'tenant_name': 'tempest-ServersAdminNegativeTestJSON-2098671033', 'user_domain_id': 'default', 'user_domain_name': 'Default', 'user_id': '20cb9fc6a9ce4a1e863a7bb3744f7ba8', 'system': None}, Network: None, Subnet: None, Router: None
2024-10-07 06:40:28.465 62261 INFO tempest.lib.common.dynamic_creds [-] Created isolated network resources for: credentials: Credentials: {'domain_id': 'default', 'domain_name': 'Default', 'username': 'tempest-ServersAdminNegativeTestJSON-2098671033-project-admin', 'project_domain_id': 'default', 'project_domain_name': 'Default', 'project_id': 'c760396aff704075a2d3e1b392f4e01c', 'project_name': 'tempest-ServersAdminNegativeTestJSON-2098671033', 'tenant_id': 'c760396aff704075a2d3e1b392f4e01c', 'tenant_name': 'tempest-ServersAdminNegativeTestJSON-2098671033', 'user_domain_id': 'default', 'user_domain_name': 'Default', 'user_id': '20cb9fc6a9ce4a1e863a7bb3744f7ba8', 'system': None}, Network: None, Subnet: None, Router: None
2024-10-07 06:40:28.500 62257 INFO tempest.lib.common.rest_client [req-c54479f5-e8e4-4fb8-9378-35c1675e7d28 req-c54479f5-e8e4-4fb8-9378-35c1675e7d28 ] Request (ServerDiagnosticsNegativeTest:test_get_server_diagnostics_by_non_admin): 200 GET http://10.180.1.21/compute/v2.1/servers/bf115dff-5440-41ba-9689-6337f63dedeb 0.105s
2024-10-07 06:40:28.505 62245 INFO tempest.lib.common.rest_client [req-3d737b89-d3a6-48e4-bfd0-c32da726d06f req-3d737b89-d3a6-48e4-bfd0-c32da726d06f ] Request (InstanceActionsNegativeTestJSON:tearDownClass): 200 PUT http://10.180.1.21:9696/networking/v2.0/routers/f398c2ba-9367-4fb3-82ea-d9798ab62122/remove_router_interface 1.574s
2024-10-07 06:40:28.509 62256 INFO tempest.lib.common.rest_client [req-3052ae0a-b5fc-4e11-a625-19cb59953b78 req-3052ae0a-b5fc-4e11-a625-19cb59953b78 ] Request (ServersTestFqdnHostnames:test_create_server_with_fqdn_name): 200 GET http://10.180.1.21/compute/v2.1/servers/cbdf7e34-57f9-4456-8cc7-f09c15e0f965 0.096s
2024-10-07 06:40:28.521 62253 INFO tempest.lib.common.rest_client [req-6b42a1af-3e85-4500-a0ef-b5c53c5a7e5a req-6b42a1af-3e85-4500-a0ef-b5c53c5a7e5a ] Request (AttachInterfacesTestJSON:test_create_list_show_delete_interfaces_by_fixed_ip): 404 GET http://10.180.1.21/compute/v2.1/servers/42698792-0555-45ae-a525-62265259bc17 0.073s
2024-10-07 06:40:28.549 62261 INFO tempest.lib.common.rest_client [req-fde02a12-e3c6-4497-908e-ac181564f6e6 req-fde02a12-e3c6-4497-908e-ac181564f6e6 ] Request (ServersAdminNegativeTestJSON:setUpClass): 201 POST http://10.180.1.21/identity/v3/auth/tokens 0.080s
2024-10-07 06:40:28.550 62261 WARNING tempest.lib.common.rest_client [-] Deprecated: "tenant_id" property is deprecated for removal, use "project_id" instead
2024-10-07 06:40:28.572 62277 INFO tempest.lib.common.rest_client [req-a3a18220-a759-4ee0-834e-7b252fd7f239 req-a3a18220-a759-4ee0-834e-7b252fd7f239 ] Request (SecurityGroupsTestJSON:test_server_security_groups): 200 GET http://10.180.1.21/compute/v2.1/servers/77f4d9bd-c758-44c3-a17c-1efa8c395eb1 0.081s
2024-10-07 06:40:28.584 62221 INFO tempest.lib.common.rest_client [req-0644330c-ad9c-4a93-8569-f2d28e6a429a req-0644330c-ad9c-4a93-8569-f2d28e6a429a ] Request (ServersWithSpecificFlavorTestJSON:tearDownClass): 204 DELETE http://10.180.1.21:9696/networking/v2.0/networks/16ea2f74-4c9d-4be1-b236-e2102fbb0009 0.391s
2024-10-07 06:40:28.586 62281 INFO tempest.lib.common.rest_client [req-3e685ad9-1579-4239-852a-f1fbec53bef5 req-3e685ad9-1579-4239-852a-f1fbec53bef5 ] Request (MultipleCreateTestJSON:test_multiple_create): 200 GET http://10.180.1.21/compute/v2.1/servers/2377b482-52e7-4054-8d5b-8f00587c3371 0.092s
2024-10-07 06:40:28.600 62253 INFO tempest.lib.common.rest_client [req-bf414570-78b5-4c60-bccf-2fe773426cf2 req-bf414570-78b5-4c60-bccf-2fe773426cf2 ] Request (AttachInterfacesTestJSON:_run_cleanups): 202 DELETE http://10.180.1.21/compute/v2.1/os-keypairs/tempest-keypair-1189272077 0.077s
2024-10-07 06:40:28.642 62261 INFO tempest.lib.common.rest_client [req-bec2a9a0-a03e-4ddd-904c-b1e437c82f8c req-bec2a9a0-a03e-4ddd-904c-b1e437c82f8c ] Request (ServersAdminNegativeTestJSON:setUpClass): 201 POST http://10.180.1.21/identity/v3/auth/tokens 0.088s
2024-10-07 06:40:28.643 62261 INFO tempest.lib.common.fixed_network [-] (ServersAdminNegativeTestJSON:setUpClass) Found network None available for tenant
2024-10-07 06:40:28.665 62233 INFO tempest.lib.common.rest_client [req-930a1c99-cf6e-4ab8-b37e-e886aee9cc73 req-930a1c99-cf6e-4ab8-b37e-e886aee9cc73 ] Request (ServersTestJSON:setUpClass): 200 GET http://10.180.1.21/compute/v2.1/servers/7e5fadf3-dd41-402c-9878-2d11295203ac 0.097s
2024-10-07 06:40:28.742 62259 INFO tempest.lib.common.rest_client [req-65f3c3bb-c100-4922-9c0e-70c8790bc201 req-65f3c3bb-c100-4922-9c0e-70c8790bc201 ] Request (ImagesTestJSON:test_create_image_from_suspended_server): 200 GET http://10.180.1.21/compute/v2.1/servers/10568cfc-3634-47d7-96d6-893c4fe01282 0.102s
2024-10-07 06:40:28.765 62221 INFO tempest.lib.common.rest_client [req-8211bfe5-18b9-47d6-afb2-d33a4a193123 req-8211bfe5-18b9-47d6-afb2-d33a4a193123 ] Request (ServersWithSpecificFlavorTestJSON:tearDownClass): 204 DELETE http://10.180.1.21/identity/v3/users/64d60e79d73c4777988a43d842e047c4 0.180s
2024-10-07 06:40:28.775 62269 INFO tempest.lib.common.rest_client [req-fedc5959-ab9d-4dd1-ba93-38bc0d21d146 req-fedc5959-ab9d-4dd1-ba93-38bc0d21d146 ] Request (SecurityGroupRulesNegativeTestJSON:tearDownClass): 200 PUT http://10.180.1.21:9696/networking/v2.0/routers/7f4f10db-3fdb-44a7-b676-6ed6477b7929/remove_router_interface 0.970s
2024-10-07 06:40:28.815 62253 INFO tempest.lib.common.rest_client [req-c2feaba6-dafb-46c3-b99c-280cad17a33b req-c2feaba6-dafb-46c3-b99c-280cad17a33b ] Request (AttachInterfacesTestJSON:_run_cleanups): 204 DELETE http://10.180.1.21:9696/networking/v2.0/security-groups/833f0039-95c7-435f-af86-bf4c7390af38 0.214s
2024-10-07 06:40:28.819 62263 INFO tempest.lib.common.rest_client [req-f2c8f90b-d9a7-435b-8544-af1ad5fe75c3 req-f2c8f90b-d9a7-435b-8544-af1ad5fe75c3 ] Request (ListServerFiltersTestJSON:setUpClass): 200 GET http://10.180.1.21/compute/v2.1/servers/213957b6-77a4-48fe-8bf5-f03bb67510c6 0.117s
2024-10-07 06:40:28.838 62253 INFO tempest.lib.common.rest_client [req-59573bcd-85f3-4104-8229-e97ed34c5a69 req-59573bcd-85f3-4104-8229-e97ed34c5a69 ] Request (AttachInterfacesTestJSON:_run_cleanups): 404 GET http://10.180.1.21:9696/networking/v2.0/security-groups/833f0039-95c7-435f-af86-bf4c7390af38 0.023s
2024-10-07 06:40:28.883 62227 INFO tempest.lib.common.rest_client [req-1f478662-34b0-49fc-b86b-5b553d56de0b req-1f478662-34b0-49fc-b86b-5b553d56de0b ] Request (AttachInterfacesV270Test:test_create_get_list_interfaces): 200 GET http://10.180.1.21/compute/v2.1/servers/9f8b9aca-420f-4314-a466-0d6f3d191377 0.107s
2024-10-07 06:40:28.898 62221 INFO tempest.lib.common.rest_client [req-a09b8760-8231-4429-8cad-7a8b8a8a59be req-a09b8760-8231-4429-8cad-7a8b8a8a59be ] Request (ServersWithSpecificFlavorTestJSON:tearDownClass): 204 DELETE http://10.180.1.21/identity/v3/users/62524c6f2cef4b7a9354c6b33a054c7e 0.133s
2024-10-07 06:40:28.898 62221 INFO tempest.lib.common.dynamic_creds [-] Deleting project and security group for project: f708a6fd32334ae4b7995f0de42f06a8
2024-10-07 06:40:28.949 62239 INFO tempest.lib.common.rest_client [req-8a1275b8-1454-44bc-9b1b-6ac0f73dd225 req-8a1275b8-1454-44bc-9b1b-6ac0f73dd225 ] Request (InstanceActionsTestJSON:setUpClass): 200 GET http://10.180.1.21/compute/v2.1/servers/35e41d19-8f1c-496d-9712-a1ac3c787c3b 0.110s
2024-10-07 06:40:28.976 62221 INFO tempest.lib.common.rest_client [req-ced2d85a-8988-4fdb-8ad7-3f0c062281b1 req-ced2d85a-8988-4fdb-8ad7-3f0c062281b1 ] Request (ServersWithSpecificFlavorTestJSON:tearDownClass): 200 GET http://10.180.1.21:9696/networking/v2.0/security-groups?tenant_id=f708a6fd32334ae4b7995f0de42f06a8&name=default 0.077s
