2024-10-07 06:40:59.659 62271 INFO tempest.lib.common.rest_client [req-feccec5b-3875-4ff8-8dc3-8aeaab43ec27 req-feccec5b-3875-4ff8-8dc3-8aeaab43ec27 ] Request (ServerActionsTestJSON:setUpClass): 200 GET http://10.180.1.21/compute/v2.1/servers/b632a5d1-62b1-44b1-a82a-b1e761e0c4b8 0.075s
2024-10-07 06:40:59.665 62273 INFO tempest.lib.common.rest_client [req-4fdc75e6-31f7-4c9c-92b4-73d7e1cb0699 req-4fdc75e6-31f7-4c9c-92b4-73d7e1cb0699 ] Request (ServerDiskConfigTestJSON:test_rebuild_server_with_manual_disk_config): 200 GET http://10.180.1.21/compute/v2.1/servers/6f20dd8e-9289-458d-bed6-f2ef9daaa917 0.054s
2024-10-07 06:40:59.765 62227 INFO tempest.lib.common.rest_client [req-a85c0d0d-3cc2-42f5-bd9b-5e5a27f204e5 req-a85c0d0d-3cc2-42f5-bd9b-5e5a27f204e5 ] Request (AttachInterfacesV270Test:test_create_get_list_interfaces): 200 GET http://10.180.1.21/compute/v2.1/servers/9f8b9aca-420f-4314-a466-0d6f3d191377 0.049s
2024-10-07 06:40:59.814 62279 INFO tempest.lib.common.rest_client [req-73e76b11-528d-4e33-a740-a72f2d574b1b req-73e76b11-528d-4e33-a740-a72f2d574b1b ] Request (AttachInterfacesUnderV243Test:test_add_remove_fixed_ip): 200 GET http://10.180.1.21/compute/v2.1/servers/55102fef-de7c-4505-a192-39568e08c096 0.049s
2024-10-07 06:40:59.865 62237 INFO tempest.lib.common.rest_client [req-a2b22248-cf63-4db3-a8fa-d47ddfb00bd0 req-a2b22248-cf63-4db3-a8fa-d47ddfb00bd0 ] Request (ServersTestManualDisk:setUpClass): 200 GET http://10.180.1.21/compute/v2.1/servers/dd239b21-fdb2-48fb-acf4-18242a98cd1f 0.098s
2024-10-07 06:40:59.906 62253 INFO tempest.lib.common.rest_client [req-f29255b1-668c-41ad-a158-91214fc13bdb req-f29255b1-668c-41ad-a158-91214fc13bdb ] Request (AttachInterfacesTestJSON:test_create_list_show_delete_interfaces_by_network_port): 200 GET http://10.180.1.21/compute/v2.1/servers/977799b4-2793-4513-9447-483146fc7ac4 0.090s
2024-10-07 06:40:59.955 62251 INFO tempest.lib.common.rest_client [req-54ad30cc-26ee-4496-96ae-06c81d51a5a6 req-54ad30cc-26ee-4496-96ae-06c81d51a5a6 ] Request (ServerTagsTestJSON:setUpClass): 200 GET http://10.180.1.21/compute/v2.1/servers/6c62a1e9-d60c-4720-a554-951bea4b2e18 0.133s
2024-10-07 06:40:59.960 62241 INFO tempest.lib.common.rest_client [req-df5f9ee7-5452-4bb1-a4ce-c5fb05c76d5b req-df5f9ee7-5452-4bb1-a4ce-c5fb05c76d5b ] Request (MigrationsAdminTest:test_resize_server_revert_deleted_flavor): 200 GET http://10.180.1.21/compute/v2.1/servers/40de5f22-0de2-466a-91ab-dcb6ec586dad 0.245s
2024-10-07 06:41:00.003 62221 INFO tempest.lib.common.rest_client [req-281f3438-cc62-43bc-9879-cc48e39b590b req-281f3438-cc62-43bc-9879-cc48e39b590b ] Request (ImagesOneServerNegativeTestJSON:setUpClass): 200 GET http://10.180.1.21/compute/v2.1/servers/c1a6ffac-99bd-492c-99e5-f7c46b352d8e 0.137s
2024-10-07 06:41:00.008 62250 INFO tempest.lib.common.rest_client [req-fddee60f-2adf-4158-94e3-15db2ded86be req-fddee60f-2adf-4158-94e3-15db2ded86be ] Request (ServersAdminTestJSON:setUpClass): 200 GET http://10.180.1.21/compute/v2.1/servers/aa800cea-6c7c-48ce-bfc6-a00f2f4cff7d 0.137s
2024-10-07 06:41:00.051 62261 INFO tempest.lib.common.rest_client [req-fcd444b3-a39a-46f7-ad4c-f5df0f6b9f21 req-fcd444b3-a39a-46f7-ad4c-f5df0f6b9f21 ] Request (ServersAdminNegativeTestJSON:setUpClass): 200 GET http://10.180.1.21/compute/v2.1/servers/6e0697d4-d862-497c-9bdd-dd1ef2d4272b 0.130s
2024-10-07 06:41:00.059 62275 INFO tempest.lib.common.rest_client [req-fa1b4a87-073d-4540-a097-124e4beb8024 req-fa1b4a87-073d-4540-a097-124e4beb8024 ] Request (AttachVolumeTestJSON:test_attach_detach_volume): 200 GET http://10.180.1.21/compute/v2.1/servers/198f36d0-8be4-4885-9c0b-e85d6a0cbb22 0.130s
2024-10-07 06:41:00.094 62265 INFO tempest.lib.common.rest_client [req-0ca09067-5a9f-4b0d-a9b1-b58b80684ca7 req-0ca09067-5a9f-4b0d-a9b1-b58b80684ca7 ] Request (ServerMetadataTestJSON:setUpClass): 200 GET http://10.180.1.21/compute/v2.1/servers/f70adc74-3b24-434a-829a-13274bae40b1 0.122s
2024-10-07 06:41:00.103 62247 INFO tempest.lib.common.rest_client [req-6d954b2e-54f4-4895-b3c9-2bb82ce09aa7 req-6d954b2e-54f4-4895-b3c9-2bb82ce09aa7 ] Request (ServerExternalEventsTest:test_create_server_external_events): 200 GET http://10.180.1.21/compute/v2.1/servers/4fa110e0-7235-4d62-a68b-c727b4a79908 0.086s
2024-10-07 06:41:00.137 62277 INFO tempest.lib.common.rest_client [req-e5227847-9785-481a-bf88-a3076899bcee req-e5227847-9785-481a-bf88-a3076899bcee ] Request (SecurityGroupsTestJSON:test_server_security_groups): 200 GET http://10.180.1.21/compute/v2.1/servers/77f4d9bd-c758-44c3-a17c-1efa8c395eb1 0.092s
2024-10-07 06:41:00.154 62267 INFO tempest.lib.common.rest_client [req-08571bcb-2b35-4ff3-a745-0796963f06a5 req-08571bcb-2b35-4ff3-a745-0796963f06a5 ] Request (ServersV294TestFqdnHostnames:setUpClass): 200 GET http://10.180.1.21/compute/v2.1/servers/a2c58c0a-785b-42a2-9960-0b3e4ff86d96 0.051s
2024-10-07 06:41:00.195 62257 INFO tempest.lib.common.rest_client [req-a2aaa046-33df-494e-9191-235186985cbe req-a2aaa046-33df-494e-9191-235186985cbe ] Request (ServerDiagnosticsNegativeTest:test_get_server_diagnostics_by_non_admin): 200 GET http://10.180.1.21/compute/v2.1/servers/bf115dff-5440-41ba-9689-6337f63dedeb 0.046s
2024-10-07 06:41:00.239 62256 INFO tempest.lib.common.rest_client [req-b054cfca-f267-45d3-bfea-d807cccd3d3b req-b054cfca-f267-45d3-bfea-d807cccd3d3b ] Request (ServersTestFqdnHostnames:test_create_server_with_fqdn_name): 200 GET http://10.180.1.21/compute/v2.1/servers/cbdf7e34-57f9-4456-8cc7-f09c15e0f965 0.047s
2024-10-07 06:41:00.278 62233 INFO tempest.lib.common.rest_client [req-39aa50cb-f671-4cf1-8d90-a0a30c4036c0 req-39aa50cb-f671-4cf1-8d90-a0a30c4036c0 ] Request (ServersTestJSON:setUpClass): 200 GET http://10.180.1.21/compute/v2.1/servers/7e5fadf3-dd41-402c-9878-2d11295203ac 0.047s
2024-10-07 06:41:00.301 62281 INFO tempest.lib.common.rest_client [req-86768e17-9e9e-4c0f-bab7-b4159e6278b1 req-86768e17-9e9e-4c0f-bab7-b4159e6278b1 ] Request (MultipleCreateTestJSON:test_multiple_create): 200 GET http://10.180.1.21/compute/v2.1/servers/2377b482-52e7-4054-8d5b-8f00587c3371 0.041s
2024-10-07 06:41:00.361 62229 INFO tempest.lib.common.rest_client [req-830c0993-bb2a-4a56-acd0-4d4b4adaad5f req-830c0993-bb2a-4a56-acd0-4d4b4adaad5f ] Request (FloatingIPsAssociationNegativeTestJSON:setUpClass): 200 GET http://10.180.1.21/compute/v2.1/servers/ce09db77-1eac-4228-a4f8-228a3b7e69d9 0.044s
2024-10-07 06:41:00.449 62223 INFO tempest.lib.common.rest_client [req-4d940e3d-cb86-451a-8b5d-d73c0bbee368 req-4d940e3d-cb86-451a-8b5d-d73c0bbee368 ] Request (TenantUsagesTestJSON:setUpClass): 200 GET http://10.180.1.21/compute/v2.1/servers/4bb588b3-c5e1-4619-b77b-6734d6516170 0.044s
2024-10-07 06:41:00.493 62263 INFO tempest.lib.common.rest_client [req-d0d7575f-da9f-4604-9b41-0d9105b5ce2d req-d0d7575f-da9f-4604-9b41-0d9105b5ce2d ] Request (ListServerFiltersTestJSON:setUpClass): 200 GET http://10.180.1.21/compute/v2.1/servers/213957b6-77a4-48fe-8bf5-f03bb67510c6 0.047s
2024-10-07 06:41:00.543 62225 INFO tempest.lib.common.rest_client [req-e6d0ca63-cd16-414c-8fd3-264bdd8c7eba req-e6d0ca63-cd16-414c-8fd3-264bdd8c7eba ] Request (VolumesAdminNegativeTest:test_update_attached_volume_with_nonexistent_volume_in_body): 200 GET http://10.180.1.21/compute/v2.1/servers/8adfe7b8-0e4d-45ca-9f64-b2ed33e85ec2 0.047s
2024-10-07 06:41:00.599 62259 INFO tempest.lib.common.rest_client [req-3e7df096-0237-4ee3-8521-5b0d9e7d74aa req-3e7df096-0237-4ee3-8521-5b0d9e7d74aa ] Request (ImagesTestJSON:test_create_server_from_snapshot): 200 GET http://10.180.1.21/compute/v2.1/servers/eaa61f81-2f9b-4d1c-bab8-4363fb71e936 0.043s
2024-10-07 06:41:00.636 62239 INFO tempest.lib.common.rest_client [req-b1f7781d-d647-44d5-a618-49a2f5bc436e req-b1f7781d-d647-44d5-a618-49a2f5bc436e ] Request (InstanceActionsTestJSON:setUpClass): 200 GET http://10.180.1.21/compute/v2.1/servers/35e41d19-8f1c-496d-9712-a1ac3c787c3b 0.040s
2024-10-07 06:41:00.680 62285 INFO tempest.lib.common.rest_client [req-3b91fb8f-39ee-4386-95f7-3e76e45456fb req-3b91fb8f-39ee-4386-95f7-3e76e45456fb ] Request (ServerAddressesNegativeTestJSON:setUpClass): 200 GET http://10.180.1.21/compute/v2.1/servers/8438d2a7-975c-4d1f-8906-f960bfadfe39 0.041s
2024-10-07 06:41:00.712 62271 INFO tempest.lib.common.rest_client [req-86c02e04-d747-4c98-b751-d863338f544b req-86c02e04-d747-4c98-b751-d863338f544b ] Request (ServerActionsTestJSON:setUpClass): 200 GET http://10.180.1.21/compute/v2.1/servers/b632a5d1-62b1-44b1-a82a-b1e761e0c4b8 0.045s
2024-10-07 06:41:00.724 62273 INFO tempest.lib.common.rest_client [req-165d92e6-dd6e-4ec3-91dd-91c53df84f67 req-165d92e6-dd6e-4ec3-91dd-91c53df84f67 ] Request (ServerDiskConfigTestJSON:test_rebuild_server_with_manual_disk_config): 200 GET http://10.180.1.21/compute/v2.1/servers/6f20dd8e-9289-458d-bed6-f2ef9daaa917 0.050s
2024-10-07 06:41:00.825 62227 INFO tempest.lib.common.rest_client [req-13962c34-24b4-4c94-8dc8-380b8552fcff req-13962c34-24b4-4c94-8dc8-380b8552fcff ] Request (AttachInterfacesV270Test:test_create_get_list_interfaces): 200 GET http://10.180.1.21/compute/v2.1/servers/9f8b9aca-420f-4314-a466-0d6f3d191377 0.051s
2024-10-07 06:41:00.873 62279 INFO tempest.lib.common.rest_client [req-7f94a4e0-9af6-4a17-985a-4b7659f05f38 req-7f94a4e0-9af6-4a17-985a-4b7659f05f38 ] Request (AttachInterfacesUnderV243Test:test_add_remove_fixed_ip): 200 GET http://10.180.1.21/compute/v2.1/servers/55102fef-de7c-4505-a192-39568e08c096 0.049s
2024-10-07 06:41:00.918 62237 INFO tempest.lib.common.rest_client [req-833c9319-9926-455a-b1b2-7ddef0b7b5a1 req-833c9319-9926-455a-b1b2-7ddef0b7b5a1 ] Request (ServersTestManualDisk:setUpClass): 200 GET http://10.180.1.21/compute/v2.1/servers/dd239b21-fdb2-48fb-acf4-18242a98cd1f 0.046s
2024-10-07 06:41:00.957 62253 INFO tempest.lib.common.rest_client [req-e55dbf2c-9b92-4c46-8cee-be367a03c354 req-e55dbf2c-9b92-4c46-8cee-be367a03c354 ] Request (AttachInterfacesTestJSON:test_create_list_show_delete_interfaces_by_network_port): 200 GET http://10.180.1.21/compute/v2.1/servers/977799b4-2793-4513-9447-483146fc7ac4 0.044s
2024-10-07 06:41:01.013 62251 INFO tempest.lib.common.rest_client [req-0e56f110-20d9-4b3b-9815-65810048bacb req-0e56f110-20d9-4b3b-9815-65810048bacb ] Request (ServerTagsTestJSON:setUpClass): 200 GET http://10.180.1.21/compute/v2.1/servers/6c62a1e9-d60c-4720-a554-951bea4b2e18 0.050s
2024-10-07 06:41:01.038 62241 INFO tempest.lib.common.rest_client [req-15b05d1c-4b01-4b79-9f56-b8bd8ace827c req-15b05d1c-4b01-4b79-9f56-b8bd8ace827c ] Request (MigrationsAdminTest:test_resize_server_revert_deleted_flavor): 200 GET http://10.180.1.21/compute/v2.1/servers/40de5f22-0de2-466a-91ab-dcb6ec586dad 0.070s
2024-10-07 06:41:01.084 62221 INFO tempest.lib.common.rest_client [req-f97fe34e-7c25-49a1-a678-20bf657bf767 req-f97fe34e-7c25-49a1-a678-20bf657bf767 ] Request (ImagesOneServerNegativeTestJSON:setUpClass): 200 GET http://10.180.1.21/compute/v2.1/servers/c1a6ffac-99bd-492c-99e5-f7c46b352d8e 0.072s
2024-10-07 06:41:01.091 62250 INFO tempest.lib.common.rest_client [req-2e3e2f99-907d-4bf4-bf98-e53f563c4494 req-2e3e2f99-907d-4bf4-bf98-e53f563c4494 ] Request (ServersAdminTestJSON:setUpClass): 200 GET http://10.180.1.21/compute/v2.1/servers/aa800cea-6c7c-48ce-bfc6-a00f2f4cff7d 0.070s
2024-10-07 06:41:01.146 62261 INFO tempest.lib.common.rest_client [req-1a6f6972-79e8-4f80-8a79-ede5289ae1d0 req-1a6f6972-79e8-4f80-8a79-ede5289ae1d0 ] Request (ServersAdminNegativeTestJSON:setUpClass): 200 GET http://10.180.1.21/compute/v2.1/servers/6e0697d4-d862-497c-9bdd-dd1ef2d4272b 0.088s
2024-10-07 06:41:01.155 62275 INFO tempest.lib.common.rest_client [req-f074fc62-1e69-4a8f-84aa-ee2c3450981a req-f074fc62-1e69-4a8f-84aa-ee2c3450981a ] Request (AttachVolumeTestJSON:test_attach_detach_volume): 200 GET http://10.180.1.21/compute/v2.1/servers/198f36d0-8be4-4885-9c0b-e85d6a0cbb22 0.090s
2024-10-07 06:41:01.208 62247 INFO tempest.lib.common.rest_client [req-3f7bd7f5-85b8-41cb-b0a2-675a34f7d7df req-3f7bd7f5-85b8-41cb-b0a2-675a34f7d7df ] Request (ServerExternalEventsTest:test_create_server_external_events): 200 GET http://10.180.1.21/compute/v2.1/servers/4fa110e0-7235-4d62-a68b-c727b4a79908 0.095s
2024-10-07 06:41:01.219 62265 INFO tempest.lib.common.rest_client [req-a23c3949-4f8f-41ff-9167-62c32c8d8033 req-a23c3949-4f8f-41ff-9167-62c32c8d8033 ] Request (ServerMetadataTestJSON:setUpClass): 200 GET http://10.180.1.21/compute/v2.1/servers/f70adc74-3b24-434a-829a-13274bae40b1 0.117s
2024-10-07 06:41:01.227 62265 INFO tempest.common.waiters [-] State transition "BUILD/spawning" ==> "ERROR/None" after 74 second wait
2024-10-07 06:41:01.269 62277 INFO tempest.lib.common.rest_client [req-72e683ef-b032-40f5-a55a-f28c865a8551 req-72e683ef-b032-40f5-a55a-f28c865a8551 ] Request (SecurityGroupsTestJSON:test_server_security_groups): 200 GET http://10.180.1.21/compute/v2.1/servers/77f4d9bd-c758-44c3-a17c-1efa8c395eb1 0.125s
2024-10-07 06:41:01.331 62257 INFO tempest.lib.common.rest_client [req-ea279651-00e4-4bb8-8964-2a6251559063 req-ea279651-00e4-4bb8-8964-2a6251559063 ] Request (ServerDiagnosticsNegativeTest:test_get_server_diagnostics_by_non_admin): 200 GET http://10.180.1.21/compute/v2.1/servers/bf115dff-5440-41ba-9689-6337f63dedeb 0.128s
2024-10-07 06:41:01.372 62267 INFO tempest.lib.common.rest_client [req-fa81f90a-7d19-40b3-b00c-02a4fbd2c1cb req-fa81f90a-7d19-40b3-b00c-02a4fbd2c1cb ] Request (ServersV294TestFqdnHostnames:setUpClass): 200 GET http://10.180.1.21/compute/v2.1/servers/a2c58c0a-785b-42a2-9960-0b3e4ff86d96 0.208s
2024-10-07 06:41:01.381 62267 INFO tempest.common.waiters [-] State transition "BUILD/None" ==> "BUILD/block_device_mapping" after 67 second wait
2024-10-07 06:41:01.422 62256 INFO tempest.lib.common.rest_client [req-26323712-1faf-44c9-8441-53e1465eda78 req-26323712-1faf-44c9-8441-53e1465eda78 ] Request (ServersTestFqdnHostnames:test_create_server_with_fqdn_name): 200 GET http://10.180.1.21/compute/v2.1/servers/cbdf7e34-57f9-4456-8cc7-f09c15e0f965 0.177s
2024-10-07 06:41:01.464 62233 INFO tempest.lib.common.rest_client [req-c514ab5b-a1fd-4b85-bf34-0ba4ea9793a9 req-c514ab5b-a1fd-4b85-bf34-0ba4ea9793a9 ] Request (ServersTestJSON:setUpClass): 200 GET http://10.180.1.21/compute/v2.1/servers/7e5fadf3-dd41-402c-9878-2d11295203ac 0.180s
2024-10-07 06:41:01.501 62265 INFO tempest.lib.common.rest_client [req-1201499a-bd02-42c5-8535-85dcde6d94e7 req-1201499a-bd02-42c5-8535-85dcde6d94e7 ] Request (ServerMetadataTestJSON:setUpClass): 204 DELETE http://10.180.1.21/compute/v2.1/servers/f70adc74-3b24-434a-829a-13274bae40b1 0.273s
2024-10-07 06:41:01.505 62281 INFO tempest.lib.common.rest_client [req-3a293a32-eaee-479f-bd6c-baa7e88020bc req-3a293a32-eaee-479f-bd6c-baa7e88020bc ] Request (MultipleCreateTestJSON:test_multiple_create): 200 GET http://10.180.1.21/compute/v2.1/servers/2377b482-52e7-4054-8d5b-8f00587c3371 0.196s
2024-10-07 06:41:01.554 62229 INFO tempest.lib.common.rest_client [req-218ed782-33b0-42e6-85e3-bee47926fe7b req-218ed782-33b0-42e6-85e3-bee47926fe7b ] Request (FloatingIPsAssociationNegativeTestJSON:setUpClass): 200 GET http://10.180.1.21/compute/v2.1/servers/ce09db77-1eac-4228-a4f8-228a3b7e69d9 0.186s
2024-10-07 06:41:01.554 62223 INFO tempest.lib.common.rest_client [req-3603460d-b0e4-4899-b3dd-c8eb3a8e9592 req-3603460d-b0e4-4899-b3dd-c8eb3a8e9592 ] Request (TenantUsagesTestJSON:setUpClass): 200 GET http://10.180.1.21/compute/v2.1/servers/4bb588b3-c5e1-4619-b77b-6734d6516170 0.098s
2024-10-07 06:41:01.570 62265 INFO tempest.lib.common.rest_client [req-c62f0c8d-979d-45e5-8356-ad7c9f94c53b req-c62f0c8d-979d-45e5-8356-ad7c9f94c53b ] Request (ServerMetadataTestJSON:setUpClass): 404 GET http://10.180.1.21/compute/v2.1/servers/f70adc74-3b24-434a-829a-13274bae40b1 0.069s
2024-10-07 06:41:01.570 62265 INFO tempest.test [-] raised in ServerMetadataTestJSON.setUpClass. Invoking tearDownClass.
2024-10-07 06:41:01.617 62225 INFO tempest.lib.common.rest_client [req-a04baeec-c912-4aca-92b3-6db5483ea459 req-a04baeec-c912-4aca-92b3-6db5483ea459 ] Request (VolumesAdminNegativeTest:test_update_attached_volume_with_nonexistent_volume_in_body): 200 GET http://10.180.1.21/compute/v2.1/servers/8adfe7b8-0e4d-45ca-9f64-b2ed33e85ec2 0.068s
2024-10-07 06:41:01.622 62263 INFO tempest.lib.common.rest_client [req-23dbce4f-f80e-48fe-bd74-82cab86c126e req-23dbce4f-f80e-48fe-bd74-82cab86c126e ] Request (ListServerFiltersTestJSON:setUpClass): 200 GET http://10.180.1.21/compute/v2.1/servers/213957b6-77a4-48fe-8bf5-f03bb67510c6 0.122s
2024-10-07 06:41:01.669 62259 INFO tempest.lib.common.rest_client [req-a29716f7-e9c1-4c3a-81b7-bebbf7192fcf req-a29716f7-e9c1-4c3a-81b7-bebbf7192fcf ] Request (ImagesTestJSON:test_create_server_from_snapshot): 200 GET http://10.180.1.21/compute/v2.1/servers/eaa61f81-2f9b-4d1c-bab8-4363fb71e936 0.063s
2024-10-07 06:41:01.699 62239 INFO tempest.lib.common.rest_client [req-dae810f0-9930-42f2-b0d7-c4b5a04e9acf req-dae810f0-9930-42f2-b0d7-c4b5a04e9acf ] Request (InstanceActionsTestJSON:setUpClass): 200 GET http://10.180.1.21/compute/v2.1/servers/35e41d19-8f1c-496d-9712-a1ac3c787c3b 0.057s
2024-10-07 06:41:01.746 62285 INFO tempest.lib.common.rest_client [req-544c22b6-f01a-47b5-949d-3335a5761fd8 req-544c22b6-f01a-47b5-949d-3335a5761fd8 ] Request (ServerAddressesNegativeTestJSON:setUpClass): 200 GET http://10.180.1.21/compute/v2.1/servers/8438d2a7-975c-4d1f-8906-f960bfadfe39 0.059s
2024-10-07 06:41:01.774 62271 INFO tempest.lib.common.rest_client [req-472ca16a-9b5a-4d42-bd79-50d6506647ff req-472ca16a-9b5a-4d42-bd79-50d6506647ff ] Request (ServerActionsTestJSON:setUpClass): 200 GET http://10.180.1.21/compute/v2.1/servers/b632a5d1-62b1-44b1-a82a-b1e761e0c4b8 0.055s
2024-10-07 06:41:01.790 62273 INFO tempest.lib.common.rest_client [req-a9a9c2aa-6179-4da1-ac51-406621d28b83 req-a9a9c2aa-6179-4da1-ac51-406621d28b83 ] Request (ServerDiskConfigTestJSON:test_rebuild_server_with_manual_disk_config): 200 GET http://10.180.1.21/compute/v2.1/servers/6f20dd8e-9289-458d-bed6-f2ef9daaa917 0.060s
2024-10-07 06:41:01.890 62227 INFO tempest.lib.common.rest_client [req-d821093a-f6ec-4c44-96ad-71dec6bc7165 req-d821093a-f6ec-4c44-96ad-71dec6bc7165 ] Request (AttachInterfacesV270Test:test_create_get_list_interfaces): 200 GET http://10.180.1.21/compute/v2.1/servers/9f8b9aca-420f-4314-a466-0d6f3d191377 0.056s
2024-10-07 06:41:01.935 62279 INFO tempest.lib.common.rest_client [req-23521d12-ef27-4436-aa51-d4d3dbad6b98 req-23521d12-ef27-4436-aa51-d4d3dbad6b98 ] Request (AttachInterfacesUnderV243Test:test_add_remove_fixed_ip): 200 GET http://10.180.1.21/compute/v2.1/servers/55102fef-de7c-4505-a192-39568e08c096 0.055s
2024-10-07 06:41:01.977 62237 INFO tempest.lib.common.rest_client [req-0ddb020a-07cc-41eb-8a6a-6cbadadeef6c req-0ddb020a-07cc-41eb-8a6a-6cbadadeef6c ] Request (ServersTestManualDisk:setUpClass): 200 GET http://10.180.1.21/compute/v2.1/servers/dd239b21-fdb2-48fb-acf4-18242a98cd1f 0.052s
2024-10-07 06:41:02.168 62253 INFO tempest.lib.common.rest_client [req-2260594b-2918-413d-b15c-ba0029e0541d req-2260594b-2918-413d-b15c-ba0029e0541d ] Request (AttachInterfacesTestJSON:test_create_list_show_delete_interfaces_by_network_port): 200 GET http://10.180.1.21/compute/v2.1/servers/977799b4-2793-4513-9447-483146fc7ac4 0.204s
2024-10-07 06:41:02.177 62251 INFO tempest.lib.common.rest_client [req-ab2d19c2-6085-4cc9-bd01-de48335e19a7 req-ab2d19c2-6085-4cc9-bd01-de48335e19a7 ] Request (ServerTagsTestJSON:setUpClass): 200 GET http://10.180.1.21/compute/v2.1/servers/6c62a1e9-d60c-4720-a554-951bea4b2e18 0.148s
2024-10-07 06:41:02.226 62241 INFO tempest.lib.common.rest_client [req-bf0fc76f-892e-4da6-926d-1d8b40e7cd43 req-bf0fc76f-892e-4da6-926d-1d8b40e7cd43 ] Request (MigrationsAdminTest:test_resize_server_revert_deleted_flavor): 200 GET http://10.180.1.21/compute/v2.1/servers/40de5f22-0de2-466a-91ab-dcb6ec586dad 0.181s
2024-10-07 06:41:02.239 62221 INFO tempest.lib.common.rest_client [req-9037e058-093e-4122-8d4c-b0ed49889003 req-9037e058-093e-4122-8d4c-b0ed49889003 ] Request (ImagesOneServerNegativeTestJSON:setUpClass): 200 GET http://10.180.1.21/compute/v2.1/servers/c1a6ffac-99bd-492c-99e5-f7c46b352d8e 0.146s
2024-10-07 06:41:02.290 62250 INFO tempest.lib.common.rest_client [req-4cb8d9cb-9b50-49e0-9cf7-01b8b5809a03 req-4cb8d9cb-9b50-49e0-9cf7-01b8b5809a03 ] Request (ServersAdminTestJSON:setUpClass): 200 GET http://10.180.1.21/compute/v2.1/servers/aa800cea-6c7c-48ce-bfc6-a00f2f4cff7d 0.188s
2024-10-07 06:41:02.296 62261 INFO tempest.lib.common.rest_client [req-da73117e-7f37-46be-85cc-bcaf7ee2e8bd req-da73117e-7f37-46be-85cc-bcaf7ee2e8bd ] Request (ServersAdminNegativeTestJSON:setUpClass): 200 GET http://10.180.1.21/compute/v2.1/servers/6e0697d4-d862-497c-9bdd-dd1ef2d4272b 0.140s
2024-10-07 06:41:02.350 62247 INFO tempest.lib.common.rest_client [req-067d3bea-d86b-42a1-b605-aacb46b61b84 req-067d3bea-d86b-42a1-b605-aacb46b61b84 ] Request (ServerExternalEventsTest:test_create_server_external_events): 200 GET http://10.180.1.21/compute/v2.1/servers/4fa110e0-7235-4d62-a68b-c727b4a79908 0.135s
2024-10-07 06:41:02.354 62275 INFO tempest.lib.common.rest_client [req-7d1b5d5c-f4c2-44f3-b5e6-76143fbfd9e5 req-7d1b5d5c-f4c2-44f3-b5e6-76143fbfd9e5 ] Request (AttachVolumeTestJSON:test_attach_detach_volume): 200 GET http://10.180.1.21/compute/v2.1/servers/198f36d0-8be4-4885-9c0b-e85d6a0cbb22 0.188s
2024-10-07 06:41:02.409 62277 INFO tempest.lib.common.rest_client [req-d15f2363-925f-45c7-9c73-1de77a58620e req-d15f2363-925f-45c7-9c73-1de77a58620e ] Request (SecurityGroupsTestJSON:test_server_security_groups): 200 GET http://10.180.1.21/compute/v2.1/servers/77f4d9bd-c758-44c3-a17c-1efa8c395eb1 0.132s
2024-10-07 06:41:02.417 62257 INFO tempest.lib.common.rest_client [req-b26213dd-ee67-4818-8547-2e336df6dbaa req-b26213dd-ee67-4818-8547-2e336df6dbaa ] Request (ServerDiagnosticsNegativeTest:test_get_server_diagnostics_by_non_admin): 200 GET http://10.180.1.21/compute/v2.1/servers/bf115dff-5440-41ba-9689-6337f63dedeb 0.079s
2024-10-07 06:41:02.461 62267 INFO tempest.lib.common.rest_client [req-9d1b8247-5939-495a-85c0-ce9000d1c92b req-9d1b8247-5939-495a-85c0-ce9000d1c92b ] Request (ServersV294TestFqdnHostnames:setUpClass): 200 GET http://10.180.1.21/compute/v2.1/servers/a2c58c0a-785b-42a2-9960-0b3e4ff86d96 0.078s
2024-10-07 06:41:02.469 62267 INFO tempest.common.waiters [-] State transition "BUILD/block_device_mapping" ==> "BUILD/spawning" after 68 second wait
2024-10-07 06:41:02.480 62256 INFO tempest.lib.common.rest_client [req-3fe8d224-c84f-4a6e-acae-50611aab0c4f req-3fe8d224-c84f-4a6e-acae-50611aab0c4f ] Request (ServersTestFqdnHostnames:test_create_server_with_fqdn_name): 200 GET http://10.180.1.21/compute/v2.1/servers/cbdf7e34-57f9-4456-8cc7-f09c15e0f965 0.049s
2024-10-07 06:41:02.517 62233 INFO tempest.lib.common.rest_client [req-7f8643ea-a233-4f55-98fe-c7bc74f84ba0 req-7f8643ea-a233-4f55-98fe-c7bc74f84ba0 ] Request (ServersTestJSON:setUpClass): 200 GET http://10.180.1.21/compute/v2.1/servers/7e5fadf3-dd41-402c-9878-2d11295203ac 0.044s
2024-10-07 06:41:02.568 62281 INFO tempest.lib.common.rest_client [req-81b7752f-0430-4565-b943-06c2d06b346e req-81b7752f-0430-4565-b943-06c2d06b346e ] Request (MultipleCreateTestJSON:test_multiple_create): 200 GET http://10.180.1.21/compute/v2.1/servers/2377b482-52e7-4054-8d5b-8f00587c3371 0.055s
2024-10-07 06:41:02.620 62229 INFO tempest.lib.common.rest_client [req-01b82bf4-fc0e-4db7-b8a9-30f6eb44e179 req-01b82bf4-fc0e-4db7-b8a9-30f6eb44e179 ] Request (FloatingIPsAssociationNegativeTestJSON:setUpClass): 200 GET http://10.180.1.21/compute/v2.1/servers/ce09db77-1eac-4228-a4f8-228a3b7e69d9 0.058s
2024-10-07 06:41:02.621 62223 INFO tempest.lib.common.rest_client [req-b7994d61-7c0a-4b1b-9212-fe13f05d88a5 req-b7994d61-7c0a-4b1b-9212-fe13f05d88a5 ] Request (TenantUsagesTestJSON:setUpClass): 200 GET http://10.180.1.21/compute/v2.1/servers/4bb588b3-c5e1-4619-b77b-6734d6516170 0.060s
2024-10-07 06:41:02.636 62265 INFO tempest.lib.common.rest_client [req-d5cb2ead-600a-49d1-865c-583b1af09659 req-d5cb2ead-600a-49d1-865c-583b1af09659 ] Request (ServerMetadataTestJSON:tearDownClass): 200 PUT http://10.180.1.21:9696/networking/v2.0/routers/a31029c2-40dc-46b0-936a-ffc83904363c/remove_router_interface 1.065s
2024-10-07 06:41:02.694 62225 INFO tempest.lib.common.rest_client [req-d27d49d9-b641-4200-9788-d18f31e2402f req-d27d49d9-b641-4200-9788-d18f31e2402f ] Request (VolumesAdminNegativeTest:test_update_attached_volume_with_nonexistent_volume_in_body): 200 GET http://10.180.1.21/compute/v2.1/servers/8adfe7b8-0e4d-45ca-9f64-b2ed33e85ec2 0.069s
2024-10-07 06:41:02.695 62263 INFO tempest.lib.common.rest_client [req-3f9ce4ab-ac21-42db-a236-754aa6d36b02 req-3f9ce4ab-ac21-42db-a236-754aa6d36b02 ] Request (ListServerFiltersTestJSON:setUpClass): 200 GET http://10.180.1.21/compute/v2.1/servers/213957b6-77a4-48fe-8bf5-f03bb67510c6 0.063s
2024-10-07 06:41:02.739 62259 INFO tempest.lib.common.rest_client [req-43be2fd9-5e1f-4d45-9837-2168c86dd9ab req-43be2fd9-5e1f-4d45-9837-2168c86dd9ab ] Request (ImagesTestJSON:test_create_server_from_snapshot): 200 GET http://10.180.1.21/compute/v2.1/servers/eaa61f81-2f9b-4d1c-bab8-4363fb71e936 0.063s
2024-10-07 06:41:02.776 62239 INFO tempest.lib.common.rest_client [req-a9328b60-cb13-47f5-8ddf-85670c00ead4 req-a9328b60-cb13-47f5-8ddf-85670c00ead4 ] Request (InstanceActionsTestJSON:setUpClass): 200 GET http://10.180.1.21/compute/v2.1/servers/35e41d19-8f1c-496d-9712-a1ac3c787c3b 0.062s
2024-10-07 06:41:02.806 62285 INFO tempest.lib.common.rest_client [req-3a8a5a55-ae3a-4882-9866-7a7a55aae920 req-3a8a5a55-ae3a-4882-9866-7a7a55aae920 ] Request (ServerAddressesNegativeTestJSON:setUpClass): 200 GET http://10.180.1.21/compute/v2.1/servers/8438d2a7-975c-4d1f-8906-f960bfadfe39 0.051s
2024-10-07 06:41:02.844 62271 INFO tempest.lib.common.rest_client [req-c52d0eda-f3bd-4c74-95d6-c45c9996fb40 req-c52d0eda-f3bd-4c74-95d6-c45c9996fb40 ] Request (ServerActionsTestJSON:setUpClass): 200 GET http://10.180.1.21/compute/v2.1/servers/b632a5d1-62b1-44b1-a82a-b1e761e0c4b8 0.063s
2024-10-07 06:41:02.861 62273 INFO tempest.lib.common.rest_client [req-c8c3d498-938c-48e7-8c7a-8a097ae36a68 req-c8c3d498-938c-48e7-8c7a-8a097ae36a68 ] Request (ServerDiskConfigTestJSON:test_rebuild_server_with_manual_disk_config): 200 GET http://10.180.1.21/compute/v2.1/servers/6f20dd8e-9289-458d-bed6-f2ef9daaa917 0.061s
2024-10-07 06:41:02.958 62227 INFO tempest.lib.common.rest_client [req-d0c68333-be9e-41c7-b238-bddd065cbbfa req-d0c68333-be9e-41c7-b238-bddd065cbbfa ] Request (AttachInterfacesV270Test:test_create_get_list_interfaces): 200 GET http://10.180.1.21/compute/v2.1/servers/9f8b9aca-420f-4314-a466-0d6f3d191377 0.057s
2024-10-07 06:41:03.000 62279 INFO tempest.lib.common.rest_client [req-9d2b2242-8270-4be9-a3cb-98f9aeb3e72e req-9d2b2242-8270-4be9-a3cb-98f9aeb3e72e ] Request (AttachInterfacesUnderV243Test:test_add_remove_fixed_ip): 200 GET http://10.180.1.21/compute/v2.1/servers/55102fef-de7c-4505-a192-39568e08c096 0.058s
2024-10-07 06:41:03.045 62237 INFO tempest.lib.common.rest_client [req-1cc59b62-ec11-40e9-b0a7-be238d5caf88 req-1cc59b62-ec11-40e9-b0a7-be238d5caf88 ] Request (ServersTestManualDisk:setUpClass): 200 GET http://10.180.1.21/compute/v2.1/servers/dd239b21-fdb2-48fb-acf4-18242a98cd1f 0.059s
2024-10-07 06:41:03.066 62265 INFO tempest.lib.common.rest_client [req-f4130e90-0d86-4203-a5de-feb9a25ec872 req-f4130e90-0d86-4203-a5de-feb9a25ec872 ] Request (ServerMetadataTestJSON:tearDownClass): 204 DELETE http://10.180.1.21:9696/networking/v2.0/routers/a31029c2-40dc-46b0-936a-ffc83904363c 0.430s
2024-10-07 06:41:03.186 62265 INFO tempest.lib.common.rest_client [req-7e385c56-cf7b-4fd1-88f6-1bbc0081eb5f req-7e385c56-cf7b-4fd1-88f6-1bbc0081eb5f ] Request (ServerMetadataTestJSON:tearDownClass): 204 DELETE http://10.180.1.21:9696/networking/v2.0/subnets/d77530eb-0055-44cf-a81e-7a07bb316a3c 0.120s
2024-10-07 06:41:03.243 62253 INFO tempest.lib.common.rest_client [req-7f01717d-0928-4422-904e-02e03981a951 req-7f01717d-0928-4422-904e-02e03981a951 ] Request (AttachInterfacesTestJSON:test_create_list_show_delete_interfaces_by_network_port): 200 GET http://10.180.1.21/compute/v2.1/servers/977799b4-2793-4513-9447-483146fc7ac4 0.066s
2024-10-07 06:41:03.246 62251 INFO tempest.lib.common.rest_client [req-0f7360dd-900b-4b85-9354-ac029c3c866a req-0f7360dd-900b-4b85-9354-ac029c3c866a ] Request (ServerTagsTestJSON:setUpClass): 200 GET http://10.180.1.21/compute/v2.1/servers/6c62a1e9-d60c-4720-a554-951bea4b2e18 0.061s
2024-10-07 06:41:03.298 62241 INFO tempest.lib.common.rest_client [req-323952e3-fac0-4178-b930-86e04a14f1df req-323952e3-fac0-4178-b930-86e04a14f1df ] Request (MigrationsAdminTest:test_resize_server_revert_deleted_flavor): 200 GET http://10.180.1.21/compute/v2.1/servers/40de5f22-0de2-466a-91ab-dcb6ec586dad 0.063s
2024-10-07 06:41:03.305 62221 INFO tempest.lib.common.rest_client [req-81fb9862-3f6b-4d7c-b312-0e165d1cffef req-81fb9862-3f6b-4d7c-b312-0e165d1cffef ] Request (ImagesOneServerNegativeTestJSON:setUpClass): 200 GET http://10.180.1.21/compute/v2.1/servers/c1a6ffac-99bd-492c-99e5-f7c46b352d8e 0.058s
2024-10-07 06:41:03.366 62261 INFO tempest.lib.common.rest_client [req-62036466-5e4e-4933-ab0f-23f8d268bf06 req-62036466-5e4e-4933-ab0f-23f8d268bf06 ] Request (ServersAdminNegativeTestJSON:setUpClass): 200 GET http://10.180.1.21/compute/v2.1/servers/6e0697d4-d862-497c-9bdd-dd1ef2d4272b 0.063s
2024-10-07 06:41:03.373 62250 INFO tempest.lib.common.rest_client [req-4fbe74b8-0828-46f0-a374-1af0edfbcc38 req-4fbe74b8-0828-46f0-a374-1af0edfbcc38 ] Request (ServersAdminTestJSON:setUpClass): 200 GET http://10.180.1.21/compute/v2.1/servers/aa800cea-6c7c-48ce-bfc6-a00f2f4cff7d 0.073s
2024-10-07 06:41:03.429 62275 INFO tempest.lib.common.rest_client [req-48ac5821-26b9-48d7-92a3-d6a45e57240b req-48ac5821-26b9-48d7-92a3-d6a45e57240b ] Request (AttachVolumeTestJSON:test_attach_detach_volume): 200 GET http://10.180.1.21/compute/v2.1/servers/198f36d0-8be4-4885-9c0b-e85d6a0cbb22 0.069s
2024-10-07 06:41:03.433 62247 INFO tempest.lib.common.rest_client [req-94a0c137-5f64-497e-b9e0-77c8b88209e6 req-94a0c137-5f64-497e-b9e0-77c8b88209e6 ] Request (ServerExternalEventsTest:test_create_server_external_events): 200 GET http://10.180.1.21/compute/v2.1/servers/4fa110e0-7235-4d62-a68b-c727b4a79908 0.075s
2024-10-07 06:41:03.491 62277 INFO tempest.lib.common.rest_client [req-1d8d81ca-0d3a-4fc6-a965-9097f20c0e95 req-1d8d81ca-0d3a-4fc6-a965-9097f20c0e95 ] Request (SecurityGroupsTestJSON:test_server_security_groups): 200 GET http://10.180.1.21/compute/v2.1/servers/77f4d9bd-c758-44c3-a17c-1efa8c395eb1 0.073s
2024-10-07 06:41:03.492 62257 INFO tempest.lib.common.rest_client [req-66128bb3-7719-486e-8fd0-9ad7b477bf5f req-66128bb3-7719-486e-8fd0-9ad7b477bf5f ] Request (ServerDiagnosticsNegativeTest:test_get_server_diagnostics_by_non_admin): 200 GET http://10.180.1.21/compute/v2.1/servers/bf115dff-5440-41ba-9689-6337f63dedeb 0.069s
2024-10-07 06:41:03.545 62265 INFO tempest.lib.common.rest_client [req-7304ed35-6281-42d7-b877-a9b3f200a14e req-7304ed35-6281-42d7-b877-a9b3f200a14e ] Request (ServerMetadataTestJSON:tearDownClass): 204 DELETE http://10.180.1.21:9696/networking/v2.0/networks/b412700b-8b4a-4d90-80e7-1aa460372970 0.358s
2024-10-07 06:41:03.550 62267 INFO tempest.lib.common.rest_client [req-f21c5b60-04ca-42cc-9015-57a2db43b553 req-f21c5b60-04ca-42cc-9015-57a2db43b553 ] Request (ServersV294TestFqdnHostnames:setUpClass): 200 GET http://10.180.1.21/compute/v2.1/servers/a2c58c0a-785b-42a2-9960-0b3e4ff86d96 0.081s
2024-10-07 06:41:03.552 62256 INFO tempest.lib.common.rest_client [req-167a76cc-38cf-4562-b0f8-3e8b78d68bb4 req-167a76cc-38cf-4562-b0f8-3e8b78d68bb4 ] Request (ServersTestFqdnHostnames:test_create_server_with_fqdn_name): 200 GET http://10.180.1.21/compute/v2.1/servers/cbdf7e34-57f9-4456-8cc7-f09c15e0f965 0.066s
2024-10-07 06:41:03.596 62233 INFO tempest.lib.common.rest_client [req-2635e49f-e902-45f5-83f8-d73e53758743 req-2635e49f-e902-45f5-83f8-d73e53758743 ] Request (ServersTestJSON:setUpClass): 200 GET http://10.180.1.21/compute/v2.1/servers/7e5fadf3-dd41-402c-9878-2d11295203ac 0.072s
2024-10-07 06:41:03.626 62281 INFO tempest.lib.common.rest_client [req-5628113d-308c-4929-816a-6ee164aefb1c req-5628113d-308c-4929-816a-6ee164aefb1c ] Request (MultipleCreateTestJSON:test_multiple_create): 200 GET http://10.180.1.21/compute/v2.1/servers/2377b482-52e7-4054-8d5b-8f00587c3371 0.051s
2024-10-07 06:41:03.633 62265 INFO tempest.lib.common.rest_client [req-9882a7dc-373e-4208-a727-9e00e5107bb7 req-9882a7dc-373e-4208-a727-9e00e5107bb7 ] Request (ServerMetadataTestJSON:tearDownClass): 204 DELETE http://10.180.1.21/identity/v3/users/34bc65b11c324fa9b24b58488ec6a902 0.088s
2024-10-07 06:41:03.633 62265 INFO tempest.lib.common.dynamic_creds [-] Deleting project and security group for project: 5b11c088c3c4448283e1f35c1370a8e6
2024-10-07 06:41:03.681 62223 INFO tempest.lib.common.rest_client [req-76357c4d-bf39-49e1-8468-067f493b20e7 req-76357c4d-bf39-49e1-8468-067f493b20e7 ] Request (TenantUsagesTestJSON:setUpClass): 200 GET http://10.180.1.21/compute/v2.1/servers/4bb588b3-c5e1-4619-b77b-6734d6516170 0.053s
2024-10-07 06:41:03.685 62229 INFO tempest.lib.common.rest_client [req-2fff030b-7987-4869-81e5-dc69e10a0f85 req-2fff030b-7987-4869-81e5-dc69e10a0f85 ] Request (FloatingIPsAssociationNegativeTestJSON:setUpClass): 200 GET http://10.180.1.21/compute/v2.1/servers/ce09db77-1eac-4228-a4f8-228a3b7e69d9 0.059s
2024-10-07 06:41:03.688 62265 INFO tempest.lib.common.rest_client [req-2b27b86c-76d9-4fad-93d8-2ffec957d8fc req-2b27b86c-76d9-4fad-93d8-2ffec957d8fc ] Request (ServerMetadataTestJSON:tearDownClass): 200 GET http://10.180.1.21:9696/networking/v2.0/security-groups?tenant_id=5b11c088c3c4448283e1f35c1370a8e6&name=default 0.054s
2024-10-07 06:41:03.759 62263 INFO tempest.lib.common.rest_client [req-8e98c5ce-a24f-4d09-96cf-9df294f4bb6c req-8e98c5ce-a24f-4d09-96cf-9df294f4bb6c ] Request (ListServerFiltersTestJSON:setUpClass): 200 GET http://10.180.1.21/compute/v2.1/servers/213957b6-77a4-48fe-8bf5-f03bb67510c6 0.056s
2024-10-07 06:41:03.760 62225 INFO tempest.lib.common.rest_client [req-32599d28-79c4-4589-bbf2-1cee8c8f8df8 req-32599d28-79c4-4589-bbf2-1cee8c8f8df8 ] Request (VolumesAdminNegativeTest:test_update_attached_volume_with_nonexistent_volume_in_body): 200 GET http://10.180.1.21/compute/v2.1/servers/8adfe7b8-0e4d-45ca-9f64-b2ed33e85ec2 0.057s
2024-10-07 06:41:03.804 62265 INFO tempest.lib.common.rest_client [req-d7bb9fd0-8e72-43e8-ab23-34c3bbb4e7ce req-d7bb9fd0-8e72-43e8-ab23-34c3bbb4e7ce ] Request (ServerMetadataTestJSON:tearDownClass): 204 DELETE http://10.180.1.21:9696/networking/v2.0/security-groups/22cc3ac8-41ea-4e1a-ae5c-cc13b076459c 0.116s
2024-10-07 06:41:03.807 62259 INFO tempest.lib.common.rest_client [req-a07bb267-9a54-467f-abb6-a97cab717c81 req-a07bb267-9a54-467f-abb6-a97cab717c81 ] Request (ImagesTestJSON:test_create_server_from_snapshot): 200 GET http://10.180.1.21/compute/v2.1/servers/eaa61f81-2f9b-4d1c-bab8-4363fb71e936 0.061s
2024-10-07 06:41:03.833 62239 INFO tempest.lib.common.rest_client [req-fa9de5fd-358b-4155-bd89-bd9fe0f8ea1b req-fa9de5fd-358b-4155-bd89-bd9fe0f8ea1b ] Request (InstanceActionsTestJSON:setUpClass): 200 GET http://10.180.1.21/compute/v2.1/servers/35e41d19-8f1c-496d-9712-a1ac3c787c3b 0.047s
2024-10-07 06:41:03.862 62285 INFO tempest.lib.common.rest_client [req-aeaf998d-b92c-4775-a5e5-aa44904ec5c5 req-aeaf998d-b92c-4775-a5e5-aa44904ec5c5 ] Request (ServerAddressesNegativeTestJSON:setUpClass): 200 GET http://10.180.1.21/compute/v2.1/servers/8438d2a7-975c-4d1f-8906-f960bfadfe39 0.045s
2024-10-07 06:41:03.880 62265 INFO tempest.lib.common.rest_client [req-b250b14e-edef-4766-b18a-2b12ee61880a req-b250b14e-edef-4766-b18a-2b12ee61880a ] Request (ServerMetadataTestJSON:tearDownClass): 204 DELETE http://10.180.1.21/identity/v3/projects/5b11c088c3c4448283e1f35c1370a8e6 0.076s
2024-10-07 06:41:03.883 62265 INFO tempest.test [-] raised in ServerPersonalityTestJSON.setUpClass. Invoking tearDownClass.
2024-10-07 06:41:03.897 62271 INFO tempest.lib.common.rest_client [req-cfa77c1d-99bb-402f-b30a-cda87b8f3f6c req-cfa77c1d-99bb-402f-b30a-cda87b8f3f6c ] Request (ServerActionsTestJSON:setUpClass): 200 GET http://10.180.1.21/compute/v2.1/servers/b632a5d1-62b1-44b1-a82a-b1e761e0c4b8 0.045s
2024-10-07 06:41:03.913 62273 INFO tempest.lib.common.rest_client [req-67d34252-823e-4ae2-adc6-2eeaf5863295 req-67d34252-823e-4ae2-adc6-2eeaf5863295 ] Request (ServerDiskConfigTestJSON:test_rebuild_server_with_manual_disk_config): 200 GET http://10.180.1.21/compute/v2.1/servers/6f20dd8e-9289-458d-bed6-f2ef9daaa917 0.044s
2024-10-07 06:41:04.020 62227 INFO tempest.lib.common.rest_client [req-3b39c44d-d761-47de-8977-8191b1feb977 req-3b39c44d-d761-47de-8977-8191b1feb977 ] Request (AttachInterfacesV270Test:test_create_get_list_interfaces): 200 GET http://10.180.1.21/compute/v2.1/servers/9f8b9aca-420f-4314-a466-0d6f3d191377 0.053s
2024-10-07 06:41:04.051 62279 INFO tempest.lib.common.rest_client [req-d0238e57-0293-4ea7-81df-841cd49f20a8 req-d0238e57-0293-4ea7-81df-841cd49f20a8 ] Request (AttachInterfacesUnderV243Test:test_add_remove_fixed_ip): 200 GET http://10.180.1.21/compute/v2.1/servers/55102fef-de7c-4505-a192-39568e08c096 0.044s
2024-10-07 06:41:04.095 62237 INFO tempest.lib.common.rest_client [req-a5c59703-2003-4844-bfef-f4d71d29b381 req-a5c59703-2003-4844-bfef-f4d71d29b381 ] Request (ServersTestManualDisk:setUpClass): 200 GET http://10.180.1.21/compute/v2.1/servers/dd239b21-fdb2-48fb-acf4-18242a98cd1f 0.043s
2024-10-07 06:41:04.307 62253 INFO tempest.lib.common.rest_client [req-1fb17e23-9127-4262-a0f2-4a5335b6383c req-1fb17e23-9127-4262-a0f2-4a5335b6383c ] Request (AttachInterfacesTestJSON:test_create_list_show_delete_interfaces_by_network_port): 200 GET http://10.180.1.21/compute/v2.1/servers/977799b4-2793-4513-9447-483146fc7ac4 0.056s
2024-10-07 06:41:04.309 62251 INFO tempest.lib.common.rest_client [req-88b65608-d90a-466a-bc94-fc5b098dbbcd req-88b65608-d90a-466a-bc94-fc5b098dbbcd ] Request (ServerTagsTestJSON:setUpClass): 200 GET http://10.180.1.21/compute/v2.1/servers/6c62a1e9-d60c-4720-a554-951bea4b2e18 0.054s
2024-10-07 06:41:04.355 62241 INFO tempest.lib.common.rest_client [req-e4c5c263-ad67-4ed1-92a5-38b94f5843cb req-e4c5c263-ad67-4ed1-92a5-38b94f5843cb ] Request (MigrationsAdminTest:test_resize_server_revert_deleted_flavor): 200 GET http://10.180.1.21/compute/v2.1/servers/40de5f22-0de2-466a-91ab-dcb6ec586dad 0.049s
2024-10-07 06:41:04.360 62221 INFO tempest.lib.common.rest_client [req-98d1bddb-7a60-45f9-9c42-56227afdc289 req-98d1bddb-7a60-45f9-9c42-56227afdc289 ] Request (ImagesOneServerNegativeTestJSON:setUpClass): 200 GET http://10.180.1.21/compute/v2.1/servers/c1a6ffac-99bd-492c-99e5-f7c46b352d8e 0.048s
2024-10-07 06:41:04.428 62261 INFO tempest.lib.common.rest_client [req-5a3ab7b5-bc54-43ce-a3ed-75b7da10f79c req-5a3ab7b5-bc54-43ce-a3ed-75b7da10f79c ] Request (ServersAdminNegativeTestJSON:setUpClass): 200 GET http://10.180.1.21/compute/v2.1/servers/6e0697d4-d862-497c-9bdd-dd1ef2d4272b 0.053s
2024-10-07 06:41:04.429 62250 INFO tempest.lib.common.rest_client [req-4249a414-fd75-4cb4-b6ff-0d0973526df0 req-4249a414-fd75-4cb4-b6ff-0d0973526df0 ] Request (ServersAdminTestJSON:setUpClass): 200 GET http://10.180.1.21/compute/v2.1/servers/aa800cea-6c7c-48ce-bfc6-a00f2f4cff7d 0.048s
2024-10-07 06:41:04.488 62275 INFO tempest.lib.common.rest_client [req-1959ee79-868e-42d9-b9e0-cb91c75c732b req-1959ee79-868e-42d9-b9e0-cb91c75c732b ] Request (AttachVolumeTestJSON:test_attach_detach_volume): 200 GET http://10.180.1.21/compute/v2.1/servers/198f36d0-8be4-4885-9c0b-e85d6a0cbb22 0.049s
2024-10-07 06:41:04.489 62247 INFO tempest.lib.common.rest_client [req-57f12d17-787d-4e41-84e0-9842d41b3bbe req-57f12d17-787d-4e41-84e0-9842d41b3bbe ] Request (ServerExternalEventsTest:test_create_server_external_events): 200 GET http://10.180.1.21/compute/v2.1/servers/4fa110e0-7235-4d62-a68b-c727b4a79908 0.049s
2024-10-07 06:41:04.547 62277 INFO tempest.lib.common.rest_client [req-bcf3b2ad-94b5-4504-9be4-47438f10b173 req-bcf3b2ad-94b5-4504-9be4-47438f10b173 ] Request (SecurityGroupsTestJSON:test_server_security_groups): 200 GET http://10.180.1.21/compute/v2.1/servers/77f4d9bd-c758-44c3-a17c-1efa8c395eb1 0.049s
2024-10-07 06:41:04.552 62257 INFO tempest.lib.common.rest_client [req-d0e89fb8-a8f4-49df-8888-1c402dca21eb req-d0e89fb8-a8f4-49df-8888-1c402dca21eb ] Request (ServerDiagnosticsNegativeTest:test_get_server_diagnostics_by_non_admin): 200 GET http://10.180.1.21/compute/v2.1/servers/bf115dff-5440-41ba-9689-6337f63dedeb 0.053s
2024-10-07 06:41:04.614 62256 INFO tempest.lib.common.rest_client [req-9b70db80-b8cd-4dd3-814e-b41527dc26c0 req-9b70db80-b8cd-4dd3-814e-b41527dc26c0 ] Request (ServersTestFqdnHostnames:test_create_server_with_fqdn_name): 200 GET http://10.180.1.21/compute/v2.1/servers/cbdf7e34-57f9-4456-8cc7-f09c15e0f965 0.055s
2024-10-07 06:41:04.623 62267 INFO tempest.lib.common.rest_client [req-6d693560-b0b3-45bc-ac20-9d96166cfb04 req-6d693560-b0b3-45bc-ac20-9d96166cfb04 ] Request (ServersV294TestFqdnHostnames:setUpClass): 200 GET http://10.180.1.21/compute/v2.1/servers/a2c58c0a-785b-42a2-9960-0b3e4ff86d96 0.064s
2024-10-07 06:41:04.678 62233 INFO tempest.lib.common.rest_client [req-aa21779d-5014-4831-ba32-f7fa33f11a2c req-aa21779d-5014-4831-ba32-f7fa33f11a2c ] Request (ServersTestJSON:setUpClass): 200 GET http://10.180.1.21/compute/v2.1/servers/7e5fadf3-dd41-402c-9878-2d11295203ac 0.075s
2024-10-07 06:41:04.687 62281 INFO tempest.lib.common.rest_client [req-4e60f44e-5b87-43f6-a7b6-4002a3557d34 req-4e60f44e-5b87-43f6-a7b6-4002a3557d34 ] Request (MultipleCreateTestJSON:test_multiple_create): 200 GET http://10.180.1.21/compute/v2.1/servers/2377b482-52e7-4054-8d5b-8f00587c3371 0.054s
2024-10-07 06:41:04.740 62223 INFO tempest.lib.common.rest_client [req-a1714f0d-3443-4d06-b6c9-5d98461038f6 req-a1714f0d-3443-4d06-b6c9-5d98461038f6 ] Request (TenantUsagesTestJSON:setUpClass): 200 GET http://10.180.1.21/compute/v2.1/servers/4bb588b3-c5e1-4619-b77b-6734d6516170 0.052s
2024-10-07 06:41:04.741 62229 INFO tempest.lib.common.rest_client [req-0b5f5f68-e42f-44c5-a188-644904a3edb2 req-0b5f5f68-e42f-44c5-a188-644904a3edb2 ] Request (FloatingIPsAssociationNegativeTestJSON:setUpClass): 200 GET http://10.180.1.21/compute/v2.1/servers/ce09db77-1eac-4228-a4f8-228a3b7e69d9 0.049s
2024-10-07 06:41:04.818 62263 INFO tempest.lib.common.rest_client [req-86a52853-fda1-46d0-8e79-f665f6f41503 req-86a52853-fda1-46d0-8e79-f665f6f41503 ] Request (ListServerFiltersTestJSON:setUpClass): 200 GET http://10.180.1.21/compute/v2.1/servers/213957b6-77a4-48fe-8bf5-f03bb67510c6 0.052s
2024-10-07 06:41:04.819 62225 INFO tempest.lib.common.rest_client [req-b32c48e8-8d6f-4ddd-8555-5b4cc3b2a8b1 req-b32c48e8-8d6f-4ddd-8555-5b4cc3b2a8b1 ] Request (VolumesAdminNegativeTest:test_update_attached_volume_with_nonexistent_volume_in_body): 200 GET http://10.180.1.21/compute/v2.1/servers/8adfe7b8-0e4d-45ca-9f64-b2ed33e85ec2 0.052s
2024-10-07 06:41:04.861 62259 INFO tempest.lib.common.rest_client [req-fb063179-db75-4528-8375-be174a2e389b req-fb063179-db75-4528-8375-be174a2e389b ] Request (ImagesTestJSON:test_create_server_from_snapshot): 200 GET http://10.180.1.21/compute/v2.1/servers/eaa61f81-2f9b-4d1c-bab8-4363fb71e936 0.047s
2024-10-07 06:41:04.886 62239 INFO tempest.lib.common.rest_client [req-8f9127b7-fdaf-47dc-ad03-085086d7e955 req-8f9127b7-fdaf-47dc-ad03-085086d7e955 ] Request (InstanceActionsTestJSON:setUpClass): 200 GET http://10.180.1.21/compute/v2.1/servers/35e41d19-8f1c-496d-9712-a1ac3c787c3b 0.045s
2024-10-07 06:41:04.892 62239 INFO tempest.common.waiters [-] State transition "BUILD/spawning" ==> "BUILD/scheduling" after 75 second wait
2024-10-07 06:41:04.912 62285 INFO tempest.lib.common.rest_client [req-c00e20db-cc47-4c5a-a7d5-c05e1d88a5bd req-c00e20db-cc47-4c5a-a7d5-c05e1d88a5bd ] Request (ServerAddressesNegativeTestJSON:setUpClass): 200 GET http://10.180.1.21/compute/v2.1/servers/8438d2a7-975c-4d1f-8906-f960bfadfe39 0.043s
2024-10-07 06:41:04.947 62271 INFO tempest.lib.common.rest_client [req-b3ef2190-7517-4f63-8791-77d87fd37a61 req-b3ef2190-7517-4f63-8791-77d87fd37a61 ] Request (ServerActionsTestJSON:setUpClass): 200 GET http://10.180.1.21/compute/v2.1/servers/b632a5d1-62b1-44b1-a82a-b1e761e0c4b8 0.043s
2024-10-07 06:41:04.961 62273 INFO tempest.lib.common.rest_client [req-3272b997-a140-42b2-8cbe-90b9cec4d746 req-3272b997-a140-42b2-8cbe-90b9cec4d746 ] Request (ServerDiskConfigTestJSON:test_rebuild_server_with_manual_disk_config): 200 GET http://10.180.1.21/compute/v2.1/servers/6f20dd8e-9289-458d-bed6-f2ef9daaa917 0.041s
2024-10-07 06:41:05.077 62227 INFO tempest.lib.common.rest_client [req-9fe9819c-27b5-42af-afb6-b4fc4461a606 req-9fe9819c-27b5-42af-afb6-b4fc4461a606 ] Request (AttachInterfacesV270Test:test_create_get_list_interfaces): 200 GET http://10.180.1.21/compute/v2.1/servers/9f8b9aca-420f-4314-a466-0d6f3d191377 0.048s
2024-10-07 06:41:05.103 62279 INFO tempest.lib.common.rest_client [req-5776d7ce-0440-4796-9e44-6c8ece6eb134 req-5776d7ce-0440-4796-9e44-6c8ece6eb134 ] Request (AttachInterfacesUnderV243Test:test_add_remove_fixed_ip): 200 GET http://10.180.1.21/compute/v2.1/servers/55102fef-de7c-4505-a192-39568e08c096 0.045s
2024-10-07 06:41:05.145 62237 INFO tempest.lib.common.rest_client [req-2f7af8f6-9516-46e7-bd19-9d7cb5ddcbb6 req-2f7af8f6-9516-46e7-bd19-9d7cb5ddcbb6 ] Request (ServersTestManualDisk:setUpClass): 200 GET http://10.180.1.21/compute/v2.1/servers/dd239b21-fdb2-48fb-acf4-18242a98cd1f 0.043s
2024-10-07 06:41:05.369 62253 INFO tempest.lib.common.rest_client [req-b3e827aa-b5dd-4119-84e3-aa93402f7489 req-b3e827aa-b5dd-4119-84e3-aa93402f7489 ] Request (AttachInterfacesTestJSON:test_create_list_show_delete_interfaces_by_network_port): 200 GET http://10.180.1.21/compute/v2.1/servers/977799b4-2793-4513-9447-483146fc7ac4 0.055s
2024-10-07 06:41:05.375 62251 INFO tempest.lib.common.rest_client [req-fcd5e78a-d9e1-42e9-a442-971c5b77175c req-fcd5e78a-d9e1-42e9-a442-971c5b77175c ] Request (ServerTagsTestJSON:setUpClass): 200 GET http://10.180.1.21/compute/v2.1/servers/6c62a1e9-d60c-4720-a554-951bea4b2e18 0.058s
2024-10-07 06:41:05.417 62241 INFO tempest.lib.common.rest_client [req-93e86f82-646d-43e6-b8a8-08afe67d7b6e req-93e86f82-646d-43e6-b8a8-08afe67d7b6e ] Request (MigrationsAdminTest:test_resize_server_revert_deleted_flavor): 200 GET http://10.180.1.21/compute/v2.1/servers/40de5f22-0de2-466a-91ab-dcb6ec586dad 0.055s
2024-10-07 06:41:05.422 62221 INFO tempest.lib.common.rest_client [req-03abe6db-4b46-43fb-8d61-74a08f9fac26 req-03abe6db-4b46-43fb-8d61-74a08f9fac26 ] Request (ImagesOneServerNegativeTestJSON:setUpClass): 200 GET http://10.180.1.21/compute/v2.1/servers/c1a6ffac-99bd-492c-99e5-f7c46b352d8e 0.055s
2024-10-07 06:41:05.488 62250 INFO tempest.lib.common.rest_client [req-47099f7e-f80c-480a-ab2c-b884f579ff34 req-47099f7e-f80c-480a-ab2c-b884f579ff34 ] Request (ServersAdminTestJSON:setUpClass): 200 GET http://10.180.1.21/compute/v2.1/servers/aa800cea-6c7c-48ce-bfc6-a00f2f4cff7d 0.052s
2024-10-07 06:41:05.490 62261 INFO tempest.lib.common.rest_client [req-22c66fad-fb68-45e1-9343-a38e2a44ee06 req-22c66fad-fb68-45e1-9343-a38e2a44ee06 ] Request (ServersAdminNegativeTestJSON:setUpClass): 200 GET http://10.180.1.21/compute/v2.1/servers/6e0697d4-d862-497c-9bdd-dd1ef2d4272b 0.055s
2024-10-07 06:41:05.546 62247 INFO tempest.lib.common.rest_client [req-9f9b66ea-1aa9-4f16-833f-a83a0bbb4d7b req-9f9b66ea-1aa9-4f16-833f-a83a0bbb4d7b ] Request (ServerExternalEventsTest:test_create_server_external_events): 200 GET http://10.180.1.21/compute/v2.1/servers/4fa110e0-7235-4d62-a68b-c727b4a79908 0.050s
2024-10-07 06:41:05.547 62275 INFO tempest.lib.common.rest_client [req-2647677e-b698-4878-a3b2-412c53a858a5 req-2647677e-b698-4878-a3b2-412c53a858a5 ] Request (AttachVolumeTestJSON:test_attach_detach_volume): 200 GET http://10.180.1.21/compute/v2.1/servers/198f36d0-8be4-4885-9c0b-e85d6a0cbb22 0.053s
2024-10-07 06:41:05.597 62277 INFO tempest.lib.common.rest_client [req-fc6a0093-03aa-41a4-8c6e-a69d025ea45d req-fc6a0093-03aa-41a4-8c6e-a69d025ea45d ] Request (SecurityGroupsTestJSON:test_server_security_groups): 200 GET http://10.180.1.21/compute/v2.1/servers/77f4d9bd-c758-44c3-a17c-1efa8c395eb1 0.043s
2024-10-07 06:41:05.607 62257 INFO tempest.lib.common.rest_client [req-b62f3a94-a29f-438b-87d3-a519b594c3bd req-b62f3a94-a29f-438b-87d3-a519b594c3bd ] Request (ServerDiagnosticsNegativeTest:test_get_server_diagnostics_by_non_admin): 200 GET http://10.180.1.21/compute/v2.1/servers/bf115dff-5440-41ba-9689-6337f63dedeb 0.048s
2024-10-07 06:41:05.668 62256 INFO tempest.lib.common.rest_client [req-4b35bc96-2596-4eb1-8e48-4e7177b57417 req-4b35bc96-2596-4eb1-8e48-4e7177b57417 ] Request (ServersTestFqdnHostnames:test_create_server_with_fqdn_name): 200 GET http://10.180.1.21/compute/v2.1/servers/cbdf7e34-57f9-4456-8cc7-f09c15e0f965 0.044s
2024-10-07 06:41:05.683 62267 INFO tempest.lib.common.rest_client [req-31df080f-07e1-4aef-8d97-3ba03f772b78 req-31df080f-07e1-4aef-8d97-3ba03f772b78 ] Request (ServersV294TestFqdnHostnames:setUpClass): 200 GET http://10.180.1.21/compute/v2.1/servers/a2c58c0a-785b-42a2-9960-0b3e4ff86d96 0.048s
2024-10-07 06:41:05.731 62233 INFO tempest.lib.common.rest_client [req-cf1108f2-6627-4e6f-9c9a-c71d135f52ce req-cf1108f2-6627-4e6f-9c9a-c71d135f52ce ] Request (ServersTestJSON:setUpClass): 200 GET http://10.180.1.21/compute/v2.1/servers/7e5fadf3-dd41-402c-9878-2d11295203ac 0.046s
2024-10-07 06:41:05.742 62281 INFO tempest.lib.common.rest_client [req-fa1118c7-474f-4af2-a7fc-37f10af7899f req-fa1118c7-474f-4af2-a7fc-37f10af7899f ] Request (MultipleCreateTestJSON:test_multiple_create): 200 GET http://10.180.1.21/compute/v2.1/servers/2377b482-52e7-4054-8d5b-8f00587c3371 0.047s
2024-10-07 06:41:05.795 62229 INFO tempest.lib.common.rest_client [req-89fcc381-2ad5-479e-b9e2-e7d22e08a87b req-89fcc381-2ad5-479e-b9e2-e7d22e08a87b ] Request (FloatingIPsAssociationNegativeTestJSON:setUpClass): 200 GET http://10.180.1.21/compute/v2.1/servers/ce09db77-1eac-4228-a4f8-228a3b7e69d9 0.047s
