2024-10-07 06:40:36.238 62265 INFO tempest.lib.common.rest_client [req-0ed5f036-7e9f-463d-8620-0a6c19f73efe req-0ed5f036-7e9f-463d-8620-0a6c19f73efe ] Request (ServerMetadataTestJSON:setUpClass): 200 GET http://10.180.1.21/compute/v2.1/servers/f70adc74-3b24-434a-829a-13274bae40b1 0.150s
2024-10-07 06:40:36.249 62265 INFO tempest.common.waiters [-] State transition "BUILD/block_device_mapping" ==> "BUILD/spawning" after 49 second wait
2024-10-07 06:40:36.287 62273 INFO tempest.lib.common.rest_client [req-3ec10960-01d4-4553-98bd-4a7897c8a8a3 req-3ec10960-01d4-4553-98bd-4a7897c8a8a3 ] Request (ServerDiskConfigTestJSON:test_rebuild_server_with_auto_disk_config): 200 GET http://10.180.1.21/compute/v2.1/servers/236ecde7-1250-4ce1-837c-8266b95dd513 0.124s
2024-10-07 06:40:36.301 62267 INFO tempest.lib.common.rest_client [req-6ecb6e5f-7eb9-4e26-8c2e-4aeb8295d42e req-6ecb6e5f-7eb9-4e26-8c2e-4aeb8295d42e ] Request (ServersV294TestFqdnHostnames:setUpClass): 200 GET http://10.180.1.21/compute/v2.1/servers/a2c58c0a-785b-42a2-9960-0b3e4ff86d96 0.071s
2024-10-07 06:40:36.340 62257 INFO tempest.lib.common.rest_client [req-d3863efa-c429-4a4f-9204-769b7267482d req-d3863efa-c429-4a4f-9204-769b7267482d ] Request (ServerDiagnosticsNegativeTest:test_get_server_diagnostics_by_non_admin): 200 GET http://10.180.1.21/compute/v2.1/servers/bf115dff-5440-41ba-9689-6337f63dedeb 0.082s
2024-10-07 06:40:36.363 62256 INFO tempest.lib.common.rest_client [req-204e742e-e63c-4a77-b578-b94b3c4ade63 req-204e742e-e63c-4a77-b578-b94b3c4ade63 ] Request (ServersTestFqdnHostnames:test_create_server_with_fqdn_name): 200 GET http://10.180.1.21/compute/v2.1/servers/cbdf7e34-57f9-4456-8cc7-f09c15e0f965 0.089s
2024-10-07 06:40:36.419 62277 INFO tempest.lib.common.rest_client [req-fea51a4e-b535-4f1f-a96b-ed5a085d5d66 req-fea51a4e-b535-4f1f-a96b-ed5a085d5d66 ] Request (SecurityGroupsTestJSON:test_server_security_groups): 200 GET http://10.180.1.21/compute/v2.1/servers/77f4d9bd-c758-44c3-a17c-1efa8c395eb1 0.048s
2024-10-07 06:40:36.442 62281 INFO tempest.lib.common.rest_client [req-3d115a24-fd63-4842-8516-e1a396669325 req-3d115a24-fd63-4842-8516-e1a396669325 ] Request (MultipleCreateTestJSON:test_multiple_create): 200 GET http://10.180.1.21/compute/v2.1/servers/2377b482-52e7-4054-8d5b-8f00587c3371 0.057s
2024-10-07 06:40:36.471 62233 INFO tempest.lib.common.rest_client [req-991d2bd9-cdb3-4414-b71d-e24ec8b0157c req-991d2bd9-cdb3-4414-b71d-e24ec8b0157c ] Request (ServersTestJSON:setUpClass): 200 GET http://10.180.1.21/compute/v2.1/servers/7e5fadf3-dd41-402c-9878-2d11295203ac 0.052s
2024-10-07 06:40:36.495 62259 INFO tempest.lib.common.rest_client [req-e76b886c-3a03-47b4-b724-861f2db1ffea req-e76b886c-3a03-47b4-b724-861f2db1ffea ] Request (ImagesTestJSON:test_create_image_from_suspended_server): 200 GET http://10.180.1.21/compute/v2.1/servers/10568cfc-3634-47d7-96d6-893c4fe01282 0.057s
2024-10-07 06:40:36.602 62223 INFO tempest.lib.common.rest_client [req-f32acf97-bd20-4305-ad91-68e140cd59e9 req-f32acf97-bd20-4305-ad91-68e140cd59e9 ] Request (TenantUsagesTestJSON:setUpClass): 200 GET http://10.180.1.21/compute/v2.1/servers/4bb588b3-c5e1-4619-b77b-6734d6516170 0.084s
2024-10-07 06:40:36.607 62263 INFO tempest.lib.common.rest_client [req-6e0a391d-0b0e-4d0d-b52d-9f69776d15f2 req-6e0a391d-0b0e-4d0d-b52d-9f69776d15f2 ] Request (ListServerFiltersTestJSON:setUpClass): 200 GET http://10.180.1.21/compute/v2.1/servers/213957b6-77a4-48fe-8bf5-f03bb67510c6 0.090s
2024-10-07 06:40:36.666 62227 INFO tempest.lib.common.rest_client [req-e0119608-a787-4467-8d6d-283307b67fac req-e0119608-a787-4467-8d6d-283307b67fac ] Request (AttachInterfacesV270Test:test_create_get_list_interfaces): 200 GET http://10.180.1.21/compute/v2.1/servers/9f8b9aca-420f-4314-a466-0d6f3d191377 0.076s
2024-10-07 06:40:36.679 62239 INFO tempest.lib.common.rest_client [req-02a992ff-1de6-46ae-87ef-52cba1bd2be3 req-02a992ff-1de6-46ae-87ef-52cba1bd2be3 ] Request (InstanceActionsTestJSON:setUpClass): 200 GET http://10.180.1.21/compute/v2.1/servers/35e41d19-8f1c-496d-9712-a1ac3c787c3b 0.084s
2024-10-07 06:40:36.717 62225 INFO tempest.lib.common.rest_client [req-7414cd3b-6798-43e8-ac04-f482b79f21e2 req-7414cd3b-6798-43e8-ac04-f482b79f21e2 ] Request (VolumesAdminNegativeTest:test_update_attached_volume_with_nonexistent_volume_in_body): 200 GET http://10.180.1.21/compute/v2.1/servers/8adfe7b8-0e4d-45ca-9f64-b2ed33e85ec2 0.067s
2024-10-07 06:40:36.731 62271 INFO tempest.lib.common.rest_client [req-6e149518-8589-4c47-b5f1-cb8f481b66a5 req-6e149518-8589-4c47-b5f1-cb8f481b66a5 ] Request (ServerActionsTestJSON:setUpClass): 200 GET http://10.180.1.21/compute/v2.1/servers/b632a5d1-62b1-44b1-a82a-b1e761e0c4b8 0.067s
2024-10-07 06:40:36.762 62241 INFO tempest.lib.common.rest_client [req-fba90d26-d969-432a-929c-ff536dff339f req-fba90d26-d969-432a-929c-ff536dff339f ] Request (MigrationsAdminTest:test_resize_server_revert_deleted_flavor): 200 GET http://10.180.1.21/compute/v2.1/servers/40de5f22-0de2-466a-91ab-dcb6ec586dad 0.051s
2024-10-07 06:40:36.771 62229 INFO tempest.lib.common.rest_client [req-409c300f-ad6d-4a21-82c4-113ad04d9a85 req-409c300f-ad6d-4a21-82c4-113ad04d9a85 ] Request (FloatingIPsAssociationNegativeTestJSON:setUpClass): 200 PUT http://10.180.1.21:9696/networking/v2.0/routers/91637e7d-d5cf-4477-951d-7b2aaf5e9d3b/add_router_interface 1.522s
2024-10-07 06:40:36.771 62229 INFO tempest.lib.common.dynamic_creds [-] Created isolated network resources for: credentials: Credentials: {'domain_id': 'default', 'domain_name': 'Default', 'username': 'tempest-FloatingIPsAssociationNegativeTestJSON-1189278625-project-member', 'project_domain_id': 'default', 'project_domain_name': 'Default', 'project_id': '5b5abb4c676745be8d77ad83e7e0a9ab', 'project_name': 'tempest-FloatingIPsAssociationNegativeTestJSON-1189278625', 'tenant_id': '5b5abb4c676745be8d77ad83e7e0a9ab', 'tenant_name': 'tempest-FloatingIPsAssociationNegativeTestJSON-1189278625', 'user_domain_id': 'default', 'user_domain_name': 'Default', 'user_id': 'd541ca28165c499285d0683ee82ea3a7', 'system': None}, Network: {'id': 'c15ae3c7-4631-4c01-9027-64898fd0163c', 'name': 'tempest-FloatingIPsAssociationNegativeTestJSON-1866800563-network', 'tenant_id': '5b5abb4c676745be8d77ad83e7e0a9ab', 'admin_state_up': True, 'mtu': 8950, 'status': 'ACTIVE', 'subnets': [], 'shared': False, 'project_id': '5b5abb4c676745be8d77ad83e7e0a9ab', 'port_security_enabled': True, 'router:external': False, 'provider:network_type': 'vlan', 'provider:physical_network': 'default', 'provider:segmentation_id': 803, 'is_default': False, 'availability_zone_hints': [], 'availability_zones': [], 'ipv4_address_scope': None, 'ipv6_address_scope': None, 'description': '', 'tags': [], 'created_at': '2024-10-07T06:40:33Z', 'updated_at': '2024-10-07T06:40:33Z', 'revision_number': 1}, Subnet: {'id': 'e1399c83-a616-4cc9-b9cd-3f87251f1189', 'name': 'tempest-FloatingIPsAssociationNegativeTestJSON-1866800563-subnet', 'tenant_id': '5b5abb4c676745be8d77ad83e7e0a9ab', 'network_id': 'c15ae3c7-4631-4c01-9027-64898fd0163c', 'ip_version': 4, 'subnetpool_id': None, 'enable_dhcp': True, 'ipv6_ra_mode': None, 'ipv6_address_mode': None, 'gateway_ip': '192.168.128.1', 'cidr': '192.168.128.0/28', 'allocation_pools': [{'start': '192.168.128.2', 'end': '192.168.128.14'}], 'host_routes': [], 'dns_nameservers': [], 'description': '', 'router:external': False, 'service_types': [], 'tags': [], 'created_at': '2024-10-07T06:40:33Z', 'updated_at': '2024-10-07T06:40:33Z', 'revision_number': 0, 'project_id': '5b5abb4c676745be8d77ad83e7e0a9ab'}, Router: {'id': '91637e7d-d5cf-4477-951d-7b2aaf5e9d3b', 'name': 'tempest-FloatingIPsAssociationNegativeTestJSON-1866800563-router', 'tenant_id': '5b5abb4c676745be8d77ad83e7e0a9ab', 'admin_state_up': True, 'status': 'ACTIVE', 'external_gateway_info': {'network_id': 'f8312395-786d-45a4-932a-5f61f5d0a781', 'external_fixed_ips': [{'subnet_id': '24bb967a-6ff8-4021-ab78-319855b908ab', 'ip_address': '10.180.180.145'}], 'enable_snat': True}, 'description': '', 'availability_zones': [], 'distributed': False, 'ha': False, 'availability_zone_hints': [], 'routes': [], 'flavor_id': None, 'tags': [], 'created_at': '2024-10-07T06:40:34Z', 'updated_at': '2024-10-07T06:40:34Z', 'revision_number': 2, 'project_id': '5b5abb4c676745be8d77ad83e7e0a9ab'}
2024-10-07 06:40:36.858 62285 INFO tempest.lib.common.rest_client [req-871da897-b503-448c-9a83-e5b2a6b60df1 req-871da897-b503-448c-9a83-e5b2a6b60df1 ] Request (ServerAddressesTestJSON:setUpClass): 200 GET http://10.180.1.21/compute/v2.1/servers/49d08e2b-1be4-4adb-98a8-98efad8eb7ff 0.061s
2024-10-07 06:40:36.863 62229 INFO tempest.lib.common.rest_client [req-e3fc27f0-a7b9-4e09-ad3d-02ded1c7e902 req-e3fc27f0-a7b9-4e09-ad3d-02ded1c7e902 ] Request (FloatingIPsAssociationNegativeTestJSON:setUpClass): 201 POST http://10.180.1.21/identity/v3/auth/tokens 0.089s
2024-10-07 06:40:36.871 62279 INFO tempest.lib.common.rest_client [req-f7b48231-2c2c-49c6-ab97-645c8b990c98 req-f7b48231-2c2c-49c6-ab97-645c8b990c98 ] Request (AttachInterfacesUnderV243Test:test_add_remove_fixed_ip): 200 GET http://10.180.1.21/compute/v2.1/servers/55102fef-de7c-4505-a192-39568e08c096 0.059s
2024-10-07 06:40:36.896 62229 INFO tempest.lib.common.rest_client [req-1e7a17e1-608a-4983-82fd-ecf5a1ea6df6 req-1e7a17e1-608a-4983-82fd-ecf5a1ea6df6 ] Request (FloatingIPsAssociationNegativeTestJSON:setUpClass): 201 POST http://10.180.1.21/identity/v3/auth/tokens 0.030s
2024-10-07 06:40:36.897 62229 INFO tempest.lib.common.fixed_network [-] (FloatingIPsAssociationNegativeTestJSON:setUpClass) Found network {'id': 'c15ae3c7-4631-4c01-9027-64898fd0163c', 'name': 'tempest-FloatingIPsAssociationNegativeTestJSON-1866800563-network', 'tenant_id': '5b5abb4c676745be8d77ad83e7e0a9ab', 'admin_state_up': True, 'mtu': 8950, 'status': 'ACTIVE', 'subnets': [], 'shared': False, 'project_id': '5b5abb4c676745be8d77ad83e7e0a9ab', 'port_security_enabled': True, 'router:external': False, 'provider:network_type': 'vlan', 'provider:physical_network': 'default', 'provider:segmentation_id': 803, 'is_default': False, 'availability_zone_hints': [], 'availability_zones': [], 'ipv4_address_scope': None, 'ipv6_address_scope': None, 'description': '', 'tags': [], 'created_at': '2024-10-07T06:40:33Z', 'updated_at': '2024-10-07T06:40:33Z', 'revision_number': 1} available for tenant
2024-10-07 06:40:36.941 62237 INFO tempest.lib.common.rest_client [req-450c6361-f441-480d-9e49-8c8b92a7b876 req-450c6361-f441-480d-9e49-8c8b92a7b876 ] Request (ServersTestManualDisk:setUpClass): 200 GET http://10.180.1.21/compute/v2.1/servers/dd239b21-fdb2-48fb-acf4-18242a98cd1f 0.058s
2024-10-07 06:40:36.943 62251 INFO tempest.lib.common.rest_client [req-3a58efe1-45cc-4a4b-8be2-81341e5a78b0 req-3a58efe1-45cc-4a4b-8be2-81341e5a78b0 ] Request (ServerTagsTestJSON:setUpClass): 200 GET http://10.180.1.21/compute/v2.1/servers/6c62a1e9-d60c-4720-a554-951bea4b2e18 0.058s
2024-10-07 06:40:36.987 62253 INFO tempest.lib.common.rest_client [req-4ca4a229-b2c8-4565-8789-6dece780576f req-4ca4a229-b2c8-4565-8789-6dece780576f ] Request (AttachInterfacesTestJSON:test_create_list_show_delete_interfaces_by_network_port): 200 GET http://10.180.1.21/compute/v2.1/servers/977799b4-2793-4513-9447-483146fc7ac4 0.048s
2024-10-07 06:40:37.034 62221 INFO tempest.lib.common.rest_client [req-e9ce00e6-e622-4f64-b33c-7a05853b404f req-e9ce00e6-e622-4f64-b33c-7a05853b404f ] Request (ImagesOneServerNegativeTestJSON:setUpClass): 200 GET http://10.180.1.21/compute/v2.1/servers/c1a6ffac-99bd-492c-99e5-f7c46b352d8e 0.082s
2024-10-07 06:40:37.086 62261 INFO tempest.lib.common.rest_client [req-f37b84d2-b6ff-4a3b-99eb-ca1b22084d99 req-f37b84d2-b6ff-4a3b-99eb-ca1b22084d99 ] Request (ServersAdminNegativeTestJSON:setUpClass): 200 GET http://10.180.1.21/compute/v2.1/servers/6e0697d4-d862-497c-9bdd-dd1ef2d4272b 0.088s
2024-10-07 06:40:37.302 62250 INFO tempest.lib.common.rest_client [req-0e6f0d80-9e9c-444f-81ce-5391d15ef879 req-0e6f0d80-9e9c-444f-81ce-5391d15ef879 ] Request (ServersAdminTestJSON:setUpClass): 200 GET http://10.180.1.21/compute/v2.1/servers/aa800cea-6c7c-48ce-bfc6-a00f2f4cff7d 0.255s
2024-10-07 06:40:37.359 62247 INFO tempest.lib.common.rest_client [req-16d2a85a-50ce-4270-953a-7a93e02d8224 req-16d2a85a-50ce-4270-953a-7a93e02d8224 ] Request (ServerExternalEventsTest:test_create_server_external_events): 200 GET http://10.180.1.21/compute/v2.1/servers/4fa110e0-7235-4d62-a68b-c727b4a79908 0.250s
2024-10-07 06:40:37.421 62275 INFO tempest.lib.common.rest_client [req-4ff8939f-8f75-4b7e-92af-2ab87494b1d3 req-4ff8939f-8f75-4b7e-92af-2ab87494b1d3 ] Request (AttachVolumeTestJSON:test_attach_detach_volume): 200 GET http://10.180.1.21/compute/v2.1/servers/198f36d0-8be4-4885-9c0b-e85d6a0cbb22 0.179s
2024-10-07 06:40:37.468 62265 INFO tempest.lib.common.rest_client [req-7a81743b-f328-4035-9f82-d543a8fedf33 req-7a81743b-f328-4035-9f82-d543a8fedf33 ] Request (ServerMetadataTestJSON:setUpClass): 200 GET http://10.180.1.21/compute/v2.1/servers/f70adc74-3b24-434a-829a-13274bae40b1 0.218s
2024-10-07 06:40:37.505 62229 INFO tempest.lib.common.rest_client [req-9f056bfb-d657-4701-b123-c5d30ddc11be req-9f056bfb-d657-4701-b123-c5d30ddc11be ] Request (FloatingIPsAssociationNegativeTestJSON:setUpClass): 202 POST http://10.180.1.21/compute/v2.1/servers 0.608s
2024-10-07 06:40:37.521 62273 INFO tempest.lib.common.rest_client [req-2becf06e-c3ef-4e03-89b1-96a499bc5845 req-2becf06e-c3ef-4e03-89b1-96a499bc5845 ] Request (ServerDiskConfigTestJSON:test_rebuild_server_with_auto_disk_config): 200 GET http://10.180.1.21/compute/v2.1/servers/236ecde7-1250-4ce1-837c-8266b95dd513 0.221s
2024-10-07 06:40:37.564 62267 INFO tempest.lib.common.rest_client [req-38e39e7a-0742-4f32-bb4e-6945ed4ceab7 req-38e39e7a-0742-4f32-bb4e-6945ed4ceab7 ] Request (ServersV294TestFqdnHostnames:setUpClass): 200 GET http://10.180.1.21/compute/v2.1/servers/a2c58c0a-785b-42a2-9960-0b3e4ff86d96 0.250s
2024-10-07 06:40:37.573 62257 INFO tempest.lib.common.rest_client [req-5c02eb87-489a-4d5d-ba34-a39b449d0b7b req-5c02eb87-489a-4d5d-ba34-a39b449d0b7b ] Request (ServerDiagnosticsNegativeTest:test_get_server_diagnostics_by_non_admin): 200 GET http://10.180.1.21/compute/v2.1/servers/bf115dff-5440-41ba-9689-6337f63dedeb 0.225s
2024-10-07 06:40:37.617 62256 INFO tempest.lib.common.rest_client [req-cf1b0345-a619-421c-9ba0-8ee34d265bab req-cf1b0345-a619-421c-9ba0-8ee34d265bab ] Request (ServersTestFqdnHostnames:test_create_server_with_fqdn_name): 200 GET http://10.180.1.21/compute/v2.1/servers/cbdf7e34-57f9-4456-8cc7-f09c15e0f965 0.246s
2024-10-07 06:40:37.627 62277 INFO tempest.lib.common.rest_client [req-8bbe13fe-e3e4-4922-a9a0-91b419defb36 req-8bbe13fe-e3e4-4922-a9a0-91b419defb36 ] Request (SecurityGroupsTestJSON:test_server_security_groups): 200 GET http://10.180.1.21/compute/v2.1/servers/77f4d9bd-c758-44c3-a17c-1efa8c395eb1 0.201s
2024-10-07 06:40:37.672 62281 INFO tempest.lib.common.rest_client [req-fd5f5380-ee22-4757-8015-39c4f042a649 req-fd5f5380-ee22-4757-8015-39c4f042a649 ] Request (MultipleCreateTestJSON:test_multiple_create): 200 GET http://10.180.1.21/compute/v2.1/servers/2377b482-52e7-4054-8d5b-8f00587c3371 0.222s
2024-10-07 06:40:37.682 62233 INFO tempest.lib.common.rest_client [req-18e74af5-d1b6-46cd-bc08-fcbc5e20a143 req-18e74af5-d1b6-46cd-bc08-fcbc5e20a143 ] Request (ServersTestJSON:setUpClass): 200 GET http://10.180.1.21/compute/v2.1/servers/7e5fadf3-dd41-402c-9878-2d11295203ac 0.205s
2024-10-07 06:40:37.713 62229 INFO tempest.lib.common.rest_client [req-4b324372-1d6b-4037-bad5-533773f89be4 req-4b324372-1d6b-4037-bad5-533773f89be4 ] Request (FloatingIPsAssociationNegativeTestJSON:setUpClass): 200 GET http://10.180.1.21/compute/v2.1/servers/ce09db77-1eac-4228-a4f8-228a3b7e69d9 0.205s
2024-10-07 06:40:37.729 62259 INFO tempest.lib.common.rest_client [req-82f3c13d-f20e-4f65-8257-824dd25e6a99 req-82f3c13d-f20e-4f65-8257-824dd25e6a99 ] Request (ImagesTestJSON:test_create_image_from_suspended_server): 200 GET http://10.180.1.21/compute/v2.1/servers/10568cfc-3634-47d7-96d6-893c4fe01282 0.221s
2024-10-07 06:40:37.756 62223 INFO tempest.lib.common.rest_client [req-851314b4-25a9-4e47-8bab-a8949b7f73d7 req-851314b4-25a9-4e47-8bab-a8949b7f73d7 ] Request (TenantUsagesTestJSON:setUpClass): 200 GET http://10.180.1.21/compute/v2.1/servers/4bb588b3-c5e1-4619-b77b-6734d6516170 0.145s
2024-10-07 06:40:37.771 62263 INFO tempest.lib.common.rest_client [req-5dbc9af7-a3e0-4ae1-8d6b-f73148e6c8a5 req-5dbc9af7-a3e0-4ae1-8d6b-f73148e6c8a5 ] Request (ListServerFiltersTestJSON:setUpClass): 200 GET http://10.180.1.21/compute/v2.1/servers/213957b6-77a4-48fe-8bf5-f03bb67510c6 0.154s
2024-10-07 06:40:37.806 62227 INFO tempest.lib.common.rest_client [req-01dbc38c-c5d7-46c8-800a-e3e04d35611a req-01dbc38c-c5d7-46c8-800a-e3e04d35611a ] Request (AttachInterfacesV270Test:test_create_get_list_interfaces): 200 GET http://10.180.1.21/compute/v2.1/servers/9f8b9aca-420f-4314-a466-0d6f3d191377 0.127s
2024-10-07 06:40:37.816 62239 INFO tempest.lib.common.rest_client [req-bec5c1d9-9a59-4f4b-a471-bf5761992ea7 req-bec5c1d9-9a59-4f4b-a471-bf5761992ea7 ] Request (InstanceActionsTestJSON:setUpClass): 200 GET http://10.180.1.21/compute/v2.1/servers/35e41d19-8f1c-496d-9712-a1ac3c787c3b 0.129s
2024-10-07 06:40:37.850 62225 INFO tempest.lib.common.rest_client [req-6389fea7-0be0-43cb-9048-fefe4a0981b2 req-6389fea7-0be0-43cb-9048-fefe4a0981b2 ] Request (VolumesAdminNegativeTest:test_update_attached_volume_with_nonexistent_volume_in_body): 200 GET http://10.180.1.21/compute/v2.1/servers/8adfe7b8-0e4d-45ca-9f64-b2ed33e85ec2 0.123s
2024-10-07 06:40:37.861 62271 INFO tempest.lib.common.rest_client [req-cfbd2431-9f5e-4781-96dd-6e520d4b937c req-cfbd2431-9f5e-4781-96dd-6e520d4b937c ] Request (ServerActionsTestJSON:setUpClass): 200 GET http://10.180.1.21/compute/v2.1/servers/b632a5d1-62b1-44b1-a82a-b1e761e0c4b8 0.122s
2024-10-07 06:40:37.890 62241 INFO tempest.lib.common.rest_client [req-7f88124c-457c-48ae-baf0-7042ff1a7ed2 req-7f88124c-457c-48ae-baf0-7042ff1a7ed2 ] Request (MigrationsAdminTest:test_resize_server_revert_deleted_flavor): 200 GET http://10.180.1.21/compute/v2.1/servers/40de5f22-0de2-466a-91ab-dcb6ec586dad 0.118s
2024-10-07 06:40:37.908 62285 INFO tempest.lib.common.rest_client [req-a4ff3e93-6c26-4d3e-8277-234d122fb546 req-a4ff3e93-6c26-4d3e-8277-234d122fb546 ] Request (ServerAddressesTestJSON:setUpClass): 200 GET http://10.180.1.21/compute/v2.1/servers/49d08e2b-1be4-4adb-98a8-98efad8eb7ff 0.042s
2024-10-07 06:40:37.935 62279 INFO tempest.lib.common.rest_client [req-8a19693b-ffdc-4c08-a2d1-a523c11d54c3 req-8a19693b-ffdc-4c08-a2d1-a523c11d54c3 ] Request (AttachInterfacesUnderV243Test:test_add_remove_fixed_ip): 200 GET http://10.180.1.21/compute/v2.1/servers/55102fef-de7c-4505-a192-39568e08c096 0.053s
2024-10-07 06:40:38.004 62237 INFO tempest.lib.common.rest_client [req-c69fbfff-c0f8-4f2b-86f9-b75b9546198f req-c69fbfff-c0f8-4f2b-86f9-b75b9546198f ] Request (ServersTestManualDisk:setUpClass): 200 GET http://10.180.1.21/compute/v2.1/servers/dd239b21-fdb2-48fb-acf4-18242a98cd1f 0.055s
2024-10-07 06:40:38.008 62251 INFO tempest.lib.common.rest_client [req-c13090a8-1d67-402e-9ed5-ad39d656aa14 req-c13090a8-1d67-402e-9ed5-ad39d656aa14 ] Request (ServerTagsTestJSON:setUpClass): 200 GET http://10.180.1.21/compute/v2.1/servers/6c62a1e9-d60c-4720-a554-951bea4b2e18 0.055s
2024-10-07 06:40:38.050 62253 INFO tempest.lib.common.rest_client [req-ec7a3eb5-076f-42de-a836-b00b257579e4 req-ec7a3eb5-076f-42de-a836-b00b257579e4 ] Request (AttachInterfacesTestJSON:test_create_list_show_delete_interfaces_by_network_port): 200 GET http://10.180.1.21/compute/v2.1/servers/977799b4-2793-4513-9447-483146fc7ac4 0.054s
2024-10-07 06:40:38.093 62221 INFO tempest.lib.common.rest_client [req-7085c669-2cfc-45ec-8095-56d53c171a4c req-7085c669-2cfc-45ec-8095-56d53c171a4c ] Request (ImagesOneServerNegativeTestJSON:setUpClass): 200 GET http://10.180.1.21/compute/v2.1/servers/c1a6ffac-99bd-492c-99e5-f7c46b352d8e 0.050s
2024-10-07 06:40:38.149 62261 INFO tempest.lib.common.rest_client [req-073bd5dc-2f45-455a-8ee0-a23a2ebd99c8 req-073bd5dc-2f45-455a-8ee0-a23a2ebd99c8 ] Request (ServersAdminNegativeTestJSON:setUpClass): 200 GET http://10.180.1.21/compute/v2.1/servers/6e0697d4-d862-497c-9bdd-dd1ef2d4272b 0.053s
2024-10-07 06:40:38.357 62250 INFO tempest.lib.common.rest_client [req-bd35893f-243b-4861-9071-f7bc3bb85946 req-bd35893f-243b-4861-9071-f7bc3bb85946 ] Request (ServersAdminTestJSON:setUpClass): 200 GET http://10.180.1.21/compute/v2.1/servers/aa800cea-6c7c-48ce-bfc6-a00f2f4cff7d 0.046s
2024-10-07 06:40:38.411 62247 INFO tempest.lib.common.rest_client [req-214943a6-7bab-4a06-a106-92f84320261e req-214943a6-7bab-4a06-a106-92f84320261e ] Request (ServerExternalEventsTest:test_create_server_external_events): 200 GET http://10.180.1.21/compute/v2.1/servers/4fa110e0-7235-4d62-a68b-c727b4a79908 0.045s
2024-10-07 06:40:38.472 62275 INFO tempest.lib.common.rest_client [req-c30566d7-78ad-420e-9244-a33a5fe27161 req-c30566d7-78ad-420e-9244-a33a5fe27161 ] Request (AttachVolumeTestJSON:test_attach_detach_volume): 200 GET http://10.180.1.21/compute/v2.1/servers/198f36d0-8be4-4885-9c0b-e85d6a0cbb22 0.045s
2024-10-07 06:40:38.523 62265 INFO tempest.lib.common.rest_client [req-7d27d8a6-57d5-4343-8790-16ce065459de req-7d27d8a6-57d5-4343-8790-16ce065459de ] Request (ServerMetadataTestJSON:setUpClass): 200 GET http://10.180.1.21/compute/v2.1/servers/f70adc74-3b24-434a-829a-13274bae40b1 0.047s
2024-10-07 06:40:38.576 62273 INFO tempest.lib.common.rest_client [req-0378b4be-37f8-4153-9a32-18c71dc0da02 req-0378b4be-37f8-4153-9a32-18c71dc0da02 ] Request (ServerDiskConfigTestJSON:test_rebuild_server_with_auto_disk_config): 200 GET http://10.180.1.21/compute/v2.1/servers/236ecde7-1250-4ce1-837c-8266b95dd513 0.044s
2024-10-07 06:40:38.639 62257 INFO tempest.lib.common.rest_client [req-c3c92abe-e45e-4345-b511-54634a98fbe2 req-c3c92abe-e45e-4345-b511-54634a98fbe2 ] Request (ServerDiagnosticsNegativeTest:test_get_server_diagnostics_by_non_admin): 200 GET http://10.180.1.21/compute/v2.1/servers/bf115dff-5440-41ba-9689-6337f63dedeb 0.057s
2024-10-07 06:40:38.642 62267 INFO tempest.lib.common.rest_client [req-a665536c-3b94-4338-9490-c67156fa8520 req-a665536c-3b94-4338-9490-c67156fa8520 ] Request (ServersV294TestFqdnHostnames:setUpClass): 200 GET http://10.180.1.21/compute/v2.1/servers/a2c58c0a-785b-42a2-9960-0b3e4ff86d96 0.065s
2024-10-07 06:40:38.686 62256 INFO tempest.lib.common.rest_client [req-3f976a47-eb42-4bab-ab4c-22e5703e8039 req-3f976a47-eb42-4bab-ab4c-22e5703e8039 ] Request (ServersTestFqdnHostnames:test_create_server_with_fqdn_name): 200 GET http://10.180.1.21/compute/v2.1/servers/cbdf7e34-57f9-4456-8cc7-f09c15e0f965 0.063s
2024-10-07 06:40:38.693 62277 INFO tempest.lib.common.rest_client [req-91377030-38c8-4da5-8903-68bca2d9273f req-91377030-38c8-4da5-8903-68bca2d9273f ] Request (SecurityGroupsTestJSON:test_server_security_groups): 200 GET http://10.180.1.21/compute/v2.1/servers/77f4d9bd-c758-44c3-a17c-1efa8c395eb1 0.058s
2024-10-07 06:40:38.742 62233 INFO tempest.lib.common.rest_client [req-e7a93ef2-b042-421b-951b-c26a657dfc69 req-e7a93ef2-b042-421b-951b-c26a657dfc69 ] Request (ServersTestJSON:setUpClass): 200 GET http://10.180.1.21/compute/v2.1/servers/7e5fadf3-dd41-402c-9878-2d11295203ac 0.053s
2024-10-07 06:40:38.748 62281 INFO tempest.lib.common.rest_client [req-4f3a5e1f-15b1-4159-911c-1e19d8e6cca7 req-4f3a5e1f-15b1-4159-911c-1e19d8e6cca7 ] Request (MultipleCreateTestJSON:test_multiple_create): 200 GET http://10.180.1.21/compute/v2.1/servers/2377b482-52e7-4054-8d5b-8f00587c3371 0.063s
2024-10-07 06:40:38.793 62229 INFO tempest.lib.common.rest_client [req-c2cc0a2d-28ef-42b8-810c-1f4b2a2cbd63 req-c2cc0a2d-28ef-42b8-810c-1f4b2a2cbd63 ] Request (FloatingIPsAssociationNegativeTestJSON:setUpClass): 200 GET http://10.180.1.21/compute/v2.1/servers/ce09db77-1eac-4228-a4f8-228a3b7e69d9 0.071s
2024-10-07 06:40:38.809 62259 INFO tempest.lib.common.rest_client [req-b04286f7-c60e-4d1a-ad8e-ba087c077d6f req-b04286f7-c60e-4d1a-ad8e-ba087c077d6f ] Request (ImagesTestJSON:test_create_image_from_suspended_server): 200 GET http://10.180.1.21/compute/v2.1/servers/10568cfc-3634-47d7-96d6-893c4fe01282 0.070s
2024-10-07 06:40:38.848 62223 INFO tempest.lib.common.rest_client [req-f83c9e8e-005d-468c-a681-b5fbaab1d000 req-f83c9e8e-005d-468c-a681-b5fbaab1d000 ] Request (TenantUsagesTestJSON:setUpClass): 200 GET http://10.180.1.21/compute/v2.1/servers/4bb588b3-c5e1-4619-b77b-6734d6516170 0.085s
2024-10-07 06:40:38.863 62263 INFO tempest.lib.common.rest_client [req-f0af41b5-5d2b-4553-9027-7b5e50862c69 req-f0af41b5-5d2b-4553-9027-7b5e50862c69 ] Request (ListServerFiltersTestJSON:setUpClass): 200 GET http://10.180.1.21/compute/v2.1/servers/213957b6-77a4-48fe-8bf5-f03bb67510c6 0.085s
2024-10-07 06:40:38.901 62227 INFO tempest.lib.common.rest_client [req-31a6bb53-ddd6-4728-8cb3-7453d51559dd req-31a6bb53-ddd6-4728-8cb3-7453d51559dd ] Request (AttachInterfacesV270Test:test_create_get_list_interfaces): 200 GET http://10.180.1.21/compute/v2.1/servers/9f8b9aca-420f-4314-a466-0d6f3d191377 0.086s
2024-10-07 06:40:38.910 62239 INFO tempest.lib.common.rest_client [req-3b6747c7-12e8-4d18-932a-bc65d9c6c33b req-3b6747c7-12e8-4d18-932a-bc65d9c6c33b ] Request (InstanceActionsTestJSON:setUpClass): 200 GET http://10.180.1.21/compute/v2.1/servers/35e41d19-8f1c-496d-9712-a1ac3c787c3b 0.087s
2024-10-07 06:40:38.916 62239 INFO tempest.common.waiters [-] State transition "BUILD/None" ==> "BUILD/networking" after 49 second wait
2024-10-07 06:40:38.944 62225 INFO tempest.lib.common.rest_client [req-8282e573-3a76-4efe-b64e-b95eecde4e11 req-8282e573-3a76-4efe-b64e-b95eecde4e11 ] Request (VolumesAdminNegativeTest:test_update_attached_volume_with_nonexistent_volume_in_body): 200 GET http://10.180.1.21/compute/v2.1/servers/8adfe7b8-0e4d-45ca-9f64-b2ed33e85ec2 0.086s
2024-10-07 06:40:38.954 62271 INFO tempest.lib.common.rest_client [req-33ff9eda-d0c7-4c05-b298-dbb43038ad8b req-33ff9eda-d0c7-4c05-b298-dbb43038ad8b ] Request (ServerActionsTestJSON:setUpClass): 200 GET http://10.180.1.21/compute/v2.1/servers/b632a5d1-62b1-44b1-a82a-b1e761e0c4b8 0.085s
2024-10-07 06:40:38.988 62241 INFO tempest.lib.common.rest_client [req-d3bedfd9-7024-4e3a-9457-31a8c75bbed8 req-d3bedfd9-7024-4e3a-9457-31a8c75bbed8 ] Request (MigrationsAdminTest:test_resize_server_revert_deleted_flavor): 200 GET http://10.180.1.21/compute/v2.1/servers/40de5f22-0de2-466a-91ab-dcb6ec586dad 0.090s
2024-10-07 06:40:38.998 62285 INFO tempest.lib.common.rest_client [req-b48682bf-9e54-4255-bfdb-1868996b68bf req-b48682bf-9e54-4255-bfdb-1868996b68bf ] Request (ServerAddressesTestJSON:setUpClass): 200 GET http://10.180.1.21/compute/v2.1/servers/49d08e2b-1be4-4adb-98a8-98efad8eb7ff 0.081s
2024-10-07 06:40:39.004 62285 INFO tempest.common.waiters [-] State transition "BUILD/spawning" ==> "BUILD/scheduling" after 56 second wait
2024-10-07 06:40:39.029 62279 INFO tempest.lib.common.rest_client [req-350e15ca-9ab3-4b3e-a5e6-f5e50a7e600a req-350e15ca-9ab3-4b3e-a5e6-f5e50a7e600a ] Request (AttachInterfacesUnderV243Test:test_add_remove_fixed_ip): 200 GET http://10.180.1.21/compute/v2.1/servers/55102fef-de7c-4505-a192-39568e08c096 0.087s
2024-10-07 06:40:39.053 62237 INFO tempest.lib.common.rest_client [req-e46dbd57-c3f3-4903-869d-55daf2fe5a57 req-e46dbd57-c3f3-4903-869d-55daf2fe5a57 ] Request (ServersTestManualDisk:setUpClass): 200 GET http://10.180.1.21/compute/v2.1/servers/dd239b21-fdb2-48fb-acf4-18242a98cd1f 0.042s
2024-10-07 06:40:39.071 62251 INFO tempest.lib.common.rest_client [req-e9dad142-40ae-4f03-8953-e02c26fbd42d req-e9dad142-40ae-4f03-8953-e02c26fbd42d ] Request (ServerTagsTestJSON:setUpClass): 200 GET http://10.180.1.21/compute/v2.1/servers/6c62a1e9-d60c-4720-a554-951bea4b2e18 0.054s
2024-10-07 06:40:39.106 62253 INFO tempest.lib.common.rest_client [req-f89c8708-995f-46fe-b6e3-f7e097e95cf0 req-f89c8708-995f-46fe-b6e3-f7e097e95cf0 ] Request (AttachInterfacesTestJSON:test_create_list_show_delete_interfaces_by_network_port): 200 GET http://10.180.1.21/compute/v2.1/servers/977799b4-2793-4513-9447-483146fc7ac4 0.049s
2024-10-07 06:40:39.158 62221 INFO tempest.lib.common.rest_client [req-27e8ebd6-c23c-4a80-8477-810695b6015f req-27e8ebd6-c23c-4a80-8477-810695b6015f ] Request (ImagesOneServerNegativeTestJSON:setUpClass): 200 GET http://10.180.1.21/compute/v2.1/servers/c1a6ffac-99bd-492c-99e5-f7c46b352d8e 0.058s
2024-10-07 06:40:39.205 62261 INFO tempest.lib.common.rest_client [req-02b8679d-2956-4547-8f4c-b358b35a2704 req-02b8679d-2956-4547-8f4c-b358b35a2704 ] Request (ServersAdminNegativeTestJSON:setUpClass): 200 GET http://10.180.1.21/compute/v2.1/servers/6e0697d4-d862-497c-9bdd-dd1ef2d4272b 0.050s
2024-10-07 06:40:39.433 62250 INFO tempest.lib.common.rest_client [req-d1e227b3-79cb-4824-ae36-93a9a8eeed59 req-d1e227b3-79cb-4824-ae36-93a9a8eeed59 ] Request (ServersAdminTestJSON:setUpClass): 200 GET http://10.180.1.21/compute/v2.1/servers/aa800cea-6c7c-48ce-bfc6-a00f2f4cff7d 0.068s
2024-10-07 06:40:39.481 62247 INFO tempest.lib.common.rest_client [req-d0a9f194-310b-418c-81b3-117aebf28d8a req-d0a9f194-310b-418c-81b3-117aebf28d8a ] Request (ServerExternalEventsTest:test_create_server_external_events): 200 GET http://10.180.1.21/compute/v2.1/servers/4fa110e0-7235-4d62-a68b-c727b4a79908 0.063s
2024-10-07 06:40:39.531 62275 INFO tempest.lib.common.rest_client [req-11c02396-c483-4af7-9570-9f9fd5487221 req-11c02396-c483-4af7-9570-9f9fd5487221 ] Request (AttachVolumeTestJSON:test_attach_detach_volume): 200 GET http://10.180.1.21/compute/v2.1/servers/198f36d0-8be4-4885-9c0b-e85d6a0cbb22 0.052s
2024-10-07 06:40:39.580 62265 INFO tempest.lib.common.rest_client [req-83f7d927-ec97-4485-bbc0-0ec1e85f3235 req-83f7d927-ec97-4485-bbc0-0ec1e85f3235 ] Request (ServerMetadataTestJSON:setUpClass): 200 GET http://10.180.1.21/compute/v2.1/servers/f70adc74-3b24-434a-829a-13274bae40b1 0.050s
2024-10-07 06:40:39.646 62273 INFO tempest.lib.common.rest_client [req-b75a86bf-467f-46e6-b48e-496eceeb268b req-b75a86bf-467f-46e6-b48e-496eceeb268b ] Request (ServerDiskConfigTestJSON:test_rebuild_server_with_auto_disk_config): 200 GET http://10.180.1.21/compute/v2.1/servers/236ecde7-1250-4ce1-837c-8266b95dd513 0.062s
2024-10-07 06:40:39.710 62257 INFO tempest.lib.common.rest_client [req-09ce32cd-2f78-4d7e-9a38-3b16b6a509a1 req-09ce32cd-2f78-4d7e-9a38-3b16b6a509a1 ] Request (ServerDiagnosticsNegativeTest:test_get_server_diagnostics_by_non_admin): 200 GET http://10.180.1.21/compute/v2.1/servers/bf115dff-5440-41ba-9689-6337f63dedeb 0.064s
2024-10-07 06:40:39.721 62267 INFO tempest.lib.common.rest_client [req-ef09f953-26e8-4cf6-a4d0-74928b3b9bfe req-ef09f953-26e8-4cf6-a4d0-74928b3b9bfe ] Request (ServersV294TestFqdnHostnames:setUpClass): 200 GET http://10.180.1.21/compute/v2.1/servers/a2c58c0a-785b-42a2-9960-0b3e4ff86d96 0.071s
2024-10-07 06:40:39.763 62256 INFO tempest.lib.common.rest_client [req-b737b551-7e55-4e62-9bca-f385b1310340 req-b737b551-7e55-4e62-9bca-f385b1310340 ] Request (ServersTestFqdnHostnames:test_create_server_with_fqdn_name): 200 GET http://10.180.1.21/compute/v2.1/servers/cbdf7e34-57f9-4456-8cc7-f09c15e0f965 0.066s
2024-10-07 06:40:39.770 62277 INFO tempest.lib.common.rest_client [req-cc738cbc-59d1-47d7-8711-1329b7a27bcc req-cc738cbc-59d1-47d7-8711-1329b7a27bcc ] Request (SecurityGroupsTestJSON:test_server_security_groups): 200 GET http://10.180.1.21/compute/v2.1/servers/77f4d9bd-c758-44c3-a17c-1efa8c395eb1 0.070s
2024-10-07 06:40:39.818 62233 INFO tempest.lib.common.rest_client [req-0d6a5bee-4271-47d3-980b-83fb7b8845d1 req-0d6a5bee-4271-47d3-980b-83fb7b8845d1 ] Request (ServersTestJSON:setUpClass): 200 GET http://10.180.1.21/compute/v2.1/servers/7e5fadf3-dd41-402c-9878-2d11295203ac 0.068s
2024-10-07 06:40:39.822 62281 INFO tempest.lib.common.rest_client [req-961df77d-fd15-499b-82ed-0294f5cd4ab3 req-961df77d-fd15-499b-82ed-0294f5cd4ab3 ] Request (MultipleCreateTestJSON:test_multiple_create): 200 GET http://10.180.1.21/compute/v2.1/servers/2377b482-52e7-4054-8d5b-8f00587c3371 0.065s
2024-10-07 06:40:39.866 62229 INFO tempest.lib.common.rest_client [req-66d2ea8d-d9ef-4564-b779-a286a800af97 req-66d2ea8d-d9ef-4564-b779-a286a800af97 ] Request (FloatingIPsAssociationNegativeTestJSON:setUpClass): 200 GET http://10.180.1.21/compute/v2.1/servers/ce09db77-1eac-4228-a4f8-228a3b7e69d9 0.061s
2024-10-07 06:40:39.879 62259 INFO tempest.lib.common.rest_client [req-b32947cc-987d-4d4c-bc9d-03ca6c8c769f req-b32947cc-987d-4d4c-bc9d-03ca6c8c769f ] Request (ImagesTestJSON:test_create_image_from_suspended_server): 200 GET http://10.180.1.21/compute/v2.1/servers/10568cfc-3634-47d7-96d6-893c4fe01282 0.059s
2024-10-07 06:40:39.924 62223 INFO tempest.lib.common.rest_client [req-8f548f8f-737d-417e-9de4-f4af9e6270e1 req-8f548f8f-737d-417e-9de4-f4af9e6270e1 ] Request (TenantUsagesTestJSON:setUpClass): 200 GET http://10.180.1.21/compute/v2.1/servers/4bb588b3-c5e1-4619-b77b-6734d6516170 0.066s
2024-10-07 06:40:39.924 62263 INFO tempest.lib.common.rest_client [req-95928486-7351-4af0-942a-74dd5c81e4b8 req-95928486-7351-4af0-942a-74dd5c81e4b8 ] Request (ListServerFiltersTestJSON:setUpClass): 200 GET http://10.180.1.21/compute/v2.1/servers/213957b6-77a4-48fe-8bf5-f03bb67510c6 0.053s
2024-10-07 06:40:39.995 62227 INFO tempest.lib.common.rest_client [req-633d6e54-3f27-47df-b5df-0b5ab26f11a5 req-633d6e54-3f27-47df-b5df-0b5ab26f11a5 ] Request (AttachInterfacesV270Test:test_create_get_list_interfaces): 200 GET http://10.180.1.21/compute/v2.1/servers/9f8b9aca-420f-4314-a466-0d6f3d191377 0.085s
2024-10-07 06:40:40.062 62225 INFO tempest.lib.common.rest_client [req-b998f6ec-593d-47e5-a0e3-7b165d1f28cc req-b998f6ec-593d-47e5-a0e3-7b165d1f28cc ] Request (VolumesAdminNegativeTest:test_update_attached_volume_with_nonexistent_volume_in_body): 200 GET http://10.180.1.21/compute/v2.1/servers/8adfe7b8-0e4d-45ca-9f64-b2ed33e85ec2 0.111s
2024-10-07 06:40:40.090 62239 INFO tempest.lib.common.rest_client [req-249e2a47-91f4-467e-b7ae-ddefbf5f67e0 req-249e2a47-91f4-467e-b7ae-ddefbf5f67e0 ] Request (InstanceActionsTestJSON:setUpClass): 200 GET http://10.180.1.21/compute/v2.1/servers/35e41d19-8f1c-496d-9712-a1ac3c787c3b 0.174s
2024-10-07 06:40:40.101 62239 INFO tempest.common.waiters [-] State transition "BUILD/networking" ==> "BUILD/block_device_mapping" after 51 second wait
2024-10-07 06:40:40.119 62271 INFO tempest.lib.common.rest_client [req-5bacc70a-e953-489e-a633-883ab148786a req-5bacc70a-e953-489e-a633-883ab148786a ] Request (ServerActionsTestJSON:setUpClass): 200 GET http://10.180.1.21/compute/v2.1/servers/b632a5d1-62b1-44b1-a82a-b1e761e0c4b8 0.158s
2024-10-07 06:40:40.134 62241 INFO tempest.lib.common.rest_client [req-2dd87fcf-021e-4d21-9c97-34cdc46cddc9 req-2dd87fcf-021e-4d21-9c97-34cdc46cddc9 ] Request (MigrationsAdminTest:test_resize_server_revert_deleted_flavor): 200 GET http://10.180.1.21/compute/v2.1/servers/40de5f22-0de2-466a-91ab-dcb6ec586dad 0.137s
2024-10-07 06:40:40.185 62285 INFO tempest.lib.common.rest_client [req-c9f39caf-b675-4cac-bb83-39d3dd441435 req-c9f39caf-b675-4cac-bb83-39d3dd441435 ] Request (ServerAddressesTestJSON:setUpClass): 200 GET http://10.180.1.21/compute/v2.1/servers/49d08e2b-1be4-4adb-98a8-98efad8eb7ff 0.181s
2024-10-07 06:40:40.192 62285 INFO tempest.common.waiters [-] State transition "BUILD/scheduling" ==> "ERROR/None" after 57 second wait
2024-10-07 06:40:40.196 62279 INFO tempest.lib.common.rest_client [req-11f07485-b6f4-4d4d-ba84-d4c549e5f037 req-11f07485-b6f4-4d4d-ba84-d4c549e5f037 ] Request (AttachInterfacesUnderV243Test:test_add_remove_fixed_ip): 200 GET http://10.180.1.21/compute/v2.1/servers/55102fef-de7c-4505-a192-39568e08c096 0.158s
2024-10-07 06:40:40.241 62237 INFO tempest.lib.common.rest_client [req-f34b7076-ea52-46ae-9e8f-b6e08de50c85 req-f34b7076-ea52-46ae-9e8f-b6e08de50c85 ] Request (ServersTestManualDisk:setUpClass): 200 GET http://10.180.1.21/compute/v2.1/servers/dd239b21-fdb2-48fb-acf4-18242a98cd1f 0.179s
2024-10-07 06:40:40.248 62251 INFO tempest.lib.common.rest_client [req-0c9df2ac-ee6d-41b0-840d-faaf5c32af66 req-0c9df2ac-ee6d-41b0-840d-faaf5c32af66 ] Request (ServerTagsTestJSON:setUpClass): 200 GET http://10.180.1.21/compute/v2.1/servers/6c62a1e9-d60c-4720-a554-951bea4b2e18 0.168s
2024-10-07 06:40:40.285 62253 INFO tempest.lib.common.rest_client [req-b36a9e7b-b111-4577-862a-69ab524a4d2c req-b36a9e7b-b111-4577-862a-69ab524a4d2c ] Request (AttachInterfacesTestJSON:test_create_list_show_delete_interfaces_by_network_port): 200 GET http://10.180.1.21/compute/v2.1/servers/977799b4-2793-4513-9447-483146fc7ac4 0.173s
2024-10-07 06:40:40.295 62221 INFO tempest.lib.common.rest_client [req-2b1d0def-a133-4717-a5d9-558c66a47137 req-2b1d0def-a133-4717-a5d9-558c66a47137 ] Request (ImagesOneServerNegativeTestJSON:setUpClass): 200 GET http://10.180.1.21/compute/v2.1/servers/c1a6ffac-99bd-492c-99e5-f7c46b352d8e 0.130s
2024-10-07 06:40:40.347 62261 INFO tempest.lib.common.rest_client [req-33677423-0e5e-4f45-8243-ede18f9c3f46 req-33677423-0e5e-4f45-8243-ede18f9c3f46 ] Request (ServersAdminNegativeTestJSON:setUpClass): 200 GET http://10.180.1.21/compute/v2.1/servers/6e0697d4-d862-497c-9bdd-dd1ef2d4272b 0.135s
2024-10-07 06:40:40.453 62285 INFO tempest.lib.common.rest_client [req-c906758e-7820-4dcf-a01e-9ae537fabc53 req-c906758e-7820-4dcf-a01e-9ae537fabc53 ] Request (ServerAddressesTestJSON:setUpClass): 204 DELETE http://10.180.1.21/compute/v2.1/servers/49d08e2b-1be4-4adb-98a8-98efad8eb7ff 0.260s
2024-10-07 06:40:40.472 62285 INFO tempest.lib.common.rest_client [req-90d5040f-4a22-47ad-92ec-1f19c70cca39 req-90d5040f-4a22-47ad-92ec-1f19c70cca39 ] Request (ServerAddressesTestJSON:setUpClass): 404 GET http://10.180.1.21/compute/v2.1/servers/49d08e2b-1be4-4adb-98a8-98efad8eb7ff 0.018s
2024-10-07 06:40:40.472 62285 INFO tempest.test [-] raised in ServerAddressesTestJSON.setUpClass. Invoking tearDownClass.
2024-10-07 06:40:40.487 62250 INFO tempest.lib.common.rest_client [req-3fdfcea7-f9e4-4dc4-bdf0-70a6a3898e7c req-3fdfcea7-f9e4-4dc4-bdf0-70a6a3898e7c ] Request (ServersAdminTestJSON:setUpClass): 200 GET http://10.180.1.21/compute/v2.1/servers/aa800cea-6c7c-48ce-bfc6-a00f2f4cff7d 0.046s
2024-10-07 06:40:40.533 62247 INFO tempest.lib.common.rest_client [req-9e038c86-bbf1-4548-be28-b68261faa23f req-9e038c86-bbf1-4548-be28-b68261faa23f ] Request (ServerExternalEventsTest:test_create_server_external_events): 200 GET http://10.180.1.21/compute/v2.1/servers/4fa110e0-7235-4d62-a68b-c727b4a79908 0.044s
2024-10-07 06:40:40.588 62275 INFO tempest.lib.common.rest_client [req-73ec3e36-0279-45d6-ae77-23e6d9b6ec04 req-73ec3e36-0279-45d6-ae77-23e6d9b6ec04 ] Request (AttachVolumeTestJSON:test_attach_detach_volume): 200 GET http://10.180.1.21/compute/v2.1/servers/198f36d0-8be4-4885-9c0b-e85d6a0cbb22 0.049s
2024-10-07 06:40:40.635 62265 INFO tempest.lib.common.rest_client [req-d13ea10b-828a-4cb6-aa92-ed1ad93aeddf req-d13ea10b-828a-4cb6-aa92-ed1ad93aeddf ] Request (ServerMetadataTestJSON:setUpClass): 200 GET http://10.180.1.21/compute/v2.1/servers/f70adc74-3b24-434a-829a-13274bae40b1 0.048s
2024-10-07 06:40:40.708 62273 INFO tempest.lib.common.rest_client [req-96b63263-b447-4b97-8ced-22027c51fb73 req-96b63263-b447-4b97-8ced-22027c51fb73 ] Request (ServerDiskConfigTestJSON:test_rebuild_server_with_auto_disk_config): 200 GET http://10.180.1.21/compute/v2.1/servers/236ecde7-1250-4ce1-837c-8266b95dd513 0.047s
2024-10-07 06:40:40.764 62257 INFO tempest.lib.common.rest_client [req-6e20a2ba-495d-4044-ac8f-29e8a66b7643 req-6e20a2ba-495d-4044-ac8f-29e8a66b7643 ] Request (ServerDiagnosticsNegativeTest:test_get_server_diagnostics_by_non_admin): 200 GET http://10.180.1.21/compute/v2.1/servers/bf115dff-5440-41ba-9689-6337f63dedeb 0.046s
2024-10-07 06:40:40.789 62267 INFO tempest.lib.common.rest_client [req-7293e1a7-38d4-493d-a130-5083488b3f4a req-7293e1a7-38d4-493d-a130-5083488b3f4a ] Request (ServersV294TestFqdnHostnames:setUpClass): 200 GET http://10.180.1.21/compute/v2.1/servers/a2c58c0a-785b-42a2-9960-0b3e4ff86d96 0.057s
2024-10-07 06:40:40.802 62267 INFO tempest.common.waiters [-] State transition "BUILD/scheduling" ==> "BUILD/None" after 46 second wait
2024-10-07 06:40:40.824 62256 INFO tempest.lib.common.rest_client [req-43fd39c9-3739-4ed2-aa95-4df3fd037f04 req-43fd39c9-3739-4ed2-aa95-4df3fd037f04 ] Request (ServersTestFqdnHostnames:test_create_server_with_fqdn_name): 200 GET http://10.180.1.21/compute/v2.1/servers/cbdf7e34-57f9-4456-8cc7-f09c15e0f965 0.053s
2024-10-07 06:40:40.835 62277 INFO tempest.lib.common.rest_client [req-e558bba6-d9e2-4e17-ae93-fa6c75da96e6 req-e558bba6-d9e2-4e17-ae93-fa6c75da96e6 ] Request (SecurityGroupsTestJSON:test_server_security_groups): 200 GET http://10.180.1.21/compute/v2.1/servers/77f4d9bd-c758-44c3-a17c-1efa8c395eb1 0.058s
2024-10-07 06:40:40.871 62233 INFO tempest.lib.common.rest_client [req-b8e9e7e5-4f92-47ea-b33c-0a2da187a99d req-b8e9e7e5-4f92-47ea-b33c-0a2da187a99d ] Request (ServersTestJSON:setUpClass): 200 GET http://10.180.1.21/compute/v2.1/servers/7e5fadf3-dd41-402c-9878-2d11295203ac 0.046s
2024-10-07 06:40:40.884 62281 INFO tempest.lib.common.rest_client [req-886d08d9-e322-4eea-bdea-da7f1f97e78a req-886d08d9-e322-4eea-bdea-da7f1f97e78a ] Request (MultipleCreateTestJSON:test_multiple_create): 200 GET http://10.180.1.21/compute/v2.1/servers/2377b482-52e7-4054-8d5b-8f00587c3371 0.055s
2024-10-07 06:40:40.917 62229 INFO tempest.lib.common.rest_client [req-5214a43b-e78a-4212-b414-b2b0200cfe08 req-5214a43b-e78a-4212-b414-b2b0200cfe08 ] Request (FloatingIPsAssociationNegativeTestJSON:setUpClass): 200 GET http://10.180.1.21/compute/v2.1/servers/ce09db77-1eac-4228-a4f8-228a3b7e69d9 0.043s
2024-10-07 06:40:40.935 62259 INFO tempest.lib.common.rest_client [req-ff797294-d534-4cfe-ba50-9940c6b63636 req-ff797294-d534-4cfe-ba50-9940c6b63636 ] Request (ImagesTestJSON:test_create_image_from_suspended_server): 200 GET http://10.180.1.21/compute/v2.1/servers/10568cfc-3634-47d7-96d6-893c4fe01282 0.048s
2024-10-07 06:40:40.981 62263 INFO tempest.lib.common.rest_client [req-7c0284da-89c0-4861-96f6-7277ce1f89f4 req-7c0284da-89c0-4861-96f6-7277ce1f89f4 ] Request (ListServerFiltersTestJSON:setUpClass): 200 GET http://10.180.1.21/compute/v2.1/servers/213957b6-77a4-48fe-8bf5-f03bb67510c6 0.050s
2024-10-07 06:40:40.986 62223 INFO tempest.lib.common.rest_client [req-6456fd58-3b19-4db5-b614-db9aac198417 req-6456fd58-3b19-4db5-b614-db9aac198417 ] Request (TenantUsagesTestJSON:setUpClass): 200 GET http://10.180.1.21/compute/v2.1/servers/4bb588b3-c5e1-4619-b77b-6734d6516170 0.054s
2024-10-07 06:40:41.052 62227 INFO tempest.lib.common.rest_client [req-bc887f60-57f6-4bb9-b319-4c8d962f2156 req-bc887f60-57f6-4bb9-b319-4c8d962f2156 ] Request (AttachInterfacesV270Test:test_create_get_list_interfaces): 200 GET http://10.180.1.21/compute/v2.1/servers/9f8b9aca-420f-4314-a466-0d6f3d191377 0.049s
2024-10-07 06:40:41.061 62285 INFO tempest.lib.common.rest_client [req-6d0ec62b-9aa4-4c2b-95cb-77ca199ae084 req-6d0ec62b-9aa4-4c2b-95cb-77ca199ae084 ] Request (ServerAddressesTestJSON:tearDownClass): 200 PUT http://10.180.1.21:9696/networking/v2.0/routers/47736a86-d448-41d4-acfa-c55760c140d4/remove_router_interface 0.588s
2024-10-07 06:40:41.138 62225 INFO tempest.lib.common.rest_client [req-4c98b365-5510-4bf6-968a-7a1feb0a0743 req-4c98b365-5510-4bf6-968a-7a1feb0a0743 ] Request (VolumesAdminNegativeTest:test_update_attached_volume_with_nonexistent_volume_in_body): 200 GET http://10.180.1.21/compute/v2.1/servers/8adfe7b8-0e4d-45ca-9f64-b2ed33e85ec2 0.065s
2024-10-07 06:40:41.159 62239 INFO tempest.lib.common.rest_client [req-ed244e27-c5a3-4d45-961c-73019b962967 req-ed244e27-c5a3-4d45-961c-73019b962967 ] Request (InstanceActionsTestJSON:setUpClass): 200 GET http://10.180.1.21/compute/v2.1/servers/35e41d19-8f1c-496d-9712-a1ac3c787c3b 0.055s
2024-10-07 06:40:41.165 62239 INFO tempest.common.waiters [-] State transition "BUILD/block_device_mapping" ==> "BUILD/spawning" after 52 second wait
2024-10-07 06:40:41.185 62271 INFO tempest.lib.common.rest_client [req-76809188-bcb2-4150-903f-94e755705845 req-76809188-bcb2-4150-903f-94e755705845 ] Request (ServerActionsTestJSON:setUpClass): 200 GET http://10.180.1.21/compute/v2.1/servers/b632a5d1-62b1-44b1-a82a-b1e761e0c4b8 0.057s
2024-10-07 06:40:41.201 62241 INFO tempest.lib.common.rest_client [req-e65a2fed-f335-4846-bd9f-d96d03536d8d req-e65a2fed-f335-4846-bd9f-d96d03536d8d ] Request (MigrationsAdminTest:test_resize_server_revert_deleted_flavor): 200 GET http://10.180.1.21/compute/v2.1/servers/40de5f22-0de2-466a-91ab-dcb6ec586dad 0.059s
2024-10-07 06:40:41.255 62279 INFO tempest.lib.common.rest_client [req-7b9aa636-8032-4192-9113-6d0e5638be90 req-7b9aa636-8032-4192-9113-6d0e5638be90 ] Request (AttachInterfacesUnderV243Test:test_add_remove_fixed_ip): 200 GET http://10.180.1.21/compute/v2.1/servers/55102fef-de7c-4505-a192-39568e08c096 0.047s
2024-10-07 06:40:41.306 62237 INFO tempest.lib.common.rest_client [req-7d7f9b4b-77cf-4013-a78d-8a4c9b42b52a req-7d7f9b4b-77cf-4013-a78d-8a4c9b42b52a ] Request (ServersTestManualDisk:setUpClass): 200 GET http://10.180.1.21/compute/v2.1/servers/dd239b21-fdb2-48fb-acf4-18242a98cd1f 0.057s
2024-10-07 06:40:41.312 62251 INFO tempest.lib.common.rest_client [req-0cc6525d-d7e8-46bb-97bc-126e050304c6 req-0cc6525d-d7e8-46bb-97bc-126e050304c6 ] Request (ServerTagsTestJSON:setUpClass): 200 GET http://10.180.1.21/compute/v2.1/servers/6c62a1e9-d60c-4720-a554-951bea4b2e18 0.054s
2024-10-07 06:40:41.369 62253 INFO tempest.lib.common.rest_client [req-d9205ba4-7839-43ca-9fe1-efadda0a9b6e req-d9205ba4-7839-43ca-9fe1-efadda0a9b6e ] Request (AttachInterfacesTestJSON:test_create_list_show_delete_interfaces_by_network_port): 200 GET http://10.180.1.21/compute/v2.1/servers/977799b4-2793-4513-9447-483146fc7ac4 0.075s
2024-10-07 06:40:41.371 62221 INFO tempest.lib.common.rest_client [req-9077beed-4fe4-4cc2-a359-3c4ca3bb22f6 req-9077beed-4fe4-4cc2-a359-3c4ca3bb22f6 ] Request (ImagesOneServerNegativeTestJSON:setUpClass): 200 GET http://10.180.1.21/compute/v2.1/servers/c1a6ffac-99bd-492c-99e5-f7c46b352d8e 0.066s
2024-10-07 06:40:41.413 62261 INFO tempest.lib.common.rest_client [req-efdb62bf-2832-48d5-887c-9400917ff38b req-efdb62bf-2832-48d5-887c-9400917ff38b ] Request (ServersAdminNegativeTestJSON:setUpClass): 200 GET http://10.180.1.21/compute/v2.1/servers/6e0697d4-d862-497c-9bdd-dd1ef2d4272b 0.057s
2024-10-07 06:40:41.456 62285 INFO tempest.lib.common.rest_client [req-b06ed6f0-8634-4c2b-9607-433224f15da2 req-b06ed6f0-8634-4c2b-9607-433224f15da2 ] Request (ServerAddressesTestJSON:tearDownClass): 204 DELETE http://10.180.1.21:9696/networking/v2.0/routers/47736a86-d448-41d4-acfa-c55760c140d4 0.394s
2024-10-07 06:40:41.539 62250 INFO tempest.lib.common.rest_client [req-41fae3c1-efc6-4054-988d-8cef0ee19164 req-41fae3c1-efc6-4054-988d-8cef0ee19164 ] Request (ServersAdminTestJSON:setUpClass): 200 GET http://10.180.1.21/compute/v2.1/servers/aa800cea-6c7c-48ce-bfc6-a00f2f4cff7d 0.045s
2024-10-07 06:40:41.548 62285 INFO tempest.lib.common.rest_client [req-167930df-885b-4901-8423-9c14840a8764 req-167930df-885b-4901-8423-9c14840a8764 ] Request (ServerAddressesTestJSON:tearDownClass): 204 DELETE http://10.180.1.21:9696/networking/v2.0/subnets/0b6a3bef-c84f-4a72-95d7-81fd99ae9712 0.092s
2024-10-07 06:40:41.596 62247 INFO tempest.lib.common.rest_client [req-5507e119-d288-4449-bb79-f5a2c192411a req-5507e119-d288-4449-bb79-f5a2c192411a ] Request (ServerExternalEventsTest:test_create_server_external_events): 200 GET http://10.180.1.21/compute/v2.1/servers/4fa110e0-7235-4d62-a68b-c727b4a79908 0.057s
2024-10-07 06:40:41.605 62247 INFO tempest.common.waiters [-] State transition "BUILD/None" ==> "BUILD/networking" after 52 second wait
2024-10-07 06:40:41.668 62275 INFO tempest.lib.common.rest_client [req-c6da6eb8-12d1-40c4-bf61-c03841bc2b23 req-c6da6eb8-12d1-40c4-bf61-c03841bc2b23 ] Request (AttachVolumeTestJSON:test_attach_detach_volume): 200 GET http://10.180.1.21/compute/v2.1/servers/198f36d0-8be4-4885-9c0b-e85d6a0cbb22 0.073s
2024-10-07 06:40:41.704 62265 INFO tempest.lib.common.rest_client [req-5e5f4927-55fa-422b-8e9f-53f8f547b16f req-5e5f4927-55fa-422b-8e9f-53f8f547b16f ] Request (ServerMetadataTestJSON:setUpClass): 200 GET http://10.180.1.21/compute/v2.1/servers/f70adc74-3b24-434a-829a-13274bae40b1 0.062s
2024-10-07 06:40:41.772 62273 INFO tempest.lib.common.rest_client [req-54e88bb6-ce3a-42fd-98fc-a2c7916b9dba req-54e88bb6-ce3a-42fd-98fc-a2c7916b9dba ] Request (ServerDiskConfigTestJSON:test_rebuild_server_with_auto_disk_config): 200 GET http://10.180.1.21/compute/v2.1/servers/236ecde7-1250-4ce1-837c-8266b95dd513 0.057s
2024-10-07 06:40:41.828 62257 INFO tempest.lib.common.rest_client [req-4c7bfee9-bafa-4ea8-b656-f6e8b1f4efe6 req-4c7bfee9-bafa-4ea8-b656-f6e8b1f4efe6 ] Request (ServerDiagnosticsNegativeTest:test_get_server_diagnostics_by_non_admin): 200 GET http://10.180.1.21/compute/v2.1/servers/bf115dff-5440-41ba-9689-6337f63dedeb 0.057s
2024-10-07 06:40:41.843 62285 INFO tempest.lib.common.rest_client [req-6789fbc4-f7f2-4e81-818c-86670619bcdd req-6789fbc4-f7f2-4e81-818c-86670619bcdd ] Request (ServerAddressesTestJSON:tearDownClass): 204 DELETE http://10.180.1.21:9696/networking/v2.0/networks/608ef339-2b9b-4d8f-8755-26f2fb9c86c5 0.295s
2024-10-07 06:40:41.877 62267 INFO tempest.lib.common.rest_client [req-675d18e0-8a0d-48c0-a177-0fc381ea2be6 req-675d18e0-8a0d-48c0-a177-0fc381ea2be6 ] Request (ServersV294TestFqdnHostnames:setUpClass): 200 GET http://10.180.1.21/compute/v2.1/servers/a2c58c0a-785b-42a2-9960-0b3e4ff86d96 0.075s
2024-10-07 06:40:41.910 62256 INFO tempest.lib.common.rest_client [req-8a36d09f-4d3f-467b-a92e-fbaeadb20e08 req-8a36d09f-4d3f-467b-a92e-fbaeadb20e08 ] Request (ServersTestFqdnHostnames:test_create_server_with_fqdn_name): 200 GET http://10.180.1.21/compute/v2.1/servers/cbdf7e34-57f9-4456-8cc7-f09c15e0f965 0.075s
