2024-10-07 06:39:23.178 62243 INFO tempest.lib.common.rest_client [req-0f39f6b2-1e22-40c5-933a-d255f1d30187 req-0f39f6b2-1e22-40c5-933a-d255f1d30187 ] Request (QuotasSecurityGroupAdminNegativeTest:setUpClass): 200 GET http://10.180.1.21/identity/v3/roles 0.058s
2024-10-07 06:39:23.193 62229 INFO tempest.lib.common.rest_client [req-89b5c4cd-8f01-4113-8d5c-4e441d71d3b6 req-89b5c4cd-8f01-4113-8d5c-4e441d71d3b6 ] Request (DeleteServersAdminTestJSON:test_admin_delete_servers_of_others): 200 GET http://10.180.1.21/compute/v2.1/servers/f7f3a069-04da-4090-bbb1-1406799b5fdd 1.570s
2024-10-07 06:39:23.193 62227 INFO tempest.lib.common.rest_client [req-6b77b67b-5ab9-4d68-8c40-880a6059cf39 req-6b77b67b-5ab9-4d68-8c40-880a6059cf39 ] Request (SecurityGroupsNegativeTestJSON:setUpClass): 201 POST http://10.180.1.21/identity/v3/projects 0.071s
2024-10-07 06:39:23.199 62271 INFO tempest.lib.common.rest_client [req-fad9057e-5af7-4187-a992-c044a2c19363 req-fad9057e-5af7-4187-a992-c044a2c19363 ] Request (HypervisorAdminUnderV252Test:setUpClass): 200 GET http://10.180.1.21/identity/v3/domains?name=Default 0.025s
2024-10-07 06:39:23.221 62277 INFO tempest.lib.common.rest_client [req-ad9355e6-82a8-4ab8-9b1c-57088112d920 req-ad9355e6-82a8-4ab8-9b1c-57088112d920 ] Request (SecurityGroupsTestJSON:test_list_security_groups_by_server): 200 GET http://10.180.1.21/compute/v2.1/servers/03489669-961b-4e5b-87b1-ef05bb59433b 1.403s
2024-10-07 06:39:23.245 62243 INFO tempest.lib.common.rest_client [req-1edaaac3-deb7-452e-bd88-5fb23b43cf33 req-1edaaac3-deb7-452e-bd88-5fb23b43cf33 ] Request (QuotasSecurityGroupAdminNegativeTest:setUpClass): 204 PUT http://10.180.1.21/identity/v3/projects/dc64ee4d87c442bc9f155dae637e49d5/users/6c9fad025ae041e7a0f2fee8a11bfa39/roles/5633aeb6b1cc4e70b25ab17e8edf909b 0.065s
2024-10-07 06:39:23.245 62243 INFO tempest.lib.common.dynamic_creds [-] Dynamic test user 6c9fad025ae041e7a0f2fee8a11bfa39 is created with scope project and roles: ['admin']
2024-10-07 06:39:23.245 62243 INFO tempest.lib.common.dynamic_creds [-] Acquired dynamic creds: credentials: Credentials: {'domain_id': 'default', 'domain_name': 'Default', 'username': 'tempest-QuotasSecurityGroupAdminNegativeTest-684956764-project-admin', 'project_domain_id': 'default', 'project_domain_name': 'Default', 'project_id': 'dc64ee4d87c442bc9f155dae637e49d5', 'project_name': 'tempest-QuotasSecurityGroupAdminNegativeTest-684956764', 'tenant_id': 'dc64ee4d87c442bc9f155dae637e49d5', 'tenant_name': 'tempest-QuotasSecurityGroupAdminNegativeTest-684956764', 'user_domain_id': 'default', 'user_domain_name': 'Default', 'user_id': '6c9fad025ae041e7a0f2fee8a11bfa39', 'system': None}, Network: None, Subnet: None, Router: None
2024-10-07 06:39:23.246 62243 INFO tempest.lib.common.dynamic_creds [-] Created isolated network resources for: credentials: Credentials: {'domain_id': 'default', 'domain_name': 'Default', 'username': 'tempest-QuotasSecurityGroupAdminNegativeTest-684956764-project-admin', 'project_domain_id': 'default', 'project_domain_name': 'Default', 'project_id': 'dc64ee4d87c442bc9f155dae637e49d5', 'project_name': 'tempest-QuotasSecurityGroupAdminNegativeTest-684956764', 'tenant_id': 'dc64ee4d87c442bc9f155dae637e49d5', 'tenant_name': 'tempest-QuotasSecurityGroupAdminNegativeTest-684956764', 'user_domain_id': 'default', 'user_domain_name': 'Default', 'user_id': '6c9fad025ae041e7a0f2fee8a11bfa39', 'system': None}, Network: None, Subnet: None, Router: None
2024-10-07 06:39:23.257 62269 INFO tempest.lib.common.rest_client [req-36ef2295-2cae-4ba6-8c86-2fa0c0faee02 req-36ef2295-2cae-4ba6-8c86-2fa0c0faee02 ] Request (ServerDiagnosticsV248Test:test_get_server_diagnostics): 200 GET http://10.180.1.21/compute/v2.1/servers/6b586395-eb84-44f6-84c8-4a3ef3d64254 1.347s
2024-10-07 06:39:23.261 62227 INFO tempest.lib.common.rest_client [req-702fd7d4-35e3-4873-979e-2a5ee16a5185 req-702fd7d4-35e3-4873-979e-2a5ee16a5185 ] Request (SecurityGroupsNegativeTestJSON:setUpClass): 201 POST http://10.180.1.21/identity/v3/users 0.064s
2024-10-07 06:39:23.280 62256 INFO tempest.lib.common.rest_client [req-df44a893-51ec-4b20-8073-1d70212bf26c req-df44a893-51ec-4b20-8073-1d70212bf26c ] Request (FloatingIPsTestJSON:test_delete_floating_ip): 404 GET http://10.180.1.21/compute/v2.1/os-floating-ips/4d69e8b9-f01a-43b1-b835-ec4738d07029 1.248s
2024-10-07 06:39:23.294 62273 INFO tempest.lib.common.rest_client [req-4f2115f0-bdf8-4e73-a094-1303a1970572 req-4f2115f0-bdf8-4e73-a094-1303a1970572 ] Request (FlavorsExtraSpecsNegativeTestJSON:test_flavor_unset_nonexistent_key): 404 DELETE http://10.180.1.21/compute/v2.1/flavors/1644129672/os-extra_specs/hw:cpu_thread_policy 1.253s
2024-10-07 06:39:23.301 62271 INFO tempest.lib.common.rest_client [req-ed76bc7c-7582-4876-9ec7-f1b0e9d89632 req-ed76bc7c-7582-4876-9ec7-f1b0e9d89632 ] Request (HypervisorAdminUnderV252Test:setUpClass): 201 POST http://10.180.1.21/identity/v3/projects 0.102s
2024-10-07 06:39:23.307 62281 INFO tempest.lib.common.rest_client [req-552fcce5-a2a1-4f7d-a6ec-c4c97bc3c860 req-552fcce5-a2a1-4f7d-a6ec-c4c97bc3c860 ] Request (FlavorsAdminTestJSON:test_create_flavor_with_int_id): 200 POST http://10.180.1.21/compute/v2.1/flavors 1.245s
2024-10-07 06:39:23.363 62251 INFO tempest.lib.common.rest_client [req-556a0faa-f83c-4185-bdd5-f9a4e3cf35d0 req-556a0faa-f83c-4185-bdd5-f9a4e3cf35d0 ] Request (ServerRescueNegativeTestJSON:setUpClass): 200 GET http://10.180.1.21/compute/v2.1/servers/a048d234-fb8d-4904-a016-2d1c6bd6d103 1.164s
2024-10-07 06:39:23.370 62243 INFO tempest.lib.common.rest_client [req-9c01633c-ffd1-42b2-9e29-78f09ae9446d req-9c01633c-ffd1-42b2-9e29-78f09ae9446d ] Request (QuotasSecurityGroupAdminNegativeTest:setUpClass): 201 POST http://10.180.1.21/identity/v3/auth/tokens 0.121s
2024-10-07 06:39:23.414 62227 INFO tempest.lib.common.rest_client [req-61b15f29-5b14-4e6f-93d4-7b2fb9a233c4 req-61b15f29-5b14-4e6f-93d4-7b2fb9a233c4 ] Request (SecurityGroupsNegativeTestJSON:setUpClass): 200 GET http://10.180.1.21/identity/v3/roles 0.151s
2024-10-07 06:39:23.417 62245 INFO tempest.lib.common.rest_client [req-df05d097-4aa0-47c6-81a7-aa910005d27b req-df05d097-4aa0-47c6-81a7-aa910005d27b ] Request (ListImagesTestJSON:test_get_image): 200 GET http://10.180.1.21/compute/v2.1/images/7b73cf0e-555e-4258-a7ba-6cecbc90b6c5 1.394s
2024-10-07 06:39:23.421 62259 INFO tempest.lib.common.rest_client [req-89ec9eb6-5676-4d52-a059-16cf7f41ee84 req-89ec9eb6-5676-4d52-a059-16cf7f41ee84 ] Request (ImagesTestJSON:test_create_image_from_stopped_server): 200 GET http://10.180.1.21/compute/v2.1/servers/1bd21abf-5421-4f51-a4e9-fecb2c98aa3a 1.192s
2024-10-07 06:39:23.423 62225 INFO tempest.lib.common.rest_client [req-53d25dbf-c2ad-4b98-b7be-e1b40593c9b0 req-53d25dbf-c2ad-4b98-b7be-e1b40593c9b0 ] Request (HypervisorAdminNegativeTestJSON:test_get_hypervisor_uptime_with_non_admin_user): 403 GET http://10.180.1.21/compute/v2.1/os-hypervisors/1/uptime 1.061s
2024-10-07 06:39:23.444 62271 INFO tempest.lib.common.rest_client [req-ad959969-c67b-4d79-9b9e-f31533230b28 req-ad959969-c67b-4d79-9b9e-f31533230b28 ] Request (HypervisorAdminUnderV252Test:setUpClass): 201 POST http://10.180.1.21/identity/v3/users 0.143s
2024-10-07 06:39:23.471 62243 INFO tempest.lib.common.rest_client [req-7e428b04-24ef-4f82-97f5-b6033c2eaa4b req-7e428b04-24ef-4f82-97f5-b6033c2eaa4b ] Request (QuotasSecurityGroupAdminNegativeTest:tearDownClass): 204 DELETE http://10.180.1.21/identity/v3/users/5ef39350c98f481bb6ef98014110dd41 0.095s
2024-10-07 06:39:23.482 62263 INFO tempest.lib.common.rest_client [req-c5788bcb-2058-4744-a321-284137e8a63f req-c5788bcb-2058-4744-a321-284137e8a63f ] Request (ImagesOneServerTestJSON:setUpClass): 200 GET http://10.180.1.21/compute/v2.1/servers/bb58f75b-97d0-4615-a014-3de3bf7dee2f 1.108s
2024-10-07 06:39:23.490 62263 INFO tempest.common.waiters [-] State transition "BUILD/networking" ==> "BUILD/spawning" after 10 second wait
2024-10-07 06:39:23.494 62250 INFO tempest.lib.common.rest_client [req-07d6546a-57c4-47b4-8e13-41922dfbe27f req-07d6546a-57c4-47b4-8e13-41922dfbe27f ] Request (FlavorsAccessNegativeTestJSON:test_flavor_access_list_with_public_flavor): 404 GET http://10.180.1.21/compute/v2.1/flavors/224192965/os-flavor-access 1.110s
2024-10-07 06:39:23.501 62253 INFO tempest.lib.common.rest_client [req-a3066348-05a0-44e5-a41e-fa66f851f0dc req-a3066348-05a0-44e5-a41e-fa66f851f0dc ] Request (TenantUsagesNegativeTestJSON:test_get_usage_tenant_with_invalid_date): 400 GET http://10.180.1.21/compute/v2.1/os-simple-tenant-usage/f8b9e01190fb453594341a3d25526dd1?start=2024-10-08T06%3A39%3A20.287163&end=2024-10-06T06%3A39%3A20.287163 1.026s
2024-10-07 06:39:23.502 62251 INFO tempest.lib.common.rest_client [req-06bfe5b7-b975-466c-b5f8-7f5b41d4fcfa req-06bfe5b7-b975-466c-b5f8-7f5b41d4fcfa ] Request (ServerRescueNegativeTestJSON:setUpClass): 201 POST http://10.180.1.21/identity/v3/auth/tokens 0.124s
2024-10-07 06:39:23.502 62251 INFO tempest.lib.common.fixed_network [-] (ServerRescueNegativeTestJSON:setUpClass) Found network {'id': '5cbb4144-0b4a-4ed1-ba8a-b04968343f2c', 'name': 'tempest-ServerRescueNegativeTestJSON-1326701604-network', 'tenant_id': 'f02f9e0f1e804220898b725b08762d26', 'admin_state_up': True, 'mtu': 8950, 'status': 'ACTIVE', 'subnets': [], 'shared': False, 'project_id': 'f02f9e0f1e804220898b725b08762d26', 'port_security_enabled': True, 'router:external': False, 'provider:network_type': 'vlan', 'provider:physical_network': 'default', 'provider:segmentation_id': 39, 'is_default': False, 'availability_zone_hints': [], 'availability_zones': [], 'ipv4_address_scope': None, 'ipv6_address_scope': None, 'description': '', 'tags': [], 'created_at': '2024-10-07T06:39:18Z', 'updated_at': '2024-10-07T06:39:18Z', 'revision_number': 1} available for tenant
2024-10-07 06:39:23.519 62221 INFO tempest.lib.common.rest_client [req-984be4f8-cac7-4ba2-a1f6-6d77c80a8f4f req-984be4f8-cac7-4ba2-a1f6-6d77c80a8f4f ] Request (ServersWithSpecificFlavorTestJSON:test_verify_created_server_ephemeral_disk): 200 POST http://10.180.1.21/compute/v2.1/flavors/348885379/os-extra_specs 1.031s
2024-10-07 06:39:23.528 62227 INFO tempest.lib.common.rest_client [req-468e30c3-a79f-47a6-8d98-e8dcff8e3433 req-468e30c3-a79f-47a6-8d98-e8dcff8e3433 ] Request (SecurityGroupsNegativeTestJSON:setUpClass): 204 PUT http://10.180.1.21/identity/v3/projects/039bf2ad855b4886a4d369f260fd946e/users/d79529ef50ce46ec8162dececdc722f2/roles/405c762c30cc4defb56d421d72057a4c 0.113s
2024-10-07 06:39:23.528 62227 INFO tempest.lib.common.dynamic_creds [-] Dynamic test user d79529ef50ce46ec8162dececdc722f2 is created with scope project and roles: ['member']
2024-10-07 06:39:23.529 62227 INFO tempest.lib.common.dynamic_creds [-] Acquired dynamic creds: credentials: Credentials: {'domain_id': 'default', 'domain_name': 'Default', 'username': 'tempest-SecurityGroupsNegativeTestJSON-1060969118-project-member', 'project_domain_id': 'default', 'project_domain_name': 'Default', 'project_id': '039bf2ad855b4886a4d369f260fd946e', 'project_name': 'tempest-SecurityGroupsNegativeTestJSON-1060969118', 'tenant_id': '039bf2ad855b4886a4d369f260fd946e', 'tenant_name': 'tempest-SecurityGroupsNegativeTestJSON-1060969118', 'user_domain_id': 'default', 'user_domain_name': 'Default', 'user_id': 'd79529ef50ce46ec8162dececdc722f2', 'system': None}, Network: None, Subnet: None, Router: None
2024-10-07 06:39:23.550 62233 INFO tempest.lib.common.rest_client [req-085ca186-de51-4560-9348-bdc48828bed7 req-085ca186-de51-4560-9348-bdc48828bed7 ] Request (SecurityGroupRulesTestJSON:test_security_group_rules_create_with_optional_group_id): 200 POST http://10.180.1.21/compute/v2.1/os-security-groups 1.183s
2024-10-07 06:39:23.582 62271 INFO tempest.lib.common.rest_client [req-5e9c808e-4ca4-4cb1-b6e0-c44a467d2fb4 req-5e9c808e-4ca4-4cb1-b6e0-c44a467d2fb4 ] Request (HypervisorAdminUnderV252Test:setUpClass): 200 GET http://10.180.1.21/identity/v3/roles 0.137s
2024-10-07 06:39:23.604 62243 INFO tempest.lib.common.rest_client [req-f65e5cd9-6355-4651-88e8-83fe0a82464b req-f65e5cd9-6355-4651-88e8-83fe0a82464b ] Request (QuotasSecurityGroupAdminNegativeTest:tearDownClass): 204 DELETE http://10.180.1.21/identity/v3/users/6c9fad025ae041e7a0f2fee8a11bfa39 0.132s
2024-10-07 06:39:23.604 62243 INFO tempest.lib.common.dynamic_creds [-] Deleting project and security group for project: dc64ee4d87c442bc9f155dae637e49d5
2024-10-07 06:39:23.629 62227 INFO tempest.lib.common.rest_client [req-1071dd1f-6c7e-4203-b9e4-2e71648c931d req-1071dd1f-6c7e-4203-b9e4-2e71648c931d ] Request (SecurityGroupsNegativeTestJSON:setUpClass): 201 POST http://10.180.1.21/identity/v3/auth/tokens 0.100s
2024-10-07 06:39:23.650 62243 INFO tempest.lib.common.rest_client [req-30976557-2037-487d-9c18-a1d27d9cc0ed req-30976557-2037-487d-9c18-a1d27d9cc0ed ] Request (QuotasSecurityGroupAdminNegativeTest:tearDownClass): 201 POST http://10.180.1.21/identity/v3/auth/tokens 0.045s
2024-10-07 06:39:23.660 62271 INFO tempest.lib.common.rest_client [req-c407bea1-a77e-4553-9fd8-3a3a1a7120eb req-c407bea1-a77e-4553-9fd8-3a3a1a7120eb ] Request (HypervisorAdminUnderV252Test:setUpClass): 204 PUT http://10.180.1.21/identity/v3/projects/0b8c67bff9684e9db97a28d986eb1514/users/feeb0ea7daee41c2ba5a3f3ae38be9e9/roles/405c762c30cc4defb56d421d72057a4c 0.078s
2024-10-07 06:39:23.661 62271 INFO tempest.lib.common.dynamic_creds [-] Dynamic test user feeb0ea7daee41c2ba5a3f3ae38be9e9 is created with scope project and roles: ['member']
2024-10-07 06:39:23.661 62271 INFO tempest.lib.common.dynamic_creds [-] Acquired dynamic creds: credentials: Credentials: {'domain_id': 'default', 'domain_name': 'Default', 'username': 'tempest-HypervisorAdminUnderV252Test-1691015001-project-member', 'project_domain_id': 'default', 'project_domain_name': 'Default', 'project_id': '0b8c67bff9684e9db97a28d986eb1514', 'project_name': 'tempest-HypervisorAdminUnderV252Test-1691015001', 'tenant_id': '0b8c67bff9684e9db97a28d986eb1514', 'tenant_name': 'tempest-HypervisorAdminUnderV252Test-1691015001', 'user_domain_id': 'default', 'user_domain_name': 'Default', 'user_id': 'feeb0ea7daee41c2ba5a3f3ae38be9e9', 'system': None}, Network: None, Subnet: None, Router: None
2024-10-07 06:39:23.661 62271 INFO tempest.lib.common.dynamic_creds [-] Created isolated network resources for: credentials: Credentials: {'domain_id': 'default', 'domain_name': 'Default', 'username': 'tempest-HypervisorAdminUnderV252Test-1691015001-project-member', 'project_domain_id': 'default', 'project_domain_name': 'Default', 'project_id': '0b8c67bff9684e9db97a28d986eb1514', 'project_name': 'tempest-HypervisorAdminUnderV252Test-1691015001', 'tenant_id': '0b8c67bff9684e9db97a28d986eb1514', 'tenant_name': 'tempest-HypervisorAdminUnderV252Test-1691015001', 'user_domain_id': 'default', 'user_domain_name': 'Default', 'user_id': 'feeb0ea7daee41c2ba5a3f3ae38be9e9', 'system': None}, Network: None, Subnet: None, Router: None
2024-10-07 06:39:23.793 62275 INFO tempest.lib.common.rest_client [req-d625b256-568a-4a62-bfb1-9f8b1ed218dd req-d625b256-568a-4a62-bfb1-9f8b1ed218dd ] Request (QuotasAdminNegativeTest:_run_cleanups): 200 PUT http://10.180.1.21/compute/v2.1/os-quota-sets/6e6acf2e877d460fba4c6ef257e9019f 1.204s
2024-10-07 06:39:23.804 62257 INFO tempest.lib.common.rest_client [req-7b1d4c59-f8f7-48c1-8f62-18fa9c452643 req-7b1d4c59-f8f7-48c1-8f62-18fa9c452643 ] Request (FlavorsExtraSpecsTestJSON:test_flavor_set_get_update_show_unset_keys): 200 GET http://10.180.1.21/compute/v2.1/flavors/333765836/os-extra_specs 1.126s
2024-10-07 06:39:23.809 62271 INFO tempest.lib.common.rest_client [req-ec9a965a-e215-427b-a62f-567e14b8656a req-ec9a965a-e215-427b-a62f-567e14b8656a ] Request (HypervisorAdminUnderV252Test:setUpClass): 201 POST http://10.180.1.21/identity/v3/auth/tokens 0.145s
2024-10-07 06:39:23.841 62271 INFO tempest.lib.common.rest_client [req-87d3d59f-a28b-49a5-9641-10b0c1e38267 req-87d3d59f-a28b-49a5-9641-10b0c1e38267 ] Request (HypervisorAdminUnderV252Test:setUpClass): 201 POST http://10.180.1.21/identity/v3/projects 0.031s
2024-10-07 06:39:23.847 62261 INFO tempest.lib.common.rest_client [req-f3d030d1-ca67-4f7b-8426-1da35f72a44b req-f3d030d1-ca67-4f7b-8426-1da35f72a44b ] Request (VolumesAssistedSnapshotsTest:test_volume_assisted_snapshot_create_delete): 202 POST http://10.180.1.21/compute/v2.1/servers 1.302s
2024-10-07 06:39:23.918 62271 INFO tempest.lib.common.rest_client [req-7928dde5-bdfb-4b15-a80e-352a6136183f req-7928dde5-bdfb-4b15-a80e-352a6136183f ] Request (HypervisorAdminUnderV252Test:setUpClass): 201 POST http://10.180.1.21/identity/v3/users 0.076s
2024-10-07 06:39:23.935 62271 INFO tempest.lib.common.rest_client [req-00ec610f-1fc9-4746-8566-a3bed88e0f61 req-00ec610f-1fc9-4746-8566-a3bed88e0f61 ] Request (HypervisorAdminUnderV252Test:setUpClass): 200 GET http://10.180.1.21/identity/v3/roles 0.017s
2024-10-07 06:39:23.961 62243 INFO tempest.lib.common.rest_client [req-1ea116eb-0be1-4218-9dc4-0c79025b6a16 req-1ea116eb-0be1-4218-9dc4-0c79025b6a16 ] Request (QuotasSecurityGroupAdminNegativeTest:tearDownClass): 200 GET http://10.180.1.21:9696/networking/v2.0/security-groups?tenant_id=dc64ee4d87c442bc9f155dae637e49d5&name=default 0.311s
2024-10-07 06:39:23.967 62271 INFO tempest.lib.common.rest_client [req-2c24be4a-f985-4225-952e-a4721ffd4a9e req-2c24be4a-f985-4225-952e-a4721ffd4a9e ] Request (HypervisorAdminUnderV252Test:setUpClass): 204 PUT http://10.180.1.21/identity/v3/projects/5a583f212cb74fadafad68d39fe7e500/users/5989318d359848d9a044d70818019c7f/roles/5633aeb6b1cc4e70b25ab17e8edf909b 0.031s
2024-10-07 06:39:23.992 62267 INFO tempest.lib.common.rest_client [req-431a4aed-2156-42bb-8d63-727c35437159 req-431a4aed-2156-42bb-8d63-727c35437159 ] Request (QuotasAdminTestJSON:test_get_updated_quotas): 200 PUT http://10.180.1.21/compute/v2.1/os-quota-sets/4aa84e77f4f446f2af08984ff22d4b58 1.156s
2024-10-07 06:39:24.014 62241 INFO tempest.lib.common.rest_client [req-dda9d1e7-3875-4958-af79-1c0c5c6ead6f req-dda9d1e7-3875-4958-af79-1c0c5c6ead6f ] Request (FlavorsAccessTestJSON:test_flavor_access_list_with_private_flavor): 200 POST http://10.180.1.21/compute/v2.1/flavors 1.035s
2024-10-07 06:39:24.039 62271 INFO tempest.lib.common.rest_client [req-e5186541-8054-4285-a04d-9e045d343cd8 req-e5186541-8054-4285-a04d-9e045d343cd8 ] Request (HypervisorAdminUnderV252Test:setUpClass): 200 GET http://10.180.1.21/identity/v3/roles 0.072s
2024-10-07 06:39:24.064 62285 INFO tempest.lib.common.rest_client [req-eaa44a38-1deb-4192-8b88-5eb24072d60c req-eaa44a38-1deb-4192-8b88-5eb24072d60c ] Request (SecurityGroupsTestAdminJSON:_run_cleanups): 202 DELETE http://10.180.1.21/compute/v2.1/os-security-groups/d8335a65-70f1-4ead-8508-c824c5e15638 1.110s
2024-10-07 06:39:24.070 62271 INFO tempest.lib.common.rest_client [req-e1def1c0-742f-4d50-b15a-c210799ca93a req-e1def1c0-742f-4d50-b15a-c210799ca93a ] Request (HypervisorAdminUnderV252Test:setUpClass): 204 PUT http://10.180.1.21/identity/v3/projects/5a583f212cb74fadafad68d39fe7e500/users/5989318d359848d9a044d70818019c7f/roles/5633aeb6b1cc4e70b25ab17e8edf909b 0.031s
2024-10-07 06:39:24.070 62271 INFO tempest.lib.common.dynamic_creds [-] Dynamic test user 5989318d359848d9a044d70818019c7f is created with scope project and roles: ['admin']
2024-10-07 06:39:24.070 62271 INFO tempest.lib.common.dynamic_creds [-] Acquired dynamic creds: credentials: Credentials: {'domain_id': 'default', 'domain_name': 'Default', 'username': 'tempest-HypervisorAdminUnderV252Test-1263521099-project-admin', 'project_domain_id': 'default', 'project_domain_name': 'Default', 'project_id': '5a583f212cb74fadafad68d39fe7e500', 'project_name': 'tempest-HypervisorAdminUnderV252Test-1263521099', 'tenant_id': '5a583f212cb74fadafad68d39fe7e500', 'tenant_name': 'tempest-HypervisorAdminUnderV252Test-1263521099', 'user_domain_id': 'default', 'user_domain_name': 'Default', 'user_id': '5989318d359848d9a044d70818019c7f', 'system': None}, Network: None, Subnet: None, Router: None
2024-10-07 06:39:24.070 62271 INFO tempest.lib.common.dynamic_creds [-] Created isolated network resources for: credentials: Credentials: {'domain_id': 'default', 'domain_name': 'Default', 'username': 'tempest-HypervisorAdminUnderV252Test-1263521099-project-admin', 'project_domain_id': 'default', 'project_domain_name': 'Default', 'project_id': '5a583f212cb74fadafad68d39fe7e500', 'project_name': 'tempest-HypervisorAdminUnderV252Test-1263521099', 'tenant_id': '5a583f212cb74fadafad68d39fe7e500', 'tenant_name': 'tempest-HypervisorAdminUnderV252Test-1263521099', 'user_domain_id': 'default', 'user_domain_name': 'Default', 'user_id': '5989318d359848d9a044d70818019c7f', 'system': None}, Network: None, Subnet: None, Router: None
2024-10-07 06:39:24.083 62237 INFO tempest.lib.common.rest_client [req-a0d3c527-fc08-4014-a232-d082938ca389 req-a0d3c527-fc08-4014-a232-d082938ca389 ] Request (KeyPairsV22TestJSON:test_keypair_create_with_pub_key): 201 POST http://10.180.1.21/compute/v2.1/os-keypairs 1.086s
2024-10-07 06:39:24.085 62227 INFO tempest.lib.common.rest_client [req-f52795c7-7680-4c7a-9f1e-3c78bb0d5ab0 req-f52795c7-7680-4c7a-9f1e-3c78bb0d5ab0 ] Request (SecurityGroupsNegativeTestJSON:setUpClass): 201 POST http://10.180.1.21:9696/networking/v2.0/networks 0.455s
2024-10-07 06:39:24.123 62235 INFO tempest.lib.common.rest_client [req-663b0a70-a17d-4847-8a2a-1a0b674e1069 req-663b0a70-a17d-4847-8a2a-1a0b674e1069 ] Request (KeyPairsNegativeTestJSON:test_keypair_create_with_invalid_pub_key): 400 POST http://10.180.1.21/compute/v2.1/os-keypairs 0.979s
2024-10-07 06:39:24.152 62256 INFO tempest.lib.common.rest_client [req-eb4cf77a-42e8-4643-a025-9ba77b83f886 req-eb4cf77a-42e8-4643-a025-9ba77b83f886 ] Request (FloatingIPsTestJSON:_run_cleanups): 404 DELETE http://10.180.1.21/compute/v2.1/os-floating-ips/4d69e8b9-f01a-43b1-b835-ec4738d07029 0.871s
2024-10-07 06:39:24.160 62273 INFO tempest.lib.common.rest_client [req-8a42ff86-f236-4665-ac6f-37b4db2d3b13 req-8a42ff86-f236-4665-ac6f-37b4db2d3b13 ] Request (FlavorsExtraSpecsNegativeTestJSON:test_flavor_update_mismatch_key): 400 PUT http://10.180.1.21/compute/v2.1/flavors/1644129672/os-extra_specs/hw:numa_nodes 0.865s
2024-10-07 06:39:24.185 62281 INFO tempest.lib.common.rest_client [req-2a5c4dc0-732e-4a96-8ee1-d9d08a67cb4e req-2a5c4dc0-732e-4a96-8ee1-d9d08a67cb4e ] Request (FlavorsAdminTestJSON:_run_cleanups): 202 DELETE http://10.180.1.21/compute/v2.1/flavors/1490645340 0.875s
2024-10-07 06:39:24.190 62271 INFO tempest.lib.common.rest_client [req-928377b4-6bd7-466f-b877-9395e19c8dde req-928377b4-6bd7-466f-b877-9395e19c8dde ] Request (HypervisorAdminUnderV252Test:setUpClass): 201 POST http://10.180.1.21/identity/v3/auth/tokens 0.114s
2024-10-07 06:39:24.261 62245 INFO tempest.lib.common.rest_client [req-bb63e9e1-cac9-44fb-97b6-3c03efe8ff56 req-bb63e9e1-cac9-44fb-97b6-3c03efe8ff56 ] Request (ListImagesTestJSON:test_list_images): 200 GET http://10.180.1.21/compute/v2.1/images 0.837s
2024-10-07 06:39:24.270 62225 INFO tempest.lib.common.rest_client [req-479f91d9-bad2-422b-ba37-72062b560ef0 req-479f91d9-bad2-422b-ba37-72062b560ef0 ] Request (HypervisorAdminNegativeTestJSON:test_get_nonexistent_hypervisor_uptime): 404 GET http://10.180.1.21/compute/v2.1/os-hypervisors/23ef6bc2-8e33-4be0-a565-68157d46caec/uptime 0.845s
2024-10-07 06:39:24.289 62250 INFO tempest.lib.common.rest_client [req-e4078ed0-172f-4421-b250-e80dc2dba0f1 req-e4078ed0-172f-4421-b250-e80dc2dba0f1 ] Request (FlavorsAccessNegativeTestJSON:_run_cleanups): 202 DELETE http://10.180.1.21/compute/v2.1/flavors/224192965 0.795s
2024-10-07 06:39:24.389 62227 INFO tempest.lib.common.rest_client [req-c7ac5e26-74a0-42b8-8273-5d67619dfc92 req-c7ac5e26-74a0-42b8-8273-5d67619dfc92 ] Request (SecurityGroupsNegativeTestJSON:setUpClass): 201 POST http://10.180.1.21:9696/networking/v2.0/subnets 0.303s
2024-10-07 06:39:24.390 62243 INFO tempest.lib.common.rest_client [req-0cafb04c-a642-400e-9629-1ba957fe1577 req-0cafb04c-a642-400e-9629-1ba957fe1577 ] Request (QuotasSecurityGroupAdminNegativeTest:tearDownClass): 204 DELETE http://10.180.1.21:9696/networking/v2.0/security-groups/0ca04190-de5f-4d65-8573-c854e12e0456 0.428s
2024-10-07 06:39:24.542 62243 INFO tempest.lib.common.rest_client [req-e4a9e926-64f0-4f57-87bc-83e16113abbe req-e4a9e926-64f0-4f57-87bc-83e16113abbe ] Request (QuotasSecurityGroupAdminNegativeTest:tearDownClass): 204 DELETE http://10.180.1.21/identity/v3/projects/dc64ee4d87c442bc9f155dae637e49d5 0.152s
2024-10-07 06:39:24.542 62243 INFO tempest.lib.common.dynamic_creds [-] Deleting project and security group for project: 04253257e29b4d76bb1967f401ae4b8a
2024-10-07 06:39:24.856 62243 INFO tempest.lib.common.rest_client [req-2aa0fc42-e3f7-41ba-8a52-09f1e2f66514 req-2aa0fc42-e3f7-41ba-8a52-09f1e2f66514 ] Request (QuotasSecurityGroupAdminNegativeTest:tearDownClass): 200 GET http://10.180.1.21:9696/networking/v2.0/security-groups?tenant_id=04253257e29b4d76bb1967f401ae4b8a&name=default 0.314s
2024-10-07 06:39:25.021 62265 INFO tempest.lib.common.rest_client [req-03698696-6236-4a86-906f-50b0ee963058 req-03698696-6236-4a86-906f-50b0ee963058 ] Request (FloatingIPDetailsTestJSON:tearDownClass): 202 DELETE http://10.180.1.21/compute/v2.1/os-floating-ips/69e53b15-4ee7-4e48-8034-2fc6729d7482 1.885s
2024-10-07 06:39:25.054 62243 INFO tempest.lib.common.rest_client [req-225cf242-6b5b-447a-abd6-4135555b7fea req-225cf242-6b5b-447a-abd6-4135555b7fea ] Request (QuotasSecurityGroupAdminNegativeTest:tearDownClass): 204 DELETE http://10.180.1.21:9696/networking/v2.0/security-groups/c8007e47-1592-4094-8654-f031f83fe776 0.197s
2024-10-07 06:39:25.131 62251 INFO tempest.lib.common.rest_client [req-58c4063c-a257-49af-8cef-278e915f3374 req-58c4063c-a257-49af-8cef-278e915f3374 ] Request (ServerRescueNegativeTestJSON:setUpClass): 202 POST http://10.180.1.21/compute/v2.1/servers 1.629s
2024-10-07 06:39:25.133 62253 INFO tempest.lib.common.rest_client [req-63926302-615c-49ec-8589-cd0b54bea67c req-63926302-615c-49ec-8589-cd0b54bea67c ] Request (TenantUsagesNegativeTestJSON:test_list_usage_all_tenants_with_non_admin_user): 403 GET http://10.180.1.21/compute/v2.1/os-simple-tenant-usage?start=2024-10-06T06%3A39%3A20.287163&end=2024-10-08T06%3A39%3A20.287163&detailed=1 1.630s
2024-10-07 06:39:25.170 62221 INFO tempest.lib.common.rest_client [req-3b7dc1d0-557c-4965-a784-07837d7debd1 req-3b7dc1d0-557c-4965-a784-07837d7debd1 ] Request (ValidationResourcesFixture:setUp): 200 POST http://10.180.1.21/compute/v2.1/os-keypairs 1.649s
2024-10-07 06:39:25.202 62243 INFO tempest.lib.common.rest_client [req-010ed210-c12a-486e-98f7-24b3431adc98 req-010ed210-c12a-486e-98f7-24b3431adc98 ] Request (QuotasSecurityGroupAdminNegativeTest:tearDownClass): 204 DELETE http://10.180.1.21/identity/v3/projects/04253257e29b4d76bb1967f401ae4b8a 0.147s
2024-10-07 06:39:25.225 62253 INFO tempest.lib.common.rest_client [req-533f45b9-2ed9-4127-8855-23dacf25cd4b req-533f45b9-2ed9-4127-8855-23dacf25cd4b ] Request (TenantUsagesNegativeTestJSON:tearDownClass): 204 DELETE http://10.180.1.21/identity/v3/users/7213fc84e6614cf4a5773a00265ff7b3 0.088s
2024-10-07 06:39:25.295 62243 INFO tempest.lib.common.rest_client [req-a24e36a9-5076-430e-88db-e9f3785b3cfe req-a24e36a9-5076-430e-88db-e9f3785b3cfe ] Request (ImagesMetadataTestJSON:setUpClass): 201 POST http://10.180.1.21/identity/v3/auth/tokens 0.090s
2024-10-07 06:39:25.373 62275 INFO tempest.lib.common.rest_client [req-20ea14e0-4747-4b3d-8620-9df67f114f02 req-20ea14e0-4747-4b3d-8620-9df67f114f02 ] Request (QuotasAdminNegativeTest:test_create_server_when_memory_quota_is_full): 200 GET http://10.180.1.21/compute/v2.1/os-quota-sets/6e6acf2e877d460fba4c6ef257e9019f 1.576s
2024-10-07 06:39:25.401 62257 INFO tempest.lib.common.rest_client [req-06e6f9a6-13fa-4769-bf20-c10476d501cf req-06e6f9a6-13fa-4769-bf20-c10476d501cf ] Request (FlavorsExtraSpecsTestJSON:test_flavor_set_get_update_show_unset_keys): 200 DELETE http://10.180.1.21/compute/v2.1/flavors/333765836/os-extra_specs/hw:numa_nodes 1.596s
2024-10-07 06:39:25.408 62253 INFO tempest.lib.common.rest_client [req-f2581012-f38c-4566-8471-d4d60687e34a req-f2581012-f38c-4566-8471-d4d60687e34a ] Request (TenantUsagesNegativeTestJSON:tearDownClass): 204 DELETE http://10.180.1.21/identity/v3/users/56d0f8c8c3af47d9b3bb4a7b03ff2c74 0.182s
2024-10-07 06:39:25.408 62253 INFO tempest.lib.common.dynamic_creds [-] Deleting project and security group for project: cc8370bc97974264adba5f4f561ac60d
2024-10-07 06:39:25.417 62243 INFO tempest.lib.common.rest_client [req-60fedd63-f5ac-4c72-89f2-af51eab78512 req-60fedd63-f5ac-4c72-89f2-af51eab78512 ] Request (ImagesMetadataTestJSON:setUpClass): 201 POST http://10.180.1.21/identity/v3/auth/tokens 0.115s
2024-10-07 06:39:25.463 62243 INFO tempest.lib.common.rest_client [req-f2833a71-f491-44e0-80b5-33ffc4448f9a req-f2833a71-f491-44e0-80b5-33ffc4448f9a ] Request (ImagesMetadataTestJSON:setUpClass): 200 GET http://10.180.1.21/identity/v3/domains?name=Default 0.046s
2024-10-07 06:39:25.474 62221 INFO tempest.lib.common.rest_client [req-7f28c1ea-8954-4198-8892-5c4c980b27cc req-7f28c1ea-8954-4198-8892-5c4c980b27cc ] Request (ValidationResourcesFixture:setUp): 201 POST http://10.180.1.21:9696/networking/v2.0/security-groups 0.302s
2024-10-07 06:39:25.476 62253 INFO tempest.lib.common.rest_client [req-20ee786d-143c-48c7-9a29-b0217d9daf65 req-20ee786d-143c-48c7-9a29-b0217d9daf65 ] Request (TenantUsagesNegativeTestJSON:tearDownClass): 201 POST http://10.180.1.21/identity/v3/auth/tokens 0.067s
2024-10-07 06:39:25.479 62261 INFO tempest.lib.common.rest_client [req-c332a20f-7ea3-432a-803a-dff6f0d5c027 req-c332a20f-7ea3-432a-803a-dff6f0d5c027 ] Request (VolumesAssistedSnapshotsTest:test_volume_assisted_snapshot_create_delete): 200 GET http://10.180.1.21/compute/v2.1/servers/ab392d78-a11d-44d0-81d6-8afcb169e6e1 1.630s
2024-10-07 06:39:25.495 62243 INFO tempest.lib.common.rest_client [req-18eb5d02-0f39-4032-a633-f99700a78266 req-18eb5d02-0f39-4032-a633-f99700a78266 ] Request (ImagesMetadataTestJSON:setUpClass): 201 POST http://10.180.1.21/identity/v3/projects 0.031s
2024-10-07 06:39:25.539 62233 INFO tempest.lib.common.rest_client [req-64dcd9bb-b844-4687-ad6a-33ac7ae4181a req-64dcd9bb-b844-4687-ad6a-33ac7ae4181a ] Request (SecurityGroupRulesTestJSON:test_security_group_rules_create_with_optional_group_id): 200 POST http://10.180.1.21/compute/v2.1/os-security-group-rules 1.987s
2024-10-07 06:39:25.544 62233 WARNING tempest.lib.common.rest_client [-] Deprecated: "tenant_id" property is deprecated for removal, use "project_id" instead
2024-10-07 06:39:25.550 62243 INFO tempest.lib.common.rest_client [req-b8bde3d9-cb47-40ed-9802-ced052d51d24 req-b8bde3d9-cb47-40ed-9802-ced052d51d24 ] Request (ImagesMetadataTestJSON:setUpClass): 201 POST http://10.180.1.21/identity/v3/users 0.055s
2024-10-07 06:39:25.553 62241 INFO tempest.lib.common.rest_client [req-6273400d-e40c-40c0-bbc9-039575be2d37 req-6273400d-e40c-40c0-bbc9-039575be2d37 ] Request (FlavorsAccessTestJSON:test_flavor_access_list_with_private_flavor): 200 GET http://10.180.1.21/compute/v2.1/flavors/1954068808/os-flavor-access 1.537s
2024-10-07 06:39:25.578 62243 INFO tempest.lib.common.rest_client [req-9660ff55-111e-4a3b-a181-a66e77ed4d5f req-9660ff55-111e-4a3b-a181-a66e77ed4d5f ] Request (ImagesMetadataTestJSON:setUpClass): 200 GET http://10.180.1.21/identity/v3/roles 0.027s
2024-10-07 06:39:25.604 62243 INFO tempest.lib.common.rest_client [req-517f3c18-5b7f-4806-8c15-b390264bef83 req-517f3c18-5b7f-4806-8c15-b390264bef83 ] Request (ImagesMetadataTestJSON:setUpClass): 204 PUT http://10.180.1.21/identity/v3/projects/fecf665118ba4bde804380c1f604299a/users/bba1447c5abb4307ade8c9cddc712410/roles/405c762c30cc4defb56d421d72057a4c 0.025s
2024-10-07 06:39:25.604 62243 INFO tempest.lib.common.dynamic_creds [-] Dynamic test user bba1447c5abb4307ade8c9cddc712410 is created with scope project and roles: ['member']
2024-10-07 06:39:25.604 62243 INFO tempest.lib.common.dynamic_creds [-] Acquired dynamic creds: credentials: Credentials: {'domain_id': 'default', 'domain_name': 'Default', 'username': 'tempest-ImagesMetadataTestJSON-167324593-project-member', 'project_domain_id': 'default', 'project_domain_name': 'Default', 'project_id': 'fecf665118ba4bde804380c1f604299a', 'project_name': 'tempest-ImagesMetadataTestJSON-167324593', 'tenant_id': 'fecf665118ba4bde804380c1f604299a', 'tenant_name': 'tempest-ImagesMetadataTestJSON-167324593', 'user_domain_id': 'default', 'user_domain_name': 'Default', 'user_id': 'bba1447c5abb4307ade8c9cddc712410', 'system': None}, Network: None, Subnet: None, Router: None
2024-10-07 06:39:25.604 62243 INFO tempest.lib.common.dynamic_creds [-] Created isolated network resources for: credentials: Credentials: {'domain_id': 'default', 'domain_name': 'Default', 'username': 'tempest-ImagesMetadataTestJSON-167324593-project-member', 'project_domain_id': 'default', 'project_domain_name': 'Default', 'project_id': 'fecf665118ba4bde804380c1f604299a', 'project_name': 'tempest-ImagesMetadataTestJSON-167324593', 'tenant_id': 'fecf665118ba4bde804380c1f604299a', 'tenant_name': 'tempest-ImagesMetadataTestJSON-167324593', 'user_domain_id': 'default', 'user_domain_name': 'Default', 'user_id': 'bba1447c5abb4307ade8c9cddc712410', 'system': None}, Network: None, Subnet: None, Router: None
2024-10-07 06:39:25.687 62267 INFO tempest.lib.common.rest_client [req-8088459d-69fe-41e1-b4b0-e1fc990767c2 req-8088459d-69fe-41e1-b4b0-e1fc990767c2 ] Request (QuotasAdminTestJSON:test_get_updated_quotas): 200 GET http://10.180.1.21/compute/v2.1/os-quota-sets/4aa84e77f4f446f2af08984ff22d4b58/detail 1.692s
2024-10-07 06:39:25.695 62227 INFO tempest.lib.common.rest_client [req-c2ab8c89-0cc0-47e2-94cf-815b42681990 req-c2ab8c89-0cc0-47e2-94cf-815b42681990 ] Request (SecurityGroupsNegativeTestJSON:setUpClass): 201 POST http://10.180.1.21:9696/networking/v2.0/routers 1.306s
2024-10-07 06:39:25.695 62243 INFO tempest.lib.common.rest_client [req-fc0dd821-6bc7-451a-8e3d-7848e8d183bf req-fc0dd821-6bc7-451a-8e3d-7848e8d183bf ] Request (ImagesMetadataTestJSON:setUpClass): 201 POST http://10.180.1.21/identity/v3/auth/tokens 0.088s
2024-10-07 06:39:25.698 62221 INFO tempest.lib.common.rest_client [req-e185fb0c-880e-453f-acde-b633685631a0 req-e185fb0c-880e-453f-acde-b633685631a0 ] Request (ValidationResourcesFixture:setUp): 201 POST http://10.180.1.21:9696/networking/v2.0/security-group-rules 0.224s
2024-10-07 06:39:25.721 62267 INFO tempest.lib.common.rest_client [req-510d6a99-a817-4538-ae0b-10b0e3cdd7bf req-510d6a99-a817-4538-ae0b-10b0e3cdd7bf ] Request (QuotasAdminTestJSON:test_get_updated_quotas): 200 GET http://10.180.1.21/identity/v3/domains?name=Default 0.026s
2024-10-07 06:39:25.766 62267 INFO tempest.lib.common.rest_client [req-28bf971f-efee-48c7-a6af-b81c49241b78 req-28bf971f-efee-48c7-a6af-b81c49241b78 ] Request (QuotasAdminTestJSON:test_get_updated_quotas): 201 POST http://10.180.1.21/identity/v3/users 0.044s
2024-10-07 06:39:25.790 62267 INFO tempest.lib.common.rest_client [req-fc8e0933-81e0-4eb7-b4b4-e2a1a46cc497 req-fc8e0933-81e0-4eb7-b4b4-e2a1a46cc497 ] Request (QuotasAdminTestJSON:test_get_updated_quotas): 200 GET http://10.180.1.21/identity/v3/domains?name=Default 0.023s
2024-10-07 06:39:25.815 62223 INFO tempest.lib.common.rest_client [req-bb219e7d-0959-4cae-8373-dbd5c18349e1 req-bb219e7d-0959-4cae-8373-dbd5c18349e1 ] Request (ServersAdmin275Test:test_rebuild_update_server_275): 200 GET http://10.180.1.21/compute/v2.1/servers/76b7db85-734f-40fe-8d58-2fba89bf205f 1.736s
2024-10-07 06:39:25.830 62237 INFO tempest.lib.common.rest_client [req-59f355f8-f398-40eb-b1b9-e94486bf9f4c req-59f355f8-f398-40eb-b1b9-e94486bf9f4c ] Request (KeyPairsV22TestJSON:_run_cleanups): 204 DELETE http://10.180.1.21/compute/v2.1/os-keypairs/tempest-keypair-1231707294 1.745s
2024-10-07 06:39:25.850 62235 INFO tempest.lib.common.rest_client [req-bef81fba-5c5c-4d81-b1af-ee72a1f29932 req-bef81fba-5c5c-4d81-b1af-ee72a1f29932 ] Request (KeyPairsNegativeTestJSON:test_keypair_delete_nonexistent_key): 404 DELETE http://10.180.1.21/compute/v2.1/os-keypairs/tempest-keypair-non-existent-1833846007 1.725s
2024-10-07 06:39:25.860 62221 INFO tempest.lib.common.rest_client [req-80c15d34-4c75-4134-89b6-ef3e9e37ae16 req-80c15d34-4c75-4134-89b6-ef3e9e37ae16 ] Request (ValidationResourcesFixture:setUp): 201 POST http://10.180.1.21:9696/networking/v2.0/security-group-rules 0.161s
2024-10-07 06:39:25.961 62235 INFO tempest.lib.common.rest_client [req-053b4589-f06b-490a-a869-9fd7729b94e9 req-053b4589-f06b-490a-a869-9fd7729b94e9 ] Request (KeyPairsNegativeTestJSON:tearDownClass): 204 DELETE http://10.180.1.21/identity/v3/users/aa3098a013ec459385ec8954e6d37a52 0.108s
2024-10-07 06:39:25.961 62235 INFO tempest.lib.common.dynamic_creds [-] Deleting project and security group for project: 72a06cbb3de54c3b9156df15753892f4
2024-10-07 06:39:26.016 62235 INFO tempest.lib.common.rest_client [req-d90a15bd-74e1-4659-925a-3d0d93f07a97 req-d90a15bd-74e1-4659-925a-3d0d93f07a97 ] Request (KeyPairsNegativeTestJSON:tearDownClass): 201 POST http://10.180.1.21/identity/v3/auth/tokens 0.055s
2024-10-07 06:39:26.055 62253 INFO tempest.lib.common.rest_client [req-5a83a246-1828-4c7a-ae0a-7ac98bea8815 req-5a83a246-1828-4c7a-ae0a-7ac98bea8815 ] Request (TenantUsagesNegativeTestJSON:tearDownClass): 200 GET http://10.180.1.21:9696/networking/v2.0/security-groups?tenant_id=cc8370bc97974264adba5f4f561ac60d&name=default 0.579s
2024-10-07 06:39:26.078 62239 INFO tempest.lib.common.rest_client [req-23db0017-730b-441d-be12-a52c37e33dcd req-23db0017-730b-441d-be12-a52c37e33dcd ] Request (ServerDiagnosticsTest:test_get_server_diagnostics): 200 GET http://10.180.1.21/compute/v2.1/servers/69e3c117-ee31-4d80-812b-da3c12fe19b9 1.925s
2024-10-07 06:39:26.083 62273 INFO tempest.lib.common.rest_client [req-c3fe06fb-69ff-49cc-9505-8cf26609b80d req-c3fe06fb-69ff-49cc-9505-8cf26609b80d ] Request (FlavorsExtraSpecsNegativeTestJSON:test_flavor_update_more_key): 400 PUT http://10.180.1.21/compute/v2.1/flavors/1644129672/os-extra_specs/hw:numa_nodes 1.920s
2024-10-07 06:39:26.100 62281 INFO tempest.lib.common.rest_client [req-8a1da7c0-258d-498a-b8fb-e069875bbc93 req-8a1da7c0-258d-498a-b8fb-e069875bbc93 ] Request (FlavorsAdminTestJSON:_run_cleanups): 200 GET http://10.180.1.21/compute/v2.1/flavors/detail 1.915s
2024-10-07 06:39:26.120 62243 INFO tempest.lib.common.rest_client [req-dcc2116b-c712-430f-b482-1023760555c5 req-dcc2116b-c712-430f-b482-1023760555c5 ] Request (ImagesMetadataTestJSON:setUpClass): 201 POST http://10.180.1.21/image/v2/images 0.424s
2024-10-07 06:39:26.127 62285 INFO tempest.lib.common.rest_client [req-e13f66e6-ecb5-4efb-bb80-1a83d906e7d4 req-e13f66e6-ecb5-4efb-bb80-1a83d906e7d4 ] Request (SecurityGroupsTestAdminJSON:_run_cleanups): 202 DELETE http://10.180.1.21/compute/v2.1/os-security-groups/f3119dd5-bda4-4995-9438-3d3ad5e17b86 2.063s
2024-10-07 06:39:26.177 62256 INFO tempest.lib.common.rest_client [req-a799275c-3f68-4f03-a578-2cacceb69983 req-a799275c-3f68-4f03-a578-2cacceb69983 ] Request (FloatingIPsTestJSON:tearDownClass): 200 PUT http://10.180.1.21:9696/networking/v2.0/routers/f33790a5-c0b0-41fc-bb07-e295482030bc/remove_router_interface 2.022s
2024-10-07 06:39:26.235 62229 INFO tempest.lib.common.rest_client [req-7cbe0838-4f74-4f29-a530-a16ccb2ebe42 req-7cbe0838-4f74-4f29-a530-a16ccb2ebe42 ] Request (DeleteServersAdminTestJSON:test_admin_delete_servers_of_others): 200 GET http://10.180.1.21/compute/v2.1/servers/f7f3a069-04da-4090-bbb1-1406799b5fdd 2.032s
2024-10-07 06:39:26.248 62271 INFO tempest.lib.common.rest_client [req-588dc256-cf91-473e-8022-168d0928595e req-588dc256-cf91-473e-8022-168d0928595e ] Request (HypervisorAdminUnderV252Test:test_get_hypervisor_show_servers): 200 GET http://10.180.1.21/compute/v2.1/os-hypervisors 2.057s
2024-10-07 06:39:26.287 62245 INFO tempest.lib.common.rest_client [req-52b6ebe7-7199-4797-b58b-840c0795688d req-52b6ebe7-7199-4797-b58b-840c0795688d ] Request (ListImagesTestJSON:test_list_images_with_detail): 200 GET http://10.180.1.21/compute/v2.1/images/detail 2.021s
2024-10-07 06:39:26.397 62269 INFO tempest.lib.common.rest_client [req-fcd3f0cd-8909-4761-b3f3-584c9b6522c8 req-fcd3f0cd-8909-4761-b3f3-584c9b6522c8 ] Request (ServerDiagnosticsV248Test:test_get_server_diagnostics): 200 GET http://10.180.1.21/compute/v2.1/servers/6b586395-eb84-44f6-84c8-4a3ef3d64254 2.129s
2024-10-07 06:39:26.421 62245 INFO tempest.lib.common.rest_client [req-2ef3f7f1-d953-4b6f-b92f-25765d784427 req-2ef3f7f1-d953-4b6f-b92f-25765d784427 ] Request (ListImagesTestJSON:tearDownClass): 204 DELETE http://10.180.1.21/identity/v3/users/e3b30ac9433f4986bab4c7940b7b9c30 0.128s
2024-10-07 06:39:26.421 62245 INFO tempest.lib.common.dynamic_creds [-] Deleting project and security group for project: a1c9989a94e540a3a073954616a3cd3c
2024-10-07 06:39:26.424 62225 INFO tempest.lib.common.rest_client [req-67d4ef01-9ffd-44ff-a9fe-a12f010c946d req-67d4ef01-9ffd-44ff-a9fe-a12f010c946d ] Request (HypervisorAdminNegativeTestJSON:test_show_hypervisor_with_non_admin_user): 200 GET http://10.180.1.21/compute/v2.1/os-hypervisors 2.153s
2024-10-07 06:39:26.446 62250 INFO tempest.lib.common.rest_client [req-c136f5af-8940-4559-8bb7-b490e871da2c req-c136f5af-8940-4559-8bb7-b490e871da2c ] Request (FlavorsAccessNegativeTestJSON:_run_cleanups): 200 GET http://10.180.1.21/compute/v2.1/flavors/detail 2.156s
2024-10-07 06:39:26.490 62245 INFO tempest.lib.common.rest_client [req-efa82e51-0e2f-4811-8a5c-a1409c5cb664 req-efa82e51-0e2f-4811-8a5c-a1409c5cb664 ] Request (ListImagesTestJSON:tearDownClass): 201 POST http://10.180.1.21/identity/v3/auth/tokens 0.068s
2024-10-07 06:39:26.515 62259 INFO tempest.lib.common.rest_client [req-c88345af-a1ca-4348-9228-fec6a5ea0095 req-c88345af-a1ca-4348-9228-fec6a5ea0095 ] Request (ImagesTestJSON:test_create_image_from_stopped_server): 200 GET http://10.180.1.21/compute/v2.1/servers/1bd21abf-5421-4f51-a4e9-fecb2c98aa3a 2.085s
2024-10-07 06:39:26.582 62253 INFO tempest.lib.common.rest_client [req-f346dc92-fa56-4b14-8d9c-62383391857e req-f346dc92-fa56-4b14-8d9c-62383391857e ] Request (TenantUsagesNegativeTestJSON:tearDownClass): 204 DELETE http://10.180.1.21:9696/networking/v2.0/security-groups/b6d7b88a-6ab3-42c1-91a4-caddb5332ba4 0.526s
2024-10-07 06:39:26.593 62235 INFO tempest.lib.common.rest_client [req-79761a19-6d61-4caa-9087-7bc8844b0b8f req-79761a19-6d61-4caa-9087-7bc8844b0b8f ] Request (KeyPairsNegativeTestJSON:tearDownClass): 200 GET http://10.180.1.21:9696/networking/v2.0/security-groups?tenant_id=72a06cbb3de54c3b9156df15753892f4&name=default 0.577s
2024-10-07 06:39:26.602 62263 INFO tempest.lib.common.rest_client [req-a2b8991a-6e9f-4898-a638-7695dc5006c9 req-a2b8991a-6e9f-4898-a638-7695dc5006c9 ] Request (ImagesOneServerTestJSON:setUpClass): 200 GET http://10.180.1.21/compute/v2.1/servers/bb58f75b-97d0-4615-a014-3de3bf7dee2f 2.111s
2024-10-07 06:39:26.663 62253 INFO tempest.lib.common.rest_client [req-1ce39f73-71fe-4e9d-84df-ef968b7cf0c9 req-1ce39f73-71fe-4e9d-84df-ef968b7cf0c9 ] Request (TenantUsagesNegativeTestJSON:tearDownClass): 204 DELETE http://10.180.1.21/identity/v3/projects/cc8370bc97974264adba5f4f561ac60d 0.081s
2024-10-07 06:39:26.663 62253 INFO tempest.lib.common.dynamic_creds [-] Deleting project and security group for project: f8b9e01190fb453594341a3d25526dd1
2024-10-07 06:39:26.663 62277 INFO tempest.lib.common.rest_client [req-0f3b7772-4628-46d9-9f08-aeef95e85e2b req-0f3b7772-4628-46d9-9f08-aeef95e85e2b ] Request (SecurityGroupsTestJSON:test_list_security_groups_by_server): 200 GET http://10.180.1.21/compute/v2.1/servers/03489669-961b-4e5b-87b1-ef05bb59433b 2.432s
2024-10-07 06:39:26.671 62277 INFO tempest.common.waiters [-] State transition "BUILD/None" ==> "BUILD/spawning" after 9 second wait
2024-10-07 06:39:26.741 62251 INFO tempest.lib.common.rest_client [req-2752d5c0-8332-48ec-a46d-c8f1fd43f6e7 req-2752d5c0-8332-48ec-a46d-c8f1fd43f6e7 ] Request (ServerRescueNegativeTestJSON:setUpClass): 200 GET http://10.180.1.21/compute/v2.1/servers/40b8df0a-36f1-4a4d-a975-f596901d1f98 1.608s
2024-10-07 06:39:26.782 62243 INFO tempest.lib.common.rest_client [req-f3d3c0ae-18f3-4082-8741-d3593a300f6d req-f3d3c0ae-18f3-4082-8741-d3593a300f6d ] Request (ImagesMetadataTestJSON:setUpClass): 204 PUT http://10.180.1.21/image/v2/images/318ba0a7-6e14-48b6-948c-072ba89358e5/file 0.661s
2024-10-07 06:39:26.913 62245 INFO tempest.lib.common.rest_client [req-42aacf1d-dc46-4eff-bd91-b9c474cfbed6 req-42aacf1d-dc46-4eff-bd91-b9c474cfbed6 ] Request (ListImagesTestJSON:tearDownClass): 200 GET http://10.180.1.21:9696/networking/v2.0/security-groups?tenant_id=a1c9989a94e540a3a073954616a3cd3c&name=default 0.422s
2024-10-07 06:39:26.943 62275 INFO tempest.lib.common.rest_client [req-7671562c-3a20-4102-8884-314b202e877c req-7671562c-3a20-4102-8884-314b202e877c ] Request (QuotasAdminNegativeTest:test_create_server_when_memory_quota_is_full): 200 PUT http://10.180.1.21/compute/v2.1/os-quota-sets/6e6acf2e877d460fba4c6ef257e9019f 1.568s
2024-10-07 06:39:26.961 62257 INFO tempest.lib.common.rest_client [req-9aba6f1d-50c7-48df-a9c6-2b2d9a6ed1ec req-9aba6f1d-50c7-48df-a9c6-2b2d9a6ed1ec ] Request (FlavorsExtraSpecsTestJSON:test_flavor_set_get_update_show_unset_keys): 200 DELETE http://10.180.1.21/compute/v2.1/flavors/333765836/os-extra_specs/hw:cpu_policy 1.559s
2024-10-07 06:39:26.978 62221 INFO tempest.lib.common.rest_client [req-d50bc489-7cc4-4494-8c0c-b34f2415c626 req-d50bc489-7cc4-4494-8c0c-b34f2415c626 ] Request (ValidationResourcesFixture:setUp): 201 POST http://10.180.1.21:9696/networking/v2.0/floatingips 1.117s
2024-10-07 06:39:27.010 62275 INFO tempest.lib.common.rest_client [req-deefe62e-a407-4001-962e-d35ee8d5c8b5 req-deefe62e-a407-4001-962e-d35ee8d5c8b5 ] Request (QuotasAdminNegativeTest:test_create_server_when_memory_quota_is_full): 201 POST http://10.180.1.21/identity/v3/auth/tokens 0.060s
2024-10-07 06:39:27.010 62275 INFO tempest.lib.common.fixed_network [-] (QuotasAdminNegativeTest:test_create_server_when_memory_quota_is_full) Found network None available for tenant
2024-10-07 06:39:27.041 62253 INFO tempest.lib.common.rest_client [req-e709fd67-1605-474c-b3a0-846854f2ad36 req-e709fd67-1605-474c-b3a0-846854f2ad36 ] Request (TenantUsagesNegativeTestJSON:tearDownClass): 200 GET http://10.180.1.21:9696/networking/v2.0/security-groups?tenant_id=f8b9e01190fb453594341a3d25526dd1&name=default 0.377s
2024-10-07 06:39:27.083 62235 INFO tempest.lib.common.rest_client [req-008c790a-e89c-4ac6-b061-0b62baeb6980 req-008c790a-e89c-4ac6-b061-0b62baeb6980 ] Request (KeyPairsNegativeTestJSON:tearDownClass): 204 DELETE http://10.180.1.21:9696/networking/v2.0/security-groups/efbb5abd-272a-42f2-a1f0-edfd63338bbe 0.489s
2024-10-07 06:39:27.111 62221 INFO tempest.lib.common.rest_client [req-63fc8c19-8c62-420f-87be-154d4fc24f0b req-63fc8c19-8c62-420f-87be-154d4fc24f0b ] Request (ServersWithSpecificFlavorTestJSON:test_verify_created_server_ephemeral_disk): 201 POST http://10.180.1.21/identity/v3/auth/tokens 0.077s
2024-10-07 06:39:27.112 62221 INFO tempest.lib.common.fixed_network [-] (ServersWithSpecificFlavorTestJSON:test_verify_created_server_ephemeral_disk) Found network {'id': 'ffc89db4-b2e6-47ba-92cf-f528872a0f74', 'name': 'tempest-ServersWithSpecificFlavorTestJSON-1234434705-network', 'tenant_id': 'f708a6fd32334ae4b7995f0de42f06a8', 'admin_state_up': True, 'mtu': 8950, 'status': 'ACTIVE', 'subnets': [], 'shared': False, 'project_id': 'f708a6fd32334ae4b7995f0de42f06a8', 'port_security_enabled': True, 'router:external': False, 'provider:network_type': 'vlan', 'provider:physical_network': 'default', 'provider:segmentation_id': 864, 'is_default': False, 'availability_zone_hints': [], 'availability_zones': [], 'ipv4_address_scope': None, 'ipv6_address_scope': None, 'description': '', 'tags': [], 'created_at': '2024-10-07T06:39:00Z', 'updated_at': '2024-10-07T06:39:00Z', 'revision_number': 1} available for tenant
2024-10-07 06:39:27.206 62235 INFO tempest.lib.common.rest_client [req-089b2d02-1b5c-4c90-a188-fbd438f93568 req-089b2d02-1b5c-4c90-a188-fbd438f93568 ] Request (KeyPairsNegativeTestJSON:tearDownClass): 204 DELETE http://10.180.1.21/identity/v3/projects/72a06cbb3de54c3b9156df15753892f4 0.123s
2024-10-07 06:39:27.264 62235 INFO tempest.lib.common.rest_client [req-0f56392a-740e-4ed2-a163-5dfcc27a561b req-0f56392a-740e-4ed2-a163-5dfcc27a561b ] Request (AbsoluteLimitsTestJSON:setUpClass): 201 POST http://10.180.1.21/identity/v3/auth/tokens 0.056s
2024-10-07 06:39:27.277 62253 INFO tempest.lib.common.rest_client [req-4532e66e-5e3f-4248-826a-ef805cda7289 req-4532e66e-5e3f-4248-826a-ef805cda7289 ] Request (TenantUsagesNegativeTestJSON:tearDownClass): 204 DELETE http://10.180.1.21:9696/networking/v2.0/security-groups/431a0185-d389-497e-b780-30b8e7b6aefa 0.236s
2024-10-07 06:39:27.296 62235 INFO tempest.lib.common.rest_client [req-d1518ff9-9da8-4d06-89e6-0e31d9b13e19 req-d1518ff9-9da8-4d06-89e6-0e31d9b13e19 ] Request (AbsoluteLimitsTestJSON:setUpClass): 201 POST http://10.180.1.21/identity/v3/auth/tokens 0.030s
2024-10-07 06:39:27.318 62235 INFO tempest.lib.common.rest_client [req-7a6964c7-3f4f-4303-a671-aad5e79571db req-7a6964c7-3f4f-4303-a671-aad5e79571db ] Request (AbsoluteLimitsTestJSON:setUpClass): 200 GET http://10.180.1.21/identity/v3/domains?name=Default 0.021s
2024-10-07 06:39:27.330 62245 INFO tempest.lib.common.rest_client [req-1a508483-866d-4983-997f-25a5516e19a2 req-1a508483-866d-4983-997f-25a5516e19a2 ] Request (ListImagesTestJSON:tearDownClass): 204 DELETE http://10.180.1.21:9696/networking/v2.0/security-groups/e05aa3f0-fbdd-4ec9-80e4-655cef9e28b0 0.417s
2024-10-07 06:39:27.334 62253 INFO tempest.lib.common.rest_client [req-be0e4f60-0039-401a-b8e8-21bcdb11d887 req-be0e4f60-0039-401a-b8e8-21bcdb11d887 ] Request (TenantUsagesNegativeTestJSON:tearDownClass): 204 DELETE http://10.180.1.21/identity/v3/projects/f8b9e01190fb453594341a3d25526dd1 0.056s
