2024-10-10 21:32:20.750 63237 INFO tempest.lib.common.rest_client [req-46037979-d91a-4ee6-adf2-d4f80287d85c req-46037979-d91a-4ee6-adf2-d4f80287d85c ] Request (ServersTestJSON:test_create_server_specify_multibyte_character_name): 200 GET http://10.180.1.21/compute/v2.1/servers/b7a5eeff-39b3-4e9a-956b-bcbd4492c3f6 0.147s
2024-10-10 21:32:20.790 63193 INFO tempest.lib.common.rest_client [req-53f5bb46-6070-4ac9-b731-ec19fffe2cbe req-53f5bb46-6070-4ac9-b731-ec19fffe2cbe ] Request (ServersNegativeTestJSON:setUpClass): 200 GET http://10.180.1.21/compute/v2.1/servers/ebff0c87-8e58-4a76-a350-43a3d660debd 0.174s
2024-10-10 21:32:20.806 63201 INFO tempest.lib.common.rest_client [req-05d31691-8478-4221-9db3-4d92b3b29e2c req-05d31691-8478-4221-9db3-4d92b3b29e2c ] Request (DeleteServersAdminTestJSON:test_delete_server_while_in_error_state): 200 GET http://10.180.1.21/compute/v2.1/servers/11139a80-26b2-4bc6-af91-18cd3adbe8fe 0.123s
2024-10-10 21:32:20.942 63243 INFO tempest.lib.common.rest_client [req-f62b1044-dd2e-4052-807c-d0a4584636db req-f62b1044-dd2e-4052-807c-d0a4584636db ] Request (FloatingIPsAssociationNegativeTestJSON:setUpClass): 404 GET http://10.180.1.21/compute/v2.1/servers/f8e0cee3-11f9-4e1c-9869-9d4ee14c7d83 0.241s
2024-10-10 21:32:20.942 63243 INFO tempest.test [-] raised in FloatingIPsAssociationNegativeTestJSON.setUpClass. Invoking tearDownClass.
2024-10-10 21:32:20.995 63239 INFO tempest.lib.common.rest_client [req-23ed9f25-ff1d-4e9e-b112-6d2b59085f7e req-23ed9f25-ff1d-4e9e-b112-6d2b59085f7e ] Request (ServersTestJSON:setUpClass): 200 GET http://10.180.1.21/compute/v2.1/servers/6ac19031-ac4e-4061-bbfd-75bd5c90803a 0.285s
2024-10-10 21:32:21.001 63213 INFO tempest.lib.common.rest_client [req-ce36010d-2b19-423c-b414-1b4efca16b67 req-ce36010d-2b19-423c-b414-1b4efca16b67 ] Request (VolumesAssistedSnapshotsTest:tearDownClass): 200 PUT http://10.180.1.21:9696/networking/v2.0/routers/5342e974-8b9b-472e-9cde-748a6ef2d795/remove_router_interface 0.794s
2024-10-10 21:32:21.017 63226 INFO tempest.lib.common.rest_client [req-83afaef4-818a-48ac-bd88-08085edeef19 req-83afaef4-818a-48ac-bd88-08085edeef19 ] Request (MigrationsAdminTest:test_resize_server_revert_deleted_flavor): 200 GET http://10.180.1.21/compute/v2.1/servers/9979dd1d-9e99-47cf-a81a-fd7d89531f51 0.276s
2024-10-10 21:32:21.068 63211 INFO tempest.lib.common.rest_client [req-9223b584-e415-4381-b385-15b4f3e8b9d2 req-9223b584-e415-4381-b385-15b4f3e8b9d2 ] Request (ServersTestBootFromVolume:setUpClass): 200 GET http://10.180.1.21/compute/v2.1/servers/3822c92d-560b-4d61-92e9-7c694bc7a33a 0.301s
2024-10-10 21:32:21.090 63197 INFO tempest.lib.common.rest_client [req-1e16472d-f75f-41eb-bdf1-baf6df3a9161 req-1e16472d-f75f-41eb-bdf1-baf6df3a9161 ] Request (ServersAaction247Test:tearDownClass): 200 GET http://10.180.1.21/compute/v2.1/servers/dc025711-45be-49b6-a765-f7687b94e6a1 0.285s
2024-10-10 21:32:21.114 63207 INFO tempest.lib.common.rest_client [req-335817d0-8c14-42b5-b2db-4e5101c209c6 req-335817d0-8c14-42b5-b2db-4e5101c209c6 ] Request (ServerPasswordTestJSON:setUpClass): 200 GET http://10.180.1.21/compute/v2.1/servers/d3559857-e983-4790-8283-05aa02437723 0.295s
2024-10-10 21:32:21.156 63195 INFO tempest.lib.common.rest_client [req-6aae9e7b-67b3-4c04-b5de-56280d750d6c req-6aae9e7b-67b3-4c04-b5de-56280d750d6c ] Request (ServerShowV254Test:test_rebuild_server): 200 GET http://10.180.1.21/compute/v2.1/servers/f075161d-7447-4601-a06c-514fc4dd2eb9 0.293s
2024-10-10 21:32:21.179 63191 INFO tempest.lib.common.rest_client [req-b3ebe54e-6c16-4f4a-a25c-681f1e410513 req-b3ebe54e-6c16-4f4a-a25c-681f1e410513 ] Request (ServersV294TestFqdnHostnames:setUpClass): 200 GET http://10.180.1.21/compute/v2.1/servers/4bc891c1-e7e1-4196-9770-9bb42ed7499c 0.258s
2024-10-10 21:32:21.218 63235 INFO tempest.lib.common.rest_client [req-f2d9e2e9-0db4-471d-aad0-49b280ae1737 req-f2d9e2e9-0db4-471d-aad0-49b280ae1737 ] Request (SecurityGroupsTestJSON:test_server_security_groups): 200 GET http://10.180.1.21/compute/v2.1/servers/879dc564-0a5e-48aa-92ff-b02435445a68 0.248s
2024-10-10 21:32:21.235 63187 INFO tempest.lib.common.rest_client [req-7b1f0c2a-8370-49a1-8736-6aef8fb42055 req-7b1f0c2a-8370-49a1-8736-6aef8fb42055 ] Request (VolumesAdminNegativeTest:test_update_attached_volume_with_nonexistent_volume_in_body): 200 GET http://10.180.1.21/compute/v2.1/servers/dd88d70d-17a3-4059-9092-5d6cec8b1ae4 0.208s
2024-10-10 21:32:21.277 63233 INFO tempest.lib.common.rest_client [req-bd5bfc83-1561-45a8-bdb3-6ea3d0a137fb req-bd5bfc83-1561-45a8-bdb3-6ea3d0a137fb ] Request (ServerDiagnosticsV248Test:test_get_server_diagnostics): 200 GET http://10.180.1.21/compute/v2.1/servers/80a30ea8-e260-4b92-9099-be374333896f 0.177s
2024-10-10 21:32:21.285 63221 INFO tempest.lib.common.rest_client [req-6bd1ce98-0888-453e-8601-211c894d3ba2 req-6bd1ce98-0888-453e-8601-211c894d3ba2 ] Request (ServerAddressesNegativeTestJSON:setUpClass): 200 GET http://10.180.1.21/compute/v2.1/servers/5922d142-0b6f-4479-abcb-0c067a1ef837 0.117s
2024-10-10 21:32:21.331 63205 INFO tempest.lib.common.rest_client [req-3a7c1310-258a-4e8b-9138-08f51b92c64b req-3a7c1310-258a-4e8b-9138-08f51b92c64b ] Request (InstanceActionsNegativeTestJSON:setUpClass): 200 GET http://10.180.1.21/compute/v2.1/servers/0cdbad9a-9d52-45b0-8267-e181a5d38134 0.102s
2024-10-10 21:32:21.352 63223 INFO tempest.lib.common.rest_client [req-bb084dd7-895a-408c-b781-a32c0b5b1a0b req-bb084dd7-895a-408c-b781-a32c0b5b1a0b ] Request (ImagesTestJSON:test_create_image_from_suspended_server): 200 GET http://10.180.1.21/compute/v2.1/servers/3516272a-9ebd-413e-9b88-1a5c83b50f61 0.055s
2024-10-10 21:32:21.469 63249 INFO tempest.lib.common.rest_client [req-4fca7dec-f658-4a91-97bf-c9bacaab0063 req-4fca7dec-f658-4a91-97bf-c9bacaab0063 ] Request (ImagesOneServerTestJSON:setUpClass): 200 GET http://10.180.1.21/compute/v2.1/servers/da96503a-8ae8-4b68-a782-631ee98754f7 0.060s
2024-10-10 21:32:21.486 63189 INFO tempest.lib.common.rest_client [req-679added-00cb-4ada-9439-5b9c88757f76 req-679added-00cb-4ada-9439-5b9c88757f76 ] Request (ServersAdmin275Test:test_rebuild_update_server_275): 200 GET http://10.180.1.21/compute/v2.1/servers/472e60f1-9b6c-415e-8a92-19235ad2e547 0.059s
2024-10-10 21:32:21.522 63217 INFO tempest.lib.common.rest_client [req-cdbe672f-e5bd-4d93-8bd8-27bb430cee9e req-cdbe672f-e5bd-4d93-8bd8-27bb430cee9e ] Request (AttachInterfacesTestJSON:test_create_list_show_delete_interfaces_by_network_port): 200 GET http://10.180.1.21/compute/v2.1/servers/f9ed97a4-ec32-415b-958e-d362b622b1d4 0.056s
2024-10-10 21:32:21.546 63209 INFO tempest.lib.common.rest_client [req-5db1cef4-88ff-4c48-a9ab-cb1802b3b075 req-5db1cef4-88ff-4c48-a9ab-cb1802b3b075 ] Request (InstanceActionsTestJSON:setUpClass): 200 GET http://10.180.1.21/compute/v2.1/servers/7f77fa00-27be-4a75-aac0-e1918f817837 0.077s
2024-10-10 21:32:21.547 63213 INFO tempest.lib.common.rest_client [req-996a6b96-5d8a-41a7-98f3-cf236c80d4b5 req-996a6b96-5d8a-41a7-98f3-cf236c80d4b5 ] Request (VolumesAssistedSnapshotsTest:tearDownClass): 204 DELETE http://10.180.1.21:9696/networking/v2.0/routers/5342e974-8b9b-472e-9cde-748a6ef2d795 0.546s
2024-10-10 21:32:21.602 63241 INFO tempest.lib.common.rest_client [req-abdfd248-3664-4149-89d6-ac5fc2141578 req-abdfd248-3664-4149-89d6-ac5fc2141578 ] Request (ServerTagsTestJSON:setUpClass): 200 GET http://10.180.1.21/compute/v2.1/servers/1ed9de84-6178-4173-84ad-dc115be7a1fa 0.101s
2024-10-10 21:32:21.629 63203 INFO tempest.lib.common.rest_client [req-a01fc5b2-a7f1-4abb-acf6-f4b434ba86c3 req-a01fc5b2-a7f1-4abb-acf6-f4b434ba86c3 ] Request (ServersAdminTestJSON:setUpClass): 200 GET http://10.180.1.21/compute/v2.1/servers/4c6f81ba-85f5-4ad8-a3c8-57867c613baa 0.061s
2024-10-10 21:32:21.689 63213 INFO tempest.lib.common.rest_client [req-f0fc0ff6-98e1-41dd-a260-0c6cb36bc6a2 req-f0fc0ff6-98e1-41dd-a260-0c6cb36bc6a2 ] Request (VolumesAssistedSnapshotsTest:tearDownClass): 204 DELETE http://10.180.1.21:9696/networking/v2.0/subnets/214697cc-7cb3-474b-8135-e1bb915ae877 0.142s
2024-10-10 21:32:21.838 63245 INFO tempest.lib.common.rest_client [req-e75bfdfb-2333-4b11-ac9d-0ee585be4371 req-e75bfdfb-2333-4b11-ac9d-0ee585be4371 ] Request (ServersNegativeTestMultiTenantJSON:setUpClass): 200 GET http://10.180.1.21/compute/v2.1/servers/268e5249-0156-45dd-bbbd-10105d16f269 0.190s
2024-10-10 21:32:21.838 63219 INFO tempest.lib.common.rest_client [req-d3c69e1f-6484-4746-95a0-10d324bfa1a9 req-d3c69e1f-6484-4746-95a0-10d324bfa1a9 ] Request (AttachInterfacesUnderV243Test:test_add_remove_fixed_ip): 200 GET http://10.180.1.21/compute/v2.1/servers/a458a658-96f3-41b2-a9ee-2a6dd52bfeb4 0.138s
2024-10-10 21:32:21.895 63237 INFO tempest.lib.common.rest_client [req-16b6e80d-a092-4ce4-9d63-d945cdbd403e req-16b6e80d-a092-4ce4-9d63-d945cdbd403e ] Request (ServersTestJSON:test_create_server_specify_multibyte_character_name): 200 GET http://10.180.1.21/compute/v2.1/servers/b7a5eeff-39b3-4e9a-956b-bcbd4492c3f6 0.137s
2024-10-10 21:32:21.908 63215 INFO tempest.lib.common.rest_client [req-b4837fa7-a5c8-4e72-8d40-d2bc71abd7ff req-b4837fa7-a5c8-4e72-8d40-d2bc71abd7ff ] Request (ListServersNegativeTestJSON:setUpClass): 200 GET http://10.180.1.21/compute/v2.1/servers/7419de8d-5198-4152-a410-818af9c3b8e2 0.155s
2024-10-10 21:32:21.939 63213 INFO tempest.lib.common.rest_client [req-60458e23-40b9-49e1-a7a2-3fc0322a5eb2 req-60458e23-40b9-49e1-a7a2-3fc0322a5eb2 ] Request (VolumesAssistedSnapshotsTest:tearDownClass): 204 DELETE http://10.180.1.21:9696/networking/v2.0/networks/5ea875e0-d8cd-4f40-b777-4b0073783eed 0.249s
2024-10-10 21:32:21.956 63193 INFO tempest.lib.common.rest_client [req-d7964df1-f9f3-4e4b-9c7a-7d650c67a0cc req-d7964df1-f9f3-4e4b-9c7a-7d650c67a0cc ] Request (ServersNegativeTestJSON:setUpClass): 200 GET http://10.180.1.21/compute/v2.1/servers/ebff0c87-8e58-4a76-a350-43a3d660debd 0.160s
2024-10-10 21:32:22.001 63201 INFO tempest.lib.common.rest_client [req-c3bc9ded-9738-43f2-adae-ece40484c91e req-c3bc9ded-9738-43f2-adae-ece40484c91e ] Request (DeleteServersAdminTestJSON:test_delete_server_while_in_error_state): 200 GET http://10.180.1.21/compute/v2.1/servers/11139a80-26b2-4bc6-af91-18cd3adbe8fe 0.055s
2024-10-10 21:32:22.062 63243 INFO tempest.lib.common.rest_client [req-eee53140-c8ff-4a86-b4ec-6f02baebea2a req-eee53140-c8ff-4a86-b4ec-6f02baebea2a ] Request (FloatingIPsAssociationNegativeTestJSON:tearDownClass): 200 PUT http://10.180.1.21:9696/networking/v2.0/routers/387f1eae-c46c-4916-beb6-6e36b69a99a2/remove_router_interface 1.120s
2024-10-10 21:32:22.089 63226 INFO tempest.lib.common.rest_client [req-4bb78185-2331-47c3-a016-ab2fed8de193 req-4bb78185-2331-47c3-a016-ab2fed8de193 ] Request (MigrationsAdminTest:test_resize_server_revert_deleted_flavor): 200 GET http://10.180.1.21/compute/v2.1/servers/9979dd1d-9e99-47cf-a81a-fd7d89531f51 0.061s
2024-10-10 21:32:22.098 63239 INFO tempest.lib.common.rest_client [req-2bef4cda-6dec-4f62-b647-ef71db07e196 req-2bef4cda-6dec-4f62-b647-ef71db07e196 ] Request (ServersTestJSON:setUpClass): 200 GET http://10.180.1.21/compute/v2.1/servers/6ac19031-ac4e-4061-bbfd-75bd5c90803a 0.096s
2024-10-10 21:32:22.104 63239 INFO tempest.common.waiters [-] State transition "BUILD/spawning" ==> "ERROR/None" after 74 second wait
2024-10-10 21:32:22.137 63211 INFO tempest.lib.common.rest_client [req-992f04ea-6a76-4938-861d-402ccc24b784 req-992f04ea-6a76-4938-861d-402ccc24b784 ] Request (ServersTestBootFromVolume:setUpClass): 200 GET http://10.180.1.21/compute/v2.1/servers/3822c92d-560b-4d61-92e9-7c694bc7a33a 0.060s
2024-10-10 21:32:22.183 63197 INFO tempest.lib.common.rest_client [req-0ecab3cf-cd37-4819-8b4d-0fa02853ae69 req-0ecab3cf-cd37-4819-8b4d-0fa02853ae69 ] Request (ServersAaction247Test:tearDownClass): 200 GET http://10.180.1.21/compute/v2.1/servers/dc025711-45be-49b6-a765-f7687b94e6a1 0.081s
2024-10-10 21:32:22.245 63207 INFO tempest.lib.common.rest_client [req-40af398f-fa78-4db8-a6f2-7fc6e89a6529 req-40af398f-fa78-4db8-a6f2-7fc6e89a6529 ] Request (ServerPasswordTestJSON:setUpClass): 200 GET http://10.180.1.21/compute/v2.1/servers/d3559857-e983-4790-8283-05aa02437723 0.123s
2024-10-10 21:32:22.298 63195 INFO tempest.lib.common.rest_client [req-1e73944a-8a26-482c-958f-804f9dfa3d23 req-1e73944a-8a26-482c-958f-804f9dfa3d23 ] Request (ServerShowV254Test:test_rebuild_server): 200 GET http://10.180.1.21/compute/v2.1/servers/f075161d-7447-4601-a06c-514fc4dd2eb9 0.132s
2024-10-10 21:32:22.354 63191 INFO tempest.lib.common.rest_client [req-40b04ac3-b68f-4cdc-be22-3f032510def3 req-40b04ac3-b68f-4cdc-be22-3f032510def3 ] Request (ServersV294TestFqdnHostnames:setUpClass): 200 GET http://10.180.1.21/compute/v2.1/servers/4bc891c1-e7e1-4196-9770-9bb42ed7499c 0.161s
2024-10-10 21:32:22.355 63239 INFO tempest.lib.common.rest_client [req-23870bfc-87f5-4c62-a1ac-d823d5a5b0d5 req-23870bfc-87f5-4c62-a1ac-d823d5a5b0d5 ] Request (ServersTestJSON:setUpClass): 204 DELETE http://10.180.1.21/compute/v2.1/servers/6ac19031-ac4e-4061-bbfd-75bd5c90803a 0.250s
2024-10-10 21:32:22.415 63235 INFO tempest.lib.common.rest_client [req-6e403c4d-c806-4250-be18-491f2f85acd9 req-6e403c4d-c806-4250-be18-491f2f85acd9 ] Request (SecurityGroupsTestJSON:test_server_security_groups): 200 GET http://10.180.1.21/compute/v2.1/servers/879dc564-0a5e-48aa-92ff-b02435445a68 0.188s
2024-10-10 21:32:22.425 63187 INFO tempest.lib.common.rest_client [req-ee113644-0784-48b8-9c16-e3ef71a2ecf2 req-ee113644-0784-48b8-9c16-e3ef71a2ecf2 ] Request (VolumesAdminNegativeTest:test_update_attached_volume_with_nonexistent_volume_in_body): 200 GET http://10.180.1.21/compute/v2.1/servers/dd88d70d-17a3-4059-9092-5d6cec8b1ae4 0.182s
2024-10-10 21:32:22.472 63233 INFO tempest.lib.common.rest_client [req-7d4c430c-bf6e-454a-9802-c0d37651363c req-7d4c430c-bf6e-454a-9802-c0d37651363c ] Request (ServerDiagnosticsV248Test:test_get_server_diagnostics): 200 GET http://10.180.1.21/compute/v2.1/servers/80a30ea8-e260-4b92-9099-be374333896f 0.183s
2024-10-10 21:32:22.478 63221 INFO tempest.lib.common.rest_client [req-c0789b4f-0543-4728-9513-2aa15bc4a027 req-c0789b4f-0543-4728-9513-2aa15bc4a027 ] Request (ServerAddressesNegativeTestJSON:setUpClass): 200 GET http://10.180.1.21/compute/v2.1/servers/5922d142-0b6f-4479-abcb-0c067a1ef837 0.187s
2024-10-10 21:32:22.498 63239 INFO tempest.lib.common.rest_client [req-cafdb358-ff1c-4e4a-848f-cede653a1776 req-cafdb358-ff1c-4e4a-848f-cede653a1776 ] Request (ServersTestJSON:setUpClass): 404 GET http://10.180.1.21/compute/v2.1/servers/6ac19031-ac4e-4061-bbfd-75bd5c90803a 0.142s
2024-10-10 21:32:22.498 63239 INFO tempest.test [-] raised in ServersTestJSON.setUpClass. Invoking tearDownClass.
2024-10-10 21:32:22.526 63205 INFO tempest.lib.common.rest_client [req-4720e9e4-75b6-4e6d-833f-babc5dc3dca2 req-4720e9e4-75b6-4e6d-833f-babc5dc3dca2 ] Request (InstanceActionsNegativeTestJSON:setUpClass): 200 GET http://10.180.1.21/compute/v2.1/servers/0cdbad9a-9d52-45b0-8267-e181a5d38134 0.189s
2024-10-10 21:32:22.558 63223 INFO tempest.lib.common.rest_client [req-04b66413-f81a-45d8-bd0c-73081d94fe69 req-04b66413-f81a-45d8-bd0c-73081d94fe69 ] Request (ImagesTestJSON:test_create_image_from_suspended_server): 200 GET http://10.180.1.21/compute/v2.1/servers/3516272a-9ebd-413e-9b88-1a5c83b50f61 0.200s
2024-10-10 21:32:22.605 63249 INFO tempest.lib.common.rest_client [req-8a2669d6-f0a9-49b5-8194-c26bad842a30 req-8a2669d6-f0a9-49b5-8194-c26bad842a30 ] Request (ImagesOneServerTestJSON:setUpClass): 200 GET http://10.180.1.21/compute/v2.1/servers/da96503a-8ae8-4b68-a782-631ee98754f7 0.128s
2024-10-10 21:32:22.626 63239 INFO tempest.lib.common.rest_client [req-d01e3d8e-9027-48ca-a53e-0fe19af26bd2 req-d01e3d8e-9027-48ca-a53e-0fe19af26bd2 ] Request (ServersTestJSON:tearDownClass): 202 DELETE http://10.180.1.21/compute/v2.1/os-keypairs/tempest-keypair-2005031386 0.126s
2024-10-10 21:32:22.631 63189 INFO tempest.lib.common.rest_client [req-3e007d56-cd33-4636-9b6f-5031c6827995 req-3e007d56-cd33-4636-9b6f-5031c6827995 ] Request (ServersAdmin275Test:test_rebuild_update_server_275): 200 GET http://10.180.1.21/compute/v2.1/servers/472e60f1-9b6c-415e-8a92-19235ad2e547 0.135s
2024-10-10 21:32:22.695 63217 INFO tempest.lib.common.rest_client [req-eeb31809-4f17-46ec-9f66-700f067d72f0 req-eeb31809-4f17-46ec-9f66-700f067d72f0 ] Request (AttachInterfacesTestJSON:test_create_list_show_delete_interfaces_by_network_port): 200 GET http://10.180.1.21/compute/v2.1/servers/f9ed97a4-ec32-415b-958e-d362b622b1d4 0.161s
2024-10-10 21:32:22.705 63209 INFO tempest.lib.common.rest_client [req-676d8e7b-e5f8-4fa9-b5ec-00300006fe77 req-676d8e7b-e5f8-4fa9-b5ec-00300006fe77 ] Request (InstanceActionsTestJSON:setUpClass): 200 GET http://10.180.1.21/compute/v2.1/servers/7f77fa00-27be-4a75-aac0-e1918f817837 0.150s
2024-10-10 21:32:22.770 63203 INFO tempest.lib.common.rest_client [req-bb3c407e-2fd9-4643-aa4c-05ef48cf5be8 req-bb3c407e-2fd9-4643-aa4c-05ef48cf5be8 ] Request (ServersAdminTestJSON:setUpClass): 200 GET http://10.180.1.21/compute/v2.1/servers/4c6f81ba-85f5-4ad8-a3c8-57867c613baa 0.133s
2024-10-10 21:32:22.783 63243 INFO tempest.lib.common.rest_client [req-f14e3798-f753-4a45-a1e3-19ee8b2627aa req-f14e3798-f753-4a45-a1e3-19ee8b2627aa ] Request (FloatingIPsAssociationNegativeTestJSON:tearDownClass): 204 DELETE http://10.180.1.21:9696/networking/v2.0/routers/387f1eae-c46c-4916-beb6-6e36b69a99a2 0.720s
2024-10-10 21:32:22.787 63241 INFO tempest.lib.common.rest_client [req-623f886e-138e-45cf-9847-e69860a18244 req-623f886e-138e-45cf-9847-e69860a18244 ] Request (ServerTagsTestJSON:setUpClass): 200 GET http://10.180.1.21/compute/v2.1/servers/1ed9de84-6178-4173-84ad-dc115be7a1fa 0.177s
2024-10-10 21:32:22.806 63239 INFO tempest.lib.common.rest_client [req-38b1c537-2d40-4bb8-8603-5c7cd9ad99d3 req-38b1c537-2d40-4bb8-8603-5c7cd9ad99d3 ] Request (ServersTestJSON:tearDownClass): 204 DELETE http://10.180.1.21:9696/networking/v2.0/security-groups/a073bfb8-b981-4f0a-8686-42ef8cab9ebb 0.180s
2024-10-10 21:32:22.815 63239 INFO tempest.lib.common.rest_client [req-5aa67688-824d-4faf-b147-d4658a268737 req-5aa67688-824d-4faf-b147-d4658a268737 ] Request (ServersTestJSON:tearDownClass): 404 GET http://10.180.1.21:9696/networking/v2.0/security-groups/a073bfb8-b981-4f0a-8686-42ef8cab9ebb 0.008s
2024-10-10 21:32:22.909 63245 INFO tempest.lib.common.rest_client [req-6a71280b-8c3f-4812-9637-f6fe70909f94 req-6a71280b-8c3f-4812-9637-f6fe70909f94 ] Request (ServersNegativeTestMultiTenantJSON:setUpClass): 200 GET http://10.180.1.21/compute/v2.1/servers/268e5249-0156-45dd-bbbd-10105d16f269 0.063s
2024-10-10 21:32:22.931 63219 INFO tempest.lib.common.rest_client [req-6bbd98b3-aabb-4992-988a-52de28d56736 req-6bbd98b3-aabb-4992-988a-52de28d56736 ] Request (AttachInterfacesUnderV243Test:test_add_remove_fixed_ip): 200 GET http://10.180.1.21/compute/v2.1/servers/a458a658-96f3-41b2-a9ee-2a6dd52bfeb4 0.081s
2024-10-10 21:32:22.976 63243 INFO tempest.lib.common.rest_client [req-3b83e857-f8e5-4e13-8161-10729d54b0f5 req-3b83e857-f8e5-4e13-8161-10729d54b0f5 ] Request (FloatingIPsAssociationNegativeTestJSON:tearDownClass): 204 DELETE http://10.180.1.21:9696/networking/v2.0/subnets/2ba801a4-7c8b-4de0-ac66-43a9e60404ae 0.192s
2024-10-10 21:32:22.980 63237 INFO tempest.lib.common.rest_client [req-0a274aaf-0f39-4cd8-bc78-84840e09a8ac req-0a274aaf-0f39-4cd8-bc78-84840e09a8ac ] Request (ServersTestJSON:test_create_server_specify_multibyte_character_name): 200 GET http://10.180.1.21/compute/v2.1/servers/b7a5eeff-39b3-4e9a-956b-bcbd4492c3f6 0.076s
2024-10-10 21:32:22.987 63215 INFO tempest.lib.common.rest_client [req-20ff5551-1e50-4fbe-aaef-07d1058cf5cf req-20ff5551-1e50-4fbe-aaef-07d1058cf5cf ] Request (ListServersNegativeTestJSON:setUpClass): 200 GET http://10.180.1.21/compute/v2.1/servers/7419de8d-5198-4152-a410-818af9c3b8e2 0.070s
2024-10-10 21:32:22.994 63215 INFO tempest.common.waiters [-] State transition "BUILD/scheduling" ==> "BUILD/None" after 64 second wait
2024-10-10 21:32:23.036 63193 INFO tempest.lib.common.rest_client [req-b18fa4a1-7437-4282-89ec-758fed1ccd29 req-b18fa4a1-7437-4282-89ec-758fed1ccd29 ] Request (ServersNegativeTestJSON:setUpClass): 200 GET http://10.180.1.21/compute/v2.1/servers/ebff0c87-8e58-4a76-a350-43a3d660debd 0.071s
2024-10-10 21:32:23.063 63201 INFO tempest.lib.common.rest_client [req-11b6eda9-d1ff-4416-ad4b-593f520146a0 req-11b6eda9-d1ff-4416-ad4b-593f520146a0 ] Request (DeleteServersAdminTestJSON:test_delete_server_while_in_error_state): 200 GET http://10.180.1.21/compute/v2.1/servers/11139a80-26b2-4bc6-af91-18cd3adbe8fe 0.054s
2024-10-10 21:32:23.079 63239 INFO tempest.lib.common.rest_client [req-738f2de3-33ed-4dbe-a2f9-653b7b432831 req-738f2de3-33ed-4dbe-a2f9-653b7b432831 ] Request (ServersTestJSON:tearDownClass): 204 DELETE http://10.180.1.21:9696/networking/v2.0/floatingips/3d5f24db-b0b0-4fa6-b6b2-686b33b0c10a 0.263s
2024-10-10 21:32:23.088 63213 INFO tempest.lib.common.rest_client [req-06005308-5153-4509-ad32-85b145bde6ed req-06005308-5153-4509-ad32-85b145bde6ed ] Request (VolumesAssistedSnapshotsTest:tearDownClass): 200 PUT http://10.180.1.21:9696/networking/v2.0/routers/0c4138d5-b7d2-4a76-a852-f342bbbb49ad/remove_router_interface 1.149s
2024-10-10 21:32:23.177 63226 INFO tempest.lib.common.rest_client [req-5d80debd-3879-425f-8434-81459bef9c60 req-5d80debd-3879-425f-8434-81459bef9c60 ] Request (MigrationsAdminTest:test_resize_server_revert_deleted_flavor): 200 GET http://10.180.1.21/compute/v2.1/servers/9979dd1d-9e99-47cf-a81a-fd7d89531f51 0.070s
2024-10-10 21:32:23.220 63211 INFO tempest.lib.common.rest_client [req-597b111d-5bb6-48ad-8ed5-87e5ae19ab34 req-597b111d-5bb6-48ad-8ed5-87e5ae19ab34 ] Request (ServersTestBootFromVolume:setUpClass): 200 GET http://10.180.1.21/compute/v2.1/servers/3822c92d-560b-4d61-92e9-7c694bc7a33a 0.075s
2024-10-10 21:32:23.287 63197 INFO tempest.lib.common.rest_client [req-7f9f9592-3838-4061-9a5c-a63caa013cda req-7f9f9592-3838-4061-9a5c-a63caa013cda ] Request (ServersAaction247Test:tearDownClass): 200 GET http://10.180.1.21/compute/v2.1/servers/dc025711-45be-49b6-a765-f7687b94e6a1 0.095s
2024-10-10 21:32:23.320 63207 INFO tempest.lib.common.rest_client [req-76dc53e2-e681-48ee-87b1-a60aa00c08b2 req-76dc53e2-e681-48ee-87b1-a60aa00c08b2 ] Request (ServerPasswordTestJSON:setUpClass): 200 GET http://10.180.1.21/compute/v2.1/servers/d3559857-e983-4790-8283-05aa02437723 0.065s
2024-10-10 21:32:23.337 63243 INFO tempest.lib.common.rest_client [req-6974b8a3-c590-4591-ae89-bf2eec0733db req-6974b8a3-c590-4591-ae89-bf2eec0733db ] Request (FloatingIPsAssociationNegativeTestJSON:tearDownClass): 204 DELETE http://10.180.1.21:9696/networking/v2.0/networks/2a6f2a55-1a92-46b9-9100-413bf8b17206 0.360s
2024-10-10 21:32:23.375 63195 INFO tempest.lib.common.rest_client [req-40fc6032-122e-4cd7-ba3d-1617ca4ad48d req-40fc6032-122e-4cd7-ba3d-1617ca4ad48d ] Request (ServerShowV254Test:test_rebuild_server): 200 GET http://10.180.1.21/compute/v2.1/servers/f075161d-7447-4601-a06c-514fc4dd2eb9 0.065s
2024-10-10 21:32:23.384 63195 INFO tempest.common.waiters [-] State transition "BUILD/None" ==> "BUILD/networking" after 68 second wait
2024-10-10 21:32:23.437 63191 INFO tempest.lib.common.rest_client [req-263ecbb6-2b3f-4b88-a35a-1e6136e77589 req-263ecbb6-2b3f-4b88-a35a-1e6136e77589 ] Request (ServersV294TestFqdnHostnames:setUpClass): 200 GET http://10.180.1.21/compute/v2.1/servers/4bc891c1-e7e1-4196-9770-9bb42ed7499c 0.070s
2024-10-10 21:32:23.471 63243 INFO tempest.lib.common.rest_client [req-c83fa571-f59f-4db9-871c-466ae523539a req-c83fa571-f59f-4db9-871c-466ae523539a ] Request (FloatingIPsAssociationNegativeTestJSON:tearDownClass): 204 DELETE http://10.180.1.21/identity/v3/users/65821aa0b1224fcf8252fe74f1a49301 0.134s
2024-10-10 21:32:23.471 63243 INFO tempest.lib.common.dynamic_creds [-] Deleting project and security group for project: 650857e639404b50afe86add5a9b487c
2024-10-10 21:32:23.496 63235 INFO tempest.lib.common.rest_client [req-c5898b1b-d320-49ab-b474-9644b3ef82bf req-c5898b1b-d320-49ab-b474-9644b3ef82bf ] Request (SecurityGroupsTestJSON:test_server_security_groups): 200 GET http://10.180.1.21/compute/v2.1/servers/879dc564-0a5e-48aa-92ff-b02435445a68 0.073s
2024-10-10 21:32:23.500 63187 INFO tempest.lib.common.rest_client [req-cfe08da2-97bf-4a10-950d-560520c1c629 req-cfe08da2-97bf-4a10-950d-560520c1c629 ] Request (VolumesAdminNegativeTest:test_update_attached_volume_with_nonexistent_volume_in_body): 200 GET http://10.180.1.21/compute/v2.1/servers/dd88d70d-17a3-4059-9092-5d6cec8b1ae4 0.064s
2024-10-10 21:32:23.545 63243 INFO tempest.lib.common.rest_client [req-f6fddc34-09f6-4062-a52d-4c123fe70cab req-f6fddc34-09f6-4062-a52d-4c123fe70cab ] Request (FloatingIPsAssociationNegativeTestJSON:tearDownClass): 200 GET http://10.180.1.21:9696/networking/v2.0/security-groups?tenant_id=650857e639404b50afe86add5a9b487c&name=default 0.073s
2024-10-10 21:32:23.558 63213 INFO tempest.lib.common.rest_client [req-dd7862d5-ce35-4cd3-a6a4-782eb74bc6cb req-dd7862d5-ce35-4cd3-a6a4-782eb74bc6cb ] Request (VolumesAssistedSnapshotsTest:tearDownClass): 204 DELETE http://10.180.1.21:9696/networking/v2.0/routers/0c4138d5-b7d2-4a76-a852-f342bbbb49ad 0.469s
2024-10-10 21:32:23.566 63221 INFO tempest.lib.common.rest_client [req-cffba978-7696-4afc-9ec2-0baa3972360c req-cffba978-7696-4afc-9ec2-0baa3972360c ] Request (ServerAddressesNegativeTestJSON:setUpClass): 200 GET http://10.180.1.21/compute/v2.1/servers/5922d142-0b6f-4479-abcb-0c067a1ef837 0.077s
2024-10-10 21:32:23.567 63233 INFO tempest.lib.common.rest_client [req-80e3a284-7389-4bb9-8803-de28bfad499e req-80e3a284-7389-4bb9-8803-de28bfad499e ] Request (ServerDiagnosticsV248Test:test_get_server_diagnostics): 200 GET http://10.180.1.21/compute/v2.1/servers/80a30ea8-e260-4b92-9099-be374333896f 0.087s
2024-10-10 21:32:23.637 63205 INFO tempest.lib.common.rest_client [req-e1b3db5c-6966-46b0-8b8d-c80096e02926 req-e1b3db5c-6966-46b0-8b8d-c80096e02926 ] Request (InstanceActionsNegativeTestJSON:setUpClass): 200 GET http://10.180.1.21/compute/v2.1/servers/0cdbad9a-9d52-45b0-8267-e181a5d38134 0.103s
2024-10-10 21:32:23.639 63223 INFO tempest.lib.common.rest_client [req-1978935a-b0b7-4927-be5c-6e064fbf22bc req-1978935a-b0b7-4927-be5c-6e064fbf22bc ] Request (ImagesTestJSON:test_create_image_from_suspended_server): 200 GET http://10.180.1.21/compute/v2.1/servers/3516272a-9ebd-413e-9b88-1a5c83b50f61 0.071s
2024-10-10 21:32:23.692 63243 INFO tempest.lib.common.rest_client [req-22f9a105-4f0b-4561-b2b6-38481b78d071 req-22f9a105-4f0b-4561-b2b6-38481b78d071 ] Request (FloatingIPsAssociationNegativeTestJSON:tearDownClass): 204 DELETE http://10.180.1.21:9696/networking/v2.0/security-groups/5bc2e062-9606-4fec-9f12-ae78f9fd7420 0.146s
2024-10-10 21:32:23.706 63249 INFO tempest.lib.common.rest_client [req-cc7d9043-74dc-4ecb-ae97-ba4a0789a1d3 req-cc7d9043-74dc-4ecb-ae97-ba4a0789a1d3 ] Request (ImagesOneServerTestJSON:setUpClass): 200 GET http://10.180.1.21/compute/v2.1/servers/da96503a-8ae8-4b68-a782-631ee98754f7 0.093s
2024-10-10 21:32:23.719 63189 INFO tempest.lib.common.rest_client [req-40c5fac3-d021-4057-b065-906e133cdc8a req-40c5fac3-d021-4057-b065-906e133cdc8a ] Request (ServersAdmin275Test:test_rebuild_update_server_275): 200 GET http://10.180.1.21/compute/v2.1/servers/472e60f1-9b6c-415e-8a92-19235ad2e547 0.074s
2024-10-10 21:32:23.750 63213 INFO tempest.lib.common.rest_client [req-cdc7d4bd-bdfa-4fdc-bf7d-2de915358b0f req-cdc7d4bd-bdfa-4fdc-bf7d-2de915358b0f ] Request (VolumesAssistedSnapshotsTest:tearDownClass): 204 DELETE http://10.180.1.21:9696/networking/v2.0/subnets/0f5c42fc-81e3-4324-b94d-c4cd6efbba0f 0.192s
2024-10-10 21:32:23.770 63217 INFO tempest.lib.common.rest_client [req-fc1b0fd4-63a4-4009-879a-0f12dbdd8969 req-fc1b0fd4-63a4-4009-879a-0f12dbdd8969 ] Request (AttachInterfacesTestJSON:test_create_list_show_delete_interfaces_by_network_port): 200 GET http://10.180.1.21/compute/v2.1/servers/f9ed97a4-ec32-415b-958e-d362b622b1d4 0.067s
2024-10-10 21:32:23.785 63209 INFO tempest.lib.common.rest_client [req-d507970f-633b-4745-8216-76d7b467f934 req-d507970f-633b-4745-8216-76d7b467f934 ] Request (InstanceActionsTestJSON:setUpClass): 200 GET http://10.180.1.21/compute/v2.1/servers/7f77fa00-27be-4a75-aac0-e1918f817837 0.072s
2024-10-10 21:32:23.799 63243 INFO tempest.lib.common.rest_client [req-5d6b6f0c-a27c-4cc2-bc6c-29678fce520c req-5d6b6f0c-a27c-4cc2-bc6c-29678fce520c ] Request (FloatingIPsAssociationNegativeTestJSON:tearDownClass): 204 DELETE http://10.180.1.21/identity/v3/projects/650857e639404b50afe86add5a9b487c 0.107s
2024-10-10 21:32:23.863 63203 INFO tempest.lib.common.rest_client [req-8f31eb23-4130-4430-872e-594c791238e7 req-8f31eb23-4130-4430-872e-594c791238e7 ] Request (ServersAdminTestJSON:setUpClass): 200 GET http://10.180.1.21/compute/v2.1/servers/4c6f81ba-85f5-4ad8-a3c8-57867c613baa 0.085s
2024-10-10 21:32:23.865 63241 INFO tempest.lib.common.rest_client [req-98631aec-c270-4b7e-b9d5-67d983b540eb req-98631aec-c270-4b7e-b9d5-67d983b540eb ] Request (ServerTagsTestJSON:setUpClass): 200 GET http://10.180.1.21/compute/v2.1/servers/1ed9de84-6178-4173-84ad-dc115be7a1fa 0.067s
2024-10-10 21:32:23.883 63243 INFO tempest.lib.common.rest_client [req-f1b6d0f6-5d2a-4560-8b19-6989991dc4d6 req-f1b6d0f6-5d2a-4560-8b19-6989991dc4d6 ] Request (MultipleCreateTestJSON:setUpClass): 201 POST http://10.180.1.21/identity/v3/auth/tokens 0.075s
2024-10-10 21:32:23.911 63243 INFO tempest.lib.common.rest_client [req-23041fb9-c978-4e17-8ffa-78582b25d229 req-23041fb9-c978-4e17-8ffa-78582b25d229 ] Request (MultipleCreateTestJSON:setUpClass): 201 POST http://10.180.1.21/identity/v3/auth/tokens 0.024s
2024-10-10 21:32:23.932 63243 INFO tempest.lib.common.rest_client [req-b180faee-1832-477c-842b-c5ca645108d4 req-b180faee-1832-477c-842b-c5ca645108d4 ] Request (MultipleCreateTestJSON:setUpClass): 200 GET http://10.180.1.21/identity/v3/domains?name=Default 0.020s
2024-10-10 21:32:23.974 63243 INFO tempest.lib.common.rest_client [req-5e59342c-d28a-4264-956e-efcdeda61c2e req-5e59342c-d28a-4264-956e-efcdeda61c2e ] Request (MultipleCreateTestJSON:setUpClass): 201 POST http://10.180.1.21/identity/v3/projects 0.041s
2024-10-10 21:32:23.974 63245 INFO tempest.lib.common.rest_client [req-52cf84a3-1c7f-4088-95a0-cc2a71c9e282 req-52cf84a3-1c7f-4088-95a0-cc2a71c9e282 ] Request (ServersNegativeTestMultiTenantJSON:setUpClass): 200 GET http://10.180.1.21/compute/v2.1/servers/268e5249-0156-45dd-bbbd-10105d16f269 0.057s
2024-10-10 21:32:24.000 63219 INFO tempest.lib.common.rest_client [req-81066ce8-494d-4e8f-8b1d-a0bc1cbe584b req-81066ce8-494d-4e8f-8b1d-a0bc1cbe584b ] Request (AttachInterfacesUnderV243Test:test_add_remove_fixed_ip): 200 GET http://10.180.1.21/compute/v2.1/servers/a458a658-96f3-41b2-a9ee-2a6dd52bfeb4 0.058s
2024-10-10 21:32:24.008 63213 INFO tempest.lib.common.rest_client [req-0ada808a-9e27-4540-afa1-8613ddb30bc4 req-0ada808a-9e27-4540-afa1-8613ddb30bc4 ] Request (VolumesAssistedSnapshotsTest:tearDownClass): 204 DELETE http://10.180.1.21:9696/networking/v2.0/networks/0f6563b9-b710-450d-be94-d14d03032a41 0.257s
2024-10-10 21:32:24.021 63239 INFO tempest.lib.common.rest_client [req-b09e8224-9588-4dd1-87c2-15af00ae993d req-b09e8224-9588-4dd1-87c2-15af00ae993d ] Request (ServersTestJSON:tearDownClass): 200 PUT http://10.180.1.21:9696/networking/v2.0/routers/7f5ffbfc-981b-4232-9447-4430c9137065/remove_router_interface 0.942s
2024-10-10 21:32:24.048 63243 INFO tempest.lib.common.rest_client [req-4c93024e-db7d-4094-8353-1cd6386b2c58 req-4c93024e-db7d-4094-8353-1cd6386b2c58 ] Request (MultipleCreateTestJSON:setUpClass): 201 POST http://10.180.1.21/identity/v3/users 0.074s
2024-10-10 21:32:24.060 63237 INFO tempest.lib.common.rest_client [req-410517f6-bdbf-4a09-8c79-ec9ed18f476f req-410517f6-bdbf-4a09-8c79-ec9ed18f476f ] Request (ServersTestJSON:test_create_server_specify_multibyte_character_name): 200 GET http://10.180.1.21/compute/v2.1/servers/b7a5eeff-39b3-4e9a-956b-bcbd4492c3f6 0.072s
2024-10-10 21:32:24.063 63215 INFO tempest.lib.common.rest_client [req-892f0848-e7f0-42bb-8915-8179d3f650a3 req-892f0848-e7f0-42bb-8915-8179d3f650a3 ] Request (ListServersNegativeTestJSON:setUpClass): 200 GET http://10.180.1.21/compute/v2.1/servers/7419de8d-5198-4152-a410-818af9c3b8e2 0.068s
2024-10-10 21:32:24.070 63243 INFO tempest.lib.common.rest_client [req-75867163-c7e1-4ad8-a6bc-d1ee7dcd4360 req-75867163-c7e1-4ad8-a6bc-d1ee7dcd4360 ] Request (MultipleCreateTestJSON:setUpClass): 200 GET http://10.180.1.21/identity/v3/roles 0.021s
2024-10-10 21:32:24.098 63243 INFO tempest.lib.common.rest_client [req-4006217e-f05d-42c8-84dc-4b79132c5af9 req-4006217e-f05d-42c8-84dc-4b79132c5af9 ] Request (MultipleCreateTestJSON:setUpClass): 204 PUT http://10.180.1.21/identity/v3/projects/eac1e69a14e94fb89ca59c8d0b5edfaf/users/8fdf784c61c44acc87d6fede9b4b150f/roles/16461bd6106e438eaf62fd631bc244af 0.026s
2024-10-10 21:32:24.098 63243 INFO tempest.lib.common.dynamic_creds [-] Dynamic test user 8fdf784c61c44acc87d6fede9b4b150f is created with scope project and roles: ['member']
2024-10-10 21:32:24.098 63243 INFO tempest.lib.common.dynamic_creds [-] Acquired dynamic creds: credentials: Credentials: {'domain_id': 'default', 'domain_name': 'Default', 'username': 'tempest-MultipleCreateTestJSON-1978135428-project-member', 'project_domain_id': 'default', 'project_domain_name': 'Default', 'project_id': 'eac1e69a14e94fb89ca59c8d0b5edfaf', 'project_name': 'tempest-MultipleCreateTestJSON-1978135428', 'tenant_id': 'eac1e69a14e94fb89ca59c8d0b5edfaf', 'tenant_name': 'tempest-MultipleCreateTestJSON-1978135428', 'user_domain_id': 'default', 'user_domain_name': 'Default', 'user_id': '8fdf784c61c44acc87d6fede9b4b150f', 'system': None}, Network: None, Subnet: None, Router: None
2024-10-10 21:32:24.113 63193 INFO tempest.lib.common.rest_client [req-d14b0e85-7a7c-402f-ab85-feb8dfe392b3 req-d14b0e85-7a7c-402f-ab85-feb8dfe392b3 ] Request (ServersNegativeTestJSON:setUpClass): 200 GET http://10.180.1.21/compute/v2.1/servers/ebff0c87-8e58-4a76-a350-43a3d660debd 0.071s
2024-10-10 21:32:24.114 63213 INFO tempest.lib.common.rest_client [req-46a4c876-4ecd-443a-8531-c947ecfcf2b0 req-46a4c876-4ecd-443a-8531-c947ecfcf2b0 ] Request (VolumesAssistedSnapshotsTest:tearDownClass): 204 DELETE http://10.180.1.21/identity/v3/users/ae9497b02c4541f1975667d96cbc07fc 0.106s
2024-10-10 21:32:24.123 63201 INFO tempest.lib.common.rest_client [req-20c01acb-b27e-40c5-96f9-e879f3036136 req-20c01acb-b27e-40c5-96f9-e879f3036136 ] Request (DeleteServersAdminTestJSON:test_delete_server_while_in_error_state): 200 GET http://10.180.1.21/compute/v2.1/servers/11139a80-26b2-4bc6-af91-18cd3adbe8fe 0.052s
2024-10-10 21:32:24.160 63243 INFO tempest.lib.common.rest_client [req-d7774259-8dbe-41ed-88f6-70692e1640f3 req-d7774259-8dbe-41ed-88f6-70692e1640f3 ] Request (MultipleCreateTestJSON:setUpClass): 201 POST http://10.180.1.21/identity/v3/auth/tokens 0.061s
2024-10-10 21:32:24.197 63213 INFO tempest.lib.common.rest_client [req-24ffefd1-df8d-4c9c-b55d-3d7d60e7bbd9 req-24ffefd1-df8d-4c9c-b55d-3d7d60e7bbd9 ] Request (VolumesAssistedSnapshotsTest:tearDownClass): 204 DELETE http://10.180.1.21/identity/v3/users/139a73d4f8da4a9db03235d46fe19867 0.082s
2024-10-10 21:32:24.246 63226 INFO tempest.lib.common.rest_client [req-60c3b6d8-b1b3-43d2-8f13-4d82cfb11f6c req-60c3b6d8-b1b3-43d2-8f13-4d82cfb11f6c ] Request (MigrationsAdminTest:test_resize_server_revert_deleted_flavor): 200 GET http://10.180.1.21/compute/v2.1/servers/9979dd1d-9e99-47cf-a81a-fd7d89531f51 0.058s
2024-10-10 21:32:24.288 63213 INFO tempest.lib.common.rest_client [req-4d3871a9-ead9-4e25-8df5-97e12cf77226 req-4d3871a9-ead9-4e25-8df5-97e12cf77226 ] Request (VolumesAssistedSnapshotsTest:tearDownClass): 204 DELETE http://10.180.1.21/identity/v3/users/1c3bc2c214ea46fd8d87470b71bb24c0 0.090s
2024-10-10 21:32:24.288 63213 INFO tempest.lib.common.dynamic_creds [-] Deleting project and security group for project: 9b09eb40075245ccae5d3aa8ca182e04
2024-10-10 21:32:24.291 63211 INFO tempest.lib.common.rest_client [req-9dfb3c3e-43b4-4574-8729-86d25d4aca66 req-9dfb3c3e-43b4-4574-8729-86d25d4aca66 ] Request (ServersTestBootFromVolume:setUpClass): 200 GET http://10.180.1.21/compute/v2.1/servers/3822c92d-560b-4d61-92e9-7c694bc7a33a 0.061s
2024-10-10 21:32:24.351 63213 INFO tempest.lib.common.rest_client [req-6997ffdf-b423-40a5-887b-1aa3c528b496 req-6997ffdf-b423-40a5-887b-1aa3c528b496 ] Request (VolumesAssistedSnapshotsTest:tearDownClass): 200 GET http://10.180.1.21:9696/networking/v2.0/security-groups?tenant_id=9b09eb40075245ccae5d3aa8ca182e04&name=default 0.062s
2024-10-10 21:32:24.369 63197 INFO tempest.lib.common.rest_client [req-188e6ad3-0367-42ce-b48b-fe7475051d7f req-188e6ad3-0367-42ce-b48b-fe7475051d7f ] Request (ServersAaction247Test:tearDownClass): 200 GET http://10.180.1.21/compute/v2.1/servers/dc025711-45be-49b6-a765-f7687b94e6a1 0.072s
2024-10-10 21:32:24.388 63207 INFO tempest.lib.common.rest_client [req-278f32a5-ab60-4089-aee6-2957d9c6ae82 req-278f32a5-ab60-4089-aee6-2957d9c6ae82 ] Request (ServerPasswordTestJSON:setUpClass): 200 GET http://10.180.1.21/compute/v2.1/servers/d3559857-e983-4790-8283-05aa02437723 0.058s
2024-10-10 21:32:24.453 63195 INFO tempest.lib.common.rest_client [req-5a800ee0-a9d7-4b1f-8589-0518c8c015e8 req-5a800ee0-a9d7-4b1f-8589-0518c8c015e8 ] Request (ServerShowV254Test:test_rebuild_server): 200 GET http://10.180.1.21/compute/v2.1/servers/f075161d-7447-4601-a06c-514fc4dd2eb9 0.067s
2024-10-10 21:32:24.462 63195 INFO tempest.common.waiters [-] State transition "BUILD/networking" ==> "BUILD/block_device_mapping" after 69 second wait
2024-10-10 21:32:24.492 63213 INFO tempest.lib.common.rest_client [req-ef400b87-04a6-4c86-8364-639700ead2b9 req-ef400b87-04a6-4c86-8364-639700ead2b9 ] Request (VolumesAssistedSnapshotsTest:tearDownClass): 204 DELETE http://10.180.1.21:9696/networking/v2.0/security-groups/61bdc1b2-cd05-4826-9dcf-e49607511636 0.140s
2024-10-10 21:32:24.516 63243 INFO tempest.lib.common.rest_client [req-6d26ded0-cf0e-4729-9169-006b502273ed req-6d26ded0-cf0e-4729-9169-006b502273ed ] Request (MultipleCreateTestJSON:setUpClass): 201 POST http://10.180.1.21:9696/networking/v2.0/networks 0.355s
2024-10-10 21:32:24.529 63191 INFO tempest.lib.common.rest_client [req-d486d8de-bb07-484b-9e01-01622ea079d9 req-d486d8de-bb07-484b-9e01-01622ea079d9 ] Request (ServersV294TestFqdnHostnames:setUpClass): 200 GET http://10.180.1.21/compute/v2.1/servers/4bc891c1-e7e1-4196-9770-9bb42ed7499c 0.082s
2024-10-10 21:32:24.580 63235 INFO tempest.lib.common.rest_client [req-95d0bf92-a72e-4a4c-af68-fec3cf9a3587 req-95d0bf92-a72e-4a4c-af68-fec3cf9a3587 ] Request (SecurityGroupsTestJSON:test_server_security_groups): 200 GET http://10.180.1.21/compute/v2.1/servers/879dc564-0a5e-48aa-92ff-b02435445a68 0.076s
2024-10-10 21:32:24.596 63239 INFO tempest.lib.common.rest_client [req-3e8f8a7e-5b64-47d6-814e-2eb2f507e5ef req-3e8f8a7e-5b64-47d6-814e-2eb2f507e5ef ] Request (ServersTestJSON:tearDownClass): 204 DELETE http://10.180.1.21:9696/networking/v2.0/routers/7f5ffbfc-981b-4232-9447-4430c9137065 0.574s
2024-10-10 21:32:24.612 63187 INFO tempest.lib.common.rest_client [req-0fbeb6a0-5285-4cc0-a582-5a20b906045d req-0fbeb6a0-5285-4cc0-a582-5a20b906045d ] Request (VolumesAdminNegativeTest:test_update_attached_volume_with_nonexistent_volume_in_body): 200 GET http://10.180.1.21/compute/v2.1/servers/dd88d70d-17a3-4059-9092-5d6cec8b1ae4 0.104s
2024-10-10 21:32:24.654 63213 INFO tempest.lib.common.rest_client [req-ab37c73e-9695-4800-a83c-776563354e02 req-ab37c73e-9695-4800-a83c-776563354e02 ] Request (VolumesAssistedSnapshotsTest:tearDownClass): 204 DELETE http://10.180.1.21/identity/v3/projects/9b09eb40075245ccae5d3aa8ca182e04 0.162s
2024-10-10 21:32:24.654 63213 INFO tempest.lib.common.dynamic_creds [-] Deleting project and security group for project: 3f201e6ffcf2488f86643286c760426b
2024-10-10 21:32:24.663 63221 INFO tempest.lib.common.rest_client [req-4bebef5f-bbaa-49c1-acc5-8cf94f61b8f6 req-4bebef5f-bbaa-49c1-acc5-8cf94f61b8f6 ] Request (ServerAddressesNegativeTestJSON:setUpClass): 200 GET http://10.180.1.21/compute/v2.1/servers/5922d142-0b6f-4479-abcb-0c067a1ef837 0.088s
2024-10-10 21:32:24.697 63233 INFO tempest.lib.common.rest_client [req-f0cd54c1-aff7-418c-a1fc-f6452bf9163f req-f0cd54c1-aff7-418c-a1fc-f6452bf9163f ] Request (ServerDiagnosticsV248Test:test_get_server_diagnostics): 200 GET http://10.180.1.21/compute/v2.1/servers/80a30ea8-e260-4b92-9099-be374333896f 0.120s
2024-10-10 21:32:24.723 63223 INFO tempest.lib.common.rest_client [req-ac8bf0e4-526c-4c46-b71a-5da5eb0774a5 req-ac8bf0e4-526c-4c46-b71a-5da5eb0774a5 ] Request (ImagesTestJSON:test_create_image_from_suspended_server): 200 GET http://10.180.1.21/compute/v2.1/servers/3516272a-9ebd-413e-9b88-1a5c83b50f61 0.077s
2024-10-10 21:32:24.734 63213 INFO tempest.lib.common.rest_client [req-c5d2dd66-67c4-4698-8a3b-cbde67d6bc32 req-c5d2dd66-67c4-4698-8a3b-cbde67d6bc32 ] Request (VolumesAssistedSnapshotsTest:tearDownClass): 200 GET http://10.180.1.21:9696/networking/v2.0/security-groups?tenant_id=3f201e6ffcf2488f86643286c760426b&name=default 0.080s
2024-10-10 21:32:24.755 63239 INFO tempest.lib.common.rest_client [req-c74bd8eb-5136-448b-9d9c-7aea009af3e9 req-c74bd8eb-5136-448b-9d9c-7aea009af3e9 ] Request (ServersTestJSON:tearDownClass): 204 DELETE http://10.180.1.21:9696/networking/v2.0/subnets/3035a13c-835f-4679-be5f-3b4f9c922804 0.159s
2024-10-10 21:32:24.785 63205 INFO tempest.lib.common.rest_client [req-59234f3a-405d-437e-88dc-a8ff4e83d63b req-59234f3a-405d-437e-88dc-a8ff4e83d63b ] Request (InstanceActionsNegativeTestJSON:setUpClass): 200 GET http://10.180.1.21/compute/v2.1/servers/0cdbad9a-9d52-45b0-8267-e181a5d38134 0.136s
2024-10-10 21:32:24.789 63249 INFO tempest.lib.common.rest_client [req-16fa3097-f53d-4cf3-b006-84c2feeec525 req-16fa3097-f53d-4cf3-b006-84c2feeec525 ] Request (ImagesOneServerTestJSON:setUpClass): 200 GET http://10.180.1.21/compute/v2.1/servers/da96503a-8ae8-4b68-a782-631ee98754f7 0.075s
2024-10-10 21:32:24.856 63243 INFO tempest.lib.common.rest_client [req-f63ee5a5-4cf6-408f-8f36-a25e0b38a70b req-f63ee5a5-4cf6-408f-8f36-a25e0b38a70b ] Request (MultipleCreateTestJSON:setUpClass): 201 POST http://10.180.1.21:9696/networking/v2.0/subnets 0.338s
2024-10-10 21:32:24.856 63217 INFO tempest.lib.common.rest_client [req-a3ef38c8-9378-402b-b06f-abdb9e3e1910 req-a3ef38c8-9378-402b-b06f-abdb9e3e1910 ] Request (AttachInterfacesTestJSON:test_create_list_show_delete_interfaces_by_network_port): 200 GET http://10.180.1.21/compute/v2.1/servers/f9ed97a4-ec32-415b-958e-d362b622b1d4 0.073s
2024-10-10 21:32:24.868 63189 INFO tempest.lib.common.rest_client [req-5c323e0c-6c32-4681-bc43-648fc01eb6af req-5c323e0c-6c32-4681-bc43-648fc01eb6af ] Request (ServersAdmin275Test:test_rebuild_update_server_275): 200 GET http://10.180.1.21/compute/v2.1/servers/472e60f1-9b6c-415e-8a92-19235ad2e547 0.138s
2024-10-10 21:32:24.906 63209 INFO tempest.lib.common.rest_client [req-a903738c-9f85-46bb-8ce2-41083681ca3f req-a903738c-9f85-46bb-8ce2-41083681ca3f ] Request (InstanceActionsTestJSON:setUpClass): 200 GET http://10.180.1.21/compute/v2.1/servers/7f77fa00-27be-4a75-aac0-e1918f817837 0.111s
2024-10-10 21:32:24.926 63213 INFO tempest.lib.common.rest_client [req-2819943f-30dc-45d9-895e-bf1d89e433cb req-2819943f-30dc-45d9-895e-bf1d89e433cb ] Request (VolumesAssistedSnapshotsTest:tearDownClass): 204 DELETE http://10.180.1.21:9696/networking/v2.0/security-groups/b80c875a-4b10-4a1f-b385-947124bccec8 0.190s
2024-10-10 21:32:24.929 63203 INFO tempest.lib.common.rest_client [req-811ff2cb-aa99-4c01-84dd-d814cc0c065a req-811ff2cb-aa99-4c01-84dd-d814cc0c065a ] Request (ServersAdminTestJSON:setUpClass): 200 GET http://10.180.1.21/compute/v2.1/servers/4c6f81ba-85f5-4ad8-a3c8-57867c613baa 0.058s
2024-10-10 21:32:24.959 63241 INFO tempest.lib.common.rest_client [req-a79cb527-16bb-4253-9df8-257887a15811 req-a79cb527-16bb-4253-9df8-257887a15811 ] Request (ServerTagsTestJSON:setUpClass): 200 GET http://10.180.1.21/compute/v2.1/servers/1ed9de84-6178-4173-84ad-dc115be7a1fa 0.087s
2024-10-10 21:32:25.003 63239 INFO tempest.lib.common.rest_client [req-880e63f2-f377-4ea5-8bcc-e2c2ad46323f req-880e63f2-f377-4ea5-8bcc-e2c2ad46323f ] Request (ServersTestJSON:tearDownClass): 204 DELETE http://10.180.1.21:9696/networking/v2.0/networks/1f2b1d9f-8146-4b26-a3e2-a4d2adb33269 0.247s
2024-10-10 21:32:25.040 63213 INFO tempest.lib.common.rest_client [req-4662f846-75f8-42c7-a55c-777249226a2a req-4662f846-75f8-42c7-a55c-777249226a2a ] Request (VolumesAssistedSnapshotsTest:tearDownClass): 204 DELETE http://10.180.1.21/identity/v3/projects/3f201e6ffcf2488f86643286c760426b 0.111s
2024-10-10 21:32:25.040 63213 INFO tempest.lib.common.dynamic_creds [-] Deleting project and security group for project: 4b0130ba27a346689de1b666b3da2e59
2024-10-10 21:32:25.042 63245 INFO tempest.lib.common.rest_client [req-b3f6948d-f122-4d25-9f72-ba0cdba313a6 req-b3f6948d-f122-4d25-9f72-ba0cdba313a6 ] Request (ServersNegativeTestMultiTenantJSON:setUpClass): 200 GET http://10.180.1.21/compute/v2.1/servers/268e5249-0156-45dd-bbbd-10105d16f269 0.059s
2024-10-10 21:32:25.074 63213 INFO tempest.lib.common.rest_client [req-f658659f-0152-4087-97be-a7cc07644770 req-f658659f-0152-4087-97be-a7cc07644770 ] Request (VolumesAssistedSnapshotsTest:tearDownClass): 200 GET http://10.180.1.21:9696/networking/v2.0/security-groups?tenant_id=4b0130ba27a346689de1b666b3da2e59&name=default 0.033s
2024-10-10 21:32:25.078 63219 INFO tempest.lib.common.rest_client [req-c03029ad-9b45-45e8-ba67-1601ce6a0484 req-c03029ad-9b45-45e8-ba67-1601ce6a0484 ] Request (AttachInterfacesUnderV243Test:test_add_remove_fixed_ip): 200 GET http://10.180.1.21/compute/v2.1/servers/a458a658-96f3-41b2-a9ee-2a6dd52bfeb4 0.070s
2024-10-10 21:32:25.107 63239 INFO tempest.lib.common.rest_client [req-3d40ff6e-0b3b-4233-8e91-caecd55de224 req-3d40ff6e-0b3b-4233-8e91-caecd55de224 ] Request (ServersTestJSON:tearDownClass): 204 DELETE http://10.180.1.21/identity/v3/users/bbb9fc36c20a46ea866db9291e1df9f8 0.103s
2024-10-10 21:32:25.107 63239 INFO tempest.lib.common.dynamic_creds [-] Deleting project and security group for project: 5ef331636cec4936a90fb5bacf9bfa39
2024-10-10 21:32:25.129 63215 INFO tempest.lib.common.rest_client [req-1c70525b-f78e-45d9-8060-e2a32c8796b1 req-1c70525b-f78e-45d9-8060-e2a32c8796b1 ] Request (ListServersNegativeTestJSON:setUpClass): 200 GET http://10.180.1.21/compute/v2.1/servers/7419de8d-5198-4152-a410-818af9c3b8e2 0.058s
2024-10-10 21:32:25.136 63237 INFO tempest.lib.common.rest_client [req-1289aae4-0483-4cd4-bbe6-b9e021e4e4e1 req-1289aae4-0483-4cd4-bbe6-b9e021e4e4e1 ] Request (ServersTestJSON:test_create_server_specify_multibyte_character_name): 200 GET http://10.180.1.21/compute/v2.1/servers/b7a5eeff-39b3-4e9a-956b-bcbd4492c3f6 0.066s
2024-10-10 21:32:25.178 63239 INFO tempest.lib.common.rest_client [req-28f629a5-2c56-450d-abb4-4117df8bf1c1 req-28f629a5-2c56-450d-abb4-4117df8bf1c1 ] Request (ServersTestJSON:tearDownClass): 200 GET http://10.180.1.21:9696/networking/v2.0/security-groups?tenant_id=5ef331636cec4936a90fb5bacf9bfa39&name=default 0.071s
2024-10-10 21:32:25.180 63193 INFO tempest.lib.common.rest_client [req-a79bee49-2b8e-432c-914c-8c2411af22e6 req-a79bee49-2b8e-432c-914c-8c2411af22e6 ] Request (ServersNegativeTestJSON:setUpClass): 200 GET http://10.180.1.21/compute/v2.1/servers/ebff0c87-8e58-4a76-a350-43a3d660debd 0.059s
2024-10-10 21:32:25.189 63201 INFO tempest.lib.common.rest_client [req-663c3421-4788-4c58-b92d-e965f7776e2c req-663c3421-4788-4c58-b92d-e965f7776e2c ] Request (DeleteServersAdminTestJSON:test_delete_server_while_in_error_state): 200 GET http://10.180.1.21/compute/v2.1/servers/11139a80-26b2-4bc6-af91-18cd3adbe8fe 0.057s
2024-10-10 21:32:25.213 63213 INFO tempest.lib.common.rest_client [req-aaac39dc-3ef8-4541-842e-e85c1918c8d2 req-aaac39dc-3ef8-4541-842e-e85c1918c8d2 ] Request (VolumesAssistedSnapshotsTest:tearDownClass): 204 DELETE http://10.180.1.21:9696/networking/v2.0/security-groups/3ed5ec11-2270-4d18-a03d-7eaa7193d4b9 0.139s
2024-10-10 21:32:25.280 63239 INFO tempest.lib.common.rest_client [req-f41f2cf7-bbd4-4596-882d-9c975ec625e8 req-f41f2cf7-bbd4-4596-882d-9c975ec625e8 ] Request (ServersTestJSON:tearDownClass): 204 DELETE http://10.180.1.21:9696/networking/v2.0/security-groups/56ae8c6f-9f6b-42f1-9268-f4664cde12e8 0.102s
2024-10-10 21:32:25.312 63226 INFO tempest.lib.common.rest_client [req-f91847b0-c0f9-43d9-9705-b2a01d5704c8 req-f91847b0-c0f9-43d9-9705-b2a01d5704c8 ] Request (MigrationsAdminTest:test_resize_server_revert_deleted_flavor): 200 GET http://10.180.1.21/compute/v2.1/servers/9979dd1d-9e99-47cf-a81a-fd7d89531f51 0.057s
2024-10-10 21:32:25.324 63213 INFO tempest.lib.common.rest_client [req-5dcee710-8708-4a0c-b075-4f3491eb5233 req-5dcee710-8708-4a0c-b075-4f3491eb5233 ] Request (VolumesAssistedSnapshotsTest:tearDownClass): 204 DELETE http://10.180.1.21/identity/v3/projects/4b0130ba27a346689de1b666b3da2e59 0.110s
2024-10-10 21:32:25.352 63211 INFO tempest.lib.common.rest_client [req-df0a0914-0c13-4746-9566-12597dae5db3 req-df0a0914-0c13-4746-9566-12597dae5db3 ] Request (ServersTestBootFromVolume:setUpClass): 200 GET http://10.180.1.21/compute/v2.1/servers/3822c92d-560b-4d61-92e9-7c694bc7a33a 0.052s
2024-10-10 21:32:25.352 63239 INFO tempest.lib.common.rest_client [req-fde62d95-1d20-4739-9f6f-07a8bc2bb395 req-fde62d95-1d20-4739-9f6f-07a8bc2bb395 ] Request (ServersTestJSON:tearDownClass): 204 DELETE http://10.180.1.21/identity/v3/projects/5ef331636cec4936a90fb5bacf9bfa39 0.071s
2024-10-10 21:32:25.385 63213 INFO tempest.lib.common.rest_client [req-6322de40-3aef-4e60-abd6-89379ecfc414 req-6322de40-3aef-4e60-abd6-89379ecfc414 ] Request (FlavorsAccessNegativeTestJSON:setUpClass): 201 POST http://10.180.1.21/identity/v3/auth/tokens 0.059s
2024-10-10 21:32:25.412 63239 INFO tempest.lib.common.rest_client [req-60701ff4-6798-4c2d-98b8-f0d7d39033d3 req-60701ff4-6798-4c2d-98b8-f0d7d39033d3 ] Request (ServerActionsTestOtherA:setUpClass): 201 POST http://10.180.1.21/identity/v3/auth/tokens 0.055s
