2024-10-10 21:32:16.158 63237 INFO tempest.lib.common.rest_client [req-cee3bfa2-f8ba-42da-9b90-b6fe3e4b75f8 req-cee3bfa2-f8ba-42da-9b90-b6fe3e4b75f8 ] Request (ServersTestJSON:test_create_server_specify_multibyte_character_name): 200 GET http://10.180.1.21/compute/v2.1/servers/b7a5eeff-39b3-4e9a-956b-bcbd4492c3f6 0.144s
2024-10-10 21:32:16.170 63241 INFO tempest.lib.common.rest_client [req-abd8dea8-83a1-45ef-96ea-82aae43e18dc req-abd8dea8-83a1-45ef-96ea-82aae43e18dc ] Request (ServersAdminNegativeTestJSON:tearDownClass): 204 DELETE http://10.180.1.21:9696/networking/v2.0/security-groups/ebf189db-2756-4bfe-b4f9-3ec2f2e8aef7 0.093s
2024-10-10 21:32:16.194 63193 INFO tempest.lib.common.rest_client [req-2b98df3b-9db6-4a17-923e-e1b3b894c84f req-2b98df3b-9db6-4a17-923e-e1b3b894c84f ] Request (ServersNegativeTestJSON:setUpClass): 200 GET http://10.180.1.21/compute/v2.1/servers/ebff0c87-8e58-4a76-a350-43a3d660debd 0.088s
2024-10-10 21:32:16.211 63201 INFO tempest.lib.common.rest_client [req-b4ef6d55-5b0a-414e-b60c-c032765ea0db req-b4ef6d55-5b0a-414e-b60c-c032765ea0db ] Request (DeleteServersAdminTestJSON:test_delete_server_while_in_error_state): 200 GET http://10.180.1.21/compute/v2.1/servers/11139a80-26b2-4bc6-af91-18cd3adbe8fe 0.135s
2024-10-10 21:32:16.249 63239 INFO tempest.lib.common.rest_client [req-688a271b-a262-46dc-a4d5-762ced130d9a req-688a271b-a262-46dc-a4d5-762ced130d9a ] Request (ServersTestJSON:setUpClass): 200 GET http://10.180.1.21/compute/v2.1/servers/6ac19031-ac4e-4061-bbfd-75bd5c90803a 0.127s
2024-10-10 21:32:16.276 63226 INFO tempest.lib.common.rest_client [req-1864e7f3-c7d9-4e83-b686-294b0d6597cd req-1864e7f3-c7d9-4e83-b686-294b0d6597cd ] Request (MigrationsAdminTest:test_resize_server_revert_deleted_flavor): 200 GET http://10.180.1.21/compute/v2.1/servers/9979dd1d-9e99-47cf-a81a-fd7d89531f51 0.097s
2024-10-10 21:32:16.277 63241 INFO tempest.lib.common.rest_client [req-1ea3ee7c-fc7c-4d70-bac5-e27259fe72ab req-1ea3ee7c-fc7c-4d70-bac5-e27259fe72ab ] Request (ServersAdminNegativeTestJSON:tearDownClass): 204 DELETE http://10.180.1.21/identity/v3/projects/0bd4fcd3eb9744ad813c98deb07559a5 0.106s
2024-10-10 21:32:16.300 63197 INFO tempest.lib.common.rest_client [req-6f8338df-7243-4e7c-a95d-63d055f3e2bb req-6f8338df-7243-4e7c-a95d-63d055f3e2bb ] Request (ServersAaction247Test:tearDownClass): 200 GET http://10.180.1.21/compute/v2.1/servers/dc025711-45be-49b6-a765-f7687b94e6a1 0.057s
2024-10-10 21:32:16.329 63211 INFO tempest.lib.common.rest_client [req-98d922f4-f65e-4d36-bcbb-c47e70c0c0c5 req-98d922f4-f65e-4d36-bcbb-c47e70c0c0c5 ] Request (ServersTestBootFromVolume:setUpClass): 200 GET http://10.180.1.21/compute/v2.1/servers/3822c92d-560b-4d61-92e9-7c694bc7a33a 0.077s
2024-10-10 21:32:16.341 63241 INFO tempest.lib.common.rest_client [req-515f45dd-5d80-4b7f-abe7-5990c280f5e5 req-515f45dd-5d80-4b7f-abe7-5990c280f5e5 ] Request (ServerTagsTestJSON:setUpClass): 201 POST http://10.180.1.21/identity/v3/auth/tokens 0.060s
2024-10-10 21:32:16.362 63207 INFO tempest.lib.common.rest_client [req-986e7690-bb75-4cee-ac24-19e9b30a5f19 req-986e7690-bb75-4cee-ac24-19e9b30a5f19 ] Request (ServerPasswordTestJSON:setUpClass): 200 GET http://10.180.1.21/compute/v2.1/servers/d3559857-e983-4790-8283-05aa02437723 0.053s
2024-10-10 21:32:16.378 63241 INFO tempest.lib.common.rest_client [req-e880a18b-637a-4eba-831f-a6df79033134 req-e880a18b-637a-4eba-831f-a6df79033134 ] Request (ServerTagsTestJSON:setUpClass): 201 POST http://10.180.1.21/identity/v3/auth/tokens 0.033s
2024-10-10 21:32:16.384 63195 INFO tempest.lib.common.rest_client [req-0a8e5c8b-6248-4be0-b852-46bc995d3257 req-0a8e5c8b-6248-4be0-b852-46bc995d3257 ] Request (ServerShowV254Test:test_rebuild_server): 200 GET http://10.180.1.21/compute/v2.1/servers/f075161d-7447-4601-a06c-514fc4dd2eb9 0.065s
2024-10-10 21:32:16.400 63241 INFO tempest.lib.common.rest_client [req-2554ec09-9b4d-4db1-9d85-982aa708d5ec req-2554ec09-9b4d-4db1-9d85-982aa708d5ec ] Request (ServerTagsTestJSON:setUpClass): 200 GET http://10.180.1.21/identity/v3/domains?name=Default 0.021s
2024-10-10 21:32:16.424 63187 INFO tempest.lib.common.rest_client [req-d985a907-12c4-4933-a8bb-02068ea29372 req-d985a907-12c4-4933-a8bb-02068ea29372 ] Request (VolumesAdminNegativeTest:test_update_attached_volume_with_nonexistent_volume_in_body): 200 GET http://10.180.1.21/compute/v2.1/servers/dd88d70d-17a3-4059-9092-5d6cec8b1ae4 0.052s
2024-10-10 21:32:16.426 63241 INFO tempest.lib.common.rest_client [req-7d50af80-31ad-4906-a651-eeb75fdcf91f req-7d50af80-31ad-4906-a651-eeb75fdcf91f ] Request (ServerTagsTestJSON:setUpClass): 201 POST http://10.180.1.21/identity/v3/projects 0.026s
2024-10-10 21:32:16.453 63191 INFO tempest.lib.common.rest_client [req-912326ec-6649-4af9-ac8c-5a96f7f27ee1 req-912326ec-6649-4af9-ac8c-5a96f7f27ee1 ] Request (ServersV294TestFqdnHostnames:setUpClass): 200 GET http://10.180.1.21/compute/v2.1/servers/4bc891c1-e7e1-4196-9770-9bb42ed7499c 0.054s
2024-10-10 21:32:16.482 63235 INFO tempest.lib.common.rest_client [req-6a8fd696-39f2-4053-8d0d-6d31606a6f42 req-6a8fd696-39f2-4053-8d0d-6d31606a6f42 ] Request (SecurityGroupsTestJSON:test_server_security_groups): 200 GET http://10.180.1.21/compute/v2.1/servers/879dc564-0a5e-48aa-92ff-b02435445a68 0.047s
2024-10-10 21:32:16.483 63241 INFO tempest.lib.common.rest_client [req-efd853c3-aaa8-4489-91f1-8c5575a1ef25 req-efd853c3-aaa8-4489-91f1-8c5575a1ef25 ] Request (ServerTagsTestJSON:setUpClass): 201 POST http://10.180.1.21/identity/v3/users 0.056s
2024-10-10 21:32:16.506 63241 INFO tempest.lib.common.rest_client [req-1ea6e117-a811-48db-ba2e-1c02ccf64ed0 req-1ea6e117-a811-48db-ba2e-1c02ccf64ed0 ] Request (ServerTagsTestJSON:setUpClass): 200 GET http://10.180.1.21/identity/v3/roles 0.019s
2024-10-10 21:32:16.508 63233 INFO tempest.lib.common.rest_client [req-e558b9c9-3424-4751-8738-3cb3a129dfef req-e558b9c9-3424-4751-8738-3cb3a129dfef ] Request (ServerDiagnosticsV248Test:test_get_server_diagnostics): 200 GET http://10.180.1.21/compute/v2.1/servers/80a30ea8-e260-4b92-9099-be374333896f 0.054s
2024-10-10 21:32:16.543 63241 INFO tempest.lib.common.rest_client [req-c74b2ddd-fc51-4e73-af8b-595c4f95f7ee req-c74b2ddd-fc51-4e73-af8b-595c4f95f7ee ] Request (ServerTagsTestJSON:setUpClass): 204 PUT http://10.180.1.21/identity/v3/projects/ee886e2afe944cb29af54900efb88985/users/af4cc88249204af8bbf1fe63cd5e5a65/roles/16461bd6106e438eaf62fd631bc244af 0.037s
2024-10-10 21:32:16.544 63241 INFO tempest.lib.common.dynamic_creds [-] Dynamic test user af4cc88249204af8bbf1fe63cd5e5a65 is created with scope project and roles: ['member']
2024-10-10 21:32:16.544 63241 INFO tempest.lib.common.dynamic_creds [-] Acquired dynamic creds: credentials: Credentials: {'domain_id': 'default', 'domain_name': 'Default', 'username': 'tempest-ServerTagsTestJSON-1274640034-project-member', 'project_domain_id': 'default', 'project_domain_name': 'Default', 'project_id': 'ee886e2afe944cb29af54900efb88985', 'project_name': 'tempest-ServerTagsTestJSON-1274640034', 'tenant_id': 'ee886e2afe944cb29af54900efb88985', 'tenant_name': 'tempest-ServerTagsTestJSON-1274640034', 'user_domain_id': 'default', 'user_domain_name': 'Default', 'user_id': 'af4cc88249204af8bbf1fe63cd5e5a65', 'system': None}, Network: None, Subnet: None, Router: None
2024-10-10 21:32:16.579 63221 INFO tempest.lib.common.rest_client [req-d746b91e-5f77-4cb1-b580-7f40e58fe525 req-d746b91e-5f77-4cb1-b580-7f40e58fe525 ] Request (ServerAddressesNegativeTestJSON:setUpClass): 200 GET http://10.180.1.21/compute/v2.1/servers/5922d142-0b6f-4479-abcb-0c067a1ef837 0.061s
2024-10-10 21:32:16.585 63223 INFO tempest.lib.common.rest_client [req-e633f08f-914a-4142-b83f-379c6a765881 req-e633f08f-914a-4142-b83f-379c6a765881 ] Request (ImagesTestJSON:test_create_image_from_suspended_server): 200 GET http://10.180.1.21/compute/v2.1/servers/3516272a-9ebd-413e-9b88-1a5c83b50f61 0.069s
2024-10-10 21:32:16.591 63223 INFO tempest.common.waiters [-] State transition "BUILD/scheduling" ==> "BUILD/None" after 61 second wait
2024-10-10 21:32:16.618 63241 INFO tempest.lib.common.rest_client [req-982012f9-5b31-4f4d-82b2-119171523577 req-982012f9-5b31-4f4d-82b2-119171523577 ] Request (ServerTagsTestJSON:setUpClass): 201 POST http://10.180.1.21/identity/v3/auth/tokens 0.073s
2024-10-10 21:32:16.641 63213 INFO tempest.lib.common.rest_client [req-30143b65-ae30-4bd6-b879-36cfc4889c55 req-30143b65-ae30-4bd6-b879-36cfc4889c55 ] Request (VolumesAssistedSnapshotsTest:test_volume_assisted_snapshot_create_delete): 200 GET http://10.180.1.21/compute/v2.1/servers/78a0acf9-12f5-4699-a4b8-2cbefcbd343b 0.081s
2024-10-10 21:32:16.647 63213 INFO tempest.common.waiters [-] State transition "BUILD/scheduling" ==> "ERROR/None" after 72 second wait
2024-10-10 21:32:16.657 63247 INFO tempest.lib.common.rest_client [req-d6d6ba54-266e-4a5b-83aa-1c04433d06fc req-d6d6ba54-266e-4a5b-83aa-1c04433d06fc ] Request (ImagesOneServerNegativeTestJSON:setUpClass): 200 GET http://10.180.1.21/compute/v2.1/servers/4eb9ea32-b2eb-440c-871b-6942590d9c01 0.050s
2024-10-10 21:32:16.717 63205 INFO tempest.lib.common.rest_client [req-0eb92bb6-ca57-4c41-897a-57c7b36d4d93 req-0eb92bb6-ca57-4c41-897a-57c7b36d4d93 ] Request (InstanceActionsNegativeTestJSON:setUpClass): 200 GET http://10.180.1.21/compute/v2.1/servers/0cdbad9a-9d52-45b0-8267-e181a5d38134 0.050s
2024-10-10 21:32:16.769 63243 INFO tempest.lib.common.rest_client [req-faa0d1bf-451b-44c1-8eec-da582c116996 req-faa0d1bf-451b-44c1-8eec-da582c116996 ] Request (FloatingIPsAssociationNegativeTestJSON:setUpClass): 200 GET http://10.180.1.21/compute/v2.1/servers/f8e0cee3-11f9-4e1c-9869-9d4ee14c7d83 0.050s
2024-10-10 21:32:16.833 63249 INFO tempest.lib.common.rest_client [req-a7faeb9a-dd94-414c-ab2e-be8c9a33e7d1 req-a7faeb9a-dd94-414c-ab2e-be8c9a33e7d1 ] Request (ImagesOneServerTestJSON:setUpClass): 200 GET http://10.180.1.21/compute/v2.1/servers/da96503a-8ae8-4b68-a782-631ee98754f7 0.051s
2024-10-10 21:32:16.835 63213 INFO tempest.lib.common.rest_client [req-a22350bd-95c7-485b-9860-2d891f4cb992 req-a22350bd-95c7-485b-9860-2d891f4cb992 ] Request (VolumesAssistedSnapshotsTest:test_volume_assisted_snapshot_create_delete): 204 DELETE http://10.180.1.21/compute/v2.1/servers/78a0acf9-12f5-4699-a4b8-2cbefcbd343b 0.188s
2024-10-10 21:32:16.862 63213 INFO tempest.lib.common.rest_client [req-b8872934-018c-4500-8aa1-c2e9cb724e65 req-b8872934-018c-4500-8aa1-c2e9cb724e65 ] Request (VolumesAssistedSnapshotsTest:test_volume_assisted_snapshot_create_delete): 404 GET http://10.180.1.21/compute/v2.1/servers/78a0acf9-12f5-4699-a4b8-2cbefcbd343b 0.026s
2024-10-10 21:32:16.866 63241 INFO tempest.lib.common.rest_client [req-9d11ecd6-9173-4124-99d4-7f9d2108a9b4 req-9d11ecd6-9173-4124-99d4-7f9d2108a9b4 ] Request (ServerTagsTestJSON:setUpClass): 201 POST http://10.180.1.21:9696/networking/v2.0/networks 0.247s
2024-10-10 21:32:16.918 63189 INFO tempest.lib.common.rest_client [req-c8a5c352-c9b0-413e-bcbb-3fe693b602fd req-c8a5c352-c9b0-413e-bcbb-3fe693b602fd ] Request (ServersAdmin275Test:test_rebuild_update_server_275): 200 GET http://10.180.1.21/compute/v2.1/servers/472e60f1-9b6c-415e-8a92-19235ad2e547 0.067s
2024-10-10 21:32:16.920 63213 INFO tempest.lib.common.rest_client [req-ddef3e2d-91cd-4ce2-8d9b-884a2c96a6fe req-ddef3e2d-91cd-4ce2-8d9b-884a2c96a6fe ] Request (VolumesAssistedSnapshotsTest:_run_cleanups): 202 DELETE http://10.180.1.21/volume/v3/volumes/d4b553ab-4f49-4194-8062-2f0d8ce5788a 0.057s
2024-10-10 21:32:16.946 63213 INFO tempest.lib.common.rest_client [req-3b3e0884-1daf-48a1-accc-cb57c8de9552 req-3b3e0884-1daf-48a1-accc-cb57c8de9552 ] Request (VolumesAssistedSnapshotsTest:_run_cleanups): 200 GET http://10.180.1.21/volume/v3/volumes/d4b553ab-4f49-4194-8062-2f0d8ce5788a 0.026s
2024-10-10 21:32:16.986 63217 INFO tempest.lib.common.rest_client [req-409e0eb4-c18c-4d32-8619-b032f2e3dc24 req-409e0eb4-c18c-4d32-8619-b032f2e3dc24 ] Request (AttachInterfacesTestJSON:test_create_list_show_delete_interfaces_by_network_port): 200 GET http://10.180.1.21/compute/v2.1/servers/f9ed97a4-ec32-415b-958e-d362b622b1d4 0.081s
2024-10-10 21:32:17.008 63209 INFO tempest.lib.common.rest_client [req-141ae76c-4c9a-4ad5-8e38-2be599db910a req-141ae76c-4c9a-4ad5-8e38-2be599db910a ] Request (InstanceActionsTestJSON:setUpClass): 200 GET http://10.180.1.21/compute/v2.1/servers/7f77fa00-27be-4a75-aac0-e1918f817837 0.055s
2024-10-10 21:32:17.080 63203 INFO tempest.lib.common.rest_client [req-61759ed7-5fff-42c1-b34b-51ca7da56f8d req-61759ed7-5fff-42c1-b34b-51ca7da56f8d ] Request (ServersAdminTestJSON:setUpClass): 200 GET http://10.180.1.21/compute/v2.1/servers/4c6f81ba-85f5-4ad8-a3c8-57867c613baa 0.072s
2024-10-10 21:32:17.088 63241 INFO tempest.lib.common.rest_client [req-2422c6a8-c823-4ba8-9777-2ea4d60311bd req-2422c6a8-c823-4ba8-9777-2ea4d60311bd ] Request (ServerTagsTestJSON:setUpClass): 201 POST http://10.180.1.21:9696/networking/v2.0/subnets 0.221s
2024-10-10 21:32:17.122 63245 INFO tempest.lib.common.rest_client [req-fa11da07-2b23-4ce9-b5a4-0fcb047d1c3f req-fa11da07-2b23-4ce9-b5a4-0fcb047d1c3f ] Request (ServersNegativeTestMultiTenantJSON:setUpClass): 200 GET http://10.180.1.21/compute/v2.1/servers/268e5249-0156-45dd-bbbd-10105d16f269 0.064s
2024-10-10 21:32:17.160 63219 INFO tempest.lib.common.rest_client [req-910db677-eae4-4cc0-8a05-e8b274563dd5 req-910db677-eae4-4cc0-8a05-e8b274563dd5 ] Request (AttachInterfacesUnderV243Test:test_add_remove_fixed_ip): 200 GET http://10.180.1.21/compute/v2.1/servers/a458a658-96f3-41b2-a9ee-2a6dd52bfeb4 0.048s
2024-10-10 21:32:17.228 63215 INFO tempest.lib.common.rest_client [req-d07394a4-409d-4e5e-92fb-ac2e08c27caa req-d07394a4-409d-4e5e-92fb-ac2e08c27caa ] Request (ListServersNegativeTestJSON:setUpClass): 200 GET http://10.180.1.21/compute/v2.1/servers/7419de8d-5198-4152-a410-818af9c3b8e2 0.065s
2024-10-10 21:32:17.237 63237 INFO tempest.lib.common.rest_client [req-0c260a2e-9cf7-4fe6-b7fd-5ad134083678 req-0c260a2e-9cf7-4fe6-b7fd-5ad134083678 ] Request (ServersTestJSON:test_create_server_specify_multibyte_character_name): 200 GET http://10.180.1.21/compute/v2.1/servers/b7a5eeff-39b3-4e9a-956b-bcbd4492c3f6 0.070s
2024-10-10 21:32:17.283 63193 INFO tempest.lib.common.rest_client [req-16482ed4-54be-42f5-8b31-12e59403c93c req-16482ed4-54be-42f5-8b31-12e59403c93c ] Request (ServersNegativeTestJSON:setUpClass): 200 GET http://10.180.1.21/compute/v2.1/servers/ebff0c87-8e58-4a76-a350-43a3d660debd 0.081s
2024-10-10 21:32:17.290 63201 INFO tempest.lib.common.rest_client [req-4c8df92e-b503-4b46-8e55-6d365f973203 req-4c8df92e-b503-4b46-8e55-6d365f973203 ] Request (DeleteServersAdminTestJSON:test_delete_server_while_in_error_state): 200 GET http://10.180.1.21/compute/v2.1/servers/11139a80-26b2-4bc6-af91-18cd3adbe8fe 0.071s
2024-10-10 21:32:17.302 63201 INFO tempest.common.waiters [-] State transition "BUILD/scheduling" ==> "BUILD/None" after 61 second wait
2024-10-10 21:32:17.341 63239 INFO tempest.lib.common.rest_client [req-1256c7b2-4d3f-49ae-a107-3d54cb9af1b9 req-1256c7b2-4d3f-49ae-a107-3d54cb9af1b9 ] Request (ServersTestJSON:setUpClass): 200 GET http://10.180.1.21/compute/v2.1/servers/6ac19031-ac4e-4061-bbfd-75bd5c90803a 0.084s
2024-10-10 21:32:17.352 63226 INFO tempest.lib.common.rest_client [req-220bc0e8-bab5-4c46-b60c-094eee983ec0 req-220bc0e8-bab5-4c46-b60c-094eee983ec0 ] Request (MigrationsAdminTest:test_resize_server_revert_deleted_flavor): 200 GET http://10.180.1.21/compute/v2.1/servers/9979dd1d-9e99-47cf-a81a-fd7d89531f51 0.068s
2024-10-10 21:32:17.406 63211 INFO tempest.lib.common.rest_client [req-aab2fb82-b6bc-4d8a-8ac1-0d4d98c9fef2 req-aab2fb82-b6bc-4d8a-8ac1-0d4d98c9fef2 ] Request (ServersTestBootFromVolume:setUpClass): 200 GET http://10.180.1.21/compute/v2.1/servers/3822c92d-560b-4d61-92e9-7c694bc7a33a 0.067s
2024-10-10 21:32:17.408 63197 INFO tempest.lib.common.rest_client [req-311f72e5-8f90-4fe5-82ab-67cd3fb28c7b req-311f72e5-8f90-4fe5-82ab-67cd3fb28c7b ] Request (ServersAaction247Test:tearDownClass): 200 GET http://10.180.1.21/compute/v2.1/servers/dc025711-45be-49b6-a765-f7687b94e6a1 0.097s
2024-10-10 21:32:17.457 63207 INFO tempest.lib.common.rest_client [req-e8f5336d-2ff2-4652-80ef-72f7ecaa8c8f req-e8f5336d-2ff2-4652-80ef-72f7ecaa8c8f ] Request (ServerPasswordTestJSON:setUpClass): 200 GET http://10.180.1.21/compute/v2.1/servers/d3559857-e983-4790-8283-05aa02437723 0.087s
2024-10-10 21:32:17.465 63195 INFO tempest.lib.common.rest_client [req-c50a5d55-88da-4df3-b1c7-45119106d51e req-c50a5d55-88da-4df3-b1c7-45119106d51e ] Request (ServerShowV254Test:test_rebuild_server): 200 GET http://10.180.1.21/compute/v2.1/servers/f075161d-7447-4601-a06c-514fc4dd2eb9 0.071s
2024-10-10 21:32:17.524 63191 INFO tempest.lib.common.rest_client [req-716352cc-7774-4cca-a6d4-8ba332abcba5 req-716352cc-7774-4cca-a6d4-8ba332abcba5 ] Request (ServersV294TestFqdnHostnames:setUpClass): 200 GET http://10.180.1.21/compute/v2.1/servers/4bc891c1-e7e1-4196-9770-9bb42ed7499c 0.062s
2024-10-10 21:32:17.527 63187 INFO tempest.lib.common.rest_client [req-53c2c753-eac7-432c-9eb5-e71968a15b06 req-53c2c753-eac7-432c-9eb5-e71968a15b06 ] Request (VolumesAdminNegativeTest:test_update_attached_volume_with_nonexistent_volume_in_body): 200 GET http://10.180.1.21/compute/v2.1/servers/dd88d70d-17a3-4059-9092-5d6cec8b1ae4 0.097s
2024-10-10 21:32:17.607 63233 INFO tempest.lib.common.rest_client [req-d4d55735-635c-4aa8-8588-dbfbbac8b34a req-d4d55735-635c-4aa8-8588-dbfbbac8b34a ] Request (ServerDiagnosticsV248Test:test_get_server_diagnostics): 200 GET http://10.180.1.21/compute/v2.1/servers/80a30ea8-e260-4b92-9099-be374333896f 0.089s
2024-10-10 21:32:17.611 63235 INFO tempest.lib.common.rest_client [req-c8f2f4a9-d53a-4f52-9743-1553a2c04f7a req-c8f2f4a9-d53a-4f52-9743-1553a2c04f7a ] Request (SecurityGroupsTestJSON:test_server_security_groups): 200 GET http://10.180.1.21/compute/v2.1/servers/879dc564-0a5e-48aa-92ff-b02435445a68 0.121s
2024-10-10 21:32:17.658 63223 INFO tempest.lib.common.rest_client [req-c07c367d-54b4-4189-9e85-91d20520e563 req-c07c367d-54b4-4189-9e85-91d20520e563 ] Request (ImagesTestJSON:test_create_image_from_suspended_server): 200 GET http://10.180.1.21/compute/v2.1/servers/3516272a-9ebd-413e-9b88-1a5c83b50f61 0.066s
2024-10-10 21:32:17.663 63221 INFO tempest.lib.common.rest_client [req-c02aa6b1-9e62-478c-8d53-0b2396bec52b req-c02aa6b1-9e62-478c-8d53-0b2396bec52b ] Request (ServerAddressesNegativeTestJSON:setUpClass): 200 GET http://10.180.1.21/compute/v2.1/servers/5922d142-0b6f-4479-abcb-0c067a1ef837 0.077s
2024-10-10 21:32:17.716 63247 INFO tempest.lib.common.rest_client [req-47968658-bf4e-48a8-9753-82a8e62e73f9 req-47968658-bf4e-48a8-9753-82a8e62e73f9 ] Request (ImagesOneServerNegativeTestJSON:setUpClass): 200 GET http://10.180.1.21/compute/v2.1/servers/4eb9ea32-b2eb-440c-871b-6942590d9c01 0.053s
2024-10-10 21:32:17.723 63247 INFO tempest.common.waiters [-] State transition "BUILD/spawning" ==> "ERROR/None" after 73 second wait
2024-10-10 21:32:17.774 63205 INFO tempest.lib.common.rest_client [req-26d9e9b3-6ec7-456c-97cf-c3c6bf51b726 req-26d9e9b3-6ec7-456c-97cf-c3c6bf51b726 ] Request (InstanceActionsNegativeTestJSON:setUpClass): 200 GET http://10.180.1.21/compute/v2.1/servers/0cdbad9a-9d52-45b0-8267-e181a5d38134 0.046s
2024-10-10 21:32:17.823 63243 INFO tempest.lib.common.rest_client [req-6d4f6c29-724f-428a-a864-736c5aeac4b5 req-6d4f6c29-724f-428a-a864-736c5aeac4b5 ] Request (FloatingIPsAssociationNegativeTestJSON:setUpClass): 200 GET http://10.180.1.21/compute/v2.1/servers/f8e0cee3-11f9-4e1c-9869-9d4ee14c7d83 0.047s
2024-10-10 21:32:17.888 63247 INFO tempest.lib.common.rest_client [req-11ddfdcc-aa1d-4257-abc0-b1392f04dee5 req-11ddfdcc-aa1d-4257-abc0-b1392f04dee5 ] Request (ImagesOneServerNegativeTestJSON:setUpClass): 204 DELETE http://10.180.1.21/compute/v2.1/servers/4eb9ea32-b2eb-440c-871b-6942590d9c01 0.165s
2024-10-10 21:32:17.889 63241 INFO tempest.lib.common.rest_client [req-d070357f-f053-4e19-a7d9-a6030fb339e3 req-d070357f-f053-4e19-a7d9-a6030fb339e3 ] Request (ServerTagsTestJSON:setUpClass): 201 POST http://10.180.1.21:9696/networking/v2.0/routers 0.800s
2024-10-10 21:32:17.895 63249 INFO tempest.lib.common.rest_client [req-d6af7117-0804-4374-b579-aa64a7bc225d req-d6af7117-0804-4374-b579-aa64a7bc225d ] Request (ImagesOneServerTestJSON:setUpClass): 200 GET http://10.180.1.21/compute/v2.1/servers/da96503a-8ae8-4b68-a782-631ee98754f7 0.054s
2024-10-10 21:32:17.912 63247 INFO tempest.lib.common.rest_client [req-3d744a7d-581d-48ca-a574-dd8dd1c5e3e0 req-3d744a7d-581d-48ca-a574-dd8dd1c5e3e0 ] Request (ImagesOneServerNegativeTestJSON:setUpClass): 404 GET http://10.180.1.21/compute/v2.1/servers/4eb9ea32-b2eb-440c-871b-6942590d9c01 0.024s
2024-10-10 21:32:17.912 63247 INFO tempest.test [-] raised in ImagesOneServerNegativeTestJSON.setUpClass. Invoking tearDownClass.
2024-10-10 21:32:17.972 63213 INFO tempest.lib.common.rest_client [req-60d7bb96-3864-433d-b994-738e3f12b17a req-60d7bb96-3864-433d-b994-738e3f12b17a ] Request (VolumesAssistedSnapshotsTest:_run_cleanups): 404 GET http://10.180.1.21/volume/v3/volumes/d4b553ab-4f49-4194-8062-2f0d8ce5788a 0.016s
2024-10-10 21:32:17.991 63189 INFO tempest.lib.common.rest_client [req-fec774c0-8448-4fd2-a2b7-b783fa5be25c req-fec774c0-8448-4fd2-a2b7-b783fa5be25c ] Request (ServersAdmin275Test:test_rebuild_update_server_275): 200 GET http://10.180.1.21/compute/v2.1/servers/472e60f1-9b6c-415e-8a92-19235ad2e547 0.061s
2024-10-10 21:32:18.000 63213 INFO tempest.lib.common.rest_client [req-17f04360-b536-447a-88dd-0b84a77731f6 req-17f04360-b536-447a-88dd-0b84a77731f6 ] Request (VolumesAssistedSnapshotsTest:tearDownClass): 202 DELETE http://10.180.1.21/compute/v2.1/os-keypairs/tempest-keypair-1232027898 0.020s
2024-10-10 21:32:18.050 63217 INFO tempest.lib.common.rest_client [req-8fc2038c-6c49-44ce-a6d4-a1e4704163b0 req-8fc2038c-6c49-44ce-a6d4-a1e4704163b0 ] Request (AttachInterfacesTestJSON:test_create_list_show_delete_interfaces_by_network_port): 200 GET http://10.180.1.21/compute/v2.1/servers/f9ed97a4-ec32-415b-958e-d362b622b1d4 0.054s
2024-10-10 21:32:18.084 63209 INFO tempest.lib.common.rest_client [req-a02099e1-361e-49e6-b829-a8a074455614 req-a02099e1-361e-49e6-b829-a8a074455614 ] Request (InstanceActionsTestJSON:setUpClass): 200 GET http://10.180.1.21/compute/v2.1/servers/7f77fa00-27be-4a75-aac0-e1918f817837 0.069s
2024-10-10 21:32:18.151 63203 INFO tempest.lib.common.rest_client [req-74bd2611-3461-4628-b1e9-5dc424ab8d06 req-74bd2611-3461-4628-b1e9-5dc424ab8d06 ] Request (ServersAdminTestJSON:setUpClass): 200 GET http://10.180.1.21/compute/v2.1/servers/4c6f81ba-85f5-4ad8-a3c8-57867c613baa 0.060s
2024-10-10 21:32:18.189 63245 INFO tempest.lib.common.rest_client [req-949f2981-f62d-436b-a736-35c9ecadfd12 req-949f2981-f62d-436b-a736-35c9ecadfd12 ] Request (ServersNegativeTestMultiTenantJSON:setUpClass): 200 GET http://10.180.1.21/compute/v2.1/servers/268e5249-0156-45dd-bbbd-10105d16f269 0.060s
2024-10-10 21:32:18.387 63219 INFO tempest.lib.common.rest_client [req-806707c5-2f89-496e-89b0-77c573501023 req-806707c5-2f89-496e-89b0-77c573501023 ] Request (AttachInterfacesUnderV243Test:test_add_remove_fixed_ip): 200 GET http://10.180.1.21/compute/v2.1/servers/a458a658-96f3-41b2-a9ee-2a6dd52bfeb4 0.216s
2024-10-10 21:32:18.401 63213 INFO tempest.lib.common.rest_client [req-24069ee0-5c01-4356-a027-d0a59e7cdebb req-24069ee0-5c01-4356-a027-d0a59e7cdebb ] Request (VolumesAssistedSnapshotsTest:tearDownClass): 204 DELETE http://10.180.1.21:9696/networking/v2.0/security-groups/ec75215c-410e-4d37-92b1-3da64be0d6db 0.400s
2024-10-10 21:32:18.406 63215 INFO tempest.lib.common.rest_client [req-6da224f1-df7b-4ec7-8ec0-bb5afebaa30b req-6da224f1-df7b-4ec7-8ec0-bb5afebaa30b ] Request (ListServersNegativeTestJSON:setUpClass): 200 GET http://10.180.1.21/compute/v2.1/servers/7419de8d-5198-4152-a410-818af9c3b8e2 0.169s
2024-10-10 21:32:18.416 63213 INFO tempest.lib.common.rest_client [req-2db9c6c4-5f0c-49ce-a099-d4bc761860d9 req-2db9c6c4-5f0c-49ce-a099-d4bc761860d9 ] Request (VolumesAssistedSnapshotsTest:tearDownClass): 404 GET http://10.180.1.21:9696/networking/v2.0/security-groups/ec75215c-410e-4d37-92b1-3da64be0d6db 0.015s
2024-10-10 21:32:18.464 63237 INFO tempest.lib.common.rest_client [req-cd1b86e1-7cae-460a-b8a6-cc6aea1e381b req-cd1b86e1-7cae-460a-b8a6-cc6aea1e381b ] Request (ServersTestJSON:test_create_server_specify_multibyte_character_name): 200 GET http://10.180.1.21/compute/v2.1/servers/b7a5eeff-39b3-4e9a-956b-bcbd4492c3f6 0.218s
2024-10-10 21:32:18.469 63193 INFO tempest.lib.common.rest_client [req-a75f2081-09e9-4c3a-a011-ec9f444fa8f6 req-a75f2081-09e9-4c3a-a011-ec9f444fa8f6 ] Request (ServersNegativeTestJSON:setUpClass): 200 GET http://10.180.1.21/compute/v2.1/servers/ebff0c87-8e58-4a76-a350-43a3d660debd 0.179s
2024-10-10 21:32:18.519 63201 INFO tempest.lib.common.rest_client [req-e00edac4-b36b-4601-991e-0d93b8308d77 req-e00edac4-b36b-4601-991e-0d93b8308d77 ] Request (DeleteServersAdminTestJSON:test_delete_server_while_in_error_state): 200 GET http://10.180.1.21/compute/v2.1/servers/11139a80-26b2-4bc6-af91-18cd3adbe8fe 0.216s
2024-10-10 21:32:18.531 63239 INFO tempest.lib.common.rest_client [req-b301fccf-4211-48aa-a049-820940ef2006 req-b301fccf-4211-48aa-a049-820940ef2006 ] Request (ServersTestJSON:setUpClass): 200 GET http://10.180.1.21/compute/v2.1/servers/6ac19031-ac4e-4061-bbfd-75bd5c90803a 0.183s
2024-10-10 21:32:18.598 63226 INFO tempest.lib.common.rest_client [req-cbaac61a-3cf1-428c-af31-ad584dc547b3 req-cbaac61a-3cf1-428c-af31-ad584dc547b3 ] Request (MigrationsAdminTest:test_resize_server_revert_deleted_flavor): 200 GET http://10.180.1.21/compute/v2.1/servers/9979dd1d-9e99-47cf-a81a-fd7d89531f51 0.235s
2024-10-10 21:32:18.603 63211 INFO tempest.lib.common.rest_client [req-b4c32383-fee7-4664-ab0e-61fa58d5c5bf req-b4c32383-fee7-4664-ab0e-61fa58d5c5bf ] Request (ServersTestBootFromVolume:setUpClass): 200 GET http://10.180.1.21/compute/v2.1/servers/3822c92d-560b-4d61-92e9-7c694bc7a33a 0.188s
2024-10-10 21:32:18.616 63247 INFO tempest.lib.common.rest_client [req-63c4cde7-7d77-4abe-ac61-53cdb06a3efb req-63c4cde7-7d77-4abe-ac61-53cdb06a3efb ] Request (ImagesOneServerNegativeTestJSON:tearDownClass): 200 PUT http://10.180.1.21:9696/networking/v2.0/routers/3177d8b4-3fa5-4c09-83a6-60d7f3603257/remove_router_interface 0.703s
2024-10-10 21:32:18.675 63197 INFO tempest.lib.common.rest_client [req-7f270a59-28e9-4226-a4c3-4e3a24997937 req-7f270a59-28e9-4226-a4c3-4e3a24997937 ] Request (ServersAaction247Test:tearDownClass): 200 GET http://10.180.1.21/compute/v2.1/servers/dc025711-45be-49b6-a765-f7687b94e6a1 0.255s
2024-10-10 21:32:18.682 63207 INFO tempest.lib.common.rest_client [req-3966b637-e6db-42f0-ba25-39be04887c5f req-3966b637-e6db-42f0-ba25-39be04887c5f ] Request (ServerPasswordTestJSON:setUpClass): 200 GET http://10.180.1.21/compute/v2.1/servers/d3559857-e983-4790-8283-05aa02437723 0.218s
2024-10-10 21:32:18.724 63213 INFO tempest.lib.common.rest_client [req-4648f5e6-4eb5-4261-879c-6b4590f706cb req-4648f5e6-4eb5-4261-879c-6b4590f706cb ] Request (VolumesAssistedSnapshotsTest:tearDownClass): 204 DELETE http://10.180.1.21:9696/networking/v2.0/floatingips/cf254298-11e4-4a75-a9b6-46e1452996da 0.308s
2024-10-10 21:32:18.735 63195 INFO tempest.lib.common.rest_client [req-e1b8545b-0cd3-4efa-b196-2cffda5d4541 req-e1b8545b-0cd3-4efa-b196-2cffda5d4541 ] Request (ServerShowV254Test:test_rebuild_server): 200 GET http://10.180.1.21/compute/v2.1/servers/f075161d-7447-4601-a06c-514fc4dd2eb9 0.259s
2024-10-10 21:32:18.746 63213 INFO tempest.lib.common.rest_client [req-60e58d7a-9b77-4dce-acc8-0f0756ec8f5f req-60e58d7a-9b77-4dce-acc8-0f0756ec8f5f ] Request (VolumesAssistedSnapshotsTest:tearDownClass): 404 DELETE http://10.180.1.21/volume/v3/volumes/d4b553ab-4f49-4194-8062-2f0d8ce5788a 0.021s
2024-10-10 21:32:18.757 63191 INFO tempest.lib.common.rest_client [req-bf7c34d2-ad87-48c6-903a-daf182bb2740 req-bf7c34d2-ad87-48c6-903a-daf182bb2740 ] Request (ServersV294TestFqdnHostnames:setUpClass): 200 GET http://10.180.1.21/compute/v2.1/servers/4bc891c1-e7e1-4196-9770-9bb42ed7499c 0.221s
2024-10-10 21:32:18.768 63213 INFO tempest.lib.common.rest_client [req-a8f1a550-3228-41c6-9124-fb1fa511ca3b req-a8f1a550-3228-41c6-9124-fb1fa511ca3b ] Request (VolumesAssistedSnapshotsTest:tearDownClass): 404 GET http://10.180.1.21/volume/v3/volumes/d4b553ab-4f49-4194-8062-2f0d8ce5788a 0.021s
2024-10-10 21:32:18.821 63235 INFO tempest.lib.common.rest_client [req-3735baac-493f-4660-a726-a5c48980cfa2 req-3735baac-493f-4660-a726-a5c48980cfa2 ] Request (SecurityGroupsTestJSON:test_server_security_groups): 200 GET http://10.180.1.21/compute/v2.1/servers/879dc564-0a5e-48aa-92ff-b02435445a68 0.200s
2024-10-10 21:32:18.822 63187 INFO tempest.lib.common.rest_client [req-6003afcb-b13f-4c6a-a2e0-469c3a669250 req-6003afcb-b13f-4c6a-a2e0-469c3a669250 ] Request (VolumesAdminNegativeTest:test_update_attached_volume_with_nonexistent_volume_in_body): 200 GET http://10.180.1.21/compute/v2.1/servers/dd88d70d-17a3-4059-9092-5d6cec8b1ae4 0.284s
2024-10-10 21:32:18.884 63233 INFO tempest.lib.common.rest_client [req-403ed6b0-8174-491a-9620-eeb34498bc10 req-403ed6b0-8174-491a-9620-eeb34498bc10 ] Request (ServerDiagnosticsV248Test:test_get_server_diagnostics): 200 GET http://10.180.1.21/compute/v2.1/servers/80a30ea8-e260-4b92-9099-be374333896f 0.262s
2024-10-10 21:32:18.945 63221 INFO tempest.lib.common.rest_client [req-0ecb7d63-532c-4901-b084-c8e3a0fef7f2 req-0ecb7d63-532c-4901-b084-c8e3a0fef7f2 ] Request (ServerAddressesNegativeTestJSON:setUpClass): 200 GET http://10.180.1.21/compute/v2.1/servers/5922d142-0b6f-4479-abcb-0c067a1ef837 0.275s
2024-10-10 21:32:19.016 63205 INFO tempest.lib.common.rest_client [req-f3b1a8f6-2d98-40a3-b779-6d8cc2b0f94d req-f3b1a8f6-2d98-40a3-b779-6d8cc2b0f94d ] Request (InstanceActionsNegativeTestJSON:setUpClass): 200 GET http://10.180.1.21/compute/v2.1/servers/0cdbad9a-9d52-45b0-8267-e181a5d38134 0.233s
2024-10-10 21:32:19.114 63223 INFO tempest.lib.common.rest_client [req-c109d6e2-dea2-4995-a94e-123f9ca72a07 req-c109d6e2-dea2-4995-a94e-123f9ca72a07 ] Request (ImagesTestJSON:test_create_image_from_suspended_server): 200 GET http://10.180.1.21/compute/v2.1/servers/3516272a-9ebd-413e-9b88-1a5c83b50f61 0.449s
2024-10-10 21:32:19.128 63243 INFO tempest.lib.common.rest_client [req-0dd2e65e-940e-43e9-8b80-16771e504e33 req-0dd2e65e-940e-43e9-8b80-16771e504e33 ] Request (FloatingIPsAssociationNegativeTestJSON:setUpClass): 200 GET http://10.180.1.21/compute/v2.1/servers/f8e0cee3-11f9-4e1c-9869-9d4ee14c7d83 0.298s
2024-10-10 21:32:19.197 63249 INFO tempest.lib.common.rest_client [req-3eba2b7f-81ce-4263-8151-83ffe1e3f0f2 req-3eba2b7f-81ce-4263-8151-83ffe1e3f0f2 ] Request (ImagesOneServerTestJSON:setUpClass): 200 GET http://10.180.1.21/compute/v2.1/servers/da96503a-8ae8-4b68-a782-631ee98754f7 0.295s
2024-10-10 21:32:19.214 63189 INFO tempest.lib.common.rest_client [req-3d1fd995-2fe9-4d9b-b2da-3c1a2cd20dcc req-3d1fd995-2fe9-4d9b-b2da-3c1a2cd20dcc ] Request (ServersAdmin275Test:test_rebuild_update_server_275): 200 GET http://10.180.1.21/compute/v2.1/servers/472e60f1-9b6c-415e-8a92-19235ad2e547 0.206s
2024-10-10 21:32:19.278 63217 INFO tempest.lib.common.rest_client [req-f46be4a2-a681-4781-a218-9e9f8e8d9dae req-f46be4a2-a681-4781-a218-9e9f8e8d9dae ] Request (AttachInterfacesTestJSON:test_create_list_show_delete_interfaces_by_network_port): 200 GET http://10.180.1.21/compute/v2.1/servers/f9ed97a4-ec32-415b-958e-d362b622b1d4 0.221s
2024-10-10 21:32:19.294 63209 INFO tempest.lib.common.rest_client [req-dc33a74b-7bd6-4453-a5af-614e12d3d7be req-dc33a74b-7bd6-4453-a5af-614e12d3d7be ] Request (InstanceActionsTestJSON:setUpClass): 200 GET http://10.180.1.21/compute/v2.1/servers/7f77fa00-27be-4a75-aac0-e1918f817837 0.202s
2024-10-10 21:32:19.377 63203 INFO tempest.lib.common.rest_client [req-671a70d6-e755-4108-900f-e69646f0fc9b req-671a70d6-e755-4108-900f-e69646f0fc9b ] Request (ServersAdminTestJSON:setUpClass): 200 GET http://10.180.1.21/compute/v2.1/servers/4c6f81ba-85f5-4ad8-a3c8-57867c613baa 0.217s
2024-10-10 21:32:19.386 63245 INFO tempest.lib.common.rest_client [req-9d820190-df01-4491-aa2b-b89149aec28a req-9d820190-df01-4491-aa2b-b89149aec28a ] Request (ServersNegativeTestMultiTenantJSON:setUpClass): 200 GET http://10.180.1.21/compute/v2.1/servers/268e5249-0156-45dd-bbbd-10105d16f269 0.185s
2024-10-10 21:32:19.424 63247 INFO tempest.lib.common.rest_client [req-fff0593c-c590-4582-8dfd-b26d0883fdd0 req-fff0593c-c590-4582-8dfd-b26d0883fdd0 ] Request (ImagesOneServerNegativeTestJSON:tearDownClass): 204 DELETE http://10.180.1.21:9696/networking/v2.0/routers/3177d8b4-3fa5-4c09-83a6-60d7f3603257 0.808s
2024-10-10 21:32:19.463 63219 INFO tempest.lib.common.rest_client [req-4baa35c0-5a68-4c3b-95a2-32f991d2e87f req-4baa35c0-5a68-4c3b-95a2-32f991d2e87f ] Request (AttachInterfacesUnderV243Test:test_add_remove_fixed_ip): 200 GET http://10.180.1.21/compute/v2.1/servers/a458a658-96f3-41b2-a9ee-2a6dd52bfeb4 0.069s
2024-10-10 21:32:19.509 63215 INFO tempest.lib.common.rest_client [req-c3f80e28-6289-426a-8263-706ac1189792 req-c3f80e28-6289-426a-8263-706ac1189792 ] Request (ListServersNegativeTestJSON:setUpClass): 200 GET http://10.180.1.21/compute/v2.1/servers/7419de8d-5198-4152-a410-818af9c3b8e2 0.093s
2024-10-10 21:32:19.527 63213 INFO tempest.lib.common.rest_client [req-c59d26b1-9393-4d05-9ca5-a035843709ec req-c59d26b1-9393-4d05-9ca5-a035843709ec ] Request (VolumesAssistedSnapshotsTest:tearDownClass): 200 PUT http://10.180.1.21:9696/networking/v2.0/routers/8eb2fb1a-0483-4b92-8fd2-8df4be261c03/remove_router_interface 0.756s
2024-10-10 21:32:19.595 63237 INFO tempest.lib.common.rest_client [req-5337a01c-d0e8-4c04-9e3d-7fdde1fd9194 req-5337a01c-d0e8-4c04-9e3d-7fdde1fd9194 ] Request (ServersTestJSON:test_create_server_specify_multibyte_character_name): 200 GET http://10.180.1.21/compute/v2.1/servers/b7a5eeff-39b3-4e9a-956b-bcbd4492c3f6 0.119s
2024-10-10 21:32:19.600 63193 INFO tempest.lib.common.rest_client [req-ebf17030-ed34-4029-9c82-324fcd69a30b req-ebf17030-ed34-4029-9c82-324fcd69a30b ] Request (ServersNegativeTestJSON:setUpClass): 200 GET http://10.180.1.21/compute/v2.1/servers/ebff0c87-8e58-4a76-a350-43a3d660debd 0.121s
2024-10-10 21:32:19.613 63241 INFO tempest.lib.common.rest_client [req-2bac156f-ac02-4871-aae1-3a020fb40d89 req-2bac156f-ac02-4871-aae1-3a020fb40d89 ] Request (ServerTagsTestJSON:setUpClass): 200 PUT http://10.180.1.21:9696/networking/v2.0/routers/645a6d7b-874f-40af-99ea-5a69442c757a/add_router_interface 1.724s
2024-10-10 21:32:19.614 63241 INFO tempest.lib.common.dynamic_creds [-] Created isolated network resources for: credentials: Credentials: {'domain_id': 'default', 'domain_name': 'Default', 'username': 'tempest-ServerTagsTestJSON-1274640034-project-member', 'project_domain_id': 'default', 'project_domain_name': 'Default', 'project_id': 'ee886e2afe944cb29af54900efb88985', 'project_name': 'tempest-ServerTagsTestJSON-1274640034', 'tenant_id': 'ee886e2afe944cb29af54900efb88985', 'tenant_name': 'tempest-ServerTagsTestJSON-1274640034', 'user_domain_id': 'default', 'user_domain_name': 'Default', 'user_id': 'af4cc88249204af8bbf1fe63cd5e5a65', 'system': None}, Network: {'id': '79829c53-53c8-4654-b23a-ebd246146cf5', 'name': 'tempest-ServerTagsTestJSON-220890331-network', 'tenant_id': 'ee886e2afe944cb29af54900efb88985', 'admin_state_up': True, 'mtu': 8950, 'status': 'ACTIVE', 'subnets': [], 'shared': False, 'project_id': 'ee886e2afe944cb29af54900efb88985', 'port_security_enabled': True, 'router:external': False, 'provider:network_type': 'vlan', 'provider:physical_network': 'default', 'provider:segmentation_id': 914, 'is_default': False, 'availability_zone_hints': [], 'availability_zones': [], 'ipv4_address_scope': None, 'ipv6_address_scope': None, 'description': '', 'tags': [], 'created_at': '2024-10-10T21:32:16Z', 'updated_at': '2024-10-10T21:32:16Z', 'revision_number': 1}, Subnet: {'id': 'cf690110-3854-488d-a546-2cf3ba02a61c', 'name': 'tempest-ServerTagsTestJSON-220890331-subnet', 'tenant_id': 'ee886e2afe944cb29af54900efb88985', 'network_id': '79829c53-53c8-4654-b23a-ebd246146cf5', 'ip_version': 4, 'subnetpool_id': None, 'enable_dhcp': True, 'ipv6_ra_mode': None, 'ipv6_address_mode': None, 'gateway_ip': '192.168.128.1', 'cidr': '192.168.128.0/28', 'allocation_pools': [{'start': '192.168.128.2', 'end': '192.168.128.14'}], 'host_routes': [], 'dns_nameservers': [], 'description': '', 'router:external': False, 'service_types': [], 'tags': [], 'created_at': '2024-10-10T21:32:16Z', 'updated_at': '2024-10-10T21:32:16Z', 'revision_number': 0, 'project_id': 'ee886e2afe944cb29af54900efb88985'}, Router: {'id': '645a6d7b-874f-40af-99ea-5a69442c757a', 'name': 'tempest-ServerTagsTestJSON-220890331-router', 'tenant_id': 'ee886e2afe944cb29af54900efb88985', 'admin_state_up': True, 'status': 'ACTIVE', 'external_gateway_info': {'network_id': 'a470499b-da82-4793-8915-2af348dfe22d', 'external_fixed_ips': [{'subnet_id': '88bcf638-7d05-4985-bed7-091bfe6a68cb', 'ip_address': '10.180.180.151'}], 'enable_snat': True}, 'description': '', 'availability_zones': [], 'distributed': False, 'ha': False, 'availability_zone_hints': [], 'routes': [], 'flavor_id': None, 'tags': [], 'created_at': '2024-10-10T21:32:17Z', 'updated_at': '2024-10-10T21:32:17Z', 'revision_number': 2, 'project_id': 'ee886e2afe944cb29af54900efb88985'}
2024-10-10 21:32:19.672 63201 INFO tempest.lib.common.rest_client [req-09b2bd43-5331-43ca-9d4b-9912ae24f14a req-09b2bd43-5331-43ca-9d4b-9912ae24f14a ] Request (DeleteServersAdminTestJSON:test_delete_server_while_in_error_state): 200 GET http://10.180.1.21/compute/v2.1/servers/11139a80-26b2-4bc6-af91-18cd3adbe8fe 0.144s
2024-10-10 21:32:19.686 63247 INFO tempest.lib.common.rest_client [req-3b8c1377-a39b-4eb2-b40e-317f7b71f4b3 req-3b8c1377-a39b-4eb2-b40e-317f7b71f4b3 ] Request (ImagesOneServerNegativeTestJSON:tearDownClass): 204 DELETE http://10.180.1.21:9696/networking/v2.0/subnets/4424514d-3e06-4b8c-9eb9-8b7371be7fac 0.261s
2024-10-10 21:32:19.701 63239 INFO tempest.lib.common.rest_client [req-38d73f0e-7fd2-4e45-92b1-63b6206633c2 req-38d73f0e-7fd2-4e45-92b1-63b6206633c2 ] Request (ServersTestJSON:setUpClass): 200 GET http://10.180.1.21/compute/v2.1/servers/6ac19031-ac4e-4061-bbfd-75bd5c90803a 0.163s
2024-10-10 21:32:19.711 63241 INFO tempest.lib.common.rest_client [req-7e03b77f-c7fb-4bea-bcd4-364f61286a0f req-7e03b77f-c7fb-4bea-bcd4-364f61286a0f ] Request (ServerTagsTestJSON:setUpClass): 201 POST http://10.180.1.21/identity/v3/auth/tokens 0.093s
2024-10-10 21:32:19.727 63226 INFO tempest.lib.common.rest_client [req-d4d23a71-fb5d-48c5-999e-a240b4b3caab req-d4d23a71-fb5d-48c5-999e-a240b4b3caab ] Request (MigrationsAdminTest:test_resize_server_revert_deleted_flavor): 200 GET http://10.180.1.21/compute/v2.1/servers/9979dd1d-9e99-47cf-a81a-fd7d89531f51 0.121s
2024-10-10 21:32:19.755 63211 INFO tempest.lib.common.rest_client [req-ec4e5147-406e-4685-9bb6-1daf0e53163b req-ec4e5147-406e-4685-9bb6-1daf0e53163b ] Request (ServersTestBootFromVolume:setUpClass): 200 GET http://10.180.1.21/compute/v2.1/servers/3822c92d-560b-4d61-92e9-7c694bc7a33a 0.141s
2024-10-10 21:32:19.759 63241 INFO tempest.lib.common.rest_client [req-16f82524-a1a9-4ec8-b23f-f32fa3d52039 req-16f82524-a1a9-4ec8-b23f-f32fa3d52039 ] Request (ServerTagsTestJSON:setUpClass): 201 POST http://10.180.1.21/identity/v3/auth/tokens 0.044s
2024-10-10 21:32:19.760 63241 INFO tempest.lib.common.fixed_network [-] (ServerTagsTestJSON:setUpClass) Found network {'id': '79829c53-53c8-4654-b23a-ebd246146cf5', 'name': 'tempest-ServerTagsTestJSON-220890331-network', 'tenant_id': 'ee886e2afe944cb29af54900efb88985', 'admin_state_up': True, 'mtu': 8950, 'status': 'ACTIVE', 'subnets': [], 'shared': False, 'project_id': 'ee886e2afe944cb29af54900efb88985', 'port_security_enabled': True, 'router:external': False, 'provider:network_type': 'vlan', 'provider:physical_network': 'default', 'provider:segmentation_id': 914, 'is_default': False, 'availability_zone_hints': [], 'availability_zones': [], 'ipv4_address_scope': None, 'ipv6_address_scope': None, 'description': '', 'tags': [], 'created_at': '2024-10-10T21:32:16Z', 'updated_at': '2024-10-10T21:32:16Z', 'revision_number': 1} available for tenant
2024-10-10 21:32:19.796 63197 INFO tempest.lib.common.rest_client [req-f2e161b0-bb83-498a-bab0-6f95d888f1f4 req-f2e161b0-bb83-498a-bab0-6f95d888f1f4 ] Request (ServersAaction247Test:tearDownClass): 200 GET http://10.180.1.21/compute/v2.1/servers/dc025711-45be-49b6-a765-f7687b94e6a1 0.112s
2024-10-10 21:32:19.803 63197 INFO tempest.common.waiters [-] State transition "ACTIVE/deleting" ==> "DELETED/None" after 4 second wait
2024-10-10 21:32:19.812 63207 INFO tempest.lib.common.rest_client [req-2c8ea61b-53ab-44fa-b2d9-20e8e7b0c4be req-2c8ea61b-53ab-44fa-b2d9-20e8e7b0c4be ] Request (ServerPasswordTestJSON:setUpClass): 200 GET http://10.180.1.21/compute/v2.1/servers/d3559857-e983-4790-8283-05aa02437723 0.122s
2024-10-10 21:32:19.851 63195 INFO tempest.lib.common.rest_client [req-a8175378-8aad-4abd-86c8-a483b28b7d95 req-a8175378-8aad-4abd-86c8-a483b28b7d95 ] Request (ServerShowV254Test:test_rebuild_server): 200 GET http://10.180.1.21/compute/v2.1/servers/f075161d-7447-4601-a06c-514fc4dd2eb9 0.103s
2024-10-10 21:32:19.896 63213 INFO tempest.lib.common.rest_client [req-0d135a51-f447-4e1b-9e65-a5c522f33015 req-0d135a51-f447-4e1b-9e65-a5c522f33015 ] Request (VolumesAssistedSnapshotsTest:tearDownClass): 204 DELETE http://10.180.1.21:9696/networking/v2.0/routers/8eb2fb1a-0483-4b92-8fd2-8df4be261c03 0.369s
2024-10-10 21:32:19.909 63191 INFO tempest.lib.common.rest_client [req-c3ef99b1-cfcc-4818-b136-eab4405ad153 req-c3ef99b1-cfcc-4818-b136-eab4405ad153 ] Request (ServersV294TestFqdnHostnames:setUpClass): 200 GET http://10.180.1.21/compute/v2.1/servers/4bc891c1-e7e1-4196-9770-9bb42ed7499c 0.138s
2024-10-10 21:32:19.964 63235 INFO tempest.lib.common.rest_client [req-806675aa-8826-45f0-b3b7-4bb128c8991c req-806675aa-8826-45f0-b3b7-4bb128c8991c ] Request (SecurityGroupsTestJSON:test_server_security_groups): 200 GET http://10.180.1.21/compute/v2.1/servers/879dc564-0a5e-48aa-92ff-b02435445a68 0.135s
2024-10-10 21:32:20.000 63213 INFO tempest.lib.common.rest_client [req-f7b70efe-2f1b-4343-89c1-e3e7c49772ee req-f7b70efe-2f1b-4343-89c1-e3e7c49772ee ] Request (VolumesAssistedSnapshotsTest:tearDownClass): 204 DELETE http://10.180.1.21:9696/networking/v2.0/subnets/b1b91b81-ee53-4f18-b5a4-89e1a723303a 0.103s
2024-10-10 21:32:20.020 63187 INFO tempest.lib.common.rest_client [req-5792db4d-05cd-4ed4-a0cd-19d72a7490e6 req-5792db4d-05cd-4ed4-a0cd-19d72a7490e6 ] Request (VolumesAdminNegativeTest:test_update_attached_volume_with_nonexistent_volume_in_body): 200 GET http://10.180.1.21/compute/v2.1/servers/dd88d70d-17a3-4059-9092-5d6cec8b1ae4 0.188s
2024-10-10 21:32:20.068 63247 INFO tempest.lib.common.rest_client [req-b5cede5f-97a3-42bf-a7ae-903ccdf7b35d req-b5cede5f-97a3-42bf-a7ae-903ccdf7b35d ] Request (ImagesOneServerNegativeTestJSON:tearDownClass): 204 DELETE http://10.180.1.21:9696/networking/v2.0/networks/4d327242-80fa-4fe5-a695-dedb04329709 0.381s
2024-10-10 21:32:20.087 63233 INFO tempest.lib.common.rest_client [req-fcd258ee-5253-4fcf-906a-f1d0ede3b32a req-fcd258ee-5253-4fcf-906a-f1d0ede3b32a ] Request (ServerDiagnosticsV248Test:test_get_server_diagnostics): 200 GET http://10.180.1.21/compute/v2.1/servers/80a30ea8-e260-4b92-9099-be374333896f 0.191s
2024-10-10 21:32:20.153 63221 INFO tempest.lib.common.rest_client [req-3ef338c9-c9ed-4b48-9214-ab930df4d14b req-3ef338c9-c9ed-4b48-9214-ab930df4d14b ] Request (ServerAddressesNegativeTestJSON:setUpClass): 200 GET http://10.180.1.21/compute/v2.1/servers/5922d142-0b6f-4479-abcb-0c067a1ef837 0.198s
2024-10-10 21:32:20.161 63247 INFO tempest.lib.common.rest_client [req-c970b58b-246f-4d2c-b078-a8d264d5b7f1 req-c970b58b-246f-4d2c-b078-a8d264d5b7f1 ] Request (ImagesOneServerNegativeTestJSON:tearDownClass): 204 DELETE http://10.180.1.21/identity/v3/users/de18659bccf44676b60a42308cac7b72 0.093s
2024-10-10 21:32:20.162 63247 INFO tempest.lib.common.dynamic_creds [-] Deleting project and security group for project: 9d16d9b46fbe4012b533053092922b23
2024-10-10 21:32:20.206 63213 INFO tempest.lib.common.rest_client [req-1349cd77-c48e-4498-8ae3-fa64edec01a2 req-1349cd77-c48e-4498-8ae3-fa64edec01a2 ] Request (VolumesAssistedSnapshotsTest:tearDownClass): 204 DELETE http://10.180.1.21:9696/networking/v2.0/networks/fa504edd-c0ce-4e11-99da-2cd116142bfc 0.206s
2024-10-10 21:32:20.220 63205 INFO tempest.lib.common.rest_client [req-1436344e-9881-40b1-b0ae-b6d031d7f363 req-1436344e-9881-40b1-b0ae-b6d031d7f363 ] Request (InstanceActionsNegativeTestJSON:setUpClass): 200 GET http://10.180.1.21/compute/v2.1/servers/0cdbad9a-9d52-45b0-8267-e181a5d38134 0.189s
2024-10-10 21:32:20.230 63247 INFO tempest.lib.common.rest_client [req-7b64e268-c9be-431e-b214-9b7d475920ce req-7b64e268-c9be-431e-b214-9b7d475920ce ] Request (ImagesOneServerNegativeTestJSON:tearDownClass): 200 GET http://10.180.1.21:9696/networking/v2.0/security-groups?tenant_id=9d16d9b46fbe4012b533053092922b23&name=default 0.068s
2024-10-10 21:32:20.281 63223 INFO tempest.lib.common.rest_client [req-a2403d28-b3c2-4cdc-8887-ad06fd266e14 req-a2403d28-b3c2-4cdc-8887-ad06fd266e14 ] Request (ImagesTestJSON:test_create_image_from_suspended_server): 200 GET http://10.180.1.21/compute/v2.1/servers/3516272a-9ebd-413e-9b88-1a5c83b50f61 0.157s
2024-10-10 21:32:20.340 63241 INFO tempest.lib.common.rest_client [req-fbe91204-a9ab-4f29-b265-1afdf7f6ba6d req-fbe91204-a9ab-4f29-b265-1afdf7f6ba6d ] Request (ServerTagsTestJSON:setUpClass): 202 POST http://10.180.1.21/compute/v2.1/servers 0.579s
2024-10-10 21:32:20.359 63243 INFO tempest.lib.common.rest_client [req-0b7769df-4d7f-478a-a904-f563efe08620 req-0b7769df-4d7f-478a-a904-f563efe08620 ] Request (FloatingIPsAssociationNegativeTestJSON:setUpClass): 200 GET http://10.180.1.21/compute/v2.1/servers/f8e0cee3-11f9-4e1c-9869-9d4ee14c7d83 0.222s
2024-10-10 21:32:20.368 63243 INFO tempest.common.waiters [-] State transition "BUILD/spawning" ==> "ERROR/None" after 73 second wait
2024-10-10 21:32:20.374 63247 INFO tempest.lib.common.rest_client [req-580fc293-4248-4b2c-8d25-d4fce413c996 req-580fc293-4248-4b2c-8d25-d4fce413c996 ] Request (ImagesOneServerNegativeTestJSON:tearDownClass): 204 DELETE http://10.180.1.21:9696/networking/v2.0/security-groups/84f77234-5b88-489c-99a5-76b434da6328 0.143s
2024-10-10 21:32:20.401 63249 INFO tempest.lib.common.rest_client [req-811fb6cb-4ccf-4cdb-bc7f-f7e95728e099 req-811fb6cb-4ccf-4cdb-bc7f-f7e95728e099 ] Request (ImagesOneServerTestJSON:setUpClass): 200 GET http://10.180.1.21/compute/v2.1/servers/da96503a-8ae8-4b68-a782-631ee98754f7 0.196s
2024-10-10 21:32:20.414 63189 INFO tempest.lib.common.rest_client [req-06b44cc7-c8bc-4150-a0d4-84d2955d08ef req-06b44cc7-c8bc-4150-a0d4-84d2955d08ef ] Request (ServersAdmin275Test:test_rebuild_update_server_275): 200 GET http://10.180.1.21/compute/v2.1/servers/472e60f1-9b6c-415e-8a92-19235ad2e547 0.185s
2024-10-10 21:32:20.455 63217 INFO tempest.lib.common.rest_client [req-b0f2411c-1c79-468a-b6e3-e2db85036bfb req-b0f2411c-1c79-468a-b6e3-e2db85036bfb ] Request (AttachInterfacesTestJSON:test_create_list_show_delete_interfaces_by_network_port): 200 GET http://10.180.1.21/compute/v2.1/servers/f9ed97a4-ec32-415b-958e-d362b622b1d4 0.165s
2024-10-10 21:32:20.462 63209 INFO tempest.lib.common.rest_client [req-4ad67582-fbee-4797-9bc8-12d51be11efe req-4ad67582-fbee-4797-9bc8-12d51be11efe ] Request (InstanceActionsTestJSON:setUpClass): 200 GET http://10.180.1.21/compute/v2.1/servers/7f77fa00-27be-4a75-aac0-e1918f817837 0.159s
2024-10-10 21:32:20.491 63247 INFO tempest.lib.common.rest_client [req-8166810a-e55a-4cd9-94c0-baab3ca1673f req-8166810a-e55a-4cd9-94c0-baab3ca1673f ] Request (ImagesOneServerNegativeTestJSON:tearDownClass): 204 DELETE http://10.180.1.21/identity/v3/projects/9d16d9b46fbe4012b533053092922b23 0.117s
2024-10-10 21:32:20.493 63241 INFO tempest.lib.common.rest_client [req-e186ea42-71cf-4585-b8f5-7b6ad608f775 req-e186ea42-71cf-4585-b8f5-7b6ad608f775 ] Request (ServerTagsTestJSON:setUpClass): 200 GET http://10.180.1.21/compute/v2.1/servers/1ed9de84-6178-4173-84ad-dc115be7a1fa 0.151s
2024-10-10 21:32:20.495 63247 INFO tempest.test [-] raised in ServerBootFromVolumeStableRescueTest.setUpClass. Invoking tearDownClass.
2024-10-10 21:32:20.557 63203 INFO tempest.lib.common.rest_client [req-6efacbea-69db-4af4-9100-2fd33855da8b req-6efacbea-69db-4af4-9100-2fd33855da8b ] Request (ServersAdminTestJSON:setUpClass): 200 GET http://10.180.1.21/compute/v2.1/servers/4c6f81ba-85f5-4ad8-a3c8-57867c613baa 0.172s
2024-10-10 21:32:20.631 63245 INFO tempest.lib.common.rest_client [req-c279a26c-4978-493b-b924-2404d5b4b4cf req-c279a26c-4978-493b-b924-2404d5b4b4cf ] Request (ServersNegativeTestMultiTenantJSON:setUpClass): 200 GET http://10.180.1.21/compute/v2.1/servers/268e5249-0156-45dd-bbbd-10105d16f269 0.237s
2024-10-10 21:32:20.690 63219 INFO tempest.lib.common.rest_client [req-35943c22-82ff-4d32-af4b-983c6a30c63d req-35943c22-82ff-4d32-af4b-983c6a30c63d ] Request (AttachInterfacesUnderV243Test:test_add_remove_fixed_ip): 200 GET http://10.180.1.21/compute/v2.1/servers/a458a658-96f3-41b2-a9ee-2a6dd52bfeb4 0.220s
2024-10-10 21:32:20.700 63243 INFO tempest.lib.common.rest_client [req-5fc8f7f0-83f5-49e1-8b21-b26b1f1dad55 req-5fc8f7f0-83f5-49e1-8b21-b26b1f1dad55 ] Request (FloatingIPsAssociationNegativeTestJSON:setUpClass): 204 DELETE http://10.180.1.21/compute/v2.1/servers/f8e0cee3-11f9-4e1c-9869-9d4ee14c7d83 0.331s
2024-10-10 21:32:20.746 63215 INFO tempest.lib.common.rest_client [req-f6720d4c-9a32-404b-b665-4eb50b1bd18a req-f6720d4c-9a32-404b-b665-4eb50b1bd18a ] Request (ListServersNegativeTestJSON:setUpClass): 200 GET http://10.180.1.21/compute/v2.1/servers/7419de8d-5198-4152-a410-818af9c3b8e2 0.224s
