2024-10-12 17:24:11.700 62202 INFO tempest.lib.common.rest_client [req-341ed350-33e9-43d3-b461-1c3452551dd9 req-341ed350-33e9-43d3-b461-1c3452551dd9 ] Request (FlavorsV2TestJSON:test_list_flavors_detailed_using_marker): 200 GET http://10.180.1.21/compute/v2.1/flavors/detail?marker=42 0.696s
2024-10-12 17:24:11.732 62176 INFO tempest.lib.common.rest_client [req-b7d4e1dd-f121-455d-831b-299aee6cf235 req-b7d4e1dd-f121-455d-831b-299aee6cf235 ] Request (KeyPairsV22TestJSON:setUpClass): 201 POST http://10.180.1.21/identity/v3/users 0.051s
2024-10-12 17:24:11.734 62188 INFO tempest.lib.common.rest_client [req-34bd189f-ebb4-4622-a7fc-aeeed2813f9f req-34bd189f-ebb4-4622-a7fc-aeeed2813f9f ] Request (ListImageFiltersTestJSON:setUpClass): 200 GET http://10.180.1.21/compute/v2.1/images/de9b0b8e-44ca-4fe1-915a-981f9113a7dd 0.663s
2024-10-12 17:24:11.748 62152 INFO tempest.lib.common.rest_client [req-8e9c4ba3-ca78-4b93-9fc6-88f56344f62f req-8e9c4ba3-ca78-4b93-9fc6-88f56344f62f ] Request (HypervisorAdminUnderV252Test:setUpClass): 201 POST http://10.180.1.21/identity/v3/projects 0.070s
2024-10-12 17:24:11.752 62176 INFO tempest.lib.common.rest_client [req-a2c40c01-2a76-47a3-8868-21120906db01 req-a2c40c01-2a76-47a3-8868-21120906db01 ] Request (KeyPairsV22TestJSON:setUpClass): 200 GET http://10.180.1.21/identity/v3/roles 0.019s
2024-10-12 17:24:11.756 62212 INFO tempest.lib.common.rest_client [req-4432db54-2002-4e7a-873d-a51fa1dff139 req-4432db54-2002-4e7a-873d-a51fa1dff139 ] Request (QuotasAdminNegativeTest:tearDownClass): 200 GET http://10.180.1.21:9696/networking/v2.0/security-groups?tenant_id=cfd0743ad3d4466fa62ecfc78a9f65cd&name=default 0.742s
2024-10-12 17:24:11.798 62188 INFO tempest.lib.common.rest_client [req-b3f41350-6fc6-4a79-a353-77494cd62492 req-b3f41350-6fc6-4a79-a353-77494cd62492 ] Request (ListImageFiltersTestJSON:setUpClass): 201 POST http://10.180.1.21/identity/v3/auth/tokens 0.058s
2024-10-12 17:24:11.798 62188 INFO tempest.lib.common.fixed_network [-] (ListImageFiltersTestJSON:setUpClass) Found network None available for tenant
2024-10-12 17:24:11.804 62152 INFO tempest.lib.common.rest_client [req-54c04e8f-be98-4860-9f36-d442a2cf7611 req-54c04e8f-be98-4860-9f36-d442a2cf7611 ] Request (HypervisorAdminUnderV252Test:setUpClass): 201 POST http://10.180.1.21/identity/v3/users 0.055s
2024-10-12 17:24:11.822 62152 INFO tempest.lib.common.rest_client [req-6e4fdf53-e7b4-4af4-9667-fca7e2192a34 req-6e4fdf53-e7b4-4af4-9667-fca7e2192a34 ] Request (HypervisorAdminUnderV252Test:setUpClass): 200 GET http://10.180.1.21/identity/v3/roles 0.018s
2024-10-12 17:24:11.835 62176 INFO tempest.lib.common.rest_client [req-9ecbce6b-061c-4124-9f4c-487d6bafbfe9 req-9ecbce6b-061c-4124-9f4c-487d6bafbfe9 ] Request (KeyPairsV22TestJSON:setUpClass): 204 PUT http://10.180.1.21/identity/v3/projects/13ea61be8a21482ea3ae1912c326c938/users/512f277d7f834a6ab0fb26fcbf84efd0/roles/d19264b6d16c454bb5da83a59281e742 0.083s
2024-10-12 17:24:11.836 62176 INFO tempest.lib.common.dynamic_creds [-] Dynamic test user 512f277d7f834a6ab0fb26fcbf84efd0 is created with scope project and roles: ['member']
2024-10-12 17:24:11.836 62176 INFO tempest.lib.common.dynamic_creds [-] Acquired dynamic creds: credentials: Credentials: {'domain_id': 'default', 'domain_name': 'Default', 'username': 'tempest-KeyPairsV22TestJSON-533007974-project-member', 'project_domain_id': 'default', 'project_domain_name': 'Default', 'project_id': '13ea61be8a21482ea3ae1912c326c938', 'project_name': 'tempest-KeyPairsV22TestJSON-533007974', 'tenant_id': '13ea61be8a21482ea3ae1912c326c938', 'tenant_name': 'tempest-KeyPairsV22TestJSON-533007974', 'user_domain_id': 'default', 'user_domain_name': 'Default', 'user_id': '512f277d7f834a6ab0fb26fcbf84efd0', 'system': None}, Network: None, Subnet: None, Router: None
2024-10-12 17:24:11.836 62176 INFO tempest.lib.common.dynamic_creds [-] Created isolated network resources for: credentials: Credentials: {'domain_id': 'default', 'domain_name': 'Default', 'username': 'tempest-KeyPairsV22TestJSON-533007974-project-member', 'project_domain_id': 'default', 'project_domain_name': 'Default', 'project_id': '13ea61be8a21482ea3ae1912c326c938', 'project_name': 'tempest-KeyPairsV22TestJSON-533007974', 'tenant_id': '13ea61be8a21482ea3ae1912c326c938', 'tenant_name': 'tempest-KeyPairsV22TestJSON-533007974', 'user_domain_id': 'default', 'user_domain_name': 'Default', 'user_id': '512f277d7f834a6ab0fb26fcbf84efd0', 'system': None}, Network: None, Subnet: None, Router: None
2024-10-12 17:24:11.845 62152 INFO tempest.lib.common.rest_client [req-a0bd0eaf-f33f-4482-ad6e-58f9a222b3ea req-a0bd0eaf-f33f-4482-ad6e-58f9a222b3ea ] Request (HypervisorAdminUnderV252Test:setUpClass): 204 PUT http://10.180.1.21/identity/v3/projects/23be327a02fa4853bf062dbfa9b156f6/users/a349470d47074e63b66a8199d0f5e95b/roles/a545b1352d5d437a91ed1d9eacb39058 0.023s
2024-10-12 17:24:11.861 62200 INFO tempest.lib.common.rest_client [req-293f844a-976f-4221-b7ef-7b58137cb2c5 req-293f844a-976f-4221-b7ef-7b58137cb2c5 ] Request (ListImageFiltersNegativeTestJSON:tearDownClass): 200 GET http://10.180.1.21:9696/networking/v2.0/security-groups?tenant_id=80916914beb648888de18583720397d5&name=default 0.659s
2024-10-12 17:24:11.864 62170 INFO tempest.lib.common.rest_client [req-d8944a42-9eda-49d1-a75f-353c91f1bbba req-d8944a42-9eda-49d1-a75f-353c91f1bbba ] Request (HostsAdminNegativeTestJSON:tearDownClass): 200 GET http://10.180.1.21:9696/networking/v2.0/security-groups?tenant_id=e05afd8865e94834a5c4045bb50b1c90&name=default 0.438s
2024-10-12 17:24:11.891 62152 INFO tempest.lib.common.rest_client [req-8a2ae0a2-97e9-455a-b4d4-0e463f040dbf req-8a2ae0a2-97e9-455a-b4d4-0e463f040dbf ] Request (HypervisorAdminUnderV252Test:setUpClass): 200 GET http://10.180.1.21/identity/v3/roles 0.046s
2024-10-12 17:24:11.908 62152 INFO tempest.lib.common.rest_client [req-c7212ba3-a9dd-4967-aa3c-26f5e3ab938e req-c7212ba3-a9dd-4967-aa3c-26f5e3ab938e ] Request (HypervisorAdminUnderV252Test:setUpClass): 204 PUT http://10.180.1.21/identity/v3/projects/23be327a02fa4853bf062dbfa9b156f6/users/a349470d47074e63b66a8199d0f5e95b/roles/a545b1352d5d437a91ed1d9eacb39058 0.016s
2024-10-12 17:24:11.908 62152 INFO tempest.lib.common.dynamic_creds [-] Dynamic test user a349470d47074e63b66a8199d0f5e95b is created with scope project and roles: ['admin']
2024-10-12 17:24:11.908 62152 INFO tempest.lib.common.dynamic_creds [-] Acquired dynamic creds: credentials: Credentials: {'domain_id': 'default', 'domain_name': 'Default', 'username': 'tempest-HypervisorAdminUnderV252Test-1861850050-project-admin', 'project_domain_id': 'default', 'project_domain_name': 'Default', 'project_id': '23be327a02fa4853bf062dbfa9b156f6', 'project_name': 'tempest-HypervisorAdminUnderV252Test-1861850050', 'tenant_id': '23be327a02fa4853bf062dbfa9b156f6', 'tenant_name': 'tempest-HypervisorAdminUnderV252Test-1861850050', 'user_domain_id': 'default', 'user_domain_name': 'Default', 'user_id': 'a349470d47074e63b66a8199d0f5e95b', 'system': None}, Network: None, Subnet: None, Router: None
2024-10-12 17:24:11.909 62152 INFO tempest.lib.common.dynamic_creds [-] Created isolated network resources for: credentials: Credentials: {'domain_id': 'default', 'domain_name': 'Default', 'username': 'tempest-HypervisorAdminUnderV252Test-1861850050-project-admin', 'project_domain_id': 'default', 'project_domain_name': 'Default', 'project_id': '23be327a02fa4853bf062dbfa9b156f6', 'project_name': 'tempest-HypervisorAdminUnderV252Test-1861850050', 'tenant_id': '23be327a02fa4853bf062dbfa9b156f6', 'tenant_name': 'tempest-HypervisorAdminUnderV252Test-1861850050', 'user_domain_id': 'default', 'user_domain_name': 'Default', 'user_id': 'a349470d47074e63b66a8199d0f5e95b', 'system': None}, Network: None, Subnet: None, Router: None
2024-10-12 17:24:11.911 62176 INFO tempest.lib.common.rest_client [req-e83d7810-6208-4129-bbd7-f3bfb1a47c30 req-e83d7810-6208-4129-bbd7-f3bfb1a47c30 ] Request (KeyPairsV22TestJSON:setUpClass): 201 POST http://10.180.1.21/identity/v3/auth/tokens 0.072s
2024-10-12 17:24:11.984 62152 INFO tempest.lib.common.rest_client [req-d2744530-806d-4ab5-8208-eb8f01862570 req-d2744530-806d-4ab5-8208-eb8f01862570 ] Request (HypervisorAdminUnderV252Test:setUpClass): 201 POST http://10.180.1.21/identity/v3/auth/tokens 0.072s
2024-10-12 17:24:12.008 62192 INFO tempest.lib.common.rest_client [req-6544f7fe-1a86-4ab7-9cfb-d9f88dc887af req-6544f7fe-1a86-4ab7-9cfb-d9f88dc887af ] Request (FloatingIPDetailsTestJSON:tearDownClass): 202 DELETE http://10.180.1.21/compute/v2.1/os-floating-ips/9b4b8176-777f-49c2-bd63-58dfd0cf1e52 1.559s
2024-10-12 17:24:12.114 62172 INFO tempest.lib.common.rest_client [req-9e665b3e-4bd0-47ad-ae33-b62b0ab49b72 req-9e665b3e-4bd0-47ad-ae33-b62b0ab49b72 ] Request (TenantUsagesTestJSON:setUpClass): 200 GET http://10.180.1.21/compute/v2.1/servers/ed456ff1-249c-45d0-a007-3fef96ae8a2d 0.999s
2024-10-12 17:24:12.145 62200 INFO tempest.lib.common.rest_client [req-4c8fd956-de26-46c2-9d41-d90e953e7518 req-4c8fd956-de26-46c2-9d41-d90e953e7518 ] Request (ListImageFiltersNegativeTestJSON:tearDownClass): 204 DELETE http://10.180.1.21:9696/networking/v2.0/security-groups/37e1635e-a293-4a02-a6f5-5f02e3111421 0.283s
2024-10-12 17:24:12.156 62204 INFO tempest.lib.common.rest_client [req-8d3f8f61-bb5f-4ee8-8094-27cc3d4e0492 req-8d3f8f61-bb5f-4ee8-8094-27cc3d4e0492 ] Request (SecurityGroupRulesNegativeTestJSON:tearDownClass): 202 DELETE http://10.180.1.21/compute/v2.1/os-security-groups/415643b1-d432-4ef0-8b9f-ddd144644c21 1.058s
2024-10-12 17:24:12.157 62166 INFO tempest.lib.common.rest_client [req-c1ed5a7d-ec2b-4320-acf8-f3dbbbf5eb1d req-c1ed5a7d-ec2b-4320-acf8-f3dbbbf5eb1d ] Request (KeyPairsV2TestJSON:test_keypairs_create_list_delete): 200 POST http://10.180.1.21/compute/v2.1/os-keypairs 1.016s
2024-10-12 17:24:12.157 62170 INFO tempest.lib.common.rest_client [req-57dfcf1d-a12e-45f1-9452-c128c8bf2638 req-57dfcf1d-a12e-45f1-9452-c128c8bf2638 ] Request (HostsAdminNegativeTestJSON:tearDownClass): 204 DELETE http://10.180.1.21:9696/networking/v2.0/security-groups/479c27c8-9eeb-4d4d-b1ab-91d7c80b167c 0.293s
2024-10-12 17:24:12.158 62212 INFO tempest.lib.common.rest_client [req-c837a904-5670-4918-b0c1-fe8f34960426 req-c837a904-5670-4918-b0c1-fe8f34960426 ] Request (QuotasAdminNegativeTest:tearDownClass): 204 DELETE http://10.180.1.21:9696/networking/v2.0/security-groups/b8e1baef-944e-4ccd-bcae-ea7b0b3ada4a 0.402s
2024-10-12 17:24:12.172 62214 INFO tempest.lib.common.rest_client [req-6d4dc354-0d83-4780-ad46-67b623acb73c req-6d4dc354-0d83-4780-ad46-67b623acb73c ] Request (ServersTestMultiNic:setUpClass): 201 POST http://10.180.1.21:9696/networking/v2.0/routers 2.219s
2024-10-12 17:24:12.177 62156 INFO tempest.lib.common.rest_client [req-aaa7558a-ed3d-4aca-ae0c-21b4dcc05668 req-aaa7558a-ed3d-4aca-ae0c-21b4dcc05668 ] Request (FlavorsAccessNegativeTestJSON:test_flavor_non_admin_remove): 200 POST http://10.180.1.21/compute/v2.1/flavors 1.013s
2024-10-12 17:24:12.194 62162 INFO tempest.lib.common.rest_client [req-3ad8afc0-db68-4441-900a-ae491719b214 req-3ad8afc0-db68-4441-900a-ae491719b214 ] Request (AggregatesAdminNegativeTestJSON:test_aggregate_delete_as_user): 200 POST http://10.180.1.21/compute/v2.1/os-aggregates 1.011s
2024-10-12 17:24:12.266 62182 INFO tempest.lib.common.rest_client [req-10ac9fe4-1be2-46d9-a44c-ace385770517 req-10ac9fe4-1be2-46d9-a44c-ace385770517 ] Request (ServerDiagnosticsTest:test_get_server_diagnostics): 200 GET http://10.180.1.21/compute/v2.1/servers/43942e78-7703-444d-91e3-bc7913299654 1.019s
2024-10-12 17:24:12.275 62200 INFO tempest.lib.common.rest_client [req-d4db319a-65d2-4d34-a6fc-9a0cc4384a6e req-d4db319a-65d2-4d34-a6fc-9a0cc4384a6e ] Request (ListImageFiltersNegativeTestJSON:tearDownClass): 204 DELETE http://10.180.1.21/identity/v3/projects/80916914beb648888de18583720397d5 0.129s
2024-10-12 17:24:12.277 62158 INFO tempest.lib.common.rest_client [req-afc41360-ee6b-4236-8d54-a24b4fd56483 req-afc41360-ee6b-4236-8d54-a24b4fd56483 ] Request (ServersAdminNegativeTestJSON:setUpClass): 200 GET http://10.180.1.21/compute/v2.1/servers/37837096-5ad0-4b6f-b32d-f2899d88b6dd 0.735s
2024-10-12 17:24:12.285 62154 INFO tempest.lib.common.rest_client [req-541952b5-425d-4e32-96da-daae76a34c58 req-541952b5-425d-4e32-96da-daae76a34c58 ] Request (FloatingIPsTestJSON:tearDownClass): 204 DELETE http://10.180.1.21:9696/networking/v2.0/routers/66020914-b1c3-4f89-8364-e00b77fb6aa8 1.260s
2024-10-12 17:24:12.287 62170 INFO tempest.lib.common.rest_client [req-40ee321a-d29e-4383-948b-6f4d7840ebbb req-40ee321a-d29e-4383-948b-6f4d7840ebbb ] Request (HostsAdminNegativeTestJSON:tearDownClass): 204 DELETE http://10.180.1.21/identity/v3/projects/e05afd8865e94834a5c4045bb50b1c90 0.129s
2024-10-12 17:24:12.287 62170 INFO tempest.lib.common.dynamic_creds [-] Deleting project and security group for project: d6aa015f0ec842caac16807197731630
2024-10-12 17:24:12.355 62200 INFO tempest.lib.common.rest_client [req-10c7f691-b2a7-4892-8567-80390bd68024 req-10c7f691-b2a7-4892-8567-80390bd68024 ] Request (ListServersNegativeTestJSON:setUpClass): 201 POST http://10.180.1.21/identity/v3/auth/tokens 0.077s
2024-10-12 17:24:12.372 62198 INFO tempest.lib.common.rest_client [req-9c89e1cb-004d-428e-94fc-3712779fc29b req-9c89e1cb-004d-428e-94fc-3712779fc29b ] Request (ServersAaction247Test:test_create_backup): 200 GET http://10.180.1.21/compute/v2.1/servers/4ad746d0-4076-4c97-8ea9-20e49fda59ca 0.816s
2024-10-12 17:24:12.390 62164 INFO tempest.lib.common.rest_client [req-d8d9c673-a7ce-4e04-8c4b-07b7ab8b54c8 req-d8d9c673-a7ce-4e04-8c4b-07b7ab8b54c8 ] Request (AttachInterfacesUnderV243Test:test_add_remove_fixed_ip): 200 GET http://10.180.1.21/compute/v2.1/servers/02d215d8-dd42-49cc-9509-08335c7bafe3 0.789s
2024-10-12 17:24:12.394 62200 INFO tempest.lib.common.rest_client [req-ab1fcdb1-2f41-4dbf-a464-3e6abc8b707a req-ab1fcdb1-2f41-4dbf-a464-3e6abc8b707a ] Request (ListServersNegativeTestJSON:setUpClass): 201 POST http://10.180.1.21/identity/v3/auth/tokens 0.036s
2024-10-12 17:24:12.418 62212 INFO tempest.lib.common.rest_client [req-36f76a6f-5f30-4ca6-bac7-e54c1815e478 req-36f76a6f-5f30-4ca6-bac7-e54c1815e478 ] Request (QuotasAdminNegativeTest:tearDownClass): 204 DELETE http://10.180.1.21/identity/v3/projects/cfd0743ad3d4466fa62ecfc78a9f65cd 0.257s
2024-10-12 17:24:12.419 62212 INFO tempest.lib.common.dynamic_creds [-] Deleting project and security group for project: c75ff82e09064818823598f334401488
2024-10-12 17:24:12.445 62200 INFO tempest.lib.common.rest_client [req-38c0fecf-e112-4298-a654-6323a3aed4a7 req-38c0fecf-e112-4298-a654-6323a3aed4a7 ] Request (ListServersNegativeTestJSON:setUpClass): 200 GET http://10.180.1.21/identity/v3/domains?name=Default 0.050s
2024-10-12 17:24:12.472 62178 INFO tempest.lib.common.rest_client [req-2df70369-dc02-4844-a1df-9e203a2b0e8b req-2df70369-dc02-4844-a1df-9e203a2b0e8b ] Request (ServerExternalEventsTest:test_create_server_external_events): 200 GET http://10.180.1.21/compute/v2.1/servers/abdb0ba9-abef-4528-96fb-ae7d7d41f8fc 0.813s
2024-10-12 17:24:12.484 62202 INFO tempest.lib.common.rest_client [req-162580c4-4dcb-4e79-bd96-4f274f6e2414 req-162580c4-4dcb-4e79-bd96-4f274f6e2414 ] Request (FlavorsV2TestJSON:test_list_flavors_filter_by_min_disk): 200 GET http://10.180.1.21/compute/v2.1/flavors/42 0.778s
2024-10-12 17:24:12.500 62200 INFO tempest.lib.common.rest_client [req-a1d1ee23-ba37-4ad1-a130-9b1be21151c0 req-a1d1ee23-ba37-4ad1-a130-9b1be21151c0 ] Request (ListServersNegativeTestJSON:setUpClass): 201 POST http://10.180.1.21/identity/v3/projects 0.054s
2024-10-12 17:24:12.552 62200 INFO tempest.lib.common.rest_client [req-a4b51411-58a9-4ffb-8108-2c95b0c19474 req-a4b51411-58a9-4ffb-8108-2c95b0c19474 ] Request (ListServersNegativeTestJSON:setUpClass): 201 POST http://10.180.1.21/identity/v3/users 0.052s
2024-10-12 17:24:12.573 62200 INFO tempest.lib.common.rest_client [req-327c23a6-349e-458e-b300-ba01daa43184 req-327c23a6-349e-458e-b300-ba01daa43184 ] Request (ListServersNegativeTestJSON:setUpClass): 200 GET http://10.180.1.21/identity/v3/roles 0.020s
2024-10-12 17:24:12.576 62160 INFO tempest.lib.common.rest_client [req-ed06fad8-5e78-4099-9920-122a35076604 req-ed06fad8-5e78-4099-9920-122a35076604 ] Request (QuotasAdminTestJSON:test_get_updated_quotas): 200 GET http://10.180.1.21/compute/v2.1/os-quota-sets/0ecf836b6ea04e819557748332b28bd3/detail 0.974s
2024-10-12 17:24:12.601 62200 INFO tempest.lib.common.rest_client [req-8eadc56f-0263-418a-8ca5-a999f13690a0 req-8eadc56f-0263-418a-8ca5-a999f13690a0 ] Request (ListServersNegativeTestJSON:setUpClass): 204 PUT http://10.180.1.21/identity/v3/projects/37ffd9c6cf05433e87a3739433cc7248/users/5283a75779d74aa7aee51e6b066769d4/roles/d19264b6d16c454bb5da83a59281e742 0.028s
2024-10-12 17:24:12.601 62200 INFO tempest.lib.common.dynamic_creds [-] Dynamic test user 5283a75779d74aa7aee51e6b066769d4 is created with scope project and roles: ['member']
2024-10-12 17:24:12.602 62200 INFO tempest.lib.common.dynamic_creds [-] Acquired dynamic creds: credentials: Credentials: {'domain_id': 'default', 'domain_name': 'Default', 'username': 'tempest-ListServersNegativeTestJSON-1224372416-project-member', 'project_domain_id': 'default', 'project_domain_name': 'Default', 'project_id': '37ffd9c6cf05433e87a3739433cc7248', 'project_name': 'tempest-ListServersNegativeTestJSON-1224372416', 'tenant_id': '37ffd9c6cf05433e87a3739433cc7248', 'tenant_name': 'tempest-ListServersNegativeTestJSON-1224372416', 'user_domain_id': 'default', 'user_domain_name': 'Default', 'user_id': '5283a75779d74aa7aee51e6b066769d4', 'system': None}, Network: None, Subnet: None, Router: None
2024-10-12 17:24:12.648 62160 INFO tempest.lib.common.rest_client [req-3c140642-c35e-4715-8c92-ca0f70563c4f req-3c140642-c35e-4715-8c92-ca0f70563c4f ] Request (QuotasAdminTestJSON:test_get_updated_quotas): 200 GET http://10.180.1.21/identity/v3/domains?name=Default 0.065s
2024-10-12 17:24:12.677 62160 INFO tempest.lib.common.rest_client [req-1c1e8a99-b89e-44b3-845f-d54542dba6b8 req-1c1e8a99-b89e-44b3-845f-d54542dba6b8 ] Request (QuotasAdminTestJSON:test_get_updated_quotas): 201 POST http://10.180.1.21/identity/v3/users 0.028s
2024-10-12 17:24:12.697 62160 INFO tempest.lib.common.rest_client [req-a460b75e-f353-433c-8228-24fa67f1ebf2 req-a460b75e-f353-433c-8228-24fa67f1ebf2 ] Request (QuotasAdminTestJSON:test_get_updated_quotas): 200 GET http://10.180.1.21/identity/v3/domains?name=Default 0.019s
2024-10-12 17:24:12.698 62184 INFO tempest.lib.common.rest_client [req-4521269e-eb7d-4f54-9e9e-0cb1e82cb7b5 req-4521269e-eb7d-4f54-9e9e-0cb1e82cb7b5 ] Request (DeleteServersAdminTestJSON:test_admin_delete_servers_of_others): 200 GET http://10.180.1.21/compute/v2.1/servers/1a0e117e-aa56-44fa-8818-71f0fd0b6183 0.987s
2024-10-12 17:24:12.703 62200 INFO tempest.lib.common.rest_client [req-a51763cd-3994-437d-b7e4-6ef4d4f2fcdb req-a51763cd-3994-437d-b7e4-6ef4d4f2fcdb ] Request (ListServersNegativeTestJSON:setUpClass): 201 POST http://10.180.1.21/identity/v3/auth/tokens 0.101s
2024-10-12 17:24:12.703 62170 INFO tempest.lib.common.rest_client [req-fb6c5d6f-164c-44d8-bd71-6c2bb42434db req-fb6c5d6f-164c-44d8-bd71-6c2bb42434db ] Request (HostsAdminNegativeTestJSON:tearDownClass): 200 GET http://10.180.1.21:9696/networking/v2.0/security-groups?tenant_id=d6aa015f0ec842caac16807197731630&name=default 0.415s
2024-10-12 17:24:12.705 62184 INFO tempest.common.waiters [-] State transition "BUILD/spawning" ==> "ERROR/None" after 22 second wait
2024-10-12 17:24:12.719 62154 INFO tempest.lib.common.rest_client [req-7de2b8c6-c22d-4233-a0c7-d72a991f29cc req-7de2b8c6-c22d-4233-a0c7-d72a991f29cc ] Request (FloatingIPsTestJSON:tearDownClass): 204 DELETE http://10.180.1.21:9696/networking/v2.0/subnets/a25351f0-7ea3-43f0-afad-112e5780a94d 0.434s
2024-10-12 17:24:12.722 62194 INFO tempest.lib.common.rest_client [req-d81e5315-ce7d-4aa9-82c1-b6e599962c06 req-d81e5315-ce7d-4aa9-82c1-b6e599962c06 ] Request (ServerDiagnosticsNegativeTest:test_get_server_diagnostics_by_non_admin): 200 GET http://10.180.1.21/compute/v2.1/servers/f28611df-9528-4ec0-b575-ad54ebd4a958 0.958s
2024-10-12 17:24:12.846 62168 INFO tempest.lib.common.rest_client [req-5fcf41e7-9224-41bc-8c91-ed3837f02a65 req-5fcf41e7-9224-41bc-8c91-ed3837f02a65 ] Request (FloatingIPDetailsNegativeTestJSON:tearDownClass): 200 PUT http://10.180.1.21:9696/networking/v2.0/routers/73b4cde8-9c10-48b6-8a5f-6cafd0719041/remove_router_interface 2.079s
2024-10-12 17:24:12.867 62210 INFO tempest.lib.common.rest_client [req-52f9011e-05d8-4f48-b538-50860de7bac9 req-52f9011e-05d8-4f48-b538-50860de7bac9 ] Request (ServersWithSpecificFlavorTestJSON:test_verify_created_server_ephemeral_disk): 200 GET http://10.180.1.21/compute/v2.1/servers/f660c725-fc06-42e4-8a34-5d80568b535e 1.041s
2024-10-12 17:24:12.972 62190 INFO tempest.lib.common.rest_client [req-b66b5471-d59f-4446-8ea5-faabccd2ae02 req-b66b5471-d59f-4446-8ea5-faabccd2ae02 ] Request (VolumesAssistedSnapshotsTest:test_volume_assisted_snapshot_create_delete): 200 GET http://10.180.1.21/compute/v2.1/servers/ee479d3a-239f-426c-8bdb-484fdf8dcd76 1.113s
2024-10-12 17:24:12.983 62212 INFO tempest.lib.common.rest_client [req-9de9ffe1-9c69-4a54-8ef5-88277c0b5589 req-9de9ffe1-9c69-4a54-8ef5-88277c0b5589 ] Request (QuotasAdminNegativeTest:tearDownClass): 200 GET http://10.180.1.21:9696/networking/v2.0/security-groups?tenant_id=c75ff82e09064818823598f334401488&name=default 0.564s
2024-10-12 17:24:13.064 62200 INFO tempest.lib.common.rest_client [req-bc7bd04d-bada-4849-8775-ded37888b1eb req-bc7bd04d-bada-4849-8775-ded37888b1eb ] Request (ListServersNegativeTestJSON:setUpClass): 201 POST http://10.180.1.21:9696/networking/v2.0/networks 0.361s
2024-10-12 17:24:13.130 62176 INFO tempest.lib.common.rest_client [req-0015d479-bd87-4feb-afc4-50047d0cc035 req-0015d479-bd87-4feb-afc4-50047d0cc035 ] Request (KeyPairsV22TestJSON:test_get_keypair_detail): 201 POST http://10.180.1.21/compute/v2.1/os-keypairs 1.216s
2024-10-12 17:24:13.192 62188 INFO tempest.lib.common.rest_client [req-adf5e3c1-3919-48f3-8d1a-68a60974255e req-adf5e3c1-3919-48f3-8d1a-68a60974255e ] Request (ListImageFiltersTestJSON:setUpClass): 202 POST http://10.180.1.21/compute/v2.1/servers 1.392s
2024-10-12 17:24:13.194 62170 INFO tempest.lib.common.rest_client [req-3e2a2ccc-42bf-492a-9751-ad8cce7612e9 req-3e2a2ccc-42bf-492a-9751-ad8cce7612e9 ] Request (HostsAdminNegativeTestJSON:tearDownClass): 204 DELETE http://10.180.1.21:9696/networking/v2.0/security-groups/5beee521-4851-4eb8-8c26-be7134218904 0.491s
2024-10-12 17:24:13.228 62206 INFO tempest.lib.common.rest_client [req-7e8fbeaf-faaf-4be7-9d67-b7a4f7d39c3a req-7e8fbeaf-faaf-4be7-9d67-b7a4f7d39c3a ] Request (ServerDiagnosticsV248Test:test_get_server_diagnostics): 200 GET http://10.180.1.21/compute/v2.1/servers/c5af147e-3526-4014-98bc-7ad163ae89d9 1.301s
2024-10-12 17:24:13.240 62206 INFO tempest.common.waiters [-] State transition "BUILD/None" ==> "BUILD/spawning" after 11 second wait
2024-10-12 17:24:13.261 62212 INFO tempest.lib.common.rest_client [req-d0ca255f-7e36-4e8e-bd23-2a91be23e29b req-d0ca255f-7e36-4e8e-bd23-2a91be23e29b ] Request (QuotasAdminNegativeTest:tearDownClass): 204 DELETE http://10.180.1.21:9696/networking/v2.0/security-groups/d002e4ee-2f14-4093-bf45-61a741686c36 0.277s
2024-10-12 17:24:13.300 62170 INFO tempest.lib.common.rest_client [req-c2a774a6-50a4-48d0-961c-c23adeb66cf3 req-c2a774a6-50a4-48d0-961c-c23adeb66cf3 ] Request (HostsAdminNegativeTestJSON:tearDownClass): 204 DELETE http://10.180.1.21/identity/v3/projects/d6aa015f0ec842caac16807197731630 0.105s
2024-10-12 17:24:13.330 62196 INFO tempest.lib.common.rest_client [req-a06ca6ca-5f5b-481b-a29d-dcc04ea82828 req-a06ca6ca-5f5b-481b-a29d-dcc04ea82828 ] Request (ServersTestBootFromVolume:setUpClass): 200 GET http://10.180.1.21/compute/v2.1/servers/32e56693-5100-4ed8-b26a-7d377f9ab7b6 1.338s
2024-10-12 17:24:13.355 62188 INFO tempest.lib.common.rest_client [req-8dd12981-6216-44f2-adf7-3f3aeefc30da req-8dd12981-6216-44f2-adf7-3f3aeefc30da ] Request (ListImageFiltersTestJSON:setUpClass): 201 POST http://10.180.1.21/identity/v3/auth/tokens 0.157s
2024-10-12 17:24:13.355 62188 INFO tempest.lib.common.fixed_network [-] (ListImageFiltersTestJSON:setUpClass) Found network None available for tenant
2024-10-12 17:24:13.357 62152 INFO tempest.lib.common.rest_client [req-1205b5ac-c3fb-4942-9ad2-b497fa2672ee req-1205b5ac-c3fb-4942-9ad2-b497fa2672ee ] Request (HypervisorAdminUnderV252Test:test_get_hypervisor_show_servers): 200 GET http://10.180.1.21/compute/v2.1/os-hypervisors 1.371s
2024-10-12 17:24:13.425 62170 INFO tempest.lib.common.rest_client [req-4e96f05a-0e33-4334-9326-f5eed7693a70 req-4e96f05a-0e33-4334-9326-f5eed7693a70 ] Request (InstanceUsageAuditLogNegativeTestJSON:setUpClass): 201 POST http://10.180.1.21/identity/v3/auth/tokens 0.123s
2024-10-12 17:24:13.446 62212 INFO tempest.lib.common.rest_client [req-05b35065-a410-4d59-be2d-bf1deb5fd520 req-05b35065-a410-4d59-be2d-bf1deb5fd520 ] Request (QuotasAdminNegativeTest:tearDownClass): 204 DELETE http://10.180.1.21/identity/v3/projects/c75ff82e09064818823598f334401488 0.184s
2024-10-12 17:24:13.458 62180 INFO tempest.lib.common.rest_client [req-20478991-92bf-47dd-a05a-512d7dbd32ae req-20478991-92bf-47dd-a05a-512d7dbd32ae ] Request (MigrationsAdminTest:test_list_migrations_in_flavor_resize_situation): 200 GET http://10.180.1.21/compute/v2.1/servers/96c6b747-7293-4252-a1d0-b0d7684c5529 1.375s
2024-10-12 17:24:13.469 62180 INFO tempest.common.waiters [-] State transition "BUILD/scheduling" ==> "BUILD/None" after 7 second wait
2024-10-12 17:24:13.473 62200 INFO tempest.lib.common.rest_client [req-4fe0df81-b94d-48e4-8276-74617e0b71f9 req-4fe0df81-b94d-48e4-8276-74617e0b71f9 ] Request (ListServersNegativeTestJSON:setUpClass): 201 POST http://10.180.1.21:9696/networking/v2.0/subnets 0.408s
2024-10-12 17:24:13.499 62166 INFO tempest.lib.common.rest_client [req-dc60bf50-2d15-46c3-9dae-17059ea538a1 req-dc60bf50-2d15-46c3-9dae-17059ea538a1 ] Request (KeyPairsV2TestJSON:test_keypairs_create_list_delete): 200 POST http://10.180.1.21/compute/v2.1/os-keypairs 1.340s
2024-10-12 17:24:13.501 62170 INFO tempest.lib.common.rest_client [req-5ac25a17-349c-4aa5-9121-c9e84fb80e43 req-5ac25a17-349c-4aa5-9121-c9e84fb80e43 ] Request (InstanceUsageAuditLogNegativeTestJSON:setUpClass): 201 POST http://10.180.1.21/identity/v3/auth/tokens 0.073s
2024-10-12 17:24:13.510 62212 INFO tempest.lib.common.rest_client [req-c4022d02-2160-4d1a-b224-ad655b491e98 req-c4022d02-2160-4d1a-b224-ad655b491e98 ] Request (SecurityGroupsTestAdminJSON:setUpClass): 201 POST http://10.180.1.21/identity/v3/auth/tokens 0.063s
2024-10-12 17:24:13.525 62170 INFO tempest.lib.common.rest_client [req-8be1c7c3-18d6-4893-ba78-eda59f5b4677 req-8be1c7c3-18d6-4893-ba78-eda59f5b4677 ] Request (InstanceUsageAuditLogNegativeTestJSON:setUpClass): 200 GET http://10.180.1.21/identity/v3/domains?name=Default 0.024s
2024-10-12 17:24:13.555 62212 INFO tempest.lib.common.rest_client [req-c8a6c45a-a62a-4866-b6e7-9632de0c2475 req-c8a6c45a-a62a-4866-b6e7-9632de0c2475 ] Request (SecurityGroupsTestAdminJSON:setUpClass): 201 POST http://10.180.1.21/identity/v3/auth/tokens 0.043s
2024-10-12 17:24:13.583 62170 INFO tempest.lib.common.rest_client [req-b20c0b2b-872e-4560-8c2f-bd9dbfc305db req-b20c0b2b-872e-4560-8c2f-bd9dbfc305db ] Request (InstanceUsageAuditLogNegativeTestJSON:setUpClass): 201 POST http://10.180.1.21/identity/v3/projects 0.057s
2024-10-12 17:24:13.636 62212 INFO tempest.lib.common.rest_client [req-3db7b18d-b5e5-43d6-8fa5-50aa73fa2444 req-3db7b18d-b5e5-43d6-8fa5-50aa73fa2444 ] Request (SecurityGroupsTestAdminJSON:setUpClass): 200 GET http://10.180.1.21/identity/v3/domains?name=Default 0.080s
2024-10-12 17:24:13.658 62170 INFO tempest.lib.common.rest_client [req-3b16ab94-decb-4c44-b9a3-58a21909a980 req-3b16ab94-decb-4c44-b9a3-58a21909a980 ] Request (InstanceUsageAuditLogNegativeTestJSON:setUpClass): 201 POST http://10.180.1.21/identity/v3/users 0.074s
2024-10-12 17:24:13.667 62156 INFO tempest.lib.common.rest_client [req-25e1a362-dcc1-4e4a-b6dc-a9250b8574c5 req-25e1a362-dcc1-4e4a-b6dc-a9250b8574c5 ] Request (FlavorsAccessNegativeTestJSON:test_flavor_non_admin_remove): 200 POST http://10.180.1.21/compute/v2.1/flavors/393310405/action 1.488s
2024-10-12 17:24:13.674 62162 INFO tempest.lib.common.rest_client [req-30a2de06-9dc4-49e6-8e3d-e66f7564a0f1 req-30a2de06-9dc4-49e6-8e3d-e66f7564a0f1 ] Request (AggregatesAdminNegativeTestJSON:test_aggregate_delete_as_user): 403 DELETE http://10.180.1.21/compute/v2.1/os-aggregates/5 1.478s
2024-10-12 17:24:13.677 62212 INFO tempest.lib.common.rest_client [req-14342afc-1eea-425b-bc64-111d85444b27 req-14342afc-1eea-425b-bc64-111d85444b27 ] Request (SecurityGroupsTestAdminJSON:setUpClass): 201 POST http://10.180.1.21/identity/v3/projects 0.041s
2024-10-12 17:24:13.726 62170 INFO tempest.lib.common.rest_client [req-f0722ed2-6f01-41a8-95d1-39f9d50bdfcf req-f0722ed2-6f01-41a8-95d1-39f9d50bdfcf ] Request (InstanceUsageAuditLogNegativeTestJSON:setUpClass): 200 GET http://10.180.1.21/identity/v3/roles 0.068s
2024-10-12 17:24:13.737 62212 INFO tempest.lib.common.rest_client [req-c0d852cd-187d-473b-9c62-73a7418e190f req-c0d852cd-187d-473b-9c62-73a7418e190f ] Request (SecurityGroupsTestAdminJSON:setUpClass): 201 POST http://10.180.1.21/identity/v3/users 0.059s
2024-10-12 17:24:13.753 62154 INFO tempest.lib.common.rest_client [req-9b4860e1-f00b-4b5a-a658-843163e531d7 req-9b4860e1-f00b-4b5a-a658-843163e531d7 ] Request (FloatingIPsTestJSON:tearDownClass): 204 DELETE http://10.180.1.21:9696/networking/v2.0/networks/d112f587-8c47-4579-a988-4803a932a968 1.033s
2024-10-12 17:24:13.756 62170 INFO tempest.lib.common.rest_client [req-ff5aeb57-16f4-4501-8061-84332da0d6a0 req-ff5aeb57-16f4-4501-8061-84332da0d6a0 ] Request (InstanceUsageAuditLogNegativeTestJSON:setUpClass): 204 PUT http://10.180.1.21/identity/v3/projects/46cc5698828646d281350e6570118411/users/8fa008da79cb497e933ee7d4c7b57d66/roles/d19264b6d16c454bb5da83a59281e742 0.029s
2024-10-12 17:24:13.756 62170 INFO tempest.lib.common.dynamic_creds [-] Dynamic test user 8fa008da79cb497e933ee7d4c7b57d66 is created with scope project and roles: ['member']
2024-10-12 17:24:13.756 62170 INFO tempest.lib.common.dynamic_creds [-] Acquired dynamic creds: credentials: Credentials: {'domain_id': 'default', 'domain_name': 'Default', 'username': 'tempest-InstanceUsageAuditLogNegativeTestJSON-1388899740-project-member', 'project_domain_id': 'default', 'project_domain_name': 'Default', 'project_id': '46cc5698828646d281350e6570118411', 'project_name': 'tempest-InstanceUsageAuditLogNegativeTestJSON-1388899740', 'tenant_id': '46cc5698828646d281350e6570118411', 'tenant_name': 'tempest-InstanceUsageAuditLogNegativeTestJSON-1388899740', 'user_domain_id': 'default', 'user_domain_name': 'Default', 'user_id': '8fa008da79cb497e933ee7d4c7b57d66', 'system': None}, Network: None, Subnet: None, Router: None
2024-10-12 17:24:13.756 62170 INFO tempest.lib.common.dynamic_creds [-] Created isolated network resources for: credentials: Credentials: {'domain_id': 'default', 'domain_name': 'Default', 'username': 'tempest-InstanceUsageAuditLogNegativeTestJSON-1388899740-project-member', 'project_domain_id': 'default', 'project_domain_name': 'Default', 'project_id': '46cc5698828646d281350e6570118411', 'project_name': 'tempest-InstanceUsageAuditLogNegativeTestJSON-1388899740', 'tenant_id': '46cc5698828646d281350e6570118411', 'tenant_name': 'tempest-InstanceUsageAuditLogNegativeTestJSON-1388899740', 'user_domain_id': 'default', 'user_domain_name': 'Default', 'user_id': '8fa008da79cb497e933ee7d4c7b57d66', 'system': None}, Network: None, Subnet: None, Router: None
2024-10-12 17:24:13.798 62174 INFO tempest.lib.common.rest_client [req-468725f3-55f2-4843-b68f-3c7863d45f3b req-468725f3-55f2-4843-b68f-3c7863d45f3b ] Request (ServerMetadataTestJSON:setUpClass): 200 GET http://10.180.1.21/compute/v2.1/servers/d7a929e2-c3fd-4fcb-b6e1-ae1caae6da1f 1.446s
2024-10-12 17:24:13.808 62212 INFO tempest.lib.common.rest_client [req-c9ec3c29-7d06-4631-a42c-33ef7005421d req-c9ec3c29-7d06-4631-a42c-33ef7005421d ] Request (SecurityGroupsTestAdminJSON:setUpClass): 200 GET http://10.180.1.21/identity/v3/roles 0.070s
2024-10-12 17:24:13.826 62202 INFO tempest.lib.common.rest_client [req-8b57254b-c9e4-4f4d-a9e6-8b458582dc6e req-8b57254b-c9e4-4f4d-a9e6-8b458582dc6e ] Request (FlavorsV2TestJSON:test_list_flavors_filter_by_min_disk): 200 GET http://10.180.1.21/compute/v2.1/flavors?minDisk=2 1.340s
2024-10-12 17:24:13.879 62204 INFO tempest.lib.common.rest_client [req-4c552858-e3b7-46ff-b3b2-f9450d838f67 req-4c552858-e3b7-46ff-b3b2-f9450d838f67 ] Request (SecurityGroupRulesNegativeTestJSON:tearDownClass): 202 DELETE http://10.180.1.21/compute/v2.1/os-security-groups/6e89e317-a7f2-47ab-a95b-f7259573dc3f 1.722s
2024-10-12 17:24:13.888 62154 INFO tempest.lib.common.rest_client [req-ddbfc871-bd4b-43c1-a4c4-22b2b92f62d0 req-ddbfc871-bd4b-43c1-a4c4-22b2b92f62d0 ] Request (FloatingIPsTestJSON:tearDownClass): 204 DELETE http://10.180.1.21/identity/v3/users/db7a5984d50a4d388a2d44641945733a 0.134s
2024-10-12 17:24:13.888 62154 INFO tempest.lib.common.dynamic_creds [-] Deleting project and security group for project: c60bdadd2a6b46f2979e3af0b8c74f2a
2024-10-12 17:24:13.889 62170 INFO tempest.lib.common.rest_client [req-fa4626c9-c041-4225-b881-6091c99ba203 req-fa4626c9-c041-4225-b881-6091c99ba203 ] Request (InstanceUsageAuditLogNegativeTestJSON:setUpClass): 201 POST http://10.180.1.21/identity/v3/auth/tokens 0.129s
2024-10-12 17:24:13.895 62186 INFO tempest.lib.common.rest_client [req-4483fbe6-7e07-414e-8f47-aff418308eeb req-4483fbe6-7e07-414e-8f47-aff418308eeb ] Request (SecurityGroupsTestJSON:test_list_security_groups_by_server): 200 GET http://10.180.1.21/compute/v2.1/servers/f9e04dbd-d5ae-4f03-9406-14b2caeaf010 1.213s
2024-10-12 17:24:13.947 62212 INFO tempest.lib.common.rest_client [req-61850a9e-1877-4a1e-a2e8-6ea52c4a916c req-61850a9e-1877-4a1e-a2e8-6ea52c4a916c ] Request (SecurityGroupsTestAdminJSON:setUpClass): 204 PUT http://10.180.1.21/identity/v3/projects/0ae135db8b264fb2bad45bee7018fa23/users/7de21c8b305b4b5fa453101a7271af78/roles/d19264b6d16c454bb5da83a59281e742 0.139s
2024-10-12 17:24:13.948 62212 INFO tempest.lib.common.dynamic_creds [-] Dynamic test user 7de21c8b305b4b5fa453101a7271af78 is created with scope project and roles: ['member']
2024-10-12 17:24:13.948 62212 INFO tempest.lib.common.dynamic_creds [-] Acquired dynamic creds: credentials: Credentials: {'domain_id': 'default', 'domain_name': 'Default', 'username': 'tempest-SecurityGroupsTestAdminJSON-880827311-project-member', 'project_domain_id': 'default', 'project_domain_name': 'Default', 'project_id': '0ae135db8b264fb2bad45bee7018fa23', 'project_name': 'tempest-SecurityGroupsTestAdminJSON-880827311', 'tenant_id': '0ae135db8b264fb2bad45bee7018fa23', 'tenant_name': 'tempest-SecurityGroupsTestAdminJSON-880827311', 'user_domain_id': 'default', 'user_domain_name': 'Default', 'user_id': '7de21c8b305b4b5fa453101a7271af78', 'system': None}, Network: None, Subnet: None, Router: None
2024-10-12 17:24:13.948 62212 INFO tempest.lib.common.dynamic_creds [-] Created isolated network resources for: credentials: Credentials: {'domain_id': 'default', 'domain_name': 'Default', 'username': 'tempest-SecurityGroupsTestAdminJSON-880827311-project-member', 'project_domain_id': 'default', 'project_domain_name': 'Default', 'project_id': '0ae135db8b264fb2bad45bee7018fa23', 'project_name': 'tempest-SecurityGroupsTestAdminJSON-880827311', 'tenant_id': '0ae135db8b264fb2bad45bee7018fa23', 'tenant_name': 'tempest-SecurityGroupsTestAdminJSON-880827311', 'user_domain_id': 'default', 'user_domain_name': 'Default', 'user_id': '7de21c8b305b4b5fa453101a7271af78', 'system': None}, Network: None, Subnet: None, Router: None
2024-10-12 17:24:13.964 62170 INFO tempest.lib.common.rest_client [req-2cfb04c4-9b32-4965-a9d9-a7e16f4556aa req-2cfb04c4-9b32-4965-a9d9-a7e16f4556aa ] Request (InstanceUsageAuditLogNegativeTestJSON:setUpClass): 201 POST http://10.180.1.21/identity/v3/projects 0.073s
2024-10-12 17:24:13.982 62154 INFO tempest.lib.common.rest_client [req-f493bddd-718e-4c85-9ad4-ecee5b384d79 req-f493bddd-718e-4c85-9ad4-ecee5b384d79 ] Request (FloatingIPsTestJSON:tearDownClass): 200 GET http://10.180.1.21:9696/networking/v2.0/security-groups?tenant_id=c60bdadd2a6b46f2979e3af0b8c74f2a&name=default 0.093s
2024-10-12 17:24:14.047 62212 INFO tempest.lib.common.rest_client [req-8c413dc4-bb8d-446b-ab0e-883eb346eba1 req-8c413dc4-bb8d-446b-ab0e-883eb346eba1 ] Request (SecurityGroupsTestAdminJSON:setUpClass): 201 POST http://10.180.1.21/identity/v3/auth/tokens 0.095s
2024-10-12 17:24:14.108 62170 INFO tempest.lib.common.rest_client [req-be904069-7745-4526-83c9-e62896813f16 req-be904069-7745-4526-83c9-e62896813f16 ] Request (InstanceUsageAuditLogNegativeTestJSON:setUpClass): 201 POST http://10.180.1.21/identity/v3/users 0.143s
2024-10-12 17:24:14.124 62170 INFO tempest.lib.common.rest_client [req-f0384a0e-1083-434e-b69e-027dc593d04b req-f0384a0e-1083-434e-b69e-027dc593d04b ] Request (InstanceUsageAuditLogNegativeTestJSON:setUpClass): 200 GET http://10.180.1.21/identity/v3/roles 0.016s
2024-10-12 17:24:14.136 62212 INFO tempest.lib.common.rest_client [req-be15e4d4-d7e9-4228-bb94-9c3a191099a3 req-be15e4d4-d7e9-4228-bb94-9c3a191099a3 ] Request (SecurityGroupsTestAdminJSON:setUpClass): 201 POST http://10.180.1.21/identity/v3/projects 0.088s
2024-10-12 17:24:14.148 62160 INFO tempest.lib.common.rest_client [req-40a0fa32-8611-4a02-8046-3c839eb2a5dc req-40a0fa32-8611-4a02-8046-3c839eb2a5dc ] Request (QuotasAdminTestJSON:test_get_updated_quotas): 200 PUT http://10.180.1.21/compute/v2.1/os-quota-sets/0ecf836b6ea04e819557748332b28bd3?user_id=bf78ad3f149b44d6a0b1c913f064355e 1.450s
2024-10-12 17:24:14.153 62168 INFO tempest.lib.common.rest_client [req-935e7934-9167-47e0-abc3-677638219842 req-935e7934-9167-47e0-abc3-677638219842 ] Request (FloatingIPDetailsNegativeTestJSON:tearDownClass): 204 DELETE http://10.180.1.21:9696/networking/v2.0/routers/73b4cde8-9c10-48b6-8a5f-6cafd0719041 1.306s
2024-10-12 17:24:14.162 62170 INFO tempest.lib.common.rest_client [req-827b5434-acd7-46c5-8488-631d6615e479 req-827b5434-acd7-46c5-8488-631d6615e479 ] Request (InstanceUsageAuditLogNegativeTestJSON:setUpClass): 204 PUT http://10.180.1.21/identity/v3/projects/4e5add75ed4c4469b6cede1a8026fb94/users/ae138d4704ea44a7860be91b3657c47b/roles/a545b1352d5d437a91ed1d9eacb39058 0.037s
2024-10-12 17:24:14.208 62184 INFO tempest.lib.common.rest_client [req-3d84004e-be25-4953-863c-662852abb60a req-3d84004e-be25-4953-863c-662852abb60a ] Request (DeleteServersAdminTestJSON:test_admin_delete_servers_of_others): 204 DELETE http://10.180.1.21/compute/v2.1/servers/1a0e117e-aa56-44fa-8818-71f0fd0b6183 1.502s
2024-10-12 17:24:14.209 62214 INFO tempest.lib.common.rest_client [req-1626df65-c5a1-454c-b068-4938e47bd831 req-1626df65-c5a1-454c-b068-4938e47bd831 ] Request (ServersTestMultiNic:setUpClass): 200 PUT http://10.180.1.21:9696/networking/v2.0/routers/c933638b-481c-4038-a3ce-a88a5355f948/add_router_interface 2.036s
2024-10-12 17:24:14.209 62214 INFO tempest.lib.common.dynamic_creds [-] Created isolated network resources for: credentials: Credentials: {'domain_id': 'default', 'domain_name': 'Default', 'username': 'tempest-ServersTestMultiNic-1158900003-project-member', 'project_domain_id': 'default', 'project_domain_name': 'Default', 'project_id': '8363e21fa47b46b8b2538b741564cb60', 'project_name': 'tempest-ServersTestMultiNic-1158900003', 'tenant_id': '8363e21fa47b46b8b2538b741564cb60', 'tenant_name': 'tempest-ServersTestMultiNic-1158900003', 'user_domain_id': 'default', 'user_domain_name': 'Default', 'user_id': '2414df50921145e98bb4e5cade9c724b', 'system': None}, Network: {'id': '72c10e82-def1-4b7c-a53a-6aa923a0910a', 'name': 'tempest-ServersTestMultiNic-383347142-network', 'tenant_id': '8363e21fa47b46b8b2538b741564cb60', 'admin_state_up': True, 'mtu': 8950, 'status': 'ACTIVE', 'subnets': [], 'shared': False, 'project_id': '8363e21fa47b46b8b2538b741564cb60', 'port_security_enabled': True, 'router:external': False, 'provider:network_type': 'vlan', 'provider:physical_network': 'default', 'provider:segmentation_id': 792, 'is_default': False, 'availability_zone_hints': [], 'availability_zones': [], 'ipv4_address_scope': None, 'ipv6_address_scope': None, 'description': '', 'tags': [], 'created_at': '2024-10-12T17:24:09Z', 'updated_at': '2024-10-12T17:24:09Z', 'revision_number': 1}, Subnet: {'id': 'f1d6a60e-6a2a-4be0-87cf-22d31a86a876', 'name': 'tempest-ServersTestMultiNic-383347142-subnet', 'tenant_id': '8363e21fa47b46b8b2538b741564cb60', 'network_id': '72c10e82-def1-4b7c-a53a-6aa923a0910a', 'ip_version': 4, 'subnetpool_id': None, 'enable_dhcp': True, 'ipv6_ra_mode': None, 'ipv6_address_mode': None, 'gateway_ip': '192.168.128.1', 'cidr': '192.168.128.0/28', 'allocation_pools': [{'start': '192.168.128.2', 'end': '192.168.128.14'}], 'host_routes': [], 'dns_nameservers': [], 'description': '', 'router:external': False, 'service_types': [], 'tags': [], 'created_at': '2024-10-12T17:24:09Z', 'updated_at': '2024-10-12T17:24:09Z', 'revision_number': 0, 'project_id': '8363e21fa47b46b8b2538b741564cb60'}, Router: {'id': 'c933638b-481c-4038-a3ce-a88a5355f948', 'name': 'tempest-ServersTestMultiNic-383347142-router', 'tenant_id': '8363e21fa47b46b8b2538b741564cb60', 'admin_state_up': True, 'status': 'ACTIVE', 'external_gateway_info': {'network_id': '1fcfd341-9eb1-48e4-8325-f18cf94c2c49', 'external_fixed_ips': [{'subnet_id': '1093acf1-58ac-4b20-b41f-88581d317911', 'ip_address': '10.180.180.171'}], 'enable_snat': True}, 'description': '', 'availability_zones': [], 'distributed': False, 'ha': False, 'availability_zone_hints': [], 'routes': [], 'flavor_id': None, 'tags': [], 'created_at': '2024-10-12T17:24:10Z', 'updated_at': '2024-10-12T17:24:11Z', 'revision_number': 2, 'project_id': '8363e21fa47b46b8b2538b741564cb60'}
2024-10-12 17:24:14.220 62176 INFO tempest.lib.common.rest_client [req-78ba1e32-02d5-42b9-928c-7aefd2bb8c90 req-78ba1e32-02d5-42b9-928c-7aefd2bb8c90 ] Request (KeyPairsV22TestJSON:test_get_keypair_detail): 200 GET http://10.180.1.21/compute/v2.1/os-keypairs/tempest-keypair-1855471679 1.089s
2024-10-12 17:24:14.221 62170 INFO tempest.lib.common.rest_client [req-ad4313de-5900-4590-9dfc-bad2638eed4a req-ad4313de-5900-4590-9dfc-bad2638eed4a ] Request (InstanceUsageAuditLogNegativeTestJSON:setUpClass): 200 GET http://10.180.1.21/identity/v3/roles 0.058s
2024-10-12 17:24:14.228 62172 INFO tempest.lib.common.rest_client [req-524af89f-cf0f-43a4-a79e-753d17bf2787 req-524af89f-cf0f-43a4-a79e-753d17bf2787 ] Request (TenantUsagesTestJSON:setUpClass): 200 GET http://10.180.1.21/compute/v2.1/servers/ed456ff1-249c-45d0-a007-3fef96ae8a2d 1.102s
2024-10-12 17:24:14.237 62212 INFO tempest.lib.common.rest_client [req-0f85aa1d-9e13-43c5-abd8-bb8b4ba01ced req-0f85aa1d-9e13-43c5-abd8-bb8b4ba01ced ] Request (SecurityGroupsTestAdminJSON:setUpClass): 201 POST http://10.180.1.21/identity/v3/users 0.101s
2024-10-12 17:24:14.254 62170 INFO tempest.lib.common.rest_client [req-26d5d92f-a62e-43e0-90a1-a8e57180da5a req-26d5d92f-a62e-43e0-90a1-a8e57180da5a ] Request (InstanceUsageAuditLogNegativeTestJSON:setUpClass): 204 PUT http://10.180.1.21/identity/v3/projects/4e5add75ed4c4469b6cede1a8026fb94/users/ae138d4704ea44a7860be91b3657c47b/roles/a545b1352d5d437a91ed1d9eacb39058 0.032s
2024-10-12 17:24:14.254 62170 INFO tempest.lib.common.dynamic_creds [-] Dynamic test user ae138d4704ea44a7860be91b3657c47b is created with scope project and roles: ['admin']
2024-10-12 17:24:14.254 62170 INFO tempest.lib.common.dynamic_creds [-] Acquired dynamic creds: credentials: Credentials: {'domain_id': 'default', 'domain_name': 'Default', 'username': 'tempest-InstanceUsageAuditLogNegativeTestJSON-1226079740-project-admin', 'project_domain_id': 'default', 'project_domain_name': 'Default', 'project_id': '4e5add75ed4c4469b6cede1a8026fb94', 'project_name': 'tempest-InstanceUsageAuditLogNegativeTestJSON-1226079740', 'tenant_id': '4e5add75ed4c4469b6cede1a8026fb94', 'tenant_name': 'tempest-InstanceUsageAuditLogNegativeTestJSON-1226079740', 'user_domain_id': 'default', 'user_domain_name': 'Default', 'user_id': 'ae138d4704ea44a7860be91b3657c47b', 'system': None}, Network: None, Subnet: None, Router: None
2024-10-12 17:24:14.254 62170 INFO tempest.lib.common.dynamic_creds [-] Created isolated network resources for: credentials: Credentials: {'domain_id': 'default', 'domain_name': 'Default', 'username': 'tempest-InstanceUsageAuditLogNegativeTestJSON-1226079740-project-admin', 'project_domain_id': 'default', 'project_domain_name': 'Default', 'project_id': '4e5add75ed4c4469b6cede1a8026fb94', 'project_name': 'tempest-InstanceUsageAuditLogNegativeTestJSON-1226079740', 'tenant_id': '4e5add75ed4c4469b6cede1a8026fb94', 'tenant_name': 'tempest-InstanceUsageAuditLogNegativeTestJSON-1226079740', 'user_domain_id': 'default', 'user_domain_name': 'Default', 'user_id': 'ae138d4704ea44a7860be91b3657c47b', 'system': None}, Network: None, Subnet: None, Router: None
2024-10-12 17:24:14.301 62214 INFO tempest.lib.common.rest_client [req-fd63435d-5558-49c1-8875-f138e529ca4a req-fd63435d-5558-49c1-8875-f138e529ca4a ] Request (ServersTestMultiNic:setUpClass): 201 POST http://10.180.1.21/identity/v3/auth/tokens 0.086s
2024-10-12 17:24:14.308 62212 INFO tempest.lib.common.rest_client [req-ea70bb94-8d62-4eca-b687-0b8d6eccac7f req-ea70bb94-8d62-4eca-b687-0b8d6eccac7f ] Request (SecurityGroupsTestAdminJSON:setUpClass): 200 GET http://10.180.1.21/identity/v3/roles 0.070s
2024-10-12 17:24:14.368 62170 INFO tempest.lib.common.rest_client [req-95db57c8-a1f1-4a2a-9792-3aedcb011245 req-95db57c8-a1f1-4a2a-9792-3aedcb011245 ] Request (InstanceUsageAuditLogNegativeTestJSON:setUpClass): 201 POST http://10.180.1.21/identity/v3/auth/tokens 0.105s
2024-10-12 17:24:14.388 62212 INFO tempest.lib.common.rest_client [req-69c2094a-1c98-4d46-857a-818984f1a08c req-69c2094a-1c98-4d46-857a-818984f1a08c ] Request (SecurityGroupsTestAdminJSON:setUpClass): 204 PUT http://10.180.1.21/identity/v3/projects/c0e2ddc7d2c849928bc4185ce7d8b774/users/541675d1c2764ef5ad8ae376126d9d87/roles/a545b1352d5d437a91ed1d9eacb39058 0.079s
2024-10-12 17:24:14.437 62212 INFO tempest.lib.common.rest_client [req-2e5df8ab-4d07-495e-a30d-c184d5c7fc07 req-2e5df8ab-4d07-495e-a30d-c184d5c7fc07 ] Request (SecurityGroupsTestAdminJSON:setUpClass): 200 GET http://10.180.1.21/identity/v3/roles 0.046s
2024-10-12 17:24:14.453 62182 INFO tempest.lib.common.rest_client [req-c0752ff3-51c1-4911-ad2c-19cc8390bda8 req-c0752ff3-51c1-4911-ad2c-19cc8390bda8 ] Request (ServerDiagnosticsTest:test_get_server_diagnostics): 200 GET http://10.180.1.21/compute/v2.1/servers/43942e78-7703-444d-91e3-bc7913299654 1.179s
2024-10-12 17:24:14.458 62212 INFO tempest.lib.common.rest_client [req-9a2aa29d-7826-4107-9e95-b42764ba3435 req-9a2aa29d-7826-4107-9e95-b42764ba3435 ] Request (SecurityGroupsTestAdminJSON:setUpClass): 204 PUT http://10.180.1.21/identity/v3/projects/c0e2ddc7d2c849928bc4185ce7d8b774/users/541675d1c2764ef5ad8ae376126d9d87/roles/a545b1352d5d437a91ed1d9eacb39058 0.020s
2024-10-12 17:24:14.458 62212 INFO tempest.lib.common.dynamic_creds [-] Dynamic test user 541675d1c2764ef5ad8ae376126d9d87 is created with scope project and roles: ['admin']
2024-10-12 17:24:14.458 62212 INFO tempest.lib.common.dynamic_creds [-] Acquired dynamic creds: credentials: Credentials: {'domain_id': 'default', 'domain_name': 'Default', 'username': 'tempest-SecurityGroupsTestAdminJSON-439530587-project-admin', 'project_domain_id': 'default', 'project_domain_name': 'Default', 'project_id': 'c0e2ddc7d2c849928bc4185ce7d8b774', 'project_name': 'tempest-SecurityGroupsTestAdminJSON-439530587', 'tenant_id': 'c0e2ddc7d2c849928bc4185ce7d8b774', 'tenant_name': 'tempest-SecurityGroupsTestAdminJSON-439530587', 'user_domain_id': 'default', 'user_domain_name': 'Default', 'user_id': '541675d1c2764ef5ad8ae376126d9d87', 'system': None}, Network: None, Subnet: None, Router: None
2024-10-12 17:24:14.458 62212 INFO tempest.lib.common.dynamic_creds [-] Created isolated network resources for: credentials: Credentials: {'domain_id': 'default', 'domain_name': 'Default', 'username': 'tempest-SecurityGroupsTestAdminJSON-439530587-project-admin', 'project_domain_id': 'default', 'project_domain_name': 'Default', 'project_id': 'c0e2ddc7d2c849928bc4185ce7d8b774', 'project_name': 'tempest-SecurityGroupsTestAdminJSON-439530587', 'tenant_id': 'c0e2ddc7d2c849928bc4185ce7d8b774', 'tenant_name': 'tempest-SecurityGroupsTestAdminJSON-439530587', 'user_domain_id': 'default', 'user_domain_name': 'Default', 'user_id': '541675d1c2764ef5ad8ae376126d9d87', 'system': None}, Network: None, Subnet: None, Router: None
2024-10-12 17:24:14.460 62158 INFO tempest.lib.common.rest_client [req-d7850162-abc9-4731-88a5-19b7e24e18c5 req-d7850162-abc9-4731-88a5-19b7e24e18c5 ] Request (ServersAdminNegativeTestJSON:setUpClass): 200 GET http://10.180.1.21/compute/v2.1/servers/37837096-5ad0-4b6f-b32d-f2899d88b6dd 1.172s
2024-10-12 17:24:14.473 62154 INFO tempest.lib.common.rest_client [req-523a523e-6c55-408d-8e73-fd4d7d31802f req-523a523e-6c55-408d-8e73-fd4d7d31802f ] Request (FloatingIPsTestJSON:tearDownClass): 204 DELETE http://10.180.1.21:9696/networking/v2.0/security-groups/b23fb896-ab76-4a12-b62a-13fd1ab6d288 0.490s
2024-10-12 17:24:14.493 62192 INFO tempest.lib.common.rest_client [req-855e749d-b589-4424-b32c-03e33091a841 req-855e749d-b589-4424-b32c-03e33091a841 ] Request (FloatingIPDetailsTestJSON:tearDownClass): 200 PUT http://10.180.1.21:9696/networking/v2.0/routers/008efef9-2b75-4ba9-b267-054b5eaa9fcd/remove_router_interface 2.485s
