2024-10-12 17:24:57.543 62182 INFO tempest.lib.common.rest_client [req-f220f764-a60d-4ab3-8ee1-82ed32ffda0c req-f220f764-a60d-4ab3-8ee1-82ed32ffda0c ] Request (ServerActionsTestJSON:setUpClass): 201 POST http://10.180.1.21:9696/networking/v2.0/security-group-rules 0.357s
2024-10-12 17:24:57.548 62212 INFO tempest.lib.common.rest_client [req-1a6ff051-ae44-4b90-b2da-f4fb876983d6 req-1a6ff051-ae44-4b90-b2da-f4fb876983d6 ] Request (VolumesNegativeTest:test_volume_get_nonexistent_volume_id): 404 GET http://10.180.1.21/compute/v2.1/os-volumes/15b5122e-4fd2-4bd9-99a5-cced13a31262 0.301s
2024-10-12 17:24:57.562 62174 INFO tempest.lib.common.rest_client [req-6b4c6674-8ccc-4f59-9ca3-4fdeec331c88 req-6b4c6674-8ccc-4f59-9ca3-4fdeec331c88 ] Request (ServerMetadataTestJSON:tearDownClass): 204 DELETE http://10.180.1.21/identity/v3/users/97ba7439ffb843bcb7506b467ee505a3 0.113s
2024-10-12 17:24:57.563 62174 INFO tempest.lib.common.dynamic_creds [-] Deleting project and security group for project: ee202d2182eb4a82a1fcc9c61f782f49
2024-10-12 17:24:57.629 62190 INFO tempest.lib.common.rest_client [req-7523c20f-ccf9-4ef9-bdd6-753bfef23b58 req-7523c20f-ccf9-4ef9-bdd6-753bfef23b58 ] Request (VolumesAssistedSnapshotsTest:_run_cleanups): 404 GET http://10.180.1.21/volume/v3/volumes/fc7ce40e-fd00-48ce-afff-30fa6fec8de6 0.018s
2024-10-12 17:24:57.665 62212 INFO tempest.lib.common.rest_client [req-57aea2c0-7f6f-45f0-a226-5c79b76ac178 req-57aea2c0-7f6f-45f0-a226-5c79b76ac178 ] Request (VolumesNegativeTest:tearDownClass): 204 DELETE http://10.180.1.21/identity/v3/users/a4fa2ac5692e4610b327962258dab824 0.112s
2024-10-12 17:24:57.665 62212 INFO tempest.lib.common.dynamic_creds [-] Deleting project and security group for project: 1717e3959d0d4e8ba42fd128447adc4f
2024-10-12 17:24:57.703 62174 INFO tempest.lib.common.rest_client [req-7d946ba1-f6b7-4029-b636-ddabf45ad9fd req-7d946ba1-f6b7-4029-b636-ddabf45ad9fd ] Request (ServerMetadataTestJSON:tearDownClass): 200 GET http://10.180.1.21:9696/networking/v2.0/security-groups?tenant_id=ee202d2182eb4a82a1fcc9c61f782f49&name=default 0.140s
2024-10-12 17:24:57.747 62212 INFO tempest.lib.common.rest_client [req-c6f96460-a538-4c25-b782-545737e2bebb req-c6f96460-a538-4c25-b782-545737e2bebb ] Request (VolumesNegativeTest:tearDownClass): 201 POST http://10.180.1.21/identity/v3/auth/tokens 0.081s
2024-10-12 17:24:57.782 62186 INFO tempest.lib.common.rest_client [req-c2cc591b-3337-465f-a237-5d7c6728bbf7 req-c2cc591b-3337-465f-a237-5d7c6728bbf7 ] Request (SecurityGroupsTestJSON:test_security_groups_create_list_delete): 200 GET http://10.180.1.21/compute/v2.1/os-security-groups 0.512s
2024-10-12 17:24:57.808 62180 INFO tempest.lib.common.rest_client [req-2384a1bd-d74b-4c16-a754-fe158d6b8435 req-2384a1bd-d74b-4c16-a754-fe158d6b8435 ] Request (MigrationsAdminTest:test_resize_server_revert_deleted_flavor): 200 POST http://10.180.1.21/compute/v2.1/flavors 0.342s
2024-10-12 17:24:57.821 62170 INFO tempest.lib.common.rest_client [req-5ca5fdda-dbef-4c48-b38f-9d2aa78e9841 req-5ca5fdda-dbef-4c48-b38f-9d2aa78e9841 ] Request (FloatingIPsAssociationNegativeTestJSON:setUpClass): 202 POST http://10.180.1.21/compute/v2.1/servers 0.683s
2024-10-12 17:24:57.913 62160 INFO tempest.lib.common.rest_client [req-c9112bb7-d53a-46c2-bb04-a7ce06cffbc6 req-c9112bb7-d53a-46c2-bb04-a7ce06cffbc6 ] Request (ServersAdminTestJSON:setUpClass): 200 GET http://10.180.1.21/compute/v2.1/servers/6241fb44-ce1c-4881-bc32-7d19ddc83a61 0.377s
2024-10-12 17:24:57.914 62200 INFO tempest.lib.common.rest_client [req-6f0d09d9-73f4-4bd9-9b36-781d4656cc27 req-6f0d09d9-73f4-4bd9-9b36-781d4656cc27 ] Request (ListServersNegativeTestJSON:setUpClass): 200 GET http://10.180.1.21/compute/v2.1/servers/394b1955-c448-42c2-a718-28df7bd366e9 0.311s
2024-10-12 17:24:57.919 62174 INFO tempest.lib.common.rest_client [req-043acac9-0298-415c-ab0f-98aa06f7cd30 req-043acac9-0298-415c-ab0f-98aa06f7cd30 ] Request (ServerMetadataTestJSON:tearDownClass): 204 DELETE http://10.180.1.21:9696/networking/v2.0/security-groups/6d40964f-6a8d-46c3-a9cc-a74f599094a8 0.215s
2024-10-12 17:24:57.946 62190 INFO tempest.lib.common.rest_client [req-853d3cd5-d4c0-4ed8-b3e2-7add7dc74e6f req-853d3cd5-d4c0-4ed8-b3e2-7add7dc74e6f ] Request (VolumesAssistedSnapshotsTest:tearDownClass): 202 DELETE http://10.180.1.21/compute/v2.1/os-keypairs/tempest-keypair-1703735599 0.305s
2024-10-12 17:24:57.977 62162 INFO tempest.lib.common.rest_client [req-df6de1b5-58e1-4d07-85ab-cc88e002d96d req-df6de1b5-58e1-4d07-85ab-cc88e002d96d ] Request (ImagesTestJSON:test_create_image_from_stopped_server): 200 GET http://10.180.1.21/compute/v2.1/servers/2252ef6e-19ec-4356-8221-33168c01bef0 0.356s
2024-10-12 17:24:58.018 62174 INFO tempest.lib.common.rest_client [req-6b179128-9023-41d1-86fd-b817de4b0436 req-6b179128-9023-41d1-86fd-b817de4b0436 ] Request (ServerMetadataTestJSON:tearDownClass): 204 DELETE http://10.180.1.21/identity/v3/projects/ee202d2182eb4a82a1fcc9c61f782f49 0.098s
2024-10-12 17:24:58.045 62210 INFO tempest.lib.common.rest_client [req-21225dbd-cd22-44d9-b766-b68b557f6e97 req-21225dbd-cd22-44d9-b766-b68b557f6e97 ] Request (ServersWithSpecificFlavorTestJSON:test_verify_created_server_ephemeral_disk): 200 GET http://10.180.1.21/compute/v2.1/servers/f660c725-fc06-42e4-8a34-5d80568b535e 0.345s
2024-10-12 17:24:58.066 62202 INFO tempest.lib.common.rest_client [req-9804311c-dcd3-44a3-87ad-f9d23d081730 req-9804311c-dcd3-44a3-87ad-f9d23d081730 ] Request (ServerMetadataNegativeTestJSON:setUpClass): 200 GET http://10.180.1.21/compute/v2.1/servers/3ee7a6f2-aa1c-46a4-9e1b-8af55bdf94d1 0.330s
2024-10-12 17:24:58.100 62174 INFO tempest.lib.common.rest_client [req-40c6dc24-230b-4bb5-80d0-6712f4a8df3c req-40c6dc24-230b-4bb5-80d0-6712f4a8df3c ] Request (ServerShowV257Test:setUpClass): 201 POST http://10.180.1.21/identity/v3/auth/tokens 0.077s
2024-10-12 17:24:58.109 62212 INFO tempest.lib.common.rest_client [req-229fe272-6a0a-4784-a35d-ff8ee23ae149 req-229fe272-6a0a-4784-a35d-ff8ee23ae149 ] Request (VolumesNegativeTest:tearDownClass): 200 GET http://10.180.1.21:9696/networking/v2.0/security-groups?tenant_id=1717e3959d0d4e8ba42fd128447adc4f&name=default 0.362s
2024-10-12 17:24:58.131 62214 INFO tempest.lib.common.rest_client [req-2c362940-1f69-41d3-9f25-42e434966831 req-2c362940-1f69-41d3-9f25-42e434966831 ] Request (ServersTestMultiNic:test_verify_duplicate_network_nics): 200 GET http://10.180.1.21/compute/v2.1/servers/967056dd-1679-421c-b4fd-9d663b1411e2 0.355s
2024-10-12 17:24:58.139 62182 INFO tempest.lib.common.rest_client [req-4dd402e3-8514-4ec3-886b-2b5693d85a14 req-4dd402e3-8514-4ec3-886b-2b5693d85a14 ] Request (ServerActionsTestJSON:setUpClass): 201 POST http://10.180.1.21:9696/networking/v2.0/security-group-rules 0.596s
2024-10-12 17:24:58.142 62174 INFO tempest.lib.common.rest_client [req-fafdaf41-8bb9-4a3a-98da-7870032d1a47 req-fafdaf41-8bb9-4a3a-98da-7870032d1a47 ] Request (ServerShowV257Test:setUpClass): 201 POST http://10.180.1.21/identity/v3/auth/tokens 0.040s
2024-10-12 17:24:58.148 62180 INFO tempest.lib.common.rest_client [req-60dc9ff8-79ed-416e-a5a4-40d4942c03ae req-60dc9ff8-79ed-416e-a5a4-40d4942c03ae ] Request (MigrationsAdminTest:test_resize_server_revert_deleted_flavor): 200 GET http://10.180.1.21/compute/v2.1/flavors/42/os-extra_specs 0.337s
2024-10-12 17:24:58.171 62174 INFO tempest.lib.common.rest_client [req-9cbf5234-fec5-4e35-9f4f-d637b8422f4f req-9cbf5234-fec5-4e35-9f4f-d637b8422f4f ] Request (ServerShowV257Test:setUpClass): 200 GET http://10.180.1.21/identity/v3/domains?name=Default 0.028s
2024-10-12 17:24:58.200 62170 INFO tempest.lib.common.rest_client [req-c186e89a-302e-4cdf-9385-e2c4f73525d8 req-c186e89a-302e-4cdf-9385-e2c4f73525d8 ] Request (FloatingIPsAssociationNegativeTestJSON:setUpClass): 200 GET http://10.180.1.21/compute/v2.1/servers/348ea580-2268-4082-a5f1-33c954063e4d 0.378s
2024-10-12 17:24:58.219 62174 INFO tempest.lib.common.rest_client [req-e7c23591-8d0c-49a2-82b9-cf23c22f726f req-e7c23591-8d0c-49a2-82b9-cf23c22f726f ] Request (ServerShowV257Test:setUpClass): 201 POST http://10.180.1.21/identity/v3/projects 0.047s
2024-10-12 17:24:58.227 62190 INFO tempest.lib.common.rest_client [req-a9f5272c-0ddc-4b90-b3b3-31ecef92d9ad req-a9f5272c-0ddc-4b90-b3b3-31ecef92d9ad ] Request (VolumesAssistedSnapshotsTest:tearDownClass): 204 DELETE http://10.180.1.21:9696/networking/v2.0/security-groups/0bb69e45-0c0d-44b1-bc5e-e70f8bdab3c2 0.280s
2024-10-12 17:24:58.254 62190 INFO tempest.lib.common.rest_client [req-eed852e2-af40-47f1-9145-584fd9444cec req-eed852e2-af40-47f1-9145-584fd9444cec ] Request (VolumesAssistedSnapshotsTest:tearDownClass): 404 GET http://10.180.1.21:9696/networking/v2.0/security-groups/0bb69e45-0c0d-44b1-bc5e-e70f8bdab3c2 0.027s
2024-10-12 17:24:58.281 62174 INFO tempest.lib.common.rest_client [req-3295902f-e4f7-4931-85d1-0a7a775c7ea7 req-3295902f-e4f7-4931-85d1-0a7a775c7ea7 ] Request (ServerShowV257Test:setUpClass): 201 POST http://10.180.1.21/identity/v3/users 0.061s
2024-10-12 17:24:58.283 62168 INFO tempest.lib.common.rest_client [req-c104cc5e-1e63-41b6-9ff4-7c0a9a290aa0 req-c104cc5e-1e63-41b6-9ff4-7c0a9a290aa0 ] Request (ImagesNegativeTestJSON:test_create_image_from_deleted_server): 200 GET http://10.180.1.21/compute/v2.1/servers/9df88f23-0219-43e0-b28a-e78f30a473a7 0.428s
2024-10-12 17:24:58.307 62174 INFO tempest.lib.common.rest_client [req-89d07e9a-4aab-4da6-9a1f-bf5e12c56bd9 req-89d07e9a-4aab-4da6-9a1f-bf5e12c56bd9 ] Request (ServerShowV257Test:setUpClass): 200 GET http://10.180.1.21/identity/v3/roles 0.026s
2024-10-12 17:24:58.336 62174 INFO tempest.lib.common.rest_client [req-96bf1a03-c490-47e8-8196-a321a033eaec req-96bf1a03-c490-47e8-8196-a321a033eaec ] Request (ServerShowV257Test:setUpClass): 204 PUT http://10.180.1.21/identity/v3/projects/1e04e2b61508424292bbecf1e9c66c8b/users/28f31fb7340e429fa295e161037ad200/roles/d19264b6d16c454bb5da83a59281e742 0.028s
2024-10-12 17:24:58.336 62174 INFO tempest.lib.common.dynamic_creds [-] Dynamic test user 28f31fb7340e429fa295e161037ad200 is created with scope project and roles: ['member']
2024-10-12 17:24:58.336 62174 INFO tempest.lib.common.dynamic_creds [-] Acquired dynamic creds: credentials: Credentials: {'domain_id': 'default', 'domain_name': 'Default', 'username': 'tempest-ServerShowV257Test-250381700-project-member', 'project_domain_id': 'default', 'project_domain_name': 'Default', 'project_id': '1e04e2b61508424292bbecf1e9c66c8b', 'project_name': 'tempest-ServerShowV257Test-250381700', 'tenant_id': '1e04e2b61508424292bbecf1e9c66c8b', 'tenant_name': 'tempest-ServerShowV257Test-250381700', 'user_domain_id': 'default', 'user_domain_name': 'Default', 'user_id': '28f31fb7340e429fa295e161037ad200', 'system': None}, Network: None, Subnet: None, Router: None
2024-10-12 17:24:58.336 62174 INFO tempest.lib.common.dynamic_creds [-] Created isolated network resources for: credentials: Credentials: {'domain_id': 'default', 'domain_name': 'Default', 'username': 'tempest-ServerShowV257Test-250381700-project-member', 'project_domain_id': 'default', 'project_domain_name': 'Default', 'project_id': '1e04e2b61508424292bbecf1e9c66c8b', 'project_name': 'tempest-ServerShowV257Test-250381700', 'tenant_id': '1e04e2b61508424292bbecf1e9c66c8b', 'tenant_name': 'tempest-ServerShowV257Test-250381700', 'user_domain_id': 'default', 'user_domain_name': 'Default', 'user_id': '28f31fb7340e429fa295e161037ad200', 'system': None}, Network: None, Subnet: None, Router: None
2024-10-12 17:24:58.359 62196 INFO tempest.lib.common.rest_client [req-9d2dea9c-1cc7-4c46-bc11-e271bc1a2b33 req-9d2dea9c-1cc7-4c46-bc11-e271bc1a2b33 ] Request (ServersTestBootFromVolume:setUpClass): 200 GET http://10.180.1.21/compute/v2.1/servers/32e56693-5100-4ed8-b26a-7d377f9ab7b6 0.449s
2024-10-12 17:24:58.389 62186 INFO tempest.lib.common.rest_client [req-c09f2854-9be3-4c9c-92fa-9fec988e8b72 req-c09f2854-9be3-4c9c-92fa-9fec988e8b72 ] Request (SecurityGroupsTestJSON:test_server_security_groups): 200 POST http://10.180.1.21/compute/v2.1/os-security-groups 0.602s
2024-10-12 17:24:58.439 62164 INFO tempest.lib.common.rest_client [req-d3c30faf-d14c-471f-8a11-7110dfafaaf7 req-d3c30faf-d14c-471f-8a11-7110dfafaaf7 ] Request (AttachInterfacesUnderV243Test:test_add_remove_fixed_ip): 200 GET http://10.180.1.21/compute/v2.1/servers/02d215d8-dd42-49cc-9509-08335c7bafe3 0.517s
2024-10-12 17:24:58.468 62184 INFO tempest.lib.common.rest_client [req-af06289e-706e-4c88-98d2-8cbedbddf23b req-af06289e-706e-4c88-98d2-8cbedbddf23b ] Request (DeleteServersAdminTestJSON:test_delete_server_while_in_error_state): 200 GET http://10.180.1.21/compute/v2.1/servers/4be3eabd-4e58-48b8-b14a-798ba419655e 0.503s
2024-10-12 17:24:58.474 62174 INFO tempest.lib.common.rest_client [req-37a8b25d-7b35-476c-a11e-c2dd30536210 req-37a8b25d-7b35-476c-a11e-c2dd30536210 ] Request (ServerShowV257Test:setUpClass): 201 POST http://10.180.1.21/identity/v3/auth/tokens 0.135s
2024-10-12 17:24:58.479 62184 INFO tempest.common.waiters [-] State transition "BUILD/networking" ==> "BUILD/block_device_mapping" after 40 second wait
2024-10-12 17:24:58.510 62172 INFO tempest.lib.common.rest_client [req-5a34e2b5-f5da-43e8-b8ad-ff21f87df229 req-5a34e2b5-f5da-43e8-b8ad-ff21f87df229 ] Request (ServerActionsV293TestJSON:setUpClass): 200 GET http://10.180.1.21/volume/v3/volumes/e259b2ae-e225-4b0f-8784-152c208d0379 0.046s
2024-10-12 17:24:58.532 62174 INFO tempest.lib.common.rest_client [req-40f6f7f7-e1a5-4015-920f-1a3aca086d21 req-40f6f7f7-e1a5-4015-920f-1a3aca086d21 ] Request (ServerShowV257Test:test_rebuild_server): 201 POST http://10.180.1.21/identity/v3/auth/tokens 0.051s
2024-10-12 17:24:58.533 62174 INFO tempest.lib.common.fixed_network [-] (ServerShowV257Test:test_rebuild_server) Found network None available for tenant
2024-10-12 17:24:58.549 62206 INFO tempest.lib.common.rest_client [req-6534153c-9965-411b-9eab-5c70ba8a4b2e req-6534153c-9965-411b-9eab-5c70ba8a4b2e ] Request (ServerDiagnosticsV248Test:tearDownClass): 200 GET http://10.180.1.21/compute/v2.1/servers/c5af147e-3526-4014-98bc-7ad163ae89d9 0.561s
2024-10-12 17:24:58.550 62212 INFO tempest.lib.common.rest_client [req-5cbc3bc7-b763-4433-963f-b918470983c3 req-5cbc3bc7-b763-4433-963f-b918470983c3 ] Request (VolumesNegativeTest:tearDownClass): 204 DELETE http://10.180.1.21:9696/networking/v2.0/security-groups/414b8388-fdf6-447e-9497-34cef4f6b6d4 0.440s
2024-10-12 17:24:58.568 62192 INFO tempest.lib.common.rest_client [req-cb252a88-0224-478c-929b-3664a06c1ae6 req-cb252a88-0224-478c-929b-3664a06c1ae6 ] Request (AttachVolumeNegativeTest:test_attach_attached_volume_to_different_server): 200 GET http://10.180.1.21/compute/v2.1/servers/115c1bb4-0e6b-4c6c-9d38-9584debea01f 0.552s
2024-10-12 17:24:58.623 62158 INFO tempest.lib.common.rest_client [req-6e22f768-03f6-426f-a3fc-de6b36adc966 req-6e22f768-03f6-426f-a3fc-de6b36adc966 ] Request (FloatingIPsAssociationTestJSON:setUpClass): 200 GET http://10.180.1.21/compute/v2.1/servers/8257a521-2c25-45a2-a2e5-c735ece03da2 0.549s
2024-10-12 17:24:58.636 62176 INFO tempest.lib.common.rest_client [req-ddb92221-8be5-47ce-aec5-44a6832c5303 req-ddb92221-8be5-47ce-aec5-44a6832c5303 ] Request (ServerRescueNegativeTestJSON:setUpClass): 200 GET http://10.180.1.21/compute/v2.1/servers/f8235178-7ae0-4733-bb05-3515d5489a5b 0.557s
2024-10-12 17:24:58.648 62212 INFO tempest.lib.common.rest_client [req-ab5c91f3-07fb-4ba1-9884-1dee9b13358c req-ab5c91f3-07fb-4ba1-9884-1dee9b13358c ] Request (VolumesNegativeTest:tearDownClass): 204 DELETE http://10.180.1.21/identity/v3/projects/1717e3959d0d4e8ba42fd128447adc4f 0.098s
2024-10-12 17:24:58.650 62180 INFO tempest.lib.common.rest_client [req-ed05eb24-8d3c-40f2-8dce-cf5a12e3323f req-ed05eb24-8d3c-40f2-8dce-cf5a12e3323f ] Request (MigrationsAdminTest:test_resize_server_revert_deleted_flavor): 200 POST http://10.180.1.21/compute/v2.1/flavors/47c6d361-c775-4a1e-8fdd-9e07aadebabb/os-extra_specs 0.501s
2024-10-12 17:24:58.726 62180 INFO tempest.lib.common.rest_client [req-57be3293-929f-49e4-a7d8-14e08bbeae75 req-57be3293-929f-49e4-a7d8-14e08bbeae75 ] Request (MigrationsAdminTest:test_resize_server_revert_deleted_flavor): 201 POST http://10.180.1.21/identity/v3/auth/tokens 0.071s
2024-10-12 17:24:58.726 62180 INFO tempest.lib.common.fixed_network [-] (MigrationsAdminTest:test_resize_server_revert_deleted_flavor) Found network None available for tenant
2024-10-12 17:24:58.743 62154 INFO tempest.lib.common.rest_client [req-4dece618-6039-4c43-bd35-3609a0f5628e req-4dece618-6039-4c43-bd35-3609a0f5628e ] Request (ServerPasswordTestJSON:setUpClass): 200 GET http://10.180.1.21/compute/v2.1/servers/49e99297-ffb9-4104-bd06-911243908828 0.531s
2024-10-12 17:24:58.746 62156 INFO tempest.lib.common.rest_client [req-e8a3189a-2516-46c5-9d84-61d1998bc284 req-e8a3189a-2516-46c5-9d84-61d1998bc284 ] Request (ServersAdmin275Test:test_rebuild_update_server_275): 200 GET http://10.180.1.21/compute/v2.1/servers/188b0fd3-5d71-4feb-aca5-75a2bd28895a 0.585s
2024-10-12 17:24:58.848 62178 INFO tempest.lib.common.rest_client [req-2a26a9a8-84be-4eea-aef2-4405382b6c23 req-2a26a9a8-84be-4eea-aef2-4405382b6c23 ] Request (VolumesAdminNegativeTest:test_update_attached_volume_with_nonexistent_volume_in_body): 200 GET http://10.180.1.21/compute/v2.1/servers/825130d4-b1f6-434e-be3e-dca952abe930 0.492s
2024-10-12 17:24:58.862 62166 INFO tempest.lib.common.rest_client [req-fedc867c-f88a-4521-9160-206545145974 req-fedc867c-f88a-4521-9160-206545145974 ] Request (SecurityGroupRulesTestJSON:tearDownClass): 200 PUT http://10.180.1.21:9696/networking/v2.0/routers/bec41463-804c-4591-80c8-1b5952ffc030/remove_router_interface 2.755s
2024-10-12 17:24:58.914 62190 INFO tempest.lib.common.rest_client [req-08524a3d-d7f5-48a2-876a-885fcc8b2e0f req-08524a3d-d7f5-48a2-876a-885fcc8b2e0f ] Request (VolumesAssistedSnapshotsTest:tearDownClass): 204 DELETE http://10.180.1.21:9696/networking/v2.0/floatingips/0d857ff7-822d-4354-a8a5-ebeb25dfba31 0.660s
2024-10-12 17:24:58.930 62190 INFO tempest.lib.common.rest_client [req-762af01f-af6a-466d-82b0-93c93004e160 req-762af01f-af6a-466d-82b0-93c93004e160 ] Request (VolumesAssistedSnapshotsTest:tearDownClass): 404 DELETE http://10.180.1.21/volume/v3/volumes/fc7ce40e-fd00-48ce-afff-30fa6fec8de6 0.015s
2024-10-12 17:24:58.945 62190 INFO tempest.lib.common.rest_client [req-e0d003e6-06c0-4444-aa1c-bf0783bd3063 req-e0d003e6-06c0-4444-aa1c-bf0783bd3063 ] Request (VolumesAssistedSnapshotsTest:tearDownClass): 404 GET http://10.180.1.21/volume/v3/volumes/fc7ce40e-fd00-48ce-afff-30fa6fec8de6 0.014s
2024-10-12 17:24:58.964 62188 INFO tempest.lib.common.rest_client [req-3335c6c4-60d2-4938-9853-5a36e2c4c2e9 req-3335c6c4-60d2-4938-9853-5a36e2c4c2e9 ] Request (ListImageFiltersTestJSON:setUpClass): 200 GET http://10.180.1.21/compute/v2.1/servers/763d87bb-652c-43e0-ba39-135bae2cc368 0.657s
2024-10-12 17:24:59.051 62198 INFO tempest.lib.common.rest_client [req-f583a13d-e3ab-4dde-9cc4-66d45a58ffff req-f583a13d-e3ab-4dde-9cc4-66d45a58ffff ] Request (ServersAaction247Test:tearDownClass): 200 GET http://10.180.1.21/compute/v2.1/servers/4ad746d0-4076-4c97-8ea9-20e49fda59ca 0.651s
2024-10-12 17:24:59.098 62186 INFO tempest.lib.common.rest_client [req-55b3a448-abcc-4881-8f93-44bf3122f1c9 req-55b3a448-abcc-4881-8f93-44bf3122f1c9 ] Request (SecurityGroupsTestJSON:test_server_security_groups): 200 POST http://10.180.1.21/compute/v2.1/os-security-groups 0.706s
2024-10-12 17:24:59.121 62194 INFO tempest.lib.common.rest_client [req-9c6a3beb-cd93-4b86-b4b0-93893e159338 req-9c6a3beb-cd93-4b86-b4b0-93893e159338 ] Request (ImagesOneServerNegativeTestJSON:setUpClass): 200 GET http://10.180.1.21/compute/v2.1/servers/2b151571-348f-4543-a0c5-afe6458b1973 0.660s
2024-10-12 17:24:59.134 62182 INFO tempest.lib.common.rest_client [req-5ca28110-53a7-4b0d-88e1-f3d283ceacba req-5ca28110-53a7-4b0d-88e1-f3d283ceacba ] Request (ServerActionsTestJSON:setUpClass): 201 POST http://10.180.1.21:9696/networking/v2.0/floatingips 0.994s
2024-10-12 17:24:59.163 62208 INFO tempest.lib.common.rest_client [req-843c2870-79aa-42e6-8aea-17c5e1bf7f09 req-843c2870-79aa-42e6-8aea-17c5e1bf7f09 ] Request (ServerDiskConfigTestJSON:test_rebuild_server_with_auto_disk_config): 200 GET http://10.180.1.21/compute/v2.1/servers/c5024e22-6499-4f2e-8d1b-99ca34b33104 0.639s
2024-10-12 17:24:59.181 62186 INFO tempest.lib.common.rest_client [req-d51f44b0-3253-447a-a519-b6e8042df0f2 req-d51f44b0-3253-447a-a519-b6e8042df0f2 ] Request (SecurityGroupsTestJSON:test_server_security_groups): 201 POST http://10.180.1.21/identity/v3/auth/tokens 0.073s
2024-10-12 17:24:59.182 62186 INFO tempest.lib.common.fixed_network [-] (SecurityGroupsTestJSON:test_server_security_groups) Found network {'id': 'd86c617f-f31f-4efe-821c-07d7bf9577dd', 'name': 'tempest-SecurityGroupsTestJSON-2140916081-network', 'tenant_id': 'f1243661c0ff4c33b901de6aacfd5987', 'admin_state_up': True, 'mtu': 8950, 'status': 'ACTIVE', 'subnets': [], 'shared': False, 'project_id': 'f1243661c0ff4c33b901de6aacfd5987', 'port_security_enabled': True, 'router:external': False, 'provider:network_type': 'vlan', 'provider:physical_network': 'default', 'provider:segmentation_id': 153, 'is_default': False, 'availability_zone_hints': [], 'availability_zones': [], 'ipv4_address_scope': None, 'ipv6_address_scope': None, 'description': '', 'tags': [], 'created_at': '2024-10-12T17:23:48Z', 'updated_at': '2024-10-12T17:23:48Z', 'revision_number': 1} available for tenant
2024-10-12 17:24:59.242 62182 INFO tempest.lib.common.rest_client [req-afa79eb9-39a3-4a64-a67a-8c0dfa0af59d req-afa79eb9-39a3-4a64-a67a-8c0dfa0af59d ] Request (ServerActionsTestJSON:setUpClass): 201 POST http://10.180.1.21/identity/v3/auth/tokens 0.103s
2024-10-12 17:24:59.242 62182 INFO tempest.lib.common.fixed_network [-] (ServerActionsTestJSON:setUpClass) Found network {'id': '75804ded-f5e3-4134-ad89-66ab7b9d8c79', 'name': 'tempest-ServerActionsTestJSON-2105952521-network', 'tenant_id': '5b6658fd3386438eb5a44866066ebb65', 'admin_state_up': True, 'mtu': 8950, 'status': 'ACTIVE', 'subnets': [], 'shared': False, 'project_id': '5b6658fd3386438eb5a44866066ebb65', 'port_security_enabled': True, 'router:external': False, 'provider:network_type': 'vlan', 'provider:physical_network': 'default', 'provider:segmentation_id': 863, 'is_default': False, 'availability_zone_hints': [], 'availability_zones': [], 'ipv4_address_scope': None, 'ipv6_address_scope': None, 'description': '', 'tags': [], 'created_at': '2024-10-12T17:24:47Z', 'updated_at': '2024-10-12T17:24:47Z', 'revision_number': 1} available for tenant
2024-10-12 17:24:59.409 62174 INFO tempest.lib.common.rest_client [req-47718518-520f-4177-b41f-8f0cae78b6f6 req-47718518-520f-4177-b41f-8f0cae78b6f6 ] Request (ServerShowV257Test:test_rebuild_server): 202 POST http://10.180.1.21/compute/v2.1/servers 0.875s
2024-10-12 17:24:59.415 62180 INFO tempest.lib.common.rest_client [req-838e8ad7-4b6c-4dbc-8d4b-8380b652e559 req-838e8ad7-4b6c-4dbc-8d4b-8380b652e559 ] Request (MigrationsAdminTest:test_resize_server_revert_deleted_flavor): 202 POST http://10.180.1.21/compute/v2.1/servers 0.688s
2024-10-12 17:24:59.500 62160 INFO tempest.lib.common.rest_client [req-ec5f881d-a7c0-4dfa-ad49-f0b98c0043a3 req-ec5f881d-a7c0-4dfa-ad49-f0b98c0043a3 ] Request (ServersAdminTestJSON:setUpClass): 200 GET http://10.180.1.21/compute/v2.1/servers/6241fb44-ce1c-4881-bc32-7d19ddc83a61 0.571s
2024-10-12 17:24:59.515 62200 INFO tempest.lib.common.rest_client [req-a07ede57-b6e2-415e-b1b0-4ee38269cdaf req-a07ede57-b6e2-415e-b1b0-4ee38269cdaf ] Request (ListServersNegativeTestJSON:setUpClass): 200 GET http://10.180.1.21/compute/v2.1/servers/394b1955-c448-42c2-a718-28df7bd366e9 0.592s
2024-10-12 17:24:59.567 62172 INFO tempest.lib.common.rest_client [req-0fad4718-c7f7-40c5-b838-cab21eb8fe88 req-0fad4718-c7f7-40c5-b838-cab21eb8fe88 ] Request (ServerActionsV293TestJSON:setUpClass): 200 GET http://10.180.1.21/volume/v3/volumes/e259b2ae-e225-4b0f-8784-152c208d0379 0.050s
2024-10-12 17:24:59.581 62162 INFO tempest.lib.common.rest_client [req-08b5ef9e-d424-4e7c-afc1-92b04eb5bc76 req-08b5ef9e-d424-4e7c-afc1-92b04eb5bc76 ] Request (ImagesTestJSON:test_create_image_from_stopped_server): 200 GET http://10.180.1.21/compute/v2.1/servers/2252ef6e-19ec-4356-8221-33168c01bef0 0.589s
2024-10-12 17:24:59.584 62210 INFO tempest.lib.common.rest_client [req-1518a222-4166-4239-84a0-7552878190e9 req-1518a222-4166-4239-84a0-7552878190e9 ] Request (ServersWithSpecificFlavorTestJSON:test_verify_created_server_ephemeral_disk): 200 GET http://10.180.1.21/compute/v2.1/servers/f660c725-fc06-42e4-8a34-5d80568b535e 0.530s
2024-10-12 17:24:59.643 62214 INFO tempest.lib.common.rest_client [req-ee907dd3-41ac-47d8-a4e8-f84f93160460 req-ee907dd3-41ac-47d8-a4e8-f84f93160460 ] Request (ServersTestMultiNic:test_verify_duplicate_network_nics): 200 GET http://10.180.1.21/compute/v2.1/servers/967056dd-1679-421c-b4fd-9d663b1411e2 0.503s
2024-10-12 17:24:59.648 62202 INFO tempest.lib.common.rest_client [req-6fda2901-e318-4a29-97b3-ca8c6be73324 req-6fda2901-e318-4a29-97b3-ca8c6be73324 ] Request (ServerMetadataNegativeTestJSON:setUpClass): 200 GET http://10.180.1.21/compute/v2.1/servers/3ee7a6f2-aa1c-46a4-9e1b-8af55bdf94d1 0.575s
2024-10-12 17:24:59.707 62170 INFO tempest.lib.common.rest_client [req-899399a2-4273-4fef-94b6-b90c7a3d88e3 req-899399a2-4273-4fef-94b6-b90c7a3d88e3 ] Request (FloatingIPsAssociationNegativeTestJSON:setUpClass): 200 GET http://10.180.1.21/compute/v2.1/servers/348ea580-2268-4082-a5f1-33c954063e4d 0.494s
2024-10-12 17:24:59.752 62152 INFO tempest.lib.common.rest_client [req-c7f58c5b-65c6-4379-8c88-dc89a865bc85 req-c7f58c5b-65c6-4379-8c88-dc89a865bc85 ] Request (ServerActionsTestOtherB:setUpClass): 200 PUT http://10.180.1.21:9696/networking/v2.0/routers/6f601055-70d6-4a26-937a-22330edb4c61/add_router_interface 3.703s
2024-10-12 17:24:59.752 62152 INFO tempest.lib.common.dynamic_creds [-] Created isolated network resources for: credentials: Credentials: {'domain_id': 'default', 'domain_name': 'Default', 'username': 'tempest-ServerActionsTestOtherB-303558607-project-member', 'project_domain_id': 'default', 'project_domain_name': 'Default', 'project_id': '465de806e1714d739b9cf8eab184b82d', 'project_name': 'tempest-ServerActionsTestOtherB-303558607', 'tenant_id': '465de806e1714d739b9cf8eab184b82d', 'tenant_name': 'tempest-ServerActionsTestOtherB-303558607', 'user_domain_id': 'default', 'user_domain_name': 'Default', 'user_id': '4e8a657d2a204bf5b01f3ab880f76988', 'system': None}, Network: {'id': '4b2a25af-517b-4a39-b215-ecbd36cc8828', 'name': 'tempest-ServerActionsTestOtherB-950115656-network', 'tenant_id': '465de806e1714d739b9cf8eab184b82d', 'admin_state_up': True, 'mtu': 8950, 'status': 'ACTIVE', 'subnets': [], 'shared': False, 'project_id': '465de806e1714d739b9cf8eab184b82d', 'port_security_enabled': True, 'router:external': False, 'provider:network_type': 'vlan', 'provider:physical_network': 'default', 'provider:segmentation_id': 369, 'is_default': False, 'availability_zone_hints': [], 'availability_zones': [], 'ipv4_address_scope': None, 'ipv6_address_scope': None, 'description': '', 'tags': [], 'created_at': '2024-10-12T17:24:52Z', 'updated_at': '2024-10-12T17:24:52Z', 'revision_number': 1}, Subnet: {'id': 'd502cd87-4bb0-4432-8655-5ca563d783a3', 'name': 'tempest-ServerActionsTestOtherB-950115656-subnet', 'tenant_id': '465de806e1714d739b9cf8eab184b82d', 'network_id': '4b2a25af-517b-4a39-b215-ecbd36cc8828', 'ip_version': 4, 'subnetpool_id': None, 'enable_dhcp': True, 'ipv6_ra_mode': None, 'ipv6_address_mode': None, 'gateway_ip': '192.168.128.1', 'cidr': '192.168.128.0/28', 'allocation_pools': [{'start': '192.168.128.2', 'end': '192.168.128.14'}], 'host_routes': [], 'dns_nameservers': [], 'description': '', 'router:external': False, 'service_types': [], 'tags': [], 'created_at': '2024-10-12T17:24:52Z', 'updated_at': '2024-10-12T17:24:52Z', 'revision_number': 0, 'project_id': '465de806e1714d739b9cf8eab184b82d'}, Router: {'id': '6f601055-70d6-4a26-937a-22330edb4c61', 'name': 'tempest-ServerActionsTestOtherB-950115656-router', 'tenant_id': '465de806e1714d739b9cf8eab184b82d', 'admin_state_up': True, 'status': 'ACTIVE', 'external_gateway_info': {'network_id': '1fcfd341-9eb1-48e4-8325-f18cf94c2c49', 'external_fixed_ips': [{'subnet_id': '1093acf1-58ac-4b20-b41f-88581d317911', 'ip_address': '10.180.180.186'}], 'enable_snat': True}, 'description': '', 'availability_zones': [], 'distributed': False, 'ha': False, 'availability_zone_hints': [], 'routes': [], 'flavor_id': None, 'tags': [], 'created_at': '2024-10-12T17:24:53Z', 'updated_at': '2024-10-12T17:24:55Z', 'revision_number': 2, 'project_id': '465de806e1714d739b9cf8eab184b82d'}
2024-10-12 17:24:59.838 62152 INFO tempest.lib.common.rest_client [req-811fd581-999d-4968-bb81-a424838223cb req-811fd581-999d-4968-bb81-a424838223cb ] Request (ServerActionsTestOtherB:setUpClass): 201 POST http://10.180.1.21/identity/v3/auth/tokens 0.083s
2024-10-12 17:25:00.066 62186 INFO tempest.lib.common.rest_client [req-09f1eb26-3ef8-431d-92bc-9c62b712a196 req-09f1eb26-3ef8-431d-92bc-9c62b712a196 ] Request (SecurityGroupsTestJSON:test_server_security_groups): 202 POST http://10.180.1.21/compute/v2.1/servers 0.883s
2024-10-12 17:25:00.122 62168 INFO tempest.lib.common.rest_client [req-bc868372-060d-480b-9c1b-bd6c123f969e req-bc868372-060d-480b-9c1b-bd6c123f969e ] Request (ImagesNegativeTestJSON:test_create_image_from_deleted_server): 200 GET http://10.180.1.21/compute/v2.1/servers/9df88f23-0219-43e0-b28a-e78f30a473a7 0.828s
2024-10-12 17:25:00.167 62182 INFO tempest.lib.common.rest_client [req-6b91bce8-d0f8-4c40-855e-ed34f3eb7e64 req-6b91bce8-d0f8-4c40-855e-ed34f3eb7e64 ] Request (ServerActionsTestJSON:setUpClass): 202 POST http://10.180.1.21/compute/v2.1/servers 0.924s
2024-10-12 17:25:00.177 62196 INFO tempest.lib.common.rest_client [req-e673ffc9-df8a-40f4-a42e-aa55168c854e req-e673ffc9-df8a-40f4-a42e-aa55168c854e ] Request (ServersTestBootFromVolume:setUpClass): 200 GET http://10.180.1.21/compute/v2.1/servers/32e56693-5100-4ed8-b26a-7d377f9ab7b6 0.798s
2024-10-12 17:25:00.233 62180 INFO tempest.lib.common.rest_client [req-989d617a-fe6c-4d08-9be3-bed8e35a4760 req-989d617a-fe6c-4d08-9be3-bed8e35a4760 ] Request (MigrationsAdminTest:test_resize_server_revert_deleted_flavor): 200 GET http://10.180.1.21/compute/v2.1/servers/042425a0-5398-47a6-9842-380d5b3299c0 0.814s
2024-10-12 17:25:00.237 62174 INFO tempest.lib.common.rest_client [req-8ad0a58b-ea7f-48cc-b5a9-6af7730c11ef req-8ad0a58b-ea7f-48cc-b5a9-6af7730c11ef ] Request (ServerShowV257Test:test_rebuild_server): 200 GET http://10.180.1.21/compute/v2.1/servers/7f3850c0-a455-4e5b-a329-fb3b02f9725f 0.826s
2024-10-12 17:25:00.298 62164 INFO tempest.lib.common.rest_client [req-014f15d1-6eff-4d19-97a0-a0badaf1aaa7 req-014f15d1-6eff-4d19-97a0-a0badaf1aaa7 ] Request (AttachInterfacesUnderV243Test:test_add_remove_fixed_ip): 200 GET http://10.180.1.21/compute/v2.1/servers/02d215d8-dd42-49cc-9509-08335c7bafe3 0.840s
2024-10-12 17:25:00.354 62206 INFO tempest.lib.common.rest_client [req-da75b8bd-6283-4f93-9b55-35b7a6c18798 req-da75b8bd-6283-4f93-9b55-35b7a6c18798 ] Request (ServerDiagnosticsV248Test:tearDownClass): 200 GET http://10.180.1.21/compute/v2.1/servers/c5af147e-3526-4014-98bc-7ad163ae89d9 0.796s
2024-10-12 17:25:00.372 62184 INFO tempest.lib.common.rest_client [req-f7eaa581-369b-4de7-9353-e6d6dc8dc362 req-f7eaa581-369b-4de7-9353-e6d6dc8dc362 ] Request (DeleteServersAdminTestJSON:test_delete_server_while_in_error_state): 200 GET http://10.180.1.21/compute/v2.1/servers/4be3eabd-4e58-48b8-b14a-798ba419655e 0.890s
2024-10-12 17:25:00.378 62184 INFO tempest.common.waiters [-] State transition "BUILD/block_device_mapping" ==> "BUILD/spawning" after 42 second wait
2024-10-12 17:25:00.401 62166 INFO tempest.lib.common.rest_client [req-0fe51467-4911-4b02-ba67-5e4ef53f1894 req-0fe51467-4911-4b02-ba67-5e4ef53f1894 ] Request (SecurityGroupRulesTestJSON:tearDownClass): 204 DELETE http://10.180.1.21:9696/networking/v2.0/routers/bec41463-804c-4591-80c8-1b5952ffc030 1.536s
2024-10-12 17:25:00.421 62192 INFO tempest.lib.common.rest_client [req-21600d4c-bf2b-420d-aa35-c2c6f867bcf5 req-21600d4c-bf2b-420d-aa35-c2c6f867bcf5 ] Request (AttachVolumeNegativeTest:test_attach_attached_volume_to_different_server): 200 GET http://10.180.1.21/compute/v2.1/servers/115c1bb4-0e6b-4c6c-9d38-9584debea01f 0.842s
2024-10-12 17:25:00.442 62158 INFO tempest.lib.common.rest_client [req-dd8162b0-f48a-4026-960b-5a702d954ef7 req-dd8162b0-f48a-4026-960b-5a702d954ef7 ] Request (FloatingIPsAssociationTestJSON:setUpClass): 200 GET http://10.180.1.21/compute/v2.1/servers/8257a521-2c25-45a2-a2e5-c735ece03da2 0.810s
2024-10-12 17:25:00.504 62176 INFO tempest.lib.common.rest_client [req-6999ae0b-9b87-4a14-b9b8-657aa99c31b1 req-6999ae0b-9b87-4a14-b9b8-657aa99c31b1 ] Request (ServerRescueNegativeTestJSON:setUpClass): 200 GET http://10.180.1.21/compute/v2.1/servers/f8235178-7ae0-4733-bb05-3515d5489a5b 0.856s
2024-10-12 17:25:00.523 62154 INFO tempest.lib.common.rest_client [req-35e7b3eb-2fd2-47e0-bf41-165000ac733e req-35e7b3eb-2fd2-47e0-bf41-165000ac733e ] Request (ServerPasswordTestJSON:setUpClass): 200 GET http://10.180.1.21/compute/v2.1/servers/49e99297-ffb9-4104-bd06-911243908828 0.769s
2024-10-12 17:25:00.579 62156 INFO tempest.lib.common.rest_client [req-1d9b24c6-029c-4535-b0ac-4709b79ae552 req-1d9b24c6-029c-4535-b0ac-4709b79ae552 ] Request (ServersAdmin275Test:test_rebuild_update_server_275): 200 GET http://10.180.1.21/compute/v2.1/servers/188b0fd3-5d71-4feb-aca5-75a2bd28895a 0.818s
2024-10-12 17:25:00.587 62166 INFO tempest.lib.common.rest_client [req-43bd8b0a-3fc5-4ebf-8685-ebdc8ad76dd3 req-43bd8b0a-3fc5-4ebf-8685-ebdc8ad76dd3 ] Request (SecurityGroupRulesTestJSON:tearDownClass): 204 DELETE http://10.180.1.21:9696/networking/v2.0/subnets/70c2a28c-39ac-42be-9245-afd9229e9124 0.186s
2024-10-12 17:25:00.613 62172 INFO tempest.lib.common.rest_client [req-943a2b67-d1d1-4c30-a0a1-17830a0850c6 req-943a2b67-d1d1-4c30-a0a1-17830a0850c6 ] Request (ServerActionsV293TestJSON:setUpClass): 200 GET http://10.180.1.21/volume/v3/volumes/e259b2ae-e225-4b0f-8784-152c208d0379 0.037s
2024-10-12 17:25:00.616 62152 INFO tempest.lib.common.rest_client [req-ff84bc77-7995-4025-aaef-af32b2cbb647 req-ff84bc77-7995-4025-aaef-af32b2cbb647 ] Request (ServerActionsTestOtherB:setUpClass): 200 POST http://10.180.1.21/compute/v2.1/os-keypairs 0.776s
2024-10-12 17:25:00.642 62178 INFO tempest.lib.common.rest_client [req-d1f4e370-abb7-4a9a-9ea0-0aa339ef9fad req-d1f4e370-abb7-4a9a-9ea0-0aa339ef9fad ] Request (VolumesAdminNegativeTest:test_update_attached_volume_with_nonexistent_volume_in_body): 200 GET http://10.180.1.21/compute/v2.1/servers/825130d4-b1f6-434e-be3e-dca952abe930 0.778s
2024-10-12 17:25:00.686 62188 INFO tempest.lib.common.rest_client [req-fb7656d5-a38f-44c2-8e15-20b9f1132dd2 req-fb7656d5-a38f-44c2-8e15-20b9f1132dd2 ] Request (ListImageFiltersTestJSON:setUpClass): 200 GET http://10.180.1.21/compute/v2.1/servers/763d87bb-652c-43e0-ba39-135bae2cc368 0.714s
2024-10-12 17:25:00.707 62198 INFO tempest.lib.common.rest_client [req-fefdd351-59d5-4ea8-a328-4a2207c42c2a req-fefdd351-59d5-4ea8-a328-4a2207c42c2a ] Request (ServersAaction247Test:tearDownClass): 200 GET http://10.180.1.21/compute/v2.1/servers/4ad746d0-4076-4c97-8ea9-20e49fda59ca 0.640s
2024-10-12 17:25:00.746 62186 INFO tempest.lib.common.rest_client [req-9ab73861-f3b4-4c99-a399-539d53608374 req-9ab73861-f3b4-4c99-a399-539d53608374 ] Request (SecurityGroupsTestJSON:test_server_security_groups): 200 GET http://10.180.1.21/compute/v2.1/servers/60ec4271-2614-470d-bf40-47b9955f544c 0.678s
2024-10-12 17:25:00.760 62194 INFO tempest.lib.common.rest_client [req-8e2075dd-a102-4daf-a9f8-2a879202b373 req-8e2075dd-a102-4daf-a9f8-2a879202b373 ] Request (ImagesOneServerNegativeTestJSON:setUpClass): 200 GET http://10.180.1.21/compute/v2.1/servers/2b151571-348f-4543-a0c5-afe6458b1973 0.630s
2024-10-12 17:25:00.785 62182 INFO tempest.lib.common.rest_client [req-dbbe0380-9270-46a9-8615-65c659d3fe09 req-dbbe0380-9270-46a9-8615-65c659d3fe09 ] Request (ServerActionsTestJSON:setUpClass): 200 GET http://10.180.1.21/compute/v2.1/servers/e69a7833-97b1-4063-a6e8-c4558980ee1e 0.616s
2024-10-12 17:25:00.812 62208 INFO tempest.lib.common.rest_client [req-8565e878-c329-4912-a874-b0a6efeaa97f req-8565e878-c329-4912-a874-b0a6efeaa97f ] Request (ServerDiskConfigTestJSON:test_rebuild_server_with_auto_disk_config): 200 GET http://10.180.1.21/compute/v2.1/servers/c5024e22-6499-4f2e-8d1b-99ca34b33104 0.638s
2024-10-12 17:25:00.840 62160 INFO tempest.lib.common.rest_client [req-d627423d-fb8a-4d32-ab99-4278d1778e5e req-d627423d-fb8a-4d32-ab99-4278d1778e5e ] Request (ServersAdminTestJSON:setUpClass): 200 GET http://10.180.1.21/compute/v2.1/servers/6241fb44-ce1c-4881-bc32-7d19ddc83a61 0.332s
2024-10-12 17:25:00.856 62152 INFO tempest.lib.common.rest_client [req-07409477-d2cc-4cd0-a102-1ad8a11953c5 req-07409477-d2cc-4cd0-a102-1ad8a11953c5 ] Request (ServerActionsTestOtherB:setUpClass): 201 POST http://10.180.1.21:9696/networking/v2.0/security-groups 0.238s
2024-10-12 17:25:00.867 62200 INFO tempest.lib.common.rest_client [req-e10c52bc-187c-4b30-b1d3-db12db8367ff req-e10c52bc-187c-4b30-b1d3-db12db8367ff ] Request (ListServersNegativeTestJSON:setUpClass): 200 GET http://10.180.1.21/compute/v2.1/servers/394b1955-c448-42c2-a718-28df7bd366e9 0.337s
2024-10-12 17:25:00.905 62162 INFO tempest.lib.common.rest_client [req-bdc1e5be-454a-4bad-a2f3-8fbd4d6d9e1f req-bdc1e5be-454a-4bad-a2f3-8fbd4d6d9e1f ] Request (ImagesTestJSON:test_create_image_from_stopped_server): 200 GET http://10.180.1.21/compute/v2.1/servers/2252ef6e-19ec-4356-8221-33168c01bef0 0.315s
2024-10-12 17:25:00.919 62210 INFO tempest.lib.common.rest_client [req-56c862f4-865c-443e-9511-9c83e1d29325 req-56c862f4-865c-443e-9511-9c83e1d29325 ] Request (ServersWithSpecificFlavorTestJSON:test_verify_created_server_ephemeral_disk): 200 GET http://10.180.1.21/compute/v2.1/servers/f660c725-fc06-42e4-8a34-5d80568b535e 0.323s
2024-10-12 17:25:01.134 62214 INFO tempest.lib.common.rest_client [req-ee58a85a-b040-4fd8-9e05-ead03de97431 req-ee58a85a-b040-4fd8-9e05-ead03de97431 ] Request (ServersTestMultiNic:test_verify_duplicate_network_nics): 200 GET http://10.180.1.21/compute/v2.1/servers/967056dd-1679-421c-b4fd-9d663b1411e2 0.480s
2024-10-12 17:25:01.139 62202 INFO tempest.lib.common.rest_client [req-cae038e7-c0aa-4ea4-a2d0-9ebeef5c7049 req-cae038e7-c0aa-4ea4-a2d0-9ebeef5c7049 ] Request (ServerMetadataNegativeTestJSON:setUpClass): 200 GET http://10.180.1.21/compute/v2.1/servers/3ee7a6f2-aa1c-46a4-9e1b-8af55bdf94d1 0.481s
2024-10-12 17:25:01.154 62152 INFO tempest.lib.common.rest_client [req-2a0d86b0-02c3-4d18-813d-ee4dd872b45b req-2a0d86b0-02c3-4d18-813d-ee4dd872b45b ] Request (ServerActionsTestOtherB:setUpClass): 201 POST http://10.180.1.21:9696/networking/v2.0/security-group-rules 0.297s
2024-10-12 17:25:01.159 62166 INFO tempest.lib.common.rest_client [req-c8c59937-c1ae-435f-8ead-f4c7f7225f17 req-c8c59937-c1ae-435f-8ead-f4c7f7225f17 ] Request (SecurityGroupRulesTestJSON:tearDownClass): 204 DELETE http://10.180.1.21:9696/networking/v2.0/networks/e5b7af2d-5d4e-46a9-b2bf-40ad1f0fc89e 0.571s
2024-10-12 17:25:01.202 62190 INFO tempest.lib.common.rest_client [req-1fbc62cb-33a0-46fd-af1e-6f295788f335 req-1fbc62cb-33a0-46fd-af1e-6f295788f335 ] Request (VolumesAssistedSnapshotsTest:tearDownClass): 200 PUT http://10.180.1.21:9696/networking/v2.0/routers/2e5d471b-c651-465e-9249-b2e9644df399/remove_router_interface 2.256s
2024-10-12 17:25:01.213 62170 INFO tempest.lib.common.rest_client [req-82dccb8f-4466-4b92-b0a9-65b73bdd2deb req-82dccb8f-4466-4b92-b0a9-65b73bdd2deb ] Request (FloatingIPsAssociationNegativeTestJSON:setUpClass): 200 GET http://10.180.1.21/compute/v2.1/servers/348ea580-2268-4082-a5f1-33c954063e4d 0.497s
2024-10-12 17:25:01.215 62168 INFO tempest.lib.common.rest_client [req-7f7e88e8-968b-45c1-90c4-73da99fbf304 req-7f7e88e8-968b-45c1-90c4-73da99fbf304 ] Request (ImagesNegativeTestJSON:test_create_image_from_deleted_server): 200 GET http://10.180.1.21/compute/v2.1/servers/9df88f23-0219-43e0-b28a-e78f30a473a7 0.076s
2024-10-12 17:25:01.282 62196 INFO tempest.lib.common.rest_client [req-4e35cd53-f263-428f-bf7d-ddc36994eafd req-4e35cd53-f263-428f-bf7d-ddc36994eafd ] Request (ServersTestBootFromVolume:setUpClass): 200 GET http://10.180.1.21/compute/v2.1/servers/32e56693-5100-4ed8-b26a-7d377f9ab7b6 0.096s
2024-10-12 17:25:01.295 62166 INFO tempest.lib.common.rest_client [req-83c43a82-c1b4-43be-940b-5898c02b05cc req-83c43a82-c1b4-43be-940b-5898c02b05cc ] Request (SecurityGroupRulesTestJSON:tearDownClass): 204 DELETE http://10.180.1.21/identity/v3/users/5dad042d958f44b391b7690ae9d0cd75 0.136s
2024-10-12 17:25:01.295 62166 INFO tempest.lib.common.dynamic_creds [-] Deleting project and security group for project: 8ad116d5dd6448ed8686ce2b0e4b380a
2024-10-12 17:25:01.308 62180 INFO tempest.lib.common.rest_client [req-5b80db93-92bd-41e5-bf10-acfa8f01105e req-5b80db93-92bd-41e5-bf10-acfa8f01105e ] Request (MigrationsAdminTest:test_resize_server_revert_deleted_flavor): 200 GET http://10.180.1.21/compute/v2.1/servers/042425a0-5398-47a6-9842-380d5b3299c0 0.068s
2024-10-12 17:25:01.317 62152 INFO tempest.lib.common.rest_client [req-5ff4707a-8721-484e-83af-838f7f004887 req-5ff4707a-8721-484e-83af-838f7f004887 ] Request (ServerActionsTestOtherB:setUpClass): 201 POST http://10.180.1.21:9696/networking/v2.0/security-group-rules 0.163s
2024-10-12 17:25:01.355 62174 INFO tempest.lib.common.rest_client [req-4c55ad8d-6e9f-4da3-a3f7-5b1131be687c req-4c55ad8d-6e9f-4da3-a3f7-5b1131be687c ] Request (ServerShowV257Test:test_rebuild_server): 200 GET http://10.180.1.21/compute/v2.1/servers/7f3850c0-a455-4e5b-a329-fb3b02f9725f 0.109s
2024-10-12 17:25:01.368 62166 INFO tempest.lib.common.rest_client [req-7c5ebff7-472e-4e78-98e0-75f9229ebd2f req-7c5ebff7-472e-4e78-98e0-75f9229ebd2f ] Request (SecurityGroupRulesTestJSON:tearDownClass): 200 GET http://10.180.1.21:9696/networking/v2.0/security-groups?tenant_id=8ad116d5dd6448ed8686ce2b0e4b380a&name=default 0.073s
2024-10-12 17:25:01.372 62164 INFO tempest.lib.common.rest_client [req-1da3eef2-466e-40ea-a6b5-7ea2b8c7b11a req-1da3eef2-466e-40ea-a6b5-7ea2b8c7b11a ] Request (AttachInterfacesUnderV243Test:test_add_remove_fixed_ip): 200 GET http://10.180.1.21/compute/v2.1/servers/02d215d8-dd42-49cc-9509-08335c7bafe3 0.063s
2024-10-12 17:25:01.391 62206 INFO tempest.lib.common.rest_client [req-0990793a-f6df-4afe-822d-2c6d60564e99 req-0990793a-f6df-4afe-822d-2c6d60564e99 ] Request (ServerDiagnosticsV248Test:tearDownClass): 404 GET http://10.180.1.21/compute/v2.1/servers/c5af147e-3526-4014-98bc-7ad163ae89d9 0.028s
2024-10-12 17:25:01.496 62206 INFO tempest.lib.common.rest_client [req-6859ddf9-eb80-4760-8ccb-d1d42b8cd144 req-6859ddf9-eb80-4760-8ccb-d1d42b8cd144 ] Request (ServerDiagnosticsV248Test:tearDownClass): 204 DELETE http://10.180.1.21/identity/v3/users/c080cfca2e1b4f75a31fbd59ca976d33 0.105s
2024-10-12 17:25:01.502 62192 INFO tempest.lib.common.rest_client [req-ea2e5b00-80d2-4c4e-a857-823e48ea2950 req-ea2e5b00-80d2-4c4e-a857-823e48ea2950 ] Request (AttachVolumeNegativeTest:test_attach_attached_volume_to_different_server): 200 GET http://10.180.1.21/compute/v2.1/servers/115c1bb4-0e6b-4c6c-9d38-9584debea01f 0.069s
2024-10-12 17:25:01.528 62166 INFO tempest.lib.common.rest_client [req-c2b54675-c00a-4877-a99d-1e87fbd38f59 req-c2b54675-c00a-4877-a99d-1e87fbd38f59 ] Request (SecurityGroupRulesTestJSON:tearDownClass): 204 DELETE http://10.180.1.21:9696/networking/v2.0/security-groups/4d9b07eb-f4db-47de-adaf-65a27849cd04 0.159s
2024-10-12 17:25:01.535 62184 INFO tempest.lib.common.rest_client [req-0e5cc6f9-86de-44f5-aaee-4fcf87a46037 req-0e5cc6f9-86de-44f5-aaee-4fcf87a46037 ] Request (DeleteServersAdminTestJSON:test_delete_server_while_in_error_state): 200 GET http://10.180.1.21/compute/v2.1/servers/4be3eabd-4e58-48b8-b14a-798ba419655e 0.156s
2024-10-12 17:25:01.557 62158 INFO tempest.lib.common.rest_client [req-a6c97a6c-d42a-454c-9b95-81372cc49f25 req-a6c97a6c-d42a-454c-9b95-81372cc49f25 ] Request (FloatingIPsAssociationTestJSON:setUpClass): 200 GET http://10.180.1.21/compute/v2.1/servers/8257a521-2c25-45a2-a2e5-c735ece03da2 0.102s
2024-10-12 17:25:01.589 62176 INFO tempest.lib.common.rest_client [req-e5fed7fd-35ba-47f8-aae2-f57408710e33 req-e5fed7fd-35ba-47f8-aae2-f57408710e33 ] Request (ServerRescueNegativeTestJSON:setUpClass): 200 GET http://10.180.1.21/compute/v2.1/servers/f8235178-7ae0-4733-bb05-3515d5489a5b 0.076s
2024-10-12 17:25:01.609 62154 INFO tempest.lib.common.rest_client [req-0f5ac25f-3908-4ab6-af11-bcf853cb7048 req-0f5ac25f-3908-4ab6-af11-bcf853cb7048 ] Request (ServerPasswordTestJSON:setUpClass): 200 GET http://10.180.1.21/compute/v2.1/servers/49e99297-ffb9-4104-bd06-911243908828 0.078s
2024-10-12 17:25:01.624 62206 INFO tempest.lib.common.rest_client [req-371fbc75-de5f-4679-a916-574c13cba462 req-371fbc75-de5f-4679-a916-574c13cba462 ] Request (ServerDiagnosticsV248Test:tearDownClass): 204 DELETE http://10.180.1.21/identity/v3/users/18b0170f292e41a092f625fb93792618 0.127s
2024-10-12 17:25:01.624 62206 INFO tempest.lib.common.dynamic_creds [-] Deleting project and security group for project: 0177f13e3d9e4695aeaa2aee835f21e8
2024-10-12 17:25:01.628 62166 INFO tempest.lib.common.rest_client [req-6625aa27-60df-45ed-80c5-8ccb7a36284c req-6625aa27-60df-45ed-80c5-8ccb7a36284c ] Request (SecurityGroupRulesTestJSON:tearDownClass): 204 DELETE http://10.180.1.21/identity/v3/projects/8ad116d5dd6448ed8686ce2b0e4b380a 0.099s
2024-10-12 17:25:01.660 62172 INFO tempest.lib.common.rest_client [req-2eaaf60d-0126-4d10-8fcc-11159a801eee req-2eaaf60d-0126-4d10-8fcc-11159a801eee ] Request (ServerActionsV293TestJSON:setUpClass): 200 GET http://10.180.1.21/volume/v3/volumes/e259b2ae-e225-4b0f-8784-152c208d0379 0.037s
2024-10-12 17:25:01.660 62156 INFO tempest.lib.common.rest_client [req-5066d24f-5783-47b8-9008-985045105f88 req-5066d24f-5783-47b8-9008-985045105f88 ] Request (ServersAdmin275Test:test_rebuild_update_server_275): 200 GET http://10.180.1.21/compute/v2.1/servers/188b0fd3-5d71-4feb-aca5-75a2bd28895a 0.067s
2024-10-12 17:25:01.686 62206 INFO tempest.lib.common.rest_client [req-31517786-2a52-477a-9ff1-e9749d7f070f req-31517786-2a52-477a-9ff1-e9749d7f070f ] Request (ServerDiagnosticsV248Test:tearDownClass): 201 POST http://10.180.1.21/identity/v3/auth/tokens 0.062s
2024-10-12 17:25:01.691 62166 INFO tempest.lib.common.rest_client [req-3f9c0cab-2fcd-4ec5-b633-d44183b9eac1 req-3f9c0cab-2fcd-4ec5-b633-d44183b9eac1 ] Request (ServersTestManualDisk:setUpClass): 201 POST http://10.180.1.21/identity/v3/auth/tokens 0.062s
2024-10-12 17:25:01.716 62178 INFO tempest.lib.common.rest_client [req-1ffb5e24-50e8-4c7e-9437-9af75797f1ce req-1ffb5e24-50e8-4c7e-9437-9af75797f1ce ] Request (VolumesAdminNegativeTest:test_update_attached_volume_with_nonexistent_volume_in_body): 200 GET http://10.180.1.21/compute/v2.1/servers/825130d4-b1f6-434e-be3e-dca952abe930 0.066s
2024-10-12 17:25:01.731 62166 INFO tempest.lib.common.rest_client [req-aebf01e1-7193-46cf-8916-e01dec3d1a65 req-aebf01e1-7193-46cf-8916-e01dec3d1a65 ] Request (ServersTestManualDisk:setUpClass): 201 POST http://10.180.1.21/identity/v3/auth/tokens 0.037s
2024-10-12 17:25:01.757 62166 INFO tempest.lib.common.rest_client [req-a8acdc4d-f8b6-4a3e-a537-b9ea520f5911 req-a8acdc4d-f8b6-4a3e-a537-b9ea520f5911 ] Request (ServersTestManualDisk:setUpClass): 200 GET http://10.180.1.21/identity/v3/domains?name=Default 0.026s
2024-10-12 17:25:01.766 62188 INFO tempest.lib.common.rest_client [req-712df595-23bf-4635-8599-96ef214c8f72 req-712df595-23bf-4635-8599-96ef214c8f72 ] Request (ListImageFiltersTestJSON:setUpClass): 200 GET http://10.180.1.21/compute/v2.1/servers/763d87bb-652c-43e0-ba39-135bae2cc368 0.068s
2024-10-12 17:25:01.787 62166 INFO tempest.lib.common.rest_client [req-19fd42f7-5679-4643-8c5e-2fc537fc0af9 req-19fd42f7-5679-4643-8c5e-2fc537fc0af9 ] Request (ServersTestManualDisk:setUpClass): 201 POST http://10.180.1.21/identity/v3/projects 0.029s
2024-10-12 17:25:01.794 62198 INFO tempest.lib.common.rest_client [req-5a3c3b7d-4ced-4981-bd8d-b7b81d925fe1 req-5a3c3b7d-4ced-4981-bd8d-b7b81d925fe1 ] Request (ServersAaction247Test:tearDownClass): 200 GET http://10.180.1.21/compute/v2.1/servers/4ad746d0-4076-4c97-8ea9-20e49fda59ca 0.077s
2024-10-12 17:25:01.833 62186 INFO tempest.lib.common.rest_client [req-867c8515-344d-4678-94b6-54bd15bf05fc req-867c8515-344d-4678-94b6-54bd15bf05fc ] Request (SecurityGroupsTestJSON:test_server_security_groups): 200 GET http://10.180.1.21/compute/v2.1/servers/60ec4271-2614-470d-bf40-47b9955f544c 0.078s
2024-10-12 17:25:01.849 62166 INFO tempest.lib.common.rest_client [req-3eb65892-477c-4590-95ee-88175b9d2aaa req-3eb65892-477c-4590-95ee-88175b9d2aaa ] Request (ServersTestManualDisk:setUpClass): 201 POST http://10.180.1.21/identity/v3/users 0.061s
2024-10-12 17:25:01.855 62194 INFO tempest.lib.common.rest_client [req-6d57e991-a1e7-411f-8a77-e0ea175c58e3 req-6d57e991-a1e7-411f-8a77-e0ea175c58e3 ] Request (ImagesOneServerNegativeTestJSON:setUpClass): 200 GET http://10.180.1.21/compute/v2.1/servers/2b151571-348f-4543-a0c5-afe6458b1973 0.088s
2024-10-12 17:25:01.878 62166 INFO tempest.lib.common.rest_client [req-d49dbbff-7254-4705-9ab9-7805f03519af req-d49dbbff-7254-4705-9ab9-7805f03519af ] Request (ServersTestManualDisk:setUpClass): 200 GET http://10.180.1.21/identity/v3/roles 0.029s
2024-10-12 17:25:01.896 62182 INFO tempest.lib.common.rest_client [req-f0cda543-f5e5-4fd2-8e4a-741a49b93a2b req-f0cda543-f5e5-4fd2-8e4a-741a49b93a2b ] Request (ServerActionsTestJSON:setUpClass): 200 GET http://10.180.1.21/compute/v2.1/servers/e69a7833-97b1-4063-a6e8-c4558980ee1e 0.104s
