2024-10-12 17:25:10.119 62190 INFO tempest.lib.common.rest_client [req-d309390a-4721-4266-9083-a069655ae940 req-d309390a-4721-4266-9083-a069655ae940 ] Request (FlavorsV261TestJSON:setUpClass): 201 POST http://10.180.1.21/identity/v3/users 0.077s
2024-10-12 17:25:10.151 62190 INFO tempest.lib.common.rest_client [req-f4233556-3cc0-4bbf-9774-e87b0a5bbba4 req-f4233556-3cc0-4bbf-9774-e87b0a5bbba4 ] Request (FlavorsV261TestJSON:setUpClass): 200 GET http://10.180.1.21/identity/v3/roles 0.031s
2024-10-12 17:25:10.155 62198 INFO tempest.lib.common.rest_client [req-03789b7c-fce4-4e8a-aa2c-99035195f854 req-03789b7c-fce4-4e8a-aa2c-99035195f854 ] Request (ServersAaction247Test:tearDownClass): 200 GET http://10.180.1.21/compute/v2.1/servers/4ad746d0-4076-4c97-8ea9-20e49fda59ca 0.098s
2024-10-12 17:25:10.160 62194 INFO tempest.lib.common.rest_client [req-05f56dd5-f90a-4432-9233-c26c6cc7d122 req-05f56dd5-f90a-4432-9233-c26c6cc7d122 ] Request (ImagesOneServerNegativeTestJSON:setUpClass): 200 GET http://10.180.1.21/compute/v2.1/servers/2b151571-348f-4543-a0c5-afe6458b1973 0.070s
2024-10-12 17:25:10.186 62210 INFO tempest.lib.common.rest_client [req-380bb845-ec1a-4928-b7a6-f4522921005b req-380bb845-ec1a-4928-b7a6-f4522921005b ] Request (ServersWithSpecificFlavorTestJSON:tearDownClass): 204 DELETE http://10.180.1.21/identity/v3/users/a94319a3fe7640628c09f428a3f4211f 0.191s
2024-10-12 17:25:10.187 62210 INFO tempest.lib.common.dynamic_creds [-] Deleting project and security group for project: 71a47471856049c7ba1bb463994cfb88
2024-10-12 17:25:10.236 62160 INFO tempest.lib.common.rest_client [req-99ba4e5c-5e45-4bfd-92a7-4b9f9520a361 req-99ba4e5c-5e45-4bfd-92a7-4b9f9520a361 ] Request (ServersAdminTestJSON:setUpClass): 200 GET http://10.180.1.21/compute/v2.1/servers/6241fb44-ce1c-4881-bc32-7d19ddc83a61 0.090s
2024-10-12 17:25:10.239 62190 INFO tempest.lib.common.rest_client [req-ab7eb794-2d57-46c0-b84a-813433bf2d1c req-ab7eb794-2d57-46c0-b84a-813433bf2d1c ] Request (FlavorsV261TestJSON:setUpClass): 204 PUT http://10.180.1.21/identity/v3/projects/ac68b6e551134a82987e06f1e584206c/users/7cbb89eca7a444c1912046a2b5a5d794/roles/a545b1352d5d437a91ed1d9eacb39058 0.086s
2024-10-12 17:25:10.250 62182 INFO tempest.lib.common.rest_client [req-f2b3efb3-a8c8-4d59-8b1d-6f297422e6d9 req-f2b3efb3-a8c8-4d59-8b1d-6f297422e6d9 ] Request (ServerActionsTestJSON:setUpClass): 200 GET http://10.180.1.21/compute/v2.1/servers/e69a7833-97b1-4063-a6e8-c4558980ee1e 0.138s
2024-10-12 17:25:10.255 62210 INFO tempest.lib.common.rest_client [req-22bb7109-3f5b-4102-8816-8ae41439b35d req-22bb7109-3f5b-4102-8816-8ae41439b35d ] Request (ServersWithSpecificFlavorTestJSON:tearDownClass): 200 GET http://10.180.1.21:9696/networking/v2.0/security-groups?tenant_id=71a47471856049c7ba1bb463994cfb88&name=default 0.068s
2024-10-12 17:25:10.288 62208 INFO tempest.lib.common.rest_client [req-7b109806-31a1-46dc-926c-6679f7f96b5c req-7b109806-31a1-46dc-926c-6679f7f96b5c ] Request (ServerDiskConfigTestJSON:test_rebuild_server_with_auto_disk_config): 200 GET http://10.180.1.21/compute/v2.1/servers/c5024e22-6499-4f2e-8d1b-99ca34b33104 0.118s
2024-10-12 17:25:10.313 62196 INFO tempest.lib.common.rest_client [req-9b55be78-655f-44b0-98a4-f4c0702d8265 req-9b55be78-655f-44b0-98a4-f4c0702d8265 ] Request (ServersTestBootFromVolume:tearDownClass): 204 DELETE http://10.180.1.21:9696/networking/v2.0/floatingips/c2878bba-d3f4-46d3-84a6-fd65b6147f20 0.356s
2024-10-12 17:25:10.314 62200 INFO tempest.lib.common.rest_client [req-a3379c2d-a50c-47c2-9670-232f7a6dfe14 req-a3379c2d-a50c-47c2-9670-232f7a6dfe14 ] Request (ListServersNegativeTestJSON:setUpClass): 200 GET http://10.180.1.21/compute/v2.1/servers/394b1955-c448-42c2-a718-28df7bd366e9 0.110s
2024-10-12 17:25:10.343 62190 INFO tempest.lib.common.rest_client [req-529efc0f-2ef7-4e52-852f-e8c225a1ba13 req-529efc0f-2ef7-4e52-852f-e8c225a1ba13 ] Request (FlavorsV261TestJSON:setUpClass): 200 GET http://10.180.1.21/identity/v3/roles 0.104s
2024-10-12 17:25:10.346 62162 INFO tempest.lib.common.rest_client [req-594deb29-bb3a-4816-a27d-1901f9af0fe1 req-594deb29-bb3a-4816-a27d-1901f9af0fe1 ] Request (ImagesTestJSON:test_create_image_from_stopped_server): 200 GET http://10.180.1.21/compute/v2.1/servers/2252ef6e-19ec-4356-8221-33168c01bef0 0.120s
2024-10-12 17:25:10.366 62190 INFO tempest.lib.common.rest_client [req-26723368-12b3-4d4c-b64e-ba466fca32fe req-26723368-12b3-4d4c-b64e-ba466fca32fe ] Request (FlavorsV261TestJSON:setUpClass): 204 PUT http://10.180.1.21/identity/v3/projects/ac68b6e551134a82987e06f1e584206c/users/7cbb89eca7a444c1912046a2b5a5d794/roles/a545b1352d5d437a91ed1d9eacb39058 0.022s
2024-10-12 17:25:10.367 62190 INFO tempest.lib.common.dynamic_creds [-] Dynamic test user 7cbb89eca7a444c1912046a2b5a5d794 is created with scope project and roles: ['admin']
2024-10-12 17:25:10.367 62190 INFO tempest.lib.common.dynamic_creds [-] Acquired dynamic creds: credentials: Credentials: {'domain_id': 'default', 'domain_name': 'Default', 'username': 'tempest-FlavorsV261TestJSON-564953118-project-admin', 'project_domain_id': 'default', 'project_domain_name': 'Default', 'project_id': 'ac68b6e551134a82987e06f1e584206c', 'project_name': 'tempest-FlavorsV261TestJSON-564953118', 'tenant_id': 'ac68b6e551134a82987e06f1e584206c', 'tenant_name': 'tempest-FlavorsV261TestJSON-564953118', 'user_domain_id': 'default', 'user_domain_name': 'Default', 'user_id': '7cbb89eca7a444c1912046a2b5a5d794', 'system': None}, Network: None, Subnet: None, Router: None
2024-10-12 17:25:10.367 62190 INFO tempest.lib.common.dynamic_creds [-] Created isolated network resources for: credentials: Credentials: {'domain_id': 'default', 'domain_name': 'Default', 'username': 'tempest-FlavorsV261TestJSON-564953118-project-admin', 'project_domain_id': 'default', 'project_domain_name': 'Default', 'project_id': 'ac68b6e551134a82987e06f1e584206c', 'project_name': 'tempest-FlavorsV261TestJSON-564953118', 'tenant_id': 'ac68b6e551134a82987e06f1e584206c', 'tenant_name': 'tempest-FlavorsV261TestJSON-564953118', 'user_domain_id': 'default', 'user_domain_name': 'Default', 'user_id': '7cbb89eca7a444c1912046a2b5a5d794', 'system': None}, Network: None, Subnet: None, Router: None
2024-10-12 17:25:10.382 62202 INFO tempest.lib.common.rest_client [req-420ee4e7-8cb9-4316-ba1c-2366961e710c req-420ee4e7-8cb9-4316-ba1c-2366961e710c ] Request (ServerMetadataNegativeTestJSON:setUpClass): 200 GET http://10.180.1.21/compute/v2.1/servers/3ee7a6f2-aa1c-46a4-9e1b-8af55bdf94d1 0.119s
2024-10-12 17:25:10.404 62170 INFO tempest.lib.common.rest_client [req-e8b14d6d-8108-45bd-b466-50f492e9f919 req-e8b14d6d-8108-45bd-b466-50f492e9f919 ] Request (FloatingIPsAssociationNegativeTestJSON:setUpClass): 200 GET http://10.180.1.21/compute/v2.1/servers/348ea580-2268-4082-a5f1-33c954063e4d 0.110s
2024-10-12 17:25:10.446 62210 INFO tempest.lib.common.rest_client [req-d6c11153-3107-4daf-964b-37f6c17b3623 req-d6c11153-3107-4daf-964b-37f6c17b3623 ] Request (ServersWithSpecificFlavorTestJSON:tearDownClass): 204 DELETE http://10.180.1.21:9696/networking/v2.0/security-groups/6ba78ff6-4cad-4e6e-8e1d-ce1f6be55b7c 0.190s
2024-10-12 17:25:10.461 62190 INFO tempest.lib.common.rest_client [req-7c5d8ecc-1b63-4589-8015-ea7c53e3311e req-7c5d8ecc-1b63-4589-8015-ea7c53e3311e ] Request (FlavorsV261TestJSON:setUpClass): 201 POST http://10.180.1.21/identity/v3/auth/tokens 0.088s
2024-10-12 17:25:10.484 62180 INFO tempest.lib.common.rest_client [req-05b17f98-8fac-416c-af18-2cea3b1b3b0f req-05b17f98-8fac-416c-af18-2cea3b1b3b0f ] Request (MigrationsAdminTest:test_resize_server_revert_deleted_flavor): 200 GET http://10.180.1.21/compute/v2.1/servers/042425a0-5398-47a6-9842-380d5b3299c0 0.114s
2024-10-12 17:25:10.485 62168 INFO tempest.lib.common.rest_client [req-3d9e787b-ba24-469c-8ef4-93068d79533c req-3d9e787b-ba24-469c-8ef4-93068d79533c ] Request (ImagesNegativeTestJSON:test_create_image_from_deleted_server): 200 GET http://10.180.1.21/compute/v2.1/servers/9df88f23-0219-43e0-b28a-e78f30a473a7 0.165s
2024-10-12 17:25:10.493 62168 INFO tempest.common.waiters [-] State transition "BUILD/scheduling" ==> "BUILD/None" after 43 second wait
2024-10-12 17:25:10.543 62174 INFO tempest.lib.common.rest_client [req-5b86b462-3bd1-4149-9278-f66ca4ebbfc9 req-5b86b462-3bd1-4149-9278-f66ca4ebbfc9 ] Request (ServerShowV257Test:test_rebuild_server): 200 GET http://10.180.1.21/compute/v2.1/servers/7f3850c0-a455-4e5b-a329-fb3b02f9725f 0.131s
2024-10-12 17:25:10.548 62192 INFO tempest.lib.common.rest_client [req-96286d54-9906-45bb-a79d-5daaec2ad75a req-96286d54-9906-45bb-a79d-5daaec2ad75a ] Request (AttachVolumeNegativeTest:test_attach_attached_volume_to_different_server): 200 GET http://10.180.1.21/compute/v2.1/servers/115c1bb4-0e6b-4c6c-9d38-9584debea01f 0.132s
2024-10-12 17:25:10.552 62210 INFO tempest.lib.common.rest_client [req-ecc80bd0-a624-4ac6-81a9-072817ecc4d2 req-ecc80bd0-a624-4ac6-81a9-072817ecc4d2 ] Request (ServersWithSpecificFlavorTestJSON:tearDownClass): 204 DELETE http://10.180.1.21/identity/v3/projects/71a47471856049c7ba1bb463994cfb88 0.105s
2024-10-12 17:25:10.552 62210 INFO tempest.lib.common.dynamic_creds [-] Deleting project and security group for project: 345b8654817443389eb6dbbca0d7f44a
2024-10-12 17:25:10.589 62210 INFO tempest.lib.common.rest_client [req-d6e221f3-a36f-4027-9a4f-6a2b272e5ddb req-d6e221f3-a36f-4027-9a4f-6a2b272e5ddb ] Request (ServersWithSpecificFlavorTestJSON:tearDownClass): 200 GET http://10.180.1.21:9696/networking/v2.0/security-groups?tenant_id=345b8654817443389eb6dbbca0d7f44a&name=default 0.036s
2024-10-12 17:25:10.605 62164 INFO tempest.lib.common.rest_client [req-9476564e-ffe8-4278-9a34-9b3302bca065 req-9476564e-ffe8-4278-9a34-9b3302bca065 ] Request (AttachInterfacesUnderV243Test:test_add_remove_fixed_ip): 200 GET http://10.180.1.21/compute/v2.1/servers/02d215d8-dd42-49cc-9509-08335c7bafe3 0.125s
2024-10-12 17:25:10.681 62210 INFO tempest.lib.common.rest_client [req-10ae46c4-3292-4fec-8756-8ac04340c4a3 req-10ae46c4-3292-4fec-8756-8ac04340c4a3 ] Request (ServersWithSpecificFlavorTestJSON:tearDownClass): 204 DELETE http://10.180.1.21:9696/networking/v2.0/security-groups/c276995c-5006-4ef8-b490-007536466897 0.092s
2024-10-12 17:25:10.682 62190 INFO tempest.lib.common.rest_client [req-5e38de13-c783-4e38-8d71-5569f1d82969 req-5e38de13-c783-4e38-8d71-5569f1d82969 ] Request (FlavorsV261TestJSON:test_crud_flavor): 200 POST http://10.180.1.21/compute/v2.1/flavors 0.220s
2024-10-12 17:25:10.742 62184 INFO tempest.lib.common.rest_client [req-3d8719b5-0530-4706-9906-6aa64f7c92b0 req-3d8719b5-0530-4706-9906-6aa64f7c92b0 ] Request (DeleteServersAdminTestJSON:test_delete_server_while_in_error_state): 200 GET http://10.180.1.21/compute/v2.1/servers/4be3eabd-4e58-48b8-b14a-798ba419655e 0.128s
2024-10-12 17:25:10.767 62214 INFO tempest.lib.common.rest_client [req-ab19f5ac-fe67-41a6-9dac-b4daab3a9c11 req-ab19f5ac-fe67-41a6-9dac-b4daab3a9c11 ] Request (ServersTestMultiNic:test_verify_duplicate_network_nics): 200 GET http://10.180.1.21/compute/v2.1/servers/967056dd-1679-421c-b4fd-9d663b1411e2 0.219s
2024-10-12 17:25:10.775 62210 INFO tempest.lib.common.rest_client [req-0433e08e-3e8a-4b87-8638-10e3643df092 req-0433e08e-3e8a-4b87-8638-10e3643df092 ] Request (ServersWithSpecificFlavorTestJSON:tearDownClass): 204 DELETE http://10.180.1.21/identity/v3/projects/345b8654817443389eb6dbbca0d7f44a 0.093s
2024-10-12 17:25:10.812 62158 INFO tempest.lib.common.rest_client [req-767c21b1-5360-411d-9f04-4a8b3a3726b7 req-767c21b1-5360-411d-9f04-4a8b3a3726b7 ] Request (FloatingIPsAssociationTestJSON:setUpClass): 200 GET http://10.180.1.21/compute/v2.1/servers/8257a521-2c25-45a2-a2e5-c735ece03da2 0.151s
2024-10-12 17:25:10.850 62210 INFO tempest.lib.common.rest_client [req-303eecee-c266-4cc5-a925-1101e4a160b8 req-303eecee-c266-4cc5-a925-1101e4a160b8 ] Request (ServersTestFqdnHostnames:setUpClass): 201 POST http://10.180.1.21/identity/v3/auth/tokens 0.073s
2024-10-12 17:25:10.876 62210 INFO tempest.lib.common.rest_client [req-e8f11971-1d79-4b91-a08d-dc95f8f07406 req-e8f11971-1d79-4b91-a08d-dc95f8f07406 ] Request (ServersTestFqdnHostnames:setUpClass): 201 POST http://10.180.1.21/identity/v3/auth/tokens 0.024s
2024-10-12 17:25:10.885 62190 INFO tempest.lib.common.rest_client [req-d6fe53b6-fd5d-4e1e-8009-4f60f2ed07e1 req-d6fe53b6-fd5d-4e1e-8009-4f60f2ed07e1 ] Request (FlavorsV261TestJSON:test_crud_flavor): 200 GET http://10.180.1.21/compute/v2.1/flavors/1959843953 0.199s
2024-10-12 17:25:10.899 62210 INFO tempest.lib.common.rest_client [req-2a92a9d2-aad9-4856-a8eb-787d91db6f9f req-2a92a9d2-aad9-4856-a8eb-787d91db6f9f ] Request (ServersTestFqdnHostnames:setUpClass): 200 GET http://10.180.1.21/identity/v3/domains?name=Default 0.023s
2024-10-12 17:25:10.928 62210 INFO tempest.lib.common.rest_client [req-d3dc69e6-2044-4bfc-8fb6-fe0491c5033d req-d3dc69e6-2044-4bfc-8fb6-fe0491c5033d ] Request (ServersTestFqdnHostnames:setUpClass): 201 POST http://10.180.1.21/identity/v3/projects 0.028s
2024-10-12 17:25:10.938 62176 INFO tempest.lib.common.rest_client [req-891a502d-ccc2-452a-869c-d533a6fcd502 req-891a502d-ccc2-452a-869c-d533a6fcd502 ] Request (ServerRescueNegativeTestJSON:setUpClass): 200 GET http://10.180.1.21/compute/v2.1/servers/f8235178-7ae0-4733-bb05-3515d5489a5b 0.153s
2024-10-12 17:25:10.986 62156 INFO tempest.lib.common.rest_client [req-add28123-804f-450b-8532-8a3647f80d17 req-add28123-804f-450b-8532-8a3647f80d17 ] Request (ServersAdmin275Test:test_rebuild_update_server_275): 200 GET http://10.180.1.21/compute/v2.1/servers/188b0fd3-5d71-4feb-aca5-75a2bd28895a 0.163s
2024-10-12 17:25:10.994 62210 INFO tempest.lib.common.rest_client [req-d9cb2469-dcf1-4896-87c0-495d88b156b8 req-d9cb2469-dcf1-4896-87c0-495d88b156b8 ] Request (ServersTestFqdnHostnames:setUpClass): 201 POST http://10.180.1.21/identity/v3/users 0.065s
2024-10-12 17:25:11.018 62210 INFO tempest.lib.common.rest_client [req-07419edb-250d-48cc-93db-15ee44c6e6a8 req-07419edb-250d-48cc-93db-15ee44c6e6a8 ] Request (ServersTestFqdnHostnames:setUpClass): 200 GET http://10.180.1.21/identity/v3/roles 0.022s
2024-10-12 17:25:11.046 62178 INFO tempest.lib.common.rest_client [req-c1db1352-2535-4423-8c60-325137101b8b req-c1db1352-2535-4423-8c60-325137101b8b ] Request (VolumesAdminNegativeTest:test_update_attached_volume_with_nonexistent_volume_in_body): 200 GET http://10.180.1.21/compute/v2.1/servers/825130d4-b1f6-434e-be3e-dca952abe930 0.210s
2024-10-12 17:25:11.050 62210 INFO tempest.lib.common.rest_client [req-bec5457f-69aa-42de-951c-eeca71ab668a req-bec5457f-69aa-42de-951c-eeca71ab668a ] Request (ServersTestFqdnHostnames:setUpClass): 204 PUT http://10.180.1.21/identity/v3/projects/3bc7ec9dab42411ab69361c587fae686/users/c10bbf10d15448cb90a071142b019f5c/roles/d19264b6d16c454bb5da83a59281e742 0.032s
2024-10-12 17:25:11.050 62210 INFO tempest.lib.common.dynamic_creds [-] Dynamic test user c10bbf10d15448cb90a071142b019f5c is created with scope project and roles: ['member']
2024-10-12 17:25:11.051 62210 INFO tempest.lib.common.dynamic_creds [-] Acquired dynamic creds: credentials: Credentials: {'domain_id': 'default', 'domain_name': 'Default', 'username': 'tempest-ServersTestFqdnHostnames-1308211839-project-member', 'project_domain_id': 'default', 'project_domain_name': 'Default', 'project_id': '3bc7ec9dab42411ab69361c587fae686', 'project_name': 'tempest-ServersTestFqdnHostnames-1308211839', 'tenant_id': '3bc7ec9dab42411ab69361c587fae686', 'tenant_name': 'tempest-ServersTestFqdnHostnames-1308211839', 'user_domain_id': 'default', 'user_domain_name': 'Default', 'user_id': 'c10bbf10d15448cb90a071142b019f5c', 'system': None}, Network: None, Subnet: None, Router: None
2024-10-12 17:25:11.074 62154 INFO tempest.lib.common.rest_client [req-79f152cf-fbe2-4b5e-b877-66f09cc7764f req-79f152cf-fbe2-4b5e-b877-66f09cc7764f ] Request (ServerPasswordTestJSON:setUpClass): 200 GET http://10.180.1.21/compute/v2.1/servers/49e99297-ffb9-4104-bd06-911243908828 0.353s
2024-10-12 17:25:11.077 62190 INFO tempest.lib.common.rest_client [req-6af14872-ec50-44e4-90e8-0f3fdb5004aa req-6af14872-ec50-44e4-90e8-0f3fdb5004aa ] Request (FlavorsV261TestJSON:test_crud_flavor): 200 PUT http://10.180.1.21/compute/v2.1/flavors/1959843953 0.190s
2024-10-12 17:25:11.127 62210 INFO tempest.lib.common.rest_client [req-3ce1862a-8e4d-42da-b4c1-e8704cae71a1 req-3ce1862a-8e4d-42da-b4c1-e8704cae71a1 ] Request (ServersTestFqdnHostnames:setUpClass): 201 POST http://10.180.1.21/identity/v3/auth/tokens 0.076s
2024-10-12 17:25:11.150 62152 INFO tempest.lib.common.rest_client [req-b1438ccb-f928-4b86-97ac-9fb4437fc784 req-b1438ccb-f928-4b86-97ac-9fb4437fc784 ] Request (ServerActionsTestOtherB:setUpClass): 200 GET http://10.180.1.21/compute/v2.1/servers/d77276ba-6d37-440b-a113-c4f62b2e7946 0.164s
2024-10-12 17:25:11.151 62188 INFO tempest.lib.common.rest_client [req-0ee3a04c-aff1-42c3-b5d4-5926c120ca56 req-0ee3a04c-aff1-42c3-b5d4-5926c120ca56 ] Request (ListImageFiltersTestJSON:setUpClass): 200 GET http://10.180.1.21/compute/v2.1/servers/763d87bb-652c-43e0-ba39-135bae2cc368 0.177s
2024-10-12 17:25:11.220 62166 INFO tempest.lib.common.rest_client [req-70f59e7a-deaf-4c6b-bfe9-1b6e239c1009 req-70f59e7a-deaf-4c6b-bfe9-1b6e239c1009 ] Request (ServersTestManualDisk:setUpClass): 200 GET http://10.180.1.21/compute/v2.1/servers/517eeb71-e9e3-4284-a144-dc4b63319d2d 0.188s
2024-10-12 17:25:11.223 62186 INFO tempest.lib.common.rest_client [req-a3306144-78d4-4833-a3ea-d92b37f930b8 req-a3306144-78d4-4833-a3ea-d92b37f930b8 ] Request (SecurityGroupsTestJSON:test_server_security_groups): 200 GET http://10.180.1.21/compute/v2.1/servers/60ec4271-2614-470d-bf40-47b9955f544c 0.180s
2024-10-12 17:25:11.236 62190 INFO tempest.lib.common.rest_client [req-dd3768d3-3ff1-48d6-a363-88fa34077f7f req-dd3768d3-3ff1-48d6-a363-88fa34077f7f ] Request (FlavorsV261TestJSON:test_crud_flavor): 200 GET http://10.180.1.21/compute/v2.1/flavors/detail 0.156s
2024-10-12 17:25:11.248 62196 INFO tempest.lib.common.rest_client [req-b4915b92-2e4f-4924-a354-7199ea42ff00 req-b4915b92-2e4f-4924-a354-7199ea42ff00 ] Request (ServersTestBootFromVolume:tearDownClass): 200 PUT http://10.180.1.21:9696/networking/v2.0/routers/80544b8b-d7eb-4438-9a1c-60713afb1ed4/remove_router_interface 0.935s
2024-10-12 17:25:11.307 62198 INFO tempest.lib.common.rest_client [req-d5710c8d-4845-4128-8c01-387ee53d3731 req-d5710c8d-4845-4128-8c01-387ee53d3731 ] Request (ServersAaction247Test:tearDownClass): 200 GET http://10.180.1.21/compute/v2.1/servers/4ad746d0-4076-4c97-8ea9-20e49fda59ca 0.138s
2024-10-12 17:25:11.314 62172 INFO tempest.lib.common.rest_client [req-31c1ca7c-e5a1-4566-8617-736c52acadaf req-31c1ca7c-e5a1-4566-8617-736c52acadaf ] Request (ServerActionsV293TestJSON:setUpClass): 200 GET http://10.180.1.21/compute/v2.1/servers/5dc993e9-5970-43ae-90be-f3a53d1f090a 0.201s
2024-10-12 17:25:11.332 62190 INFO tempest.lib.common.rest_client [req-a45869eb-260e-4c43-b6d9-8ba16bbe2c0d req-a45869eb-260e-4c43-b6d9-8ba16bbe2c0d ] Request (FlavorsV261TestJSON:test_crud_flavor): 200 GET http://10.180.1.21/compute/v2.1/flavors 0.089s
2024-10-12 17:25:11.373 62194 INFO tempest.lib.common.rest_client [req-f0e91302-22c7-4225-911d-95b8aaf482cd req-f0e91302-22c7-4225-911d-95b8aaf482cd ] Request (ImagesOneServerNegativeTestJSON:setUpClass): 200 GET http://10.180.1.21/compute/v2.1/servers/2b151571-348f-4543-a0c5-afe6458b1973 0.203s
2024-10-12 17:25:11.399 62160 INFO tempest.lib.common.rest_client [req-fa2d8b3f-5c5d-43ad-abd6-cabb67562cb0 req-fa2d8b3f-5c5d-43ad-abd6-cabb67562cb0 ] Request (ServersAdminTestJSON:setUpClass): 200 GET http://10.180.1.21/compute/v2.1/servers/6241fb44-ce1c-4881-bc32-7d19ddc83a61 0.153s
2024-10-12 17:25:11.424 62182 INFO tempest.lib.common.rest_client [req-58f8e2ff-7abc-443c-a5c0-ae62217fed4f req-58f8e2ff-7abc-443c-a5c0-ae62217fed4f ] Request (ServerActionsTestJSON:setUpClass): 200 GET http://10.180.1.21/compute/v2.1/servers/e69a7833-97b1-4063-a6e8-c4558980ee1e 0.167s
2024-10-12 17:25:11.464 62208 INFO tempest.lib.common.rest_client [req-fb785b5d-aceb-429d-a35a-58fec5c26da7 req-fb785b5d-aceb-429d-a35a-58fec5c26da7 ] Request (ServerDiskConfigTestJSON:test_rebuild_server_with_auto_disk_config): 200 GET http://10.180.1.21/compute/v2.1/servers/c5024e22-6499-4f2e-8d1b-99ca34b33104 0.169s
2024-10-12 17:25:11.477 62200 INFO tempest.lib.common.rest_client [req-b264e234-5b8e-4df1-a6e9-d018d1bced59 req-b264e234-5b8e-4df1-a6e9-d018d1bced59 ] Request (ListServersNegativeTestJSON:setUpClass): 200 GET http://10.180.1.21/compute/v2.1/servers/394b1955-c448-42c2-a718-28df7bd366e9 0.156s
2024-10-12 17:25:11.485 62190 INFO tempest.lib.common.rest_client [req-92965656-27ee-4e80-81df-b348bacf28b6 req-92965656-27ee-4e80-81df-b348bacf28b6 ] Request (FlavorsV261TestJSON:_run_cleanups): 202 DELETE http://10.180.1.21/compute/v2.1/flavors/1959843953 0.149s
2024-10-12 17:25:11.541 62162 INFO tempest.lib.common.rest_client [req-2f6dc684-7d0d-487f-b8f5-a2af84f0d008 req-2f6dc684-7d0d-487f-b8f5-a2af84f0d008 ] Request (ImagesTestJSON:test_create_image_from_stopped_server): 200 GET http://10.180.1.21/compute/v2.1/servers/2252ef6e-19ec-4356-8221-33168c01bef0 0.186s
2024-10-12 17:25:11.552 62202 INFO tempest.lib.common.rest_client [req-fc051f7e-f4af-45cf-9b4b-a9b7fab8b68d req-fc051f7e-f4af-45cf-9b4b-a9b7fab8b68d ] Request (ServerMetadataNegativeTestJSON:setUpClass): 200 GET http://10.180.1.21/compute/v2.1/servers/3ee7a6f2-aa1c-46a4-9e1b-8af55bdf94d1 0.161s
2024-10-12 17:25:11.566 62190 INFO tempest.lib.common.rest_client [req-486a816f-24f7-4a4f-95e3-6b3ab27bdff7 req-486a816f-24f7-4a4f-95e3-6b3ab27bdff7 ] Request (FlavorsV261TestJSON:_run_cleanups): 200 GET http://10.180.1.21/compute/v2.1/flavors/detail 0.081s
2024-10-12 17:25:11.602 62170 INFO tempest.lib.common.rest_client [req-f49ff037-7b49-4218-92c1-bdbadedbd4e1 req-f49ff037-7b49-4218-92c1-bdbadedbd4e1 ] Request (FloatingIPsAssociationNegativeTestJSON:setUpClass): 200 GET http://10.180.1.21/compute/v2.1/servers/348ea580-2268-4082-a5f1-33c954063e4d 0.187s
2024-10-12 17:25:11.624 62168 INFO tempest.lib.common.rest_client [req-951be297-22f0-42cd-9fd8-7b79e42a5200 req-951be297-22f0-42cd-9fd8-7b79e42a5200 ] Request (ImagesNegativeTestJSON:test_create_image_from_deleted_server): 200 GET http://10.180.1.21/compute/v2.1/servers/9df88f23-0219-43e0-b28a-e78f30a473a7 0.129s
2024-10-12 17:25:11.645 62210 INFO tempest.lib.common.rest_client [req-ae113857-7132-4a06-8361-c027e7a638f9 req-ae113857-7132-4a06-8361-c027e7a638f9 ] Request (ServersTestFqdnHostnames:setUpClass): 201 POST http://10.180.1.21:9696/networking/v2.0/networks 0.518s
2024-10-12 17:25:11.654 62180 INFO tempest.lib.common.rest_client [req-cce77a9a-9719-4708-b58d-17f32360f0cd req-cce77a9a-9719-4708-b58d-17f32360f0cd ] Request (MigrationsAdminTest:test_resize_server_revert_deleted_flavor): 200 GET http://10.180.1.21/compute/v2.1/servers/042425a0-5398-47a6-9842-380d5b3299c0 0.156s
2024-10-12 17:25:11.685 62190 INFO tempest.lib.common.rest_client [req-024563d3-7eb4-46ba-ba7b-9ae2fc321a59 req-024563d3-7eb4-46ba-ba7b-9ae2fc321a59 ] Request (FlavorsV261TestJSON:tearDownClass): 204 DELETE http://10.180.1.21/identity/v3/users/2fb68d4ec1704830b3be25ece85d916c 0.109s
2024-10-12 17:25:11.698 62174 INFO tempest.lib.common.rest_client [req-a1cf575d-b8c3-4139-9f0a-1c0c817fd6c0 req-a1cf575d-b8c3-4139-9f0a-1c0c817fd6c0 ] Request (ServerShowV257Test:test_rebuild_server): 200 GET http://10.180.1.21/compute/v2.1/servers/7f3850c0-a455-4e5b-a329-fb3b02f9725f 0.141s
2024-10-12 17:25:11.717 62192 INFO tempest.lib.common.rest_client [req-273dd075-97ca-4502-a4b5-5a42ad3b2975 req-273dd075-97ca-4502-a4b5-5a42ad3b2975 ] Request (AttachVolumeNegativeTest:test_attach_attached_volume_to_different_server): 200 GET http://10.180.1.21/compute/v2.1/servers/115c1bb4-0e6b-4c6c-9d38-9584debea01f 0.160s
2024-10-12 17:25:11.785 62164 INFO tempest.lib.common.rest_client [req-1ff518cc-08eb-4000-88af-f8ca866e4b87 req-1ff518cc-08eb-4000-88af-f8ca866e4b87 ] Request (AttachInterfacesUnderV243Test:test_add_remove_fixed_ip): 200 GET http://10.180.1.21/compute/v2.1/servers/02d215d8-dd42-49cc-9509-08335c7bafe3 0.172s
2024-10-12 17:25:11.786 62190 INFO tempest.lib.common.rest_client [req-b4db8b0d-cdcd-4fad-8158-3fc69cc63965 req-b4db8b0d-cdcd-4fad-8158-3fc69cc63965 ] Request (FlavorsV261TestJSON:tearDownClass): 204 DELETE http://10.180.1.21/identity/v3/users/7cbb89eca7a444c1912046a2b5a5d794 0.101s
2024-10-12 17:25:11.787 62190 INFO tempest.lib.common.dynamic_creds [-] Deleting project and security group for project: 1488356f1eb24335b6d191a028e020b5
2024-10-12 17:25:11.794 62164 INFO tempest.common.waiters [-] State transition "BUILD/spawning" ==> "ERROR/None" after 61 second wait
2024-10-12 17:25:11.820 62196 INFO tempest.lib.common.rest_client [req-70955da1-033b-40dd-8b2b-5aea6737666d req-70955da1-033b-40dd-8b2b-5aea6737666d ] Request (ServersTestBootFromVolume:tearDownClass): 204 DELETE http://10.180.1.21:9696/networking/v2.0/routers/80544b8b-d7eb-4438-9a1c-60713afb1ed4 0.571s
2024-10-12 17:25:11.821 62184 INFO tempest.lib.common.rest_client [req-6a75371c-e588-460c-9720-88bea09741c4 req-6a75371c-e588-460c-9720-88bea09741c4 ] Request (DeleteServersAdminTestJSON:test_delete_server_while_in_error_state): 200 GET http://10.180.1.21/compute/v2.1/servers/4be3eabd-4e58-48b8-b14a-798ba419655e 0.073s
2024-10-12 17:25:11.854 62214 INFO tempest.lib.common.rest_client [req-43280a7a-256d-4a71-9ed6-8de9c61435d0 req-43280a7a-256d-4a71-9ed6-8de9c61435d0 ] Request (ServersTestMultiNic:test_verify_duplicate_network_nics): 200 GET http://10.180.1.21/compute/v2.1/servers/967056dd-1679-421c-b4fd-9d663b1411e2 0.080s
2024-10-12 17:25:11.858 62190 INFO tempest.lib.common.rest_client [req-b43685ea-b1d8-479b-944e-4ad8e7e035e6 req-b43685ea-b1d8-479b-944e-4ad8e7e035e6 ] Request (FlavorsV261TestJSON:tearDownClass): 201 POST http://10.180.1.21/identity/v3/auth/tokens 0.071s
2024-10-12 17:25:11.930 62158 INFO tempest.lib.common.rest_client [req-4b08ed25-c339-4e3f-8b60-aae20fae2f5d req-4b08ed25-c339-4e3f-8b60-aae20fae2f5d ] Request (FloatingIPsAssociationTestJSON:setUpClass): 200 GET http://10.180.1.21/compute/v2.1/servers/8257a521-2c25-45a2-a2e5-c735ece03da2 0.111s
2024-10-12 17:25:12.016 62176 INFO tempest.lib.common.rest_client [req-096e0779-2c31-48ef-a26f-71ac47e43396 req-096e0779-2c31-48ef-a26f-71ac47e43396 ] Request (ServerRescueNegativeTestJSON:setUpClass): 200 GET http://10.180.1.21/compute/v2.1/servers/f8235178-7ae0-4733-bb05-3515d5489a5b 0.072s
2024-10-12 17:25:12.058 62164 INFO tempest.lib.common.rest_client [req-257af198-50dc-4311-b201-6435743c60c6 req-257af198-50dc-4311-b201-6435743c60c6 ] Request (AttachInterfacesUnderV243Test:test_add_remove_fixed_ip): 204 DELETE http://10.180.1.21/compute/v2.1/servers/02d215d8-dd42-49cc-9509-08335c7bafe3 0.263s
2024-10-12 17:25:12.102 62156 INFO tempest.lib.common.rest_client [req-9407cb47-09ba-4fe8-abf6-7f6691168852 req-9407cb47-09ba-4fe8-abf6-7f6691168852 ] Request (ServersAdmin275Test:test_rebuild_update_server_275): 200 GET http://10.180.1.21/compute/v2.1/servers/188b0fd3-5d71-4feb-aca5-75a2bd28895a 0.094s
2024-10-12 17:25:12.107 62196 INFO tempest.lib.common.rest_client [req-2ef04f1a-d13f-4631-86b4-85434c0fecec req-2ef04f1a-d13f-4631-86b4-85434c0fecec ] Request (ServersTestBootFromVolume:tearDownClass): 204 DELETE http://10.180.1.21:9696/networking/v2.0/subnets/a512ffa5-83c6-43bd-8046-14a0aab8608b 0.286s
2024-10-12 17:25:12.116 62210 INFO tempest.lib.common.rest_client [req-b0ea490c-8a85-43df-93c3-7f6e09adfb12 req-b0ea490c-8a85-43df-93c3-7f6e09adfb12 ] Request (ServersTestFqdnHostnames:setUpClass): 201 POST http://10.180.1.21:9696/networking/v2.0/subnets 0.470s
2024-10-12 17:25:12.123 62164 INFO tempest.lib.common.rest_client [req-5186f2c5-4390-458b-8c9d-93bb5b2fad4f req-5186f2c5-4390-458b-8c9d-93bb5b2fad4f ] Request (AttachInterfacesUnderV243Test:test_add_remove_fixed_ip): 404 GET http://10.180.1.21/compute/v2.1/servers/02d215d8-dd42-49cc-9509-08335c7bafe3 0.065s
2024-10-12 17:25:12.134 62178 INFO tempest.lib.common.rest_client [req-5706de05-ad48-4208-b12d-6a7071430cfe req-5706de05-ad48-4208-b12d-6a7071430cfe ] Request (VolumesAdminNegativeTest:test_update_attached_volume_with_nonexistent_volume_in_body): 200 GET http://10.180.1.21/compute/v2.1/servers/825130d4-b1f6-434e-be3e-dca952abe930 0.081s
2024-10-12 17:25:12.151 62164 INFO tempest.lib.common.rest_client [req-969a1196-469a-4b96-92f5-dbf98fe26a6c req-969a1196-469a-4b96-92f5-dbf98fe26a6c ] Request (AttachInterfacesUnderV243Test:_run_cleanups): 202 DELETE http://10.180.1.21/compute/v2.1/os-keypairs/tempest-keypair-162828986 0.026s
2024-10-12 17:25:12.318 62154 INFO tempest.lib.common.rest_client [req-86113a18-77e4-4235-bb1b-1e16e36b33de req-86113a18-77e4-4235-bb1b-1e16e36b33de ] Request (ServerPasswordTestJSON:setUpClass): 200 GET http://10.180.1.21/compute/v2.1/servers/49e99297-ffb9-4104-bd06-911243908828 0.233s
2024-10-12 17:25:12.318 62188 INFO tempest.lib.common.rest_client [req-38c3b770-4436-436d-9f77-dd98816f718a req-38c3b770-4436-436d-9f77-dd98816f718a ] Request (ListImageFiltersTestJSON:setUpClass): 200 GET http://10.180.1.21/compute/v2.1/servers/763d87bb-652c-43e0-ba39-135bae2cc368 0.157s
2024-10-12 17:25:12.324 62190 INFO tempest.lib.common.rest_client [req-0e80314a-35c4-4baf-9c79-c5115c64abd4 req-0e80314a-35c4-4baf-9c79-c5115c64abd4 ] Request (FlavorsV261TestJSON:tearDownClass): 200 GET http://10.180.1.21:9696/networking/v2.0/security-groups?tenant_id=1488356f1eb24335b6d191a028e020b5&name=default 0.466s
2024-10-12 17:25:12.387 62166 INFO tempest.lib.common.rest_client [req-4b8c5ff3-19df-4066-9a24-e4150a07dd4d req-4b8c5ff3-19df-4066-9a24-e4150a07dd4d ] Request (ServersTestManualDisk:setUpClass): 200 GET http://10.180.1.21/compute/v2.1/servers/517eeb71-e9e3-4284-a144-dc4b63319d2d 0.158s
2024-10-12 17:25:12.395 62152 INFO tempest.lib.common.rest_client [req-9ee950be-20bb-496f-8beb-010be60b6fbb req-9ee950be-20bb-496f-8beb-010be60b6fbb ] Request (ServerActionsTestOtherB:setUpClass): 200 GET http://10.180.1.21/compute/v2.1/servers/d77276ba-6d37-440b-a113-c4f62b2e7946 0.232s
2024-10-12 17:25:12.442 62186 INFO tempest.lib.common.rest_client [req-ead5548e-289e-4455-b156-d962156f2fc3 req-ead5548e-289e-4455-b156-d962156f2fc3 ] Request (SecurityGroupsTestJSON:test_server_security_groups): 200 GET http://10.180.1.21/compute/v2.1/servers/60ec4271-2614-470d-bf40-47b9955f544c 0.210s
2024-10-12 17:25:12.459 62198 INFO tempest.lib.common.rest_client [req-0bbea8dd-f33e-4d0f-8236-5b39620df0b0 req-0bbea8dd-f33e-4d0f-8236-5b39620df0b0 ] Request (ServersAaction247Test:tearDownClass): 200 GET http://10.180.1.21/compute/v2.1/servers/4ad746d0-4076-4c97-8ea9-20e49fda59ca 0.135s
2024-10-12 17:25:12.509 62172 INFO tempest.lib.common.rest_client [req-68ac0722-8782-4165-86f1-c1eed080a45a req-68ac0722-8782-4165-86f1-c1eed080a45a ] Request (ServerActionsV293TestJSON:setUpClass): 200 GET http://10.180.1.21/compute/v2.1/servers/5dc993e9-5970-43ae-90be-f3a53d1f090a 0.180s
2024-10-12 17:25:12.511 62164 INFO tempest.lib.common.rest_client [req-43372423-07f9-400b-8676-136ae025dc90 req-43372423-07f9-400b-8676-136ae025dc90 ] Request (AttachInterfacesUnderV243Test:_run_cleanups): 204 DELETE http://10.180.1.21:9696/networking/v2.0/security-groups/978eb58a-d553-4479-bead-a75bf3b673df 0.359s
2024-10-12 17:25:12.527 62164 INFO tempest.lib.common.rest_client [req-82315892-6055-45a5-9bd2-77001c1bbd72 req-82315892-6055-45a5-9bd2-77001c1bbd72 ] Request (AttachInterfacesUnderV243Test:_run_cleanups): 404 GET http://10.180.1.21:9696/networking/v2.0/security-groups/978eb58a-d553-4479-bead-a75bf3b673df 0.016s
2024-10-12 17:25:12.527 62194 INFO tempest.lib.common.rest_client [req-ba677daf-e90f-4f26-83ca-75347647d23c req-ba677daf-e90f-4f26-83ca-75347647d23c ] Request (ImagesOneServerNegativeTestJSON:setUpClass): 200 GET http://10.180.1.21/compute/v2.1/servers/2b151571-348f-4543-a0c5-afe6458b1973 0.145s
2024-10-12 17:25:12.584 62160 INFO tempest.lib.common.rest_client [req-f0b5006b-15dd-47ba-9f79-e280865b4a7c req-f0b5006b-15dd-47ba-9f79-e280865b4a7c ] Request (ServersAdminTestJSON:setUpClass): 200 GET http://10.180.1.21/compute/v2.1/servers/6241fb44-ce1c-4881-bc32-7d19ddc83a61 0.177s
2024-10-12 17:25:12.587 62182 INFO tempest.lib.common.rest_client [req-33148235-8b04-4a13-9601-210b7217873c req-33148235-8b04-4a13-9601-210b7217873c ] Request (ServerActionsTestJSON:setUpClass): 200 GET http://10.180.1.21/compute/v2.1/servers/e69a7833-97b1-4063-a6e8-c4558980ee1e 0.152s
2024-10-12 17:25:12.597 62190 INFO tempest.lib.common.rest_client [req-2aa5f3eb-4c9b-4165-a5ca-c0873d8cef5a req-2aa5f3eb-4c9b-4165-a5ca-c0873d8cef5a ] Request (FlavorsV261TestJSON:tearDownClass): 204 DELETE http://10.180.1.21:9696/networking/v2.0/security-groups/8eb02c90-da9e-436c-9f64-13a9ca97056c 0.269s
2024-10-12 17:25:12.642 62208 INFO tempest.lib.common.rest_client [req-55919626-cb76-4d14-9d2f-ee65ba9e0627 req-55919626-cb76-4d14-9d2f-ee65ba9e0627 ] Request (ServerDiskConfigTestJSON:test_rebuild_server_with_auto_disk_config): 200 GET http://10.180.1.21/compute/v2.1/servers/c5024e22-6499-4f2e-8d1b-99ca34b33104 0.165s
2024-10-12 17:25:12.658 62200 INFO tempest.lib.common.rest_client [req-b52c9647-acd4-4993-ae1d-052288e6856a req-b52c9647-acd4-4993-ae1d-052288e6856a ] Request (ListServersNegativeTestJSON:setUpClass): 200 GET http://10.180.1.21/compute/v2.1/servers/394b1955-c448-42c2-a718-28df7bd366e9 0.173s
2024-10-12 17:25:12.682 62190 INFO tempest.lib.common.rest_client [req-210ca1ef-eede-457d-8b73-5f7c2a080a16 req-210ca1ef-eede-457d-8b73-5f7c2a080a16 ] Request (FlavorsV261TestJSON:tearDownClass): 204 DELETE http://10.180.1.21/identity/v3/projects/1488356f1eb24335b6d191a028e020b5 0.084s
2024-10-12 17:25:12.682 62190 INFO tempest.lib.common.dynamic_creds [-] Deleting project and security group for project: ac68b6e551134a82987e06f1e584206c
2024-10-12 17:25:12.713 62162 INFO tempest.lib.common.rest_client [req-87fe1e80-7267-4f89-b6f1-8d11cf68ce8f req-87fe1e80-7267-4f89-b6f1-8d11cf68ce8f ] Request (ImagesTestJSON:test_create_image_from_stopped_server): 200 GET http://10.180.1.21/compute/v2.1/servers/2252ef6e-19ec-4356-8221-33168c01bef0 0.161s
2024-10-12 17:25:12.726 62202 INFO tempest.lib.common.rest_client [req-cffc0e11-4fce-42b1-bc0a-e4b5d7c96d24 req-cffc0e11-4fce-42b1-bc0a-e4b5d7c96d24 ] Request (ServerMetadataNegativeTestJSON:setUpClass): 200 GET http://10.180.1.21/compute/v2.1/servers/3ee7a6f2-aa1c-46a4-9e1b-8af55bdf94d1 0.163s
2024-10-12 17:25:12.799 62170 INFO tempest.lib.common.rest_client [req-c5fb650c-299c-4872-b7d8-f2c704b88052 req-c5fb650c-299c-4872-b7d8-f2c704b88052 ] Request (FloatingIPsAssociationNegativeTestJSON:setUpClass): 200 GET http://10.180.1.21/compute/v2.1/servers/348ea580-2268-4082-a5f1-33c954063e4d 0.181s
2024-10-12 17:25:12.806 62168 INFO tempest.lib.common.rest_client [req-97f52af4-c022-466e-bbf0-bc10ba0d0099 req-97f52af4-c022-466e-bbf0-bc10ba0d0099 ] Request (ImagesNegativeTestJSON:test_create_image_from_deleted_server): 200 GET http://10.180.1.21/compute/v2.1/servers/9df88f23-0219-43e0-b28a-e78f30a473a7 0.171s
2024-10-12 17:25:12.845 62196 INFO tempest.lib.common.rest_client [req-5d867044-9b2a-4779-b10b-6832f763b94f req-5d867044-9b2a-4779-b10b-6832f763b94f ] Request (ServersTestBootFromVolume:tearDownClass): 204 DELETE http://10.180.1.21:9696/networking/v2.0/networks/bb6efb74-082a-43b2-88f5-22a5e8802af4 0.737s
2024-10-12 17:25:12.876 62180 INFO tempest.lib.common.rest_client [req-588a7de1-f020-4c60-bffb-2149dd2838dd req-588a7de1-f020-4c60-bffb-2149dd2838dd ] Request (MigrationsAdminTest:test_resize_server_revert_deleted_flavor): 200 GET http://10.180.1.21/compute/v2.1/servers/042425a0-5398-47a6-9842-380d5b3299c0 0.213s
2024-10-12 17:25:12.876 62174 INFO tempest.lib.common.rest_client [req-c516c774-1e4f-4270-9750-0131c4e84d9b req-c516c774-1e4f-4270-9750-0131c4e84d9b ] Request (ServerShowV257Test:test_rebuild_server): 200 GET http://10.180.1.21/compute/v2.1/servers/7f3850c0-a455-4e5b-a329-fb3b02f9725f 0.168s
2024-10-12 17:25:12.926 62164 INFO tempest.lib.common.rest_client [req-f3b91169-77f7-42bd-8bd9-4e737d446fe2 req-f3b91169-77f7-42bd-8bd9-4e737d446fe2 ] Request (AttachInterfacesUnderV243Test:_run_cleanups): 204 DELETE http://10.180.1.21:9696/networking/v2.0/floatingips/1f6d611c-62f9-4a81-9a22-df1f8408433c 0.399s
2024-10-12 17:25:12.953 62196 INFO tempest.lib.common.rest_client [req-e77fe706-1ff6-4a8e-832a-36ea690f8967 req-e77fe706-1ff6-4a8e-832a-36ea690f8967 ] Request (ServersTestBootFromVolume:tearDownClass): 204 DELETE http://10.180.1.21/identity/v3/users/013dc5591507456895e53fee519f1403 0.107s
2024-10-12 17:25:12.953 62196 INFO tempest.lib.common.dynamic_creds [-] Deleting project and security group for project: 61e9db9bf2f743e4afc4d7af70c9607c
2024-10-12 17:25:12.956 62192 INFO tempest.lib.common.rest_client [req-7a2c3897-71df-4737-a66c-becde0da9b52 req-7a2c3897-71df-4737-a66c-becde0da9b52 ] Request (AttachVolumeNegativeTest:test_attach_attached_volume_to_different_server): 200 GET http://10.180.1.21/compute/v2.1/servers/115c1bb4-0e6b-4c6c-9d38-9584debea01f 0.229s
2024-10-12 17:25:12.958 62190 INFO tempest.lib.common.rest_client [req-56dc17fb-0f41-4d58-9e94-da7be702eb43 req-56dc17fb-0f41-4d58-9e94-da7be702eb43 ] Request (FlavorsV261TestJSON:tearDownClass): 200 GET http://10.180.1.21:9696/networking/v2.0/security-groups?tenant_id=ac68b6e551134a82987e06f1e584206c&name=default 0.276s
2024-10-12 17:25:12.963 62184 INFO tempest.lib.common.rest_client [req-ce97a48e-5d91-42a8-9534-6160c86e3bab req-ce97a48e-5d91-42a8-9534-6160c86e3bab ] Request (DeleteServersAdminTestJSON:test_delete_server_while_in_error_state): 200 GET http://10.180.1.21/compute/v2.1/servers/4be3eabd-4e58-48b8-b14a-798ba419655e 0.134s
2024-10-12 17:25:13.020 62214 INFO tempest.lib.common.rest_client [req-ba13d8f0-d47a-4f03-853f-78ecc125a93e req-ba13d8f0-d47a-4f03-853f-78ecc125a93e ] Request (ServersTestMultiNic:test_verify_duplicate_network_nics): 200 GET http://10.180.1.21/compute/v2.1/servers/967056dd-1679-421c-b4fd-9d663b1411e2 0.157s
2024-10-12 17:25:13.037 62196 INFO tempest.lib.common.rest_client [req-1d19eaec-375d-47a4-b2db-5d58ee5138e2 req-1d19eaec-375d-47a4-b2db-5d58ee5138e2 ] Request (ServersTestBootFromVolume:tearDownClass): 200 GET http://10.180.1.21:9696/networking/v2.0/security-groups?tenant_id=61e9db9bf2f743e4afc4d7af70c9607c&name=default 0.084s
2024-10-12 17:25:13.041 62158 INFO tempest.lib.common.rest_client [req-ee01d8b5-95ba-44af-9e86-e347f3e26d02 req-ee01d8b5-95ba-44af-9e86-e347f3e26d02 ] Request (FloatingIPsAssociationTestJSON:setUpClass): 200 GET http://10.180.1.21/compute/v2.1/servers/8257a521-2c25-45a2-a2e5-c735ece03da2 0.103s
2024-10-12 17:25:13.086 62176 INFO tempest.lib.common.rest_client [req-d4e8e882-c173-443c-83ef-c0e1f605bec9 req-d4e8e882-c173-443c-83ef-c0e1f605bec9 ] Request (ServerRescueNegativeTestJSON:setUpClass): 200 GET http://10.180.1.21/compute/v2.1/servers/f8235178-7ae0-4733-bb05-3515d5489a5b 0.061s
2024-10-12 17:25:13.169 62190 INFO tempest.lib.common.rest_client [req-251eb388-c8d7-4d84-8c36-3c6b9f3f5451 req-251eb388-c8d7-4d84-8c36-3c6b9f3f5451 ] Request (FlavorsV261TestJSON:tearDownClass): 204 DELETE http://10.180.1.21:9696/networking/v2.0/security-groups/1f2c8378-4956-4383-acfd-385a34706a2a 0.210s
2024-10-12 17:25:13.193 62156 INFO tempest.lib.common.rest_client [req-ee7ce995-ab28-49fc-b1d7-d0ec3fa8ff7f req-ee7ce995-ab28-49fc-b1d7-d0ec3fa8ff7f ] Request (ServersAdmin275Test:test_rebuild_update_server_275): 200 GET http://10.180.1.21/compute/v2.1/servers/188b0fd3-5d71-4feb-aca5-75a2bd28895a 0.079s
2024-10-12 17:25:13.204 62178 INFO tempest.lib.common.rest_client [req-0390143e-e667-4cd1-b008-6356252a52a2 req-0390143e-e667-4cd1-b008-6356252a52a2 ] Request (VolumesAdminNegativeTest:test_update_attached_volume_with_nonexistent_volume_in_body): 200 GET http://10.180.1.21/compute/v2.1/servers/825130d4-b1f6-434e-be3e-dca952abe930 0.058s
2024-10-12 17:25:13.271 62196 INFO tempest.lib.common.rest_client [req-88dad915-d8fd-42b8-a0b7-30a6829e4435 req-88dad915-d8fd-42b8-a0b7-30a6829e4435 ] Request (ServersTestBootFromVolume:tearDownClass): 204 DELETE http://10.180.1.21:9696/networking/v2.0/security-groups/570ad18d-61cf-49d9-807b-45203ef63353 0.234s
2024-10-12 17:25:13.298 62210 INFO tempest.lib.common.rest_client [req-66a6d432-e406-4ae8-999b-0892214eb456 req-66a6d432-e406-4ae8-999b-0892214eb456 ] Request (ServersTestFqdnHostnames:setUpClass): 201 POST http://10.180.1.21:9696/networking/v2.0/routers 1.181s
2024-10-12 17:25:13.299 62190 INFO tempest.lib.common.rest_client [req-3be9f3a0-170c-4609-b441-566e3cf5607a req-3be9f3a0-170c-4609-b441-566e3cf5607a ] Request (FlavorsV261TestJSON:tearDownClass): 204 DELETE http://10.180.1.21/identity/v3/projects/ac68b6e551134a82987e06f1e584206c 0.130s
2024-10-12 17:25:13.300 62190 INFO tempest.test [-] raised in ServerPersonalityTestJSON.setUpClass. Invoking tearDownClass.
2024-10-12 17:25:13.335 62190 INFO tempest.lib.common.rest_client [req-ed66a58a-843f-4e17-b3e5-8e34f609fd31 req-ed66a58a-843f-4e17-b3e5-8e34f609fd31 ] Request (ExtensionsTest:setUpClass): 201 POST http://10.180.1.21/identity/v3/auth/tokens 0.031s
2024-10-12 17:25:13.397 62188 INFO tempest.lib.common.rest_client [req-63420eb3-cdd2-481d-bd98-95a176900356 req-63420eb3-cdd2-481d-bd98-95a176900356 ] Request (ListImageFiltersTestJSON:setUpClass): 200 GET http://10.180.1.21/compute/v2.1/servers/763d87bb-652c-43e0-ba39-135bae2cc368 0.066s
2024-10-12 17:25:13.400 62196 INFO tempest.lib.common.rest_client [req-17f940e1-bca0-4389-8adb-2052827a988e req-17f940e1-bca0-4389-8adb-2052827a988e ] Request (ServersTestBootFromVolume:tearDownClass): 204 DELETE http://10.180.1.21/identity/v3/projects/61e9db9bf2f743e4afc4d7af70c9607c 0.128s
2024-10-12 17:25:13.406 62190 INFO tempest.lib.common.rest_client [req-d2caf721-91b7-416a-b7a0-b809d3b5fbc3 req-d2caf721-91b7-416a-b7a0-b809d3b5fbc3 ] Request (ExtensionsTest:setUpClass): 201 POST http://10.180.1.21/identity/v3/auth/tokens 0.068s
2024-10-12 17:25:13.407 62154 INFO tempest.lib.common.rest_client [req-b0ef5d45-8d2e-44c1-ba7d-357b504268e1 req-b0ef5d45-8d2e-44c1-ba7d-357b504268e1 ] Request (ServerPasswordTestJSON:setUpClass): 200 GET http://10.180.1.21/compute/v2.1/servers/49e99297-ffb9-4104-bd06-911243908828 0.080s
2024-10-12 17:25:13.441 62190 INFO tempest.lib.common.rest_client [req-24f2b8eb-38b2-467d-9b25-801ad6a49681 req-24f2b8eb-38b2-467d-9b25-801ad6a49681 ] Request (ExtensionsTest:setUpClass): 200 GET http://10.180.1.21/identity/v3/domains?name=Default 0.035s
2024-10-12 17:25:13.445 62196 INFO tempest.lib.common.rest_client [req-cf6ca175-625e-4de2-b03a-56522e00cc78 req-cf6ca175-625e-4de2-b03a-56522e00cc78 ] Request (ServerActionsTestOtherA:setUpClass): 201 POST http://10.180.1.21/identity/v3/auth/tokens 0.032s
2024-10-12 17:25:13.461 62166 INFO tempest.lib.common.rest_client [req-10e187f3-7d1c-4a20-82b3-8a52125663d6 req-10e187f3-7d1c-4a20-82b3-8a52125663d6 ] Request (ServersTestManualDisk:setUpClass): 200 GET http://10.180.1.21/compute/v2.1/servers/517eeb71-e9e3-4284-a144-dc4b63319d2d 0.066s
2024-10-12 17:25:13.469 62190 INFO tempest.lib.common.rest_client [req-fc8695d7-20a9-4aec-9ada-2c7ba1da3e08 req-fc8695d7-20a9-4aec-9ada-2c7ba1da3e08 ] Request (ExtensionsTest:setUpClass): 201 POST http://10.180.1.21/identity/v3/projects 0.028s
2024-10-12 17:25:13.477 62152 INFO tempest.lib.common.rest_client [req-fac57d5b-7f5e-481c-9e3b-97b3e2e7ff31 req-fac57d5b-7f5e-481c-9e3b-97b3e2e7ff31 ] Request (ServerActionsTestOtherB:setUpClass): 200 GET http://10.180.1.21/compute/v2.1/servers/d77276ba-6d37-440b-a113-c4f62b2e7946 0.070s
2024-10-12 17:25:13.500 62198 INFO tempest.lib.common.rest_client [req-8a3e9663-5489-4089-87f3-011cfef8023b req-8a3e9663-5489-4089-87f3-011cfef8023b ] Request (ServersAaction247Test:tearDownClass): 404 GET http://10.180.1.21/compute/v2.1/servers/4ad746d0-4076-4c97-8ea9-20e49fda59ca 0.032s
2024-10-12 17:25:13.516 62186 INFO tempest.lib.common.rest_client [req-77585d07-9a4e-4ac5-b96a-949fae086d48 req-77585d07-9a4e-4ac5-b96a-949fae086d48 ] Request (SecurityGroupsTestJSON:test_server_security_groups): 200 GET http://10.180.1.21/compute/v2.1/servers/60ec4271-2614-470d-bf40-47b9955f544c 0.062s
2024-10-12 17:25:13.523 62196 INFO tempest.lib.common.rest_client [req-45fa7531-5b7d-4915-a81f-763996759327 req-45fa7531-5b7d-4915-a81f-763996759327 ] Request (ServerActionsTestOtherA:setUpClass): 201 POST http://10.180.1.21/identity/v3/auth/tokens 0.076s
2024-10-12 17:25:13.531 62190 INFO tempest.lib.common.rest_client [req-591d05b3-1084-413b-a5ff-c8aa474afe92 req-591d05b3-1084-413b-a5ff-c8aa474afe92 ] Request (ExtensionsTest:setUpClass): 201 POST http://10.180.1.21/identity/v3/users 0.061s
2024-10-12 17:25:13.550 62196 INFO tempest.lib.common.rest_client [req-f5ebe174-1706-42b2-a5f7-ab3e925608c0 req-f5ebe174-1706-42b2-a5f7-ab3e925608c0 ] Request (ServerActionsTestOtherA:setUpClass): 200 GET http://10.180.1.21/identity/v3/domains?name=Default 0.026s
2024-10-12 17:25:13.566 62190 INFO tempest.lib.common.rest_client [req-4c16631d-f9b4-4fe0-849a-0d185097c741 req-4c16631d-f9b4-4fe0-849a-0d185097c741 ] Request (ExtensionsTest:setUpClass): 200 GET http://10.180.1.21/identity/v3/roles 0.035s
2024-10-12 17:25:13.588 62172 INFO tempest.lib.common.rest_client [req-2fb57d2b-71a5-462e-abdc-da4a819a4b96 req-2fb57d2b-71a5-462e-abdc-da4a819a4b96 ] Request (ServerActionsV293TestJSON:setUpClass): 200 GET http://10.180.1.21/compute/v2.1/servers/5dc993e9-5970-43ae-90be-f3a53d1f090a 0.064s
2024-10-12 17:25:13.602 62194 INFO tempest.lib.common.rest_client [req-6cac4897-cee3-414a-a7d2-6be6836908a0 req-6cac4897-cee3-414a-a7d2-6be6836908a0 ] Request (ImagesOneServerNegativeTestJSON:setUpClass): 200 GET http://10.180.1.21/compute/v2.1/servers/2b151571-348f-4543-a0c5-afe6458b1973 0.064s
2024-10-12 17:25:13.604 62198 INFO tempest.lib.common.rest_client [req-f1517afa-f746-4a58-bc42-dfed915e22cb req-f1517afa-f746-4a58-bc42-dfed915e22cb ] Request (ServersAaction247Test:tearDownClass): 204 DELETE http://10.180.1.21/identity/v3/users/22ed2da2fb0b49b98cb2666a248e95c0 0.103s
2024-10-12 17:25:13.605 62198 INFO tempest.lib.common.dynamic_creds [-] Deleting project and security group for project: 0550e53c8edf42ad96e3be493c082b53
2024-10-12 17:25:13.624 62196 INFO tempest.lib.common.rest_client [req-59062496-7a3f-42bb-8c83-bd802f16578d req-59062496-7a3f-42bb-8c83-bd802f16578d ] Request (ServerActionsTestOtherA:setUpClass): 201 POST http://10.180.1.21/identity/v3/projects 0.073s
2024-10-12 17:25:13.664 62160 INFO tempest.lib.common.rest_client [req-bd3356c8-09df-4787-a082-ffb17eb9d33b req-bd3356c8-09df-4787-a082-ffb17eb9d33b ] Request (ServersAdminTestJSON:setUpClass): 200 GET http://10.180.1.21/compute/v2.1/servers/6241fb44-ce1c-4881-bc32-7d19ddc83a61 0.072s
2024-10-12 17:25:13.676 62198 INFO tempest.lib.common.rest_client [req-0ba9740a-5b09-42da-abb4-39652c8704b2 req-0ba9740a-5b09-42da-abb4-39652c8704b2 ] Request (ServersAaction247Test:tearDownClass): 201 POST http://10.180.1.21/identity/v3/auth/tokens 0.071s
2024-10-12 17:25:13.676 62182 INFO tempest.lib.common.rest_client [req-268098fc-e1bf-40c6-8f0f-13cfb8c61771 req-268098fc-e1bf-40c6-8f0f-13cfb8c61771 ] Request (ServerActionsTestJSON:setUpClass): 200 GET http://10.180.1.21/compute/v2.1/servers/e69a7833-97b1-4063-a6e8-c4558980ee1e 0.080s
2024-10-12 17:25:13.703 62196 INFO tempest.lib.common.rest_client [req-aff6e14d-4dbc-4383-b497-c0be150009b7 req-aff6e14d-4dbc-4383-b497-c0be150009b7 ] Request (ServerActionsTestOtherA:setUpClass): 201 POST http://10.180.1.21/identity/v3/users 0.079s
2024-10-12 17:25:13.713 62190 INFO tempest.lib.common.rest_client [req-0eaf91b8-ec81-45ff-b538-22edd651c876 req-0eaf91b8-ec81-45ff-b538-22edd651c876 ] Request (ExtensionsTest:setUpClass): 204 PUT http://10.180.1.21/identity/v3/projects/178d1ebc8295496c8135f2686e7f2411/users/e412732bae594caea93b8f0a24e8585a/roles/d19264b6d16c454bb5da83a59281e742 0.146s
2024-10-12 17:25:13.714 62190 INFO tempest.lib.common.dynamic_creds [-] Dynamic test user e412732bae594caea93b8f0a24e8585a is created with scope project and roles: ['member']
2024-10-12 17:25:13.715 62190 INFO tempest.lib.common.dynamic_creds [-] Acquired dynamic creds: credentials: Credentials: {'domain_id': 'default', 'domain_name': 'Default', 'username': 'tempest-ExtensionsTest-1548496845-project-member', 'project_domain_id': 'default', 'project_domain_name': 'Default', 'project_id': '178d1ebc8295496c8135f2686e7f2411', 'project_name': 'tempest-ExtensionsTest-1548496845', 'tenant_id': '178d1ebc8295496c8135f2686e7f2411', 'tenant_name': 'tempest-ExtensionsTest-1548496845', 'user_domain_id': 'default', 'user_domain_name': 'Default', 'user_id': 'e412732bae594caea93b8f0a24e8585a', 'system': None}, Network: None, Subnet: None, Router: None
2024-10-12 17:25:13.715 62190 INFO tempest.lib.common.dynamic_creds [-] Created isolated network resources for: credentials: Credentials: {'domain_id': 'default', 'domain_name': 'Default', 'username': 'tempest-ExtensionsTest-1548496845-project-member', 'project_domain_id': 'default', 'project_domain_name': 'Default', 'project_id': '178d1ebc8295496c8135f2686e7f2411', 'project_name': 'tempest-ExtensionsTest-1548496845', 'tenant_id': '178d1ebc8295496c8135f2686e7f2411', 'tenant_name': 'tempest-ExtensionsTest-1548496845', 'user_domain_id': 'default', 'user_domain_name': 'Default', 'user_id': 'e412732bae594caea93b8f0a24e8585a', 'system': None}, Network: None, Subnet: None, Router: None
2024-10-12 17:25:13.759 62208 INFO tempest.lib.common.rest_client [req-debfca62-4bad-479e-95dc-b8717b96c3cc req-debfca62-4bad-479e-95dc-b8717b96c3cc ] Request (ServerDiskConfigTestJSON:test_rebuild_server_with_auto_disk_config): 200 GET http://10.180.1.21/compute/v2.1/servers/c5024e22-6499-4f2e-8d1b-99ca34b33104 0.107s
2024-10-12 17:25:13.761 62196 INFO tempest.lib.common.rest_client [req-01200ad2-51c3-4bb7-9783-90d72e004014 req-01200ad2-51c3-4bb7-9783-90d72e004014 ] Request (ServerActionsTestOtherA:setUpClass): 200 GET http://10.180.1.21/identity/v3/roles 0.057s
