2024-10-11 02:27:24.666 62502 INFO tempest.lib.common.rest_client [req-83d5f0bc-9aac-47e8-aac4-3da6efdd3ca1 req-83d5f0bc-9aac-47e8-aac4-3da6efdd3ca1 ] Request (ImagesTestJSON:test_create_image_from_stopped_server): 200 GET http://10.180.1.21/compute/v2.1/servers/b7502223-d1fe-46f0-b382-c9b140032053 0.056s
2024-10-11 02:27:24.695 62458 INFO tempest.lib.common.rest_client [req-f4763a26-8f3c-4f21-ae08-7b1dabd42f04 req-f4763a26-8f3c-4f21-ae08-7b1dabd42f04 ] Request (AttachInterfacesUnderV243Test:setUpClass): 201 POST http://10.180.1.21/identity/v3/auth/tokens 0.065s
2024-10-11 02:27:24.731 62450 INFO tempest.lib.common.rest_client [req-34aeb0d5-b1f5-49b4-85bf-f3979821528e req-34aeb0d5-b1f5-49b4-85bf-f3979821528e ] Request (FloatingIPsAssociationTestJSON:tearDownClass): 204 DELETE http://10.180.1.21:9696/networking/v2.0/security-groups/f6d448cf-b2fc-4aa5-845a-1fdd2b8f5107 0.095s
2024-10-11 02:27:24.808 62472 INFO tempest.lib.common.rest_client [req-7fb15686-957c-4e62-b7e4-d322987739d2 req-7fb15686-957c-4e62-b7e4-d322987739d2 ] Request (InstanceActionsNegativeTestJSON:setUpClass): 200 GET http://10.180.1.21/compute/v2.1/servers/ae0533c1-8cb4-40f1-8737-0e476e72211d 0.072s
2024-10-11 02:27:24.820 62458 INFO tempest.lib.common.rest_client [req-dbe9b86e-f31c-417b-8057-99351368b72b req-dbe9b86e-f31c-417b-8057-99351368b72b ] Request (ValidationResourcesFixture:setUp): 200 POST http://10.180.1.21/compute/v2.1/os-keypairs 0.122s
2024-10-11 02:27:24.836 62450 INFO tempest.lib.common.rest_client [req-021b888d-7a8c-4592-b4f2-db6f03022862 req-021b888d-7a8c-4592-b4f2-db6f03022862 ] Request (FloatingIPsAssociationTestJSON:tearDownClass): 204 DELETE http://10.180.1.21/identity/v3/projects/509f60f4f63e41cdb4b6f5dde76f23b0 0.104s
2024-10-11 02:27:24.876 62444 INFO tempest.lib.common.rest_client [req-fcb1898e-c2ed-4e91-a399-4e8eca49465a req-fcb1898e-c2ed-4e91-a399-4e8eca49465a ] Request (ServerMetadataTestJSON:setUpClass): 200 GET http://10.180.1.21/compute/v2.1/servers/b94e5378-d03a-4cc3-b835-31e72d3b0f75 0.125s
2024-10-11 02:27:24.883 62454 INFO tempest.lib.common.rest_client [req-53c92600-e66a-4f4a-acf4-ac14f6fa7aee req-53c92600-e66a-4f4a-acf4-ac14f6fa7aee ] Request (InstanceActionsTestJSON:setUpClass): 200 GET http://10.180.1.21/compute/v2.1/servers/ec7335d7-89a1-469f-8fc4-1971ca24baf4 0.076s
2024-10-11 02:27:24.900 62450 INFO tempest.lib.common.rest_client [req-4258d1bf-1974-4fb7-9690-c2069628eab1 req-4258d1bf-1974-4fb7-9690-c2069628eab1 ] Request (AttachInterfacesTestJSON:setUpClass): 201 POST http://10.180.1.21/identity/v3/auth/tokens 0.060s
2024-10-11 02:27:24.930 62450 INFO tempest.lib.common.rest_client [req-2aa565f7-69b1-481f-8a44-65ce346710c6 req-2aa565f7-69b1-481f-8a44-65ce346710c6 ] Request (AttachInterfacesTestJSON:setUpClass): 201 POST http://10.180.1.21/identity/v3/auth/tokens 0.028s
2024-10-11 02:27:24.950 62450 INFO tempest.lib.common.rest_client [req-37b26d57-36a7-4180-b334-9c6ef75f7b17 req-37b26d57-36a7-4180-b334-9c6ef75f7b17 ] Request (AttachInterfacesTestJSON:setUpClass): 200 GET http://10.180.1.21/identity/v3/domains?name=Default 0.019s
2024-10-11 02:27:24.952 62470 INFO tempest.lib.common.rest_client [req-5cfe040c-38e2-424b-a58b-d5c23fb34ab3 req-5cfe040c-38e2-424b-a58b-d5c23fb34ab3 ] Request (ServerDiagnosticsV248Test:tearDownClass): 200 GET http://10.180.1.21/compute/v2.1/servers/ec8f3da7-8886-4890-83a0-0e361e36334d 0.107s
2024-10-11 02:27:24.955 62474 INFO tempest.lib.common.rest_client [req-21838aef-a607-4073-b194-1219df457de1 req-21838aef-a607-4073-b194-1219df457de1 ] Request (ListImageFiltersTestJSON:setUpClass): 200 GET http://10.180.1.21/compute/v2.1/servers/ef98ecb8-e5c8-4160-a209-20caf91f34e2 0.074s
2024-10-11 02:27:24.989 62458 INFO tempest.lib.common.rest_client [req-b9854bbb-2507-42bb-8c12-406e70ec98f1 req-b9854bbb-2507-42bb-8c12-406e70ec98f1 ] Request (ValidationResourcesFixture:setUp): 201 POST http://10.180.1.21:9696/networking/v2.0/security-groups 0.168s
2024-10-11 02:27:24.991 62450 INFO tempest.lib.common.rest_client [req-79deddd2-b184-46d4-aaa1-9b16be155283 req-79deddd2-b184-46d4-aaa1-9b16be155283 ] Request (AttachInterfacesTestJSON:setUpClass): 201 POST http://10.180.1.21/identity/v3/projects 0.040s
2024-10-11 02:27:25.004 62464 INFO tempest.lib.common.rest_client [req-a789a032-62e5-417b-8c6b-339b19082b1f req-a789a032-62e5-417b-8c6b-339b19082b1f ] Request (ServersTestMultiNic:test_verify_duplicate_network_nics): 200 GET http://10.180.1.21/compute/v2.1/servers/1df5e740-71de-468c-9188-e8088f5789b7 0.080s
2024-10-11 02:27:25.009 62478 INFO tempest.lib.common.rest_client [req-58ba3992-094d-4e87-875c-2660919599a1 req-58ba3992-094d-4e87-875c-2660919599a1 ] Request (MigrationsAdminTest:test_resize_server_revert_deleted_flavor): 200 GET http://10.180.1.21/compute/v2.1/servers/f28f0f10-5eb0-4150-b712-467e72a6ccbd 0.067s
2024-10-11 02:27:25.056 62450 INFO tempest.lib.common.rest_client [req-e30adace-f795-4ae2-b90c-899ec39f6f80 req-e30adace-f795-4ae2-b90c-899ec39f6f80 ] Request (AttachInterfacesTestJSON:setUpClass): 201 POST http://10.180.1.21/identity/v3/users 0.065s
2024-10-11 02:27:25.057 62494 INFO tempest.lib.common.rest_client [req-e7f3a7aa-e0c7-4e5e-bad7-f09a1bf8d5df req-e7f3a7aa-e0c7-4e5e-bad7-f09a1bf8d5df ] Request (ServerAddressesNegativeTestJSON:setUpClass): 200 GET http://10.180.1.21/compute/v2.1/servers/6ea09c71-2905-4705-9c11-b624c84ec022 0.061s
2024-10-11 02:27:25.067 62508 INFO tempest.lib.common.rest_client [req-ee95751e-48a1-4b29-983d-a0202d246e55 req-ee95751e-48a1-4b29-983d-a0202d246e55 ] Request (SecurityGroupsTestJSON:test_server_security_groups): 200 GET http://10.180.1.21/compute/v2.1/servers/172dd156-edcd-406c-a17d-5349b43b4eaa 0.052s
2024-10-11 02:27:25.074 62458 INFO tempest.lib.common.rest_client [req-1c1edce4-82f5-4fde-acf5-2f94df86c920 req-1c1edce4-82f5-4fde-acf5-2f94df86c920 ] Request (ValidationResourcesFixture:setUp): 201 POST http://10.180.1.21:9696/networking/v2.0/security-group-rules 0.084s
2024-10-11 02:27:25.079 62450 INFO tempest.lib.common.rest_client [req-6c728f87-f8c8-4f9d-a195-4fe9d8b3c9e2 req-6c728f87-f8c8-4f9d-a195-4fe9d8b3c9e2 ] Request (AttachInterfacesTestJSON:setUpClass): 200 GET http://10.180.1.21/identity/v3/roles 0.023s
2024-10-11 02:27:25.105 62450 INFO tempest.lib.common.rest_client [req-e02183cc-2d09-4370-9a93-bbebcd432f48 req-e02183cc-2d09-4370-9a93-bbebcd432f48 ] Request (AttachInterfacesTestJSON:setUpClass): 204 PUT http://10.180.1.21/identity/v3/projects/16f89dcfa0c44f3f95550a44e8804eb7/users/b9325055aca949bdba10445aa9189ad1/roles/564f408adcea4b72abe242d0585736ef 0.025s
2024-10-11 02:27:25.106 62450 INFO tempest.lib.common.dynamic_creds [-] Dynamic test user b9325055aca949bdba10445aa9189ad1 is created with scope project and roles: ['member']
2024-10-11 02:27:25.106 62450 INFO tempest.lib.common.dynamic_creds [-] Acquired dynamic creds: credentials: Credentials: {'domain_id': 'default', 'domain_name': 'Default', 'username': 'tempest-AttachInterfacesTestJSON-1713010137-project-member', 'project_domain_id': 'default', 'project_domain_name': 'Default', 'project_id': '16f89dcfa0c44f3f95550a44e8804eb7', 'project_name': 'tempest-AttachInterfacesTestJSON-1713010137', 'tenant_id': '16f89dcfa0c44f3f95550a44e8804eb7', 'tenant_name': 'tempest-AttachInterfacesTestJSON-1713010137', 'user_domain_id': 'default', 'user_domain_name': 'Default', 'user_id': 'b9325055aca949bdba10445aa9189ad1', 'system': None}, Network: None, Subnet: None, Router: None
2024-10-11 02:27:25.151 62458 INFO tempest.lib.common.rest_client [req-48942eb7-5ce5-4e5e-9b83-c7a7a1cea52b req-48942eb7-5ce5-4e5e-9b83-c7a7a1cea52b ] Request (ValidationResourcesFixture:setUp): 201 POST http://10.180.1.21:9696/networking/v2.0/security-group-rules 0.077s
2024-10-11 02:27:25.157 62450 INFO tempest.lib.common.rest_client [req-7d0d71c2-143b-45c9-8b03-475260fc3085 req-7d0d71c2-143b-45c9-8b03-475260fc3085 ] Request (AttachInterfacesTestJSON:setUpClass): 201 POST http://10.180.1.21/identity/v3/auth/tokens 0.050s
2024-10-11 02:27:25.162 62498 INFO tempest.lib.common.rest_client [req-19173940-8a5a-4272-80e2-f8220a85ed63 req-19173940-8a5a-4272-80e2-f8220a85ed63 ] Request (AttachVolumeTestJSON:test_attach_detach_volume): 200 GET http://10.180.1.21/compute/v2.1/servers/c09a74e4-173a-4a46-8fbb-465f3f284e0b 0.054s
2024-10-11 02:27:25.217 62482 INFO tempest.lib.common.rest_client [req-f58862aa-6987-490c-8b56-bd0e593aa347 req-f58862aa-6987-490c-8b56-bd0e593aa347 ] Request (ServerActionsTestOtherB:setUpClass): 200 GET http://10.180.1.21/compute/v2.1/servers/a12dff75-8c35-485b-9a6f-104de9a11b77 0.047s
2024-10-11 02:27:25.282 62504 INFO tempest.lib.common.rest_client [req-7ae06af4-ce07-4747-a7c5-b154cf014fc9 req-7ae06af4-ce07-4747-a7c5-b154cf014fc9 ] Request (ServersTestFqdnHostnames:test_create_server_with_fqdn_name): 200 GET http://10.180.1.21/compute/v2.1/servers/8e60cc65-fc1c-4460-a32d-d7fed2c95994 0.055s
2024-10-11 02:27:25.305 62486 INFO tempest.lib.common.rest_client [req-9b27c8ae-a720-455e-a0da-f2c8abfddc48 req-9b27c8ae-a720-455e-a0da-f2c8abfddc48 ] Request (ImagesNegativeTestJSON:test_create_image_from_deleted_server): 200 GET http://10.180.1.21/compute/v2.1/servers/aa963551-93bf-4f0d-ae7e-15a59efd4dbc 0.051s
2024-10-11 02:27:25.376 62468 INFO tempest.lib.common.rest_client [req-66683f54-282f-4d5b-84c2-cc9bc06977b2 req-66683f54-282f-4d5b-84c2-cc9bc06977b2 ] Request (ServersAdminTestJSON:setUpClass): 200 GET http://10.180.1.21/compute/v2.1/servers/b71a967c-f9ae-4f55-b959-dd77b73df0b7 0.065s
2024-10-11 02:27:25.385 62462 INFO tempest.lib.common.rest_client [req-0568fb03-86b5-426c-baeb-012f25f28e39 req-0568fb03-86b5-426c-baeb-012f25f28e39 ] Request (AttachVolumeNegativeTest:test_attach_attached_volume_to_different_server): 200 GET http://10.180.1.21/compute/v2.1/servers/68aeacea-5ef9-4995-b79a-10a3a06accce 0.066s
2024-10-11 02:27:25.419 62450 INFO tempest.lib.common.rest_client [req-ec846718-f37a-4e04-8b5c-c0cbd8cdae4a req-ec846718-f37a-4e04-8b5c-c0cbd8cdae4a ] Request (AttachInterfacesTestJSON:setUpClass): 201 POST http://10.180.1.21:9696/networking/v2.0/networks 0.262s
2024-10-11 02:27:25.442 62460 INFO tempest.lib.common.rest_client [req-8ad54742-3c3d-4d52-9c72-d77a376ef55c req-8ad54742-3c3d-4d52-9c72-d77a376ef55c ] Request (ServerPasswordTestJSON:setUpClass): 200 GET http://10.180.1.21/compute/v2.1/servers/77c17cbf-f553-4278-a629-34639f8a974c 0.080s
2024-10-11 02:27:25.451 62500 INFO tempest.lib.common.rest_client [req-2cc4065d-b3dc-4a76-bf86-918e96e635c3 req-2cc4065d-b3dc-4a76-bf86-918e96e635c3 ] Request (ServerActionsV293TestJSON:setUpClass): 200 GET http://10.180.1.21/compute/v2.1/servers/c08fa591-d3b1-48d2-8fec-395ca89531fc 0.061s
2024-10-11 02:27:25.505 62456 INFO tempest.lib.common.rest_client [req-8a78a97e-4649-4f41-a1f3-ead24b297cf4 req-8a78a97e-4649-4f41-a1f3-ead24b297cf4 ] Request (ServersTestManualDisk:setUpClass): 200 GET http://10.180.1.21/compute/v2.1/servers/6267d834-d461-488e-bc56-c787df997ffe 0.081s
2024-10-11 02:27:25.508 62497 INFO tempest.lib.common.rest_client [req-80c440ac-9458-40fe-bb16-8d9993cd0064 req-80c440ac-9458-40fe-bb16-8d9993cd0064 ] Request (AttachVolumeShelveTestJSON:test_attach_volume_shelved_or_offload_server): 200 GET http://10.180.1.21/compute/v2.1/servers/32415d5b-279b-408a-9876-4c5dfe192464 0.067s
2024-10-11 02:27:25.556 62490 INFO tempest.lib.common.rest_client [req-65296f43-287c-4a59-ae7d-e44d69419bb0 req-65296f43-287c-4a59-ae7d-e44d69419bb0 ] Request (ServerRescueTestJSONUnderV235:setUpClass): 200 GET http://10.180.1.21/compute/v2.1/servers/7063551d-58c6-4083-86a6-1e6d6244581e 0.084s
2024-10-11 02:27:25.579 62452 INFO tempest.lib.common.rest_client [req-9cbe5490-9bda-4033-ac9e-ff4b20526e8b req-9cbe5490-9bda-4033-ac9e-ff4b20526e8b ] Request (ServersTestJSON:test_create_server_specify_multibyte_character_name): 200 GET http://10.180.1.21/compute/v2.1/servers/728016ed-2ad3-498a-8e81-d0a129d38477 0.051s
2024-10-11 02:27:25.604 62446 INFO tempest.lib.common.rest_client [req-0bc88877-51c8-49e5-9376-34e54150dfe5 req-0bc88877-51c8-49e5-9376-34e54150dfe5 ] Request (ImagesOneServerTestJSON:setUpClass): 200 GET http://10.180.1.21/compute/v2.1/servers/8533079a-0728-4461-9111-63e9dace9f09 0.066s
2024-10-11 02:27:25.678 62488 INFO tempest.lib.common.rest_client [req-342cc7a9-d1c9-4ee2-ace3-04314601abae req-342cc7a9-d1c9-4ee2-ace3-04314601abae ] Request (ServersAaction247Test:test_create_backup): 200 GET http://10.180.1.21/compute/v2.1/servers/c0d00a8d-7328-44ca-af02-649a06f2100b 0.061s
2024-10-11 02:27:25.692 62466 INFO tempest.lib.common.rest_client [req-35230fdf-b1a9-4433-85f1-23e5f31b008d req-35230fdf-b1a9-4433-85f1-23e5f31b008d ] Request (ServerDiskConfigTestJSON:test_rebuild_server_with_manual_disk_config): 200 GET http://10.180.1.21/compute/v2.1/servers/7f7c79c7-bf03-43cf-b8c8-667fb603c0c9 0.058s
2024-10-11 02:27:25.735 62502 INFO tempest.lib.common.rest_client [req-4af16dc1-9f43-460e-897d-e07f58d6e358 req-4af16dc1-9f43-460e-897d-e07f58d6e358 ] Request (ImagesTestJSON:test_create_image_from_stopped_server): 200 GET http://10.180.1.21/compute/v2.1/servers/b7502223-d1fe-46f0-b382-c9b140032053 0.063s
2024-10-11 02:27:25.744 62458 INFO tempest.lib.common.rest_client [req-37326037-699f-43d5-b3b1-68abe6c92816 req-37326037-699f-43d5-b3b1-68abe6c92816 ] Request (ValidationResourcesFixture:setUp): 201 POST http://10.180.1.21:9696/networking/v2.0/floatingips 0.592s
2024-10-11 02:27:25.792 62450 INFO tempest.lib.common.rest_client [req-778be663-3e77-481e-bce5-8de9a424ab31 req-778be663-3e77-481e-bce5-8de9a424ab31 ] Request (AttachInterfacesTestJSON:setUpClass): 201 POST http://10.180.1.21:9696/networking/v2.0/subnets 0.372s
2024-10-11 02:27:25.814 62458 INFO tempest.lib.common.rest_client [req-8ff886c6-5854-4ece-990b-16175b609686 req-8ff886c6-5854-4ece-990b-16175b609686 ] Request (AttachInterfacesUnderV243Test:test_add_remove_fixed_ip): 201 POST http://10.180.1.21/identity/v3/auth/tokens 0.066s
2024-10-11 02:27:25.815 62458 INFO tempest.lib.common.fixed_network [-] (AttachInterfacesUnderV243Test:test_add_remove_fixed_ip) Found network {'id': '207c8810-820d-4f69-8527-f79bfb08e46c', 'name': 'tempest-AttachInterfacesUnderV243Test-30441572-network', 'tenant_id': 'de8286cad1eb4b45a0f17e8941338ef4', 'admin_state_up': True, 'mtu': 8950, 'status': 'ACTIVE', 'subnets': [], 'shared': False, 'project_id': 'de8286cad1eb4b45a0f17e8941338ef4', 'port_security_enabled': True, 'router:external': False, 'provider:network_type': 'vlan', 'provider:physical_network': 'default', 'provider:segmentation_id': 59, 'is_default': False, 'availability_zone_hints': [], 'availability_zones': [], 'ipv4_address_scope': None, 'ipv6_address_scope': None, 'description': '', 'tags': [], 'created_at': '2024-10-11T02:27:21Z', 'updated_at': '2024-10-11T02:27:21Z', 'revision_number': 1} available for tenant
2024-10-11 02:27:25.888 62472 INFO tempest.lib.common.rest_client [req-c13212b0-bef1-4c22-aa32-ab5c208229ed req-c13212b0-bef1-4c22-aa32-ab5c208229ed ] Request (InstanceActionsNegativeTestJSON:setUpClass): 200 GET http://10.180.1.21/compute/v2.1/servers/ae0533c1-8cb4-40f1-8737-0e476e72211d 0.072s
2024-10-11 02:27:25.950 62444 INFO tempest.lib.common.rest_client [req-f1ea6783-6969-4ded-a4ae-e34baf834cbe req-f1ea6783-6969-4ded-a4ae-e34baf834cbe ] Request (ServerMetadataTestJSON:setUpClass): 200 GET http://10.180.1.21/compute/v2.1/servers/b94e5378-d03a-4cc3-b835-31e72d3b0f75 0.063s
2024-10-11 02:27:26.007 62454 INFO tempest.lib.common.rest_client [req-bfe0800a-3872-465e-983a-a162602d8ffe req-bfe0800a-3872-465e-983a-a162602d8ffe ] Request (InstanceActionsTestJSON:setUpClass): 200 GET http://10.180.1.21/compute/v2.1/servers/ec7335d7-89a1-469f-8fc4-1971ca24baf4 0.114s
2024-10-11 02:27:26.075 62470 INFO tempest.lib.common.rest_client [req-df30f887-9d7e-4104-84b9-4fa4e5756c5c req-df30f887-9d7e-4104-84b9-4fa4e5756c5c ] Request (ServerDiagnosticsV248Test:tearDownClass): 200 GET http://10.180.1.21/compute/v2.1/servers/ec8f3da7-8886-4890-83a0-0e361e36334d 0.115s
2024-10-11 02:27:26.122 62474 INFO tempest.lib.common.rest_client [req-562ea087-ce14-4827-bdc0-19250f4c52e6 req-562ea087-ce14-4827-bdc0-19250f4c52e6 ] Request (ListImageFiltersTestJSON:setUpClass): 200 GET http://10.180.1.21/compute/v2.1/servers/ef98ecb8-e5c8-4160-a209-20caf91f34e2 0.154s
2024-10-11 02:27:26.169 62464 INFO tempest.lib.common.rest_client [req-7743b365-f7b7-4010-aabb-78286937ace2 req-7743b365-f7b7-4010-aabb-78286937ace2 ] Request (ServersTestMultiNic:test_verify_duplicate_network_nics): 200 GET http://10.180.1.21/compute/v2.1/servers/1df5e740-71de-468c-9188-e8088f5789b7 0.157s
2024-10-11 02:27:26.215 62478 INFO tempest.lib.common.rest_client [req-98e6e7d8-59aa-4afd-94e6-040f836babb6 req-98e6e7d8-59aa-4afd-94e6-040f836babb6 ] Request (MigrationsAdminTest:test_resize_server_revert_deleted_flavor): 200 GET http://10.180.1.21/compute/v2.1/servers/f28f0f10-5eb0-4150-b712-467e72a6ccbd 0.197s
2024-10-11 02:27:26.233 62458 INFO tempest.lib.common.rest_client [req-cc97001b-7372-49f0-95a1-3b6ee34eb001 req-cc97001b-7372-49f0-95a1-3b6ee34eb001 ] Request (AttachInterfacesUnderV243Test:test_add_remove_fixed_ip): 202 POST http://10.180.1.21/compute/v2.1/servers 0.417s
2024-10-11 02:27:26.409 62494 INFO tempest.lib.common.rest_client [req-34f70f7f-b225-454b-98dc-193b0d43dec5 req-34f70f7f-b225-454b-98dc-193b0d43dec5 ] Request (ServerAddressesNegativeTestJSON:setUpClass): 200 GET http://10.180.1.21/compute/v2.1/servers/6ea09c71-2905-4705-9c11-b624c84ec022 0.344s
2024-10-11 02:27:26.422 62508 INFO tempest.lib.common.rest_client [req-6befac17-1ca2-4f86-8008-948cf806c0bd req-6befac17-1ca2-4f86-8008-948cf806c0bd ] Request (SecurityGroupsTestJSON:test_server_security_groups): 200 GET http://10.180.1.21/compute/v2.1/servers/172dd156-edcd-406c-a17d-5349b43b4eaa 0.348s
2024-10-11 02:27:26.458 62498 INFO tempest.lib.common.rest_client [req-b0518f82-f780-4142-be1c-b6a0f32e8d19 req-b0518f82-f780-4142-be1c-b6a0f32e8d19 ] Request (AttachVolumeTestJSON:test_attach_detach_volume): 200 GET http://10.180.1.21/compute/v2.1/servers/c09a74e4-173a-4a46-8fbb-465f3f284e0b 0.288s
2024-10-11 02:27:26.469 62482 INFO tempest.lib.common.rest_client [req-e5510900-bf3a-4cc3-9930-3ceb5d723dd6 req-e5510900-bf3a-4cc3-9930-3ceb5d723dd6 ] Request (ServerActionsTestOtherB:setUpClass): 200 GET http://10.180.1.21/compute/v2.1/servers/a12dff75-8c35-485b-9a6f-104de9a11b77 0.245s
2024-10-11 02:27:26.485 62450 INFO tempest.lib.common.rest_client [req-5a1955b9-3fa9-485c-80b2-2bc012796d1f req-5a1955b9-3fa9-485c-80b2-2bc012796d1f ] Request (AttachInterfacesTestJSON:setUpClass): 201 POST http://10.180.1.21:9696/networking/v2.0/routers 0.693s
2024-10-11 02:27:26.495 62458 INFO tempest.lib.common.rest_client [req-82de5ddc-f566-4010-b040-593f96bc67b7 req-82de5ddc-f566-4010-b040-593f96bc67b7 ] Request (AttachInterfacesUnderV243Test:test_add_remove_fixed_ip): 200 GET http://10.180.1.21/compute/v2.1/servers/2fc00899-84ff-4316-b08e-0339e7344144 0.260s
2024-10-11 02:27:26.553 62504 INFO tempest.lib.common.rest_client [req-26909a30-d1bb-4875-ba71-1a6850e24fbe req-26909a30-d1bb-4875-ba71-1a6850e24fbe ] Request (ServersTestFqdnHostnames:test_create_server_with_fqdn_name): 200 GET http://10.180.1.21/compute/v2.1/servers/8e60cc65-fc1c-4460-a32d-d7fed2c95994 0.261s
2024-10-11 02:27:26.560 62486 INFO tempest.lib.common.rest_client [req-706cf1d6-1f84-42ef-913a-3a8917651223 req-706cf1d6-1f84-42ef-913a-3a8917651223 ] Request (ImagesNegativeTestJSON:test_create_image_from_deleted_server): 200 GET http://10.180.1.21/compute/v2.1/servers/aa963551-93bf-4f0d-ae7e-15a59efd4dbc 0.246s
2024-10-11 02:27:26.607 62468 INFO tempest.lib.common.rest_client [req-bce4ab06-7126-4f43-b64d-903b2a436b84 req-bce4ab06-7126-4f43-b64d-903b2a436b84 ] Request (ServersAdminTestJSON:setUpClass): 200 GET http://10.180.1.21/compute/v2.1/servers/b71a967c-f9ae-4f55-b959-dd77b73df0b7 0.220s
2024-10-11 02:27:26.615 62462 INFO tempest.lib.common.rest_client [req-4471a493-e0d9-469b-b7eb-c8fe70d7dc34 req-4471a493-e0d9-469b-b7eb-c8fe70d7dc34 ] Request (AttachVolumeNegativeTest:test_attach_attached_volume_to_different_server): 200 GET http://10.180.1.21/compute/v2.1/servers/68aeacea-5ef9-4995-b79a-10a3a06accce 0.217s
2024-10-11 02:27:26.678 62460 INFO tempest.lib.common.rest_client [req-d2e3ddb2-2287-437b-8428-d167ceb5da44 req-d2e3ddb2-2287-437b-8428-d167ceb5da44 ] Request (ServerPasswordTestJSON:setUpClass): 200 GET http://10.180.1.21/compute/v2.1/servers/77c17cbf-f553-4278-a629-34639f8a974c 0.230s
2024-10-11 02:27:26.688 62500 INFO tempest.lib.common.rest_client [req-7980e629-2f37-4dc9-9b03-fd8eee1c7fb4 req-7980e629-2f37-4dc9-9b03-fd8eee1c7fb4 ] Request (ServerActionsV293TestJSON:setUpClass): 200 GET http://10.180.1.21/compute/v2.1/servers/c08fa591-d3b1-48d2-8fec-395ca89531fc 0.225s
2024-10-11 02:27:26.741 62456 INFO tempest.lib.common.rest_client [req-1dc87845-2ad2-4290-b9ae-f6bf69dfbe53 req-1dc87845-2ad2-4290-b9ae-f6bf69dfbe53 ] Request (ServersTestManualDisk:setUpClass): 200 GET http://10.180.1.21/compute/v2.1/servers/6267d834-d461-488e-bc56-c787df997ffe 0.224s
2024-10-11 02:27:26.747 62497 INFO tempest.lib.common.rest_client [req-f777f04c-8ac3-4028-84b8-a10a1027b2e9 req-f777f04c-8ac3-4028-84b8-a10a1027b2e9 ] Request (AttachVolumeShelveTestJSON:test_attach_volume_shelved_or_offload_server): 200 GET http://10.180.1.21/compute/v2.1/servers/32415d5b-279b-408a-9876-4c5dfe192464 0.229s
2024-10-11 02:27:26.801 62452 INFO tempest.lib.common.rest_client [req-34b91aec-f4fe-4973-aa36-115bb8679569 req-34b91aec-f4fe-4973-aa36-115bb8679569 ] Request (ServersTestJSON:test_create_server_specify_multibyte_character_name): 200 GET http://10.180.1.21/compute/v2.1/servers/728016ed-2ad3-498a-8e81-d0a129d38477 0.213s
2024-10-11 02:27:26.810 62490 INFO tempest.lib.common.rest_client [req-35f882ee-3879-44b8-9a83-2b3391b5accf req-35f882ee-3879-44b8-9a83-2b3391b5accf ] Request (ServerRescueTestJSONUnderV235:setUpClass): 200 GET http://10.180.1.21/compute/v2.1/servers/7063551d-58c6-4083-86a6-1e6d6244581e 0.246s
2024-10-11 02:27:26.858 62446 INFO tempest.lib.common.rest_client [req-9f5d85d7-ba65-4ee8-97a6-b1dba2011c78 req-9f5d85d7-ba65-4ee8-97a6-b1dba2011c78 ] Request (ImagesOneServerTestJSON:setUpClass): 200 GET http://10.180.1.21/compute/v2.1/servers/8533079a-0728-4461-9111-63e9dace9f09 0.247s
2024-10-11 02:27:26.873 62488 INFO tempest.lib.common.rest_client [req-b232365d-4dd0-4991-9cb3-37243785912b req-b232365d-4dd0-4991-9cb3-37243785912b ] Request (ServersAaction247Test:test_create_backup): 200 GET http://10.180.1.21/compute/v2.1/servers/c0d00a8d-7328-44ca-af02-649a06f2100b 0.186s
2024-10-11 02:27:26.907 62466 INFO tempest.lib.common.rest_client [req-0b52bf9e-3f12-49e0-84f8-7934e055ee46 req-0b52bf9e-3f12-49e0-84f8-7934e055ee46 ] Request (ServerDiskConfigTestJSON:test_rebuild_server_with_manual_disk_config): 200 GET http://10.180.1.21/compute/v2.1/servers/7f7c79c7-bf03-43cf-b8c8-667fb603c0c9 0.207s
2024-10-11 02:27:26.926 62502 INFO tempest.lib.common.rest_client [req-aeb62129-7aa3-44cf-83af-b34ac9969c6f req-aeb62129-7aa3-44cf-83af-b34ac9969c6f ] Request (ImagesTestJSON:test_create_image_from_stopped_server): 200 GET http://10.180.1.21/compute/v2.1/servers/b7502223-d1fe-46f0-b382-c9b140032053 0.183s
2024-10-11 02:27:26.961 62472 INFO tempest.lib.common.rest_client [req-b56af602-c36d-40a2-b1a6-2b081f37857f req-b56af602-c36d-40a2-b1a6-2b081f37857f ] Request (InstanceActionsNegativeTestJSON:setUpClass): 200 GET http://10.180.1.21/compute/v2.1/servers/ae0533c1-8cb4-40f1-8737-0e476e72211d 0.065s
2024-10-11 02:27:27.011 62444 INFO tempest.lib.common.rest_client [req-6ad29959-85b3-4dac-8972-4a1f3a9d1188 req-6ad29959-85b3-4dac-8972-4a1f3a9d1188 ] Request (ServerMetadataTestJSON:setUpClass): 200 GET http://10.180.1.21/compute/v2.1/servers/b94e5378-d03a-4cc3-b835-31e72d3b0f75 0.054s
2024-10-11 02:27:27.065 62454 INFO tempest.lib.common.rest_client [req-376080a3-ad67-443d-aaca-d1c4c6b7729a req-376080a3-ad67-443d-aaca-d1c4c6b7729a ] Request (InstanceActionsTestJSON:setUpClass): 200 GET http://10.180.1.21/compute/v2.1/servers/ec7335d7-89a1-469f-8fc4-1971ca24baf4 0.050s
2024-10-11 02:27:27.155 62470 INFO tempest.lib.common.rest_client [req-56e22337-6650-4842-92bd-d3d1e2d08409 req-56e22337-6650-4842-92bd-d3d1e2d08409 ] Request (ServerDiagnosticsV248Test:tearDownClass): 200 GET http://10.180.1.21/compute/v2.1/servers/ec8f3da7-8886-4890-83a0-0e361e36334d 0.066s
2024-10-11 02:27:27.188 62474 INFO tempest.lib.common.rest_client [req-8c1b386b-456e-4be8-bf08-0fbdf6d38dd8 req-8c1b386b-456e-4be8-bf08-0fbdf6d38dd8 ] Request (ListImageFiltersTestJSON:setUpClass): 200 GET http://10.180.1.21/compute/v2.1/servers/ef98ecb8-e5c8-4160-a209-20caf91f34e2 0.058s
2024-10-11 02:27:27.233 62464 INFO tempest.lib.common.rest_client [req-9bdc48ce-35c0-498b-ba4b-c5f3abd8ac37 req-9bdc48ce-35c0-498b-ba4b-c5f3abd8ac37 ] Request (ServersTestMultiNic:test_verify_duplicate_network_nics): 200 GET http://10.180.1.21/compute/v2.1/servers/1df5e740-71de-468c-9188-e8088f5789b7 0.057s
2024-10-11 02:27:27.275 62478 INFO tempest.lib.common.rest_client [req-82dcbac4-6d2d-451c-9591-f759bc549160 req-82dcbac4-6d2d-451c-9591-f759bc549160 ] Request (MigrationsAdminTest:test_resize_server_revert_deleted_flavor): 200 GET http://10.180.1.21/compute/v2.1/servers/f28f0f10-5eb0-4150-b712-467e72a6ccbd 0.053s
2024-10-11 02:27:27.282 62478 INFO tempest.common.waiters [-] State transition "BUILD/spawning" ==> "BUILD/scheduling" after 90 second wait
2024-10-11 02:27:27.438 62450 INFO tempest.lib.common.rest_client [req-a5adea49-e02c-49e1-afd7-7a16d032921f req-a5adea49-e02c-49e1-afd7-7a16d032921f ] Request (AttachInterfacesTestJSON:setUpClass): 200 PUT http://10.180.1.21:9696/networking/v2.0/routers/6b6cae2f-6f8e-4c0e-a5c8-3e02e2c53c79/add_router_interface 0.953s
2024-10-11 02:27:27.439 62450 INFO tempest.lib.common.dynamic_creds [-] Created isolated network resources for: credentials: Credentials: {'domain_id': 'default', 'domain_name': 'Default', 'username': 'tempest-AttachInterfacesTestJSON-1713010137-project-member', 'project_domain_id': 'default', 'project_domain_name': 'Default', 'project_id': '16f89dcfa0c44f3f95550a44e8804eb7', 'project_name': 'tempest-AttachInterfacesTestJSON-1713010137', 'tenant_id': '16f89dcfa0c44f3f95550a44e8804eb7', 'tenant_name': 'tempest-AttachInterfacesTestJSON-1713010137', 'user_domain_id': 'default', 'user_domain_name': 'Default', 'user_id': 'b9325055aca949bdba10445aa9189ad1', 'system': None}, Network: {'id': '649c5d6a-d036-4baf-8966-7e2b9eda3261', 'name': 'tempest-AttachInterfacesTestJSON-1842714219-network', 'tenant_id': '16f89dcfa0c44f3f95550a44e8804eb7', 'admin_state_up': True, 'mtu': 8950, 'status': 'ACTIVE', 'subnets': [], 'shared': False, 'project_id': '16f89dcfa0c44f3f95550a44e8804eb7', 'port_security_enabled': True, 'router:external': False, 'provider:network_type': 'vlan', 'provider:physical_network': 'default', 'provider:segmentation_id': 241, 'is_default': False, 'availability_zone_hints': [], 'availability_zones': [], 'ipv4_address_scope': None, 'ipv6_address_scope': None, 'description': '', 'tags': [], 'created_at': '2024-10-11T02:27:25Z', 'updated_at': '2024-10-11T02:27:25Z', 'revision_number': 1}, Subnet: {'id': 'b1f4264c-2349-4f09-8259-6f8224c5297a', 'name': 'tempest-AttachInterfacesTestJSON-1842714219-subnet', 'tenant_id': '16f89dcfa0c44f3f95550a44e8804eb7', 'network_id': '649c5d6a-d036-4baf-8966-7e2b9eda3261', 'ip_version': 4, 'subnetpool_id': None, 'enable_dhcp': True, 'ipv6_ra_mode': None, 'ipv6_address_mode': None, 'gateway_ip': '192.168.128.1', 'cidr': '192.168.128.0/28', 'allocation_pools': [{'start': '192.168.128.2', 'end': '192.168.128.14'}], 'host_routes': [], 'dns_nameservers': [], 'description': '', 'router:external': False, 'service_types': [], 'tags': [], 'created_at': '2024-10-11T02:27:25Z', 'updated_at': '2024-10-11T02:27:25Z', 'revision_number': 0, 'project_id': '16f89dcfa0c44f3f95550a44e8804eb7'}, Router: {'id': '6b6cae2f-6f8e-4c0e-a5c8-3e02e2c53c79', 'name': 'tempest-AttachInterfacesTestJSON-1842714219-router', 'tenant_id': '16f89dcfa0c44f3f95550a44e8804eb7', 'admin_state_up': True, 'status': 'ACTIVE', 'external_gateway_info': {'network_id': '0e84150c-3186-4449-936d-4d129e44529b', 'external_fixed_ips': [{'subnet_id': '91a3ed12-4b0c-4185-ba2b-663e807eec11', 'ip_address': '10.180.180.251'}], 'enable_snat': True}, 'description': '', 'availability_zones': [], 'distributed': False, 'ha': False, 'availability_zone_hints': [], 'routes': [], 'flavor_id': None, 'tags': [], 'created_at': '2024-10-11T02:27:25Z', 'updated_at': '2024-10-11T02:27:26Z', 'revision_number': 2, 'project_id': '16f89dcfa0c44f3f95550a44e8804eb7'}
2024-10-11 02:27:27.478 62494 INFO tempest.lib.common.rest_client [req-1b00a2b8-85e1-4af8-ab9d-dce60c62dd18 req-1b00a2b8-85e1-4af8-ab9d-dce60c62dd18 ] Request (ServerAddressesNegativeTestJSON:setUpClass): 200 GET http://10.180.1.21/compute/v2.1/servers/6ea09c71-2905-4705-9c11-b624c84ec022 0.061s
2024-10-11 02:27:27.496 62508 INFO tempest.lib.common.rest_client [req-0b0520a6-745e-4128-8b74-d48e71659d67 req-0b0520a6-745e-4128-8b74-d48e71659d67 ] Request (SecurityGroupsTestJSON:test_server_security_groups): 200 GET http://10.180.1.21/compute/v2.1/servers/172dd156-edcd-406c-a17d-5349b43b4eaa 0.067s
2024-10-11 02:27:27.526 62498 INFO tempest.lib.common.rest_client [req-1465fd5d-4e76-4f23-a6e2-ade51a5d395c req-1465fd5d-4e76-4f23-a6e2-ade51a5d395c ] Request (AttachVolumeTestJSON:test_attach_detach_volume): 200 GET http://10.180.1.21/compute/v2.1/servers/c09a74e4-173a-4a46-8fbb-465f3f284e0b 0.062s
2024-10-11 02:27:27.546 62450 INFO tempest.lib.common.rest_client [req-b427bbe0-829c-4ff1-9645-66277d6d0229 req-b427bbe0-829c-4ff1-9645-66277d6d0229 ] Request (AttachInterfacesTestJSON:setUpClass): 201 POST http://10.180.1.21/identity/v3/auth/tokens 0.104s
2024-10-11 02:27:27.548 62482 INFO tempest.lib.common.rest_client [req-018ed32d-63eb-4f51-8805-b564f295ab8e req-018ed32d-63eb-4f51-8805-b564f295ab8e ] Request (ServerActionsTestOtherB:setUpClass): 200 GET http://10.180.1.21/compute/v2.1/servers/a12dff75-8c35-485b-9a6f-104de9a11b77 0.069s
2024-10-11 02:27:27.582 62458 INFO tempest.lib.common.rest_client [req-395ae48d-b72f-42cd-8ebf-2e1a692d88e2 req-395ae48d-b72f-42cd-8ebf-2e1a692d88e2 ] Request (AttachInterfacesUnderV243Test:test_add_remove_fixed_ip): 200 GET http://10.180.1.21/compute/v2.1/servers/2fc00899-84ff-4316-b08e-0339e7344144 0.079s
2024-10-11 02:27:27.639 62504 INFO tempest.lib.common.rest_client [req-5cd894c8-4516-43a3-a611-942ef5091898 req-5cd894c8-4516-43a3-a611-942ef5091898 ] Request (ServersTestFqdnHostnames:test_create_server_with_fqdn_name): 200 GET http://10.180.1.21/compute/v2.1/servers/8e60cc65-fc1c-4460-a32d-d7fed2c95994 0.078s
2024-10-11 02:27:27.660 62450 INFO tempest.lib.common.rest_client [req-f6b81dfa-d090-477b-bf14-b98f89aa07a4 req-f6b81dfa-d090-477b-bf14-b98f89aa07a4 ] Request (ValidationResourcesFixture:setUp): 200 POST http://10.180.1.21/compute/v2.1/os-keypairs 0.111s
2024-10-11 02:27:27.696 62486 INFO tempest.lib.common.rest_client [req-2072846b-4163-41be-807d-0611f9ce8496 req-2072846b-4163-41be-807d-0611f9ce8496 ] Request (ImagesNegativeTestJSON:test_create_image_from_deleted_server): 200 GET http://10.180.1.21/compute/v2.1/servers/aa963551-93bf-4f0d-ae7e-15a59efd4dbc 0.129s
2024-10-11 02:27:27.728 62468 INFO tempest.lib.common.rest_client [req-232f43e7-d212-4c83-9d7e-de9df8f1823f req-232f43e7-d212-4c83-9d7e-de9df8f1823f ] Request (ServersAdminTestJSON:setUpClass): 200 GET http://10.180.1.21/compute/v2.1/servers/b71a967c-f9ae-4f55-b959-dd77b73df0b7 0.112s
2024-10-11 02:27:27.764 62462 INFO tempest.lib.common.rest_client [req-0c03f03e-82ee-47c7-a89a-47658ed26e9c req-0c03f03e-82ee-47c7-a89a-47658ed26e9c ] Request (AttachVolumeNegativeTest:test_attach_attached_volume_to_different_server): 200 GET http://10.180.1.21/compute/v2.1/servers/68aeacea-5ef9-4995-b79a-10a3a06accce 0.140s
2024-10-11 02:27:27.792 62460 INFO tempest.lib.common.rest_client [req-50782a3a-a6ef-457d-b72c-7bda671e0274 req-50782a3a-a6ef-457d-b72c-7bda671e0274 ] Request (ServerPasswordTestJSON:setUpClass): 200 GET http://10.180.1.21/compute/v2.1/servers/77c17cbf-f553-4278-a629-34639f8a974c 0.102s
2024-10-11 02:27:27.839 62500 INFO tempest.lib.common.rest_client [req-b458be4c-acb2-471f-95a8-937bcd479bdb req-b458be4c-acb2-471f-95a8-937bcd479bdb ] Request (ServerActionsV293TestJSON:setUpClass): 200 GET http://10.180.1.21/compute/v2.1/servers/c08fa591-d3b1-48d2-8fec-395ca89531fc 0.143s
2024-10-11 02:27:27.863 62450 INFO tempest.lib.common.rest_client [req-89683c98-1612-4e71-961a-97466d7b2c4e req-89683c98-1612-4e71-961a-97466d7b2c4e ] Request (ValidationResourcesFixture:setUp): 201 POST http://10.180.1.21:9696/networking/v2.0/security-groups 0.201s
2024-10-11 02:27:27.910 62497 INFO tempest.lib.common.rest_client [req-a82aefc0-2236-41cb-993a-3d3241dd6bd6 req-a82aefc0-2236-41cb-993a-3d3241dd6bd6 ] Request (AttachVolumeShelveTestJSON:test_attach_volume_shelved_or_offload_server): 200 GET http://10.180.1.21/compute/v2.1/servers/32415d5b-279b-408a-9876-4c5dfe192464 0.152s
2024-10-11 02:27:27.975 62452 INFO tempest.lib.common.rest_client [req-f531dd2e-e237-40c3-b2b7-16c7435a7975 req-f531dd2e-e237-40c3-b2b7-16c7435a7975 ] Request (ServersTestJSON:test_create_server_specify_multibyte_character_name): 200 GET http://10.180.1.21/compute/v2.1/servers/728016ed-2ad3-498a-8e81-d0a129d38477 0.165s
2024-10-11 02:27:28.008 62456 INFO tempest.lib.common.rest_client [req-cd36855c-582c-4d67-9783-2c7b1ada10da req-cd36855c-582c-4d67-9783-2c7b1ada10da ] Request (ServersTestManualDisk:setUpClass): 200 GET http://10.180.1.21/compute/v2.1/servers/6267d834-d461-488e-bc56-c787df997ffe 0.255s
2024-10-11 02:27:28.018 62456 INFO tempest.common.waiters [-] State transition "BUILD/None" ==> "BUILD/networking" after 75 second wait
2024-10-11 02:27:28.025 62490 INFO tempest.lib.common.rest_client [req-3d6e7ff0-36d7-48bd-b382-489d7f9bbb61 req-3d6e7ff0-36d7-48bd-b382-489d7f9bbb61 ] Request (ServerRescueTestJSONUnderV235:setUpClass): 200 GET http://10.180.1.21/compute/v2.1/servers/7063551d-58c6-4083-86a6-1e6d6244581e 0.207s
2024-10-11 02:27:28.063 62450 INFO tempest.lib.common.rest_client [req-0f2cbf7c-2d6d-4e6e-a05c-f7ee149a5c9c req-0f2cbf7c-2d6d-4e6e-a05c-f7ee149a5c9c ] Request (ValidationResourcesFixture:setUp): 201 POST http://10.180.1.21:9696/networking/v2.0/security-group-rules 0.199s
2024-10-11 02:27:28.066 62446 INFO tempest.lib.common.rest_client [req-85edf02e-d319-4e6f-b2e3-12fcce9696c8 req-85edf02e-d319-4e6f-b2e3-12fcce9696c8 ] Request (ImagesOneServerTestJSON:setUpClass): 200 GET http://10.180.1.21/compute/v2.1/servers/8533079a-0728-4461-9111-63e9dace9f09 0.200s
2024-10-11 02:27:28.077 62488 INFO tempest.lib.common.rest_client [req-60450b45-0069-4199-949b-f91ae2cdc1b6 req-60450b45-0069-4199-949b-f91ae2cdc1b6 ] Request (ServersAaction247Test:test_create_backup): 200 GET http://10.180.1.21/compute/v2.1/servers/c0d00a8d-7328-44ca-af02-649a06f2100b 0.194s
2024-10-11 02:27:28.127 62466 INFO tempest.lib.common.rest_client [req-a08b3cee-e689-4e7c-8fe2-61ac18f6ed81 req-a08b3cee-e689-4e7c-8fe2-61ac18f6ed81 ] Request (ServerDiskConfigTestJSON:test_rebuild_server_with_manual_disk_config): 200 GET http://10.180.1.21/compute/v2.1/servers/7f7c79c7-bf03-43cf-b8c8-667fb603c0c9 0.210s
2024-10-11 02:27:28.131 62502 INFO tempest.lib.common.rest_client [req-e4676407-f767-4875-aac5-948f631749fb req-e4676407-f767-4875-aac5-948f631749fb ] Request (ImagesTestJSON:test_create_image_from_stopped_server): 200 GET http://10.180.1.21/compute/v2.1/servers/b7502223-d1fe-46f0-b382-c9b140032053 0.198s
2024-10-11 02:27:28.190 62472 INFO tempest.lib.common.rest_client [req-949fb99f-8c3f-4e27-99fd-31987eeebb93 req-949fb99f-8c3f-4e27-99fd-31987eeebb93 ] Request (InstanceActionsNegativeTestJSON:setUpClass): 200 GET http://10.180.1.21/compute/v2.1/servers/ae0533c1-8cb4-40f1-8737-0e476e72211d 0.223s
2024-10-11 02:27:28.191 62444 INFO tempest.lib.common.rest_client [req-0eec2d66-0538-416e-8e2e-8d51ba4e3d95 req-0eec2d66-0538-416e-8e2e-8d51ba4e3d95 ] Request (ServerMetadataTestJSON:setUpClass): 200 GET http://10.180.1.21/compute/v2.1/servers/b94e5378-d03a-4cc3-b835-31e72d3b0f75 0.172s
2024-10-11 02:27:28.220 62450 INFO tempest.lib.common.rest_client [req-bd273db2-f026-458d-bb5f-49879a30544e req-bd273db2-f026-458d-bb5f-49879a30544e ] Request (ValidationResourcesFixture:setUp): 201 POST http://10.180.1.21:9696/networking/v2.0/security-group-rules 0.157s
2024-10-11 02:27:28.245 62454 INFO tempest.lib.common.rest_client [req-898d27ef-c77c-49c6-9b22-e2496c4a4ab4 req-898d27ef-c77c-49c6-9b22-e2496c4a4ab4 ] Request (InstanceActionsTestJSON:setUpClass): 200 GET http://10.180.1.21/compute/v2.1/servers/ec7335d7-89a1-469f-8fc4-1971ca24baf4 0.173s
2024-10-11 02:27:28.277 62470 INFO tempest.lib.common.rest_client [req-cad3889e-0228-4eb2-b495-c3d06eb82c6f req-cad3889e-0228-4eb2-b495-c3d06eb82c6f ] Request (ServerDiagnosticsV248Test:tearDownClass): 200 GET http://10.180.1.21/compute/v2.1/servers/ec8f3da7-8886-4890-83a0-0e361e36334d 0.111s
2024-10-11 02:27:28.320 62474 INFO tempest.lib.common.rest_client [req-5e1c4fd4-91ad-49f9-9bf9-efdcb250a3e1 req-5e1c4fd4-91ad-49f9-9bf9-efdcb250a3e1 ] Request (ListImageFiltersTestJSON:setUpClass): 200 GET http://10.180.1.21/compute/v2.1/servers/ef98ecb8-e5c8-4160-a209-20caf91f34e2 0.121s
2024-10-11 02:27:28.336 62464 INFO tempest.lib.common.rest_client [req-37b91bd6-8671-4bcd-9014-f6c9a026d6bc req-37b91bd6-8671-4bcd-9014-f6c9a026d6bc ] Request (ServersTestMultiNic:test_verify_duplicate_network_nics): 200 GET http://10.180.1.21/compute/v2.1/servers/1df5e740-71de-468c-9188-e8088f5789b7 0.096s
2024-10-11 02:27:28.389 62478 INFO tempest.lib.common.rest_client [req-ac49d039-9dcb-4bbf-93bb-fe6ee6fbb4c0 req-ac49d039-9dcb-4bbf-93bb-fe6ee6fbb4c0 ] Request (MigrationsAdminTest:test_resize_server_revert_deleted_flavor): 200 GET http://10.180.1.21/compute/v2.1/servers/f28f0f10-5eb0-4150-b712-467e72a6ccbd 0.103s
2024-10-11 02:27:28.397 62478 INFO tempest.common.waiters [-] State transition "BUILD/scheduling" ==> "ERROR/None" after 91 second wait
2024-10-11 02:27:28.552 62494 INFO tempest.lib.common.rest_client [req-b1588fc9-01ce-4043-87f6-de22165718a0 req-b1588fc9-01ce-4043-87f6-de22165718a0 ] Request (ServerAddressesNegativeTestJSON:setUpClass): 200 GET http://10.180.1.21/compute/v2.1/servers/6ea09c71-2905-4705-9c11-b624c84ec022 0.068s
2024-10-11 02:27:28.598 62508 INFO tempest.lib.common.rest_client [req-a8cdebfd-b84c-4144-84a3-2e9938c79900 req-a8cdebfd-b84c-4144-84a3-2e9938c79900 ] Request (SecurityGroupsTestJSON:test_server_security_groups): 200 GET http://10.180.1.21/compute/v2.1/servers/172dd156-edcd-406c-a17d-5349b43b4eaa 0.093s
2024-10-11 02:27:28.607 62478 INFO tempest.lib.common.rest_client [req-4624589e-c4e7-4b5c-b292-41e199b5768c req-4624589e-c4e7-4b5c-b292-41e199b5768c ] Request (MigrationsAdminTest:test_resize_server_revert_deleted_flavor): 204 DELETE http://10.180.1.21/compute/v2.1/servers/f28f0f10-5eb0-4150-b712-467e72a6ccbd 0.210s
2024-10-11 02:27:28.654 62498 INFO tempest.lib.common.rest_client [req-ccd6ae5b-a2c5-4b24-ac47-8ffe6c73003e req-ccd6ae5b-a2c5-4b24-ac47-8ffe6c73003e ] Request (AttachVolumeTestJSON:test_attach_detach_volume): 200 GET http://10.180.1.21/compute/v2.1/servers/c09a74e4-173a-4a46-8fbb-465f3f284e0b 0.117s
2024-10-11 02:27:28.659 62482 INFO tempest.lib.common.rest_client [req-ebd81b57-daba-4eee-bec9-a3cf6377e19b req-ebd81b57-daba-4eee-bec9-a3cf6377e19b ] Request (ServerActionsTestOtherB:setUpClass): 200 GET http://10.180.1.21/compute/v2.1/servers/a12dff75-8c35-485b-9a6f-104de9a11b77 0.102s
2024-10-11 02:27:28.693 62478 INFO tempest.lib.common.rest_client [req-03acf3f4-c7df-47e6-ac55-ac1657eea401 req-03acf3f4-c7df-47e6-ac55-ac1657eea401 ] Request (MigrationsAdminTest:test_resize_server_revert_deleted_flavor): 404 GET http://10.180.1.21/compute/v2.1/servers/f28f0f10-5eb0-4150-b712-467e72a6ccbd 0.085s
2024-10-11 02:27:28.714 62450 INFO tempest.lib.common.rest_client [req-a1f49e1c-8c90-4cb5-b0c0-f4591a090f49 req-a1f49e1c-8c90-4cb5-b0c0-f4591a090f49 ] Request (ValidationResourcesFixture:setUp): 201 POST http://10.180.1.21:9696/networking/v2.0/floatingips 0.493s
2024-10-11 02:27:28.720 62458 INFO tempest.lib.common.rest_client [req-9fa88ba6-cb4d-4ffb-b308-60f0fd9bd4e9 req-9fa88ba6-cb4d-4ffb-b308-60f0fd9bd4e9 ] Request (AttachInterfacesUnderV243Test:test_add_remove_fixed_ip): 200 GET http://10.180.1.21/compute/v2.1/servers/2fc00899-84ff-4316-b08e-0339e7344144 0.132s
2024-10-11 02:27:28.733 62478 INFO tempest.lib.common.rest_client [req-22c5e0d3-d82e-495d-a625-03da3cf251bf req-22c5e0d3-d82e-495d-a625-03da3cf251bf ] Request (MigrationsAdminTest:_run_cleanups): 202 DELETE http://10.180.1.21/compute/v2.1/flavors/28e4d02a-979e-4003-8587-37feb536e313 0.040s
2024-10-11 02:27:28.758 62450 INFO tempest.lib.common.rest_client [req-7aa6e1c6-57ed-4cb1-9eba-9fadfb598f92 req-7aa6e1c6-57ed-4cb1-9eba-9fadfb598f92 ] Request (AttachInterfacesTestJSON:test_create_list_show_delete_interfaces_by_fixed_ip): 201 POST http://10.180.1.21/identity/v3/auth/tokens 0.041s
2024-10-11 02:27:28.759 62450 INFO tempest.lib.common.fixed_network [-] (AttachInterfacesTestJSON:test_create_list_show_delete_interfaces_by_fixed_ip) Found network {'id': '649c5d6a-d036-4baf-8966-7e2b9eda3261', 'name': 'tempest-AttachInterfacesTestJSON-1842714219-network', 'tenant_id': '16f89dcfa0c44f3f95550a44e8804eb7', 'admin_state_up': True, 'mtu': 8950, 'status': 'ACTIVE', 'subnets': [], 'shared': False, 'project_id': '16f89dcfa0c44f3f95550a44e8804eb7', 'port_security_enabled': True, 'router:external': False, 'provider:network_type': 'vlan', 'provider:physical_network': 'default', 'provider:segmentation_id': 241, 'is_default': False, 'availability_zone_hints': [], 'availability_zones': [], 'ipv4_address_scope': None, 'ipv6_address_scope': None, 'description': '', 'tags': [], 'created_at': '2024-10-11T02:27:25Z', 'updated_at': '2024-10-11T02:27:25Z', 'revision_number': 1} available for tenant
2024-10-11 02:27:28.765 62504 INFO tempest.lib.common.rest_client [req-458c89c7-dd36-45a9-8405-b246a3f77553 req-458c89c7-dd36-45a9-8405-b246a3f77553 ] Request (ServersTestFqdnHostnames:test_create_server_with_fqdn_name): 200 GET http://10.180.1.21/compute/v2.1/servers/8e60cc65-fc1c-4460-a32d-d7fed2c95994 0.117s
2024-10-11 02:27:28.778 62478 INFO tempest.lib.common.rest_client [req-f3f71556-6df3-4526-8cce-0bd8298d20e4 req-f3f71556-6df3-4526-8cce-0bd8298d20e4 ] Request (MigrationsAdminTest:_run_cleanups): 200 GET http://10.180.1.21/compute/v2.1/flavors/detail 0.044s
2024-10-11 02:27:28.786 62486 INFO tempest.lib.common.rest_client [req-275aced9-4ffb-4b08-930a-8bd2e359d1ea req-275aced9-4ffb-4b08-930a-8bd2e359d1ea ] Request (ImagesNegativeTestJSON:test_create_image_from_deleted_server): 200 GET http://10.180.1.21/compute/v2.1/servers/aa963551-93bf-4f0d-ae7e-15a59efd4dbc 0.082s
2024-10-11 02:27:28.841 62468 INFO tempest.lib.common.rest_client [req-39bed941-e9cd-4fa0-8f89-e26d8b45b17d req-39bed941-e9cd-4fa0-8f89-e26d8b45b17d ] Request (ServersAdminTestJSON:setUpClass): 200 GET http://10.180.1.21/compute/v2.1/servers/b71a967c-f9ae-4f55-b959-dd77b73df0b7 0.103s
2024-10-11 02:27:28.868 62478 INFO tempest.lib.common.rest_client [req-eb1358a3-c5d9-4b71-8ec3-10d62863a5ad req-eb1358a3-c5d9-4b71-8ec3-10d62863a5ad ] Request (MigrationsAdminTest:tearDownClass): 204 DELETE http://10.180.1.21/identity/v3/users/d22d53cfff2f4b4c926522caadefc6e1 0.080s
2024-10-11 02:27:28.894 62462 INFO tempest.lib.common.rest_client [req-911d1774-beb9-44c0-bd1c-c32ea21bb184 req-911d1774-beb9-44c0-bd1c-c32ea21bb184 ] Request (AttachVolumeNegativeTest:test_attach_attached_volume_to_different_server): 200 GET http://10.180.1.21/compute/v2.1/servers/68aeacea-5ef9-4995-b79a-10a3a06accce 0.122s
2024-10-11 02:27:28.943 62460 INFO tempest.lib.common.rest_client [req-96774fd6-3c6a-49bc-bdb6-b82b38068c7a req-96774fd6-3c6a-49bc-bdb6-b82b38068c7a ] Request (ServerPasswordTestJSON:setUpClass): 200 GET http://10.180.1.21/compute/v2.1/servers/77c17cbf-f553-4278-a629-34639f8a974c 0.143s
2024-10-11 02:27:28.960 62478 INFO tempest.lib.common.rest_client [req-89d1aba9-584e-4dca-a707-101e217539f4 req-89d1aba9-584e-4dca-a707-101e217539f4 ] Request (MigrationsAdminTest:tearDownClass): 204 DELETE http://10.180.1.21/identity/v3/users/54c07d95bdb54973810d8a576f9cb7f1 0.092s
2024-10-11 02:27:28.960 62478 INFO tempest.lib.common.dynamic_creds [-] Deleting project and security group for project: c352e7f4a5de4f8ea0ec3af02f966c31
2024-10-11 02:27:28.999 62500 INFO tempest.lib.common.rest_client [req-09155a09-ad90-41b8-8a6c-5fb0fc8573ac req-09155a09-ad90-41b8-8a6c-5fb0fc8573ac ] Request (ServerActionsV293TestJSON:setUpClass): 200 GET http://10.180.1.21/compute/v2.1/servers/c08fa591-d3b1-48d2-8fec-395ca89531fc 0.150s
2024-10-11 02:27:29.017 62478 INFO tempest.lib.common.rest_client [req-2f67647b-795f-4ff0-be44-f9dee2f15896 req-2f67647b-795f-4ff0-be44-f9dee2f15896 ] Request (MigrationsAdminTest:tearDownClass): 201 POST http://10.180.1.21/identity/v3/auth/tokens 0.057s
2024-10-11 02:27:29.046 62497 INFO tempest.lib.common.rest_client [req-d83e65f0-e8c6-4891-a773-aaef67bc0c4b req-d83e65f0-e8c6-4891-a773-aaef67bc0c4b ] Request (AttachVolumeShelveTestJSON:test_attach_volume_shelved_or_offload_server): 200 GET http://10.180.1.21/compute/v2.1/servers/32415d5b-279b-408a-9876-4c5dfe192464 0.125s
2024-10-11 02:27:29.093 62452 INFO tempest.lib.common.rest_client [req-85de5ab0-ab43-4e43-be57-390cdc2845ba req-85de5ab0-ab43-4e43-be57-390cdc2845ba ] Request (ServersTestJSON:test_create_server_specify_multibyte_character_name): 200 GET http://10.180.1.21/compute/v2.1/servers/728016ed-2ad3-498a-8e81-d0a129d38477 0.109s
2024-10-11 02:27:29.143 62456 INFO tempest.lib.common.rest_client [req-c8b93802-6316-44fc-80f0-c9fe4a32d685 req-c8b93802-6316-44fc-80f0-c9fe4a32d685 ] Request (ServersTestManualDisk:setUpClass): 200 GET http://10.180.1.21/compute/v2.1/servers/6267d834-d461-488e-bc56-c787df997ffe 0.124s
2024-10-11 02:27:29.150 62456 INFO tempest.common.waiters [-] State transition "BUILD/networking" ==> "BUILD/spawning" after 76 second wait
2024-10-11 02:27:29.168 62478 INFO tempest.lib.common.rest_client [req-6f8a42b1-80bf-4a5f-9bd7-7ee0d4dbc7e1 req-6f8a42b1-80bf-4a5f-9bd7-7ee0d4dbc7e1 ] Request (MigrationsAdminTest:tearDownClass): 200 GET http://10.180.1.21:9696/networking/v2.0/security-groups?tenant_id=c352e7f4a5de4f8ea0ec3af02f966c31&name=default 0.150s
2024-10-11 02:27:29.176 62450 INFO tempest.lib.common.rest_client [req-22d1cd8d-9dd6-4358-bcb9-34d7592cc8bf req-22d1cd8d-9dd6-4358-bcb9-34d7592cc8bf ] Request (AttachInterfacesTestJSON:test_create_list_show_delete_interfaces_by_fixed_ip): 202 POST http://10.180.1.21/compute/v2.1/servers 0.416s
2024-10-11 02:27:29.186 62490 INFO tempest.lib.common.rest_client [req-caa29ceb-5c45-4746-b553-278ff60add0b req-caa29ceb-5c45-4746-b553-278ff60add0b ] Request (ServerRescueTestJSONUnderV235:setUpClass): 200 GET http://10.180.1.21/compute/v2.1/servers/7063551d-58c6-4083-86a6-1e6d6244581e 0.152s
2024-10-11 02:27:29.257 62446 INFO tempest.lib.common.rest_client [req-5c9efbba-7c30-4fe0-ae7e-077b8e57d62a req-5c9efbba-7c30-4fe0-ae7e-077b8e57d62a ] Request (ImagesOneServerTestJSON:setUpClass): 200 GET http://10.180.1.21/compute/v2.1/servers/8533079a-0728-4461-9111-63e9dace9f09 0.184s
2024-10-11 02:27:29.264 62488 INFO tempest.lib.common.rest_client [req-849c9d42-873c-40ff-916a-5f4bcf85718a req-849c9d42-873c-40ff-916a-5f4bcf85718a ] Request (ServersAaction247Test:test_create_backup): 200 GET http://10.180.1.21/compute/v2.1/servers/c0d00a8d-7328-44ca-af02-649a06f2100b 0.178s
2024-10-11 02:27:29.319 62502 INFO tempest.lib.common.rest_client [req-ab0c21df-e925-454d-9ad4-03d93d4bd16d req-ab0c21df-e925-454d-9ad4-03d93d4bd16d ] Request (ImagesTestJSON:test_create_image_from_stopped_server): 200 GET http://10.180.1.21/compute/v2.1/servers/b7502223-d1fe-46f0-b382-c9b140032053 0.180s
2024-10-11 02:27:29.326 62502 INFO tempest.common.waiters [-] State transition "BUILD/scheduling" ==> "BUILD/None" after 68 second wait
2024-10-11 02:27:29.338 62478 INFO tempest.lib.common.rest_client [req-48a9d567-c838-42ca-90f6-8bbabf414a30 req-48a9d567-c838-42ca-90f6-8bbabf414a30 ] Request (MigrationsAdminTest:tearDownClass): 204 DELETE http://10.180.1.21:9696/networking/v2.0/security-groups/42b617ae-0dab-4ed6-8d33-a68c72d7ca4b 0.169s
2024-10-11 02:27:29.338 62466 INFO tempest.lib.common.rest_client [req-fc539b6a-3205-4fee-a36c-9bf0e5039c1d req-fc539b6a-3205-4fee-a36c-9bf0e5039c1d ] Request (ServerDiskConfigTestJSON:test_rebuild_server_with_manual_disk_config): 200 GET http://10.180.1.21/compute/v2.1/servers/7f7c79c7-bf03-43cf-b8c8-667fb603c0c9 0.192s
2024-10-11 02:27:29.360 62450 INFO tempest.lib.common.rest_client [req-8895e5f3-8520-4d59-acb5-be494458c4a9 req-8895e5f3-8520-4d59-acb5-be494458c4a9 ] Request (AttachInterfacesTestJSON:test_create_list_show_delete_interfaces_by_fixed_ip): 200 GET http://10.180.1.21/compute/v2.1/servers/de17155c-3290-4e13-908c-4eb7136c14f5 0.182s
2024-10-11 02:27:29.391 62472 INFO tempest.lib.common.rest_client [req-20b8d95a-8d86-4b38-992b-dfa17c9379f3 req-20b8d95a-8d86-4b38-992b-dfa17c9379f3 ] Request (InstanceActionsNegativeTestJSON:setUpClass): 200 GET http://10.180.1.21/compute/v2.1/servers/ae0533c1-8cb4-40f1-8737-0e476e72211d 0.194s
2024-10-11 02:27:29.401 62478 INFO tempest.lib.common.rest_client [req-96be7bb8-8a88-4b7c-a12f-c47c474aa489 req-96be7bb8-8a88-4b7c-a12f-c47c474aa489 ] Request (MigrationsAdminTest:tearDownClass): 204 DELETE http://10.180.1.21/identity/v3/projects/c352e7f4a5de4f8ea0ec3af02f966c31 0.063s
2024-10-11 02:27:29.402 62478 INFO tempest.lib.common.dynamic_creds [-] Deleting project and security group for project: 7c5138746f0b47979fe23427d6f28ed8
2024-10-11 02:27:29.404 62444 INFO tempest.lib.common.rest_client [req-63586214-6573-4b65-bf35-18f5c4d12cc3 req-63586214-6573-4b65-bf35-18f5c4d12cc3 ] Request (ServerMetadataTestJSON:setUpClass): 200 GET http://10.180.1.21/compute/v2.1/servers/b94e5378-d03a-4cc3-b835-31e72d3b0f75 0.202s
