2024-10-11 02:26:07.421 62472 INFO tempest.lib.common.rest_client [req-228cd083-aee7-417b-8d01-5570b9320b6d req-228cd083-aee7-417b-8d01-5570b9320b6d ] Request (InstanceActionsNegativeTestJSON:setUpClass): 201 POST http://10.180.1.21/identity/v3/auth/tokens 0.069s
2024-10-11 02:26:07.437 62446 INFO tempest.lib.common.rest_client [req-5c6a77df-300c-4b5c-8f3e-08bfd58334b2 req-5c6a77df-300c-4b5c-8f3e-08bfd58334b2 ] Request (FloatingIPsAssociationNegativeTestJSON:tearDownClass): 204 DELETE http://10.180.1.21:9696/networking/v2.0/security-groups/bd83a383-59a0-42cd-bed1-22f995676aca 0.325s
2024-10-11 02:26:07.458 62490 INFO tempest.lib.common.rest_client [req-77d3aee0-acbd-482d-be33-d047909f5e85 req-77d3aee0-acbd-482d-be33-d047909f5e85 ] Request (AttachInterfacesV270Test:test_create_get_list_interfaces): 200 GET http://10.180.1.21/compute/v2.1/servers/aaaa3c7d-0587-42fa-9f8f-2c3297f5636e 1.015s
2024-10-11 02:26:07.460 62472 INFO tempest.lib.common.rest_client [req-d6256336-cd40-4a34-943b-9b5564fd0b80 req-d6256336-cd40-4a34-943b-9b5564fd0b80 ] Request (InstanceActionsNegativeTestJSON:setUpClass): 201 POST http://10.180.1.21/identity/v3/auth/tokens 0.036s
2024-10-11 02:26:07.486 62472 INFO tempest.lib.common.rest_client [req-7ae5ef40-6201-4cfc-8bc4-c92857d77135 req-7ae5ef40-6201-4cfc-8bc4-c92857d77135 ] Request (InstanceActionsNegativeTestJSON:setUpClass): 200 GET http://10.180.1.21/identity/v3/domains?name=Default 0.026s
2024-10-11 02:26:07.492 62446 INFO tempest.lib.common.rest_client [req-f13b04ce-52fc-483e-8f51-c1cd561b3221 req-f13b04ce-52fc-483e-8f51-c1cd561b3221 ] Request (FloatingIPsAssociationNegativeTestJSON:tearDownClass): 204 DELETE http://10.180.1.21/identity/v3/projects/fab26d63a7e74a88a0915bf077d820a9 0.054s
2024-10-11 02:26:07.564 62470 INFO tempest.lib.common.rest_client [req-eccc699e-ebee-4d7e-94de-bbc084dabd7c req-eccc699e-ebee-4d7e-94de-bbc084dabd7c ] Request (ServerDiagnosticsV248Test:test_get_server_diagnostics): 200 GET http://10.180.1.21/compute/v2.1/servers/ec8f3da7-8886-4890-83a0-0e361e36334d 1.094s
2024-10-11 02:26:07.565 62446 INFO tempest.lib.common.rest_client [req-bea08b76-31e6-4199-8897-653c7c96c905 req-bea08b76-31e6-4199-8897-653c7c96c905 ] Request (ImagesOneServerTestJSON:setUpClass): 201 POST http://10.180.1.21/identity/v3/auth/tokens 0.063s
2024-10-11 02:26:07.577 62472 INFO tempest.lib.common.rest_client [req-30eb4edc-9399-484a-b6d6-15ff0a8003a1 req-30eb4edc-9399-484a-b6d6-15ff0a8003a1 ] Request (InstanceActionsNegativeTestJSON:setUpClass): 201 POST http://10.180.1.21/identity/v3/projects 0.088s
2024-10-11 02:26:07.596 62444 INFO tempest.lib.common.rest_client [req-f9946ac6-1f3e-432a-bf81-1449b389b20a req-f9946ac6-1f3e-432a-bf81-1449b389b20a ] Request (ServerMetadataTestJSON:setUpClass): 202 POST http://10.180.1.21/compute/v2.1/servers 1.599s
2024-10-11 02:26:07.658 62472 INFO tempest.lib.common.rest_client [req-21426504-bc58-436b-b9ac-0f59f81c02c1 req-21426504-bc58-436b-b9ac-0f59f81c02c1 ] Request (InstanceActionsNegativeTestJSON:setUpClass): 201 POST http://10.180.1.21/identity/v3/users 0.080s
2024-10-11 02:26:07.674 62446 INFO tempest.lib.common.rest_client [req-06f00bd3-3ac2-4841-bf4d-6d0c6b963afc req-06f00bd3-3ac2-4841-bf4d-6d0c6b963afc ] Request (ImagesOneServerTestJSON:setUpClass): 201 POST http://10.180.1.21/identity/v3/auth/tokens 0.106s
2024-10-11 02:26:07.696 62472 INFO tempest.lib.common.rest_client [req-75c4622d-940e-4a3e-816a-5d1aabdc48c4 req-75c4622d-940e-4a3e-816a-5d1aabdc48c4 ] Request (InstanceActionsNegativeTestJSON:setUpClass): 200 GET http://10.180.1.21/identity/v3/roles 0.037s
2024-10-11 02:26:07.705 62446 INFO tempest.lib.common.rest_client [req-eb52a2a8-bd32-4b64-81be-9185201a2c25 req-eb52a2a8-bd32-4b64-81be-9185201a2c25 ] Request (ImagesOneServerTestJSON:setUpClass): 200 GET http://10.180.1.21/identity/v3/domains?name=Default 0.031s
2024-10-11 02:26:07.718 62458 INFO tempest.lib.common.rest_client [req-c24afe1c-d019-4871-bf73-0aa4dfdffd18 req-c24afe1c-d019-4871-bf73-0aa4dfdffd18 ] Request (ServersAdmin275Test:test_rebuild_update_server_275): 200 GET http://10.180.1.21/compute/v2.1/servers/5f05d6dd-60c6-4ebc-95c3-951b0f9c4106 1.179s
2024-10-11 02:26:07.730 62484 INFO tempest.lib.common.rest_client [req-adfd1168-6726-4997-b7c8-bbd2d46bc0a0 req-adfd1168-6726-4997-b7c8-bbd2d46bc0a0 ] Request (DeleteServersAdminTestJSON:test_delete_server_while_in_error_state): 200 GET http://10.180.1.21/compute/v2.1/servers/8217f3d9-34f6-4df0-9552-982e257f35cd 1.113s
2024-10-11 02:26:07.751 62446 INFO tempest.lib.common.rest_client [req-1ccf1b93-790e-4b82-9ffe-436ca0425e6c req-1ccf1b93-790e-4b82-9ffe-436ca0425e6c ] Request (ImagesOneServerTestJSON:setUpClass): 201 POST http://10.180.1.21/identity/v3/projects 0.045s
2024-10-11 02:26:07.757 62472 INFO tempest.lib.common.rest_client [req-6318450c-c3c5-485f-b81c-8a411870edc2 req-6318450c-c3c5-485f-b81c-8a411870edc2 ] Request (InstanceActionsNegativeTestJSON:setUpClass): 204 PUT http://10.180.1.21/identity/v3/projects/9e3015dad2324bc295b3ae6c624bc9f5/users/13f9daa777024fca87ebf2274a8dafee/roles/564f408adcea4b72abe242d0585736ef 0.061s
2024-10-11 02:26:07.757 62472 INFO tempest.lib.common.dynamic_creds [-] Dynamic test user 13f9daa777024fca87ebf2274a8dafee is created with scope project and roles: ['member']
2024-10-11 02:26:07.757 62472 INFO tempest.lib.common.dynamic_creds [-] Acquired dynamic creds: credentials: Credentials: {'domain_id': 'default', 'domain_name': 'Default', 'username': 'tempest-InstanceActionsNegativeTestJSON-1094886232-project-member', 'project_domain_id': 'default', 'project_domain_name': 'Default', 'project_id': '9e3015dad2324bc295b3ae6c624bc9f5', 'project_name': 'tempest-InstanceActionsNegativeTestJSON-1094886232', 'tenant_id': '9e3015dad2324bc295b3ae6c624bc9f5', 'tenant_name': 'tempest-InstanceActionsNegativeTestJSON-1094886232', 'user_domain_id': 'default', 'user_domain_name': 'Default', 'user_id': '13f9daa777024fca87ebf2274a8dafee', 'system': None}, Network: None, Subnet: None, Router: None
2024-10-11 02:26:07.860 62456 INFO tempest.lib.common.rest_client [req-e911e8ac-a621-40d5-b153-ce43e730f66f req-e911e8ac-a621-40d5-b153-ce43e730f66f ] Request (ServersTestManualDisk:setUpClass): 201 POST http://10.180.1.21:9696/networking/v2.0/security-group-rules 0.686s
2024-10-11 02:26:07.871 62452 INFO tempest.lib.common.rest_client [req-ea6e4f09-148b-49e4-8b10-613aa53ff1e6 req-ea6e4f09-148b-49e4-8b10-613aa53ff1e6 ] Request (ServersTestJSON:setUpClass): 201 POST http://10.180.1.21:9696/networking/v2.0/subnets 1.124s
2024-10-11 02:26:07.872 62472 INFO tempest.lib.common.rest_client [req-e3c9e394-2a2a-4de9-841f-ba99acc3db0c req-e3c9e394-2a2a-4de9-841f-ba99acc3db0c ] Request (InstanceActionsNegativeTestJSON:setUpClass): 201 POST http://10.180.1.21/identity/v3/auth/tokens 0.114s
2024-10-11 02:26:07.893 62476 INFO tempest.lib.common.rest_client [req-686ecd17-ce19-4954-89f0-56619143a79e req-686ecd17-ce19-4954-89f0-56619143a79e ] Request (ServerTagsTestJSON:setUpClass): 200 GET http://10.180.1.21/compute/v2.1/servers/2562407c-ac70-423a-98b7-3c9533d257a0 1.140s
2024-10-11 02:26:07.907 62446 INFO tempest.lib.common.rest_client [req-500555cb-6ee9-4d9b-a601-424ee13b1407 req-500555cb-6ee9-4d9b-a601-424ee13b1407 ] Request (ImagesOneServerTestJSON:setUpClass): 201 POST http://10.180.1.21/identity/v3/users 0.155s
2024-10-11 02:26:07.928 62474 INFO tempest.lib.common.rest_client [req-71c3a102-ad6f-4712-bf9f-c05e46b75ce7 req-71c3a102-ad6f-4712-bf9f-c05e46b75ce7 ] Request (VolumesAssistedSnapshotsTest:tearDownClass): 202 DELETE http://10.180.1.21/compute/v2.1/os-keypairs/tempest-keypair-2002372619 1.023s
2024-10-11 02:26:07.934 62446 INFO tempest.lib.common.rest_client [req-f2a6d0c5-3ab1-46f5-b6c3-4e9d4e54c9e7 req-f2a6d0c5-3ab1-46f5-b6c3-4e9d4e54c9e7 ] Request (ImagesOneServerTestJSON:setUpClass): 200 GET http://10.180.1.21/identity/v3/roles 0.027s
2024-10-11 02:26:07.984 62446 INFO tempest.lib.common.rest_client [req-bd5fcdda-a384-468f-9a0a-63b279b4df03 req-bd5fcdda-a384-468f-9a0a-63b279b4df03 ] Request (ImagesOneServerTestJSON:setUpClass): 204 PUT http://10.180.1.21/identity/v3/projects/0627a27be1b846819f948c2032cf7a5d/users/9bb52877ce3342129f694e214ed4dc67/roles/564f408adcea4b72abe242d0585736ef 0.049s
2024-10-11 02:26:07.984 62446 INFO tempest.lib.common.dynamic_creds [-] Dynamic test user 9bb52877ce3342129f694e214ed4dc67 is created with scope project and roles: ['member']
2024-10-11 02:26:07.984 62446 INFO tempest.lib.common.dynamic_creds [-] Acquired dynamic creds: credentials: Credentials: {'domain_id': 'default', 'domain_name': 'Default', 'username': 'tempest-ImagesOneServerTestJSON-1522433765-project-member', 'project_domain_id': 'default', 'project_domain_name': 'Default', 'project_id': '0627a27be1b846819f948c2032cf7a5d', 'project_name': 'tempest-ImagesOneServerTestJSON-1522433765', 'tenant_id': '0627a27be1b846819f948c2032cf7a5d', 'tenant_name': 'tempest-ImagesOneServerTestJSON-1522433765', 'user_domain_id': 'default', 'user_domain_name': 'Default', 'user_id': '9bb52877ce3342129f694e214ed4dc67', 'system': None}, Network: None, Subnet: None, Router: None
2024-10-11 02:26:08.061 62446 INFO tempest.lib.common.rest_client [req-06d96ee7-7563-4678-9593-5b1158f70f98 req-06d96ee7-7563-4678-9593-5b1158f70f98 ] Request (ImagesOneServerTestJSON:setUpClass): 201 POST http://10.180.1.21/identity/v3/auth/tokens 0.077s
2024-10-11 02:26:08.063 62494 INFO tempest.lib.common.rest_client [req-cae04220-ee86-4ce9-bb6c-b134a5c609bc req-cae04220-ee86-4ce9-bb6c-b134a5c609bc ] Request (ServersTestJSON:setUpClass): 200 GET http://10.180.1.21/compute/v2.1/servers/69522ff9-6363-4b95-a679-801598a3b2f1 1.145s
2024-10-11 02:26:08.248 62462 INFO tempest.lib.common.rest_client [req-d6830449-b7f2-440f-a27a-f8994119c4dd req-d6830449-b7f2-440f-a27a-f8994119c4dd ] Request (ServersTestBootFromVolume:setUpClass): 200 GET http://10.180.1.21/compute/v2.1/servers/ca3cf85a-8f0e-4213-8447-3d37ff4ec328 1.325s
2024-10-11 02:26:08.263 62486 INFO tempest.lib.common.rest_client [req-4c63b70b-2e99-4c12-869c-30c9efb0260b req-4c63b70b-2e99-4c12-869c-30c9efb0260b ] Request (ImagesNegativeTestJSON:setUpClass): 200 PUT http://10.180.1.21:9696/networking/v2.0/routers/fc58bd72-67a0-409c-93e2-476744efce01/add_router_interface 2.823s
2024-10-11 02:26:08.263 62486 INFO tempest.lib.common.dynamic_creds [-] Created isolated network resources for: credentials: Credentials: {'domain_id': 'default', 'domain_name': 'Default', 'username': 'tempest-ImagesNegativeTestJSON-1731416438-project-member', 'project_domain_id': 'default', 'project_domain_name': 'Default', 'project_id': 'e6979e8ab01948b29ff012384e3d0dc8', 'project_name': 'tempest-ImagesNegativeTestJSON-1731416438', 'tenant_id': 'e6979e8ab01948b29ff012384e3d0dc8', 'tenant_name': 'tempest-ImagesNegativeTestJSON-1731416438', 'user_domain_id': 'default', 'user_domain_name': 'Default', 'user_id': 'cbe832973586476f9813db23832b2b57', 'system': None}, Network: {'id': '9c1accb2-769d-48b2-9701-f634d6720523', 'name': 'tempest-ImagesNegativeTestJSON-1731014359-network', 'tenant_id': 'e6979e8ab01948b29ff012384e3d0dc8', 'admin_state_up': True, 'mtu': 8950, 'status': 'ACTIVE', 'subnets': [], 'shared': False, 'project_id': 'e6979e8ab01948b29ff012384e3d0dc8', 'port_security_enabled': True, 'router:external': False, 'provider:network_type': 'vlan', 'provider:physical_network': 'default', 'provider:segmentation_id': 772, 'is_default': False, 'availability_zone_hints': [], 'availability_zones': [], 'ipv4_address_scope': None, 'ipv6_address_scope': None, 'description': '', 'tags': [], 'created_at': '2024-10-11T02:26:00Z', 'updated_at': '2024-10-11T02:26:00Z', 'revision_number': 1}, Subnet: {'id': '112443cd-2a74-42ee-8b5c-6d1c5886e7aa', 'name': 'tempest-ImagesNegativeTestJSON-1731014359-subnet', 'tenant_id': 'e6979e8ab01948b29ff012384e3d0dc8', 'network_id': '9c1accb2-769d-48b2-9701-f634d6720523', 'ip_version': 4, 'subnetpool_id': None, 'enable_dhcp': True, 'ipv6_ra_mode': None, 'ipv6_address_mode': None, 'gateway_ip': '192.168.128.1', 'cidr': '192.168.128.0/28', 'allocation_pools': [{'start': '192.168.128.2', 'end': '192.168.128.14'}], 'host_routes': [], 'dns_nameservers': [], 'description': '', 'router:external': False, 'service_types': [], 'tags': [], 'created_at': '2024-10-11T02:26:00Z', 'updated_at': '2024-10-11T02:26:00Z', 'revision_number': 0, 'project_id': 'e6979e8ab01948b29ff012384e3d0dc8'}, Router: {'id': 'fc58bd72-67a0-409c-93e2-476744efce01', 'name': 'tempest-ImagesNegativeTestJSON-1731014359-router', 'tenant_id': 'e6979e8ab01948b29ff012384e3d0dc8', 'admin_state_up': True, 'status': 'ACTIVE', 'external_gateway_info': {'network_id': '0e84150c-3186-4449-936d-4d129e44529b', 'external_fixed_ips': [{'subnet_id': '91a3ed12-4b0c-4185-ba2b-663e807eec11', 'ip_address': '10.180.180.226'}], 'enable_snat': True}, 'description': '', 'availability_zones': [], 'distributed': False, 'ha': False, 'availability_zone_hints': [], 'routes': [], 'flavor_id': None, 'tags': [], 'created_at': '2024-10-11T02:26:01Z', 'updated_at': '2024-10-11T02:26:03Z', 'revision_number': 2, 'project_id': 'e6979e8ab01948b29ff012384e3d0dc8'}
2024-10-11 02:26:08.366 62486 INFO tempest.lib.common.rest_client [req-f9d47eb2-f0de-4415-9ed1-926c2b49efcd req-f9d47eb2-f0de-4415-9ed1-926c2b49efcd ] Request (ImagesNegativeTestJSON:setUpClass): 201 POST http://10.180.1.21/identity/v3/auth/tokens 0.097s
2024-10-11 02:26:08.412 62502 INFO tempest.lib.common.rest_client [req-14030a93-5bf0-44a9-b77e-02213ef41abe req-14030a93-5bf0-44a9-b77e-02213ef41abe ] Request (QuotasAdminTestV257:test_get_updated_quotas): 200 GET http://10.180.1.21/compute/v2.1/os-quota-sets/fce1a720d53741798132778cf8f2260c?user_id=fe96f0f548aa4951996d99a14c85f113 1.453s
2024-10-11 02:26:08.428 62486 INFO tempest.lib.common.rest_client [req-6570c52d-a0e9-4b3a-bf0e-4c60811bdc54 req-6570c52d-a0e9-4b3a-bf0e-4c60811bdc54 ] Request (ImagesNegativeTestJSON:test_create_image_from_deleted_server): 201 POST http://10.180.1.21/identity/v3/auth/tokens 0.055s
2024-10-11 02:26:08.429 62486 INFO tempest.lib.common.fixed_network [-] (ImagesNegativeTestJSON:test_create_image_from_deleted_server) Found network {'id': '9c1accb2-769d-48b2-9701-f634d6720523', 'name': 'tempest-ImagesNegativeTestJSON-1731014359-network', 'tenant_id': 'e6979e8ab01948b29ff012384e3d0dc8', 'admin_state_up': True, 'mtu': 8950, 'status': 'ACTIVE', 'subnets': [], 'shared': False, 'project_id': 'e6979e8ab01948b29ff012384e3d0dc8', 'port_security_enabled': True, 'router:external': False, 'provider:network_type': 'vlan', 'provider:physical_network': 'default', 'provider:segmentation_id': 772, 'is_default': False, 'availability_zone_hints': [], 'availability_zones': [], 'ipv4_address_scope': None, 'ipv6_address_scope': None, 'description': '', 'tags': [], 'created_at': '2024-10-11T02:26:00Z', 'updated_at': '2024-10-11T02:26:00Z', 'revision_number': 1} available for tenant
2024-10-11 02:26:08.432 62482 INFO tempest.lib.common.rest_client [req-dbfc487f-dee4-43de-85fd-37eb97582c7c req-dbfc487f-dee4-43de-85fd-37eb97582c7c ] Request (HypervisorAdminNegativeUnderV252Test:test_show_servers_with_nonexistent_hypervisor): 404 GET http://10.180.1.21/compute/v2.1/os-hypervisors/55cab868-b652-4281-8c66-30a1fc47b97a/servers 1.469s
2024-10-11 02:26:08.519 62502 INFO tempest.lib.common.rest_client [req-f0bddc45-755e-4f49-ab6a-d323b24c1e29 req-f0bddc45-755e-4f49-ab6a-d323b24c1e29 ] Request (QuotasAdminTestV257:_run_cleanups): 204 DELETE http://10.180.1.21/identity/v3/users/fe96f0f548aa4951996d99a14c85f113 0.105s
2024-10-11 02:26:08.532 62482 INFO tempest.lib.common.rest_client [req-971e578e-5061-4ead-85e1-a2dd7776d04b req-971e578e-5061-4ead-85e1-a2dd7776d04b ] Request (HypervisorAdminNegativeUnderV252Test:tearDownClass): 204 DELETE http://10.180.1.21/identity/v3/users/ef9b337dcf724a4689704596f71e88d9 0.097s
2024-10-11 02:26:08.622 62508 INFO tempest.lib.common.rest_client [req-99d6902a-6527-4bb7-ba3b-9c04179cb98c req-99d6902a-6527-4bb7-ba3b-9c04179cb98c ] Request (SecurityGroupsTestJSON:test_list_security_groups_by_server): 200 GET http://10.180.1.21/compute/v2.1/servers/96c9652e-84b1-42d6-9109-d684e6c56243 1.576s
2024-10-11 02:26:08.632 62482 INFO tempest.lib.common.rest_client [req-e371f731-46c6-4811-999d-27ec4486afc7 req-e371f731-46c6-4811-999d-27ec4486afc7 ] Request (HypervisorAdminNegativeUnderV252Test:tearDownClass): 204 DELETE http://10.180.1.21/identity/v3/users/7e5e464714b94f6fa22b9b807f18eeb3 0.100s
2024-10-11 02:26:08.633 62482 INFO tempest.lib.common.dynamic_creds [-] Deleting project and security group for project: d468bf2a02014d0c8f3a6c00d31bb17e
2024-10-11 02:26:08.695 62482 INFO tempest.lib.common.rest_client [req-240d93cc-f8a2-4b6f-bd3d-c6704704517b req-240d93cc-f8a2-4b6f-bd3d-c6704704517b ] Request (HypervisorAdminNegativeUnderV252Test:tearDownClass): 201 POST http://10.180.1.21/identity/v3/auth/tokens 0.062s
2024-10-11 02:26:08.695 62502 INFO tempest.lib.common.rest_client [req-9a7b2e56-9d3f-43b9-ab10-718708719735 req-9a7b2e56-9d3f-43b9-ab10-718708719735 ] Request (QuotasAdminTestV257:_run_cleanups): 204 DELETE http://10.180.1.21/identity/v3/projects/fce1a720d53741798132778cf8f2260c 0.175s
2024-10-11 02:26:08.755 62474 INFO tempest.lib.common.rest_client [req-9dd7a81b-62fc-46e0-8d8a-3e7b4e850cb9 req-9dd7a81b-62fc-46e0-8d8a-3e7b4e850cb9 ] Request (VolumesAssistedSnapshotsTest:tearDownClass): 204 DELETE http://10.180.1.21:9696/networking/v2.0/security-groups/31e7969d-fb5b-4ce4-b785-60dce10106d5 0.826s
2024-10-11 02:26:08.784 62474 INFO tempest.lib.common.rest_client [req-f6468f0a-b5ae-4116-850d-299c0fe11515 req-f6468f0a-b5ae-4116-850d-299c0fe11515 ] Request (VolumesAssistedSnapshotsTest:tearDownClass): 404 GET http://10.180.1.21:9696/networking/v2.0/security-groups/31e7969d-fb5b-4ce4-b785-60dce10106d5 0.029s
2024-10-11 02:26:08.808 62502 INFO tempest.lib.common.rest_client [req-3141d07d-d7c8-4d90-9b61-5435a4f7074c req-3141d07d-d7c8-4d90-9b61-5435a4f7074c ] Request (QuotasAdminTestV257:tearDownClass): 204 DELETE http://10.180.1.21/identity/v3/users/fb4601404226472fb0f7bce96326829f 0.110s
2024-10-11 02:26:08.824 62464 INFO tempest.lib.common.rest_client [req-9ac81d49-3c2a-46a8-8582-8cc385e82304 req-9ac81d49-3c2a-46a8-8582-8cc385e82304 ] Request (ServersTestMultiNic:setUpClass): 201 POST http://10.180.1.21:9696/networking/v2.0/routers 2.055s
2024-10-11 02:26:08.918 62502 INFO tempest.lib.common.rest_client [req-28ac8953-74ec-4b21-8dcb-e3f95ba4b1ad req-28ac8953-74ec-4b21-8dcb-e3f95ba4b1ad ] Request (QuotasAdminTestV257:tearDownClass): 204 DELETE http://10.180.1.21/identity/v3/users/174775e458a34d6fa6a2de1769430afa 0.109s
2024-10-11 02:26:08.918 62502 INFO tempest.lib.common.dynamic_creds [-] Deleting project and security group for project: d836d232106b43fe9782e434722ccdbc
2024-10-11 02:26:08.924 62446 INFO tempest.lib.common.rest_client [req-fcefdd32-5b6c-48cf-90b6-bd1f1c66f207 req-fcefdd32-5b6c-48cf-90b6-bd1f1c66f207 ] Request (ImagesOneServerTestJSON:setUpClass): 201 POST http://10.180.1.21:9696/networking/v2.0/networks 0.862s
2024-10-11 02:26:08.988 62502 INFO tempest.lib.common.rest_client [req-25aa335e-1999-4187-b990-36a09fb4b1b7 req-25aa335e-1999-4187-b990-36a09fb4b1b7 ] Request (QuotasAdminTestV257:tearDownClass): 201 POST http://10.180.1.21/identity/v3/auth/tokens 0.069s
2024-10-11 02:26:09.336 62502 INFO tempest.lib.common.rest_client [req-dc9d87fd-7dcb-4a7b-9fa4-ae148b326004 req-dc9d87fd-7dcb-4a7b-9fa4-ae148b326004 ] Request (QuotasAdminTestV257:tearDownClass): 200 GET http://10.180.1.21:9696/networking/v2.0/security-groups?tenant_id=d836d232106b43fe9782e434722ccdbc&name=default 0.348s
2024-10-11 02:26:09.354 62456 INFO tempest.lib.common.rest_client [req-22cfb34b-8dc6-4112-9f8a-b29fa0f0a6fb req-22cfb34b-8dc6-4112-9f8a-b29fa0f0a6fb ] Request (ServersTestManualDisk:setUpClass): 201 POST http://10.180.1.21:9696/networking/v2.0/floatingips 1.493s
2024-10-11 02:26:09.409 62497 INFO tempest.lib.common.rest_client [req-7df1330a-f5f6-49d7-a1d3-f1a7ce1089c8 req-7df1330a-f5f6-49d7-a1d3-f1a7ce1089c8 ] Request (ListServersNegativeTestJSON:setUpClass): 200 GET http://10.180.1.21/compute/v2.1/servers/1be28c2f-a562-4620-a618-b556e941c57f 2.359s
2024-10-11 02:26:09.415 62497 INFO tempest.common.waiters [-] State transition "BUILD/None" ==> "BUILD/spawning" after 22 second wait
2024-10-11 02:26:09.427 62456 INFO tempest.lib.common.rest_client [req-89fb5a5b-5ab8-41a7-9608-64dedc421fb6 req-89fb5a5b-5ab8-41a7-9608-64dedc421fb6 ] Request (ServersTestManualDisk:setUpClass): 201 POST http://10.180.1.21/identity/v3/auth/tokens 0.069s
2024-10-11 02:26:09.428 62456 INFO tempest.lib.common.fixed_network [-] (ServersTestManualDisk:setUpClass) Found network {'id': '882bf4a0-83d6-4831-ad0a-d8f0931fa8bd', 'name': 'tempest-ServersTestManualDisk-2001065737-network', 'tenant_id': 'f0c9fb72d060486384c4dfe96e57a7cc', 'admin_state_up': True, 'mtu': 8950, 'status': 'ACTIVE', 'subnets': [], 'shared': False, 'project_id': 'f0c9fb72d060486384c4dfe96e57a7cc', 'port_security_enabled': True, 'router:external': False, 'provider:network_type': 'vlan', 'provider:physical_network': 'default', 'provider:segmentation_id': 546, 'is_default': False, 'availability_zone_hints': [], 'availability_zones': [], 'ipv4_address_scope': None, 'ipv6_address_scope': None, 'description': '', 'tags': [], 'created_at': '2024-10-11T02:25:58Z', 'updated_at': '2024-10-11T02:25:58Z', 'revision_number': 1} available for tenant
2024-10-11 02:26:09.457 62472 INFO tempest.lib.common.rest_client [req-f1d7c756-3b93-40d3-b19c-871f64c890db req-f1d7c756-3b93-40d3-b19c-871f64c890db ] Request (InstanceActionsNegativeTestJSON:setUpClass): 201 POST http://10.180.1.21:9696/networking/v2.0/networks 1.585s
2024-10-11 02:26:09.514 62460 INFO tempest.lib.common.rest_client [req-a94908f9-f879-4bb2-8575-d1285d802498 req-a94908f9-f879-4bb2-8575-d1285d802498 ] Request (ServersAdminNegativeTestJSON:setUpClass): 200 GET http://10.180.1.21/compute/v2.1/servers/f66f7fdb-5ae1-48c4-9886-3d7d9d91b8cd 2.137s
2024-10-11 02:26:09.562 62446 INFO tempest.lib.common.rest_client [req-c656fea1-fd66-4d27-bcba-360013347278 req-c656fea1-fd66-4d27-bcba-360013347278 ] Request (ImagesOneServerTestJSON:setUpClass): 201 POST http://10.180.1.21:9696/networking/v2.0/subnets 0.637s
2024-10-11 02:26:09.619 62466 INFO tempest.lib.common.rest_client [req-54db96c7-165f-4963-b0f8-fcb400063b7f req-54db96c7-165f-4963-b0f8-fcb400063b7f ] Request (ServerDiskConfigTestJSON:test_rebuild_server_with_auto_disk_config): 200 GET http://10.180.1.21/compute/v2.1/servers/f37b8355-3c4c-4c11-a6bc-95a1a18a4cd0 2.044s
2024-10-11 02:26:09.649 62482 INFO tempest.lib.common.rest_client [req-b85d47cb-50cb-43e6-ac63-de8d2b492c8c req-b85d47cb-50cb-43e6-ac63-de8d2b492c8c ] Request (HypervisorAdminNegativeUnderV252Test:tearDownClass): 200 GET http://10.180.1.21:9696/networking/v2.0/security-groups?tenant_id=d468bf2a02014d0c8f3a6c00d31bb17e&name=default 0.953s
2024-10-11 02:26:09.651 62454 INFO tempest.lib.common.rest_client [req-bb677567-480c-4ba5-9539-2b8fbc0d1868 req-bb677567-480c-4ba5-9539-2b8fbc0d1868 ] Request (InstanceActionsTestJSON:setUpClass): 202 POST http://10.180.1.21/compute/v2.1/servers 2.994s
2024-10-11 02:26:09.712 62444 INFO tempest.lib.common.rest_client [req-8fa37b43-683c-4065-a927-6e0667221e66 req-8fa37b43-683c-4065-a927-6e0667221e66 ] Request (ServerMetadataTestJSON:setUpClass): 200 GET http://10.180.1.21/compute/v2.1/servers/b94e5378-d03a-4cc3-b835-31e72d3b0f75 2.115s
2024-10-11 02:26:09.737 62502 INFO tempest.lib.common.rest_client [req-f64cedfc-9b27-4d4c-991c-ffdd4baaf0a7 req-f64cedfc-9b27-4d4c-991c-ffdd4baaf0a7 ] Request (QuotasAdminTestV257:tearDownClass): 204 DELETE http://10.180.1.21:9696/networking/v2.0/security-groups/bcd663a4-8dd6-47d6-aecb-3b454fa99d02 0.401s
2024-10-11 02:26:09.757 62450 INFO tempest.lib.common.rest_client [req-8869d53d-5a11-4015-8e14-6c82506878c0 req-8869d53d-5a11-4015-8e14-6c82506878c0 ] Request (FloatingIPsAssociationTestJSON:setUpClass): 200 GET http://10.180.1.21/compute/v2.1/servers/f32adc33-851f-47eb-8415-9895d1c14a05 2.062s
2024-10-11 02:26:09.811 62502 INFO tempest.lib.common.rest_client [req-5921761b-002e-493a-893f-76e4e5255fb3 req-5921761b-002e-493a-893f-76e4e5255fb3 ] Request (QuotasAdminTestV257:tearDownClass): 204 DELETE http://10.180.1.21/identity/v3/projects/d836d232106b43fe9782e434722ccdbc 0.073s
2024-10-11 02:26:09.811 62502 INFO tempest.lib.common.dynamic_creds [-] Deleting project and security group for project: d4c85441f17a4cd0bd88aaf90763349a
2024-10-11 02:26:09.828 62478 INFO tempest.lib.common.rest_client [req-69082ba1-f98e-4c9b-a889-88ab8f89c348 req-69082ba1-f98e-4c9b-a889-88ab8f89c348 ] Request (MigrationsAdminTest:test_resize_server_revert_deleted_flavor): 200 GET http://10.180.1.21/compute/v2.1/servers/f28f0f10-5eb0-4150-b712-467e72a6ccbd 2.006s
2024-10-11 02:26:09.871 62468 INFO tempest.lib.common.rest_client [req-f8f04673-b0a4-40d7-b515-bbbf43cc378c req-f8f04673-b0a4-40d7-b515-bbbf43cc378c ] Request (ServersWithSpecificFlavorTestJSON:test_verify_created_server_ephemeral_disk): 200 GET http://10.180.1.21/compute/v2.1/servers/8da22054-8330-45d8-ab5d-9517233216fb 1.794s
2024-10-11 02:26:09.940 62488 INFO tempest.lib.common.rest_client [req-8cc5e586-c920-4d62-a566-2ade1e278d80 req-8cc5e586-c920-4d62-a566-2ade1e278d80 ] Request (ServerExternalEventsTest:test_create_server_external_events): 200 GET http://10.180.1.21/compute/v2.1/servers/74c893db-c3aa-461b-86a9-fadfb1519c9e 1.763s
2024-10-11 02:26:09.971 62498 INFO tempest.lib.common.rest_client [req-ad2ad147-0278-4661-aa54-0784cfa2aa5c req-ad2ad147-0278-4661-aa54-0784cfa2aa5c ] Request (ServerRescueTestJSON:setUpClass): 200 GET http://10.180.1.21/compute/v2.1/servers/84d869a9-4772-4c89-a931-8b093ca7d1b4 1.696s
2024-10-11 02:26:10.033 62482 INFO tempest.lib.common.rest_client [req-043fc492-b8ce-4371-b8aa-355417629b34 req-043fc492-b8ce-4371-b8aa-355417629b34 ] Request (HypervisorAdminNegativeUnderV252Test:tearDownClass): 204 DELETE http://10.180.1.21:9696/networking/v2.0/security-groups/df7e647c-942c-4024-be01-612ea35ab6eb 0.384s
2024-10-11 02:26:10.044 62504 INFO tempest.lib.common.rest_client [req-1e9273fd-7c22-4ed5-b15b-dfbf2bf33bec req-1e9273fd-7c22-4ed5-b15b-dfbf2bf33bec ] Request (ServersTestFqdnHostnames:test_create_server_with_fqdn_name): 200 GET http://10.180.1.21/compute/v2.1/servers/8e60cc65-fc1c-4460-a32d-d7fed2c95994 1.671s
2024-10-11 02:26:10.066 62474 INFO tempest.lib.common.rest_client [req-856a2342-e644-4e0c-af1d-c89a8027150f req-856a2342-e644-4e0c-af1d-c89a8027150f ] Request (VolumesAssistedSnapshotsTest:tearDownClass): 204 DELETE http://10.180.1.21:9696/networking/v2.0/floatingips/c736eb4b-1419-4f35-a235-5072ca99645a 1.281s
2024-10-11 02:26:10.089 62474 INFO tempest.lib.common.rest_client [req-f2a18956-97fb-44d1-8453-02ff057f2af6 req-f2a18956-97fb-44d1-8453-02ff057f2af6 ] Request (VolumesAssistedSnapshotsTest:tearDownClass): 404 DELETE http://10.180.1.21/volume/v3/volumes/c19cb614-4fef-427b-81b7-1071ec65c7ce 0.022s
2024-10-11 02:26:10.106 62474 INFO tempest.lib.common.rest_client [req-5e5daad9-0c3d-43ee-b906-955bd495335e req-5e5daad9-0c3d-43ee-b906-955bd495335e ] Request (VolumesAssistedSnapshotsTest:tearDownClass): 404 GET http://10.180.1.21/volume/v3/volumes/c19cb614-4fef-427b-81b7-1071ec65c7ce 0.016s
2024-10-11 02:26:10.161 62482 INFO tempest.lib.common.rest_client [req-21c3045f-6cba-40c6-8585-8a657de9a630 req-21c3045f-6cba-40c6-8585-8a657de9a630 ] Request (HypervisorAdminNegativeUnderV252Test:tearDownClass): 204 DELETE http://10.180.1.21/identity/v3/projects/d468bf2a02014d0c8f3a6c00d31bb17e 0.127s
2024-10-11 02:26:10.162 62482 INFO tempest.lib.common.dynamic_creds [-] Deleting project and security group for project: 25cba5aa63f04d62acdaae446adfceff
2024-10-11 02:26:10.163 62502 INFO tempest.lib.common.rest_client [req-d17cf920-4b80-4067-a7fe-c465541d2930 req-d17cf920-4b80-4067-a7fe-c465541d2930 ] Request (QuotasAdminTestV257:tearDownClass): 200 GET http://10.180.1.21:9696/networking/v2.0/security-groups?tenant_id=d4c85441f17a4cd0bd88aaf90763349a&name=default 0.351s
2024-10-11 02:26:10.165 62472 INFO tempest.lib.common.rest_client [req-24b255fd-7185-430b-b5ab-708ace20bc4b req-24b255fd-7185-430b-b5ab-708ace20bc4b ] Request (InstanceActionsNegativeTestJSON:setUpClass): 201 POST http://10.180.1.21:9696/networking/v2.0/subnets 0.707s
2024-10-11 02:26:10.301 62490 INFO tempest.lib.common.rest_client [req-b6f6c32c-b148-4990-b04a-e5e5a82c6177 req-b6f6c32c-b148-4990-b04a-e5e5a82c6177 ] Request (AttachInterfacesV270Test:test_create_get_list_interfaces): 200 GET http://10.180.1.21/compute/v2.1/servers/aaaa3c7d-0587-42fa-9f8f-2c3297f5636e 1.834s
2024-10-11 02:26:10.411 62470 INFO tempest.lib.common.rest_client [req-590095ec-3b91-4ad7-ab9a-3ae7169ce46b req-590095ec-3b91-4ad7-ab9a-3ae7169ce46b ] Request (ServerDiagnosticsV248Test:test_get_server_diagnostics): 200 GET http://10.180.1.21/compute/v2.1/servers/ec8f3da7-8886-4890-83a0-0e361e36334d 1.834s
2024-10-11 02:26:10.534 62458 INFO tempest.lib.common.rest_client [req-98c00cf9-66b2-430d-a551-9924d3a1217a req-98c00cf9-66b2-430d-a551-9924d3a1217a ] Request (ServersAdmin275Test:test_rebuild_update_server_275): 200 GET http://10.180.1.21/compute/v2.1/servers/5f05d6dd-60c6-4ebc-95c3-951b0f9c4106 1.801s
2024-10-11 02:26:10.638 62484 INFO tempest.lib.common.rest_client [req-3eef3f33-70e2-41fb-be01-b852566e8153 req-3eef3f33-70e2-41fb-be01-b852566e8153 ] Request (DeleteServersAdminTestJSON:test_delete_server_while_in_error_state): 200 GET http://10.180.1.21/compute/v2.1/servers/8217f3d9-34f6-4df0-9552-982e257f35cd 1.892s
2024-10-11 02:26:10.751 62476 INFO tempest.lib.common.rest_client [req-636f0caa-013c-4135-a784-9394490603f2 req-636f0caa-013c-4135-a784-9394490603f2 ] Request (ServerTagsTestJSON:setUpClass): 200 GET http://10.180.1.21/compute/v2.1/servers/2562407c-ac70-423a-98b7-3c9533d257a0 1.847s
2024-10-11 02:26:10.843 62482 INFO tempest.lib.common.rest_client [req-c051f81e-f0e2-4a42-af6a-5d06ff9ead70 req-c051f81e-f0e2-4a42-af6a-5d06ff9ead70 ] Request (HypervisorAdminNegativeUnderV252Test:tearDownClass): 200 GET http://10.180.1.21:9696/networking/v2.0/security-groups?tenant_id=25cba5aa63f04d62acdaae446adfceff&name=default 0.681s
2024-10-11 02:26:10.867 62494 INFO tempest.lib.common.rest_client [req-c1bbe982-1d85-47f8-8aaa-45b18fca32d4 req-c1bbe982-1d85-47f8-8aaa-45b18fca32d4 ] Request (ServersTestJSON:setUpClass): 200 GET http://10.180.1.21/compute/v2.1/servers/69522ff9-6363-4b95-a679-801598a3b2f1 1.797s
2024-10-11 02:26:10.869 62502 INFO tempest.lib.common.rest_client [req-889e3a68-70da-40d7-8ef2-2dd5eca2c904 req-889e3a68-70da-40d7-8ef2-2dd5eca2c904 ] Request (QuotasAdminTestV257:tearDownClass): 204 DELETE http://10.180.1.21:9696/networking/v2.0/security-groups/5052509b-66e7-458f-9278-26f119e4a540 0.706s
2024-10-11 02:26:10.979 62502 INFO tempest.lib.common.rest_client [req-7dae61b1-307e-45fe-b79b-54f308994872 req-7dae61b1-307e-45fe-b79b-54f308994872 ] Request (QuotasAdminTestV257:tearDownClass): 204 DELETE http://10.180.1.21/identity/v3/projects/d4c85441f17a4cd0bd88aaf90763349a 0.109s
2024-10-11 02:26:10.985 62462 INFO tempest.lib.common.rest_client [req-2967623e-2e86-4252-b25f-dd47b01f4208 req-2967623e-2e86-4252-b25f-dd47b01f4208 ] Request (ServersTestBootFromVolume:setUpClass): 200 GET http://10.180.1.21/compute/v2.1/servers/ca3cf85a-8f0e-4213-8447-3d37ff4ec328 1.730s
2024-10-11 02:26:11.043 62502 INFO tempest.lib.common.rest_client [req-22c6a990-baa6-4e81-8f6d-7a7de504b9c1 req-22c6a990-baa6-4e81-8f6d-7a7de504b9c1 ] Request (ImagesTestJSON:setUpClass): 201 POST http://10.180.1.21/identity/v3/auth/tokens 0.063s
2024-10-11 02:26:11.071 62502 INFO tempest.lib.common.rest_client [req-98a396f1-7e34-4318-bbcf-96d94a7d4416 req-98a396f1-7e34-4318-bbcf-96d94a7d4416 ] Request (ImagesTestJSON:setUpClass): 201 POST http://10.180.1.21/identity/v3/auth/tokens 0.025s
2024-10-11 02:26:11.091 62502 INFO tempest.lib.common.rest_client [req-ca284854-499c-4613-a7c7-6ee23647cdf1 req-ca284854-499c-4613-a7c7-6ee23647cdf1 ] Request (ImagesTestJSON:setUpClass): 200 GET http://10.180.1.21/identity/v3/domains?name=Default 0.020s
2024-10-11 02:26:11.129 62502 INFO tempest.lib.common.rest_client [req-64902702-5e78-4c9f-8704-d0ca832f0d6c req-64902702-5e78-4c9f-8704-d0ca832f0d6c ] Request (ImagesTestJSON:setUpClass): 201 POST http://10.180.1.21/identity/v3/projects 0.036s
2024-10-11 02:26:11.203 62502 INFO tempest.lib.common.rest_client [req-b25550f7-989e-4555-9f6b-89f89dff1634 req-b25550f7-989e-4555-9f6b-89f89dff1634 ] Request (ImagesTestJSON:setUpClass): 201 POST http://10.180.1.21/identity/v3/users 0.073s
2024-10-11 02:26:11.228 62502 INFO tempest.lib.common.rest_client [req-90ceeb96-3e21-48d8-9c7d-e412a4c6c907 req-90ceeb96-3e21-48d8-9c7d-e412a4c6c907 ] Request (ImagesTestJSON:setUpClass): 200 GET http://10.180.1.21/identity/v3/roles 0.024s
2024-10-11 02:26:11.257 62502 INFO tempest.lib.common.rest_client [req-c2598c0d-18c0-4409-bd16-e10bff26c227 req-c2598c0d-18c0-4409-bd16-e10bff26c227 ] Request (ImagesTestJSON:setUpClass): 204 PUT http://10.180.1.21/identity/v3/projects/607e8bd8337542ddb3a83114f9a7d74f/users/8cb9c24dc53142b38b9e11b15a942b5d/roles/564f408adcea4b72abe242d0585736ef 0.028s
2024-10-11 02:26:11.257 62502 INFO tempest.lib.common.dynamic_creds [-] Dynamic test user 8cb9c24dc53142b38b9e11b15a942b5d is created with scope project and roles: ['member']
2024-10-11 02:26:11.258 62502 INFO tempest.lib.common.dynamic_creds [-] Acquired dynamic creds: credentials: Credentials: {'domain_id': 'default', 'domain_name': 'Default', 'username': 'tempest-ImagesTestJSON-1181429240-project-member', 'project_domain_id': 'default', 'project_domain_name': 'Default', 'project_id': '607e8bd8337542ddb3a83114f9a7d74f', 'project_name': 'tempest-ImagesTestJSON-1181429240', 'tenant_id': '607e8bd8337542ddb3a83114f9a7d74f', 'tenant_name': 'tempest-ImagesTestJSON-1181429240', 'user_domain_id': 'default', 'user_domain_name': 'Default', 'user_id': '8cb9c24dc53142b38b9e11b15a942b5d', 'system': None}, Network: None, Subnet: None, Router: None
2024-10-11 02:26:11.330 62502 INFO tempest.lib.common.rest_client [req-92a2aaa0-0a41-4094-87e9-7dc4937e655f req-92a2aaa0-0a41-4094-87e9-7dc4937e655f ] Request (ImagesTestJSON:setUpClass): 201 POST http://10.180.1.21/identity/v3/auth/tokens 0.071s
2024-10-11 02:26:11.382 62486 INFO tempest.lib.common.rest_client [req-5d15abb4-6d6c-4d23-816f-e23198fa3265 req-5d15abb4-6d6c-4d23-816f-e23198fa3265 ] Request (ImagesNegativeTestJSON:test_create_image_from_deleted_server): 202 POST http://10.180.1.21/compute/v2.1/servers 2.953s
2024-10-11 02:26:11.450 62482 INFO tempest.lib.common.rest_client [req-cda1870a-ce5c-4b91-b304-9cd9c2977c80 req-cda1870a-ce5c-4b91-b304-9cd9c2977c80 ] Request (HypervisorAdminNegativeUnderV252Test:tearDownClass): 204 DELETE http://10.180.1.21:9696/networking/v2.0/security-groups/2b38eeab-038a-43b1-89cf-dc846471e869 0.605s
2024-10-11 02:26:11.491 62508 INFO tempest.lib.common.rest_client [req-39bf49bb-982d-4a90-b945-5286fb03d6a6 req-39bf49bb-982d-4a90-b945-5286fb03d6a6 ] Request (SecurityGroupsTestJSON:test_list_security_groups_by_server): 200 GET http://10.180.1.21/compute/v2.1/servers/96c9652e-84b1-42d6-9109-d684e6c56243 1.860s
2024-10-11 02:26:11.530 62482 INFO tempest.lib.common.rest_client [req-fa74c771-ff3b-4ea1-8a3e-19ab7141b893 req-fa74c771-ff3b-4ea1-8a3e-19ab7141b893 ] Request (HypervisorAdminNegativeUnderV252Test:tearDownClass): 204 DELETE http://10.180.1.21/identity/v3/projects/25cba5aa63f04d62acdaae446adfceff 0.079s
2024-10-11 02:26:11.592 62454 INFO tempest.lib.common.rest_client [req-d73a3505-d8c9-4a74-92be-884090240bd2 req-d73a3505-d8c9-4a74-92be-884090240bd2 ] Request (InstanceActionsTestJSON:setUpClass): 200 GET http://10.180.1.21/compute/v2.1/servers/ec7335d7-89a1-469f-8fc4-1971ca24baf4 1.938s
2024-10-11 02:26:11.602 62482 INFO tempest.lib.common.rest_client [req-ecf55dfc-a616-4c88-9c84-872a16062efb req-ecf55dfc-a616-4c88-9c84-872a16062efb ] Request (ServerActionsTestOtherB:setUpClass): 201 POST http://10.180.1.21/identity/v3/auth/tokens 0.070s
2024-10-11 02:26:11.647 62482 INFO tempest.lib.common.rest_client [req-2c6f27ab-d34f-4e0d-a9dc-875e5b8965d5 req-2c6f27ab-d34f-4e0d-a9dc-875e5b8965d5 ] Request (ServerActionsTestOtherB:setUpClass): 201 POST http://10.180.1.21/identity/v3/auth/tokens 0.041s
2024-10-11 02:26:11.681 62482 INFO tempest.lib.common.rest_client [req-e4236d00-511b-4305-ab5b-f2369a84d9b7 req-e4236d00-511b-4305-ab5b-f2369a84d9b7 ] Request (ServerActionsTestOtherB:setUpClass): 200 GET http://10.180.1.21/identity/v3/domains?name=Default 0.034s
2024-10-11 02:26:11.713 62482 INFO tempest.lib.common.rest_client [req-25e65bef-ed6c-4899-bb6d-72dada5d0760 req-25e65bef-ed6c-4899-bb6d-72dada5d0760 ] Request (ServerActionsTestOtherB:setUpClass): 201 POST http://10.180.1.21/identity/v3/projects 0.031s
2024-10-11 02:26:11.773 62482 INFO tempest.lib.common.rest_client [req-285a5b7f-b661-4d00-bea8-3da7d0986586 req-285a5b7f-b661-4d00-bea8-3da7d0986586 ] Request (ServerActionsTestOtherB:setUpClass): 201 POST http://10.180.1.21/identity/v3/users 0.059s
2024-10-11 02:26:11.790 62482 INFO tempest.lib.common.rest_client [req-cfd1e78e-f33b-4c80-a524-7c2fd182e47a req-cfd1e78e-f33b-4c80-a524-7c2fd182e47a ] Request (ServerActionsTestOtherB:setUpClass): 200 GET http://10.180.1.21/identity/v3/roles 0.016s
2024-10-11 02:26:11.830 62482 INFO tempest.lib.common.rest_client [req-dbaf9b3c-d639-45f2-81a8-a46a43de744e req-dbaf9b3c-d639-45f2-81a8-a46a43de744e ] Request (ServerActionsTestOtherB:setUpClass): 204 PUT http://10.180.1.21/identity/v3/projects/5226dfa4f3f1414da1d6745fd85b55cb/users/8009ad1d00644b48a9a91351e5a30341/roles/564f408adcea4b72abe242d0585736ef 0.039s
2024-10-11 02:26:11.830 62482 INFO tempest.lib.common.dynamic_creds [-] Dynamic test user 8009ad1d00644b48a9a91351e5a30341 is created with scope project and roles: ['member']
2024-10-11 02:26:11.831 62482 INFO tempest.lib.common.dynamic_creds [-] Acquired dynamic creds: credentials: Credentials: {'domain_id': 'default', 'domain_name': 'Default', 'username': 'tempest-ServerActionsTestOtherB-608608553-project-member', 'project_domain_id': 'default', 'project_domain_name': 'Default', 'project_id': '5226dfa4f3f1414da1d6745fd85b55cb', 'project_name': 'tempest-ServerActionsTestOtherB-608608553', 'tenant_id': '5226dfa4f3f1414da1d6745fd85b55cb', 'tenant_name': 'tempest-ServerActionsTestOtherB-608608553', 'user_domain_id': 'default', 'user_domain_name': 'Default', 'user_id': '8009ad1d00644b48a9a91351e5a30341', 'system': None}, Network: None, Subnet: None, Router: None
2024-10-11 02:26:11.894 62482 INFO tempest.lib.common.rest_client [req-3d064acb-2fa0-4f3e-8303-88e447c023b0 req-3d064acb-2fa0-4f3e-8303-88e447c023b0 ] Request (ServerActionsTestOtherB:setUpClass): 201 POST http://10.180.1.21/identity/v3/auth/tokens 0.063s
2024-10-11 02:26:12.012 62464 INFO tempest.lib.common.rest_client [req-571eeb99-1ffd-42b6-9e19-458a6c678840 req-571eeb99-1ffd-42b6-9e19-458a6c678840 ] Request (ServersTestMultiNic:setUpClass): 200 PUT http://10.180.1.21:9696/networking/v2.0/routers/eacc9607-c46c-4802-af91-5f10a07cff27/add_router_interface 3.188s
2024-10-11 02:26:12.012 62464 INFO tempest.lib.common.dynamic_creds [-] Created isolated network resources for: credentials: Credentials: {'domain_id': 'default', 'domain_name': 'Default', 'username': 'tempest-ServersTestMultiNic-133457627-project-member', 'project_domain_id': 'default', 'project_domain_name': 'Default', 'project_id': 'c85e795c6b1d4330b851140e3909ac23', 'project_name': 'tempest-ServersTestMultiNic-133457627', 'tenant_id': 'c85e795c6b1d4330b851140e3909ac23', 'tenant_name': 'tempest-ServersTestMultiNic-133457627', 'user_domain_id': 'default', 'user_domain_name': 'Default', 'user_id': 'b69d7b3725fe4615a16b26ea753a686d', 'system': None}, Network: {'id': '566aabe4-d2d9-4099-8bad-781db85681cc', 'name': 'tempest-ServersTestMultiNic-587179539-network', 'tenant_id': 'c85e795c6b1d4330b851140e3909ac23', 'admin_state_up': True, 'mtu': 8950, 'status': 'ACTIVE', 'subnets': [], 'shared': False, 'project_id': 'c85e795c6b1d4330b851140e3909ac23', 'port_security_enabled': True, 'router:external': False, 'provider:network_type': 'vlan', 'provider:physical_network': 'default', 'provider:segmentation_id': 225, 'is_default': False, 'availability_zone_hints': [], 'availability_zones': [], 'ipv4_address_scope': None, 'ipv6_address_scope': None, 'description': '', 'tags': [], 'created_at': '2024-10-11T02:26:05Z', 'updated_at': '2024-10-11T02:26:05Z', 'revision_number': 1}, Subnet: {'id': 'c85b8cb3-8442-47e2-ad57-9fdd8915caca', 'name': 'tempest-ServersTestMultiNic-587179539-subnet', 'tenant_id': 'c85e795c6b1d4330b851140e3909ac23', 'network_id': '566aabe4-d2d9-4099-8bad-781db85681cc', 'ip_version': 4, 'subnetpool_id': None, 'enable_dhcp': True, 'ipv6_ra_mode': None, 'ipv6_address_mode': None, 'gateway_ip': '192.168.128.1', 'cidr': '192.168.128.0/28', 'allocation_pools': [{'start': '192.168.128.2', 'end': '192.168.128.14'}], 'host_routes': [], 'dns_nameservers': [], 'description': '', 'router:external': False, 'service_types': [], 'tags': [], 'created_at': '2024-10-11T02:26:06Z', 'updated_at': '2024-10-11T02:26:06Z', 'revision_number': 0, 'project_id': 'c85e795c6b1d4330b851140e3909ac23'}, Router: {'id': 'eacc9607-c46c-4802-af91-5f10a07cff27', 'name': 'tempest-ServersTestMultiNic-587179539-router', 'tenant_id': 'c85e795c6b1d4330b851140e3909ac23', 'admin_state_up': True, 'status': 'ACTIVE', 'external_gateway_info': {'network_id': '0e84150c-3186-4449-936d-4d129e44529b', 'external_fixed_ips': [{'subnet_id': '91a3ed12-4b0c-4185-ba2b-663e807eec11', 'ip_address': '10.180.180.182'}], 'enable_snat': True}, 'description': '', 'availability_zones': [], 'distributed': False, 'ha': False, 'availability_zone_hints': [], 'routes': [], 'flavor_id': None, 'tags': [], 'created_at': '2024-10-11T02:26:06Z', 'updated_at': '2024-10-11T02:26:07Z', 'revision_number': 2, 'project_id': 'c85e795c6b1d4330b851140e3909ac23'}
2024-10-11 02:26:12.063 62500 INFO tempest.lib.common.rest_client [req-82fc3284-27ad-4b3a-9bb0-9f9c890e7393 req-82fc3284-27ad-4b3a-9bb0-9f9c890e7393 ] Request (ServerActionsV293TestJSON:setUpClass): 200 PUT http://10.180.1.21:9696/networking/v2.0/routers/59125211-2425-4875-a9c9-495bf393bc50/add_router_interface 5.498s
2024-10-11 02:26:12.064 62500 INFO tempest.lib.common.dynamic_creds [-] Created isolated network resources for: credentials: Credentials: {'domain_id': 'default', 'domain_name': 'Default', 'username': 'tempest-ServerActionsV293TestJSON-1208442204-project-member', 'project_domain_id': 'default', 'project_domain_name': 'Default', 'project_id': 'a1bb7784f9174ae3a2452a6bc9a644f1', 'project_name': 'tempest-ServerActionsV293TestJSON-1208442204', 'tenant_id': 'a1bb7784f9174ae3a2452a6bc9a644f1', 'tenant_name': 'tempest-ServerActionsV293TestJSON-1208442204', 'user_domain_id': 'default', 'user_domain_name': 'Default', 'user_id': 'b970313c953841149941b8eb8fe4f92c', 'system': None}, Network: {'id': '5f49e177-e31b-4a56-ae32-b555a7811156', 'name': 'tempest-ServerActionsV293TestJSON-1272488830-network', 'tenant_id': 'a1bb7784f9174ae3a2452a6bc9a644f1', 'admin_state_up': True, 'mtu': 8950, 'status': 'ACTIVE', 'subnets': [], 'shared': False, 'project_id': 'a1bb7784f9174ae3a2452a6bc9a644f1', 'port_security_enabled': True, 'router:external': False, 'provider:network_type': 'vlan', 'provider:physical_network': 'default', 'provider:segmentation_id': 82, 'is_default': False, 'availability_zone_hints': [], 'availability_zones': [], 'ipv4_address_scope': None, 'ipv6_address_scope': None, 'description': '', 'tags': [], 'created_at': '2024-10-11T02:26:01Z', 'updated_at': '2024-10-11T02:26:01Z', 'revision_number': 1}, Subnet: {'id': 'dcb3ebc3-877e-403f-b03d-506793b67285', 'name': 'tempest-ServerActionsV293TestJSON-1272488830-subnet', 'tenant_id': 'a1bb7784f9174ae3a2452a6bc9a644f1', 'network_id': '5f49e177-e31b-4a56-ae32-b555a7811156', 'ip_version': 4, 'subnetpool_id': None, 'enable_dhcp': True, 'ipv6_ra_mode': None, 'ipv6_address_mode': None, 'gateway_ip': '192.168.128.1', 'cidr': '192.168.128.0/28', 'allocation_pools': [{'start': '192.168.128.2', 'end': '192.168.128.14'}], 'host_routes': [], 'dns_nameservers': [], 'description': '', 'router:external': False, 'service_types': [], 'tags': [], 'created_at': '2024-10-11T02:26:02Z', 'updated_at': '2024-10-11T02:26:02Z', 'revision_number': 0, 'project_id': 'a1bb7784f9174ae3a2452a6bc9a644f1'}, Router: {'id': '59125211-2425-4875-a9c9-495bf393bc50', 'name': 'tempest-ServerActionsV293TestJSON-1272488830-router', 'tenant_id': 'a1bb7784f9174ae3a2452a6bc9a644f1', 'admin_state_up': True, 'status': 'ACTIVE', 'external_gateway_info': {'network_id': '0e84150c-3186-4449-936d-4d129e44529b', 'external_fixed_ips': [{'subnet_id': '91a3ed12-4b0c-4185-ba2b-663e807eec11', 'ip_address': '10.180.180.193'}], 'enable_snat': True}, 'description': '', 'availability_zones': [], 'distributed': False, 'ha': False, 'availability_zone_hints': [], 'routes': [], 'flavor_id': None, 'tags': [], 'created_at': '2024-10-11T02:26:02Z', 'updated_at': '2024-10-11T02:26:04Z', 'revision_number': 2, 'project_id': 'a1bb7784f9174ae3a2452a6bc9a644f1'}
2024-10-11 02:26:12.104 62464 INFO tempest.lib.common.rest_client [req-278c22ba-9530-46e6-af43-801a26806398 req-278c22ba-9530-46e6-af43-801a26806398 ] Request (ServersTestMultiNic:setUpClass): 201 POST http://10.180.1.21/identity/v3/auth/tokens 0.087s
2024-10-11 02:26:12.141 62502 INFO tempest.lib.common.rest_client [req-d02a18da-a741-4bea-a83e-bfcf6c7bb472 req-d02a18da-a741-4bea-a83e-bfcf6c7bb472 ] Request (ImagesTestJSON:setUpClass): 201 POST http://10.180.1.21:9696/networking/v2.0/networks 0.811s
2024-10-11 02:26:12.149 62500 INFO tempest.lib.common.rest_client [req-49644fe5-878d-4f4b-8698-007e2730f131 req-49644fe5-878d-4f4b-8698-007e2730f131 ] Request (ServerActionsV293TestJSON:setUpClass): 201 POST http://10.180.1.21/identity/v3/auth/tokens 0.081s
2024-10-11 02:26:12.156 62497 INFO tempest.lib.common.rest_client [req-4e78ebaa-f33a-4662-9f36-1f2b4bd89544 req-4e78ebaa-f33a-4662-9f36-1f2b4bd89544 ] Request (ListServersNegativeTestJSON:setUpClass): 200 GET http://10.180.1.21/compute/v2.1/servers/1be28c2f-a562-4620-a618-b556e941c57f 1.738s
2024-10-11 02:26:12.280 62460 INFO tempest.lib.common.rest_client [req-a26c23d4-64b7-43a0-97fe-1bc452c8ebf2 req-a26c23d4-64b7-43a0-97fe-1bc452c8ebf2 ] Request (ServersAdminNegativeTestJSON:setUpClass): 200 GET http://10.180.1.21/compute/v2.1/servers/f66f7fdb-5ae1-48c4-9886-3d7d9d91b8cd 1.755s
2024-10-11 02:26:12.320 62452 INFO tempest.lib.common.rest_client [req-a366511e-5edc-4388-8870-106a36cc9c82 req-a366511e-5edc-4388-8870-106a36cc9c82 ] Request (ServersTestJSON:setUpClass): 201 POST http://10.180.1.21:9696/networking/v2.0/routers 4.448s
2024-10-11 02:26:12.374 62466 INFO tempest.lib.common.rest_client [req-c4eda63b-717f-4623-815d-7b68b7e7c20b req-c4eda63b-717f-4623-815d-7b68b7e7c20b ] Request (ServerDiskConfigTestJSON:test_rebuild_server_with_auto_disk_config): 200 GET http://10.180.1.21/compute/v2.1/servers/f37b8355-3c4c-4c11-a6bc-95a1a18a4cd0 1.746s
2024-10-11 02:26:12.465 62444 INFO tempest.lib.common.rest_client [req-3ae08b8d-76ff-4e0b-9434-7c2d0d7c1d25 req-3ae08b8d-76ff-4e0b-9434-7c2d0d7c1d25 ] Request (ServerMetadataTestJSON:setUpClass): 200 GET http://10.180.1.21/compute/v2.1/servers/b94e5378-d03a-4cc3-b835-31e72d3b0f75 1.736s
2024-10-11 02:26:12.480 62456 INFO tempest.lib.common.rest_client [req-741c8e8e-2903-4e04-9a51-f975790ad84e req-741c8e8e-2903-4e04-9a51-f975790ad84e ] Request (ServersTestManualDisk:setUpClass): 202 POST http://10.180.1.21/compute/v2.1/servers 3.051s
2024-10-11 02:26:12.559 62450 INFO tempest.lib.common.rest_client [req-1bd9bf45-98fd-4021-a9a3-356cd57dd0fa req-1bd9bf45-98fd-4021-a9a3-356cd57dd0fa ] Request (FloatingIPsAssociationTestJSON:setUpClass): 200 GET http://10.180.1.21/compute/v2.1/servers/f32adc33-851f-47eb-8415-9895d1c14a05 1.791s
2024-10-11 02:26:12.578 62478 INFO tempest.lib.common.rest_client [req-675acc9a-7427-4eaf-ae3e-132684a66d8b req-675acc9a-7427-4eaf-ae3e-132684a66d8b ] Request (MigrationsAdminTest:test_resize_server_revert_deleted_flavor): 200 GET http://10.180.1.21/compute/v2.1/servers/f28f0f10-5eb0-4150-b712-467e72a6ccbd 1.742s
2024-10-11 02:26:12.660 62468 INFO tempest.lib.common.rest_client [req-e1bf8d47-9e4a-4f73-96b2-4431370ca4fe req-e1bf8d47-9e4a-4f73-96b2-4431370ca4fe ] Request (ServersWithSpecificFlavorTestJSON:test_verify_created_server_ephemeral_disk): 200 GET http://10.180.1.21/compute/v2.1/servers/8da22054-8330-45d8-ab5d-9517233216fb 1.780s
2024-10-11 02:26:12.678 62488 INFO tempest.lib.common.rest_client [req-d42ab87c-e04a-4613-948e-474fbebf5553 req-d42ab87c-e04a-4613-948e-474fbebf5553 ] Request (ServerExternalEventsTest:test_create_server_external_events): 200 GET http://10.180.1.21/compute/v2.1/servers/74c893db-c3aa-461b-86a9-fadfb1519c9e 1.730s
2024-10-11 02:26:12.749 62498 INFO tempest.lib.common.rest_client [req-6d23f1cd-8158-497a-be08-41df94b66d50 req-6d23f1cd-8158-497a-be08-41df94b66d50 ] Request (ServerRescueTestJSON:setUpClass): 200 GET http://10.180.1.21/compute/v2.1/servers/84d869a9-4772-4c89-a931-8b093ca7d1b4 1.772s
2024-10-11 02:26:12.768 62504 INFO tempest.lib.common.rest_client [req-cc67ae36-8270-40fa-bca2-1cb8c3ffe942 req-cc67ae36-8270-40fa-bca2-1cb8c3ffe942 ] Request (ServersTestFqdnHostnames:test_create_server_with_fqdn_name): 200 GET http://10.180.1.21/compute/v2.1/servers/8e60cc65-fc1c-4460-a32d-d7fed2c95994 1.717s
2024-10-11 02:26:12.855 62490 INFO tempest.lib.common.rest_client [req-ba52b259-0478-4240-b0d7-429ecd2ef675 req-ba52b259-0478-4240-b0d7-429ecd2ef675 ] Request (AttachInterfacesV270Test:test_create_get_list_interfaces): 200 GET http://10.180.1.21/compute/v2.1/servers/aaaa3c7d-0587-42fa-9f8f-2c3297f5636e 1.539s
