2024-10-11 02:26:26.763 62468 INFO tempest.lib.common.rest_client [req-52af662a-3ab5-48fb-b520-911e5b81cf46 req-52af662a-3ab5-48fb-b520-911e5b81cf46 ] Request (ServersWithSpecificFlavorTestJSON:_run_cleanups): 202 DELETE http://10.180.1.21/compute/v2.1/os-keypairs/tempest-keypair-1543152581 0.054s
2024-10-11 02:26:26.765 62462 INFO tempest.lib.common.rest_client [req-d38a376f-4ce5-4f78-8699-037052eb523c req-d38a376f-4ce5-4f78-8699-037052eb523c ] Request (ServersTestBootFromVolume:setUpClass): 200 GET http://10.180.1.21/compute/v2.1/servers/ca3cf85a-8f0e-4213-8447-3d37ff4ec328 0.079s
2024-10-11 02:26:26.788 62474 INFO tempest.lib.common.rest_client [req-3021e463-731e-4b98-b9e7-eed78571e088 req-3021e463-731e-4b98-b9e7-eed78571e088 ] Request (NetworksTest:tearDownClass): 201 POST http://10.180.1.21/identity/v3/auth/tokens 0.075s
2024-10-11 02:26:26.828 62446 INFO tempest.lib.common.rest_client [req-f84afcba-97e8-40e3-b018-a30b9dc9c33a req-f84afcba-97e8-40e3-b018-a30b9dc9c33a ] Request (ImagesOneServerTestJSON:setUpClass): 200 GET http://10.180.1.21/compute/v2.1/servers/8533079a-0728-4461-9111-63e9dace9f09 0.102s
2024-10-11 02:26:26.836 62484 INFO tempest.lib.common.rest_client [req-c87dd34f-e9c8-4b4f-a6c4-ad927bd534aa req-c87dd34f-e9c8-4b4f-a6c4-ad927bd534aa ] Request (DeleteServersAdminTestJSON:test_delete_server_while_in_error_state): 200 GET http://10.180.1.21/compute/v2.1/servers/8217f3d9-34f6-4df0-9552-982e257f35cd 0.075s
2024-10-11 02:26:26.896 62500 INFO tempest.lib.common.rest_client [req-15a33215-028e-4452-8b2b-47141433acf0 req-15a33215-028e-4452-8b2b-47141433acf0 ] Request (ServerActionsV293TestJSON:setUpClass): 200 GET http://10.180.1.21/volume/v3/volumes/1d552d36-28f2-4a98-8e37-31a97e826528 0.027s
2024-10-11 02:26:26.904 62502 INFO tempest.lib.common.rest_client [req-ba1b3a49-df72-4b99-a90e-3eb0d5ac6b6e req-ba1b3a49-df72-4b99-a90e-3eb0d5ac6b6e ] Request (ImagesTestJSON:test_create_image_from_stopped_server): 200 GET http://10.180.1.21/compute/v2.1/servers/b7502223-d1fe-46f0-b382-c9b140032053 0.122s
2024-10-11 02:26:26.906 62508 INFO tempest.lib.common.rest_client [req-aa158af0-538e-4362-b6ce-6aca8ef2c6a5 req-aa158af0-538e-4362-b6ce-6aca8ef2c6a5 ] Request (SecurityGroupsTestJSON:test_list_security_groups_by_server): 200 GET http://10.180.1.21/compute/v2.1/servers/96c9652e-84b1-42d6-9109-d684e6c56243 0.077s
2024-10-11 02:26:26.942 62490 INFO tempest.lib.common.rest_client [req-929a2d6f-a8c6-4e05-9cd9-77ee793c9206 req-929a2d6f-a8c6-4e05-9cd9-77ee793c9206 ] Request (ServerRescueTestJSONUnderV235:setUpClass): 200 PUT http://10.180.1.21:9696/networking/v2.0/routers/46574f4e-bbb8-45fe-a2d5-f0e8c1f37faa/add_router_interface 1.799s
2024-10-11 02:26:26.942 62490 INFO tempest.lib.common.dynamic_creds [-] Created isolated network resources for: credentials: Credentials: {'domain_id': 'default', 'domain_name': 'Default', 'username': 'tempest-ServerRescueTestJSONUnderV235-833688323-project-member', 'project_domain_id': 'default', 'project_domain_name': 'Default', 'project_id': '590d024cc7aa4bf7b0ab63f94a84c208', 'project_name': 'tempest-ServerRescueTestJSONUnderV235-833688323', 'tenant_id': '590d024cc7aa4bf7b0ab63f94a84c208', 'tenant_name': 'tempest-ServerRescueTestJSONUnderV235-833688323', 'user_domain_id': 'default', 'user_domain_name': 'Default', 'user_id': '18b79ff5fd86400d880e1fb34bf1f2d8', 'system': None}, Network: {'id': 'fa955949-43fd-4a84-be99-8e7ef7d145c0', 'name': 'tempest-ServerRescueTestJSONUnderV235-1924515163-network', 'tenant_id': '590d024cc7aa4bf7b0ab63f94a84c208', 'admin_state_up': True, 'mtu': 8950, 'status': 'ACTIVE', 'subnets': [], 'shared': False, 'project_id': '590d024cc7aa4bf7b0ab63f94a84c208', 'port_security_enabled': True, 'router:external': False, 'provider:network_type': 'vlan', 'provider:physical_network': 'default', 'provider:segmentation_id': 911, 'is_default': False, 'availability_zone_hints': [], 'availability_zones': [], 'ipv4_address_scope': None, 'ipv6_address_scope': None, 'description': '', 'tags': [], 'created_at': '2024-10-11T02:26:24Z', 'updated_at': '2024-10-11T02:26:24Z', 'revision_number': 1}, Subnet: {'id': 'b8f41fd2-4ae4-4c34-ab5a-155dd99e2973', 'name': 'tempest-ServerRescueTestJSONUnderV235-1924515163-subnet', 'tenant_id': '590d024cc7aa4bf7b0ab63f94a84c208', 'network_id': 'fa955949-43fd-4a84-be99-8e7ef7d145c0', 'ip_version': 4, 'subnetpool_id': None, 'enable_dhcp': False, 'ipv6_ra_mode': None, 'ipv6_address_mode': None, 'gateway_ip': '192.168.128.1', 'cidr': '192.168.128.0/28', 'allocation_pools': [{'start': '192.168.128.2', 'end': '192.168.128.14'}], 'host_routes': [], 'dns_nameservers': [], 'description': '', 'router:external': False, 'service_types': [], 'tags': [], 'created_at': '2024-10-11T02:26:24Z', 'updated_at': '2024-10-11T02:26:24Z', 'revision_number': 0, 'project_id': '590d024cc7aa4bf7b0ab63f94a84c208'}, Router: {'id': '46574f4e-bbb8-45fe-a2d5-f0e8c1f37faa', 'name': 'tempest-ServerRescueTestJSONUnderV235-1924515163-router', 'tenant_id': '590d024cc7aa4bf7b0ab63f94a84c208', 'admin_state_up': True, 'status': 'ACTIVE', 'external_gateway_info': {'network_id': '0e84150c-3186-4449-936d-4d129e44529b', 'external_fixed_ips': [{'subnet_id': '91a3ed12-4b0c-4185-ba2b-663e807eec11', 'ip_address': '10.180.180.155'}], 'enable_snat': True}, 'description': '', 'availability_zones': [], 'distributed': False, 'ha': False, 'availability_zone_hints': [], 'routes': [], 'flavor_id': None, 'tags': [], 'created_at': '2024-10-11T02:26:24Z', 'updated_at': '2024-10-11T02:26:24Z', 'revision_number': 2, 'project_id': '590d024cc7aa4bf7b0ab63f94a84c208'}
2024-10-11 02:26:26.954 62468 INFO tempest.lib.common.rest_client [req-aaa32158-694a-410c-8401-25db0037afac req-aaa32158-694a-410c-8401-25db0037afac ] Request (ServersWithSpecificFlavorTestJSON:_run_cleanups): 204 DELETE http://10.180.1.21:9696/networking/v2.0/security-groups/aa932b22-f0da-4f58-aa64-fd9ef8167e7b 0.190s
2024-10-11 02:26:26.967 62468 INFO tempest.lib.common.rest_client [req-03e9fdb8-bf3e-4f56-a03e-e40c9754c3f7 req-03e9fdb8-bf3e-4f56-a03e-e40c9754c3f7 ] Request (ServersWithSpecificFlavorTestJSON:_run_cleanups): 404 GET http://10.180.1.21:9696/networking/v2.0/security-groups/aa932b22-f0da-4f58-aa64-fd9ef8167e7b 0.013s
2024-10-11 02:26:26.977 62454 INFO tempest.lib.common.rest_client [req-59e0998f-6232-41c4-9fed-48ac0d65ce4f req-59e0998f-6232-41c4-9fed-48ac0d65ce4f ] Request (InstanceActionsTestJSON:setUpClass): 200 GET http://10.180.1.21/compute/v2.1/servers/ec7335d7-89a1-469f-8fc4-1971ca24baf4 0.131s
2024-10-11 02:26:26.978 62472 INFO tempest.lib.common.rest_client [req-abe9b6d7-5643-40eb-b97e-77c5d3c2cabd req-abe9b6d7-5643-40eb-b97e-77c5d3c2cabd ] Request (InstanceActionsNegativeTestJSON:setUpClass): 200 GET http://10.180.1.21/compute/v2.1/servers/ae0533c1-8cb4-40f1-8737-0e476e72211d 0.070s
2024-10-11 02:26:26.987 62474 INFO tempest.lib.common.rest_client [req-65a68ebe-bbc5-47e5-8cbc-b726b6570224 req-65a68ebe-bbc5-47e5-8cbc-b726b6570224 ] Request (NetworksTest:tearDownClass): 200 GET http://10.180.1.21:9696/networking/v2.0/security-groups?tenant_id=8bb7d2a192c1404b98e3e5d121284652&name=default 0.199s
2024-10-11 02:26:27.024 62490 INFO tempest.lib.common.rest_client [req-ac515f27-4856-4545-bd13-32c5e1c24db4 req-ac515f27-4856-4545-bd13-32c5e1c24db4 ] Request (ServerRescueTestJSONUnderV235:setUpClass): 201 POST http://10.180.1.21/identity/v3/auth/tokens 0.076s
2024-10-11 02:26:27.049 62444 INFO tempest.lib.common.rest_client [req-6f6b79b0-ece5-4c79-a013-854d7eb90f4f req-6f6b79b0-ece5-4c79-a013-854d7eb90f4f ] Request (ServerMetadataTestJSON:setUpClass): 200 GET http://10.180.1.21/compute/v2.1/servers/b94e5378-d03a-4cc3-b835-31e72d3b0f75 0.082s
2024-10-11 02:26:27.049 62466 INFO tempest.lib.common.rest_client [req-ed01859c-dd4f-4493-b234-cf8ea6c53fa9 req-ed01859c-dd4f-4493-b234-cf8ea6c53fa9 ] Request (ServerDiskConfigTestJSON:test_rebuild_server_with_auto_disk_config): 200 GET http://10.180.1.21/compute/v2.1/servers/f37b8355-3c4c-4c11-a6bc-95a1a18a4cd0 0.140s
2024-10-11 02:26:27.066 62490 INFO tempest.lib.common.rest_client [req-f287ffa4-857d-4589-be74-f61b9b17bf2b req-f287ffa4-857d-4589-be74-f61b9b17bf2b ] Request (ServerRescueTestJSONUnderV235:setUpClass): 201 POST http://10.180.1.21/identity/v3/auth/tokens 0.039s
2024-10-11 02:26:27.066 62490 INFO tempest.lib.common.fixed_network [-] (ServerRescueTestJSONUnderV235:setUpClass) Found network {'id': 'fa955949-43fd-4a84-be99-8e7ef7d145c0', 'name': 'tempest-ServerRescueTestJSONUnderV235-1924515163-network', 'tenant_id': '590d024cc7aa4bf7b0ab63f94a84c208', 'admin_state_up': True, 'mtu': 8950, 'status': 'ACTIVE', 'subnets': [], 'shared': False, 'project_id': '590d024cc7aa4bf7b0ab63f94a84c208', 'port_security_enabled': True, 'router:external': False, 'provider:network_type': 'vlan', 'provider:physical_network': 'default', 'provider:segmentation_id': 911, 'is_default': False, 'availability_zone_hints': [], 'availability_zones': [], 'ipv4_address_scope': None, 'ipv6_address_scope': None, 'description': '', 'tags': [], 'created_at': '2024-10-11T02:26:24Z', 'updated_at': '2024-10-11T02:26:24Z', 'revision_number': 1} available for tenant
2024-10-11 02:26:27.113 62474 INFO tempest.lib.common.rest_client [req-5d7b1e56-ebd5-4563-9ded-19c8e993f4bf req-5d7b1e56-ebd5-4563-9ded-19c8e993f4bf ] Request (NetworksTest:tearDownClass): 204 DELETE http://10.180.1.21:9696/networking/v2.0/security-groups/2e18d3a8-14bd-490c-b99d-7e30d19c9296 0.125s
2024-10-11 02:26:27.140 62494 INFO tempest.lib.common.rest_client [req-4aee779b-f86f-4bab-90e8-3a51ef51de3c req-4aee779b-f86f-4bab-90e8-3a51ef51de3c ] Request (ServersTestJSON:setUpClass): 200 GET http://10.180.1.21/compute/v2.1/servers/69522ff9-6363-4b95-a679-801598a3b2f1 0.088s
2024-10-11 02:26:27.140 62497 INFO tempest.lib.common.rest_client [req-8b557c19-497f-482c-9ba0-7f8920016639 req-8b557c19-497f-482c-9ba0-7f8920016639 ] Request (ListServersNegativeTestJSON:setUpClass): 200 GET http://10.180.1.21/compute/v2.1/servers/1be28c2f-a562-4620-a618-b556e941c57f 0.100s
2024-10-11 02:26:27.189 62474 INFO tempest.lib.common.rest_client [req-f12df973-13ca-4eb4-b249-bdd4d5c049e6 req-f12df973-13ca-4eb4-b249-bdd4d5c049e6 ] Request (NetworksTest:tearDownClass): 204 DELETE http://10.180.1.21/identity/v3/projects/8bb7d2a192c1404b98e3e5d121284652 0.075s
2024-10-11 02:26:27.189 62474 INFO tempest.lib.common.dynamic_creds [-] Deleting project and security group for project: 9fa6591846d54be7935c23e47d76c9a7
2024-10-11 02:26:27.218 62450 INFO tempest.lib.common.rest_client [req-b02654fb-1f37-430e-9561-de35dd9618ad req-b02654fb-1f37-430e-9561-de35dd9618ad ] Request (FloatingIPsAssociationTestJSON:setUpClass): 200 GET http://10.180.1.21/compute/v2.1/servers/f32adc33-851f-47eb-8415-9895d1c14a05 0.125s
2024-10-11 02:26:27.227 62460 INFO tempest.lib.common.rest_client [req-28637e9a-d32f-48ee-9735-799b24aff4e5 req-28637e9a-d32f-48ee-9735-799b24aff4e5 ] Request (ServerPasswordTestJSON:setUpClass): 201 POST http://10.180.1.21:9696/networking/v2.0/networks 0.592s
2024-10-11 02:26:27.272 62478 INFO tempest.lib.common.rest_client [req-58402188-9922-41d9-bee5-61c1effd1f89 req-58402188-9922-41d9-bee5-61c1effd1f89 ] Request (MigrationsAdminTest:test_resize_server_revert_deleted_flavor): 200 GET http://10.180.1.21/compute/v2.1/servers/f28f0f10-5eb0-4150-b712-467e72a6ccbd 0.165s
2024-10-11 02:26:27.301 62474 INFO tempest.lib.common.rest_client [req-864dac7d-7930-4f86-a0f2-37627f8eecc5 req-864dac7d-7930-4f86-a0f2-37627f8eecc5 ] Request (NetworksTest:tearDownClass): 200 GET http://10.180.1.21:9696/networking/v2.0/security-groups?tenant_id=9fa6591846d54be7935c23e47d76c9a7&name=default 0.111s
2024-10-11 02:26:27.335 62488 INFO tempest.lib.common.rest_client [req-bf072180-4e0e-4874-b2b1-5d82b61b33fc req-bf072180-4e0e-4874-b2b1-5d82b61b33fc ] Request (ServerExternalEventsTest:test_create_server_external_events): 200 GET http://10.180.1.21/compute/v2.1/servers/74c893db-c3aa-461b-86a9-fadfb1519c9e 0.163s
2024-10-11 02:26:27.402 62468 INFO tempest.lib.common.rest_client [req-6b0aed19-a6e3-497f-8caf-db2bad20c53b req-6b0aed19-a6e3-497f-8caf-db2bad20c53b ] Request (ServersWithSpecificFlavorTestJSON:_run_cleanups): 204 DELETE http://10.180.1.21:9696/networking/v2.0/floatingips/4e325ea6-c641-4c1d-ab84-b3a713c997a9 0.434s
2024-10-11 02:26:27.409 62474 INFO tempest.lib.common.rest_client [req-69fefec0-e917-4180-b9bd-b3dd00446615 req-69fefec0-e917-4180-b9bd-b3dd00446615 ] Request (NetworksTest:tearDownClass): 204 DELETE http://10.180.1.21:9696/networking/v2.0/security-groups/43af27d6-6e73-422e-b96b-01b3d7d7438c 0.108s
2024-10-11 02:26:27.419 62464 INFO tempest.lib.common.rest_client [req-9a8d5550-d44f-4ed7-9f18-dd6bf7a70704 req-9a8d5550-d44f-4ed7-9f18-dd6bf7a70704 ] Request (ServersTestMultiNic:test_verify_duplicate_network_nics): 200 GET http://10.180.1.21/compute/v2.1/servers/1df5e740-71de-468c-9188-e8088f5789b7 0.179s
2024-10-11 02:26:27.484 62498 INFO tempest.lib.common.rest_client [req-07b383f1-7e2d-4508-8693-555261576b8e req-07b383f1-7e2d-4508-8693-555261576b8e ] Request (ServerRescueTestJSON:setUpClass): 200 GET http://10.180.1.21/compute/v2.1/servers/84d869a9-4772-4c89-a931-8b093ca7d1b4 0.243s
2024-10-11 02:26:27.494 62498 INFO tempest.common.waiters [-] State transition "BUILD/scheduling" ==> "BUILD/None" after 33 second wait
2024-10-11 02:26:27.520 62474 INFO tempest.lib.common.rest_client [req-71452d9c-fb33-4b12-9775-b6b7eedf0ce5 req-71452d9c-fb33-4b12-9775-b6b7eedf0ce5 ] Request (NetworksTest:tearDownClass): 204 DELETE http://10.180.1.21/identity/v3/projects/9fa6591846d54be7935c23e47d76c9a7 0.110s
2024-10-11 02:26:27.552 62504 INFO tempest.lib.common.rest_client [req-713062f3-1e17-4d92-9071-b732a70637f0 req-713062f3-1e17-4d92-9071-b732a70637f0 ] Request (ServersTestFqdnHostnames:test_create_server_with_fqdn_name): 200 GET http://10.180.1.21/compute/v2.1/servers/8e60cc65-fc1c-4460-a32d-d7fed2c95994 0.241s
2024-10-11 02:26:27.592 62460 INFO tempest.lib.common.rest_client [req-1a88dc6e-8811-480d-9219-d4836c42fc1b req-1a88dc6e-8811-480d-9219-d4836c42fc1b ] Request (ServerPasswordTestJSON:setUpClass): 201 POST http://10.180.1.21:9696/networking/v2.0/subnets 0.365s
2024-10-11 02:26:27.594 62474 INFO tempest.lib.common.rest_client [req-3fafa3ae-a8fc-4d36-aa2d-b669ecd3ac45 req-3fafa3ae-a8fc-4d36-aa2d-b669ecd3ac45 ] Request (ListImageFiltersTestJSON:setUpClass): 201 POST http://10.180.1.21/identity/v3/auth/tokens 0.072s
2024-10-11 02:26:27.627 62486 INFO tempest.lib.common.rest_client [req-bb336063-faab-4bb3-8137-f19b2453d922 req-bb336063-faab-4bb3-8137-f19b2453d922 ] Request (ImagesNegativeTestJSON:test_create_image_from_deleted_server): 200 GET http://10.180.1.21/compute/v2.1/servers/aa963551-93bf-4f0d-ae7e-15a59efd4dbc 0.256s
2024-10-11 02:26:27.636 62474 INFO tempest.lib.common.rest_client [req-7777bba8-b394-4ae7-85a4-8a23d9d95b38 req-7777bba8-b394-4ae7-85a4-8a23d9d95b38 ] Request (ListImageFiltersTestJSON:setUpClass): 201 POST http://10.180.1.21/identity/v3/auth/tokens 0.040s
2024-10-11 02:26:27.641 62468 INFO tempest.lib.common.rest_client [req-64edc904-06a5-43a8-9816-4683dc70e9b7 req-64edc904-06a5-43a8-9816-4683dc70e9b7 ] Request (ServersWithSpecificFlavorTestJSON:_run_cleanups): 202 DELETE http://10.180.1.21/compute/v2.1/flavors/521085117 0.238s
2024-10-11 02:26:27.661 62474 INFO tempest.lib.common.rest_client [req-918ff297-e8da-42b3-a17a-15ae1cddc988 req-918ff297-e8da-42b3-a17a-15ae1cddc988 ] Request (ListImageFiltersTestJSON:setUpClass): 200 GET http://10.180.1.21/identity/v3/domains?name=Default 0.024s
2024-10-11 02:26:27.701 62474 INFO tempest.lib.common.rest_client [req-06c748a4-bc09-4725-84d4-3f111817ffc5 req-06c748a4-bc09-4725-84d4-3f111817ffc5 ] Request (ListImageFiltersTestJSON:setUpClass): 201 POST http://10.180.1.21/identity/v3/projects 0.040s
2024-10-11 02:26:27.708 62482 INFO tempest.lib.common.rest_client [req-2d6fcf0a-a4ce-43ba-be3d-55f1fef83b7e req-2d6fcf0a-a4ce-43ba-be3d-55f1fef83b7e ] Request (ServerActionsTestOtherB:setUpClass): 200 GET http://10.180.1.21/compute/v2.1/servers/a12dff75-8c35-485b-9a6f-104de9a11b77 0.263s
2024-10-11 02:26:27.781 62474 INFO tempest.lib.common.rest_client [req-1ed1a3ad-3814-40f1-934a-72e9113211ea req-1ed1a3ad-3814-40f1-934a-72e9113211ea ] Request (ListImageFiltersTestJSON:setUpClass): 201 POST http://10.180.1.21/identity/v3/users 0.079s
2024-10-11 02:26:27.790 62458 INFO tempest.lib.common.rest_client [req-26dbd6d4-ff7a-4075-8d02-cfc214fa220f req-26dbd6d4-ff7a-4075-8d02-cfc214fa220f ] Request (ServersAdmin275Test:test_rebuild_update_server_275): 200 GET http://10.180.1.21/compute/v2.1/servers/5f05d6dd-60c6-4ebc-95c3-951b0f9c4106 0.285s
2024-10-11 02:26:27.806 62474 INFO tempest.lib.common.rest_client [req-14cabd9a-e337-4c73-aef1-250c297ab1dc req-14cabd9a-e337-4c73-aef1-250c297ab1dc ] Request (ListImageFiltersTestJSON:setUpClass): 200 GET http://10.180.1.21/identity/v3/roles 0.025s
2024-10-11 02:26:27.832 62490 INFO tempest.lib.common.rest_client [req-d56b1f6f-4150-48c1-ae80-f4fd87caa0ab req-d56b1f6f-4150-48c1-ae80-f4fd87caa0ab ] Request (ServerRescueTestJSONUnderV235:setUpClass): 202 POST http://10.180.1.21/compute/v2.1/servers 0.765s
2024-10-11 02:26:27.836 62474 INFO tempest.lib.common.rest_client [req-9ef818b8-eb58-4d40-941b-11361f1acfef req-9ef818b8-eb58-4d40-941b-11361f1acfef ] Request (ListImageFiltersTestJSON:setUpClass): 204 PUT http://10.180.1.21/identity/v3/projects/10ef37862eaa41929e1955f9f4a21957/users/ee51c6815d724fd5bfd4c2b4baf05a54/roles/564f408adcea4b72abe242d0585736ef 0.029s
2024-10-11 02:26:27.836 62474 INFO tempest.lib.common.dynamic_creds [-] Dynamic test user ee51c6815d724fd5bfd4c2b4baf05a54 is created with scope project and roles: ['member']
2024-10-11 02:26:27.836 62474 INFO tempest.lib.common.dynamic_creds [-] Acquired dynamic creds: credentials: Credentials: {'domain_id': 'default', 'domain_name': 'Default', 'username': 'tempest-ListImageFiltersTestJSON-1895777978-project-member', 'project_domain_id': 'default', 'project_domain_name': 'Default', 'project_id': '10ef37862eaa41929e1955f9f4a21957', 'project_name': 'tempest-ListImageFiltersTestJSON-1895777978', 'tenant_id': '10ef37862eaa41929e1955f9f4a21957', 'tenant_name': 'tempest-ListImageFiltersTestJSON-1895777978', 'user_domain_id': 'default', 'user_domain_name': 'Default', 'user_id': 'ee51c6815d724fd5bfd4c2b4baf05a54', 'system': None}, Network: None, Subnet: None, Router: None
2024-10-11 02:26:27.837 62474 INFO tempest.lib.common.dynamic_creds [-] Created isolated network resources for: credentials: Credentials: {'domain_id': 'default', 'domain_name': 'Default', 'username': 'tempest-ListImageFiltersTestJSON-1895777978-project-member', 'project_domain_id': 'default', 'project_domain_name': 'Default', 'project_id': '10ef37862eaa41929e1955f9f4a21957', 'project_name': 'tempest-ListImageFiltersTestJSON-1895777978', 'tenant_id': '10ef37862eaa41929e1955f9f4a21957', 'tenant_name': 'tempest-ListImageFiltersTestJSON-1895777978', 'user_domain_id': 'default', 'user_domain_name': 'Default', 'user_id': 'ee51c6815d724fd5bfd4c2b4baf05a54', 'system': None}, Network: None, Subnet: None, Router: None
2024-10-11 02:26:27.857 62470 INFO tempest.lib.common.rest_client [req-9e8eeec4-6434-4b29-921e-8c5379cab89d req-9e8eeec4-6434-4b29-921e-8c5379cab89d ] Request (ServerDiagnosticsV248Test:test_get_server_diagnostics): 200 GET http://10.180.1.21/compute/v2.1/servers/ec8f3da7-8886-4890-83a0-0e361e36334d 0.289s
2024-10-11 02:26:27.872 62468 INFO tempest.lib.common.rest_client [req-9580a77b-5ace-499f-9db0-c47e9a8c7d62 req-9580a77b-5ace-499f-9db0-c47e9a8c7d62 ] Request (ServersWithSpecificFlavorTestJSON:_run_cleanups): 200 GET http://10.180.1.21/compute/v2.1/flavors/detail 0.231s
2024-10-11 02:26:27.888 62476 INFO tempest.lib.common.rest_client [req-c3f0b476-180d-4394-802e-eb011262507e req-c3f0b476-180d-4394-802e-eb011262507e ] Request (ServerTagsTestJSON:setUpClass): 200 GET http://10.180.1.21/compute/v2.1/servers/2562407c-ac70-423a-98b7-3c9533d257a0 0.257s
2024-10-11 02:26:27.930 62452 INFO tempest.lib.common.rest_client [req-3845e479-b231-4829-af14-9e03f3749b50 req-3845e479-b231-4829-af14-9e03f3749b50 ] Request (ServersTestJSON:test_create_server_specify_multibyte_character_name): 200 GET http://10.180.1.21/compute/v2.1/servers/728016ed-2ad3-498a-8e81-d0a129d38477 0.236s
2024-10-11 02:26:27.944 62500 INFO tempest.lib.common.rest_client [req-8dbefae3-935f-4547-95c6-5b0034c384b2 req-8dbefae3-935f-4547-95c6-5b0034c384b2 ] Request (ServerActionsV293TestJSON:setUpClass): 200 GET http://10.180.1.21/volume/v3/volumes/1d552d36-28f2-4a98-8e37-31a97e826528 0.040s
2024-10-11 02:26:27.944 62474 INFO tempest.lib.common.rest_client [req-984df48a-9a0b-4b09-9b79-1afb464cd2a1 req-984df48a-9a0b-4b09-9b79-1afb464cd2a1 ] Request (ListImageFiltersTestJSON:setUpClass): 201 POST http://10.180.1.21/identity/v3/auth/tokens 0.102s
2024-10-11 02:26:27.948 62456 INFO tempest.lib.common.rest_client [req-61462aa5-1c2e-4367-a9b7-2c6f13092bcb req-61462aa5-1c2e-4367-a9b7-2c6f13092bcb ] Request (ServersTestManualDisk:setUpClass): 200 GET http://10.180.1.21/compute/v2.1/servers/6267d834-d461-488e-bc56-c787df997ffe 0.190s
2024-10-11 02:26:27.998 62490 INFO tempest.lib.common.rest_client [req-e53b1ef1-df35-4e28-b489-827b00bf7836 req-e53b1ef1-df35-4e28-b489-827b00bf7836 ] Request (ServerRescueTestJSONUnderV235:setUpClass): 200 GET http://10.180.1.21/compute/v2.1/servers/7063551d-58c6-4083-86a6-1e6d6244581e 0.164s
2024-10-11 02:26:28.006 62462 INFO tempest.lib.common.rest_client [req-515cd516-e02e-4a1d-af23-c6afc1a52a0c req-515cd516-e02e-4a1d-af23-c6afc1a52a0c ] Request (ServersTestBootFromVolume:setUpClass): 200 GET http://10.180.1.21/compute/v2.1/servers/ca3cf85a-8f0e-4213-8447-3d37ff4ec328 0.229s
2024-10-11 02:26:28.057 62446 INFO tempest.lib.common.rest_client [req-b80fb173-39c5-451f-8d93-5d06e569a81d req-b80fb173-39c5-451f-8d93-5d06e569a81d ] Request (ImagesOneServerTestJSON:setUpClass): 200 GET http://10.180.1.21/compute/v2.1/servers/8533079a-0728-4461-9111-63e9dace9f09 0.219s
2024-10-11 02:26:28.077 62484 INFO tempest.lib.common.rest_client [req-1844b8b7-1e44-4372-93a0-bbc608bf68d0 req-1844b8b7-1e44-4372-93a0-bbc608bf68d0 ] Request (DeleteServersAdminTestJSON:test_delete_server_while_in_error_state): 200 GET http://10.180.1.21/compute/v2.1/servers/8217f3d9-34f6-4df0-9552-982e257f35cd 0.234s
2024-10-11 02:26:28.082 62468 INFO tempest.lib.common.rest_client [req-fe298a47-e766-4e32-94af-a3cd8c773ad4 req-fe298a47-e766-4e32-94af-a3cd8c773ad4 ] Request (ServersWithSpecificFlavorTestJSON:_run_cleanups): 202 DELETE http://10.180.1.21/compute/v2.1/flavors/1421069742 0.205s
2024-10-11 02:26:28.153 62502 INFO tempest.lib.common.rest_client [req-ead4283f-c0d8-401a-bfcf-6d006655a329 req-ead4283f-c0d8-401a-bfcf-6d006655a329 ] Request (ImagesTestJSON:test_create_image_from_stopped_server): 200 GET http://10.180.1.21/compute/v2.1/servers/b7502223-d1fe-46f0-b382-c9b140032053 0.236s
2024-10-11 02:26:28.167 62508 INFO tempest.lib.common.rest_client [req-c7424bfa-6c72-4e4d-bae8-6e038e924b9b req-c7424bfa-6c72-4e4d-bae8-6e038e924b9b ] Request (SecurityGroupsTestJSON:test_list_security_groups_by_server): 200 GET http://10.180.1.21/compute/v2.1/servers/96c9652e-84b1-42d6-9109-d684e6c56243 0.252s
2024-10-11 02:26:28.232 62454 INFO tempest.lib.common.rest_client [req-1068ff5b-0464-4594-ac56-0fe63394658a req-1068ff5b-0464-4594-ac56-0fe63394658a ] Request (InstanceActionsTestJSON:setUpClass): 200 GET http://10.180.1.21/compute/v2.1/servers/ec7335d7-89a1-469f-8fc4-1971ca24baf4 0.240s
2024-10-11 02:26:28.245 62472 INFO tempest.lib.common.rest_client [req-b3529342-b8f0-40cf-967c-1207090b14ac req-b3529342-b8f0-40cf-967c-1207090b14ac ] Request (InstanceActionsNegativeTestJSON:setUpClass): 200 GET http://10.180.1.21/compute/v2.1/servers/ae0533c1-8cb4-40f1-8737-0e476e72211d 0.257s
2024-10-11 02:26:28.304 62444 INFO tempest.lib.common.rest_client [req-64359dcd-5e40-486f-92ae-d5317091d533 req-64359dcd-5e40-486f-92ae-d5317091d533 ] Request (ServerMetadataTestJSON:setUpClass): 200 GET http://10.180.1.21/compute/v2.1/servers/b94e5378-d03a-4cc3-b835-31e72d3b0f75 0.242s
2024-10-11 02:26:28.318 62466 INFO tempest.lib.common.rest_client [req-5f00c269-2d33-401d-b3c4-db46ebc6ddd4 req-5f00c269-2d33-401d-b3c4-db46ebc6ddd4 ] Request (ServerDiskConfigTestJSON:test_rebuild_server_with_auto_disk_config): 200 GET http://10.180.1.21/compute/v2.1/servers/f37b8355-3c4c-4c11-a6bc-95a1a18a4cd0 0.262s
2024-10-11 02:26:28.325 62466 INFO tempest.common.waiters [-] State transition "BUILD/spawning" ==> "ERROR/None" after 42 second wait
2024-10-11 02:26:28.325 62468 INFO tempest.lib.common.rest_client [req-6edf5a47-b9f4-443c-b8af-b7235dfa0e4a req-6edf5a47-b9f4-443c-b8af-b7235dfa0e4a ] Request (ServersWithSpecificFlavorTestJSON:_run_cleanups): 200 GET http://10.180.1.21/compute/v2.1/flavors/detail 0.242s
2024-10-11 02:26:28.384 62497 INFO tempest.lib.common.rest_client [req-b3ade42d-6b24-42b3-85ab-5f9e614956ad req-b3ade42d-6b24-42b3-85ab-5f9e614956ad ] Request (ListServersNegativeTestJSON:setUpClass): 200 GET http://10.180.1.21/compute/v2.1/servers/1be28c2f-a562-4620-a618-b556e941c57f 0.234s
2024-10-11 02:26:28.390 62494 INFO tempest.lib.common.rest_client [req-382fc3c6-9037-4820-91f6-f64ee21131e5 req-382fc3c6-9037-4820-91f6-f64ee21131e5 ] Request (ServersTestJSON:setUpClass): 200 GET http://10.180.1.21/compute/v2.1/servers/69522ff9-6363-4b95-a679-801598a3b2f1 0.238s
2024-10-11 02:26:28.394 62474 INFO tempest.lib.common.rest_client [req-4cc9fa54-1b11-4501-8064-8b569c301395 req-4cc9fa54-1b11-4501-8064-8b569c301395 ] Request (ListImageFiltersTestJSON:setUpClass): 201 POST http://10.180.1.21/image/v2/images 0.449s
2024-10-11 02:26:28.434 62450 INFO tempest.lib.common.rest_client [req-58a984bc-fca0-4367-8ca4-17856da99bb0 req-58a984bc-fca0-4367-8ca4-17856da99bb0 ] Request (FloatingIPsAssociationTestJSON:setUpClass): 200 GET http://10.180.1.21/compute/v2.1/servers/f32adc33-851f-47eb-8415-9895d1c14a05 0.206s
2024-10-11 02:26:28.445 62478 INFO tempest.lib.common.rest_client [req-cd4bfa2a-81f4-4698-8580-a332b985f29c req-cd4bfa2a-81f4-4698-8580-a332b985f29c ] Request (MigrationsAdminTest:test_resize_server_revert_deleted_flavor): 200 GET http://10.180.1.21/compute/v2.1/servers/f28f0f10-5eb0-4150-b712-467e72a6ccbd 0.160s
2024-10-11 02:26:28.501 62488 INFO tempest.lib.common.rest_client [req-600238a8-b17d-449a-a5ba-905b57f6e44b req-600238a8-b17d-449a-a5ba-905b57f6e44b ] Request (ServerExternalEventsTest:test_create_server_external_events): 200 GET http://10.180.1.21/compute/v2.1/servers/74c893db-c3aa-461b-86a9-fadfb1519c9e 0.158s
2024-10-11 02:26:28.554 62464 INFO tempest.lib.common.rest_client [req-997f26fd-aa68-42a0-8667-4701b828be53 req-997f26fd-aa68-42a0-8667-4701b828be53 ] Request (ServersTestMultiNic:test_verify_duplicate_network_nics): 200 GET http://10.180.1.21/compute/v2.1/servers/1df5e740-71de-468c-9188-e8088f5789b7 0.128s
2024-10-11 02:26:28.608 62498 INFO tempest.lib.common.rest_client [req-47d7f009-f88f-4ee6-af7a-b14e115dd31d req-47d7f009-f88f-4ee6-af7a-b14e115dd31d ] Request (ServerRescueTestJSON:setUpClass): 200 GET http://10.180.1.21/compute/v2.1/servers/84d869a9-4772-4c89-a931-8b093ca7d1b4 0.112s
2024-10-11 02:26:28.630 62466 INFO tempest.lib.common.rest_client [req-4e418768-c689-4918-a2c4-11e53d24154b req-4e418768-c689-4918-a2c4-11e53d24154b ] Request (ServerDiskConfigTestJSON:test_rebuild_server_with_auto_disk_config): 204 DELETE http://10.180.1.21/compute/v2.1/servers/f37b8355-3c4c-4c11-a6bc-95a1a18a4cd0 0.305s
2024-10-11 02:26:28.646 62460 INFO tempest.lib.common.rest_client [req-1a735ea6-dd6a-4cc2-b3c7-97bb6ad550ae req-1a735ea6-dd6a-4cc2-b3c7-97bb6ad550ae ] Request (ServerPasswordTestJSON:setUpClass): 201 POST http://10.180.1.21:9696/networking/v2.0/routers 1.053s
2024-10-11 02:26:28.657 62466 INFO tempest.lib.common.rest_client [req-bf2bd6d7-1c37-43dd-9efb-d5c36f60860b req-bf2bd6d7-1c37-43dd-9efb-d5c36f60860b ] Request (ServerDiskConfigTestJSON:test_rebuild_server_with_auto_disk_config): 404 GET http://10.180.1.21/compute/v2.1/servers/f37b8355-3c4c-4c11-a6bc-95a1a18a4cd0 0.027s
2024-10-11 02:26:28.661 62504 INFO tempest.lib.common.rest_client [req-163ff072-5dfe-47cf-a927-863e29696482 req-163ff072-5dfe-47cf-a927-863e29696482 ] Request (ServersTestFqdnHostnames:test_create_server_with_fqdn_name): 200 GET http://10.180.1.21/compute/v2.1/servers/8e60cc65-fc1c-4460-a32d-d7fed2c95994 0.096s
2024-10-11 02:26:28.724 62486 INFO tempest.lib.common.rest_client [req-479095ca-ca77-4e46-a875-32a6f8f5a17e req-479095ca-ca77-4e46-a875-32a6f8f5a17e ] Request (ImagesNegativeTestJSON:test_create_image_from_deleted_server): 200 GET http://10.180.1.21/compute/v2.1/servers/aa963551-93bf-4f0d-ae7e-15a59efd4dbc 0.090s
2024-10-11 02:26:28.731 62466 INFO tempest.lib.common.rest_client [req-ccbb0bf6-b66c-4592-bb48-fe08a029d175 req-ccbb0bf6-b66c-4592-bb48-fe08a029d175 ] Request (ServerDiskConfigTestJSON:test_rebuild_server_with_manual_disk_config): 201 POST http://10.180.1.21/identity/v3/auth/tokens 0.067s
2024-10-11 02:26:28.732 62466 INFO tempest.lib.common.fixed_network [-] (ServerDiskConfigTestJSON:test_rebuild_server_with_manual_disk_config) Found network {'id': '05cfdf15-2ff9-41ec-95e1-c0566a9e39fa', 'name': 'tempest-ServerDiskConfigTestJSON-2147340658-network', 'tenant_id': 'b189b246b02f44239da5532649962954', 'admin_state_up': True, 'mtu': 8950, 'status': 'ACTIVE', 'subnets': [], 'shared': False, 'project_id': 'b189b246b02f44239da5532649962954', 'port_security_enabled': True, 'router:external': False, 'provider:network_type': 'vlan', 'provider:physical_network': 'default', 'provider:segmentation_id': 345, 'is_default': False, 'availability_zone_hints': [], 'availability_zones': [], 'ipv4_address_scope': None, 'ipv6_address_scope': None, 'description': '', 'tags': [], 'created_at': '2024-10-11T02:25:33Z', 'updated_at': '2024-10-11T02:25:33Z', 'revision_number': 1} available for tenant
2024-10-11 02:26:28.787 62482 INFO tempest.lib.common.rest_client [req-25e54ef2-9376-4c41-ab16-ee1ebab26f1c req-25e54ef2-9376-4c41-ab16-ee1ebab26f1c ] Request (ServerActionsTestOtherB:setUpClass): 200 GET http://10.180.1.21/compute/v2.1/servers/a12dff75-8c35-485b-9a6f-104de9a11b77 0.065s
2024-10-11 02:26:28.874 62458 INFO tempest.lib.common.rest_client [req-d3444c9f-cd5c-4cfc-98a8-8ce07d9cd29b req-d3444c9f-cd5c-4cfc-98a8-8ce07d9cd29b ] Request (ServersAdmin275Test:test_rebuild_update_server_275): 200 GET http://10.180.1.21/compute/v2.1/servers/5f05d6dd-60c6-4ebc-95c3-951b0f9c4106 0.074s
2024-10-11 02:26:28.932 62470 INFO tempest.lib.common.rest_client [req-7047340d-bd90-452a-8eed-41f912d82d34 req-7047340d-bd90-452a-8eed-41f912d82d34 ] Request (ServerDiagnosticsV248Test:test_get_server_diagnostics): 200 GET http://10.180.1.21/compute/v2.1/servers/ec8f3da7-8886-4890-83a0-0e361e36334d 0.064s
2024-10-11 02:26:28.940 62470 INFO tempest.common.waiters [-] State transition "BUILD/scheduling" ==> "BUILD/None" after 34 second wait
2024-10-11 02:26:28.983 62500 INFO tempest.lib.common.rest_client [req-611a2b63-73ae-48b3-8035-438a6b867156 req-611a2b63-73ae-48b3-8035-438a6b867156 ] Request (ServerActionsV293TestJSON:setUpClass): 200 GET http://10.180.1.21/volume/v3/volumes/1d552d36-28f2-4a98-8e37-31a97e826528 0.029s
2024-10-11 02:26:28.989 62476 INFO tempest.lib.common.rest_client [req-e2f8f45a-a1dd-4d23-a996-b5a1a07b8077 req-e2f8f45a-a1dd-4d23-a996-b5a1a07b8077 ] Request (ServerTagsTestJSON:setUpClass): 200 GET http://10.180.1.21/compute/v2.1/servers/2562407c-ac70-423a-98b7-3c9533d257a0 0.091s
2024-10-11 02:26:29.037 62452 INFO tempest.lib.common.rest_client [req-7e7a473c-ddfc-4a30-8410-1940c7c1436e req-7e7a473c-ddfc-4a30-8410-1940c7c1436e ] Request (ServersTestJSON:test_create_server_specify_multibyte_character_name): 200 GET http://10.180.1.21/compute/v2.1/servers/728016ed-2ad3-498a-8e81-d0a129d38477 0.096s
2024-10-11 02:26:29.082 62456 INFO tempest.lib.common.rest_client [req-f208e699-2f19-4371-9e1b-30c344398aa6 req-f208e699-2f19-4371-9e1b-30c344398aa6 ] Request (ServersTestManualDisk:setUpClass): 200 GET http://10.180.1.21/compute/v2.1/servers/6267d834-d461-488e-bc56-c787df997ffe 0.124s
2024-10-11 02:26:29.118 62466 INFO tempest.lib.common.rest_client [req-cb8095b4-5d39-4146-bb8e-35e635da5e4c req-cb8095b4-5d39-4146-bb8e-35e635da5e4c ] Request (ServerDiskConfigTestJSON:test_rebuild_server_with_manual_disk_config): 202 POST http://10.180.1.21/compute/v2.1/servers 0.385s
2024-10-11 02:26:29.131 62490 INFO tempest.lib.common.rest_client [req-9d416da2-e75c-42f2-986f-486efd227332 req-9d416da2-e75c-42f2-986f-486efd227332 ] Request (ServerRescueTestJSONUnderV235:setUpClass): 200 GET http://10.180.1.21/compute/v2.1/servers/7063551d-58c6-4083-86a6-1e6d6244581e 0.126s
2024-10-11 02:26:29.178 62462 INFO tempest.lib.common.rest_client [req-9b4d91ec-1b9b-465f-9b52-c1130c98f98b req-9b4d91ec-1b9b-465f-9b52-c1130c98f98b ] Request (ServersTestBootFromVolume:setUpClass): 200 GET http://10.180.1.21/compute/v2.1/servers/ca3cf85a-8f0e-4213-8447-3d37ff4ec328 0.163s
2024-10-11 02:26:29.200 62446 INFO tempest.lib.common.rest_client [req-362aead9-c8e9-4410-840e-c08bab4fca30 req-362aead9-c8e9-4410-840e-c08bab4fca30 ] Request (ImagesOneServerTestJSON:setUpClass): 200 GET http://10.180.1.21/compute/v2.1/servers/8533079a-0728-4461-9111-63e9dace9f09 0.134s
2024-10-11 02:26:29.242 62484 INFO tempest.lib.common.rest_client [req-c142d6be-0b4b-4635-96e7-55a894b435c4 req-c142d6be-0b4b-4635-96e7-55a894b435c4 ] Request (DeleteServersAdminTestJSON:test_delete_server_while_in_error_state): 200 GET http://10.180.1.21/compute/v2.1/servers/8217f3d9-34f6-4df0-9552-982e257f35cd 0.152s
2024-10-11 02:26:29.253 62466 INFO tempest.lib.common.rest_client [req-22cbeae1-0b7c-4d5d-bb54-f263ba59a5eb req-22cbeae1-0b7c-4d5d-bb54-f263ba59a5eb ] Request (ServerDiskConfigTestJSON:test_rebuild_server_with_manual_disk_config): 200 GET http://10.180.1.21/compute/v2.1/servers/7f7c79c7-bf03-43cf-b8c8-667fb603c0c9 0.134s
2024-10-11 02:26:29.303 62502 INFO tempest.lib.common.rest_client [req-bf371d4c-ee0a-4b5a-8bc9-5fbe2ca89307 req-bf371d4c-ee0a-4b5a-8bc9-5fbe2ca89307 ] Request (ImagesTestJSON:test_create_image_from_stopped_server): 200 GET http://10.180.1.21/compute/v2.1/servers/b7502223-d1fe-46f0-b382-c9b140032053 0.141s
2024-10-11 02:26:29.311 62508 INFO tempest.lib.common.rest_client [req-cd32bdd0-f408-4648-a3ef-8ebafd36bee9 req-cd32bdd0-f408-4648-a3ef-8ebafd36bee9 ] Request (SecurityGroupsTestJSON:test_list_security_groups_by_server): 200 GET http://10.180.1.21/compute/v2.1/servers/96c9652e-84b1-42d6-9109-d684e6c56243 0.137s
2024-10-11 02:26:29.378 62454 INFO tempest.lib.common.rest_client [req-14b07970-55fd-43d1-9db6-a8e94312e86a req-14b07970-55fd-43d1-9db6-a8e94312e86a ] Request (InstanceActionsTestJSON:setUpClass): 200 GET http://10.180.1.21/compute/v2.1/servers/ec7335d7-89a1-469f-8fc4-1971ca24baf4 0.137s
2024-10-11 02:26:29.379 62472 INFO tempest.lib.common.rest_client [req-bdf9fc50-f006-46e6-9336-1e3d5a998e74 req-bdf9fc50-f006-46e6-9336-1e3d5a998e74 ] Request (InstanceActionsNegativeTestJSON:setUpClass): 200 GET http://10.180.1.21/compute/v2.1/servers/ae0533c1-8cb4-40f1-8737-0e476e72211d 0.121s
2024-10-11 02:26:29.434 62444 INFO tempest.lib.common.rest_client [req-84303a7d-a979-4af9-859a-8a6c5c39c999 req-84303a7d-a979-4af9-859a-8a6c5c39c999 ] Request (ServerMetadataTestJSON:setUpClass): 200 GET http://10.180.1.21/compute/v2.1/servers/b94e5378-d03a-4cc3-b835-31e72d3b0f75 0.121s
2024-10-11 02:26:29.460 62497 INFO tempest.lib.common.rest_client [req-c336e646-6412-4fdf-879d-84f61d2ecf70 req-c336e646-6412-4fdf-879d-84f61d2ecf70 ] Request (ListServersNegativeTestJSON:setUpClass): 200 GET http://10.180.1.21/compute/v2.1/servers/1be28c2f-a562-4620-a618-b556e941c57f 0.062s
2024-10-11 02:26:29.489 62494 INFO tempest.lib.common.rest_client [req-0523a7e2-1ac0-4a09-be80-4b93f1dbb881 req-0523a7e2-1ac0-4a09-be80-4b93f1dbb881 ] Request (ServersTestJSON:setUpClass): 200 GET http://10.180.1.21/compute/v2.1/servers/69522ff9-6363-4b95-a679-801598a3b2f1 0.086s
2024-10-11 02:26:29.513 62450 INFO tempest.lib.common.rest_client [req-0d21415f-dac6-4def-b58e-a9ccdcaa88aa req-0d21415f-dac6-4def-b58e-a9ccdcaa88aa ] Request (FloatingIPsAssociationTestJSON:setUpClass): 200 GET http://10.180.1.21/compute/v2.1/servers/f32adc33-851f-47eb-8415-9895d1c14a05 0.066s
2024-10-11 02:26:29.551 62468 INFO tempest.lib.common.rest_client [req-32a7ced9-f6ca-49a9-a5de-1fcd2cb5bc7e req-32a7ced9-f6ca-49a9-a5de-1fcd2cb5bc7e ] Request (ServersWithSpecificFlavorTestJSON:tearDownClass): 200 PUT http://10.180.1.21:9696/networking/v2.0/routers/a4eceb34-2541-421d-91f9-4ba476dc83eb/remove_router_interface 1.217s
2024-10-11 02:26:29.549 62478 INFO tempest.lib.common.rest_client [req-e1ebb0d3-bf46-444f-85f2-ae7fbcb744dc req-e1ebb0d3-bf46-444f-85f2-ae7fbcb744dc ] Request (MigrationsAdminTest:test_resize_server_revert_deleted_flavor): 200 GET http://10.180.1.21/compute/v2.1/servers/f28f0f10-5eb0-4150-b712-467e72a6ccbd 0.098s
2024-10-11 02:26:29.569 62488 INFO tempest.lib.common.rest_client [req-b513a367-3680-4e81-ae00-ab368c79e123 req-b513a367-3680-4e81-ae00-ab368c79e123 ] Request (ServerExternalEventsTest:test_create_server_external_events): 200 GET http://10.180.1.21/compute/v2.1/servers/74c893db-c3aa-461b-86a9-fadfb1519c9e 0.058s
2024-10-11 02:26:29.649 62464 INFO tempest.lib.common.rest_client [req-1c111a57-230d-4b55-9e75-d55120846a3d req-1c111a57-230d-4b55-9e75-d55120846a3d ] Request (ServersTestMultiNic:test_verify_duplicate_network_nics): 200 GET http://10.180.1.21/compute/v2.1/servers/1df5e740-71de-468c-9188-e8088f5789b7 0.088s
2024-10-11 02:26:29.678 62498 INFO tempest.lib.common.rest_client [req-a9772e2a-3f69-446b-8d3f-1708b26fcc47 req-a9772e2a-3f69-446b-8d3f-1708b26fcc47 ] Request (ServerRescueTestJSON:setUpClass): 200 GET http://10.180.1.21/compute/v2.1/servers/84d869a9-4772-4c89-a931-8b093ca7d1b4 0.060s
2024-10-11 02:26:29.748 62504 INFO tempest.lib.common.rest_client [req-172a1bf6-2b62-410b-9292-68b761a07f02 req-172a1bf6-2b62-410b-9292-68b761a07f02 ] Request (ServersTestFqdnHostnames:test_create_server_with_fqdn_name): 200 GET http://10.180.1.21/compute/v2.1/servers/8e60cc65-fc1c-4460-a32d-d7fed2c95994 0.076s
2024-10-11 02:26:29.809 62486 INFO tempest.lib.common.rest_client [req-e6d34b40-5250-4a74-8cea-b25fbbfec660 req-e6d34b40-5250-4a74-8cea-b25fbbfec660 ] Request (ImagesNegativeTestJSON:test_create_image_from_deleted_server): 200 GET http://10.180.1.21/compute/v2.1/servers/aa963551-93bf-4f0d-ae7e-15a59efd4dbc 0.076s
2024-10-11 02:26:30.021 62500 INFO tempest.lib.common.rest_client [req-81a473b8-4639-4bfb-a6e8-6085849d03d3 req-81a473b8-4639-4bfb-a6e8-6085849d03d3 ] Request (ServerActionsV293TestJSON:setUpClass): 200 GET http://10.180.1.21/volume/v3/volumes/1d552d36-28f2-4a98-8e37-31a97e826528 0.030s
2024-10-11 02:26:30.036 62482 INFO tempest.lib.common.rest_client [req-a18c5d1c-53cc-451c-87bd-f4a931c7695a req-a18c5d1c-53cc-451c-87bd-f4a931c7695a ] Request (ServerActionsTestOtherB:setUpClass): 200 GET http://10.180.1.21/compute/v2.1/servers/a12dff75-8c35-485b-9a6f-104de9a11b77 0.242s
2024-10-11 02:26:30.063 62474 INFO tempest.lib.common.rest_client [req-b5f60334-50e3-43b8-87e6-e17a50f267e0 req-b5f60334-50e3-43b8-87e6-e17a50f267e0 ] Request (ListImageFiltersTestJSON:setUpClass): 204 PUT http://10.180.1.21/image/v2/images/b4441c98-012d-4f5c-bbbf-9b2c6d23b843/file 0.668s
2024-10-11 02:26:30.066 62458 INFO tempest.lib.common.rest_client [req-7bba55e3-3e11-48c7-885b-5e4f5148eb5d req-7bba55e3-3e11-48c7-885b-5e4f5148eb5d ] Request (ServersAdmin275Test:test_rebuild_update_server_275): 200 GET http://10.180.1.21/compute/v2.1/servers/5f05d6dd-60c6-4ebc-95c3-951b0f9c4106 0.178s
2024-10-11 02:26:30.100 62470 INFO tempest.lib.common.rest_client [req-409bb356-515c-40e2-8ec1-c18104346b72 req-409bb356-515c-40e2-8ec1-c18104346b72 ] Request (ServerDiagnosticsV248Test:test_get_server_diagnostics): 200 GET http://10.180.1.21/compute/v2.1/servers/ec8f3da7-8886-4890-83a0-0e361e36334d 0.158s
2024-10-11 02:26:30.121 62476 INFO tempest.lib.common.rest_client [req-641faa57-d078-4d47-a076-7528cbee225b req-641faa57-d078-4d47-a076-7528cbee225b ] Request (ServerTagsTestJSON:setUpClass): 200 GET http://10.180.1.21/compute/v2.1/servers/2562407c-ac70-423a-98b7-3c9533d257a0 0.123s
2024-10-11 02:26:30.154 62474 INFO tempest.lib.common.rest_client [req-06268374-3590-41ee-8eb2-9a0fbc81924c req-06268374-3590-41ee-8eb2-9a0fbc81924c ] Request (ListImageFiltersTestJSON:setUpClass): 200 GET http://10.180.1.21/compute/v2.1/images/b4441c98-012d-4f5c-bbbf-9b2c6d23b843 0.090s
2024-10-11 02:26:30.160 62452 INFO tempest.lib.common.rest_client [req-182071b3-a87a-4747-b2f5-6b33c455f65e req-182071b3-a87a-4747-b2f5-6b33c455f65e ] Request (ServersTestJSON:test_create_server_specify_multibyte_character_name): 200 GET http://10.180.1.21/compute/v2.1/servers/728016ed-2ad3-498a-8e81-d0a129d38477 0.115s
2024-10-11 02:26:30.232 62456 INFO tempest.lib.common.rest_client [req-7a2e1648-2c1d-4280-a976-caead4b53e03 req-7a2e1648-2c1d-4280-a976-caead4b53e03 ] Request (ServersTestManualDisk:setUpClass): 200 GET http://10.180.1.21/compute/v2.1/servers/6267d834-d461-488e-bc56-c787df997ffe 0.144s
2024-10-11 02:26:30.246 62490 INFO tempest.lib.common.rest_client [req-f048daa9-960c-4e09-b446-4cf4a75087d7 req-f048daa9-960c-4e09-b446-4cf4a75087d7 ] Request (ServerRescueTestJSONUnderV235:setUpClass): 200 GET http://10.180.1.21/compute/v2.1/servers/7063551d-58c6-4083-86a6-1e6d6244581e 0.108s
2024-10-11 02:26:30.273 62474 INFO tempest.lib.common.rest_client [req-c6ab0081-8889-47c2-bc52-e96ef010ea20 req-c6ab0081-8889-47c2-bc52-e96ef010ea20 ] Request (ListImageFiltersTestJSON:setUpClass): 200 GET http://10.180.1.21/compute/v2.1/images/b4441c98-012d-4f5c-bbbf-9b2c6d23b843 0.115s
2024-10-11 02:26:30.307 62468 INFO tempest.lib.common.rest_client [req-96a78c71-bec2-4c85-8dc3-594bbdad244a req-96a78c71-bec2-4c85-8dc3-594bbdad244a ] Request (ServersWithSpecificFlavorTestJSON:tearDownClass): 204 DELETE http://10.180.1.21:9696/networking/v2.0/routers/a4eceb34-2541-421d-91f9-4ba476dc83eb 0.755s
2024-10-11 02:26:30.309 62462 INFO tempest.lib.common.rest_client [req-72d11888-04f4-4e9a-a8c0-f7ba76bdd963 req-72d11888-04f4-4e9a-a8c0-f7ba76bdd963 ] Request (ServersTestBootFromVolume:setUpClass): 200 GET http://10.180.1.21/compute/v2.1/servers/ca3cf85a-8f0e-4213-8447-3d37ff4ec328 0.123s
2024-10-11 02:26:30.334 62446 INFO tempest.lib.common.rest_client [req-9b885d7d-33b1-4b13-8e70-9f0124daf6f3 req-9b885d7d-33b1-4b13-8e70-9f0124daf6f3 ] Request (ImagesOneServerTestJSON:setUpClass): 200 GET http://10.180.1.21/compute/v2.1/servers/8533079a-0728-4461-9111-63e9dace9f09 0.123s
2024-10-11 02:26:30.366 62460 INFO tempest.lib.common.rest_client [req-c7d9027b-639d-4a5a-907a-f80b9f96eb71 req-c7d9027b-639d-4a5a-907a-f80b9f96eb71 ] Request (ServerPasswordTestJSON:setUpClass): 200 PUT http://10.180.1.21:9696/networking/v2.0/routers/0d54ac6b-429f-4865-b8c2-75a569a4928f/add_router_interface 1.720s
2024-10-11 02:26:30.366 62460 INFO tempest.lib.common.dynamic_creds [-] Created isolated network resources for: credentials: Credentials: {'domain_id': 'default', 'domain_name': 'Default', 'username': 'tempest-ServerPasswordTestJSON-820461922-project-member', 'project_domain_id': 'default', 'project_domain_name': 'Default', 'project_id': '469d491003ec423b8a9481b961ec98f2', 'project_name': 'tempest-ServerPasswordTestJSON-820461922', 'tenant_id': '469d491003ec423b8a9481b961ec98f2', 'tenant_name': 'tempest-ServerPasswordTestJSON-820461922', 'user_domain_id': 'default', 'user_domain_name': 'Default', 'user_id': 'e1eed3397d574150ba537e6f7cb1211d', 'system': None}, Network: {'id': '1db711a8-8580-4ba8-ae8d-2f2253eb1e94', 'name': 'tempest-ServerPasswordTestJSON-827542609-network', 'tenant_id': '469d491003ec423b8a9481b961ec98f2', 'admin_state_up': True, 'mtu': 8950, 'status': 'ACTIVE', 'subnets': [], 'shared': False, 'project_id': '469d491003ec423b8a9481b961ec98f2', 'port_security_enabled': True, 'router:external': False, 'provider:network_type': 'vlan', 'provider:physical_network': 'default', 'provider:segmentation_id': 769, 'is_default': False, 'availability_zone_hints': [], 'availability_zones': [], 'ipv4_address_scope': None, 'ipv6_address_scope': None, 'description': '', 'tags': [], 'created_at': '2024-10-11T02:26:27Z', 'updated_at': '2024-10-11T02:26:27Z', 'revision_number': 1}, Subnet: {'id': '83916392-b633-4b72-b781-4422ee08786f', 'name': 'tempest-ServerPasswordTestJSON-827542609-subnet', 'tenant_id': '469d491003ec423b8a9481b961ec98f2', 'network_id': '1db711a8-8580-4ba8-ae8d-2f2253eb1e94', 'ip_version': 4, 'subnetpool_id': None, 'enable_dhcp': True, 'ipv6_ra_mode': None, 'ipv6_address_mode': None, 'gateway_ip': '192.168.128.1', 'cidr': '192.168.128.0/28', 'allocation_pools': [{'start': '192.168.128.2', 'end': '192.168.128.14'}], 'host_routes': [], 'dns_nameservers': [], 'description': '', 'router:external': False, 'service_types': [], 'tags': [], 'created_at': '2024-10-11T02:26:27Z', 'updated_at': '2024-10-11T02:26:27Z', 'revision_number': 0, 'project_id': '469d491003ec423b8a9481b961ec98f2'}, Router: {'id': '0d54ac6b-429f-4865-b8c2-75a569a4928f', 'name': 'tempest-ServerPasswordTestJSON-827542609-router', 'tenant_id': '469d491003ec423b8a9481b961ec98f2', 'admin_state_up': True, 'status': 'ACTIVE', 'external_gateway_info': {'network_id': '0e84150c-3186-4449-936d-4d129e44529b', 'external_fixed_ips': [{'subnet_id': '91a3ed12-4b0c-4185-ba2b-663e807eec11', 'ip_address': '10.180.180.142'}], 'enable_snat': True}, 'description': '', 'availability_zones': [], 'distributed': False, 'ha': False, 'availability_zone_hints': [], 'routes': [], 'flavor_id': None, 'tags': [], 'created_at': '2024-10-11T02:26:27Z', 'updated_at': '2024-10-11T02:26:28Z', 'revision_number': 2, 'project_id': '469d491003ec423b8a9481b961ec98f2'}
2024-10-11 02:26:30.383 62484 INFO tempest.lib.common.rest_client [req-fe14a9e8-d2f2-4da1-bcae-6670b8a1bab3 req-fe14a9e8-d2f2-4da1-bcae-6670b8a1bab3 ] Request (DeleteServersAdminTestJSON:test_delete_server_while_in_error_state): 200 GET http://10.180.1.21/compute/v2.1/servers/8217f3d9-34f6-4df0-9552-982e257f35cd 0.130s
2024-10-11 02:26:30.401 62466 INFO tempest.lib.common.rest_client [req-a025e394-5c67-49bf-8d7a-5ab67c5f4bef req-a025e394-5c67-49bf-8d7a-5ab67c5f4bef ] Request (ServerDiskConfigTestJSON:test_rebuild_server_with_manual_disk_config): 200 GET http://10.180.1.21/compute/v2.1/servers/7f7c79c7-bf03-43cf-b8c8-667fb603c0c9 0.140s
2024-10-11 02:26:30.454 62502 INFO tempest.lib.common.rest_client [req-1fd6038f-1746-4e27-80d8-70d3b199039d req-1fd6038f-1746-4e27-80d8-70d3b199039d ] Request (ImagesTestJSON:test_create_image_from_stopped_server): 200 GET http://10.180.1.21/compute/v2.1/servers/b7502223-d1fe-46f0-b382-c9b140032053 0.138s
2024-10-11 02:26:30.475 62508 INFO tempest.lib.common.rest_client [req-adc0b4b3-b6d9-4a3c-8d35-755487fbc373 req-adc0b4b3-b6d9-4a3c-8d35-755487fbc373 ] Request (SecurityGroupsTestJSON:test_list_security_groups_by_server): 200 GET http://10.180.1.21/compute/v2.1/servers/96c9652e-84b1-42d6-9109-d684e6c56243 0.154s
2024-10-11 02:26:30.475 62460 INFO tempest.lib.common.rest_client [req-4e56e5c7-c474-4228-96e6-2bf34483a71a req-4e56e5c7-c474-4228-96e6-2bf34483a71a ] Request (ServerPasswordTestJSON:setUpClass): 201 POST http://10.180.1.21/identity/v3/auth/tokens 0.105s
2024-10-11 02:26:30.498 62468 INFO tempest.lib.common.rest_client [req-c9684c85-d9d1-42d1-9a43-d5efc0747e42 req-c9684c85-d9d1-42d1-9a43-d5efc0747e42 ] Request (ServersWithSpecificFlavorTestJSON:tearDownClass): 204 DELETE http://10.180.1.21:9696/networking/v2.0/subnets/7b02bd47-3fa5-4515-8160-9233e409ece2 0.190s
2024-10-11 02:26:30.512 62460 INFO tempest.lib.common.rest_client [req-850bb037-8418-4845-9f28-19b660ebefa7 req-850bb037-8418-4845-9f28-19b660ebefa7 ] Request (ServerPasswordTestJSON:setUpClass): 201 POST http://10.180.1.21/identity/v3/auth/tokens 0.034s
2024-10-11 02:26:30.513 62460 INFO tempest.lib.common.fixed_network [-] (ServerPasswordTestJSON:setUpClass) Found network {'id': '1db711a8-8580-4ba8-ae8d-2f2253eb1e94', 'name': 'tempest-ServerPasswordTestJSON-827542609-network', 'tenant_id': '469d491003ec423b8a9481b961ec98f2', 'admin_state_up': True, 'mtu': 8950, 'status': 'ACTIVE', 'subnets': [], 'shared': False, 'project_id': '469d491003ec423b8a9481b961ec98f2', 'port_security_enabled': True, 'router:external': False, 'provider:network_type': 'vlan', 'provider:physical_network': 'default', 'provider:segmentation_id': 769, 'is_default': False, 'availability_zone_hints': [], 'availability_zones': [], 'ipv4_address_scope': None, 'ipv6_address_scope': None, 'description': '', 'tags': [], 'created_at': '2024-10-11T02:26:27Z', 'updated_at': '2024-10-11T02:26:27Z', 'revision_number': 1} available for tenant
2024-10-11 02:26:30.525 62454 INFO tempest.lib.common.rest_client [req-bdd6fb4b-5d8d-4a6d-9025-44eaca7b3cf6 req-bdd6fb4b-5d8d-4a6d-9025-44eaca7b3cf6 ] Request (InstanceActionsTestJSON:setUpClass): 200 GET http://10.180.1.21/compute/v2.1/servers/ec7335d7-89a1-469f-8fc4-1971ca24baf4 0.139s
2024-10-11 02:26:30.538 62472 INFO tempest.lib.common.rest_client [req-4343c227-2f5f-41bc-9eb9-e97302e2d2ad req-4343c227-2f5f-41bc-9eb9-e97302e2d2ad ] Request (InstanceActionsNegativeTestJSON:setUpClass): 200 GET http://10.180.1.21/compute/v2.1/servers/ae0533c1-8cb4-40f1-8737-0e476e72211d 0.152s
2024-10-11 02:26:30.577 62444 INFO tempest.lib.common.rest_client [req-8f0af747-0ca1-456c-8bf3-541ff8f110c7 req-8f0af747-0ca1-456c-8bf3-541ff8f110c7 ] Request (ServerMetadataTestJSON:setUpClass): 200 GET http://10.180.1.21/compute/v2.1/servers/b94e5378-d03a-4cc3-b835-31e72d3b0f75 0.137s
2024-10-11 02:26:30.598 62497 INFO tempest.lib.common.rest_client [req-e78db7d9-d0b4-4254-9d7d-e1f0e7bb9d18 req-e78db7d9-d0b4-4254-9d7d-e1f0e7bb9d18 ] Request (ListServersNegativeTestJSON:setUpClass): 200 GET http://10.180.1.21/compute/v2.1/servers/1be28c2f-a562-4620-a618-b556e941c57f 0.129s
