2024-10-11 02:26:00.028 62502 INFO tempest.lib.common.dynamic_creds [-] Deleting project and security group for project: 07814655b224441385901dbd6180fc66
2024-10-11 02:26:00.049 62448 INFO tempest.lib.common.rest_client [req-432d1997-ec6c-4763-af6c-f0b66c2dbc04 req-432d1997-ec6c-4763-af6c-f0b66c2dbc04 ] Request (TestVersions:tearDownClass): 204 DELETE http://10.180.1.21/identity/v3/projects/bf724c39937c4e97880c0061db0a0806 0.131s
2024-10-11 02:26:00.110 62450 INFO tempest.lib.common.rest_client [req-3af18233-c63b-43e6-b949-226436691f18 req-3af18233-c63b-43e6-b949-226436691f18 ] Request (FloatingIPsAssociationTestJSON:setUpClass): 200 GET http://10.180.1.21/compute/v2.1/servers/f32adc33-851f-47eb-8415-9895d1c14a05 0.626s
2024-10-11 02:26:00.122 62502 INFO tempest.lib.common.rest_client [req-099b4ed3-7796-4d42-9ae3-f73cd62b2e9c req-099b4ed3-7796-4d42-9ae3-f73cd62b2e9c ] Request (QuotasAdminTestV236:tearDownClass): 201 POST http://10.180.1.21/identity/v3/auth/tokens 0.094s
2024-10-11 02:26:00.132 62478 INFO tempest.lib.common.rest_client [req-ada5b2b7-4217-4565-8937-76e98066adfd req-ada5b2b7-4217-4565-8937-76e98066adfd ] Request (MigrationsAdminTest:test_resize_server_revert_deleted_flavor): 200 GET http://10.180.1.21/compute/v2.1/servers/f28f0f10-5eb0-4150-b712-467e72a6ccbd 0.627s
2024-10-11 02:26:00.226 62488 INFO tempest.lib.common.rest_client [req-5b9859cf-bcb2-44e3-8154-e8ac5c2f870c req-5b9859cf-bcb2-44e3-8154-e8ac5c2f870c ] Request (ServerExternalEventsTest:test_create_server_external_events): 200 GET http://10.180.1.21/compute/v2.1/servers/74c893db-c3aa-461b-86a9-fadfb1519c9e 0.676s
2024-10-11 02:26:00.250 62464 INFO tempest.lib.common.rest_client [req-427ef0b0-7daa-4f47-976c-d7b082a00f09 req-427ef0b0-7daa-4f47-976c-d7b082a00f09 ] Request (AggregatesAdminNegativeTestJSON:_run_cleanups): 200 DELETE http://10.180.1.21/compute/v2.1/os-aggregates/7 0.633s
2024-10-11 02:26:00.349 62498 INFO tempest.lib.common.rest_client [req-83564625-07cf-45c2-83ff-38b7552746ac req-83564625-07cf-45c2-83ff-38b7552746ac ] Request (ServerRescueTestJSON:setUpClass): 200 GET http://10.180.1.21/compute/v2.1/servers/84d869a9-4772-4c89-a931-8b093ca7d1b4 0.474s
2024-10-11 02:26:00.426 62500 INFO tempest.lib.common.rest_client [req-ab52a055-c686-40c0-9d84-dd30a7366229 req-ab52a055-c686-40c0-9d84-dd30a7366229 ] Request (ImagesOneServerNegativeTestJSON:tearDownClass): 204 DELETE http://10.180.1.21:9696/networking/v2.0/security-groups/ed72141d-5eff-466d-b241-71eea380e5e1 0.461s
2024-10-11 02:26:00.436 62482 INFO tempest.lib.common.rest_client [req-2c030513-90c9-41d0-9776-27f07e6a4959 req-2c030513-90c9-41d0-9776-27f07e6a4959 ] Request (FlavorsAccessNegativeTestJSON:tearDownClass): 204 DELETE http://10.180.1.21:9696/networking/v2.0/security-groups/ddde2d70-38e7-41e4-b859-a7465fbf7bd3 0.428s
2024-10-11 02:26:00.449 62472 INFO tempest.lib.common.rest_client [req-63eb03fb-dfc8-468f-aa03-d872a4960ca5 req-63eb03fb-dfc8-468f-aa03-d872a4960ca5 ] Request (ImagesDeleteNegativeTestJSON:test_delete_image_blank_id): 404 DELETE http://10.180.1.21/compute/v2.1/images/ 0.553s
2024-10-11 02:26:00.487 62500 INFO tempest.lib.common.rest_client [req-a83e94b1-38b6-4274-ae57-72b426939beb req-a83e94b1-38b6-4274-ae57-72b426939beb ] Request (ImagesOneServerNegativeTestJSON:tearDownClass): 204 DELETE http://10.180.1.21/identity/v3/projects/ad57988508ff4a7a9dcae30e6badccbe 0.060s
2024-10-11 02:26:00.503 62506 INFO tempest.lib.common.rest_client [req-e4d1b572-24bd-4c7a-b1af-8b73ccdbb279 req-e4d1b572-24bd-4c7a-b1af-8b73ccdbb279 ] Request (KeyPairsV2TestJSON:tearDownClass): 200 GET http://10.180.1.21:9696/networking/v2.0/security-groups?tenant_id=1604c151660e41e6b85390ab8e5abf66&name=default 0.537s
2024-10-11 02:26:00.511 62482 INFO tempest.lib.common.rest_client [req-f90c9f3b-3719-4d8b-ab8e-751c627b5a34 req-f90c9f3b-3719-4d8b-ab8e-751c627b5a34 ] Request (FlavorsAccessNegativeTestJSON:tearDownClass): 204 DELETE http://10.180.1.21/identity/v3/projects/87b78f9923fd494d8c5409881db74a2a 0.074s
2024-10-11 02:26:00.511 62482 INFO tempest.lib.common.dynamic_creds [-] Deleting project and security group for project: 870622467bb6454caedff0ee85329370
2024-10-11 02:26:00.545 62490 INFO tempest.lib.common.rest_client [req-e08aab7e-e682-4d30-918f-0c9a052b31d2 req-e08aab7e-e682-4d30-918f-0c9a052b31d2 ] Request (AttachInterfacesV270Test:test_create_get_list_interfaces): 200 GET http://10.180.1.21/compute/v2.1/servers/aaaa3c7d-0587-42fa-9f8f-2c3297f5636e 0.633s
2024-10-11 02:26:00.545 62500 INFO tempest.lib.common.rest_client [req-9759a0f3-794e-40d7-9b7a-f9895b6baaaa req-9759a0f3-794e-40d7-9b7a-f9895b6baaaa ] Request (ServerActionsV293TestJSON:setUpClass): 201 POST http://10.180.1.21/identity/v3/auth/tokens 0.054s
2024-10-11 02:26:00.580 62500 INFO tempest.lib.common.rest_client [req-afb21e22-a880-4154-ba2d-4d30a4bec88e req-afb21e22-a880-4154-ba2d-4d30a4bec88e ] Request (ServerActionsV293TestJSON:setUpClass): 201 POST http://10.180.1.21/identity/v3/auth/tokens 0.032s
2024-10-11 02:26:00.600 62500 INFO tempest.lib.common.rest_client [req-cbd0ed36-a5bc-4ab1-aa67-a6da64124e7e req-cbd0ed36-a5bc-4ab1-aa67-a6da64124e7e ] Request (ServerActionsV293TestJSON:setUpClass): 200 GET http://10.180.1.21/identity/v3/domains?name=Default 0.020s
2024-10-11 02:26:00.626 62470 INFO tempest.lib.common.rest_client [req-90cdd622-eb4f-4086-b812-09d6168f3a02 req-90cdd622-eb4f-4086-b812-09d6168f3a02 ] Request (ServerDiagnosticsV248Test:test_get_server_diagnostics): 200 GET http://10.180.1.21/compute/v2.1/servers/ec8f3da7-8886-4890-83a0-0e361e36334d 0.637s
2024-10-11 02:26:00.632 62500 INFO tempest.lib.common.rest_client [req-41a4a651-9623-488c-9fe0-1c8e5e9a82f8 req-41a4a651-9623-488c-9fe0-1c8e5e9a82f8 ] Request (ServerActionsV293TestJSON:setUpClass): 201 POST http://10.180.1.21/identity/v3/projects 0.031s
2024-10-11 02:26:00.647 62502 INFO tempest.lib.common.rest_client [req-811a3a40-1d4b-4050-8d76-9a998d4f7403 req-811a3a40-1d4b-4050-8d76-9a998d4f7403 ] Request (QuotasAdminTestV236:tearDownClass): 200 GET http://10.180.1.21:9696/networking/v2.0/security-groups?tenant_id=07814655b224441385901dbd6180fc66&name=default 0.525s
2024-10-11 02:26:00.649 62452 INFO tempest.lib.common.rest_client [req-545402f9-2417-4259-92df-561f7b201e6d req-545402f9-2417-4259-92df-561f7b201e6d ] Request (FlavorsAdminTestJSON:test_is_public_string_variations): 200 GET http://10.180.1.21/compute/v2.1/flavors/detail?is_public=yes 0.624s
2024-10-11 02:26:00.684 62486 INFO tempest.lib.common.rest_client [req-bfc6c73c-aadb-4506-9349-a14353e857a3 req-bfc6c73c-aadb-4506-9349-a14353e857a3 ] Request (ImagesNegativeTestJSON:setUpClass): 201 POST http://10.180.1.21:9696/networking/v2.0/networks 0.934s
2024-10-11 02:26:00.701 62500 INFO tempest.lib.common.rest_client [req-0a1bd5a2-378d-4204-a96b-01bdc71cf92d req-0a1bd5a2-378d-4204-a96b-01bdc71cf92d ] Request (ServerActionsV293TestJSON:setUpClass): 201 POST http://10.180.1.21/identity/v3/users 0.068s
2024-10-11 02:26:00.723 62500 INFO tempest.lib.common.rest_client [req-bcaba93d-2bda-4dd9-a9fd-875b1dd3a532 req-bcaba93d-2bda-4dd9-a9fd-875b1dd3a532 ] Request (ServerActionsV293TestJSON:setUpClass): 200 GET http://10.180.1.21/identity/v3/roles 0.022s
2024-10-11 02:26:00.753 62500 INFO tempest.lib.common.rest_client [req-bb1c332f-c739-4d86-acf1-74aa0b03490a req-bb1c332f-c739-4d86-acf1-74aa0b03490a ] Request (ServerActionsV293TestJSON:setUpClass): 204 PUT http://10.180.1.21/identity/v3/projects/a1bb7784f9174ae3a2452a6bc9a644f1/users/b970313c953841149941b8eb8fe4f92c/roles/564f408adcea4b72abe242d0585736ef 0.030s
2024-10-11 02:26:00.753 62500 INFO tempest.lib.common.dynamic_creds [-] Dynamic test user b970313c953841149941b8eb8fe4f92c is created with scope project and roles: ['member']
2024-10-11 02:26:00.754 62500 INFO tempest.lib.common.dynamic_creds [-] Acquired dynamic creds: credentials: Credentials: {'domain_id': 'default', 'domain_name': 'Default', 'username': 'tempest-ServerActionsV293TestJSON-1208442204-project-member', 'project_domain_id': 'default', 'project_domain_name': 'Default', 'project_id': 'a1bb7784f9174ae3a2452a6bc9a644f1', 'project_name': 'tempest-ServerActionsV293TestJSON-1208442204', 'tenant_id': 'a1bb7784f9174ae3a2452a6bc9a644f1', 'tenant_name': 'tempest-ServerActionsV293TestJSON-1208442204', 'user_domain_id': 'default', 'user_domain_name': 'Default', 'user_id': 'b970313c953841149941b8eb8fe4f92c', 'system': None}, Network: None, Subnet: None, Router: None
2024-10-11 02:26:00.815 62500 INFO tempest.lib.common.rest_client [req-e3a185c3-34de-45bd-9e2a-e0ae4e29eaeb req-e3a185c3-34de-45bd-9e2a-e0ae4e29eaeb ] Request (ServerActionsV293TestJSON:setUpClass): 201 POST http://10.180.1.21/identity/v3/auth/tokens 0.061s
2024-10-11 02:26:00.912 62458 INFO tempest.lib.common.rest_client [req-3054d207-566e-4531-8f48-fe950d313ac8 req-3054d207-566e-4531-8f48-fe950d313ac8 ] Request (ServersAdmin275Test:test_rebuild_update_server_275): 200 GET http://10.180.1.21/compute/v2.1/servers/5f05d6dd-60c6-4ebc-95c3-951b0f9c4106 0.825s
2024-10-11 02:26:00.937 62464 INFO tempest.lib.common.rest_client [req-e705f604-8078-4cce-880f-28878c1bba5f req-e705f604-8078-4cce-880f-28878c1bba5f ] Request (AggregatesAdminNegativeTestJSON:test_aggregate_remove_nonexistent_host): 200 POST http://10.180.1.21/compute/v2.1/os-aggregates 0.686s
2024-10-11 02:26:01.002 62506 INFO tempest.lib.common.rest_client [req-61e0b72e-9ece-48f4-90ab-a6c4aa7779a6 req-61e0b72e-9ece-48f4-90ab-a6c4aa7779a6 ] Request (KeyPairsV2TestJSON:tearDownClass): 204 DELETE http://10.180.1.21:9696/networking/v2.0/security-groups/19e6b67f-7fd2-4fdd-8db3-9c0cf731e9ff 0.498s
2024-10-11 02:26:01.019 62482 INFO tempest.lib.common.rest_client [req-64966fcf-2ee1-4b2a-98b6-049468c96058 req-64966fcf-2ee1-4b2a-98b6-049468c96058 ] Request (FlavorsAccessNegativeTestJSON:tearDownClass): 200 GET http://10.180.1.21:9696/networking/v2.0/security-groups?tenant_id=870622467bb6454caedff0ee85329370&name=default 0.508s
2024-10-11 02:26:01.027 62484 INFO tempest.lib.common.rest_client [req-81f41a12-5337-4ba9-8fe6-bf75c6fde99a req-81f41a12-5337-4ba9-8fe6-bf75c6fde99a ] Request (DeleteServersAdminTestJSON:test_delete_server_while_in_error_state): 200 GET http://10.180.1.21/compute/v2.1/servers/8217f3d9-34f6-4df0-9552-982e257f35cd 0.771s
2024-10-11 02:26:01.075 62506 INFO tempest.lib.common.rest_client [req-3debf01e-0eee-4100-8892-4022d8a1e0fb req-3debf01e-0eee-4100-8892-4022d8a1e0fb ] Request (KeyPairsV2TestJSON:tearDownClass): 204 DELETE http://10.180.1.21/identity/v3/projects/1604c151660e41e6b85390ab8e5abf66 0.073s
2024-10-11 02:26:01.110 62474 INFO tempest.lib.common.rest_client [req-99bb28cc-af24-4312-bd32-06e9d1d35417 req-99bb28cc-af24-4312-bd32-06e9d1d35417 ] Request (VolumesAssistedSnapshotsTest:test_volume_assisted_snapshot_create_delete): 200 GET http://10.180.1.21/compute/v2.1/servers/91fce17f-e391-4bf6-83db-d8720b73fd21 0.782s
2024-10-11 02:26:01.199 62502 INFO tempest.lib.common.rest_client [req-9482aab2-af9d-4e3f-9d86-1c424307ee46 req-9482aab2-af9d-4e3f-9d86-1c424307ee46 ] Request (QuotasAdminTestV236:tearDownClass): 204 DELETE http://10.180.1.21:9696/networking/v2.0/security-groups/eac54411-21d9-4e42-bb0d-ba64fb4d745b 0.551s
2024-10-11 02:26:01.204 62476 INFO tempest.lib.common.rest_client [req-b39c0589-d1c9-4cb3-bf6c-0a79302238c0 req-b39c0589-d1c9-4cb3-bf6c-0a79302238c0 ] Request (ServerTagsTestJSON:setUpClass): 200 GET http://10.180.1.21/compute/v2.1/servers/2562407c-ac70-423a-98b7-3c9533d257a0 0.781s
2024-10-11 02:26:01.294 62466 INFO tempest.lib.common.rest_client [req-b90b79ad-eb70-4848-b83b-7defd43ee25b req-b90b79ad-eb70-4848-b83b-7defd43ee25b ] Request (ServerDiskConfigTestJSON:test_rebuild_server_with_auto_disk_config): 200 GET http://10.180.1.21/compute/v2.1/servers/f37b8355-3c4c-4c11-a6bc-95a1a18a4cd0 0.849s
2024-10-11 02:26:01.323 62472 INFO tempest.lib.common.rest_client [req-46656232-9f19-495d-8fd2-5f27e618e1b0 req-46656232-9f19-495d-8fd2-5f27e618e1b0 ] Request (ImagesDeleteNegativeTestJSON:test_delete_image_negative_image_id): 404 DELETE http://10.180.1.21/compute/v2.1/images/-1 0.872s
2024-10-11 02:26:01.327 62502 INFO tempest.lib.common.rest_client [req-5e109544-6d96-4de8-935f-fd66d7abbc3a req-5e109544-6d96-4de8-935f-fd66d7abbc3a ] Request (QuotasAdminTestV236:tearDownClass): 204 DELETE http://10.180.1.21/identity/v3/projects/07814655b224441385901dbd6180fc66 0.126s
2024-10-11 02:26:01.327 62502 INFO tempest.lib.common.dynamic_creds [-] Deleting project and security group for project: 94943c459bd448d183137141083c2a4d
2024-10-11 02:26:01.369 62482 INFO tempest.lib.common.rest_client [req-4a4cd89d-517a-4bf4-9d49-258b959ee0c0 req-4a4cd89d-517a-4bf4-9d49-258b959ee0c0 ] Request (FlavorsAccessNegativeTestJSON:tearDownClass): 204 DELETE http://10.180.1.21:9696/networking/v2.0/security-groups/1f08e671-81a6-480d-8e2b-1c27d73a6f74 0.349s
2024-10-11 02:26:01.397 62494 INFO tempest.lib.common.rest_client [req-b882b112-e9ae-41ba-8a25-8faf7be01f00 req-b882b112-e9ae-41ba-8a25-8faf7be01f00 ] Request (ServersTestJSON:setUpClass): 200 GET http://10.180.1.21/compute/v2.1/servers/69522ff9-6363-4b95-a679-801598a3b2f1 0.849s
2024-10-11 02:26:01.407 62504 INFO tempest.lib.common.rest_client [req-6ba467bc-45ba-48ec-9e03-cc9bcd2e7863 req-6ba467bc-45ba-48ec-9e03-cc9bcd2e7863 ] Request (ServersTestFqdnHostnames:test_create_server_with_fqdn_name): 202 POST http://10.180.1.21/compute/v2.1/servers 1.862s
2024-10-11 02:26:01.431 62452 INFO tempest.lib.common.rest_client [req-8644f4e1-b6a9-4082-b21f-b0a176796ed8 req-8644f4e1-b6a9-4082-b21f-b0a176796ed8 ] Request (FlavorsAdminTestJSON:test_is_public_string_variations): 200 GET http://10.180.1.21/compute/v2.1/flavors/detail?is_public=1 0.775s
2024-10-11 02:26:01.479 62462 INFO tempest.lib.common.rest_client [req-3a31a37e-beab-45df-85d5-842fc56b238f req-3a31a37e-beab-45df-85d5-842fc56b238f ] Request (ServersTestBootFromVolume:setUpClass): 200 GET http://10.180.1.21/compute/v2.1/servers/ca3cf85a-8f0e-4213-8447-3d37ff4ec328 0.734s
2024-10-11 02:26:01.492 62482 INFO tempest.lib.common.rest_client [req-b660253d-8ad0-44b9-917e-ef42e73ecf99 req-b660253d-8ad0-44b9-917e-ef42e73ecf99 ] Request (FlavorsAccessNegativeTestJSON:tearDownClass): 204 DELETE http://10.180.1.21/identity/v3/projects/870622467bb6454caedff0ee85329370 0.123s
2024-10-11 02:26:01.492 62482 INFO tempest.lib.common.dynamic_creds [-] Deleting project and security group for project: 3e6ee07395044955b9d5475262d5bf54
2024-10-11 02:26:01.516 62497 INFO tempest.lib.common.rest_client [req-0f30b0e9-5c1b-4ad4-a2af-50cfbcaeeea3 req-0f30b0e9-5c1b-4ad4-a2af-50cfbcaeeea3 ] Request (ListServersNegativeTestJSON:setUpClass): 200 GET http://10.180.1.21/compute/v2.1/servers/1be28c2f-a562-4620-a618-b556e941c57f 0.688s
2024-10-11 02:26:01.544 62464 INFO tempest.lib.common.rest_client [req-592fc51f-ea8f-49ed-ae68-02268436599e req-592fc51f-ea8f-49ed-ae68-02268436599e ] Request (AggregatesAdminNegativeTestJSON:test_aggregate_remove_nonexistent_host): 404 POST http://10.180.1.21/compute/v2.1/os-aggregates/8/action 0.605s
2024-10-11 02:26:01.553 62508 INFO tempest.lib.common.rest_client [req-dafe9223-46ab-4158-9c89-0fc932bb3383 req-dafe9223-46ab-4158-9c89-0fc932bb3383 ] Request (SecurityGroupsTestJSON:test_list_security_groups_by_server): 200 GET http://10.180.1.21/compute/v2.1/servers/96c9652e-84b1-42d6-9109-d684e6c56243 0.631s
2024-10-11 02:26:01.620 62460 INFO tempest.lib.common.rest_client [req-b7e5e9a3-c3c6-4546-8392-8e202d4d2ac6 req-b7e5e9a3-c3c6-4546-8392-8e202d4d2ac6 ] Request (ServersAdminNegativeTestJSON:setUpClass): 200 GET http://10.180.1.21/compute/v2.1/servers/f66f7fdb-5ae1-48c4-9886-3d7d9d91b8cd 0.611s
2024-10-11 02:26:01.690 62450 INFO tempest.lib.common.rest_client [req-512ab738-baf2-4615-ab7b-a48e0743fdc0 req-512ab738-baf2-4615-ab7b-a48e0743fdc0 ] Request (FloatingIPsAssociationTestJSON:setUpClass): 200 GET http://10.180.1.21/compute/v2.1/servers/f32adc33-851f-47eb-8415-9895d1c14a05 0.570s
2024-10-11 02:26:01.765 62486 INFO tempest.lib.common.rest_client [req-c4d53de9-c226-4dea-af83-42c372e91723 req-c4d53de9-c226-4dea-af83-42c372e91723 ] Request (ImagesNegativeTestJSON:setUpClass): 201 POST http://10.180.1.21:9696/networking/v2.0/subnets 1.080s
2024-10-11 02:26:01.773 62478 INFO tempest.lib.common.rest_client [req-0fe8b8b3-97f1-4cb6-8c2c-b487958d7a58 req-0fe8b8b3-97f1-4cb6-8c2c-b487958d7a58 ] Request (MigrationsAdminTest:test_resize_server_revert_deleted_flavor): 200 GET http://10.180.1.21/compute/v2.1/servers/f28f0f10-5eb0-4150-b712-467e72a6ccbd 0.629s
2024-10-11 02:26:01.832 62482 INFO tempest.lib.common.rest_client [req-6e5e1e3c-d834-4e37-a6a0-b05b1ef4118c req-6e5e1e3c-d834-4e37-a6a0-b05b1ef4118c ] Request (FlavorsAccessNegativeTestJSON:tearDownClass): 200 GET http://10.180.1.21:9696/networking/v2.0/security-groups?tenant_id=3e6ee07395044955b9d5475262d5bf54&name=default 0.340s
2024-10-11 02:26:01.838 62500 INFO tempest.lib.common.rest_client [req-27bd9b03-ac36-4bd7-baba-1f99fcd9544f req-27bd9b03-ac36-4bd7-baba-1f99fcd9544f ] Request (ServerActionsV293TestJSON:setUpClass): 201 POST http://10.180.1.21:9696/networking/v2.0/networks 1.022s
2024-10-11 02:26:01.860 62468 INFO tempest.lib.common.rest_client [req-9d72bcb5-41e6-4940-be40-ac20d078f0f2 req-9d72bcb5-41e6-4940-be40-ac20d078f0f2 ] Request (ServersWithSpecificFlavorTestJSON:test_verify_created_server_ephemeral_disk): 200 GET http://10.180.1.21/compute/v2.1/servers/8da22054-8330-45d8-ab5d-9517233216fb 0.829s
2024-10-11 02:26:01.867 62488 INFO tempest.lib.common.rest_client [req-0614817b-fb65-4e94-a679-20ab47d20de1 req-0614817b-fb65-4e94-a679-20ab47d20de1 ] Request (ServerExternalEventsTest:test_create_server_external_events): 200 GET http://10.180.1.21/compute/v2.1/servers/74c893db-c3aa-461b-86a9-fadfb1519c9e 0.630s
2024-10-11 02:26:01.872 62454 INFO tempest.lib.common.rest_client [req-bbd9ea4e-8141-4d12-a945-4b4ada1370da req-bbd9ea4e-8141-4d12-a945-4b4ada1370da ] Request (InstanceActionsTestJSON:setUpClass): 201 POST http://10.180.1.21:9696/networking/v2.0/routers 2.450s
2024-10-11 02:26:01.887 62472 INFO tempest.lib.common.rest_client [req-4011d241-e989-4fc2-8b31-70f3b5d540f6 req-4011d241-e989-4fc2-8b31-70f3b5d540f6 ] Request (ImagesDeleteNegativeTestJSON:test_delete_image_non_hex_string_id): 404 DELETE http://10.180.1.21/compute/v2.1/images/74ae7901-c960-473a-9df8-5e9afb13589j 0.560s
2024-10-11 02:26:01.940 62502 INFO tempest.lib.common.rest_client [req-0d9dc04a-b627-4d33-b7a2-c8c4820e7aee req-0d9dc04a-b627-4d33-b7a2-c8c4820e7aee ] Request (QuotasAdminTestV236:tearDownClass): 200 GET http://10.180.1.21:9696/networking/v2.0/security-groups?tenant_id=94943c459bd448d183137141083c2a4d&name=default 0.613s
2024-10-11 02:26:01.956 62498 INFO tempest.lib.common.rest_client [req-3efff303-e402-4c58-bd7d-73f5b908bf37 req-3efff303-e402-4c58-bd7d-73f5b908bf37 ] Request (ServerRescueTestJSON:setUpClass): 200 GET http://10.180.1.21/compute/v2.1/servers/84d869a9-4772-4c89-a931-8b093ca7d1b4 0.597s
2024-10-11 02:26:01.973 62452 INFO tempest.lib.common.rest_client [req-30656be9-c093-4b59-96de-4976051523bd req-30656be9-c093-4b59-96de-4976051523bd ] Request (FlavorsAdminTestJSON:_run_cleanups): 202 DELETE http://10.180.1.21/compute/v2.1/flavors/910271755 0.537s
2024-10-11 02:26:01.975 62504 INFO tempest.lib.common.rest_client [req-b91441bb-52e3-4f4b-99f5-0713eb2b0056 req-b91441bb-52e3-4f4b-99f5-0713eb2b0056 ] Request (ServersTestFqdnHostnames:test_create_server_with_fqdn_name): 200 GET http://10.180.1.21/compute/v2.1/servers/8e60cc65-fc1c-4460-a32d-d7fed2c95994 0.566s
2024-10-11 02:26:01.992 62464 INFO tempest.lib.common.rest_client [req-52ff7f85-320f-404f-905a-7f9dc2e226c4 req-52ff7f85-320f-404f-905a-7f9dc2e226c4 ] Request (AggregatesAdminNegativeTestJSON:_run_cleanups): 200 DELETE http://10.180.1.21/compute/v2.1/os-aggregates/8 0.448s
2024-10-11 02:26:02.087 62490 INFO tempest.lib.common.rest_client [req-dfe60c1e-2f27-432a-bc36-9ff385ed5cc5 req-dfe60c1e-2f27-432a-bc36-9ff385ed5cc5 ] Request (AttachInterfacesV270Test:test_create_get_list_interfaces): 200 GET http://10.180.1.21/compute/v2.1/servers/aaaa3c7d-0587-42fa-9f8f-2c3297f5636e 0.530s
2024-10-11 02:26:02.091 62470 INFO tempest.lib.common.rest_client [req-f23aec24-7c52-41d6-ada8-a40aa95777ba req-f23aec24-7c52-41d6-ada8-a40aa95777ba ] Request (ServerDiagnosticsV248Test:test_get_server_diagnostics): 200 GET http://10.180.1.21/compute/v2.1/servers/ec8f3da7-8886-4890-83a0-0e361e36334d 0.453s
2024-10-11 02:26:02.108 62472 INFO tempest.lib.common.rest_client [req-b909bd35-8c00-4a83-a99e-a77d30486bbe req-b909bd35-8c00-4a83-a99e-a77d30486bbe ] Request (ImagesDeleteNegativeTestJSON:test_delete_image_with_id_over_character_limit): 404 DELETE http://10.180.1.21/compute/v2.1/images/91edc12e-68d4-4055-83f7-f6312acb66ca1 0.219s
2024-10-11 02:26:02.135 62464 INFO tempest.lib.common.rest_client [req-75843977-a8ff-4415-becc-286db2c04d0b req-75843977-a8ff-4415-becc-286db2c04d0b ] Request (AggregatesAdminNegativeTestJSON:tearDownClass): 204 DELETE http://10.180.1.21/identity/v3/users/9ea7bdaaafe048ad9ec91d16f04f472b 0.136s
2024-10-11 02:26:02.135 62452 INFO tempest.lib.common.rest_client [req-78529661-d435-4f16-8f9b-419f4cae790b req-78529661-d435-4f16-8f9b-419f4cae790b ] Request (FlavorsAdminTestJSON:_run_cleanups): 200 GET http://10.180.1.21/compute/v2.1/flavors/detail 0.161s
2024-10-11 02:26:02.210 62458 INFO tempest.lib.common.rest_client [req-3ed36ecc-56cc-42db-a816-a0bdf65bb1f9 req-3ed36ecc-56cc-42db-a816-a0bdf65bb1f9 ] Request (ServersAdmin275Test:test_rebuild_update_server_275): 200 GET http://10.180.1.21/compute/v2.1/servers/5f05d6dd-60c6-4ebc-95c3-951b0f9c4106 0.286s
2024-10-11 02:26:02.224 62484 INFO tempest.lib.common.rest_client [req-e2f1b36b-c125-4dc4-89a8-a3ea60b380fa req-e2f1b36b-c125-4dc4-89a8-a3ea60b380fa ] Request (DeleteServersAdminTestJSON:test_delete_server_while_in_error_state): 200 GET http://10.180.1.21/compute/v2.1/servers/8217f3d9-34f6-4df0-9552-982e257f35cd 0.188s
2024-10-11 02:26:02.231 62472 INFO tempest.lib.common.rest_client [req-3f17896d-18d7-4e5b-b782-2417071a9c3c req-3f17896d-18d7-4e5b-b782-2417071a9c3c ] Request (ImagesDeleteNegativeTestJSON:test_delete_image_with_invalid_image_id): 404 DELETE http://10.180.1.21/compute/v2.1/images/tempest-invalid-1914154793 0.122s
2024-10-11 02:26:02.246 62452 INFO tempest.lib.common.rest_client [req-b6a37158-ca56-4e61-b00d-90661bb52ceb req-b6a37158-ca56-4e61-b00d-90661bb52ceb ] Request (FlavorsAdminTestJSON:_run_cleanups): 202 DELETE http://10.180.1.21/compute/v2.1/flavors/1074249924 0.105s
2024-10-11 02:26:02.247 62464 INFO tempest.lib.common.rest_client [req-2e5ddade-bced-45c5-993f-cd6f01c00985 req-2e5ddade-bced-45c5-993f-cd6f01c00985 ] Request (AggregatesAdminNegativeTestJSON:tearDownClass): 204 DELETE http://10.180.1.21/identity/v3/users/9458aec8bc2141b880d58ecf70b9d031 0.112s
2024-10-11 02:26:02.248 62464 INFO tempest.lib.common.dynamic_creds [-] Deleting project and security group for project: 905ca16e23bf40919671046b62d33e5f
2024-10-11 02:26:02.309 62482 INFO tempest.lib.common.rest_client [req-296441d1-4027-4edc-97af-d135a19e6f04 req-296441d1-4027-4edc-97af-d135a19e6f04 ] Request (FlavorsAccessNegativeTestJSON:tearDownClass): 204 DELETE http://10.180.1.21:9696/networking/v2.0/security-groups/fdcc531b-b479-45ba-bb63-08a8baa0e453 0.476s
2024-10-11 02:26:02.312 62464 INFO tempest.lib.common.rest_client [req-54b73e68-c565-4b59-a2f7-96ea1b1ea226 req-54b73e68-c565-4b59-a2f7-96ea1b1ea226 ] Request (AggregatesAdminNegativeTestJSON:tearDownClass): 201 POST http://10.180.1.21/identity/v3/auth/tokens 0.064s
2024-10-11 02:26:02.316 62456 INFO tempest.lib.common.rest_client [req-92eceed8-cee7-4e4f-9ddc-1577e9526fa4 req-92eceed8-cee7-4e4f-9ddc-1577e9526fa4 ] Request (ServersTestManualDisk:setUpClass): 201 POST http://10.180.1.21:9696/networking/v2.0/routers 3.146s
2024-10-11 02:26:02.315 62474 INFO tempest.lib.common.rest_client [req-bbb7c5dd-f17a-4117-b429-01002c7ef3f5 req-bbb7c5dd-f17a-4117-b429-01002c7ef3f5 ] Request (VolumesAssistedSnapshotsTest:test_volume_assisted_snapshot_create_delete): 200 GET http://10.180.1.21/compute/v2.1/servers/91fce17f-e391-4bf6-83db-d8720b73fd21 0.190s
2024-10-11 02:26:02.344 62472 INFO tempest.lib.common.rest_client [req-3215ad14-85c5-4e24-a8b7-dbeab3f2b4db req-3215ad14-85c5-4e24-a8b7-dbeab3f2b4db ] Request (ImagesDeleteNegativeTestJSON:test_delete_non_existent_image): 404 DELETE http://10.180.1.21/compute/v2.1/images/d6439a7b-88a5-499d-9007-a3a1e47ac858 0.111s
2024-10-11 02:26:02.352 62476 INFO tempest.lib.common.rest_client [req-405ce1d9-49d5-45cc-977a-b86e0eca57b3 req-405ce1d9-49d5-45cc-977a-b86e0eca57b3 ] Request (ServerTagsTestJSON:setUpClass): 200 GET http://10.180.1.21/compute/v2.1/servers/2562407c-ac70-423a-98b7-3c9533d257a0 0.131s
2024-10-11 02:26:02.365 62452 INFO tempest.lib.common.rest_client [req-bea37e04-3039-4907-9592-d29d3bd4a9da req-bea37e04-3039-4907-9592-d29d3bd4a9da ] Request (FlavorsAdminTestJSON:_run_cleanups): 200 GET http://10.180.1.21/compute/v2.1/flavors/detail 0.118s
2024-10-11 02:26:02.391 62452 INFO tempest.lib.common.rest_client [req-b1396f66-a51a-4b20-995e-5d5e10026985 req-b1396f66-a51a-4b20-995e-5d5e10026985 ] Request (FlavorsAdminTestJSON:test_list_non_public_flavor): 200 POST http://10.180.1.21/compute/v2.1/flavors 0.020s
2024-10-11 02:26:02.397 62482 INFO tempest.lib.common.rest_client [req-022ada71-bca0-4a48-b11b-8a92fa30bddf req-022ada71-bca0-4a48-b11b-8a92fa30bddf ] Request (FlavorsAccessNegativeTestJSON:tearDownClass): 204 DELETE http://10.180.1.21/identity/v3/projects/3e6ee07395044955b9d5475262d5bf54 0.087s
2024-10-11 02:26:02.408 62502 INFO tempest.lib.common.rest_client [req-3cb8bdec-e026-4e6b-9f1b-4d832657e6ff req-3cb8bdec-e026-4e6b-9f1b-4d832657e6ff ] Request (QuotasAdminTestV236:tearDownClass): 204 DELETE http://10.180.1.21:9696/networking/v2.0/security-groups/df0a0b62-5cba-4096-8004-72771e6ec6ef 0.467s
2024-10-11 02:26:02.418 62452 INFO tempest.lib.common.rest_client [req-c59761c8-988c-4754-947b-5aa5806033d0 req-c59761c8-988c-4754-947b-5aa5806033d0 ] Request (FlavorsAdminTestJSON:test_list_non_public_flavor): 200 GET http://10.180.1.21/compute/v2.1/flavors/detail 0.025s
2024-10-11 02:26:02.462 62444 INFO tempest.lib.common.rest_client [req-c1f32456-3a3d-4ca8-8aec-b7ec4bfe55a7 req-c1f32456-3a3d-4ca8-8aec-b7ec4bfe55a7 ] Request (ServerMetadataTestJSON:setUpClass): 201 POST http://10.180.1.21:9696/networking/v2.0/routers 3.275s
2024-10-11 02:26:02.469 62466 INFO tempest.lib.common.rest_client [req-8e2fbaf9-11da-49a3-8bb7-ebffdb7dee37 req-8e2fbaf9-11da-49a3-8bb7-ebffdb7dee37 ] Request (ServerDiskConfigTestJSON:test_rebuild_server_with_auto_disk_config): 200 GET http://10.180.1.21/compute/v2.1/servers/f37b8355-3c4c-4c11-a6bc-95a1a18a4cd0 0.161s
2024-10-11 02:26:02.478 62466 INFO tempest.common.waiters [-] State transition "BUILD/None" ==> "BUILD/networking" after 16 second wait
2024-10-11 02:26:02.498 62452 INFO tempest.lib.common.rest_client [req-9e703204-0aef-49bd-bb82-759f67b07f6e req-9e703204-0aef-49bd-bb82-759f67b07f6e ] Request (FlavorsAdminTestJSON:test_list_non_public_flavor): 200 GET http://10.180.1.21/compute/v2.1/flavors/detail 0.071s
2024-10-11 02:26:02.509 62494 INFO tempest.lib.common.rest_client [req-a7cbf5a8-6149-456a-8d6a-96d6105381c8 req-a7cbf5a8-6149-456a-8d6a-96d6105381c8 ] Request (ServersTestJSON:setUpClass): 200 GET http://10.180.1.21/compute/v2.1/servers/69522ff9-6363-4b95-a679-801598a3b2f1 0.104s
2024-10-11 02:26:02.525 62472 INFO tempest.lib.common.rest_client [req-2a22064f-6203-4f8c-9523-8a1f4452afbf req-2a22064f-6203-4f8c-9523-8a1f4452afbf ] Request (ImagesDeleteNegativeTestJSON:tearDownClass): 204 DELETE http://10.180.1.21/identity/v3/users/7649f0ddf8c64f3489164b3e2b8aa676 0.179s
2024-10-11 02:26:02.526 62472 INFO tempest.lib.common.dynamic_creds [-] Deleting project and security group for project: 60fd01be9c414d7293b37f664b5c44c0
2024-10-11 02:26:02.531 62452 INFO tempest.lib.common.rest_client [req-ddf6f2a7-6fe4-476b-952a-e06dde08f19b req-ddf6f2a7-6fe4-476b-952a-e06dde08f19b ] Request (FlavorsAdminTestJSON:_run_cleanups): 202 DELETE http://10.180.1.21/compute/v2.1/flavors/693856969 0.026s
2024-10-11 02:26:02.565 62482 INFO tempest.lib.common.rest_client [req-2e4681c1-3390-4b4e-96c1-5edc1a6551c0 req-2e4681c1-3390-4b4e-96c1-5edc1a6551c0 ] Request (HypervisorAdminNegativeUnderV252Test:setUpClass): 201 POST http://10.180.1.21/identity/v3/auth/tokens 0.164s
2024-10-11 02:26:02.580 62462 INFO tempest.lib.common.rest_client [req-8bb65c0d-a93d-43a4-8c13-280f2581399c req-8bb65c0d-a93d-43a4-8c13-280f2581399c ] Request (ServersTestBootFromVolume:setUpClass): 200 GET http://10.180.1.21/compute/v2.1/servers/ca3cf85a-8f0e-4213-8447-3d37ff4ec328 0.088s
2024-10-11 02:26:02.591 62472 INFO tempest.lib.common.rest_client [req-31d915f4-95bf-411b-961b-e09ae5bff37d req-31d915f4-95bf-411b-961b-e09ae5bff37d ] Request (ImagesDeleteNegativeTestJSON:tearDownClass): 201 POST http://10.180.1.21/identity/v3/auth/tokens 0.064s
2024-10-11 02:26:02.601 62452 INFO tempest.lib.common.rest_client [req-f3dd1e98-8cde-4ea0-bc10-b55eba4f0619 req-f3dd1e98-8cde-4ea0-bc10-b55eba4f0619 ] Request (FlavorsAdminTestJSON:_run_cleanups): 200 GET http://10.180.1.21/compute/v2.1/flavors/detail 0.069s
2024-10-11 02:26:02.614 62497 INFO tempest.lib.common.rest_client [req-256a084d-2b12-4763-b45d-696117716043 req-256a084d-2b12-4763-b45d-696117716043 ] Request (ListServersNegativeTestJSON:setUpClass): 200 GET http://10.180.1.21/compute/v2.1/servers/1be28c2f-a562-4620-a618-b556e941c57f 0.090s
2024-10-11 02:26:02.614 62500 INFO tempest.lib.common.rest_client [req-900e9420-1a61-47d7-8a4b-7bb3ab7c3204 req-900e9420-1a61-47d7-8a4b-7bb3ab7c3204 ] Request (ServerActionsV293TestJSON:setUpClass): 201 POST http://10.180.1.21:9696/networking/v2.0/subnets 0.773s
2024-10-11 02:26:02.624 62502 INFO tempest.lib.common.rest_client [req-692cc253-e92b-4705-ad2f-9c6e677cbe8f req-692cc253-e92b-4705-ad2f-9c6e677cbe8f ] Request (QuotasAdminTestV236:tearDownClass): 204 DELETE http://10.180.1.21/identity/v3/projects/94943c459bd448d183137141083c2a4d 0.216s
2024-10-11 02:26:02.645 62452 INFO tempest.lib.common.rest_client [req-ed7c3d5d-d9e6-4887-9ca7-e5a10b2bc6f4 req-ed7c3d5d-d9e6-4887-9ca7-e5a10b2bc6f4 ] Request (FlavorsAdminTestJSON:test_list_public_flavor_with_other_user): 200 POST http://10.180.1.21/compute/v2.1/flavors 0.035s
2024-10-11 02:26:02.654 62482 INFO tempest.lib.common.rest_client [req-74825ab6-f8f6-4959-a8ad-62efa0118c69 req-74825ab6-f8f6-4959-a8ad-62efa0118c69 ] Request (HypervisorAdminNegativeUnderV252Test:setUpClass): 201 POST http://10.180.1.21/identity/v3/auth/tokens 0.086s
2024-10-11 02:26:02.684 62482 INFO tempest.lib.common.rest_client [req-ec889bbd-7d76-4cf5-a717-225a2a0cf8fc req-ec889bbd-7d76-4cf5-a717-225a2a0cf8fc ] Request (HypervisorAdminNegativeUnderV252Test:setUpClass): 200 GET http://10.180.1.21/identity/v3/domains?name=Default 0.029s
2024-10-11 02:26:02.685 62502 INFO tempest.lib.common.rest_client [req-84a974b0-907d-4ee3-b16c-8d35d056db56 req-84a974b0-907d-4ee3-b16c-8d35d056db56 ] Request (QuotasAdminTestV257:setUpClass): 201 POST http://10.180.1.21/identity/v3/auth/tokens 0.059s
2024-10-11 02:26:02.704 62508 INFO tempest.lib.common.rest_client [req-cb8d45c7-10e6-4ced-ab77-408f4918ea7a req-cb8d45c7-10e6-4ced-ab77-408f4918ea7a ] Request (SecurityGroupsTestJSON:test_list_security_groups_by_server): 200 GET http://10.180.1.21/compute/v2.1/servers/96c9652e-84b1-42d6-9109-d684e6c56243 0.141s
2024-10-11 02:26:02.721 62482 INFO tempest.lib.common.rest_client [req-ff705ae1-b574-45de-bdb0-99fdc312c0c5 req-ff705ae1-b574-45de-bdb0-99fdc312c0c5 ] Request (HypervisorAdminNegativeUnderV252Test:setUpClass): 201 POST http://10.180.1.21/identity/v3/projects 0.036s
2024-10-11 02:26:02.729 62452 INFO tempest.lib.common.rest_client [req-4fcf2c83-fb94-4327-b7cf-935896dffac5 req-4fcf2c83-fb94-4327-b7cf-935896dffac5 ] Request (FlavorsAdminTestJSON:test_list_public_flavor_with_other_user): 200 GET http://10.180.1.21/compute/v2.1/flavors/detail 0.081s
2024-10-11 02:26:02.770 62502 INFO tempest.lib.common.rest_client [req-7f3117df-0342-48ac-8522-3c7d10a684e1 req-7f3117df-0342-48ac-8522-3c7d10a684e1 ] Request (QuotasAdminTestV257:setUpClass): 201 POST http://10.180.1.21/identity/v3/auth/tokens 0.082s
2024-10-11 02:26:02.793 62482 INFO tempest.lib.common.rest_client [req-c825ff7f-9fcc-4f1b-afba-59ee32a1c3d0 req-c825ff7f-9fcc-4f1b-afba-59ee32a1c3d0 ] Request (HypervisorAdminNegativeUnderV252Test:setUpClass): 201 POST http://10.180.1.21/identity/v3/users 0.071s
2024-10-11 02:26:02.795 62502 INFO tempest.lib.common.rest_client [req-7611fcf6-1238-45b6-9344-4ae2866c0afc req-7611fcf6-1238-45b6-9344-4ae2866c0afc ] Request (QuotasAdminTestV257:setUpClass): 200 GET http://10.180.1.21/identity/v3/domains?name=Default 0.025s
2024-10-11 02:26:02.816 62482 INFO tempest.lib.common.rest_client [req-d610169a-12a8-452e-8255-360175cf9820 req-d610169a-12a8-452e-8255-360175cf9820 ] Request (HypervisorAdminNegativeUnderV252Test:setUpClass): 200 GET http://10.180.1.21/identity/v3/roles 0.022s
2024-10-11 02:26:02.829 62502 INFO tempest.lib.common.rest_client [req-31190f85-99af-4841-a66e-252c3a811967 req-31190f85-99af-4841-a66e-252c3a811967 ] Request (QuotasAdminTestV257:setUpClass): 201 POST http://10.180.1.21/identity/v3/projects 0.033s
2024-10-11 02:26:02.863 62482 INFO tempest.lib.common.rest_client [req-22b9eda6-4bc3-4cb2-a12a-a7549fe703c0 req-22b9eda6-4bc3-4cb2-a12a-a7549fe703c0 ] Request (HypervisorAdminNegativeUnderV252Test:setUpClass): 204 PUT http://10.180.1.21/identity/v3/projects/d468bf2a02014d0c8f3a6c00d31bb17e/users/ef9b337dcf724a4689704596f71e88d9/roles/564f408adcea4b72abe242d0585736ef 0.046s
2024-10-11 02:26:02.863 62482 INFO tempest.lib.common.dynamic_creds [-] Dynamic test user ef9b337dcf724a4689704596f71e88d9 is created with scope project and roles: ['member']
2024-10-11 02:26:02.863 62482 INFO tempest.lib.common.dynamic_creds [-] Acquired dynamic creds: credentials: Credentials: {'domain_id': 'default', 'domain_name': 'Default', 'username': 'tempest-HypervisorAdminNegativeUnderV252Test-1982924753-project-member', 'project_domain_id': 'default', 'project_domain_name': 'Default', 'project_id': 'd468bf2a02014d0c8f3a6c00d31bb17e', 'project_name': 'tempest-HypervisorAdminNegativeUnderV252Test-1982924753', 'tenant_id': 'd468bf2a02014d0c8f3a6c00d31bb17e', 'tenant_name': 'tempest-HypervisorAdminNegativeUnderV252Test-1982924753', 'user_domain_id': 'default', 'user_domain_name': 'Default', 'user_id': 'ef9b337dcf724a4689704596f71e88d9', 'system': None}, Network: None, Subnet: None, Router: None
2024-10-11 02:26:02.863 62482 INFO tempest.lib.common.dynamic_creds [-] Created isolated network resources for: credentials: Credentials: {'domain_id': 'default', 'domain_name': 'Default', 'username': 'tempest-HypervisorAdminNegativeUnderV252Test-1982924753-project-member', 'project_domain_id': 'default', 'project_domain_name': 'Default', 'project_id': 'd468bf2a02014d0c8f3a6c00d31bb17e', 'project_name': 'tempest-HypervisorAdminNegativeUnderV252Test-1982924753', 'tenant_id': 'd468bf2a02014d0c8f3a6c00d31bb17e', 'tenant_name': 'tempest-HypervisorAdminNegativeUnderV252Test-1982924753', 'user_domain_id': 'default', 'user_domain_name': 'Default', 'user_id': 'ef9b337dcf724a4689704596f71e88d9', 'system': None}, Network: None, Subnet: None, Router: None
2024-10-11 02:26:02.930 62446 INFO tempest.lib.common.rest_client [req-22c9334d-e8ec-4827-a0c2-2f0cf31a762b req-22c9334d-e8ec-4827-a0c2-2f0cf31a762b ] Request (FloatingIPsAssociationNegativeTestJSON:tearDownClass): 200 PUT http://10.180.1.21:9696/networking/v2.0/routers/8f83f9d9-4838-40b6-94a6-497e20bb07b0/remove_router_interface 3.492s
2024-10-11 02:26:02.935 62460 INFO tempest.lib.common.rest_client [req-5654c2ca-6853-4e5b-869b-6d6a381c4ff0 req-5654c2ca-6853-4e5b-869b-6d6a381c4ff0 ] Request (ServersAdminNegativeTestJSON:setUpClass): 200 GET http://10.180.1.21/compute/v2.1/servers/f66f7fdb-5ae1-48c4-9886-3d7d9d91b8cd 0.303s
2024-10-11 02:26:02.940 62482 INFO tempest.lib.common.rest_client [req-d452be66-8a8a-4d23-9fb0-c0b675f440f6 req-d452be66-8a8a-4d23-9fb0-c0b675f440f6 ] Request (HypervisorAdminNegativeUnderV252Test:setUpClass): 201 POST http://10.180.1.21/identity/v3/auth/tokens 0.070s
2024-10-11 02:26:02.941 62502 INFO tempest.lib.common.rest_client [req-19a22972-ba81-4c37-8361-48ddec4a5384 req-19a22972-ba81-4c37-8361-48ddec4a5384 ] Request (QuotasAdminTestV257:setUpClass): 201 POST http://10.180.1.21/identity/v3/users 0.111s
2024-10-11 02:26:02.956 62452 INFO tempest.lib.common.rest_client [req-a50e773e-3e7c-4181-8ae3-bfedd8120713 req-a50e773e-3e7c-4181-8ae3-bfedd8120713 ] Request (FlavorsAdminTestJSON:_run_cleanups): 202 DELETE http://10.180.1.21/compute/v2.1/flavors/525411019 0.222s
2024-10-11 02:26:02.959 62502 INFO tempest.lib.common.rest_client [req-39cb63d4-3f8d-4055-96b2-4f66464b44cf req-39cb63d4-3f8d-4055-96b2-4f66464b44cf ] Request (QuotasAdminTestV257:setUpClass): 200 GET http://10.180.1.21/identity/v3/roles 0.018s
2024-10-11 02:26:02.977 62450 INFO tempest.lib.common.rest_client [req-2d6e0144-a00a-4d30-9253-ce6a1d0999e4 req-2d6e0144-a00a-4d30-9253-ce6a1d0999e4 ] Request (FloatingIPsAssociationTestJSON:setUpClass): 200 GET http://10.180.1.21/compute/v2.1/servers/f32adc33-851f-47eb-8415-9895d1c14a05 0.277s
2024-10-11 02:26:02.992 62482 INFO tempest.lib.common.rest_client [req-f62159e8-ba2f-4679-9b53-2603fdb2f905 req-f62159e8-ba2f-4679-9b53-2603fdb2f905 ] Request (HypervisorAdminNegativeUnderV252Test:setUpClass): 201 POST http://10.180.1.21/identity/v3/projects 0.051s
2024-10-11 02:26:02.995 62502 INFO tempest.lib.common.rest_client [req-35ffc337-cc92-42cb-adc2-7459a7be697f req-35ffc337-cc92-42cb-adc2-7459a7be697f ] Request (QuotasAdminTestV257:setUpClass): 204 PUT http://10.180.1.21/identity/v3/projects/d4c85441f17a4cd0bd88aaf90763349a/users/fb4601404226472fb0f7bce96326829f/roles/564f408adcea4b72abe242d0585736ef 0.035s
2024-10-11 02:26:02.995 62502 INFO tempest.lib.common.dynamic_creds [-] Dynamic test user fb4601404226472fb0f7bce96326829f is created with scope project and roles: ['member']
2024-10-11 02:26:02.996 62502 INFO tempest.lib.common.dynamic_creds [-] Acquired dynamic creds: credentials: Credentials: {'domain_id': 'default', 'domain_name': 'Default', 'username': 'tempest-QuotasAdminTestV257-224362474-project-member', 'project_domain_id': 'default', 'project_domain_name': 'Default', 'project_id': 'd4c85441f17a4cd0bd88aaf90763349a', 'project_name': 'tempest-QuotasAdminTestV257-224362474', 'tenant_id': 'd4c85441f17a4cd0bd88aaf90763349a', 'tenant_name': 'tempest-QuotasAdminTestV257-224362474', 'user_domain_id': 'default', 'user_domain_name': 'Default', 'user_id': 'fb4601404226472fb0f7bce96326829f', 'system': None}, Network: None, Subnet: None, Router: None
2024-10-11 02:26:02.996 62502 INFO tempest.lib.common.dynamic_creds [-] Created isolated network resources for: credentials: Credentials: {'domain_id': 'default', 'domain_name': 'Default', 'username': 'tempest-QuotasAdminTestV257-224362474-project-member', 'project_domain_id': 'default', 'project_domain_name': 'Default', 'project_id': 'd4c85441f17a4cd0bd88aaf90763349a', 'project_name': 'tempest-QuotasAdminTestV257-224362474', 'tenant_id': 'd4c85441f17a4cd0bd88aaf90763349a', 'tenant_name': 'tempest-QuotasAdminTestV257-224362474', 'user_domain_id': 'default', 'user_domain_name': 'Default', 'user_id': 'fb4601404226472fb0f7bce96326829f', 'system': None}, Network: None, Subnet: None, Router: None
2024-10-11 02:26:03.039 62464 INFO tempest.lib.common.rest_client [req-4495d914-932b-41b4-b14d-33dc795c7776 req-4495d914-932b-41b4-b14d-33dc795c7776 ] Request (AggregatesAdminNegativeTestJSON:tearDownClass): 200 GET http://10.180.1.21:9696/networking/v2.0/security-groups?tenant_id=905ca16e23bf40919671046b62d33e5f&name=default 0.726s
2024-10-11 02:26:03.073 62478 INFO tempest.lib.common.rest_client [req-99de563f-a6b9-4fd7-8d11-883eb133a1af req-99de563f-a6b9-4fd7-8d11-883eb133a1af ] Request (MigrationsAdminTest:test_resize_server_revert_deleted_flavor): 200 GET http://10.180.1.21/compute/v2.1/servers/f28f0f10-5eb0-4150-b712-467e72a6ccbd 0.291s
2024-10-11 02:26:03.075 62502 INFO tempest.lib.common.rest_client [req-4d147472-e5d4-41d5-8655-5c310298308e req-4d147472-e5d4-41d5-8655-5c310298308e ] Request (QuotasAdminTestV257:setUpClass): 201 POST http://10.180.1.21/identity/v3/auth/tokens 0.077s
2024-10-11 02:26:03.079 62482 INFO tempest.lib.common.rest_client [req-1782be47-d6a0-4d91-a0c3-ed44e52092f8 req-1782be47-d6a0-4d91-a0c3-ed44e52092f8 ] Request (HypervisorAdminNegativeUnderV252Test:setUpClass): 201 POST http://10.180.1.21/identity/v3/users 0.086s
2024-10-11 02:26:03.095 62482 INFO tempest.lib.common.rest_client [req-29cf6aca-18f1-4b17-8121-23a319766ab7 req-29cf6aca-18f1-4b17-8121-23a319766ab7 ] Request (HypervisorAdminNegativeUnderV252Test:setUpClass): 200 GET http://10.180.1.21/identity/v3/roles 0.015s
2024-10-11 02:26:03.109 62502 INFO tempest.lib.common.rest_client [req-0e9795f4-a42d-4c5f-ab69-28ba51811cfe req-0e9795f4-a42d-4c5f-ab69-28ba51811cfe ] Request (QuotasAdminTestV257:setUpClass): 201 POST http://10.180.1.21/identity/v3/projects 0.033s
2024-10-11 02:26:03.119 62482 INFO tempest.lib.common.rest_client [req-5596a22f-9132-4577-beee-35ab7c8bcf4a req-5596a22f-9132-4577-beee-35ab7c8bcf4a ] Request (HypervisorAdminNegativeUnderV252Test:setUpClass): 204 PUT http://10.180.1.21/identity/v3/projects/25cba5aa63f04d62acdaae446adfceff/users/7e5e464714b94f6fa22b9b807f18eeb3/roles/bd2b844c4f0d4034bc48fcba11029f37 0.023s
2024-10-11 02:26:03.156 62468 INFO tempest.lib.common.rest_client [req-294d739b-5064-4418-bd4e-2444451902ac req-294d739b-5064-4418-bd4e-2444451902ac ] Request (ServersWithSpecificFlavorTestJSON:test_verify_created_server_ephemeral_disk): 200 GET http://10.180.1.21/compute/v2.1/servers/8da22054-8330-45d8-ab5d-9517233216fb 0.284s
2024-10-11 02:26:03.164 62482 INFO tempest.lib.common.rest_client [req-9ac6ebbd-17aa-4fe4-9ccb-ecc3ac656b18 req-9ac6ebbd-17aa-4fe4-9ccb-ecc3ac656b18 ] Request (HypervisorAdminNegativeUnderV252Test:setUpClass): 200 GET http://10.180.1.21/identity/v3/roles 0.045s
2024-10-11 02:26:03.181 62482 INFO tempest.lib.common.rest_client [req-7f68b31e-5477-490f-b01f-aa37216f29e2 req-7f68b31e-5477-490f-b01f-aa37216f29e2 ] Request (HypervisorAdminNegativeUnderV252Test:setUpClass): 204 PUT http://10.180.1.21/identity/v3/projects/25cba5aa63f04d62acdaae446adfceff/users/7e5e464714b94f6fa22b9b807f18eeb3/roles/bd2b844c4f0d4034bc48fcba11029f37 0.016s
2024-10-11 02:26:03.181 62482 INFO tempest.lib.common.dynamic_creds [-] Dynamic test user 7e5e464714b94f6fa22b9b807f18eeb3 is created with scope project and roles: ['admin']
2024-10-11 02:26:03.181 62482 INFO tempest.lib.common.dynamic_creds [-] Acquired dynamic creds: credentials: Credentials: {'domain_id': 'default', 'domain_name': 'Default', 'username': 'tempest-HypervisorAdminNegativeUnderV252Test-1477025831-project-admin', 'project_domain_id': 'default', 'project_domain_name': 'Default', 'project_id': '25cba5aa63f04d62acdaae446adfceff', 'project_name': 'tempest-HypervisorAdminNegativeUnderV252Test-1477025831', 'tenant_id': '25cba5aa63f04d62acdaae446adfceff', 'tenant_name': 'tempest-HypervisorAdminNegativeUnderV252Test-1477025831', 'user_domain_id': 'default', 'user_domain_name': 'Default', 'user_id': '7e5e464714b94f6fa22b9b807f18eeb3', 'system': None}, Network: None, Subnet: None, Router: None
2024-10-11 02:26:03.181 62482 INFO tempest.lib.common.dynamic_creds [-] Created isolated network resources for: credentials: Credentials: {'domain_id': 'default', 'domain_name': 'Default', 'username': 'tempest-HypervisorAdminNegativeUnderV252Test-1477025831-project-admin', 'project_domain_id': 'default', 'project_domain_name': 'Default', 'project_id': '25cba5aa63f04d62acdaae446adfceff', 'project_name': 'tempest-HypervisorAdminNegativeUnderV252Test-1477025831', 'tenant_id': '25cba5aa63f04d62acdaae446adfceff', 'tenant_name': 'tempest-HypervisorAdminNegativeUnderV252Test-1477025831', 'user_domain_id': 'default', 'user_domain_name': 'Default', 'user_id': '7e5e464714b94f6fa22b9b807f18eeb3', 'system': None}, Network: None, Subnet: None, Router: None
2024-10-11 02:26:03.186 62452 INFO tempest.lib.common.rest_client [req-716df72d-f1c1-483a-bb1c-58fbf6451cd5 req-716df72d-f1c1-483a-bb1c-58fbf6451cd5 ] Request (FlavorsAdminTestJSON:_run_cleanups): 200 GET http://10.180.1.21/compute/v2.1/flavors/detail 0.228s
2024-10-11 02:26:03.208 62502 INFO tempest.lib.common.rest_client [req-4f71741b-8212-454a-9d53-e255a52f2c77 req-4f71741b-8212-454a-9d53-e255a52f2c77 ] Request (QuotasAdminTestV257:setUpClass): 201 POST http://10.180.1.21/identity/v3/users 0.099s
2024-10-11 02:26:03.247 62482 INFO tempest.lib.common.rest_client [req-596096b9-572d-4a9e-9e82-41cbf3ff0e9a req-596096b9-572d-4a9e-9e82-41cbf3ff0e9a ] Request (HypervisorAdminNegativeUnderV252Test:setUpClass): 201 POST http://10.180.1.21/identity/v3/auth/tokens 0.063s
2024-10-11 02:26:03.257 62488 INFO tempest.lib.common.rest_client [req-4fb19a83-3abf-441c-a735-01cdc4a4ea84 req-4fb19a83-3abf-441c-a735-01cdc4a4ea84 ] Request (ServerExternalEventsTest:test_create_server_external_events): 200 GET http://10.180.1.21/compute/v2.1/servers/74c893db-c3aa-461b-86a9-fadfb1519c9e 0.381s
2024-10-11 02:26:03.302 62452 INFO tempest.lib.common.rest_client [req-308e00e9-986a-4008-abd1-b892bfe5d820 req-308e00e9-986a-4008-abd1-b892bfe5d820 ] Request (FlavorsAdminTestJSON:tearDownClass): 204 DELETE http://10.180.1.21/identity/v3/users/99509a233e3d470283c3869c1210f9f0 0.109s
2024-10-11 02:26:03.325 62502 INFO tempest.lib.common.rest_client [req-27a0a83a-d017-4590-92b8-b0d66144ff02 req-27a0a83a-d017-4590-92b8-b0d66144ff02 ] Request (QuotasAdminTestV257:setUpClass): 200 GET http://10.180.1.21/identity/v3/roles 0.116s
2024-10-11 02:26:03.352 62498 INFO tempest.lib.common.rest_client [req-6f342b75-b4e6-4c0c-bcba-d1ce096f7c83 req-6f342b75-b4e6-4c0c-bcba-d1ce096f7c83 ] Request (ServerRescueTestJSON:setUpClass): 200 GET http://10.180.1.21/compute/v2.1/servers/84d869a9-4772-4c89-a931-8b093ca7d1b4 0.389s
2024-10-11 02:26:03.384 62504 INFO tempest.lib.common.rest_client [req-f92b7c0a-ef89-42a4-a37c-aaffa1b70870 req-f92b7c0a-ef89-42a4-a37c-aaffa1b70870 ] Request (ServersTestFqdnHostnames:test_create_server_with_fqdn_name): 200 GET http://10.180.1.21/compute/v2.1/servers/8e60cc65-fc1c-4460-a32d-d7fed2c95994 0.399s
2024-10-11 02:26:03.394 62502 INFO tempest.lib.common.rest_client [req-b5ee6ae5-4e96-4f85-8a44-ce50c657331c req-b5ee6ae5-4e96-4f85-8a44-ce50c657331c ] Request (QuotasAdminTestV257:setUpClass): 204 PUT http://10.180.1.21/identity/v3/projects/d836d232106b43fe9782e434722ccdbc/users/174775e458a34d6fa6a2de1769430afa/roles/bd2b844c4f0d4034bc48fcba11029f37 0.067s
2024-10-11 02:26:03.432 62452 INFO tempest.lib.common.rest_client [req-eff1bf3e-34c5-4ed7-86b0-0f880fe74524 req-eff1bf3e-34c5-4ed7-86b0-0f880fe74524 ] Request (FlavorsAdminTestJSON:tearDownClass): 204 DELETE http://10.180.1.21/identity/v3/users/8b4a0f8a8b664758a72bd7a54013ec0b 0.130s
2024-10-11 02:26:03.433 62452 INFO tempest.lib.common.dynamic_creds [-] Deleting project and security group for project: 1e5fa9f28c8849a28619a079a7c6cabf
2024-10-11 02:26:03.484 62502 INFO tempest.lib.common.rest_client [req-1e1747bc-54ee-4213-be4f-866217469148 req-1e1747bc-54ee-4213-be4f-866217469148 ] Request (QuotasAdminTestV257:setUpClass): 200 GET http://10.180.1.21/identity/v3/roles 0.086s
2024-10-11 02:26:03.489 62490 INFO tempest.lib.common.rest_client [req-94a529b6-6f39-4070-96cd-3f0f6ff53bd2 req-94a529b6-6f39-4070-96cd-3f0f6ff53bd2 ] Request (AttachInterfacesV270Test:test_create_get_list_interfaces): 200 GET http://10.180.1.21/compute/v2.1/servers/aaaa3c7d-0587-42fa-9f8f-2c3297f5636e 0.390s
2024-10-11 02:26:03.495 62472 INFO tempest.lib.common.rest_client [req-569ac0f4-bbba-467e-80c2-477554b488f6 req-569ac0f4-bbba-467e-80c2-477554b488f6 ] Request (ImagesDeleteNegativeTestJSON:tearDownClass): 200 GET http://10.180.1.21:9696/networking/v2.0/security-groups?tenant_id=60fd01be9c414d7293b37f664b5c44c0&name=default 0.904s
2024-10-11 02:26:03.499 62452 INFO tempest.lib.common.rest_client [req-b598e520-d842-40f1-be43-6f3a75ea4a7a req-b598e520-d842-40f1-be43-6f3a75ea4a7a ] Request (FlavorsAdminTestJSON:tearDownClass): 201 POST http://10.180.1.21/identity/v3/auth/tokens 0.065s
2024-10-11 02:26:03.524 62502 INFO tempest.lib.common.rest_client [req-03021ec0-5c97-4590-93d3-9881a996e54c req-03021ec0-5c97-4590-93d3-9881a996e54c ] Request (QuotasAdminTestV257:setUpClass): 204 PUT http://10.180.1.21/identity/v3/projects/d836d232106b43fe9782e434722ccdbc/users/174775e458a34d6fa6a2de1769430afa/roles/bd2b844c4f0d4034bc48fcba11029f37 0.039s
2024-10-11 02:26:03.524 62502 INFO tempest.lib.common.dynamic_creds [-] Dynamic test user 174775e458a34d6fa6a2de1769430afa is created with scope project and roles: ['admin']
2024-10-11 02:26:03.524 62502 INFO tempest.lib.common.dynamic_creds [-] Acquired dynamic creds: credentials: Credentials: {'domain_id': 'default', 'domain_name': 'Default', 'username': 'tempest-QuotasAdminTestV257-942765033-project-admin', 'project_domain_id': 'default', 'project_domain_name': 'Default', 'project_id': 'd836d232106b43fe9782e434722ccdbc', 'project_name': 'tempest-QuotasAdminTestV257-942765033', 'tenant_id': 'd836d232106b43fe9782e434722ccdbc', 'tenant_name': 'tempest-QuotasAdminTestV257-942765033', 'user_domain_id': 'default', 'user_domain_name': 'Default', 'user_id': '174775e458a34d6fa6a2de1769430afa', 'system': None}, Network: None, Subnet: None, Router: None
