2024-10-11 02:25:57.249 62498 INFO tempest.lib.common.rest_client [req-110d49f2-6896-4db7-b291-bd6eb6375c70 req-110d49f2-6896-4db7-b291-bd6eb6375c70 ] Request (ServerRescueTestJSON:setUpClass): 200 GET http://10.180.1.21/compute/v2.1/servers/84d869a9-4772-4c89-a931-8b093ca7d1b4 0.364s
2024-10-11 02:25:57.253 62454 INFO tempest.lib.common.rest_client [req-861198e5-59e4-48a1-a703-6b9d121f9ebf req-861198e5-59e4-48a1-a703-6b9d121f9ebf ] Request (FloatingIPsNegativeTestJSON:tearDownClass): 204 DELETE http://10.180.1.21:9696/networking/v2.0/security-groups/5dfec936-0ee9-49ad-adfc-be82c7598b0d 0.442s
2024-10-11 02:25:57.261 62504 INFO tempest.lib.common.rest_client [req-3e53f714-687d-43ee-ae40-7980ac4fd05a req-3e53f714-687d-43ee-ae40-7980ac4fd05a ] Request (ServersTestFqdnHostnames:test_create_server_with_fqdn_name): 201 POST http://10.180.1.21:9696/networking/v2.0/security-group-rules 0.498s
2024-10-11 02:25:57.272 62456 INFO tempest.lib.common.rest_client [req-3a3a8e8c-c455-4db0-a748-f9b5efe36de2 req-3a3a8e8c-c455-4db0-a748-f9b5efe36de2 ] Request (ServersTestManualDisk:setUpClass): 201 POST http://10.180.1.21/identity/v3/projects 0.044s
2024-10-11 02:25:57.302 62486 INFO tempest.lib.common.rest_client [req-7dc2f8a2-23dd-4731-90bf-4f127ca41641 req-7dc2f8a2-23dd-4731-90bf-4f127ca41641 ] Request (QuotaClassesAdmin257Test:tearDownClass): 200 GET http://10.180.1.21:9696/networking/v2.0/security-groups?tenant_id=01cbca70252f442295b70036f7439327&name=default 0.580s
2024-10-11 02:25:57.327 62444 INFO tempest.lib.common.rest_client [req-934effc0-bb5b-4f8f-b5ac-1f924d446781 req-934effc0-bb5b-4f8f-b5ac-1f924d446781 ] Request (ServerMetadataTestJSON:setUpClass): 201 POST http://10.180.1.21/identity/v3/auth/tokens 0.096s
2024-10-11 02:25:57.356 62490 INFO tempest.lib.common.rest_client [req-92f8503f-fa99-4539-9227-26a0038306e4 req-92f8503f-fa99-4539-9227-26a0038306e4 ] Request (AttachInterfacesV270Test:test_create_get_list_interfaces): 200 GET http://10.180.1.21/compute/v2.1/servers/aaaa3c7d-0587-42fa-9f8f-2c3297f5636e 0.463s
2024-10-11 02:25:57.377 62456 INFO tempest.lib.common.rest_client [req-621f2686-05fb-40fb-ac9a-42cf56131d15 req-621f2686-05fb-40fb-ac9a-42cf56131d15 ] Request (ServersTestManualDisk:setUpClass): 201 POST http://10.180.1.21/identity/v3/users 0.105s
2024-10-11 02:25:57.379 62454 INFO tempest.lib.common.rest_client [req-4d09eac8-8f93-4128-a977-23e60d8752f0 req-4d09eac8-8f93-4128-a977-23e60d8752f0 ] Request (FloatingIPsNegativeTestJSON:tearDownClass): 204 DELETE http://10.180.1.21/identity/v3/projects/4fa7c34189e74019964755992a38f605 0.125s
2024-10-11 02:25:57.406 62502 INFO tempest.lib.common.rest_client [req-c1e82b24-8a03-4ec3-a8b2-828d4fc7f56d req-c1e82b24-8a03-4ec3-a8b2-828d4fc7f56d ] Request (QuotasAdminTestV236:test_get_updated_quotas): 200 PUT http://10.180.1.21/compute/v2.1/os-quota-sets/a490412535594b5d99537416ec96c7b7 0.702s
2024-10-11 02:25:57.408 62448 INFO tempest.lib.common.rest_client [-] Request (TestVersions:test_get_version_details): 200 GET http://10.180.1.21/compute/ 0.433s
2024-10-11 02:25:57.431 62500 INFO tempest.lib.common.rest_client [req-b8df6056-b747-4140-acdc-9bf7e0cd74df req-b8df6056-b747-4140-acdc-9bf7e0cd74df ] Request (ImagesOneServerNegativeTestJSON:tearDownClass): 200 PUT http://10.180.1.21:9696/networking/v2.0/routers/7721fa3d-d2e4-41d4-b1e7-469463bc1df2/remove_router_interface 1.873s
2024-10-11 02:25:57.435 62444 INFO tempest.lib.common.rest_client [req-746d6d92-e714-4695-9bd3-694e2bf0718b req-746d6d92-e714-4695-9bd3-694e2bf0718b ] Request (ServerMetadataTestJSON:setUpClass): 200 GET http://10.180.1.21/identity/v3/domains?name=Default 0.108s
2024-10-11 02:25:57.441 62456 INFO tempest.lib.common.rest_client [req-795fd5ed-a990-46e4-973b-0ccba3ec0bb5 req-795fd5ed-a990-46e4-973b-0ccba3ec0bb5 ] Request (ServersTestManualDisk:setUpClass): 200 GET http://10.180.1.21/identity/v3/roles 0.062s
2024-10-11 02:25:57.443 62506 INFO tempest.lib.common.rest_client [req-06f038d4-c75a-4ca1-a0ec-28f6e7aae6f2 req-06f038d4-c75a-4ca1-a0ec-28f6e7aae6f2 ] Request (KeyPairsV2TestJSON:test_keypairs_create_list_delete): 200 POST http://10.180.1.21/compute/v2.1/os-keypairs 0.404s
2024-10-11 02:25:57.458 62470 INFO tempest.lib.common.rest_client [req-aabe60f2-af1d-4c81-bfef-e61b00ed291d req-aabe60f2-af1d-4c81-bfef-e61b00ed291d ] Request (ServerDiagnosticsV248Test:test_get_server_diagnostics): 200 GET http://10.180.1.21/compute/v2.1/servers/ec8f3da7-8886-4890-83a0-0e361e36334d 0.491s
2024-10-11 02:25:57.467 62472 INFO tempest.lib.common.rest_client [req-8625b304-7cad-4a32-9f6a-e2b834b086ad req-8625b304-7cad-4a32-9f6a-e2b834b086ad ] Request (FloatingIPsTestJSON:tearDownClass): 204 DELETE http://10.180.1.21:9696/networking/v2.0/routers/ab5bcba1-e51f-4446-bc75-bf6f85b9bab6 0.355s
2024-10-11 02:25:57.470 62444 INFO tempest.lib.common.rest_client [req-b004cb02-49de-4557-b406-98982425e0dd req-b004cb02-49de-4557-b406-98982425e0dd ] Request (ServerMetadataTestJSON:setUpClass): 201 POST http://10.180.1.21/identity/v3/projects 0.033s
2024-10-11 02:25:57.470 62454 INFO tempest.lib.common.rest_client [req-8d5da01d-b0a2-4e93-898e-05b4dd3a1842 req-8d5da01d-b0a2-4e93-898e-05b4dd3a1842 ] Request (InstanceActionsTestJSON:setUpClass): 201 POST http://10.180.1.21/identity/v3/auth/tokens 0.088s
2024-10-11 02:25:57.526 62444 INFO tempest.lib.common.rest_client [req-e5e505c4-a733-4c0f-846c-63114fa989a9 req-e5e505c4-a733-4c0f-846c-63114fa989a9 ] Request (ServerMetadataTestJSON:setUpClass): 201 POST http://10.180.1.21/identity/v3/users 0.056s
2024-10-11 02:25:57.528 62456 INFO tempest.lib.common.rest_client [req-238df3a6-307c-4392-82ca-cab89e1675b1 req-238df3a6-307c-4392-82ca-cab89e1675b1 ] Request (ServersTestManualDisk:setUpClass): 204 PUT http://10.180.1.21/identity/v3/projects/f0c9fb72d060486384c4dfe96e57a7cc/users/ab068034e17b4d208dd85c1e42525b4b/roles/564f408adcea4b72abe242d0585736ef 0.086s
2024-10-11 02:25:57.528 62456 INFO tempest.lib.common.dynamic_creds [-] Dynamic test user ab068034e17b4d208dd85c1e42525b4b is created with scope project and roles: ['member']
2024-10-11 02:25:57.528 62456 INFO tempest.lib.common.dynamic_creds [-] Acquired dynamic creds: credentials: Credentials: {'domain_id': 'default', 'domain_name': 'Default', 'username': 'tempest-ServersTestManualDisk-1910326370-project-member', 'project_domain_id': 'default', 'project_domain_name': 'Default', 'project_id': 'f0c9fb72d060486384c4dfe96e57a7cc', 'project_name': 'tempest-ServersTestManualDisk-1910326370', 'tenant_id': 'f0c9fb72d060486384c4dfe96e57a7cc', 'tenant_name': 'tempest-ServersTestManualDisk-1910326370', 'user_domain_id': 'default', 'user_domain_name': 'Default', 'user_id': 'ab068034e17b4d208dd85c1e42525b4b', 'system': None}, Network: None, Subnet: None, Router: None
2024-10-11 02:25:57.574 62444 INFO tempest.lib.common.rest_client [req-af0a1295-c214-4aa2-bd73-efd5ca2aa35b req-af0a1295-c214-4aa2-bd73-efd5ca2aa35b ] Request (ServerMetadataTestJSON:setUpClass): 200 GET http://10.180.1.21/identity/v3/roles 0.047s
2024-10-11 02:25:57.581 62454 INFO tempest.lib.common.rest_client [req-da64a359-d21e-4c2e-8c05-5345c2a046aa req-da64a359-d21e-4c2e-8c05-5345c2a046aa ] Request (InstanceActionsTestJSON:setUpClass): 201 POST http://10.180.1.21/identity/v3/auth/tokens 0.100s
2024-10-11 02:25:57.596 62456 INFO tempest.lib.common.rest_client [req-2c6591ec-a15c-4a88-ae3a-6525809c30eb req-2c6591ec-a15c-4a88-ae3a-6525809c30eb ] Request (ServersTestManualDisk:setUpClass): 201 POST http://10.180.1.21/identity/v3/auth/tokens 0.067s
2024-10-11 02:25:57.601 62472 INFO tempest.lib.common.rest_client [req-3a28c1fc-c1c9-48d5-8709-188bd699bf3e req-3a28c1fc-c1c9-48d5-8709-188bd699bf3e ] Request (FloatingIPsTestJSON:tearDownClass): 204 DELETE http://10.180.1.21:9696/networking/v2.0/subnets/992ec38a-f9c0-4098-99e9-2f3964158d3d 0.133s
2024-10-11 02:25:57.620 62444 INFO tempest.lib.common.rest_client [req-54ad5d5d-42dc-4d2f-804c-cc12824ee8ef req-54ad5d5d-42dc-4d2f-804c-cc12824ee8ef ] Request (ServerMetadataTestJSON:setUpClass): 204 PUT http://10.180.1.21/identity/v3/projects/ffded1dedc3649f6a7cb37c2b0094ac7/users/1fe7f8c9b16d4532906319da66269155/roles/564f408adcea4b72abe242d0585736ef 0.045s
2024-10-11 02:25:57.620 62444 INFO tempest.lib.common.dynamic_creds [-] Dynamic test user 1fe7f8c9b16d4532906319da66269155 is created with scope project and roles: ['member']
2024-10-11 02:25:57.621 62444 INFO tempest.lib.common.dynamic_creds [-] Acquired dynamic creds: credentials: Credentials: {'domain_id': 'default', 'domain_name': 'Default', 'username': 'tempest-ServerMetadataTestJSON-1694624802-project-member', 'project_domain_id': 'default', 'project_domain_name': 'Default', 'project_id': 'ffded1dedc3649f6a7cb37c2b0094ac7', 'project_name': 'tempest-ServerMetadataTestJSON-1694624802', 'tenant_id': 'ffded1dedc3649f6a7cb37c2b0094ac7', 'tenant_name': 'tempest-ServerMetadataTestJSON-1694624802', 'user_domain_id': 'default', 'user_domain_name': 'Default', 'user_id': '1fe7f8c9b16d4532906319da66269155', 'system': None}, Network: None, Subnet: None, Router: None
2024-10-11 02:25:57.692 62454 INFO tempest.lib.common.rest_client [req-e9ec5d73-3755-43b7-932a-8c46a3e97f0c req-e9ec5d73-3755-43b7-932a-8c46a3e97f0c ] Request (InstanceActionsTestJSON:setUpClass): 200 GET http://10.180.1.21/identity/v3/domains?name=Default 0.111s
2024-10-11 02:25:57.732 62482 INFO tempest.lib.common.rest_client [req-a17a603a-e178-4bc5-86e6-e9cae8f254b6 req-a17a603a-e178-4bc5-86e6-e9cae8f254b6 ] Request (FlavorsAccessNegativeTestJSON:test_remove_flavor_access_not_found): 404 POST http://10.180.1.21/compute/v2.1/flavors/2098283733/action 0.671s
2024-10-11 02:25:57.737 62458 INFO tempest.lib.common.rest_client [req-b963373c-d19b-46eb-ac79-659cf2e2c1b2 req-b963373c-d19b-46eb-ac79-659cf2e2c1b2 ] Request (ServersAdmin275Test:test_rebuild_update_server_275): 200 GET http://10.180.1.21/compute/v2.1/servers/5f05d6dd-60c6-4ebc-95c3-951b0f9c4106 0.696s
2024-10-11 02:25:57.738 62464 INFO tempest.lib.common.rest_client [req-41848184-1a68-4b34-870f-a3684ef525a5 req-41848184-1a68-4b34-870f-a3684ef525a5 ] Request (AggregatesAdminNegativeTestJSON:test_aggregate_list_as_user): 403 GET http://10.180.1.21/compute/v2.1/os-aggregates 0.669s
2024-10-11 02:25:57.760 62452 INFO tempest.lib.common.rest_client [req-66b707e1-4f83-4ff5-8723-cd8204bfa0aa req-66b707e1-4f83-4ff5-8723-cd8204bfa0aa ] Request (FlavorsAdminTestJSON:test_is_public_string_variations): 200 GET http://10.180.1.21/compute/v2.1/flavors/detail?is_public=f 0.684s
2024-10-11 02:25:57.767 62444 INFO tempest.lib.common.rest_client [req-75b91248-e3b1-44f8-a44c-d17a38f5b5a4 req-75b91248-e3b1-44f8-a44c-d17a38f5b5a4 ] Request (ServerMetadataTestJSON:setUpClass): 201 POST http://10.180.1.21/identity/v3/auth/tokens 0.146s
2024-10-11 02:25:57.788 62454 INFO tempest.lib.common.rest_client [req-737beb56-b6d7-4051-93c4-a0148d4687fa req-737beb56-b6d7-4051-93c4-a0148d4687fa ] Request (InstanceActionsTestJSON:setUpClass): 201 POST http://10.180.1.21/identity/v3/projects 0.091s
2024-10-11 02:25:57.805 62504 INFO tempest.lib.common.rest_client [req-4f2f983e-4a6c-4936-9cbc-9a79d970e43e req-4f2f983e-4a6c-4936-9cbc-9a79d970e43e ] Request (ServersTestFqdnHostnames:test_create_server_with_fqdn_name): 201 POST http://10.180.1.21:9696/networking/v2.0/security-group-rules 0.544s
2024-10-11 02:25:57.826 62484 INFO tempest.lib.common.rest_client [req-8a8d9790-1a94-4636-9b88-d0d6fb34ab86 req-8a8d9790-1a94-4636-9b88-d0d6fb34ab86 ] Request (DeleteServersAdminTestJSON:test_delete_server_while_in_error_state): 200 GET http://10.180.1.21/compute/v2.1/servers/8217f3d9-34f6-4df0-9552-982e257f35cd 0.740s
2024-10-11 02:25:57.866 62454 INFO tempest.lib.common.rest_client [req-c8048a16-2b7b-4ca3-bdf7-9daf936ffea6 req-c8048a16-2b7b-4ca3-bdf7-9daf936ffea6 ] Request (InstanceActionsTestJSON:setUpClass): 201 POST http://10.180.1.21/identity/v3/users 0.078s
2024-10-11 02:25:57.874 62474 INFO tempest.lib.common.rest_client [req-db445319-6604-4092-ab9d-84ebffdba1fd req-db445319-6604-4092-ab9d-84ebffdba1fd ] Request (VolumesAssistedSnapshotsTest:test_volume_assisted_snapshot_create_delete): 200 GET http://10.180.1.21/compute/v2.1/servers/91fce17f-e391-4bf6-83db-d8720b73fd21 0.668s
2024-10-11 02:25:57.879 62448 INFO tempest.lib.common.rest_client [req-75f9535c-21eb-48b9-98b5-0c74f78e8939 req-75f9535c-21eb-48b9-98b5-0c74f78e8939 ] Request (TestVersions:test_get_version_details): 200 GET http://10.180.1.21/compute/v2/ 0.469s
2024-10-11 02:25:57.897 62486 INFO tempest.lib.common.rest_client [req-a4882953-933f-4115-a328-f5472f61085f req-a4882953-933f-4115-a328-f5472f61085f ] Request (QuotaClassesAdmin257Test:tearDownClass): 204 DELETE http://10.180.1.21:9696/networking/v2.0/security-groups/c364cf4e-fd47-42cb-aee8-c9fd7e6d9b8d 0.594s
2024-10-11 02:25:57.902 62454 INFO tempest.lib.common.rest_client [req-98463f46-3b1e-430d-b17a-96df250f4158 req-98463f46-3b1e-430d-b17a-96df250f4158 ] Request (InstanceActionsTestJSON:setUpClass): 200 GET http://10.180.1.21/identity/v3/roles 0.036s
2024-10-11 02:25:57.949 62506 INFO tempest.lib.common.rest_client [req-b88ad0d7-1fe9-4cd7-a02a-725880f4a603 req-b88ad0d7-1fe9-4cd7-a02a-725880f4a603 ] Request (KeyPairsV2TestJSON:test_keypairs_create_list_delete): 200 POST http://10.180.1.21/compute/v2.1/os-keypairs 0.504s
2024-10-11 02:25:58.016 62486 INFO tempest.lib.common.rest_client [req-6c0773f2-ff7a-4149-b0e4-30a4e1e2a6d2 req-6c0773f2-ff7a-4149-b0e4-30a4e1e2a6d2 ] Request (QuotaClassesAdmin257Test:tearDownClass): 204 DELETE http://10.180.1.21/identity/v3/projects/01cbca70252f442295b70036f7439327 0.118s
2024-10-11 02:25:58.016 62486 INFO tempest.lib.common.dynamic_creds [-] Deleting project and security group for project: 21d15e5d86aa4ae0848854bed2f3d09a
2024-10-11 02:25:58.045 62476 INFO tempest.lib.common.rest_client [req-112c9277-0f99-436c-ae12-dcb4bf447a4a req-112c9277-0f99-436c-ae12-dcb4bf447a4a ] Request (ServerTagsTestJSON:setUpClass): 200 GET http://10.180.1.21/compute/v2.1/servers/2562407c-ac70-423a-98b7-3c9533d257a0 0.566s
2024-10-11 02:25:58.096 62454 INFO tempest.lib.common.rest_client [req-95e7edd4-2616-422b-bf15-9aeeb09c4562 req-95e7edd4-2616-422b-bf15-9aeeb09c4562 ] Request (InstanceActionsTestJSON:setUpClass): 204 PUT http://10.180.1.21/identity/v3/projects/ea42232e52484258a54d490d4e77d14f/users/74b5da55dd9e4ee89a00227bc198b516/roles/564f408adcea4b72abe242d0585736ef 0.193s
2024-10-11 02:25:58.096 62454 INFO tempest.lib.common.dynamic_creds [-] Dynamic test user 74b5da55dd9e4ee89a00227bc198b516 is created with scope project and roles: ['member']
2024-10-11 02:25:58.096 62454 INFO tempest.lib.common.dynamic_creds [-] Acquired dynamic creds: credentials: Credentials: {'domain_id': 'default', 'domain_name': 'Default', 'username': 'tempest-InstanceActionsTestJSON-1148047948-project-member', 'project_domain_id': 'default', 'project_domain_name': 'Default', 'project_id': 'ea42232e52484258a54d490d4e77d14f', 'project_name': 'tempest-InstanceActionsTestJSON-1148047948', 'tenant_id': 'ea42232e52484258a54d490d4e77d14f', 'tenant_name': 'tempest-InstanceActionsTestJSON-1148047948', 'user_domain_id': 'default', 'user_domain_name': 'Default', 'user_id': '74b5da55dd9e4ee89a00227bc198b516', 'system': None}, Network: None, Subnet: None, Router: None
2024-10-11 02:25:58.105 62502 INFO tempest.lib.common.rest_client [req-7c717d6d-18ec-4d58-9ab7-7d8c6be44978 req-7c717d6d-18ec-4d58-9ab7-7d8c6be44978 ] Request (QuotasAdminTestV236:test_get_updated_quotas): 200 GET http://10.180.1.21/compute/v2.1/os-quota-sets/a490412535594b5d99537416ec96c7b7/detail 0.696s
2024-10-11 02:25:58.113 62466 INFO tempest.lib.common.rest_client [req-eaf903ea-f9c0-493a-8f20-32896cf2623a req-eaf903ea-f9c0-493a-8f20-32896cf2623a ] Request (ServerDiskConfigTestJSON:test_rebuild_server_with_auto_disk_config): 200 GET http://10.180.1.21/compute/v2.1/servers/f37b8355-3c4c-4c11-a6bc-95a1a18a4cd0 0.480s
2024-10-11 02:25:58.159 62454 INFO tempest.lib.common.rest_client [req-165f0cfd-8133-422c-ae00-8b4baa577856 req-165f0cfd-8133-422c-ae00-8b4baa577856 ] Request (InstanceActionsTestJSON:setUpClass): 201 POST http://10.180.1.21/identity/v3/auth/tokens 0.063s
2024-10-11 02:25:58.178 62502 INFO tempest.lib.common.rest_client [req-9dd9d3d8-a59a-442b-a59c-6f85159950b5 req-9dd9d3d8-a59a-442b-a59c-6f85159950b5 ] Request (QuotasAdminTestV236:test_get_updated_quotas): 200 GET http://10.180.1.21/identity/v3/domains?name=Default 0.060s
2024-10-11 02:25:58.214 62502 INFO tempest.lib.common.rest_client [req-5fb6a542-1784-498d-b3c6-492fcd4de296 req-5fb6a542-1784-498d-b3c6-492fcd4de296 ] Request (QuotasAdminTestV236:test_get_updated_quotas): 201 POST http://10.180.1.21/identity/v3/users 0.035s
2024-10-11 02:25:58.225 62494 INFO tempest.lib.common.rest_client [req-b5386110-da45-4dae-a9b3-a96866f6f8a8 req-b5386110-da45-4dae-a9b3-a96866f6f8a8 ] Request (ServersTestJSON:setUpClass): 200 GET http://10.180.1.21/compute/v2.1/servers/69522ff9-6363-4b95-a679-801598a3b2f1 0.496s
2024-10-11 02:25:58.231 62468 INFO tempest.lib.common.rest_client [req-51b1d2cd-9223-4714-ace7-199df9f0a7b8 req-51b1d2cd-9223-4714-ace7-199df9f0a7b8 ] Request (ServersWithSpecificFlavorTestJSON:test_verify_created_server_ephemeral_disk): 200 GET http://10.180.1.21/compute/v2.1/servers/8da22054-8330-45d8-ab5d-9517233216fb 0.585s
2024-10-11 02:25:58.233 62502 INFO tempest.lib.common.rest_client [req-b118ed3b-577b-42d8-93aa-d97b3987fd39 req-b118ed3b-577b-42d8-93aa-d97b3987fd39 ] Request (QuotasAdminTestV236:test_get_updated_quotas): 200 GET http://10.180.1.21/identity/v3/domains?name=Default 0.019s
2024-10-11 02:25:58.238 62468 INFO tempest.common.waiters [-] State transition "BUILD/None" ==> "BUILD/block_device_mapping" after 15 second wait
2024-10-11 02:25:58.250 62482 INFO tempest.lib.common.rest_client [req-db2d5099-77a5-4271-bdfa-bccf3222475a req-db2d5099-77a5-4271-bdfa-bccf3222475a ] Request (FlavorsAccessNegativeTestJSON:_run_cleanups): 202 DELETE http://10.180.1.21/compute/v2.1/flavors/2098283733 0.517s
2024-10-11 02:25:58.256 62464 INFO tempest.lib.common.rest_client [req-b04906a4-3b33-497b-bb0d-af24f2921ad8 req-b04906a4-3b33-497b-bb0d-af24f2921ad8 ] Request (AggregatesAdminNegativeTestJSON:test_aggregate_remove_host_as_user): 200 POST http://10.180.1.21/compute/v2.1/os-aggregates 0.516s
2024-10-11 02:25:58.260 62452 INFO tempest.lib.common.rest_client [req-9f613890-c2b0-48c6-9533-d9416e9a1e2c req-9f613890-c2b0-48c6-9533-d9416e9a1e2c ] Request (FlavorsAdminTestJSON:test_is_public_string_variations): 200 GET http://10.180.1.21/compute/v2.1/flavors/detail?is_public=false 0.495s
2024-10-11 02:25:58.334 62462 INFO tempest.lib.common.rest_client [req-828d1368-a4e0-4aee-aaf9-b214439526fa req-828d1368-a4e0-4aee-aaf9-b214439526fa ] Request (ServersTestBootFromVolume:setUpClass): 200 GET http://10.180.1.21/compute/v2.1/servers/ca3cf85a-8f0e-4213-8447-3d37ff4ec328 0.501s
2024-10-11 02:25:58.340 62497 INFO tempest.lib.common.rest_client [req-e111904b-1b4d-4b89-af88-3bab37705dde req-e111904b-1b4d-4b89-af88-3bab37705dde ] Request (ListServersNegativeTestJSON:setUpClass): 200 GET http://10.180.1.21/compute/v2.1/servers/1be28c2f-a562-4620-a618-b556e941c57f 0.539s
2024-10-11 02:25:58.344 62448 INFO tempest.lib.common.rest_client [req-e09bd5ce-df9f-42a4-bc70-adea4bc5c2d2 req-e09bd5ce-df9f-42a4-bc70-adea4bc5c2d2 ] Request (TestVersions:test_get_version_details): 200 GET http://10.180.1.21/compute/v2.1/ 0.461s
2024-10-11 02:25:58.399 62508 INFO tempest.lib.common.rest_client [req-b4878971-9bf0-4542-b963-9a6adc316879 req-b4878971-9bf0-4542-b963-9a6adc316879 ] Request (SecurityGroupsTestJSON:test_list_security_groups_by_server): 200 GET http://10.180.1.21/compute/v2.1/servers/96c9652e-84b1-42d6-9109-d684e6c56243 0.514s
2024-10-11 02:25:58.410 62460 INFO tempest.lib.common.rest_client [req-e4fdbec8-b8b5-4e0d-a94b-c7841316af1c req-e4fdbec8-b8b5-4e0d-a94b-c7841316af1c ] Request (ServersAdminNegativeTestJSON:setUpClass): 200 GET http://10.180.1.21/compute/v2.1/servers/f66f7fdb-5ae1-48c4-9886-3d7d9d91b8cd 0.482s
2024-10-11 02:25:58.415 62506 INFO tempest.lib.common.rest_client [req-6329d88a-fdbe-406c-bc64-43a43c3cfd1d req-6329d88a-fdbe-406c-bc64-43a43c3cfd1d ] Request (KeyPairsV2TestJSON:test_keypairs_create_list_delete): 200 GET http://10.180.1.21/compute/v2.1/os-keypairs 0.465s
2024-10-11 02:25:58.435 62472 INFO tempest.lib.common.rest_client [req-631bd1df-419f-4f27-b0d5-b224b3bdc769 req-631bd1df-419f-4f27-b0d5-b224b3bdc769 ] Request (FloatingIPsTestJSON:tearDownClass): 204 DELETE http://10.180.1.21:9696/networking/v2.0/networks/6b1d2911-ee97-4d03-a542-face290b7d19 0.834s
2024-10-11 02:25:58.476 62450 INFO tempest.lib.common.rest_client [req-26569ac4-e1df-4b9a-a7d8-1fd424dbb8e1 req-26569ac4-e1df-4b9a-a7d8-1fd424dbb8e1 ] Request (FloatingIPsAssociationTestJSON:setUpClass): 200 GET http://10.180.1.21/compute/v2.1/servers/f32adc33-851f-47eb-8415-9895d1c14a05 0.510s
2024-10-11 02:25:58.497 62478 INFO tempest.lib.common.rest_client [req-de52b4b0-5ea0-4925-95cf-5ef80ec71bf9 req-de52b4b0-5ea0-4925-95cf-5ef80ec71bf9 ] Request (MigrationsAdminTest:test_resize_server_revert_deleted_flavor): 200 GET http://10.180.1.21/compute/v2.1/servers/f28f0f10-5eb0-4150-b712-467e72a6ccbd 0.491s
2024-10-11 02:25:58.527 62472 INFO tempest.lib.common.rest_client [req-14f0929a-2f98-484f-add2-083dc0fe3878 req-14f0929a-2f98-484f-add2-083dc0fe3878 ] Request (FloatingIPsTestJSON:tearDownClass): 204 DELETE http://10.180.1.21/identity/v3/users/83cfb110a99d451d8c160f6bacc22f03 0.092s
2024-10-11 02:25:58.528 62472 INFO tempest.lib.common.dynamic_creds [-] Deleting project and security group for project: 74648cb511d94559831bf1c66ed3eb4e
2024-10-11 02:25:58.538 62500 INFO tempest.lib.common.rest_client [req-610e0479-491e-47fe-9ab3-a2a5618d7e02 req-610e0479-491e-47fe-9ab3-a2a5618d7e02 ] Request (ImagesOneServerNegativeTestJSON:tearDownClass): 204 DELETE http://10.180.1.21:9696/networking/v2.0/routers/7721fa3d-d2e4-41d4-b1e7-469463bc1df2 1.107s
2024-10-11 02:25:58.539 62488 INFO tempest.lib.common.rest_client [req-64b1d665-c390-4f1f-b620-e3291b173d6c req-64b1d665-c390-4f1f-b620-e3291b173d6c ] Request (ServerExternalEventsTest:test_create_server_external_events): 200 GET http://10.180.1.21/compute/v2.1/servers/74c893db-c3aa-461b-86a9-fadfb1519c9e 0.464s
2024-10-11 02:25:58.566 62486 INFO tempest.lib.common.rest_client [req-25485bfa-e002-4de1-840d-3ecd4b22b303 req-25485bfa-e002-4de1-840d-3ecd4b22b303 ] Request (QuotaClassesAdmin257Test:tearDownClass): 200 GET http://10.180.1.21:9696/networking/v2.0/security-groups?tenant_id=21d15e5d86aa4ae0848854bed2f3d09a&name=default 0.550s
2024-10-11 02:25:58.588 62446 INFO tempest.lib.common.rest_client [req-fad491d5-b7e6-4a96-bc78-db3c8e295fe8 req-fad491d5-b7e6-4a96-bc78-db3c8e295fe8 ] Request (FloatingIPsAssociationNegativeTestJSON:setUpClass): 200 GET http://10.180.1.21/compute/v2.1/servers/44a7f9ed-0a9f-4c7b-950f-c487dd3b034c 0.413s
2024-10-11 02:25:58.594 62446 INFO tempest.common.waiters [-] State transition "BUILD/spawning" ==> "ERROR/None" after 38 second wait
2024-10-11 02:25:58.613 62482 INFO tempest.lib.common.rest_client [req-275c8bf8-c802-42fe-8cd7-bf2f5434af32 req-275c8bf8-c802-42fe-8cd7-bf2f5434af32 ] Request (FlavorsAccessNegativeTestJSON:_run_cleanups): 200 GET http://10.180.1.21/compute/v2.1/flavors/detail 0.362s
2024-10-11 02:25:58.626 62456 INFO tempest.lib.common.rest_client [req-15757744-8356-43eb-a1db-26308277e663 req-15757744-8356-43eb-a1db-26308277e663 ] Request (ServersTestManualDisk:setUpClass): 201 POST http://10.180.1.21:9696/networking/v2.0/networks 1.030s
2024-10-11 02:25:58.634 62444 INFO tempest.lib.common.rest_client [req-7de7bdb3-3c60-443c-989f-0e2cbf757ee0 req-7de7bdb3-3c60-443c-989f-0e2cbf757ee0 ] Request (ServerMetadataTestJSON:setUpClass): 201 POST http://10.180.1.21:9696/networking/v2.0/networks 0.867s
2024-10-11 02:25:58.660 62472 INFO tempest.lib.common.rest_client [req-e2f44018-76ff-434f-bf91-af00ff6644f2 req-e2f44018-76ff-434f-bf91-af00ff6644f2 ] Request (FloatingIPsTestJSON:tearDownClass): 200 GET http://10.180.1.21:9696/networking/v2.0/security-groups?tenant_id=74648cb511d94559831bf1c66ed3eb4e&name=default 0.132s
2024-10-11 02:25:58.761 62502 INFO tempest.lib.common.rest_client [req-30a44263-acf5-4da3-9b4c-fef6d1cdeaab req-30a44263-acf5-4da3-9b4c-fef6d1cdeaab ] Request (QuotasAdminTestV236:test_get_updated_quotas): 200 PUT http://10.180.1.21/compute/v2.1/os-quota-sets/a490412535594b5d99537416ec96c7b7?user_id=93bea8dfefd24478a922c8eac4c264f9 0.527s
2024-10-11 02:25:58.786 62482 INFO tempest.lib.common.rest_client [req-169e0448-de1e-49e8-8939-618aa910cf1b req-169e0448-de1e-49e8-8939-618aa910cf1b ] Request (FlavorsAccessNegativeTestJSON:tearDownClass): 204 DELETE http://10.180.1.21/identity/v3/users/65ca774cde954b14974e87e8d1b77bfa 0.166s
2024-10-11 02:25:58.793 62464 INFO tempest.lib.common.rest_client [req-82dac34c-0f96-4bb9-8f8a-64bab5e4655f req-82dac34c-0f96-4bb9-8f8a-64bab5e4655f ] Request (AggregatesAdminNegativeTestJSON:test_aggregate_remove_host_as_user): 200 POST http://10.180.1.21/compute/v2.1/os-aggregates/7/action 0.535s
2024-10-11 02:25:58.809 62452 INFO tempest.lib.common.rest_client [req-2cee8e39-89d4-4c00-b415-5ba868f0931a req-2cee8e39-89d4-4c00-b415-5ba868f0931a ] Request (FlavorsAdminTestJSON:test_is_public_string_variations): 200 GET http://10.180.1.21/compute/v2.1/flavors/detail?is_public=no 0.546s
2024-10-11 02:25:58.813 62448 INFO tempest.lib.common.rest_client [-] Request (TestVersions:test_list_api_versions): 200 GET http://10.180.1.21/compute/ 0.465s
2024-10-11 02:25:58.863 62498 INFO tempest.lib.common.rest_client [req-8c12b946-af56-47d1-bd46-83de66f67ece req-8c12b946-af56-47d1-bd46-83de66f67ece ] Request (ServerRescueTestJSON:setUpClass): 200 GET http://10.180.1.21/compute/v2.1/servers/84d869a9-4772-4c89-a931-8b093ca7d1b4 0.604s
2024-10-11 02:25:58.887 62506 INFO tempest.lib.common.rest_client [req-fa0569cc-d2a9-46a3-9d2e-6c5db2407d07 req-fa0569cc-d2a9-46a3-9d2e-6c5db2407d07 ] Request (KeyPairsV2TestJSON:_run_cleanups): 202 DELETE http://10.180.1.21/compute/v2.1/os-keypairs/tempest-KeyPairsV2TestJSON-keypair-2140338068 0.470s
2024-10-11 02:25:58.898 62454 INFO tempest.lib.common.rest_client [req-79f11f33-09a5-401d-9fc9-32260892641e req-79f11f33-09a5-401d-9fc9-32260892641e ] Request (InstanceActionsTestJSON:setUpClass): 201 POST http://10.180.1.21:9696/networking/v2.0/networks 0.739s
2024-10-11 02:25:58.899 62490 INFO tempest.lib.common.rest_client [req-b910b16a-5c90-4bbe-a9ae-11b217d25b42 req-b910b16a-5c90-4bbe-a9ae-11b217d25b42 ] Request (AttachInterfacesV270Test:test_create_get_list_interfaces): 200 GET http://10.180.1.21/compute/v2.1/servers/aaaa3c7d-0587-42fa-9f8f-2c3297f5636e 0.530s
2024-10-11 02:25:58.919 62486 INFO tempest.lib.common.rest_client [req-de53d09c-7002-4f52-9833-165ed92b6f94 req-de53d09c-7002-4f52-9833-165ed92b6f94 ] Request (QuotaClassesAdmin257Test:tearDownClass): 204 DELETE http://10.180.1.21:9696/networking/v2.0/security-groups/6bc159e8-3caa-45d8-9ef8-085b1a12b791 0.352s
2024-10-11 02:25:58.923 62482 INFO tempest.lib.common.rest_client [req-a56d32a6-90b5-4d81-ae49-ac2a3dce3422 req-a56d32a6-90b5-4d81-ae49-ac2a3dce3422 ] Request (FlavorsAccessNegativeTestJSON:tearDownClass): 204 DELETE http://10.180.1.21/identity/v3/users/bd8f8ab08c1048e0ba405b57e2c514ba 0.136s
2024-10-11 02:25:58.953 62448 INFO tempest.lib.common.rest_client [req-f2cf24dd-eb2c-4f8f-9b4c-a54b6db68fdc req-f2cf24dd-eb2c-4f8f-9b4c-a54b6db68fdc ] Request (TestVersions:tearDownClass): 204 DELETE http://10.180.1.21/identity/v3/users/0bb3dbdbf27640ca846a0833e95e93a1 0.132s
2024-10-11 02:25:58.955 62448 INFO tempest.lib.common.dynamic_creds [-] Deleting project and security group for project: bf724c39937c4e97880c0061db0a0806
2024-10-11 02:25:58.979 62470 INFO tempest.lib.common.rest_client [req-a8cabd92-0fa4-47bd-be85-a188a0db29d3 req-a8cabd92-0fa4-47bd-be85-a188a0db29d3 ] Request (ServerDiagnosticsV248Test:test_get_server_diagnostics): 200 GET http://10.180.1.21/compute/v2.1/servers/ec8f3da7-8886-4890-83a0-0e361e36334d 0.502s
2024-10-11 02:25:58.984 62500 INFO tempest.lib.common.rest_client [req-bd53c459-4021-47c9-8f80-3aab51d87ba4 req-bd53c459-4021-47c9-8f80-3aab51d87ba4 ] Request (ImagesOneServerNegativeTestJSON:tearDownClass): 204 DELETE http://10.180.1.21:9696/networking/v2.0/subnets/0319184f-69f3-4eac-b76f-25e70e86e998 0.445s
2024-10-11 02:25:58.994 62472 INFO tempest.lib.common.rest_client [req-8f6f8994-492d-4860-b27b-d3a3899ea708 req-8f6f8994-492d-4860-b27b-d3a3899ea708 ] Request (FloatingIPsTestJSON:tearDownClass): 204 DELETE http://10.180.1.21:9696/networking/v2.0/security-groups/5b8773b9-dcc6-43b5-871a-981a44420e9a 0.333s
2024-10-11 02:25:59.051 62486 INFO tempest.lib.common.rest_client [req-108e8c3d-6fe1-4609-ab8d-4ccf2403e56d req-108e8c3d-6fe1-4609-ab8d-4ccf2403e56d ] Request (QuotaClassesAdmin257Test:tearDownClass): 204 DELETE http://10.180.1.21/identity/v3/projects/21d15e5d86aa4ae0848854bed2f3d09a 0.130s
2024-10-11 02:25:59.053 62482 INFO tempest.lib.common.rest_client [req-c18a9198-2d3d-4dc6-97d9-86b70059a12c req-c18a9198-2d3d-4dc6-97d9-86b70059a12c ] Request (FlavorsAccessNegativeTestJSON:tearDownClass): 204 DELETE http://10.180.1.21/identity/v3/users/c976f25ff8d34869ba7b935edb61a812 0.130s
2024-10-11 02:25:59.054 62482 INFO tempest.lib.common.dynamic_creds [-] Deleting project and security group for project: 87b78f9923fd494d8c5409881db74a2a
2024-10-11 02:25:59.069 62458 INFO tempest.lib.common.rest_client [req-12278a94-773b-4193-a4b0-a14e07e1c46a req-12278a94-773b-4193-a4b0-a14e07e1c46a ] Request (ServersAdmin275Test:test_rebuild_update_server_275): 200 GET http://10.180.1.21/compute/v2.1/servers/5f05d6dd-60c6-4ebc-95c3-951b0f9c4106 0.317s
2024-10-11 02:25:59.102 62448 INFO tempest.lib.common.rest_client [req-a9dfedfa-b09b-4849-9100-045de893b169 req-a9dfedfa-b09b-4849-9100-045de893b169 ] Request (TestVersions:tearDownClass): 201 POST http://10.180.1.21/identity/v3/auth/tokens 0.147s
2024-10-11 02:25:59.128 62482 INFO tempest.lib.common.rest_client [req-8b7b4171-c3c0-40bb-bda8-efd5a4b3e154 req-8b7b4171-c3c0-40bb-bda8-efd5a4b3e154 ] Request (FlavorsAccessNegativeTestJSON:tearDownClass): 201 POST http://10.180.1.21/identity/v3/auth/tokens 0.074s
2024-10-11 02:25:59.153 62446 INFO tempest.lib.common.rest_client [req-07cc7199-9783-4d3d-914f-86d0aaa540c2 req-07cc7199-9783-4d3d-914f-86d0aaa540c2 ] Request (FloatingIPsAssociationNegativeTestJSON:setUpClass): 204 DELETE http://10.180.1.21/compute/v2.1/servers/44a7f9ed-0a9f-4c7b-950f-c487dd3b034c 0.559s
2024-10-11 02:25:59.160 62464 INFO tempest.lib.common.rest_client [req-135d3cef-64aa-4dbf-8f9a-a5281f5fe18d req-135d3cef-64aa-4dbf-8f9a-a5281f5fe18d ] Request (AggregatesAdminNegativeTestJSON:test_aggregate_remove_host_as_user): 403 POST http://10.180.1.21/compute/v2.1/os-aggregates/7/action 0.365s
2024-10-11 02:25:59.169 62456 INFO tempest.lib.common.rest_client [req-011d1e20-c9de-41ea-8697-baa51b6d1607 req-011d1e20-c9de-41ea-8697-baa51b6d1607 ] Request (ServersTestManualDisk:setUpClass): 201 POST http://10.180.1.21:9696/networking/v2.0/subnets 0.543s
2024-10-11 02:25:59.173 62452 INFO tempest.lib.common.rest_client [req-7f19f171-f962-4147-83d0-29225078948c req-7f19f171-f962-4147-83d0-29225078948c ] Request (FlavorsAdminTestJSON:test_is_public_string_variations): 200 GET http://10.180.1.21/compute/v2.1/flavors/detail?is_public=0 0.362s
2024-10-11 02:25:59.174 62472 INFO tempest.lib.common.rest_client [req-0dbfc43e-6957-4206-834b-ff9c5c972f40 req-0dbfc43e-6957-4206-834b-ff9c5c972f40 ] Request (FloatingIPsTestJSON:tearDownClass): 204 DELETE http://10.180.1.21/identity/v3/projects/74648cb511d94559831bf1c66ed3eb4e 0.179s
2024-10-11 02:25:59.186 62486 INFO tempest.lib.common.rest_client [req-f268aa05-5cbc-4cff-87b9-c6a2f2dec0dc req-f268aa05-5cbc-4cff-87b9-c6a2f2dec0dc ] Request (ImagesNegativeTestJSON:setUpClass): 201 POST http://10.180.1.21/identity/v3/auth/tokens 0.129s
2024-10-11 02:25:59.186 62444 INFO tempest.lib.common.rest_client [req-eb5f3bf2-6b94-440e-87ab-9f1ece5a5363 req-eb5f3bf2-6b94-440e-87ab-9f1ece5a5363 ] Request (ServerMetadataTestJSON:setUpClass): 201 POST http://10.180.1.21:9696/networking/v2.0/subnets 0.551s
2024-10-11 02:25:59.248 62484 INFO tempest.lib.common.rest_client [req-daefde05-58de-4d51-a8e0-c8a3ee0da4c6 req-daefde05-58de-4d51-a8e0-c8a3ee0da4c6 ] Request (DeleteServersAdminTestJSON:test_delete_server_while_in_error_state): 200 GET http://10.180.1.21/compute/v2.1/servers/8217f3d9-34f6-4df0-9552-982e257f35cd 0.411s
2024-10-11 02:25:59.253 62472 INFO tempest.lib.common.rest_client [req-1c134aa1-fbbb-4b94-bbea-efaac694dbec req-1c134aa1-fbbb-4b94-bbea-efaac694dbec ] Request (ImagesDeleteNegativeTestJSON:setUpClass): 201 POST http://10.180.1.21/identity/v3/auth/tokens 0.077s
2024-10-11 02:25:59.255 62484 INFO tempest.common.waiters [-] State transition "BUILD/scheduling" ==> "BUILD/None" after 11 second wait
2024-10-11 02:25:59.275 62486 INFO tempest.lib.common.rest_client [req-79457505-e85d-4770-beac-9f4487f46f8b req-79457505-e85d-4770-beac-9f4487f46f8b ] Request (ImagesNegativeTestJSON:setUpClass): 201 POST http://10.180.1.21/identity/v3/auth/tokens 0.086s
2024-10-11 02:25:59.300 62472 INFO tempest.lib.common.rest_client [req-434798f8-b0dd-4842-8df3-51dcda365326 req-434798f8-b0dd-4842-8df3-51dcda365326 ] Request (ImagesDeleteNegativeTestJSON:setUpClass): 201 POST http://10.180.1.21/identity/v3/auth/tokens 0.043s
2024-10-11 02:25:59.318 62474 INFO tempest.lib.common.rest_client [req-92ffcdf9-1f36-4978-baf7-f31ee26c4391 req-92ffcdf9-1f36-4978-baf7-f31ee26c4391 ] Request (VolumesAssistedSnapshotsTest:test_volume_assisted_snapshot_create_delete): 200 GET http://10.180.1.21/compute/v2.1/servers/91fce17f-e391-4bf6-83db-d8720b73fd21 0.434s
2024-10-11 02:25:59.321 62486 INFO tempest.lib.common.rest_client [req-85bbe3be-a77d-4191-a532-a5da3858cfca req-85bbe3be-a77d-4191-a532-a5da3858cfca ] Request (ImagesNegativeTestJSON:setUpClass): 200 GET http://10.180.1.21/identity/v3/domains?name=Default 0.046s
2024-10-11 02:25:59.335 62506 INFO tempest.lib.common.rest_client [req-88871bdb-fe0f-486f-9a5d-20e77550b358 req-88871bdb-fe0f-486f-9a5d-20e77550b358 ] Request (KeyPairsV2TestJSON:_run_cleanups): 202 DELETE http://10.180.1.21/compute/v2.1/os-keypairs/tempest-KeyPairsV2TestJSON-keypair-776557875 0.447s
2024-10-11 02:25:59.337 62472 INFO tempest.lib.common.rest_client [req-24db0c43-3eeb-4900-8c85-2569577291fe req-24db0c43-3eeb-4900-8c85-2569577291fe ] Request (ImagesDeleteNegativeTestJSON:setUpClass): 200 GET http://10.180.1.21/identity/v3/domains?name=Default 0.037s
2024-10-11 02:25:59.354 62502 INFO tempest.lib.common.rest_client [req-acf76010-89c3-490b-a0a7-af4aeed997d7 req-acf76010-89c3-490b-a0a7-af4aeed997d7 ] Request (QuotasAdminTestV236:test_get_updated_quotas): 200 GET http://10.180.1.21/compute/v2.1/os-quota-sets/a490412535594b5d99537416ec96c7b7?user_id=93bea8dfefd24478a922c8eac4c264f9 0.591s
2024-10-11 02:25:59.364 62486 INFO tempest.lib.common.rest_client [req-69e9a35c-2a92-4be4-98dd-725c187658d4 req-69e9a35c-2a92-4be4-98dd-725c187658d4 ] Request (ImagesNegativeTestJSON:setUpClass): 201 POST http://10.180.1.21/identity/v3/projects 0.042s
2024-10-11 02:25:59.369 62472 INFO tempest.lib.common.rest_client [req-cf660af6-6cfe-45b5-b474-19aabc8d8446 req-cf660af6-6cfe-45b5-b474-19aabc8d8446 ] Request (ImagesDeleteNegativeTestJSON:setUpClass): 201 POST http://10.180.1.21/identity/v3/projects 0.031s
2024-10-11 02:25:59.408 62476 INFO tempest.lib.common.rest_client [req-b91ef2b1-7967-4f87-b633-a6fefa977596 req-b91ef2b1-7967-4f87-b633-a6fefa977596 ] Request (ServerTagsTestJSON:setUpClass): 200 GET http://10.180.1.21/compute/v2.1/servers/2562407c-ac70-423a-98b7-3c9533d257a0 0.352s
2024-10-11 02:25:59.422 62454 INFO tempest.lib.common.rest_client [req-e729018f-826d-4f37-84d6-2c160bf00189 req-e729018f-826d-4f37-84d6-2c160bf00189 ] Request (InstanceActionsTestJSON:setUpClass): 201 POST http://10.180.1.21:9696/networking/v2.0/subnets 0.523s
2024-10-11 02:25:59.423 62486 INFO tempest.lib.common.rest_client [req-ab3a4c50-8c26-48d8-ba19-530283bb5ad9 req-ab3a4c50-8c26-48d8-ba19-530283bb5ad9 ] Request (ImagesNegativeTestJSON:setUpClass): 201 POST http://10.180.1.21/identity/v3/users 0.059s
2024-10-11 02:25:59.425 62504 INFO tempest.lib.common.rest_client [req-7a9791b3-52d8-442f-a720-6ccffbb6c7a3 req-7a9791b3-52d8-442f-a720-6ccffbb6c7a3 ] Request (ServersTestFqdnHostnames:test_create_server_with_fqdn_name): 201 POST http://10.180.1.21:9696/networking/v2.0/floatingips 1.619s
2024-10-11 02:25:59.433 62466 INFO tempest.lib.common.rest_client [req-5c6ccc9c-3362-4b40-8372-d4b85fbce92b req-5c6ccc9c-3362-4b40-8372-d4b85fbce92b ] Request (ServerDiskConfigTestJSON:test_rebuild_server_with_auto_disk_config): 200 GET http://10.180.1.21/compute/v2.1/servers/f37b8355-3c4c-4c11-a6bc-95a1a18a4cd0 0.310s
2024-10-11 02:25:59.437 62446 INFO tempest.lib.common.rest_client [req-e772bfd2-c23e-4b48-8c8d-0f1f9bb638ca req-e772bfd2-c23e-4b48-8c8d-0f1f9bb638ca ] Request (FloatingIPsAssociationNegativeTestJSON:setUpClass): 404 GET http://10.180.1.21/compute/v2.1/servers/44a7f9ed-0a9f-4c7b-950f-c487dd3b034c 0.283s
2024-10-11 02:25:59.437 62446 INFO tempest.test [-] raised in FloatingIPsAssociationNegativeTestJSON.setUpClass. Invoking tearDownClass.
2024-10-11 02:25:59.448 62472 INFO tempest.lib.common.rest_client [req-b97ee1be-88e0-42a3-bda9-342b2def47d0 req-b97ee1be-88e0-42a3-bda9-342b2def47d0 ] Request (ImagesDeleteNegativeTestJSON:setUpClass): 201 POST http://10.180.1.21/identity/v3/users 0.078s
2024-10-11 02:25:59.452 62452 INFO tempest.lib.common.rest_client [req-c8b28edc-81fa-4be0-8622-22ac691c06e7 req-c8b28edc-81fa-4be0-8622-22ac691c06e7 ] Request (FlavorsAdminTestJSON:test_is_public_string_variations): 200 GET http://10.180.1.21/compute/v2.1/flavors/detail?is_public=t 0.276s
2024-10-11 02:25:59.483 62486 INFO tempest.lib.common.rest_client [req-16678e90-c45e-4cee-975d-58bb68603458 req-16678e90-c45e-4cee-975d-58bb68603458 ] Request (ImagesNegativeTestJSON:setUpClass): 200 GET http://10.180.1.21/identity/v3/roles 0.059s
2024-10-11 02:25:59.515 62502 INFO tempest.lib.common.rest_client [req-662095c5-9242-4ebd-95ac-ab591d358e39 req-662095c5-9242-4ebd-95ac-ab591d358e39 ] Request (QuotasAdminTestV236:_run_cleanups): 204 DELETE http://10.180.1.21/identity/v3/users/93bea8dfefd24478a922c8eac4c264f9 0.159s
2024-10-11 02:25:59.525 62448 INFO tempest.lib.common.rest_client [req-6abb0e33-9080-4ef1-9a85-054291f5f7e0 req-6abb0e33-9080-4ef1-9a85-054291f5f7e0 ] Request (TestVersions:tearDownClass): 200 GET http://10.180.1.21:9696/networking/v2.0/security-groups?tenant_id=bf724c39937c4e97880c0061db0a0806&name=default 0.422s
2024-10-11 02:25:59.537 62494 INFO tempest.lib.common.rest_client [req-be87fb65-c4c3-44a5-9a7e-99718468afe2 req-be87fb65-c4c3-44a5-9a7e-99718468afe2 ] Request (ServersTestJSON:setUpClass): 200 GET http://10.180.1.21/compute/v2.1/servers/69522ff9-6363-4b95-a679-801598a3b2f1 0.300s
2024-10-11 02:25:59.543 62504 INFO tempest.lib.common.rest_client [req-55b0483e-5adb-430a-9fc4-e5b40b3abac0 req-55b0483e-5adb-430a-9fc4-e5b40b3abac0 ] Request (ServersTestFqdnHostnames:test_create_server_with_fqdn_name): 201 POST http://10.180.1.21/identity/v3/auth/tokens 0.113s
2024-10-11 02:25:59.544 62504 INFO tempest.lib.common.fixed_network [-] (ServersTestFqdnHostnames:test_create_server_with_fqdn_name) Found network {'id': '1a82dca1-0576-47be-9a93-37b52ddf6dd5', 'name': 'tempest-ServersTestFqdnHostnames-1643102867-network', 'tenant_id': '32c39ba1ab864ebea0fca572c4a9465e', 'admin_state_up': True, 'mtu': 8950, 'status': 'ACTIVE', 'subnets': [], 'shared': False, 'project_id': '32c39ba1ab864ebea0fca572c4a9465e', 'port_security_enabled': True, 'router:external': False, 'provider:network_type': 'vlan', 'provider:physical_network': 'default', 'provider:segmentation_id': 692, 'is_default': False, 'availability_zone_hints': [], 'availability_zones': [], 'ipv4_address_scope': None, 'ipv6_address_scope': None, 'description': '', 'tags': [], 'created_at': '2024-10-11T02:25:52Z', 'updated_at': '2024-10-11T02:25:52Z', 'revision_number': 1} available for tenant
2024-10-11 02:25:59.574 62472 INFO tempest.lib.common.rest_client [req-97b727fb-47d9-451d-825c-1872a474a489 req-97b727fb-47d9-451d-825c-1872a474a489 ] Request (ImagesDeleteNegativeTestJSON:setUpClass): 200 GET http://10.180.1.21/identity/v3/roles 0.126s
2024-10-11 02:25:59.614 62464 INFO tempest.lib.common.rest_client [req-de3863c7-5cbd-4ef1-9430-bc8fe8c81947 req-de3863c7-5cbd-4ef1-9430-bc8fe8c81947 ] Request (AggregatesAdminNegativeTestJSON:_run_cleanups): 200 POST http://10.180.1.21/compute/v2.1/os-aggregates/7/action 0.453s
2024-10-11 02:25:59.620 62486 INFO tempest.lib.common.rest_client [req-e41c55db-f78b-43c9-9205-33c1041ee7cb req-e41c55db-f78b-43c9-9205-33c1041ee7cb ] Request (ImagesNegativeTestJSON:setUpClass): 204 PUT http://10.180.1.21/identity/v3/projects/e6979e8ab01948b29ff012384e3d0dc8/users/cbe832973586476f9813db23832b2b57/roles/564f408adcea4b72abe242d0585736ef 0.136s
2024-10-11 02:25:59.620 62486 INFO tempest.lib.common.dynamic_creds [-] Dynamic test user cbe832973586476f9813db23832b2b57 is created with scope project and roles: ['member']
2024-10-11 02:25:59.620 62486 INFO tempest.lib.common.dynamic_creds [-] Acquired dynamic creds: credentials: Credentials: {'domain_id': 'default', 'domain_name': 'Default', 'username': 'tempest-ImagesNegativeTestJSON-1731416438-project-member', 'project_domain_id': 'default', 'project_domain_name': 'Default', 'project_id': 'e6979e8ab01948b29ff012384e3d0dc8', 'project_name': 'tempest-ImagesNegativeTestJSON-1731416438', 'tenant_id': 'e6979e8ab01948b29ff012384e3d0dc8', 'tenant_name': 'tempest-ImagesNegativeTestJSON-1731416438', 'user_domain_id': 'default', 'user_domain_name': 'Default', 'user_id': 'cbe832973586476f9813db23832b2b57', 'system': None}, Network: None, Subnet: None, Router: None
2024-10-11 02:25:59.630 62506 INFO tempest.lib.common.rest_client [req-63fce5e7-2600-443e-b5c6-d6469fdee10b req-63fce5e7-2600-443e-b5c6-d6469fdee10b ] Request (KeyPairsV2TestJSON:_run_cleanups): 202 DELETE http://10.180.1.21/compute/v2.1/os-keypairs/tempest-KeyPairsV2TestJSON-keypair-749445928 0.294s
2024-10-11 02:25:59.676 62500 INFO tempest.lib.common.rest_client [req-39118941-3fd3-44b4-904a-2edf57ffbd71 req-39118941-3fd3-44b4-904a-2edf57ffbd71 ] Request (ImagesOneServerNegativeTestJSON:tearDownClass): 204 DELETE http://10.180.1.21:9696/networking/v2.0/networks/6959e4fb-ffd8-4078-944a-747074310550 0.692s
2024-10-11 02:25:59.689 62472 INFO tempest.lib.common.rest_client [req-7480e417-5f2f-41fa-892e-6f758aa7b5d0 req-7480e417-5f2f-41fa-892e-6f758aa7b5d0 ] Request (ImagesDeleteNegativeTestJSON:setUpClass): 204 PUT http://10.180.1.21/identity/v3/projects/60fd01be9c414d7293b37f664b5c44c0/users/7649f0ddf8c64f3489164b3e2b8aa676/roles/564f408adcea4b72abe242d0585736ef 0.114s
2024-10-11 02:25:59.689 62472 INFO tempest.lib.common.dynamic_creds [-] Dynamic test user 7649f0ddf8c64f3489164b3e2b8aa676 is created with scope project and roles: ['member']
2024-10-11 02:25:59.689 62472 INFO tempest.lib.common.dynamic_creds [-] Acquired dynamic creds: credentials: Credentials: {'domain_id': 'default', 'domain_name': 'Default', 'username': 'tempest-ImagesDeleteNegativeTestJSON-1483448370-project-member', 'project_domain_id': 'default', 'project_domain_name': 'Default', 'project_id': '60fd01be9c414d7293b37f664b5c44c0', 'project_name': 'tempest-ImagesDeleteNegativeTestJSON-1483448370', 'tenant_id': '60fd01be9c414d7293b37f664b5c44c0', 'tenant_name': 'tempest-ImagesDeleteNegativeTestJSON-1483448370', 'user_domain_id': 'default', 'user_domain_name': 'Default', 'user_id': '7649f0ddf8c64f3489164b3e2b8aa676', 'system': None}, Network: None, Subnet: None, Router: None
2024-10-11 02:25:59.689 62472 INFO tempest.lib.common.dynamic_creds [-] Created isolated network resources for: credentials: Credentials: {'domain_id': 'default', 'domain_name': 'Default', 'username': 'tempest-ImagesDeleteNegativeTestJSON-1483448370-project-member', 'project_domain_id': 'default', 'project_domain_name': 'Default', 'project_id': '60fd01be9c414d7293b37f664b5c44c0', 'project_name': 'tempest-ImagesDeleteNegativeTestJSON-1483448370', 'tenant_id': '60fd01be9c414d7293b37f664b5c44c0', 'tenant_name': 'tempest-ImagesDeleteNegativeTestJSON-1483448370', 'user_domain_id': 'default', 'user_domain_name': 'Default', 'user_id': '7649f0ddf8c64f3489164b3e2b8aa676', 'system': None}, Network: None, Subnet: None, Router: None
2024-10-11 02:25:59.715 62502 INFO tempest.lib.common.rest_client [req-5cf3b71b-812f-4200-95d2-c39f8a72a1ed req-5cf3b71b-812f-4200-95d2-c39f8a72a1ed ] Request (QuotasAdminTestV236:_run_cleanups): 204 DELETE http://10.180.1.21/identity/v3/projects/a490412535594b5d99537416ec96c7b7 0.200s
2024-10-11 02:25:59.735 62462 INFO tempest.lib.common.rest_client [req-8298575a-c832-4b91-9681-171ac08cd0ba req-8298575a-c832-4b91-9681-171ac08cd0ba ] Request (ServersTestBootFromVolume:setUpClass): 200 GET http://10.180.1.21/compute/v2.1/servers/ca3cf85a-8f0e-4213-8447-3d37ff4ec328 0.389s
2024-10-11 02:25:59.749 62486 INFO tempest.lib.common.rest_client [req-d48e0cdc-edb9-45ff-8e7d-3204e5958878 req-d48e0cdc-edb9-45ff-8e7d-3204e5958878 ] Request (ImagesNegativeTestJSON:setUpClass): 201 POST http://10.180.1.21/identity/v3/auth/tokens 0.129s
2024-10-11 02:25:59.818 62497 INFO tempest.lib.common.rest_client [req-e481ecd1-038d-4662-8a1a-b20df408b760 req-e481ecd1-038d-4662-8a1a-b20df408b760 ] Request (ListServersNegativeTestJSON:setUpClass): 200 GET http://10.180.1.21/compute/v2.1/servers/1be28c2f-a562-4620-a618-b556e941c57f 0.470s
2024-10-11 02:25:59.820 62506 INFO tempest.lib.common.rest_client [req-da643d82-37d6-44f7-9240-fa1a3a45dc66 req-da643d82-37d6-44f7-9240-fa1a3a45dc66 ] Request (KeyPairsV2TestJSON:tearDownClass): 204 DELETE http://10.180.1.21/identity/v3/users/b3d2277c27f1438993b321642aa87582 0.181s
2024-10-11 02:25:59.820 62506 INFO tempest.lib.common.dynamic_creds [-] Deleting project and security group for project: 1604c151660e41e6b85390ab8e5abf66
2024-10-11 02:25:59.822 62500 INFO tempest.lib.common.rest_client [req-a0d86d02-ef3a-4426-a16c-d29f2218ceca req-a0d86d02-ef3a-4426-a16c-d29f2218ceca ] Request (ImagesOneServerNegativeTestJSON:tearDownClass): 204 DELETE http://10.180.1.21/identity/v3/users/206c9b0e6d364a41966aff4595200878 0.145s
2024-10-11 02:25:59.822 62500 INFO tempest.lib.common.dynamic_creds [-] Deleting project and security group for project: ad57988508ff4a7a9dcae30e6badccbe
2024-10-11 02:25:59.894 62472 INFO tempest.lib.common.rest_client [req-599036ad-f7f7-4ee3-88bd-e49ac554ac25 req-599036ad-f7f7-4ee3-88bd-e49ac554ac25 ] Request (ImagesDeleteNegativeTestJSON:setUpClass): 201 POST http://10.180.1.21/identity/v3/auth/tokens 0.200s
2024-10-11 02:25:59.911 62508 INFO tempest.lib.common.rest_client [req-642447d7-f421-4d06-bd0c-0c5952b12b1f req-642447d7-f421-4d06-bd0c-0c5952b12b1f ] Request (SecurityGroupsTestJSON:test_list_security_groups_by_server): 200 GET http://10.180.1.21/compute/v2.1/servers/96c9652e-84b1-42d6-9109-d684e6c56243 0.502s
2024-10-11 02:25:59.917 62502 INFO tempest.lib.common.rest_client [req-f94d7f41-ef47-4b8b-a80f-08f86c6c15c2 req-f94d7f41-ef47-4b8b-a80f-08f86c6c15c2 ] Request (QuotasAdminTestV236:tearDownClass): 204 DELETE http://10.180.1.21/identity/v3/users/6b548c1c97364319950404a33a25b7ef 0.201s
2024-10-11 02:25:59.917 62448 INFO tempest.lib.common.rest_client [req-c337bf94-185e-42e9-9726-f4bec8f68e87 req-c337bf94-185e-42e9-9726-f4bec8f68e87 ] Request (TestVersions:tearDownClass): 204 DELETE http://10.180.1.21:9696/networking/v2.0/security-groups/ab860a20-0c13-481f-9560-04e19074d7d3 0.392s
2024-10-11 02:25:59.965 62500 INFO tempest.lib.common.rest_client [req-158e66e2-57f7-4e9f-bcbc-a30d825d7530 req-158e66e2-57f7-4e9f-bcbc-a30d825d7530 ] Request (ImagesOneServerNegativeTestJSON:tearDownClass): 200 GET http://10.180.1.21:9696/networking/v2.0/security-groups?tenant_id=ad57988508ff4a7a9dcae30e6badccbe&name=default 0.142s
2024-10-11 02:25:59.966 62506 INFO tempest.lib.common.rest_client [req-19d24edf-2c70-421d-a0f6-3d82864ba1a6 req-19d24edf-2c70-421d-a0f6-3d82864ba1a6 ] Request (KeyPairsV2TestJSON:tearDownClass): 201 POST http://10.180.1.21/identity/v3/auth/tokens 0.146s
2024-10-11 02:25:59.996 62460 INFO tempest.lib.common.rest_client [req-6bdf2db3-3233-4793-9eb3-87cb9dccc83d req-6bdf2db3-3233-4793-9eb3-87cb9dccc83d ] Request (ServersAdminNegativeTestJSON:setUpClass): 200 GET http://10.180.1.21/compute/v2.1/servers/f66f7fdb-5ae1-48c4-9886-3d7d9d91b8cd 0.573s
2024-10-11 02:26:00.007 62482 INFO tempest.lib.common.rest_client [req-817db28f-0b7a-4a0f-88c9-e5410201f95e req-817db28f-0b7a-4a0f-88c9-e5410201f95e ] Request (FlavorsAccessNegativeTestJSON:tearDownClass): 200 GET http://10.180.1.21:9696/networking/v2.0/security-groups?tenant_id=87b78f9923fd494d8c5409881db74a2a&name=default 0.878s
2024-10-11 02:26:00.016 62452 INFO tempest.lib.common.rest_client [req-b6ecd9a8-6115-4a64-a8fc-6f7c921678a0 req-b6ecd9a8-6115-4a64-a8fc-6f7c921678a0 ] Request (FlavorsAdminTestJSON:test_is_public_string_variations): 200 GET http://10.180.1.21/compute/v2.1/flavors/detail?is_public=true 0.555s
2024-10-11 02:26:00.019 62468 INFO tempest.lib.common.rest_client [req-17551949-a6af-4ead-8168-ae8b43c608a2 req-17551949-a6af-4ead-8168-ae8b43c608a2 ] Request (ServersWithSpecificFlavorTestJSON:test_verify_created_server_ephemeral_disk): 200 GET http://10.180.1.21/compute/v2.1/servers/8da22054-8330-45d8-ab5d-9517233216fb 0.780s
2024-10-11 02:26:00.026 62468 INFO tempest.common.waiters [-] State transition "BUILD/block_device_mapping" ==> "BUILD/spawning" after 17 second wait
2024-10-11 02:26:00.027 62502 INFO tempest.lib.common.rest_client [req-ea69bd55-9f23-403b-9ab7-be81e557610c req-ea69bd55-9f23-403b-9ab7-be81e557610c ] Request (QuotasAdminTestV236:tearDownClass): 204 DELETE http://10.180.1.21/identity/v3/users/2444bdf068b74587b28bfa300c7b87b6 0.110s
