2024-10-11 02:27:33.560 62478 INFO tempest.lib.common.rest_client [req-d85bd8a7-722a-45c5-ae62-ae16700c48d5 req-d85bd8a7-722a-45c5-ae62-ae16700c48d5 ] Request (SecurityGroupRulesNegativeTestJSON:test_create_security_group_rule_duplicate): 200 POST http://10.180.1.21/compute/v2.1/os-security-groups 0.185s
2024-10-11 02:27:33.564 62502 INFO tempest.lib.common.rest_client [req-f336be7c-415f-4edc-acb0-35ffbea4760f req-f336be7c-415f-4edc-acb0-35ffbea4760f ] Request (ImagesTestJSON:test_create_image_from_stopped_server): 200 GET http://10.180.1.21/compute/v2.1/servers/b7502223-d1fe-46f0-b382-c9b140032053 0.072s
2024-10-11 02:27:33.612 62466 INFO tempest.lib.common.rest_client [req-e5f8ad62-2582-4d22-b22b-cf812a3135f0 req-e5f8ad62-2582-4d22-b22b-cf812a3135f0 ] Request (ServerDiskConfigTestJSON:test_rebuild_server_with_manual_disk_config): 200 GET http://10.180.1.21/compute/v2.1/servers/7f7c79c7-bf03-43cf-b8c8-667fb603c0c9 0.074s
2024-10-11 02:27:33.620 62450 INFO tempest.lib.common.rest_client [req-5d322e84-b7ab-457d-b489-2fdd667a2d3c req-5d322e84-b7ab-457d-b489-2fdd667a2d3c ] Request (AttachInterfacesTestJSON:test_create_list_show_delete_interfaces_by_fixed_ip): 200 GET http://10.180.1.21/compute/v2.1/servers/de17155c-3290-4e13-908c-4eb7136c14f5 0.062s
2024-10-11 02:27:33.671 62472 INFO tempest.lib.common.rest_client [req-7d8e2d0f-576e-4086-9328-d1de345cbabe req-7d8e2d0f-576e-4086-9328-d1de345cbabe ] Request (InstanceActionsNegativeTestJSON:setUpClass): 200 GET http://10.180.1.21/compute/v2.1/servers/ae0533c1-8cb4-40f1-8737-0e476e72211d 0.079s
2024-10-11 02:27:33.729 62444 INFO tempest.lib.common.rest_client [req-a50f5bc2-be8b-4b5a-8ac4-e66bd78ddec5 req-a50f5bc2-be8b-4b5a-8ac4-e66bd78ddec5 ] Request (ServerMetadataTestJSON:setUpClass): 200 GET http://10.180.1.21/compute/v2.1/servers/b94e5378-d03a-4cc3-b835-31e72d3b0f75 0.124s
2024-10-11 02:27:33.757 62478 INFO tempest.lib.common.rest_client [req-3bae892d-5db0-4171-905b-b39c36faa231 req-3bae892d-5db0-4171-905b-b39c36faa231 ] Request (SecurityGroupRulesNegativeTestJSON:test_create_security_group_rule_duplicate): 200 POST http://10.180.1.21/compute/v2.1/os-security-group-rules 0.194s
2024-10-11 02:27:33.801 62478 INFO tempest.lib.common.rest_client [req-93b25ef4-b458-4593-afac-7dfa7a5c811b req-93b25ef4-b458-4593-afac-7dfa7a5c811b ] Request (SecurityGroupRulesNegativeTestJSON:test_create_security_group_rule_duplicate): 400 POST http://10.180.1.21/compute/v2.1/os-security-group-rules 0.041s
2024-10-11 02:27:33.862 62454 INFO tempest.lib.common.rest_client [req-5437edb3-657c-459b-a9c5-44534558ac7a req-5437edb3-657c-459b-a9c5-44534558ac7a ] Request (InstanceActionsTestJSON:setUpClass): 200 GET http://10.180.1.21/compute/v2.1/servers/ec7335d7-89a1-469f-8fc4-1971ca24baf4 0.062s
2024-10-11 02:27:33.923 62470 INFO tempest.lib.common.rest_client [req-0990949a-54e2-44d3-b934-c7bc30b9fc57 req-0990949a-54e2-44d3-b934-c7bc30b9fc57 ] Request (ServerDiagnosticsV248Test:tearDownClass): 200 GET http://10.180.1.21/compute/v2.1/servers/ec8f3da7-8886-4890-83a0-0e361e36334d 0.107s
2024-10-11 02:27:33.943 62478 INFO tempest.lib.common.rest_client [req-c0c4a3ec-51cf-4b6e-8089-33289b9cd8d9 req-c0c4a3ec-51cf-4b6e-8089-33289b9cd8d9 ] Request (SecurityGroupRulesNegativeTestJSON:_run_cleanups): 202 DELETE http://10.180.1.21/compute/v2.1/os-security-group-rules/fcb64232-aed2-435a-8688-572b881dafcb 0.142s
2024-10-11 02:27:33.976 62474 INFO tempest.lib.common.rest_client [req-a9337a5a-b183-417a-8649-c2104473b72b req-a9337a5a-b183-417a-8649-c2104473b72b ] Request (ListImageFiltersTestJSON:setUpClass): 200 GET http://10.180.1.21/compute/v2.1/servers/ef98ecb8-e5c8-4160-a209-20caf91f34e2 0.106s
2024-10-11 02:27:33.996 62464 INFO tempest.lib.common.rest_client [req-1b833e05-a8ab-47f2-8f55-b04dbf698c8a req-1b833e05-a8ab-47f2-8f55-b04dbf698c8a ] Request (ServersTestMultiNic:test_verify_duplicate_network_nics): 200 GET http://10.180.1.21/compute/v2.1/servers/1df5e740-71de-468c-9188-e8088f5789b7 0.116s
2024-10-11 02:27:34.026 62494 INFO tempest.lib.common.rest_client [req-9eac7f2e-23ac-4202-827b-8c02b3501f51 req-9eac7f2e-23ac-4202-827b-8c02b3501f51 ] Request (ServerAddressesNegativeTestJSON:setUpClass): 200 GET http://10.180.1.21/compute/v2.1/servers/6ea09c71-2905-4705-9c11-b624c84ec022 0.100s
2024-10-11 02:27:34.045 62508 INFO tempest.lib.common.rest_client [req-c0ee4023-b369-458d-92cb-6812af0414b0 req-c0ee4023-b369-458d-92cb-6812af0414b0 ] Request (SecurityGroupsTestJSON:test_server_security_groups): 200 GET http://10.180.1.21/compute/v2.1/servers/172dd156-edcd-406c-a17d-5349b43b4eaa 0.108s
2024-10-11 02:27:34.093 62498 INFO tempest.lib.common.rest_client [req-8f177742-b7f2-4604-9aa9-54b2a881cbbf req-8f177742-b7f2-4604-9aa9-54b2a881cbbf ] Request (AttachVolumeTestJSON:test_attach_detach_volume): 200 GET http://10.180.1.21/compute/v2.1/servers/c09a74e4-173a-4a46-8fbb-465f3f284e0b 0.118s
2024-10-11 02:27:34.144 62482 INFO tempest.lib.common.rest_client [req-81bc4ef9-371a-44ef-be4f-973d01cbe590 req-81bc4ef9-371a-44ef-be4f-973d01cbe590 ] Request (ServerActionsTestOtherB:setUpClass): 200 GET http://10.180.1.21/compute/v2.1/servers/a12dff75-8c35-485b-9a6f-104de9a11b77 0.152s
2024-10-11 02:27:34.161 62478 INFO tempest.lib.common.rest_client [req-91088071-da1d-4728-abbf-dd37fecd6d8b req-91088071-da1d-4728-abbf-dd37fecd6d8b ] Request (SecurityGroupRulesNegativeTestJSON:test_create_security_group_rule_with_invalid_from_port): 200 POST http://10.180.1.21/compute/v2.1/os-security-groups 0.216s
2024-10-11 02:27:34.189 62458 INFO tempest.lib.common.rest_client [req-05007b3b-77ec-446d-bd8c-2ddfc4f38cea req-05007b3b-77ec-446d-bd8c-2ddfc4f38cea ] Request (AttachInterfacesUnderV243Test:test_add_remove_fixed_ip): 200 GET http://10.180.1.21/compute/v2.1/servers/2fc00899-84ff-4316-b08e-0339e7344144 0.170s
2024-10-11 02:27:34.211 62504 INFO tempest.lib.common.rest_client [req-7b64dca1-8471-4fe7-b081-1e9107851442 req-7b64dca1-8471-4fe7-b081-1e9107851442 ] Request (ServersTestFqdnHostnames:test_create_server_with_fqdn_name): 200 GET http://10.180.1.21/compute/v2.1/servers/8e60cc65-fc1c-4460-a32d-d7fed2c95994 0.164s
2024-10-11 02:27:34.238 62486 INFO tempest.lib.common.rest_client [req-ecd4ca0c-c583-4bd9-bd2f-509fe24a78ad req-ecd4ca0c-c583-4bd9-bd2f-509fe24a78ad ] Request (ImagesNegativeTestJSON:test_create_image_from_deleted_server): 200 GET http://10.180.1.21/compute/v2.1/servers/aa963551-93bf-4f0d-ae7e-15a59efd4dbc 0.174s
2024-10-11 02:27:34.266 62468 INFO tempest.lib.common.rest_client [req-2b94446b-bac2-4512-8636-85aeea83d74e req-2b94446b-bac2-4512-8636-85aeea83d74e ] Request (ServersAdminTestJSON:setUpClass): 200 GET http://10.180.1.21/compute/v2.1/servers/b71a967c-f9ae-4f55-b959-dd77b73df0b7 0.173s
2024-10-11 02:27:34.282 62462 INFO tempest.lib.common.rest_client [req-4e4a59be-81de-4dfa-923d-822086164ae4 req-4e4a59be-81de-4dfa-923d-822086164ae4 ] Request (AttachVolumeNegativeTest:test_attach_attached_volume_to_different_server): 200 GET http://10.180.1.21/compute/v2.1/servers/68aeacea-5ef9-4995-b79a-10a3a06accce 0.156s
2024-10-11 02:27:34.303 62478 INFO tempest.lib.common.rest_client [req-161a3b29-36a4-469e-b057-102c029ae09d req-161a3b29-36a4-469e-b057-102c029ae09d ] Request (SecurityGroupRulesNegativeTestJSON:test_create_security_group_rule_with_invalid_from_port): 400 POST http://10.180.1.21/compute/v2.1/os-security-group-rules 0.139s
2024-10-11 02:27:34.326 62460 INFO tempest.lib.common.rest_client [req-3c2d26b7-42e4-448a-944f-f4343e7289ba req-3c2d26b7-42e4-448a-944f-f4343e7289ba ] Request (ServerPasswordTestJSON:setUpClass): 200 GET http://10.180.1.21/compute/v2.1/servers/77c17cbf-f553-4278-a629-34639f8a974c 0.147s
2024-10-11 02:27:34.352 62500 INFO tempest.lib.common.rest_client [req-2ec642ee-b197-47c1-bb00-d8a7a44fb132 req-2ec642ee-b197-47c1-bb00-d8a7a44fb132 ] Request (ServerActionsV293TestJSON:setUpClass): 200 GET http://10.180.1.21/compute/v2.1/servers/c08fa591-d3b1-48d2-8fec-395ca89531fc 0.093s
2024-10-11 02:27:34.357 62478 INFO tempest.lib.common.rest_client [req-490bc184-865c-477a-bbc1-fe000a96632d req-490bc184-865c-477a-bbc1-fe000a96632d ] Request (SecurityGroupRulesNegativeTestJSON:test_create_security_group_rule_with_invalid_id): 400 POST http://10.180.1.21/compute/v2.1/os-security-group-rules 0.053s
2024-10-11 02:27:34.373 62497 INFO tempest.lib.common.rest_client [req-e313d9d1-35c8-4a8c-8c0f-56bde3147307 req-e313d9d1-35c8-4a8c-8c0f-56bde3147307 ] Request (AttachVolumeShelveTestJSON:test_attach_volume_shelved_or_offload_server): 200 GET http://10.180.1.21/compute/v2.1/servers/32415d5b-279b-408a-9876-4c5dfe192464 0.087s
2024-10-11 02:27:34.411 62452 INFO tempest.lib.common.rest_client [req-d6692cdb-ff6d-4212-91df-8f3e511a91bb req-d6692cdb-ff6d-4212-91df-8f3e511a91bb ] Request (ServersTestJSON:test_create_server_specify_multibyte_character_name): 200 GET http://10.180.1.21/compute/v2.1/servers/728016ed-2ad3-498a-8e81-d0a129d38477 0.078s
2024-10-11 02:27:34.455 62456 INFO tempest.lib.common.rest_client [req-ecbd38b4-c8ec-4364-9528-b2e979ce26e9 req-ecbd38b4-c8ec-4364-9528-b2e979ce26e9 ] Request (ServersTestManualDisk:setUpClass): 200 GET http://10.180.1.21/compute/v2.1/servers/6267d834-d461-488e-bc56-c787df997ffe 0.084s
2024-10-11 02:27:34.503 62490 INFO tempest.lib.common.rest_client [req-a1fb5add-fef0-46dc-ae3d-ae92e614c24b req-a1fb5add-fef0-46dc-ae3d-ae92e614c24b ] Request (ServerRescueTestJSONUnderV235:setUpClass): 200 GET http://10.180.1.21/compute/v2.1/servers/7063551d-58c6-4083-86a6-1e6d6244581e 0.089s
2024-10-11 02:27:34.504 62478 INFO tempest.lib.common.rest_client [req-07b02eaa-61fe-483f-9461-e0e6e1710c83 req-07b02eaa-61fe-483f-9461-e0e6e1710c83 ] Request (SecurityGroupRulesNegativeTestJSON:test_create_security_group_rule_with_invalid_ip_protocol): 200 POST http://10.180.1.21/compute/v2.1/os-security-groups 0.145s
2024-10-11 02:27:34.550 62446 INFO tempest.lib.common.rest_client [req-137c6b20-7509-4cc6-8800-5b13ada0e2fb req-137c6b20-7509-4cc6-8800-5b13ada0e2fb ] Request (ImagesOneServerTestJSON:setUpClass): 200 GET http://10.180.1.21/compute/v2.1/servers/8533079a-0728-4461-9111-63e9dace9f09 0.080s
2024-10-11 02:27:34.552 62478 INFO tempest.lib.common.rest_client [req-513f665b-6520-415f-ad9a-b5870534319e req-513f665b-6520-415f-ad9a-b5870534319e ] Request (SecurityGroupRulesNegativeTestJSON:test_create_security_group_rule_with_invalid_ip_protocol): 400 POST http://10.180.1.21/compute/v2.1/os-security-group-rules 0.045s
2024-10-11 02:27:34.603 62488 INFO tempest.lib.common.rest_client [req-4224251e-6c38-4c8d-8771-d2238f18d883 req-4224251e-6c38-4c8d-8771-d2238f18d883 ] Request (ServersAaction247Test:test_create_backup): 200 GET http://10.180.1.21/compute/v2.1/servers/c0d00a8d-7328-44ca-af02-649a06f2100b 0.077s
2024-10-11 02:27:34.649 62502 INFO tempest.lib.common.rest_client [req-44219cca-61ac-4b38-9b0d-7aef2de6447b req-44219cca-61ac-4b38-9b0d-7aef2de6447b ] Request (ImagesTestJSON:test_create_image_from_stopped_server): 200 GET http://10.180.1.21/compute/v2.1/servers/b7502223-d1fe-46f0-b382-c9b140032053 0.076s
2024-10-11 02:27:34.662 62478 INFO tempest.lib.common.rest_client [req-c27c75ed-635b-4625-aad0-0fe12f2f3fe1 req-c27c75ed-635b-4625-aad0-0fe12f2f3fe1 ] Request (SecurityGroupRulesNegativeTestJSON:test_create_security_group_rule_with_invalid_port_range): 200 POST http://10.180.1.21/compute/v2.1/os-security-groups 0.109s
2024-10-11 02:27:34.696 62466 INFO tempest.lib.common.rest_client [req-09b38c9c-b23c-4d73-9286-f3579f0c3cf7 req-09b38c9c-b23c-4d73-9286-f3579f0c3cf7 ] Request (ServerDiskConfigTestJSON:test_rebuild_server_with_manual_disk_config): 200 GET http://10.180.1.21/compute/v2.1/servers/7f7c79c7-bf03-43cf-b8c8-667fb603c0c9 0.076s
2024-10-11 02:27:34.707 62450 INFO tempest.lib.common.rest_client [req-a8e53b1b-903d-4158-a1c8-ecd063da475c req-a8e53b1b-903d-4158-a1c8-ecd063da475c ] Request (AttachInterfacesTestJSON:test_create_list_show_delete_interfaces_by_fixed_ip): 200 GET http://10.180.1.21/compute/v2.1/servers/de17155c-3290-4e13-908c-4eb7136c14f5 0.080s
2024-10-11 02:27:34.728 62478 INFO tempest.lib.common.rest_client [req-41012a40-c462-41ac-bd58-205551a917b0 req-41012a40-c462-41ac-bd58-205551a917b0 ] Request (SecurityGroupRulesNegativeTestJSON:test_create_security_group_rule_with_invalid_port_range): 400 POST http://10.180.1.21/compute/v2.1/os-security-group-rules 0.064s
2024-10-11 02:27:34.768 62472 INFO tempest.lib.common.rest_client [req-3d213828-99cf-48f2-bd7d-6efbfd56451f req-3d213828-99cf-48f2-bd7d-6efbfd56451f ] Request (InstanceActionsNegativeTestJSON:setUpClass): 200 GET http://10.180.1.21/compute/v2.1/servers/ae0533c1-8cb4-40f1-8737-0e476e72211d 0.087s
2024-10-11 02:27:34.823 62444 INFO tempest.lib.common.rest_client [req-85886e79-459e-46bc-bdbf-7a475464f6db req-85886e79-459e-46bc-bdbf-7a475464f6db ] Request (ServerMetadataTestJSON:setUpClass): 200 GET http://10.180.1.21/compute/v2.1/servers/b94e5378-d03a-4cc3-b835-31e72d3b0f75 0.086s
2024-10-11 02:27:34.849 62478 INFO tempest.lib.common.rest_client [req-25e94d8b-f390-4a50-a91c-a084bb148ef8 req-25e94d8b-f390-4a50-a91c-a084bb148ef8 ] Request (SecurityGroupRulesNegativeTestJSON:test_create_security_group_rule_with_invalid_to_port): 200 POST http://10.180.1.21/compute/v2.1/os-security-groups 0.119s
2024-10-11 02:27:34.889 62478 INFO tempest.lib.common.rest_client [req-af74e1f5-0268-45a0-8fd7-c81ee1c0f5f2 req-af74e1f5-0268-45a0-8fd7-c81ee1c0f5f2 ] Request (SecurityGroupRulesNegativeTestJSON:test_create_security_group_rule_with_invalid_to_port): 400 POST http://10.180.1.21/compute/v2.1/os-security-group-rules 0.037s
2024-10-11 02:27:34.917 62478 INFO tempest.lib.common.rest_client [req-95bcbd6b-d432-4bd8-b557-ff70dd5ee139 req-95bcbd6b-d432-4bd8-b557-ff70dd5ee139 ] Request (SecurityGroupRulesNegativeTestJSON:test_create_security_group_rule_with_non_existent_id): 404 POST http://10.180.1.21/compute/v2.1/os-security-group-rules 0.026s
2024-10-11 02:27:34.918 62454 INFO tempest.lib.common.rest_client [req-ffe3e6fa-b458-4db7-8de4-eb64535816d3 req-ffe3e6fa-b458-4db7-8de4-eb64535816d3 ] Request (InstanceActionsTestJSON:setUpClass): 200 GET http://10.180.1.21/compute/v2.1/servers/ec7335d7-89a1-469f-8fc4-1971ca24baf4 0.050s
2024-10-11 02:27:34.933 62478 INFO tempest.lib.common.rest_client [req-4db5bfcc-1bb6-477d-b906-a489bc3f1621 req-4db5bfcc-1bb6-477d-b906-a489bc3f1621 ] Request (SecurityGroupRulesNegativeTestJSON:test_delete_security_group_rule_with_non_existent_id): 404 DELETE http://10.180.1.21/compute/v2.1/os-security-group-rules/fe2a9249-f8b6-4509-aef4-676879115fec 0.015s
2024-10-11 02:27:34.997 62470 INFO tempest.lib.common.rest_client [req-146ccfb3-f078-419e-a4c1-bd8d9b554f22 req-146ccfb3-f078-419e-a4c1-bd8d9b554f22 ] Request (ServerDiagnosticsV248Test:tearDownClass): 200 GET http://10.180.1.21/compute/v2.1/servers/ec8f3da7-8886-4890-83a0-0e361e36334d 0.064s
2024-10-11 02:27:35.047 62474 INFO tempest.lib.common.rest_client [req-0537c0eb-70d1-4536-adb9-a8eb8f9185ad req-0537c0eb-70d1-4536-adb9-a8eb8f9185ad ] Request (ListImageFiltersTestJSON:setUpClass): 200 GET http://10.180.1.21/compute/v2.1/servers/ef98ecb8-e5c8-4160-a209-20caf91f34e2 0.064s
2024-10-11 02:27:35.063 62478 INFO tempest.lib.common.rest_client [req-74ec1454-2a5c-4da1-8bf3-b8d46a980ae8 req-74ec1454-2a5c-4da1-8bf3-b8d46a980ae8 ] Request (SecurityGroupRulesNegativeTestJSON:tearDownClass): 202 DELETE http://10.180.1.21/compute/v2.1/os-security-groups/f8a51dbd-fb40-4af8-98b7-e3ab36f1c64a 0.129s
2024-10-11 02:27:35.090 62464 INFO tempest.lib.common.rest_client [req-beff469d-77d5-4a0d-87af-631b86dabc69 req-beff469d-77d5-4a0d-87af-631b86dabc69 ] Request (ServersTestMultiNic:test_verify_duplicate_network_nics): 200 GET http://10.180.1.21/compute/v2.1/servers/1df5e740-71de-468c-9188-e8088f5789b7 0.087s
2024-10-11 02:27:35.107 62494 INFO tempest.lib.common.rest_client [req-3aa06a59-cd5d-420c-a894-cb69087f2c03 req-3aa06a59-cd5d-420c-a894-cb69087f2c03 ] Request (ServerAddressesNegativeTestJSON:setUpClass): 200 GET http://10.180.1.21/compute/v2.1/servers/6ea09c71-2905-4705-9c11-b624c84ec022 0.074s
2024-10-11 02:27:35.136 62508 INFO tempest.lib.common.rest_client [req-0dc91f67-3491-435a-8d1d-ac4b05d51482 req-0dc91f67-3491-435a-8d1d-ac4b05d51482 ] Request (SecurityGroupsTestJSON:test_server_security_groups): 200 GET http://10.180.1.21/compute/v2.1/servers/172dd156-edcd-406c-a17d-5349b43b4eaa 0.082s
2024-10-11 02:27:35.184 62498 INFO tempest.lib.common.rest_client [req-52b57f1b-481c-4383-b286-fd49b0e9509a req-52b57f1b-481c-4383-b286-fd49b0e9509a ] Request (AttachVolumeTestJSON:test_attach_detach_volume): 200 GET http://10.180.1.21/compute/v2.1/servers/c09a74e4-173a-4a46-8fbb-465f3f284e0b 0.084s
2024-10-11 02:27:35.230 62482 INFO tempest.lib.common.rest_client [req-7bef2c52-55a4-41b9-b489-fefff4d8250f req-7bef2c52-55a4-41b9-b489-fefff4d8250f ] Request (ServerActionsTestOtherB:setUpClass): 200 GET http://10.180.1.21/compute/v2.1/servers/a12dff75-8c35-485b-9a6f-104de9a11b77 0.080s
2024-10-11 02:27:35.237 62478 INFO tempest.lib.common.rest_client [req-dea4aaf9-9b35-4fc4-8cea-4f97c56dcfdf req-dea4aaf9-9b35-4fc4-8cea-4f97c56dcfdf ] Request (SecurityGroupRulesNegativeTestJSON:tearDownClass): 202 DELETE http://10.180.1.21/compute/v2.1/os-security-groups/78cc06f4-9964-4aea-a64c-3b3f9f321d91 0.173s
2024-10-11 02:27:35.285 62458 INFO tempest.lib.common.rest_client [req-574d420e-53fe-4db6-bbda-147b3205ead4 req-574d420e-53fe-4db6-bbda-147b3205ead4 ] Request (AttachInterfacesUnderV243Test:test_add_remove_fixed_ip): 200 GET http://10.180.1.21/compute/v2.1/servers/2fc00899-84ff-4316-b08e-0339e7344144 0.088s
2024-10-11 02:27:35.290 62504 INFO tempest.lib.common.rest_client [req-183d0341-452c-48e9-8c69-13bfc52d4eba req-183d0341-452c-48e9-8c69-13bfc52d4eba ] Request (ServersTestFqdnHostnames:test_create_server_with_fqdn_name): 200 GET http://10.180.1.21/compute/v2.1/servers/8e60cc65-fc1c-4460-a32d-d7fed2c95994 0.071s
2024-10-11 02:27:35.334 62486 INFO tempest.lib.common.rest_client [req-d731ec30-ec52-4f4f-ad18-0e802e4b97aa req-d731ec30-ec52-4f4f-ad18-0e802e4b97aa ] Request (ImagesNegativeTestJSON:test_create_image_from_deleted_server): 200 GET http://10.180.1.21/compute/v2.1/servers/aa963551-93bf-4f0d-ae7e-15a59efd4dbc 0.089s
2024-10-11 02:27:35.386 62468 INFO tempest.lib.common.rest_client [req-5561e852-318f-400d-8630-f35a04a2e0de req-5561e852-318f-400d-8630-f35a04a2e0de ] Request (ServersAdminTestJSON:setUpClass): 200 GET http://10.180.1.21/compute/v2.1/servers/b71a967c-f9ae-4f55-b959-dd77b73df0b7 0.112s
2024-10-11 02:27:35.405 62478 INFO tempest.lib.common.rest_client [req-1a3bc2da-eb38-4808-bfe7-6dedc2cef831 req-1a3bc2da-eb38-4808-bfe7-6dedc2cef831 ] Request (SecurityGroupRulesNegativeTestJSON:tearDownClass): 202 DELETE http://10.180.1.21/compute/v2.1/os-security-groups/f5a771ea-60a6-465a-82a4-1354e93640a6 0.168s
2024-10-11 02:27:35.429 62462 INFO tempest.lib.common.rest_client [req-5d8c908a-65af-4760-ac3a-6d8c65519b53 req-5d8c908a-65af-4760-ac3a-6d8c65519b53 ] Request (AttachVolumeNegativeTest:test_attach_attached_volume_to_different_server): 200 GET http://10.180.1.21/compute/v2.1/servers/68aeacea-5ef9-4995-b79a-10a3a06accce 0.140s
2024-10-11 02:27:35.449 62460 INFO tempest.lib.common.rest_client [req-6510ef3e-0ad7-4c49-8337-744cdd66b3e0 req-6510ef3e-0ad7-4c49-8337-744cdd66b3e0 ] Request (ServerPasswordTestJSON:setUpClass): 200 GET http://10.180.1.21/compute/v2.1/servers/77c17cbf-f553-4278-a629-34639f8a974c 0.114s
2024-10-11 02:27:35.476 62500 INFO tempest.lib.common.rest_client [req-8109c82f-2b77-4136-8451-eca2e00ac17e req-8109c82f-2b77-4136-8451-eca2e00ac17e ] Request (ServerActionsV293TestJSON:setUpClass): 200 GET http://10.180.1.21/compute/v2.1/servers/c08fa591-d3b1-48d2-8fec-395ca89531fc 0.112s
2024-10-11 02:27:35.494 62497 INFO tempest.lib.common.rest_client [req-250d2ac1-cb1b-4d7e-b68c-2fed4f3542c3 req-250d2ac1-cb1b-4d7e-b68c-2fed4f3542c3 ] Request (AttachVolumeShelveTestJSON:test_attach_volume_shelved_or_offload_server): 200 GET http://10.180.1.21/compute/v2.1/servers/32415d5b-279b-408a-9876-4c5dfe192464 0.108s
2024-10-11 02:27:35.547 62452 INFO tempest.lib.common.rest_client [req-fe7258e8-81e8-4c1f-8edc-5c19819fc387 req-fe7258e8-81e8-4c1f-8edc-5c19819fc387 ] Request (ServersTestJSON:test_create_server_specify_multibyte_character_name): 200 GET http://10.180.1.21/compute/v2.1/servers/728016ed-2ad3-498a-8e81-d0a129d38477 0.128s
2024-10-11 02:27:35.598 62456 INFO tempest.lib.common.rest_client [req-351b0d93-fc27-4635-9bdd-c78c1d8bd1a1 req-351b0d93-fc27-4635-9bdd-c78c1d8bd1a1 ] Request (ServersTestManualDisk:setUpClass): 200 GET http://10.180.1.21/compute/v2.1/servers/6267d834-d461-488e-bc56-c787df997ffe 0.136s
2024-10-11 02:27:35.603 62478 INFO tempest.lib.common.rest_client [req-fea6b033-1812-42b6-adec-153af711c510 req-fea6b033-1812-42b6-adec-153af711c510 ] Request (SecurityGroupRulesNegativeTestJSON:tearDownClass): 202 DELETE http://10.180.1.21/compute/v2.1/os-security-groups/8ffb3940-7f04-4ef6-b42b-3525b2bcf304 0.198s
2024-10-11 02:27:35.644 62490 INFO tempest.lib.common.rest_client [req-150896f9-97bd-49fe-858d-e0fbd956d89e req-150896f9-97bd-49fe-858d-e0fbd956d89e ] Request (ServerRescueTestJSONUnderV235:setUpClass): 200 GET http://10.180.1.21/compute/v2.1/servers/7063551d-58c6-4083-86a6-1e6d6244581e 0.134s
2024-10-11 02:27:35.650 62446 INFO tempest.lib.common.rest_client [req-886d49b7-4407-4166-b1f3-859d79ad92d2 req-886d49b7-4407-4166-b1f3-859d79ad92d2 ] Request (ImagesOneServerTestJSON:setUpClass): 200 GET http://10.180.1.21/compute/v2.1/servers/8533079a-0728-4461-9111-63e9dace9f09 0.092s
2024-10-11 02:27:35.698 62488 INFO tempest.lib.common.rest_client [req-1d8a62d6-482a-45fa-a8b1-f9cb345be972 req-1d8a62d6-482a-45fa-a8b1-f9cb345be972 ] Request (ServersAaction247Test:test_create_backup): 200 GET http://10.180.1.21/compute/v2.1/servers/c0d00a8d-7328-44ca-af02-649a06f2100b 0.087s
2024-10-11 02:27:35.746 62502 INFO tempest.lib.common.rest_client [req-2d6fec55-a01a-43a3-a17a-b16a4ee00e9c req-2d6fec55-a01a-43a3-a17a-b16a4ee00e9c ] Request (ImagesTestJSON:test_create_image_from_stopped_server): 200 GET http://10.180.1.21/compute/v2.1/servers/b7502223-d1fe-46f0-b382-c9b140032053 0.084s
2024-10-11 02:27:35.764 62478 INFO tempest.lib.common.rest_client [req-fbe5edbe-a021-484e-a6be-2265082d0ed6 req-fbe5edbe-a021-484e-a6be-2265082d0ed6 ] Request (SecurityGroupRulesNegativeTestJSON:tearDownClass): 202 DELETE http://10.180.1.21/compute/v2.1/os-security-groups/58852d9d-ebec-4764-806c-cf89c41d69e8 0.160s
2024-10-11 02:27:35.791 62466 INFO tempest.lib.common.rest_client [req-b138e43a-d2f7-46f5-bf8c-49777dd03761 req-b138e43a-d2f7-46f5-bf8c-49777dd03761 ] Request (ServerDiskConfigTestJSON:test_rebuild_server_with_manual_disk_config): 200 GET http://10.180.1.21/compute/v2.1/servers/7f7c79c7-bf03-43cf-b8c8-667fb603c0c9 0.087s
2024-10-11 02:27:35.807 62450 INFO tempest.lib.common.rest_client [req-d16a54cf-0593-4811-b322-525f41320e3d req-d16a54cf-0593-4811-b322-525f41320e3d ] Request (AttachInterfacesTestJSON:test_create_list_show_delete_interfaces_by_fixed_ip): 200 GET http://10.180.1.21/compute/v2.1/servers/de17155c-3290-4e13-908c-4eb7136c14f5 0.087s
2024-10-11 02:27:35.835 62472 INFO tempest.lib.common.rest_client [req-8a59355f-8752-4475-98a2-8387f25730c5 req-8a59355f-8752-4475-98a2-8387f25730c5 ] Request (InstanceActionsNegativeTestJSON:setUpClass): 200 GET http://10.180.1.21/compute/v2.1/servers/ae0533c1-8cb4-40f1-8737-0e476e72211d 0.059s
2024-10-11 02:27:35.878 62444 INFO tempest.lib.common.rest_client [req-a294992e-91e8-4e52-b0f1-bdd19b470b92 req-a294992e-91e8-4e52-b0f1-bdd19b470b92 ] Request (ServerMetadataTestJSON:setUpClass): 200 GET http://10.180.1.21/compute/v2.1/servers/b94e5378-d03a-4cc3-b835-31e72d3b0f75 0.047s
2024-10-11 02:27:35.974 62454 INFO tempest.lib.common.rest_client [req-ef8e0bc3-2eaf-48ca-aff9-1134f45552a3 req-ef8e0bc3-2eaf-48ca-aff9-1134f45552a3 ] Request (InstanceActionsTestJSON:setUpClass): 200 GET http://10.180.1.21/compute/v2.1/servers/ec7335d7-89a1-469f-8fc4-1971ca24baf4 0.048s
2024-10-11 02:27:36.070 62470 INFO tempest.lib.common.rest_client [req-c4e98816-a63e-4bc5-8e23-d72c12f6fc9b req-c4e98816-a63e-4bc5-8e23-d72c12f6fc9b ] Request (ServerDiagnosticsV248Test:tearDownClass): 200 GET http://10.180.1.21/compute/v2.1/servers/ec8f3da7-8886-4890-83a0-0e361e36334d 0.062s
2024-10-11 02:27:36.104 62474 INFO tempest.lib.common.rest_client [req-eeee3a2f-5c43-44cf-80ed-f614ce9ec6f0 req-eeee3a2f-5c43-44cf-80ed-f614ce9ec6f0 ] Request (ListImageFiltersTestJSON:setUpClass): 200 GET http://10.180.1.21/compute/v2.1/servers/ef98ecb8-e5c8-4160-a209-20caf91f34e2 0.050s
2024-10-11 02:27:36.155 62464 INFO tempest.lib.common.rest_client [req-c017abbf-5b47-42b1-9e81-2ee9820de185 req-c017abbf-5b47-42b1-9e81-2ee9820de185 ] Request (ServersTestMultiNic:test_verify_duplicate_network_nics): 200 GET http://10.180.1.21/compute/v2.1/servers/1df5e740-71de-468c-9188-e8088f5789b7 0.057s
2024-10-11 02:27:36.161 62494 INFO tempest.lib.common.rest_client [req-9780b986-68f3-4e6d-88e5-95531d18c0c4 req-9780b986-68f3-4e6d-88e5-95531d18c0c4 ] Request (ServerAddressesNegativeTestJSON:setUpClass): 200 GET http://10.180.1.21/compute/v2.1/servers/6ea09c71-2905-4705-9c11-b624c84ec022 0.047s
2024-10-11 02:27:36.211 62508 INFO tempest.lib.common.rest_client [req-12a979fe-17ec-45a1-a15c-e8f36629ae2b req-12a979fe-17ec-45a1-a15c-e8f36629ae2b ] Request (SecurityGroupsTestJSON:test_server_security_groups): 200 GET http://10.180.1.21/compute/v2.1/servers/172dd156-edcd-406c-a17d-5349b43b4eaa 0.066s
2024-10-11 02:27:36.242 62498 INFO tempest.lib.common.rest_client [req-a2fc89ad-104e-4f61-bf61-03c2eadcd0ec req-a2fc89ad-104e-4f61-bf61-03c2eadcd0ec ] Request (AttachVolumeTestJSON:test_attach_detach_volume): 200 GET http://10.180.1.21/compute/v2.1/servers/c09a74e4-173a-4a46-8fbb-465f3f284e0b 0.051s
2024-10-11 02:27:36.300 62482 INFO tempest.lib.common.rest_client [req-9aefb2e7-7d68-4bb4-a355-f6032bdfc587 req-9aefb2e7-7d68-4bb4-a355-f6032bdfc587 ] Request (ServerActionsTestOtherB:setUpClass): 200 GET http://10.180.1.21/compute/v2.1/servers/a12dff75-8c35-485b-9a6f-104de9a11b77 0.053s
2024-10-11 02:27:36.347 62504 INFO tempest.lib.common.rest_client [req-d05b7232-a6f6-4c2c-8038-be4a5a0d17e6 req-d05b7232-a6f6-4c2c-8038-be4a5a0d17e6 ] Request (ServersTestFqdnHostnames:test_create_server_with_fqdn_name): 200 GET http://10.180.1.21/compute/v2.1/servers/8e60cc65-fc1c-4460-a32d-d7fed2c95994 0.051s
2024-10-11 02:27:36.353 62458 INFO tempest.lib.common.rest_client [req-d998593b-6dcd-49f3-8129-17cf86343507 req-d998593b-6dcd-49f3-8129-17cf86343507 ] Request (AttachInterfacesUnderV243Test:test_add_remove_fixed_ip): 200 GET http://10.180.1.21/compute/v2.1/servers/2fc00899-84ff-4316-b08e-0339e7344144 0.061s
2024-10-11 02:27:36.395 62486 INFO tempest.lib.common.rest_client [req-55baa8c5-3371-4309-a26e-ab45541b5989 req-55baa8c5-3371-4309-a26e-ab45541b5989 ] Request (ImagesNegativeTestJSON:test_create_image_from_deleted_server): 200 GET http://10.180.1.21/compute/v2.1/servers/aa963551-93bf-4f0d-ae7e-15a59efd4dbc 0.053s
2024-10-11 02:27:36.438 62468 INFO tempest.lib.common.rest_client [req-808a1c9c-cc42-48bc-9e81-cfac7a4d2766 req-808a1c9c-cc42-48bc-9e81-cfac7a4d2766 ] Request (ServersAdminTestJSON:setUpClass): 200 GET http://10.180.1.21/compute/v2.1/servers/b71a967c-f9ae-4f55-b959-dd77b73df0b7 0.044s
2024-10-11 02:27:36.481 62462 INFO tempest.lib.common.rest_client [req-06be8e3d-4fbd-49bb-82f3-bf826383475d req-06be8e3d-4fbd-49bb-82f3-bf826383475d ] Request (AttachVolumeNegativeTest:test_attach_attached_volume_to_different_server): 200 GET http://10.180.1.21/compute/v2.1/servers/68aeacea-5ef9-4995-b79a-10a3a06accce 0.045s
2024-10-11 02:27:36.499 62460 INFO tempest.lib.common.rest_client [req-c46e03b8-e6ee-4f74-a91b-f8ffa5826e6b req-c46e03b8-e6ee-4f74-a91b-f8ffa5826e6b ] Request (ServerPasswordTestJSON:setUpClass): 200 GET http://10.180.1.21/compute/v2.1/servers/77c17cbf-f553-4278-a629-34639f8a974c 0.043s
2024-10-11 02:27:36.532 62478 INFO tempest.lib.common.rest_client [req-3dd6316e-8c25-4410-83cb-d8fcd6714fad req-3dd6316e-8c25-4410-83cb-d8fcd6714fad ] Request (SecurityGroupRulesNegativeTestJSON:tearDownClass): 200 PUT http://10.180.1.21:9696/networking/v2.0/routers/e67149e6-52a2-4cbc-bb93-092b1d361b18/remove_router_interface 0.768s
2024-10-11 02:27:36.538 62500 INFO tempest.lib.common.rest_client [req-cbf5b8e5-d29a-4857-bde0-6170a95c3f95 req-cbf5b8e5-d29a-4857-bde0-6170a95c3f95 ] Request (ServerActionsV293TestJSON:setUpClass): 200 GET http://10.180.1.21/compute/v2.1/servers/c08fa591-d3b1-48d2-8fec-395ca89531fc 0.053s
2024-10-11 02:27:36.553 62497 INFO tempest.lib.common.rest_client [req-cbdd299e-fbe3-4bfc-8922-d589c446c023 req-cbdd299e-fbe3-4bfc-8922-d589c446c023 ] Request (AttachVolumeShelveTestJSON:test_attach_volume_shelved_or_offload_server): 200 GET http://10.180.1.21/compute/v2.1/servers/32415d5b-279b-408a-9876-4c5dfe192464 0.048s
2024-10-11 02:27:36.603 62452 INFO tempest.lib.common.rest_client [req-d9449e19-00eb-49ed-a5ab-0aa327d1a725 req-d9449e19-00eb-49ed-a5ab-0aa327d1a725 ] Request (ServersTestJSON:test_create_server_specify_multibyte_character_name): 200 GET http://10.180.1.21/compute/v2.1/servers/728016ed-2ad3-498a-8e81-d0a129d38477 0.050s
2024-10-11 02:27:36.656 62456 INFO tempest.lib.common.rest_client [req-e15bf1bf-5610-4a4f-b40f-ade794e04b1f req-e15bf1bf-5610-4a4f-b40f-ade794e04b1f ] Request (ServersTestManualDisk:setUpClass): 200 GET http://10.180.1.21/compute/v2.1/servers/6267d834-d461-488e-bc56-c787df997ffe 0.049s
2024-10-11 02:27:36.706 62490 INFO tempest.lib.common.rest_client [req-65d95ef6-57af-4f56-8695-263451feba73 req-65d95ef6-57af-4f56-8695-263451feba73 ] Request (ServerRescueTestJSONUnderV235:setUpClass): 200 GET http://10.180.1.21/compute/v2.1/servers/7063551d-58c6-4083-86a6-1e6d6244581e 0.054s
2024-10-11 02:27:36.713 62446 INFO tempest.lib.common.rest_client [req-d7b3150e-1155-4f8b-ae49-ffb460a64126 req-d7b3150e-1155-4f8b-ae49-ffb460a64126 ] Request (ImagesOneServerTestJSON:setUpClass): 200 GET http://10.180.1.21/compute/v2.1/servers/8533079a-0728-4461-9111-63e9dace9f09 0.057s
2024-10-11 02:27:36.762 62488 INFO tempest.lib.common.rest_client [req-637b7361-6086-4c86-ac17-4140fa36b57c req-637b7361-6086-4c86-ac17-4140fa36b57c ] Request (ServersAaction247Test:test_create_backup): 200 GET http://10.180.1.21/compute/v2.1/servers/c0d00a8d-7328-44ca-af02-649a06f2100b 0.052s
2024-10-11 02:27:36.802 62502 INFO tempest.lib.common.rest_client [req-316a7590-9419-4b4a-9a83-69061eed7bb8 req-316a7590-9419-4b4a-9a83-69061eed7bb8 ] Request (ImagesTestJSON:test_create_image_from_stopped_server): 200 GET http://10.180.1.21/compute/v2.1/servers/b7502223-d1fe-46f0-b382-c9b140032053 0.049s
2024-10-11 02:27:36.848 62466 INFO tempest.lib.common.rest_client [req-97a69675-1c5d-4bf8-969b-8763b6fc1c3f req-97a69675-1c5d-4bf8-969b-8763b6fc1c3f ] Request (ServerDiskConfigTestJSON:test_rebuild_server_with_manual_disk_config): 200 GET http://10.180.1.21/compute/v2.1/servers/7f7c79c7-bf03-43cf-b8c8-667fb603c0c9 0.050s
2024-10-11 02:27:36.861 62450 INFO tempest.lib.common.rest_client [req-e83c1281-9d93-4d3e-b48e-73f4e261595e req-e83c1281-9d93-4d3e-b48e-73f4e261595e ] Request (AttachInterfacesTestJSON:test_create_list_show_delete_interfaces_by_fixed_ip): 200 GET http://10.180.1.21/compute/v2.1/servers/de17155c-3290-4e13-908c-4eb7136c14f5 0.047s
2024-10-11 02:27:36.899 62472 INFO tempest.lib.common.rest_client [req-26001c3e-d2a1-46cb-b7dc-1463b1f24267 req-26001c3e-d2a1-46cb-b7dc-1463b1f24267 ] Request (InstanceActionsNegativeTestJSON:setUpClass): 200 GET http://10.180.1.21/compute/v2.1/servers/ae0533c1-8cb4-40f1-8737-0e476e72211d 0.058s
2024-10-11 02:27:36.940 62444 INFO tempest.lib.common.rest_client [req-134182fa-f557-42a9-a01b-7a9836466ef2 req-134182fa-f557-42a9-a01b-7a9836466ef2 ] Request (ServerMetadataTestJSON:setUpClass): 200 GET http://10.180.1.21/compute/v2.1/servers/b94e5378-d03a-4cc3-b835-31e72d3b0f75 0.054s
2024-10-11 02:27:36.950 62478 INFO tempest.lib.common.rest_client [req-c0509671-8319-4a52-ba7b-e14c9c0a4c86 req-c0509671-8319-4a52-ba7b-e14c9c0a4c86 ] Request (SecurityGroupRulesNegativeTestJSON:tearDownClass): 204 DELETE http://10.180.1.21:9696/networking/v2.0/routers/e67149e6-52a2-4cbc-bb93-092b1d361b18 0.417s
2024-10-11 02:27:37.034 62454 INFO tempest.lib.common.rest_client [req-40c0c9da-46a9-42d5-a21c-9439c11e186e req-40c0c9da-46a9-42d5-a21c-9439c11e186e ] Request (InstanceActionsTestJSON:setUpClass): 200 GET http://10.180.1.21/compute/v2.1/servers/ec7335d7-89a1-469f-8fc4-1971ca24baf4 0.052s
2024-10-11 02:27:37.048 62478 INFO tempest.lib.common.rest_client [req-c86b5696-e275-4ed6-89f1-76fd483da087 req-c86b5696-e275-4ed6-89f1-76fd483da087 ] Request (SecurityGroupRulesNegativeTestJSON:tearDownClass): 204 DELETE http://10.180.1.21:9696/networking/v2.0/subnets/9d4b0111-a060-4775-a3e0-3aad01aae806 0.097s
2024-10-11 02:27:37.153 62470 INFO tempest.lib.common.rest_client [req-cb502d47-7518-463f-abc1-6715b3fec7ee req-cb502d47-7518-463f-abc1-6715b3fec7ee ] Request (ServerDiagnosticsV248Test:tearDownClass): 200 GET http://10.180.1.21/compute/v2.1/servers/ec8f3da7-8886-4890-83a0-0e361e36334d 0.075s
2024-10-11 02:27:37.164 62474 INFO tempest.lib.common.rest_client [req-dba18677-d477-4dd7-ad7a-3eb73ecca860 req-dba18677-d477-4dd7-ad7a-3eb73ecca860 ] Request (ListImageFiltersTestJSON:setUpClass): 200 GET http://10.180.1.21/compute/v2.1/servers/ef98ecb8-e5c8-4160-a209-20caf91f34e2 0.053s
2024-10-11 02:27:37.219 62464 INFO tempest.lib.common.rest_client [req-0f673d29-e720-446a-b4e0-6ad5340b9468 req-0f673d29-e720-446a-b4e0-6ad5340b9468 ] Request (ServersTestMultiNic:test_verify_duplicate_network_nics): 200 GET http://10.180.1.21/compute/v2.1/servers/1df5e740-71de-468c-9188-e8088f5789b7 0.057s
2024-10-11 02:27:37.238 62494 INFO tempest.lib.common.rest_client [req-aae2e13e-82dd-413e-a467-336ca5c82d29 req-aae2e13e-82dd-413e-a467-336ca5c82d29 ] Request (ServerAddressesNegativeTestJSON:setUpClass): 200 GET http://10.180.1.21/compute/v2.1/servers/6ea09c71-2905-4705-9c11-b624c84ec022 0.065s
2024-10-11 02:27:37.267 62508 INFO tempest.lib.common.rest_client [req-d7268d4e-9643-4f06-86d3-4e7f9e713ad9 req-d7268d4e-9643-4f06-86d3-4e7f9e713ad9 ] Request (SecurityGroupsTestJSON:test_server_security_groups): 200 GET http://10.180.1.21/compute/v2.1/servers/172dd156-edcd-406c-a17d-5349b43b4eaa 0.048s
2024-10-11 02:27:37.292 62478 INFO tempest.lib.common.rest_client [req-d7e39cd3-15be-4888-a137-21d169d613b4 req-d7e39cd3-15be-4888-a137-21d169d613b4 ] Request (SecurityGroupRulesNegativeTestJSON:tearDownClass): 204 DELETE http://10.180.1.21:9696/networking/v2.0/networks/25161c13-e206-4b91-9d7e-5b28f7205ff2 0.244s
2024-10-11 02:27:37.300 62498 INFO tempest.lib.common.rest_client [req-64ea7e98-4e94-40fa-bd98-a97c3d18a6e9 req-64ea7e98-4e94-40fa-bd98-a97c3d18a6e9 ] Request (AttachVolumeTestJSON:test_attach_detach_volume): 200 GET http://10.180.1.21/compute/v2.1/servers/c09a74e4-173a-4a46-8fbb-465f3f284e0b 0.052s
2024-10-11 02:27:37.358 62482 INFO tempest.lib.common.rest_client [req-fa305658-e389-45da-802a-026274e32c37 req-fa305658-e389-45da-802a-026274e32c37 ] Request (ServerActionsTestOtherB:setUpClass): 200 GET http://10.180.1.21/compute/v2.1/servers/a12dff75-8c35-485b-9a6f-104de9a11b77 0.049s
2024-10-11 02:27:37.358 62478 INFO tempest.lib.common.rest_client [req-47f21b88-230f-4d5c-b289-dad001ed6822 req-47f21b88-230f-4d5c-b289-dad001ed6822 ] Request (SecurityGroupRulesNegativeTestJSON:tearDownClass): 204 DELETE http://10.180.1.21/identity/v3/users/22540450c0a347ad81d33e5edab77936 0.066s
2024-10-11 02:27:37.358 62478 INFO tempest.lib.common.dynamic_creds [-] Deleting project and security group for project: e48cc6815004495f949ce02090df0fff
2024-10-11 02:27:37.418 62504 INFO tempest.lib.common.rest_client [req-ef8b4859-6037-489d-8f7e-28e85f797015 req-ef8b4859-6037-489d-8f7e-28e85f797015 ] Request (ServersTestFqdnHostnames:test_create_server_with_fqdn_name): 200 GET http://10.180.1.21/compute/v2.1/servers/8e60cc65-fc1c-4460-a32d-d7fed2c95994 0.059s
2024-10-11 02:27:37.419 62478 INFO tempest.lib.common.rest_client [req-bb23816d-9ab6-448b-ac6b-e9b14c8a8778 req-bb23816d-9ab6-448b-ac6b-e9b14c8a8778 ] Request (SecurityGroupRulesNegativeTestJSON:tearDownClass): 200 GET http://10.180.1.21:9696/networking/v2.0/security-groups?tenant_id=e48cc6815004495f949ce02090df0fff&name=default 0.060s
2024-10-11 02:27:37.433 62458 INFO tempest.lib.common.rest_client [req-cc6f731a-db96-4d70-b2fd-03af2ea3f477 req-cc6f731a-db96-4d70-b2fd-03af2ea3f477 ] Request (AttachInterfacesUnderV243Test:test_add_remove_fixed_ip): 200 GET http://10.180.1.21/compute/v2.1/servers/2fc00899-84ff-4316-b08e-0339e7344144 0.070s
2024-10-11 02:27:37.470 62486 INFO tempest.lib.common.rest_client [req-94a3e4b2-9c0e-478f-99fa-ef2b86c75791 req-94a3e4b2-9c0e-478f-99fa-ef2b86c75791 ] Request (ImagesNegativeTestJSON:test_create_image_from_deleted_server): 200 GET http://10.180.1.21/compute/v2.1/servers/aa963551-93bf-4f0d-ae7e-15a59efd4dbc 0.067s
2024-10-11 02:27:37.495 62468 INFO tempest.lib.common.rest_client [req-729a4525-86c7-4f04-8ce5-68c12b9b93f6 req-729a4525-86c7-4f04-8ce5-68c12b9b93f6 ] Request (ServersAdminTestJSON:setUpClass): 200 GET http://10.180.1.21/compute/v2.1/servers/b71a967c-f9ae-4f55-b959-dd77b73df0b7 0.047s
2024-10-11 02:27:37.510 62478 INFO tempest.lib.common.rest_client [req-a79f00c8-aa47-434b-a2a7-41f6c5a084a8 req-a79f00c8-aa47-434b-a2a7-41f6c5a084a8 ] Request (SecurityGroupRulesNegativeTestJSON:tearDownClass): 204 DELETE http://10.180.1.21:9696/networking/v2.0/security-groups/02f7daeb-3e66-4b1e-8662-5511e24ce50f 0.091s
2024-10-11 02:27:37.535 62462 INFO tempest.lib.common.rest_client [req-97f32f1d-9052-497a-8824-47a65c74b212 req-97f32f1d-9052-497a-8824-47a65c74b212 ] Request (AttachVolumeNegativeTest:test_attach_attached_volume_to_different_server): 200 GET http://10.180.1.21/compute/v2.1/servers/68aeacea-5ef9-4995-b79a-10a3a06accce 0.047s
2024-10-11 02:27:37.556 62460 INFO tempest.lib.common.rest_client [req-07a0271b-08cc-404a-ad9b-afd05903170b req-07a0271b-08cc-404a-ad9b-afd05903170b ] Request (ServerPasswordTestJSON:setUpClass): 200 GET http://10.180.1.21/compute/v2.1/servers/77c17cbf-f553-4278-a629-34639f8a974c 0.050s
2024-10-11 02:27:37.594 62478 INFO tempest.lib.common.rest_client [req-dc91dacd-f6c1-404f-aa31-803457f0decb req-dc91dacd-f6c1-404f-aa31-803457f0decb ] Request (SecurityGroupRulesNegativeTestJSON:tearDownClass): 204 DELETE http://10.180.1.21/identity/v3/projects/e48cc6815004495f949ce02090df0fff 0.084s
2024-10-11 02:27:37.596 62500 INFO tempest.lib.common.rest_client [req-8286ecc9-6596-4f80-98f8-d9eeed1caa1d req-8286ecc9-6596-4f80-98f8-d9eeed1caa1d ] Request (ServerActionsV293TestJSON:setUpClass): 200 GET http://10.180.1.21/compute/v2.1/servers/c08fa591-d3b1-48d2-8fec-395ca89531fc 0.049s
2024-10-11 02:27:37.607 62497 INFO tempest.lib.common.rest_client [req-e1b596df-0993-4136-8f86-87770e59a8f3 req-e1b596df-0993-4136-8f86-87770e59a8f3 ] Request (AttachVolumeShelveTestJSON:test_attach_volume_shelved_or_offload_server): 200 GET http://10.180.1.21/compute/v2.1/servers/32415d5b-279b-408a-9876-4c5dfe192464 0.045s
2024-10-11 02:27:37.644 62478 INFO tempest.lib.common.rest_client [req-9b8b3503-73a9-4680-b90e-89308b5f2801 req-9b8b3503-73a9-4680-b90e-89308b5f2801 ] Request (ServersV294TestFqdnHostnames:setUpClass): 201 POST http://10.180.1.21/identity/v3/auth/tokens 0.048s
2024-10-11 02:27:37.652 62452 INFO tempest.lib.common.rest_client [req-95985ea5-a1fd-4851-9e2f-480c3359a170 req-95985ea5-a1fd-4851-9e2f-480c3359a170 ] Request (ServersTestJSON:test_create_server_specify_multibyte_character_name): 200 GET http://10.180.1.21/compute/v2.1/servers/728016ed-2ad3-498a-8e81-d0a129d38477 0.042s
2024-10-11 02:27:37.671 62478 INFO tempest.lib.common.rest_client [req-98f68162-7a0b-4ca2-be15-1ad9e6072033 req-98f68162-7a0b-4ca2-be15-1ad9e6072033 ] Request (ServersV294TestFqdnHostnames:setUpClass): 201 POST http://10.180.1.21/identity/v3/auth/tokens 0.023s
2024-10-11 02:27:37.688 62478 INFO tempest.lib.common.rest_client [req-497e0916-6eee-421d-82e9-0b7f19b91ee7 req-497e0916-6eee-421d-82e9-0b7f19b91ee7 ] Request (ServersV294TestFqdnHostnames:setUpClass): 200 GET http://10.180.1.21/identity/v3/domains?name=Default 0.017s
2024-10-11 02:27:37.713 62456 INFO tempest.lib.common.rest_client [req-d0eb61f7-3479-4ef4-ae84-38a24b5e0be1 req-d0eb61f7-3479-4ef4-ae84-38a24b5e0be1 ] Request (ServersTestManualDisk:setUpClass): 200 GET http://10.180.1.21/compute/v2.1/servers/6267d834-d461-488e-bc56-c787df997ffe 0.046s
2024-10-11 02:27:37.717 62478 INFO tempest.lib.common.rest_client [req-c0f5b03d-eeb0-4077-ac45-e229e87072f9 req-c0f5b03d-eeb0-4077-ac45-e229e87072f9 ] Request (ServersV294TestFqdnHostnames:setUpClass): 201 POST http://10.180.1.21/identity/v3/projects 0.028s
2024-10-11 02:27:37.768 62490 INFO tempest.lib.common.rest_client [req-36299c02-4d93-4b4a-87dc-01ef783b68aa req-36299c02-4d93-4b4a-87dc-01ef783b68aa ] Request (ServerRescueTestJSONUnderV235:setUpClass): 200 GET http://10.180.1.21/compute/v2.1/servers/7063551d-58c6-4083-86a6-1e6d6244581e 0.055s
2024-10-11 02:27:37.773 62446 INFO tempest.lib.common.rest_client [req-f689841a-94ca-4836-865c-50bc717370fb req-f689841a-94ca-4836-865c-50bc717370fb ] Request (ImagesOneServerTestJSON:setUpClass): 200 GET http://10.180.1.21/compute/v2.1/servers/8533079a-0728-4461-9111-63e9dace9f09 0.052s
2024-10-11 02:27:37.779 62478 INFO tempest.lib.common.rest_client [req-cc9db38b-0a8b-498c-939c-d39ead769771 req-cc9db38b-0a8b-498c-939c-d39ead769771 ] Request (ServersV294TestFqdnHostnames:setUpClass): 201 POST http://10.180.1.21/identity/v3/users 0.062s
2024-10-11 02:27:37.794 62478 INFO tempest.lib.common.rest_client [req-b489cbec-8825-4c99-9dab-d0f1b7121002 req-b489cbec-8825-4c99-9dab-d0f1b7121002 ] Request (ServersV294TestFqdnHostnames:setUpClass): 200 GET http://10.180.1.21/identity/v3/roles 0.015s
2024-10-11 02:27:37.818 62478 INFO tempest.lib.common.rest_client [req-01c83a2b-1f49-4b48-83f9-d8d4e27840ea req-01c83a2b-1f49-4b48-83f9-d8d4e27840ea ] Request (ServersV294TestFqdnHostnames:setUpClass): 204 PUT http://10.180.1.21/identity/v3/projects/68e4dcfb537a4d98bba51384155c2676/users/a2ff3f78e1ab4f919ed2beb1f7626cac/roles/564f408adcea4b72abe242d0585736ef 0.023s
2024-10-11 02:27:37.819 62478 INFO tempest.lib.common.dynamic_creds [-] Dynamic test user a2ff3f78e1ab4f919ed2beb1f7626cac is created with scope project and roles: ['member']
2024-10-11 02:27:37.819 62478 INFO tempest.lib.common.dynamic_creds [-] Acquired dynamic creds: credentials: Credentials: {'domain_id': 'default', 'domain_name': 'Default', 'username': 'tempest-ServersV294TestFqdnHostnames-1339709050-project-member', 'project_domain_id': 'default', 'project_domain_name': 'Default', 'project_id': '68e4dcfb537a4d98bba51384155c2676', 'project_name': 'tempest-ServersV294TestFqdnHostnames-1339709050', 'tenant_id': '68e4dcfb537a4d98bba51384155c2676', 'tenant_name': 'tempest-ServersV294TestFqdnHostnames-1339709050', 'user_domain_id': 'default', 'user_domain_name': 'Default', 'user_id': 'a2ff3f78e1ab4f919ed2beb1f7626cac', 'system': None}, Network: None, Subnet: None, Router: None
2024-10-11 02:27:37.824 62488 INFO tempest.lib.common.rest_client [req-fa733af6-5545-4375-beeb-d51ebdc02356 req-fa733af6-5545-4375-beeb-d51ebdc02356 ] Request (ServersAaction247Test:test_create_backup): 200 GET http://10.180.1.21/compute/v2.1/servers/c0d00a8d-7328-44ca-af02-649a06f2100b 0.053s
2024-10-11 02:27:37.855 62502 INFO tempest.lib.common.rest_client [req-030ca056-e709-47d6-a50f-02fefd4c2aec req-030ca056-e709-47d6-a50f-02fefd4c2aec ] Request (ImagesTestJSON:test_create_image_from_stopped_server): 200 GET http://10.180.1.21/compute/v2.1/servers/b7502223-d1fe-46f0-b382-c9b140032053 0.045s
2024-10-11 02:27:37.874 62478 INFO tempest.lib.common.rest_client [req-564a5f2c-b4eb-473e-858e-216017c6eacc req-564a5f2c-b4eb-473e-858e-216017c6eacc ] Request (ServersV294TestFqdnHostnames:setUpClass): 201 POST http://10.180.1.21/identity/v3/auth/tokens 0.055s
2024-10-11 02:27:37.903 62466 INFO tempest.lib.common.rest_client [req-689e6e3e-35b0-4f91-ac61-f64b50c27582 req-689e6e3e-35b0-4f91-ac61-f64b50c27582 ] Request (ServerDiskConfigTestJSON:test_rebuild_server_with_manual_disk_config): 200 GET http://10.180.1.21/compute/v2.1/servers/7f7c79c7-bf03-43cf-b8c8-667fb603c0c9 0.047s
2024-10-11 02:27:37.913 62450 INFO tempest.lib.common.rest_client [req-b0d6e6ad-3add-4991-b888-ac90c6df2b1d req-b0d6e6ad-3add-4991-b888-ac90c6df2b1d ] Request (AttachInterfacesTestJSON:test_create_list_show_delete_interfaces_by_fixed_ip): 200 GET http://10.180.1.21/compute/v2.1/servers/de17155c-3290-4e13-908c-4eb7136c14f5 0.046s
2024-10-11 02:27:37.952 62472 INFO tempest.lib.common.rest_client [req-85826094-7af2-44db-83af-4a3277889420 req-85826094-7af2-44db-83af-4a3277889420 ] Request (InstanceActionsNegativeTestJSON:setUpClass): 200 GET http://10.180.1.21/compute/v2.1/servers/ae0533c1-8cb4-40f1-8737-0e476e72211d 0.045s
2024-10-11 02:27:37.997 62444 INFO tempest.lib.common.rest_client [req-279aaff0-ed19-4073-9919-2d7176858a58 req-279aaff0-ed19-4073-9919-2d7176858a58 ] Request (ServerMetadataTestJSON:setUpClass): 200 GET http://10.180.1.21/compute/v2.1/servers/b94e5378-d03a-4cc3-b835-31e72d3b0f75 0.050s
2024-10-11 02:27:38.086 62478 INFO tempest.lib.common.rest_client [req-456ef358-9a7f-4f59-9254-8c3aed29b55f req-456ef358-9a7f-4f59-9254-8c3aed29b55f ] Request (ServersV294TestFqdnHostnames:setUpClass): 201 POST http://10.180.1.21:9696/networking/v2.0/networks 0.212s
2024-10-11 02:27:38.086 62454 INFO tempest.lib.common.rest_client [req-a417262a-4f23-42cf-b73e-9ed1a6b9e302 req-a417262a-4f23-42cf-b73e-9ed1a6b9e302 ] Request (InstanceActionsTestJSON:setUpClass): 200 GET http://10.180.1.21/compute/v2.1/servers/ec7335d7-89a1-469f-8fc4-1971ca24baf4 0.046s
2024-10-11 02:27:38.217 62478 INFO tempest.lib.common.rest_client [req-05fc3839-cc3e-4955-8b54-ba38669a1a2e req-05fc3839-cc3e-4955-8b54-ba38669a1a2e ] Request (ServersV294TestFqdnHostnames:setUpClass): 201 POST http://10.180.1.21:9696/networking/v2.0/subnets 0.130s
2024-10-11 02:27:38.228 62474 INFO tempest.lib.common.rest_client [req-4f85c8c6-8d70-4850-8dd3-43dae48e027b req-4f85c8c6-8d70-4850-8dd3-43dae48e027b ] Request (ListImageFiltersTestJSON:setUpClass): 200 GET http://10.180.1.21/compute/v2.1/servers/ef98ecb8-e5c8-4160-a209-20caf91f34e2 0.054s
2024-10-11 02:27:38.239 62470 INFO tempest.lib.common.rest_client [req-dc47e939-5391-4c00-be37-5e4e9e80b902 req-dc47e939-5391-4c00-be37-5e4e9e80b902 ] Request (ServerDiagnosticsV248Test:tearDownClass): 200 GET http://10.180.1.21/compute/v2.1/servers/ec8f3da7-8886-4890-83a0-0e361e36334d 0.073s
2024-10-11 02:27:38.275 62464 INFO tempest.lib.common.rest_client [req-198cebd8-4ebe-43f7-9fa1-ff4828c6fd0c req-198cebd8-4ebe-43f7-9fa1-ff4828c6fd0c ] Request (ServersTestMultiNic:test_verify_duplicate_network_nics): 200 GET http://10.180.1.21/compute/v2.1/servers/1df5e740-71de-468c-9188-e8088f5789b7 0.048s
2024-10-11 02:27:38.299 62494 INFO tempest.lib.common.rest_client [req-4828cb89-e9d0-450e-b351-67e45f6b9b56 req-4828cb89-e9d0-450e-b351-67e45f6b9b56 ] Request (ServerAddressesNegativeTestJSON:setUpClass): 200 GET http://10.180.1.21/compute/v2.1/servers/6ea09c71-2905-4705-9c11-b624c84ec022 0.054s
2024-10-11 02:27:38.328 62508 INFO tempest.lib.common.rest_client [req-bc1224e7-0760-42ec-bd96-395747d2a40c req-bc1224e7-0760-42ec-bd96-395747d2a40c ] Request (SecurityGroupsTestJSON:test_server_security_groups): 200 GET http://10.180.1.21/compute/v2.1/servers/172dd156-edcd-406c-a17d-5349b43b4eaa 0.047s
2024-10-11 02:27:38.360 62498 INFO tempest.lib.common.rest_client [req-527c0788-8bce-4b1f-83b0-8f83ecaad042 req-527c0788-8bce-4b1f-83b0-8f83ecaad042 ] Request (AttachVolumeTestJSON:test_attach_detach_volume): 200 GET http://10.180.1.21/compute/v2.1/servers/c09a74e4-173a-4a46-8fbb-465f3f284e0b 0.051s
2024-10-11 02:27:38.414 62482 INFO tempest.lib.common.rest_client [req-e9e30ceb-31a2-4a5b-854d-1ce32d3e8f77 req-e9e30ceb-31a2-4a5b-854d-1ce32d3e8f77 ] Request (ServerActionsTestOtherB:setUpClass): 200 GET http://10.180.1.21/compute/v2.1/servers/a12dff75-8c35-485b-9a6f-104de9a11b77 0.049s
2024-10-11 02:27:38.482 62504 INFO tempest.lib.common.rest_client [req-6c700eb9-696c-4679-8444-3b49b5e903ad req-6c700eb9-696c-4679-8444-3b49b5e903ad ] Request (ServersTestFqdnHostnames:test_create_server_with_fqdn_name): 200 GET http://10.180.1.21/compute/v2.1/servers/8e60cc65-fc1c-4460-a32d-d7fed2c95994 0.052s
2024-10-11 02:27:38.488 62458 INFO tempest.lib.common.rest_client [req-4a986feb-84ed-4707-a5e5-9a415955debe req-4a986feb-84ed-4707-a5e5-9a415955debe ] Request (AttachInterfacesUnderV243Test:test_add_remove_fixed_ip): 200 GET http://10.180.1.21/compute/v2.1/servers/2fc00899-84ff-4316-b08e-0339e7344144 0.048s
2024-10-11 02:27:38.527 62486 INFO tempest.lib.common.rest_client [req-dfd39412-242d-401e-a040-8dd67cbc3369 req-dfd39412-242d-401e-a040-8dd67cbc3369 ] Request (ImagesNegativeTestJSON:test_create_image_from_deleted_server): 200 GET http://10.180.1.21/compute/v2.1/servers/aa963551-93bf-4f0d-ae7e-15a59efd4dbc 0.049s
2024-10-11 02:27:38.559 62468 INFO tempest.lib.common.rest_client [req-57607fb7-333f-4e7e-a2d2-ac7f41d62f00 req-57607fb7-333f-4e7e-a2d2-ac7f41d62f00 ] Request (ServersAdminTestJSON:setUpClass): 200 GET http://10.180.1.21/compute/v2.1/servers/b71a967c-f9ae-4f55-b959-dd77b73df0b7 0.057s
2024-10-11 02:27:38.601 62462 INFO tempest.lib.common.rest_client [req-5d2fb43c-0668-4958-9651-b826c3510ea0 req-5d2fb43c-0668-4958-9651-b826c3510ea0 ] Request (AttachVolumeNegativeTest:test_attach_attached_volume_to_different_server): 200 GET http://10.180.1.21/compute/v2.1/servers/68aeacea-5ef9-4995-b79a-10a3a06accce 0.058s
2024-10-11 02:27:38.615 62460 INFO tempest.lib.common.rest_client [req-89d16134-d1ce-4566-a9aa-d84353207d02 req-89d16134-d1ce-4566-a9aa-d84353207d02 ] Request (ServerPasswordTestJSON:setUpClass): 200 GET http://10.180.1.21/compute/v2.1/servers/77c17cbf-f553-4278-a629-34639f8a974c 0.052s
