2024-08-29 11:53:00.408 59605 INFO tempest.lib.common.rest_client [req-27a44cac-894a-4465-8419-b9e222dbd9c2 req-27a44cac-894a-4465-8419-b9e222dbd9c2 ] Request (InstanceUsageAuditLogTestJSON:setUpClass): 200 GET http://10.180.1.21/identity/v3/roles 0.029s
2024-08-29 11:53:00.444 59561 INFO tempest.lib.common.rest_client [req-21c34fc0-fed3-4b66-aaf0-e1d90f5df805 req-21c34fc0-fed3-4b66-aaf0-e1d90f5df805 ] Request (ServerExternalEventsTest:setUpClass): 201 POST http://10.180.1.21/identity/v3/projects 0.058s
2024-08-29 11:53:00.486 59583 INFO tempest.lib.common.rest_client [req-f7cf535b-024b-46d8-811b-5eb223b660d1 req-f7cf535b-024b-46d8-811b-5eb223b660d1 ] Request (FloatingIPsAssociationTestJSON:setUpClass): 200 GET http://10.180.1.21/compute/v2.1/servers/31c17493-263e-4d08-b669-e901b07060d5 3.113s
2024-08-29 11:53:00.518 59605 INFO tempest.lib.common.rest_client [req-bbef27a0-1c65-4597-b0de-03c52c036771 req-bbef27a0-1c65-4597-b0de-03c52c036771 ] Request (InstanceUsageAuditLogTestJSON:setUpClass): 204 PUT http://10.180.1.21/identity/v3/projects/465ce4967f434d2f84aaee396391d2df/users/80b365de499c4e49a595295d1a999a28/roles/fdb579fa10204d6a9f9082aadca89426 0.109s
2024-08-29 11:53:00.518 59605 INFO tempest.lib.common.dynamic_creds [-] Dynamic test user 80b365de499c4e49a595295d1a999a28 is created with scope project and roles: ['member']
2024-08-29 11:53:00.518 59605 INFO tempest.lib.common.dynamic_creds [-] Acquired dynamic creds: credentials: Credentials: {'domain_id': 'default', 'domain_name': 'Default', 'username': 'tempest-InstanceUsageAuditLogTestJSON-750140503-project-member', 'project_domain_id': 'default', 'project_domain_name': 'Default', 'project_id': '465ce4967f434d2f84aaee396391d2df', 'project_name': 'tempest-InstanceUsageAuditLogTestJSON-750140503', 'tenant_id': '465ce4967f434d2f84aaee396391d2df', 'tenant_name': 'tempest-InstanceUsageAuditLogTestJSON-750140503', 'user_domain_id': 'default', 'user_domain_name': 'Default', 'user_id': '80b365de499c4e49a595295d1a999a28', 'system': None}, Network: None, Subnet: None, Router: None
2024-08-29 11:53:00.519 59605 INFO tempest.lib.common.dynamic_creds [-] Created isolated network resources for: credentials: Credentials: {'domain_id': 'default', 'domain_name': 'Default', 'username': 'tempest-InstanceUsageAuditLogTestJSON-750140503-project-member', 'project_domain_id': 'default', 'project_domain_name': 'Default', 'project_id': '465ce4967f434d2f84aaee396391d2df', 'project_name': 'tempest-InstanceUsageAuditLogTestJSON-750140503', 'tenant_id': '465ce4967f434d2f84aaee396391d2df', 'tenant_name': 'tempest-InstanceUsageAuditLogTestJSON-750140503', 'user_domain_id': 'default', 'user_domain_name': 'Default', 'user_id': '80b365de499c4e49a595295d1a999a28', 'system': None}, Network: None, Subnet: None, Router: None
2024-08-29 11:53:00.529 59601 INFO tempest.lib.common.rest_client [req-54425e1a-ec7d-47c2-9233-458730f05ecf req-54425e1a-ec7d-47c2-9233-458730f05ecf ] Request (ServerActionsTestOtherA:setUpClass): 200 POST http://10.180.1.21/compute/v2.1/os-keypairs 3.240s
2024-08-29 11:53:00.554 59561 INFO tempest.lib.common.rest_client [req-74b54472-d4d0-430e-a7f1-6735a67048a2 req-74b54472-d4d0-430e-a7f1-6735a67048a2 ] Request (ServerExternalEventsTest:setUpClass): 201 POST http://10.180.1.21/identity/v3/users 0.110s
2024-08-29 11:53:00.614 59605 INFO tempest.lib.common.rest_client [req-c3de2962-b7c6-47fb-b984-4bee2e04597a req-c3de2962-b7c6-47fb-b984-4bee2e04597a ] Request (InstanceUsageAuditLogTestJSON:setUpClass): 201 POST http://10.180.1.21/identity/v3/auth/tokens 0.092s
2024-08-29 11:53:00.663 59561 INFO tempest.lib.common.rest_client [req-5fea8a3f-18d0-41ab-80ef-33f960c8af10 req-5fea8a3f-18d0-41ab-80ef-33f960c8af10 ] Request (ServerExternalEventsTest:setUpClass): 200 GET http://10.180.1.21/identity/v3/roles 0.108s
2024-08-29 11:53:00.673 59601 INFO tempest.lib.common.rest_client [req-bec37d6c-4f75-47fa-9fe6-42facd9faf3d req-bec37d6c-4f75-47fa-9fe6-42facd9faf3d ] Request (ServerActionsTestOtherA:setUpClass): 201 POST http://10.180.1.21:9696/networking/v2.0/security-groups 0.142s
2024-08-29 11:53:00.692 59605 INFO tempest.lib.common.rest_client [req-45a2e088-2d84-4e17-8a40-20f0b198aed0 req-45a2e088-2d84-4e17-8a40-20f0b198aed0 ] Request (InstanceUsageAuditLogTestJSON:setUpClass): 201 POST http://10.180.1.21/identity/v3/projects 0.077s
2024-08-29 11:53:00.701 59563 INFO tempest.lib.common.rest_client [req-48c0afd4-59a1-475d-a4f6-141be49fe467 req-48c0afd4-59a1-475d-a4f6-141be49fe467 ] Request (HostsAdminNegativeTestJSON:test_list_hosts_with_non_admin_user): 403 GET http://10.180.1.21/compute/v2.1/os-hosts 3.014s
2024-08-29 11:53:00.701 59581 INFO tempest.lib.common.rest_client [req-de11ecb3-53a2-4301-b79f-fecebf0878c1 req-de11ecb3-53a2-4301-b79f-fecebf0878c1 ] Request (ServerRescueTestJSONUnderV235:setUpClass): 200 GET http://10.180.1.21/compute/v2.1/servers/f2673a5e-28b0-4a93-b93b-8eef64380e08 3.074s
2024-08-29 11:53:00.721 59573 INFO tempest.lib.common.rest_client [req-df8f53e9-079f-4485-893f-c3790227141c req-df8f53e9-079f-4485-893f-c3790227141c ] Request (AggregatesAdminNegativeTestJSON:test_aggregate_add_non_exist_host): 200 POST http://10.180.1.21/compute/v2.1/os-aggregates 2.771s
2024-08-29 11:53:00.749 59561 INFO tempest.lib.common.rest_client [req-1bedffe9-bfc3-44ce-9564-43dbaaca9700 req-1bedffe9-bfc3-44ce-9564-43dbaaca9700 ] Request (ServerExternalEventsTest:setUpClass): 204 PUT http://10.180.1.21/identity/v3/projects/72cd8bed12024d15b1352ad2f59f02cd/users/a3fed00679904a4d863d5bfe291d4f2c/roles/fb20f7486cec4e59b2c11ff20f134a65 0.085s
2024-08-29 11:53:00.755 59609 INFO tempest.lib.common.rest_client [req-7195fdee-13a8-47ef-9682-098513c2cf3b req-7195fdee-13a8-47ef-9682-098513c2cf3b ] Request (HostsAdminTestJSON:test_show_host_detail): 200 GET http://10.180.1.21/compute/v2.1/os-hosts/cpu-1 2.779s
2024-08-29 11:53:00.771 59605 INFO tempest.lib.common.rest_client [req-3680e7ea-6b8b-4806-8194-857291050f1a req-3680e7ea-6b8b-4806-8194-857291050f1a ] Request (InstanceUsageAuditLogTestJSON:setUpClass): 201 POST http://10.180.1.21/identity/v3/users 0.079s
2024-08-29 11:53:00.774 59601 INFO tempest.lib.common.rest_client [req-ce0fc2de-ecb3-4889-a00a-a306d8846482 req-ce0fc2de-ecb3-4889-a00a-a306d8846482 ] Request (ServerActionsTestOtherA:setUpClass): 201 POST http://10.180.1.21:9696/networking/v2.0/security-group-rules 0.101s
2024-08-29 11:53:00.824 59561 INFO tempest.lib.common.rest_client [req-675884df-8ea5-47bd-92fa-922a7c80cb6e req-675884df-8ea5-47bd-92fa-922a7c80cb6e ] Request (ServerExternalEventsTest:setUpClass): 200 GET http://10.180.1.21/identity/v3/roles 0.074s
2024-08-29 11:53:00.840 59605 INFO tempest.lib.common.rest_client [req-edc4421c-ac1d-4890-8c59-bf52b95f77f4 req-edc4421c-ac1d-4890-8c59-bf52b95f77f4 ] Request (InstanceUsageAuditLogTestJSON:setUpClass): 200 GET http://10.180.1.21/identity/v3/roles 0.068s
2024-08-29 11:53:00.857 59561 INFO tempest.lib.common.rest_client [req-439b0190-237c-41fb-bd26-847045e10f33 req-439b0190-237c-41fb-bd26-847045e10f33 ] Request (ServerExternalEventsTest:setUpClass): 204 PUT http://10.180.1.21/identity/v3/projects/72cd8bed12024d15b1352ad2f59f02cd/users/a3fed00679904a4d863d5bfe291d4f2c/roles/fb20f7486cec4e59b2c11ff20f134a65 0.032s
2024-08-29 11:53:00.857 59561 INFO tempest.lib.common.dynamic_creds [-] Dynamic test user a3fed00679904a4d863d5bfe291d4f2c is created with scope project and roles: ['admin']
2024-08-29 11:53:00.857 59561 INFO tempest.lib.common.dynamic_creds [-] Acquired dynamic creds: credentials: Credentials: {'domain_id': 'default', 'domain_name': 'Default', 'username': 'tempest-ServerExternalEventsTest-1088052854-project-admin', 'project_domain_id': 'default', 'project_domain_name': 'Default', 'project_id': '72cd8bed12024d15b1352ad2f59f02cd', 'project_name': 'tempest-ServerExternalEventsTest-1088052854', 'tenant_id': '72cd8bed12024d15b1352ad2f59f02cd', 'tenant_name': 'tempest-ServerExternalEventsTest-1088052854', 'user_domain_id': 'default', 'user_domain_name': 'Default', 'user_id': 'a3fed00679904a4d863d5bfe291d4f2c', 'system': None}, Network: None, Subnet: None, Router: None
2024-08-29 11:53:00.858 59561 INFO tempest.lib.common.dynamic_creds [-] Created isolated network resources for: credentials: Credentials: {'domain_id': 'default', 'domain_name': 'Default', 'username': 'tempest-ServerExternalEventsTest-1088052854-project-admin', 'project_domain_id': 'default', 'project_domain_name': 'Default', 'project_id': '72cd8bed12024d15b1352ad2f59f02cd', 'project_name': 'tempest-ServerExternalEventsTest-1088052854', 'tenant_id': '72cd8bed12024d15b1352ad2f59f02cd', 'tenant_name': 'tempest-ServerExternalEventsTest-1088052854', 'user_domain_id': 'default', 'user_domain_name': 'Default', 'user_id': 'a3fed00679904a4d863d5bfe291d4f2c', 'system': None}, Network: None, Subnet: None, Router: None
2024-08-29 11:53:00.869 59611 INFO tempest.lib.common.rest_client [req-6f2ce2f5-83fe-4130-93ae-675208d2813a req-6f2ce2f5-83fe-4130-93ae-675208d2813a ] Request (MigrationsAdminTest:test_list_migrations_in_flavor_resize_situation): 200 GET http://10.180.1.21/compute/v2.1/servers/02929ad5-b2f4-4a80-a606-2a0c9b6222e4 2.547s
2024-08-29 11:53:00.890 59609 INFO tempest.lib.common.rest_client [req-474a03e1-8e4b-4937-a53f-75c1954537c9 req-474a03e1-8e4b-4937-a53f-75c1954537c9 ] Request (HostsAdminTestJSON:tearDownClass): 204 DELETE http://10.180.1.21/identity/v3/users/c1b2b4cd7eb74ea98546f2aceffac56d 0.134s
2024-08-29 11:53:00.912 59601 INFO tempest.lib.common.rest_client [req-a4a1816f-9648-4fdf-9475-74431ed272e0 req-a4a1816f-9648-4fdf-9475-74431ed272e0 ] Request (ServerActionsTestOtherA:setUpClass): 201 POST http://10.180.1.21:9696/networking/v2.0/security-group-rules 0.137s
2024-08-29 11:53:00.953 59605 INFO tempest.lib.common.rest_client [req-7897ec93-faa5-4e44-8819-74f488525e82 req-7897ec93-faa5-4e44-8819-74f488525e82 ] Request (InstanceUsageAuditLogTestJSON:setUpClass): 204 PUT http://10.180.1.21/identity/v3/projects/bbf4a6f173a64b22a069236bc1a5162c/users/decf908aa9bb4969a945f1f0706feaf4/roles/fb20f7486cec4e59b2c11ff20f134a65 0.112s
2024-08-29 11:53:01.010 59561 INFO tempest.lib.common.rest_client [req-1f665850-bb32-4e80-b9ce-9f8cdf025dc4 req-1f665850-bb32-4e80-b9ce-9f8cdf025dc4 ] Request (ServerExternalEventsTest:setUpClass): 201 POST http://10.180.1.21/identity/v3/auth/tokens 0.149s
2024-08-29 11:53:01.020 59557 INFO tempest.lib.common.rest_client [req-2d576a1a-36d2-40fa-9804-c37a095d0671 req-2d576a1a-36d2-40fa-9804-c37a095d0671 ] Request (SecurityGroupRulesTestJSON:test_security_group_rules_delete_when_peer_group_deleted): 200 POST http://10.180.1.21/compute/v2.1/os-security-groups 2.605s
2024-08-29 11:53:01.027 59571 INFO tempest.lib.common.rest_client [req-842e94d7-e40c-4505-834e-0f3b9fa98ede req-842e94d7-e40c-4505-834e-0f3b9fa98ede ] Request (SecurityGroupsTestAdminJSON:tearDownClass): 204 DELETE http://10.180.1.21:9696/networking/v2.0/security-groups/4c6681dd-00cf-4bac-a792-af81d3e8ac8b 0.793s
2024-08-29 11:53:01.037 59587 INFO tempest.lib.common.rest_client [req-83310936-7e2a-415d-b436-cfd79b03ce7c req-83310936-7e2a-415d-b436-cfd79b03ce7c ] Request (QuotasAdminTestJSON:test_delete_quota): 200 GET http://10.180.1.21/compute/v2.1/os-quota-sets/40c2b10a77f045f0b23546a66c521d5d 3.352s
2024-08-29 11:53:01.074 59605 INFO tempest.lib.common.rest_client [req-1993404f-54ba-49e7-a56e-d24f41830414 req-1993404f-54ba-49e7-a56e-d24f41830414 ] Request (InstanceUsageAuditLogTestJSON:setUpClass): 200 GET http://10.180.1.21/identity/v3/roles 0.121s
2024-08-29 11:53:01.094 59609 INFO tempest.lib.common.rest_client [req-e2ea84fa-3255-4ffe-8d54-c9e3e6d64170 req-e2ea84fa-3255-4ffe-8d54-c9e3e6d64170 ] Request (HostsAdminTestJSON:tearDownClass): 204 DELETE http://10.180.1.21/identity/v3/users/39d3d606f6904b7196c457a6f8cf6273 0.204s
2024-08-29 11:53:01.095 59609 INFO tempest.lib.common.dynamic_creds [-] Deleting project and security group for project: 7156dcaf75c54678a7f16412092972af
2024-08-29 11:53:01.103 59561 INFO tempest.lib.common.rest_client [req-8372d81c-302e-4049-a58e-0a9c03c6e4f0 req-8372d81c-302e-4049-a58e-0a9c03c6e4f0 ] Request (ServerExternalEventsTest:setUpClass): 201 POST http://10.180.1.21/identity/v3/projects 0.092s
2024-08-29 11:53:01.207 59605 INFO tempest.lib.common.rest_client [req-add08728-0a85-43ea-8c48-266d2962d3e3 req-add08728-0a85-43ea-8c48-266d2962d3e3 ] Request (InstanceUsageAuditLogTestJSON:setUpClass): 204 PUT http://10.180.1.21/identity/v3/projects/bbf4a6f173a64b22a069236bc1a5162c/users/decf908aa9bb4969a945f1f0706feaf4/roles/fb20f7486cec4e59b2c11ff20f134a65 0.133s
2024-08-29 11:53:01.208 59605 INFO tempest.lib.common.dynamic_creds [-] Dynamic test user decf908aa9bb4969a945f1f0706feaf4 is created with scope project and roles: ['admin']
2024-08-29 11:53:01.208 59605 INFO tempest.lib.common.dynamic_creds [-] Acquired dynamic creds: credentials: Credentials: {'domain_id': 'default', 'domain_name': 'Default', 'username': 'tempest-InstanceUsageAuditLogTestJSON-1320267722-project-admin', 'project_domain_id': 'default', 'project_domain_name': 'Default', 'project_id': 'bbf4a6f173a64b22a069236bc1a5162c', 'project_name': 'tempest-InstanceUsageAuditLogTestJSON-1320267722', 'tenant_id': 'bbf4a6f173a64b22a069236bc1a5162c', 'tenant_name': 'tempest-InstanceUsageAuditLogTestJSON-1320267722', 'user_domain_id': 'default', 'user_domain_name': 'Default', 'user_id': 'decf908aa9bb4969a945f1f0706feaf4', 'system': None}, Network: None, Subnet: None, Router: None
2024-08-29 11:53:01.208 59605 INFO tempest.lib.common.dynamic_creds [-] Created isolated network resources for: credentials: Credentials: {'domain_id': 'default', 'domain_name': 'Default', 'username': 'tempest-InstanceUsageAuditLogTestJSON-1320267722-project-admin', 'project_domain_id': 'default', 'project_domain_name': 'Default', 'project_id': 'bbf4a6f173a64b22a069236bc1a5162c', 'project_name': 'tempest-InstanceUsageAuditLogTestJSON-1320267722', 'tenant_id': 'bbf4a6f173a64b22a069236bc1a5162c', 'tenant_name': 'tempest-InstanceUsageAuditLogTestJSON-1320267722', 'user_domain_id': 'default', 'user_domain_name': 'Default', 'user_id': 'decf908aa9bb4969a945f1f0706feaf4', 'system': None}, Network: None, Subnet: None, Router: None
2024-08-29 11:53:01.224 59599 INFO tempest.lib.common.rest_client [req-2ece65d5-33a5-4cbe-a710-579f0e65b0d1 req-2ece65d5-33a5-4cbe-a710-579f0e65b0d1 ] Request (FloatingIPsTestJSON:_run_cleanups): 404 DELETE http://10.180.1.21/compute/v2.1/os-floating-ips/1cf7e7c6-2542-46c6-9c8a-4166f77584a3 2.717s
2024-08-29 11:53:01.246 59571 INFO tempest.lib.common.rest_client [req-5e78c4d8-25e0-4178-83d8-4048320299c5 req-5e78c4d8-25e0-4178-83d8-4048320299c5 ] Request (SecurityGroupsTestAdminJSON:tearDownClass): 204 DELETE http://10.180.1.21/identity/v3/projects/cb351211c19249188de9020cb97c20f5 0.218s
2024-08-29 11:53:01.258 59609 INFO tempest.lib.common.rest_client [req-3fc29328-87b1-4623-b279-ab80b21a61f4 req-3fc29328-87b1-4623-b279-ab80b21a61f4 ] Request (HostsAdminTestJSON:tearDownClass): 201 POST http://10.180.1.21/identity/v3/auth/tokens 0.163s
2024-08-29 11:53:01.299 59561 INFO tempest.lib.common.rest_client [req-f320dbf3-27e7-42c3-aff7-323c3a2fd615 req-f320dbf3-27e7-42c3-aff7-323c3a2fd615 ] Request (ServerExternalEventsTest:setUpClass): 201 POST http://10.180.1.21/identity/v3/users 0.195s
2024-08-29 11:53:01.320 59571 INFO tempest.lib.common.rest_client [req-7ff466dc-b929-409c-bd31-67ef4731c15c req-7ff466dc-b929-409c-bd31-67ef4731c15c ] Request (ServersAdminTestJSON:setUpClass): 201 POST http://10.180.1.21/identity/v3/auth/tokens 0.072s
2024-08-29 11:53:01.324 59605 INFO tempest.lib.common.rest_client [req-b8d68666-e4f7-4be2-916f-84f3cef55f19 req-b8d68666-e4f7-4be2-916f-84f3cef55f19 ] Request (InstanceUsageAuditLogTestJSON:setUpClass): 201 POST http://10.180.1.21/identity/v3/auth/tokens 0.113s
2024-08-29 11:53:01.342 59561 INFO tempest.lib.common.rest_client [req-c92f00b9-ed37-48f6-9fa6-dd281e2c7312 req-c92f00b9-ed37-48f6-9fa6-dd281e2c7312 ] Request (ServerExternalEventsTest:setUpClass): 200 GET http://10.180.1.21/identity/v3/roles 0.042s
2024-08-29 11:53:01.369 59561 INFO tempest.lib.common.rest_client [req-a6a32c0f-80f4-45c6-9982-38b63dc16efe req-a6a32c0f-80f4-45c6-9982-38b63dc16efe ] Request (ServerExternalEventsTest:setUpClass): 204 PUT http://10.180.1.21/identity/v3/projects/97c9f2d6acfb47dfa05dfe278bab023b/users/3e8eaa5c80484a0a88d54d38b2bc6340/roles/fb20f7486cec4e59b2c11ff20f134a65 0.026s
2024-08-29 11:53:01.411 59561 INFO tempest.lib.common.rest_client [req-f1d5d464-fdfa-4da5-a2d1-3c8bae9e198e req-f1d5d464-fdfa-4da5-a2d1-3c8bae9e198e ] Request (ServerExternalEventsTest:setUpClass): 200 GET http://10.180.1.21/identity/v3/roles 0.042s
2024-08-29 11:53:01.428 59571 INFO tempest.lib.common.rest_client [req-dfe9b87e-4034-4331-b1a4-5af40c2bdbf8 req-dfe9b87e-4034-4331-b1a4-5af40c2bdbf8 ] Request (ServersAdminTestJSON:setUpClass): 201 POST http://10.180.1.21/identity/v3/auth/tokens 0.055s
2024-08-29 11:53:01.432 59561 INFO tempest.lib.common.rest_client [req-65e619e6-7ead-4ae5-85d1-3793fb3ee492 req-65e619e6-7ead-4ae5-85d1-3793fb3ee492 ] Request (ServerExternalEventsTest:setUpClass): 204 PUT http://10.180.1.21/identity/v3/projects/97c9f2d6acfb47dfa05dfe278bab023b/users/3e8eaa5c80484a0a88d54d38b2bc6340/roles/22a7ac65e8bf4958b33b85711a7078a7 0.020s
2024-08-29 11:53:01.432 59561 INFO tempest.lib.common.dynamic_creds [-] Dynamic test user 3e8eaa5c80484a0a88d54d38b2bc6340 is created with scope project and roles: ['admin', 'service']
2024-08-29 11:53:01.432 59561 INFO tempest.lib.common.dynamic_creds [-] Acquired dynamic creds: credentials: Credentials: {'domain_id': 'default', 'domain_name': 'Default', 'username': 'tempest-ServerExternalEventsTest-1539718047-project', 'project_domain_id': 'default', 'project_domain_name': 'Default', 'project_id': '97c9f2d6acfb47dfa05dfe278bab023b', 'project_name': 'tempest-ServerExternalEventsTest-1539718047', 'tenant_id': '97c9f2d6acfb47dfa05dfe278bab023b', 'tenant_name': 'tempest-ServerExternalEventsTest-1539718047', 'user_domain_id': 'default', 'user_domain_name': 'Default', 'user_id': '3e8eaa5c80484a0a88d54d38b2bc6340', 'system': None}, Network: None, Subnet: None, Router: None
2024-08-29 11:53:01.432 59561 INFO tempest.lib.common.dynamic_creds [-] Created isolated network resources for: credentials: Credentials: {'domain_id': 'default', 'domain_name': 'Default', 'username': 'tempest-ServerExternalEventsTest-1539718047-project', 'project_domain_id': 'default', 'project_domain_name': 'Default', 'project_id': '97c9f2d6acfb47dfa05dfe278bab023b', 'project_name': 'tempest-ServerExternalEventsTest-1539718047', 'tenant_id': '97c9f2d6acfb47dfa05dfe278bab023b', 'tenant_name': 'tempest-ServerExternalEventsTest-1539718047', 'user_domain_id': 'default', 'user_domain_name': 'Default', 'user_id': '3e8eaa5c80484a0a88d54d38b2bc6340', 'system': None}, Network: None, Subnet: None, Router: None
2024-08-29 11:53:01.439 59555 INFO tempest.lib.common.rest_client [req-2fccfa90-28d2-410d-8d9c-b6a83b18db07 req-2fccfa90-28d2-410d-8d9c-b6a83b18db07 ] Request (ServerDiagnosticsTest:test_get_server_diagnostics): 200 GET http://10.180.1.21/compute/v2.1/servers/b4c4bd0e-fba2-4e19-a1f6-c95490ed38f0 2.877s
2024-08-29 11:53:01.479 59571 INFO tempest.lib.common.rest_client [req-fe10c6f1-2d5d-4eae-9009-29891159ef87 req-fe10c6f1-2d5d-4eae-9009-29891159ef87 ] Request (ServersAdminTestJSON:setUpClass): 200 GET http://10.180.1.21/identity/v3/domains?name=Default 0.051s
2024-08-29 11:53:01.497 59593 INFO tempest.lib.common.rest_client [req-3d57008b-4908-48b1-b4db-dc6a69e8151f req-3d57008b-4908-48b1-b4db-dc6a69e8151f ] Request (ImagesOneServerNegativeTestJSON:setUpClass): 201 POST http://10.180.1.21:9696/networking/v2.0/subnets 1.362s
2024-08-29 11:53:01.511 59561 INFO tempest.lib.common.rest_client [req-d42161f7-24c0-4699-84ce-3780986b053a req-d42161f7-24c0-4699-84ce-3780986b053a ] Request (ServerExternalEventsTest:setUpClass): 201 POST http://10.180.1.21/identity/v3/auth/tokens 0.073s
2024-08-29 11:53:01.512 59571 INFO tempest.lib.common.rest_client [req-28cfd8a1-737a-4f67-8ed1-cf51c918330e req-28cfd8a1-737a-4f67-8ed1-cf51c918330e ] Request (ServersAdminTestJSON:setUpClass): 201 POST http://10.180.1.21/identity/v3/projects 0.033s
2024-08-29 11:53:01.562 59571 INFO tempest.lib.common.rest_client [req-2dd3f247-92be-45ea-9e1b-ed87a4383cdb req-2dd3f247-92be-45ea-9e1b-ed87a4383cdb ] Request (ServersAdminTestJSON:setUpClass): 201 POST http://10.180.1.21/identity/v3/users 0.049s
2024-08-29 11:53:01.604 59609 INFO tempest.lib.common.rest_client [req-6c7edeaf-e5dd-4997-bb99-0b81539313cd req-6c7edeaf-e5dd-4997-bb99-0b81539313cd ] Request (HostsAdminTestJSON:tearDownClass): 200 GET http://10.180.1.21:9696/networking/v2.0/security-groups?tenant_id=7156dcaf75c54678a7f16412092972af&name=default 0.345s
2024-08-29 11:53:01.606 59561 INFO tempest.lib.common.rest_client [req-dfae76dd-89ba-43d1-bf6a-b5254ffec5f6 req-dfae76dd-89ba-43d1-bf6a-b5254ffec5f6 ] Request (ServerExternalEventsTest:test_create_server_external_events): 201 POST http://10.180.1.21/identity/v3/auth/tokens 0.091s
2024-08-29 11:53:01.607 59561 INFO tempest.lib.common.fixed_network [-] (ServerExternalEventsTest:test_create_server_external_events) Found network None available for tenant
2024-08-29 11:53:01.625 59571 INFO tempest.lib.common.rest_client [req-c8422269-3feb-498b-b9de-a5d681e0adcb req-c8422269-3feb-498b-b9de-a5d681e0adcb ] Request (ServersAdminTestJSON:setUpClass): 200 GET http://10.180.1.21/identity/v3/roles 0.062s
2024-08-29 11:53:01.652 59571 INFO tempest.lib.common.rest_client [req-674bcf2b-1bef-4e26-aef5-20d60ef492be req-674bcf2b-1bef-4e26-aef5-20d60ef492be ] Request (ServersAdminTestJSON:setUpClass): 204 PUT http://10.180.1.21/identity/v3/projects/443e5b2c573244febe317d27c496f7b8/users/72f710f70b1b4533a7474b17ea6b5d3f/roles/fdb579fa10204d6a9f9082aadca89426 0.026s
2024-08-29 11:53:01.652 59571 INFO tempest.lib.common.dynamic_creds [-] Dynamic test user 72f710f70b1b4533a7474b17ea6b5d3f is created with scope project and roles: ['member']
2024-08-29 11:53:01.652 59571 INFO tempest.lib.common.dynamic_creds [-] Acquired dynamic creds: credentials: Credentials: {'domain_id': 'default', 'domain_name': 'Default', 'username': 'tempest-ServersAdminTestJSON-1826487750-project-member', 'project_domain_id': 'default', 'project_domain_name': 'Default', 'project_id': '443e5b2c573244febe317d27c496f7b8', 'project_name': 'tempest-ServersAdminTestJSON-1826487750', 'tenant_id': '443e5b2c573244febe317d27c496f7b8', 'tenant_name': 'tempest-ServersAdminTestJSON-1826487750', 'user_domain_id': 'default', 'user_domain_name': 'Default', 'user_id': '72f710f70b1b4533a7474b17ea6b5d3f', 'system': None}, Network: None, Subnet: None, Router: None
2024-08-29 11:53:01.655 59567 INFO tempest.lib.common.rest_client [req-47dcc304-7c46-44b0-9295-39ff301c5218 req-47dcc304-7c46-44b0-9295-39ff301c5218 ] Request (QuotasAdminNegativeTest:test_create_server_when_memory_quota_is_full): 200 PUT http://10.180.1.21/compute/v2.1/os-quota-sets/9bf87ab911134cffa6b2d083e3b2b682 3.085s
2024-08-29 11:53:01.709 59567 INFO tempest.lib.common.rest_client [req-3ecc3efc-ce06-4b24-9998-16d1f968306b req-3ecc3efc-ce06-4b24-9998-16d1f968306b ] Request (QuotasAdminNegativeTest:test_create_server_when_memory_quota_is_full): 201 POST http://10.180.1.21/identity/v3/auth/tokens 0.049s
2024-08-29 11:53:01.709 59571 INFO tempest.lib.common.rest_client [req-1f896608-119a-4787-bb4f-1214dee83521 req-1f896608-119a-4787-bb4f-1214dee83521 ] Request (ServersAdminTestJSON:setUpClass): 201 POST http://10.180.1.21/identity/v3/auth/tokens 0.056s
2024-08-29 11:53:01.709 59567 INFO tempest.lib.common.fixed_network [-] (QuotasAdminNegativeTest:test_create_server_when_memory_quota_is_full) Found network None available for tenant
2024-08-29 11:53:01.873 59575 INFO tempest.lib.common.rest_client [req-a82399dc-0f2b-46ae-b85d-cc9ce0d5145e req-a82399dc-0f2b-46ae-b85d-cc9ce0d5145e ] Request (DeleteServersAdminTestJSON:test_admin_delete_servers_of_others): 200 GET http://10.180.1.21/compute/v2.1/servers/eae87f89-8488-42e6-b065-1198bfbe8177 2.936s
2024-08-29 11:53:01.890 59607 INFO tempest.lib.common.rest_client [req-b6fe5a14-11f4-47c0-be43-8f3049dcd316 req-b6fe5a14-11f4-47c0-be43-8f3049dcd316 ] Request (ServerMetadataTestJSON:setUpClass): 200 PUT http://10.180.1.21:9696/networking/v2.0/routers/9d1119af-a011-4929-ba6f-06676ef5281f/add_router_interface 5.632s
2024-08-29 11:53:01.890 59607 INFO tempest.lib.common.dynamic_creds [-] Created isolated network resources for: credentials: Credentials: {'domain_id': 'default', 'domain_name': 'Default', 'username': 'tempest-ServerMetadataTestJSON-1138337783-project-member', 'project_domain_id': 'default', 'project_domain_name': 'Default', 'project_id': 'b6e09b3cc7ce4628ace61c7c89ae1207', 'project_name': 'tempest-ServerMetadataTestJSON-1138337783', 'tenant_id': 'b6e09b3cc7ce4628ace61c7c89ae1207', 'tenant_name': 'tempest-ServerMetadataTestJSON-1138337783', 'user_domain_id': 'default', 'user_domain_name': 'Default', 'user_id': 'b5c95b2b20df4a1ab4efd83c20c64f72', 'system': None}, Network: {'id': '03c05689-4bb3-482b-b7a5-d4d83251b6be', 'name': 'tempest-ServerMetadataTestJSON-612611045-network', 'tenant_id': 'b6e09b3cc7ce4628ace61c7c89ae1207', 'admin_state_up': True, 'mtu': 8950, 'status': 'ACTIVE', 'subnets': [], 'shared': False, 'project_id': 'b6e09b3cc7ce4628ace61c7c89ae1207', 'port_security_enabled': True, 'router:external': False, 'provider:network_type': 'vlan', 'provider:physical_network': 'default', 'provider:segmentation_id': 209, 'is_default': False, 'availability_zone_hints': [], 'availability_zones': [], 'ipv4_address_scope': None, 'ipv6_address_scope': None, 'description': '', 'tags': [], 'created_at': '2024-08-29T11:52:51Z', 'updated_at': '2024-08-29T11:52:52Z', 'revision_number': 1}, Subnet: {'id': 'ed7912ed-6235-40d8-8d62-1767525d0d18', 'name': 'tempest-ServerMetadataTestJSON-612611045-subnet', 'tenant_id': 'b6e09b3cc7ce4628ace61c7c89ae1207', 'network_id': '03c05689-4bb3-482b-b7a5-d4d83251b6be', 'ip_version': 4, 'subnetpool_id': None, 'enable_dhcp': True, 'ipv6_ra_mode': None, 'ipv6_address_mode': None, 'gateway_ip': '192.168.128.1', 'cidr': '192.168.128.0/28', 'allocation_pools': [{'start': '192.168.128.2', 'end': '192.168.128.14'}], 'host_routes': [], 'dns_nameservers': [], 'description': '', 'service_types': [], 'tags': [], 'created_at': '2024-08-29T11:52:52Z', 'updated_at': '2024-08-29T11:52:52Z', 'revision_number': 0, 'project_id': 'b6e09b3cc7ce4628ace61c7c89ae1207'}, Router: {'id': '9d1119af-a011-4929-ba6f-06676ef5281f', 'name': 'tempest-ServerMetadataTestJSON-612611045-router', 'tenant_id': 'b6e09b3cc7ce4628ace61c7c89ae1207', 'admin_state_up': True, 'status': 'ACTIVE', 'external_gateway_info': {'network_id': 'b452d4e1-bb4d-42b6-b8f8-053477a8d692', 'external_fixed_ips': [{'subnet_id': 'd033f39b-ce74-4f33-9442-6da67855c2db', 'ip_address': '10.180.180.220'}], 'enable_snat': True}, 'description': '', 'availability_zones': [], 'distributed': False, 'ha': False, 'availability_zone_hints': [], 'routes': [], 'flavor_id': None, 'tags': [], 'created_at': '2024-08-29T11:52:53Z', 'updated_at': '2024-08-29T11:52:54Z', 'revision_number': 2, 'project_id': 'b6e09b3cc7ce4628ace61c7c89ae1207'}
2024-08-29 11:53:01.903 59591 INFO tempest.lib.common.rest_client [req-9d46b9d1-69ab-4adb-8347-4c09f374cc02 req-9d46b9d1-69ab-4adb-8347-4c09f374cc02 ] Request (ValidationResourcesFixture:setUp): 200 POST http://10.180.1.21/compute/v2.1/os-keypairs 2.720s
2024-08-29 11:53:01.905 59609 INFO tempest.lib.common.rest_client [req-d0334578-457b-4c82-89c3-01b423fc7da1 req-d0334578-457b-4c82-89c3-01b423fc7da1 ] Request (HostsAdminTestJSON:tearDownClass): 204 DELETE http://10.180.1.21:9696/networking/v2.0/security-groups/ba6d0654-a54c-44ae-abaf-02d8e36891d5 0.300s
2024-08-29 11:53:01.915 59565 INFO tempest.lib.common.rest_client [req-ddd56973-39bd-4542-ab74-7d6cec3fca54 req-ddd56973-39bd-4542-ab74-7d6cec3fca54 ] Request (FlavorsAdminTestJSON:test_is_public_string_variations): 200 GET http://10.180.1.21/compute/v2.1/flavors/detail?is_public=0 2.718s
2024-08-29 11:53:01.961 59607 INFO tempest.lib.common.rest_client [req-312945c3-f0c4-4123-aec2-4a096a01e824 req-312945c3-f0c4-4123-aec2-4a096a01e824 ] Request (ServerMetadataTestJSON:setUpClass): 201 POST http://10.180.1.21/identity/v3/auth/tokens 0.062s
2024-08-29 11:53:01.981 59609 INFO tempest.lib.common.rest_client [req-c21c1ebb-6dac-408d-81e0-101c5c8e5caa req-c21c1ebb-6dac-408d-81e0-101c5c8e5caa ] Request (HostsAdminTestJSON:tearDownClass): 204 DELETE http://10.180.1.21/identity/v3/projects/7156dcaf75c54678a7f16412092972af 0.076s
2024-08-29 11:53:01.982 59609 INFO tempest.lib.common.dynamic_creds [-] Deleting project and security group for project: 5eb3ecaac5cf47bd9e5632f2d9f1a584
2024-08-29 11:53:02.018 59607 INFO tempest.lib.common.rest_client [req-a53ecb90-37f1-480d-8958-17c00727357f req-a53ecb90-37f1-480d-8958-17c00727357f ] Request (ServerMetadataTestJSON:setUpClass): 201 POST http://10.180.1.21/identity/v3/auth/tokens 0.053s
2024-08-29 11:53:02.019 59607 INFO tempest.lib.common.fixed_network [-] (ServerMetadataTestJSON:setUpClass) Found network {'id': '03c05689-4bb3-482b-b7a5-d4d83251b6be', 'name': 'tempest-ServerMetadataTestJSON-612611045-network', 'tenant_id': 'b6e09b3cc7ce4628ace61c7c89ae1207', 'admin_state_up': True, 'mtu': 8950, 'status': 'ACTIVE', 'subnets': [], 'shared': False, 'project_id': 'b6e09b3cc7ce4628ace61c7c89ae1207', 'port_security_enabled': True, 'router:external': False, 'provider:network_type': 'vlan', 'provider:physical_network': 'default', 'provider:segmentation_id': 209, 'is_default': False, 'availability_zone_hints': [], 'availability_zones': [], 'ipv4_address_scope': None, 'ipv6_address_scope': None, 'description': '', 'tags': [], 'created_at': '2024-08-29T11:52:51Z', 'updated_at': '2024-08-29T11:52:52Z', 'revision_number': 1} available for tenant
2024-08-29 11:53:02.118 59579 INFO tempest.lib.common.rest_client [req-fff0478e-72e4-4822-a8ea-966f9a8a0d0c req-fff0478e-72e4-4822-a8ea-966f9a8a0d0c ] Request (SecurityGroupsNegativeTestJSON:setUpClass): 201 POST http://10.180.1.21:9696/networking/v2.0/routers 4.803s
2024-08-29 11:53:02.127 59601 INFO tempest.lib.common.rest_client [req-6eaf92a9-664c-4b08-a8fb-12d8d1775232 req-6eaf92a9-664c-4b08-a8fb-12d8d1775232 ] Request (ServerActionsTestOtherA:setUpClass): 201 POST http://10.180.1.21:9696/networking/v2.0/floatingips 1.215s
2024-08-29 11:53:02.154 59589 INFO tempest.lib.common.rest_client [req-0924b523-c63d-43d9-99d1-f3c621b9edce req-0924b523-c63d-43d9-99d1-f3c621b9edce ] Request (ServerDiagnosticsNegativeTest:test_get_server_diagnostics_by_non_admin): 200 GET http://10.180.1.21/compute/v2.1/servers/d501202a-354c-42e1-8480-f026d5216a58 2.778s
2024-08-29 11:53:02.189 59601 INFO tempest.lib.common.rest_client [req-71ac7b61-cf76-4311-a4e5-3ea90292bd80 req-71ac7b61-cf76-4311-a4e5-3ea90292bd80 ] Request (ServerActionsTestOtherA:setUpClass): 201 POST http://10.180.1.21/identity/v3/auth/tokens 0.059s
2024-08-29 11:53:02.190 59601 INFO tempest.lib.common.fixed_network [-] (ServerActionsTestOtherA:setUpClass) Found network {'id': '8d7333dc-7576-4771-af14-332ed1ccd339', 'name': 'tempest-ServerActionsTestOtherA-1594630872-network', 'tenant_id': '2a0e63b4849e41cda61b1bcf768cefa1', 'admin_state_up': True, 'mtu': 8950, 'status': 'ACTIVE', 'subnets': [], 'shared': False, 'project_id': '2a0e63b4849e41cda61b1bcf768cefa1', 'port_security_enabled': True, 'router:external': False, 'provider:network_type': 'vlan', 'provider:physical_network': 'default', 'provider:segmentation_id': 876, 'is_default': False, 'availability_zone_hints': [], 'availability_zones': [], 'ipv4_address_scope': None, 'ipv6_address_scope': None, 'description': '', 'tags': [], 'created_at': '2024-08-29T11:52:49Z', 'updated_at': '2024-08-29T11:52:49Z', 'revision_number': 1} available for tenant
2024-08-29 11:53:02.283 59603 INFO tempest.lib.common.rest_client [req-c116f290-16d6-476d-b375-6501108c5382 req-c116f290-16d6-476d-b375-6501108c5382 ] Request (ServersTestBootFromVolume:setUpClass): 200 POST http://10.180.1.21/compute/v2.1/os-keypairs 2.445s
2024-08-29 11:53:02.441 59609 INFO tempest.lib.common.rest_client [req-550d9afd-647c-4900-a080-dfab59fc4873 req-550d9afd-647c-4900-a080-dfab59fc4873 ] Request (HostsAdminTestJSON:tearDownClass): 200 GET http://10.180.1.21:9696/networking/v2.0/security-groups?tenant_id=5eb3ecaac5cf47bd9e5632f2d9f1a584&name=default 0.459s
2024-08-29 11:53:02.471 59591 INFO tempest.lib.common.rest_client [req-4b38cce6-d782-4701-8e2a-70b268eae09f req-4b38cce6-d782-4701-8e2a-70b268eae09f ] Request (ValidationResourcesFixture:setUp): 201 POST http://10.180.1.21:9696/networking/v2.0/security-groups 0.567s
2024-08-29 11:53:02.631 59571 INFO tempest.lib.common.rest_client [req-56b1fd62-f6fd-496e-8766-d61716e1addc req-56b1fd62-f6fd-496e-8766-d61716e1addc ] Request (ServersAdminTestJSON:setUpClass): 201 POST http://10.180.1.21:9696/networking/v2.0/networks 0.922s
2024-08-29 11:53:02.660 59551 INFO tempest.lib.common.rest_client [req-26d1946e-4cea-41e6-bee3-699ac082afbc req-26d1946e-4cea-41e6-bee3-699ac082afbc ] Request (ServerAddressesTestJSON:setUpClass): 202 POST http://10.180.1.21/compute/v2.1/servers 4.109s
2024-08-29 11:53:02.666 59603 INFO tempest.lib.common.rest_client [req-c18c4112-c603-40b8-ac3b-5518804ba288 req-c18c4112-c603-40b8-ac3b-5518804ba288 ] Request (ServersTestBootFromVolume:setUpClass): 201 POST http://10.180.1.21:9696/networking/v2.0/security-groups 0.381s
2024-08-29 11:53:02.988 59603 INFO tempest.lib.common.rest_client [req-3d551943-405a-427b-a40b-582f91d60d18 req-3d551943-405a-427b-a40b-582f91d60d18 ] Request (ServersTestBootFromVolume:setUpClass): 201 POST http://10.180.1.21:9696/networking/v2.0/security-group-rules 0.321s
2024-08-29 11:53:03.141 59609 INFO tempest.lib.common.rest_client [req-67332e20-6a62-4f66-b90b-8ec432b6df76 req-67332e20-6a62-4f66-b90b-8ec432b6df76 ] Request (HostsAdminTestJSON:tearDownClass): 204 DELETE http://10.180.1.21:9696/networking/v2.0/security-groups/39868951-50e2-4933-aa28-d6d4839c3db8 0.699s
2024-08-29 11:53:03.209 59591 INFO tempest.lib.common.rest_client [req-55086508-13e9-41b1-82fd-a3c51ede87b7 req-55086508-13e9-41b1-82fd-a3c51ede87b7 ] Request (ValidationResourcesFixture:setUp): 201 POST http://10.180.1.21:9696/networking/v2.0/security-group-rules 0.737s
2024-08-29 11:53:03.241 59609 INFO tempest.lib.common.rest_client [req-e5823e00-2fda-430a-acf7-572a413309ce req-e5823e00-2fda-430a-acf7-572a413309ce ] Request (HostsAdminTestJSON:tearDownClass): 204 DELETE http://10.180.1.21/identity/v3/projects/5eb3ecaac5cf47bd9e5632f2d9f1a584 0.100s
2024-08-29 11:53:03.243 59609 INFO tempest.test [-] raised in LiveMigrationTest.setUpClass. Invoking tearDownClass.
2024-08-29 11:53:03.300 59603 INFO tempest.lib.common.rest_client [req-3d0e6efc-9cca-4b7b-ae9d-e18024a50ac9 req-3d0e6efc-9cca-4b7b-ae9d-e18024a50ac9 ] Request (ServersTestBootFromVolume:setUpClass): 201 POST http://10.180.1.21:9696/networking/v2.0/security-group-rules 0.311s
2024-08-29 11:53:03.321 59609 INFO tempest.lib.common.rest_client [req-4f0c09a3-8409-4b80-bc03-310ca6348aee req-4f0c09a3-8409-4b80-bc03-310ca6348aee ] Request (ImagesOneServerTestJSON:setUpClass): 201 POST http://10.180.1.21/identity/v3/auth/tokens 0.072s
2024-08-29 11:53:03.388 59609 INFO tempest.lib.common.rest_client [req-450b1334-9e8b-4d96-85c2-e16d7f3ddaa2 req-450b1334-9e8b-4d96-85c2-e16d7f3ddaa2 ] Request (ImagesOneServerTestJSON:setUpClass): 201 POST http://10.180.1.21/identity/v3/auth/tokens 0.024s
2024-08-29 11:53:03.407 59609 INFO tempest.lib.common.rest_client [req-1691e1f8-b2ba-4d6f-806d-d1ffd164aaf0 req-1691e1f8-b2ba-4d6f-806d-d1ffd164aaf0 ] Request (ImagesOneServerTestJSON:setUpClass): 200 GET http://10.180.1.21/identity/v3/domains?name=Default 0.019s
2024-08-29 11:53:03.440 59609 INFO tempest.lib.common.rest_client [req-8a512355-56b3-400f-a711-ec7b504c53aa req-8a512355-56b3-400f-a711-ec7b504c53aa ] Request (ImagesOneServerTestJSON:setUpClass): 201 POST http://10.180.1.21/identity/v3/projects 0.032s
2024-08-29 11:53:03.467 59585 INFO tempest.lib.common.rest_client [req-e17a9562-2107-4b50-b2d7-d622771ceff9 req-e17a9562-2107-4b50-b2d7-d622771ceff9 ] Request (TenantUsagesTestJSON:setUpClass): 200 GET http://10.180.1.21/compute/v2.1/servers/3117e247-0538-4a30-a0d7-aa47247a6da1 3.297s
2024-08-29 11:53:03.503 59609 INFO tempest.lib.common.rest_client [req-2961e457-349a-4257-8178-ddb4146f757f req-2961e457-349a-4257-8178-ddb4146f757f ] Request (ImagesOneServerTestJSON:setUpClass): 201 POST http://10.180.1.21/identity/v3/users 0.062s
2024-08-29 11:53:03.527 59609 INFO tempest.lib.common.rest_client [req-7d38398b-761f-4bec-841f-edb60cbea29a req-7d38398b-761f-4bec-841f-edb60cbea29a ] Request (ImagesOneServerTestJSON:setUpClass): 200 GET http://10.180.1.21/identity/v3/roles 0.023s
2024-08-29 11:53:03.566 59609 INFO tempest.lib.common.rest_client [req-6b85b522-6c83-442d-a9a4-7199b864c086 req-6b85b522-6c83-442d-a9a4-7199b864c086 ] Request (ImagesOneServerTestJSON:setUpClass): 204 PUT http://10.180.1.21/identity/v3/projects/bf820998e75a4e7d85c89c85ccdd4061/users/8e46726e813141a0b0c20a619fd60d46/roles/fdb579fa10204d6a9f9082aadca89426 0.038s
2024-08-29 11:53:03.566 59609 INFO tempest.lib.common.dynamic_creds [-] Dynamic test user 8e46726e813141a0b0c20a619fd60d46 is created with scope project and roles: ['member']
2024-08-29 11:53:03.566 59609 INFO tempest.lib.common.dynamic_creds [-] Acquired dynamic creds: credentials: Credentials: {'domain_id': 'default', 'domain_name': 'Default', 'username': 'tempest-ImagesOneServerTestJSON-446771646-project-member', 'project_domain_id': 'default', 'project_domain_name': 'Default', 'project_id': 'bf820998e75a4e7d85c89c85ccdd4061', 'project_name': 'tempest-ImagesOneServerTestJSON-446771646', 'tenant_id': 'bf820998e75a4e7d85c89c85ccdd4061', 'tenant_name': 'tempest-ImagesOneServerTestJSON-446771646', 'user_domain_id': 'default', 'user_domain_name': 'Default', 'user_id': '8e46726e813141a0b0c20a619fd60d46', 'system': None}, Network: None, Subnet: None, Router: None
2024-08-29 11:53:03.577 59613 INFO tempest.lib.common.rest_client [req-45428158-c2be-4785-81c4-8a422378bc54 req-45428158-c2be-4785-81c4-8a422378bc54 ] Request (ServerRescueTestJSON:setUpClass): 200 GET http://10.180.1.21/compute/v2.1/servers/e665fef0-afeb-4a5c-b9a3-d9a4809b6103 3.289s
2024-08-29 11:53:03.606 59559 INFO tempest.lib.common.rest_client [req-9ec1fb55-58e2-42d0-962f-458fa5ea445f req-9ec1fb55-58e2-42d0-962f-458fa5ea445f ] Request (ListImageFiltersTestJSON:setUpClass): 200 GET http://10.180.1.21/compute/v2.1/images/3cb806e4-922d-4356-b626-56170b63d8a5 3.260s
2024-08-29 11:53:03.627 59577 INFO tempest.lib.common.rest_client [req-892297e8-e624-43c8-9c4d-e14e79e903ef req-892297e8-e624-43c8-9c4d-e14e79e903ef ] Request (KeyPairsV210TestJSON:_run_cleanups): 204 DELETE http://10.180.1.21/compute/v2.1/os-keypairs/tempest-keypair-802201777?user_id=d487f4762579493fb4d58eb7bb341f45 3.262s
2024-08-29 11:53:03.640 59609 INFO tempest.lib.common.rest_client [req-fadf87ba-4e59-42c2-a481-535b70b64c22 req-fadf87ba-4e59-42c2-a481-535b70b64c22 ] Request (ImagesOneServerTestJSON:setUpClass): 201 POST http://10.180.1.21/identity/v3/auth/tokens 0.074s
2024-08-29 11:53:03.642 59595 INFO tempest.lib.common.rest_client [req-d98caa51-7155-4157-a5db-6ea35b67c5b0 req-d98caa51-7155-4157-a5db-6ea35b67c5b0 ] Request (FlavorsAccessTestJSON:_run_cleanups): 200 GET http://10.180.1.21/compute/v2.1/flavors/detail 3.266s
2024-08-29 11:53:03.706 59577 INFO tempest.lib.common.rest_client [req-928e628c-b40f-4463-ac66-f9c111984b67 req-928e628c-b40f-4463-ac66-f9c111984b67 ] Request (KeyPairsV210TestJSON:tearDownClass): 204 DELETE http://10.180.1.21/identity/v3/users/d487f4762579493fb4d58eb7bb341f45 0.078s
2024-08-29 11:53:03.721 59571 INFO tempest.lib.common.rest_client [req-a1a80ee2-f7e3-4a2a-b2b1-e9de2455866b req-a1a80ee2-f7e3-4a2a-b2b1-e9de2455866b ] Request (ServersAdminTestJSON:setUpClass): 201 POST http://10.180.1.21:9696/networking/v2.0/subnets 1.089s
2024-08-29 11:53:03.741 59553 INFO tempest.lib.common.rest_client [req-e6f2d9cc-6ff1-4d3b-835e-de859d3fdcdd req-e6f2d9cc-6ff1-4d3b-835e-de859d3fdcdd ] Request (FloatingIPDetailsTestJSON:tearDownClass): 202 DELETE http://10.180.1.21/compute/v2.1/os-floating-ips/168f2385-8bde-4762-afde-875f474ace9b 3.636s
2024-08-29 11:53:03.746 59563 INFO tempest.lib.common.rest_client [req-1ccb0efc-8e07-4100-a2e3-b597cc5449a8 req-1ccb0efc-8e07-4100-a2e3-b597cc5449a8 ] Request (HostsAdminNegativeTestJSON:test_reboot_host_with_non_admin_user): 403 GET http://10.180.1.21/compute/v2.1/os-hosts/devstack/reboot 3.043s
2024-08-29 11:53:03.774 59573 INFO tempest.lib.common.rest_client [req-da5a97a6-f2b0-47ae-87fa-b9d3989c3b5c req-da5a97a6-f2b0-47ae-87fa-b9d3989c3b5c ] Request (AggregatesAdminNegativeTestJSON:test_aggregate_add_non_exist_host): 404 POST http://10.180.1.21/compute/v2.1/os-aggregates/3/action 3.051s
2024-08-29 11:53:03.775 59591 INFO tempest.lib.common.rest_client [req-e9d98e40-3090-44f6-9157-53d201fe92c1 req-e9d98e40-3090-44f6-9157-53d201fe92c1 ] Request (ValidationResourcesFixture:setUp): 201 POST http://10.180.1.21:9696/networking/v2.0/security-group-rules 0.565s
2024-08-29 11:53:03.815 59595 INFO tempest.lib.common.rest_client [req-9225d990-ce3f-48fb-b08a-82576e639b1f req-9225d990-ce3f-48fb-b08a-82576e639b1f ] Request (FlavorsAccessTestJSON:tearDownClass): 204 DELETE http://10.180.1.21/identity/v3/users/af26cc98a6904bf988cf22ded7a85f96 0.165s
2024-08-29 11:53:03.843 59577 INFO tempest.lib.common.rest_client [req-c3e2bd24-5cf0-4867-a975-9b980fd27886 req-c3e2bd24-5cf0-4867-a975-9b980fd27886 ] Request (KeyPairsV210TestJSON:tearDownClass): 204 DELETE http://10.180.1.21/identity/v3/users/97235b78ca4f4213aa14f5ffa3803683 0.136s
2024-08-29 11:53:03.844 59577 INFO tempest.lib.common.dynamic_creds [-] Deleting project and security group for project: 7329e2721b5c45598ec9df755dee3350
2024-08-29 11:53:03.916 59597 INFO tempest.lib.common.rest_client [req-f8ad1527-cb98-46cc-86e8-656d386d55de req-f8ad1527-cb98-46cc-86e8-656d386d55de ] Request (ServersAdminNegativeTestJSON:setUpClass): 200 GET http://10.180.1.21/compute/v2.1/servers/ad662e06-1a0f-4110-8d23-8ff6c6889eee 3.515s
2024-08-29 11:53:03.932 59577 INFO tempest.lib.common.rest_client [req-c10e8795-3315-4396-83a8-5584ce61da12 req-c10e8795-3315-4396-83a8-5584ce61da12 ] Request (KeyPairsV210TestJSON:tearDownClass): 201 POST http://10.180.1.21/identity/v3/auth/tokens 0.088s
2024-08-29 11:53:03.934 59595 INFO tempest.lib.common.rest_client [req-35087cc2-f851-4cd2-b642-c4bff1ee0b83 req-35087cc2-f851-4cd2-b642-c4bff1ee0b83 ] Request (FlavorsAccessTestJSON:tearDownClass): 204 DELETE http://10.180.1.21/identity/v3/users/38e222ee2f244a93849af8dc0a63e512 0.117s
2024-08-29 11:53:03.935 59595 INFO tempest.lib.common.dynamic_creds [-] Deleting project and security group for project: 2b6752f9040c48fb84236092c4d20718
2024-08-29 11:53:04.090 59595 INFO tempest.lib.common.rest_client [req-a87aa9f3-b52d-41a5-9398-1a057d0fe950 req-a87aa9f3-b52d-41a5-9398-1a057d0fe950 ] Request (FlavorsAccessTestJSON:tearDownClass): 201 POST http://10.180.1.21/identity/v3/auth/tokens 0.155s
2024-08-29 11:53:04.118 59587 INFO tempest.lib.common.rest_client [req-20bdffbd-d124-4a47-931d-591a852b740f req-20bdffbd-d124-4a47-931d-591a852b740f ] Request (QuotasAdminTestJSON:test_delete_quota): 200 PUT http://10.180.1.21/compute/v2.1/os-quota-sets/40c2b10a77f045f0b23546a66c521d5d 3.079s
2024-08-29 11:53:04.153 59599 INFO tempest.lib.common.rest_client [req-45ae07ef-023d-4ab7-9f4c-1c638f65da59 req-45ae07ef-023d-4ab7-9f4c-1c638f65da59 ] Request (FloatingIPsTestJSON:tearDownClass): 200 PUT http://10.180.1.21:9696/networking/v2.0/routers/fd999cd9-ac67-404c-a5cf-8549f7457929/remove_router_interface 2.927s
2024-08-29 11:53:04.190 59559 INFO tempest.lib.common.rest_client [req-098a6350-eb63-4ff6-97dc-0891df8f2b00 req-098a6350-eb63-4ff6-97dc-0891df8f2b00 ] Request (ListImageFiltersTestJSON:setUpClass): 201 POST http://10.180.1.21/image/v2/images 0.580s
2024-08-29 11:53:04.697 59609 INFO tempest.lib.common.rest_client [req-62e09b5d-94ef-4e43-8a45-487486ab6521 req-62e09b5d-94ef-4e43-8a45-487486ab6521 ] Request (ImagesOneServerTestJSON:setUpClass): 201 POST http://10.180.1.21:9696/networking/v2.0/networks 1.056s
2024-08-29 11:53:04.761 59577 INFO tempest.lib.common.rest_client [req-ff8c53a8-0c3b-4462-8254-f15edf5a2e58 req-ff8c53a8-0c3b-4462-8254-f15edf5a2e58 ] Request (KeyPairsV210TestJSON:tearDownClass): 200 GET http://10.180.1.21:9696/networking/v2.0/security-groups?tenant_id=7329e2721b5c45598ec9df755dee3350&name=default 0.829s
2024-08-29 11:53:04.820 59595 INFO tempest.lib.common.rest_client [req-33752348-4843-4af8-a172-93e93e112371 req-33752348-4843-4af8-a172-93e93e112371 ] Request (FlavorsAccessTestJSON:tearDownClass): 200 GET http://10.180.1.21:9696/networking/v2.0/security-groups?tenant_id=2b6752f9040c48fb84236092c4d20718&name=default 0.729s
2024-08-29 11:53:04.832 59557 INFO tempest.lib.common.rest_client [req-103cdaba-ca6b-4d95-83b2-4b4c5f74da93 req-103cdaba-ca6b-4d95-83b2-4b4c5f74da93 ] Request (SecurityGroupRulesTestJSON:test_security_group_rules_delete_when_peer_group_deleted): 200 POST http://10.180.1.21/compute/v2.1/os-security-group-rules 3.808s
2024-08-29 11:53:04.935 59605 INFO tempest.lib.common.rest_client [req-dc5096b0-c5e4-479d-a10c-a1aff0e8575b req-dc5096b0-c5e4-479d-a10c-a1aff0e8575b ] Request (InstanceUsageAuditLogTestJSON:test_get_instance_usage_audit_log): 200 GET http://10.180.1.21/compute/v2.1/os-instance_usage_audit_log/2024-08-29%2011%3A53%3A01 3.609s
2024-08-29 11:53:04.937 59569 INFO tempest.lib.common.rest_client [req-89482f0e-3f83-4c95-ba42-4c396097b6a0 req-89482f0e-3f83-4c95-ba42-4c396097b6a0 ] Request (VolumesAssistedSnapshotsTest:test_volume_assisted_snapshot_create_delete): 200 GET http://10.180.1.21/compute/v2.1/servers/3089e10b-f9fd-4049-b8f4-9297fe6a7c86 3.627s
2024-08-29 11:53:05.136 59577 INFO tempest.lib.common.rest_client [req-1770ea42-c280-46a9-a2ba-6f247ab12e99 req-1770ea42-c280-46a9-a2ba-6f247ab12e99 ] Request (KeyPairsV210TestJSON:tearDownClass): 204 DELETE http://10.180.1.21:9696/networking/v2.0/security-groups/53ab6077-2c0a-458f-bf92-51d7a626ebb0 0.374s
2024-08-29 11:53:05.204 59595 INFO tempest.lib.common.rest_client [req-8c42cb1b-05ed-49e2-ade9-7f8912dc12e8 req-8c42cb1b-05ed-49e2-ade9-7f8912dc12e8 ] Request (FlavorsAccessTestJSON:tearDownClass): 204 DELETE http://10.180.1.21:9696/networking/v2.0/security-groups/280f1b31-907c-4b05-ba73-961d78847995 0.382s
2024-08-29 11:53:05.221 59577 INFO tempest.lib.common.rest_client [req-b5c9b82e-18d8-4ded-b0f0-854acea173c8 req-b5c9b82e-18d8-4ded-b0f0-854acea173c8 ] Request (KeyPairsV210TestJSON:tearDownClass): 204 DELETE http://10.180.1.21/identity/v3/projects/7329e2721b5c45598ec9df755dee3350 0.085s
2024-08-29 11:53:05.221 59577 INFO tempest.lib.common.dynamic_creds [-] Deleting project and security group for project: 5e98ee13156e4941831c77d4295ce424
2024-08-29 11:53:05.319 59593 INFO tempest.lib.common.rest_client [req-24bc2811-3ea2-49f8-8080-888b5e1aa84a req-24bc2811-3ea2-49f8-8080-888b5e1aa84a ] Request (ImagesOneServerNegativeTestJSON:setUpClass): 201 POST http://10.180.1.21:9696/networking/v2.0/routers 3.821s
2024-08-29 11:53:05.331 59595 INFO tempest.lib.common.rest_client [req-40b3e99a-94b4-41c9-94be-62879897a67f req-40b3e99a-94b4-41c9-94be-62879897a67f ] Request (FlavorsAccessTestJSON:tearDownClass): 204 DELETE http://10.180.1.21/identity/v3/projects/2b6752f9040c48fb84236092c4d20718 0.126s
2024-08-29 11:53:05.331 59595 INFO tempest.lib.common.dynamic_creds [-] Deleting project and security group for project: e0ad50d874194b1fa5aaa36e45119a61
2024-08-29 11:53:05.440 59561 INFO tempest.lib.common.rest_client [req-a59f708d-0bd8-4a32-8aec-1d174a8787d0 req-a59f708d-0bd8-4a32-8aec-1d174a8787d0 ] Request (ServerExternalEventsTest:test_create_server_external_events): 202 POST http://10.180.1.21/compute/v2.1/servers 3.833s
2024-08-29 11:53:05.458 59603 INFO tempest.lib.common.rest_client [req-287e1383-f9ce-49ab-b392-8ec1e1f2b6d7 req-287e1383-f9ce-49ab-b392-8ec1e1f2b6d7 ] Request (ServersTestBootFromVolume:setUpClass): 201 POST http://10.180.1.21:9696/networking/v2.0/floatingips 2.158s
2024-08-29 11:53:05.476 59609 INFO tempest.lib.common.rest_client [req-f4f2b47e-5482-46b9-862a-193f6303b4a1 req-f4f2b47e-5482-46b9-862a-193f6303b4a1 ] Request (ImagesOneServerTestJSON:setUpClass): 201 POST http://10.180.1.21:9696/networking/v2.0/subnets 0.778s
2024-08-29 11:53:05.500 59583 INFO tempest.lib.common.rest_client [req-9ab07dbd-cc93-42ad-8880-ec21496d6eb3 req-9ab07dbd-cc93-42ad-8880-ec21496d6eb3 ] Request (FloatingIPsAssociationTestJSON:setUpClass): 200 GET http://10.180.1.21/compute/v2.1/servers/31c17493-263e-4d08-b669-e901b07060d5 4.005s
2024-08-29 11:53:05.533 59603 INFO tempest.lib.common.rest_client [req-1bfb6393-543a-4def-a8df-f0061686194b req-1bfb6393-543a-4def-a8df-f0061686194b ] Request (ServersTestBootFromVolume:setUpClass): 201 POST http://10.180.1.21/identity/v3/auth/tokens 0.067s
2024-08-29 11:53:05.533 59603 INFO tempest.lib.common.fixed_network [-] (ServersTestBootFromVolume:setUpClass) Found network {'id': 'c28e0c88-1c25-4509-92f2-6a363e5375f1', 'name': 'tempest-ServersTestBootFromVolume-1830521337-network', 'tenant_id': 'f3f67b9ae417479bb932648935153a1f', 'admin_state_up': True, 'mtu': 8950, 'status': 'ACTIVE', 'subnets': [], 'shared': False, 'project_id': 'f3f67b9ae417479bb932648935153a1f', 'port_security_enabled': True, 'router:external': False, 'provider:network_type': 'vlan', 'provider:physical_network': 'default', 'provider:segmentation_id': 5, 'is_default': False, 'availability_zone_hints': [], 'availability_zones': [], 'ipv4_address_scope': None, 'ipv6_address_scope': None, 'description': '', 'tags': [], 'created_at': '2024-08-29T11:52:54Z', 'updated_at': '2024-08-29T11:52:54Z', 'revision_number': 1} available for tenant
