2024-08-29 11:53:17.608 59613 INFO tempest.lib.common.rest_client [req-7b55a980-932b-4e17-97a9-93fb932ee0f9 req-7b55a980-932b-4e17-97a9-93fb932ee0f9 ] Request (ServerRescueTestJSON:tearDownClass): 204 DELETE http://10.180.1.21:9696/networking/v2.0/networks/5785f9c2-953b-4e34-ad65-6820dc048e19 0.511s
2024-08-29 11:53:17.610 59603 INFO tempest.lib.common.rest_client [req-4114afd0-6706-4192-8fd4-3b27cdedcd61 req-4114afd0-6706-4192-8fd4-3b27cdedcd61 ] Request (ServersTestBootFromVolume:setUpClass): 200 GET http://10.180.1.21/volume/v3/f3f67b9ae417479bb932648935153a1f/volumes/aaa2b158-ceee-4534-be42-4421a175ff1d 0.024s
2024-08-29 11:53:17.651 59561 INFO tempest.lib.common.rest_client [req-a9d44a27-486d-4b63-9861-21414dbc161f req-a9d44a27-486d-4b63-9861-21414dbc161f ] Request (ServerExternalEventsTest:tearDownClass): 204 DELETE http://10.180.1.21/identity/v3/users/a3fed00679904a4d863d5bfe291d4f2c 0.087s
2024-08-29 11:53:17.686 59613 INFO tempest.lib.common.rest_client [req-f97008bc-3563-4586-bc32-c128dc8f5b7e req-f97008bc-3563-4586-bc32-c128dc8f5b7e ] Request (ServerRescueTestJSON:tearDownClass): 204 DELETE http://10.180.1.21/identity/v3/users/5ae915f4075a4ad7b72787fcb58d2181 0.078s
2024-08-29 11:53:17.686 59613 INFO tempest.lib.common.dynamic_creds [-] Deleting project and security group for project: d61e42808a6f40e0b1d7d1236a568bcf
2024-08-29 11:53:17.746 59553 INFO tempest.lib.common.rest_client [req-d1fe43c3-b206-4e76-99f4-9ff8a5bb5e79 req-d1fe43c3-b206-4e76-99f4-9ff8a5bb5e79 ] Request (ServersV294TestFqdnHostnames:setUpClass): 201 POST http://10.180.1.21:9696/networking/v2.0/routers 2.355s
2024-08-29 11:53:17.798 59561 INFO tempest.lib.common.rest_client [req-c45b2ea2-0d7f-412a-988d-741ee6a5149e req-c45b2ea2-0d7f-412a-988d-741ee6a5149e ] Request (ServerExternalEventsTest:tearDownClass): 204 DELETE http://10.180.1.21/identity/v3/users/3e8eaa5c80484a0a88d54d38b2bc6340 0.147s
2024-08-29 11:53:17.799 59561 INFO tempest.lib.common.dynamic_creds [-] Deleting project and security group for project: bc0ef6f2aa7c4cdcb299d99af86ac8ba
2024-08-29 11:53:17.823 59581 INFO tempest.lib.common.rest_client [req-481f836f-edc5-4a6e-94e4-022ba0304f82 req-481f836f-edc5-4a6e-94e4-022ba0304f82 ] Request (ServerRescueTestJSONUnderV235:setUpClass): 200 GET http://10.180.1.21/compute/v2.1/servers/f2673a5e-28b0-4a93-b93b-8eef64380e08 2.809s
2024-08-29 11:53:17.858 59613 INFO tempest.lib.common.rest_client [req-2cd04378-0bef-4ccb-937f-becd2764b3af req-2cd04378-0bef-4ccb-937f-becd2764b3af ] Request (ServerRescueTestJSON:tearDownClass): 200 GET http://10.180.1.21:9696/networking/v2.0/security-groups?tenant_id=d61e42808a6f40e0b1d7d1236a568bcf&name=default 0.171s
2024-08-29 11:53:17.876 59599 INFO tempest.lib.common.rest_client [req-6a191f94-40ca-4ef0-a291-72a84306c3d8 req-6a191f94-40ca-4ef0-a291-72a84306c3d8 ] Request (SecurityGroupRulesNegativeTestJSON:test_create_security_group_rule_duplicate): 200 POST http://10.180.1.21/compute/v2.1/os-security-groups 3.041s
2024-08-29 11:53:17.899 59561 INFO tempest.lib.common.rest_client [req-19ef4ccc-1c0a-4820-aa65-f2c0a5043afd req-19ef4ccc-1c0a-4820-aa65-f2c0a5043afd ] Request (ServerExternalEventsTest:tearDownClass): 201 POST http://10.180.1.21/identity/v3/auth/tokens 0.100s
2024-08-29 11:53:18.013 59587 INFO tempest.lib.common.rest_client [req-ba5706ae-ffe6-459d-933e-eecd84e74231 req-ba5706ae-ffe6-459d-933e-eecd84e74231 ] Request (QuotasAdminTestJSON:test_get_updated_quotas): 200 GET http://10.180.1.21/compute/v2.1/os-quota-sets/ba0563280f134de0a4c6c8608f854554/detail 2.637s
2024-08-29 11:53:18.019 59611 INFO tempest.lib.common.rest_client [req-35190a82-6ccf-4039-aae1-9271f3ea0e7a req-35190a82-6ccf-4039-aae1-9271f3ea0e7a ] Request (MigrationsAdminTest:test_list_migrations_in_flavor_resize_situation): 200 GET http://10.180.1.21/compute/v2.1/servers/02929ad5-b2f4-4a80-a606-2a0c9b6222e4 2.699s
2024-08-29 11:53:18.049 59587 INFO tempest.lib.common.rest_client [req-4fd01441-bf94-4292-a5d8-1c6e15f398e1 req-4fd01441-bf94-4292-a5d8-1c6e15f398e1 ] Request (QuotasAdminTestJSON:test_get_updated_quotas): 200 GET http://10.180.1.21/identity/v3/domains?name=Default 0.030s
2024-08-29 11:53:18.082 59587 INFO tempest.lib.common.rest_client [req-889323d4-5773-4ce7-aa83-0451168d86aa req-889323d4-5773-4ce7-aa83-0451168d86aa ] Request (QuotasAdminTestJSON:test_get_updated_quotas): 201 POST http://10.180.1.21/identity/v3/users 0.033s
2024-08-29 11:53:18.109 59587 INFO tempest.lib.common.rest_client [req-817667de-81bd-4415-9503-a4b0e1ed5e8f req-817667de-81bd-4415-9503-a4b0e1ed5e8f ] Request (QuotasAdminTestJSON:test_get_updated_quotas): 200 GET http://10.180.1.21/identity/v3/domains?name=Default 0.026s
2024-08-29 11:53:18.111 59613 INFO tempest.lib.common.rest_client [req-5bb95cef-564d-419a-886d-27794734cc0f req-5bb95cef-564d-419a-886d-27794734cc0f ] Request (ServerRescueTestJSON:tearDownClass): 204 DELETE http://10.180.1.21:9696/networking/v2.0/security-groups/41aa1e47-db81-410b-b504-c7976fb0c826 0.253s
2024-08-29 11:53:18.115 59595 INFO tempest.lib.common.rest_client [req-e29e50e4-bdf2-4208-b50c-f33088e16b9a req-e29e50e4-bdf2-4208-b50c-f33088e16b9a ] Request (ServerActionsTestJSON:setUpClass): 200 POST http://10.180.1.21/compute/v2.1/os-keypairs 2.567s
2024-08-29 11:53:18.138 59607 INFO tempest.lib.common.rest_client [req-4c555650-9e9c-4da1-b495-4b8c38d63bd9 req-4c555650-9e9c-4da1-b495-4b8c38d63bd9 ] Request (ServerMetadataTestJSON:setUpClass): 404 GET http://10.180.1.21/compute/v2.1/servers/5c5c4200-a527-4bf9-bc2d-a369c25f60ca 2.424s
2024-08-29 11:53:18.138 59607 INFO tempest.test [-] raised in ServerMetadataTestJSON.setUpClass. Invoking tearDownClass.
2024-08-29 11:53:18.175 59613 INFO tempest.lib.common.rest_client [req-b0cab35a-baa2-4bac-8c95-e2b285a1531b req-b0cab35a-baa2-4bac-8c95-e2b285a1531b ] Request (ServerRescueTestJSON:tearDownClass): 204 DELETE http://10.180.1.21/identity/v3/projects/d61e42808a6f40e0b1d7d1236a568bcf 0.063s
2024-08-29 11:53:18.204 59551 INFO tempest.lib.common.rest_client [req-42f9ab5c-b1ae-4b51-b82d-21634485a301 req-42f9ab5c-b1ae-4b51-b82d-21634485a301 ] Request (ServerAddressesTestJSON:tearDownClass): 200 PUT http://10.180.1.21:9696/networking/v2.0/routers/76b22ac9-b857-4f09-ab6b-cd52b8269bc4/remove_router_interface 2.390s
2024-08-29 11:53:18.242 59613 INFO tempest.lib.common.rest_client [req-2270baa1-e47a-4aa7-8c8d-a5bc17bf46ca req-2270baa1-e47a-4aa7-8c8d-a5bc17bf46ca ] Request (VolumesNegativeTest:setUpClass): 201 POST http://10.180.1.21/identity/v3/auth/tokens 0.062s
2024-08-29 11:53:18.275 59613 INFO tempest.lib.common.rest_client [req-1d2456c0-b2d7-4fb9-a191-13d46d7bf49d req-1d2456c0-b2d7-4fb9-a191-13d46d7bf49d ] Request (VolumesNegativeTest:setUpClass): 201 POST http://10.180.1.21/identity/v3/auth/tokens 0.029s
2024-08-29 11:53:18.299 59613 INFO tempest.lib.common.rest_client [req-19e408a1-e162-443f-aa9a-9e5e12862db6 req-19e408a1-e162-443f-aa9a-9e5e12862db6 ] Request (VolumesNegativeTest:setUpClass): 200 GET http://10.180.1.21/identity/v3/domains?name=Default 0.024s
2024-08-29 11:53:18.321 59555 INFO tempest.lib.common.rest_client [req-7b82a946-d61e-41b8-917a-1e4f51943401 req-7b82a946-d61e-41b8-917a-1e4f51943401 ] Request (ServerDiagnosticsTest:test_get_server_diagnostics): 200 GET http://10.180.1.21/compute/v2.1/servers/b4c4bd0e-fba2-4e19-a1f6-c95490ed38f0 2.704s
2024-08-29 11:53:18.325 59561 INFO tempest.lib.common.rest_client [req-7fb31e3b-e154-4e74-a327-69c12818fc0f req-7fb31e3b-e154-4e74-a327-69c12818fc0f ] Request (ServerExternalEventsTest:tearDownClass): 200 GET http://10.180.1.21:9696/networking/v2.0/security-groups?tenant_id=bc0ef6f2aa7c4cdcb299d99af86ac8ba&name=default 0.426s
2024-08-29 11:53:18.338 59613 INFO tempest.lib.common.rest_client [req-acf9f4cb-efce-4674-a017-3fd6f57aa6cd req-acf9f4cb-efce-4674-a017-3fd6f57aa6cd ] Request (VolumesNegativeTest:setUpClass): 201 POST http://10.180.1.21/identity/v3/projects 0.038s
2024-08-29 11:53:18.342 59591 INFO tempest.lib.common.rest_client [req-d0ab4ac1-6c54-4c9f-bcf2-f185849ea721 req-d0ab4ac1-6c54-4c9f-bcf2-f185849ea721 ] Request (ServersWithSpecificFlavorTestJSON:test_verify_created_server_ephemeral_disk): 204 DELETE http://10.180.1.21/compute/v2.1/servers/c090044d-2316-4e48-9cfa-ad889b9e1b70 2.543s
2024-08-29 11:53:18.392 59595 INFO tempest.lib.common.rest_client [req-f813661d-71de-4a5c-8ede-7e0f1bca19e8 req-f813661d-71de-4a5c-8ede-7e0f1bca19e8 ] Request (ServerActionsTestJSON:setUpClass): 201 POST http://10.180.1.21:9696/networking/v2.0/security-groups 0.274s
2024-08-29 11:53:18.408 59613 INFO tempest.lib.common.rest_client [req-ccf2493e-626a-4a4e-8c42-d99ba210067e req-ccf2493e-626a-4a4e-8c42-d99ba210067e ] Request (VolumesNegativeTest:setUpClass): 201 POST http://10.180.1.21/identity/v3/users 0.069s
2024-08-29 11:53:18.432 59613 INFO tempest.lib.common.rest_client [req-099b25bc-38fa-416a-8c01-5b29fdeefbc4 req-099b25bc-38fa-416a-8c01-5b29fdeefbc4 ] Request (VolumesNegativeTest:setUpClass): 200 GET http://10.180.1.21/identity/v3/roles 0.024s
2024-08-29 11:53:18.479 59613 INFO tempest.lib.common.rest_client [req-3219f249-775d-448d-a921-5b3d04f5b920 req-3219f249-775d-448d-a921-5b3d04f5b920 ] Request (VolumesNegativeTest:setUpClass): 204 PUT http://10.180.1.21/identity/v3/projects/f428372fb99d42cd8dca16cfa7db0678/users/fe11807ffab441e4ac183bed6762a35f/roles/fdb579fa10204d6a9f9082aadca89426 0.046s
2024-08-29 11:53:18.479 59613 INFO tempest.lib.common.dynamic_creds [-] Dynamic test user fe11807ffab441e4ac183bed6762a35f is created with scope project and roles: ['member']
2024-08-29 11:53:18.480 59613 INFO tempest.lib.common.dynamic_creds [-] Acquired dynamic creds: credentials: Credentials: {'domain_id': 'default', 'domain_name': 'Default', 'username': 'tempest-VolumesNegativeTest-2071198662-project-member', 'project_domain_id': 'default', 'project_domain_name': 'Default', 'project_id': 'f428372fb99d42cd8dca16cfa7db0678', 'project_name': 'tempest-VolumesNegativeTest-2071198662', 'tenant_id': 'f428372fb99d42cd8dca16cfa7db0678', 'tenant_name': 'tempest-VolumesNegativeTest-2071198662', 'user_domain_id': 'default', 'user_domain_name': 'Default', 'user_id': 'fe11807ffab441e4ac183bed6762a35f', 'system': None}, Network: None, Subnet: None, Router: None
2024-08-29 11:53:18.480 59613 INFO tempest.lib.common.dynamic_creds [-] Created isolated network resources for: credentials: Credentials: {'domain_id': 'default', 'domain_name': 'Default', 'username': 'tempest-VolumesNegativeTest-2071198662-project-member', 'project_domain_id': 'default', 'project_domain_name': 'Default', 'project_id': 'f428372fb99d42cd8dca16cfa7db0678', 'project_name': 'tempest-VolumesNegativeTest-2071198662', 'tenant_id': 'f428372fb99d42cd8dca16cfa7db0678', 'tenant_name': 'tempest-VolumesNegativeTest-2071198662', 'user_domain_id': 'default', 'user_domain_name': 'Default', 'user_id': 'fe11807ffab441e4ac183bed6762a35f', 'system': None}, Network: None, Subnet: None, Router: None
2024-08-29 11:53:18.563 59613 INFO tempest.lib.common.rest_client [req-795826d6-d694-4151-993d-b5d155cc9118 req-795826d6-d694-4151-993d-b5d155cc9118 ] Request (VolumesNegativeTest:setUpClass): 201 POST http://10.180.1.21/identity/v3/auth/tokens 0.078s
2024-08-29 11:53:18.589 59589 INFO tempest.lib.common.rest_client [req-43f12043-a14a-4976-aa66-379fa4e87818 req-43f12043-a14a-4976-aa66-379fa4e87818 ] Request (ServerDiagnosticsNegativeTest:test_get_server_diagnostics_by_non_admin): 200 GET http://10.180.1.21/compute/v2.1/servers/d501202a-354c-42e1-8480-f026d5216a58 2.396s
2024-08-29 11:53:18.645 59603 INFO tempest.lib.common.rest_client [req-60749e34-0b71-4e31-9420-8c31d20c6613 req-60749e34-0b71-4e31-9420-8c31d20c6613 ] Request (ServersTestBootFromVolume:setUpClass): 200 GET http://10.180.1.21/volume/v3/f3f67b9ae417479bb932648935153a1f/volumes/aaa2b158-ceee-4534-be42-4421a175ff1d 0.027s
2024-08-29 11:53:18.800 59575 INFO tempest.lib.common.rest_client [req-a916bb80-e7d1-4bf4-a67b-db0f4fb52b42 req-a916bb80-e7d1-4bf4-a67b-db0f4fb52b42 ] Request (DeleteServersAdminTestJSON:test_admin_delete_servers_of_others): 200 GET http://10.180.1.21/compute/v2.1/servers/eae87f89-8488-42e6-b065-1198bfbe8177 2.988s
2024-08-29 11:53:18.894 59595 INFO tempest.lib.common.rest_client [req-ff913e09-f1e7-4132-947b-73b4cb33fd7f req-ff913e09-f1e7-4132-947b-73b4cb33fd7f ] Request (ServerActionsTestJSON:setUpClass): 201 POST http://10.180.1.21:9696/networking/v2.0/security-group-rules 0.501s
2024-08-29 11:53:18.897 59593 INFO tempest.lib.common.rest_client [req-8bac22fc-e79e-4dfc-b8b7-f46e5d25b5f5 req-8bac22fc-e79e-4dfc-b8b7-f46e5d25b5f5 ] Request (ImagesOneServerNegativeTestJSON:setUpClass): 200 GET http://10.180.1.21/compute/v2.1/servers/970a093a-c5be-499e-8a4b-5c76b673ac82 2.417s
2024-08-29 11:53:18.941 59561 INFO tempest.lib.common.rest_client [req-9ec47afd-628e-4215-a9a0-dfc1b189782c req-9ec47afd-628e-4215-a9a0-dfc1b189782c ] Request (ServerExternalEventsTest:tearDownClass): 204 DELETE http://10.180.1.21:9696/networking/v2.0/security-groups/02940933-539e-4e13-b3f3-173c504a887a 0.616s
2024-08-29 11:53:18.981 59585 INFO tempest.lib.common.rest_client [req-cf7658f1-c604-48f7-9dc1-cf59e11dff68 req-cf7658f1-c604-48f7-9dc1-cf59e11dff68 ] Request (TenantUsagesTestJSON:setUpClass): 200 GET http://10.180.1.21/compute/v2.1/servers/3117e247-0538-4a30-a0d7-aa47247a6da1 2.770s
2024-08-29 11:53:19.045 59561 INFO tempest.lib.common.rest_client [req-921bcfb1-9dc7-404f-9c30-26f8bd1e0524 req-921bcfb1-9dc7-404f-9c30-26f8bd1e0524 ] Request (ServerExternalEventsTest:tearDownClass): 204 DELETE http://10.180.1.21/identity/v3/projects/bc0ef6f2aa7c4cdcb299d99af86ac8ba 0.104s
2024-08-29 11:53:19.045 59561 INFO tempest.lib.common.dynamic_creds [-] Deleting project and security group for project: 97c9f2d6acfb47dfa05dfe278bab023b
2024-08-29 11:53:19.192 59595 INFO tempest.lib.common.rest_client [req-9e49d21b-99e1-4720-bc54-b09a725e8764 req-9e49d21b-99e1-4720-bc54-b09a725e8764 ] Request (ServerActionsTestJSON:setUpClass): 201 POST http://10.180.1.21:9696/networking/v2.0/security-group-rules 0.298s
2024-08-29 11:53:19.233 59597 INFO tempest.lib.common.rest_client [req-dfb40098-f7ec-4a54-bb44-93245743464d req-dfb40098-f7ec-4a54-bb44-93245743464d ] Request (ServersAdminNegativeTestJSON:setUpClass): 200 GET http://10.180.1.21/compute/v2.1/servers/ad662e06-1a0f-4110-8d23-8ff6c6889eee 2.702s
2024-08-29 11:53:19.245 59567 INFO tempest.lib.common.rest_client [req-aaab355f-5e69-46d5-b14f-d65188bf8600 req-aaab355f-5e69-46d5-b14f-d65188bf8600 ] Request (FlavorsV2TestJSON:test_list_flavors): 200 GET http://10.180.1.21/compute/v2.1/flavors 2.640s
2024-08-29 11:53:19.331 59559 INFO tempest.lib.common.rest_client [req-0aa05be1-77a8-4186-8f79-eb983942cb6f req-0aa05be1-77a8-4186-8f79-eb983942cb6f ] Request (ListImageFiltersTestJSON:setUpClass): 200 GET http://10.180.1.21/compute/v2.1/servers/363483ff-37f3-414a-8c8b-8980cd248cdd 2.278s
2024-08-29 11:53:19.365 59561 INFO tempest.lib.common.rest_client [req-c69f77a7-4321-47c6-99e7-53d042b56c1d req-c69f77a7-4321-47c6-99e7-53d042b56c1d ] Request (ServerExternalEventsTest:tearDownClass): 200 GET http://10.180.1.21:9696/networking/v2.0/security-groups?tenant_id=97c9f2d6acfb47dfa05dfe278bab023b&name=default 0.319s
2024-08-29 11:53:19.447 59557 INFO tempest.lib.common.rest_client [req-64e517c4-59e2-43c8-bd41-ca366be5e4c2 req-64e517c4-59e2-43c8-bd41-ca366be5e4c2 ] Request (SecurityGroupRulesTestJSON:test_security_group_rules_list): 200 POST http://10.180.1.21/compute/v2.1/os-security-group-rules 2.951s
2024-08-29 11:53:19.494 59551 INFO tempest.lib.common.rest_client [req-855f975c-993e-4076-95c1-de73adae82c7 req-855f975c-993e-4076-95c1-de73adae82c7 ] Request (ServerAddressesTestJSON:tearDownClass): 204 DELETE http://10.180.1.21:9696/networking/v2.0/routers/76b22ac9-b857-4f09-ab6b-cd52b8269bc4 1.289s
2024-08-29 11:53:19.544 59609 INFO tempest.lib.common.rest_client [req-ceca201a-9a7d-46e9-8396-f28caf6d5601 req-ceca201a-9a7d-46e9-8396-f28caf6d5601 ] Request (ImagesOneServerTestJSON:setUpClass): 200 GET http://10.180.1.21/compute/v2.1/servers/f5c8b9f0-bdf5-465a-b02e-cf5cb0067815 2.390s
2024-08-29 11:53:19.570 59565 INFO tempest.lib.common.rest_client [req-c290cd34-d478-45e1-a166-146b4ee1a4da req-c290cd34-d478-45e1-a166-146b4ee1a4da ] Request (FlavorsAdminTestJSON:_run_cleanups): 200 GET http://10.180.1.21/compute/v2.1/flavors/detail 2.404s
2024-08-29 11:53:19.596 59601 INFO tempest.lib.common.rest_client [req-b7b0e1f1-a8c7-4bce-8fd9-97efa4fdbd3c req-b7b0e1f1-a8c7-4bce-8fd9-97efa4fdbd3c ] Request (ServerActionsTestOtherA:setUpClass): 404 GET http://10.180.1.21/compute/v2.1/servers/e6934c2b-7f86-44d1-a84e-f7384342c413 2.156s
2024-08-29 11:53:19.596 59601 INFO tempest.test [-] raised in ServerActionsTestOtherA.setUpClass. Invoking tearDownClass.
2024-08-29 11:53:19.682 59569 INFO tempest.lib.common.rest_client [req-50e74309-8f1e-4d39-86b2-c539747a8ec2 req-50e74309-8f1e-4d39-86b2-c539747a8ec2 ] Request (VolumesAssistedSnapshotsTest:test_volume_assisted_snapshot_create_delete): 200 GET http://10.180.1.21/compute/v2.1/servers/3089e10b-f9fd-4049-b8f4-9297fe6a7c86 2.592s
2024-08-29 11:53:19.683 59603 INFO tempest.lib.common.rest_client [req-a543a86c-bbc8-4a08-93e9-9697e00caa6a req-a543a86c-bbc8-4a08-93e9-9697e00caa6a ] Request (ServersTestBootFromVolume:setUpClass): 200 GET http://10.180.1.21/volume/v3/f3f67b9ae417479bb932648935153a1f/volumes/aaa2b158-ceee-4534-be42-4421a175ff1d 0.031s
2024-08-29 11:53:19.877 59579 INFO tempest.lib.common.rest_client [req-02a12d31-9fe8-445f-9469-6fb90bc000c7 req-02a12d31-9fe8-445f-9469-6fb90bc000c7 ] Request (SecurityGroupsNegativeTestJSON:test_security_group_get_nonexistent_group): 404 GET http://10.180.1.21/compute/v2.1/os-security-groups/c65701ed-94ab-4fce-bcb7-1efae11d6898 2.411s
2024-08-29 11:53:19.878 59577 INFO tempest.lib.common.rest_client [req-92ae9b6e-8cd5-42c5-b69f-73ad811dbf14 req-92ae9b6e-8cd5-42c5-b69f-73ad811dbf14 ] Request (ImagesMetadataTestJSON:setUp): 200 PUT http://10.180.1.21/compute/v2.1/images/d445c1e7-b7f3-48ae-9bbe-ab28c203d9c3/metadata 2.380s
2024-08-29 11:53:19.885 59563 INFO tempest.lib.common.rest_client [req-b269b399-4dc1-4098-be48-a9dee13cb53c req-b269b399-4dc1-4098-be48-a9dee13cb53c ] Request (HostsAdminNegativeTestJSON:test_startup_host_with_non_admin_user): 403 GET http://10.180.1.21/compute/v2.1/os-hosts/devstack/startup 2.367s
2024-08-29 11:53:19.890 59573 INFO tempest.lib.common.rest_client [req-0e22ec95-1aba-4e01-b27b-f62f091259aa req-0e22ec95-1aba-4e01-b27b-f62f091259aa ] Request (AggregatesAdminNegativeTestJSON:test_aggregate_create_with_existent_aggregate_name): 409 POST http://10.180.1.21/compute/v2.1/os-aggregates 2.351s
2024-08-29 11:53:19.963 59605 INFO tempest.lib.common.rest_client [req-cb122dce-7292-4803-8d58-024b040362bc req-cb122dce-7292-4803-8d58-024b040362bc ] Request (AttachInterfacesUnderV243Test:setUpClass): 200 PUT http://10.180.1.21:9696/networking/v2.0/routers/ba624f23-bcdf-4693-b89e-76fa6c810ecb/add_router_interface 3.675s
2024-08-29 11:53:19.963 59605 INFO tempest.lib.common.dynamic_creds [-] Created isolated network resources for: credentials: Credentials: {'domain_id': 'default', 'domain_name': 'Default', 'username': 'tempest-AttachInterfacesUnderV243Test-313123050-project-member', 'project_domain_id': 'default', 'project_domain_name': 'Default', 'project_id': 'bce7641b23b34b6a9c221f2c0e51afba', 'project_name': 'tempest-AttachInterfacesUnderV243Test-313123050', 'tenant_id': 'bce7641b23b34b6a9c221f2c0e51afba', 'tenant_name': 'tempest-AttachInterfacesUnderV243Test-313123050', 'user_domain_id': 'default', 'user_domain_name': 'Default', 'user_id': 'edb2201bb1ac40c282599670fd7b9fe0', 'system': None}, Network: {'id': '840cf0f1-4940-496c-9561-3304f2d2be7d', 'name': 'tempest-AttachInterfacesUnderV243Test-1291857921-network', 'tenant_id': 'bce7641b23b34b6a9c221f2c0e51afba', 'admin_state_up': True, 'mtu': 8950, 'status': 'ACTIVE', 'subnets': [], 'shared': False, 'project_id': 'bce7641b23b34b6a9c221f2c0e51afba', 'port_security_enabled': True, 'router:external': False, 'provider:network_type': 'vlan', 'provider:physical_network': 'default', 'provider:segmentation_id': 178, 'is_default': False, 'availability_zone_hints': [], 'availability_zones': [], 'ipv4_address_scope': None, 'ipv6_address_scope': None, 'description': '', 'tags': [], 'created_at': '2024-08-29T11:53:12Z', 'updated_at': '2024-08-29T11:53:12Z', 'revision_number': 1}, Subnet: {'id': '0a3d409a-0984-4891-b6d9-a3151fda7dd2', 'name': 'tempest-AttachInterfacesUnderV243Test-1291857921-subnet', 'tenant_id': 'bce7641b23b34b6a9c221f2c0e51afba', 'network_id': '840cf0f1-4940-496c-9561-3304f2d2be7d', 'ip_version': 4, 'subnetpool_id': None, 'enable_dhcp': True, 'ipv6_ra_mode': None, 'ipv6_address_mode': None, 'gateway_ip': '192.168.128.1', 'cidr': '192.168.128.0/28', 'allocation_pools': [{'start': '192.168.128.2', 'end': '192.168.128.14'}], 'host_routes': [], 'dns_nameservers': [], 'description': '', 'service_types': [], 'tags': [], 'created_at': '2024-08-29T11:53:12Z', 'updated_at': '2024-08-29T11:53:12Z', 'revision_number': 0, 'project_id': 'bce7641b23b34b6a9c221f2c0e51afba'}, Router: {'id': 'ba624f23-bcdf-4693-b89e-76fa6c810ecb', 'name': 'tempest-AttachInterfacesUnderV243Test-1291857921-router', 'tenant_id': 'bce7641b23b34b6a9c221f2c0e51afba', 'admin_state_up': True, 'status': 'ACTIVE', 'external_gateway_info': {'network_id': 'b452d4e1-bb4d-42b6-b8f8-053477a8d692', 'external_fixed_ips': [{'subnet_id': 'd033f39b-ce74-4f33-9442-6da67855c2db', 'ip_address': '10.180.180.253'}], 'enable_snat': True}, 'description': '', 'availability_zones': [], 'distributed': False, 'ha': False, 'availability_zone_hints': [], 'routes': [], 'flavor_id': None, 'tags': [], 'created_at': '2024-08-29T11:53:13Z', 'updated_at': '2024-08-29T11:53:15Z', 'revision_number': 2, 'project_id': 'bce7641b23b34b6a9c221f2c0e51afba'}
2024-08-29 11:53:19.991 59561 INFO tempest.lib.common.rest_client [req-16c0f9d2-d0c4-4fe7-bf61-f4f95b65de89 req-16c0f9d2-d0c4-4fe7-bf61-f4f95b65de89 ] Request (ServerExternalEventsTest:tearDownClass): 204 DELETE http://10.180.1.21:9696/networking/v2.0/security-groups/c7b9f391-0a9c-438c-b55a-2be6fca2a4b5 0.626s
2024-08-29 11:53:20.064 59605 INFO tempest.lib.common.rest_client [req-893a0c38-7d04-431c-9270-4b578acda8b4 req-893a0c38-7d04-431c-9270-4b578acda8b4 ] Request (AttachInterfacesUnderV243Test:setUpClass): 201 POST http://10.180.1.21/identity/v3/auth/tokens 0.098s
2024-08-29 11:53:20.087 59587 INFO tempest.lib.common.rest_client [req-c7444850-6750-48ce-82f7-d97dfdb64a31 req-c7444850-6750-48ce-82f7-d97dfdb64a31 ] Request (QuotasAdminTestJSON:test_get_updated_quotas): 200 PUT http://10.180.1.21/compute/v2.1/os-quota-sets/ba0563280f134de0a4c6c8608f854554?user_id=56b3dab9cca64d68a8486e7bb731d22e 1.978s
2024-08-29 11:53:20.109 59561 INFO tempest.lib.common.rest_client [req-9873c83d-418d-40d6-b233-649cdbdc2ecb req-9873c83d-418d-40d6-b233-649cdbdc2ecb ] Request (ServerExternalEventsTest:tearDownClass): 204 DELETE http://10.180.1.21/identity/v3/projects/97c9f2d6acfb47dfa05dfe278bab023b 0.117s
2024-08-29 11:53:20.109 59561 INFO tempest.lib.common.dynamic_creds [-] Deleting project and security group for project: 72cd8bed12024d15b1352ad2f59f02cd
2024-08-29 11:53:20.204 59571 INFO tempest.lib.common.rest_client [req-24d8257c-d8aa-40b6-afdf-eaa455602aa1 req-24d8257c-d8aa-40b6-afdf-eaa455602aa1 ] Request (ServersAdminTestJSON:setUpClass): 200 PUT http://10.180.1.21:9696/networking/v2.0/routers/3dd0a616-f059-488f-91e4-dab792e8b808/add_router_interface 3.924s
2024-08-29 11:53:20.204 59571 INFO tempest.lib.common.dynamic_creds [-] Created isolated network resources for: credentials: Credentials: {'domain_id': 'default', 'domain_name': 'Default', 'username': 'tempest-ServersAdminTestJSON-548685812-project-admin', 'project_domain_id': 'default', 'project_domain_name': 'Default', 'project_id': '8adb4dac113c49039052f72a2be525af', 'project_name': 'tempest-ServersAdminTestJSON-548685812', 'tenant_id': '8adb4dac113c49039052f72a2be525af', 'tenant_name': 'tempest-ServersAdminTestJSON-548685812', 'user_domain_id': 'default', 'user_domain_name': 'Default', 'user_id': '701aac9f76fa43818323460e39bbaf65', 'system': None}, Network: {'id': '5750a6be-733e-476c-87f0-95da96335c1f', 'name': 'tempest-ServersAdminTestJSON-1907443725-network', 'tenant_id': '8adb4dac113c49039052f72a2be525af', 'admin_state_up': True, 'mtu': 8950, 'status': 'ACTIVE', 'subnets': [], 'shared': False, 'project_id': '8adb4dac113c49039052f72a2be525af', 'port_security_enabled': True, 'router:external': False, 'provider:network_type': 'vlan', 'provider:physical_network': 'default', 'provider:segmentation_id': 899, 'is_default': False, 'availability_zone_hints': [], 'availability_zones': [], 'ipv4_address_scope': None, 'ipv6_address_scope': None, 'description': '', 'tags': [], 'created_at': '2024-08-29T11:53:12Z', 'updated_at': '2024-08-29T11:53:12Z', 'revision_number': 1}, Subnet: {'id': '6fa3a731-7489-4113-95f8-297445103ec5', 'name': 'tempest-ServersAdminTestJSON-1907443725-subnet', 'tenant_id': '8adb4dac113c49039052f72a2be525af', 'network_id': '5750a6be-733e-476c-87f0-95da96335c1f', 'ip_version': 4, 'subnetpool_id': None, 'enable_dhcp': True, 'ipv6_ra_mode': None, 'ipv6_address_mode': None, 'gateway_ip': '192.168.128.1', 'cidr': '192.168.128.0/28', 'allocation_pools': [{'start': '192.168.128.2', 'end': '192.168.128.14'}], 'host_routes': [], 'dns_nameservers': [], 'description': '', 'service_types': [], 'tags': [], 'created_at': '2024-08-29T11:53:13Z', 'updated_at': '2024-08-29T11:53:13Z', 'revision_number': 0, 'project_id': '8adb4dac113c49039052f72a2be525af'}, Router: {'id': '3dd0a616-f059-488f-91e4-dab792e8b808', 'name': 'tempest-ServersAdminTestJSON-1907443725-router', 'tenant_id': '8adb4dac113c49039052f72a2be525af', 'admin_state_up': True, 'status': 'ACTIVE', 'external_gateway_info': {'network_id': 'b452d4e1-bb4d-42b6-b8f8-053477a8d692', 'external_fixed_ips': [{'subnet_id': 'd033f39b-ce74-4f33-9442-6da67855c2db', 'ip_address': '10.180.180.211'}], 'enable_snat': True}, 'description': '', 'availability_zones': [], 'distributed': False, 'ha': False, 'availability_zone_hints': [], 'routes': [], 'flavor_id': None, 'tags': [], 'created_at': '2024-08-29T11:53:13Z', 'updated_at': '2024-08-29T11:53:15Z', 'revision_number': 2, 'project_id': '8adb4dac113c49039052f72a2be525af'}
2024-08-29 11:53:20.234 59551 INFO tempest.lib.common.rest_client [req-d8e7fad7-7ef4-432c-90aa-102df2a5d8fd req-d8e7fad7-7ef4-432c-90aa-102df2a5d8fd ] Request (ServerAddressesTestJSON:tearDownClass): 204 DELETE http://10.180.1.21:9696/networking/v2.0/subnets/668e3693-69de-4d98-b4b5-8bda901e91e2 0.740s
2024-08-29 11:53:20.313 59571 INFO tempest.lib.common.rest_client [req-f3004ddd-64fa-4439-8148-c2b83c52139f req-f3004ddd-64fa-4439-8148-c2b83c52139f ] Request (ServersAdminTestJSON:setUpClass): 201 POST http://10.180.1.21/identity/v3/auth/tokens 0.103s
2024-08-29 11:53:20.325 59599 INFO tempest.lib.common.rest_client [req-050752f8-b465-4aef-a580-928043e31eb5 req-050752f8-b465-4aef-a580-928043e31eb5 ] Request (SecurityGroupRulesNegativeTestJSON:test_create_security_group_rule_duplicate): 200 POST http://10.180.1.21/compute/v2.1/os-security-group-rules 2.446s
2024-08-29 11:53:20.351 59591 INFO tempest.lib.common.rest_client [req-0f67d66e-ab97-444a-bde1-82fa2560fff6 req-0f67d66e-ab97-444a-bde1-82fa2560fff6 ] Request (ServersWithSpecificFlavorTestJSON:test_verify_created_server_ephemeral_disk): 404 GET http://10.180.1.21/compute/v2.1/servers/c090044d-2316-4e48-9cfa-ad889b9e1b70 2.008s
2024-08-29 11:53:20.397 59571 INFO tempest.lib.common.rest_client [req-2b706197-4551-451b-b86e-ca5a2bd12b0a req-2b706197-4551-451b-b86e-ca5a2bd12b0a ] Request (ServersAdminTestJSON:setUpClass): 201 POST http://10.180.1.21/identity/v3/auth/tokens 0.079s
2024-08-29 11:53:20.398 59571 INFO tempest.lib.common.fixed_network [-] (ServersAdminTestJSON:setUpClass) Found network {'id': '3604271f-7269-432a-a05d-8fcccd305cb3', 'name': 'tempest-ServersAdminTestJSON-1337430884-network', 'tenant_id': '443e5b2c573244febe317d27c496f7b8', 'admin_state_up': True, 'mtu': 8950, 'status': 'ACTIVE', 'subnets': [], 'shared': False, 'project_id': '443e5b2c573244febe317d27c496f7b8', 'port_security_enabled': True, 'router:external': False, 'provider:network_type': 'vlan', 'provider:physical_network': 'default', 'provider:segmentation_id': 898, 'is_default': False, 'availability_zone_hints': [], 'availability_zones': [], 'ipv4_address_scope': None, 'ipv6_address_scope': None, 'description': '', 'tags': [], 'created_at': '2024-08-29T11:53:02Z', 'updated_at': '2024-08-29T11:53:02Z', 'revision_number': 1} available for tenant
2024-08-29 11:53:20.424 59561 INFO tempest.lib.common.rest_client [req-73caa72d-b717-4bdb-bbf9-d5f9b0d5fea6 req-73caa72d-b717-4bdb-bbf9-d5f9b0d5fea6 ] Request (ServerExternalEventsTest:tearDownClass): 200 GET http://10.180.1.21:9696/networking/v2.0/security-groups?tenant_id=72cd8bed12024d15b1352ad2f59f02cd&name=default 0.314s
2024-08-29 11:53:20.473 59583 INFO tempest.lib.common.rest_client [req-973b9561-18b7-43fd-bdcc-c9b6f29b314a req-973b9561-18b7-43fd-bdcc-c9b6f29b314a ] Request (FloatingIPsAssociationTestJSON:setUpClass): 200 GET http://10.180.1.21/compute/v2.1/servers/31c17493-263e-4d08-b669-e901b07060d5 2.221s
2024-08-29 11:53:20.482 59613 INFO tempest.lib.common.rest_client [req-b5f9c2e1-f40c-424b-af0e-cd73cf7e30e8 req-b5f9c2e1-f40c-424b-af0e-cd73cf7e30e8 ] Request (VolumesNegativeTest:test_create_volume_with_invalid_size): 400 POST http://10.180.1.21/compute/v2.1/os-volumes 1.915s
2024-08-29 11:53:20.491 59595 INFO tempest.lib.common.rest_client [req-e5f403cd-0de4-4761-aaff-877908447de6 req-e5f403cd-0de4-4761-aaff-877908447de6 ] Request (ServerActionsTestJSON:setUpClass): 201 POST http://10.180.1.21:9696/networking/v2.0/floatingips 1.298s
2024-08-29 11:53:20.512 59553 INFO tempest.lib.common.rest_client [req-66ec0762-3aaa-4b1f-9426-00b63f23933f req-66ec0762-3aaa-4b1f-9426-00b63f23933f ] Request (ServersV294TestFqdnHostnames:setUpClass): 200 PUT http://10.180.1.21:9696/networking/v2.0/routers/b205717a-f53c-4142-9930-e052304577e2/add_router_interface 2.765s
2024-08-29 11:53:20.512 59553 INFO tempest.lib.common.dynamic_creds [-] Created isolated network resources for: credentials: Credentials: {'domain_id': 'default', 'domain_name': 'Default', 'username': 'tempest-ServersV294TestFqdnHostnames-1879117419-project-member', 'project_domain_id': 'default', 'project_domain_name': 'Default', 'project_id': 'ecc88417ac6d4bcfa6b4b0536f7bc525', 'project_name': 'tempest-ServersV294TestFqdnHostnames-1879117419', 'tenant_id': 'ecc88417ac6d4bcfa6b4b0536f7bc525', 'tenant_name': 'tempest-ServersV294TestFqdnHostnames-1879117419', 'user_domain_id': 'default', 'user_domain_name': 'Default', 'user_id': 'da97ef351bdf42e9a5ec434e84b102e0', 'system': None}, Network: {'id': '1aca283e-0867-4440-94c0-97e341ca2666', 'name': 'tempest-ServersV294TestFqdnHostnames-1506923614-network', 'tenant_id': 'ecc88417ac6d4bcfa6b4b0536f7bc525', 'admin_state_up': True, 'mtu': 8950, 'status': 'ACTIVE', 'subnets': [], 'shared': False, 'project_id': 'ecc88417ac6d4bcfa6b4b0536f7bc525', 'port_security_enabled': True, 'router:external': False, 'provider:network_type': 'vlan', 'provider:physical_network': 'default', 'provider:segmentation_id': 451, 'is_default': False, 'availability_zone_hints': [], 'availability_zones': [], 'ipv4_address_scope': None, 'ipv6_address_scope': None, 'description': '', 'tags': [], 'created_at': '2024-08-29T11:53:14Z', 'updated_at': '2024-08-29T11:53:14Z', 'revision_number': 1}, Subnet: {'id': 'f95127bb-0e3d-4924-98c9-0ab68ead4d7d', 'name': 'tempest-ServersV294TestFqdnHostnames-1506923614-subnet', 'tenant_id': 'ecc88417ac6d4bcfa6b4b0536f7bc525', 'network_id': '1aca283e-0867-4440-94c0-97e341ca2666', 'ip_version': 4, 'subnetpool_id': None, 'enable_dhcp': True, 'ipv6_ra_mode': None, 'ipv6_address_mode': None, 'gateway_ip': '192.168.128.1', 'cidr': '192.168.128.0/28', 'allocation_pools': [{'start': '192.168.128.2', 'end': '192.168.128.14'}], 'host_routes': [], 'dns_nameservers': [], 'description': '', 'service_types': [], 'tags': [], 'created_at': '2024-08-29T11:53:15Z', 'updated_at': '2024-08-29T11:53:15Z', 'revision_number': 0, 'project_id': 'ecc88417ac6d4bcfa6b4b0536f7bc525'}, Router: {'id': 'b205717a-f53c-4142-9930-e052304577e2', 'name': 'tempest-ServersV294TestFqdnHostnames-1506923614-router', 'tenant_id': 'ecc88417ac6d4bcfa6b4b0536f7bc525', 'admin_state_up': True, 'status': 'ACTIVE', 'external_gateway_info': {'network_id': 'b452d4e1-bb4d-42b6-b8f8-053477a8d692', 'external_fixed_ips': [{'subnet_id': 'd033f39b-ce74-4f33-9442-6da67855c2db', 'ip_address': '10.180.180.238'}], 'enable_snat': True}, 'description': '', 'availability_zones': [], 'distributed': False, 'ha': False, 'availability_zone_hints': [], 'routes': [], 'flavor_id': None, 'tags': [], 'created_at': '2024-08-29T11:53:15Z', 'updated_at': '2024-08-29T11:53:16Z', 'revision_number': 2, 'project_id': 'ecc88417ac6d4bcfa6b4b0536f7bc525'}
2024-08-29 11:53:20.588 59595 INFO tempest.lib.common.rest_client [req-0f9a1151-707c-4493-94bf-cf3ad163d110 req-0f9a1151-707c-4493-94bf-cf3ad163d110 ] Request (ServerActionsTestJSON:setUpClass): 201 POST http://10.180.1.21/identity/v3/auth/tokens 0.094s
2024-08-29 11:53:20.588 59595 INFO tempest.lib.common.fixed_network [-] (ServerActionsTestJSON:setUpClass) Found network {'id': 'dafc5e74-c8fc-4547-ad98-c4ef21000c7d', 'name': 'tempest-ServerActionsTestJSON-1948575670-network', 'tenant_id': 'd077196d13b84c92ad490ced688124af', 'admin_state_up': True, 'mtu': 8950, 'status': 'ACTIVE', 'subnets': [], 'shared': False, 'project_id': 'd077196d13b84c92ad490ced688124af', 'port_security_enabled': True, 'router:external': False, 'provider:network_type': 'vlan', 'provider:physical_network': 'default', 'provider:segmentation_id': 415, 'is_default': False, 'availability_zone_hints': [], 'availability_zones': [], 'ipv4_address_scope': None, 'ipv6_address_scope': None, 'description': '', 'tags': [], 'created_at': '2024-08-29T11:53:07Z', 'updated_at': '2024-08-29T11:53:07Z', 'revision_number': 1} available for tenant
2024-08-29 11:53:20.638 59561 INFO tempest.lib.common.rest_client [req-65959de9-3ea9-4b8e-af35-51c187ce3523 req-65959de9-3ea9-4b8e-af35-51c187ce3523 ] Request (ServerExternalEventsTest:tearDownClass): 204 DELETE http://10.180.1.21:9696/networking/v2.0/security-groups/dc5c0b16-04c9-4e4b-8f01-8b7fa837b6bd 0.213s
2024-08-29 11:53:20.647 59581 INFO tempest.lib.common.rest_client [req-2bb305ba-1a92-4df2-9a19-d46a518b9f9b req-2bb305ba-1a92-4df2-9a19-d46a518b9f9b ] Request (ServerRescueTestJSONUnderV235:setUpClass): 200 GET http://10.180.1.21/compute/v2.1/servers/f2673a5e-28b0-4a93-b93b-8eef64380e08 1.813s
2024-08-29 11:53:20.666 59553 INFO tempest.lib.common.rest_client [req-e02dc24f-fb0f-4198-8741-972a8b20d5de req-e02dc24f-fb0f-4198-8741-972a8b20d5de ] Request (ServersV294TestFqdnHostnames:setUpClass): 201 POST http://10.180.1.21/identity/v3/auth/tokens 0.090s
2024-08-29 11:53:20.719 59593 INFO tempest.lib.common.rest_client [req-0fe184bc-468d-4721-a952-6d562596dbec req-0fe184bc-468d-4721-a952-6d562596dbec ] Request (ImagesOneServerNegativeTestJSON:setUpClass): 204 DELETE http://10.180.1.21/compute/v2.1/servers/970a093a-c5be-499e-8a4b-5c76b673ac82 1.816s
2024-08-29 11:53:20.727 59567 INFO tempest.lib.common.rest_client [req-2d418576-4473-4999-a07a-8216aa5f5a89 req-2d418576-4473-4999-a07a-8216aa5f5a89 ] Request (FlavorsV2TestJSON:test_list_flavors): 200 GET http://10.180.1.21/compute/v2.1/flavors/42 1.477s
2024-08-29 11:53:20.731 59603 INFO tempest.lib.common.rest_client [req-dd9f370c-bca8-4a99-8d01-be910d4c742d req-dd9f370c-bca8-4a99-8d01-be910d4c742d ] Request (ServersTestBootFromVolume:setUpClass): 200 GET http://10.180.1.21/volume/v3/f3f67b9ae417479bb932648935153a1f/volumes/aaa2b158-ceee-4534-be42-4421a175ff1d 0.036s
2024-08-29 11:53:20.739 59561 INFO tempest.lib.common.rest_client [req-fb93f086-5137-4bb3-a72d-b24745166767 req-fb93f086-5137-4bb3-a72d-b24745166767 ] Request (ServerExternalEventsTest:tearDownClass): 204 DELETE http://10.180.1.21/identity/v3/projects/72cd8bed12024d15b1352ad2f59f02cd 0.100s
2024-08-29 11:53:20.800 59561 INFO tempest.lib.common.rest_client [req-311156cf-762c-4f7c-af63-566f9e5107ed req-311156cf-762c-4f7c-af63-566f9e5107ed ] Request (DeleteServersTestJSON:setUpClass): 201 POST http://10.180.1.21/identity/v3/auth/tokens 0.060s
2024-08-29 11:53:20.817 59611 INFO tempest.lib.common.rest_client [req-b3348c61-1ae6-4246-a004-c307b37c4993 req-b3348c61-1ae6-4246-a004-c307b37c4993 ] Request (MigrationsAdminTest:test_list_migrations_in_flavor_resize_situation): 200 GET http://10.180.1.21/compute/v2.1/servers/02929ad5-b2f4-4a80-a606-2a0c9b6222e4 1.784s
2024-08-29 11:53:20.828 59561 INFO tempest.lib.common.rest_client [req-c7cfb7a0-9c60-46a3-b957-85fe2bcc791d req-c7cfb7a0-9c60-46a3-b957-85fe2bcc791d ] Request (DeleteServersTestJSON:setUpClass): 201 POST http://10.180.1.21/identity/v3/auth/tokens 0.026s
2024-08-29 11:53:20.846 59557 INFO tempest.lib.common.rest_client [req-816190c2-051c-447b-b93a-47a1d9abbbc1 req-816190c2-051c-447b-b93a-47a1d9abbbc1 ] Request (SecurityGroupRulesTestJSON:test_security_group_rules_list): 200 GET http://10.180.1.21/compute/v2.1/os-security-groups/c0456e7f-7a46-486c-a397-b28091cdf3dd 1.397s
2024-08-29 11:53:20.852 59561 INFO tempest.lib.common.rest_client [req-aacb9a43-7654-4af3-a7ae-745eba11f9da req-aacb9a43-7654-4af3-a7ae-745eba11f9da ] Request (DeleteServersTestJSON:setUpClass): 200 GET http://10.180.1.21/identity/v3/domains?name=Default 0.023s
2024-08-29 11:53:20.860 59565 INFO tempest.lib.common.rest_client [req-fc622cac-72a3-4fac-b71e-cb7a8ed44527 req-fc622cac-72a3-4fac-b71e-cb7a8ed44527 ] Request (FlavorsAdminTestJSON:_run_cleanups): 202 DELETE http://10.180.1.21/compute/v2.1/flavors/1857938438 1.283s
2024-08-29 11:53:20.880 59601 INFO tempest.lib.common.rest_client [req-bce025d2-3709-47e5-b456-34e57aa20a23 req-bce025d2-3709-47e5-b456-34e57aa20a23 ] Request (ServerActionsTestOtherA:tearDownClass): 202 DELETE http://10.180.1.21/compute/v2.1/os-keypairs/tempest-keypair-1726503310 1.284s
2024-08-29 11:53:20.892 59561 INFO tempest.lib.common.rest_client [req-dc886aa5-a0a9-48ab-9a46-8ba019e97116 req-dc886aa5-a0a9-48ab-9a46-8ba019e97116 ] Request (DeleteServersTestJSON:setUpClass): 201 POST http://10.180.1.21/identity/v3/projects 0.039s
2024-08-29 11:53:20.943 59607 INFO tempest.lib.common.rest_client [req-f829b9f1-1496-49eb-9129-db9802d3a610 req-f829b9f1-1496-49eb-9129-db9802d3a610 ] Request (ServerMetadataTestJSON:tearDownClass): 200 PUT http://10.180.1.21:9696/networking/v2.0/routers/9d1119af-a011-4929-ba6f-06676ef5281f/remove_router_interface 2.804s
2024-08-29 11:53:20.965 59561 INFO tempest.lib.common.rest_client [req-4cba79be-a94d-489c-b785-753523ed8cf8 req-4cba79be-a94d-489c-b785-753523ed8cf8 ] Request (DeleteServersTestJSON:setUpClass): 201 POST http://10.180.1.21/identity/v3/users 0.073s
2024-08-29 11:53:20.981 59601 INFO tempest.lib.common.rest_client [req-43586cbd-408e-4441-9569-9370e2572e21 req-43586cbd-408e-4441-9569-9370e2572e21 ] Request (ServerActionsTestOtherA:tearDownClass): 204 DELETE http://10.180.1.21:9696/networking/v2.0/security-groups/a13df34c-121f-4c62-a54f-70be51418310 0.100s
2024-08-29 11:53:20.994 59561 INFO tempest.lib.common.rest_client [req-fa09e3da-bef6-4e79-bdc3-8156cd7981b8 req-fa09e3da-bef6-4e79-bdc3-8156cd7981b8 ] Request (DeleteServersTestJSON:setUpClass): 200 GET http://10.180.1.21/identity/v3/roles 0.028s
2024-08-29 11:53:21.018 59601 INFO tempest.lib.common.rest_client [req-9318eef1-7497-49d8-8d5b-5b04dc858270 req-9318eef1-7497-49d8-8d5b-5b04dc858270 ] Request (ServerActionsTestOtherA:tearDownClass): 404 GET http://10.180.1.21:9696/networking/v2.0/security-groups/a13df34c-121f-4c62-a54f-70be51418310 0.037s
2024-08-29 11:53:21.026 59555 INFO tempest.lib.common.rest_client [req-ee648f3f-1cca-46e0-9293-1768edc7bc35 req-ee648f3f-1cca-46e0-9293-1768edc7bc35 ] Request (ServerDiagnosticsTest:test_get_server_diagnostics): 200 GET http://10.180.1.21/compute/v2.1/servers/b4c4bd0e-fba2-4e19-a1f6-c95490ed38f0 1.691s
2024-08-29 11:53:21.029 59561 INFO tempest.lib.common.rest_client [req-9a524da5-271b-47e1-b63e-9e5ba8452274 req-9a524da5-271b-47e1-b63e-9e5ba8452274 ] Request (DeleteServersTestJSON:setUpClass): 204 PUT http://10.180.1.21/identity/v3/projects/7dcd4e56713d4adb960a28368c27f46a/users/57725b67619e419194101bdefc889ea3/roles/fdb579fa10204d6a9f9082aadca89426 0.034s
2024-08-29 11:53:21.029 59561 INFO tempest.lib.common.dynamic_creds [-] Dynamic test user 57725b67619e419194101bdefc889ea3 is created with scope project and roles: ['member']
2024-08-29 11:53:21.030 59561 INFO tempest.lib.common.dynamic_creds [-] Acquired dynamic creds: credentials: Credentials: {'domain_id': 'default', 'domain_name': 'Default', 'username': 'tempest-DeleteServersTestJSON-1791923723-project-member', 'project_domain_id': 'default', 'project_domain_name': 'Default', 'project_id': '7dcd4e56713d4adb960a28368c27f46a', 'project_name': 'tempest-DeleteServersTestJSON-1791923723', 'tenant_id': '7dcd4e56713d4adb960a28368c27f46a', 'tenant_name': 'tempest-DeleteServersTestJSON-1791923723', 'user_domain_id': 'default', 'user_domain_name': 'Default', 'user_id': '57725b67619e419194101bdefc889ea3', 'system': None}, Network: None, Subnet: None, Router: None
2024-08-29 11:53:21.028 59589 INFO tempest.lib.common.rest_client [req-b6fe3003-1e0c-4ffe-9265-37f36c3b8ee4 req-b6fe3003-1e0c-4ffe-9265-37f36c3b8ee4 ] Request (ServerDiagnosticsNegativeTest:test_get_server_diagnostics_by_non_admin): 200 GET http://10.180.1.21/compute/v2.1/servers/d501202a-354c-42e1-8480-f026d5216a58 1.422s
2024-08-29 11:53:21.048 59579 INFO tempest.lib.common.rest_client [req-e27a3f68-c945-4561-92c7-79986e411ede req-e27a3f68-c945-4561-92c7-79986e411ede ] Request (SecurityGroupsNegativeTestJSON:test_update_non_existent_security_group): 404 PUT http://10.180.1.21/compute/v2.1/os-security-groups/d661d12b-a2f3-44fd-b1c1-659fe8404525 1.170s
2024-08-29 11:53:21.081 59577 INFO tempest.lib.common.rest_client [req-636724b8-a239-4f9e-a68e-158299d184f4 req-636724b8-a239-4f9e-a68e-158299d184f4 ] Request (ImagesMetadataTestJSON:test_get_image_metadata_item): 200 GET http://10.180.1.21/compute/v2.1/images/d445c1e7-b7f3-48ae-9bbe-ab28c203d9c3/metadata/os_distro 1.202s
2024-08-29 11:53:21.091 59561 INFO tempest.lib.common.rest_client [req-c511cb30-a0e7-4c83-b8cd-13a39a32b5c8 req-c511cb30-a0e7-4c83-b8cd-13a39a32b5c8 ] Request (DeleteServersTestJSON:setUpClass): 201 POST http://10.180.1.21/identity/v3/auth/tokens 0.060s
2024-08-29 11:53:21.091 59563 INFO tempest.lib.common.rest_client [req-b1ab920e-7120-4eb8-be3e-c90fca0b478d req-b1ab920e-7120-4eb8-be3e-c90fca0b478d ] Request (HostsAdminNegativeTestJSON:test_startup_nonexistent_host): 404 GET http://10.180.1.21/compute/v2.1/os-hosts/nonexistent_hostname/startup 1.205s
2024-08-29 11:53:21.108 59573 INFO tempest.lib.common.rest_client [req-686bef93-b56e-4717-822f-0dd53c00e8f5 req-686bef93-b56e-4717-822f-0dd53c00e8f5 ] Request (AggregatesAdminNegativeTestJSON:_run_cleanups): 200 DELETE http://10.180.1.21/compute/v2.1/os-aggregates/4 1.218s
2024-08-29 11:53:21.117 59551 INFO tempest.lib.common.rest_client [req-6d6bef8d-7443-4b01-a261-e2f54c882dfd req-6d6bef8d-7443-4b01-a261-e2f54c882dfd ] Request (ServerAddressesTestJSON:tearDownClass): 204 DELETE http://10.180.1.21:9696/networking/v2.0/networks/4b074c14-cf14-45ca-8c20-383a649b689d 0.882s
2024-08-29 11:53:21.192 59551 INFO tempest.lib.common.rest_client [req-8a6b39e9-42c3-4665-a852-b59ecfe8ece7 req-8a6b39e9-42c3-4665-a852-b59ecfe8ece7 ] Request (ServerAddressesTestJSON:tearDownClass): 204 DELETE http://10.180.1.21/identity/v3/users/ccec8a6a990b4410ae3fe0a5f523d2b5 0.074s
2024-08-29 11:53:21.192 59551 INFO tempest.lib.common.dynamic_creds [-] Deleting project and security group for project: 6bd1dd4f13244e2ab0437ff8b67a167b
2024-08-29 11:53:21.268 59551 INFO tempest.lib.common.rest_client [req-5394c2db-0ddd-402b-9ea8-11f9f9a93f46 req-5394c2db-0ddd-402b-9ea8-11f9f9a93f46 ] Request (ServerAddressesTestJSON:tearDownClass): 200 GET http://10.180.1.21:9696/networking/v2.0/security-groups?tenant_id=6bd1dd4f13244e2ab0437ff8b67a167b&name=default 0.076s
2024-08-29 11:53:21.281 59585 INFO tempest.lib.common.rest_client [req-9501cea7-b1f4-41c0-9967-20e668302d34 req-9501cea7-b1f4-41c0-9967-20e668302d34 ] Request (TenantUsagesTestJSON:setUpClass): 200 GET http://10.180.1.21/compute/v2.1/servers/3117e247-0538-4a30-a0d7-aa47247a6da1 1.289s
2024-08-29 11:53:21.440 59575 INFO tempest.lib.common.rest_client [req-a0648e4a-e31d-4391-b935-a655057b459f req-a0648e4a-e31d-4391-b935-a655057b459f ] Request (DeleteServersAdminTestJSON:test_admin_delete_servers_of_others): 200 GET http://10.180.1.21/compute/v2.1/servers/eae87f89-8488-42e6-b065-1198bfbe8177 1.630s
2024-08-29 11:53:21.443 59605 INFO tempest.lib.common.rest_client [req-05cfb338-86b6-449a-a083-16aa1942d24e req-05cfb338-86b6-449a-a083-16aa1942d24e ] Request (ValidationResourcesFixture:setUp): 200 POST http://10.180.1.21/compute/v2.1/os-keypairs 1.376s
2024-08-29 11:53:21.492 59551 INFO tempest.lib.common.rest_client [req-57a66280-5c66-4828-9843-dfc14d75eaaa req-57a66280-5c66-4828-9843-dfc14d75eaaa ] Request (ServerAddressesTestJSON:tearDownClass): 204 DELETE http://10.180.1.21:9696/networking/v2.0/security-groups/95d5a48f-522c-44c3-bfe5-5e394cd5840b 0.223s
2024-08-29 11:53:21.544 59587 INFO tempest.lib.common.rest_client [req-8d4400dc-c997-4bbe-86a7-bec30a00933f req-8d4400dc-c997-4bbe-86a7-bec30a00933f ] Request (QuotasAdminTestJSON:test_get_updated_quotas): 200 GET http://10.180.1.21/compute/v2.1/os-quota-sets/ba0563280f134de0a4c6c8608f854554?user_id=56b3dab9cca64d68a8486e7bb731d22e 1.455s
2024-08-29 11:53:21.586 59551 INFO tempest.lib.common.rest_client [req-ae4fabc4-975a-4156-8d4e-f1332776e0ed req-ae4fabc4-975a-4156-8d4e-f1332776e0ed ] Request (ServerAddressesTestJSON:tearDownClass): 204 DELETE http://10.180.1.21/identity/v3/projects/6bd1dd4f13244e2ab0437ff8b67a167b 0.093s
2024-08-29 11:53:21.607 59599 INFO tempest.lib.common.rest_client [req-1f200efd-a415-4a22-83cc-5ea46c43c4ff req-1f200efd-a415-4a22-83cc-5ea46c43c4ff ] Request (SecurityGroupRulesNegativeTestJSON:test_create_security_group_rule_duplicate): 400 POST http://10.180.1.21/compute/v2.1/os-security-group-rules 1.279s
2024-08-29 11:53:21.617 59587 INFO tempest.lib.common.rest_client [req-04148b3a-6462-487c-9d96-00973b22affc req-04148b3a-6462-487c-9d96-00973b22affc ] Request (QuotasAdminTestJSON:_run_cleanups): 204 DELETE http://10.180.1.21/identity/v3/users/56b3dab9cca64d68a8486e7bb731d22e 0.071s
2024-08-29 11:53:21.651 59561 INFO tempest.lib.common.rest_client [req-d98efe11-2061-4ea8-975a-ffd091a06256 req-d98efe11-2061-4ea8-975a-ffd091a06256 ] Request (DeleteServersTestJSON:setUpClass): 201 POST http://10.180.1.21:9696/networking/v2.0/networks 0.560s
2024-08-29 11:53:21.657 59551 INFO tempest.lib.common.rest_client [req-39990704-ad52-4a5b-8ee7-6e294196d548 req-39990704-ad52-4a5b-8ee7-6e294196d548 ] Request (ServerPasswordTestJSON:setUpClass): 201 POST http://10.180.1.21/identity/v3/auth/tokens 0.066s
2024-08-29 11:53:21.686 59551 INFO tempest.lib.common.rest_client [req-fbf19b84-efc6-4c1c-9d60-b3ec7c38ec2c req-fbf19b84-efc6-4c1c-9d60-b3ec7c38ec2c ] Request (ServerPasswordTestJSON:setUpClass): 201 POST http://10.180.1.21/identity/v3/auth/tokens 0.026s
2024-08-29 11:53:21.701 59597 INFO tempest.lib.common.rest_client [req-fd9c9938-57b3-4f95-bb38-96e1ae6f3c0c req-fd9c9938-57b3-4f95-bb38-96e1ae6f3c0c ] Request (ServersAdminNegativeTestJSON:setUpClass): 200 GET http://10.180.1.21/compute/v2.1/servers/ad662e06-1a0f-4110-8d23-8ff6c6889eee 1.459s
2024-08-29 11:53:21.718 59591 INFO tempest.lib.common.rest_client [req-bfb7b8d7-a33c-4e63-a4b3-eac98b724d3f req-bfb7b8d7-a33c-4e63-a4b3-eac98b724d3f ] Request (ServersWithSpecificFlavorTestJSON:_run_cleanups): 202 DELETE http://10.180.1.21/compute/v2.1/os-keypairs/tempest-keypair-1765188092 1.364s
2024-08-29 11:53:21.723 59587 INFO tempest.lib.common.rest_client [req-27df2c34-3e37-412d-bd4a-681678624862 req-27df2c34-3e37-412d-bd4a-681678624862 ] Request (QuotasAdminTestJSON:_run_cleanups): 204 DELETE http://10.180.1.21/identity/v3/projects/ba0563280f134de0a4c6c8608f854554 0.105s
2024-08-29 11:53:21.725 59559 INFO tempest.lib.common.rest_client [req-627ffae8-8d7f-4b6d-af1f-76dd88a2ea1e req-627ffae8-8d7f-4b6d-af1f-76dd88a2ea1e ] Request (ListImageFiltersTestJSON:setUpClass): 200 GET http://10.180.1.21/compute/v2.1/servers/363483ff-37f3-414a-8c8b-8980cd248cdd 1.381s
2024-08-29 11:53:21.731 59613 INFO tempest.lib.common.rest_client [req-69e94897-6049-44cf-a2fc-f347126afedf req-69e94897-6049-44cf-a2fc-f347126afedf ] Request (VolumesNegativeTest:test_create_volume_with_size_zero): 400 POST http://10.180.1.21/compute/v2.1/os-volumes 1.247s
2024-08-29 11:53:21.740 59551 INFO tempest.lib.common.rest_client [req-dcce17fb-390a-4144-bd15-c799738a4578 req-dcce17fb-390a-4144-bd15-c799738a4578 ] Request (ServerPasswordTestJSON:setUpClass): 200 GET http://10.180.1.21/identity/v3/domains?name=Default 0.053s
2024-08-29 11:53:21.756 59605 INFO tempest.lib.common.rest_client [req-07d7a7a6-e740-40e4-aca2-2ac708903f9f req-07d7a7a6-e740-40e4-aca2-2ac708903f9f ] Request (ValidationResourcesFixture:setUp): 201 POST http://10.180.1.21:9696/networking/v2.0/security-groups 0.311s
2024-08-29 11:53:21.761 59603 INFO tempest.lib.common.rest_client [req-257c150b-d837-4e1d-9372-d3f893968388 req-257c150b-d837-4e1d-9372-d3f893968388 ] Request (ServersTestBootFromVolume:setUpClass): 200 GET http://10.180.1.21/volume/v3/f3f67b9ae417479bb932648935153a1f/volumes/aaa2b158-ceee-4534-be42-4421a175ff1d 0.023s
2024-08-29 11:53:21.775 59551 INFO tempest.lib.common.rest_client [req-17eaf1e9-8bc1-4ba9-9b7f-6a8d03f7d407 req-17eaf1e9-8bc1-4ba9-9b7f-6a8d03f7d407 ] Request (ServerPasswordTestJSON:setUpClass): 201 POST http://10.180.1.21/identity/v3/projects 0.035s
