2025-02-18 14:41:14.920 62644 INFO tempest.lib.common.rest_client [req-063cc384-ffa4-4318-b0e8-d48b43c2668d req-063cc384-ffa4-4318-b0e8-d48b43c2668d ] Request (ImagesNegativeTestJSON:test_create_image_from_deleted_server): 200 GET http://10.180.1.21/compute/v2.1/servers/55c3c030-2e80-4829-bd9c-0e7f3e743c6c 0.295s
2025-02-18 14:41:14.981 62646 INFO tempest.lib.common.rest_client [req-751c3d88-964a-4245-80b3-4b2fb9c198dd req-751c3d88-964a-4245-80b3-4b2fb9c198dd ] Request (InstanceActionsNegativeTestJSON:setUpClass): 200 GET http://10.180.1.21/compute/v2.1/servers/ae510f49-ca5e-4a87-94ef-24591700fcf6 0.291s
2025-02-18 14:41:15.052 62672 INFO tempest.lib.common.rest_client [req-902367f6-4aaf-46f5-ac7e-61de646b16a2 req-902367f6-4aaf-46f5-ac7e-61de646b16a2 ] Request (ListServerFiltersTestJSON:setUpClass): 200 GET http://10.180.1.21/compute/v2.1/servers/6cb8928c-4d6d-4e4b-8a57-4a130f6afa57 0.391s
2025-02-18 14:41:15.057 62696 INFO tempest.lib.common.rest_client [req-d9aeeef7-afbc-4a71-9c98-a80dc36fe141 req-d9aeeef7-afbc-4a71-9c98-a80dc36fe141 ] Request (InstanceActionsV221TestJSON:test_get_list_deleted_instance_actions): 200 GET http://10.180.1.21/compute/v2.1/servers/2b9b9728-7733-4e6a-82dc-c1659481f577 0.321s
2025-02-18 14:41:15.062 62670 INFO tempest.lib.common.rest_client [req-8af5790b-8d98-4fac-8790-bd7346b522a0 req-8af5790b-8d98-4fac-8790-bd7346b522a0 ] Request (ImagesOneServerNegativeTestJSON:test_create_image_specify_invalid_metadata): 400 POST http://10.180.1.21/compute/v2.1/servers/df106528-9ed2-4043-9d25-464d5beb3f7b/action 0.264s
2025-02-18 14:41:15.120 62698 INFO tempest.lib.common.rest_client [req-9e3a5cce-a6aa-4243-8f63-10c9fbe49b8b req-9e3a5cce-a6aa-4243-8f63-10c9fbe49b8b ] Request (ServerMetadataTestJSON:tearDownClass): 200 GET http://10.180.1.21/compute/v2.1/servers/f7ba79d4-aa2b-4842-9bd5-8eb9a01200d2 0.363s
2025-02-18 14:41:15.134 62654 INFO tempest.lib.common.rest_client [req-2ec55aa0-505c-4f28-aefb-ca5feb503831 req-2ec55aa0-505c-4f28-aefb-ca5feb503831 ] Request (DeleteServersTestJSON:test_delete_active_server): 200 GET http://10.180.1.21/compute/v2.1/servers/04694878-b60b-4e33-bcc4-3bcb4bd1f5d3 0.318s
2025-02-18 14:41:15.139 62694 INFO tempest.lib.common.rest_client [req-e174fdfb-a605-4c62-a81a-a25d3d5047f2 req-e174fdfb-a605-4c62-a81a-a25d3d5047f2 ] Request (ServerTagsTestJSON:tearDownClass): 204 DELETE http://10.180.1.21:9696/networking/v2.0/networks/2b8066c6-ee24-4593-8573-e9b0f8bde812 0.257s
2025-02-18 14:41:15.176 62666 INFO tempest.lib.common.rest_client [req-dbde1440-2bcf-4bbe-a39c-0377f61ba255 req-dbde1440-2bcf-4bbe-a39c-0377f61ba255 ] Request (ServerAddressesNegativeTestJSON:setUpClass): 200 GET http://10.180.1.21/compute/v2.1/servers/0cd0839e-d442-4d82-9b9b-8a59dee70db7 0.340s
2025-02-18 14:41:15.207 62656 INFO tempest.lib.common.rest_client [req-31c078df-1693-4322-bd36-d35c7e6eddba req-31c078df-1693-4322-bd36-d35c7e6eddba ] Request (FloatingIPsAssociationTestJSON:tearDownClass): 200 GET http://10.180.1.21/compute/v2.1/servers/88b335c7-7c56-4ae7-90a1-0fff3028c6a2 0.198s
2025-02-18 14:41:15.226 62642 INFO tempest.lib.common.rest_client [req-5b384002-d8ef-49dd-828e-3e8e2820923b req-5b384002-d8ef-49dd-828e-3e8e2820923b ] Request (ServersTestMultiNic:test_verify_multiple_nics_order): 200 GET http://10.180.1.21/compute/v2.1/servers/bbde3466-9829-4207-9670-72715d1e49c0 0.169s
2025-02-18 14:41:15.234 62694 INFO tempest.lib.common.rest_client [req-a6e3d06a-471a-4fd6-ad65-d7012fbf140b req-a6e3d06a-471a-4fd6-ad65-d7012fbf140b ] Request (ServerTagsTestJSON:tearDownClass): 204 DELETE http://10.180.1.21/identity/v3/users/1a9cd777df0a40408d54404b6264d72b 0.095s
2025-02-18 14:41:15.235 62694 INFO tempest.lib.common.dynamic_creds [-] Deleting project and security group for project: ea23eb0ab19e4631bd2b1c7252ab60ca
2025-02-18 14:41:15.260 62694 INFO tempest.lib.common.rest_client [req-f51d352b-bcbb-4d99-97f1-649db6dfea8d req-f51d352b-bcbb-4d99-97f1-649db6dfea8d ] Request (ServerTagsTestJSON:tearDownClass): 200 GET http://10.180.1.21:9696/networking/v2.0/security-groups?tenant_id=ea23eb0ab19e4631bd2b1c7252ab60ca&name=default 0.024s
2025-02-18 14:41:15.281 62684 INFO tempest.lib.common.rest_client [req-76ac9039-98e9-4dde-b1d1-acdef4ef8ea7 req-76ac9039-98e9-4dde-b1d1-acdef4ef8ea7 ] Request (ServersTestBootFromVolume:setUpClass): 200 GET http://10.180.1.21/compute/v2.1/servers/d9f2468c-18c3-44f4-8044-5a098ac5f107 0.172s
2025-02-18 14:41:15.290 62684 INFO tempest.common.waiters [-] State transition "BUILD/scheduling" ==> "BUILD/None" after 31 second wait
2025-02-18 14:41:15.336 62662 INFO tempest.lib.common.rest_client [req-9962c041-2f29-4d84-8ae4-9310d5dc5d4e req-9962c041-2f29-4d84-8ae4-9310d5dc5d4e ] Request (ServersAdminTestJSON:setUpClass): 200 GET http://10.180.1.21/compute/v2.1/servers/d524e752-1c48-4acc-886d-346d8b224fcb 0.131s
2025-02-18 14:41:15.346 62694 INFO tempest.lib.common.rest_client [req-41af6733-9ab4-4c47-a2b7-efe1f320f5ff req-41af6733-9ab4-4c47-a2b7-efe1f320f5ff ] Request (ServerTagsTestJSON:tearDownClass): 204 DELETE http://10.180.1.21:9696/networking/v2.0/security-groups/5621b29f-d8d0-4967-a0e6-209db806bf07 0.086s
2025-02-18 14:41:15.393 62678 INFO tempest.lib.common.rest_client [req-733346c0-9c69-486b-87bc-99b8d990a254 req-733346c0-9c69-486b-87bc-99b8d990a254 ] Request (ServersNegativeTestJSON:setUpClass): 200 GET http://10.180.1.21/compute/v2.1/servers/5f019d1a-a507-4f65-8ec8-3b0d0a6d3ef7 0.131s
2025-02-18 14:41:15.393 62670 INFO tempest.lib.common.rest_client [req-3632275c-0e3b-4ebb-bb8d-dfce2cf5900f req-3632275c-0e3b-4ebb-bb8d-dfce2cf5900f ] Request (ImagesOneServerNegativeTestJSON:tearDown): 200 GET http://10.180.1.21/compute/v2.1/servers/df106528-9ed2-4043-9d25-464d5beb3f7b 0.330s
2025-02-18 14:41:15.454 62694 INFO tempest.lib.common.rest_client [req-5657dbd3-04eb-4e50-9615-521a8c2239bc req-5657dbd3-04eb-4e50-9615-521a8c2239bc ] Request (ServerTagsTestJSON:tearDownClass): 204 DELETE http://10.180.1.21/identity/v3/projects/ea23eb0ab19e4631bd2b1c7252ab60ca 0.107s
2025-02-18 14:41:15.459 62705 INFO tempest.lib.common.rest_client [req-1714262d-ec04-4aea-bf23-ca6bb705a81b req-1714262d-ec04-4aea-bf23-ca6bb705a81b ] Request (ServerRescueNegativeTestJSON:setUpClass): 200 GET http://10.180.1.21/compute/v2.1/servers/7e8c336d-48c5-4fd1-a733-f7001dea3aa4 0.123s
2025-02-18 14:41:15.471 62702 INFO tempest.lib.common.rest_client [req-eacca832-ae02-4f91-949b-506b2b09ca1f req-eacca832-ae02-4f91-949b-506b2b09ca1f ] Request (AttachVolumeNegativeTest:test_attach_attached_volume_to_different_server): 200 GET http://10.180.1.21/compute/v2.1/servers/5114d3c2-a387-4520-8837-be0736533858 0.073s
2025-02-18 14:41:15.484 62658 WARNING tempest.lib.common.ssh [-] Failed to establish authenticated ssh connection to cirros@10.180.180.175 ([Errno None] Unable to connect to port 22 on 10.180.180.175). Number attempts: 5. Retry after 6 seconds.: paramiko.ssh_exception.NoValidConnectionsError: [Errno None] Unable to connect to port 22 on 10.180.180.175
2025-02-18 14:41:15.575 62670 INFO tempest.lib.common.rest_client [req-eeafc5f1-2aea-4e2e-9bd4-a93d9f2285cd req-eeafc5f1-2aea-4e2e-9bd4-a93d9f2285cd ] Request (ImagesOneServerNegativeTestJSON:setUp): 200 GET http://10.180.1.21/compute/v2.1/servers/df106528-9ed2-4043-9d25-464d5beb3f7b 0.172s
2025-02-18 14:41:15.591 62670 INFO tempest.lib.common.rest_client [req-0ce33fde-19aa-4bce-928a-470bda89f3f1 req-0ce33fde-19aa-4bce-928a-470bda89f3f1 ] Request (ImagesOneServerNegativeTestJSON:test_create_image_specify_metadata_over_limits): 400 POST http://10.180.1.21/compute/v2.1/servers/df106528-9ed2-4043-9d25-464d5beb3f7b/action 0.009s
2025-02-18 14:41:15.711 62670 INFO tempest.lib.common.rest_client [req-1430f319-1ef3-4e2f-bf2f-830739275f90 req-1430f319-1ef3-4e2f-bf2f-830739275f90 ] Request (ImagesOneServerNegativeTestJSON:tearDown): 200 GET http://10.180.1.21/compute/v2.1/servers/df106528-9ed2-4043-9d25-464d5beb3f7b 0.119s
2025-02-18 14:41:15.736 62680 INFO tempest.lib.common.rest_client [req-23941915-3a04-42f5-b9d0-ac38ef7b7fab req-23941915-3a04-42f5-b9d0-ac38ef7b7fab ] Request (ServersAdminNegativeTestJSON:tearDownClass): 200 GET http://10.180.1.21/compute/v2.1/servers/62dce1f2-05c6-4634-ac62-423af6d9e966 0.078s
2025-02-18 14:41:15.859 62670 INFO tempest.lib.common.rest_client [req-3c4a8dbd-4083-4074-a62d-34f14b0a519c req-3c4a8dbd-4083-4074-a62d-34f14b0a519c ] Request (ImagesOneServerNegativeTestJSON:setUp): 200 GET http://10.180.1.21/compute/v2.1/servers/df106528-9ed2-4043-9d25-464d5beb3f7b 0.139s
2025-02-18 14:41:15.938 62661 INFO tempest.lib.common.rest_client [req-43c23fe3-578b-42e7-b7c4-eb11b11d31cd req-43c23fe3-578b-42e7-b7c4-eb11b11d31cd ] Request (ImagesOneServerTestJSON:setUpClass): 200 GET http://10.180.1.21/compute/v2.1/servers/88c9e905-5a60-4109-a03f-fa971843c488 0.075s
2025-02-18 14:41:15.955 62670 INFO tempest.lib.common.rest_client [req-027b22cb-d3d8-490c-b0f4-96452c5f7e97 req-027b22cb-d3d8-490c-b0f4-96452c5f7e97 ] Request (ImagesOneServerNegativeTestJSON:test_create_image_specify_name_over_character_limit): 400 POST http://10.180.1.21/compute/v2.1/servers/df106528-9ed2-4043-9d25-464d5beb3f7b/action 0.086s
2025-02-18 14:41:15.972 62687 INFO tempest.lib.common.rest_client [req-5210061b-6607-41a4-b2db-ad466d5b88df req-5210061b-6607-41a4-b2db-ad466d5b88df ] Request (ImagesTestJSON:test_create_image_from_suspended_server): 200 GET http://10.180.1.21/compute/v2.1/servers/14b4b002-4fcd-4861-a812-47978097a8c3 0.172s
2025-02-18 14:41:16.035 62648 INFO tempest.lib.common.rest_client [req-ae9e7a04-a55f-4891-a147-78027bbc0696 req-ae9e7a04-a55f-4891-a147-78027bbc0696 ] Request (MigrationsAdminTest:test_resize_server_revert_deleted_flavor): 200 GET http://10.180.1.21/compute/v2.1/servers/abc046a0-2875-4673-9eda-dcd9ded773c1 0.117s
2025-02-18 14:41:16.048 62674 INFO tempest.lib.common.rest_client [req-300c3cc7-5650-4c90-8def-26cf547d491b req-300c3cc7-5650-4c90-8def-26cf547d491b ] Request (DeleteServersAdminTestJSON:test_delete_server_while_in_error_state): 200 GET http://10.180.1.21/compute/v2.1/servers/6f587834-2727-48fc-8dba-50754fa70643 0.169s
2025-02-18 14:41:16.111 62644 INFO tempest.lib.common.rest_client [req-471b1fa7-b0fe-425d-b30d-259ff4fcf288 req-471b1fa7-b0fe-425d-b30d-259ff4fcf288 ] Request (ImagesNegativeTestJSON:test_create_image_from_deleted_server): 200 GET http://10.180.1.21/compute/v2.1/servers/55c3c030-2e80-4829-bd9c-0e7f3e743c6c 0.182s
2025-02-18 14:41:16.154 62670 INFO tempest.lib.common.rest_client [req-e76c6215-f251-4422-bb9c-2683296f51e2 req-e76c6215-f251-4422-bb9c-2683296f51e2 ] Request (ImagesOneServerNegativeTestJSON:tearDown): 200 GET http://10.180.1.21/compute/v2.1/servers/df106528-9ed2-4043-9d25-464d5beb3f7b 0.199s
2025-02-18 14:41:16.160 62646 INFO tempest.lib.common.rest_client [req-1b4b6ef2-d5a9-4b9e-afd0-49bcee31c6c0 req-1b4b6ef2-d5a9-4b9e-afd0-49bcee31c6c0 ] Request (InstanceActionsNegativeTestJSON:setUpClass): 200 GET http://10.180.1.21/compute/v2.1/servers/ae510f49-ca5e-4a87-94ef-24591700fcf6 0.171s
2025-02-18 14:41:16.221 62696 INFO tempest.lib.common.rest_client [req-de7ac61d-026d-4fea-b610-911871b18466 req-de7ac61d-026d-4fea-b610-911871b18466 ] Request (InstanceActionsV221TestJSON:test_get_list_deleted_instance_actions): 200 GET http://10.180.1.21/compute/v2.1/servers/2b9b9728-7733-4e6a-82dc-c1659481f577 0.154s
2025-02-18 14:41:16.254 62672 INFO tempest.lib.common.rest_client [req-5fe05601-7529-411d-9020-6e7666916d00 req-5fe05601-7529-411d-9020-6e7666916d00 ] Request (ListServerFiltersTestJSON:setUpClass): 200 GET http://10.180.1.21/compute/v2.1/servers/6cb8928c-4d6d-4e4b-8a57-4a130f6afa57 0.192s
2025-02-18 14:41:16.261 62672 INFO tempest.common.waiters [-] State transition "BUILD/spawning" ==> "ACTIVE/None" after 64 second wait
2025-02-18 14:41:16.271 62698 INFO tempest.lib.common.rest_client [req-981eea61-4d32-460a-9a13-8fb0770ea1a2 req-981eea61-4d32-460a-9a13-8fb0770ea1a2 ] Request (ServerMetadataTestJSON:tearDownClass): 200 GET http://10.180.1.21/compute/v2.1/servers/f7ba79d4-aa2b-4842-9bd5-8eb9a01200d2 0.142s
2025-02-18 14:41:16.302 62654 INFO tempest.lib.common.rest_client [req-fc500daf-eed7-41af-bda5-bcfeda84091c req-fc500daf-eed7-41af-bda5-bcfeda84091c ] Request (DeleteServersTestJSON:test_delete_active_server): 200 GET http://10.180.1.21/compute/v2.1/servers/04694878-b60b-4e33-bcc4-3bcb4bd1f5d3 0.159s
2025-02-18 14:41:16.347 62666 INFO tempest.lib.common.rest_client [req-8410c6de-9215-4db8-b1b0-cd223f0bc6f0 req-8410c6de-9215-4db8-b1b0-cd223f0bc6f0 ] Request (ServerAddressesNegativeTestJSON:setUpClass): 200 GET http://10.180.1.21/compute/v2.1/servers/0cd0839e-d442-4d82-9b9b-8a59dee70db7 0.162s
2025-02-18 14:41:16.359 62670 INFO tempest.lib.common.rest_client [req-01b5761c-2eaa-482f-b3ef-01e283778231 req-01b5761c-2eaa-482f-b3ef-01e283778231 ] Request (ImagesOneServerNegativeTestJSON:setUp): 200 GET http://10.180.1.21/compute/v2.1/servers/df106528-9ed2-4043-9d25-464d5beb3f7b 0.195s
2025-02-18 14:41:16.415 62656 INFO tempest.lib.common.rest_client [req-2fa81612-9fec-458c-ac28-09d90b6033c0 req-2fa81612-9fec-458c-ac28-09d90b6033c0 ] Request (FloatingIPsAssociationTestJSON:tearDownClass): 200 GET http://10.180.1.21/compute/v2.1/servers/88b335c7-7c56-4ae7-90a1-0fff3028c6a2 0.199s
2025-02-18 14:41:16.416 62642 INFO tempest.lib.common.rest_client [req-fce13c9f-837d-41ef-ac4d-62ea622dc333 req-fce13c9f-837d-41ef-ac4d-62ea622dc333 ] Request (ServersTestMultiNic:test_verify_multiple_nics_order): 200 GET http://10.180.1.21/compute/v2.1/servers/bbde3466-9829-4207-9670-72715d1e49c0 0.179s
2025-02-18 14:41:16.470 62684 INFO tempest.lib.common.rest_client [req-9177bda8-f37f-4edc-93b5-57e2382fb0d8 req-9177bda8-f37f-4edc-93b5-57e2382fb0d8 ] Request (ServersTestBootFromVolume:setUpClass): 200 GET http://10.180.1.21/compute/v2.1/servers/d9f2468c-18c3-44f4-8044-5a098ac5f107 0.178s
2025-02-18 14:41:16.508 62672 INFO tempest.lib.common.rest_client [req-3884f237-587a-4f96-b29b-b94439d2bbe4 req-3884f237-587a-4f96-b29b-b94439d2bbe4 ] Request (ListServerFiltersTestJSON:setUpClass): 200 GET http://10.180.1.21/compute/v2.1/servers/0a511243-824b-4c55-a804-fd8e69dbbaf9 0.246s
2025-02-18 14:41:16.513 62662 INFO tempest.lib.common.rest_client [req-4d0ece52-ef03-4b84-8d83-a4ffc3a9d5af req-4d0ece52-ef03-4b84-8d83-a4ffc3a9d5af ] Request (ServersAdminTestJSON:setUpClass): 200 GET http://10.180.1.21/compute/v2.1/servers/d524e752-1c48-4acc-886d-346d8b224fcb 0.164s
2025-02-18 14:41:16.558 62678 INFO tempest.lib.common.rest_client [req-351d017d-e3fb-44ab-9a8f-01c0194aae41 req-351d017d-e3fb-44ab-9a8f-01c0194aae41 ] Request (ServersNegativeTestJSON:setUpClass): 200 GET http://10.180.1.21/compute/v2.1/servers/5f019d1a-a507-4f65-8ec8-3b0d0a6d3ef7 0.157s
2025-02-18 14:41:16.608 62705 INFO tempest.lib.common.rest_client [req-8ab22b0e-fe88-41f4-83a7-0af98265bdb9 req-8ab22b0e-fe88-41f4-83a7-0af98265bdb9 ] Request (ServerRescueNegativeTestJSON:setUpClass): 200 GET http://10.180.1.21/compute/v2.1/servers/7e8c336d-48c5-4fd1-a733-f7001dea3aa4 0.135s
2025-02-18 14:41:16.652 62702 INFO tempest.lib.common.rest_client [req-e1cc7a48-0089-45a5-873c-f8027b444f93 req-e1cc7a48-0089-45a5-873c-f8027b444f93 ] Request (AttachVolumeNegativeTest:test_attach_attached_volume_to_different_server): 200 GET http://10.180.1.21/compute/v2.1/servers/5114d3c2-a387-4520-8837-be0736533858 0.173s
2025-02-18 14:41:16.732 62672 INFO tempest.lib.common.rest_client [req-b97870b0-95bb-4209-a202-f3c15758ba7b req-b97870b0-95bb-4209-a202-f3c15758ba7b ] Request (ListServerFiltersTestJSON:setUpClass): 200 GET http://10.180.1.21/compute/v2.1/servers/3415bd61-0399-4199-82f4-ae0fb7957a4d 0.215s
2025-02-18 14:41:16.917 62670 INFO tempest.lib.common.rest_client [req-968657ba-19d9-424b-aa09-b4fdac415404 req-968657ba-19d9-424b-aa09-b4fdac415404 ] Request (ImagesOneServerNegativeTestJSON:test_create_second_image_when_first_image_is_being_saved): 202 POST http://10.180.1.21/compute/v2.1/servers/df106528-9ed2-4043-9d25-464d5beb3f7b/action 0.549s
2025-02-18 14:41:16.964 62672 INFO tempest.lib.common.rest_client [req-2c0d0c5c-3864-4e04-9cd4-85038a127796 req-2c0d0c5c-3864-4e04-9cd4-85038a127796 ] Request (ListServerFiltersTestJSON:test_list_servers_detailed_filter_by_flavor): 200 GET http://10.180.1.21/compute/v2.1/servers/detail?flavor=84 0.223s
2025-02-18 14:41:16.975 62680 INFO tempest.lib.common.rest_client [req-8aaf538b-1621-4fee-bac6-5d218bc87781 req-8aaf538b-1621-4fee-bac6-5d218bc87781 ] Request (ServersAdminNegativeTestJSON:tearDownClass): 200 GET http://10.180.1.21/compute/v2.1/servers/62dce1f2-05c6-4634-ac62-423af6d9e966 0.231s
2025-02-18 14:41:16.992 62670 INFO tempest.lib.common.rest_client [req-99caa561-9003-4e60-b729-95212ca4062a req-99caa561-9003-4e60-b729-95212ca4062a ] Request (ImagesOneServerNegativeTestJSON:test_create_second_image_when_first_image_is_being_saved): 409 POST http://10.180.1.21/compute/v2.1/servers/df106528-9ed2-4043-9d25-464d5beb3f7b/action 0.073s
2025-02-18 14:41:17.025 62661 INFO tempest.lib.common.rest_client [req-bc4c672f-a464-486b-8dde-bafa18a8f574 req-bc4c672f-a464-486b-8dde-bafa18a8f574 ] Request (ImagesOneServerTestJSON:setUpClass): 200 GET http://10.180.1.21/compute/v2.1/servers/88c9e905-5a60-4109-a03f-fa971843c488 0.072s
2025-02-18 14:41:17.162 62687 INFO tempest.lib.common.rest_client [req-c3af0ba0-3a42-4d14-9740-66bc8bb31098 req-c3af0ba0-3a42-4d14-9740-66bc8bb31098 ] Request (ImagesTestJSON:test_create_image_from_suspended_server): 200 GET http://10.180.1.21/compute/v2.1/servers/14b4b002-4fcd-4861-a812-47978097a8c3 0.181s
2025-02-18 14:41:17.200 62672 INFO tempest.lib.common.rest_client [req-9653935b-7150-456f-8c82-503f7dfb4a7e req-9653935b-7150-456f-8c82-503f7dfb4a7e ] Request (ListServerFiltersTestJSON:test_list_servers_detailed_filter_by_server_name): 200 GET http://10.180.1.21/compute/v2.1/servers/detail?name=tempest-ListServerFiltersTestJSON-instance-1874581101 0.226s
2025-02-18 14:41:17.242 62670 INFO tempest.lib.common.rest_client [req-b32526da-34ff-48bb-b2d7-bd14d751bfe7 req-b32526da-34ff-48bb-b2d7-bd14d751bfe7 ] Request (ImagesOneServerNegativeTestJSON:test_create_second_image_when_first_image_is_being_saved): 204 DELETE http://10.180.1.21/compute/v2.1/images/188e0337-fc17-44e1-bf0d-09fb30dfd43c 0.250s
2025-02-18 14:41:17.253 62648 INFO tempest.lib.common.rest_client [req-2bae5f49-4ecc-49c7-b7e3-f326f7ca5b8a req-2bae5f49-4ecc-49c7-b7e3-f326f7ca5b8a ] Request (MigrationsAdminTest:test_resize_server_revert_deleted_flavor): 200 GET http://10.180.1.21/compute/v2.1/servers/abc046a0-2875-4673-9eda-dcd9ded773c1 0.207s
2025-02-18 14:41:17.311 62674 INFO tempest.lib.common.rest_client [req-616e843f-aaba-481a-9fcc-2c7e88c9ade4 req-616e843f-aaba-481a-9fcc-2c7e88c9ade4 ] Request (DeleteServersAdminTestJSON:test_delete_server_while_in_error_state): 200 GET http://10.180.1.21/compute/v2.1/servers/6f587834-2727-48fc-8dba-50754fa70643 0.253s
2025-02-18 14:41:17.312 62644 INFO tempest.lib.common.rest_client [req-a9e591ba-1fed-4386-be76-ce0cf477b4be req-a9e591ba-1fed-4386-be76-ce0cf477b4be ] Request (ImagesNegativeTestJSON:test_create_image_from_deleted_server): 200 GET http://10.180.1.21/compute/v2.1/servers/55c3c030-2e80-4829-bd9c-0e7f3e743c6c 0.191s
2025-02-18 14:41:17.366 62646 INFO tempest.lib.common.rest_client [req-c4aefbab-01ae-4733-86c5-d3c087f079a7 req-c4aefbab-01ae-4733-86c5-d3c087f079a7 ] Request (InstanceActionsNegativeTestJSON:setUpClass): 200 GET http://10.180.1.21/compute/v2.1/servers/ae510f49-ca5e-4a87-94ef-24591700fcf6 0.196s
2025-02-18 14:41:17.403 62696 INFO tempest.lib.common.rest_client [req-ff2a3a2d-8fd5-4acb-a82e-48b44b51488a req-ff2a3a2d-8fd5-4acb-a82e-48b44b51488a ] Request (InstanceActionsV221TestJSON:test_get_list_deleted_instance_actions): 404 GET http://10.180.1.21/compute/v2.1/servers/2b9b9728-7733-4e6a-82dc-c1659481f577 0.171s
2025-02-18 14:41:17.528 62670 INFO tempest.lib.common.rest_client [req-da8c7959-951c-457f-aa65-50af9c93cb6d req-da8c7959-951c-457f-aa65-50af9c93cb6d ] Request (ImagesOneServerNegativeTestJSON:tearDown): 200 GET http://10.180.1.21/compute/v2.1/servers/df106528-9ed2-4043-9d25-464d5beb3f7b 0.285s
2025-02-18 14:41:17.558 62672 INFO tempest.lib.common.rest_client [req-96323529-8f06-4775-9f54-2e277bacc986 req-96323529-8f06-4775-9f54-2e277bacc986 ] Request (ListServerFiltersTestJSON:test_list_servers_detailed_filter_by_server_status): 200 GET http://10.180.1.21/compute/v2.1/servers/detail?status=active 0.345s
2025-02-18 14:41:17.584 62698 INFO tempest.lib.common.rest_client [req-f8d216d5-9f82-4611-8b69-a5c7836a6b7e req-f8d216d5-9f82-4611-8b69-a5c7836a6b7e ] Request (ServerMetadataTestJSON:tearDownClass): 200 GET http://10.180.1.21/compute/v2.1/servers/f7ba79d4-aa2b-4842-9bd5-8eb9a01200d2 0.304s
2025-02-18 14:41:17.608 62654 INFO tempest.lib.common.rest_client [req-a50a761c-3d9c-46f8-8938-15b3312f5141 req-a50a761c-3d9c-46f8-8938-15b3312f5141 ] Request (DeleteServersTestJSON:test_delete_active_server): 200 GET http://10.180.1.21/compute/v2.1/servers/04694878-b60b-4e33-bcc4-3bcb4bd1f5d3 0.299s
2025-02-18 14:41:17.629 62666 INFO tempest.lib.common.rest_client [req-86c48ea1-b211-436c-86ec-8627e8d73cd3 req-86c48ea1-b211-436c-86ec-8627e8d73cd3 ] Request (ServerAddressesNegativeTestJSON:setUpClass): 200 GET http://10.180.1.21/compute/v2.1/servers/0cd0839e-d442-4d82-9b9b-8a59dee70db7 0.273s
2025-02-18 14:41:17.651 62696 INFO tempest.lib.common.rest_client [req-e56c905a-a8a7-4983-a919-b62f82f457f4 req-e56c905a-a8a7-4983-a919-b62f82f457f4 ] Request (InstanceActionsV221TestJSON:test_get_list_deleted_instance_actions): 200 GET http://10.180.1.21/compute/v2.1/servers/2b9b9728-7733-4e6a-82dc-c1659481f577/os-instance-actions 0.248s
2025-02-18 14:41:17.675 62642 INFO tempest.lib.common.rest_client [req-ec3039d1-8c64-4eef-a3a8-3efdc1218958 req-ec3039d1-8c64-4eef-a3a8-3efdc1218958 ] Request (ServersTestMultiNic:test_verify_multiple_nics_order): 200 GET http://10.180.1.21/compute/v2.1/servers/bbde3466-9829-4207-9670-72715d1e49c0 0.252s
2025-02-18 14:41:17.707 62656 INFO tempest.lib.common.rest_client [req-e8fda527-586e-4187-a72e-5ab2c9d9f73e req-e8fda527-586e-4187-a72e-5ab2c9d9f73e ] Request (FloatingIPsAssociationTestJSON:tearDownClass): 200 GET http://10.180.1.21/compute/v2.1/servers/88b335c7-7c56-4ae7-90a1-0fff3028c6a2 0.283s
2025-02-18 14:41:17.720 62684 INFO tempest.lib.common.rest_client [req-67a67882-3d38-4b41-bfbb-d698d3018c52 req-67a67882-3d38-4b41-bfbb-d698d3018c52 ] Request (ServersTestBootFromVolume:setUpClass): 200 GET http://10.180.1.21/compute/v2.1/servers/d9f2468c-18c3-44f4-8044-5a098ac5f107 0.243s
2025-02-18 14:41:17.755 62662 INFO tempest.lib.common.rest_client [req-2b91d1c4-580d-417b-9eeb-b03b485f8a84 req-2b91d1c4-580d-417b-9eeb-b03b485f8a84 ] Request (ServersAdminTestJSON:setUpClass): 200 GET http://10.180.1.21/compute/v2.1/servers/d524e752-1c48-4acc-886d-346d8b224fcb 0.234s
2025-02-18 14:41:17.801 62678 INFO tempest.lib.common.rest_client [req-14d79c37-ce24-4295-9bd8-e96c4c9c8262 req-14d79c37-ce24-4295-9bd8-e96c4c9c8262 ] Request (ServersNegativeTestJSON:setUpClass): 200 GET http://10.180.1.21/compute/v2.1/servers/5f019d1a-a507-4f65-8ec8-3b0d0a6d3ef7 0.233s
2025-02-18 14:41:17.848 62705 INFO tempest.lib.common.rest_client [req-260153fd-259d-44d2-8bd4-d755443472c6 req-260153fd-259d-44d2-8bd4-d755443472c6 ] Request (ServerRescueNegativeTestJSON:setUpClass): 200 GET http://10.180.1.21/compute/v2.1/servers/7e8c336d-48c5-4fd1-a733-f7001dea3aa4 0.232s
2025-02-18 14:41:17.866 62696 INFO tempest.lib.common.rest_client [req-631f53ef-36a8-4cfc-84ec-2dc71c518834 req-631f53ef-36a8-4cfc-84ec-2dc71c518834 ] Request (InstanceActionsV221TestJSON:tearDownClass): 404 DELETE http://10.180.1.21/compute/v2.1/servers/2b9b9728-7733-4e6a-82dc-c1659481f577 0.205s
2025-02-18 14:41:17.875 62672 INFO tempest.lib.common.rest_client [req-2cb8385a-8eda-4591-b182-3b646b792ede req-2cb8385a-8eda-4591-b182-3b646b792ede ] Request (ListServerFiltersTestJSON:test_list_servers_detailed_limit_results): 200 GET http://10.180.1.21/compute/v2.1/servers/detail?limit=1 0.307s
2025-02-18 14:41:17.896 62696 INFO tempest.lib.common.rest_client [req-221f0f06-0c87-44b4-b1b2-b1e6ef291082 req-221f0f06-0c87-44b4-b1b2-b1e6ef291082 ] Request (InstanceActionsV221TestJSON:tearDownClass): 404 GET http://10.180.1.21/compute/v2.1/servers/2b9b9728-7733-4e6a-82dc-c1659481f577 0.029s
2025-02-18 14:41:17.916 62702 INFO tempest.lib.common.rest_client [req-95a54c4e-a36f-486a-8e79-8045d0c30aee req-95a54c4e-a36f-486a-8e79-8045d0c30aee ] Request (AttachVolumeNegativeTest:test_attach_attached_volume_to_different_server): 200 GET http://10.180.1.21/compute/v2.1/servers/5114d3c2-a387-4520-8837-be0736533858 0.252s
2025-02-18 14:41:17.924 62702 INFO tempest.common.waiters [-] State transition "BUILD/scheduling" ==> "BUILD/None" after 25 second wait
2025-02-18 14:41:18.002 62672 INFO tempest.lib.common.rest_client [req-8d932c29-0fb0-45b0-bdc1-57b628a2ee56 req-8d932c29-0fb0-45b0-bdc1-57b628a2ee56 ] Request (ListServerFiltersTestJSON:test_list_servers_filter_by_active_status): 200 GET http://10.180.1.21/compute/v2.1/servers?status=active 0.118s
2025-02-18 14:41:18.059 62680 INFO tempest.lib.common.rest_client [req-9ca288fd-e6e8-442d-a5bf-397c8c5f0990 req-9ca288fd-e6e8-442d-a5bf-397c8c5f0990 ] Request (ServersAdminNegativeTestJSON:tearDownClass): 200 GET http://10.180.1.21/compute/v2.1/servers/62dce1f2-05c6-4634-ac62-423af6d9e966 0.075s
2025-02-18 14:41:18.085 62672 INFO tempest.lib.common.rest_client [req-490d5e52-8294-4f91-9a85-daadf9c1826a req-490d5e52-8294-4f91-9a85-daadf9c1826a ] Request (ListServerFiltersTestJSON:test_list_servers_filter_by_exceed_limit): 200 GET http://10.180.1.21/compute/v2.1/servers?limit=100000 0.079s
2025-02-18 14:41:18.106 62661 INFO tempest.lib.common.rest_client [req-4fd5956f-d93a-4753-bf2e-699cc1229d97 req-4fd5956f-d93a-4753-bf2e-699cc1229d97 ] Request (ImagesOneServerTestJSON:setUpClass): 200 GET http://10.180.1.21/compute/v2.1/servers/88c9e905-5a60-4109-a03f-fa971843c488 0.072s
2025-02-18 14:41:18.133 62672 INFO tempest.lib.common.rest_client [req-c6b0cbfe-eaa9-4444-8866-71cf4072d590 req-c6b0cbfe-eaa9-4444-8866-71cf4072d590 ] Request (ListServerFiltersTestJSON:test_list_servers_filter_by_exceed_limit): 200 GET http://10.180.1.21/compute/v2.1/servers 0.045s
2025-02-18 14:41:18.233 62672 INFO tempest.lib.common.rest_client [req-d060fb7f-f9f2-4e09-a8c7-2f207055bb35 req-d060fb7f-f9f2-4e09-a8c7-2f207055bb35 ] Request (ListServerFiltersTestJSON:test_list_servers_filter_by_flavor): 200 GET http://10.180.1.21/compute/v2.1/servers?flavor=84 0.097s
2025-02-18 14:41:18.272 62687 INFO tempest.lib.common.rest_client [req-bbeb7de3-720a-4878-ae9a-edf44521d460 req-bbeb7de3-720a-4878-ae9a-edf44521d460 ] Request (ImagesTestJSON:test_create_image_from_suspended_server): 200 GET http://10.180.1.21/compute/v2.1/servers/14b4b002-4fcd-4861-a812-47978097a8c3 0.103s
2025-02-18 14:41:18.293 62672 INFO tempest.lib.common.rest_client [req-f5f1dac4-8617-42d6-a3ee-98f83cd879dc req-f5f1dac4-8617-42d6-a3ee-98f83cd879dc ] Request (ListServerFiltersTestJSON:test_list_servers_filter_by_limit): 200 GET http://10.180.1.21/compute/v2.1/servers?limit=1 0.055s
2025-02-18 14:41:18.317 62648 INFO tempest.lib.common.rest_client [req-2c314d87-a842-4189-aa16-a450f6ef827a req-2c314d87-a842-4189-aa16-a450f6ef827a ] Request (MigrationsAdminTest:test_resize_server_revert_deleted_flavor): 200 GET http://10.180.1.21/compute/v2.1/servers/abc046a0-2875-4673-9eda-dcd9ded773c1 0.054s
2025-02-18 14:41:18.378 62644 INFO tempest.lib.common.rest_client [req-5b766102-9fb9-4aa3-8bba-93073f3c58e2 req-5b766102-9fb9-4aa3-8bba-93073f3c58e2 ] Request (ImagesNegativeTestJSON:test_create_image_from_deleted_server): 200 GET http://10.180.1.21/compute/v2.1/servers/55c3c030-2e80-4829-bd9c-0e7f3e743c6c 0.057s
2025-02-18 14:41:18.441 62674 INFO tempest.lib.common.rest_client [req-5522fae9-632b-4240-8a27-39fd319c4279 req-5522fae9-632b-4240-8a27-39fd319c4279 ] Request (DeleteServersAdminTestJSON:test_delete_server_while_in_error_state): 200 GET http://10.180.1.21/compute/v2.1/servers/6f587834-2727-48fc-8dba-50754fa70643 0.122s
2025-02-18 14:41:18.496 62646 INFO tempest.lib.common.rest_client [req-dc916cf8-51a4-4707-a3a0-5a81c640bf77 req-dc916cf8-51a4-4707-a3a0-5a81c640bf77 ] Request (InstanceActionsNegativeTestJSON:setUpClass): 200 GET http://10.180.1.21/compute/v2.1/servers/ae510f49-ca5e-4a87-94ef-24591700fcf6 0.118s
2025-02-18 14:41:18.530 62696 INFO tempest.lib.common.rest_client [req-44fb0336-dff9-41d5-8f6f-76d21ee0a3af req-44fb0336-dff9-41d5-8f6f-76d21ee0a3af ] Request (InstanceActionsV221TestJSON:tearDownClass): 200 PUT http://10.180.1.21:9696/networking/v2.0/routers/ea1ada97-6d48-424a-a68e-2eed4a9885e1/remove_router_interface 0.633s
2025-02-18 14:41:18.623 62672 INFO tempest.lib.common.rest_client [req-804fa457-3b0f-42d9-a9fc-9023e2e5167e req-804fa457-3b0f-42d9-a9fc-9023e2e5167e ] Request (ListServerFiltersTestJSON:test_list_servers_filter_by_server_name): 200 GET http://10.180.1.21/compute/v2.1/servers?name=tempest-ListServerFiltersTestJSON-instance-1874581101 0.326s
2025-02-18 14:41:18.658 62670 INFO tempest.lib.common.rest_client [req-9cefa6b0-43b6-410c-8bb8-db14c6218ee7 req-9cefa6b0-43b6-410c-8bb8-db14c6218ee7 ] Request (ImagesOneServerNegativeTestJSON:tearDown): 200 GET http://10.180.1.21/compute/v2.1/servers/df106528-9ed2-4043-9d25-464d5beb3f7b 0.122s
2025-02-18 14:41:18.665 62670 INFO tempest.common.waiters [-] State transition "ACTIVE/image_snapshot_pending" ==> "ACTIVE/image_pending_upload" after 1 second wait
2025-02-18 14:41:18.685 62698 INFO tempest.lib.common.rest_client [req-a0b09d8d-b1fe-46b7-8b43-29e648043fe7 req-a0b09d8d-b1fe-46b7-8b43-29e648043fe7 ] Request (ServerMetadataTestJSON:tearDownClass): 200 GET http://10.180.1.21/compute/v2.1/servers/f7ba79d4-aa2b-4842-9bd5-8eb9a01200d2 0.092s
2025-02-18 14:41:18.711 62654 INFO tempest.lib.common.rest_client [req-096deb89-ed52-44d1-922f-b64d885a8982 req-096deb89-ed52-44d1-922f-b64d885a8982 ] Request (DeleteServersTestJSON:test_delete_active_server): 200 GET http://10.180.1.21/compute/v2.1/servers/04694878-b60b-4e33-bcc4-3bcb4bd1f5d3 0.093s
2025-02-18 14:41:18.728 62672 INFO tempest.lib.common.rest_client [req-41c262ef-8496-48aa-80c9-e8848174db0a req-41c262ef-8496-48aa-80c9-e8848174db0a ] Request (ListServerFiltersTestJSON:test_list_servers_filter_by_shutoff_status): 202 POST http://10.180.1.21/compute/v2.1/servers/0a511243-824b-4c55-a804-fd8e69dbbaf9/action 0.102s
2025-02-18 14:41:18.772 62666 INFO tempest.lib.common.rest_client [req-7bf4654b-2bde-4b0d-bafb-ad41daa620af req-7bf4654b-2bde-4b0d-bafb-ad41daa620af ] Request (ServerAddressesNegativeTestJSON:setUpClass): 200 GET http://10.180.1.21/compute/v2.1/servers/0cd0839e-d442-4d82-9b9b-8a59dee70db7 0.136s
2025-02-18 14:41:18.780 62642 INFO tempest.lib.common.rest_client [req-3ea7638e-55ce-4ac6-9d9c-897430fa028d req-3ea7638e-55ce-4ac6-9d9c-897430fa028d ] Request (ServersTestMultiNic:test_verify_multiple_nics_order): 200 GET http://10.180.1.21/compute/v2.1/servers/bbde3466-9829-4207-9670-72715d1e49c0 0.095s
2025-02-18 14:41:18.839 62684 INFO tempest.lib.common.rest_client [req-04500c36-c017-4725-ba60-7e7f5d19e227 req-04500c36-c017-4725-ba60-7e7f5d19e227 ] Request (ServersTestBootFromVolume:setUpClass): 200 GET http://10.180.1.21/compute/v2.1/servers/d9f2468c-18c3-44f4-8044-5a098ac5f107 0.111s
2025-02-18 14:41:18.842 62656 INFO tempest.lib.common.rest_client [req-5da2f27a-69f9-45e9-97d8-7a1b7a214139 req-5da2f27a-69f9-45e9-97d8-7a1b7a214139 ] Request (FloatingIPsAssociationTestJSON:tearDownClass): 200 GET http://10.180.1.21/compute/v2.1/servers/88b335c7-7c56-4ae7-90a1-0fff3028c6a2 0.125s
2025-02-18 14:41:18.891 62662 INFO tempest.lib.common.rest_client [req-5bc03379-d533-407b-8e63-68bd42c3e16c req-5bc03379-d533-407b-8e63-68bd42c3e16c ] Request (ServersAdminTestJSON:setUpClass): 200 GET http://10.180.1.21/compute/v2.1/servers/d524e752-1c48-4acc-886d-346d8b224fcb 0.127s
2025-02-18 14:41:18.903 62696 INFO tempest.lib.common.rest_client [req-d3a3bd33-2a88-4719-97b8-abb31fe87951 req-d3a3bd33-2a88-4719-97b8-abb31fe87951 ] Request (InstanceActionsV221TestJSON:tearDownClass): 204 DELETE http://10.180.1.21:9696/networking/v2.0/routers/ea1ada97-6d48-424a-a68e-2eed4a9885e1 0.373s
2025-02-18 14:41:18.937 62678 INFO tempest.lib.common.rest_client [req-ef31a7d0-f990-4b88-882c-b1e04e6e7e48 req-ef31a7d0-f990-4b88-882c-b1e04e6e7e48 ] Request (ServersNegativeTestJSON:setUpClass): 200 GET http://10.180.1.21/compute/v2.1/servers/5f019d1a-a507-4f65-8ec8-3b0d0a6d3ef7 0.128s
2025-02-18 14:41:18.953 62672 INFO tempest.lib.common.rest_client [req-eb481321-7bac-45c7-a1a1-242b439f9b46 req-eb481321-7bac-45c7-a1a1-242b439f9b46 ] Request (ListServerFiltersTestJSON:test_list_servers_filter_by_shutoff_status): 200 GET http://10.180.1.21/compute/v2.1/servers/0a511243-824b-4c55-a804-fd8e69dbbaf9 0.225s
2025-02-18 14:41:18.981 62705 INFO tempest.lib.common.rest_client [req-8670e9b3-daae-4600-ac08-c223365fbdaa req-8670e9b3-daae-4600-ac08-c223365fbdaa ] Request (ServerRescueNegativeTestJSON:setUpClass): 200 GET http://10.180.1.21/compute/v2.1/servers/7e8c336d-48c5-4fd1-a733-f7001dea3aa4 0.125s
2025-02-18 14:41:18.998 62702 INFO tempest.lib.common.rest_client [req-658017d4-9219-40c8-82b2-4f0d6bbc310f req-658017d4-9219-40c8-82b2-4f0d6bbc310f ] Request (AttachVolumeNegativeTest:test_attach_attached_volume_to_different_server): 200 GET http://10.180.1.21/compute/v2.1/servers/5114d3c2-a387-4520-8837-be0736533858 0.073s
2025-02-18 14:41:19.013 62696 INFO tempest.lib.common.rest_client [req-5af04cb2-7216-4333-b7a0-f7d235394bdb req-5af04cb2-7216-4333-b7a0-f7d235394bdb ] Request (InstanceActionsV221TestJSON:tearDownClass): 204 DELETE http://10.180.1.21:9696/networking/v2.0/subnets/22653dd6-5a0e-483e-bab2-db58d95f3070 0.109s
2025-02-18 14:41:19.128 62680 INFO tempest.lib.common.rest_client [req-72a1f89a-fdc0-4fff-b705-1ce8f9e11065 req-72a1f89a-fdc0-4fff-b705-1ce8f9e11065 ] Request (ServersAdminNegativeTestJSON:tearDownClass): 200 GET http://10.180.1.21/compute/v2.1/servers/62dce1f2-05c6-4634-ac62-423af6d9e966 0.061s
2025-02-18 14:41:19.172 62661 INFO tempest.lib.common.rest_client [req-96d27ceb-78c1-4a7f-b26d-fcea438df307 req-96d27ceb-78c1-4a7f-b26d-fcea438df307 ] Request (ImagesOneServerTestJSON:setUpClass): 200 GET http://10.180.1.21/compute/v2.1/servers/88c9e905-5a60-4109-a03f-fa971843c488 0.057s
2025-02-18 14:41:19.225 62696 INFO tempest.lib.common.rest_client [req-c117e7ed-b120-4092-a578-b84284f2b6f2 req-c117e7ed-b120-4092-a578-b84284f2b6f2 ] Request (InstanceActionsV221TestJSON:tearDownClass): 204 DELETE http://10.180.1.21:9696/networking/v2.0/networks/c71a7bda-7296-4408-b4a5-f2ed5a021df1 0.212s
2025-02-18 14:41:19.321 62652 WARNING tempest.lib.common.ssh [-] Failed to establish authenticated ssh connection to cirros@10.180.180.230 ([Errno None] Unable to connect to port 22 on 10.180.180.230). Number attempts: 8. Retry after 9 seconds.: paramiko.ssh_exception.NoValidConnectionsError: [Errno None] Unable to connect to port 22 on 10.180.180.230
2025-02-18 14:41:19.340 62696 INFO tempest.lib.common.rest_client [req-a3c7fc8c-80fe-4972-8e01-6077f0167dfd req-a3c7fc8c-80fe-4972-8e01-6077f0167dfd ] Request (InstanceActionsV221TestJSON:tearDownClass): 204 DELETE http://10.180.1.21/identity/v3/users/5429463074884ae68b84a42c63a4e887 0.114s
2025-02-18 14:41:19.340 62696 INFO tempest.lib.common.dynamic_creds [-] Deleting project and security group for project: d431bffe85344d55b5eb879decdc6315
2025-02-18 14:41:19.394 62696 INFO tempest.lib.common.rest_client [req-4ca79adc-5d39-487c-a245-3d2fe5aff078 req-4ca79adc-5d39-487c-a245-3d2fe5aff078 ] Request (InstanceActionsV221TestJSON:tearDownClass): 200 GET http://10.180.1.21:9696/networking/v2.0/security-groups?tenant_id=d431bffe85344d55b5eb879decdc6315&name=default 0.053s
2025-02-18 14:41:19.404 62687 INFO tempest.lib.common.rest_client [req-99e4c0ef-d552-49e8-9d3e-6f50a37daa4c req-99e4c0ef-d552-49e8-9d3e-6f50a37daa4c ] Request (ImagesTestJSON:test_create_image_from_suspended_server): 200 GET http://10.180.1.21/compute/v2.1/servers/14b4b002-4fcd-4861-a812-47978097a8c3 0.122s
2025-02-18 14:41:19.404 62648 INFO tempest.lib.common.rest_client [req-14b91a70-200f-4d51-9e5a-05cd78415c0d req-14b91a70-200f-4d51-9e5a-05cd78415c0d ] Request (MigrationsAdminTest:test_resize_server_revert_deleted_flavor): 200 GET http://10.180.1.21/compute/v2.1/servers/abc046a0-2875-4673-9eda-dcd9ded773c1 0.075s
2025-02-18 14:41:19.464 62644 INFO tempest.lib.common.rest_client [req-716f1a81-0abf-4c4b-bfa8-1196adf713ad req-716f1a81-0abf-4c4b-bfa8-1196adf713ad ] Request (ImagesNegativeTestJSON:test_create_image_from_deleted_server): 200 GET http://10.180.1.21/compute/v2.1/servers/55c3c030-2e80-4829-bd9c-0e7f3e743c6c 0.073s
2025-02-18 14:41:19.487 62696 INFO tempest.lib.common.rest_client [req-165953ee-a100-4411-9084-d66c18d8562c req-165953ee-a100-4411-9084-d66c18d8562c ] Request (InstanceActionsV221TestJSON:tearDownClass): 204 DELETE http://10.180.1.21:9696/networking/v2.0/security-groups/961d386b-9d3a-463b-8985-38ec25a159e7 0.093s
2025-02-18 14:41:19.516 62674 INFO tempest.lib.common.rest_client [req-6d0341ba-3d16-43ea-a212-7e80c56f56ed req-6d0341ba-3d16-43ea-a212-7e80c56f56ed ] Request (DeleteServersAdminTestJSON:test_delete_server_while_in_error_state): 200 GET http://10.180.1.21/compute/v2.1/servers/6f587834-2727-48fc-8dba-50754fa70643 0.065s
2025-02-18 14:41:19.555 62646 INFO tempest.lib.common.rest_client [req-9bd0a1e1-f43e-4d17-bb11-ce30e88488c1 req-9bd0a1e1-f43e-4d17-bb11-ce30e88488c1 ] Request (InstanceActionsNegativeTestJSON:setUpClass): 200 GET http://10.180.1.21/compute/v2.1/servers/ae510f49-ca5e-4a87-94ef-24591700fcf6 0.049s
2025-02-18 14:41:19.573 62696 INFO tempest.lib.common.rest_client [req-07a85b56-9faf-4664-a84a-0e4429eeb065 req-07a85b56-9faf-4664-a84a-0e4429eeb065 ] Request (InstanceActionsV221TestJSON:tearDownClass): 204 DELETE http://10.180.1.21/identity/v3/projects/d431bffe85344d55b5eb879decdc6315 0.086s
2025-02-18 14:41:19.750 62698 INFO tempest.lib.common.rest_client [req-6c0ceab7-0137-4b28-9e72-fb2a39830376 req-6c0ceab7-0137-4b28-9e72-fb2a39830376 ] Request (ServerMetadataTestJSON:tearDownClass): 200 GET http://10.180.1.21/compute/v2.1/servers/f7ba79d4-aa2b-4842-9bd5-8eb9a01200d2 0.057s
2025-02-18 14:41:19.767 62670 INFO tempest.lib.common.rest_client [req-fe72ea9f-589f-4e10-9304-844ceddcdc95 req-fe72ea9f-589f-4e10-9304-844ceddcdc95 ] Request (ImagesOneServerNegativeTestJSON:tearDown): 200 GET http://10.180.1.21/compute/v2.1/servers/df106528-9ed2-4043-9d25-464d5beb3f7b 0.100s
2025-02-18 14:41:19.809 62654 INFO tempest.lib.common.rest_client [req-bea1ca5b-e9b1-41bf-ae51-4fb4e39c58ae req-bea1ca5b-e9b1-41bf-ae51-4fb4e39c58ae ] Request (DeleteServersTestJSON:test_delete_active_server): 200 GET http://10.180.1.21/compute/v2.1/servers/04694878-b60b-4e33-bcc4-3bcb4bd1f5d3 0.089s
2025-02-18 14:41:19.839 62666 INFO tempest.lib.common.rest_client [req-4520f332-3f68-4d26-a14d-a6fc6ac2a52f req-4520f332-3f68-4d26-a14d-a6fc6ac2a52f ] Request (ServerAddressesNegativeTestJSON:setUpClass): 200 GET http://10.180.1.21/compute/v2.1/servers/0cd0839e-d442-4d82-9b9b-8a59dee70db7 0.060s
2025-02-18 14:41:19.856 62642 INFO tempest.lib.common.rest_client [req-3532b882-bc52-4ade-90c1-92357c6a2b06 req-3532b882-bc52-4ade-90c1-92357c6a2b06 ] Request (ServersTestMultiNic:test_verify_multiple_nics_order): 200 GET http://10.180.1.21/compute/v2.1/servers/bbde3466-9829-4207-9670-72715d1e49c0 0.065s
2025-02-18 14:41:19.899 62684 INFO tempest.lib.common.rest_client [req-1cb6adab-92f1-4436-b647-d3053e0efcf8 req-1cb6adab-92f1-4436-b647-d3053e0efcf8 ] Request (ServersTestBootFromVolume:setUpClass): 200 GET http://10.180.1.21/compute/v2.1/servers/d9f2468c-18c3-44f4-8044-5a098ac5f107 0.050s
2025-02-18 14:41:19.917 62656 INFO tempest.lib.common.rest_client [req-fc34066f-cae9-47c5-800b-5f50d3b9ba6d req-fc34066f-cae9-47c5-800b-5f50d3b9ba6d ] Request (FloatingIPsAssociationTestJSON:tearDownClass): 200 GET http://10.180.1.21/compute/v2.1/servers/88b335c7-7c56-4ae7-90a1-0fff3028c6a2 0.066s
2025-02-18 14:41:20.042 62678 INFO tempest.lib.common.rest_client [req-6561de95-3d8b-4d40-ae73-c486a8322eb6 req-6561de95-3d8b-4d40-ae73-c486a8322eb6 ] Request (ServersNegativeTestJSON:setUpClass): 200 GET http://10.180.1.21/compute/v2.1/servers/5f019d1a-a507-4f65-8ec8-3b0d0a6d3ef7 0.097s
2025-02-18 14:41:20.044 62662 INFO tempest.lib.common.rest_client [req-fbe339fa-d1b7-4344-a9df-766808dbd92b req-fbe339fa-d1b7-4344-a9df-766808dbd92b ] Request (ServersAdminTestJSON:setUpClass): 200 GET http://10.180.1.21/compute/v2.1/servers/d524e752-1c48-4acc-886d-346d8b224fcb 0.145s
2025-02-18 14:41:20.105 62705 INFO tempest.lib.common.rest_client [req-1f6dc54d-1c0e-462c-be61-bf43f19339ea req-1f6dc54d-1c0e-462c-be61-bf43f19339ea ] Request (ServerRescueNegativeTestJSON:setUpClass): 200 GET http://10.180.1.21/compute/v2.1/servers/7e8c336d-48c5-4fd1-a733-f7001dea3aa4 0.115s
2025-02-18 14:41:20.155 62702 INFO tempest.lib.common.rest_client [req-25dd05b3-ab25-4663-b442-ce86d635454e req-25dd05b3-ab25-4663-b442-ce86d635454e ] Request (AttachVolumeNegativeTest:test_attach_attached_volume_to_different_server): 200 GET http://10.180.1.21/compute/v2.1/servers/5114d3c2-a387-4520-8837-be0736533858 0.148s
2025-02-18 14:41:20.182 62672 INFO tempest.lib.common.rest_client [req-8a80f901-efe9-42ac-8ab2-626607af2046 req-8a80f901-efe9-42ac-8ab2-626607af2046 ] Request (ListServerFiltersTestJSON:test_list_servers_filter_by_shutoff_status): 200 GET http://10.180.1.21/compute/v2.1/servers/0a511243-824b-4c55-a804-fd8e69dbbaf9 0.220s
2025-02-18 14:41:20.205 62680 INFO tempest.lib.common.rest_client [req-3113008c-5be9-47fc-b4b0-5e37486695f8 req-3113008c-5be9-47fc-b4b0-5e37486695f8 ] Request (ServersAdminNegativeTestJSON:tearDownClass): 200 GET http://10.180.1.21/compute/v2.1/servers/62dce1f2-05c6-4634-ac62-423af6d9e966 0.066s
2025-02-18 14:41:20.231 62661 INFO tempest.lib.common.rest_client [req-ad790d74-8e7b-46e1-876c-b0f742260a4d req-ad790d74-8e7b-46e1-876c-b0f742260a4d ] Request (ImagesOneServerTestJSON:setUpClass): 200 GET http://10.180.1.21/compute/v2.1/servers/88c9e905-5a60-4109-a03f-fa971843c488 0.051s
2025-02-18 14:41:20.409 62690 WARNING tempest.lib.common.ssh [-] Failed to establish authenticated ssh connection to cirros@10.180.180.248 ([Errno None] Unable to connect to port 22 on 10.180.180.248). Number attempts: 6. Retry after 7 seconds.: paramiko.ssh_exception.NoValidConnectionsError: [Errno None] Unable to connect to port 22 on 10.180.180.248
2025-02-18 14:41:20.475 62648 INFO tempest.lib.common.rest_client [req-ef060335-1ac2-4204-a8df-aaf088430a75 req-ef060335-1ac2-4204-a8df-aaf088430a75 ] Request (MigrationsAdminTest:test_resize_server_revert_deleted_flavor): 200 GET http://10.180.1.21/compute/v2.1/servers/abc046a0-2875-4673-9eda-dcd9ded773c1 0.062s
2025-02-18 14:41:20.528 62644 INFO tempest.lib.common.rest_client [req-36926b7c-087d-471e-885b-b2e2481c3415 req-36926b7c-087d-471e-885b-b2e2481c3415 ] Request (ImagesNegativeTestJSON:test_create_image_from_deleted_server): 200 GET http://10.180.1.21/compute/v2.1/servers/55c3c030-2e80-4829-bd9c-0e7f3e743c6c 0.056s
2025-02-18 14:41:20.541 62687 INFO tempest.lib.common.rest_client [req-5204af14-43cd-498b-85d4-06a8944955a2 req-5204af14-43cd-498b-85d4-06a8944955a2 ] Request (ImagesTestJSON:test_create_image_from_suspended_server): 200 GET http://10.180.1.21/compute/v2.1/servers/14b4b002-4fcd-4861-a812-47978097a8c3 0.128s
2025-02-18 14:41:20.547 62674 INFO tempest.lib.common.rest_client [req-cdf5a5e9-0ba3-4b97-b0b9-e603a69515bc req-cdf5a5e9-0ba3-4b97-b0b9-e603a69515bc ] Request (DeleteServersAdminTestJSON:test_delete_server_while_in_error_state): 404 GET http://10.180.1.21/compute/v2.1/servers/6f587834-2727-48fc-8dba-50754fa70643 0.022s
2025-02-18 14:41:20.548 62687 INFO tempest.common.waiters [-] State transition "BUILD/spawning" ==> "ACTIVE/None" after 58 second wait
2025-02-18 14:41:20.566 62674 INFO tempest.lib.common.rest_client [req-53d14570-4698-499c-bcae-8a1705a570cf req-53d14570-4698-499c-bcae-8a1705a570cf ] Request (DeleteServersAdminTestJSON:tearDownClass): 404 DELETE http://10.180.1.21/compute/v2.1/servers/6f587834-2727-48fc-8dba-50754fa70643 0.018s
2025-02-18 14:41:20.610 62646 INFO tempest.lib.common.rest_client [req-bc849558-4e5c-411c-88e6-c1ac8d003e01 req-bc849558-4e5c-411c-88e6-c1ac8d003e01 ] Request (InstanceActionsNegativeTestJSON:setUpClass): 200 GET http://10.180.1.21/compute/v2.1/servers/ae510f49-ca5e-4a87-94ef-24591700fcf6 0.047s
2025-02-18 14:41:20.621 62687 INFO tempest.lib.common.rest_client [req-107a9a3b-8f22-4b91-9afa-31db912261f7 req-107a9a3b-8f22-4b91-9afa-31db912261f7 ] Request (ImagesTestJSON:test_create_image_from_suspended_server): 202 POST http://10.180.1.21/compute/v2.1/servers/14b4b002-4fcd-4861-a812-47978097a8c3/action 0.072s
2025-02-18 14:41:20.629 62674 INFO tempest.lib.common.rest_client [req-506fd0e5-cbcb-4e5c-88da-0854555552df req-506fd0e5-cbcb-4e5c-88da-0854555552df ] Request (DeleteServersAdminTestJSON:tearDownClass): 404 GET http://10.180.1.21/compute/v2.1/servers/6f587834-2727-48fc-8dba-50754fa70643 0.062s
2025-02-18 14:41:20.648 62674 INFO tempest.lib.common.rest_client [req-a8b5a9d9-fd73-428c-93c8-0fe85c7b42a1 req-a8b5a9d9-fd73-428c-93c8-0fe85c7b42a1 ] Request (DeleteServersAdminTestJSON:tearDownClass): 404 DELETE http://10.180.1.21/compute/v2.1/servers/6dcc5aef-a417-4e28-b807-39f518bcd7fa 0.019s
2025-02-18 14:41:20.671 62674 INFO tempest.lib.common.rest_client [req-77230d3e-fd74-409d-b84e-1e8e414a83f1 req-77230d3e-fd74-409d-b84e-1e8e414a83f1 ] Request (DeleteServersAdminTestJSON:tearDownClass): 404 GET http://10.180.1.21/compute/v2.1/servers/6dcc5aef-a417-4e28-b807-39f518bcd7fa 0.022s
2025-02-18 14:41:20.726 62687 INFO tempest.lib.common.rest_client [req-a8ea1e3e-34bd-4d70-9595-8a2380e3684f req-a8ea1e3e-34bd-4d70-9595-8a2380e3684f ] Request (ImagesTestJSON:test_create_image_from_suspended_server): 200 GET http://10.180.1.21/compute/v2.1/servers/14b4b002-4fcd-4861-a812-47978097a8c3 0.104s
2025-02-18 14:41:20.784 62674 INFO tempest.lib.common.rest_client [req-5200bb7d-b210-41ef-9d14-68d0de283be9 req-5200bb7d-b210-41ef-9d14-68d0de283be9 ] Request (DeleteServersAdminTestJSON:tearDownClass): 204 DELETE http://10.180.1.21/identity/v3/users/63c45ddfdb764db1b5f0240540384312 0.112s
2025-02-18 14:41:20.794 62676 WARNING tempest.lib.common.ssh [-] Failed to establish authenticated ssh connection to cirros@10.180.180.192 ([Errno None] Unable to connect to port 22 on 10.180.180.192). Number attempts: 9. Retry after 10 seconds.: paramiko.ssh_exception.NoValidConnectionsError: [Errno None] Unable to connect to port 22 on 10.180.180.192
2025-02-18 14:41:20.842 62698 INFO tempest.lib.common.rest_client [req-3742ccc4-9789-4db4-833c-014c3aabf00b req-3742ccc4-9789-4db4-833c-014c3aabf00b ] Request (ServerMetadataTestJSON:tearDownClass): 200 GET http://10.180.1.21/compute/v2.1/servers/f7ba79d4-aa2b-4842-9bd5-8eb9a01200d2 0.084s
2025-02-18 14:41:20.885 62674 INFO tempest.lib.common.rest_client [req-5b808362-d4e4-4bce-92c0-debf93f48590 req-5b808362-d4e4-4bce-92c0-debf93f48590 ] Request (DeleteServersAdminTestJSON:tearDownClass): 204 DELETE http://10.180.1.21/identity/v3/users/c1ca1ec487eb4d0d91b8dc6a45de52fe 0.101s
2025-02-18 14:41:20.885 62674 INFO tempest.lib.common.dynamic_creds [-] Deleting project and security group for project: 19145fd2baa14a4482a141cd9ee90804
2025-02-18 14:41:20.903 62654 INFO tempest.lib.common.rest_client [req-5c01e05a-5eec-4220-83c0-9a30c9b74667 req-5c01e05a-5eec-4220-83c0-9a30c9b74667 ] Request (DeleteServersTestJSON:test_delete_active_server): 200 GET http://10.180.1.21/compute/v2.1/servers/04694878-b60b-4e33-bcc4-3bcb4bd1f5d3 0.085s
2025-02-18 14:41:20.945 62674 INFO tempest.lib.common.rest_client [req-1df2b630-02ba-44ab-b9c3-2359103eff21 req-1df2b630-02ba-44ab-b9c3-2359103eff21 ] Request (DeleteServersAdminTestJSON:tearDownClass): 201 POST http://10.180.1.21/identity/v3/auth/tokens 0.060s
2025-02-18 14:41:20.962 62666 INFO tempest.lib.common.rest_client [req-5df7830d-0e07-4ada-8ae5-05a3edf8eb69 req-5df7830d-0e07-4ada-8ae5-05a3edf8eb69 ] Request (ServerAddressesNegativeTestJSON:setUpClass): 200 GET http://10.180.1.21/compute/v2.1/servers/0cd0839e-d442-4d82-9b9b-8a59dee70db7 0.112s
2025-02-18 14:41:20.970 62670 INFO tempest.lib.common.rest_client [req-52105803-d724-4054-8155-03356d719d56 req-52105803-d724-4054-8155-03356d719d56 ] Request (ImagesOneServerNegativeTestJSON:tearDown): 200 GET http://10.180.1.21/compute/v2.1/servers/df106528-9ed2-4043-9d25-464d5beb3f7b 0.195s
2025-02-18 14:41:20.977 62670 INFO tempest.common.waiters [-] State transition "ACTIVE/image_pending_upload" ==> "ACTIVE/image_uploading" after 3 second wait
2025-02-18 14:41:21.015 62642 INFO tempest.lib.common.rest_client [req-2433f517-40c9-4e22-9350-2ce0f30fd6a3 req-2433f517-40c9-4e22-9350-2ce0f30fd6a3 ] Request (ServersTestMultiNic:test_verify_multiple_nics_order): 200 GET http://10.180.1.21/compute/v2.1/servers/bbde3466-9829-4207-9670-72715d1e49c0 0.150s
2025-02-18 14:41:21.030 62684 INFO tempest.lib.common.rest_client [req-b00b796d-f865-48b8-84ca-123bbdc51462 req-b00b796d-f865-48b8-84ca-123bbdc51462 ] Request (ServersTestBootFromVolume:setUpClass): 200 GET http://10.180.1.21/compute/v2.1/servers/d9f2468c-18c3-44f4-8044-5a098ac5f107 0.122s
2025-02-18 14:41:21.080 62656 INFO tempest.lib.common.rest_client [req-fd6b3625-49e6-4fe4-a1da-99d30b064bed req-fd6b3625-49e6-4fe4-a1da-99d30b064bed ] Request (FloatingIPsAssociationTestJSON:tearDownClass): 200 GET http://10.180.1.21/compute/v2.1/servers/88b335c7-7c56-4ae7-90a1-0fff3028c6a2 0.154s
2025-02-18 14:41:21.110 62678 INFO tempest.lib.common.rest_client [req-6822b27a-6cd6-4092-a58c-ca5d1205efd2 req-6822b27a-6cd6-4092-a58c-ca5d1205efd2 ] Request (ServersNegativeTestJSON:setUpClass): 200 GET http://10.180.1.21/compute/v2.1/servers/5f019d1a-a507-4f65-8ec8-3b0d0a6d3ef7 0.059s
