2025-02-18 14:39:53.711 62684 INFO tempest.lib.common.rest_client [req-79f7ff53-0609-4f8f-808b-8cbec378ef4d req-79f7ff53-0609-4f8f-808b-8cbec378ef4d ] Request (ServerExternalEventsTest:tearDownClass): 204 DELETE http://10.180.1.21:9696/networking/v2.0/security-groups/84d99f56-01f5-4227-92ca-2d6a960b40ba 0.086s
2025-02-18 14:39:53.716 62690 INFO tempest.lib.common.rest_client [req-009baddc-5a76-4425-8d60-0b5cdf0fb664 req-009baddc-5a76-4425-8d60-0b5cdf0fb664 ] Request (ServersTestManualDisk:setUpClass): 200 GET http://10.180.1.21/compute/v2.1/servers/69b3114c-67ef-4fe5-9812-5fc0c07b1bb8 1.179s
2025-02-18 14:39:53.778 62650 INFO tempest.lib.common.rest_client [req-bb497932-3e86-4dbe-9eed-f227664d8123 req-bb497932-3e86-4dbe-9eed-f227664d8123 ] Request (ServersTestFqdnHostnames:test_create_server_with_fqdn_name): 200 GET http://10.180.1.21/compute/v2.1/servers/d104862d-3e3f-44ad-8ba9-54949db23968/os-interface 1.164s
2025-02-18 14:39:53.812 62661 INFO tempest.lib.common.rest_client [req-8fb80594-daec-49d3-801b-014d2638af0a req-8fb80594-daec-49d3-801b-014d2638af0a ] Request (ServersAdmin275Test:tearDownClass): 200 GET http://10.180.1.21/compute/v2.1/servers/f5c11eeb-bd4a-44b4-8a99-985b0c7716f6 1.126s
2025-02-18 14:39:53.838 62658 INFO tempest.lib.common.rest_client [req-fba72b85-70e7-485d-b68f-14b093d15ae5 req-fba72b85-70e7-485d-b68f-14b093d15ae5 ] Request (ServerActionsTestJSON:setUpClass): 200 GET http://10.180.1.21/compute/v2.1/servers/0b8a9b14-50bd-41ea-89f2-cc1d63f7816e 1.096s
2025-02-18 14:39:53.860 62684 INFO tempest.lib.common.rest_client [req-d992e6d5-2a3f-4403-a821-c95b3afcf061 req-d992e6d5-2a3f-4403-a821-c95b3afcf061 ] Request (ServerExternalEventsTest:tearDownClass): 204 DELETE http://10.180.1.21/identity/v3/projects/d1c1eb70bbcf47e194425a9c11125c55 0.149s
2025-02-18 14:39:53.861 62684 INFO tempest.lib.common.dynamic_creds [-] Deleting project and security group for project: 7649848ef2104722bceb518b563b7ad7
2025-02-18 14:39:53.866 62662 INFO tempest.lib.common.rest_client [req-84ca152a-cd11-4c19-96d3-31b7a511faff req-84ca152a-cd11-4c19-96d3-31b7a511faff ] Request (FlavorsAdminTestJSON:test_list_non_public_flavor): 200 GET http://10.180.1.21/compute/v2.1/flavors/detail 0.887s
2025-02-18 14:39:53.882 62682 INFO tempest.lib.common.rest_client [req-998ffcd7-052d-4a8c-b892-d95228de15f0 req-998ffcd7-052d-4a8c-b892-d95228de15f0 ] Request (ServerDiagnosticsNegativeTest:tearDownClass): 200 GET http://10.180.1.21/compute/v2.1/servers/272a1022-6da1-41c5-a572-e048c09a8aec 1.063s
2025-02-18 14:39:53.900 62684 INFO tempest.lib.common.rest_client [req-b53ac3f2-c583-4a12-85ad-2cdd3be384a2 req-b53ac3f2-c583-4a12-85ad-2cdd3be384a2 ] Request (ServerExternalEventsTest:tearDownClass): 200 GET http://10.180.1.21:9696/networking/v2.0/security-groups?tenant_id=7649848ef2104722bceb518b563b7ad7&name=default 0.039s
2025-02-18 14:39:53.997 62702 INFO tempest.lib.common.rest_client [req-42a5f4d0-2e8c-45b5-a460-8ea821eeb465 req-42a5f4d0-2e8c-45b5-a460-8ea821eeb465 ] Request (ServersNegativeTestMultiTenantJSON:setUpClass): 200 GET http://10.180.1.21/compute/v2.1/servers/86949a33-63ea-47ba-924f-15bc56751c17 0.942s
2025-02-18 14:39:54.028 62687 INFO tempest.lib.common.rest_client [req-30463f14-30ce-48c5-917c-221fed385c01 req-30463f14-30ce-48c5-917c-221fed385c01 ] Request (ImagesTestJSON:test_create_image_from_stopped_server): 200 GET http://10.180.1.21/compute/v2.1/servers/554e13c2-ea50-43d4-9d9b-62a3cce7b91e 0.798s
2025-02-18 14:39:54.055 62698 INFO tempest.lib.common.rest_client [req-53dc2a39-b6e8-406f-b7b8-4bfde95d4c10 req-53dc2a39-b6e8-406f-b7b8-4bfde95d4c10 ] Request (ServerMetadataTestJSON:setUpClass): 200 GET http://10.180.1.21/compute/v2.1/servers/f7ba79d4-aa2b-4842-9bd5-8eb9a01200d2 0.744s
2025-02-18 14:39:54.071 62684 INFO tempest.lib.common.rest_client [req-56748a13-bb71-4128-b720-2c782445ff09 req-56748a13-bb71-4128-b720-2c782445ff09 ] Request (ServerExternalEventsTest:tearDownClass): 204 DELETE http://10.180.1.21:9696/networking/v2.0/security-groups/a56ef0a4-3ebf-4959-b569-9221dd9ff5e8 0.170s
2025-02-18 14:39:54.119 62696 INFO tempest.lib.common.rest_client [req-55cb6a70-2c4a-4566-8b33-e2858ae2006a req-55cb6a70-2c4a-4566-8b33-e2858ae2006a ] Request (InstanceActionsV221TestJSON:test_get_list_deleted_instance_actions): 200 GET http://10.180.1.21/compute/v2.1/servers/2b9b9728-7733-4e6a-82dc-c1659481f577 0.737s
2025-02-18 14:39:54.179 62684 INFO tempest.lib.common.rest_client [req-7984171f-bf59-4657-b2ae-568fa1bb06ee req-7984171f-bf59-4657-b2ae-568fa1bb06ee ] Request (ServerExternalEventsTest:tearDownClass): 204 DELETE http://10.180.1.21/identity/v3/projects/7649848ef2104722bceb518b563b7ad7 0.107s
2025-02-18 14:39:54.179 62684 INFO tempest.lib.common.dynamic_creds [-] Deleting project and security group for project: 2771c9bfd242480b96bd7b0c676e996d
2025-02-18 14:39:54.199 62680 INFO tempest.lib.common.rest_client [req-c6c2101f-f472-4281-b958-42e8414908f8 req-c6c2101f-f472-4281-b958-42e8414908f8 ] Request (ServersAdminNegativeTestJSON:test_migrate_server_invalid_state): 200 GET http://10.180.1.21/compute/v2.1/servers/62dce1f2-05c6-4634-ac62-423af6d9e966 0.751s
2025-02-18 14:39:54.214 62680 INFO tempest.common.waiters [-] State transition "BUILD/scheduling" ==> "BUILD/None" after 12 second wait
2025-02-18 14:39:54.364 62684 INFO tempest.lib.common.rest_client [req-a6c580fc-6fa3-4ef6-9075-85872bbf079b req-a6c580fc-6fa3-4ef6-9075-85872bbf079b ] Request (ServerExternalEventsTest:tearDownClass): 200 GET http://10.180.1.21:9696/networking/v2.0/security-groups?tenant_id=2771c9bfd242480b96bd7b0c676e996d&name=default 0.185s
2025-02-18 14:39:54.450 62650 INFO tempest.lib.common.rest_client [req-da354b95-1772-410b-b7b0-06f3b3449849 req-da354b95-1772-410b-b7b0-06f3b3449849 ] Request (ServersTestFqdnHostnames:test_create_server_with_fqdn_name): 200 PUT http://10.180.1.21:9696/networking/v2.0/floatingips/34a3c0ff-fadb-40b1-8c21-d9506d0d5522 0.669s
2025-02-18 14:39:54.451 62650 INFO tempest.lib.common.ssh [-] Creating ssh connection to '10.180.180.234:22' as 'cirros' with public key authentication
2025-02-18 14:39:54.510 62684 INFO tempest.lib.common.rest_client [req-a75bbb70-c046-4fb5-aff0-0ff1d57e1585 req-a75bbb70-c046-4fb5-aff0-0ff1d57e1585 ] Request (ServerExternalEventsTest:tearDownClass): 204 DELETE http://10.180.1.21:9696/networking/v2.0/security-groups/12e00c20-7d6d-4541-a4cb-e7bf7908166a 0.146s
2025-02-18 14:39:54.604 62684 INFO tempest.lib.common.rest_client [req-b54c81ab-941d-4cd9-a891-fc2102d963d3 req-b54c81ab-941d-4cd9-a891-fc2102d963d3 ] Request (ServerExternalEventsTest:tearDownClass): 204 DELETE http://10.180.1.21/identity/v3/projects/2771c9bfd242480b96bd7b0c676e996d 0.093s
2025-02-18 14:39:54.687 62684 INFO tempest.lib.common.rest_client [req-054f12b4-018b-47d7-8a86-1f575aaacf47 req-054f12b4-018b-47d7-8a86-1f575aaacf47 ] Request (ServicesAdminNegativeTestJSON:setUpClass): 201 POST http://10.180.1.21/identity/v3/auth/tokens 0.081s
2025-02-18 14:39:54.725 62684 INFO tempest.lib.common.rest_client [req-b418c559-2113-473c-9a8c-9bec037ee5f5 req-b418c559-2113-473c-9a8c-9bec037ee5f5 ] Request (ServicesAdminNegativeTestJSON:setUpClass): 201 POST http://10.180.1.21/identity/v3/auth/tokens 0.035s
2025-02-18 14:39:54.764 62684 INFO tempest.lib.common.rest_client [req-870033d5-b4eb-4bb8-9dcc-cc2ba3311c1c req-870033d5-b4eb-4bb8-9dcc-cc2ba3311c1c ] Request (ServicesAdminNegativeTestJSON:setUpClass): 200 GET http://10.180.1.21/identity/v3/domains?name=Default 0.038s
2025-02-18 14:39:54.795 62684 INFO tempest.lib.common.rest_client [req-f73a375d-d2db-47b6-ac11-e0da8956025f req-f73a375d-d2db-47b6-ac11-e0da8956025f ] Request (ServicesAdminNegativeTestJSON:setUpClass): 201 POST http://10.180.1.21/identity/v3/projects 0.030s
2025-02-18 14:39:54.865 62684 INFO tempest.lib.common.rest_client [req-308beca5-cc4f-4f59-a4b5-691700a6d1cb req-308beca5-cc4f-4f59-a4b5-691700a6d1cb ] Request (ServicesAdminNegativeTestJSON:setUpClass): 201 POST http://10.180.1.21/identity/v3/users 0.069s
2025-02-18 14:39:54.889 62684 INFO tempest.lib.common.rest_client [req-52637f97-0291-43c0-966c-4056bf0320b4 req-52637f97-0291-43c0-966c-4056bf0320b4 ] Request (ServicesAdminNegativeTestJSON:setUpClass): 200 GET http://10.180.1.21/identity/v3/roles 0.023s
2025-02-18 14:39:54.918 62684 INFO tempest.lib.common.rest_client [req-51081c26-ac58-44cf-8126-fe00941e1153 req-51081c26-ac58-44cf-8126-fe00941e1153 ] Request (ServicesAdminNegativeTestJSON:setUpClass): 204 PUT http://10.180.1.21/identity/v3/projects/f0fec8d1471a47d6918c83291a8f8f25/users/8868bfde726e46a180c7223341f3cbe5/roles/a162f0ec5f474957911ad8212d49bbdf 0.029s
2025-02-18 14:39:54.919 62684 INFO tempest.lib.common.dynamic_creds [-] Dynamic test user 8868bfde726e46a180c7223341f3cbe5 is created with scope project and roles: ['member']
2025-02-18 14:39:54.919 62684 INFO tempest.lib.common.dynamic_creds [-] Acquired dynamic creds: credentials: Credentials: {'domain_id': 'default', 'domain_name': 'Default', 'username': 'tempest-ServicesAdminNegativeTestJSON-1013413423-project-member', 'project_domain_id': 'default', 'project_domain_name': 'Default', 'project_id': 'f0fec8d1471a47d6918c83291a8f8f25', 'project_name': 'tempest-ServicesAdminNegativeTestJSON-1013413423', 'tenant_id': 'f0fec8d1471a47d6918c83291a8f8f25', 'tenant_name': 'tempest-ServicesAdminNegativeTestJSON-1013413423', 'user_domain_id': 'default', 'user_domain_name': 'Default', 'user_id': '8868bfde726e46a180c7223341f3cbe5', 'system': None}, Network: None, Subnet: None, Router: None
2025-02-18 14:39:54.919 62684 INFO tempest.lib.common.dynamic_creds [-] Created isolated network resources for: credentials: Credentials: {'domain_id': 'default', 'domain_name': 'Default', 'username': 'tempest-ServicesAdminNegativeTestJSON-1013413423-project-member', 'project_domain_id': 'default', 'project_domain_name': 'Default', 'project_id': 'f0fec8d1471a47d6918c83291a8f8f25', 'project_name': 'tempest-ServicesAdminNegativeTestJSON-1013413423', 'tenant_id': 'f0fec8d1471a47d6918c83291a8f8f25', 'tenant_name': 'tempest-ServicesAdminNegativeTestJSON-1013413423', 'user_domain_id': 'default', 'user_domain_name': 'Default', 'user_id': '8868bfde726e46a180c7223341f3cbe5', 'system': None}, Network: None, Subnet: None, Router: None
2025-02-18 14:39:54.988 62684 INFO tempest.lib.common.rest_client [req-d202ccda-6509-41c7-9c4f-64af9f3912ed req-d202ccda-6509-41c7-9c4f-64af9f3912ed ] Request (ServicesAdminNegativeTestJSON:setUpClass): 201 POST http://10.180.1.21/identity/v3/auth/tokens 0.065s
2025-02-18 14:39:55.072 62684 INFO tempest.lib.common.rest_client [req-4604fdf0-a535-448f-875e-efbb86fe67cb req-4604fdf0-a535-448f-875e-efbb86fe67cb ] Request (ServicesAdminNegativeTestJSON:setUpClass): 201 POST http://10.180.1.21/identity/v3/projects 0.084s
2025-02-18 14:39:55.121 62678 INFO tempest.lib.common.rest_client [req-a186ca64-020a-4fb6-8fc0-79e970cc8487 req-a186ca64-020a-4fb6-8fc0-79e970cc8487 ] Request (ServerRescueTestJSONUnderV235:test_rescued_vm_add_remove_security_group): 202 POST http://10.180.1.21/compute/v2.1/servers/677d7209-536c-43ed-8704-1554ce7ef923/action 1.619s
2025-02-18 14:39:55.125 62684 INFO tempest.lib.common.rest_client [req-75f182cd-1137-495e-8f7d-ac44fc515671 req-75f182cd-1137-495e-8f7d-ac44fc515671 ] Request (ServicesAdminNegativeTestJSON:setUpClass): 201 POST http://10.180.1.21/identity/v3/users 0.052s
2025-02-18 14:39:55.151 62684 INFO tempest.lib.common.rest_client [req-ac78cc73-31bc-4ba1-ac6f-6976b0688d59 req-ac78cc73-31bc-4ba1-ac6f-6976b0688d59 ] Request (ServicesAdminNegativeTestJSON:setUpClass): 200 GET http://10.180.1.21/identity/v3/roles 0.026s
2025-02-18 14:39:55.176 62684 INFO tempest.lib.common.rest_client [req-49865a34-e7a4-4326-8279-77735929cb79 req-49865a34-e7a4-4326-8279-77735929cb79 ] Request (ServicesAdminNegativeTestJSON:setUpClass): 204 PUT http://10.180.1.21/identity/v3/projects/6d23451727c74799865e7df796c0c96b/users/de5a36d16d06430bb0b7d1256578990a/roles/e4c5e34488c843e58e460c8ce69d6afc 0.023s
2025-02-18 14:39:55.199 62670 INFO tempest.lib.common.rest_client [req-c6c3a04e-9354-4844-8115-3f19cfde0c95 req-c6c3a04e-9354-4844-8115-3f19cfde0c95 ] Request (ServerDiagnosticsV248Test:tearDownClass): 200 GET http://10.180.1.21/compute/v2.1/servers/8c1ba19f-5d4c-4d59-bf01-68d886c24669 1.676s
2025-02-18 14:39:55.207 62705 INFO tempest.lib.common.rest_client [req-4e13a45c-9a37-4f20-920d-ef35aab5132b req-4e13a45c-9a37-4f20-920d-ef35aab5132b ] Request (FloatingIPsAssociationNegativeTestJSON:test_associate_ip_to_server_without_passing_floating_ip): 400 POST http://10.180.1.21/compute/v2.1/servers/134d5bd9-4ede-4817-9d40-682ff2205edb/action 1.588s
2025-02-18 14:39:55.229 62684 INFO tempest.lib.common.rest_client [req-49f5c782-a0ad-4109-9c7f-4ff819fb04a2 req-49f5c782-a0ad-4109-9c7f-4ff819fb04a2 ] Request (ServicesAdminNegativeTestJSON:setUpClass): 200 GET http://10.180.1.21/identity/v3/roles 0.053s
2025-02-18 14:39:55.250 62684 INFO tempest.lib.common.rest_client [req-5498783b-42eb-44f9-8f2d-f6fb554d9659 req-5498783b-42eb-44f9-8f2d-f6fb554d9659 ] Request (ServicesAdminNegativeTestJSON:setUpClass): 204 PUT http://10.180.1.21/identity/v3/projects/6d23451727c74799865e7df796c0c96b/users/de5a36d16d06430bb0b7d1256578990a/roles/e4c5e34488c843e58e460c8ce69d6afc 0.020s
2025-02-18 14:39:55.250 62684 INFO tempest.lib.common.dynamic_creds [-] Dynamic test user de5a36d16d06430bb0b7d1256578990a is created with scope project and roles: ['admin']
2025-02-18 14:39:55.250 62684 INFO tempest.lib.common.dynamic_creds [-] Acquired dynamic creds: credentials: Credentials: {'domain_id': 'default', 'domain_name': 'Default', 'username': 'tempest-ServicesAdminNegativeTestJSON-551246385-project-admin', 'project_domain_id': 'default', 'project_domain_name': 'Default', 'project_id': '6d23451727c74799865e7df796c0c96b', 'project_name': 'tempest-ServicesAdminNegativeTestJSON-551246385', 'tenant_id': '6d23451727c74799865e7df796c0c96b', 'tenant_name': 'tempest-ServicesAdminNegativeTestJSON-551246385', 'user_domain_id': 'default', 'user_domain_name': 'Default', 'user_id': 'de5a36d16d06430bb0b7d1256578990a', 'system': None}, Network: None, Subnet: None, Router: None
2025-02-18 14:39:55.250 62684 INFO tempest.lib.common.dynamic_creds [-] Created isolated network resources for: credentials: Credentials: {'domain_id': 'default', 'domain_name': 'Default', 'username': 'tempest-ServicesAdminNegativeTestJSON-551246385-project-admin', 'project_domain_id': 'default', 'project_domain_name': 'Default', 'project_id': '6d23451727c74799865e7df796c0c96b', 'project_name': 'tempest-ServicesAdminNegativeTestJSON-551246385', 'tenant_id': '6d23451727c74799865e7df796c0c96b', 'tenant_name': 'tempest-ServicesAdminNegativeTestJSON-551246385', 'user_domain_id': 'default', 'user_domain_name': 'Default', 'user_id': 'de5a36d16d06430bb0b7d1256578990a', 'system': None}, Network: None, Subnet: None, Router: None
2025-02-18 14:39:55.319 62684 INFO tempest.lib.common.rest_client [req-1e8eab74-52a3-4b09-af5a-f71549161b3a req-1e8eab74-52a3-4b09-af5a-f71549161b3a ] Request (ServicesAdminNegativeTestJSON:setUpClass): 201 POST http://10.180.1.21/identity/v3/auth/tokens 0.065s
2025-02-18 14:39:55.350 62672 INFO tempest.lib.common.rest_client [req-183d1c2d-c7d1-4f26-a90f-28a72286c304 req-183d1c2d-c7d1-4f26-a90f-28a72286c304 ] Request (SecurityGroupRulesTestJSON:tearDownClass): 202 DELETE http://10.180.1.21/compute/v2.1/os-security-groups/eff918ce-9249-4e98-952c-050de8e25403 1.698s
2025-02-18 14:39:55.591 62656 INFO tempest.lib.common.rest_client [req-51679368-b761-4044-bde1-79c38f3de601 req-51679368-b761-4044-bde1-79c38f3de601 ] Request (FloatingIPsAssociationTestJSON:test_associate_already_associated_floating_ip): 202 POST http://10.180.1.21/compute/v2.1/servers/88b335c7-7c56-4ae7-90a1-0fff3028c6a2/action 2.237s
2025-02-18 14:39:55.793 62676 INFO tempest.lib.common.rest_client [req-ec4ac12e-5d7b-4c22-a015-a4b796fb7aa0 req-ec4ac12e-5d7b-4c22-a015-a4b796fb7aa0 ] Request (AttachInterfacesTestJSON:test_create_list_show_delete_interfaces_by_fixed_ip): 200 GET http://10.180.1.21/compute/v2.1/servers/6c7313cd-0c0a-4068-975a-3239bf6b7869 2.115s
2025-02-18 14:39:55.798 62644 INFO tempest.lib.common.rest_client [req-4f310242-34bd-4912-8584-3feb8c3950c8 req-4f310242-34bd-4912-8584-3feb8c3950c8 ] Request (SecurityGroupsTestAdminJSON:test_list_security_groups_list_all_tenants_filter): 200 POST http://10.180.1.21/compute/v2.1/os-security-groups 2.142s
2025-02-18 14:39:55.858 62654 INFO tempest.lib.common.rest_client [req-f516d449-b039-4edb-989f-4dadbcc78f3d req-f516d449-b039-4edb-989f-4dadbcc78f3d ] Request (DeleteServersTestJSON:test_delete_active_server): 200 GET http://10.180.1.21/compute/v2.1/servers/04694878-b60b-4e33-bcc4-3bcb4bd1f5d3 2.169s
2025-02-18 14:39:55.866 62666 INFO tempest.lib.common.rest_client [req-be1115d4-f32d-4b8e-8334-08cd215b496d req-be1115d4-f32d-4b8e-8334-08cd215b496d ] Request (ServersAaction247Test:test_create_backup): 200 GET http://10.180.1.21/compute/v2.1/servers/e255473e-2577-4105-9d39-3436f13e2e6e 2.093s
2025-02-18 14:39:55.891 62662 INFO tempest.lib.common.rest_client [req-76f16d5c-c4f6-4c89-a6fd-13f0c54bac64 req-76f16d5c-c4f6-4c89-a6fd-13f0c54bac64 ] Request (FlavorsAdminTestJSON:test_list_non_public_flavor): 200 GET http://10.180.1.21/compute/v2.1/flavors/detail 2.021s
2025-02-18 14:39:55.916 62652 INFO tempest.lib.common.rest_client [req-3bc1ef55-9ebb-492a-9d67-497900f15baf req-3bc1ef55-9ebb-492a-9d67-497900f15baf ] Request (AttachVolumeShelveTestJSON:test_attach_volume_shelved_or_offload_server): 200 GET http://10.180.1.21/compute/v2.1/servers/16608632-c469-40d5-97d4-2e80c871e4be 2.054s
2025-02-18 14:39:55.953 62642 INFO tempest.lib.common.rest_client [req-3ef9823b-978d-4c25-8392-7cae06397610 req-3ef9823b-978d-4c25-8392-7cae06397610 ] Request (ServersTestMultiNic:test_verify_duplicate_network_nics): 200 GET http://10.180.1.21/compute/v2.1/servers/6874b574-5eb3-4c67-9e38-7027e80ce287 2.008s
2025-02-18 14:39:56.024 62674 INFO tempest.lib.common.rest_client [req-d063b34c-a89c-4716-b350-6786038a7828 req-d063b34c-a89c-4716-b350-6786038a7828 ] Request (DeleteServersAdminTestJSON:test_delete_server_while_in_error_state): 200 GET http://10.180.1.21/compute/v2.1/servers/6f587834-2727-48fc-8dba-50754fa70643 1.952s
2025-02-18 14:39:56.052 62648 INFO tempest.lib.common.rest_client [req-455c4e4c-91fe-4b99-8e58-3bf9d5b98f52 req-455c4e4c-91fe-4b99-8e58-3bf9d5b98f52 ] Request (MigrationsAdminTest:test_list_migrations_in_flavor_resize_situation): 200 GET http://10.180.1.21/compute/v2.1/servers/aeb622a0-9532-4a9d-ac75-65f4e84dfda0 2.067s
2025-02-18 14:39:56.087 62694 INFO tempest.lib.common.rest_client [req-5d3f98c3-d973-4106-9900-2c3e80acb176 req-5d3f98c3-d973-4106-9900-2c3e80acb176 ] Request (ServerTagsTestJSON:setUpClass): 200 GET http://10.180.1.21/compute/v2.1/servers/83721fcc-5a99-4563-8e3f-045e6c3ec04d 1.998s
2025-02-18 14:39:56.117 62646 INFO tempest.lib.common.rest_client [req-ef6c4467-ca66-4ee9-9b4a-e4aac3fa7710 req-ef6c4467-ca66-4ee9-9b4a-e4aac3fa7710 ] Request (AttachInterfacesV270Test:tearDownClass): 200 GET http://10.180.1.21/compute/v2.1/servers/362ae547-c9b5-4e21-a740-9077e044ba8d 1.404s
2025-02-18 14:39:56.126 62646 INFO tempest.common.waiters [-] State transition "ACTIVE/deleting" ==> "DELETED/None" after 5 second wait
2025-02-18 14:39:56.136 62690 INFO tempest.lib.common.rest_client [req-15d1fa58-1d17-492e-b0df-32175a8419c3 req-15d1fa58-1d17-492e-b0df-32175a8419c3 ] Request (ServersTestManualDisk:setUpClass): 200 GET http://10.180.1.21/compute/v2.1/servers/69b3114c-67ef-4fe5-9812-5fc0c07b1bb8 1.412s
2025-02-18 14:39:56.143 62690 INFO tempest.common.waiters [-] State transition "BUILD/scheduling" ==> "BUILD/None" after 13 second wait
2025-02-18 14:39:56.187 62661 INFO tempest.lib.common.rest_client [req-bea64f01-f4bc-44ea-8460-3f32b5498a5c req-bea64f01-f4bc-44ea-8460-3f32b5498a5c ] Request (ServersAdmin275Test:tearDownClass): 200 GET http://10.180.1.21/compute/v2.1/servers/f5c11eeb-bd4a-44b4-8a99-985b0c7716f6 1.358s
2025-02-18 14:39:56.196 62658 INFO tempest.lib.common.rest_client [req-f0499c78-a181-44ed-9528-4b6266911621 req-f0499c78-a181-44ed-9528-4b6266911621 ] Request (ServerActionsTestJSON:setUpClass): 200 GET http://10.180.1.21/compute/v2.1/servers/0b8a9b14-50bd-41ea-89f2-cc1d63f7816e 1.346s
2025-02-18 14:39:56.206 62682 INFO tempest.lib.common.rest_client [req-24878e57-0c12-4ed1-9377-bd13006091a2 req-24878e57-0c12-4ed1-9377-bd13006091a2 ] Request (ServerDiagnosticsNegativeTest:tearDownClass): 404 GET http://10.180.1.21/compute/v2.1/servers/272a1022-6da1-41c5-a572-e048c09a8aec 1.316s
2025-02-18 14:39:56.328 62682 INFO tempest.lib.common.rest_client [req-1d29f8d2-4d9d-4fca-826d-b60733321313 req-1d29f8d2-4d9d-4fca-826d-b60733321313 ] Request (ServerDiagnosticsNegativeTest:tearDownClass): 204 DELETE http://10.180.1.21/identity/v3/users/9dc7cb9647d346dc9b48caf942d4b2d1 0.121s
2025-02-18 14:39:56.331 62702 INFO tempest.lib.common.rest_client [req-d1e2632c-bd82-49c4-86e1-4c77b9cb00bd req-d1e2632c-bd82-49c4-86e1-4c77b9cb00bd ] Request (ServersNegativeTestMultiTenantJSON:setUpClass): 200 GET http://10.180.1.21/compute/v2.1/servers/86949a33-63ea-47ba-924f-15bc56751c17 1.325s
2025-02-18 14:39:56.338 62702 INFO tempest.common.waiters [-] State transition "BUILD/spawning" ==> "ACTIVE/None" after 35 second wait
2025-02-18 14:39:56.367 62687 INFO tempest.lib.common.rest_client [req-42c01950-0bbc-4e3a-8f6f-8fcdb46c42b3 req-42c01950-0bbc-4e3a-8f6f-8fcdb46c42b3 ] Request (ImagesTestJSON:test_create_image_from_stopped_server): 200 GET http://10.180.1.21/compute/v2.1/servers/554e13c2-ea50-43d4-9d9b-62a3cce7b91e 1.319s
2025-02-18 14:39:56.374 62687 INFO tempest.common.waiters [-] State transition "BUILD/spawning" ==> "ACTIVE/None" after 35 second wait
2025-02-18 14:39:56.388 62698 INFO tempest.lib.common.rest_client [req-df898c3f-8603-47ef-aafc-a4be05934835 req-df898c3f-8603-47ef-aafc-a4be05934835 ] Request (ServerMetadataTestJSON:setUpClass): 200 GET http://10.180.1.21/compute/v2.1/servers/f7ba79d4-aa2b-4842-9bd5-8eb9a01200d2 1.324s
2025-02-18 14:39:56.429 62682 INFO tempest.lib.common.rest_client [req-e6627042-52b4-493a-88f2-0a7f6a2fc700 req-e6627042-52b4-493a-88f2-0a7f6a2fc700 ] Request (ServerDiagnosticsNegativeTest:tearDownClass): 204 DELETE http://10.180.1.21/identity/v3/users/bd9949f27e9b494c91337df1aa140473 0.100s
2025-02-18 14:39:56.429 62682 INFO tempest.lib.common.dynamic_creds [-] Deleting project and security group for project: 1ec303d549d840819f6216f1a1a9736a
2025-02-18 14:39:56.445 62696 INFO tempest.lib.common.rest_client [req-75df4281-2885-4a67-980c-f71ca5115f0b req-75df4281-2885-4a67-980c-f71ca5115f0b ] Request (InstanceActionsV221TestJSON:test_get_list_deleted_instance_actions): 200 GET http://10.180.1.21/compute/v2.1/servers/2b9b9728-7733-4e6a-82dc-c1659481f577 1.317s
2025-02-18 14:39:56.492 62682 INFO tempest.lib.common.rest_client [req-82400625-9a8a-41b6-a6d8-c7e3ca7ba680 req-82400625-9a8a-41b6-a6d8-c7e3ca7ba680 ] Request (ServerDiagnosticsNegativeTest:tearDownClass): 201 POST http://10.180.1.21/identity/v3/auth/tokens 0.063s
2025-02-18 14:39:56.576 62682 INFO tempest.lib.common.rest_client [req-ce9ff9bc-a531-4499-86fd-4b742949c7bc req-ce9ff9bc-a531-4499-86fd-4b742949c7bc ] Request (ServerDiagnosticsNegativeTest:tearDownClass): 200 GET http://10.180.1.21:9696/networking/v2.0/security-groups?tenant_id=1ec303d549d840819f6216f1a1a9736a&name=default 0.083s
2025-02-18 14:39:56.609 62705 INFO tempest.lib.common.rest_client [req-f2c1af48-6ca8-4303-950a-49b2309f6bb7 req-f2c1af48-6ca8-4303-950a-49b2309f6bb7 ] Request (FloatingIPsAssociationNegativeTestJSON:test_associate_nonexistent_floating_ip): 404 POST http://10.180.1.21/compute/v2.1/servers/134d5bd9-4ede-4817-9d40-682ff2205edb/action 1.400s
2025-02-18 14:39:56.667 62682 INFO tempest.lib.common.rest_client [req-c3e146af-ceb8-4f55-8863-64fc5054a518 req-c3e146af-ceb8-4f55-8863-64fc5054a518 ] Request (ServerDiagnosticsNegativeTest:tearDownClass): 204 DELETE http://10.180.1.21:9696/networking/v2.0/security-groups/e4b0b8e4-9100-4e23-b5a2-81c77d9b3e59 0.091s
2025-02-18 14:39:56.667 62680 INFO tempest.lib.common.rest_client [req-6a3c4b27-09b8-4064-a7ee-5a8173caf567 req-6a3c4b27-09b8-4064-a7ee-5a8173caf567 ] Request (ServersAdminNegativeTestJSON:test_migrate_server_invalid_state): 200 GET http://10.180.1.21/compute/v2.1/servers/62dce1f2-05c6-4634-ac62-423af6d9e966 1.453s
2025-02-18 14:39:56.739 62682 INFO tempest.lib.common.rest_client [req-991086f4-14ac-47f3-968e-d6cbdb7d20c6 req-991086f4-14ac-47f3-968e-d6cbdb7d20c6 ] Request (ServerDiagnosticsNegativeTest:tearDownClass): 204 DELETE http://10.180.1.21/identity/v3/projects/1ec303d549d840819f6216f1a1a9736a 0.071s
2025-02-18 14:39:56.739 62682 INFO tempest.lib.common.dynamic_creds [-] Deleting project and security group for project: 0f8c6aba56a24693bf10690c868bbb8d
2025-02-18 14:39:56.772 62678 INFO tempest.lib.common.rest_client [req-bef382e8-d630-4c22-8d30-4abd545f8af3 req-bef382e8-d630-4c22-8d30-4abd545f8af3 ] Request (ServerRescueTestJSONUnderV235:test_rescued_vm_add_remove_security_group): 202 POST http://10.180.1.21/compute/v2.1/servers/677d7209-536c-43ed-8704-1554ce7ef923/action 1.651s
2025-02-18 14:39:56.821 62684 INFO tempest.lib.common.rest_client [req-2ecda18b-bf43-49da-838e-812959c249d2 req-2ecda18b-bf43-49da-838e-812959c249d2 ] Request (ServicesAdminNegativeTestJSON:test_get_service_by_invalid_params): 200 GET http://10.180.1.21/compute/v2.1/os-services 1.500s
2025-02-18 14:39:56.839 62682 INFO tempest.lib.common.rest_client [req-7e44ebe4-d657-452d-990d-020d0ad6ab7f req-7e44ebe4-d657-452d-990d-020d0ad6ab7f ] Request (ServerDiagnosticsNegativeTest:tearDownClass): 200 GET http://10.180.1.21:9696/networking/v2.0/security-groups?tenant_id=0f8c6aba56a24693bf10690c868bbb8d&name=default 0.100s
2025-02-18 14:39:56.929 62672 INFO tempest.lib.common.rest_client [req-28e6881c-3452-464b-96b6-25416f024859 req-28e6881c-3452-464b-96b6-25416f024859 ] Request (SecurityGroupRulesTestJSON:tearDownClass): 202 DELETE http://10.180.1.21/compute/v2.1/os-security-groups/3a660f4c-08b9-4c59-9ca1-f4b59686d11c 1.578s
2025-02-18 14:39:57.053 62682 INFO tempest.lib.common.rest_client [req-766c1a5d-8808-4b59-b127-274f32df70f6 req-766c1a5d-8808-4b59-b127-274f32df70f6 ] Request (ServerDiagnosticsNegativeTest:tearDownClass): 204 DELETE http://10.180.1.21:9696/networking/v2.0/security-groups/9b60ebd5-0e1b-4dac-b4bb-7aaa76294dd6 0.213s
2025-02-18 14:39:57.138 62682 INFO tempest.lib.common.rest_client [req-40e56ce4-75d7-4367-86eb-f394bc2181de req-40e56ce4-75d7-4367-86eb-f394bc2181de ] Request (ServerDiagnosticsNegativeTest:tearDownClass): 204 DELETE http://10.180.1.21/identity/v3/projects/0f8c6aba56a24693bf10690c868bbb8d 0.085s
2025-02-18 14:39:57.139 62682 INFO tempest.test [-] raised in TestVolumeSwap.setUpClass. Invoking tearDownClass.
2025-02-18 14:39:57.204 62644 INFO tempest.lib.common.rest_client [req-4bb982d7-3472-4110-81f3-afd96827da24 req-4bb982d7-3472-4110-81f3-afd96827da24 ] Request (SecurityGroupsTestAdminJSON:test_list_security_groups_list_all_tenants_filter): 200 POST http://10.180.1.21/compute/v2.1/os-security-groups 1.402s
2025-02-18 14:39:57.204 62682 INFO tempest.lib.common.rest_client [req-24c7fe6b-ba9d-434b-8dc7-49a3c0b23497 req-24c7fe6b-ba9d-434b-8dc7-49a3c0b23497 ] Request (FloatingIPsNegativeTestJSON:setUpClass): 201 POST http://10.180.1.21/identity/v3/auth/tokens 0.063s
2025-02-18 14:39:57.223 62662 INFO tempest.lib.common.rest_client [req-d7f60b3c-9215-4fef-8287-fb1f5c58a1d6 req-d7f60b3c-9215-4fef-8287-fb1f5c58a1d6 ] Request (FlavorsAdminTestJSON:_run_cleanups): 202 DELETE http://10.180.1.21/compute/v2.1/flavors/707387822 1.326s
2025-02-18 14:39:57.237 62682 INFO tempest.lib.common.rest_client [req-6cb228a4-0a83-44c7-828b-f077a85ad6f0 req-6cb228a4-0a83-44c7-828b-f077a85ad6f0 ] Request (FloatingIPsNegativeTestJSON:setUpClass): 201 POST http://10.180.1.21/identity/v3/auth/tokens 0.030s
2025-02-18 14:39:57.259 62682 INFO tempest.lib.common.rest_client [req-918a58c9-136d-438c-88de-524d88d3d568 req-918a58c9-136d-438c-88de-524d88d3d568 ] Request (FloatingIPsNegativeTestJSON:setUpClass): 200 GET http://10.180.1.21/identity/v3/domains?name=Default 0.022s
2025-02-18 14:39:57.288 62682 INFO tempest.lib.common.rest_client [req-5addb67c-5f83-4a75-87c4-c94de5af8c2b req-5addb67c-5f83-4a75-87c4-c94de5af8c2b ] Request (FloatingIPsNegativeTestJSON:setUpClass): 201 POST http://10.180.1.21/identity/v3/projects 0.028s
2025-02-18 14:39:57.330 62670 INFO tempest.lib.common.rest_client [req-f2d8d009-3ea1-4e93-ac54-0a9a679d1bbe req-f2d8d009-3ea1-4e93-ac54-0a9a679d1bbe ] Request (ServerDiagnosticsV248Test:tearDownClass): 200 GET http://10.180.1.21/compute/v2.1/servers/8c1ba19f-5d4c-4d59-bf01-68d886c24669 1.120s
2025-02-18 14:39:57.344 62682 INFO tempest.lib.common.rest_client [req-759ba292-8305-4547-b966-df9f0c744e1e req-759ba292-8305-4547-b966-df9f0c744e1e ] Request (FloatingIPsNegativeTestJSON:setUpClass): 201 POST http://10.180.1.21/identity/v3/users 0.055s
2025-02-18 14:39:57.369 62682 INFO tempest.lib.common.rest_client [req-5abb1ceb-d840-416d-a62f-7a4f8d4de741 req-5abb1ceb-d840-416d-a62f-7a4f8d4de741 ] Request (FloatingIPsNegativeTestJSON:setUpClass): 200 GET http://10.180.1.21/identity/v3/roles 0.024s
2025-02-18 14:39:57.414 62682 INFO tempest.lib.common.rest_client [req-b3cb8694-6825-4bfd-ae0d-1b60dc2166f4 req-b3cb8694-6825-4bfd-ae0d-1b60dc2166f4 ] Request (FloatingIPsNegativeTestJSON:setUpClass): 204 PUT http://10.180.1.21/identity/v3/projects/10c3668123ea44438d829d972750e263/users/8c0a61b6c1fd491bb7e981768af8f967/roles/a162f0ec5f474957911ad8212d49bbdf 0.044s
2025-02-18 14:39:57.414 62682 INFO tempest.lib.common.dynamic_creds [-] Dynamic test user 8c0a61b6c1fd491bb7e981768af8f967 is created with scope project and roles: ['member']
2025-02-18 14:39:57.414 62682 INFO tempest.lib.common.dynamic_creds [-] Acquired dynamic creds: credentials: Credentials: {'domain_id': 'default', 'domain_name': 'Default', 'username': 'tempest-FloatingIPsNegativeTestJSON-753152203-project-member', 'project_domain_id': 'default', 'project_domain_name': 'Default', 'project_id': '10c3668123ea44438d829d972750e263', 'project_name': 'tempest-FloatingIPsNegativeTestJSON-753152203', 'tenant_id': '10c3668123ea44438d829d972750e263', 'tenant_name': 'tempest-FloatingIPsNegativeTestJSON-753152203', 'user_domain_id': 'default', 'user_domain_name': 'Default', 'user_id': '8c0a61b6c1fd491bb7e981768af8f967', 'system': None}, Network: None, Subnet: None, Router: None
2025-02-18 14:39:57.480 62682 INFO tempest.lib.common.rest_client [req-dccca43d-a6dd-45bf-abe9-81e04080b706 req-dccca43d-a6dd-45bf-abe9-81e04080b706 ] Request (FloatingIPsNegativeTestJSON:setUpClass): 201 POST http://10.180.1.21/identity/v3/auth/tokens 0.065s
2025-02-18 14:39:57.495 62702 INFO tempest.lib.common.rest_client [req-08852079-54f8-4949-81f0-50ccdc313e07 req-08852079-54f8-4949-81f0-50ccdc313e07 ] Request (ServersNegativeTestMultiTenantJSON:setUp): 200 GET http://10.180.1.21/compute/v2.1/servers/86949a33-63ea-47ba-924f-15bc56751c17 1.156s
2025-02-18 14:39:57.571 62687 INFO tempest.lib.common.rest_client [req-77e1302c-2311-48d3-a32e-6a5b9976dfe2 req-77e1302c-2311-48d3-a32e-6a5b9976dfe2 ] Request (ImagesTestJSON:test_create_image_from_stopped_server): 202 POST http://10.180.1.21/compute/v2.1/servers/554e13c2-ea50-43d4-9d9b-62a3cce7b91e/action 1.196s
2025-02-18 14:39:57.607 62705 INFO tempest.lib.common.rest_client [req-28182258-787e-48c7-8bcb-6c6688ef5a3a req-28182258-787e-48c7-8bcb-6c6688ef5a3a ] Request (FloatingIPsAssociationNegativeTestJSON:test_dissociate_nonexistent_floating_ip): 404 POST http://10.180.1.21/compute/v2.1/servers/134d5bd9-4ede-4817-9d40-682ff2205edb/action 0.997s
2025-02-18 14:39:57.751 62682 INFO tempest.lib.common.rest_client [req-10cd95bb-de3d-48b2-b2b1-1dfda8cf8111 req-10cd95bb-de3d-48b2-b2b1-1dfda8cf8111 ] Request (FloatingIPsNegativeTestJSON:setUpClass): 201 POST http://10.180.1.21:9696/networking/v2.0/networks 0.270s
2025-02-18 14:39:57.935 62682 INFO tempest.lib.common.rest_client [req-24c69b1f-b7fc-460f-8710-bb470c7898a2 req-24c69b1f-b7fc-460f-8710-bb470c7898a2 ] Request (FloatingIPsNegativeTestJSON:setUpClass): 201 POST http://10.180.1.21:9696/networking/v2.0/subnets 0.184s
2025-02-18 14:39:58.554 62650 WARNING tempest.lib.common.ssh [-] Failed to establish authenticated ssh connection to cirros@10.180.180.234 ([Errno None] Unable to connect to port 22 on 10.180.180.234). Number attempts: 1. Retry after 2 seconds.: paramiko.ssh_exception.NoValidConnectionsError: [Errno None] Unable to connect to port 22 on 10.180.180.234
2025-02-18 14:39:58.628 62682 INFO tempest.lib.common.rest_client [req-422d3190-35b8-43b6-98de-373692ba9b84 req-422d3190-35b8-43b6-98de-373692ba9b84 ] Request (FloatingIPsNegativeTestJSON:setUpClass): 201 POST http://10.180.1.21:9696/networking/v2.0/routers 0.693s
2025-02-18 14:39:58.681 62700 WARNING tempest.lib.common.ssh [-] Failed to establish authenticated ssh connection to cirros@10.180.180.155 ([Errno None] Unable to connect to port 22 on 10.180.180.155). Number attempts: 5. Retry after 6 seconds.: paramiko.ssh_exception.NoValidConnectionsError: [Errno None] Unable to connect to port 22 on 10.180.180.155
2025-02-18 14:39:58.795 62678 INFO tempest.lib.common.rest_client [req-71833b06-c9d8-4b94-971d-dd03858e9d32 req-71833b06-c9d8-4b94-971d-dd03858e9d32 ] Request (ServerRescueTestJSONUnderV235:test_rescued_vm_associate_dissociate_floating_ip): 200 POST http://10.180.1.21/compute/v2.1/os-floating-ips 2.020s
2025-02-18 14:39:58.935 62676 INFO tempest.lib.common.rest_client [req-43bd9369-1d66-498d-b328-5d765dd56c2c req-43bd9369-1d66-498d-b328-5d765dd56c2c ] Request (AttachInterfacesTestJSON:test_create_list_show_delete_interfaces_by_fixed_ip): 200 GET http://10.180.1.21/compute/v2.1/servers/6c7313cd-0c0a-4068-975a-3239bf6b7869 2.133s
2025-02-18 14:39:58.961 62684 INFO tempest.lib.common.rest_client [req-9b913770-ef6d-4008-bad9-f147e198a2ac req-9b913770-ef6d-4008-bad9-f147e198a2ac ] Request (ServicesAdminNegativeTestJSON:test_get_service_by_invalid_params): 200 GET http://10.180.1.21/compute/v2.1/os-services?xxx=nova-compute 2.138s
2025-02-18 14:39:59.017 62654 INFO tempest.lib.common.rest_client [req-d1c90c6e-7cfa-416c-ac0c-9bc61d41dc9a req-d1c90c6e-7cfa-416c-ac0c-9bc61d41dc9a ] Request (DeleteServersTestJSON:test_delete_active_server): 200 GET http://10.180.1.21/compute/v2.1/servers/04694878-b60b-4e33-bcc4-3bcb4bd1f5d3 2.150s
2025-02-18 14:39:59.026 62654 INFO tempest.common.waiters [-] State transition "BUILD/scheduling" ==> "BUILD/None" after 14 second wait
2025-02-18 14:39:59.073 62666 INFO tempest.lib.common.rest_client [req-440a674f-e462-4b15-bf8f-5ac9f9064993 req-440a674f-e462-4b15-bf8f-5ac9f9064993 ] Request (ServersAaction247Test:test_create_backup): 200 GET http://10.180.1.21/compute/v2.1/servers/e255473e-2577-4105-9d39-3436f13e2e6e 2.197s
2025-02-18 14:39:59.091 62666 INFO tempest.common.waiters [-] State transition "BUILD/None" ==> "BUILD/networking" after 37 second wait
2025-02-18 14:39:59.243 62672 INFO tempest.lib.common.rest_client [req-a7687c08-c2b8-4b19-b9f2-27708cf7edb7 req-a7687c08-c2b8-4b19-b9f2-27708cf7edb7 ] Request (SecurityGroupRulesTestJSON:tearDownClass): 202 DELETE http://10.180.1.21/compute/v2.1/os-security-groups/147f2211-0448-4321-8a0a-12581fdb407f 2.313s
2025-02-18 14:39:59.251 62656 INFO tempest.lib.common.rest_client [req-27f15223-e100-4d3e-9c93-be924087fc8a req-27f15223-e100-4d3e-9c93-be924087fc8a ] Request (FloatingIPsAssociationTestJSON:test_associate_already_associated_floating_ip): 202 POST http://10.180.1.21/compute/v2.1/servers/0be60052-791c-4216-b5db-c666b62ef9f2/action 3.660s
2025-02-18 14:39:59.322 62642 INFO tempest.lib.common.rest_client [req-a8fe4e44-1d00-41e0-ae9c-7314f59c2d54 req-a8fe4e44-1d00-41e0-ae9c-7314f59c2d54 ] Request (ServersTestMultiNic:test_verify_duplicate_network_nics): 200 GET http://10.180.1.21/compute/v2.1/servers/6874b574-5eb3-4c67-9e38-7027e80ce287 2.359s
2025-02-18 14:39:59.345 62652 INFO tempest.lib.common.rest_client [req-29d13758-e0e2-40cd-af2c-e9f470fcc208 req-29d13758-e0e2-40cd-af2c-e9f470fcc208 ] Request (AttachVolumeShelveTestJSON:test_attach_volume_shelved_or_offload_server): 200 GET http://10.180.1.21/compute/v2.1/servers/16608632-c469-40d5-97d4-2e80c871e4be 2.415s
2025-02-18 14:39:59.375 62674 INFO tempest.lib.common.rest_client [req-1896913c-4d2a-4c39-8809-e3df95b287c3 req-1896913c-4d2a-4c39-8809-e3df95b287c3 ] Request (DeleteServersAdminTestJSON:test_delete_server_while_in_error_state): 200 GET http://10.180.1.21/compute/v2.1/servers/6f587834-2727-48fc-8dba-50754fa70643 2.341s
2025-02-18 14:39:59.406 62682 INFO tempest.lib.common.rest_client [req-f7f89c09-a4d4-4676-aac1-a72d233c9709 req-f7f89c09-a4d4-4676-aac1-a72d233c9709 ] Request (FloatingIPsNegativeTestJSON:setUpClass): 200 PUT http://10.180.1.21:9696/networking/v2.0/routers/a5c1068f-71b2-45e6-8831-d08f889ce4ea/add_router_interface 0.777s
2025-02-18 14:39:59.406 62682 INFO tempest.lib.common.dynamic_creds [-] Created isolated network resources for: credentials: Credentials: {'domain_id': 'default', 'domain_name': 'Default', 'username': 'tempest-FloatingIPsNegativeTestJSON-753152203-project-member', 'project_domain_id': 'default', 'project_domain_name': 'Default', 'project_id': '10c3668123ea44438d829d972750e263', 'project_name': 'tempest-FloatingIPsNegativeTestJSON-753152203', 'tenant_id': '10c3668123ea44438d829d972750e263', 'tenant_name': 'tempest-FloatingIPsNegativeTestJSON-753152203', 'user_domain_id': 'default', 'user_domain_name': 'Default', 'user_id': '8c0a61b6c1fd491bb7e981768af8f967', 'system': None}, Network: {'id': '3cc064f0-d142-48b5-9684-a614cb919c8d', 'name': 'tempest-FloatingIPsNegativeTestJSON-674149384-network', 'tenant_id': '10c3668123ea44438d829d972750e263', 'admin_state_up': True, 'mtu': 8950, 'status': 'ACTIVE', 'subnets': [], 'shared': False, 'project_id': '10c3668123ea44438d829d972750e263', 'port_security_enabled': True, 'router:external': False, 'provider:network_type': 'vlan', 'provider:physical_network': 'default', 'provider:segmentation_id': 11, 'availability_zone_hints': [], 'availability_zones': [], 'ipv4_address_scope': None, 'ipv6_address_scope': None, 'description': '', 'tags': [], 'created_at': '2025-02-18T14:39:57Z', 'updated_at': '2025-02-18T14:39:57Z', 'revision_number': 1}, Subnet: {'id': '03a6d9ad-7de6-4c9d-b9be-7dce246f6d80', 'name': 'tempest-FloatingIPsNegativeTestJSON-674149384-subnet', 'tenant_id': '10c3668123ea44438d829d972750e263', 'network_id': '3cc064f0-d142-48b5-9684-a614cb919c8d', 'ip_version': 4, 'subnetpool_id': None, 'enable_dhcp': True, 'ipv6_ra_mode': None, 'ipv6_address_mode': None, 'gateway_ip': '192.168.128.1', 'cidr': '192.168.128.0/28', 'allocation_pools': [{'start': '192.168.128.2', 'end': '192.168.128.14'}], 'host_routes': [], 'dns_nameservers': [], 'description': '', 'router:external': False, 'service_types': [], 'tags': [], 'created_at': '2025-02-18T14:39:57Z', 'updated_at': '2025-02-18T14:39:57Z', 'revision_number': 0, 'project_id': '10c3668123ea44438d829d972750e263'}, Router: {'id': 'a5c1068f-71b2-45e6-8831-d08f889ce4ea', 'name': 'tempest-FloatingIPsNegativeTestJSON-674149384-router', 'tenant_id': '10c3668123ea44438d829d972750e263', 'admin_state_up': True, 'status': 'ACTIVE', 'external_gateway_info': {'network_id': '5bc54faf-cf1a-4502-8099-7502aaf5588b', 'external_fixed_ips': [{'subnet_id': 'bba56266-6241-4aa0-aefd-b0965dc5247b', 'ip_address': '10.180.180.184'}], 'enable_snat': True}, 'description': '', 'availability_zones': [], 'distributed': False, 'ha': False, 'availability_zone_hints': [], 'routes': [], 'flavor_id': None, 'tags': [], 'created_at': '2025-02-18T14:39:57Z', 'updated_at': '2025-02-18T14:39:58Z', 'revision_number': 2, 'project_id': '10c3668123ea44438d829d972750e263'}
2025-02-18 14:39:59.440 62694 INFO tempest.lib.common.rest_client [req-ca2ca74e-bd74-4cc7-bfc1-4c279b480408 req-ca2ca74e-bd74-4cc7-bfc1-4c279b480408 ] Request (ServerTagsTestJSON:setUpClass): 200 GET http://10.180.1.21/compute/v2.1/servers/83721fcc-5a99-4563-8e3f-045e6c3ec04d 2.342s
2025-02-18 14:39:59.505 62682 INFO tempest.lib.common.rest_client [req-50a276b8-6540-45cf-87a2-3a3d93d74537 req-50a276b8-6540-45cf-87a2-3a3d93d74537 ] Request (FloatingIPsNegativeTestJSON:setUpClass): 201 POST http://10.180.1.21/identity/v3/auth/tokens 0.096s
2025-02-18 14:39:59.521 62646 INFO tempest.lib.common.rest_client [req-1666b63e-904c-4c75-819f-0e8f6569f936 req-1666b63e-904c-4c75-819f-0e8f6569f936 ] Request (AttachInterfacesV270Test:tearDownClass): 200 GET http://10.180.1.21/compute/v2.1/servers/362ae547-c9b5-4e21-a740-9077e044ba8d 2.394s
2025-02-18 14:39:59.575 62690 INFO tempest.lib.common.rest_client [req-f31deb5f-092a-44ee-acf6-722834b7d12b req-f31deb5f-092a-44ee-acf6-722834b7d12b ] Request (ServersTestManualDisk:setUpClass): 200 GET http://10.180.1.21/compute/v2.1/servers/69b3114c-67ef-4fe5-9812-5fc0c07b1bb8 2.430s
2025-02-18 14:39:59.585 62648 INFO tempest.lib.common.rest_client [req-5f442013-734c-42f4-99d5-eb0043dc5087 req-5f442013-734c-42f4-99d5-eb0043dc5087 ] Request (MigrationsAdminTest:test_list_migrations_in_flavor_resize_situation): 200 GET http://10.180.1.21/compute/v2.1/servers/aeb622a0-9532-4a9d-ac75-65f4e84dfda0 2.525s
2025-02-18 14:39:59.594 62648 INFO tempest.common.waiters [-] State transition "RESIZE/resize_prep" ==> "RESIZE/resize_migrating" after 29 second wait
2025-02-18 14:39:59.648 62658 INFO tempest.lib.common.rest_client [req-d99b2b4d-49de-494f-9ae0-18ac0dc47d15 req-d99b2b4d-49de-494f-9ae0-18ac0dc47d15 ] Request (ServerActionsTestJSON:setUpClass): 200 GET http://10.180.1.21/compute/v2.1/servers/0b8a9b14-50bd-41ea-89f2-cc1d63f7816e 2.443s
2025-02-18 14:39:59.650 62661 INFO tempest.lib.common.rest_client [req-75be977d-0695-4817-9176-b83af60f1222 req-75be977d-0695-4817-9176-b83af60f1222 ] Request (ServersAdmin275Test:tearDownClass): 200 GET http://10.180.1.21/compute/v2.1/servers/f5c11eeb-bd4a-44b4-8a99-985b0c7716f6 2.448s
2025-02-18 14:39:59.681 62662 INFO tempest.lib.common.rest_client [req-d654cbf3-8ea2-4396-a809-dc162131ee07 req-d654cbf3-8ea2-4396-a809-dc162131ee07 ] Request (FlavorsAdminTestJSON:_run_cleanups): 200 GET http://10.180.1.21/compute/v2.1/flavors/detail 2.457s
2025-02-18 14:39:59.749 62698 INFO tempest.lib.common.rest_client [req-c2712862-6134-4702-a78e-995fba781e73 req-c2712862-6134-4702-a78e-995fba781e73 ] Request (ServerMetadataTestJSON:setUpClass): 200 GET http://10.180.1.21/compute/v2.1/servers/f7ba79d4-aa2b-4842-9bd5-8eb9a01200d2 2.352s
2025-02-18 14:39:59.816 62696 INFO tempest.lib.common.rest_client [req-4493f433-645f-4293-9a44-71b140c0e2bf req-4493f433-645f-4293-9a44-71b140c0e2bf ] Request (InstanceActionsV221TestJSON:test_get_list_deleted_instance_actions): 200 GET http://10.180.1.21/compute/v2.1/servers/2b9b9728-7733-4e6a-82dc-c1659481f577 2.362s
2025-02-18 14:39:59.907 62702 INFO tempest.lib.common.rest_client [req-ebcf5932-fe6a-47c1-8066-9e2956d15688 req-ebcf5932-fe6a-47c1-8066-9e2956d15688 ] Request (ServersNegativeTestMultiTenantJSON:test_delete_a_server_of_another_tenant): 404 DELETE http://10.180.1.21/compute/v2.1/servers/86949a33-63ea-47ba-924f-15bc56751c17 2.402s
2025-02-18 14:40:00.071 62687 INFO tempest.lib.common.rest_client [req-eb4a5e21-6fae-4c15-ba75-76467f550683 req-eb4a5e21-6fae-4c15-ba75-76467f550683 ] Request (ImagesTestJSON:test_create_image_from_stopped_server): 200 GET http://10.180.1.21/compute/v2.1/servers/554e13c2-ea50-43d4-9d9b-62a3cce7b91e 2.500s
2025-02-18 14:40:00.102 62644 INFO tempest.lib.common.rest_client [req-96ec5523-d21a-4c38-9110-5229bcf02417 req-96ec5523-d21a-4c38-9110-5229bcf02417 ] Request (SecurityGroupsTestAdminJSON:test_list_security_groups_list_all_tenants_filter): 200 POST http://10.180.1.21/compute/v2.1/os-security-groups 2.893s
2025-02-18 14:40:00.156 62680 INFO tempest.lib.common.rest_client [req-fc7087bd-bcb2-472e-94ba-a90615828f39 req-fc7087bd-bcb2-472e-94ba-a90615828f39 ] Request (ServersAdminNegativeTestJSON:test_migrate_server_invalid_state): 200 GET http://10.180.1.21/compute/v2.1/servers/62dce1f2-05c6-4634-ac62-423af6d9e966 2.480s
2025-02-18 14:40:00.171 62705 INFO tempest.lib.common.rest_client [req-2f69fb84-6493-4b02-b6ea-10ce8043599f req-2f69fb84-6493-4b02-b6ea-10ce8043599f ] Request (FloatingIPsAssociationNegativeTestJSON:tearDownClass): 204 DELETE http://10.180.1.21/compute/v2.1/servers/134d5bd9-4ede-4817-9d40-682ff2205edb 2.562s
2025-02-18 14:40:00.234 62670 INFO tempest.lib.common.rest_client [req-9b836a92-f6f3-406c-9d3f-1b8675b22018 req-9b836a92-f6f3-406c-9d3f-1b8675b22018 ] Request (ServerDiagnosticsV248Test:tearDownClass): 200 GET http://10.180.1.21/compute/v2.1/servers/8c1ba19f-5d4c-4d59-bf01-68d886c24669 1.892s
2025-02-18 14:40:00.257 62684 INFO tempest.lib.common.rest_client [req-6d8d0e9c-e394-4f75-89f2-ec891954c14b req-6d8d0e9c-e394-4f75-89f2-ec891954c14b ] Request (ServicesAdminNegativeTestJSON:test_get_service_by_invalid_service_and_valid_host): 200 GET http://10.180.1.21/compute/v2.1/os-services 1.292s
2025-02-18 14:40:00.281 62668 WARNING tempest.lib.common.ssh [-] Failed to establish authenticated ssh connection to cirros@10.180.180.253 ([Errno None] Unable to connect to port 22 on 10.180.180.253). Number attempts: 3. Retry after 4 seconds.: paramiko.ssh_exception.NoValidConnectionsError: [Errno None] Unable to connect to port 22 on 10.180.180.253
2025-02-18 14:40:00.316 62672 INFO tempest.lib.common.rest_client [req-d02c2a68-ac01-4951-a4da-fb06bba133fc req-d02c2a68-ac01-4951-a4da-fb06bba133fc ] Request (SecurityGroupRulesTestJSON:tearDownClass): 200 PUT http://10.180.1.21:9696/networking/v2.0/routers/3354a1bc-92b7-4bc2-abde-b76fd2e00167/remove_router_interface 1.073s
2025-02-18 14:40:00.530 62656 INFO tempest.lib.common.rest_client [req-83173dc4-affe-4191-91be-1fb1705d15d2 req-83173dc4-affe-4191-91be-1fb1705d15d2 ] Request (FloatingIPsAssociationTestJSON:test_associate_already_associated_floating_ip): 409 POST http://10.180.1.21/compute/v2.1/servers/88b335c7-7c56-4ae7-90a1-0fff3028c6a2/action 1.278s
2025-02-18 14:40:00.609 62682 INFO tempest.lib.common.rest_client [req-238227b9-7d8e-499c-9ee2-5be2fab775ec req-238227b9-7d8e-499c-9ee2-5be2fab775ec ] Request (FloatingIPsNegativeTestJSON:setUpClass): 200 GET http://10.180.1.21/compute/v2.1/os-floating-ips 1.103s
2025-02-18 14:40:00.638 62662 INFO tempest.lib.common.rest_client [req-05b83220-b178-48ce-9248-bb4c780fbde9 req-05b83220-b178-48ce-9248-bb4c780fbde9 ] Request (FlavorsAdminTestJSON:test_list_public_flavor_with_other_user): 200 POST http://10.180.1.21/compute/v2.1/flavors 0.952s
2025-02-18 14:40:00.817 62702 INFO tempest.lib.common.rest_client [req-010f7be3-2e0e-4f1a-a2e2-339873e65715 req-010f7be3-2e0e-4f1a-a2e2-339873e65715 ] Request (ServersNegativeTestMultiTenantJSON:setUp): 200 GET http://10.180.1.21/compute/v2.1/servers/86949a33-63ea-47ba-924f-15bc56751c17 0.907s
2025-02-18 14:40:00.867 62672 INFO tempest.lib.common.rest_client [req-0f35d81e-7a7e-4a57-95d5-f37e7440c657 req-0f35d81e-7a7e-4a57-95d5-f37e7440c657 ] Request (SecurityGroupRulesTestJSON:tearDownClass): 204 DELETE http://10.180.1.21:9696/networking/v2.0/routers/3354a1bc-92b7-4bc2-abde-b76fd2e00167 0.550s
2025-02-18 14:40:00.992 62672 INFO tempest.lib.common.rest_client [req-c6e6150d-422a-4511-8c58-031eecbfbf17 req-c6e6150d-422a-4511-8c58-031eecbfbf17 ] Request (SecurityGroupRulesTestJSON:tearDownClass): 204 DELETE http://10.180.1.21:9696/networking/v2.0/subnets/e07b69d4-7e83-4c56-a675-4753a838893b 0.125s
2025-02-18 14:40:01.251 62672 INFO tempest.lib.common.rest_client [req-2b2c9bf0-2f14-4237-97bb-4cdc33e82e4e req-2b2c9bf0-2f14-4237-97bb-4cdc33e82e4e ] Request (SecurityGroupRulesTestJSON:tearDownClass): 204 DELETE http://10.180.1.21:9696/networking/v2.0/networks/21bd7dc1-082d-47b4-9a76-5e505fab09a5 0.259s
2025-02-18 14:40:01.300 62676 INFO tempest.lib.common.rest_client [req-c3f37538-66c0-4747-b8a2-c541d9baa0cf req-c3f37538-66c0-4747-b8a2-c541d9baa0cf ] Request (AttachInterfacesTestJSON:test_create_list_show_delete_interfaces_by_fixed_ip): 200 GET http://10.180.1.21/compute/v2.1/servers/6c7313cd-0c0a-4068-975a-3239bf6b7869 1.357s
2025-02-18 14:40:01.310 62676 INFO tempest.common.waiters [-] State transition "BUILD/spawning" ==> "ACTIVE/None" after 39 second wait
2025-02-18 14:40:01.358 62672 INFO tempest.lib.common.rest_client [req-6c9cbbf9-7c7c-41ba-9adb-6514f1870e5b req-6c9cbbf9-7c7c-41ba-9adb-6514f1870e5b ] Request (SecurityGroupRulesTestJSON:tearDownClass): 204 DELETE http://10.180.1.21/identity/v3/users/74fb828d993c49d2b4841b704a051e3b 0.106s
2025-02-18 14:40:01.359 62672 INFO tempest.lib.common.dynamic_creds [-] Deleting project and security group for project: ef75547ad89c4979af6c18dbca33ff5b
2025-02-18 14:40:01.380 62654 INFO tempest.lib.common.rest_client [req-52772d40-7933-46f9-95bb-037053f5f247 req-52772d40-7933-46f9-95bb-037053f5f247 ] Request (DeleteServersTestJSON:test_delete_active_server): 200 GET http://10.180.1.21/compute/v2.1/servers/04694878-b60b-4e33-bcc4-3bcb4bd1f5d3 1.353s
2025-02-18 14:40:01.388 62672 INFO tempest.lib.common.rest_client [req-6634ba3e-cc0a-4a8e-9d08-20cee83de830 req-6634ba3e-cc0a-4a8e-9d08-20cee83de830 ] Request (SecurityGroupRulesTestJSON:tearDownClass): 200 GET http://10.180.1.21:9696/networking/v2.0/security-groups?tenant_id=ef75547ad89c4979af6c18dbca33ff5b&name=default 0.029s
2025-02-18 14:40:01.471 62672 INFO tempest.lib.common.rest_client [req-d7104002-1e2a-4015-b00a-63d35d25d694 req-d7104002-1e2a-4015-b00a-63d35d25d694 ] Request (SecurityGroupRulesTestJSON:tearDownClass): 204 DELETE http://10.180.1.21:9696/networking/v2.0/security-groups/4b111639-e38b-4be8-bc51-98f503e5a130 0.082s
2025-02-18 14:40:01.599 62672 INFO tempest.lib.common.rest_client [req-8b12b584-83aa-41b7-a874-3220fceaf8e8 req-8b12b584-83aa-41b7-a874-3220fceaf8e8 ] Request (SecurityGroupRulesTestJSON:tearDownClass): 204 DELETE http://10.180.1.21/identity/v3/projects/ef75547ad89c4979af6c18dbca33ff5b 0.127s
