2025-02-18 14:39:16.340 62656 INFO tempest.lib.common.fixed_network [-] (FloatingIPsAssociationTestJSON:test_associate_already_associated_floating_ip) Found network {'id': '89c0515c-b183-455d-bf39-ff2f850ebc2a', 'name': 'tempest-FloatingIPsAssociationTestJSON-1765306575-network', 'tenant_id': '8ed0fdcbbf954c61828e9b79bad93980', 'admin_state_up': True, 'mtu': 8950, 'status': 'ACTIVE', 'subnets': [], 'shared': False, 'project_id': '8ed0fdcbbf954c61828e9b79bad93980', 'port_security_enabled': True, 'router:external': False, 'provider:network_type': 'vlan', 'provider:physical_network': 'default', 'provider:segmentation_id': 132, 'availability_zone_hints': [], 'availability_zones': [], 'ipv4_address_scope': None, 'ipv6_address_scope': None, 'description': '', 'tags': [], 'created_at': '2025-02-18T14:38:41Z', 'updated_at': '2025-02-18T14:38:41Z', 'revision_number': 1} available for tenant
2025-02-18 14:39:16.349 62692 INFO tempest.lib.common.rest_client [req-e9204e8c-b5b4-457a-8f31-f92463d6de50 req-e9204e8c-b5b4-457a-8f31-f92463d6de50 ] Request (ServersWithSpecificFlavorTestJSON:test_verify_created_server_ephemeral_disk): 200 GET http://10.180.1.21/compute/v2.1/servers/8b0b955b-47b6-4c40-bdcc-e929e2013509 3.983s
2025-02-18 14:39:16.375 62687 INFO tempest.lib.common.rest_client [req-02dd0497-f44f-45f8-aec7-3f968cfd57c7 req-02dd0497-f44f-45f8-aec7-3f968cfd57c7 ] Request (ImagesTestJSON:test_create_image_from_stopped_server): 201 POST http://10.180.1.21/identity/v3/auth/tokens 0.032s
2025-02-18 14:39:16.375 62687 INFO tempest.lib.common.fixed_network [-] (ImagesTestJSON:test_create_image_from_stopped_server) Found network {'id': '3b982849-7bc4-430b-b1f9-c265f8bba327', 'name': 'tempest-ImagesTestJSON-143530141-network', 'tenant_id': 'cbf5a183ceef4072a1656cf46c79d9a4', 'admin_state_up': True, 'mtu': 8950, 'status': 'ACTIVE', 'subnets': [], 'shared': False, 'project_id': 'cbf5a183ceef4072a1656cf46c79d9a4', 'port_security_enabled': True, 'router:external': False, 'provider:network_type': 'vlan', 'provider:physical_network': 'default', 'provider:segmentation_id': 748, 'availability_zone_hints': [], 'availability_zones': [], 'ipv4_address_scope': None, 'ipv6_address_scope': None, 'description': '', 'tags': [], 'created_at': '2025-02-18T14:39:06Z', 'updated_at': '2025-02-18T14:39:07Z', 'revision_number': 1} available for tenant
2025-02-18 14:39:16.412 62705 INFO tempest.lib.common.rest_client [req-9f3f39fa-790f-4b4c-ae1c-d6553bb19c32 req-9f3f39fa-790f-4b4c-ae1c-d6553bb19c32 ] Request (FloatingIPsAssociationNegativeTestJSON:setUpClass): 200 GET http://10.180.1.21/compute/v2.1/servers/134d5bd9-4ede-4817-9d40-682ff2205edb 3.716s
2025-02-18 14:39:16.445 62676 INFO tempest.lib.common.rest_client [req-3640e8fa-5fb0-4323-a7b1-50cb58d5bed7 req-3640e8fa-5fb0-4323-a7b1-50cb58d5bed7 ] Request (ValidationResourcesFixture:setUp): 200 POST http://10.180.1.21/compute/v2.1/os-keypairs 3.339s
2025-02-18 14:39:16.477 62652 INFO tempest.lib.common.rest_client [req-09fd03a8-3fb7-43f4-b9d0-7676cd3e2d57 req-09fd03a8-3fb7-43f4-b9d0-7676cd3e2d57 ] Request (SecurityGroupsNegativeTestJSON:tearDownClass): 204 DELETE http://10.180.1.21:9696/networking/v2.0/routers/cde397f4-6b24-400e-94bb-edeb561a5012 1.503s
2025-02-18 14:39:16.502 62702 INFO tempest.lib.common.rest_client [req-a79defae-a382-4ead-a951-baae6fddc68b req-a79defae-a382-4ead-a951-baae6fddc68b ] Request (ServersNegativeTestMultiTenantJSON:setUpClass): 200 PUT http://10.180.1.21:9696/networking/v2.0/routers/cd8b010b-816e-4f13-9775-4686e58bc79e/add_router_interface 3.911s
2025-02-18 14:39:16.503 62702 INFO tempest.lib.common.dynamic_creds [-] Created isolated network resources for: credentials: Credentials: {'domain_id': 'default', 'domain_name': 'Default', 'username': 'tempest-ServersNegativeTestMultiTenantJSON-503151856-project-member', 'project_domain_id': 'default', 'project_domain_name': 'Default', 'project_id': '441d5f87eca84228a6969bb158a1073d', 'project_name': 'tempest-ServersNegativeTestMultiTenantJSON-503151856', 'tenant_id': '441d5f87eca84228a6969bb158a1073d', 'tenant_name': 'tempest-ServersNegativeTestMultiTenantJSON-503151856', 'user_domain_id': 'default', 'user_domain_name': 'Default', 'user_id': 'd786f8aa4dc64c7181c7a14b92f7d8bc', 'system': None}, Network: {'id': 'ab51bb2a-f22c-45a3-96a1-82cffd0db73f', 'name': 'tempest-ServersNegativeTestMultiTenantJSON-826467604-network', 'tenant_id': '441d5f87eca84228a6969bb158a1073d', 'admin_state_up': True, 'mtu': 8950, 'status': 'ACTIVE', 'subnets': [], 'shared': False, 'project_id': '441d5f87eca84228a6969bb158a1073d', 'port_security_enabled': True, 'router:external': False, 'provider:network_type': 'vlan', 'provider:physical_network': 'default', 'provider:segmentation_id': 775, 'availability_zone_hints': [], 'availability_zones': [], 'ipv4_address_scope': None, 'ipv6_address_scope': None, 'description': '', 'tags': [], 'created_at': '2025-02-18T14:39:09Z', 'updated_at': '2025-02-18T14:39:09Z', 'revision_number': 1}, Subnet: {'id': '5433f1f0-ff43-4ed2-aa03-5d82fe22d5a6', 'name': 'tempest-ServersNegativeTestMultiTenantJSON-826467604-subnet', 'tenant_id': '441d5f87eca84228a6969bb158a1073d', 'network_id': 'ab51bb2a-f22c-45a3-96a1-82cffd0db73f', 'ip_version': 4, 'subnetpool_id': None, 'enable_dhcp': True, 'ipv6_ra_mode': None, 'ipv6_address_mode': None, 'gateway_ip': '192.168.128.1', 'cidr': '192.168.128.0/28', 'allocation_pools': [{'start': '192.168.128.2', 'end': '192.168.128.14'}], 'host_routes': [], 'dns_nameservers': [], 'description': '', 'router:external': False, 'service_types': [], 'tags': [], 'created_at': '2025-02-18T14:39:09Z', 'updated_at': '2025-02-18T14:39:09Z', 'revision_number': 0, 'project_id': '441d5f87eca84228a6969bb158a1073d'}, Router: {'id': 'cd8b010b-816e-4f13-9775-4686e58bc79e', 'name': 'tempest-ServersNegativeTestMultiTenantJSON-826467604-router', 'tenant_id': '441d5f87eca84228a6969bb158a1073d', 'admin_state_up': True, 'status': 'ACTIVE', 'external_gateway_info': {'network_id': '5bc54faf-cf1a-4502-8099-7502aaf5588b', 'external_fixed_ips': [{'subnet_id': 'bba56266-6241-4aa0-aefd-b0965dc5247b', 'ip_address': '10.180.180.215'}], 'enable_snat': True}, 'description': '', 'availability_zones': [], 'distributed': False, 'ha': False, 'availability_zone_hints': [], 'routes': [], 'flavor_id': None, 'tags': [], 'created_at': '2025-02-18T14:39:10Z', 'updated_at': '2025-02-18T14:39:11Z', 'revision_number': 2, 'project_id': '441d5f87eca84228a6969bb158a1073d'}
2025-02-18 14:39:16.520 62658 INFO tempest.lib.common.rest_client [req-6408220f-4af1-4ea3-a226-08d9140f079a req-6408220f-4af1-4ea3-a226-08d9140f079a ] Request (QuotasAdminNegativeTest:_run_cleanups): 200 PUT http://10.180.1.21/compute/v2.1/os-quota-sets/8c70e77811054b45b523dfbc87bb3290 3.261s
2025-02-18 14:39:16.522 62678 INFO tempest.lib.common.rest_client [req-dc437f73-e6f1-4ffa-82a5-8ffd3ee16a39 req-dc437f73-e6f1-4ffa-82a5-8ffd3ee16a39 ] Request (ServerRescueTestJSONUnderV235:setUpClass): 200 GET http://10.180.1.21/compute/v2.1/servers/677d7209-536c-43ed-8704-1554ce7ef923 3.070s
2025-02-18 14:39:16.530 62678 INFO tempest.common.waiters [-] State transition "BUILD/scheduling" ==> "BUILD/None" after 4 second wait
2025-02-18 14:39:16.577 62702 INFO tempest.lib.common.rest_client [req-ad1c749d-cdf7-4ea5-b693-9809d0e8e71e req-ad1c749d-cdf7-4ea5-b693-9809d0e8e71e ] Request (ServersNegativeTestMultiTenantJSON:setUpClass): 201 POST http://10.180.1.21/identity/v3/auth/tokens 0.072s
2025-02-18 14:39:16.609 62668 INFO tempest.lib.common.rest_client [req-2968588c-c9f2-49f6-867a-c8bc273842eb req-2968588c-c9f2-49f6-867a-c8bc273842eb ] Request (VolumesAssistedSnapshotsTest:test_volume_assisted_snapshot_create_delete): 200 GET http://10.180.1.21/compute/v2.1/servers/c1559566-8363-4f6d-8e9d-695f91e7fe1d 3.064s
2025-02-18 14:39:16.615 62652 INFO tempest.lib.common.rest_client [req-3bbf5a63-7600-4639-a417-4ad3c2c4205f req-3bbf5a63-7600-4639-a417-4ad3c2c4205f ] Request (SecurityGroupsNegativeTestJSON:tearDownClass): 204 DELETE http://10.180.1.21:9696/networking/v2.0/subnets/1623dabf-db6f-4a3e-a309-2fa5c0f9aeea 0.137s
2025-02-18 14:39:16.654 62702 INFO tempest.lib.common.rest_client [req-64792733-6e6d-4e50-b06f-033bc1bf8676 req-64792733-6e6d-4e50-b06f-033bc1bf8676 ] Request (ServersNegativeTestMultiTenantJSON:setUpClass): 201 POST http://10.180.1.21/identity/v3/auth/tokens 0.073s
2025-02-18 14:39:16.654 62702 INFO tempest.lib.common.fixed_network [-] (ServersNegativeTestMultiTenantJSON:setUpClass) Found network {'id': '8a01c132-236c-4878-8704-ebaee02707b3', 'name': 'tempest-ServersNegativeTestMultiTenantJSON-1121268618-network', 'tenant_id': '9732630f588b439d9965635801617eaa', 'admin_state_up': True, 'mtu': 8950, 'status': 'ACTIVE', 'subnets': [], 'shared': False, 'project_id': '9732630f588b439d9965635801617eaa', 'port_security_enabled': True, 'router:external': False, 'provider:network_type': 'vlan', 'provider:physical_network': 'default', 'provider:segmentation_id': 940, 'availability_zone_hints': [], 'availability_zones': [], 'ipv4_address_scope': None, 'ipv6_address_scope': None, 'description': '', 'tags': [], 'created_at': '2025-02-18T14:38:59Z', 'updated_at': '2025-02-18T14:38:59Z', 'revision_number': 1} available for tenant
2025-02-18 14:39:16.690 62676 INFO tempest.lib.common.rest_client [req-ba9b4cb7-8264-4018-a54c-a854a51f2b8a req-ba9b4cb7-8264-4018-a54c-a854a51f2b8a ] Request (ValidationResourcesFixture:setUp): 201 POST http://10.180.1.21:9696/networking/v2.0/security-groups 0.243s
2025-02-18 14:39:16.699 62682 INFO tempest.lib.common.rest_client [req-593333c6-04d1-4f97-8211-314f6c90e374 req-593333c6-04d1-4f97-8211-314f6c90e374 ] Request (ServerDiagnosticsNegativeTest:test_get_server_diagnostics_by_non_admin): 200 GET http://10.180.1.21/compute/v2.1/servers/272a1022-6da1-41c5-a572-e048c09a8aec 3.190s
2025-02-18 14:39:16.724 62690 INFO tempest.lib.common.rest_client [req-835f1e52-ec43-4c0a-ad19-df859bcaadfa req-835f1e52-ec43-4c0a-ad19-df859bcaadfa ] Request (FlavorsAccessNegativeTestJSON:_run_cleanups): 202 DELETE http://10.180.1.21/compute/v2.1/flavors/514310373 3.074s
2025-02-18 14:39:16.742 62664 INFO tempest.lib.common.rest_client [req-bf6e50de-79a4-407e-8e55-eb55740dab0f req-bf6e50de-79a4-407e-8e55-eb55740dab0f ] Request (ServerGroup264TestJSON:test_create_get_server_group): 200 GET http://10.180.1.21/compute/v2.1/os-server-groups 2.902s
2025-02-18 14:39:16.788 62676 INFO tempest.lib.common.rest_client [req-8bd64bcd-6106-43df-bb93-201113b93ac6 req-8bd64bcd-6106-43df-bb93-201113b93ac6 ] Request (ValidationResourcesFixture:setUp): 201 POST http://10.180.1.21:9696/networking/v2.0/security-group-rules 0.097s
2025-02-18 14:39:16.895 62676 INFO tempest.lib.common.rest_client [req-9daa3aaa-d233-40a3-b3e7-de6b3c09e738 req-9daa3aaa-d233-40a3-b3e7-de6b3c09e738 ] Request (ValidationResourcesFixture:setUp): 201 POST http://10.180.1.21:9696/networking/v2.0/security-group-rules 0.107s
2025-02-18 14:39:17.046 62661 INFO tempest.lib.common.rest_client [req-f034a3f3-4234-4053-92c2-f7c887f51890 req-f034a3f3-4234-4053-92c2-f7c887f51890 ] Request (ServersAdmin275Test:test_rebuild_update_server_275): 200 GET http://10.180.1.21/compute/v2.1/servers/f5c11eeb-bd4a-44b4-8a99-985b0c7716f6 3.085s
2025-02-18 14:39:17.095 62644 INFO tempest.lib.common.rest_client [req-8740b358-262a-4016-8862-788c5db867cd req-8740b358-262a-4016-8862-788c5db867cd ] Request (AggregatesAdminNegativeTestJSON:test_aggregate_delete_as_user): 200 POST http://10.180.1.21/compute/v2.1/os-aggregates 3.113s
2025-02-18 14:39:17.195 62650 INFO tempest.lib.common.rest_client [req-eef009b2-06b4-4b24-8fc5-e5bab2c5a828 req-eef009b2-06b4-4b24-8fc5-e5bab2c5a828 ] Request (ServersTestFqdnHostnames:test_create_server_with_fqdn_name): 202 POST http://10.180.1.21/compute/v2.1/servers 3.610s
2025-02-18 14:39:17.338 62676 INFO tempest.lib.common.rest_client [req-f6246665-c837-4ccb-b4b3-aad355626eef req-f6246665-c837-4ccb-b4b3-aad355626eef ] Request (ValidationResourcesFixture:setUp): 201 POST http://10.180.1.21:9696/networking/v2.0/floatingips 0.442s
2025-02-18 14:39:17.376 62676 INFO tempest.lib.common.rest_client [req-67bc0a94-bcc0-485a-8ba6-d5e439bb6d0c req-67bc0a94-bcc0-485a-8ba6-d5e439bb6d0c ] Request (AttachInterfacesTestJSON:test_create_list_show_delete_interfaces_by_fixed_ip): 201 POST http://10.180.1.21/identity/v3/auth/tokens 0.033s
2025-02-18 14:39:17.377 62676 INFO tempest.lib.common.fixed_network [-] (AttachInterfacesTestJSON:test_create_list_show_delete_interfaces_by_fixed_ip) Found network {'id': '62edaec8-ba2d-4464-b39a-ca6af58f81f9', 'name': 'tempest-AttachInterfacesTestJSON-340970835-network', 'tenant_id': 'c660bc9909cd431cbe05cf3f4e3d2be4', 'admin_state_up': True, 'mtu': 8950, 'status': 'ACTIVE', 'subnets': [], 'shared': False, 'project_id': 'c660bc9909cd431cbe05cf3f4e3d2be4', 'port_security_enabled': True, 'router:external': False, 'provider:network_type': 'vlan', 'provider:physical_network': 'default', 'provider:segmentation_id': 932, 'availability_zone_hints': [], 'availability_zones': [], 'ipv4_address_scope': None, 'ipv6_address_scope': None, 'description': '', 'tags': [], 'created_at': '2025-02-18T14:39:06Z', 'updated_at': '2025-02-18T14:39:06Z', 'revision_number': 1} available for tenant
2025-02-18 14:39:17.392 62652 INFO tempest.lib.common.rest_client [req-a1211e2b-c0d1-46cb-a3dd-d0c66dae6df6 req-a1211e2b-c0d1-46cb-a3dd-d0c66dae6df6 ] Request (SecurityGroupsNegativeTestJSON:tearDownClass): 204 DELETE http://10.180.1.21:9696/networking/v2.0/networks/5a49e130-43c5-4f65-bb17-2fb16908bb5f 0.777s
2025-02-18 14:39:17.426 62648 INFO tempest.lib.common.rest_client [req-2c6789ac-1e83-441a-8b63-5235df268cf7 req-2c6789ac-1e83-441a-8b63-5235df268cf7 ] Request (MigrationsAdminTest:test_list_migrations_in_flavor_resize_situation): 200 GET http://10.180.1.21/compute/v2.1/servers/aeb622a0-9532-4a9d-ac75-65f4e84dfda0 3.420s
2025-02-18 14:39:17.457 62688 INFO tempest.lib.common.rest_client [req-1afe39e0-0e72-471d-9fe0-ed4bd5560678 req-1afe39e0-0e72-471d-9fe0-ed4bd5560678 ] Request (SecurityGroupRulesNegativeTestJSON:tearDownClass): 202 DELETE http://10.180.1.21/compute/v2.1/os-security-groups/38a6069a-09da-4366-8887-267b25cbacec 3.231s
2025-02-18 14:39:17.496 62652 INFO tempest.lib.common.rest_client [req-9df9bcbd-1a7e-49a8-b10c-c6d22ece4e4b req-9df9bcbd-1a7e-49a8-b10c-c6d22ece4e4b ] Request (SecurityGroupsNegativeTestJSON:tearDownClass): 204 DELETE http://10.180.1.21/identity/v3/users/e832cb84987e4ba7995613f864691b53 0.103s
2025-02-18 14:39:17.496 62652 INFO tempest.lib.common.dynamic_creds [-] Deleting project and security group for project: 80f5af5e0a784563879faca08f619ecb
2025-02-18 14:39:17.521 62680 INFO tempest.lib.common.rest_client [req-add4dd2c-00aa-4337-9777-c6b50ae0a96d req-add4dd2c-00aa-4337-9777-c6b50ae0a96d ] Request (ServersAdminNegativeTestJSON:setUpClass): 200 GET http://10.180.1.21/compute/v2.1/servers/53bb2f01-4e70-471e-ad9d-7bff56746663 3.092s
2025-02-18 14:39:17.531 62652 INFO tempest.lib.common.rest_client [req-614f40a5-1d4f-4d0a-8b9e-e300242e3d08 req-614f40a5-1d4f-4d0a-8b9e-e300242e3d08 ] Request (SecurityGroupsNegativeTestJSON:tearDownClass): 200 GET http://10.180.1.21:9696/networking/v2.0/security-groups?tenant_id=80f5af5e0a784563879faca08f619ecb&name=default 0.034s
2025-02-18 14:39:17.608 62652 INFO tempest.lib.common.rest_client [req-8f3f0f14-3aab-48c0-9629-16b95c49f7e5 req-8f3f0f14-3aab-48c0-9629-16b95c49f7e5 ] Request (SecurityGroupsNegativeTestJSON:tearDownClass): 204 DELETE http://10.180.1.21:9696/networking/v2.0/security-groups/a6886873-a2ae-4c2f-9a00-1171cc3874da 0.077s
2025-02-18 14:39:17.669 62666 INFO tempest.lib.common.rest_client [req-16779e1a-e576-4d1c-8f77-9af065fed449 req-16779e1a-e576-4d1c-8f77-9af065fed449 ] Request (AZV2TestJSON:test_get_availability_zone_list_with_non_admin_user): 200 GET http://10.180.1.21/compute/v2.1/os-availability-zone 3.237s
2025-02-18 14:39:17.709 62652 INFO tempest.lib.common.rest_client [req-2163833e-bd9e-4fc0-93cf-65e05cfa31f8 req-2163833e-bd9e-4fc0-93cf-65e05cfa31f8 ] Request (SecurityGroupsNegativeTestJSON:tearDownClass): 204 DELETE http://10.180.1.21/identity/v3/projects/80f5af5e0a784563879faca08f619ecb 0.101s
2025-02-18 14:39:17.778 62652 INFO tempest.lib.common.rest_client [req-18b43e8e-e4bd-4b82-82b9-53c1a010f2df req-18b43e8e-e4bd-4b82-82b9-53c1a010f2df ] Request (AttachVolumeShelveTestJSON:setUpClass): 201 POST http://10.180.1.21/identity/v3/auth/tokens 0.065s
2025-02-18 14:39:17.823 62666 INFO tempest.lib.common.rest_client [req-71fb2b75-e598-4885-adbb-d7da7ea0e890 req-71fb2b75-e598-4885-adbb-d7da7ea0e890 ] Request (AZV2TestJSON:tearDownClass): 204 DELETE http://10.180.1.21/identity/v3/users/bc8627758b114b87a1471dadff7f50c0 0.150s
2025-02-18 14:39:17.823 62666 INFO tempest.lib.common.dynamic_creds [-] Deleting project and security group for project: 0bfd791cc2b94460924adfde0a54db99
2025-02-18 14:39:17.853 62652 INFO tempest.lib.common.rest_client [req-4f052588-38fd-497f-a1ae-08b31ce01edb req-4f052588-38fd-497f-a1ae-08b31ce01edb ] Request (AttachVolumeShelveTestJSON:setUpClass): 201 POST http://10.180.1.21/identity/v3/auth/tokens 0.071s
2025-02-18 14:39:17.915 62652 INFO tempest.lib.common.rest_client [req-8aa4295d-6000-4b02-91de-ed6620ee26ab req-8aa4295d-6000-4b02-91de-ed6620ee26ab ] Request (AttachVolumeShelveTestJSON:setUpClass): 200 GET http://10.180.1.21/identity/v3/domains?name=Default 0.061s
2025-02-18 14:39:17.915 62672 INFO tempest.lib.common.rest_client [req-acebcc6a-f92e-43a5-be63-004c9693562f req-acebcc6a-f92e-43a5-be63-004c9693562f ] Request (SecurityGroupRulesTestJSON:test_security_group_rules_create): 200 POST http://10.180.1.21/compute/v2.1/os-security-groups 3.546s
2025-02-18 14:39:17.919 62666 INFO tempest.lib.common.rest_client [req-68409a14-0365-4088-8ea0-588f29fb0673 req-68409a14-0365-4088-8ea0-588f29fb0673 ] Request (AZV2TestJSON:tearDownClass): 201 POST http://10.180.1.21/identity/v3/auth/tokens 0.095s
2025-02-18 14:39:17.956 62652 INFO tempest.lib.common.rest_client [req-9d6e37fb-03be-4184-9d6c-0c00fc4c527f req-9d6e37fb-03be-4184-9d6c-0c00fc4c527f ] Request (AttachVolumeShelveTestJSON:setUpClass): 201 POST http://10.180.1.21/identity/v3/projects 0.040s
2025-02-18 14:39:18.023 62646 INFO tempest.lib.common.rest_client [req-01715ccb-f668-4d46-b4c6-90883a1ad106 req-01715ccb-f668-4d46-b4c6-90883a1ad106 ] Request (AttachInterfacesV270Test:test_create_get_list_interfaces): 200 GET http://10.180.1.21/compute/v2.1/servers/362ae547-c9b5-4e21-a740-9077e044ba8d 3.440s
2025-02-18 14:39:18.031 62700 INFO tempest.lib.common.rest_client [req-68e9a10e-79df-4690-a163-4348ff1c4e7b req-68e9a10e-79df-4690-a163-4348ff1c4e7b ] Request (VolumesAdminNegativeTest:test_update_attached_volume_with_nonexistent_volume_in_body): 200 GET http://10.180.1.21/compute/v2.1/servers/1281e273-d400-4493-b718-e78252e1221a 3.541s
2025-02-18 14:39:18.032 62646 INFO tempest.common.waiters [-] State transition "BUILD/scheduling" ==> "BUILD/None" after 5 second wait
2025-02-18 14:39:18.038 62652 INFO tempest.lib.common.rest_client [req-4d37a5c2-65c1-4839-b040-9fef0cda79d7 req-4d37a5c2-65c1-4839-b040-9fef0cda79d7 ] Request (AttachVolumeShelveTestJSON:setUpClass): 201 POST http://10.180.1.21/identity/v3/users 0.082s
2025-02-18 14:39:18.041 62642 INFO tempest.lib.common.rest_client [req-1803c9e7-ed86-471c-b97f-31aeedfef79b req-1803c9e7-ed86-471c-b97f-31aeedfef79b ] Request (HypervisorAdminNegativeTestJSON:test_get_nonexistent_hypervisor_uptime): 404 GET http://10.180.1.21/compute/v2.1/os-hypervisors/3a5e0ff9-3626-4cb6-9972-c48ef8661b32/uptime 3.147s
2025-02-18 14:39:18.071 62652 INFO tempest.lib.common.rest_client [req-507da508-2895-4a33-bafa-29f2e4fd0d47 req-507da508-2895-4a33-bafa-29f2e4fd0d47 ] Request (AttachVolumeShelveTestJSON:setUpClass): 200 GET http://10.180.1.21/identity/v3/roles 0.032s
2025-02-18 14:39:18.128 62652 INFO tempest.lib.common.rest_client [req-525b92ff-dfa2-4f58-b4d5-f8fd1c526a69 req-525b92ff-dfa2-4f58-b4d5-f8fd1c526a69 ] Request (AttachVolumeShelveTestJSON:setUpClass): 204 PUT http://10.180.1.21/identity/v3/projects/e4e845d2578746c9a211eef92967c286/users/d0fc6e3f6a7844b5926ed6b2ee2d944d/roles/a162f0ec5f474957911ad8212d49bbdf 0.056s
2025-02-18 14:39:18.128 62652 INFO tempest.lib.common.dynamic_creds [-] Dynamic test user d0fc6e3f6a7844b5926ed6b2ee2d944d is created with scope project and roles: ['member']
2025-02-18 14:39:18.128 62652 INFO tempest.lib.common.dynamic_creds [-] Acquired dynamic creds: credentials: Credentials: {'domain_id': 'default', 'domain_name': 'Default', 'username': 'tempest-AttachVolumeShelveTestJSON-564202240-project-member', 'project_domain_id': 'default', 'project_domain_name': 'Default', 'project_id': 'e4e845d2578746c9a211eef92967c286', 'project_name': 'tempest-AttachVolumeShelveTestJSON-564202240', 'tenant_id': 'e4e845d2578746c9a211eef92967c286', 'tenant_name': 'tempest-AttachVolumeShelveTestJSON-564202240', 'user_domain_id': 'default', 'user_domain_name': 'Default', 'user_id': 'd0fc6e3f6a7844b5926ed6b2ee2d944d', 'system': None}, Network: None, Subnet: None, Router: None
2025-02-18 14:39:18.210 62652 INFO tempest.lib.common.rest_client [req-f2543c3b-769f-4bb7-a917-ea9a6e177da6 req-f2543c3b-769f-4bb7-a917-ea9a6e177da6 ] Request (AttachVolumeShelveTestJSON:setUpClass): 201 POST http://10.180.1.21/identity/v3/auth/tokens 0.082s
2025-02-18 14:39:18.214 62666 INFO tempest.lib.common.rest_client [req-125e5fa3-563e-467b-993f-f0d57da9d66c req-125e5fa3-563e-467b-993f-f0d57da9d66c ] Request (AZV2TestJSON:tearDownClass): 200 GET http://10.180.1.21:9696/networking/v2.0/security-groups?tenant_id=0bfd791cc2b94460924adfde0a54db99&name=default 0.294s
2025-02-18 14:39:18.268 62654 INFO tempest.lib.common.rest_client [req-6e3c2289-a183-4076-a9d9-b5c855c6279b req-6e3c2289-a183-4076-a9d9-b5c855c6279b ] Request (ServerDiagnosticsTest:tearDownClass): 204 DELETE http://10.180.1.21/compute/v2.1/servers/0d3265e8-1056-4410-8035-d009478d2052 2.622s
2025-02-18 14:39:18.321 62674 INFO tempest.lib.common.rest_client [req-0e6bdc79-fe06-4e6d-b580-4d44010a2775 req-0e6bdc79-fe06-4e6d-b580-4d44010a2775 ] Request (DeleteServersAdminTestJSON:test_admin_delete_servers_of_others): 204 DELETE http://10.180.1.21/compute/v2.1/servers/6dcc5aef-a417-4e28-b807-39f518bcd7fa 3.429s
2025-02-18 14:39:18.362 62666 INFO tempest.lib.common.rest_client [req-658bddf9-1924-4c24-afcf-06e795bb9671 req-658bddf9-1924-4c24-afcf-06e795bb9671 ] Request (AZV2TestJSON:tearDownClass): 204 DELETE http://10.180.1.21:9696/networking/v2.0/security-groups/830543db-c354-49c9-a1f1-a4fad8be0961 0.147s
2025-02-18 14:39:18.445 62694 INFO tempest.lib.common.rest_client [req-f16eed34-700b-43e4-b191-adfa4144f5f7 req-f16eed34-700b-43e4-b191-adfa4144f5f7 ] Request (QuotasAdminTestJSON:test_get_updated_quotas): 200 GET http://10.180.1.21/compute/v2.1/os-quota-sets/a0ca1dff8efc43c1a39809db84b563de/detail 2.138s
2025-02-18 14:39:18.489 62662 INFO tempest.lib.common.rest_client [req-fa3ff8be-5719-4f68-af22-64fd6b753ed9 req-fa3ff8be-5719-4f68-af22-64fd6b753ed9 ] Request (FlavorsAdminTestJSON:test_create_list_flavor_without_extra_data): 200 GET http://10.180.1.21/compute/v2.1/flavors/detail 2.164s
2025-02-18 14:39:18.503 62666 INFO tempest.lib.common.rest_client [req-1aaa4187-c000-4d81-ac5f-aeb7a84eb491 req-1aaa4187-c000-4d81-ac5f-aeb7a84eb491 ] Request (AZV2TestJSON:tearDownClass): 204 DELETE http://10.180.1.21/identity/v3/projects/0bfd791cc2b94460924adfde0a54db99 0.140s
2025-02-18 14:39:18.545 62694 INFO tempest.lib.common.rest_client [req-f98920e3-6c22-4425-a2e9-50f247bb8881 req-f98920e3-6c22-4425-a2e9-50f247bb8881 ] Request (QuotasAdminTestJSON:test_get_updated_quotas): 200 GET http://10.180.1.21/identity/v3/domains?name=Default 0.091s
2025-02-18 14:39:18.558 62652 INFO tempest.lib.common.rest_client [req-5566ac07-21ee-4786-b2a4-ec9f533b4a5e req-5566ac07-21ee-4786-b2a4-ec9f533b4a5e ] Request (AttachVolumeShelveTestJSON:setUpClass): 201 POST http://10.180.1.21:9696/networking/v2.0/networks 0.347s
2025-02-18 14:39:18.617 62666 INFO tempest.lib.common.rest_client [req-2b5dc188-ff47-482b-b3df-4f72bcec57e9 req-2b5dc188-ff47-482b-b3df-4f72bcec57e9 ] Request (ServersAaction247Test:setUpClass): 201 POST http://10.180.1.21/identity/v3/auth/tokens 0.112s
2025-02-18 14:39:18.684 62694 INFO tempest.lib.common.rest_client [req-52daf3c0-0254-405e-95f7-36c4013cae88 req-52daf3c0-0254-405e-95f7-36c4013cae88 ] Request (QuotasAdminTestJSON:test_get_updated_quotas): 201 POST http://10.180.1.21/identity/v3/users 0.139s
2025-02-18 14:39:18.685 62666 INFO tempest.lib.common.rest_client [req-f3428432-b6cc-4044-a539-5a7e6216f214 req-f3428432-b6cc-4044-a539-5a7e6216f214 ] Request (ServersAaction247Test:setUpClass): 201 POST http://10.180.1.21/identity/v3/auth/tokens 0.066s
2025-02-18 14:39:18.729 62694 INFO tempest.lib.common.rest_client [req-92de50d4-5b35-4dc4-b5ad-e6efaa7d339e req-92de50d4-5b35-4dc4-b5ad-e6efaa7d339e ] Request (QuotasAdminTestJSON:test_get_updated_quotas): 200 GET http://10.180.1.21/identity/v3/domains?name=Default 0.045s
2025-02-18 14:39:18.738 62666 INFO tempest.lib.common.rest_client [req-c450024e-d09d-4dba-b3ae-4b026ab61582 req-c450024e-d09d-4dba-b3ae-4b026ab61582 ] Request (ServersAaction247Test:setUpClass): 200 GET http://10.180.1.21/identity/v3/domains?name=Default 0.052s
2025-02-18 14:39:18.768 62652 INFO tempest.lib.common.rest_client [req-9ca2c487-aed0-4a79-aca9-c947a3db5ef2 req-9ca2c487-aed0-4a79-aca9-c947a3db5ef2 ] Request (AttachVolumeShelveTestJSON:setUpClass): 201 POST http://10.180.1.21:9696/networking/v2.0/subnets 0.210s
2025-02-18 14:39:18.782 62666 INFO tempest.lib.common.rest_client [req-ffbf5ad2-e752-4c21-b160-2dcce597be8a req-ffbf5ad2-e752-4c21-b160-2dcce597be8a ] Request (ServersAaction247Test:setUpClass): 201 POST http://10.180.1.21/identity/v3/projects 0.043s
2025-02-18 14:39:18.873 62666 INFO tempest.lib.common.rest_client [req-6cfb101e-cda5-4136-a33a-0e7f24951d3a req-6cfb101e-cda5-4136-a33a-0e7f24951d3a ] Request (ServersAaction247Test:setUpClass): 201 POST http://10.180.1.21/identity/v3/users 0.090s
2025-02-18 14:39:18.910 62666 INFO tempest.lib.common.rest_client [req-1865ad7c-f82d-45e4-bf52-b7aa82d456d3 req-1865ad7c-f82d-45e4-bf52-b7aa82d456d3 ] Request (ServersAaction247Test:setUpClass): 200 GET http://10.180.1.21/identity/v3/roles 0.036s
2025-02-18 14:39:18.948 62666 INFO tempest.lib.common.rest_client [req-f4f6435b-7a51-456e-b14c-c44fb571dd9c req-f4f6435b-7a51-456e-b14c-c44fb571dd9c ] Request (ServersAaction247Test:setUpClass): 204 PUT http://10.180.1.21/identity/v3/projects/43378be59ec8409a87b56f298567c0a4/users/9feeccccdb034bbc91851faf21b7fe50/roles/a162f0ec5f474957911ad8212d49bbdf 0.038s
2025-02-18 14:39:18.949 62666 INFO tempest.lib.common.dynamic_creds [-] Dynamic test user 9feeccccdb034bbc91851faf21b7fe50 is created with scope project and roles: ['member']
2025-02-18 14:39:18.949 62666 INFO tempest.lib.common.dynamic_creds [-] Acquired dynamic creds: credentials: Credentials: {'domain_id': 'default', 'domain_name': 'Default', 'username': 'tempest-ServersAaction247Test-480672738-project-member', 'project_domain_id': 'default', 'project_domain_name': 'Default', 'project_id': '43378be59ec8409a87b56f298567c0a4', 'project_name': 'tempest-ServersAaction247Test-480672738', 'tenant_id': '43378be59ec8409a87b56f298567c0a4', 'tenant_name': 'tempest-ServersAaction247Test-480672738', 'user_domain_id': 'default', 'user_domain_name': 'Default', 'user_id': '9feeccccdb034bbc91851faf21b7fe50', 'system': None}, Network: None, Subnet: None, Router: None
2025-02-18 14:39:18.949 62666 INFO tempest.lib.common.dynamic_creds [-] Created isolated network resources for: credentials: Credentials: {'domain_id': 'default', 'domain_name': 'Default', 'username': 'tempest-ServersAaction247Test-480672738-project-member', 'project_domain_id': 'default', 'project_domain_name': 'Default', 'project_id': '43378be59ec8409a87b56f298567c0a4', 'project_name': 'tempest-ServersAaction247Test-480672738', 'tenant_id': '43378be59ec8409a87b56f298567c0a4', 'tenant_name': 'tempest-ServersAaction247Test-480672738', 'user_domain_id': 'default', 'user_domain_name': 'Default', 'user_id': '9feeccccdb034bbc91851faf21b7fe50', 'system': None}, Network: None, Subnet: None, Router: None
2025-02-18 14:39:19.033 62666 INFO tempest.lib.common.rest_client [req-df5f0a66-5d6b-4563-8a19-6ee015e229ca req-df5f0a66-5d6b-4563-8a19-6ee015e229ca ] Request (ServersAaction247Test:setUpClass): 201 POST http://10.180.1.21/identity/v3/auth/tokens 0.080s
2025-02-18 14:39:19.071 62666 INFO tempest.lib.common.rest_client [req-4eb19676-7c6a-4949-8e85-712b14d4c446 req-4eb19676-7c6a-4949-8e85-712b14d4c446 ] Request (ServersAaction247Test:test_create_backup): 201 POST http://10.180.1.21/identity/v3/auth/tokens 0.033s
2025-02-18 14:39:19.072 62666 INFO tempest.lib.common.fixed_network [-] (ServersAaction247Test:test_create_backup) Found network None available for tenant
2025-02-18 14:39:19.128 62656 INFO tempest.lib.common.rest_client [req-ffeef2d0-25b6-4316-9aa3-f58efc3c04e3 req-ffeef2d0-25b6-4316-9aa3-f58efc3c04e3 ] Request (FloatingIPsAssociationTestJSON:test_associate_already_associated_floating_ip): 202 POST http://10.180.1.21/compute/v2.1/servers 2.788s
2025-02-18 14:39:19.236 62687 INFO tempest.lib.common.rest_client [req-791573cd-71fe-444c-8f68-aecc5c001a37 req-791573cd-71fe-444c-8f68-aecc5c001a37 ] Request (ImagesTestJSON:test_create_image_from_stopped_server): 202 POST http://10.180.1.21/compute/v2.1/servers 2.859s
2025-02-18 14:39:19.265 62658 INFO tempest.lib.common.rest_client [req-d211b60f-c85a-472e-b80c-c1f5ced0840a req-d211b60f-c85a-472e-b80c-c1f5ced0840a ] Request (QuotasAdminNegativeTest:test_create_server_when_instances_quota_is_full): 200 GET http://10.180.1.21/compute/v2.1/os-quota-sets/8c70e77811054b45b523dfbc87bb3290 2.740s
2025-02-18 14:39:19.291 62690 INFO tempest.lib.common.rest_client [req-5d960747-b12e-42c8-b82c-e82d4b4b8651 req-5d960747-b12e-42c8-b82c-e82d4b4b8651 ] Request (FlavorsAccessNegativeTestJSON:_run_cleanups): 200 GET http://10.180.1.21/compute/v2.1/flavors/detail 2.566s
2025-02-18 14:39:19.310 62664 INFO tempest.lib.common.rest_client [req-6cff2ad3-c6ad-49aa-ad05-e2774153f505 req-6cff2ad3-c6ad-49aa-ad05-e2774153f505 ] Request (ServerGroup264TestJSON:test_create_get_server_group): 200 GET http://10.180.1.21/compute/v2.1/os-server-groups/1ae5603d-e313-4d1a-a39e-2b16d3da1933 2.566s
2025-02-18 14:39:19.338 62644 INFO tempest.lib.common.rest_client [req-96a2e0a9-f7e1-476d-83e1-ff5abaa46c54 req-96a2e0a9-f7e1-476d-83e1-ff5abaa46c54 ] Request (AggregatesAdminNegativeTestJSON:test_aggregate_delete_as_user): 403 DELETE http://10.180.1.21/compute/v2.1/os-aggregates/5 2.240s
2025-02-18 14:39:19.460 62652 INFO tempest.lib.common.rest_client [req-1964984e-b243-4f52-88fa-74eff8c437bc req-1964984e-b243-4f52-88fa-74eff8c437bc ] Request (AttachVolumeShelveTestJSON:setUpClass): 201 POST http://10.180.1.21:9696/networking/v2.0/routers 0.691s
2025-02-18 14:39:19.498 62684 INFO tempest.lib.common.rest_client [req-8e858acd-16f1-4811-b19a-f309adb6bc1b req-8e858acd-16f1-4811-b19a-f309adb6bc1b ] Request (ServerExternalEventsTest:test_create_server_external_events): 200 GET http://10.180.1.21/compute/v2.1/servers/9f712855-ab1c-43d1-9dbe-15825b9f66b4 2.327s
2025-02-18 14:39:19.689 62702 INFO tempest.lib.common.rest_client [req-61a36667-a588-454f-be48-18f10a99a511 req-61a36667-a588-454f-be48-18f10a99a511 ] Request (ServersNegativeTestMultiTenantJSON:setUpClass): 202 POST http://10.180.1.21/compute/v2.1/servers 3.034s
2025-02-18 14:39:19.766 62650 INFO tempest.lib.common.rest_client [req-53b7ca9c-cfb0-4d0a-aeeb-537f52e206a7 req-53b7ca9c-cfb0-4d0a-aeeb-537f52e206a7 ] Request (ServersTestFqdnHostnames:test_create_server_with_fqdn_name): 200 GET http://10.180.1.21/compute/v2.1/servers/d104862d-3e3f-44ad-8ba9-54949db23968 2.567s
2025-02-18 14:39:19.823 62692 INFO tempest.lib.common.rest_client [req-081614b0-5f08-464b-837e-3daafc490882 req-081614b0-5f08-464b-837e-3daafc490882 ] Request (ServersWithSpecificFlavorTestJSON:test_verify_created_server_ephemeral_disk): 200 GET http://10.180.1.21/compute/v2.1/servers/8b0b955b-47b6-4c40-bdcc-e929e2013509 2.462s
2025-02-18 14:39:19.831 62692 INFO tempest.common.waiters [-] State transition "BUILD/None" ==> "BUILD/spawning" after 15 second wait
2025-02-18 14:39:19.922 62705 INFO tempest.lib.common.rest_client [req-113efc87-15f1-4380-836b-8de8e60267b2 req-113efc87-15f1-4380-836b-8de8e60267b2 ] Request (FloatingIPsAssociationNegativeTestJSON:setUpClass): 200 GET http://10.180.1.21/compute/v2.1/servers/134d5bd9-4ede-4817-9d40-682ff2205edb 2.500s
2025-02-18 14:39:20.281 62688 INFO tempest.lib.common.rest_client [req-21d086f6-16a0-4a30-adb4-f92c9a1f62f8 req-21d086f6-16a0-4a30-adb4-f92c9a1f62f8 ] Request (SecurityGroupRulesNegativeTestJSON:tearDownClass): 202 DELETE http://10.180.1.21/compute/v2.1/os-security-groups/aa4fb0fd-9158-4cba-959e-af6a32fc0d1c 2.824s
2025-02-18 14:39:20.369 62678 INFO tempest.lib.common.rest_client [req-d9750193-ead4-4f63-8bc6-a38999f5d290 req-d9750193-ead4-4f63-8bc6-a38999f5d290 ] Request (ServerRescueTestJSONUnderV235:setUpClass): 200 GET http://10.180.1.21/compute/v2.1/servers/677d7209-536c-43ed-8704-1554ce7ef923 2.838s
2025-02-18 14:39:20.448 62668 INFO tempest.lib.common.rest_client [req-e0b9c47b-010a-4fe9-90a4-de811c3d4cc6 req-e0b9c47b-010a-4fe9-90a4-de811c3d4cc6 ] Request (VolumesAssistedSnapshotsTest:test_volume_assisted_snapshot_create_delete): 200 GET http://10.180.1.21/compute/v2.1/servers/c1559566-8363-4f6d-8e9d-695f91e7fe1d 2.826s
2025-02-18 14:39:20.524 62676 INFO tempest.lib.common.rest_client [req-22129b74-c3f9-423b-a963-d1596f950054 req-22129b74-c3f9-423b-a963-d1596f950054 ] Request (AttachInterfacesTestJSON:test_create_list_show_delete_interfaces_by_fixed_ip): 202 POST http://10.180.1.21/compute/v2.1/servers 3.146s
2025-02-18 14:39:20.728 62682 INFO tempest.lib.common.rest_client [req-e5566cfd-7228-4b2d-8b14-05a02b64e170 req-e5566cfd-7228-4b2d-8b14-05a02b64e170 ] Request (ServerDiagnosticsNegativeTest:test_get_server_diagnostics_by_non_admin): 200 GET http://10.180.1.21/compute/v2.1/servers/272a1022-6da1-41c5-a572-e048c09a8aec 3.010s
2025-02-18 14:39:20.754 62642 INFO tempest.lib.common.rest_client [req-b5389c31-e18a-4a50-9171-b010c6fcc464 req-b5389c31-e18a-4a50-9171-b010c6fcc464 ] Request (HypervisorAdminNegativeTestJSON:test_show_hypervisor_with_non_admin_user): 200 GET http://10.180.1.21/compute/v2.1/os-hypervisors 2.710s
2025-02-18 14:39:20.761 62652 INFO tempest.lib.common.rest_client [req-05bc4498-e11e-4d15-beed-9d0221c76d7b req-05bc4498-e11e-4d15-beed-9d0221c76d7b ] Request (AttachVolumeShelveTestJSON:setUpClass): 200 PUT http://10.180.1.21:9696/networking/v2.0/routers/4ef71aac-ec62-44a6-b9d3-41a381bf5e38/add_router_interface 1.300s
2025-02-18 14:39:20.761 62652 INFO tempest.lib.common.dynamic_creds [-] Created isolated network resources for: credentials: Credentials: {'domain_id': 'default', 'domain_name': 'Default', 'username': 'tempest-AttachVolumeShelveTestJSON-564202240-project-member', 'project_domain_id': 'default', 'project_domain_name': 'Default', 'project_id': 'e4e845d2578746c9a211eef92967c286', 'project_name': 'tempest-AttachVolumeShelveTestJSON-564202240', 'tenant_id': 'e4e845d2578746c9a211eef92967c286', 'tenant_name': 'tempest-AttachVolumeShelveTestJSON-564202240', 'user_domain_id': 'default', 'user_domain_name': 'Default', 'user_id': 'd0fc6e3f6a7844b5926ed6b2ee2d944d', 'system': None}, Network: {'id': '88f82084-f668-408a-85db-223eddec1845', 'name': 'tempest-AttachVolumeShelveTestJSON-1449486980-network', 'tenant_id': 'e4e845d2578746c9a211eef92967c286', 'admin_state_up': True, 'mtu': 8950, 'status': 'ACTIVE', 'subnets': [], 'shared': False, 'project_id': 'e4e845d2578746c9a211eef92967c286', 'port_security_enabled': True, 'router:external': False, 'provider:network_type': 'vlan', 'provider:physical_network': 'default', 'provider:segmentation_id': 100, 'availability_zone_hints': [], 'availability_zones': [], 'ipv4_address_scope': None, 'ipv6_address_scope': None, 'description': '', 'tags': [], 'created_at': '2025-02-18T14:39:18Z', 'updated_at': '2025-02-18T14:39:18Z', 'revision_number': 1}, Subnet: {'id': '269bbde4-6862-4b95-a715-a06df76868a4', 'name': 'tempest-AttachVolumeShelveTestJSON-1449486980-subnet', 'tenant_id': 'e4e845d2578746c9a211eef92967c286', 'network_id': '88f82084-f668-408a-85db-223eddec1845', 'ip_version': 4, 'subnetpool_id': None, 'enable_dhcp': True, 'ipv6_ra_mode': None, 'ipv6_address_mode': None, 'gateway_ip': '192.168.128.1', 'cidr': '192.168.128.0/28', 'allocation_pools': [{'start': '192.168.128.2', 'end': '192.168.128.14'}], 'host_routes': [], 'dns_nameservers': [], 'description': '', 'router:external': False, 'service_types': [], 'tags': [], 'created_at': '2025-02-18T14:39:18Z', 'updated_at': '2025-02-18T14:39:18Z', 'revision_number': 0, 'project_id': 'e4e845d2578746c9a211eef92967c286'}, Router: {'id': '4ef71aac-ec62-44a6-b9d3-41a381bf5e38', 'name': 'tempest-AttachVolumeShelveTestJSON-1449486980-router', 'tenant_id': 'e4e845d2578746c9a211eef92967c286', 'admin_state_up': True, 'status': 'ACTIVE', 'external_gateway_info': {'network_id': '5bc54faf-cf1a-4502-8099-7502aaf5588b', 'external_fixed_ips': [{'subnet_id': 'bba56266-6241-4aa0-aefd-b0965dc5247b', 'ip_address': '10.180.180.153'}], 'enable_snat': True}, 'description': '', 'availability_zones': [], 'distributed': False, 'ha': False, 'availability_zone_hints': [], 'routes': [], 'flavor_id': None, 'tags': [], 'created_at': '2025-02-18T14:39:18Z', 'updated_at': '2025-02-18T14:39:19Z', 'revision_number': 2, 'project_id': 'e4e845d2578746c9a211eef92967c286'}
2025-02-18 14:39:20.865 62661 INFO tempest.lib.common.rest_client [req-4a862646-e9c7-4255-83b5-722140b4765b req-4a862646-e9c7-4255-83b5-722140b4765b ] Request (ServersAdmin275Test:test_rebuild_update_server_275): 200 GET http://10.180.1.21/compute/v2.1/servers/f5c11eeb-bd4a-44b4-8a99-985b0c7716f6 2.806s
2025-02-18 14:39:20.874 62652 INFO tempest.lib.common.rest_client [req-1ded9490-e336-4eb7-b0c8-9c518db3ed9b req-1ded9490-e336-4eb7-b0c8-9c518db3ed9b ] Request (AttachVolumeShelveTestJSON:setUpClass): 201 POST http://10.180.1.21/identity/v3/auth/tokens 0.110s
2025-02-18 14:39:20.875 62661 INFO tempest.common.waiters [-] State transition "REBUILD/rebuild_block_device_mapping" ==> "REBUILD/rebuild_spawning" after 3 second wait
2025-02-18 14:39:20.916 62672 INFO tempest.lib.common.rest_client [req-58dfc78c-acad-4cd4-a08a-031b9c91707b req-58dfc78c-acad-4cd4-a08a-031b9c91707b ] Request (SecurityGroupRulesTestJSON:test_security_group_rules_create): 200 POST http://10.180.1.21/compute/v2.1/os-security-group-rules 2.998s
2025-02-18 14:39:21.027 62654 INFO tempest.lib.common.rest_client [req-334cc7a1-6e46-4fe3-b0bf-2dcc7934acf0 req-334cc7a1-6e46-4fe3-b0bf-2dcc7934acf0 ] Request (ServerDiagnosticsTest:tearDownClass): 200 GET http://10.180.1.21/compute/v2.1/servers/0d3265e8-1056-4410-8035-d009478d2052 2.759s
2025-02-18 14:39:21.353 62674 INFO tempest.lib.common.rest_client [req-eb2a7e5e-52c9-452b-8b4e-0abde3c7025c req-eb2a7e5e-52c9-452b-8b4e-0abde3c7025c ] Request (DeleteServersAdminTestJSON:test_admin_delete_servers_of_others): 200 GET http://10.180.1.21/compute/v2.1/servers/6dcc5aef-a417-4e28-b807-39f518bcd7fa 3.031s
2025-02-18 14:39:21.372 62648 INFO tempest.lib.common.rest_client [req-d1525eb3-dd2e-4051-a97a-db9b3048d42a req-d1525eb3-dd2e-4051-a97a-db9b3048d42a ] Request (MigrationsAdminTest:test_list_migrations_in_flavor_resize_situation): 200 GET http://10.180.1.21/compute/v2.1/servers/aeb622a0-9532-4a9d-ac75-65f4e84dfda0 2.933s
2025-02-18 14:39:21.373 62662 INFO tempest.lib.common.rest_client [req-6e2e1d13-f7a2-44f8-a498-5c05ca696ec5 req-6e2e1d13-f7a2-44f8-a498-5c05ca696ec5 ] Request (FlavorsAdminTestJSON:_run_cleanups): 202 DELETE http://10.180.1.21/compute/v2.1/flavors/1590555290 2.870s
2025-02-18 14:39:21.463 62680 INFO tempest.lib.common.rest_client [req-2a273d2e-4262-442e-930b-301846986cc6 req-2a273d2e-4262-442e-930b-301846986cc6 ] Request (ServersAdminNegativeTestJSON:setUpClass): 200 GET http://10.180.1.21/compute/v2.1/servers/53bb2f01-4e70-471e-ad9d-7bff56746663 2.931s
2025-02-18 14:39:21.471 62680 INFO tempest.common.waiters [-] State transition "BUILD/None" ==> "BUILD/spawning" after 15 second wait
2025-02-18 14:39:21.511 62694 INFO tempest.lib.common.rest_client [req-b62f40c8-e339-4ae7-9db6-47aef4e7e554 req-b62f40c8-e339-4ae7-9db6-47aef4e7e554 ] Request (QuotasAdminTestJSON:test_get_updated_quotas): 200 PUT http://10.180.1.21/compute/v2.1/os-quota-sets/a0ca1dff8efc43c1a39809db84b563de?user_id=42573b0f9fb248679bfa26aee5922b85 2.781s
2025-02-18 14:39:21.519 62646 INFO tempest.lib.common.rest_client [req-2fd469cc-49e9-4c62-aa3b-130fa8675eb1 req-2fd469cc-49e9-4c62-aa3b-130fa8675eb1 ] Request (AttachInterfacesV270Test:test_create_get_list_interfaces): 200 GET http://10.180.1.21/compute/v2.1/servers/362ae547-c9b5-4e21-a740-9077e044ba8d 2.485s
2025-02-18 14:39:21.647 62700 INFO tempest.lib.common.rest_client [req-42ce57fb-d48e-4850-9829-028cdfff5997 req-42ce57fb-d48e-4850-9829-028cdfff5997 ] Request (VolumesAdminNegativeTest:test_update_attached_volume_with_nonexistent_volume_in_body): 200 GET http://10.180.1.21/compute/v2.1/servers/1281e273-d400-4493-b718-e78252e1221a 2.605s
2025-02-18 14:39:21.686 62666 INFO tempest.lib.common.rest_client [req-1468ca6d-4c9a-4f44-861a-58a7c9672b3c req-1468ca6d-4c9a-4f44-861a-58a7c9672b3c ] Request (ServersAaction247Test:test_create_backup): 202 POST http://10.180.1.21/compute/v2.1/servers 2.613s
2025-02-18 14:39:21.717 62656 INFO tempest.lib.common.rest_client [req-c25f299c-c8b3-4f02-b36b-c69f37640404 req-c25f299c-c8b3-4f02-b36b-c69f37640404 ] Request (FloatingIPsAssociationTestJSON:test_associate_already_associated_floating_ip): 200 GET http://10.180.1.21/compute/v2.1/servers/0be60052-791c-4216-b5db-c666b62ef9f2 2.586s
2025-02-18 14:39:21.739 62687 INFO tempest.lib.common.rest_client [req-859e0803-448d-4de5-8a75-0855a9c36796 req-859e0803-448d-4de5-8a75-0855a9c36796 ] Request (ImagesTestJSON:test_create_image_from_stopped_server): 200 GET http://10.180.1.21/compute/v2.1/servers/554e13c2-ea50-43d4-9d9b-62a3cce7b91e 2.501s
2025-02-18 14:39:21.759 62690 INFO tempest.lib.common.rest_client [req-c19feef8-427d-4296-bd77-35d7468d5875 req-c19feef8-427d-4296-bd77-35d7468d5875 ] Request (FlavorsAccessNegativeTestJSON:test_remove_flavor_access_not_found): 200 POST http://10.180.1.21/compute/v2.1/flavors 2.461s
2025-02-18 14:39:21.800 62664 INFO tempest.lib.common.rest_client [req-329cf641-50a3-4512-8a1f-e97adf986e6d req-329cf641-50a3-4512-8a1f-e97adf986e6d ] Request (ServerGroup264TestJSON:_run_cleanups): 204 DELETE http://10.180.1.21/compute/v2.1/os-server-groups/1ae5603d-e313-4d1a-a39e-2b16d3da1933 2.488s
2025-02-18 14:39:21.802 62658 INFO tempest.lib.common.rest_client [req-b2b70fc3-6175-4faa-acc9-443f1fabac3f req-b2b70fc3-6175-4faa-acc9-443f1fabac3f ] Request (QuotasAdminNegativeTest:test_create_server_when_instances_quota_is_full): 200 PUT http://10.180.1.21/compute/v2.1/os-quota-sets/8c70e77811054b45b523dfbc87bb3290 2.534s
2025-02-18 14:39:21.825 62644 INFO tempest.lib.common.rest_client [req-60e8598d-7fac-42be-863b-fb070d0f3f2e req-60e8598d-7fac-42be-863b-fb070d0f3f2e ] Request (AggregatesAdminNegativeTestJSON:_run_cleanups): 200 DELETE http://10.180.1.21/compute/v2.1/os-aggregates/5 2.486s
2025-02-18 14:39:21.875 62702 INFO tempest.lib.common.rest_client [req-5924ebfb-8f46-41ae-acfb-a97e5075be16 req-5924ebfb-8f46-41ae-acfb-a97e5075be16 ] Request (ServersNegativeTestMultiTenantJSON:setUpClass): 200 GET http://10.180.1.21/compute/v2.1/servers/86949a33-63ea-47ba-924f-15bc56751c17 2.184s
2025-02-18 14:39:21.883 62658 INFO tempest.lib.common.rest_client [req-2dbd06f4-e8b5-4e7f-9287-b99c99d78a6b req-2dbd06f4-e8b5-4e7f-9287-b99c99d78a6b ] Request (QuotasAdminNegativeTest:test_create_server_when_instances_quota_is_full): 201 POST http://10.180.1.21/identity/v3/auth/tokens 0.075s
2025-02-18 14:39:21.883 62658 INFO tempest.lib.common.fixed_network [-] (QuotasAdminNegativeTest:test_create_server_when_instances_quota_is_full) Found network None available for tenant
2025-02-18 14:39:22.013 62688 INFO tempest.lib.common.rest_client [req-4344978f-0278-486e-a0b5-07aa2cda0d79 req-4344978f-0278-486e-a0b5-07aa2cda0d79 ] Request (SecurityGroupRulesNegativeTestJSON:tearDownClass): 202 DELETE http://10.180.1.21/compute/v2.1/os-security-groups/751ca2b7-2cc1-4530-bf40-8da442d5b129 1.732s
2025-02-18 14:39:22.036 62684 INFO tempest.lib.common.rest_client [req-d9c8c0af-64f0-429a-8bfb-f53034b72f71 req-d9c8c0af-64f0-429a-8bfb-f53034b72f71 ] Request (ServerExternalEventsTest:test_create_server_external_events): 200 GET http://10.180.1.21/compute/v2.1/servers/9f712855-ab1c-43d1-9dbe-15825b9f66b4 1.528s
2025-02-18 14:39:22.043 62642 INFO tempest.lib.common.rest_client [req-fb344d4a-4eb1-4c51-9104-f8a404d31bed req-fb344d4a-4eb1-4c51-9104-f8a404d31bed ] Request (HypervisorAdminNegativeTestJSON:test_show_hypervisor_with_non_admin_user): 403 GET http://10.180.1.21/compute/v2.1/os-hypervisors/1 1.287s
2025-02-18 14:39:22.049 62684 INFO tempest.common.waiters [-] State transition "BUILD/spawning" ==> "ACTIVE/None" after 30 second wait
2025-02-18 14:39:22.077 62676 INFO tempest.lib.common.rest_client [req-25fa3fa6-7161-4183-9eed-c3566258be62 req-25fa3fa6-7161-4183-9eed-c3566258be62 ] Request (AttachInterfacesTestJSON:test_create_list_show_delete_interfaces_by_fixed_ip): 200 GET http://10.180.1.21/compute/v2.1/servers/6c7313cd-0c0a-4068-975a-3239bf6b7869 1.551s
2025-02-18 14:39:22.101 62650 INFO tempest.lib.common.rest_client [req-3293b11f-6144-442c-8bf6-cb510822ab87 req-3293b11f-6144-442c-8bf6-cb510822ab87 ] Request (ServersTestFqdnHostnames:test_create_server_with_fqdn_name): 200 GET http://10.180.1.21/compute/v2.1/servers/d104862d-3e3f-44ad-8ba9-54949db23968 1.320s
2025-02-18 14:39:22.156 62652 INFO tempest.lib.common.rest_client [req-1e251145-b94d-4290-bca9-c2d1d62ce5b9 req-1e251145-b94d-4290-bca9-c2d1d62ce5b9 ] Request (ValidationResourcesFixture:setUp): 201 POST http://10.180.1.21/compute/v2.1/os-keypairs 1.280s
2025-02-18 14:39:22.208 62692 INFO tempest.lib.common.rest_client [req-68a22c9d-54fd-4319-a1d8-afb79a2f06f9 req-68a22c9d-54fd-4319-a1d8-afb79a2f06f9 ] Request (ServersWithSpecificFlavorTestJSON:test_verify_created_server_ephemeral_disk): 200 GET http://10.180.1.21/compute/v2.1/servers/8b0b955b-47b6-4c40-bdcc-e929e2013509 1.376s
2025-02-18 14:39:22.263 62652 INFO tempest.lib.common.rest_client [req-2e4e4144-ee8b-4910-a9e8-6a7ed0926a3d req-2e4e4144-ee8b-4910-a9e8-6a7ed0926a3d ] Request (ValidationResourcesFixture:setUp): 201 POST http://10.180.1.21:9696/networking/v2.0/security-groups 0.104s
2025-02-18 14:39:22.264 62705 INFO tempest.lib.common.rest_client [req-3025f49e-072c-4025-af2d-f71d5308f4a0 req-3025f49e-072c-4025-af2d-f71d5308f4a0 ] Request (FloatingIPsAssociationNegativeTestJSON:setUpClass): 200 GET http://10.180.1.21/compute/v2.1/servers/134d5bd9-4ede-4817-9d40-682ff2205edb 1.333s
2025-02-18 14:39:22.293 62672 INFO tempest.lib.common.rest_client [req-c794be2f-35da-40b4-a4cf-4fb8289da7bb req-c794be2f-35da-40b4-a4cf-4fb8289da7bb ] Request (SecurityGroupRulesTestJSON:test_security_group_rules_create_with_optional_cidr): 200 POST http://10.180.1.21/compute/v2.1/os-security-groups 1.373s
2025-02-18 14:39:22.319 62662 INFO tempest.lib.common.rest_client [req-fa1a70f7-534d-4e1f-81ae-714108080d17 req-fa1a70f7-534d-4e1f-81ae-714108080d17 ] Request (FlavorsAdminTestJSON:_run_cleanups): 200 GET http://10.180.1.21/compute/v2.1/flavors/detail 0.945s
2025-02-18 14:39:22.345 62652 INFO tempest.lib.common.rest_client [req-4181686e-34af-4553-9abf-912cc1069e66 req-4181686e-34af-4553-9abf-912cc1069e66 ] Request (ValidationResourcesFixture:setUp): 201 POST http://10.180.1.21:9696/networking/v2.0/security-group-rules 0.081s
2025-02-18 14:39:22.375 62678 INFO tempest.lib.common.rest_client [req-53809594-2c00-4592-8f82-53caa405c2d1 req-53809594-2c00-4592-8f82-53caa405c2d1 ] Request (ServerRescueTestJSONUnderV235:setUpClass): 200 GET http://10.180.1.21/compute/v2.1/servers/677d7209-536c-43ed-8704-1554ce7ef923 0.998s
2025-02-18 14:39:22.387 62668 INFO tempest.lib.common.rest_client [req-9fca85e5-b75a-4b36-810a-f1b882c83258 req-9fca85e5-b75a-4b36-810a-f1b882c83258 ] Request (VolumesAssistedSnapshotsTest:test_volume_assisted_snapshot_create_delete): 200 GET http://10.180.1.21/compute/v2.1/servers/c1559566-8363-4f6d-8e9d-695f91e7fe1d 0.927s
2025-02-18 14:39:22.412 62694 INFO tempest.lib.common.rest_client [req-461260a9-0a82-424e-9c50-f6dc57f7ab1c req-461260a9-0a82-424e-9c50-f6dc57f7ab1c ] Request (QuotasAdminTestJSON:test_get_updated_quotas): 200 GET http://10.180.1.21/compute/v2.1/os-quota-sets/a0ca1dff8efc43c1a39809db84b563de?user_id=42573b0f9fb248679bfa26aee5922b85 0.899s
2025-02-18 14:39:22.452 62666 INFO tempest.lib.common.rest_client [req-2e7a0d8b-488f-4155-a391-e97b8674d8cb req-2e7a0d8b-488f-4155-a391-e97b8674d8cb ] Request (ServersAaction247Test:test_create_backup): 200 GET http://10.180.1.21/compute/v2.1/servers/e255473e-2577-4105-9d39-3436f13e2e6e 0.764s
2025-02-18 14:39:22.463 62652 INFO tempest.lib.common.rest_client [req-ce9b980c-a7c9-4910-8b7c-4aa078df5c9c req-ce9b980c-a7c9-4910-8b7c-4aa078df5c9c ] Request (ValidationResourcesFixture:setUp): 201 POST http://10.180.1.21:9696/networking/v2.0/security-group-rules 0.117s
2025-02-18 14:39:22.517 62694 INFO tempest.lib.common.rest_client [req-1aae9bf0-6619-44fd-8189-d0fb8bbcfe33 req-1aae9bf0-6619-44fd-8189-d0fb8bbcfe33 ] Request (QuotasAdminTestJSON:_run_cleanups): 204 DELETE http://10.180.1.21/identity/v3/users/42573b0f9fb248679bfa26aee5922b85 0.102s
2025-02-18 14:39:22.535 62682 INFO tempest.lib.common.rest_client [req-8bd34b37-ed08-47b3-9b68-68bfe94161af req-8bd34b37-ed08-47b3-9b68-68bfe94161af ] Request (ServerDiagnosticsNegativeTest:test_get_server_diagnostics_by_non_admin): 200 GET http://10.180.1.21/compute/v2.1/servers/272a1022-6da1-41c5-a572-e048c09a8aec 0.795s
