2025-02-18 14:41:31.930 62652 WARNING tempest.lib.common.ssh [-] Failed to establish authenticated ssh connection to cirros@10.180.180.230 ([Errno None] Unable to connect to port 22 on 10.180.180.230). Number attempts: 9. Retry after 10 seconds.: paramiko.ssh_exception.NoValidConnectionsError: [Errno None] Unable to connect to port 22 on 10.180.180.230
2025-02-18 14:41:31.941 62654 INFO tempest.lib.common.rest_client [req-2492370c-cd69-4ae1-83d3-756ddd87b2ac req-2492370c-cd69-4ae1-83d3-756ddd87b2ac ] Request (DeleteServersTestJSON:test_delete_server_while_in_attached_volume): 200 GET http://10.180.1.21/compute/v2.1/servers/65a448f8-a8f1-4308-8c1f-e0b12317778f 0.058s
2025-02-18 14:41:31.958 62705 INFO tempest.lib.common.rest_client [req-f8f99cc4-12fe-4cfd-b4ad-c0e9685abcff req-f8f99cc4-12fe-4cfd-b4ad-c0e9685abcff ] Request (ServerRescueNegativeTestJSON:setUpClass): 200 GET http://10.180.1.21/compute/v2.1/servers/7e8c336d-48c5-4fd1-a733-f7001dea3aa4 0.072s
2025-02-18 14:41:31.999 62674 INFO tempest.lib.common.rest_client [req-654fcf33-a583-44f7-8491-b94f2c38e715 req-654fcf33-a583-44f7-8491-b94f2c38e715 ] Request (ServersV294TestFqdnHostnames:setUpClass): 200 GET http://10.180.1.21/compute/v2.1/servers/5209d7f4-76ae-439c-bf4d-2fead6810a80 0.068s
2025-02-18 14:41:32.012 62648 INFO tempest.lib.common.rest_client [req-5a41bc12-973c-4b07-8d63-82c7fab4d862 req-5a41bc12-973c-4b07-8d63-82c7fab4d862 ] Request (MigrationsAdminTest:test_resize_server_revert_deleted_flavor): 200 GET http://10.180.1.21/compute/v2.1/servers/abc046a0-2875-4673-9eda-dcd9ded773c1 0.073s
2025-02-18 14:41:32.091 62672 INFO tempest.lib.common.rest_client [req-2816d485-31cd-4629-8043-ece51b20d88e req-2816d485-31cd-4629-8043-ece51b20d88e ] Request (ListServerFiltersTestJSON:tearDownClass): 200 GET http://10.180.1.21/compute/v2.1/servers/6cb8928c-4d6d-4e4b-8a57-4a130f6afa57 0.051s
2025-02-18 14:41:32.114 62680 INFO tempest.lib.common.rest_client [req-207132c3-5d32-47a6-9e24-3902cbed8817 req-207132c3-5d32-47a6-9e24-3902cbed8817 ] Request (ServersAdminNegativeTestJSON:tearDownClass): 200 GET http://10.180.1.21/compute/v2.1/servers/53bb2f01-4e70-471e-ad9d-7bff56746663 0.049s
2025-02-18 14:41:32.149 62646 INFO tempest.lib.common.rest_client [req-24663661-b659-4613-b425-ecca99fc9598 req-24663661-b659-4613-b425-ecca99fc9598 ] Request (InstanceActionsNegativeTestJSON:setUpClass): 200 GET http://10.180.1.21/compute/v2.1/servers/ae510f49-ca5e-4a87-94ef-24591700fcf6 0.049s
2025-02-18 14:41:32.243 62698 INFO tempest.lib.common.rest_client [req-02fd510d-6b8f-4e8a-b872-86258a0fd071 req-02fd510d-6b8f-4e8a-b872-86258a0fd071 ] Request (ServerMetadataTestJSON:tearDownClass): 200 GET http://10.180.1.21/compute/v2.1/servers/f7ba79d4-aa2b-4842-9bd5-8eb9a01200d2 0.070s
2025-02-18 14:41:32.332 62670 INFO tempest.lib.common.rest_client [req-ee015036-d4dd-4ddb-864f-74e31ed07bfc req-ee015036-d4dd-4ddb-864f-74e31ed07bfc ] Request (ImagesOneServerNegativeTestJSON:_run_cleanups): 200 GET http://10.180.1.21/compute/v2.1/servers/df106528-9ed2-4043-9d25-464d5beb3f7b 0.075s
2025-02-18 14:41:32.342 62644 INFO tempest.lib.common.rest_client [req-fd0e12c1-bc7e-4d00-a11a-7228667c67a0 req-fd0e12c1-bc7e-4d00-a11a-7228667c67a0 ] Request (ImagesNegativeTestJSON:test_create_image_from_deleted_server): 200 GET http://10.180.1.21/compute/v2.1/servers/55c3c030-2e80-4829-bd9c-0e7f3e743c6c 0.152s
2025-02-18 14:41:32.396 62642 INFO tempest.lib.common.rest_client [req-88d6511f-9209-47ec-b1b3-ddbd9e7d1d5e req-88d6511f-9209-47ec-b1b3-ddbd9e7d1d5e ] Request (ServersTestMultiNic:test_verify_multiple_nics_order): 200 GET http://10.180.1.21/compute/v2.1/servers/bbde3466-9829-4207-9670-72715d1e49c0 0.083s
2025-02-18 14:41:32.431 62661 INFO tempest.lib.common.rest_client [req-80083d4a-f05f-42cb-b904-352e4376a91d req-80083d4a-f05f-42cb-b904-352e4376a91d ] Request (ImagesOneServerTestJSON:setUpClass): 200 GET http://10.180.1.21/compute/v2.1/servers/88c9e905-5a60-4109-a03f-fa971843c488 0.140s
2025-02-18 14:41:32.448 62666 INFO tempest.lib.common.rest_client [req-adc37af8-8d51-428d-9b34-1919215745e5 req-adc37af8-8d51-428d-9b34-1919215745e5 ] Request (ServerAddressesNegativeTestJSON:setUpClass): 200 GET http://10.180.1.21/compute/v2.1/servers/0cd0839e-d442-4d82-9b9b-8a59dee70db7 0.106s
2025-02-18 14:41:32.874 62684 INFO tempest.lib.common.rest_client [req-8eed8c5c-09b1-4cc6-a0bd-371d4871df50 req-8eed8c5c-09b1-4cc6-a0bd-371d4871df50 ] Request (ServersTestBootFromVolume:setUpClass): 200 GET http://10.180.1.21/compute/v2.1/servers/d9f2468c-18c3-44f4-8044-5a098ac5f107 0.069s
2025-02-18 14:41:32.877 62656 INFO tempest.lib.common.rest_client [req-d757b475-9a37-4e55-a12c-c95aef20ce99 req-d757b475-9a37-4e55-a12c-c95aef20ce99 ] Request (FloatingIPsAssociationTestJSON:tearDownClass): 200 GET http://10.180.1.21/compute/v2.1/servers/88b335c7-7c56-4ae7-90a1-0fff3028c6a2 0.074s
2025-02-18 14:41:32.917 62687 INFO tempest.lib.common.rest_client [req-5d7ab357-b6a2-4dd5-a96b-ac5dcdcdadb3 req-5d7ab357-b6a2-4dd5-a96b-ac5dcdcdadb3 ] Request (ImagesTestJSON:test_create_image_from_suspended_server): 200 GET http://10.180.1.21/compute/v2.1/images/ca2f655d-9a12-4f91-971d-7989e2d9d597 0.074s
2025-02-18 14:41:32.933 62678 INFO tempest.lib.common.rest_client [req-8175c644-5b45-4235-9730-e230c1b76a8e req-8175c644-5b45-4235-9730-e230c1b76a8e ] Request (ServersNegativeTestJSON:setUpClass): 200 GET http://10.180.1.21/compute/v2.1/servers/5f019d1a-a507-4f65-8ec8-3b0d0a6d3ef7 0.066s
2025-02-18 14:41:32.990 62702 INFO tempest.lib.common.rest_client [req-63979c77-d084-4b25-8f0c-be3e60f08698 req-63979c77-d084-4b25-8f0c-be3e60f08698 ] Request (AttachVolumeNegativeTest:test_attach_attached_volume_to_different_server): 200 GET http://10.180.1.21/compute/v2.1/servers/5114d3c2-a387-4520-8837-be0736533858 0.071s
2025-02-18 14:41:33.043 62654 INFO tempest.lib.common.rest_client [req-b79e9817-f5ae-4524-8651-3a3623add528 req-b79e9817-f5ae-4524-8651-3a3623add528 ] Request (DeleteServersTestJSON:test_delete_server_while_in_attached_volume): 200 GET http://10.180.1.21/compute/v2.1/servers/65a448f8-a8f1-4308-8c1f-e0b12317778f 0.094s
2025-02-18 14:41:33.061 62662 INFO tempest.lib.common.rest_client [req-77075a4e-aab7-4ca5-876b-355d95f53333 req-77075a4e-aab7-4ca5-876b-355d95f53333 ] Request (ServersAdminTestJSON:setUpClass): 200 GET http://10.180.1.21/compute/v2.1/servers/d524e752-1c48-4acc-886d-346d8b224fcb 0.164s
2025-02-18 14:41:33.068 62662 INFO tempest.common.waiters [-] State transition "BUILD/None" ==> "BUILD/networking" after 66 second wait
2025-02-18 14:41:33.088 62705 INFO tempest.lib.common.rest_client [req-c2aac566-3869-472a-8e04-b5233e10b471 req-c2aac566-3869-472a-8e04-b5233e10b471 ] Request (ServerRescueNegativeTestJSON:setUpClass): 200 GET http://10.180.1.21/compute/v2.1/servers/7e8c336d-48c5-4fd1-a733-f7001dea3aa4 0.123s
2025-02-18 14:41:33.113 62674 INFO tempest.lib.common.rest_client [req-6a686a5b-057d-45a3-8513-6606b68e731b req-6a686a5b-057d-45a3-8513-6606b68e731b ] Request (ServersV294TestFqdnHostnames:setUpClass): 200 GET http://10.180.1.21/compute/v2.1/servers/5209d7f4-76ae-439c-bf4d-2fead6810a80 0.104s
2025-02-18 14:41:33.133 62648 INFO tempest.lib.common.rest_client [req-003f2830-2315-44e8-92e3-8f68d5d6f133 req-003f2830-2315-44e8-92e3-8f68d5d6f133 ] Request (MigrationsAdminTest:test_resize_server_revert_deleted_flavor): 200 GET http://10.180.1.21/compute/v2.1/servers/abc046a0-2875-4673-9eda-dcd9ded773c1 0.113s
2025-02-18 14:41:33.168 62672 INFO tempest.lib.common.rest_client [req-4e5c7e7e-8705-438a-868d-7168fb9b1773 req-4e5c7e7e-8705-438a-868d-7168fb9b1773 ] Request (ListServerFiltersTestJSON:tearDownClass): 200 GET http://10.180.1.21/compute/v2.1/servers/6cb8928c-4d6d-4e4b-8a57-4a130f6afa57 0.069s
2025-02-18 14:41:33.177 62672 INFO tempest.common.waiters [-] State transition "ACTIVE/deleting" ==> "DELETED/None" after 4 second wait
2025-02-18 14:41:33.185 62680 INFO tempest.lib.common.rest_client [req-05450623-9bce-48fc-807d-7de0080ca29d req-05450623-9bce-48fc-807d-7de0080ca29d ] Request (ServersAdminNegativeTestJSON:tearDownClass): 200 GET http://10.180.1.21/compute/v2.1/servers/53bb2f01-4e70-471e-ad9d-7bff56746663 0.064s
2025-02-18 14:41:33.192 62680 INFO tempest.common.waiters [-] State transition "ACTIVE/deleting" ==> "DELETED/None" after 5 second wait
2025-02-18 14:41:33.217 62646 INFO tempest.lib.common.rest_client [req-b8a8c121-f1ac-44d2-b5d4-1f39ce77127d req-b8a8c121-f1ac-44d2-b5d4-1f39ce77127d ] Request (InstanceActionsNegativeTestJSON:setUpClass): 200 GET http://10.180.1.21/compute/v2.1/servers/ae510f49-ca5e-4a87-94ef-24591700fcf6 0.060s
2025-02-18 14:41:33.307 62698 INFO tempest.lib.common.rest_client [req-5bb086b2-ab6e-4c81-ba06-3c56310d2a9b req-5bb086b2-ab6e-4c81-ba06-3c56310d2a9b ] Request (ServerMetadataTestJSON:tearDownClass): 200 GET http://10.180.1.21/compute/v2.1/servers/f7ba79d4-aa2b-4842-9bd5-8eb9a01200d2 0.057s
2025-02-18 14:41:33.398 62670 INFO tempest.lib.common.rest_client [req-22a52ac7-6ad0-4c23-bc78-5c1f2b9f0759 req-22a52ac7-6ad0-4c23-bc78-5c1f2b9f0759 ] Request (ImagesOneServerNegativeTestJSON:_run_cleanups): 200 GET http://10.180.1.21/compute/v2.1/servers/df106528-9ed2-4043-9d25-464d5beb3f7b 0.059s
2025-02-18 14:41:33.448 62644 INFO tempest.lib.common.rest_client [req-7b963d33-e537-497b-91ea-0cdc1c383a14 req-7b963d33-e537-497b-91ea-0cdc1c383a14 ] Request (ImagesNegativeTestJSON:test_create_image_from_deleted_server): 200 GET http://10.180.1.21/compute/v2.1/servers/55c3c030-2e80-4829-bd9c-0e7f3e743c6c 0.098s
2025-02-18 14:41:33.461 62642 INFO tempest.lib.common.rest_client [req-065593cf-d443-4638-b900-5551156f93eb req-065593cf-d443-4638-b900-5551156f93eb ] Request (ServersTestMultiNic:test_verify_multiple_nics_order): 200 GET http://10.180.1.21/compute/v2.1/servers/bbde3466-9829-4207-9670-72715d1e49c0 0.056s
2025-02-18 14:41:33.517 62666 INFO tempest.lib.common.rest_client [req-35ac187a-c683-4d47-9545-12679d3ebcc8 req-35ac187a-c683-4d47-9545-12679d3ebcc8 ] Request (ServerAddressesNegativeTestJSON:setUpClass): 200 GET http://10.180.1.21/compute/v2.1/servers/0cd0839e-d442-4d82-9b9b-8a59dee70db7 0.060s
2025-02-18 14:41:33.550 62661 INFO tempest.lib.common.rest_client [req-d2593af4-ab19-4026-94ba-d9be80dedca0 req-d2593af4-ab19-4026-94ba-d9be80dedca0 ] Request (ImagesOneServerTestJSON:setUpClass): 200 GET http://10.180.1.21/compute/v2.1/servers/88c9e905-5a60-4109-a03f-fa971843c488 0.110s
2025-02-18 14:41:33.557 62661 INFO tempest.common.waiters [-] State transition "BUILD/spawning" ==> "ACTIVE/None" after 67 second wait
2025-02-18 14:41:33.946 62684 INFO tempest.lib.common.rest_client [req-e3e7ef17-2215-4f19-adf8-c7a7d7a56f13 req-e3e7ef17-2215-4f19-adf8-c7a7d7a56f13 ] Request (ServersTestBootFromVolume:setUpClass): 200 GET http://10.180.1.21/compute/v2.1/servers/d9f2468c-18c3-44f4-8044-5a098ac5f107 0.064s
2025-02-18 14:41:33.969 62661 INFO tempest.lib.common.rest_client [req-763ab0bf-6f64-4660-9652-52cb532f7545 req-763ab0bf-6f64-4660-9652-52cb532f7545 ] Request (ImagesOneServerTestJSON:test_create_delete_image): 202 POST http://10.180.1.21/compute/v2.1/servers/88c9e905-5a60-4109-a03f-fa971843c488/action 0.411s
2025-02-18 14:41:34.007 62687 INFO tempest.lib.common.rest_client [req-e296abed-6c48-44e3-9900-cef8cdc84ead req-e296abed-6c48-44e3-9900-cef8cdc84ead ] Request (ImagesTestJSON:test_create_image_from_suspended_server): 200 GET http://10.180.1.21/compute/v2.1/images/ca2f655d-9a12-4f91-971d-7989e2d9d597 0.087s
2025-02-18 14:41:34.017 62656 INFO tempest.lib.common.rest_client [req-6badf863-98e7-4c07-9713-c9fc47a5f940 req-6badf863-98e7-4c07-9713-c9fc47a5f940 ] Request (FloatingIPsAssociationTestJSON:tearDownClass): 200 GET http://10.180.1.21/compute/v2.1/servers/88b335c7-7c56-4ae7-90a1-0fff3028c6a2 0.133s
2025-02-18 14:41:34.048 62661 INFO tempest.lib.common.rest_client [req-0dc8657d-d09b-493e-8ce9-c746777e3566 req-0dc8657d-d09b-493e-8ce9-c746777e3566 ] Request (ImagesOneServerTestJSON:test_create_delete_image): 200 GET http://10.180.1.21/compute/v2.1/images/9dbaff31-22ab-4476-86a0-12d6ad041c54 0.077s
2025-02-18 14:41:34.062 62678 INFO tempest.lib.common.rest_client [req-b0b08620-c415-4fdb-8c3b-a9e71bcb1349 req-b0b08620-c415-4fdb-8c3b-a9e71bcb1349 ] Request (ServersNegativeTestJSON:setUpClass): 200 GET http://10.180.1.21/compute/v2.1/servers/5f019d1a-a507-4f65-8ec8-3b0d0a6d3ef7 0.121s
2025-02-18 14:41:34.097 62702 INFO tempest.lib.common.rest_client [req-a55e9463-75b3-4b4b-8a35-d8614fe86b87 req-a55e9463-75b3-4b4b-8a35-d8614fe86b87 ] Request (AttachVolumeNegativeTest:test_attach_attached_volume_to_different_server): 200 GET http://10.180.1.21/compute/v2.1/servers/5114d3c2-a387-4520-8837-be0736533858 0.099s
2025-02-18 14:41:34.115 62654 INFO tempest.lib.common.rest_client [req-f19b3066-f59a-4ae3-8bd7-81574a5d3b0a req-f19b3066-f59a-4ae3-8bd7-81574a5d3b0a ] Request (DeleteServersTestJSON:test_delete_server_while_in_attached_volume): 200 GET http://10.180.1.21/compute/v2.1/servers/65a448f8-a8f1-4308-8c1f-e0b12317778f 0.064s
2025-02-18 14:41:34.175 62705 INFO tempest.lib.common.rest_client [req-0a0711ea-3ba8-4ec6-9b2d-0208b605d4f6 req-0a0711ea-3ba8-4ec6-9b2d-0208b605d4f6 ] Request (ServerRescueNegativeTestJSON:setUpClass): 200 GET http://10.180.1.21/compute/v2.1/servers/7e8c336d-48c5-4fd1-a733-f7001dea3aa4 0.079s
2025-02-18 14:41:34.218 62662 INFO tempest.lib.common.rest_client [req-c20c063d-85dd-4119-946b-1ceb4dbda2fd req-c20c063d-85dd-4119-946b-1ceb4dbda2fd ] Request (ServersAdminTestJSON:setUpClass): 200 GET http://10.180.1.21/compute/v2.1/servers/d524e752-1c48-4acc-886d-346d8b224fcb 0.148s
2025-02-18 14:41:34.230 62662 INFO tempest.common.waiters [-] State transition "BUILD/networking" ==> "BUILD/spawning" after 67 second wait
2025-02-18 14:41:34.242 62674 INFO tempest.lib.common.rest_client [req-d93aefc5-28c8-48ba-b9fe-fb4a1f35158e req-d93aefc5-28c8-48ba-b9fe-fb4a1f35158e ] Request (ServersV294TestFqdnHostnames:setUpClass): 200 GET http://10.180.1.21/compute/v2.1/servers/5209d7f4-76ae-439c-bf4d-2fead6810a80 0.117s
2025-02-18 14:41:34.272 62648 INFO tempest.lib.common.rest_client [req-bfba8350-4f30-4d78-afe0-5063f695e7fc req-bfba8350-4f30-4d78-afe0-5063f695e7fc ] Request (MigrationsAdminTest:test_resize_server_revert_deleted_flavor): 200 GET http://10.180.1.21/compute/v2.1/servers/abc046a0-2875-4673-9eda-dcd9ded773c1 0.131s
2025-02-18 14:41:34.301 62672 INFO tempest.lib.common.rest_client [req-c2608ef7-45bf-468b-9c5e-b08c263a4068 req-c2608ef7-45bf-468b-9c5e-b08c263a4068 ] Request (ListServerFiltersTestJSON:tearDownClass): 200 GET http://10.180.1.21/compute/v2.1/servers/6cb8928c-4d6d-4e4b-8a57-4a130f6afa57 0.122s
2025-02-18 14:41:34.334 62680 INFO tempest.lib.common.rest_client [req-d21262b6-924a-44a7-8f90-78191ccb6aa1 req-d21262b6-924a-44a7-8f90-78191ccb6aa1 ] Request (ServersAdminNegativeTestJSON:tearDownClass): 200 GET http://10.180.1.21/compute/v2.1/servers/53bb2f01-4e70-471e-ad9d-7bff56746663 0.140s
2025-02-18 14:41:34.349 62646 INFO tempest.lib.common.rest_client [req-8eb7201f-3842-4c1d-a62e-42f96570eaaa req-8eb7201f-3842-4c1d-a62e-42f96570eaaa ] Request (InstanceActionsNegativeTestJSON:setUpClass): 200 GET http://10.180.1.21/compute/v2.1/servers/ae510f49-ca5e-4a87-94ef-24591700fcf6 0.121s
2025-02-18 14:41:34.361 62676 WARNING tempest.lib.common.ssh [-] Failed to establish authenticated ssh connection to cirros@10.180.180.192 ([Errno None] Unable to connect to port 22 on 10.180.180.192). Number attempts: 10. Retry after 11 seconds.: paramiko.ssh_exception.NoValidConnectionsError: [Errno None] Unable to connect to port 22 on 10.180.180.192
2025-02-18 14:41:34.389 62698 INFO tempest.lib.common.rest_client [req-987411ac-7f67-498d-88ed-6ed71c219f0f req-987411ac-7f67-498d-88ed-6ed71c219f0f ] Request (ServerMetadataTestJSON:tearDownClass): 200 GET http://10.180.1.21/compute/v2.1/servers/f7ba79d4-aa2b-4842-9bd5-8eb9a01200d2 0.074s
2025-02-18 14:41:34.464 62670 INFO tempest.lib.common.rest_client [req-edb0219c-41fa-41a9-a510-d155a4b6ea5d req-edb0219c-41fa-41a9-a510-d155a4b6ea5d ] Request (ImagesOneServerNegativeTestJSON:_run_cleanups): 200 GET http://10.180.1.21/compute/v2.1/servers/df106528-9ed2-4043-9d25-464d5beb3f7b 0.058s
2025-02-18 14:41:34.524 62642 INFO tempest.lib.common.rest_client [req-9c043f40-b861-462d-92f5-257058808259 req-9c043f40-b861-462d-92f5-257058808259 ] Request (ServersTestMultiNic:test_verify_multiple_nics_order): 200 GET http://10.180.1.21/compute/v2.1/servers/bbde3466-9829-4207-9670-72715d1e49c0 0.055s
2025-02-18 14:41:34.556 62644 INFO tempest.lib.common.rest_client [req-703e86eb-f839-414f-bd3c-16659d122cd1 req-703e86eb-f839-414f-bd3c-16659d122cd1 ] Request (ImagesNegativeTestJSON:test_create_image_from_deleted_server): 200 GET http://10.180.1.21/compute/v2.1/servers/55c3c030-2e80-4829-bd9c-0e7f3e743c6c 0.100s
2025-02-18 14:41:34.574 62666 INFO tempest.lib.common.rest_client [req-39b0f61f-8887-4877-b4cb-b0d08d1ef483 req-39b0f61f-8887-4877-b4cb-b0d08d1ef483 ] Request (ServerAddressesNegativeTestJSON:setUpClass): 200 GET http://10.180.1.21/compute/v2.1/servers/0cd0839e-d442-4d82-9b9b-8a59dee70db7 0.049s
2025-02-18 14:41:35.009 62684 INFO tempest.lib.common.rest_client [req-fc900ee8-57b2-4b2b-9d18-ea5611a8aee8 req-fc900ee8-57b2-4b2b-9d18-ea5611a8aee8 ] Request (ServersTestBootFromVolume:setUpClass): 200 GET http://10.180.1.21/compute/v2.1/servers/d9f2468c-18c3-44f4-8044-5a098ac5f107 0.055s
2025-02-18 14:41:35.044 62687 INFO tempest.lib.common.rest_client [req-b215cffa-ad5e-43b5-a0ca-44aa7a23bc5b req-b215cffa-ad5e-43b5-a0ca-44aa7a23bc5b ] Request (ImagesTestJSON:test_create_image_from_suspended_server): 200 GET http://10.180.1.21/compute/v2.1/images/ca2f655d-9a12-4f91-971d-7989e2d9d597 0.032s
2025-02-18 14:41:35.082 62661 INFO tempest.lib.common.rest_client [req-44b40432-95cb-44d4-a43f-af2e6c282597 req-44b40432-95cb-44d4-a43f-af2e6c282597 ] Request (ImagesOneServerTestJSON:test_create_delete_image): 200 GET http://10.180.1.21/compute/v2.1/images/9dbaff31-22ab-4476-86a0-12d6ad041c54 0.029s
2025-02-18 14:41:35.087 62656 INFO tempest.lib.common.rest_client [req-0f17bfca-5e4c-4b49-95ee-036d1f63fe33 req-0f17bfca-5e4c-4b49-95ee-036d1f63fe33 ] Request (FloatingIPsAssociationTestJSON:tearDownClass): 200 GET http://10.180.1.21/compute/v2.1/servers/88b335c7-7c56-4ae7-90a1-0fff3028c6a2 0.062s
2025-02-18 14:41:35.134 62678 INFO tempest.lib.common.rest_client [req-18c577be-3d67-4c5f-87d3-5dc1925b7469 req-18c577be-3d67-4c5f-87d3-5dc1925b7469 ] Request (ServersNegativeTestJSON:setUpClass): 200 GET http://10.180.1.21/compute/v2.1/servers/5f019d1a-a507-4f65-8ec8-3b0d0a6d3ef7 0.063s
2025-02-18 14:41:35.156 62702 INFO tempest.lib.common.rest_client [req-60f10c32-39a1-449b-962f-abe8a8e54cbd req-60f10c32-39a1-449b-962f-abe8a8e54cbd ] Request (AttachVolumeNegativeTest:test_attach_attached_volume_to_different_server): 200 GET http://10.180.1.21/compute/v2.1/servers/5114d3c2-a387-4520-8837-be0736533858 0.052s
2025-02-18 14:41:35.183 62654 INFO tempest.lib.common.rest_client [req-b3f27d9a-f5cc-407d-9336-7e3006c7a30a req-b3f27d9a-f5cc-407d-9336-7e3006c7a30a ] Request (DeleteServersTestJSON:test_delete_server_while_in_attached_volume): 200 GET http://10.180.1.21/compute/v2.1/servers/65a448f8-a8f1-4308-8c1f-e0b12317778f 0.060s
2025-02-18 14:41:35.236 62705 INFO tempest.lib.common.rest_client [req-cc5a2aa5-63ec-440c-b5ba-67c78d51ba55 req-cc5a2aa5-63ec-440c-b5ba-67c78d51ba55 ] Request (ServerRescueNegativeTestJSON:setUpClass): 200 GET http://10.180.1.21/compute/v2.1/servers/7e8c336d-48c5-4fd1-a733-f7001dea3aa4 0.051s
2025-02-18 14:41:35.336 62674 INFO tempest.lib.common.rest_client [req-d847c3e7-16cd-4d8b-acb0-977248e7ea30 req-d847c3e7-16cd-4d8b-acb0-977248e7ea30 ] Request (ServersV294TestFqdnHostnames:setUpClass): 200 GET http://10.180.1.21/compute/v2.1/servers/5209d7f4-76ae-439c-bf4d-2fead6810a80 0.077s
2025-02-18 14:41:35.391 62648 INFO tempest.lib.common.rest_client [req-c5f6a4f3-1b67-4671-80d5-f010c312d8bf req-c5f6a4f3-1b67-4671-80d5-f010c312d8bf ] Request (MigrationsAdminTest:test_resize_server_revert_deleted_flavor): 200 GET http://10.180.1.21/compute/v2.1/servers/abc046a0-2875-4673-9eda-dcd9ded773c1 0.111s
2025-02-18 14:41:35.397 62648 INFO tempest.common.waiters [-] State transition "BUILD/scheduling" ==> "BUILD/None" after 39 second wait
2025-02-18 14:41:35.399 62662 INFO tempest.lib.common.rest_client [req-b56a8d1b-2379-4fef-a08c-b4ee5b785e1c req-b56a8d1b-2379-4fef-a08c-b4ee5b785e1c ] Request (ServersAdminTestJSON:setUpClass): 200 GET http://10.180.1.21/compute/v2.1/servers/d524e752-1c48-4acc-886d-346d8b224fcb 0.167s
2025-02-18 14:41:35.463 62672 INFO tempest.lib.common.rest_client [req-aade22ec-1934-4a13-807e-957f90a48732 req-aade22ec-1934-4a13-807e-957f90a48732 ] Request (ListServerFiltersTestJSON:tearDownClass): 200 GET http://10.180.1.21/compute/v2.1/servers/6cb8928c-4d6d-4e4b-8a57-4a130f6afa57 0.155s
2025-02-18 14:41:35.465 62680 INFO tempest.lib.common.rest_client [req-a1559548-bf29-4042-9d2b-586a0396f7f5 req-a1559548-bf29-4042-9d2b-586a0396f7f5 ] Request (ServersAdminNegativeTestJSON:tearDownClass): 200 GET http://10.180.1.21/compute/v2.1/servers/53bb2f01-4e70-471e-ad9d-7bff56746663 0.123s
2025-02-18 14:41:35.518 62646 INFO tempest.lib.common.rest_client [req-4cdd65f0-faaa-40db-a427-9e4e53e98164 req-4cdd65f0-faaa-40db-a427-9e4e53e98164 ] Request (InstanceActionsNegativeTestJSON:setUpClass): 200 GET http://10.180.1.21/compute/v2.1/servers/ae510f49-ca5e-4a87-94ef-24591700fcf6 0.162s
2025-02-18 14:41:35.548 62698 INFO tempest.lib.common.rest_client [req-a8a1b358-25d7-4c72-8289-25c29cab8c27 req-a8a1b358-25d7-4c72-8289-25c29cab8c27 ] Request (ServerMetadataTestJSON:tearDownClass): 200 GET http://10.180.1.21/compute/v2.1/servers/f7ba79d4-aa2b-4842-9bd5-8eb9a01200d2 0.151s
2025-02-18 14:41:35.580 62670 INFO tempest.lib.common.rest_client [req-a22d8cef-743e-434d-be36-b090b8a2daac req-a22d8cef-743e-434d-be36-b090b8a2daac ] Request (ImagesOneServerNegativeTestJSON:_run_cleanups): 200 GET http://10.180.1.21/compute/v2.1/servers/df106528-9ed2-4043-9d25-464d5beb3f7b 0.107s
2025-02-18 14:41:35.597 62642 INFO tempest.lib.common.rest_client [req-13dd22c6-ab78-4ee9-89f0-34a0453c7cca req-13dd22c6-ab78-4ee9-89f0-34a0453c7cca ] Request (ServersTestMultiNic:test_verify_multiple_nics_order): 200 GET http://10.180.1.21/compute/v2.1/servers/bbde3466-9829-4207-9670-72715d1e49c0 0.065s
2025-02-18 14:41:35.642 62658 WARNING tempest.lib.common.ssh [-] Failed to establish authenticated ssh connection to cirros@10.180.180.175 ([Errno None] Unable to connect to port 22 on 10.180.180.175). Number attempts: 7. Retry after 8 seconds.: paramiko.ssh_exception.NoValidConnectionsError: [Errno None] Unable to connect to port 22 on 10.180.180.175
2025-02-18 14:41:35.658 62666 INFO tempest.lib.common.rest_client [req-db6a0ade-e47c-4a82-b1b3-b76c9c1e590a req-db6a0ade-e47c-4a82-b1b3-b76c9c1e590a ] Request (ServerAddressesNegativeTestJSON:setUpClass): 200 GET http://10.180.1.21/compute/v2.1/servers/0cd0839e-d442-4d82-9b9b-8a59dee70db7 0.076s
2025-02-18 14:41:35.678 62644 INFO tempest.lib.common.rest_client [req-ace92dfb-b5d4-4e72-8699-fb8ddd931f4a req-ace92dfb-b5d4-4e72-8699-fb8ddd931f4a ] Request (ImagesNegativeTestJSON:test_create_image_from_deleted_server): 200 GET http://10.180.1.21/compute/v2.1/servers/55c3c030-2e80-4829-bd9c-0e7f3e743c6c 0.114s
2025-02-18 14:41:36.073 62684 INFO tempest.lib.common.rest_client [req-7eb1e19e-cbcb-4a4b-85d9-aecf6fab61ef req-7eb1e19e-cbcb-4a4b-85d9-aecf6fab61ef ] Request (ServersTestBootFromVolume:setUpClass): 200 GET http://10.180.1.21/compute/v2.1/servers/d9f2468c-18c3-44f4-8044-5a098ac5f107 0.056s
2025-02-18 14:41:36.082 62687 INFO tempest.lib.common.rest_client [req-92f85f91-0f9e-436a-801b-09c11f3d0604 req-92f85f91-0f9e-436a-801b-09c11f3d0604 ] Request (ImagesTestJSON:test_create_image_from_suspended_server): 200 GET http://10.180.1.21/compute/v2.1/images/ca2f655d-9a12-4f91-971d-7989e2d9d597 0.034s
2025-02-18 14:41:36.119 62661 INFO tempest.lib.common.rest_client [req-594c9daf-0543-459a-8a76-beb017c0fb5a req-594c9daf-0543-459a-8a76-beb017c0fb5a ] Request (ImagesOneServerTestJSON:test_create_delete_image): 200 GET http://10.180.1.21/compute/v2.1/images/9dbaff31-22ab-4476-86a0-12d6ad041c54 0.033s
2025-02-18 14:41:36.159 62656 INFO tempest.lib.common.rest_client [req-b6b57cd9-7dd1-426d-bfe5-6f98010cf20a req-b6b57cd9-7dd1-426d-bfe5-6f98010cf20a ] Request (FloatingIPsAssociationTestJSON:tearDownClass): 200 GET http://10.180.1.21/compute/v2.1/servers/88b335c7-7c56-4ae7-90a1-0fff3028c6a2 0.064s
2025-02-18 14:41:36.197 62678 INFO tempest.lib.common.rest_client [req-ff764394-9e88-4765-a5eb-3e42eb62471b req-ff764394-9e88-4765-a5eb-3e42eb62471b ] Request (ServersNegativeTestJSON:setUpClass): 200 GET http://10.180.1.21/compute/v2.1/servers/5f019d1a-a507-4f65-8ec8-3b0d0a6d3ef7 0.055s
2025-02-18 14:41:36.215 62702 INFO tempest.lib.common.rest_client [req-14174497-3f1d-4e5c-aa63-6bf03b03b318 req-14174497-3f1d-4e5c-aa63-6bf03b03b318 ] Request (AttachVolumeNegativeTest:test_attach_attached_volume_to_different_server): 200 GET http://10.180.1.21/compute/v2.1/servers/5114d3c2-a387-4520-8837-be0736533858 0.051s
2025-02-18 14:41:36.252 62654 INFO tempest.lib.common.rest_client [req-e7c86267-1ff0-4792-87c1-0cc7bc8dca25 req-e7c86267-1ff0-4792-87c1-0cc7bc8dca25 ] Request (DeleteServersTestJSON:test_delete_server_while_in_attached_volume): 200 GET http://10.180.1.21/compute/v2.1/servers/65a448f8-a8f1-4308-8c1f-e0b12317778f 0.061s
2025-02-18 14:41:36.299 62705 INFO tempest.lib.common.rest_client [req-5d1ff869-55ac-4794-89a4-0d1342ccdf65 req-5d1ff869-55ac-4794-89a4-0d1342ccdf65 ] Request (ServerRescueNegativeTestJSON:setUpClass): 200 GET http://10.180.1.21/compute/v2.1/servers/7e8c336d-48c5-4fd1-a733-f7001dea3aa4 0.055s
2025-02-18 14:41:36.402 62674 INFO tempest.lib.common.rest_client [req-baf76c1b-7619-4e2d-bde8-414b17c9754c req-baf76c1b-7619-4e2d-bde8-414b17c9754c ] Request (ServersV294TestFqdnHostnames:setUpClass): 200 GET http://10.180.1.21/compute/v2.1/servers/5209d7f4-76ae-439c-bf4d-2fead6810a80 0.054s
2025-02-18 14:41:36.457 62648 INFO tempest.lib.common.rest_client [req-3936b1e7-c672-432b-a418-9e98dfa2ffc6 req-3936b1e7-c672-432b-a418-9e98dfa2ffc6 ] Request (MigrationsAdminTest:test_resize_server_revert_deleted_flavor): 200 GET http://10.180.1.21/compute/v2.1/servers/abc046a0-2875-4673-9eda-dcd9ded773c1 0.058s
2025-02-18 14:41:36.506 62662 INFO tempest.lib.common.rest_client [req-3ada618c-d5ba-41ad-9e9b-86a5244179f2 req-3ada618c-d5ba-41ad-9e9b-86a5244179f2 ] Request (ServersAdminTestJSON:setUpClass): 200 GET http://10.180.1.21/compute/v2.1/servers/d524e752-1c48-4acc-886d-346d8b224fcb 0.099s
2025-02-18 14:41:36.534 62680 INFO tempest.lib.common.rest_client [req-f971e2d5-29f9-4854-bfd5-cff41e47a85b req-f971e2d5-29f9-4854-bfd5-cff41e47a85b ] Request (ServersAdminNegativeTestJSON:tearDownClass): 200 GET http://10.180.1.21/compute/v2.1/servers/53bb2f01-4e70-471e-ad9d-7bff56746663 0.060s
2025-02-18 14:41:36.561 62672 INFO tempest.lib.common.rest_client [req-a8c0765d-e58b-4ded-917b-181c371783f9 req-a8c0765d-e58b-4ded-917b-181c371783f9 ] Request (ListServerFiltersTestJSON:tearDownClass): 200 GET http://10.180.1.21/compute/v2.1/servers/6cb8928c-4d6d-4e4b-8a57-4a130f6afa57 0.087s
2025-02-18 14:41:36.583 62646 INFO tempest.lib.common.rest_client [req-2c41a2f7-5d45-4018-8868-311ea450a88f req-2c41a2f7-5d45-4018-8868-311ea450a88f ] Request (InstanceActionsNegativeTestJSON:setUpClass): 200 GET http://10.180.1.21/compute/v2.1/servers/ae510f49-ca5e-4a87-94ef-24591700fcf6 0.056s
2025-02-18 14:41:36.617 62698 INFO tempest.lib.common.rest_client [req-90f48a8f-0b6d-45e6-8e26-0fe6bf02673f req-90f48a8f-0b6d-45e6-8e26-0fe6bf02673f ] Request (ServerMetadataTestJSON:tearDownClass): 200 GET http://10.180.1.21/compute/v2.1/servers/f7ba79d4-aa2b-4842-9bd5-8eb9a01200d2 0.060s
2025-02-18 14:41:36.643 62670 INFO tempest.lib.common.rest_client [req-39e0ec64-9aae-437c-9c89-ce7d74309e34 req-39e0ec64-9aae-437c-9c89-ce7d74309e34 ] Request (ImagesOneServerNegativeTestJSON:_run_cleanups): 200 GET http://10.180.1.21/compute/v2.1/servers/df106528-9ed2-4043-9d25-464d5beb3f7b 0.054s
2025-02-18 14:41:36.673 62642 INFO tempest.lib.common.rest_client [req-edfb8413-5de9-4c06-96f3-ebafc7d31cf8 req-edfb8413-5de9-4c06-96f3-ebafc7d31cf8 ] Request (ServersTestMultiNic:test_verify_multiple_nics_order): 200 GET http://10.180.1.21/compute/v2.1/servers/bbde3466-9829-4207-9670-72715d1e49c0 0.068s
2025-02-18 14:41:36.714 62666 INFO tempest.lib.common.rest_client [req-f40df889-c897-4135-9655-174ee0fda0eb req-f40df889-c897-4135-9655-174ee0fda0eb ] Request (ServerAddressesNegativeTestJSON:setUpClass): 200 GET http://10.180.1.21/compute/v2.1/servers/0cd0839e-d442-4d82-9b9b-8a59dee70db7 0.047s
2025-02-18 14:41:36.782 62644 INFO tempest.lib.common.rest_client [req-ed440c06-3c37-4bf8-86eb-7bf03ef7db2e req-ed440c06-3c37-4bf8-86eb-7bf03ef7db2e ] Request (ImagesNegativeTestJSON:test_create_image_from_deleted_server): 200 GET http://10.180.1.21/compute/v2.1/servers/55c3c030-2e80-4829-bd9c-0e7f3e743c6c 0.096s
2025-02-18 14:41:36.789 62644 INFO tempest.common.waiters [-] State transition "BUILD/spawning" ==> "ACTIVE/None" after 70 second wait
2025-02-18 14:41:36.857 62644 INFO tempest.lib.common.rest_client [req-eb5ff6c8-7c4e-4f09-b68c-b17ced5fe5e6 req-eb5ff6c8-7c4e-4f09-b68c-b17ced5fe5e6 ] Request (ImagesNegativeTestJSON:test_create_image_from_deleted_server): 204 DELETE http://10.180.1.21/compute/v2.1/servers/55c3c030-2e80-4829-bd9c-0e7f3e743c6c 0.067s
2025-02-18 14:41:36.921 62650 WARNING tempest.lib.common.ssh [-] Failed to establish authenticated ssh connection to cirros@10.180.180.234 ([Errno None] Unable to connect to port 22 on 10.180.180.234). Number attempts: 11. Retry after 12 seconds.: paramiko.ssh_exception.NoValidConnectionsError: [Errno None] Unable to connect to port 22 on 10.180.180.234
2025-02-18 14:41:36.942 62644 INFO tempest.lib.common.rest_client [req-efebd442-efdb-4298-bcfa-7bf5a6fa068e req-efebd442-efdb-4298-bcfa-7bf5a6fa068e ] Request (ImagesNegativeTestJSON:test_create_image_from_deleted_server): 200 GET http://10.180.1.21/compute/v2.1/servers/55c3c030-2e80-4829-bd9c-0e7f3e743c6c 0.085s
2025-02-18 14:41:37.116 62687 INFO tempest.lib.common.rest_client [req-8a506fa7-b30b-440f-a18b-78f5caf6cc41 req-8a506fa7-b30b-440f-a18b-78f5caf6cc41 ] Request (ImagesTestJSON:test_create_image_from_suspended_server): 200 GET http://10.180.1.21/compute/v2.1/images/ca2f655d-9a12-4f91-971d-7989e2d9d597 0.029s
2025-02-18 14:41:37.138 62684 INFO tempest.lib.common.rest_client [req-de38ec5f-d889-4aa6-ba5e-99deff4f359e req-de38ec5f-d889-4aa6-ba5e-99deff4f359e ] Request (ServersTestBootFromVolume:setUpClass): 200 GET http://10.180.1.21/compute/v2.1/servers/d9f2468c-18c3-44f4-8044-5a098ac5f107 0.055s
2025-02-18 14:41:37.153 62661 INFO tempest.lib.common.rest_client [req-da705d7f-1d99-4ca0-a86d-a732e0fe25ed req-da705d7f-1d99-4ca0-a86d-a732e0fe25ed ] Request (ImagesOneServerTestJSON:test_create_delete_image): 200 GET http://10.180.1.21/compute/v2.1/images/9dbaff31-22ab-4476-86a0-12d6ad041c54 0.030s
2025-02-18 14:41:37.220 62656 INFO tempest.lib.common.rest_client [req-d497a3f1-8fa1-4445-a5fb-ee3b4d00c21d req-d497a3f1-8fa1-4445-a5fb-ee3b4d00c21d ] Request (FloatingIPsAssociationTestJSON:tearDownClass): 200 GET http://10.180.1.21/compute/v2.1/servers/88b335c7-7c56-4ae7-90a1-0fff3028c6a2 0.053s
2025-02-18 14:41:37.251 62678 INFO tempest.lib.common.rest_client [req-4561019c-a43f-4c90-a811-8c1a12f9b674 req-4561019c-a43f-4c90-a811-8c1a12f9b674 ] Request (ServersNegativeTestJSON:setUpClass): 200 GET http://10.180.1.21/compute/v2.1/servers/5f019d1a-a507-4f65-8ec8-3b0d0a6d3ef7 0.045s
2025-02-18 14:41:37.265 62702 INFO tempest.lib.common.rest_client [req-c52468a7-539e-4248-8483-881e1d22b1df req-c52468a7-539e-4248-8483-881e1d22b1df ] Request (AttachVolumeNegativeTest:test_attach_attached_volume_to_different_server): 200 GET http://10.180.1.21/compute/v2.1/servers/5114d3c2-a387-4520-8837-be0736533858 0.044s
2025-02-18 14:41:37.316 62654 INFO tempest.lib.common.rest_client [req-eac35373-fd9d-4a63-a153-f097d7f1aade req-eac35373-fd9d-4a63-a153-f097d7f1aade ] Request (DeleteServersTestJSON:test_delete_server_while_in_attached_volume): 200 GET http://10.180.1.21/compute/v2.1/servers/65a448f8-a8f1-4308-8c1f-e0b12317778f 0.055s
2025-02-18 14:41:37.365 62705 INFO tempest.lib.common.rest_client [req-28c80866-4de6-45a9-8d11-26cf8a930419 req-28c80866-4de6-45a9-8d11-26cf8a930419 ] Request (ServerRescueNegativeTestJSON:setUpClass): 200 GET http://10.180.1.21/compute/v2.1/servers/7e8c336d-48c5-4fd1-a733-f7001dea3aa4 0.058s
2025-02-18 14:41:37.470 62674 INFO tempest.lib.common.rest_client [req-283c6c5d-bc9b-4335-a733-31bd13f28ca7 req-283c6c5d-bc9b-4335-a733-31bd13f28ca7 ] Request (ServersV294TestFqdnHostnames:setUpClass): 200 GET http://10.180.1.21/compute/v2.1/servers/5209d7f4-76ae-439c-bf4d-2fead6810a80 0.058s
2025-02-18 14:41:37.514 62648 INFO tempest.lib.common.rest_client [req-c8464c3d-dfed-42f9-9836-4bfd86621be9 req-c8464c3d-dfed-42f9-9836-4bfd86621be9 ] Request (MigrationsAdminTest:test_resize_server_revert_deleted_flavor): 200 GET http://10.180.1.21/compute/v2.1/servers/abc046a0-2875-4673-9eda-dcd9ded773c1 0.048s
2025-02-18 14:41:37.605 62680 INFO tempest.lib.common.rest_client [req-15a1b1e5-16d8-44c2-be99-0c5f2ceb916f req-15a1b1e5-16d8-44c2-be99-0c5f2ceb916f ] Request (ServersAdminNegativeTestJSON:tearDownClass): 200 GET http://10.180.1.21/compute/v2.1/servers/53bb2f01-4e70-471e-ad9d-7bff56746663 0.062s
2025-02-18 14:41:37.613 62662 INFO tempest.lib.common.rest_client [req-f67a7d78-f8b8-4a5e-be67-b95311d934eb req-f67a7d78-f8b8-4a5e-be67-b95311d934eb ] Request (ServersAdminTestJSON:setUpClass): 200 GET http://10.180.1.21/compute/v2.1/servers/d524e752-1c48-4acc-886d-346d8b224fcb 0.098s
2025-02-18 14:41:37.661 62646 INFO tempest.lib.common.rest_client [req-cadfa711-76da-4ef7-9c6b-c88d5b17c79d req-cadfa711-76da-4ef7-9c6b-c88d5b17c79d ] Request (InstanceActionsNegativeTestJSON:setUpClass): 200 GET http://10.180.1.21/compute/v2.1/servers/ae510f49-ca5e-4a87-94ef-24591700fcf6 0.069s
2025-02-18 14:41:37.667 62672 INFO tempest.lib.common.rest_client [req-fc730356-a874-4b53-a523-15c1de957743 req-fc730356-a874-4b53-a523-15c1de957743 ] Request (ListServerFiltersTestJSON:tearDownClass): 200 GET http://10.180.1.21/compute/v2.1/servers/6cb8928c-4d6d-4e4b-8a57-4a130f6afa57 0.098s
2025-02-18 14:41:37.733 62698 INFO tempest.lib.common.rest_client [req-ee199bee-84d7-414f-a3c7-5760061966d0 req-ee199bee-84d7-414f-a3c7-5760061966d0 ] Request (ServerMetadataTestJSON:tearDownClass): 200 GET http://10.180.1.21/compute/v2.1/servers/f7ba79d4-aa2b-4842-9bd5-8eb9a01200d2 0.106s
2025-02-18 14:41:37.734 62670 INFO tempest.lib.common.rest_client [req-f4172bc5-41e2-4390-919c-d99a62aad27c req-f4172bc5-41e2-4390-919c-d99a62aad27c ] Request (ImagesOneServerNegativeTestJSON:_run_cleanups): 200 GET http://10.180.1.21/compute/v2.1/servers/df106528-9ed2-4043-9d25-464d5beb3f7b 0.083s
2025-02-18 14:41:37.784 62666 INFO tempest.lib.common.rest_client [req-6c80bc10-0cc7-4545-80c8-7af9764943c6 req-6c80bc10-0cc7-4545-80c8-7af9764943c6 ] Request (ServerAddressesNegativeTestJSON:setUpClass): 200 GET http://10.180.1.21/compute/v2.1/servers/0cd0839e-d442-4d82-9b9b-8a59dee70db7 0.061s
2025-02-18 14:41:37.785 62642 INFO tempest.lib.common.rest_client [req-6b2f0234-14a6-421e-b34f-e26f859055e8 req-6b2f0234-14a6-421e-b34f-e26f859055e8 ] Request (ServersTestMultiNic:test_verify_multiple_nics_order): 200 GET http://10.180.1.21/compute/v2.1/servers/bbde3466-9829-4207-9670-72715d1e49c0 0.104s
2025-02-18 14:41:37.792 62642 INFO tempest.common.waiters [-] State transition "BUILD/scheduling" ==> "BUILD/None" after 25 second wait
2025-02-18 14:41:38.096 62644 INFO tempest.lib.common.rest_client [req-04fd4247-1729-4a73-a9c8-de2b6fe3012a req-04fd4247-1729-4a73-a9c8-de2b6fe3012a ] Request (ImagesNegativeTestJSON:test_create_image_from_deleted_server): 200 GET http://10.180.1.21/compute/v2.1/servers/55c3c030-2e80-4829-bd9c-0e7f3e743c6c 0.146s
2025-02-18 14:41:38.156 62687 INFO tempest.lib.common.rest_client [req-cb12328c-4d4d-4333-a65f-002613bf2bf7 req-cb12328c-4d4d-4333-a65f-002613bf2bf7 ] Request (ImagesTestJSON:test_create_image_from_suspended_server): 200 GET http://10.180.1.21/compute/v2.1/images/ca2f655d-9a12-4f91-971d-7989e2d9d597 0.035s
2025-02-18 14:41:38.188 62661 INFO tempest.lib.common.rest_client [req-54986cad-d582-4202-8c25-1a36c2afc131 req-54986cad-d582-4202-8c25-1a36c2afc131 ] Request (ImagesOneServerTestJSON:test_create_delete_image): 200 GET http://10.180.1.21/compute/v2.1/images/9dbaff31-22ab-4476-86a0-12d6ad041c54 0.031s
2025-02-18 14:41:38.200 62684 INFO tempest.lib.common.rest_client [req-8fda7aa4-5259-4c40-8a70-b665c8b41aaa req-8fda7aa4-5259-4c40-8a70-b665c8b41aaa ] Request (ServersTestBootFromVolume:setUpClass): 200 GET http://10.180.1.21/compute/v2.1/servers/d9f2468c-18c3-44f4-8044-5a098ac5f107 0.054s
2025-02-18 14:41:38.218 62687 INFO tempest.lib.common.rest_client [req-5e98ec44-1f51-417f-8788-0ecc289e1d63 req-5e98ec44-1f51-417f-8788-0ecc289e1d63 ] Request (ImagesTestJSON:test_create_image_from_suspended_server): 200 GET http://10.180.1.21/compute/v2.1/images/ca2f655d-9a12-4f91-971d-7989e2d9d597 0.058s
2025-02-18 14:41:38.240 62687 INFO tempest.lib.common.rest_client [req-133f8d0e-1a2d-4fb3-99c3-4228f7fd0b2a req-133f8d0e-1a2d-4fb3-99c3-4228f7fd0b2a ] Request (ImagesTestJSON:test_create_image_from_suspended_server): 200 GET http://10.180.1.21/image/v2/images/ca2f655d-9a12-4f91-971d-7989e2d9d597/tasks 0.018s
2025-02-18 14:41:38.288 62656 INFO tempest.lib.common.rest_client [req-0555e13f-64c7-4541-bb99-226a1d9f54bb req-0555e13f-64c7-4541-bb99-226a1d9f54bb ] Request (FloatingIPsAssociationTestJSON:tearDownClass): 200 GET http://10.180.1.21/compute/v2.1/servers/88b335c7-7c56-4ae7-90a1-0fff3028c6a2 0.060s
2025-02-18 14:41:38.334 62678 INFO tempest.lib.common.rest_client [req-98509d21-9645-4172-a239-ead29c33ba82 req-98509d21-9645-4172-a239-ead29c33ba82 ] Request (ServersNegativeTestJSON:setUpClass): 200 GET http://10.180.1.21/compute/v2.1/servers/5f019d1a-a507-4f65-8ec8-3b0d0a6d3ef7 0.076s
2025-02-18 14:41:38.337 62687 INFO tempest.lib.common.rest_client [req-76de9390-91c4-46e8-819e-120c7896e0fd req-76de9390-91c4-46e8-819e-120c7896e0fd ] Request (ImagesTestJSON:_run_cleanups): 204 DELETE http://10.180.1.21/compute/v2.1/images/ca2f655d-9a12-4f91-971d-7989e2d9d597 0.097s
2025-02-18 14:41:38.389 62702 INFO tempest.lib.common.rest_client [req-c60e5f6e-21fa-494b-b470-6dbc882c7fef req-c60e5f6e-21fa-494b-b470-6dbc882c7fef ] Request (AttachVolumeNegativeTest:test_attach_attached_volume_to_different_server): 200 GET http://10.180.1.21/compute/v2.1/servers/5114d3c2-a387-4520-8837-be0736533858 0.115s
2025-02-18 14:41:38.396 62654 INFO tempest.lib.common.rest_client [req-2cafc556-9513-43ab-b4ab-cfc84f660fd9 req-2cafc556-9513-43ab-b4ab-cfc84f660fd9 ] Request (DeleteServersTestJSON:test_delete_server_while_in_attached_volume): 200 GET http://10.180.1.21/compute/v2.1/servers/65a448f8-a8f1-4308-8c1f-e0b12317778f 0.072s
2025-02-18 14:41:38.448 62705 INFO tempest.lib.common.rest_client [req-5b90983d-12d5-416e-b088-7d1ece4f6888 req-5b90983d-12d5-416e-b088-7d1ece4f6888 ] Request (ServerRescueNegativeTestJSON:setUpClass): 200 GET http://10.180.1.21/compute/v2.1/servers/7e8c336d-48c5-4fd1-a733-f7001dea3aa4 0.075s
2025-02-18 14:41:38.473 62687 INFO tempest.lib.common.rest_client [req-1b1c8a9d-6678-4af8-8bcd-f921621ea64f req-1b1c8a9d-6678-4af8-8bcd-f921621ea64f ] Request (ImagesTestJSON:_run_cleanups): 204 DELETE http://10.180.1.21/compute/v2.1/servers/14b4b002-4fcd-4861-a812-47978097a8c3 0.135s
2025-02-18 14:41:38.540 62674 INFO tempest.lib.common.rest_client [req-f72423b7-3a7c-4964-ad97-72980e7c519e req-f72423b7-3a7c-4964-ad97-72980e7c519e ] Request (ServersV294TestFqdnHostnames:setUpClass): 200 GET http://10.180.1.21/compute/v2.1/servers/5209d7f4-76ae-439c-bf4d-2fead6810a80 0.060s
2025-02-18 14:41:38.545 62687 INFO tempest.lib.common.rest_client [req-22865783-5552-4b78-823a-551373110703 req-22865783-5552-4b78-823a-551373110703 ] Request (ImagesTestJSON:test_create_server_from_snapshot): 201 POST http://10.180.1.21/identity/v3/auth/tokens 0.068s
2025-02-18 14:41:38.545 62687 INFO tempest.lib.common.fixed_network [-] (ImagesTestJSON:test_create_server_from_snapshot) Found network {'id': '3b982849-7bc4-430b-b1f9-c265f8bba327', 'name': 'tempest-ImagesTestJSON-143530141-network', 'tenant_id': 'cbf5a183ceef4072a1656cf46c79d9a4', 'admin_state_up': True, 'mtu': 8950, 'status': 'ACTIVE', 'subnets': [], 'shared': False, 'project_id': 'cbf5a183ceef4072a1656cf46c79d9a4', 'port_security_enabled': True, 'router:external': False, 'provider:network_type': 'vlan', 'provider:physical_network': 'default', 'provider:segmentation_id': 748, 'availability_zone_hints': [], 'availability_zones': [], 'ipv4_address_scope': None, 'ipv6_address_scope': None, 'description': '', 'tags': [], 'created_at': '2025-02-18T14:39:06Z', 'updated_at': '2025-02-18T14:39:07Z', 'revision_number': 1} available for tenant
2025-02-18 14:41:38.584 62648 INFO tempest.lib.common.rest_client [req-5d20ae72-b218-47d9-8947-e13185a6b580 req-5d20ae72-b218-47d9-8947-e13185a6b580 ] Request (MigrationsAdminTest:test_resize_server_revert_deleted_flavor): 200 GET http://10.180.1.21/compute/v2.1/servers/abc046a0-2875-4673-9eda-dcd9ded773c1 0.058s
2025-02-18 14:41:38.676 62680 INFO tempest.lib.common.rest_client [req-35a61a73-5acb-403b-a64f-9e9800fe044d req-35a61a73-5acb-403b-a64f-9e9800fe044d ] Request (ServersAdminNegativeTestJSON:tearDownClass): 200 GET http://10.180.1.21/compute/v2.1/servers/53bb2f01-4e70-471e-ad9d-7bff56746663 0.064s
2025-02-18 14:41:38.838 62662 INFO tempest.lib.common.rest_client [req-cc6471b5-9daa-46b1-bfec-5d78ddadf723 req-cc6471b5-9daa-46b1-bfec-5d78ddadf723 ] Request (ServersAdminTestJSON:setUpClass): 200 GET http://10.180.1.21/compute/v2.1/servers/d524e752-1c48-4acc-886d-346d8b224fcb 0.217s
2025-02-18 14:41:38.887 62687 INFO tempest.lib.common.rest_client [req-2002cd30-e63b-4a96-bb13-14a1f7cb30be req-2002cd30-e63b-4a96-bb13-14a1f7cb30be ] Request (ImagesTestJSON:test_create_server_from_snapshot): 202 POST http://10.180.1.21/compute/v2.1/servers 0.341s
2025-02-18 14:41:38.897 62646 INFO tempest.lib.common.rest_client [req-5a96e9cf-cfab-486e-9b64-b983d9b79276 req-5a96e9cf-cfab-486e-9b64-b983d9b79276 ] Request (InstanceActionsNegativeTestJSON:setUpClass): 200 GET http://10.180.1.21/compute/v2.1/servers/ae510f49-ca5e-4a87-94ef-24591700fcf6 0.229s
2025-02-18 14:41:38.952 62672 INFO tempest.lib.common.rest_client [req-44a05fc8-f3a3-4972-ab44-3f236800162c req-44a05fc8-f3a3-4972-ab44-3f236800162c ] Request (ListServerFiltersTestJSON:tearDownClass): 200 GET http://10.180.1.21/compute/v2.1/servers/6cb8928c-4d6d-4e4b-8a57-4a130f6afa57 0.277s
2025-02-18 14:41:38.963 62698 INFO tempest.lib.common.rest_client [req-cbc0f763-68f7-44a0-b41c-707d66014b6f req-cbc0f763-68f7-44a0-b41c-707d66014b6f ] Request (ServerMetadataTestJSON:tearDownClass): 200 GET http://10.180.1.21/compute/v2.1/servers/f7ba79d4-aa2b-4842-9bd5-8eb9a01200d2 0.220s
2025-02-18 14:41:39.013 62670 INFO tempest.lib.common.rest_client [req-7904b472-b7cd-46f0-a708-b04ffcb740fb req-7904b472-b7cd-46f0-a708-b04ffcb740fb ] Request (ImagesOneServerNegativeTestJSON:_run_cleanups): 200 GET http://10.180.1.21/compute/v2.1/servers/df106528-9ed2-4043-9d25-464d5beb3f7b 0.271s
2025-02-18 14:41:39.022 62666 INFO tempest.lib.common.rest_client [req-c3333757-3863-4ae9-a08c-959cd66959d3 req-c3333757-3863-4ae9-a08c-959cd66959d3 ] Request (ServerAddressesNegativeTestJSON:setUpClass): 200 GET http://10.180.1.21/compute/v2.1/servers/0cd0839e-d442-4d82-9b9b-8a59dee70db7 0.229s
2025-02-18 14:41:39.070 62687 INFO tempest.lib.common.rest_client [req-b987b49c-4811-476c-bfd6-93c72b82b084 req-b987b49c-4811-476c-bfd6-93c72b82b084 ] Request (ImagesTestJSON:test_create_server_from_snapshot): 200 GET http://10.180.1.21/compute/v2.1/servers/0d7b5ea5-2fd4-49be-a75d-f59143548909 0.181s
2025-02-18 14:41:39.071 62642 INFO tempest.lib.common.rest_client [req-74957e02-9a87-48c7-834a-051ab3f8e29b req-74957e02-9a87-48c7-834a-051ab3f8e29b ] Request (ServersTestMultiNic:test_verify_multiple_nics_order): 200 GET http://10.180.1.21/compute/v2.1/servers/bbde3466-9829-4207-9670-72715d1e49c0 0.278s
2025-02-18 14:41:39.198 62644 INFO tempest.lib.common.rest_client [req-99161115-2b72-4f83-8d85-1688972edbbe req-99161115-2b72-4f83-8d85-1688972edbbe ] Request (ImagesNegativeTestJSON:test_create_image_from_deleted_server): 200 GET http://10.180.1.21/compute/v2.1/servers/55c3c030-2e80-4829-bd9c-0e7f3e743c6c 0.094s
2025-02-18 14:41:39.230 62661 INFO tempest.lib.common.rest_client [req-c721620d-ddae-4d4d-a5a1-3b2c37826f25 req-c721620d-ddae-4d4d-a5a1-3b2c37826f25 ] Request (ImagesOneServerTestJSON:test_create_delete_image): 200 GET http://10.180.1.21/compute/v2.1/images/9dbaff31-22ab-4476-86a0-12d6ad041c54 0.037s
2025-02-18 14:41:39.258 62684 INFO tempest.lib.common.rest_client [req-60d458b9-2de5-4aa9-a4ff-e90c12886f26 req-60d458b9-2de5-4aa9-a4ff-e90c12886f26 ] Request (ServersTestBootFromVolume:setUpClass): 200 GET http://10.180.1.21/compute/v2.1/servers/d9f2468c-18c3-44f4-8044-5a098ac5f107 0.051s
2025-02-18 14:41:39.354 62656 INFO tempest.lib.common.rest_client [req-4b1c42f3-9520-4046-a5d2-09afed5f5d81 req-4b1c42f3-9520-4046-a5d2-09afed5f5d81 ] Request (FloatingIPsAssociationTestJSON:tearDownClass): 200 GET http://10.180.1.21/compute/v2.1/servers/88b335c7-7c56-4ae7-90a1-0fff3028c6a2 0.058s
2025-02-18 14:41:39.393 62678 INFO tempest.lib.common.rest_client [req-e3cc7368-9103-41fa-b777-98ab5526527b req-e3cc7368-9103-41fa-b777-98ab5526527b ] Request (ServersNegativeTestJSON:setUpClass): 200 GET http://10.180.1.21/compute/v2.1/servers/5f019d1a-a507-4f65-8ec8-3b0d0a6d3ef7 0.050s
2025-02-18 14:41:39.460 62702 INFO tempest.lib.common.rest_client [req-7ae10d67-384a-4380-8d90-2bca5a4d918a req-7ae10d67-384a-4380-8d90-2bca5a4d918a ] Request (AttachVolumeNegativeTest:test_attach_attached_volume_to_different_server): 200 GET http://10.180.1.21/compute/v2.1/servers/5114d3c2-a387-4520-8837-be0736533858 0.062s
2025-02-18 14:41:39.460 62654 INFO tempest.lib.common.rest_client [req-a898574e-b8e1-4d53-a49e-a7334848c9af req-a898574e-b8e1-4d53-a49e-a7334848c9af ] Request (DeleteServersTestJSON:test_delete_server_while_in_attached_volume): 200 GET http://10.180.1.21/compute/v2.1/servers/65a448f8-a8f1-4308-8c1f-e0b12317778f 0.056s
2025-02-18 14:41:39.510 62705 INFO tempest.lib.common.rest_client [req-fc5f3bb4-ab4e-4953-8ac2-9df9b8f76e0a req-fc5f3bb4-ab4e-4953-8ac2-9df9b8f76e0a ] Request (ServerRescueNegativeTestJSON:setUpClass): 200 GET http://10.180.1.21/compute/v2.1/servers/7e8c336d-48c5-4fd1-a733-f7001dea3aa4 0.053s
2025-02-18 14:41:39.611 62674 INFO tempest.lib.common.rest_client [req-b4deef06-c9eb-4e10-a4aa-e2a0945948ff req-b4deef06-c9eb-4e10-a4aa-e2a0945948ff ] Request (ServersV294TestFqdnHostnames:setUpClass): 200 GET http://10.180.1.21/compute/v2.1/servers/5209d7f4-76ae-439c-bf4d-2fead6810a80 0.060s
2025-02-18 14:41:39.640 62648 INFO tempest.lib.common.rest_client [req-8d3e8f69-7359-46cd-83b3-5a608affd1ce req-8d3e8f69-7359-46cd-83b3-5a608affd1ce ] Request (MigrationsAdminTest:test_resize_server_revert_deleted_flavor): 200 GET http://10.180.1.21/compute/v2.1/servers/abc046a0-2875-4673-9eda-dcd9ded773c1 0.048s
2025-02-18 14:41:39.737 62680 INFO tempest.lib.common.rest_client [req-f4a6bb4b-71a4-4c9d-bd07-2a7a16f7200e req-f4a6bb4b-71a4-4c9d-bd07-2a7a16f7200e ] Request (ServersAdminNegativeTestJSON:tearDownClass): 200 GET http://10.180.1.21/compute/v2.1/servers/53bb2f01-4e70-471e-ad9d-7bff56746663 0.053s
2025-02-18 14:41:39.964 62646 INFO tempest.lib.common.rest_client [req-9aa780b5-882f-48c0-beb3-22e0938a0b25 req-9aa780b5-882f-48c0-beb3-22e0938a0b25 ] Request (InstanceActionsNegativeTestJSON:setUpClass): 200 GET http://10.180.1.21/compute/v2.1/servers/ae510f49-ca5e-4a87-94ef-24591700fcf6 0.057s
2025-02-18 14:41:39.974 62662 INFO tempest.lib.common.rest_client [req-5f4e74c1-b982-4444-bc68-3c456b137608 req-5f4e74c1-b982-4444-bc68-3c456b137608 ] Request (ServersAdminTestJSON:setUpClass): 200 GET http://10.180.1.21/compute/v2.1/servers/d524e752-1c48-4acc-886d-346d8b224fcb 0.128s
2025-02-18 14:41:40.020 62672 INFO tempest.lib.common.rest_client [req-409da3f9-6abc-4152-bcbc-a75b61ca484b req-409da3f9-6abc-4152-bcbc-a75b61ca484b ] Request (ListServerFiltersTestJSON:tearDownClass): 200 GET http://10.180.1.21/compute/v2.1/servers/6cb8928c-4d6d-4e4b-8a57-4a130f6afa57 0.061s
2025-02-18 14:41:40.031 62698 INFO tempest.lib.common.rest_client [req-b5888eec-a743-4b39-9e6a-9c289b3c301a req-b5888eec-a743-4b39-9e6a-9c289b3c301a ] Request (ServerMetadataTestJSON:tearDownClass): 200 GET http://10.180.1.21/compute/v2.1/servers/f7ba79d4-aa2b-4842-9bd5-8eb9a01200d2 0.061s
2025-02-18 14:41:40.079 62670 INFO tempest.lib.common.rest_client [req-49b23d45-c175-47a8-a37a-2489c453bc52 req-49b23d45-c175-47a8-a37a-2489c453bc52 ] Request (ImagesOneServerNegativeTestJSON:_run_cleanups): 200 GET http://10.180.1.21/compute/v2.1/servers/df106528-9ed2-4043-9d25-464d5beb3f7b 0.058s
2025-02-18 14:41:40.085 62666 INFO tempest.lib.common.rest_client [req-9e945185-313e-4e7e-a2b0-e21f4df7efd5 req-9e945185-313e-4e7e-a2b0-e21f4df7efd5 ] Request (ServerAddressesNegativeTestJSON:setUpClass): 200 GET http://10.180.1.21/compute/v2.1/servers/0cd0839e-d442-4d82-9b9b-8a59dee70db7 0.054s
2025-02-18 14:41:40.134 62687 INFO tempest.lib.common.rest_client [req-0c7f5b82-08e8-4bbd-a9b1-510fa70b1c2a req-0c7f5b82-08e8-4bbd-a9b1-510fa70b1c2a ] Request (ImagesTestJSON:test_create_server_from_snapshot): 200 GET http://10.180.1.21/compute/v2.1/servers/0d7b5ea5-2fd4-49be-a75d-f59143548909 0.055s
2025-02-18 14:41:40.144 62642 INFO tempest.lib.common.rest_client [req-bf772f6c-76d6-49eb-ac9d-fd0e2ac9fdf3 req-bf772f6c-76d6-49eb-ac9d-fd0e2ac9fdf3 ] Request (ServersTestMultiNic:test_verify_multiple_nics_order): 200 GET http://10.180.1.21/compute/v2.1/servers/bbde3466-9829-4207-9670-72715d1e49c0 0.063s
