2025-02-18 14:40:47.714 62702 INFO tempest.lib.common.rest_client [req-42721b65-9170-47d0-b24d-535ee73d2849 req-42721b65-9170-47d0-b24d-535ee73d2849 ] Request (AttachVolumeNegativeTest:setUpClass): 201 POST http://10.180.1.21:9696/networking/v2.0/networks 0.301s
2025-02-18 14:40:47.716 62666 INFO tempest.lib.common.rest_client [req-360e616c-b3b7-4fe2-8089-b310c7750a31 req-360e616c-b3b7-4fe2-8089-b310c7750a31 ] Request (ServersAaction247Test:tearDownClass): 200 GET http://10.180.1.21/compute/v2.1/servers/e255473e-2577-4105-9d39-3436f13e2e6e 0.064s
2025-02-18 14:40:47.935 62702 INFO tempest.lib.common.rest_client [req-e9915c26-5568-4d1a-a04c-b2d7baae2fcd req-e9915c26-5568-4d1a-a04c-b2d7baae2fcd ] Request (AttachVolumeNegativeTest:setUpClass): 201 POST http://10.180.1.21:9696/networking/v2.0/subnets 0.220s
2025-02-18 14:40:47.957 62678 INFO tempest.lib.common.rest_client [req-46f5d2e6-da42-4c79-814f-db71c1a8a741 req-46f5d2e6-da42-4c79-814f-db71c1a8a741 ] Request (ServerRescueTestJSONUnderV235:tearDownClass): 404 GET http://10.180.1.21/compute/v2.1/servers/677d7209-536c-43ed-8704-1554ce7ef923 0.021s
2025-02-18 14:40:48.012 62646 INFO tempest.lib.common.rest_client [req-dba8a326-8440-448f-bb09-b6a85ca1a7ae req-dba8a326-8440-448f-bb09-b6a85ca1a7ae ] Request (InstanceActionsNegativeTestJSON:setUpClass): 200 GET http://10.180.1.21/compute/v2.1/servers/ae510f49-ca5e-4a87-94ef-24591700fcf6 0.092s
2025-02-18 14:40:48.026 62690 WARNING tempest.lib.common.ssh [-] Failed to establish authenticated ssh connection to cirros@10.180.180.248 ([Errno None] Unable to connect to port 22 on 10.180.180.248). Number attempts: 2. Retry after 3 seconds.: paramiko.ssh_exception.NoValidConnectionsError: [Errno None] Unable to connect to port 22 on 10.180.180.248
2025-02-18 14:40:48.217 62668 WARNING tempest.lib.common.ssh [-] Failed to establish authenticated ssh connection to cirros@10.180.180.253 ([Errno None] Unable to connect to port 22 on 10.180.180.253). Number attempts: 8. Retry after 9 seconds.: paramiko.ssh_exception.NoValidConnectionsError: [Errno None] Unable to connect to port 22 on 10.180.180.253
2025-02-18 14:40:48.379 62698 INFO tempest.lib.common.rest_client [req-9ffa92d3-68b5-428d-8536-7beccd836f39 req-9ffa92d3-68b5-428d-8536-7beccd836f39 ] Request (ServerMetadataTestJSON:setUpClass): 200 GET http://10.180.1.21/compute/v2.1/servers/f7ba79d4-aa2b-4842-9bd5-8eb9a01200d2 0.256s
2025-02-18 14:40:48.397 62656 INFO tempest.lib.common.rest_client [req-22e04fc5-95e7-48fc-9abc-fc983bc4ed2e req-22e04fc5-95e7-48fc-9abc-fc983bc4ed2e ] Request (FloatingIPsAssociationTestJSON:tearDownClass): 200 GET http://10.180.1.21/compute/v2.1/servers/88b335c7-7c56-4ae7-90a1-0fff3028c6a2 0.274s
2025-02-18 14:40:48.469 62670 INFO tempest.lib.common.rest_client [req-a594753f-7f94-461a-810b-383690ee5292 req-a594753f-7f94-461a-810b-383690ee5292 ] Request (ImagesOneServerNegativeTestJSON:setUpClass): 200 GET http://10.180.1.21/compute/v2.1/servers/df106528-9ed2-4043-9d25-464d5beb3f7b 0.250s
2025-02-18 14:40:48.480 62654 INFO tempest.lib.common.rest_client [req-d3dc4171-f7b5-43c0-86fa-cdbdc1d20bc7 req-d3dc4171-f7b5-43c0-86fa-cdbdc1d20bc7 ] Request (DeleteServersTestJSON:test_delete_active_server): 200 GET http://10.180.1.21/compute/v2.1/servers/04694878-b60b-4e33-bcc4-3bcb4bd1f5d3 0.257s
2025-02-18 14:40:48.560 62642 INFO tempest.lib.common.rest_client [req-8ef9bd9e-c2fc-4bb9-8044-5083bb3129f8 req-8ef9bd9e-c2fc-4bb9-8044-5083bb3129f8 ] Request (ServersTestMultiNic:_run_cleanups): 200 GET http://10.180.1.21/compute/v2.1/servers/6874b574-5eb3-4c67-9e38-7027e80ce287 0.267s
2025-02-18 14:40:48.561 62694 INFO tempest.lib.common.rest_client [req-10890b66-9007-4fdb-8e72-09b5d309aeac req-10890b66-9007-4fdb-8e72-09b5d309aeac ] Request (ServerTagsTestJSON:tearDownClass): 200 GET http://10.180.1.21/compute/v2.1/servers/83721fcc-5a99-4563-8e3f-045e6c3ec04d 0.278s
2025-02-18 14:40:48.629 62687 INFO tempest.lib.common.rest_client [req-179a5473-e006-4d78-b4bf-ca256c8a59b9 req-179a5473-e006-4d78-b4bf-ca256c8a59b9 ] Request (ImagesTestJSON:test_create_image_from_suspended_server): 200 GET http://10.180.1.21/compute/v2.1/servers/14b4b002-4fcd-4861-a812-47978097a8c3 0.285s
2025-02-18 14:40:48.640 62684 INFO tempest.lib.common.rest_client [req-ea75001a-7104-471f-9b6c-8a6a5aa74042 req-ea75001a-7104-471f-9b6c-8a6a5aa74042 ] Request (ServersTestBootFromVolume:setUpClass): 200 GET http://10.180.1.21/compute/v2.1/servers/d9f2468c-18c3-44f4-8044-5a098ac5f107 0.296s
2025-02-18 14:40:48.695 62662 INFO tempest.lib.common.rest_client [req-7a698701-faa7-488b-8292-0c605ddcfa4f req-7a698701-faa7-488b-8292-0c605ddcfa4f ] Request (ServersAdminTestJSON:setUpClass): 200 GET http://10.180.1.21/compute/v2.1/servers/d524e752-1c48-4acc-886d-346d8b224fcb 0.297s
2025-02-18 14:40:48.729 62672 INFO tempest.lib.common.rest_client [req-a2c01a50-7ee0-4cd4-80c8-ce697b5a5438 req-a2c01a50-7ee0-4cd4-80c8-ce697b5a5438 ] Request (ListServerFiltersTestJSON:setUpClass): 200 GET http://10.180.1.21/compute/v2.1/servers/6cb8928c-4d6d-4e4b-8a57-4a130f6afa57 0.324s
2025-02-18 14:40:48.757 62680 INFO tempest.lib.common.rest_client [req-3cd55159-1ad6-4d41-9b52-cf79a6c99d03 req-3cd55159-1ad6-4d41-9b52-cf79a6c99d03 ] Request (ServersAdminNegativeTestJSON:tearDownClass): 200 GET http://10.180.1.21/compute/v2.1/servers/62dce1f2-05c6-4634-ac62-423af6d9e966 0.296s
2025-02-18 14:40:48.801 62705 INFO tempest.lib.common.rest_client [req-131d7b3b-fce7-4c1b-a8e0-d8d4567566b1 req-131d7b3b-fce7-4c1b-a8e0-d8d4567566b1 ] Request (ServerRescueNegativeTestJSON:setUpClass): 200 GET http://10.180.1.21/compute/v2.1/servers/7e8c336d-48c5-4fd1-a733-f7001dea3aa4 0.297s
2025-02-18 14:40:48.829 62674 INFO tempest.lib.common.rest_client [req-68880866-eb19-43ba-b7aa-12265e689a76 req-68880866-eb19-43ba-b7aa-12265e689a76 ] Request (DeleteServersAdminTestJSON:test_delete_server_while_in_error_state): 200 GET http://10.180.1.21/compute/v2.1/servers/6f587834-2727-48fc-8dba-50754fa70643 0.258s
2025-02-18 14:40:48.932 62696 INFO tempest.lib.common.rest_client [req-cac6c8ec-ccb8-4679-930f-f66af370ea96 req-cac6c8ec-ccb8-4679-930f-f66af370ea96 ] Request (InstanceActionsV221TestJSON:test_get_list_deleted_instance_actions): 200 GET http://10.180.1.21/compute/v2.1/servers/2b9b9728-7733-4e6a-82dc-c1659481f577 0.307s
2025-02-18 14:40:49.005 62661 INFO tempest.lib.common.rest_client [req-a9224f12-2c01-4464-a8b5-f96ae00eab80 req-a9224f12-2c01-4464-a8b5-f96ae00eab80 ] Request (ImagesOneServerTestJSON:setUpClass): 200 GET http://10.180.1.21/compute/v2.1/servers/88c9e905-5a60-4109-a03f-fa971843c488 0.370s
2025-02-18 14:40:49.009 62648 INFO tempest.lib.common.rest_client [req-b56cb1bc-8c0d-46ce-aefb-4bb5a423c486 req-b56cb1bc-8c0d-46ce-aefb-4bb5a423c486 ] Request (MigrationsAdminTest:test_list_migrations_in_flavor_resize_situation): 200 GET http://10.180.1.21/compute/v2.1/servers/aeb622a0-9532-4a9d-ac75-65f4e84dfda0 0.430s
2025-02-18 14:40:49.086 62644 INFO tempest.lib.common.rest_client [req-a9243818-7a0a-4f42-97ae-66f8ba786936 req-a9243818-7a0a-4f42-97ae-66f8ba786936 ] Request (ImagesNegativeTestJSON:test_create_image_from_deleted_server): 200 GET http://10.180.1.21/compute/v2.1/servers/55c3c030-2e80-4829-bd9c-0e7f3e743c6c 0.392s
2025-02-18 14:40:49.104 62666 INFO tempest.lib.common.rest_client [req-48dd494a-9856-4951-a167-3304edbcc337 req-48dd494a-9856-4951-a167-3304edbcc337 ] Request (ServersAaction247Test:tearDownClass): 200 GET http://10.180.1.21/compute/v2.1/servers/e255473e-2577-4105-9d39-3436f13e2e6e 0.379s
2025-02-18 14:40:49.157 62646 INFO tempest.lib.common.rest_client [req-f53fd28e-361d-427b-9f0c-285ff7734ebf req-f53fd28e-361d-427b-9f0c-285ff7734ebf ] Request (InstanceActionsNegativeTestJSON:setUpClass): 200 GET http://10.180.1.21/compute/v2.1/servers/ae510f49-ca5e-4a87-94ef-24591700fcf6 0.137s
2025-02-18 14:40:49.474 62702 INFO tempest.lib.common.rest_client [req-9978b418-ff47-461c-8e50-2eee84347cf0 req-9978b418-ff47-461c-8e50-2eee84347cf0 ] Request (AttachVolumeNegativeTest:setUpClass): 201 POST http://10.180.1.21:9696/networking/v2.0/routers 1.539s
2025-02-18 14:40:49.497 62656 INFO tempest.lib.common.rest_client [req-d7d26b70-afa7-4dba-9863-d61c7a71f370 req-d7d26b70-afa7-4dba-9863-d61c7a71f370 ] Request (FloatingIPsAssociationTestJSON:tearDownClass): 200 GET http://10.180.1.21/compute/v2.1/servers/88b335c7-7c56-4ae7-90a1-0fff3028c6a2 0.088s
2025-02-18 14:40:49.557 62670 INFO tempest.lib.common.rest_client [req-c20bb2ee-c11b-4469-82f6-57e8845521eb req-c20bb2ee-c11b-4469-82f6-57e8845521eb ] Request (ImagesOneServerNegativeTestJSON:setUpClass): 200 GET http://10.180.1.21/compute/v2.1/servers/df106528-9ed2-4043-9d25-464d5beb3f7b 0.076s
2025-02-18 14:40:49.568 62698 INFO tempest.lib.common.rest_client [req-f80ac9fc-e87d-4c7b-adbf-e023bdbc9d4d req-f80ac9fc-e87d-4c7b-adbf-e023bdbc9d4d ] Request (ServerMetadataTestJSON:setUpClass): 200 GET http://10.180.1.21/compute/v2.1/servers/f7ba79d4-aa2b-4842-9bd5-8eb9a01200d2 0.176s
2025-02-18 14:40:49.575 62698 INFO tempest.common.waiters [-] State transition "BUILD/spawning" ==> "ACTIVE/None" after 62 second wait
2025-02-18 14:40:49.609 62678 INFO tempest.lib.common.rest_client [req-41f1ab2c-d4a2-4a96-a3ae-d00990d5dab8 req-41f1ab2c-d4a2-4a96-a3ae-d00990d5dab8 ] Request (ServerRescueTestJSONUnderV235:tearDownClass): 200 PUT http://10.180.1.21:9696/networking/v2.0/routers/1b4c81da-7184-45c9-a007-156ce9550f1d/remove_router_interface 1.651s
2025-02-18 14:40:49.619 62654 INFO tempest.lib.common.rest_client [req-58270cab-6c4c-4b53-bb42-804e9c2c2fce req-58270cab-6c4c-4b53-bb42-804e9c2c2fce ] Request (DeleteServersTestJSON:test_delete_active_server): 200 GET http://10.180.1.21/compute/v2.1/servers/04694878-b60b-4e33-bcc4-3bcb4bd1f5d3 0.131s
2025-02-18 14:40:49.628 62658 WARNING tempest.lib.common.ssh [-] Failed to establish authenticated ssh connection to cirros@10.180.180.175 ([Errno None] Unable to connect to port 22 on 10.180.180.175). Number attempts: 1. Retry after 2 seconds.: paramiko.ssh_exception.NoValidConnectionsError: [Errno None] Unable to connect to port 22 on 10.180.180.175
2025-02-18 14:40:49.676 62642 INFO tempest.lib.common.rest_client [req-c7dc1759-cfa3-4a92-83b4-eaaba3ff61af req-c7dc1759-cfa3-4a92-83b4-eaaba3ff61af ] Request (ServersTestMultiNic:_run_cleanups): 200 GET http://10.180.1.21/compute/v2.1/servers/6874b574-5eb3-4c67-9e38-7027e80ce287 0.098s
2025-02-18 14:40:49.691 62698 INFO tempest.lib.common.rest_client [req-2ce99996-b969-4349-abb4-0219f60d931f req-2ce99996-b969-4349-abb4-0219f60d931f ] Request (ServerMetadataTestJSON:setUp): 200 PUT http://10.180.1.21/compute/v2.1/servers/f7ba79d4-aa2b-4842-9bd5-8eb9a01200d2/metadata 0.115s
2025-02-18 14:40:49.745 62694 INFO tempest.lib.common.rest_client [req-fd549393-e9cb-4a80-91d4-db6df1f77936 req-fd549393-e9cb-4a80-91d4-db6df1f77936 ] Request (ServerTagsTestJSON:tearDownClass): 200 GET http://10.180.1.21/compute/v2.1/servers/83721fcc-5a99-4563-8e3f-045e6c3ec04d 0.166s
2025-02-18 14:40:49.755 62687 INFO tempest.lib.common.rest_client [req-51420fe4-d723-4e82-8d96-38f0b3afa6f5 req-51420fe4-d723-4e82-8d96-38f0b3afa6f5 ] Request (ImagesTestJSON:test_create_image_from_suspended_server): 200 GET http://10.180.1.21/compute/v2.1/servers/14b4b002-4fcd-4861-a812-47978097a8c3 0.116s
2025-02-18 14:40:49.794 62698 INFO tempest.lib.common.rest_client [req-14af4846-b594-4940-bdd0-77f606578d51 req-14af4846-b594-4940-bdd0-77f606578d51 ] Request (ServerMetadataTestJSON:test_delete_server_metadata_item): 204 DELETE http://10.180.1.21/compute/v2.1/servers/f7ba79d4-aa2b-4842-9bd5-8eb9a01200d2/metadata/key1 0.102s
2025-02-18 14:40:49.806 62684 INFO tempest.lib.common.rest_client [req-1b713ef6-1ee8-44fb-96e9-1ed77f71b884 req-1b713ef6-1ee8-44fb-96e9-1ed77f71b884 ] Request (ServersTestBootFromVolume:setUpClass): 200 GET http://10.180.1.21/compute/v2.1/servers/d9f2468c-18c3-44f4-8044-5a098ac5f107 0.157s
2025-02-18 14:40:49.919 62672 INFO tempest.lib.common.rest_client [req-1a15fd51-b283-4bbe-97d0-e1932f054b37 req-1a15fd51-b283-4bbe-97d0-e1932f054b37 ] Request (ListServerFiltersTestJSON:setUpClass): 200 GET http://10.180.1.21/compute/v2.1/servers/6cb8928c-4d6d-4e4b-8a57-4a130f6afa57 0.175s
2025-02-18 14:40:49.923 62662 INFO tempest.lib.common.rest_client [req-a9e15f83-7bcc-4f32-a578-9e2ed218152f req-a9e15f83-7bcc-4f32-a578-9e2ed218152f ] Request (ServersAdminTestJSON:setUpClass): 200 GET http://10.180.1.21/compute/v2.1/servers/d524e752-1c48-4acc-886d-346d8b224fcb 0.221s
2025-02-18 14:40:49.958 62698 INFO tempest.lib.common.rest_client [req-1fee83b2-8f79-4201-9024-49d57aaa685f req-1fee83b2-8f79-4201-9024-49d57aaa685f ] Request (ServerMetadataTestJSON:test_delete_server_metadata_item): 200 GET http://10.180.1.21/compute/v2.1/servers/f7ba79d4-aa2b-4842-9bd5-8eb9a01200d2/metadata 0.164s
2025-02-18 14:40:50.016 62680 INFO tempest.lib.common.rest_client [req-ce0ca02b-fbaa-4e58-994a-950c1eae2408 req-ce0ca02b-fbaa-4e58-994a-950c1eae2408 ] Request (ServersAdminNegativeTestJSON:tearDownClass): 200 GET http://10.180.1.21/compute/v2.1/servers/62dce1f2-05c6-4634-ac62-423af6d9e966 0.248s
2025-02-18 14:40:50.029 62705 INFO tempest.lib.common.rest_client [req-74f9f035-866c-41fe-b0f5-a1f481201067 req-74f9f035-866c-41fe-b0f5-a1f481201067 ] Request (ServerRescueNegativeTestJSON:setUpClass): 200 GET http://10.180.1.21/compute/v2.1/servers/7e8c336d-48c5-4fd1-a733-f7001dea3aa4 0.219s
2025-02-18 14:40:50.338 62674 INFO tempest.lib.common.rest_client [req-53d135c3-8262-4825-8197-fea4378faefe req-53d135c3-8262-4825-8197-fea4378faefe ] Request (DeleteServersAdminTestJSON:test_delete_server_while_in_error_state): 200 GET http://10.180.1.21/compute/v2.1/servers/6f587834-2727-48fc-8dba-50754fa70643 0.500s
2025-02-18 14:40:50.341 62696 INFO tempest.lib.common.rest_client [req-7567ccdf-ac9e-4f3e-bdc7-3c4e8a9d6bb8 req-7567ccdf-ac9e-4f3e-bdc7-3c4e8a9d6bb8 ] Request (InstanceActionsV221TestJSON:test_get_list_deleted_instance_actions): 200 GET http://10.180.1.21/compute/v2.1/servers/2b9b9728-7733-4e6a-82dc-c1659481f577 0.393s
2025-02-18 14:40:50.374 62702 INFO tempest.lib.common.rest_client [req-01e63617-fd92-47d9-9147-defb9f69b3b0 req-01e63617-fd92-47d9-9147-defb9f69b3b0 ] Request (AttachVolumeNegativeTest:setUpClass): 200 PUT http://10.180.1.21:9696/networking/v2.0/routers/9d9746f5-571f-4c75-aed9-c2f68a6ecf54/add_router_interface 0.900s
2025-02-18 14:40:50.374 62702 INFO tempest.lib.common.dynamic_creds [-] Created isolated network resources for: credentials: Credentials: {'domain_id': 'default', 'domain_name': 'Default', 'username': 'tempest-AttachVolumeNegativeTest-963407759-project-member', 'project_domain_id': 'default', 'project_domain_name': 'Default', 'project_id': 'b66ec80a177f4033b7616b9720856c71', 'project_name': 'tempest-AttachVolumeNegativeTest-963407759', 'tenant_id': 'b66ec80a177f4033b7616b9720856c71', 'tenant_name': 'tempest-AttachVolumeNegativeTest-963407759', 'user_domain_id': 'default', 'user_domain_name': 'Default', 'user_id': '597841b64e464b5cbf07b18a90338a07', 'system': None}, Network: {'id': '6eb3be36-9f7d-42b5-a33b-15f0529c6018', 'name': 'tempest-AttachVolumeNegativeTest-760375332-network', 'tenant_id': 'b66ec80a177f4033b7616b9720856c71', 'admin_state_up': True, 'mtu': 8950, 'status': 'ACTIVE', 'subnets': [], 'shared': False, 'project_id': 'b66ec80a177f4033b7616b9720856c71', 'port_security_enabled': True, 'router:external': False, 'provider:network_type': 'vlan', 'provider:physical_network': 'default', 'provider:segmentation_id': 93, 'availability_zone_hints': [], 'availability_zones': [], 'ipv4_address_scope': None, 'ipv6_address_scope': None, 'description': '', 'tags': [], 'created_at': '2025-02-18T14:40:47Z', 'updated_at': '2025-02-18T14:40:47Z', 'revision_number': 1}, Subnet: {'id': '4e2f121e-c641-433b-90f7-a813cc4929e8', 'name': 'tempest-AttachVolumeNegativeTest-760375332-subnet', 'tenant_id': 'b66ec80a177f4033b7616b9720856c71', 'network_id': '6eb3be36-9f7d-42b5-a33b-15f0529c6018', 'ip_version': 4, 'subnetpool_id': None, 'enable_dhcp': True, 'ipv6_ra_mode': None, 'ipv6_address_mode': None, 'gateway_ip': '192.168.128.1', 'cidr': '192.168.128.0/28', 'allocation_pools': [{'start': '192.168.128.2', 'end': '192.168.128.14'}], 'host_routes': [], 'dns_nameservers': [], 'description': '', 'router:external': False, 'service_types': [], 'tags': [], 'created_at': '2025-02-18T14:40:47Z', 'updated_at': '2025-02-18T14:40:47Z', 'revision_number': 0, 'project_id': 'b66ec80a177f4033b7616b9720856c71'}, Router: {'id': '9d9746f5-571f-4c75-aed9-c2f68a6ecf54', 'name': 'tempest-AttachVolumeNegativeTest-760375332-router', 'tenant_id': 'b66ec80a177f4033b7616b9720856c71', 'admin_state_up': True, 'status': 'ACTIVE', 'external_gateway_info': {'network_id': '5bc54faf-cf1a-4502-8099-7502aaf5588b', 'external_fixed_ips': [{'subnet_id': 'bba56266-6241-4aa0-aefd-b0965dc5247b', 'ip_address': '10.180.180.182'}], 'enable_snat': True}, 'description': '', 'availability_zones': [], 'distributed': False, 'ha': False, 'availability_zone_hints': [], 'routes': [], 'flavor_id': None, 'tags': [], 'created_at': '2025-02-18T14:40:47Z', 'updated_at': '2025-02-18T14:40:48Z', 'revision_number': 2, 'project_id': 'b66ec80a177f4033b7616b9720856c71'}
2025-02-18 14:40:50.409 62661 INFO tempest.lib.common.rest_client [req-7a9ca961-b9c3-4d6e-a35f-086c7dba25a0 req-7a9ca961-b9c3-4d6e-a35f-086c7dba25a0 ] Request (ImagesOneServerTestJSON:setUpClass): 200 GET http://10.180.1.21/compute/v2.1/servers/88c9e905-5a60-4109-a03f-fa971843c488 0.395s
2025-02-18 14:40:50.479 62698 INFO tempest.lib.common.rest_client [req-d8b6ba49-6d8d-4169-ab5e-ba14a526f3f8 req-d8b6ba49-6d8d-4169-ab5e-ba14a526f3f8 ] Request (ServerMetadataTestJSON:setUp): 200 PUT http://10.180.1.21/compute/v2.1/servers/f7ba79d4-aa2b-4842-9bd5-8eb9a01200d2/metadata 0.519s
2025-02-18 14:40:50.489 62678 INFO tempest.lib.common.rest_client [req-c7c9aa04-7619-4ea5-84cf-d1ce7d6bb0d1 req-c7c9aa04-7619-4ea5-84cf-d1ce7d6bb0d1 ] Request (ServerRescueTestJSONUnderV235:tearDownClass): 204 DELETE http://10.180.1.21:9696/networking/v2.0/routers/1b4c81da-7184-45c9-a007-156ce9550f1d 0.880s
2025-02-18 14:40:50.496 62702 INFO tempest.lib.common.rest_client [req-f125eb4a-9be5-4f70-9f6a-aed3279d16c3 req-f125eb4a-9be5-4f70-9f6a-aed3279d16c3 ] Request (AttachVolumeNegativeTest:setUpClass): 201 POST http://10.180.1.21/identity/v3/auth/tokens 0.118s
2025-02-18 14:40:50.553 62644 INFO tempest.lib.common.rest_client [req-0bfa9f3b-d9b7-4c89-9231-ce8eebd66e97 req-0bfa9f3b-d9b7-4c89-9231-ce8eebd66e97 ] Request (ImagesNegativeTestJSON:test_create_image_from_deleted_server): 200 GET http://10.180.1.21/compute/v2.1/servers/55c3c030-2e80-4829-bd9c-0e7f3e743c6c 0.454s
2025-02-18 14:40:50.609 62678 INFO tempest.lib.common.rest_client [req-bda80ebd-48fc-4d47-95a4-9f4b510279c8 req-bda80ebd-48fc-4d47-95a4-9f4b510279c8 ] Request (ServerRescueTestJSONUnderV235:tearDownClass): 204 DELETE http://10.180.1.21:9696/networking/v2.0/subnets/359a24ad-395b-4bf3-90c2-83686347aff5 0.120s
2025-02-18 14:40:50.641 62666 INFO tempest.lib.common.rest_client [req-9a83dd9d-da6c-4ec5-8a60-11102eb9f233 req-9a83dd9d-da6c-4ec5-8a60-11102eb9f233 ] Request (ServersAaction247Test:tearDownClass): 200 GET http://10.180.1.21/compute/v2.1/servers/e255473e-2577-4105-9d39-3436f13e2e6e 0.523s
2025-02-18 14:40:50.644 62648 INFO tempest.lib.common.rest_client [req-375a3121-7162-42da-945a-858af5d7740a req-375a3121-7162-42da-945a-858af5d7740a ] Request (MigrationsAdminTest:test_list_migrations_in_flavor_resize_situation): 200 GET http://10.180.1.21/compute/v2.1/servers/aeb622a0-9532-4a9d-ac75-65f4e84dfda0 0.627s
2025-02-18 14:40:50.678 62698 INFO tempest.lib.common.rest_client [req-88caa942-0255-4a64-87f6-ef40f93648a5 req-88caa942-0255-4a64-87f6-ef40f93648a5 ] Request (ServerMetadataTestJSON:test_get_server_metadata_item): 200 GET http://10.180.1.21/compute/v2.1/servers/f7ba79d4-aa2b-4842-9bd5-8eb9a01200d2/metadata/key2 0.196s
2025-02-18 14:40:50.705 62646 INFO tempest.lib.common.rest_client [req-cd6c136f-9869-42fa-a32c-e1b0c6acd16c req-cd6c136f-9869-42fa-a32c-e1b0c6acd16c ] Request (InstanceActionsNegativeTestJSON:setUpClass): 200 GET http://10.180.1.21/compute/v2.1/servers/ae510f49-ca5e-4a87-94ef-24591700fcf6 0.540s
2025-02-18 14:40:50.780 62656 INFO tempest.lib.common.rest_client [req-4e6ebfd1-b152-4853-81de-65c9fb964d21 req-4e6ebfd1-b152-4853-81de-65c9fb964d21 ] Request (FloatingIPsAssociationTestJSON:tearDownClass): 200 GET http://10.180.1.21/compute/v2.1/servers/88b335c7-7c56-4ae7-90a1-0fff3028c6a2 0.274s
2025-02-18 14:40:50.788 62656 INFO tempest.common.waiters [-] State transition "ACTIVE/deleting" ==> "DELETED/None" after 5 second wait
2025-02-18 14:40:50.803 62678 INFO tempest.lib.common.rest_client [req-1183e7fc-26b8-4214-812e-b461be2bdeb8 req-1183e7fc-26b8-4214-812e-b461be2bdeb8 ] Request (ServerRescueTestJSONUnderV235:tearDownClass): 204 DELETE http://10.180.1.21:9696/networking/v2.0/networks/e620a076-f603-4ecf-9eb5-4d2d4f1e7690 0.193s
2025-02-18 14:40:50.838 62670 INFO tempest.lib.common.rest_client [req-03e2e91d-a2f5-47bc-9659-cdcbeeba355f req-03e2e91d-a2f5-47bc-9659-cdcbeeba355f ] Request (ImagesOneServerNegativeTestJSON:setUpClass): 200 GET http://10.180.1.21/compute/v2.1/servers/df106528-9ed2-4043-9d25-464d5beb3f7b 0.273s
2025-02-18 14:40:50.870 62702 INFO tempest.lib.common.rest_client [req-c1006576-f38e-480c-8d72-cc116dbffffb req-c1006576-f38e-480c-8d72-cc116dbffffb ] Request (ValidationResourcesFixture:setUp): 200 POST http://10.180.1.21/compute/v2.1/os-keypairs 0.372s
2025-02-18 14:40:50.919 62654 INFO tempest.lib.common.rest_client [req-0558abbb-d582-4e77-9c75-48262f1bd814 req-0558abbb-d582-4e77-9c75-48262f1bd814 ] Request (DeleteServersTestJSON:test_delete_active_server): 200 GET http://10.180.1.21/compute/v2.1/servers/04694878-b60b-4e33-bcc4-3bcb4bd1f5d3 0.286s
2025-02-18 14:40:50.934 62698 INFO tempest.lib.common.rest_client [req-e4c6ce59-7520-439a-8b0e-6f6741a0483f req-e4c6ce59-7520-439a-8b0e-6f6741a0483f ] Request (ServerMetadataTestJSON:setUp): 200 PUT http://10.180.1.21/compute/v2.1/servers/f7ba79d4-aa2b-4842-9bd5-8eb9a01200d2/metadata 0.255s
2025-02-18 14:40:50.969 62678 INFO tempest.lib.common.rest_client [req-c6c6f3ee-6f6b-4622-8f91-4eb4c9bc2ee9 req-c6c6f3ee-6f6b-4622-8f91-4eb4c9bc2ee9 ] Request (ServerRescueTestJSONUnderV235:tearDownClass): 204 DELETE http://10.180.1.21/identity/v3/users/3ad2fea25e5344019aa45b4a4acb4aa2 0.166s
2025-02-18 14:40:50.969 62678 INFO tempest.lib.common.dynamic_creds [-] Deleting project and security group for project: 14a55a06f5564465b14521b89e150849
2025-02-18 14:40:50.989 62642 INFO tempest.lib.common.rest_client [req-5856d761-0519-4536-baf8-9867c5a1dfc1 req-5856d761-0519-4536-baf8-9867c5a1dfc1 ] Request (ServersTestMultiNic:_run_cleanups): 200 GET http://10.180.1.21/compute/v2.1/servers/6874b574-5eb3-4c67-9e38-7027e80ce287 0.299s
2025-02-18 14:40:50.996 62678 INFO tempest.lib.common.rest_client [req-e3b39e70-b377-4510-aee4-142ccb7ee956 req-e3b39e70-b377-4510-aee4-142ccb7ee956 ] Request (ServerRescueTestJSONUnderV235:tearDownClass): 200 GET http://10.180.1.21:9696/networking/v2.0/security-groups?tenant_id=14a55a06f5564465b14521b89e150849&name=default 0.027s
2025-02-18 14:40:51.013 62694 INFO tempest.lib.common.rest_client [req-776a7eef-fe5a-493c-a9e2-53701ace3aaf req-776a7eef-fe5a-493c-a9e2-53701ace3aaf ] Request (ServerTagsTestJSON:tearDownClass): 200 GET http://10.180.1.21/compute/v2.1/servers/83721fcc-5a99-4563-8e3f-045e6c3ec04d 0.255s
2025-02-18 14:40:51.069 62687 INFO tempest.lib.common.rest_client [req-3c9329c9-a765-4f7f-9058-9ac346c4e3e5 req-3c9329c9-a765-4f7f-9058-9ac346c4e3e5 ] Request (ImagesTestJSON:test_create_image_from_suspended_server): 200 GET http://10.180.1.21/compute/v2.1/servers/14b4b002-4fcd-4861-a812-47978097a8c3 0.305s
2025-02-18 14:40:51.072 62684 INFO tempest.lib.common.rest_client [req-19ad19d9-e9dc-4aa2-b5b6-7cd3d14f0f0a req-19ad19d9-e9dc-4aa2-b5b6-7cd3d14f0f0a ] Request (ServersTestBootFromVolume:setUpClass): 200 GET http://10.180.1.21/compute/v2.1/servers/d9f2468c-18c3-44f4-8044-5a098ac5f107 0.256s
2025-02-18 14:40:51.080 62702 INFO tempest.lib.common.rest_client [req-6e713f81-0eaf-4ab6-af29-8fbe069cefc8 req-6e713f81-0eaf-4ab6-af29-8fbe069cefc8 ] Request (ValidationResourcesFixture:setUp): 201 POST http://10.180.1.21:9696/networking/v2.0/security-groups 0.208s
2025-02-18 14:40:51.086 62678 INFO tempest.lib.common.rest_client [req-efc5a7b5-dd80-402d-a0a3-02f51986793a req-efc5a7b5-dd80-402d-a0a3-02f51986793a ] Request (ServerRescueTestJSONUnderV235:tearDownClass): 204 DELETE http://10.180.1.21:9696/networking/v2.0/security-groups/a0591b2d-5aee-4ede-8fe3-62ce85fbe393 0.089s
2025-02-18 14:40:51.142 62672 INFO tempest.lib.common.rest_client [req-a3a4c77f-cb3d-42bf-bb8c-ebe883d2b4ca req-a3a4c77f-cb3d-42bf-bb8c-ebe883d2b4ca ] Request (ListServerFiltersTestJSON:setUpClass): 200 GET http://10.180.1.21/compute/v2.1/servers/6cb8928c-4d6d-4e4b-8a57-4a130f6afa57 0.213s
2025-02-18 14:40:51.151 62662 INFO tempest.lib.common.rest_client [req-dac34224-56f4-4ba0-8015-5f04074df311 req-dac34224-56f4-4ba0-8015-5f04074df311 ] Request (ServersAdminTestJSON:setUpClass): 200 GET http://10.180.1.21/compute/v2.1/servers/d524e752-1c48-4acc-886d-346d8b224fcb 0.217s
2025-02-18 14:40:51.175 62698 INFO tempest.lib.common.rest_client [req-55e73921-18e3-4954-a084-fe65d8bd7bbd req-55e73921-18e3-4954-a084-fe65d8bd7bbd ] Request (ServerMetadataTestJSON:test_list_server_metadata): 200 GET http://10.180.1.21/compute/v2.1/servers/f7ba79d4-aa2b-4842-9bd5-8eb9a01200d2/metadata 0.239s
2025-02-18 14:40:51.203 62678 INFO tempest.lib.common.rest_client [req-2d321c07-fc50-408e-918c-7b6206458f92 req-2d321c07-fc50-408e-918c-7b6206458f92 ] Request (ServerRescueTestJSONUnderV235:tearDownClass): 204 DELETE http://10.180.1.21/identity/v3/projects/14a55a06f5564465b14521b89e150849 0.117s
2025-02-18 14:40:51.223 62702 INFO tempest.lib.common.rest_client [req-7008ced9-198b-400d-8a1e-3dea036d45a1 req-7008ced9-198b-400d-8a1e-3dea036d45a1 ] Request (ValidationResourcesFixture:setUp): 201 POST http://10.180.1.21:9696/networking/v2.0/security-group-rules 0.142s
2025-02-18 14:40:51.236 62680 INFO tempest.lib.common.rest_client [req-1345bc0f-f276-437e-a3bb-a38c8f85210c req-1345bc0f-f276-437e-a3bb-a38c8f85210c ] Request (ServersAdminNegativeTestJSON:tearDownClass): 200 GET http://10.180.1.21/compute/v2.1/servers/62dce1f2-05c6-4634-ac62-423af6d9e966 0.205s
2025-02-18 14:40:51.237 62705 INFO tempest.lib.common.rest_client [req-3852982b-9878-4b6e-9199-d87078161323 req-3852982b-9878-4b6e-9199-d87078161323 ] Request (ServerRescueNegativeTestJSON:setUpClass): 200 GET http://10.180.1.21/compute/v2.1/servers/7e8c336d-48c5-4fd1-a733-f7001dea3aa4 0.199s
2025-02-18 14:40:51.285 62678 INFO tempest.lib.common.rest_client [req-904a4a74-2d93-4929-9177-5d47c71128a7 req-904a4a74-2d93-4929-9177-5d47c71128a7 ] Request (ServersNegativeTestJSON:setUpClass): 201 POST http://10.180.1.21/identity/v3/auth/tokens 0.077s
2025-02-18 14:40:51.302 62698 INFO tempest.lib.common.rest_client [req-eeb0753c-7442-431c-bbd3-2635c8c05d9e req-eeb0753c-7442-431c-bbd3-2635c8c05d9e ] Request (ServerMetadataTestJSON:setUp): 200 PUT http://10.180.1.21/compute/v2.1/servers/f7ba79d4-aa2b-4842-9bd5-8eb9a01200d2/metadata 0.124s
2025-02-18 14:40:51.314 62702 INFO tempest.lib.common.rest_client [req-4fe99c67-aa31-4d7e-a1ae-d0ce6c134d96 req-4fe99c67-aa31-4d7e-a1ae-d0ce6c134d96 ] Request (ValidationResourcesFixture:setUp): 201 POST http://10.180.1.21:9696/networking/v2.0/security-group-rules 0.090s
2025-02-18 14:40:51.324 62678 INFO tempest.lib.common.rest_client [req-dcf9a08f-52ff-47ee-bdd2-e8837bc304c3 req-dcf9a08f-52ff-47ee-bdd2-e8837bc304c3 ] Request (ServersNegativeTestJSON:setUpClass): 201 POST http://10.180.1.21/identity/v3/auth/tokens 0.036s
2025-02-18 14:40:51.358 62678 INFO tempest.lib.common.rest_client [req-de1c6943-713e-4bd7-a2d7-185d7940cb59 req-de1c6943-713e-4bd7-a2d7-185d7940cb59 ] Request (ServersNegativeTestJSON:setUpClass): 200 GET http://10.180.1.21/identity/v3/domains?name=Default 0.033s
2025-02-18 14:40:51.391 62698 INFO tempest.lib.common.rest_client [req-7769a977-a7e8-47e9-8228-548ca963fa43 req-7769a977-a7e8-47e9-8228-548ca963fa43 ] Request (ServerMetadataTestJSON:test_set_server_metadata): 200 PUT http://10.180.1.21/compute/v2.1/servers/f7ba79d4-aa2b-4842-9bd5-8eb9a01200d2/metadata 0.088s
2025-02-18 14:40:51.398 62678 INFO tempest.lib.common.rest_client [req-63d17a53-fa51-4469-9afb-3466963c5126 req-63d17a53-fa51-4469-9afb-3466963c5126 ] Request (ServersNegativeTestJSON:setUpClass): 201 POST http://10.180.1.21/identity/v3/projects 0.039s
2025-02-18 14:40:51.412 62674 INFO tempest.lib.common.rest_client [req-8402ddd2-0845-41ed-a604-b613d6e7fc7d req-8402ddd2-0845-41ed-a604-b613d6e7fc7d ] Request (DeleteServersAdminTestJSON:test_delete_server_while_in_error_state): 200 GET http://10.180.1.21/compute/v2.1/servers/6f587834-2727-48fc-8dba-50754fa70643 0.065s
2025-02-18 14:40:51.445 62698 INFO tempest.lib.common.rest_client [req-506f2abd-4117-4a6a-9da3-332bac28f16e req-506f2abd-4117-4a6a-9da3-332bac28f16e ] Request (ServerMetadataTestJSON:test_set_server_metadata): 200 GET http://10.180.1.21/compute/v2.1/servers/f7ba79d4-aa2b-4842-9bd5-8eb9a01200d2/metadata 0.052s
2025-02-18 14:40:51.470 62678 INFO tempest.lib.common.rest_client [req-d161f066-e51f-43b4-a083-c891ce05f6bd req-d161f066-e51f-43b4-a083-c891ce05f6bd ] Request (ServersNegativeTestJSON:setUpClass): 201 POST http://10.180.1.21/identity/v3/users 0.072s
2025-02-18 14:40:51.478 62696 INFO tempest.lib.common.rest_client [req-874cca8e-b67b-46a8-876e-a0388960a1b7 req-874cca8e-b67b-46a8-876e-a0388960a1b7 ] Request (InstanceActionsV221TestJSON:test_get_list_deleted_instance_actions): 200 GET http://10.180.1.21/compute/v2.1/servers/2b9b9728-7733-4e6a-82dc-c1659481f577 0.122s
2025-02-18 14:40:51.493 62661 INFO tempest.lib.common.rest_client [req-e0a2b465-f5e7-47ea-aba2-e954029b6ebd req-e0a2b465-f5e7-47ea-aba2-e954029b6ebd ] Request (ImagesOneServerTestJSON:setUpClass): 200 GET http://10.180.1.21/compute/v2.1/servers/88c9e905-5a60-4109-a03f-fa971843c488 0.076s
2025-02-18 14:40:51.499 62678 INFO tempest.lib.common.rest_client [req-3ea91c31-8b29-4698-9769-2dfbfa6f6c54 req-3ea91c31-8b29-4698-9769-2dfbfa6f6c54 ] Request (ServersNegativeTestJSON:setUpClass): 200 GET http://10.180.1.21/identity/v3/roles 0.029s
2025-02-18 14:40:51.539 62678 INFO tempest.lib.common.rest_client [req-bc7781af-d228-40f9-84fb-bce7350311c6 req-bc7781af-d228-40f9-84fb-bce7350311c6 ] Request (ServersNegativeTestJSON:setUpClass): 204 PUT http://10.180.1.21/identity/v3/projects/3f9ba67a32294feda37ce6c58c302ced/users/2bc7051fcc844938b29cc2fd9d8a2608/roles/a162f0ec5f474957911ad8212d49bbdf 0.039s
2025-02-18 14:40:51.539 62678 INFO tempest.lib.common.dynamic_creds [-] Dynamic test user 2bc7051fcc844938b29cc2fd9d8a2608 is created with scope project and roles: ['member']
2025-02-18 14:40:51.539 62678 INFO tempest.lib.common.dynamic_creds [-] Acquired dynamic creds: credentials: Credentials: {'domain_id': 'default', 'domain_name': 'Default', 'username': 'tempest-ServersNegativeTestJSON-219898612-project-member', 'project_domain_id': 'default', 'project_domain_name': 'Default', 'project_id': '3f9ba67a32294feda37ce6c58c302ced', 'project_name': 'tempest-ServersNegativeTestJSON-219898612', 'tenant_id': '3f9ba67a32294feda37ce6c58c302ced', 'tenant_name': 'tempest-ServersNegativeTestJSON-219898612', 'user_domain_id': 'default', 'user_domain_name': 'Default', 'user_id': '2bc7051fcc844938b29cc2fd9d8a2608', 'system': None}, Network: None, Subnet: None, Router: None
2025-02-18 14:40:51.542 62698 INFO tempest.lib.common.rest_client [req-54cd0774-47ea-4a0c-9251-292835abd605 req-54cd0774-47ea-4a0c-9251-292835abd605 ] Request (ServerMetadataTestJSON:setUp): 200 PUT http://10.180.1.21/compute/v2.1/servers/f7ba79d4-aa2b-4842-9bd5-8eb9a01200d2/metadata 0.096s
2025-02-18 14:40:51.601 62698 INFO tempest.lib.common.rest_client [req-6b8b7f90-1336-4240-b2ca-37ec766cea83 req-6b8b7f90-1336-4240-b2ca-37ec766cea83 ] Request (ServerMetadataTestJSON:test_set_server_metadata_item): 200 PUT http://10.180.1.21/compute/v2.1/servers/f7ba79d4-aa2b-4842-9bd5-8eb9a01200d2/metadata/nova 0.057s
2025-02-18 14:40:51.609 62678 INFO tempest.lib.common.rest_client [req-dd9731a7-c595-4337-9c07-4857ea7cb58c req-dd9731a7-c595-4337-9c07-4857ea7cb58c ] Request (ServersNegativeTestJSON:setUpClass): 201 POST http://10.180.1.21/identity/v3/auth/tokens 0.069s
2025-02-18 14:40:51.616 62644 INFO tempest.lib.common.rest_client [req-ec6d9744-5065-4a8d-8290-3f4a06fc7467 req-ec6d9744-5065-4a8d-8290-3f4a06fc7467 ] Request (ImagesNegativeTestJSON:test_create_image_from_deleted_server): 200 GET http://10.180.1.21/compute/v2.1/servers/55c3c030-2e80-4829-bd9c-0e7f3e743c6c 0.054s
2025-02-18 14:40:51.630 62698 INFO tempest.lib.common.rest_client [req-03db0285-7cd2-4adb-8f52-310a76dbc4de req-03db0285-7cd2-4adb-8f52-310a76dbc4de ] Request (ServerMetadataTestJSON:test_set_server_metadata_item): 200 GET http://10.180.1.21/compute/v2.1/servers/f7ba79d4-aa2b-4842-9bd5-8eb9a01200d2/metadata 0.028s
2025-02-18 14:40:51.676 62666 INFO tempest.lib.common.rest_client [req-520e657e-39ed-47e9-908a-0e8d657550b3 req-520e657e-39ed-47e9-908a-0e8d657550b3 ] Request (ServersAaction247Test:tearDownClass): 404 GET http://10.180.1.21/compute/v2.1/servers/e255473e-2577-4105-9d39-3436f13e2e6e 0.024s
2025-02-18 14:40:51.696 62698 INFO tempest.lib.common.rest_client [req-386c999c-94ff-4481-95e4-d45bf0674fd4 req-386c999c-94ff-4481-95e4-d45bf0674fd4 ] Request (ServerMetadataTestJSON:setUp): 200 PUT http://10.180.1.21/compute/v2.1/servers/f7ba79d4-aa2b-4842-9bd5-8eb9a01200d2/metadata 0.064s
2025-02-18 14:40:51.746 62702 INFO tempest.lib.common.rest_client [req-a6b13997-5695-4062-9f9a-41e37f2036d4 req-a6b13997-5695-4062-9f9a-41e37f2036d4 ] Request (ValidationResourcesFixture:setUp): 201 POST http://10.180.1.21:9696/networking/v2.0/floatingips 0.432s
2025-02-18 14:40:51.754 62698 INFO tempest.lib.common.rest_client [req-4b324592-9d37-4164-abc4-5f9c31f3be9e req-4b324592-9d37-4164-abc4-5f9c31f3be9e ] Request (ServerMetadataTestJSON:test_update_metadata_empty_body): 200 POST http://10.180.1.21/compute/v2.1/servers/f7ba79d4-aa2b-4842-9bd5-8eb9a01200d2/metadata 0.057s
2025-02-18 14:40:51.758 62666 INFO tempest.lib.common.rest_client [req-e86fc51e-6d87-48a9-a5b8-da799f1d2884 req-e86fc51e-6d87-48a9-a5b8-da799f1d2884 ] Request (ServersAaction247Test:tearDownClass): 204 DELETE http://10.180.1.21/identity/v3/users/9feeccccdb034bbc91851faf21b7fe50 0.082s
2025-02-18 14:40:51.759 62666 INFO tempest.lib.common.dynamic_creds [-] Deleting project and security group for project: 43378be59ec8409a87b56f298567c0a4
2025-02-18 14:40:51.784 62648 INFO tempest.lib.common.rest_client [req-06362bbc-12a8-4d57-8c18-70acb9b1cce6 req-06362bbc-12a8-4d57-8c18-70acb9b1cce6 ] Request (MigrationsAdminTest:test_list_migrations_in_flavor_resize_situation): 200 GET http://10.180.1.21/compute/v2.1/servers/aeb622a0-9532-4a9d-ac75-65f4e84dfda0 0.126s
2025-02-18 14:40:51.825 62698 INFO tempest.lib.common.rest_client [req-9d59f559-c38d-4c8e-aec3-a8432f64845f req-9d59f559-c38d-4c8e-aec3-a8432f64845f ] Request (ServerMetadataTestJSON:test_update_metadata_empty_body): 200 GET http://10.180.1.21/compute/v2.1/servers/f7ba79d4-aa2b-4842-9bd5-8eb9a01200d2/metadata 0.071s
2025-02-18 14:40:51.825 62666 INFO tempest.lib.common.rest_client [req-32506f8e-0074-44a5-a337-c5d8df9d24f6 req-32506f8e-0074-44a5-a337-c5d8df9d24f6 ] Request (ServersAaction247Test:tearDownClass): 201 POST http://10.180.1.21/identity/v3/auth/tokens 0.066s
2025-02-18 14:40:51.828 62702 INFO tempest.lib.common.rest_client [req-d1c2c3f2-f372-48fd-a5c6-cad58df71bd2 req-d1c2c3f2-f372-48fd-a5c6-cad58df71bd2 ] Request (AttachVolumeNegativeTest:test_attach_attached_volume_to_different_server): 201 POST http://10.180.1.21/identity/v3/auth/tokens 0.076s
2025-02-18 14:40:51.828 62702 INFO tempest.lib.common.fixed_network [-] (AttachVolumeNegativeTest:test_attach_attached_volume_to_different_server) Found network {'id': '6eb3be36-9f7d-42b5-a33b-15f0529c6018', 'name': 'tempest-AttachVolumeNegativeTest-760375332-network', 'tenant_id': 'b66ec80a177f4033b7616b9720856c71', 'admin_state_up': True, 'mtu': 8950, 'status': 'ACTIVE', 'subnets': [], 'shared': False, 'project_id': 'b66ec80a177f4033b7616b9720856c71', 'port_security_enabled': True, 'router:external': False, 'provider:network_type': 'vlan', 'provider:physical_network': 'default', 'provider:segmentation_id': 93, 'availability_zone_hints': [], 'availability_zones': [], 'ipv4_address_scope': None, 'ipv6_address_scope': None, 'description': '', 'tags': [], 'created_at': '2025-02-18T14:40:47Z', 'updated_at': '2025-02-18T14:40:47Z', 'revision_number': 1} available for tenant
2025-02-18 14:40:51.830 62646 INFO tempest.lib.common.rest_client [req-0215b27c-4592-4fd0-9114-bc00f8819ea3 req-0215b27c-4592-4fd0-9114-bc00f8819ea3 ] Request (InstanceActionsNegativeTestJSON:setUpClass): 200 GET http://10.180.1.21/compute/v2.1/servers/ae510f49-ca5e-4a87-94ef-24591700fcf6 0.117s
2025-02-18 14:40:51.840 62646 INFO tempest.common.waiters [-] State transition "BUILD/scheduling" ==> "BUILD/None" after 19 second wait
2025-02-18 14:40:51.886 62678 INFO tempest.lib.common.rest_client [req-6dd5de73-5f05-4230-8ee8-4d320046c834 req-6dd5de73-5f05-4230-8ee8-4d320046c834 ] Request (ServersNegativeTestJSON:setUpClass): 201 POST http://10.180.1.21:9696/networking/v2.0/networks 0.277s
2025-02-18 14:40:51.893 62656 INFO tempest.lib.common.rest_client [req-3aa72047-4637-46da-84c8-2797030cd0d4 req-3aa72047-4637-46da-84c8-2797030cd0d4 ] Request (FloatingIPsAssociationTestJSON:tearDownClass): 200 GET http://10.180.1.21/compute/v2.1/servers/88b335c7-7c56-4ae7-90a1-0fff3028c6a2 0.104s
2025-02-18 14:40:51.894 62698 INFO tempest.lib.common.rest_client [req-5202f5dc-a18f-4432-9d29-57a988fd8a74 req-5202f5dc-a18f-4432-9d29-57a988fd8a74 ] Request (ServerMetadataTestJSON:setUp): 200 PUT http://10.180.1.21/compute/v2.1/servers/f7ba79d4-aa2b-4842-9bd5-8eb9a01200d2/metadata 0.067s
2025-02-18 14:40:51.941 62670 INFO tempest.lib.common.rest_client [req-2270c8ff-9723-439d-8fb4-b66686c21402 req-2270c8ff-9723-439d-8fb4-b66686c21402 ] Request (ImagesOneServerNegativeTestJSON:setUpClass): 200 GET http://10.180.1.21/compute/v2.1/servers/df106528-9ed2-4043-9d25-464d5beb3f7b 0.093s
2025-02-18 14:40:51.998 62666 INFO tempest.lib.common.rest_client [req-88ed40f3-87a7-4b6f-a146-1703662401f0 req-88ed40f3-87a7-4b6f-a146-1703662401f0 ] Request (ServersAaction247Test:tearDownClass): 200 GET http://10.180.1.21:9696/networking/v2.0/security-groups?tenant_id=43378be59ec8409a87b56f298567c0a4&name=default 0.172s
2025-02-18 14:40:52.001 62698 INFO tempest.lib.common.rest_client [req-7a6b27b2-38ec-4821-9672-bbaa1f69c76f req-7a6b27b2-38ec-4821-9672-bbaa1f69c76f ] Request (ServerMetadataTestJSON:test_update_server_metadata): 200 POST http://10.180.1.21/compute/v2.1/servers/f7ba79d4-aa2b-4842-9bd5-8eb9a01200d2/metadata 0.106s
2025-02-18 14:40:52.070 62654 INFO tempest.lib.common.rest_client [req-37135b40-c8d1-48b0-83f0-47998da2b3d6 req-37135b40-c8d1-48b0-83f0-47998da2b3d6 ] Request (DeleteServersTestJSON:test_delete_active_server): 200 GET http://10.180.1.21/compute/v2.1/servers/04694878-b60b-4e33-bcc4-3bcb4bd1f5d3 0.140s
2025-02-18 14:40:52.079 62666 INFO tempest.lib.common.rest_client [req-2d8d5d99-3746-401a-95c5-0c72aa0e9c95 req-2d8d5d99-3746-401a-95c5-0c72aa0e9c95 ] Request (ServersAaction247Test:tearDownClass): 204 DELETE http://10.180.1.21:9696/networking/v2.0/security-groups/12ecb153-8521-4725-a42f-2b0d1b6b6c05 0.080s
2025-02-18 14:40:52.135 62642 INFO tempest.lib.common.rest_client [req-f7c4de91-153f-480d-9094-952116766f69 req-f7c4de91-153f-480d-9094-952116766f69 ] Request (ServersTestMultiNic:_run_cleanups): 200 GET http://10.180.1.21/compute/v2.1/servers/6874b574-5eb3-4c67-9e38-7027e80ce287 0.137s
2025-02-18 14:40:52.160 62666 INFO tempest.lib.common.rest_client [req-78c8fc37-3250-4eb9-94e6-da9e47a1104d req-78c8fc37-3250-4eb9-94e6-da9e47a1104d ] Request (ServersAaction247Test:tearDownClass): 204 DELETE http://10.180.1.21/identity/v3/projects/43378be59ec8409a87b56f298567c0a4 0.080s
2025-02-18 14:40:52.165 62698 INFO tempest.lib.common.rest_client [req-9496bbe7-741a-4bd4-9f85-231125bfeff0 req-9496bbe7-741a-4bd4-9f85-231125bfeff0 ] Request (ServerMetadataTestJSON:test_update_server_metadata): 200 GET http://10.180.1.21/compute/v2.1/servers/f7ba79d4-aa2b-4842-9bd5-8eb9a01200d2/metadata 0.163s
2025-02-18 14:40:52.185 62678 INFO tempest.lib.common.rest_client [req-772f6662-0107-4bee-9730-2773bfc006e6 req-772f6662-0107-4bee-9730-2773bfc006e6 ] Request (ServersNegativeTestJSON:setUpClass): 201 POST http://10.180.1.21:9696/networking/v2.0/subnets 0.298s
2025-02-18 14:40:52.225 62694 INFO tempest.lib.common.rest_client [req-ee9046db-bfe9-4f7c-9faf-be1bc49f051d req-ee9046db-bfe9-4f7c-9faf-be1bc49f051d ] Request (ServerTagsTestJSON:tearDownClass): 200 GET http://10.180.1.21/compute/v2.1/servers/83721fcc-5a99-4563-8e3f-045e6c3ec04d 0.202s
2025-02-18 14:40:52.229 62666 INFO tempest.lib.common.rest_client [req-703c5b36-b0bf-464f-9c4f-dad0cffd88df req-703c5b36-b0bf-464f-9c4f-dad0cffd88df ] Request (ServerAddressesNegativeTestJSON:setUpClass): 201 POST http://10.180.1.21/identity/v3/auth/tokens 0.068s
2025-02-18 14:40:52.260 62666 INFO tempest.lib.common.rest_client [req-fe202352-d98e-4821-8b05-de194961c031 req-fe202352-d98e-4821-8b05-de194961c031 ] Request (ServerAddressesNegativeTestJSON:setUpClass): 201 POST http://10.180.1.21/identity/v3/auth/tokens 0.028s
2025-02-18 14:40:52.277 62687 INFO tempest.lib.common.rest_client [req-df5cd35f-4f76-450f-bd5e-1e97bf2b5ae9 req-df5cd35f-4f76-450f-bd5e-1e97bf2b5ae9 ] Request (ImagesTestJSON:test_create_image_from_suspended_server): 200 GET http://10.180.1.21/compute/v2.1/servers/14b4b002-4fcd-4861-a812-47978097a8c3 0.200s
2025-02-18 14:40:52.288 62666 INFO tempest.lib.common.rest_client [req-973e89dd-4a5e-4fd5-99d5-b2bbb5d0d287 req-973e89dd-4a5e-4fd5-99d5-b2bbb5d0d287 ] Request (ServerAddressesNegativeTestJSON:setUpClass): 200 GET http://10.180.1.21/identity/v3/domains?name=Default 0.028s
2025-02-18 14:40:52.323 62666 INFO tempest.lib.common.rest_client [req-f150c77e-6d04-4998-b8ba-ebb7763157e8 req-f150c77e-6d04-4998-b8ba-ebb7763157e8 ] Request (ServerAddressesNegativeTestJSON:setUpClass): 201 POST http://10.180.1.21/identity/v3/projects 0.034s
2025-02-18 14:40:52.326 62684 INFO tempest.lib.common.rest_client [req-6e46abb7-3610-43a3-80b2-d5e31c3c19bf req-6e46abb7-3610-43a3-80b2-d5e31c3c19bf ] Request (ServersTestBootFromVolume:setUpClass): 200 GET http://10.180.1.21/compute/v2.1/servers/d9f2468c-18c3-44f4-8044-5a098ac5f107 0.243s
2025-02-18 14:40:52.331 62702 INFO tempest.lib.common.rest_client [req-f4b89bae-f0da-49d8-9d8a-dbab6f9a241e req-f4b89bae-f0da-49d8-9d8a-dbab6f9a241e ] Request (AttachVolumeNegativeTest:test_attach_attached_volume_to_different_server): 202 POST http://10.180.1.21/compute/v2.1/servers 0.501s
2025-02-18 14:40:52.386 62672 INFO tempest.lib.common.rest_client [req-919e7630-2751-492a-bfb4-c9e2a8972e24 req-919e7630-2751-492a-bfb4-c9e2a8972e24 ] Request (ListServerFiltersTestJSON:setUpClass): 200 GET http://10.180.1.21/compute/v2.1/servers/6cb8928c-4d6d-4e4b-8a57-4a130f6afa57 0.234s
2025-02-18 14:40:52.388 62662 INFO tempest.lib.common.rest_client [req-7e6c0b26-334a-4c52-94c2-d6229b749d56 req-7e6c0b26-334a-4c52-94c2-d6229b749d56 ] Request (ServersAdminTestJSON:setUpClass): 200 GET http://10.180.1.21/compute/v2.1/servers/d524e752-1c48-4acc-886d-346d8b224fcb 0.226s
2025-02-18 14:40:52.403 62666 INFO tempest.lib.common.rest_client [req-bc92a30f-fea4-47b9-b222-a945ac3c5d62 req-bc92a30f-fea4-47b9-b222-a945ac3c5d62 ] Request (ServerAddressesNegativeTestJSON:setUpClass): 201 POST http://10.180.1.21/identity/v3/users 0.079s
2025-02-18 14:40:52.439 62666 INFO tempest.lib.common.rest_client [req-172b2ad2-78e7-4fcf-9712-6e5c476c8370 req-172b2ad2-78e7-4fcf-9712-6e5c476c8370 ] Request (ServerAddressesNegativeTestJSON:setUpClass): 200 GET http://10.180.1.21/identity/v3/roles 0.036s
2025-02-18 14:40:52.444 62705 INFO tempest.lib.common.rest_client [req-1de50ef7-9ef5-42ca-9998-9a882a12cbbb req-1de50ef7-9ef5-42ca-9998-9a882a12cbbb ] Request (ServerRescueNegativeTestJSON:setUpClass): 200 GET http://10.180.1.21/compute/v2.1/servers/7e8c336d-48c5-4fd1-a733-f7001dea3aa4 0.200s
2025-02-18 14:40:52.472 62666 INFO tempest.lib.common.rest_client [req-8c99ba8e-9ba6-4813-bcc4-0c1bcedde634 req-8c99ba8e-9ba6-4813-bcc4-0c1bcedde634 ] Request (ServerAddressesNegativeTestJSON:setUpClass): 204 PUT http://10.180.1.21/identity/v3/projects/2a92473bd8c146b682afad467c09648b/users/9b746ff1308644ebb4b59fe83b09be02/roles/a162f0ec5f474957911ad8212d49bbdf 0.031s
2025-02-18 14:40:52.473 62666 INFO tempest.lib.common.dynamic_creds [-] Dynamic test user 9b746ff1308644ebb4b59fe83b09be02 is created with scope project and roles: ['member']
2025-02-18 14:40:52.473 62666 INFO tempest.lib.common.dynamic_creds [-] Acquired dynamic creds: credentials: Credentials: {'domain_id': 'default', 'domain_name': 'Default', 'username': 'tempest-ServerAddressesNegativeTestJSON-2073590222-project-member', 'project_domain_id': 'default', 'project_domain_name': 'Default', 'project_id': '2a92473bd8c146b682afad467c09648b', 'project_name': 'tempest-ServerAddressesNegativeTestJSON-2073590222', 'tenant_id': '2a92473bd8c146b682afad467c09648b', 'tenant_name': 'tempest-ServerAddressesNegativeTestJSON-2073590222', 'user_domain_id': 'default', 'user_domain_name': 'Default', 'user_id': '9b746ff1308644ebb4b59fe83b09be02', 'system': None}, Network: None, Subnet: None, Router: None
2025-02-18 14:40:52.482 62698 INFO tempest.lib.common.rest_client [req-4b163af5-2b20-48bf-8915-7949b0b5648c req-4b163af5-2b20-48bf-8915-7949b0b5648c ] Request (ServerMetadataTestJSON:tearDownClass): 204 DELETE http://10.180.1.21/compute/v2.1/servers/f7ba79d4-aa2b-4842-9bd5-8eb9a01200d2 0.314s
2025-02-18 14:40:52.524 62680 INFO tempest.lib.common.rest_client [req-831c3df7-9fbe-405b-bf2c-2b6cfba920f8 req-831c3df7-9fbe-405b-bf2c-2b6cfba920f8 ] Request (ServersAdminNegativeTestJSON:tearDownClass): 200 GET http://10.180.1.21/compute/v2.1/servers/62dce1f2-05c6-4634-ac62-423af6d9e966 0.277s
2025-02-18 14:40:52.534 62702 INFO tempest.lib.common.rest_client [req-8e25a7e0-ffcd-4dd0-be17-44ff5d25cbf5 req-8e25a7e0-ffcd-4dd0-be17-44ff5d25cbf5 ] Request (AttachVolumeNegativeTest:test_attach_attached_volume_to_different_server): 200 GET http://10.180.1.21/compute/v2.1/servers/5114d3c2-a387-4520-8837-be0736533858 0.201s
2025-02-18 14:40:52.542 62666 INFO tempest.lib.common.rest_client [req-4821a118-7f34-44a9-a438-97a2e247ad7f req-4821a118-7f34-44a9-a438-97a2e247ad7f ] Request (ServerAddressesNegativeTestJSON:setUpClass): 201 POST http://10.180.1.21/identity/v3/auth/tokens 0.069s
2025-02-18 14:40:52.602 62674 INFO tempest.lib.common.rest_client [req-ba1fb624-9de6-4ebc-891e-3b7098e3a009 req-ba1fb624-9de6-4ebc-891e-3b7098e3a009 ] Request (DeleteServersAdminTestJSON:test_delete_server_while_in_error_state): 200 GET http://10.180.1.21/compute/v2.1/servers/6f587834-2727-48fc-8dba-50754fa70643 0.180s
2025-02-18 14:40:52.675 62696 INFO tempest.lib.common.rest_client [req-07818520-a452-484e-8c40-dce3af1b0cd7 req-07818520-a452-484e-8c40-dce3af1b0cd7 ] Request (InstanceActionsV221TestJSON:test_get_list_deleted_instance_actions): 200 GET http://10.180.1.21/compute/v2.1/servers/2b9b9728-7733-4e6a-82dc-c1659481f577 0.187s
2025-02-18 14:40:52.697 62658 WARNING tempest.lib.common.ssh [-] Failed to establish authenticated ssh connection to cirros@10.180.180.175 ([Errno None] Unable to connect to port 22 on 10.180.180.175). Number attempts: 2. Retry after 3 seconds.: paramiko.ssh_exception.NoValidConnectionsError: [Errno None] Unable to connect to port 22 on 10.180.180.175
2025-02-18 14:40:52.736 62661 INFO tempest.lib.common.rest_client [req-d6df9bbb-76aa-482b-8d14-0bd7f7a78271 req-d6df9bbb-76aa-482b-8d14-0bd7f7a78271 ] Request (ImagesOneServerTestJSON:setUpClass): 200 GET http://10.180.1.21/compute/v2.1/servers/88c9e905-5a60-4109-a03f-fa971843c488 0.233s
2025-02-18 14:40:52.743 62698 INFO tempest.lib.common.rest_client [req-5a3ffcfe-b643-4514-94cf-fff43073151e req-5a3ffcfe-b643-4514-94cf-fff43073151e ] Request (ServerMetadataTestJSON:tearDownClass): 200 GET http://10.180.1.21/compute/v2.1/servers/f7ba79d4-aa2b-4842-9bd5-8eb9a01200d2 0.261s
2025-02-18 14:40:52.793 62644 INFO tempest.lib.common.rest_client [req-50a952d7-1342-48b4-8474-a3693b8b1e52 req-50a952d7-1342-48b4-8474-a3693b8b1e52 ] Request (ImagesNegativeTestJSON:test_create_image_from_deleted_server): 200 GET http://10.180.1.21/compute/v2.1/servers/55c3c030-2e80-4829-bd9c-0e7f3e743c6c 0.165s
2025-02-18 14:40:52.857 62678 INFO tempest.lib.common.rest_client [req-873d7e78-5050-4845-b443-232344c8d14a req-873d7e78-5050-4845-b443-232344c8d14a ] Request (ServersNegativeTestJSON:setUpClass): 201 POST http://10.180.1.21:9696/networking/v2.0/routers 0.672s
2025-02-18 14:40:52.911 62646 INFO tempest.lib.common.rest_client [req-fc62099b-2949-404a-9242-a6c84b1ba8e9 req-fc62099b-2949-404a-9242-a6c84b1ba8e9 ] Request (InstanceActionsNegativeTestJSON:setUpClass): 200 GET http://10.180.1.21/compute/v2.1/servers/ae510f49-ca5e-4a87-94ef-24591700fcf6 0.069s
2025-02-18 14:40:52.925 62666 INFO tempest.lib.common.rest_client [req-1d762cc4-86f0-4a5b-b4a1-e411d58e8d74 req-1d762cc4-86f0-4a5b-b4a1-e411d58e8d74 ] Request (ServerAddressesNegativeTestJSON:setUpClass): 201 POST http://10.180.1.21:9696/networking/v2.0/networks 0.382s
2025-02-18 14:40:52.975 62648 INFO tempest.lib.common.rest_client [req-6e768675-e2c9-40e3-9c00-890de995ae2c req-6e768675-e2c9-40e3-9c00-890de995ae2c ] Request (MigrationsAdminTest:test_list_migrations_in_flavor_resize_situation): 200 GET http://10.180.1.21/compute/v2.1/servers/aeb622a0-9532-4a9d-ac75-65f4e84dfda0 0.177s
