2025-02-18 14:39:47.074 62644 INFO tempest.lib.common.rest_client [req-20d5fe3a-9c43-41ba-8ea9-9c50c7c32d88 req-20d5fe3a-9c43-41ba-8ea9-9c50c7c32d88 ] Request (HypervisorAdminV253TestBase:setUpClass): 201 POST http://10.180.1.21/identity/v3/auth/tokens 0.032s
2025-02-18 14:39:47.108 62644 INFO tempest.lib.common.rest_client [req-2a48ee28-463e-4ddc-9db6-5c76b38ec99a req-2a48ee28-463e-4ddc-9db6-5c76b38ec99a ] Request (HypervisorAdminV253TestBase:setUpClass): 200 GET http://10.180.1.21/identity/v3/domains?name=Default 0.033s
2025-02-18 14:39:47.138 62644 INFO tempest.lib.common.rest_client [req-68cd4548-7218-46c7-a26a-8b0a7183c81d req-68cd4548-7218-46c7-a26a-8b0a7183c81d ] Request (HypervisorAdminV253TestBase:setUpClass): 201 POST http://10.180.1.21/identity/v3/projects 0.030s
2025-02-18 14:39:47.162 62687 INFO tempest.lib.common.rest_client [req-a639e724-5c15-4e74-aecc-c00aeed0a670 req-a639e724-5c15-4e74-aecc-c00aeed0a670 ] Request (ImagesTestJSON:test_create_image_from_stopped_server): 200 GET http://10.180.1.21/compute/v2.1/servers/554e13c2-ea50-43d4-9d9b-62a3cce7b91e 2.139s
2025-02-18 14:39:47.172 62687 INFO tempest.common.waiters [-] State transition "BUILD/block_device_mapping" ==> "BUILD/spawning" after 26 second wait
2025-02-18 14:39:47.195 62644 INFO tempest.lib.common.rest_client [req-a6a8e5ee-6741-4962-b182-3a08313f9109 req-a6a8e5ee-6741-4962-b182-3a08313f9109 ] Request (HypervisorAdminV253TestBase:setUpClass): 201 POST http://10.180.1.21/identity/v3/users 0.056s
2025-02-18 14:39:47.218 62644 INFO tempest.lib.common.rest_client [req-3a1ecf5c-e2d0-4501-bab7-6a943def88b4 req-3a1ecf5c-e2d0-4501-bab7-6a943def88b4 ] Request (HypervisorAdminV253TestBase:setUpClass): 200 GET http://10.180.1.21/identity/v3/roles 0.022s
2025-02-18 14:39:47.253 62644 INFO tempest.lib.common.rest_client [req-29ea727e-68d3-48f7-9575-05a824a69031 req-29ea727e-68d3-48f7-9575-05a824a69031 ] Request (HypervisorAdminV253TestBase:setUpClass): 204 PUT http://10.180.1.21/identity/v3/projects/306099c9bec34bb3bd1523a46859ed30/users/24617766fd88449fb1826ca7900478d7/roles/a162f0ec5f474957911ad8212d49bbdf 0.035s
2025-02-18 14:39:47.254 62644 INFO tempest.lib.common.dynamic_creds [-] Dynamic test user 24617766fd88449fb1826ca7900478d7 is created with scope project and roles: ['member']
2025-02-18 14:39:47.254 62644 INFO tempest.lib.common.dynamic_creds [-] Acquired dynamic creds: credentials: Credentials: {'domain_id': 'default', 'domain_name': 'Default', 'username': 'tempest-HypervisorAdminV253TestBase-1607021210-project-member', 'project_domain_id': 'default', 'project_domain_name': 'Default', 'project_id': '306099c9bec34bb3bd1523a46859ed30', 'project_name': 'tempest-HypervisorAdminV253TestBase-1607021210', 'tenant_id': '306099c9bec34bb3bd1523a46859ed30', 'tenant_name': 'tempest-HypervisorAdminV253TestBase-1607021210', 'user_domain_id': 'default', 'user_domain_name': 'Default', 'user_id': '24617766fd88449fb1826ca7900478d7', 'system': None}, Network: None, Subnet: None, Router: None
2025-02-18 14:39:47.254 62644 INFO tempest.lib.common.dynamic_creds [-] Created isolated network resources for: credentials: Credentials: {'domain_id': 'default', 'domain_name': 'Default', 'username': 'tempest-HypervisorAdminV253TestBase-1607021210-project-member', 'project_domain_id': 'default', 'project_domain_name': 'Default', 'project_id': '306099c9bec34bb3bd1523a46859ed30', 'project_name': 'tempest-HypervisorAdminV253TestBase-1607021210', 'tenant_id': '306099c9bec34bb3bd1523a46859ed30', 'tenant_name': 'tempest-HypervisorAdminV253TestBase-1607021210', 'user_domain_id': 'default', 'user_domain_name': 'Default', 'user_id': '24617766fd88449fb1826ca7900478d7', 'system': None}, Network: None, Subnet: None, Router: None
2025-02-18 14:39:47.320 62644 INFO tempest.lib.common.rest_client [req-38aefef4-ee69-4ff1-9e5c-011898ba0083 req-38aefef4-ee69-4ff1-9e5c-011898ba0083 ] Request (HypervisorAdminV253TestBase:setUpClass): 201 POST http://10.180.1.21/identity/v3/auth/tokens 0.062s
2025-02-18 14:39:47.377 62644 INFO tempest.lib.common.rest_client [req-f1906d51-e6bc-4eec-b241-bd44d4dde9c2 req-f1906d51-e6bc-4eec-b241-bd44d4dde9c2 ] Request (HypervisorAdminV253TestBase:setUpClass): 201 POST http://10.180.1.21/identity/v3/projects 0.056s
2025-02-18 14:39:47.433 62644 INFO tempest.lib.common.rest_client [req-70bb071d-3830-410a-b757-0d9990fab220 req-70bb071d-3830-410a-b757-0d9990fab220 ] Request (HypervisorAdminV253TestBase:setUpClass): 201 POST http://10.180.1.21/identity/v3/users 0.055s
2025-02-18 14:39:47.454 62644 INFO tempest.lib.common.rest_client [req-db2739d7-0b24-4934-9ecd-c453756f6b1d req-db2739d7-0b24-4934-9ecd-c453756f6b1d ] Request (HypervisorAdminV253TestBase:setUpClass): 200 GET http://10.180.1.21/identity/v3/roles 0.020s
2025-02-18 14:39:47.472 62705 INFO tempest.lib.common.rest_client [req-3fcb64bf-79aa-4438-97e6-e393decfddab req-3fcb64bf-79aa-4438-97e6-e393decfddab ] Request (FloatingIPsAssociationNegativeTestJSON:test_associate_ip_to_server_with_floating_ip): 400 POST http://10.180.1.21/compute/v2.1/servers/134d5bd9-4ede-4817-9d40-682ff2205edb/action 2.350s
2025-02-18 14:39:47.487 62644 INFO tempest.lib.common.rest_client [req-d15e6f46-6fc7-4b3b-ab71-dd68b1b75e13 req-d15e6f46-6fc7-4b3b-ab71-dd68b1b75e13 ] Request (HypervisorAdminV253TestBase:setUpClass): 204 PUT http://10.180.1.21/identity/v3/projects/1a0c4910a7da48a783760e815dc04acc/users/3288d63ee12447e19f69b973bf109bb0/roles/e4c5e34488c843e58e460c8ce69d6afc 0.033s
2025-02-18 14:39:47.545 62644 INFO tempest.lib.common.rest_client [req-874839c6-1776-418c-aa29-cec31184aad0 req-874839c6-1776-418c-aa29-cec31184aad0 ] Request (HypervisorAdminV253TestBase:setUpClass): 200 GET http://10.180.1.21/identity/v3/roles 0.057s
2025-02-18 14:39:47.570 62644 INFO tempest.lib.common.rest_client [req-09b64916-0740-408a-8bfe-50ed3805561c req-09b64916-0740-408a-8bfe-50ed3805561c ] Request (HypervisorAdminV253TestBase:setUpClass): 204 PUT http://10.180.1.21/identity/v3/projects/1a0c4910a7da48a783760e815dc04acc/users/3288d63ee12447e19f69b973bf109bb0/roles/e4c5e34488c843e58e460c8ce69d6afc 0.025s
2025-02-18 14:39:47.571 62644 INFO tempest.lib.common.dynamic_creds [-] Dynamic test user 3288d63ee12447e19f69b973bf109bb0 is created with scope project and roles: ['admin']
2025-02-18 14:39:47.571 62644 INFO tempest.lib.common.dynamic_creds [-] Acquired dynamic creds: credentials: Credentials: {'domain_id': 'default', 'domain_name': 'Default', 'username': 'tempest-HypervisorAdminV253TestBase-1487509529-project-admin', 'project_domain_id': 'default', 'project_domain_name': 'Default', 'project_id': '1a0c4910a7da48a783760e815dc04acc', 'project_name': 'tempest-HypervisorAdminV253TestBase-1487509529', 'tenant_id': '1a0c4910a7da48a783760e815dc04acc', 'tenant_name': 'tempest-HypervisorAdminV253TestBase-1487509529', 'user_domain_id': 'default', 'user_domain_name': 'Default', 'user_id': '3288d63ee12447e19f69b973bf109bb0', 'system': None}, Network: None, Subnet: None, Router: None
2025-02-18 14:39:47.571 62644 INFO tempest.lib.common.dynamic_creds [-] Created isolated network resources for: credentials: Credentials: {'domain_id': 'default', 'domain_name': 'Default', 'username': 'tempest-HypervisorAdminV253TestBase-1487509529-project-admin', 'project_domain_id': 'default', 'project_domain_name': 'Default', 'project_id': '1a0c4910a7da48a783760e815dc04acc', 'project_name': 'tempest-HypervisorAdminV253TestBase-1487509529', 'tenant_id': '1a0c4910a7da48a783760e815dc04acc', 'tenant_name': 'tempest-HypervisorAdminV253TestBase-1487509529', 'user_domain_id': 'default', 'user_domain_name': 'Default', 'user_id': '3288d63ee12447e19f69b973bf109bb0', 'system': None}, Network: None, Subnet: None, Router: None
2025-02-18 14:39:47.574 62678 INFO tempest.lib.common.rest_client [req-c05d6d55-f997-4cf7-b7d0-0552fa7f4a88 req-c05d6d55-f997-4cf7-b7d0-0552fa7f4a88 ] Request (ServerRescueTestJSONUnderV235:setUpClass): 200 GET http://10.180.1.21/compute/v2.1/servers/677d7209-536c-43ed-8704-1554ce7ef923 2.370s
2025-02-18 14:39:47.619 62698 INFO tempest.lib.common.rest_client [req-d33929fb-19b9-489b-ac4a-516a3a6c35f5 req-d33929fb-19b9-489b-ac4a-516a3a6c35f5 ] Request (ServerMetadataTestJSON:setUpClass): 200 GET http://10.180.1.21/compute/v2.1/servers/f7ba79d4-aa2b-4842-9bd5-8eb9a01200d2 1.848s
2025-02-18 14:39:47.640 62644 INFO tempest.lib.common.rest_client [req-02aba499-e9cd-4c8f-84e7-40adf0a88473 req-02aba499-e9cd-4c8f-84e7-40adf0a88473 ] Request (HypervisorAdminV253TestBase:setUpClass): 201 POST http://10.180.1.21/identity/v3/auth/tokens 0.067s
2025-02-18 14:39:47.665 62696 INFO tempest.lib.common.rest_client [req-3db53821-4210-40f7-8fc8-bf30f9d8ee79 req-3db53821-4210-40f7-8fc8-bf30f9d8ee79 ] Request (InstanceActionsV221TestJSON:test_get_list_deleted_instance_actions): 200 GET http://10.180.1.21/compute/v2.1/servers/2b9b9728-7733-4e6a-82dc-c1659481f577 1.825s
2025-02-18 14:39:47.684 62662 INFO tempest.lib.common.rest_client [req-6e6a87ad-6c48-491e-90d8-ae1d2a474818 req-6e6a87ad-6c48-491e-90d8-ae1d2a474818 ] Request (FlavorsAdminTestJSON:_run_cleanups): 202 DELETE http://10.180.1.21/compute/v2.1/flavors/1611072009 1.688s
2025-02-18 14:39:47.828 62650 INFO tempest.lib.common.rest_client [req-c606ca75-0b8d-466a-a737-86f6c8775d2f req-c606ca75-0b8d-466a-a737-86f6c8775d2f ] Request (ServersTestFqdnHostnames:test_create_server_with_fqdn_name): 200 GET http://10.180.1.21/compute/v2.1/servers/d104862d-3e3f-44ad-8ba9-54949db23968 1.635s
2025-02-18 14:39:47.879 62680 INFO tempest.lib.common.rest_client [req-aadb2f58-015a-4d46-968b-0da08039309f req-aadb2f58-015a-4d46-968b-0da08039309f ] Request (ServersAdminNegativeTestJSON:test_migrate_server_invalid_state): 200 GET http://10.180.1.21/compute/v2.1/servers/62dce1f2-05c6-4634-ac62-423af6d9e966 1.611s
2025-02-18 14:39:47.940 62676 INFO tempest.lib.common.rest_client [req-1fc7d47b-2e1f-4446-88e1-cc7bd6ed671f req-1fc7d47b-2e1f-4446-88e1-cc7bd6ed671f ] Request (AttachInterfacesTestJSON:test_create_list_show_delete_interfaces_by_fixed_ip): 200 GET http://10.180.1.21/compute/v2.1/servers/6c7313cd-0c0a-4068-975a-3239bf6b7869 1.607s
2025-02-18 14:39:47.949 62676 INFO tempest.common.waiters [-] State transition "BUILD/None" ==> "BUILD/networking" after 25 second wait
2025-02-18 14:39:48.004 62670 INFO tempest.lib.common.rest_client [req-b1cb6dab-89aa-4836-b7c3-0634d524e33a req-b1cb6dab-89aa-4836-b7c3-0634d524e33a ] Request (ServerDiagnosticsV248Test:tearDownClass): 200 GET http://10.180.1.21/compute/v2.1/servers/8c1ba19f-5d4c-4d59-bf01-68d886c24669 1.585s
2025-02-18 14:39:48.114 62648 INFO tempest.lib.common.rest_client [req-b9214057-39c4-4782-ba86-872bc98080ba req-b9214057-39c4-4782-ba86-872bc98080ba ] Request (MigrationsAdminTest:test_list_migrations_in_flavor_resize_situation): 200 GET http://10.180.1.21/compute/v2.1/servers/aeb622a0-9532-4a9d-ac75-65f4e84dfda0 1.481s
2025-02-18 14:39:48.177 62654 INFO tempest.lib.common.rest_client [req-eea780b7-06a7-44d8-823c-5965f8ad01e7 req-eea780b7-06a7-44d8-823c-5965f8ad01e7 ] Request (DeleteServersTestJSON:test_delete_active_server): 200 GET http://10.180.1.21/compute/v2.1/servers/04694878-b60b-4e33-bcc4-3bcb4bd1f5d3 1.464s
2025-02-18 14:39:48.237 62666 INFO tempest.lib.common.rest_client [req-064db24b-09a5-47ff-bccd-35f26f54e463 req-064db24b-09a5-47ff-bccd-35f26f54e463 ] Request (ServersAaction247Test:test_create_backup): 200 GET http://10.180.1.21/compute/v2.1/servers/e255473e-2577-4105-9d39-3436f13e2e6e 1.426s
2025-02-18 14:39:48.243 62664 INFO tempest.lib.common.rest_client [req-62b1d522-105b-4139-9276-632cf3a15f9f req-62b1d522-105b-4139-9276-632cf3a15f9f ] Request (VolumesNegativeTest:test_delete_volume_without_passing_volume_id): 404 DELETE http://10.180.1.21/compute/v2.1/os-volumes/ 1.388s
2025-02-18 14:39:48.312 62652 INFO tempest.lib.common.rest_client [req-d649db3c-aae1-4c20-bb80-a62d680687ef req-d649db3c-aae1-4c20-bb80-a62d680687ef ] Request (AttachVolumeShelveTestJSON:test_attach_volume_shelved_or_offload_server): 200 GET http://10.180.1.21/compute/v2.1/servers/16608632-c469-40d5-97d4-2e80c871e4be 1.453s
2025-02-18 14:39:48.378 62642 INFO tempest.lib.common.rest_client [req-30eca3cf-2a30-4e38-8fd0-568a5ef0cef8 req-30eca3cf-2a30-4e38-8fd0-568a5ef0cef8 ] Request (ServersTestMultiNic:test_verify_duplicate_network_nics): 200 GET http://10.180.1.21/compute/v2.1/servers/6874b574-5eb3-4c67-9e38-7027e80ce287 1.477s
2025-02-18 14:39:48.450 62684 INFO tempest.lib.common.rest_client [req-50980188-79f5-4d35-8d99-f50d9c2cd258 req-50980188-79f5-4d35-8d99-f50d9c2cd258 ] Request (ServerExternalEventsTest:tearDownClass): 200 GET http://10.180.1.21/compute/v2.1/servers/9f712855-ab1c-43d1-9dbe-15825b9f66b4 1.511s
2025-02-18 14:39:48.673 62672 INFO tempest.lib.common.rest_client [req-60818f06-5bec-4b61-a7ff-8c6a416a5da4 req-60818f06-5bec-4b61-a7ff-8c6a416a5da4 ] Request (SecurityGroupRulesTestJSON:_run_cleanups): 202 DELETE http://10.180.1.21/compute/v2.1/os-security-group-rules/aa69a953-ccf9-4803-bc9e-565f37776526 1.599s
2025-02-18 14:39:48.759 62694 INFO tempest.lib.common.rest_client [req-0db4d196-2eab-48bf-b50c-0381308cd882 req-0db4d196-2eab-48bf-b50c-0381308cd882 ] Request (ServerTagsTestJSON:setUpClass): 200 GET http://10.180.1.21/compute/v2.1/servers/83721fcc-5a99-4563-8e3f-045e6c3ec04d 1.677s
2025-02-18 14:39:48.824 62674 INFO tempest.lib.common.rest_client [req-70449bd3-28e7-475f-83fc-dc2b9be0c1b1 req-70449bd3-28e7-475f-83fc-dc2b9be0c1b1 ] Request (DeleteServersAdminTestJSON:test_delete_server_while_in_error_state): 200 GET http://10.180.1.21/compute/v2.1/servers/6f587834-2727-48fc-8dba-50754fa70643 1.439s
2025-02-18 14:39:48.947 62646 INFO tempest.lib.common.rest_client [req-45a48372-7705-43a7-a3a7-97b5092072b3 req-45a48372-7705-43a7-a3a7-97b5092072b3 ] Request (AttachInterfacesV270Test:test_create_get_list_interfaces): 400 POST http://10.180.1.21/compute/v2.1/servers/362ae547-c9b5-4e21-a740-9077e044ba8d/os-interface 5.071s
2025-02-18 14:39:49.163 62656 INFO tempest.lib.common.rest_client [req-89e6a3e1-fd01-44be-8e9c-4b54e5e644fb req-89e6a3e1-fd01-44be-8e9c-4b54e5e644fb ] Request (FloatingIPsAssociationTestJSON:test_associate_already_associated_floating_ip): 200 GET http://10.180.1.21/compute/v2.1/servers/0be60052-791c-4216-b5db-c666b62ef9f2 1.550s
2025-02-18 14:39:49.301 62644 INFO tempest.lib.common.rest_client [req-377b4dd5-a93e-4862-ad86-2ac40fe527ab req-377b4dd5-a93e-4862-ad86-2ac40fe527ab ] Request (HypervisorAdminV253TestBase:test_list_show_detail_hypervisors): 200 GET http://10.180.1.21/compute/v2.1/os-hypervisors/detail?with_servers=True 1.659s
2025-02-18 14:39:49.355 62690 INFO tempest.lib.common.rest_client [req-01f6e9d6-38fe-4be0-951e-2107a68021bc req-01f6e9d6-38fe-4be0-951e-2107a68021bc ] Request (ServersTestManualDisk:setUpClass): 200 GET http://10.180.1.21/compute/v2.1/servers/69b3114c-67ef-4fe5-9812-5fc0c07b1bb8 1.673s
2025-02-18 14:39:49.387 62662 INFO tempest.lib.common.rest_client [req-5730a60c-8641-4a74-9f5f-b8a178da9e18 req-5730a60c-8641-4a74-9f5f-b8a178da9e18 ] Request (FlavorsAdminTestJSON:_run_cleanups): 200 GET http://10.180.1.21/compute/v2.1/flavors/detail 1.703s
2025-02-18 14:39:49.437 62705 INFO tempest.lib.common.rest_client [req-3839a038-6dc1-4416-ba19-e126416e54bf req-3839a038-6dc1-4416-ba19-e126416e54bf ] Request (FloatingIPsAssociationNegativeTestJSON:_run_cleanups): 202 DELETE http://10.180.1.21/compute/v2.1/os-floating-ips/3535b909-9da6-4b55-84ae-7a20b1bac4b1 1.965s
2025-02-18 14:39:49.463 62661 INFO tempest.lib.common.rest_client [req-c47505a3-8270-4ec6-a85f-7de9067820ea req-c47505a3-8270-4ec6-a85f-7de9067820ea ] Request (ServersAdmin275Test:tearDownClass): 200 GET http://10.180.1.21/compute/v2.1/servers/f5c11eeb-bd4a-44b4-8a99-985b0c7716f6 1.669s
2025-02-18 14:39:49.497 62658 INFO tempest.lib.common.rest_client [req-8770822d-f6d2-447f-80cc-a86322073678 req-8770822d-f6d2-447f-80cc-a86322073678 ] Request (ServerActionsTestJSON:setUpClass): 200 GET http://10.180.1.21/compute/v2.1/servers/0b8a9b14-50bd-41ea-89f2-cc1d63f7816e 1.653s
2025-02-18 14:39:49.542 62682 INFO tempest.lib.common.rest_client [req-47f1d555-ee4e-4fae-bbf8-477a80092e34 req-47f1d555-ee4e-4fae-bbf8-477a80092e34 ] Request (ServerDiagnosticsNegativeTest:tearDownClass): 200 GET http://10.180.1.21/compute/v2.1/servers/272a1022-6da1-41c5-a572-e048c09a8aec 1.613s
2025-02-18 14:39:49.653 62702 INFO tempest.lib.common.rest_client [req-14293063-915d-44eb-9784-95b623d53743 req-14293063-915d-44eb-9784-95b623d53743 ] Request (ServersNegativeTestMultiTenantJSON:setUpClass): 200 GET http://10.180.1.21/compute/v2.1/servers/86949a33-63ea-47ba-924f-15bc56751c17 1.612s
2025-02-18 14:39:49.656 62664 INFO tempest.lib.common.rest_client [req-28f3a620-5ab1-430e-a20d-b047f09da502 req-28f3a620-5ab1-430e-a20d-b047f09da502 ] Request (VolumesNegativeTest:test_get_volume_without_passing_volume_id): 404 GET http://10.180.1.21/compute/v2.1/os-volumes/ 1.412s
2025-02-18 14:39:49.793 62687 INFO tempest.lib.common.rest_client [req-37f42fe8-69aa-4019-a62b-da1b61fa41a6 req-37f42fe8-69aa-4019-a62b-da1b61fa41a6 ] Request (ImagesTestJSON:test_create_image_from_stopped_server): 200 GET http://10.180.1.21/compute/v2.1/servers/554e13c2-ea50-43d4-9d9b-62a3cce7b91e 1.620s
2025-02-18 14:39:49.860 62678 INFO tempest.lib.common.rest_client [req-f1c87770-0ef9-4200-a309-3c53ac939369 req-f1c87770-0ef9-4200-a309-3c53ac939369 ] Request (ServerRescueTestJSONUnderV235:setUpClass): 200 GET http://10.180.1.21/compute/v2.1/servers/677d7209-536c-43ed-8704-1554ce7ef923 1.278s
2025-02-18 14:39:49.884 62698 INFO tempest.lib.common.rest_client [req-2e3550f7-f01b-4420-b401-6a52d8d18416 req-2e3550f7-f01b-4420-b401-6a52d8d18416 ] Request (ServerMetadataTestJSON:setUpClass): 200 GET http://10.180.1.21/compute/v2.1/servers/f7ba79d4-aa2b-4842-9bd5-8eb9a01200d2 1.256s
2025-02-18 14:39:49.968 62696 INFO tempest.lib.common.rest_client [req-26fbee21-3226-43f4-8a5b-4a09c7de41cb req-26fbee21-3226-43f4-8a5b-4a09c7de41cb ] Request (InstanceActionsV221TestJSON:test_get_list_deleted_instance_actions): 200 GET http://10.180.1.21/compute/v2.1/servers/2b9b9728-7733-4e6a-82dc-c1659481f577 1.293s
2025-02-18 14:39:50.054 62672 INFO tempest.lib.common.rest_client [req-a214bcb7-c656-4a44-a56c-5ca01cad8b90 req-a214bcb7-c656-4a44-a56c-5ca01cad8b90 ] Request (SecurityGroupRulesTestJSON:tearDownClass): 202 DELETE http://10.180.1.21/compute/v2.1/os-security-groups/a4ddbf27-b556-4d86-a9c2-d44bd010a35e 1.379s
2025-02-18 14:39:50.102 62680 INFO tempest.lib.common.rest_client [req-ae0c5d27-8844-48ff-8c34-b1e1145ca204 req-ae0c5d27-8844-48ff-8c34-b1e1145ca204 ] Request (ServersAdminNegativeTestJSON:test_migrate_server_invalid_state): 200 GET http://10.180.1.21/compute/v2.1/servers/62dce1f2-05c6-4634-ac62-423af6d9e966 1.212s
2025-02-18 14:39:50.106 62700 WARNING tempest.lib.common.ssh [-] Failed to establish authenticated ssh connection to cirros@10.180.180.155 ([Errno None] Unable to connect to port 22 on 10.180.180.155). Number attempts: 4. Retry after 5 seconds.: paramiko.ssh_exception.NoValidConnectionsError: [Errno None] Unable to connect to port 22 on 10.180.180.155
2025-02-18 14:39:50.125 62650 INFO tempest.lib.common.rest_client [req-b22d7af1-53f9-4dd2-aa80-bc43f3d8a6c0 req-b22d7af1-53f9-4dd2-aa80-bc43f3d8a6c0 ] Request (ServersTestFqdnHostnames:test_create_server_with_fqdn_name): 200 GET http://10.180.1.21/compute/v2.1/servers/d104862d-3e3f-44ad-8ba9-54949db23968 1.289s
2025-02-18 14:39:50.187 62646 INFO tempest.lib.common.rest_client [req-07274cc9-8e72-4932-90cc-5e946dec44be req-07274cc9-8e72-4932-90cc-5e946dec44be ] Request (AttachInterfacesV270Test:tearDownClass): 204 DELETE http://10.180.1.21/compute/v2.1/servers/362ae547-c9b5-4e21-a740-9077e044ba8d 1.238s
2025-02-18 14:39:50.259 62670 INFO tempest.lib.common.rest_client [req-222c59e8-06f9-4da9-afd0-dc07c13dae46 req-222c59e8-06f9-4da9-afd0-dc07c13dae46 ] Request (ServerDiagnosticsV248Test:tearDownClass): 200 GET http://10.180.1.21/compute/v2.1/servers/8c1ba19f-5d4c-4d59-bf01-68d886c24669 1.243s
2025-02-18 14:39:50.265 62676 INFO tempest.lib.common.rest_client [req-3fcef1af-645d-4675-9825-9aaab4c599d1 req-3fcef1af-645d-4675-9825-9aaab4c599d1 ] Request (AttachInterfacesTestJSON:test_create_list_show_delete_interfaces_by_fixed_ip): 200 GET http://10.180.1.21/compute/v2.1/servers/6c7313cd-0c0a-4068-975a-3239bf6b7869 1.314s
2025-02-18 14:39:50.274 62676 INFO tempest.common.waiters [-] State transition "BUILD/networking" ==> "BUILD/spawning" after 28 second wait
2025-02-18 14:39:50.330 62654 INFO tempest.lib.common.rest_client [req-8315b5af-f230-466e-a667-903dc0ec0b53 req-8315b5af-f230-466e-a667-903dc0ec0b53 ] Request (DeleteServersTestJSON:test_delete_active_server): 200 GET http://10.180.1.21/compute/v2.1/servers/04694878-b60b-4e33-bcc4-3bcb4bd1f5d3 1.145s
2025-02-18 14:39:50.398 62648 INFO tempest.lib.common.rest_client [req-0c9efa6d-abe4-490e-a491-18f0423953a9 req-0c9efa6d-abe4-490e-a491-18f0423953a9 ] Request (MigrationsAdminTest:test_list_migrations_in_flavor_resize_situation): 200 GET http://10.180.1.21/compute/v2.1/servers/aeb622a0-9532-4a9d-ac75-65f4e84dfda0 1.274s
2025-02-18 14:39:50.398 62666 INFO tempest.lib.common.rest_client [req-ce1dff45-bb02-4611-a2ed-fce5695945da req-ce1dff45-bb02-4611-a2ed-fce5695945da ] Request (ServersAaction247Test:test_create_backup): 200 GET http://10.180.1.21/compute/v2.1/servers/e255473e-2577-4105-9d39-3436f13e2e6e 1.150s
2025-02-18 14:39:50.450 62652 INFO tempest.lib.common.rest_client [req-70fec450-c80c-4aa9-9f4e-c593d2047347 req-70fec450-c80c-4aa9-9f4e-c593d2047347 ] Request (AttachVolumeShelveTestJSON:test_attach_volume_shelved_or_offload_server): 200 GET http://10.180.1.21/compute/v2.1/servers/16608632-c469-40d5-97d4-2e80c871e4be 1.120s
2025-02-18 14:39:50.452 62644 INFO tempest.lib.common.rest_client [req-0368c9b6-ec97-48bc-ace1-3668f6f1a1e7 req-0368c9b6-ec97-48bc-ace1-3668f6f1a1e7 ] Request (HypervisorAdminV253TestBase:test_list_show_detail_hypervisors): 200 GET http://10.180.1.21/compute/v2.1/os-hypervisors?with_servers=True 1.146s
2025-02-18 14:39:50.467 62662 INFO tempest.lib.common.rest_client [req-5b1aa2ed-f889-42b8-a654-3a9c575dd631 req-5b1aa2ed-f889-42b8-a654-3a9c575dd631 ] Request (FlavorsAdminTestJSON:_run_cleanups): 202 DELETE http://10.180.1.21/compute/v2.1/flavors/2084291149 1.072s
2025-02-18 14:39:50.506 62642 INFO tempest.lib.common.rest_client [req-478251f7-9c7b-472e-99ec-fc4769f5d00c req-478251f7-9c7b-472e-99ec-fc4769f5d00c ] Request (ServersTestMultiNic:test_verify_duplicate_network_nics): 200 GET http://10.180.1.21/compute/v2.1/servers/6874b574-5eb3-4c67-9e38-7027e80ce287 1.120s
2025-02-18 14:39:50.573 62684 INFO tempest.lib.common.rest_client [req-c5e9a4fe-c729-418b-acfb-40736751ec16 req-c5e9a4fe-c729-418b-acfb-40736751ec16 ] Request (ServerExternalEventsTest:tearDownClass): 200 GET http://10.180.1.21/compute/v2.1/servers/9f712855-ab1c-43d1-9dbe-15825b9f66b4 1.116s
2025-02-18 14:39:50.596 62664 INFO tempest.lib.common.rest_client [req-1667d36d-9322-4848-ba85-4d4e16517be7 req-1667d36d-9322-4848-ba85-4d4e16517be7 ] Request (VolumesNegativeTest:test_volume_delete_nonexistent_volume_id): 404 DELETE http://10.180.1.21/compute/v2.1/os-volumes/b76fa3e6-94fd-4906-98f2-416630eb4c95 0.938s
2025-02-18 14:39:50.619 62668 WARNING tempest.lib.common.ssh [-] Failed to establish authenticated ssh connection to cirros@10.180.180.253 ([Errno None] Unable to connect to port 22 on 10.180.180.253). Number attempts: 1. Retry after 2 seconds.: paramiko.ssh_exception.NoValidConnectionsError: [Errno None] Unable to connect to port 22 on 10.180.180.253
2025-02-18 14:39:50.872 62694 INFO tempest.lib.common.rest_client [req-3415dd7b-8d82-4b90-96c4-89d93f2415a2 req-3415dd7b-8d82-4b90-96c4-89d93f2415a2 ] Request (ServerTagsTestJSON:setUpClass): 200 GET http://10.180.1.21/compute/v2.1/servers/83721fcc-5a99-4563-8e3f-045e6c3ec04d 1.101s
2025-02-18 14:39:50.940 62674 INFO tempest.lib.common.rest_client [req-b6fe64d5-c0ad-4f11-aa5f-ddc346df580d req-b6fe64d5-c0ad-4f11-aa5f-ddc346df580d ] Request (DeleteServersAdminTestJSON:test_delete_server_while_in_error_state): 200 GET http://10.180.1.21/compute/v2.1/servers/6f587834-2727-48fc-8dba-50754fa70643 1.107s
2025-02-18 14:39:50.979 62672 INFO tempest.lib.common.rest_client [req-bca52194-9836-4b6a-aa63-649ee6c3142d req-bca52194-9836-4b6a-aa63-649ee6c3142d ] Request (SecurityGroupRulesTestJSON:tearDownClass): 404 DELETE http://10.180.1.21/compute/v2.1/os-security-groups/d73ab3a3-9f4a-4db4-a88f-a79935275cbd 0.925s
2025-02-18 14:39:51.142 62656 INFO tempest.lib.common.rest_client [req-4844db2b-0c2c-4c70-b3d9-17334c7174ad req-4844db2b-0c2c-4c70-b3d9-17334c7174ad ] Request (FloatingIPsAssociationTestJSON:test_associate_already_associated_floating_ip): 200 GET http://10.180.1.21/compute/v2.1/servers/0be60052-791c-4216-b5db-c666b62ef9f2 0.971s
2025-02-18 14:39:51.464 62646 INFO tempest.lib.common.rest_client [req-1a29fb2a-aa59-4ff9-888e-0e9fc4e2a976 req-1a29fb2a-aa59-4ff9-888e-0e9fc4e2a976 ] Request (AttachInterfacesV270Test:tearDownClass): 200 GET http://10.180.1.21/compute/v2.1/servers/362ae547-c9b5-4e21-a740-9077e044ba8d 1.276s
2025-02-18 14:39:51.528 62690 INFO tempest.lib.common.rest_client [req-50139fa2-de5f-4b61-8f64-d12cb5d0290c req-50139fa2-de5f-4b61-8f64-d12cb5d0290c ] Request (ServersTestManualDisk:setUpClass): 200 GET http://10.180.1.21/compute/v2.1/servers/69b3114c-67ef-4fe5-9812-5fc0c07b1bb8 1.163s
2025-02-18 14:39:51.551 62644 INFO tempest.lib.common.rest_client [req-c2026d14-6648-40b7-a061-49452cfe6372 req-c2026d14-6648-40b7-a061-49452cfe6372 ] Request (HypervisorAdminV253TestBase:test_list_show_detail_hypervisors): 200 GET http://10.180.1.21/compute/v2.1/os-hypervisors/e4ce1efe-a8f0-4655-8f76-50516c538695 1.097s
2025-02-18 14:39:51.577 62662 INFO tempest.lib.common.rest_client [req-f733244e-0b28-4a08-b0fc-f70035fdf2da req-f733244e-0b28-4a08-b0fc-f70035fdf2da ] Request (FlavorsAdminTestJSON:_run_cleanups): 200 GET http://10.180.1.21/compute/v2.1/flavors/detail 1.109s
2025-02-18 14:39:51.665 62661 INFO tempest.lib.common.rest_client [req-531613bd-11c1-4659-ac7c-bd40356c3021 req-531613bd-11c1-4659-ac7c-bd40356c3021 ] Request (ServersAdmin275Test:tearDownClass): 200 GET http://10.180.1.21/compute/v2.1/servers/f5c11eeb-bd4a-44b4-8a99-985b0c7716f6 1.190s
2025-02-18 14:39:51.673 62644 INFO tempest.lib.common.rest_client [req-47509b7a-eac1-405d-994e-79a0cfb7a4d0 req-47509b7a-eac1-405d-994e-79a0cfb7a4d0 ] Request (HypervisorAdminV253TestBase:tearDownClass): 204 DELETE http://10.180.1.21/identity/v3/users/24617766fd88449fb1826ca7900478d7 0.117s
2025-02-18 14:39:51.731 62658 INFO tempest.lib.common.rest_client [req-5ccd60f4-062d-4e4c-a6d3-f71668f72b6f req-5ccd60f4-062d-4e4c-a6d3-f71668f72b6f ] Request (ServerActionsTestJSON:setUpClass): 200 GET http://10.180.1.21/compute/v2.1/servers/0b8a9b14-50bd-41ea-89f2-cc1d63f7816e 1.223s
2025-02-18 14:39:51.808 62682 INFO tempest.lib.common.rest_client [req-4a860013-8320-4b80-a700-982a2e496c9b req-4a860013-8320-4b80-a700-982a2e496c9b ] Request (ServerDiagnosticsNegativeTest:tearDownClass): 200 GET http://10.180.1.21/compute/v2.1/servers/272a1022-6da1-41c5-a572-e048c09a8aec 1.259s
2025-02-18 14:39:51.830 62644 INFO tempest.lib.common.rest_client [req-cb1c7e59-0c49-46fd-a2fe-2ed61c194328 req-cb1c7e59-0c49-46fd-a2fe-2ed61c194328 ] Request (HypervisorAdminV253TestBase:tearDownClass): 204 DELETE http://10.180.1.21/identity/v3/users/3288d63ee12447e19f69b973bf109bb0 0.154s
2025-02-18 14:39:51.830 62644 INFO tempest.lib.common.dynamic_creds [-] Deleting project and security group for project: 1a0c4910a7da48a783760e815dc04acc
2025-02-18 14:39:51.837 62664 INFO tempest.lib.common.rest_client [req-ff8de156-76a5-48b2-9a52-fd0ecd859c48 req-ff8de156-76a5-48b2-9a52-fd0ecd859c48 ] Request (VolumesNegativeTest:test_volume_get_nonexistent_volume_id): 404 GET http://10.180.1.21/compute/v2.1/os-volumes/db8d3550-2633-47d5-b732-ffc3180b383d 1.240s
2025-02-18 14:39:51.886 62644 INFO tempest.lib.common.rest_client [req-14c0a5dc-392b-43d9-8969-145c64334b78 req-14c0a5dc-392b-43d9-8969-145c64334b78 ] Request (HypervisorAdminV253TestBase:tearDownClass): 201 POST http://10.180.1.21/identity/v3/auth/tokens 0.056s
2025-02-18 14:39:51.934 62664 INFO tempest.lib.common.rest_client [req-ead42c98-594f-4482-a33c-8b07605aa214 req-ead42c98-594f-4482-a33c-8b07605aa214 ] Request (VolumesNegativeTest:tearDownClass): 204 DELETE http://10.180.1.21/identity/v3/users/719f87328d63498682e52cd7808e324f 0.089s
2025-02-18 14:39:51.934 62664 INFO tempest.lib.common.dynamic_creds [-] Deleting project and security group for project: 3f384389cd7e49f38375ac7314667bff
2025-02-18 14:39:51.992 62664 INFO tempest.lib.common.rest_client [req-380d5942-abdb-43a8-8a60-a1bd9a15a9f6 req-380d5942-abdb-43a8-8a60-a1bd9a15a9f6 ] Request (VolumesNegativeTest:tearDownClass): 201 POST http://10.180.1.21/identity/v3/auth/tokens 0.057s
2025-02-18 14:39:52.044 62702 INFO tempest.lib.common.rest_client [req-d85fb1df-b492-4b28-b1e9-fc8a0e11b506 req-d85fb1df-b492-4b28-b1e9-fc8a0e11b506 ] Request (ServersNegativeTestMultiTenantJSON:setUpClass): 200 GET http://10.180.1.21/compute/v2.1/servers/86949a33-63ea-47ba-924f-15bc56751c17 1.379s
2025-02-18 14:39:52.077 62705 INFO tempest.lib.common.rest_client [req-94175361-d04c-4618-8d15-f7ebdab7e0ca req-94175361-d04c-4618-8d15-f7ebdab7e0ca ] Request (FloatingIPsAssociationNegativeTestJSON:_run_cleanups): 202 POST http://10.180.1.21/compute/v2.1/servers/134d5bd9-4ede-4817-9d40-682ff2205edb/action 2.639s
2025-02-18 14:39:52.153 62644 INFO tempest.lib.common.rest_client [req-3c3b1772-a6d5-4a91-8be2-08fa284b3446 req-3c3b1772-a6d5-4a91-8be2-08fa284b3446 ] Request (HypervisorAdminV253TestBase:tearDownClass): 200 GET http://10.180.1.21:9696/networking/v2.0/security-groups?tenant_id=1a0c4910a7da48a783760e815dc04acc&name=default 0.266s
2025-02-18 14:39:52.221 62687 INFO tempest.lib.common.rest_client [req-9049b0b0-44ce-44be-a58c-995d0b2c96bc req-9049b0b0-44ce-44be-a58c-995d0b2c96bc ] Request (ImagesTestJSON:test_create_image_from_stopped_server): 200 GET http://10.180.1.21/compute/v2.1/servers/554e13c2-ea50-43d4-9d9b-62a3cce7b91e 1.410s
2025-02-18 14:39:52.246 62678 INFO tempest.lib.common.rest_client [req-634a5724-866b-4052-a17f-519e6e2b19d8 req-634a5724-866b-4052-a17f-519e6e2b19d8 ] Request (ServerRescueTestJSONUnderV235:setUpClass): 200 GET http://10.180.1.21/compute/v2.1/servers/677d7209-536c-43ed-8704-1554ce7ef923 1.377s
2025-02-18 14:39:52.254 62664 INFO tempest.lib.common.rest_client [req-b09cfe31-12b3-4ec0-86b2-0df46675825f req-b09cfe31-12b3-4ec0-86b2-0df46675825f ] Request (VolumesNegativeTest:tearDownClass): 200 GET http://10.180.1.21:9696/networking/v2.0/security-groups?tenant_id=3f384389cd7e49f38375ac7314667bff&name=default 0.262s
2025-02-18 14:39:52.263 62678 INFO tempest.common.waiters [-] State transition "ACTIVE/rescuing" ==> "RESCUE/None" after 8 second wait
2025-02-18 14:39:52.299 62644 INFO tempest.lib.common.rest_client [req-53075c1a-cfab-4c34-ad80-a7c2f8ec7fab req-53075c1a-cfab-4c34-ad80-a7c2f8ec7fab ] Request (HypervisorAdminV253TestBase:tearDownClass): 204 DELETE http://10.180.1.21:9696/networking/v2.0/security-groups/82c299fe-d24d-4a25-b9a4-c27535469799 0.146s
2025-02-18 14:39:52.302 62698 INFO tempest.lib.common.rest_client [req-5a576c8a-561e-45e8-b2c2-949bf520de05 req-5a576c8a-561e-45e8-b2c2-949bf520de05 ] Request (ServerMetadataTestJSON:setUpClass): 200 GET http://10.180.1.21/compute/v2.1/servers/f7ba79d4-aa2b-4842-9bd5-8eb9a01200d2 1.408s
2025-02-18 14:39:52.348 62664 INFO tempest.lib.common.rest_client [req-561460a7-f89f-4905-be61-a68e4a0a04d7 req-561460a7-f89f-4905-be61-a68e4a0a04d7 ] Request (VolumesNegativeTest:tearDownClass): 204 DELETE http://10.180.1.21:9696/networking/v2.0/security-groups/213806f8-7f1d-4e5c-9789-61c4e64809a7 0.093s
2025-02-18 14:39:52.366 62696 INFO tempest.lib.common.rest_client [req-39956a72-69c2-4dc8-bc32-4a2807b97858 req-39956a72-69c2-4dc8-bc32-4a2807b97858 ] Request (InstanceActionsV221TestJSON:test_get_list_deleted_instance_actions): 200 GET http://10.180.1.21/compute/v2.1/servers/2b9b9728-7733-4e6a-82dc-c1659481f577 1.383s
2025-02-18 14:39:52.378 62672 INFO tempest.lib.common.rest_client [req-d2de55d1-78c6-4f69-ac2e-8f861c0e70fe req-d2de55d1-78c6-4f69-ac2e-8f861c0e70fe ] Request (SecurityGroupRulesTestJSON:tearDownClass): 202 DELETE http://10.180.1.21/compute/v2.1/os-security-groups/e5277bdf-d261-4967-8090-c23fb9d5b5fb 1.398s
2025-02-18 14:39:52.381 62696 INFO tempest.common.waiters [-] State transition "BUILD/scheduling" ==> "BUILD/None" after 11 second wait
2025-02-18 14:39:52.387 62644 INFO tempest.lib.common.rest_client [req-5e9b169d-2e95-4de4-b274-619caa3caf8a req-5e9b169d-2e95-4de4-b274-619caa3caf8a ] Request (HypervisorAdminV253TestBase:tearDownClass): 204 DELETE http://10.180.1.21/identity/v3/projects/1a0c4910a7da48a783760e815dc04acc 0.087s
2025-02-18 14:39:52.387 62644 INFO tempest.lib.common.dynamic_creds [-] Deleting project and security group for project: 306099c9bec34bb3bd1523a46859ed30
2025-02-18 14:39:52.436 62680 INFO tempest.lib.common.rest_client [req-933c0c74-0fc2-406b-8967-7d414816ebbf req-933c0c74-0fc2-406b-8967-7d414816ebbf ] Request (ServersAdminNegativeTestJSON:test_migrate_server_invalid_state): 200 GET http://10.180.1.21/compute/v2.1/servers/62dce1f2-05c6-4634-ac62-423af6d9e966 1.319s
2025-02-18 14:39:52.468 62664 INFO tempest.lib.common.rest_client [req-232d3249-0f25-4129-b9ff-85957ffaebcc req-232d3249-0f25-4129-b9ff-85957ffaebcc ] Request (VolumesNegativeTest:tearDownClass): 204 DELETE http://10.180.1.21/identity/v3/projects/3f384389cd7e49f38375ac7314667bff 0.116s
2025-02-18 14:39:52.502 62644 INFO tempest.lib.common.rest_client [req-4ad3a89c-b26b-4481-914e-501eb4654520 req-4ad3a89c-b26b-4481-914e-501eb4654520 ] Request (HypervisorAdminV253TestBase:tearDownClass): 200 GET http://10.180.1.21:9696/networking/v2.0/security-groups?tenant_id=306099c9bec34bb3bd1523a46859ed30&name=default 0.115s
2025-02-18 14:39:52.511 62670 INFO tempest.lib.common.rest_client [req-af6486fa-c903-478a-a341-888fd584ee8b req-af6486fa-c903-478a-a341-888fd584ee8b ] Request (ServerDiagnosticsV248Test:tearDownClass): 200 GET http://10.180.1.21/compute/v2.1/servers/8c1ba19f-5d4c-4d59-bf01-68d886c24669 1.242s
2025-02-18 14:39:52.607 62650 INFO tempest.lib.common.rest_client [req-74f3cecd-89ab-492a-9f90-5bbe1e7bc31d req-74f3cecd-89ab-492a-9f90-5bbe1e7bc31d ] Request (ServersTestFqdnHostnames:test_create_server_with_fqdn_name): 200 GET http://10.180.1.21/compute/v2.1/servers/d104862d-3e3f-44ad-8ba9-54949db23968 1.474s
2025-02-18 14:39:52.614 62650 INFO tempest.common.waiters [-] State transition "BUILD/spawning" ==> "ACTIVE/None" after 33 second wait
2025-02-18 14:39:52.669 62676 INFO tempest.lib.common.rest_client [req-5c1134f2-2809-4524-b11e-069af673b8c5 req-5c1134f2-2809-4524-b11e-069af673b8c5 ] Request (AttachInterfacesTestJSON:test_create_list_show_delete_interfaces_by_fixed_ip): 200 GET http://10.180.1.21/compute/v2.1/servers/6c7313cd-0c0a-4068-975a-3239bf6b7869 1.392s
2025-02-18 14:39:52.674 62654 INFO tempest.lib.common.rest_client [req-e3b4bbec-3612-43a1-bb0f-ead67158d644 req-e3b4bbec-3612-43a1-bb0f-ead67158d644 ] Request (DeleteServersTestJSON:test_delete_active_server): 200 GET http://10.180.1.21/compute/v2.1/servers/04694878-b60b-4e33-bcc4-3bcb4bd1f5d3 1.336s
2025-02-18 14:39:52.684 62644 INFO tempest.lib.common.rest_client [req-90850f50-b2ba-4095-9386-1c36f9895878 req-90850f50-b2ba-4095-9386-1c36f9895878 ] Request (HypervisorAdminV253TestBase:tearDownClass): 204 DELETE http://10.180.1.21:9696/networking/v2.0/security-groups/7524e605-786d-42cc-8d41-d6d7be16758e 0.180s
2025-02-18 14:39:52.760 62666 INFO tempest.lib.common.rest_client [req-1c89ae3a-9349-4873-ba84-2736144689f2 req-1c89ae3a-9349-4873-ba84-2736144689f2 ] Request (ServersAaction247Test:test_create_backup): 200 GET http://10.180.1.21/compute/v2.1/servers/e255473e-2577-4105-9d39-3436f13e2e6e 1.352s
2025-02-18 14:39:52.788 62644 INFO tempest.lib.common.rest_client [req-d9967feb-0114-488d-93e2-504cebeff7c4 req-d9967feb-0114-488d-93e2-504cebeff7c4 ] Request (HypervisorAdminV253TestBase:tearDownClass): 204 DELETE http://10.180.1.21/identity/v3/projects/306099c9bec34bb3bd1523a46859ed30 0.102s
2025-02-18 14:39:52.852 62652 INFO tempest.lib.common.rest_client [req-9c098b7c-dffb-4d69-aa06-c2b9af555e3b req-9c098b7c-dffb-4d69-aa06-c2b9af555e3b ] Request (AttachVolumeShelveTestJSON:test_attach_volume_shelved_or_offload_server): 200 GET http://10.180.1.21/compute/v2.1/servers/16608632-c469-40d5-97d4-2e80c871e4be 1.393s
2025-02-18 14:39:52.858 62644 INFO tempest.lib.common.rest_client [req-1dcfeab1-21c3-421e-9b46-1ea7ffbc62c9 req-1dcfeab1-21c3-421e-9b46-1ea7ffbc62c9 ] Request (SecurityGroupsTestAdminJSON:setUpClass): 201 POST http://10.180.1.21/identity/v3/auth/tokens 0.068s
2025-02-18 14:39:52.891 62644 INFO tempest.lib.common.rest_client [req-3ce5cedc-a195-4a66-832b-b388fe6d5657 req-3ce5cedc-a195-4a66-832b-b388fe6d5657 ] Request (SecurityGroupsTestAdminJSON:setUpClass): 201 POST http://10.180.1.21/identity/v3/auth/tokens 0.030s
2025-02-18 14:39:52.917 62644 INFO tempest.lib.common.rest_client [req-d1f0efa2-175b-45b9-9a4e-6faa86c80da1 req-d1f0efa2-175b-45b9-9a4e-6faa86c80da1 ] Request (SecurityGroupsTestAdminJSON:setUpClass): 200 GET http://10.180.1.21/identity/v3/domains?name=Default 0.026s
2025-02-18 14:39:52.933 62642 INFO tempest.lib.common.rest_client [req-bc919281-227f-4b6f-bf7b-ae4e725ed41d req-bc919281-227f-4b6f-bf7b-ae4e725ed41d ] Request (ServersTestMultiNic:test_verify_duplicate_network_nics): 200 GET http://10.180.1.21/compute/v2.1/servers/6874b574-5eb3-4c67-9e38-7027e80ce287 1.419s
2025-02-18 14:39:52.948 62644 INFO tempest.lib.common.rest_client [req-80bff721-55d5-4163-bfa6-cefa6c75c67f req-80bff721-55d5-4163-bfa6-cefa6c75c67f ] Request (SecurityGroupsTestAdminJSON:setUpClass): 201 POST http://10.180.1.21/identity/v3/projects 0.031s
2025-02-18 14:39:52.957 62684 INFO tempest.lib.common.rest_client [req-65234916-684b-4e8a-a426-cefb1c3ff355 req-65234916-684b-4e8a-a426-cefb1c3ff355 ] Request (ServerExternalEventsTest:tearDownClass): 404 GET http://10.180.1.21/compute/v2.1/servers/9f712855-ab1c-43d1-9dbe-15825b9f66b4 1.373s
2025-02-18 14:39:52.970 62648 INFO tempest.lib.common.rest_client [req-1e6bee06-1548-4662-ab1d-acf059a2824b req-1e6bee06-1548-4662-ab1d-acf059a2824b ] Request (MigrationsAdminTest:test_list_migrations_in_flavor_resize_situation): 200 GET http://10.180.1.21/compute/v2.1/servers/aeb622a0-9532-4a9d-ac75-65f4e84dfda0 1.560s
2025-02-18 14:39:52.976 62662 INFO tempest.lib.common.rest_client [req-d562fdd3-6842-4b5b-aad2-72bb47e77c62 req-d562fdd3-6842-4b5b-aad2-72bb47e77c62 ] Request (FlavorsAdminTestJSON:test_list_non_public_flavor): 200 POST http://10.180.1.21/compute/v2.1/flavors 1.391s
2025-02-18 14:39:53.027 62644 INFO tempest.lib.common.rest_client [req-62b6a967-459a-44cb-bead-4b0c03426880 req-62b6a967-459a-44cb-bead-4b0c03426880 ] Request (SecurityGroupsTestAdminJSON:setUpClass): 201 POST http://10.180.1.21/identity/v3/users 0.078s
2025-02-18 14:39:53.051 62644 INFO tempest.lib.common.rest_client [req-3aa3ae5a-aa33-4bbf-9387-2411ee8f43b8 req-3aa3ae5a-aa33-4bbf-9387-2411ee8f43b8 ] Request (SecurityGroupsTestAdminJSON:setUpClass): 200 GET http://10.180.1.21/identity/v3/roles 0.024s
2025-02-18 14:39:53.062 62674 INFO tempest.lib.common.rest_client [req-94f519db-307f-4124-b071-6437e2b29970 req-94f519db-307f-4124-b071-6437e2b29970 ] Request (DeleteServersAdminTestJSON:test_delete_server_while_in_error_state): 200 GET http://10.180.1.21/compute/v2.1/servers/6f587834-2727-48fc-8dba-50754fa70643 1.114s
2025-02-18 14:39:53.072 62694 INFO tempest.lib.common.rest_client [req-1d698d10-8540-4865-b358-d15c375b7e43 req-1d698d10-8540-4865-b358-d15c375b7e43 ] Request (ServerTagsTestJSON:setUpClass): 200 GET http://10.180.1.21/compute/v2.1/servers/83721fcc-5a99-4563-8e3f-045e6c3ec04d 1.191s
2025-02-18 14:39:53.095 62684 INFO tempest.lib.common.rest_client [req-ff732601-3367-4f4f-8b5f-7e607dd7ec06 req-ff732601-3367-4f4f-8b5f-7e607dd7ec06 ] Request (ServerExternalEventsTest:tearDownClass): 204 DELETE http://10.180.1.21/identity/v3/users/69aa041403b942749009fcc47f91ebb4 0.138s
2025-02-18 14:39:53.138 62644 INFO tempest.lib.common.rest_client [req-2d74fea2-28ae-4160-90e1-5d5e115cd058 req-2d74fea2-28ae-4160-90e1-5d5e115cd058 ] Request (SecurityGroupsTestAdminJSON:setUpClass): 204 PUT http://10.180.1.21/identity/v3/projects/458f97bbcc8c43dfa5c1ff835444df4c/users/794e6926b6334239a143ceee28a3fa05/roles/a162f0ec5f474957911ad8212d49bbdf 0.086s
2025-02-18 14:39:53.138 62644 INFO tempest.lib.common.dynamic_creds [-] Dynamic test user 794e6926b6334239a143ceee28a3fa05 is created with scope project and roles: ['member']
2025-02-18 14:39:53.138 62644 INFO tempest.lib.common.dynamic_creds [-] Acquired dynamic creds: credentials: Credentials: {'domain_id': 'default', 'domain_name': 'Default', 'username': 'tempest-SecurityGroupsTestAdminJSON-1214081702-project-member', 'project_domain_id': 'default', 'project_domain_name': 'Default', 'project_id': '458f97bbcc8c43dfa5c1ff835444df4c', 'project_name': 'tempest-SecurityGroupsTestAdminJSON-1214081702', 'tenant_id': '458f97bbcc8c43dfa5c1ff835444df4c', 'tenant_name': 'tempest-SecurityGroupsTestAdminJSON-1214081702', 'user_domain_id': 'default', 'user_domain_name': 'Default', 'user_id': '794e6926b6334239a143ceee28a3fa05', 'system': None}, Network: None, Subnet: None, Router: None
2025-02-18 14:39:53.139 62644 INFO tempest.lib.common.dynamic_creds [-] Created isolated network resources for: credentials: Credentials: {'domain_id': 'default', 'domain_name': 'Default', 'username': 'tempest-SecurityGroupsTestAdminJSON-1214081702-project-member', 'project_domain_id': 'default', 'project_domain_name': 'Default', 'project_id': '458f97bbcc8c43dfa5c1ff835444df4c', 'project_name': 'tempest-SecurityGroupsTestAdminJSON-1214081702', 'tenant_id': '458f97bbcc8c43dfa5c1ff835444df4c', 'tenant_name': 'tempest-SecurityGroupsTestAdminJSON-1214081702', 'user_domain_id': 'default', 'user_domain_name': 'Default', 'user_id': '794e6926b6334239a143ceee28a3fa05', 'system': None}, Network: None, Subnet: None, Router: None
2025-02-18 14:39:53.177 62692 WARNING tempest.lib.common.ssh [-] Failed to establish authenticated ssh connection to cirros@10.180.180.244 ([Errno None] Unable to connect to port 22 on 10.180.180.244). Number attempts: 4. Retry after 5 seconds.: paramiko.ssh_exception.NoValidConnectionsError: [Errno None] Unable to connect to port 22 on 10.180.180.244
2025-02-18 14:39:53.220 62644 INFO tempest.lib.common.rest_client [req-996d5422-bea6-444a-a7ab-99b6b37d0b67 req-996d5422-bea6-444a-a7ab-99b6b37d0b67 ] Request (SecurityGroupsTestAdminJSON:setUpClass): 201 POST http://10.180.1.21/identity/v3/auth/tokens 0.076s
2025-02-18 14:39:53.254 62684 INFO tempest.lib.common.rest_client [req-4f678eae-e9ad-4bdd-a00a-aa9102ce5c6d req-4f678eae-e9ad-4bdd-a00a-aa9102ce5c6d ] Request (ServerExternalEventsTest:tearDownClass): 204 DELETE http://10.180.1.21/identity/v3/users/6142537192c7484e80ef39252b6553bd 0.158s
2025-02-18 14:39:53.290 62644 INFO tempest.lib.common.rest_client [req-78f20536-e393-403b-a0bb-be04bdefcf70 req-78f20536-e393-403b-a0bb-be04bdefcf70 ] Request (SecurityGroupsTestAdminJSON:setUpClass): 201 POST http://10.180.1.21/identity/v3/projects 0.069s
2025-02-18 14:39:53.345 62656 INFO tempest.lib.common.rest_client [req-be7a3944-89b1-4fc1-8f46-9e95a0b1f9b2 req-be7a3944-89b1-4fc1-8f46-9e95a0b1f9b2 ] Request (FloatingIPsAssociationTestJSON:test_associate_already_associated_floating_ip): 200 GET http://10.180.1.21/compute/v2.1/servers/0be60052-791c-4216-b5db-c666b62ef9f2 1.194s
2025-02-18 14:39:53.353 62656 INFO tempest.common.waiters [-] State transition "BUILD/spawning" ==> "ACTIVE/None" after 32 second wait
2025-02-18 14:39:53.363 62644 INFO tempest.lib.common.rest_client [req-4e9637d0-5b85-4c6a-a82f-081d567b3f98 req-4e9637d0-5b85-4c6a-a82f-081d567b3f98 ] Request (SecurityGroupsTestAdminJSON:setUpClass): 201 POST http://10.180.1.21/identity/v3/users 0.072s
2025-02-18 14:39:53.393 62684 INFO tempest.lib.common.rest_client [req-734dc5a8-4957-4d43-b437-5d1c0f674724 req-734dc5a8-4957-4d43-b437-5d1c0f674724 ] Request (ServerExternalEventsTest:tearDownClass): 204 DELETE http://10.180.1.21/identity/v3/users/38eb759834074b98bb83126d7ce56db3 0.139s
2025-02-18 14:39:53.394 62684 INFO tempest.lib.common.dynamic_creds [-] Deleting project and security group for project: d1c1eb70bbcf47e194425a9c11125c55
2025-02-18 14:39:53.414 62644 INFO tempest.lib.common.rest_client [req-87689456-34e3-4817-8766-e0b87e6e26bc req-87689456-34e3-4817-8766-e0b87e6e26bc ] Request (SecurityGroupsTestAdminJSON:setUpClass): 200 GET http://10.180.1.21/identity/v3/roles 0.051s
2025-02-18 14:39:53.446 62684 INFO tempest.lib.common.rest_client [req-b33a4055-41f8-48d4-9550-ae1c70fc5da2 req-b33a4055-41f8-48d4-9550-ae1c70fc5da2 ] Request (ServerExternalEventsTest:tearDownClass): 201 POST http://10.180.1.21/identity/v3/auth/tokens 0.052s
2025-02-18 14:39:53.473 62644 INFO tempest.lib.common.rest_client [req-1ae47c5c-470d-48dc-a70f-2484aff166bd req-1ae47c5c-470d-48dc-a70f-2484aff166bd ] Request (SecurityGroupsTestAdminJSON:setUpClass): 204 PUT http://10.180.1.21/identity/v3/projects/ccc55b82dc0e49f8bd7959a14e30e836/users/7e9b3ae58af54368b6f215fc312005f0/roles/e4c5e34488c843e58e460c8ce69d6afc 0.059s
2025-02-18 14:39:53.499 62678 INFO tempest.lib.common.rest_client [req-afaa8f4a-312b-4c31-a8fb-96290a9aee9b req-afaa8f4a-312b-4c31-a8fb-96290a9aee9b ] Request (ServerRescueTestJSONUnderV235:test_rescued_vm_add_remove_security_group): 200 POST http://10.180.1.21/compute/v2.1/os-security-groups 1.235s
2025-02-18 14:39:53.531 62644 INFO tempest.lib.common.rest_client [req-5dd832f2-a633-4069-a700-d7314c3e1793 req-5dd832f2-a633-4069-a700-d7314c3e1793 ] Request (SecurityGroupsTestAdminJSON:setUpClass): 200 GET http://10.180.1.21/identity/v3/roles 0.057s
2025-02-18 14:39:53.550 62644 INFO tempest.lib.common.rest_client [req-81b5e3c4-0806-4499-9627-8e2a842a1cc7 req-81b5e3c4-0806-4499-9627-8e2a842a1cc7 ] Request (SecurityGroupsTestAdminJSON:setUpClass): 204 PUT http://10.180.1.21/identity/v3/projects/ccc55b82dc0e49f8bd7959a14e30e836/users/7e9b3ae58af54368b6f215fc312005f0/roles/e4c5e34488c843e58e460c8ce69d6afc 0.018s
2025-02-18 14:39:53.550 62644 INFO tempest.lib.common.dynamic_creds [-] Dynamic test user 7e9b3ae58af54368b6f215fc312005f0 is created with scope project and roles: ['admin']
2025-02-18 14:39:53.550 62644 INFO tempest.lib.common.dynamic_creds [-] Acquired dynamic creds: credentials: Credentials: {'domain_id': 'default', 'domain_name': 'Default', 'username': 'tempest-SecurityGroupsTestAdminJSON-1402574400-project-admin', 'project_domain_id': 'default', 'project_domain_name': 'Default', 'project_id': 'ccc55b82dc0e49f8bd7959a14e30e836', 'project_name': 'tempest-SecurityGroupsTestAdminJSON-1402574400', 'tenant_id': 'ccc55b82dc0e49f8bd7959a14e30e836', 'tenant_name': 'tempest-SecurityGroupsTestAdminJSON-1402574400', 'user_domain_id': 'default', 'user_domain_name': 'Default', 'user_id': '7e9b3ae58af54368b6f215fc312005f0', 'system': None}, Network: None, Subnet: None, Router: None
2025-02-18 14:39:53.550 62644 INFO tempest.lib.common.dynamic_creds [-] Created isolated network resources for: credentials: Credentials: {'domain_id': 'default', 'domain_name': 'Default', 'username': 'tempest-SecurityGroupsTestAdminJSON-1402574400-project-admin', 'project_domain_id': 'default', 'project_domain_name': 'Default', 'project_id': 'ccc55b82dc0e49f8bd7959a14e30e836', 'project_name': 'tempest-SecurityGroupsTestAdminJSON-1402574400', 'tenant_id': 'ccc55b82dc0e49f8bd7959a14e30e836', 'tenant_name': 'tempest-SecurityGroupsTestAdminJSON-1402574400', 'user_domain_id': 'default', 'user_domain_name': 'Default', 'user_id': '7e9b3ae58af54368b6f215fc312005f0', 'system': None}, Network: None, Subnet: None, Router: None
2025-02-18 14:39:53.617 62705 INFO tempest.lib.common.rest_client [req-a6369079-f084-4975-9701-e74a05cc2d37 req-a6369079-f084-4975-9701-e74a05cc2d37 ] Request (FloatingIPsAssociationNegativeTestJSON:_run_cleanups): 202 DELETE http://10.180.1.21/compute/v2.1/os-floating-ips/9ec5c7c0-0902-4d11-b29b-7e54b35b3c24 1.539s
2025-02-18 14:39:53.624 62684 INFO tempest.lib.common.rest_client [req-fd1b39b4-1272-492d-a410-880d5c509bb2 req-fd1b39b4-1272-492d-a410-880d5c509bb2 ] Request (ServerExternalEventsTest:tearDownClass): 200 GET http://10.180.1.21:9696/networking/v2.0/security-groups?tenant_id=d1c1eb70bbcf47e194425a9c11125c55&name=default 0.177s
2025-02-18 14:39:53.651 62672 INFO tempest.lib.common.rest_client [req-f99c3ef3-057f-4a29-8f3d-4a66886b2d75 req-f99c3ef3-057f-4a29-8f3d-4a66886b2d75 ] Request (SecurityGroupRulesTestJSON:tearDownClass): 202 DELETE http://10.180.1.21/compute/v2.1/os-security-groups/8ad353fd-9fd8-4151-bbae-50d3b48dc58d 1.272s
2025-02-18 14:39:53.652 62644 INFO tempest.lib.common.rest_client [req-030bced1-a551-4b92-969f-2be7fdd62867 req-030bced1-a551-4b92-969f-2be7fdd62867 ] Request (SecurityGroupsTestAdminJSON:setUpClass): 201 POST http://10.180.1.21/identity/v3/auth/tokens 0.098s
2025-02-18 14:39:53.690 62668 WARNING tempest.lib.common.ssh [-] Failed to establish authenticated ssh connection to cirros@10.180.180.253 ([Errno None] Unable to connect to port 22 on 10.180.180.253). Number attempts: 2. Retry after 3 seconds.: paramiko.ssh_exception.NoValidConnectionsError: [Errno None] Unable to connect to port 22 on 10.180.180.253
2025-02-18 14:39:53.698 62646 INFO tempest.lib.common.rest_client [req-6716590e-e907-4782-b52d-be85807be373 req-6716590e-e907-4782-b52d-be85807be373 ] Request (AttachInterfacesV270Test:tearDownClass): 200 GET http://10.180.1.21/compute/v2.1/servers/362ae547-c9b5-4e21-a740-9077e044ba8d 1.218s
