2025-02-18 14:39:29.008 62688 INFO tempest.lib.common.rest_client [req-1eda0824-320b-4209-90b4-d475c983c408 req-1eda0824-320b-4209-90b4-d475c983c408 ] Request (TestVersions:setUpClass): 200 GET http://10.180.1.21/identity/v3/roles 0.152s
2025-02-18 14:39:29.037 62690 INFO tempest.lib.common.rest_client [req-b4e61bf5-6550-4ac8-9c65-0e91fefa2625 req-b4e61bf5-6550-4ac8-9c65-0e91fefa2625 ] Request (ServersTestManualDisk:setUpClass): 201 POST http://10.180.1.21/identity/v3/users 0.124s
2025-02-18 14:39:29.050 62688 INFO tempest.lib.common.rest_client [req-a6acb94a-d7de-4306-b50e-e1ada9fe6add req-a6acb94a-d7de-4306-b50e-e1ada9fe6add ] Request (TestVersions:setUpClass): 204 PUT http://10.180.1.21/identity/v3/projects/5f247a13890c46bb9bcdcfa98a0a107c/users/f58bd273e1d14b88a93076207896a95b/roles/a162f0ec5f474957911ad8212d49bbdf 0.041s
2025-02-18 14:39:29.050 62688 INFO tempest.lib.common.dynamic_creds [-] Dynamic test user f58bd273e1d14b88a93076207896a95b is created with scope project and roles: ['member']
2025-02-18 14:39:29.050 62688 INFO tempest.lib.common.dynamic_creds [-] Acquired dynamic creds: credentials: Credentials: {'domain_id': 'default', 'domain_name': 'Default', 'username': 'tempest-TestVersions-1587142078-project-member', 'project_domain_id': 'default', 'project_domain_name': 'Default', 'project_id': '5f247a13890c46bb9bcdcfa98a0a107c', 'project_name': 'tempest-TestVersions-1587142078', 'tenant_id': '5f247a13890c46bb9bcdcfa98a0a107c', 'tenant_name': 'tempest-TestVersions-1587142078', 'user_domain_id': 'default', 'user_domain_name': 'Default', 'user_id': 'f58bd273e1d14b88a93076207896a95b', 'system': None}, Network: None, Subnet: None, Router: None
2025-02-18 14:39:29.050 62688 INFO tempest.lib.common.dynamic_creds [-] Created isolated network resources for: credentials: Credentials: {'domain_id': 'default', 'domain_name': 'Default', 'username': 'tempest-TestVersions-1587142078-project-member', 'project_domain_id': 'default', 'project_domain_name': 'Default', 'project_id': '5f247a13890c46bb9bcdcfa98a0a107c', 'project_name': 'tempest-TestVersions-1587142078', 'tenant_id': '5f247a13890c46bb9bcdcfa98a0a107c', 'tenant_name': 'tempest-TestVersions-1587142078', 'user_domain_id': 'default', 'user_domain_name': 'Default', 'user_id': 'f58bd273e1d14b88a93076207896a95b', 'system': None}, Network: None, Subnet: None, Router: None
2025-02-18 14:39:29.067 62648 INFO tempest.lib.common.rest_client [req-ec1b079e-5884-40e8-9935-0ad137da4358 req-ec1b079e-5884-40e8-9935-0ad137da4358 ] Request (MigrationsAdminTest:test_list_migrations_in_flavor_resize_situation): 202 POST http://10.180.1.21/compute/v2.1/servers/aeb622a0-9532-4a9d-ac75-65f4e84dfda0/action 2.402s
2025-02-18 14:39:29.067 62690 INFO tempest.lib.common.rest_client [req-88849edd-e893-4cd2-b585-cc41653dee1c req-88849edd-e893-4cd2-b585-cc41653dee1c ] Request (ServersTestManualDisk:setUpClass): 200 GET http://10.180.1.21/identity/v3/roles 0.029s
2025-02-18 14:39:29.094 62674 INFO tempest.lib.common.rest_client [req-5029ef9e-12cc-4217-b338-753dab6acbba req-5029ef9e-12cc-4217-b338-753dab6acbba ] Request (DeleteServersAdminTestJSON:test_admin_delete_servers_of_others): 200 GET http://10.180.1.21/compute/v2.1/servers/6dcc5aef-a417-4e28-b807-39f518bcd7fa 2.018s
2025-02-18 14:39:29.111 62644 INFO tempest.lib.common.rest_client [req-36be14c4-3f0f-4c12-8822-51070abe8d41 req-36be14c4-3f0f-4c12-8822-51070abe8d41 ] Request (AggregatesAdminNegativeTestJSON:test_aggregate_get_details_with_invalid_id): 404 GET http://10.180.1.21/compute/v2.1/os-aggregates/-1 1.546s
2025-02-18 14:39:29.149 62694 INFO tempest.lib.common.rest_client [req-5ee3af88-4105-4899-bf84-5d26d5cfb654 req-5ee3af88-4105-4899-bf84-5d26d5cfb654 ] Request (QuotasAdminTestJSON:tearDownClass): 200 GET http://10.180.1.21:9696/networking/v2.0/security-groups?tenant_id=b88697fb06c94a4b859117943b9813c2&name=default 0.424s
2025-02-18 14:39:29.157 62688 INFO tempest.lib.common.rest_client [req-12fdb2c7-7c0e-4aa6-89c0-4ac5c5c5b216 req-12fdb2c7-7c0e-4aa6-89c0-4ac5c5c5b216 ] Request (TestVersions:setUpClass): 201 POST http://10.180.1.21/identity/v3/auth/tokens 0.102s
2025-02-18 14:39:29.175 62690 INFO tempest.lib.common.rest_client [req-eb24f25f-dd55-4eb5-b73a-c946358f28f1 req-eb24f25f-dd55-4eb5-b73a-c946358f28f1 ] Request (ServersTestManualDisk:setUpClass): 204 PUT http://10.180.1.21/identity/v3/projects/b99c369478dc48c1a277044aa358f827/users/a0b806bf596e426fa597f570882cadab/roles/a162f0ec5f474957911ad8212d49bbdf 0.107s
2025-02-18 14:39:29.176 62690 INFO tempest.lib.common.dynamic_creds [-] Dynamic test user a0b806bf596e426fa597f570882cadab is created with scope project and roles: ['member']
2025-02-18 14:39:29.176 62690 INFO tempest.lib.common.dynamic_creds [-] Acquired dynamic creds: credentials: Credentials: {'domain_id': 'default', 'domain_name': 'Default', 'username': 'tempest-ServersTestManualDisk-2112220345-project-member', 'project_domain_id': 'default', 'project_domain_name': 'Default', 'project_id': 'b99c369478dc48c1a277044aa358f827', 'project_name': 'tempest-ServersTestManualDisk-2112220345', 'tenant_id': 'b99c369478dc48c1a277044aa358f827', 'tenant_name': 'tempest-ServersTestManualDisk-2112220345', 'user_domain_id': 'default', 'user_domain_name': 'Default', 'user_id': 'a0b806bf596e426fa597f570882cadab', 'system': None}, Network: None, Subnet: None, Router: None
2025-02-18 14:39:29.185 62661 INFO tempest.lib.common.rest_client [req-e91206dc-d356-4e66-b89d-40adb0da0694 req-e91206dc-d356-4e66-b89d-40adb0da0694 ] Request (ServersAdmin275Test:_run_cleanups): 200 GET http://10.180.1.21/compute/v2.1/servers/f5c11eeb-bd4a-44b4-8a99-985b0c7716f6 1.685s
2025-02-18 14:39:29.254 62690 INFO tempest.lib.common.rest_client [req-40033c0a-febc-40c1-8d77-4ad4e7e3cca7 req-40033c0a-febc-40c1-8d77-4ad4e7e3cca7 ] Request (ServersTestManualDisk:setUpClass): 201 POST http://10.180.1.21/identity/v3/auth/tokens 0.077s
2025-02-18 14:39:29.281 62684 INFO tempest.lib.common.rest_client [req-68e90880-d690-4c39-b3dd-9f64b3bd495d req-68e90880-d690-4c39-b3dd-9f64b3bd495d ] Request (ServerExternalEventsTest:tearDownClass): 200 GET http://10.180.1.21/compute/v2.1/servers/9f712855-ab1c-43d1-9dbe-15825b9f66b4 1.402s
2025-02-18 14:39:29.291 62684 INFO tempest.common.waiters [-] State transition "ACTIVE/deleting" ==> "DELETED/None" after 3 second wait
2025-02-18 14:39:29.334 62694 INFO tempest.lib.common.rest_client [req-8fe9d68c-d647-4894-a634-fbfd8bb63bc8 req-8fe9d68c-d647-4894-a634-fbfd8bb63bc8 ] Request (QuotasAdminTestJSON:tearDownClass): 204 DELETE http://10.180.1.21:9696/networking/v2.0/security-groups/68eaf4e2-e0e5-4a6b-abaf-f367b45299e4 0.184s
2025-02-18 14:39:29.376 62646 INFO tempest.lib.common.rest_client [req-e5e7f18b-d795-4fe8-8f5d-407843ed787e req-e5e7f18b-d795-4fe8-8f5d-407843ed787e ] Request (AttachInterfacesV270Test:test_create_get_list_interfaces): 200 GET http://10.180.1.21/compute/v2.1/servers/362ae547-c9b5-4e21-a740-9077e044ba8d 1.393s
2025-02-18 14:39:29.441 62656 INFO tempest.lib.common.rest_client [req-9bc2d105-f963-45b6-aaf1-e64e51289aba req-9bc2d105-f963-45b6-aaf1-e64e51289aba ] Request (FloatingIPsAssociationTestJSON:test_associate_already_associated_floating_ip): 200 GET http://10.180.1.21/compute/v2.1/servers/0be60052-791c-4216-b5db-c666b62ef9f2 1.363s
2025-02-18 14:39:29.447 62694 INFO tempest.lib.common.rest_client [req-ea087c4b-bd40-48ea-95a9-c729daaf32b1 req-ea087c4b-bd40-48ea-95a9-c729daaf32b1 ] Request (QuotasAdminTestJSON:tearDownClass): 204 DELETE http://10.180.1.21/identity/v3/projects/b88697fb06c94a4b859117943b9813c2 0.112s
2025-02-18 14:39:29.447 62694 INFO tempest.lib.common.dynamic_creds [-] Deleting project and security group for project: 41abfc4ac25e4c0e9188752b205d4848
2025-02-18 14:39:29.476 62672 INFO tempest.lib.common.rest_client [req-4ac86681-08a7-4ca0-82ea-6fa1a5e87834 req-4ac86681-08a7-4ca0-82ea-6fa1a5e87834 ] Request (SecurityGroupRulesTestJSON:test_security_group_rules_create_with_optional_group_id): 200 POST http://10.180.1.21/compute/v2.1/os-security-group-rules 1.598s
2025-02-18 14:39:29.478 62672 WARNING tempest.lib.common.rest_client [-] Deprecated: "tenant_id" property is deprecated for removal, use "project_id" instead
2025-02-18 14:39:29.541 62692 INFO tempest.lib.common.rest_client [req-62add296-d075-4583-924a-c728273fbb06 req-62add296-d075-4583-924a-c728273fbb06 ] Request (ServersWithSpecificFlavorTestJSON:test_verify_created_server_ephemeral_disk): 200 GET http://10.180.1.21/compute/v2.1/servers/8b0b955b-47b6-4c40-bdcc-e929e2013509/os-interface 1.446s
2025-02-18 14:39:29.706 62694 INFO tempest.lib.common.rest_client [req-a125c310-c158-4d84-9b23-ca08a84bbaf7 req-a125c310-c158-4d84-9b23-ca08a84bbaf7 ] Request (QuotasAdminTestJSON:tearDownClass): 200 GET http://10.180.1.21:9696/networking/v2.0/security-groups?tenant_id=41abfc4ac25e4c0e9188752b205d4848&name=default 0.259s
2025-02-18 14:39:29.729 62680 INFO tempest.lib.common.rest_client [req-83e090a5-f4e6-4f15-8a07-ec90d07fcb7d req-83e090a5-f4e6-4f15-8a07-ec90d07fcb7d ] Request (ServersAdminNegativeTestJSON:setUpClass): 200 GET http://10.180.1.21/compute/v2.1/servers/53bb2f01-4e70-471e-ad9d-7bff56746663 1.576s
2025-02-18 14:39:29.781 62690 INFO tempest.lib.common.rest_client [req-687eca67-8ae0-4af4-a104-948959631c30 req-687eca67-8ae0-4af4-a104-948959631c30 ] Request (ServersTestManualDisk:setUpClass): 201 POST http://10.180.1.21:9696/networking/v2.0/networks 0.526s
2025-02-18 14:39:29.832 62696 INFO tempest.lib.common.rest_client [req-0f5a284f-a364-45e9-a713-4c5c814afae5 req-0f5a284f-a364-45e9-a713-4c5c814afae5 ] Request (AbsoluteLimitsNegativeTestJSON:test_max_metadata_exceed_limit): 200 GET http://10.180.1.21/compute/v2.1/limits 1.473s
2025-02-18 14:39:29.854 62642 INFO tempest.lib.common.rest_client [req-7a8e998d-db23-4d58-a2e6-429629e73119 req-7a8e998d-db23-4d58-a2e6-429629e73119 ] Request (ServersTestMultiNic:setUpClass): 200 PUT http://10.180.1.21:9696/networking/v2.0/routers/0ed6c089-736a-4bd9-9e07-a2648a3f987c/add_router_interface 2.172s
2025-02-18 14:39:29.855 62642 INFO tempest.lib.common.dynamic_creds [-] Created isolated network resources for: credentials: Credentials: {'domain_id': 'default', 'domain_name': 'Default', 'username': 'tempest-ServersTestMultiNic-1535698327-project-member', 'project_domain_id': 'default', 'project_domain_name': 'Default', 'project_id': 'eb309cea0517410098f964f25b8f6b17', 'project_name': 'tempest-ServersTestMultiNic-1535698327', 'tenant_id': 'eb309cea0517410098f964f25b8f6b17', 'tenant_name': 'tempest-ServersTestMultiNic-1535698327', 'user_domain_id': 'default', 'user_domain_name': 'Default', 'user_id': '0184404e034446988e3f3502612ada2e', 'system': None}, Network: {'id': '2d236f60-4279-42c9-9263-021d523daad1', 'name': 'tempest-ServersTestMultiNic-628564370-network', 'tenant_id': 'eb309cea0517410098f964f25b8f6b17', 'admin_state_up': True, 'mtu': 8950, 'status': 'ACTIVE', 'subnets': [], 'shared': False, 'project_id': 'eb309cea0517410098f964f25b8f6b17', 'port_security_enabled': True, 'router:external': False, 'provider:network_type': 'vlan', 'provider:physical_network': 'default', 'provider:segmentation_id': 576, 'availability_zone_hints': [], 'availability_zones': [], 'ipv4_address_scope': None, 'ipv6_address_scope': None, 'description': '', 'tags': [], 'created_at': '2025-02-18T14:39:24Z', 'updated_at': '2025-02-18T14:39:24Z', 'revision_number': 1}, Subnet: {'id': 'ed784975-9f77-4ba2-b706-6feb022cb06d', 'name': 'tempest-ServersTestMultiNic-628564370-subnet', 'tenant_id': 'eb309cea0517410098f964f25b8f6b17', 'network_id': '2d236f60-4279-42c9-9263-021d523daad1', 'ip_version': 4, 'subnetpool_id': None, 'enable_dhcp': True, 'ipv6_ra_mode': None, 'ipv6_address_mode': None, 'gateway_ip': '192.168.128.1', 'cidr': '192.168.128.0/28', 'allocation_pools': [{'start': '192.168.128.2', 'end': '192.168.128.14'}], 'host_routes': [], 'dns_nameservers': [], 'description': '', 'router:external': False, 'service_types': [], 'tags': [], 'created_at': '2025-02-18T14:39:25Z', 'updated_at': '2025-02-18T14:39:25Z', 'revision_number': 0, 'project_id': 'eb309cea0517410098f964f25b8f6b17'}, Router: {'id': '0ed6c089-736a-4bd9-9e07-a2648a3f987c', 'name': 'tempest-ServersTestMultiNic-628564370-router', 'tenant_id': 'eb309cea0517410098f964f25b8f6b17', 'admin_state_up': True, 'status': 'ACTIVE', 'external_gateway_info': {'network_id': '5bc54faf-cf1a-4502-8099-7502aaf5588b', 'external_fixed_ips': [{'subnet_id': 'bba56266-6241-4aa0-aefd-b0965dc5247b', 'ip_address': '10.180.180.247'}], 'enable_snat': True}, 'description': '', 'availability_zones': [], 'distributed': False, 'ha': False, 'availability_zone_hints': [], 'routes': [], 'flavor_id': None, 'tags': [], 'created_at': '2025-02-18T14:39:25Z', 'updated_at': '2025-02-18T14:39:26Z', 'revision_number': 2, 'project_id': 'eb309cea0517410098f964f25b8f6b17'}
2025-02-18 14:39:29.879 62696 INFO tempest.lib.common.rest_client [req-e196fd96-caab-4536-99b0-db37d64700b6 req-e196fd96-caab-4536-99b0-db37d64700b6 ] Request (AbsoluteLimitsNegativeTestJSON:test_max_metadata_exceed_limit): 201 POST http://10.180.1.21/identity/v3/auth/tokens 0.036s
2025-02-18 14:39:29.879 62696 INFO tempest.lib.common.fixed_network [-] (AbsoluteLimitsNegativeTestJSON:test_max_metadata_exceed_limit) Found network None available for tenant
2025-02-18 14:39:29.884 62694 INFO tempest.lib.common.rest_client [req-e9526b1e-d2e1-4f90-b13c-e43a16fd8dcb req-e9526b1e-d2e1-4f90-b13c-e43a16fd8dcb ] Request (QuotasAdminTestJSON:tearDownClass): 204 DELETE http://10.180.1.21:9696/networking/v2.0/security-groups/28f3332f-e27d-43b3-bd94-8bc03124d630 0.177s
2025-02-18 14:39:29.937 62682 INFO tempest.lib.common.rest_client [req-1e8e640b-96e1-4637-a7a4-5d4d30e66a2d req-1e8e640b-96e1-4637-a7a4-5d4d30e66a2d ] Request (ServerDiagnosticsNegativeTest:tearDownClass): 200 GET http://10.180.1.21/compute/v2.1/servers/272a1022-6da1-41c5-a572-e048c09a8aec 1.385s
2025-02-18 14:39:29.948 62682 INFO tempest.common.waiters [-] State transition "ACTIVE/deleting" ==> "DELETED/None" after 2 second wait
2025-02-18 14:39:29.951 62642 INFO tempest.lib.common.rest_client [req-52137bec-d611-48a0-9d47-28cd6f4176d4 req-52137bec-d611-48a0-9d47-28cd6f4176d4 ] Request (ServersTestMultiNic:setUpClass): 201 POST http://10.180.1.21/identity/v3/auth/tokens 0.090s
2025-02-18 14:39:30.022 62687 INFO tempest.lib.common.rest_client [req-db7cbdd4-2bab-4fc1-835e-ecaf7b281031 req-db7cbdd4-2bab-4fc1-835e-ecaf7b281031 ] Request (ImagesTestJSON:test_create_image_from_stopped_server): 200 GET http://10.180.1.21/compute/v2.1/servers/554e13c2-ea50-43d4-9d9b-62a3cce7b91e 1.442s
2025-02-18 14:39:30.030 62694 INFO tempest.lib.common.rest_client [req-8fe8d9f4-6e07-4fae-a56e-572bc2bd5e0c req-8fe8d9f4-6e07-4fae-a56e-572bc2bd5e0c ] Request (QuotasAdminTestJSON:tearDownClass): 204 DELETE http://10.180.1.21/identity/v3/projects/41abfc4ac25e4c0e9188752b205d4848 0.145s
2025-02-18 14:39:30.031 62694 INFO tempest.test [-] raised in TestMultiAttachVolumeSwap.setUpClass. Invoking tearDownClass.
2025-02-18 14:39:30.100 62694 INFO tempest.lib.common.rest_client [req-2d757cc6-9694-4d54-9f47-d5ae28953763 req-2d757cc6-9694-4d54-9f47-d5ae28953763 ] Request (ServerTagsTestJSON:setUpClass): 201 POST http://10.180.1.21/identity/v3/auth/tokens 0.065s
2025-02-18 14:39:30.135 62694 INFO tempest.lib.common.rest_client [req-1e9993d8-2259-4576-9324-10c49d265e8f req-1e9993d8-2259-4576-9324-10c49d265e8f ] Request (ServerTagsTestJSON:setUpClass): 201 POST http://10.180.1.21/identity/v3/auth/tokens 0.032s
2025-02-18 14:39:30.143 62702 INFO tempest.lib.common.rest_client [req-f1e20227-02c4-4720-96ec-658965553bb6 req-f1e20227-02c4-4720-96ec-658965553bb6 ] Request (ServersNegativeTestMultiTenantJSON:setUpClass): 200 GET http://10.180.1.21/compute/v2.1/servers/86949a33-63ea-47ba-924f-15bc56751c17 1.502s
2025-02-18 14:39:30.160 62664 INFO tempest.lib.common.rest_client [req-9fa8daff-379d-4d21-966b-01dfc180e0f3 req-9fa8daff-379d-4d21-966b-01dfc180e0f3 ] Request (VolumesGetTestJSON:test_volume_create_get_delete): 200 POST http://10.180.1.21/compute/v2.1/os-volumes 2.011s
2025-02-18 14:39:30.167 62694 INFO tempest.lib.common.rest_client [req-9f4f969f-6d08-4b25-addb-72921bc7e005 req-9f4f969f-6d08-4b25-addb-72921bc7e005 ] Request (ServerTagsTestJSON:setUpClass): 200 GET http://10.180.1.21/identity/v3/domains?name=Default 0.032s
2025-02-18 14:39:30.220 62694 INFO tempest.lib.common.rest_client [req-188d5f7b-d8aa-49f3-9dfd-5472ddad7688 req-188d5f7b-d8aa-49f3-9dfd-5472ddad7688 ] Request (ServerTagsTestJSON:setUpClass): 201 POST http://10.180.1.21/identity/v3/projects 0.052s
2025-02-18 14:39:30.284 62694 INFO tempest.lib.common.rest_client [req-120ec861-968f-4c0c-a149-7bd6647ee3a0 req-120ec861-968f-4c0c-a149-7bd6647ee3a0 ] Request (ServerTagsTestJSON:setUpClass): 201 POST http://10.180.1.21/identity/v3/users 0.063s
2025-02-18 14:39:30.287 62676 INFO tempest.lib.common.rest_client [req-48caa81a-608d-4b9a-b382-3b3b3c2db1e7 req-48caa81a-608d-4b9a-b382-3b3b3c2db1e7 ] Request (AttachInterfacesTestJSON:test_create_list_show_delete_interfaces_by_fixed_ip): 200 GET http://10.180.1.21/compute/v2.1/servers/6c7313cd-0c0a-4068-975a-3239bf6b7869 1.540s
2025-02-18 14:39:30.292 62650 INFO tempest.lib.common.rest_client [req-e4bd6907-46af-4ffd-8efb-9c6fcf9f76db req-e4bd6907-46af-4ffd-8efb-9c6fcf9f76db ] Request (ServersTestFqdnHostnames:test_create_server_with_fqdn_name): 200 GET http://10.180.1.21/compute/v2.1/servers/d104862d-3e3f-44ad-8ba9-54949db23968 1.439s
2025-02-18 14:39:30.302 62676 INFO tempest.common.waiters [-] State transition "BUILD/scheduling" ==> "BUILD/None" after 8 second wait
2025-02-18 14:39:30.317 62694 INFO tempest.lib.common.rest_client [req-b35d5427-b7ff-40de-81e0-940c173597e9 req-b35d5427-b7ff-40de-81e0-940c173597e9 ] Request (ServerTagsTestJSON:setUpClass): 200 GET http://10.180.1.21/identity/v3/roles 0.032s
2025-02-18 14:39:30.358 62694 INFO tempest.lib.common.rest_client [req-0c0d077a-c9f9-479a-8d69-3421cbed1bd6 req-0c0d077a-c9f9-479a-8d69-3421cbed1bd6 ] Request (ServerTagsTestJSON:setUpClass): 204 PUT http://10.180.1.21/identity/v3/projects/ea23eb0ab19e4631bd2b1c7252ab60ca/users/1a9cd777df0a40408d54404b6264d72b/roles/a162f0ec5f474957911ad8212d49bbdf 0.039s
2025-02-18 14:39:30.358 62694 INFO tempest.lib.common.dynamic_creds [-] Dynamic test user 1a9cd777df0a40408d54404b6264d72b is created with scope project and roles: ['member']
2025-02-18 14:39:30.358 62694 INFO tempest.lib.common.dynamic_creds [-] Acquired dynamic creds: credentials: Credentials: {'domain_id': 'default', 'domain_name': 'Default', 'username': 'tempest-ServerTagsTestJSON-124785861-project-member', 'project_domain_id': 'default', 'project_domain_name': 'Default', 'project_id': 'ea23eb0ab19e4631bd2b1c7252ab60ca', 'project_name': 'tempest-ServerTagsTestJSON-124785861', 'tenant_id': 'ea23eb0ab19e4631bd2b1c7252ab60ca', 'tenant_name': 'tempest-ServerTagsTestJSON-124785861', 'user_domain_id': 'default', 'user_domain_name': 'Default', 'user_id': '1a9cd777df0a40408d54404b6264d72b', 'system': None}, Network: None, Subnet: None, Router: None
2025-02-18 14:39:30.385 62670 INFO tempest.lib.common.rest_client [req-e33b5658-aa99-412b-ac3e-cc133f06be84 req-e33b5658-aa99-412b-ac3e-cc133f06be84 ] Request (ServerDiagnosticsV248Test:tearDownClass): 200 GET http://10.180.1.21/compute/v2.1/servers/8c1ba19f-5d4c-4d59-bf01-68d886c24669 1.429s
2025-02-18 14:39:30.411 62662 INFO tempest.lib.common.rest_client [req-4f6f0bee-f2ad-45c7-870d-1024e4abc82b req-4f6f0bee-f2ad-45c7-870d-1024e4abc82b ] Request (FlavorsAdminTestJSON:test_is_public_string_variations): 200 POST http://10.180.1.21/compute/v2.1/flavors 1.414s
2025-02-18 14:39:30.437 62694 INFO tempest.lib.common.rest_client [req-8b4e96ff-874b-4804-9893-7cab6d09a2dc req-8b4e96ff-874b-4804-9893-7cab6d09a2dc ] Request (ServerTagsTestJSON:setUpClass): 201 POST http://10.180.1.21/identity/v3/auth/tokens 0.078s
2025-02-18 14:39:30.447 62690 INFO tempest.lib.common.rest_client [req-064c499c-13e5-48da-a813-cfa76b6738ec req-064c499c-13e5-48da-a813-cfa76b6738ec ] Request (ServersTestManualDisk:setUpClass): 201 POST http://10.180.1.21:9696/networking/v2.0/subnets 0.665s
2025-02-18 14:39:30.479 62642 INFO tempest.lib.common.rest_client [req-1df6906a-eafe-4cc7-82fc-deaf47d50227 req-1df6906a-eafe-4cc7-82fc-deaf47d50227 ] Request (ServersTestMultiNic:test_verify_duplicate_network_nics): 201 POST http://10.180.1.21:9696/networking/v2.0/networks 0.527s
2025-02-18 14:39:30.737 62648 INFO tempest.lib.common.rest_client [req-baa9dc08-bb9f-4f9d-beea-0352db131a4c req-baa9dc08-bb9f-4f9d-beea-0352db131a4c ] Request (MigrationsAdminTest:test_list_migrations_in_flavor_resize_situation): 200 GET http://10.180.1.21/compute/v2.1/servers/aeb622a0-9532-4a9d-ac75-65f4e84dfda0 1.670s
2025-02-18 14:39:30.744 62658 INFO tempest.lib.common.rest_client [req-63d03ee3-75c0-4281-a9d7-ac85235acb0e req-63d03ee3-75c0-4281-a9d7-ac85235acb0e ] Request (QuotasAdminNegativeTest:test_create_server_when_memory_quota_is_full): 403 POST http://10.180.1.21/compute/v2.1/servers 1.791s
2025-02-18 14:39:30.745 62644 INFO tempest.lib.common.rest_client [req-0dff90a7-6325-4486-8fc4-24fb2e81655f req-0dff90a7-6325-4486-8fc4-24fb2e81655f ] Request (AggregatesAdminNegativeTestJSON:test_aggregate_list_as_user): 403 GET http://10.180.1.21/compute/v2.1/os-aggregates 1.633s
2025-02-18 14:39:30.749 62688 INFO tempest.lib.common.rest_client [-] Request (TestVersions:test_get_version_details): 200 GET http://10.180.1.21/compute/ 1.590s
2025-02-18 14:39:31.077 62694 INFO tempest.lib.common.rest_client [req-d7f1dc50-d9f5-4237-ab55-422612c83f0f req-d7f1dc50-d9f5-4237-ab55-422612c83f0f ] Request (ServerTagsTestJSON:setUpClass): 201 POST http://10.180.1.21:9696/networking/v2.0/networks 0.639s
2025-02-18 14:39:31.094 62692 INFO tempest.lib.common.rest_client [req-ee13135d-4303-4331-9b90-f78f2f5fcb8c req-ee13135d-4303-4331-9b90-f78f2f5fcb8c ] Request (ServersWithSpecificFlavorTestJSON:test_verify_created_server_ephemeral_disk): 200 PUT http://10.180.1.21:9696/networking/v2.0/floatingips/91c1deac-196d-48a6-835f-e29e3bea2795 1.548s
2025-02-18 14:39:31.239 62678 INFO tempest.lib.common.rest_client [req-790d68be-8605-4f2b-adb7-2c73310cf223 req-790d68be-8605-4f2b-adb7-2c73310cf223 ] Request (ServerRescueTestJSONUnderV235:setUpClass): 200 GET http://10.180.1.21/compute/v2.1/servers/677d7209-536c-43ed-8704-1554ce7ef923 2.031s
2025-02-18 14:39:31.249 62678 INFO tempest.common.waiters [-] State transition "BUILD/networking" ==> "BUILD/spawning" after 19 second wait
2025-02-18 14:39:31.345 62705 INFO tempest.lib.common.rest_client [req-447f088a-94f6-43c6-b379-ab8b3da07afa req-447f088a-94f6-43c6-b379-ab8b3da07afa ] Request (FloatingIPsAssociationNegativeTestJSON:setUpClass): 200 GET http://10.180.1.21/compute/v2.1/servers/134d5bd9-4ede-4817-9d40-682ff2205edb 1.881s
2025-02-18 14:39:31.348 62694 INFO tempest.lib.common.rest_client [req-7d36db11-707d-457e-8fbf-d45a468ea0c8 req-7d36db11-707d-457e-8fbf-d45a468ea0c8 ] Request (ServerTagsTestJSON:setUpClass): 201 POST http://10.180.1.21:9696/networking/v2.0/subnets 0.269s
2025-02-18 14:39:31.445 62666 INFO tempest.lib.common.rest_client [req-49a675a3-af0c-484a-ad48-6f7ea0b4f931 req-49a675a3-af0c-484a-ad48-6f7ea0b4f931 ] Request (ServersAaction247Test:test_create_backup): 200 GET http://10.180.1.21/compute/v2.1/servers/e255473e-2577-4105-9d39-3436f13e2e6e 1.911s
2025-02-18 14:39:31.582 62672 INFO tempest.lib.common.rest_client [req-f41097b8-8a50-4945-b554-77cc278ae47d req-f41097b8-8a50-4945-b554-77cc278ae47d ] Request (SecurityGroupRulesTestJSON:test_security_group_rules_delete_when_peer_group_deleted): 200 POST http://10.180.1.21/compute/v2.1/os-security-groups 2.102s
2025-02-18 14:39:31.615 62642 INFO tempest.lib.common.rest_client [req-0c4ade2c-c4ff-4582-9fa4-053b53d39c79 req-0c4ade2c-c4ff-4582-9fa4-053b53d39c79 ] Request (ServersTestMultiNic:test_verify_duplicate_network_nics): 201 POST http://10.180.1.21:9696/networking/v2.0/subnets 1.136s
2025-02-18 14:39:31.629 62668 INFO tempest.lib.common.rest_client [req-7fea5180-9456-48cc-8752-ff7adc4f8749 req-7fea5180-9456-48cc-8752-ff7adc4f8749 ] Request (VolumesAssistedSnapshotsTest:test_volume_assisted_snapshot_create_delete): 200 GET http://10.180.1.21/compute/v2.1/servers/c1559566-8363-4f6d-8e9d-695f91e7fe1d 2.057s
2025-02-18 14:39:31.660 62652 INFO tempest.lib.common.rest_client [req-d884d771-52fd-4a73-a52e-5402f8921d3a req-d884d771-52fd-4a73-a52e-5402f8921d3a ] Request (AttachVolumeShelveTestJSON:test_attach_volume_shelved_or_offload_server): 200 GET http://10.180.1.21/compute/v2.1/servers/16608632-c469-40d5-97d4-2e80c871e4be 2.012s
2025-02-18 14:39:31.720 62654 INFO tempest.lib.common.rest_client [req-5d0644ac-07cf-4a24-b378-249617976dc5 req-5d0644ac-07cf-4a24-b378-249617976dc5 ] Request (ServerDiagnosticsTest:tearDownClass): 200 GET http://10.180.1.21/compute/v2.1/servers/0d3265e8-1056-4410-8035-d009478d2052 1.967s
2025-02-18 14:39:31.815 62674 INFO tempest.lib.common.rest_client [req-39e10323-2c96-4fa8-8653-a7734b9dd28f req-39e10323-2c96-4fa8-8653-a7734b9dd28f ] Request (DeleteServersAdminTestJSON:test_admin_delete_servers_of_others): 200 GET http://10.180.1.21/compute/v2.1/servers/6dcc5aef-a417-4e28-b807-39f518bcd7fa 1.709s
2025-02-18 14:39:31.870 62642 INFO tempest.lib.common.rest_client [req-011b603d-5fb6-4abc-9d48-fc7267e94d81 req-011b603d-5fb6-4abc-9d48-fc7267e94d81 ] Request (ServersTestMultiNic:test_verify_duplicate_network_nics): 201 POST http://10.180.1.21:9696/networking/v2.0/networks 0.254s
2025-02-18 14:39:31.872 62664 INFO tempest.lib.common.rest_client [req-53f5ca9e-94f0-4d82-9276-3bf2c1261029 req-53f5ca9e-94f0-4d82-9276-3bf2c1261029 ] Request (VolumesGetTestJSON:test_volume_create_get_delete): 200 GET http://10.180.1.21/compute/v2.1/os-volumes/16bf8976-0f7d-4fc1-8463-654075d95f6a 1.706s
2025-02-18 14:39:31.878 62664 INFO tempest.common.waiters [-] volume 16bf8976-0f7d-4fc1-8463-654075d95f6a reached available after waiting for 0.878518 seconds
2025-02-18 14:39:31.956 62696 INFO tempest.lib.common.rest_client [req-9a1fc5f9-9571-4280-a8a4-0bea17c4c0f5 req-9a1fc5f9-9571-4280-a8a4-0bea17c4c0f5 ] Request (AbsoluteLimitsNegativeTestJSON:test_max_metadata_exceed_limit): 403 POST http://10.180.1.21/compute/v2.1/servers 2.076s
2025-02-18 14:39:31.969 62661 INFO tempest.lib.common.rest_client [req-eaff06f0-0d37-455d-bae5-a8dbda68086f req-eaff06f0-0d37-455d-bae5-a8dbda68086f ] Request (ServersAdmin275Test:_run_cleanups): 200 GET http://10.180.1.21/compute/v2.1/servers/f5c11eeb-bd4a-44b4-8a99-985b0c7716f6 1.762s
2025-02-18 14:39:31.987 62661 INFO tempest.common.waiters [-] State transition "REBUILD/rebuilding" ==> "REBUILD/rebuild_spawning" after 2 second wait
2025-02-18 14:39:32.044 62684 INFO tempest.lib.common.rest_client [req-817913b9-0d30-4832-9bc0-f0e2a872983b req-817913b9-0d30-4832-9bc0-f0e2a872983b ] Request (ServerExternalEventsTest:tearDownClass): 200 GET http://10.180.1.21/compute/v2.1/servers/9f712855-ab1c-43d1-9dbe-15825b9f66b4 1.752s
2025-02-18 14:39:32.051 62696 INFO tempest.lib.common.rest_client [req-aa27cf50-1967-4481-aba0-5358db76d701 req-aa27cf50-1967-4481-aba0-5358db76d701 ] Request (AbsoluteLimitsNegativeTestJSON:tearDownClass): 204 DELETE http://10.180.1.21/identity/v3/users/4b23a548dc0d46a8b6b68b4fac12dd62 0.093s
2025-02-18 14:39:32.052 62696 INFO tempest.lib.common.dynamic_creds [-] Deleting project and security group for project: 70f36f3e75764e0b8f8e84c54bb181af
2025-02-18 14:39:32.063 62662 INFO tempest.lib.common.rest_client [req-f4821839-b1db-40f9-9c7b-61d0def3dc05 req-f4821839-b1db-40f9-9c7b-61d0def3dc05 ] Request (FlavorsAdminTestJSON:test_is_public_string_variations): 200 POST http://10.180.1.21/compute/v2.1/flavors 1.650s
2025-02-18 14:39:32.135 62696 INFO tempest.lib.common.rest_client [req-b8a452a0-de05-463c-88ea-4c2c1e8fb67e req-b8a452a0-de05-463c-88ea-4c2c1e8fb67e ] Request (AbsoluteLimitsNegativeTestJSON:tearDownClass): 201 POST http://10.180.1.21/identity/v3/auth/tokens 0.081s
2025-02-18 14:39:32.171 62656 INFO tempest.lib.common.rest_client [req-2d1b0da0-0edc-4f02-897f-4a98a951ef09 req-2d1b0da0-0edc-4f02-897f-4a98a951ef09 ] Request (FloatingIPsAssociationTestJSON:test_associate_already_associated_floating_ip): 200 GET http://10.180.1.21/compute/v2.1/servers/0be60052-791c-4216-b5db-c666b62ef9f2 1.718s
2025-02-18 14:39:32.183 62694 INFO tempest.lib.common.rest_client [req-c5c3bdb7-f600-4eee-9036-aae2b36dbb5d req-c5c3bdb7-f600-4eee-9036-aae2b36dbb5d ] Request (ServerTagsTestJSON:setUpClass): 201 POST http://10.180.1.21:9696/networking/v2.0/routers 0.834s
2025-02-18 14:39:32.223 62646 INFO tempest.lib.common.rest_client [req-49392d3a-e213-4725-a5e4-dcecf3a3c6e3 req-49392d3a-e213-4725-a5e4-dcecf3a3c6e3 ] Request (AttachInterfacesV270Test:test_create_get_list_interfaces): 200 GET http://10.180.1.21/compute/v2.1/servers/362ae547-c9b5-4e21-a740-9077e044ba8d 1.834s
2025-02-18 14:39:32.237 62646 INFO tempest.common.waiters [-] State transition "BUILD/None" ==> "BUILD/spawning" after 19 second wait
2025-02-18 14:39:32.412 62658 INFO tempest.lib.common.rest_client [req-13e59df1-079f-4748-952a-45f4311511e3 req-13e59df1-079f-4748-952a-45f4311511e3 ] Request (QuotasAdminNegativeTest:_run_cleanups): 200 PUT http://10.180.1.21/compute/v2.1/os-quota-sets/8c70e77811054b45b523dfbc87bb3290 1.668s
2025-02-18 14:39:32.438 62644 INFO tempest.lib.common.rest_client [req-53b5da63-7344-42fc-b65b-495029d136f3 req-53b5da63-7344-42fc-b65b-495029d136f3 ] Request (AggregatesAdminNegativeTestJSON:test_aggregate_remove_host_as_user): 200 POST http://10.180.1.21/compute/v2.1/os-aggregates 1.690s
2025-02-18 14:39:32.443 62688 INFO tempest.lib.common.rest_client [req-09fbbb1d-f0a6-488e-a064-e8c228ffeee9 req-09fbbb1d-f0a6-488e-a064-e8c228ffeee9 ] Request (TestVersions:test_get_version_details): 200 GET http://10.180.1.21/compute/v2/ 1.690s
2025-02-18 14:39:32.489 62680 INFO tempest.lib.common.rest_client [req-4db26098-e936-48e0-a8db-a52755149b91 req-4db26098-e936-48e0-a8db-a52755149b91 ] Request (ServersAdminNegativeTestJSON:setUpClass): 200 GET http://10.180.1.21/compute/v2.1/servers/53bb2f01-4e70-471e-ad9d-7bff56746663 1.749s
2025-02-18 14:39:32.536 62682 INFO tempest.lib.common.rest_client [req-fb2c0a08-9fc1-471d-835e-8a011e54d573 req-fb2c0a08-9fc1-471d-835e-8a011e54d573 ] Request (ServerDiagnosticsNegativeTest:tearDownClass): 200 GET http://10.180.1.21/compute/v2.1/servers/272a1022-6da1-41c5-a572-e048c09a8aec 1.587s
2025-02-18 14:39:32.585 62687 INFO tempest.lib.common.rest_client [req-848cedbf-42d6-41c0-9e0a-45221d830478 req-848cedbf-42d6-41c0-9e0a-45221d830478 ] Request (ImagesTestJSON:test_create_image_from_stopped_server): 200 GET http://10.180.1.21/compute/v2.1/servers/554e13c2-ea50-43d4-9d9b-62a3cce7b91e 1.552s
2025-02-18 14:39:32.603 62642 INFO tempest.lib.common.rest_client [req-8993a406-9332-4249-84cd-a5f65e7d8481 req-8993a406-9332-4249-84cd-a5f65e7d8481 ] Request (ServersTestMultiNic:test_verify_duplicate_network_nics): 201 POST http://10.180.1.21:9696/networking/v2.0/subnets 0.733s
2025-02-18 14:39:32.621 62696 INFO tempest.lib.common.rest_client [req-c4a7c661-46a0-4368-ba1a-c304b806e700 req-c4a7c661-46a0-4368-ba1a-c304b806e700 ] Request (AbsoluteLimitsNegativeTestJSON:tearDownClass): 200 GET http://10.180.1.21:9696/networking/v2.0/security-groups?tenant_id=70f36f3e75764e0b8f8e84c54bb181af&name=default 0.486s
2025-02-18 14:39:32.662 62702 INFO tempest.lib.common.rest_client [req-17de5003-ba1a-42c2-8d9a-c6b7125eea97 req-17de5003-ba1a-42c2-8d9a-c6b7125eea97 ] Request (ServersNegativeTestMultiTenantJSON:setUpClass): 200 GET http://10.180.1.21/compute/v2.1/servers/86949a33-63ea-47ba-924f-15bc56751c17 1.499s
2025-02-18 14:39:32.678 62642 INFO tempest.lib.common.rest_client [req-85ed3ded-60ed-4cb3-8fc7-49edd2b160ba req-85ed3ded-60ed-4cb3-8fc7-49edd2b160ba ] Request (ServersTestMultiNic:test_verify_duplicate_network_nics): 201 POST http://10.180.1.21/identity/v3/auth/tokens 0.073s
2025-02-18 14:39:32.680 62642 INFO tempest.lib.common.fixed_network [-] (ServersTestMultiNic:test_verify_duplicate_network_nics) Found network {'id': '2d236f60-4279-42c9-9263-021d523daad1', 'name': 'tempest-ServersTestMultiNic-628564370-network', 'tenant_id': 'eb309cea0517410098f964f25b8f6b17', 'admin_state_up': True, 'mtu': 8950, 'status': 'ACTIVE', 'subnets': [], 'shared': False, 'project_id': 'eb309cea0517410098f964f25b8f6b17', 'port_security_enabled': True, 'router:external': False, 'provider:network_type': 'vlan', 'provider:physical_network': 'default', 'provider:segmentation_id': 576, 'availability_zone_hints': [], 'availability_zones': [], 'ipv4_address_scope': None, 'ipv6_address_scope': None, 'description': '', 'tags': [], 'created_at': '2025-02-18T14:39:24Z', 'updated_at': '2025-02-18T14:39:24Z', 'revision_number': 1} available for tenant
2025-02-18 14:39:32.748 62690 INFO tempest.lib.common.rest_client [req-12cb0df5-a666-498d-8a64-2485ba92b5a6 req-12cb0df5-a666-498d-8a64-2485ba92b5a6 ] Request (ServersTestManualDisk:setUpClass): 201 POST http://10.180.1.21:9696/networking/v2.0/routers 2.300s
2025-02-18 14:39:32.769 62696 INFO tempest.lib.common.rest_client [req-7bd5f578-2fb7-4c24-ad0f-43349bf216af req-7bd5f578-2fb7-4c24-ad0f-43349bf216af ] Request (AbsoluteLimitsNegativeTestJSON:tearDownClass): 204 DELETE http://10.180.1.21:9696/networking/v2.0/security-groups/140f8083-ac4e-41da-820a-95ab6cf7357e 0.147s
2025-02-18 14:39:32.790 62692 INFO tempest.lib.common.rest_client [req-6b2a6a8f-6378-4ea3-b0af-da6333edc9ba req-6b2a6a8f-6378-4ea3-b0af-da6333edc9ba ] Request (ServersWithSpecificFlavorTestJSON:test_verify_created_server_ephemeral_disk): 200 GET http://10.180.1.21/compute/v2.1/servers/8b0b955b-47b6-4c40-bdcc-e929e2013509 1.696s
2025-02-18 14:39:32.797 62650 INFO tempest.lib.common.rest_client [req-f90b4600-a96f-40f4-8a76-79cd7982d840 req-f90b4600-a96f-40f4-8a76-79cd7982d840 ] Request (ServersTestFqdnHostnames:test_create_server_with_fqdn_name): 200 GET http://10.180.1.21/compute/v2.1/servers/d104862d-3e3f-44ad-8ba9-54949db23968 1.497s
2025-02-18 14:39:32.800 62692 INFO tempest.lib.common.ssh [-] Creating ssh connection to '10.180.180.244:22' as 'cirros' with public key authentication
2025-02-18 14:39:32.828 62700 WARNING tempest.lib.common.ssh [-] Failed to establish authenticated ssh connection to cirros@10.180.180.155 ([Errno None] Unable to connect to port 22 on 10.180.180.155). Number attempts: 1. Retry after 2 seconds.: paramiko.ssh_exception.NoValidConnectionsError: [Errno None] Unable to connect to port 22 on 10.180.180.155
2025-02-18 14:39:32.849 62696 INFO tempest.lib.common.rest_client [req-9e905486-89cb-41c0-90ed-8af486deece0 req-9e905486-89cb-41c0-90ed-8af486deece0 ] Request (AbsoluteLimitsNegativeTestJSON:tearDownClass): 204 DELETE http://10.180.1.21/identity/v3/projects/70f36f3e75764e0b8f8e84c54bb181af 0.079s
2025-02-18 14:39:32.876 62676 INFO tempest.lib.common.rest_client [req-21f0d682-dfda-42b8-a3f9-2d1eb87a242a req-21f0d682-dfda-42b8-a3f9-2d1eb87a242a ] Request (AttachInterfacesTestJSON:test_create_list_show_delete_interfaces_by_fixed_ip): 200 GET http://10.180.1.21/compute/v2.1/servers/6c7313cd-0c0a-4068-975a-3239bf6b7869 1.573s
2025-02-18 14:39:32.881 62670 INFO tempest.lib.common.rest_client [req-ce75d01b-dd25-4317-9583-633fb6d12dcf req-ce75d01b-dd25-4317-9583-633fb6d12dcf ] Request (ServerDiagnosticsV248Test:tearDownClass): 200 GET http://10.180.1.21/compute/v2.1/servers/8c1ba19f-5d4c-4d59-bf01-68d886c24669 1.482s
2025-02-18 14:39:32.925 62696 INFO tempest.lib.common.rest_client [req-0eaeeccb-6a3f-41a5-93bb-854fe8fe7e52 req-0eaeeccb-6a3f-41a5-93bb-854fe8fe7e52 ] Request (InstanceActionsV221TestJSON:setUpClass): 201 POST http://10.180.1.21/identity/v3/auth/tokens 0.075s
2025-02-18 14:39:32.963 62696 INFO tempest.lib.common.rest_client [req-dea599fa-19ea-4774-a69c-56a181ad4599 req-dea599fa-19ea-4774-a69c-56a181ad4599 ] Request (InstanceActionsV221TestJSON:setUpClass): 201 POST http://10.180.1.21/identity/v3/auth/tokens 0.036s
2025-02-18 14:39:32.996 62696 INFO tempest.lib.common.rest_client [req-d30bb03a-fe02-4cbf-be7a-e76b2ccb173e req-d30bb03a-fe02-4cbf-be7a-e76b2ccb173e ] Request (InstanceActionsV221TestJSON:setUpClass): 200 GET http://10.180.1.21/identity/v3/domains?name=Default 0.032s
2025-02-18 14:39:33.037 62696 INFO tempest.lib.common.rest_client [req-c37dd43f-f4bd-4bd3-850b-aeb5488b57fd req-c37dd43f-f4bd-4bd3-850b-aeb5488b57fd ] Request (InstanceActionsV221TestJSON:setUpClass): 201 POST http://10.180.1.21/identity/v3/projects 0.040s
2025-02-18 14:39:33.047 62648 INFO tempest.lib.common.rest_client [req-d3c9cf7f-c7a2-4c11-bbed-d238eb26772a req-d3c9cf7f-c7a2-4c11-bbed-d238eb26772a ] Request (MigrationsAdminTest:test_list_migrations_in_flavor_resize_situation): 200 GET http://10.180.1.21/compute/v2.1/servers/aeb622a0-9532-4a9d-ac75-65f4e84dfda0 1.301s
2025-02-18 14:39:33.091 62672 INFO tempest.lib.common.rest_client [req-e437e820-6748-4824-8373-113bdebfcf61 req-e437e820-6748-4824-8373-113bdebfcf61 ] Request (SecurityGroupRulesTestJSON:test_security_group_rules_delete_when_peer_group_deleted): 200 POST http://10.180.1.21/compute/v2.1/os-security-groups 1.504s
2025-02-18 14:39:33.098 62664 INFO tempest.lib.common.rest_client [req-58f9c4dd-f22b-416d-a28e-b87a13670f55 req-58f9c4dd-f22b-416d-a28e-b87a13670f55 ] Request (VolumesGetTestJSON:test_volume_create_get_delete): 200 GET http://10.180.1.21/compute/v2.1/os-volumes/16bf8976-0f7d-4fc1-8463-654075d95f6a 1.219s
2025-02-18 14:39:33.124 62662 INFO tempest.lib.common.rest_client [req-6b591cd3-631c-4c03-a23d-6340c4e4e5b9 req-6b591cd3-631c-4c03-a23d-6340c4e4e5b9 ] Request (FlavorsAdminTestJSON:test_is_public_string_variations): 200 GET http://10.180.1.21/compute/v2.1/flavors/detail?is_public=f 1.059s
2025-02-18 14:39:33.126 62696 INFO tempest.lib.common.rest_client [req-c7ebca0d-218e-4de7-9e93-0e3a4592ad45 req-c7ebca0d-218e-4de7-9e93-0e3a4592ad45 ] Request (InstanceActionsV221TestJSON:setUpClass): 201 POST http://10.180.1.21/identity/v3/users 0.088s
2025-02-18 14:39:33.151 62696 INFO tempest.lib.common.rest_client [req-75c941be-65eb-4da0-9b4e-aad0a323e47b req-75c941be-65eb-4da0-9b4e-aad0a323e47b ] Request (InstanceActionsV221TestJSON:setUpClass): 200 GET http://10.180.1.21/identity/v3/roles 0.024s
2025-02-18 14:39:33.193 62696 INFO tempest.lib.common.rest_client [req-ff453cec-dabe-4513-9cc3-c8e900602f69 req-ff453cec-dabe-4513-9cc3-c8e900602f69 ] Request (InstanceActionsV221TestJSON:setUpClass): 204 PUT http://10.180.1.21/identity/v3/projects/d431bffe85344d55b5eb879decdc6315/users/5429463074884ae68b84a42c63a4e887/roles/a162f0ec5f474957911ad8212d49bbdf 0.041s
2025-02-18 14:39:33.194 62696 INFO tempest.lib.common.dynamic_creds [-] Dynamic test user 5429463074884ae68b84a42c63a4e887 is created with scope project and roles: ['member']
2025-02-18 14:39:33.194 62696 INFO tempest.lib.common.dynamic_creds [-] Acquired dynamic creds: credentials: Credentials: {'domain_id': 'default', 'domain_name': 'Default', 'username': 'tempest-InstanceActionsV221TestJSON-1505662529-project-member', 'project_domain_id': 'default', 'project_domain_name': 'Default', 'project_id': 'd431bffe85344d55b5eb879decdc6315', 'project_name': 'tempest-InstanceActionsV221TestJSON-1505662529', 'tenant_id': 'd431bffe85344d55b5eb879decdc6315', 'tenant_name': 'tempest-InstanceActionsV221TestJSON-1505662529', 'user_domain_id': 'default', 'user_domain_name': 'Default', 'user_id': '5429463074884ae68b84a42c63a4e887', 'system': None}, Network: None, Subnet: None, Router: None
2025-02-18 14:39:33.230 62698 INFO tempest.lib.common.rest_client [req-a3c38722-3e67-486f-8f8d-d55783d7f985 req-a3c38722-3e67-486f-8f8d-d55783d7f985 ] Request (QuotaClassesAdminTestJSON:test_update_default_quotas): 200 GET http://10.180.1.21/compute/v2.1/os-quota-class-sets/default 1.203s
2025-02-18 14:39:33.249 62694 INFO tempest.lib.common.rest_client [req-b339b61a-4bcf-4963-a4e0-118f11841ccf req-b339b61a-4bcf-4963-a4e0-118f11841ccf ] Request (ServerTagsTestJSON:setUpClass): 200 PUT http://10.180.1.21:9696/networking/v2.0/routers/192f1c9c-c806-48ce-a9f7-f1843367f995/add_router_interface 1.065s
2025-02-18 14:39:33.249 62694 INFO tempest.lib.common.dynamic_creds [-] Created isolated network resources for: credentials: Credentials: {'domain_id': 'default', 'domain_name': 'Default', 'username': 'tempest-ServerTagsTestJSON-124785861-project-member', 'project_domain_id': 'default', 'project_domain_name': 'Default', 'project_id': 'ea23eb0ab19e4631bd2b1c7252ab60ca', 'project_name': 'tempest-ServerTagsTestJSON-124785861', 'tenant_id': 'ea23eb0ab19e4631bd2b1c7252ab60ca', 'tenant_name': 'tempest-ServerTagsTestJSON-124785861', 'user_domain_id': 'default', 'user_domain_name': 'Default', 'user_id': '1a9cd777df0a40408d54404b6264d72b', 'system': None}, Network: {'id': '2b8066c6-ee24-4593-8573-e9b0f8bde812', 'name': 'tempest-ServerTagsTestJSON-573224230-network', 'tenant_id': 'ea23eb0ab19e4631bd2b1c7252ab60ca', 'admin_state_up': True, 'mtu': 8950, 'status': 'ACTIVE', 'subnets': [], 'shared': False, 'project_id': 'ea23eb0ab19e4631bd2b1c7252ab60ca', 'port_security_enabled': True, 'router:external': False, 'provider:network_type': 'vlan', 'provider:physical_network': 'default', 'provider:segmentation_id': 384, 'availability_zone_hints': [], 'availability_zones': [], 'ipv4_address_scope': None, 'ipv6_address_scope': None, 'description': '', 'tags': [], 'created_at': '2025-02-18T14:39:30Z', 'updated_at': '2025-02-18T14:39:30Z', 'revision_number': 1}, Subnet: {'id': 'd1ed8c1f-7d59-46d5-a626-ca1112a13f54', 'name': 'tempest-ServerTagsTestJSON-573224230-subnet', 'tenant_id': 'ea23eb0ab19e4631bd2b1c7252ab60ca', 'network_id': '2b8066c6-ee24-4593-8573-e9b0f8bde812', 'ip_version': 4, 'subnetpool_id': None, 'enable_dhcp': True, 'ipv6_ra_mode': None, 'ipv6_address_mode': None, 'gateway_ip': '192.168.128.1', 'cidr': '192.168.128.0/28', 'allocation_pools': [{'start': '192.168.128.2', 'end': '192.168.128.14'}], 'host_routes': [], 'dns_nameservers': [], 'description': '', 'router:external': False, 'service_types': [], 'tags': [], 'created_at': '2025-02-18T14:39:31Z', 'updated_at': '2025-02-18T14:39:31Z', 'revision_number': 0, 'project_id': 'ea23eb0ab19e4631bd2b1c7252ab60ca'}, Router: {'id': '192f1c9c-c806-48ce-a9f7-f1843367f995', 'name': 'tempest-ServerTagsTestJSON-573224230-router', 'tenant_id': 'ea23eb0ab19e4631bd2b1c7252ab60ca', 'admin_state_up': True, 'status': 'ACTIVE', 'external_gateway_info': {'network_id': '5bc54faf-cf1a-4502-8099-7502aaf5588b', 'external_fixed_ips': [{'subnet_id': 'bba56266-6241-4aa0-aefd-b0965dc5247b', 'ip_address': '10.180.180.140'}], 'enable_snat': True}, 'description': '', 'availability_zones': [], 'distributed': False, 'ha': False, 'availability_zone_hints': [], 'routes': [], 'flavor_id': None, 'tags': [], 'created_at': '2025-02-18T14:39:31Z', 'updated_at': '2025-02-18T14:39:31Z', 'revision_number': 2, 'project_id': 'ea23eb0ab19e4631bd2b1c7252ab60ca'}
2025-02-18 14:39:33.285 62696 INFO tempest.lib.common.rest_client [req-913b5c38-83ed-4466-a086-5baf044b6eca req-913b5c38-83ed-4466-a086-5baf044b6eca ] Request (InstanceActionsV221TestJSON:setUpClass): 201 POST http://10.180.1.21/identity/v3/auth/tokens 0.090s
2025-02-18 14:39:33.332 62678 INFO tempest.lib.common.rest_client [req-3e06ed29-7801-4f22-b898-4a95a17dcedf req-3e06ed29-7801-4f22-b898-4a95a17dcedf ] Request (ServerRescueTestJSONUnderV235:setUpClass): 200 GET http://10.180.1.21/compute/v2.1/servers/677d7209-536c-43ed-8704-1554ce7ef923 1.080s
2025-02-18 14:39:33.341 62658 INFO tempest.lib.common.rest_client [req-ede3bdac-56fb-4658-8df9-6c5e037f3a66 req-ede3bdac-56fb-4658-8df9-6c5e037f3a66 ] Request (QuotasAdminNegativeTest:test_update_quota_normal_user): 403 PUT http://10.180.1.21/compute/v2.1/os-quota-sets/8c70e77811054b45b523dfbc87bb3290 0.924s
2025-02-18 14:39:33.365 62694 INFO tempest.lib.common.rest_client [req-902e816c-810a-4ce9-bcb5-5ce1ae952b95 req-902e816c-810a-4ce9-bcb5-5ce1ae952b95 ] Request (ServerTagsTestJSON:setUpClass): 201 POST http://10.180.1.21/identity/v3/auth/tokens 0.110s
2025-02-18 14:39:33.411 62694 INFO tempest.lib.common.rest_client [req-de079d28-a6cf-494b-a60b-e2836958bc9a req-de079d28-a6cf-494b-a60b-e2836958bc9a ] Request (ServerTagsTestJSON:setUpClass): 201 POST http://10.180.1.21/identity/v3/auth/tokens 0.041s
2025-02-18 14:39:33.416 62694 INFO tempest.lib.common.fixed_network [-] (ServerTagsTestJSON:setUpClass) Found network {'id': '2b8066c6-ee24-4593-8573-e9b0f8bde812', 'name': 'tempest-ServerTagsTestJSON-573224230-network', 'tenant_id': 'ea23eb0ab19e4631bd2b1c7252ab60ca', 'admin_state_up': True, 'mtu': 8950, 'status': 'ACTIVE', 'subnets': [], 'shared': False, 'project_id': 'ea23eb0ab19e4631bd2b1c7252ab60ca', 'port_security_enabled': True, 'router:external': False, 'provider:network_type': 'vlan', 'provider:physical_network': 'default', 'provider:segmentation_id': 384, 'availability_zone_hints': [], 'availability_zones': [], 'ipv4_address_scope': None, 'ipv6_address_scope': None, 'description': '', 'tags': [], 'created_at': '2025-02-18T14:39:30Z', 'updated_at': '2025-02-18T14:39:30Z', 'revision_number': 1} available for tenant
2025-02-18 14:39:33.443 62658 INFO tempest.lib.common.rest_client [req-09424a78-d83d-47bb-83e8-02203af27391 req-09424a78-d83d-47bb-83e8-02203af27391 ] Request (QuotasAdminNegativeTest:tearDownClass): 204 DELETE http://10.180.1.21/identity/v3/users/f16f813813da45a6a9a04a2ff1afc6fb 0.100s
2025-02-18 14:39:33.445 62705 INFO tempest.lib.common.rest_client [req-bb067ad5-5b79-4272-ac98-5a0bba7a8a6d req-bb067ad5-5b79-4272-ac98-5a0bba7a8a6d ] Request (FloatingIPsAssociationNegativeTestJSON:setUpClass): 200 GET http://10.180.1.21/compute/v2.1/servers/134d5bd9-4ede-4817-9d40-682ff2205edb 1.088s
2025-02-18 14:39:33.450 62688 INFO tempest.lib.common.rest_client [req-3c44980c-3383-4f22-a18c-f2b09ec9fe68 req-3c44980c-3383-4f22-a18c-f2b09ec9fe68 ] Request (TestVersions:test_get_version_details): 200 GET http://10.180.1.21/compute/v2.1/ 1.006s
2025-02-18 14:39:33.493 62644 INFO tempest.lib.common.rest_client [req-7cd39f53-88be-45b3-a28c-93c7a908c9ee req-7cd39f53-88be-45b3-a28c-93c7a908c9ee ] Request (AggregatesAdminNegativeTestJSON:test_aggregate_remove_host_as_user): 200 POST http://10.180.1.21/compute/v2.1/os-aggregates/7/action 1.052s
2025-02-18 14:39:33.532 62666 INFO tempest.lib.common.rest_client [req-283295ba-3868-47fc-96b9-2ebc61a3ebe6 req-283295ba-3868-47fc-96b9-2ebc61a3ebe6 ] Request (ServersAaction247Test:test_create_backup): 200 GET http://10.180.1.21/compute/v2.1/servers/e255473e-2577-4105-9d39-3436f13e2e6e 1.073s
2025-02-18 14:39:33.599 62658 INFO tempest.lib.common.rest_client [req-97af29b3-8477-4210-baac-0fb9556bb39a req-97af29b3-8477-4210-baac-0fb9556bb39a ] Request (QuotasAdminNegativeTest:tearDownClass): 204 DELETE http://10.180.1.21/identity/v3/users/101b10f1483944c4a6aceb2dc7326687 0.155s
2025-02-18 14:39:33.599 62658 INFO tempest.lib.common.dynamic_creds [-] Deleting project and security group for project: e3fbb06e4180430fa84f9d8b1e3eace6
2025-02-18 14:39:33.623 62652 INFO tempest.lib.common.rest_client [req-bd153241-7e41-4c67-af87-75aa052046dd req-bd153241-7e41-4c67-af87-75aa052046dd ] Request (AttachVolumeShelveTestJSON:test_attach_volume_shelved_or_offload_server): 200 GET http://10.180.1.21/compute/v2.1/servers/16608632-c469-40d5-97d4-2e80c871e4be 0.949s
2025-02-18 14:39:33.696 62658 INFO tempest.lib.common.rest_client [req-1372911d-1270-4854-8c8d-08b551256b71 req-1372911d-1270-4854-8c8d-08b551256b71 ] Request (QuotasAdminNegativeTest:tearDownClass): 201 POST http://10.180.1.21/identity/v3/auth/tokens 0.096s
2025-02-18 14:39:33.808 62668 INFO tempest.lib.common.rest_client [req-7015d5aa-20f0-40d8-9e85-199450295f8d req-7015d5aa-20f0-40d8-9e85-199450295f8d ] Request (VolumesAssistedSnapshotsTest:test_volume_assisted_snapshot_create_delete): 200 GET http://10.180.1.21/compute/v2.1/servers/c1559566-8363-4f6d-8e9d-695f91e7fe1d 1.169s
2025-02-18 14:39:33.914 62654 INFO tempest.lib.common.rest_client [req-2e7ca677-9c3b-4fa2-bdc3-24cd27ab4851 req-2e7ca677-9c3b-4fa2-bdc3-24cd27ab4851 ] Request (ServerDiagnosticsTest:tearDownClass): 200 GET http://10.180.1.21/compute/v2.1/servers/0d3265e8-1056-4410-8035-d009478d2052 1.187s
2025-02-18 14:39:33.958 62674 INFO tempest.lib.common.rest_client [req-a4efbb89-7c61-40d8-a93d-b1c7627030b3 req-a4efbb89-7c61-40d8-a93d-b1c7627030b3 ] Request (DeleteServersAdminTestJSON:test_admin_delete_servers_of_others): 404 GET http://10.180.1.21/compute/v2.1/servers/6dcc5aef-a417-4e28-b807-39f518bcd7fa 1.134s
2025-02-18 14:39:34.022 62658 INFO tempest.lib.common.rest_client [req-d39ff399-2d1c-4546-8369-0b1d959a1427 req-d39ff399-2d1c-4546-8369-0b1d959a1427 ] Request (QuotasAdminNegativeTest:tearDownClass): 200 GET http://10.180.1.21:9696/networking/v2.0/security-groups?tenant_id=e3fbb06e4180430fa84f9d8b1e3eace6&name=default 0.326s
2025-02-18 14:39:34.030 62696 INFO tempest.lib.common.rest_client [req-0a31c4de-8f61-444f-ad89-2af876e2eb4c req-0a31c4de-8f61-444f-ad89-2af876e2eb4c ] Request (InstanceActionsV221TestJSON:setUpClass): 201 POST http://10.180.1.21:9696/networking/v2.0/networks 0.745s
2025-02-18 14:39:34.079 62674 INFO tempest.lib.common.rest_client [req-5818b2e4-4a0a-4309-a7c8-bd035a47eee2 req-5818b2e4-4a0a-4309-a7c8-bd035a47eee2 ] Request (DeleteServersAdminTestJSON:test_delete_server_while_in_error_state): 201 POST http://10.180.1.21/identity/v3/auth/tokens 0.100s
2025-02-18 14:39:34.079 62674 INFO tempest.lib.common.fixed_network [-] (DeleteServersAdminTestJSON:test_delete_server_while_in_error_state) Found network None available for tenant
2025-02-18 14:39:34.088 62661 INFO tempest.lib.common.rest_client [req-0807404a-4262-4017-a933-659770c7b6ed req-0807404a-4262-4017-a933-659770c7b6ed ] Request (ServersAdmin275Test:_run_cleanups): 200 GET http://10.180.1.21/compute/v2.1/servers/f5c11eeb-bd4a-44b4-8a99-985b0c7716f6 1.100s
