2025-02-19 05:45:07.607 63768 INFO tempest.lib.common.rest_client [req-86f48b96-9c8b-4ff7-94e4-fc8d2420885c req-86f48b96-9c8b-4ff7-94e4-fc8d2420885c ] Request (DeleteServersAdminTestJSON:test_delete_server_while_in_error_state): 404 GET http://10.180.1.21/compute/v2.1/servers/da6874f4-077f-4306-8d7e-e3f91b5a4c6e 0.258s
2025-02-19 05:45:07.617 63762 INFO tempest.lib.common.rest_client [req-e33bdacf-ac47-40d6-bd05-2396ed5b4538 req-e33bdacf-ac47-40d6-bd05-2396ed5b4538 ] Request (ServersTestManualDisk:tearDownClass): 200 GET http://10.180.1.21/compute/v2.1/servers/94667ac7-3f46-4a26-a62f-132dcab3ac5a 0.289s
2025-02-19 05:45:07.655 63788 INFO tempest.lib.common.rest_client [req-c4be46b7-2606-4098-854f-3b08ff731db6 req-c4be46b7-2606-4098-854f-3b08ff731db6 ] Request (VolumesAdminNegativeTest:test_update_attached_volume_with_nonexistent_volume_in_body): 200 GET http://10.180.1.21/volume/v3/volumes/750c09ed-f333-4058-a257-ac7588e06cff 0.051s
2025-02-19 05:45:07.712 63810 INFO tempest.lib.common.rest_client [req-b25fac5e-5802-4728-9e4d-9210a2be8996 req-b25fac5e-5802-4728-9e4d-9210a2be8996 ] Request (AttachInterfacesUnderV243Test:_run_cleanups): 200 GET http://10.180.1.21/compute/v2.1/servers/d9d2b428-3579-426c-bf94-b09f1f810e5a 0.169s
2025-02-19 05:45:07.817 63770 INFO tempest.lib.common.rest_client [req-73746b31-4d9b-4f5c-a51d-4cb89b71a8b1 req-73746b31-4d9b-4f5c-a51d-4cb89b71a8b1 ] Request (ServersTestBootFromVolume:setUpClass): 200 GET http://10.180.1.21/compute/v2.1/servers/10b05a88-9b05-42ef-b1b9-6a6987aa0139 0.267s
2025-02-19 05:45:07.834 63770 INFO tempest.lib.common.ssh [-] Creating ssh connection to '10.180.180.152:22' as 'cirros' with public key authentication
2025-02-19 05:45:07.835 63802 INFO tempest.lib.common.rest_client [req-2c2ab2b9-86dc-4f7d-b07c-65b81562aa55 req-2c2ab2b9-86dc-4f7d-b07c-65b81562aa55 ] Request (ListImageFiltersTestJSON:tearDownClass): 204 DELETE http://10.180.1.21/compute/v2.1/images/9e36f474-8066-4058-89a1-b4de26e6be28 0.254s
2025-02-19 05:45:07.843 63768 INFO tempest.lib.common.rest_client [req-2699a777-0c50-4a58-9a45-42c6407d85a1 req-2699a777-0c50-4a58-9a45-42c6407d85a1 ] Request (DeleteServersAdminTestJSON:tearDownClass): 404 DELETE http://10.180.1.21/compute/v2.1/servers/da6874f4-077f-4306-8d7e-e3f91b5a4c6e 0.229s
2025-02-19 05:45:07.904 63808 INFO tempest.lib.common.rest_client [req-bc8a2a85-02cd-4516-b5d5-3a7ada5f5f59 req-bc8a2a85-02cd-4516-b5d5-3a7ada5f5f59 ] Request (MigrationsAdminTest:test_resize_server_revert_deleted_flavor): 200 GET http://10.180.1.21/compute/v2.1/servers/66f4957e-96a9-462c-8a41-06dfd9ea93f9 0.135s
2025-02-19 05:45:07.929 63796 INFO tempest.lib.common.rest_client [req-9e766682-98e7-4cdd-8582-859cdc60e26f req-9e766682-98e7-4cdd-8582-859cdc60e26f ] Request (ServersAdminNegativeTestJSON:tearDownClass): 200 GET http://10.180.1.21/compute/v2.1/servers/da0ca831-d17a-4ed3-923e-1cca983410cd 0.104s
2025-02-19 05:45:07.982 63758 INFO tempest.lib.common.rest_client [req-5a97a1d8-c325-4eac-9b25-e7770bacb3b0 req-5a97a1d8-c325-4eac-9b25-e7770bacb3b0 ] Request (FloatingIPsAssociationTestJSON:setUpClass): 200 GET http://10.180.1.21/compute/v2.1/servers/c657ae98-7ffb-47de-a697-00dadba3b0a8 0.140s
2025-02-19 05:45:08.002 63768 INFO tempest.lib.common.rest_client [req-34fcc7d0-a8f0-4924-a99e-e340579b8fb7 req-34fcc7d0-a8f0-4924-a99e-e340579b8fb7 ] Request (DeleteServersAdminTestJSON:tearDownClass): 404 GET http://10.180.1.21/compute/v2.1/servers/da6874f4-077f-4306-8d7e-e3f91b5a4c6e 0.158s
2025-02-19 05:45:08.021 63802 INFO tempest.lib.common.rest_client [req-f27a31b0-8109-492c-b94a-d9d9b52a8ef5 req-f27a31b0-8109-492c-b94a-d9d9b52a8ef5 ] Request (ListImageFiltersTestJSON:tearDownClass): 204 DELETE http://10.180.1.21/compute/v2.1/images/2585fb4d-a7a9-4d65-a68e-3ef04176dff4 0.186s
2025-02-19 05:45:08.057 63820 INFO tempest.lib.common.rest_client [req-ba6ec485-7020-4ef0-b0a1-0d7022cd1fe9 req-ba6ec485-7020-4ef0-b0a1-0d7022cd1fe9 ] Request (ServersV294TestFqdnHostnames:setUpClass): 200 GET http://10.180.1.21/compute/v2.1/servers/da012cdd-2d81-4886-95bf-550f4d6ec16f 0.172s
2025-02-19 05:45:08.080 63818 INFO tempest.lib.common.rest_client [req-ed4f5779-06e6-4102-b1bb-d047c90e92c1 req-ed4f5779-06e6-4102-b1bb-d047c90e92c1 ] Request (ServerDiskConfigTestJSON:test_rebuild_server_with_auto_disk_config): 200 GET http://10.180.1.21/compute/v2.1/servers/ff7a8736-b2f0-49a2-aa11-263df9ab8c8c 0.156s
2025-02-19 05:45:08.100 63768 INFO tempest.lib.common.rest_client [req-aa047529-73b5-4496-85a0-b53438fcba87 req-aa047529-73b5-4496-85a0-b53438fcba87 ] Request (DeleteServersAdminTestJSON:tearDownClass): 404 DELETE http://10.180.1.21/compute/v2.1/servers/25eeac48-2f7e-4564-903d-5d3b1032cc7c 0.098s
2025-02-19 05:45:08.122 63804 INFO tempest.lib.common.rest_client [req-e297b2fe-8f52-4951-adec-59c2249db5b3 req-e297b2fe-8f52-4951-adec-59c2249db5b3 ] Request (AttachInterfacesTestJSON:_run_cleanups): 200 GET http://10.180.1.21/compute/v2.1/servers/d735bb99-dc6e-44e8-8cc1-d9b0dee29647 0.153s
2025-02-19 05:45:08.183 63782 INFO tempest.lib.common.rest_client [req-02feaf6f-f9ec-46c4-848e-34b3defacb0d req-02feaf6f-f9ec-46c4-848e-34b3defacb0d ] Request (ServerGroupTestJSON:_run_cleanups): 200 GET http://10.180.1.21/compute/v2.1/servers/3a2ed53d-1634-41fc-ab85-ca3fde3c7544 0.121s
2025-02-19 05:45:08.184 63802 INFO tempest.lib.common.rest_client [req-b97ffcfe-5d29-45ce-a010-9dad14f33a0e req-b97ffcfe-5d29-45ce-a010-9dad14f33a0e ] Request (ListImageFiltersTestJSON:tearDownClass): 204 DELETE http://10.180.1.21/compute/v2.1/servers/a59dcb53-3881-4646-863a-d85912569c7d 0.163s
2025-02-19 05:45:08.211 63768 INFO tempest.lib.common.rest_client [req-0fd11211-69dc-413e-8780-7b698faf15a6 req-0fd11211-69dc-413e-8780-7b698faf15a6 ] Request (DeleteServersAdminTestJSON:tearDownClass): 404 GET http://10.180.1.21/compute/v2.1/servers/25eeac48-2f7e-4564-903d-5d3b1032cc7c 0.110s
2025-02-19 05:45:08.278 63784 INFO tempest.lib.common.rest_client [req-52a6b6a0-ea54-4d14-8053-bb4f66f94835 req-52a6b6a0-ea54-4d14-8053-bb4f66f94835 ] Request (ServersWithSpecificFlavorTestJSON:test_verify_created_server_ephemeral_disk): 200 GET http://10.180.1.21/compute/v2.1/servers/bc47f6fe-6885-4fe6-98e1-bcedccdaf6e7 0.153s
2025-02-19 05:45:08.310 63766 INFO tempest.lib.common.rest_client [req-06a1570e-9120-4694-ba08-6cf0739aa852 req-06a1570e-9120-4694-ba08-6cf0739aa852 ] Request (ImagesOneServerNegativeTestJSON:_run_cleanups): 200 GET http://10.180.1.21/compute/v2.1/servers/b3a46e0f-15e3-4385-bb4f-b08568ae2fd8 0.221s
2025-02-19 05:45:08.350 63768 INFO tempest.lib.common.rest_client [req-87ad153d-56d7-452b-9156-d688636e2ebe req-87ad153d-56d7-452b-9156-d688636e2ebe ] Request (DeleteServersAdminTestJSON:tearDownClass): 204 DELETE http://10.180.1.21/identity/v3/users/97c0da45221e40d2b749f2520a738c1f 0.138s
2025-02-19 05:45:08.358 63812 INFO tempest.lib.common.rest_client [req-5be0e72f-2830-4a25-a7c1-28e6a16b4721 req-5be0e72f-2830-4a25-a7c1-28e6a16b4721 ] Request (VolumesAssistedSnapshotsTest:tearDownClass): 200 GET http://10.180.1.21/compute/v2.1/servers/545f7a96-8308-476c-be13-c815aeb0bad9 0.202s
2025-02-19 05:45:08.418 63792 INFO tempest.lib.common.rest_client [req-7c582914-d2e1-4313-a91a-2ebd30e0104c req-7c582914-d2e1-4313-a91a-2ebd30e0104c ] Request (AttachVolumeShelveTestJSON:test_attach_volume_shelved_or_offload_server): 200 GET http://10.180.1.21/compute/v2.1/servers/2aed780b-9671-434f-99e8-3d75f19e95aa 0.217s
2025-02-19 05:45:08.430 63792 INFO tempest.common.waiters [-] State transition "BUILD/scheduling" ==> "BUILD/None" after 23 second wait
2025-02-19 05:45:08.438 63768 INFO tempest.lib.common.rest_client [req-05106f85-85a3-424c-a4b2-00076d811ed7 req-05106f85-85a3-424c-a4b2-00076d811ed7 ] Request (DeleteServersAdminTestJSON:tearDownClass): 204 DELETE http://10.180.1.21/identity/v3/users/d71fdc28cdda49c184f4a7d1932d3556 0.087s
2025-02-19 05:45:08.438 63768 INFO tempest.lib.common.dynamic_creds [-] Deleting project and security group for project: 75fc9d908aaf4200af3161eb934f19de
2025-02-19 05:45:08.458 63764 INFO tempest.lib.common.rest_client [req-91211818-7a1f-48f2-bff9-4e0734ef524e req-91211818-7a1f-48f2-bff9-4e0734ef524e ] Request (ImagesTestJSON:test_create_image_from_suspended_server): 200 GET http://10.180.1.21/compute/v2.1/images/8cef0114-e194-47cb-97a9-e0afaaca1ab1 0.208s
2025-02-19 05:45:08.468 63802 INFO tempest.lib.common.rest_client [req-8d99e8d3-3873-4824-8dd0-d942329100c3 req-8d99e8d3-3873-4824-8dd0-d942329100c3 ] Request (ListImageFiltersTestJSON:tearDownClass): 200 GET http://10.180.1.21/compute/v2.1/servers/a59dcb53-3881-4646-863a-d85912569c7d 0.283s
2025-02-19 05:45:08.501 63768 INFO tempest.lib.common.rest_client [req-69d4fefe-b7d5-4e96-ad97-a405abd2a967 req-69d4fefe-b7d5-4e96-ad97-a405abd2a967 ] Request (DeleteServersAdminTestJSON:tearDownClass): 201 POST http://10.180.1.21/identity/v3/auth/tokens 0.063s
2025-02-19 05:45:08.529 63778 INFO tempest.lib.common.rest_client [req-454f3795-bcdd-4d75-800c-3357a83d4d52 req-454f3795-bcdd-4d75-800c-3357a83d4d52 ] Request (ListServerFiltersTestJSON:tearDownClass): 200 GET http://10.180.1.21/compute/v2.1/servers/c5462524-b503-4578-91a4-a8c0b4589ff7 0.263s
2025-02-19 05:45:08.579 63768 INFO tempest.lib.common.rest_client [req-ffdf422e-cf64-49a1-bbad-3a3bcf581ee9 req-ffdf422e-cf64-49a1-bbad-3a3bcf581ee9 ] Request (DeleteServersAdminTestJSON:tearDownClass): 200 GET http://10.180.1.21:9696/networking/v2.0/security-groups?tenant_id=75fc9d908aaf4200af3161eb934f19de&name=default 0.078s
2025-02-19 05:45:08.597 63786 INFO tempest.lib.common.rest_client [req-fcd1ffe8-3823-454a-acad-ebe0ea7567fc req-fcd1ffe8-3823-454a-acad-ebe0ea7567fc ] Request (DeleteServersTestJSON:test_delete_server_while_in_attached_volume): 200 GET http://10.180.1.21/compute/v2.1/servers/832a2116-9b59-4038-b37c-0fe0d707f9d3 0.251s
2025-02-19 05:45:08.612 63806 INFO tempest.lib.common.rest_client [req-c076810f-82a2-4ea1-a85c-3fc6de16852f req-c076810f-82a2-4ea1-a85c-3fc6de16852f ] Request (ServerAddressesNegativeTestJSON:setUpClass): 200 GET http://10.180.1.21/compute/v2.1/servers/856f9056-6ca2-4ada-9ab9-2755298b7fa6 0.278s
2025-02-19 05:45:08.620 63806 INFO tempest.common.waiters [-] State transition "BUILD/networking" ==> "BUILD/spawning" after 80 second wait
2025-02-19 05:45:08.651 63772 INFO tempest.lib.common.rest_client [req-a4c19e57-a938-42c9-9352-2a885cd9a01b req-a4c19e57-a938-42c9-9352-2a885cd9a01b ] Request (SecurityGroupsTestJSON:test_server_security_groups): 200 GET http://10.180.1.21/compute/v2.1/servers/46244f20-1d30-4c37-9ef5-ee3e24ac877e 0.250s
2025-02-19 05:45:08.674 63768 INFO tempest.lib.common.rest_client [req-a1a11529-2703-411e-997e-d295b6df72e4 req-a1a11529-2703-411e-997e-d295b6df72e4 ] Request (DeleteServersAdminTestJSON:tearDownClass): 204 DELETE http://10.180.1.21:9696/networking/v2.0/security-groups/b14038cd-252d-4675-a665-6ad32e05f333 0.094s
2025-02-19 05:45:08.683 63776 INFO tempest.lib.common.rest_client [req-0ea9405f-f15b-4c21-988f-0528b0260058 req-0ea9405f-f15b-4c21-988f-0528b0260058 ] Request (ServersAaction247Test:tearDownClass): 200 GET http://10.180.1.21/compute/v2.1/servers/a3f2ac99-8c0b-42d5-9459-87217561d4e4 0.206s
2025-02-19 05:45:08.706 63788 INFO tempest.lib.common.rest_client [req-72d6d70a-c291-4167-8fac-67c01b6a9454 req-72d6d70a-c291-4167-8fac-67c01b6a9454 ] Request (VolumesAdminNegativeTest:test_update_attached_volume_with_nonexistent_volume_in_body): 200 GET http://10.180.1.21/volume/v3/volumes/750c09ed-f333-4058-a257-ac7588e06cff 0.040s
2025-02-19 05:45:08.742 63760 INFO tempest.lib.common.rest_client [req-22958026-9b99-4946-bd31-6b3d466772ef req-22958026-9b99-4946-bd31-6b3d466772ef ] Request (ServersAdminTestJSON:test_inject_network_info): 200 GET http://10.180.1.21/compute/v2.1/servers/a2b60472-d9a3-46ff-82ed-f0ae9b259663 0.198s
2025-02-19 05:45:08.748 63768 INFO tempest.lib.common.rest_client [req-bf863be6-32ca-4234-a651-adcdf030af2c req-bf863be6-32ca-4234-a651-adcdf030af2c ] Request (DeleteServersAdminTestJSON:tearDownClass): 204 DELETE http://10.180.1.21/identity/v3/projects/75fc9d908aaf4200af3161eb934f19de 0.073s
2025-02-19 05:45:08.748 63768 INFO tempest.lib.common.dynamic_creds [-] Deleting project and security group for project: 494809d673664b9cb29a04896c388f58
2025-02-19 05:45:08.807 63762 INFO tempest.lib.common.rest_client [req-b457d16f-ce3e-46d3-ba41-c9ca4f0f685f req-b457d16f-ce3e-46d3-ba41-c9ca4f0f685f ] Request (ServersTestManualDisk:tearDownClass): 200 GET http://10.180.1.21/compute/v2.1/servers/94667ac7-3f46-4a26-a62f-132dcab3ac5a 0.176s
2025-02-19 05:45:08.808 63790 INFO tempest.lib.common.rest_client [req-9a4082ea-5c1d-418e-a141-d3ac95a4f8eb req-9a4082ea-5c1d-418e-a141-d3ac95a4f8eb ] Request (MultipleCreateTestJSON:test_multiple_create): 200 GET http://10.180.1.21/compute/v2.1/servers/35e411e2-5b0d-42e9-9cb8-762e1ec11396 0.321s
2025-02-19 05:45:08.842 63768 INFO tempest.lib.common.rest_client [req-1b976547-9ae9-46bf-b54e-ecb93441f740 req-1b976547-9ae9-46bf-b54e-ecb93441f740 ] Request (DeleteServersAdminTestJSON:tearDownClass): 200 GET http://10.180.1.21:9696/networking/v2.0/security-groups?tenant_id=494809d673664b9cb29a04896c388f58&name=default 0.093s
2025-02-19 05:45:08.878 63810 INFO tempest.lib.common.rest_client [req-d9436aa9-4a34-4280-9bf6-0f160b646f29 req-d9436aa9-4a34-4280-9bf6-0f160b646f29 ] Request (AttachInterfacesUnderV243Test:_run_cleanups): 200 GET http://10.180.1.21/compute/v2.1/servers/d9d2b428-3579-426c-bf94-b09f1f810e5a 0.155s
2025-02-19 05:45:08.924 63768 INFO tempest.lib.common.rest_client [req-a63c7c62-e695-4c2f-be27-fb3c0409a10c req-a63c7c62-e695-4c2f-be27-fb3c0409a10c ] Request (DeleteServersAdminTestJSON:tearDownClass): 204 DELETE http://10.180.1.21:9696/networking/v2.0/security-groups/7c16650d-cff1-415c-b8a3-f8b2159159c4 0.081s
2025-02-19 05:45:09.000 63808 INFO tempest.lib.common.rest_client [req-1e139eb6-ff88-4c1f-b5f6-09ab7319e875 req-1e139eb6-ff88-4c1f-b5f6-09ab7319e875 ] Request (MigrationsAdminTest:test_resize_server_revert_deleted_flavor): 200 GET http://10.180.1.21/compute/v2.1/servers/66f4957e-96a9-462c-8a41-06dfd9ea93f9 0.087s
2025-02-19 05:45:09.027 63796 INFO tempest.lib.common.rest_client [req-79cad1b2-91ec-45f9-9d0b-5ef23d1894e3 req-79cad1b2-91ec-45f9-9d0b-5ef23d1894e3 ] Request (ServersAdminNegativeTestJSON:tearDownClass): 200 GET http://10.180.1.21/compute/v2.1/servers/da0ca831-d17a-4ed3-923e-1cca983410cd 0.085s
2025-02-19 05:45:09.043 63768 INFO tempest.lib.common.rest_client [req-d2683418-4f6f-47f7-86f5-66aa1e7beb21 req-d2683418-4f6f-47f7-86f5-66aa1e7beb21 ] Request (DeleteServersAdminTestJSON:tearDownClass): 204 DELETE http://10.180.1.21/identity/v3/projects/494809d673664b9cb29a04896c388f58 0.119s
2025-02-19 05:45:09.069 63758 INFO tempest.lib.common.rest_client [req-1fe05ed3-190d-492e-967a-402adefda959 req-1fe05ed3-190d-492e-967a-402adefda959 ] Request (FloatingIPsAssociationTestJSON:setUpClass): 200 GET http://10.180.1.21/compute/v2.1/servers/c657ae98-7ffb-47de-a697-00dadba3b0a8 0.078s
2025-02-19 05:45:09.120 63768 INFO tempest.lib.common.rest_client [req-b145824d-c7ee-4824-b47d-019b43bb5aa1 req-b145824d-c7ee-4824-b47d-019b43bb5aa1 ] Request (ServerAddressesTestJSON:setUpClass): 201 POST http://10.180.1.21/identity/v3/auth/tokens 0.075s
2025-02-19 05:45:09.146 63820 INFO tempest.lib.common.rest_client [req-3f71b9db-f705-4570-acf3-031e1b67f0e9 req-3f71b9db-f705-4570-acf3-031e1b67f0e9 ] Request (ServersV294TestFqdnHostnames:setUpClass): 200 GET http://10.180.1.21/compute/v2.1/servers/da012cdd-2d81-4886-95bf-550f4d6ec16f 0.078s
2025-02-19 05:45:09.167 63818 INFO tempest.lib.common.rest_client [req-61efe8cc-a7e7-414e-a199-a1afd9bace32 req-61efe8cc-a7e7-414e-a199-a1afd9bace32 ] Request (ServerDiskConfigTestJSON:test_rebuild_server_with_auto_disk_config): 200 GET http://10.180.1.21/compute/v2.1/servers/ff7a8736-b2f0-49a2-aa11-263df9ab8c8c 0.075s
2025-02-19 05:45:09.177 63768 INFO tempest.lib.common.rest_client [req-562ff1b5-119b-49e1-b83a-6c2dd9eb7922 req-562ff1b5-119b-49e1-b83a-6c2dd9eb7922 ] Request (ServerAddressesTestJSON:setUpClass): 201 POST http://10.180.1.21/identity/v3/auth/tokens 0.055s
2025-02-19 05:45:09.217 63768 INFO tempest.lib.common.rest_client [req-918587bf-113c-4e9a-a707-017b493d0a7a req-918587bf-113c-4e9a-a707-017b493d0a7a ] Request (ServerAddressesTestJSON:setUpClass): 200 GET http://10.180.1.21/identity/v3/domains?name=Default 0.037s
2025-02-19 05:45:09.231 63804 INFO tempest.lib.common.rest_client [req-550a761f-c931-4182-9052-31fe888644bd req-550a761f-c931-4182-9052-31fe888644bd ] Request (AttachInterfacesTestJSON:_run_cleanups): 200 GET http://10.180.1.21/compute/v2.1/servers/d735bb99-dc6e-44e8-8cc1-d9b0dee29647 0.092s
2025-02-19 05:45:09.265 63768 INFO tempest.lib.common.rest_client [req-bcdecb02-ce98-4dd9-b726-821f02becc5e req-bcdecb02-ce98-4dd9-b726-821f02becc5e ] Request (ServerAddressesTestJSON:setUpClass): 201 POST http://10.180.1.21/identity/v3/projects 0.047s
2025-02-19 05:45:09.278 63782 INFO tempest.lib.common.rest_client [req-b0b53338-47ea-4373-8dd8-082446c28ca6 req-b0b53338-47ea-4373-8dd8-082446c28ca6 ] Request (ServerGroupTestJSON:_run_cleanups): 200 GET http://10.180.1.21/compute/v2.1/servers/3a2ed53d-1634-41fc-ab85-ca3fde3c7544 0.085s
2025-02-19 05:45:09.354 63784 INFO tempest.lib.common.rest_client [req-5d035cce-16e4-48e9-8684-b8704664bd70 req-5d035cce-16e4-48e9-8684-b8704664bd70 ] Request (ServersWithSpecificFlavorTestJSON:test_verify_created_server_ephemeral_disk): 200 GET http://10.180.1.21/compute/v2.1/servers/bc47f6fe-6885-4fe6-98e1-bcedccdaf6e7 0.067s
2025-02-19 05:45:09.355 63768 INFO tempest.lib.common.rest_client [req-9864b9fe-99bc-4e4d-8469-e62a2e63a8e2 req-9864b9fe-99bc-4e4d-8469-e62a2e63a8e2 ] Request (ServerAddressesTestJSON:setUpClass): 201 POST http://10.180.1.21/identity/v3/users 0.089s
2025-02-19 05:45:09.383 63768 INFO tempest.lib.common.rest_client [req-bd87480a-20e6-4293-9e2e-3bc64c53eb67 req-bd87480a-20e6-4293-9e2e-3bc64c53eb67 ] Request (ServerAddressesTestJSON:setUpClass): 200 GET http://10.180.1.21/identity/v3/roles 0.027s
2025-02-19 05:45:09.415 63768 INFO tempest.lib.common.rest_client [req-93df6be3-0fdf-4aa4-8fcb-bb227f2f8461 req-93df6be3-0fdf-4aa4-8fcb-bb227f2f8461 ] Request (ServerAddressesTestJSON:setUpClass): 204 PUT http://10.180.1.21/identity/v3/projects/a6d1a357c02c43f9ac3a68120d3f4f86/users/6a0276d2798b468ba5e86bf643336e86/roles/a30df256b42c4423bfa5f5d80718c4ea 0.031s
2025-02-19 05:45:09.415 63768 INFO tempest.lib.common.dynamic_creds [-] Dynamic test user 6a0276d2798b468ba5e86bf643336e86 is created with scope project and roles: ['member']
2025-02-19 05:45:09.416 63768 INFO tempest.lib.common.dynamic_creds [-] Acquired dynamic creds: credentials: Credentials: {'domain_id': 'default', 'domain_name': 'Default', 'username': 'tempest-ServerAddressesTestJSON-701387109-project-member', 'project_domain_id': 'default', 'project_domain_name': 'Default', 'project_id': 'a6d1a357c02c43f9ac3a68120d3f4f86', 'project_name': 'tempest-ServerAddressesTestJSON-701387109', 'tenant_id': 'a6d1a357c02c43f9ac3a68120d3f4f86', 'tenant_name': 'tempest-ServerAddressesTestJSON-701387109', 'user_domain_id': 'default', 'user_domain_name': 'Default', 'user_id': '6a0276d2798b468ba5e86bf643336e86', 'system': None}, Network: None, Subnet: None, Router: None
2025-02-19 05:45:09.445 63812 INFO tempest.lib.common.rest_client [req-177e44f1-e327-4f14-9815-621151f41dc3 req-177e44f1-e327-4f14-9815-621151f41dc3 ] Request (VolumesAssistedSnapshotsTest:tearDownClass): 200 GET http://10.180.1.21/compute/v2.1/servers/545f7a96-8308-476c-be13-c815aeb0bad9 0.079s
2025-02-19 05:45:09.448 63766 INFO tempest.lib.common.rest_client [req-681761c1-222d-4f4d-bc5a-fe7a3d674e58 req-681761c1-222d-4f4d-bc5a-fe7a3d674e58 ] Request (ImagesOneServerNegativeTestJSON:_run_cleanups): 200 GET http://10.180.1.21/compute/v2.1/servers/b3a46e0f-15e3-4385-bb4f-b08568ae2fd8 0.129s
2025-02-19 05:45:09.456 63766 INFO tempest.common.waiters [-] State transition "BUILD/spawning" ==> "ACTIVE/None" after 93 second wait
2025-02-19 05:45:09.488 63768 INFO tempest.lib.common.rest_client [req-160e63da-2d67-4acb-aaf7-da7d5a4cd0df req-160e63da-2d67-4acb-aaf7-da7d5a4cd0df ] Request (ServerAddressesTestJSON:setUpClass): 201 POST http://10.180.1.21/identity/v3/auth/tokens 0.072s
2025-02-19 05:45:09.510 63792 INFO tempest.lib.common.rest_client [req-2e342652-feaa-4f23-b2b4-684ba3596d61 req-2e342652-feaa-4f23-b2b4-684ba3596d61 ] Request (AttachVolumeShelveTestJSON:test_attach_volume_shelved_or_offload_server): 200 GET http://10.180.1.21/compute/v2.1/servers/2aed780b-9671-434f-99e8-3d75f19e95aa 0.079s
2025-02-19 05:45:09.551 63764 INFO tempest.lib.common.rest_client [req-98413cf2-bc20-4c37-982d-ac9fe51c39fd req-98413cf2-bc20-4c37-982d-ac9fe51c39fd ] Request (ImagesTestJSON:test_create_image_from_suspended_server): 200 GET http://10.180.1.21/compute/v2.1/images/8cef0114-e194-47cb-97a9-e0afaaca1ab1 0.088s
2025-02-19 05:45:09.573 63766 INFO tempest.lib.common.rest_client [req-4f585284-4154-43b6-af6e-09f3a7aaa76b req-4f585284-4154-43b6-af6e-09f3a7aaa76b ] Request (ImagesOneServerNegativeTestJSON:setUp): 200 GET http://10.180.1.21/compute/v2.1/servers/b3a46e0f-15e3-4385-bb4f-b08568ae2fd8 0.115s
2025-02-19 05:45:09.663 63778 INFO tempest.lib.common.rest_client [req-d3e6fa1c-93d9-4255-a866-52365c768c89 req-d3e6fa1c-93d9-4255-a866-52365c768c89 ] Request (ListServerFiltersTestJSON:tearDownClass): 200 GET http://10.180.1.21/compute/v2.1/servers/c5462524-b503-4578-91a4-a8c0b4589ff7 0.126s
2025-02-19 05:45:09.750 63788 INFO tempest.lib.common.rest_client [req-ac2e2208-e878-47b9-9a19-9d09d7ee0651 req-ac2e2208-e878-47b9-9a19-9d09d7ee0651 ] Request (VolumesAdminNegativeTest:test_update_attached_volume_with_nonexistent_volume_in_body): 200 GET http://10.180.1.21/volume/v3/volumes/750c09ed-f333-4058-a257-ac7588e06cff 0.036s
2025-02-19 05:45:09.765 63788 INFO tempest.common.waiters [-] Attachment 669cadf7-ea27-446f-87c0-7d4f8860c30b created for volume 750c09ed-f333-4058-a257-ac7588e06cff to server ef67ae7a-f55e-453f-a821-f50c27a35ab4 after waiting for 7.765315 seconds
2025-02-19 05:45:09.792 63768 INFO tempest.lib.common.rest_client [req-3cad5a9e-2072-40b2-906b-9920ed8c6ced req-3cad5a9e-2072-40b2-906b-9920ed8c6ced ] Request (ServerAddressesTestJSON:setUpClass): 201 POST http://10.180.1.21:9696/networking/v2.0/networks 0.304s
2025-02-19 05:45:09.812 63788 INFO tempest.lib.common.rest_client [req-fe7f695f-214b-4829-8e3b-dbc569ecfc25 req-fe7f695f-214b-4829-8e3b-dbc569ecfc25 ] Request (VolumesAdminNegativeTest:test_update_attached_volume_with_nonexistent_volume_in_body): 200 GET http://10.180.1.21/volume/v3/volumes/750c09ed-f333-4058-a257-ac7588e06cff 0.046s
2025-02-19 05:45:09.818 63788 INFO tempest.common.waiters [-] volume 750c09ed-f333-4058-a257-ac7588e06cff reached in-use after waiting for 0.818881 seconds
2025-02-19 05:45:09.939 63802 INFO tempest.lib.common.rest_client [req-372edbf9-8c2e-43e0-9614-45bb6eca0353 req-372edbf9-8c2e-43e0-9614-45bb6eca0353 ] Request (ListImageFiltersTestJSON:tearDownClass): 200 GET http://10.180.1.21/compute/v2.1/servers/a59dcb53-3881-4646-863a-d85912569c7d 0.462s
2025-02-19 05:45:10.008 63786 INFO tempest.lib.common.rest_client [req-d646b3a0-13ee-4be1-bee5-67b51dc80bce req-d646b3a0-13ee-4be1-bee5-67b51dc80bce ] Request (DeleteServersTestJSON:test_delete_server_while_in_attached_volume): 200 GET http://10.180.1.21/compute/v2.1/servers/832a2116-9b59-4038-b37c-0fe0d707f9d3 0.402s
2025-02-19 05:45:10.103 63768 INFO tempest.lib.common.rest_client [req-7cfe1145-9815-4d52-9d0c-c670a33d3922 req-7cfe1145-9815-4d52-9d0c-c670a33d3922 ] Request (ServerAddressesTestJSON:setUpClass): 201 POST http://10.180.1.21:9696/networking/v2.0/subnets 0.310s
2025-02-19 05:45:10.127 63806 INFO tempest.lib.common.rest_client [req-f40d2ec5-615e-42f6-accc-c65515740bbe req-f40d2ec5-615e-42f6-accc-c65515740bbe ] Request (ServerAddressesNegativeTestJSON:setUpClass): 200 GET http://10.180.1.21/compute/v2.1/servers/856f9056-6ca2-4ada-9ab9-2755298b7fa6 0.504s
2025-02-19 05:45:10.200 63772 INFO tempest.lib.common.rest_client [req-bc9dab4a-b7da-4ee4-8204-aa227530ccdc req-bc9dab4a-b7da-4ee4-8204-aa227530ccdc ] Request (SecurityGroupsTestJSON:test_server_security_groups): 200 GET http://10.180.1.21/compute/v2.1/servers/46244f20-1d30-4c37-9ef5-ee3e24ac877e 0.540s
2025-02-19 05:45:10.219 63766 INFO tempest.lib.common.rest_client [req-a37374eb-111d-4d6f-ba6b-9e997cafaa97 req-a37374eb-111d-4d6f-ba6b-9e997cafaa97 ] Request (ImagesOneServerNegativeTestJSON:test_delete_image_that_is_not_yet_active): 202 POST http://10.180.1.21/compute/v2.1/servers/b3a46e0f-15e3-4385-bb4f-b08568ae2fd8/action 0.637s
2025-02-19 05:45:10.301 63760 INFO tempest.lib.common.rest_client [req-9be271b3-0b7a-430d-8051-195b6245885c req-9be271b3-0b7a-430d-8051-195b6245885c ] Request (ServersAdminTestJSON:test_inject_network_info): 200 GET http://10.180.1.21/compute/v2.1/servers/a2b60472-d9a3-46ff-82ed-f0ae9b259663 0.549s
2025-02-19 05:45:10.306 63776 INFO tempest.lib.common.rest_client [req-af7fdc68-fad5-455d-ba7a-02884d52f065 req-af7fdc68-fad5-455d-ba7a-02884d52f065 ] Request (ServersAaction247Test:tearDownClass): 200 GET http://10.180.1.21/compute/v2.1/servers/a3f2ac99-8c0b-42d5-9459-87217561d4e4 0.610s
2025-02-19 05:45:10.402 63762 INFO tempest.lib.common.rest_client [req-937cea32-2c1f-4fa1-8335-6f7dfb187087 req-937cea32-2c1f-4fa1-8335-6f7dfb187087 ] Request (ServersTestManualDisk:tearDownClass): 200 GET http://10.180.1.21/compute/v2.1/servers/94667ac7-3f46-4a26-a62f-132dcab3ac5a 0.583s
2025-02-19 05:45:10.502 63788 INFO tempest.lib.common.rest_client [req-a1bcab26-c797-45a1-994e-46e646f4862b req-a1bcab26-c797-45a1-994e-46e646f4862b ] Request (VolumesAdminNegativeTest:test_update_attached_volume_with_nonexistent_volume_in_body): 400 PUT http://10.180.1.21/compute/v2.1/servers/ef67ae7a-f55e-453f-a821-f50c27a35ab4/os-volume_attachments/750c09ed-f333-4058-a257-ac7588e06cff 0.682s
2025-02-19 05:45:10.530 63788 INFO tempest.lib.common.rest_client [req-5f3c95a5-70a0-4c56-973f-eb070fad60c8 req-5f3c95a5-70a0-4c56-973f-eb070fad60c8 ] Request (VolumesAdminNegativeTest:_run_cleanups): 200 GET http://10.180.1.21/volume/v3/volumes/750c09ed-f333-4058-a257-ac7588e06cff 0.028s
2025-02-19 05:45:10.578 63790 INFO tempest.lib.common.rest_client [req-1876d9de-ca06-4d71-8ead-0590febbbe80 req-1876d9de-ca06-4d71-8ead-0590febbbe80 ] Request (MultipleCreateTestJSON:test_multiple_create): 200 GET http://10.180.1.21/compute/v2.1/servers/35e411e2-5b0d-42e9-9cb8-762e1ec11396 0.758s
2025-02-19 05:45:10.591 63810 INFO tempest.lib.common.rest_client [req-6bf937fc-f41e-4bb8-bc38-2ffcf3548ab4 req-6bf937fc-f41e-4bb8-bc38-2ffcf3548ab4 ] Request (AttachInterfacesUnderV243Test:_run_cleanups): 200 GET http://10.180.1.21/compute/v2.1/servers/d9d2b428-3579-426c-bf94-b09f1f810e5a 0.705s
2025-02-19 05:45:10.650 63808 INFO tempest.lib.common.rest_client [req-401d54f4-6fdd-4c9a-90d7-86bfa7ff655b req-401d54f4-6fdd-4c9a-90d7-86bfa7ff655b ] Request (MigrationsAdminTest:test_resize_server_revert_deleted_flavor): 200 GET http://10.180.1.21/compute/v2.1/servers/66f4957e-96a9-462c-8a41-06dfd9ea93f9 0.642s
2025-02-19 05:45:10.667 63796 INFO tempest.lib.common.rest_client [req-2dc6e47c-8b82-4b42-a7aa-ac658cdd02c8 req-2dc6e47c-8b82-4b42-a7aa-ac658cdd02c8 ] Request (ServersAdminNegativeTestJSON:tearDownClass): 200 GET http://10.180.1.21/compute/v2.1/servers/da0ca831-d17a-4ed3-923e-1cca983410cd 0.626s
2025-02-19 05:45:10.710 63758 INFO tempest.lib.common.rest_client [req-93869d78-60f6-469b-8d6f-388f9598eeff req-93869d78-60f6-469b-8d6f-388f9598eeff ] Request (FloatingIPsAssociationTestJSON:setUpClass): 200 GET http://10.180.1.21/compute/v2.1/servers/c657ae98-7ffb-47de-a697-00dadba3b0a8 0.632s
2025-02-19 05:45:10.794 63818 INFO tempest.lib.common.rest_client [req-2e5085a3-7733-416b-a239-6a164412568c req-2e5085a3-7733-416b-a239-6a164412568c ] Request (ServerDiskConfigTestJSON:test_rebuild_server_with_auto_disk_config): 200 GET http://10.180.1.21/compute/v2.1/servers/ff7a8736-b2f0-49a2-aa11-263df9ab8c8c 0.613s
2025-02-19 05:45:10.862 63820 INFO tempest.lib.common.rest_client [req-988777ad-3b4f-4258-a8fc-1b133bc9c0f7 req-988777ad-3b4f-4258-a8fc-1b133bc9c0f7 ] Request (ServersV294TestFqdnHostnames:setUpClass): 200 GET http://10.180.1.21/compute/v2.1/servers/da012cdd-2d81-4886-95bf-550f4d6ec16f 0.695s
2025-02-19 05:45:10.878 63820 INFO tempest.common.waiters [-] State transition "BUILD/None" ==> "BUILD/block_device_mapping" after 60 second wait
2025-02-19 05:45:10.914 63766 INFO tempest.lib.common.rest_client [req-d48be4df-6c55-42c3-95ef-dfc1bede559a req-d48be4df-6c55-42c3-95ef-dfc1bede559a ] Request (ImagesOneServerNegativeTestJSON:test_delete_image_that_is_not_yet_active): 204 DELETE http://10.180.1.21/compute/v2.1/images/d0c171c2-0869-4706-b407-7a46714bb6cb 0.694s
2025-02-19 05:45:10.941 63804 INFO tempest.lib.common.rest_client [req-489e8a30-181b-416d-bcc9-cc94cc8aaaab req-489e8a30-181b-416d-bcc9-cc94cc8aaaab ] Request (AttachInterfacesTestJSON:_run_cleanups): 200 GET http://10.180.1.21/compute/v2.1/servers/d735bb99-dc6e-44e8-8cc1-d9b0dee29647 0.696s
2025-02-19 05:45:11.001 63782 INFO tempest.lib.common.rest_client [req-27295b45-3d5f-4c03-a601-9b9948bb468f req-27295b45-3d5f-4c03-a601-9b9948bb468f ] Request (ServerGroupTestJSON:_run_cleanups): 200 GET http://10.180.1.21/compute/v2.1/servers/3a2ed53d-1634-41fc-ab85-ca3fde3c7544 0.715s
2025-02-19 05:45:11.013 63784 INFO tempest.lib.common.rest_client [req-410fcbfe-4718-43b9-b477-69263c3632e4 req-410fcbfe-4718-43b9-b477-69263c3632e4 ] Request (ServersWithSpecificFlavorTestJSON:test_verify_created_server_ephemeral_disk): 200 GET http://10.180.1.21/compute/v2.1/servers/bc47f6fe-6885-4fe6-98e1-bcedccdaf6e7 0.650s
2025-02-19 05:45:11.088 63792 INFO tempest.lib.common.rest_client [req-5e34532c-37b1-4ea2-8ad3-4b4f122d703a req-5e34532c-37b1-4ea2-8ad3-4b4f122d703a ] Request (AttachVolumeShelveTestJSON:test_attach_volume_shelved_or_offload_server): 200 GET http://10.180.1.21/compute/v2.1/servers/2aed780b-9671-434f-99e8-3d75f19e95aa 0.568s
2025-02-19 05:45:11.090 63812 INFO tempest.lib.common.rest_client [req-49e2990f-6d26-45e8-8fda-626f14cab7de req-49e2990f-6d26-45e8-8fda-626f14cab7de ] Request (VolumesAssistedSnapshotsTest:tearDownClass): 200 GET http://10.180.1.21/compute/v2.1/servers/545f7a96-8308-476c-be13-c815aeb0bad9 0.633s
2025-02-19 05:45:11.137 63764 INFO tempest.lib.common.rest_client [req-115b6f93-e0a9-435c-b38c-91d79b8e4497 req-115b6f93-e0a9-435c-b38c-91d79b8e4497 ] Request (ImagesTestJSON:test_create_image_from_suspended_server): 200 GET http://10.180.1.21/compute/v2.1/images/8cef0114-e194-47cb-97a9-e0afaaca1ab1 0.583s
2025-02-19 05:45:11.204 63778 INFO tempest.lib.common.rest_client [req-458393b4-4afe-405a-993f-5ccdfc836605 req-458393b4-4afe-405a-993f-5ccdfc836605 ] Request (ListServerFiltersTestJSON:tearDownClass): 200 GET http://10.180.1.21/compute/v2.1/servers/c5462524-b503-4578-91a4-a8c0b4589ff7 0.520s
2025-02-19 05:45:11.227 63766 INFO tempest.lib.common.rest_client [req-0c12853e-af28-41aa-b134-2e77cb4cde26 req-0c12853e-af28-41aa-b134-2e77cb4cde26 ] Request (ImagesOneServerNegativeTestJSON:test_delete_image_that_is_not_yet_active): 404 GET http://10.180.1.21/compute/v2.1/images/d0c171c2-0869-4706-b407-7a46714bb6cb 0.312s
2025-02-19 05:45:11.229 63788 INFO tempest.lib.common.rest_client [req-c9731ab8-ae4f-4939-8deb-ec1b91efee38 req-c9731ab8-ae4f-4939-8deb-ec1b91efee38 ] Request (VolumesAdminNegativeTest:_run_cleanups): 202 DELETE http://10.180.1.21/compute/v2.1/servers/ef67ae7a-f55e-453f-a821-f50c27a35ab4/os-volume_attachments/750c09ed-f333-4058-a257-ac7588e06cff 0.690s
2025-02-19 05:45:11.316 63786 INFO tempest.lib.common.rest_client [req-2530feac-1da4-4d3c-a156-33e68c75d11b req-2530feac-1da4-4d3c-a156-33e68c75d11b ] Request (DeleteServersTestJSON:test_delete_server_while_in_attached_volume): 200 GET http://10.180.1.21/compute/v2.1/servers/832a2116-9b59-4038-b37c-0fe0d707f9d3 0.297s
2025-02-19 05:45:11.358 63802 INFO tempest.lib.common.rest_client [req-4f328b0e-2d0e-4898-ad51-3fb5215dc8e8 req-4f328b0e-2d0e-4898-ad51-3fb5215dc8e8 ] Request (ListImageFiltersTestJSON:tearDownClass): 200 GET http://10.180.1.21/compute/v2.1/servers/a59dcb53-3881-4646-863a-d85912569c7d 0.411s
2025-02-19 05:45:11.424 63772 INFO tempest.lib.common.rest_client [req-2f6d64e1-fe45-4747-b0f9-eebb081db0c2 req-2f6d64e1-fe45-4747-b0f9-eebb081db0c2 ] Request (SecurityGroupsTestJSON:test_server_security_groups): 200 GET http://10.180.1.21/compute/v2.1/servers/46244f20-1d30-4c37-9ef5-ee3e24ac877e 0.211s
2025-02-19 05:45:11.428 63806 INFO tempest.lib.common.rest_client [req-ace120aa-45c9-4758-9eff-41956ab569d7 req-ace120aa-45c9-4758-9eff-41956ab569d7 ] Request (ServerAddressesNegativeTestJSON:setUpClass): 200 GET http://10.180.1.21/compute/v2.1/servers/856f9056-6ca2-4ada-9ab9-2755298b7fa6 0.283s
2025-02-19 05:45:11.431 63772 INFO tempest.common.waiters [-] State transition "BUILD/scheduling" ==> "BUILD/None" after 26 second wait
2025-02-19 05:45:11.461 63788 INFO tempest.lib.common.rest_client [req-02db8516-2eff-468f-890b-4b70679f6f09 req-02db8516-2eff-468f-890b-4b70679f6f09 ] Request (VolumesAdminNegativeTest:_run_cleanups): 200 GET http://10.180.1.21/compute/v2.1/servers/ef67ae7a-f55e-453f-a821-f50c27a35ab4/os-volume_attachments 0.232s
2025-02-19 05:45:11.521 63760 INFO tempest.lib.common.rest_client [req-e7b031a3-96ad-424d-a53c-ac7b59daa2a6 req-e7b031a3-96ad-424d-a53c-ac7b59daa2a6 ] Request (ServersAdminTestJSON:test_inject_network_info): 200 GET http://10.180.1.21/compute/v2.1/servers/a2b60472-d9a3-46ff-82ed-f0ae9b259663 0.211s
2025-02-19 05:45:11.564 63766 INFO tempest.lib.common.rest_client [req-a21d542d-0d43-47fb-9761-38943e954142 req-a21d542d-0d43-47fb-9761-38943e954142 ] Request (ImagesOneServerNegativeTestJSON:tearDown): 200 GET http://10.180.1.21/compute/v2.1/servers/b3a46e0f-15e3-4385-bb4f-b08568ae2fd8 0.336s
2025-02-19 05:45:11.592 63776 INFO tempest.lib.common.rest_client [req-7424417e-549d-4a38-8c7f-294162c4be42 req-7424417e-549d-4a38-8c7f-294162c4be42 ] Request (ServersAaction247Test:tearDownClass): 200 GET http://10.180.1.21/compute/v2.1/servers/a3f2ac99-8c0b-42d5-9459-87217561d4e4 0.269s
2025-02-19 05:45:11.629 63762 INFO tempest.lib.common.rest_client [req-ea8a6432-2684-4152-928a-ce0893d8aee0 req-ea8a6432-2684-4152-928a-ce0893d8aee0 ] Request (ServersTestManualDisk:tearDownClass): 200 GET http://10.180.1.21/compute/v2.1/servers/94667ac7-3f46-4a26-a62f-132dcab3ac5a 0.217s
2025-02-19 05:45:11.693 63810 INFO tempest.lib.common.rest_client [req-d2564cbe-62c9-4bee-8a80-42c8b9d548f6 req-d2564cbe-62c9-4bee-8a80-42c8b9d548f6 ] Request (AttachInterfacesUnderV243Test:_run_cleanups): 200 GET http://10.180.1.21/compute/v2.1/servers/d9d2b428-3579-426c-bf94-b09f1f810e5a 0.093s
2025-02-19 05:45:11.707 63790 INFO tempest.lib.common.rest_client [req-aa1e2afe-9c85-4664-a15d-8e100e3ad674 req-aa1e2afe-9c85-4664-a15d-8e100e3ad674 ] Request (MultipleCreateTestJSON:test_multiple_create): 200 GET http://10.180.1.21/compute/v2.1/servers/35e411e2-5b0d-42e9-9cb8-762e1ec11396 0.118s
2025-02-19 05:45:11.747 63808 INFO tempest.lib.common.rest_client [req-b6e72311-f50b-45dc-aadd-da37e72024e4 req-b6e72311-f50b-45dc-aadd-da37e72024e4 ] Request (MigrationsAdminTest:test_resize_server_revert_deleted_flavor): 200 GET http://10.180.1.21/compute/v2.1/servers/66f4957e-96a9-462c-8a41-06dfd9ea93f9 0.086s
2025-02-19 05:45:11.756 63768 INFO tempest.lib.common.rest_client [req-c6d16267-830d-4f28-b9ea-3bb2ad83e51b req-c6d16267-830d-4f28-b9ea-3bb2ad83e51b ] Request (ServerAddressesTestJSON:setUpClass): 201 POST http://10.180.1.21:9696/networking/v2.0/routers 1.652s
2025-02-19 05:45:11.781 63796 INFO tempest.lib.common.rest_client [req-992d6170-1929-4c8b-aed5-5e1f84c58c4a req-992d6170-1929-4c8b-aed5-5e1f84c58c4a ] Request (ServersAdminNegativeTestJSON:tearDownClass): 200 GET http://10.180.1.21/compute/v2.1/servers/da0ca831-d17a-4ed3-923e-1cca983410cd 0.104s
2025-02-19 05:45:11.810 63758 INFO tempest.lib.common.rest_client [req-7ad5a332-5b3f-4c38-8705-fa5a552cfb0f req-7ad5a332-5b3f-4c38-8705-fa5a552cfb0f ] Request (FloatingIPsAssociationTestJSON:setUpClass): 200 GET http://10.180.1.21/compute/v2.1/servers/c657ae98-7ffb-47de-a697-00dadba3b0a8 0.089s
2025-02-19 05:45:11.868 63818 INFO tempest.lib.common.rest_client [req-e4a48457-41f7-4a3c-9f4a-094f63909a0b req-e4a48457-41f7-4a3c-9f4a-094f63909a0b ] Request (ServerDiskConfigTestJSON:test_rebuild_server_with_auto_disk_config): 200 GET http://10.180.1.21/compute/v2.1/servers/ff7a8736-b2f0-49a2-aa11-263df9ab8c8c 0.057s
2025-02-19 05:45:11.946 63770 WARNING tempest.lib.common.ssh [-] Failed to establish authenticated ssh connection to cirros@10.180.180.152 ([Errno None] Unable to connect to port 22 on 10.180.180.152). Number attempts: 1. Retry after 2 seconds.: paramiko.ssh_exception.NoValidConnectionsError: [Errno None] Unable to connect to port 22 on 10.180.180.152
2025-02-19 05:45:11.978 63820 INFO tempest.lib.common.rest_client [req-bf5452f5-3d1d-4914-99ed-d152d0d54c0a req-bf5452f5-3d1d-4914-99ed-d152d0d54c0a ] Request (ServersV294TestFqdnHostnames:setUpClass): 200 GET http://10.180.1.21/compute/v2.1/servers/da012cdd-2d81-4886-95bf-550f4d6ec16f 0.098s
2025-02-19 05:45:11.992 63820 INFO tempest.common.waiters [-] State transition "BUILD/block_device_mapping" ==> "BUILD/spawning" after 61 second wait
2025-02-19 05:45:12.013 63804 INFO tempest.lib.common.rest_client [req-f34783c8-7778-40b0-ae20-5cdb0ffdd734 req-f34783c8-7778-40b0-ae20-5cdb0ffdd734 ] Request (AttachInterfacesTestJSON:_run_cleanups): 200 GET http://10.180.1.21/compute/v2.1/servers/d735bb99-dc6e-44e8-8cc1-d9b0dee29647 0.061s
2025-02-19 05:45:12.073 63816 WARNING tempest.lib.common.ssh [-] Failed to establish authenticated ssh connection to cirros@10.180.180.195 ([Errno None] Unable to connect to port 22 on 10.180.180.195). Number attempts: 4. Retry after 5 seconds.: paramiko.ssh_exception.NoValidConnectionsError: [Errno None] Unable to connect to port 22 on 10.180.180.195
2025-02-19 05:45:12.086 63782 INFO tempest.lib.common.rest_client [req-d6a3f4ea-0918-4032-baed-01ba032c8530 req-d6a3f4ea-0918-4032-baed-01ba032c8530 ] Request (ServerGroupTestJSON:_run_cleanups): 200 GET http://10.180.1.21/compute/v2.1/servers/3a2ed53d-1634-41fc-ab85-ca3fde3c7544 0.071s
2025-02-19 05:45:12.088 63784 INFO tempest.lib.common.rest_client [req-525cad5c-865a-46e9-9cf1-763f468419fd req-525cad5c-865a-46e9-9cf1-763f468419fd ] Request (ServersWithSpecificFlavorTestJSON:test_verify_created_server_ephemeral_disk): 200 GET http://10.180.1.21/compute/v2.1/servers/bc47f6fe-6885-4fe6-98e1-bcedccdaf6e7 0.067s
2025-02-19 05:45:12.186 63792 INFO tempest.lib.common.rest_client [req-0e08211a-6688-471d-9310-241d8c583f64 req-0e08211a-6688-471d-9310-241d8c583f64 ] Request (AttachVolumeShelveTestJSON:test_attach_volume_shelved_or_offload_server): 200 GET http://10.180.1.21/compute/v2.1/servers/2aed780b-9671-434f-99e8-3d75f19e95aa 0.086s
2025-02-19 05:45:12.188 63812 INFO tempest.lib.common.rest_client [req-c59d8daa-dc77-47fc-9ebf-5eaa50db5f8a req-c59d8daa-dc77-47fc-9ebf-5eaa50db5f8a ] Request (VolumesAssistedSnapshotsTest:tearDownClass): 200 GET http://10.180.1.21/compute/v2.1/servers/545f7a96-8308-476c-be13-c815aeb0bad9 0.089s
2025-02-19 05:45:12.232 63764 INFO tempest.lib.common.rest_client [req-dff6b27f-e4e7-4a38-be5a-c536e7ed6928 req-dff6b27f-e4e7-4a38-be5a-c536e7ed6928 ] Request (ImagesTestJSON:test_create_image_from_suspended_server): 200 GET http://10.180.1.21/compute/v2.1/images/8cef0114-e194-47cb-97a9-e0afaaca1ab1 0.089s
2025-02-19 05:45:12.308 63778 INFO tempest.lib.common.rest_client [req-ec809109-badf-4519-a4c8-722f70ca627e req-ec809109-badf-4519-a4c8-722f70ca627e ] Request (ListServerFiltersTestJSON:tearDownClass): 200 GET http://10.180.1.21/compute/v2.1/servers/c5462524-b503-4578-91a4-a8c0b4589ff7 0.093s
2025-02-19 05:45:12.435 63786 INFO tempest.lib.common.rest_client [req-3663ba6a-8b9c-4181-834b-8b0fe5833aa0 req-3663ba6a-8b9c-4181-834b-8b0fe5833aa0 ] Request (DeleteServersTestJSON:test_delete_server_while_in_attached_volume): 200 GET http://10.180.1.21/compute/v2.1/servers/832a2116-9b59-4038-b37c-0fe0d707f9d3 0.106s
2025-02-19 05:45:12.460 63802 INFO tempest.lib.common.rest_client [req-2dadeee9-cb95-4ae6-96f7-d5fa40a78bb7 req-2dadeee9-cb95-4ae6-96f7-d5fa40a78bb7 ] Request (ListImageFiltersTestJSON:tearDownClass): 200 GET http://10.180.1.21/compute/v2.1/servers/a59dcb53-3881-4646-863a-d85912569c7d 0.087s
2025-02-19 05:45:12.508 63772 INFO tempest.lib.common.rest_client [req-6e4385ba-2d23-4d70-a0c4-c31dea1324ca req-6e4385ba-2d23-4d70-a0c4-c31dea1324ca ] Request (SecurityGroupsTestJSON:test_server_security_groups): 200 GET http://10.180.1.21/compute/v2.1/servers/46244f20-1d30-4c37-9ef5-ee3e24ac877e 0.076s
2025-02-19 05:45:12.541 63788 INFO tempest.lib.common.rest_client [req-727024f1-6def-4167-ae2a-ad246fce06e5 req-727024f1-6def-4167-ae2a-ad246fce06e5 ] Request (VolumesAdminNegativeTest:_run_cleanups): 200 GET http://10.180.1.21/compute/v2.1/servers/ef67ae7a-f55e-453f-a821-f50c27a35ab4/os-volume_attachments 0.076s
2025-02-19 05:45:12.590 63806 INFO tempest.lib.common.rest_client [req-5481d9a2-2250-453e-835c-dc97d0c2f7c0 req-5481d9a2-2250-453e-835c-dc97d0c2f7c0 ] Request (ServerAddressesNegativeTestJSON:setUpClass): 200 GET http://10.180.1.21/compute/v2.1/servers/856f9056-6ca2-4ada-9ab9-2755298b7fa6 0.153s
2025-02-19 05:45:12.602 63760 INFO tempest.lib.common.rest_client [req-d865a002-f787-45bd-a21a-13abbb5885ae req-d865a002-f787-45bd-a21a-13abbb5885ae ] Request (ServersAdminTestJSON:test_inject_network_info): 200 GET http://10.180.1.21/compute/v2.1/servers/a2b60472-d9a3-46ff-82ed-f0ae9b259663 0.068s
2025-02-19 05:45:12.634 63776 INFO tempest.lib.common.rest_client [req-8a92feb9-0e9c-4baf-b0ba-ab2f1c515935 req-8a92feb9-0e9c-4baf-b0ba-ab2f1c515935 ] Request (ServersAaction247Test:tearDownClass): 404 GET http://10.180.1.21/compute/v2.1/servers/a3f2ac99-8c0b-42d5-9459-87217561d4e4 0.031s
2025-02-19 05:45:12.683 63762 INFO tempest.lib.common.rest_client [req-4b792a48-e2af-4b05-8c59-1e757befa8b9 req-4b792a48-e2af-4b05-8c59-1e757befa8b9 ] Request (ServersTestManualDisk:tearDownClass): 404 GET http://10.180.1.21/compute/v2.1/servers/94667ac7-3f46-4a26-a62f-132dcab3ac5a 0.041s
2025-02-19 05:45:12.737 63762 INFO tempest.lib.common.rest_client [req-2c4c1a59-82ed-4909-ae15-125301cf9b3f req-2c4c1a59-82ed-4909-ae15-125301cf9b3f ] Request (ServersTestManualDisk:tearDownClass): 202 DELETE http://10.180.1.21/compute/v2.1/os-keypairs/tempest-keypair-917916681 0.054s
2025-02-19 05:45:12.743 63766 INFO tempest.lib.common.rest_client [req-2ae0b575-0b96-40fe-853d-f7ca44f43add req-2ae0b575-0b96-40fe-853d-f7ca44f43add ] Request (ImagesOneServerNegativeTestJSON:tearDown): 200 GET http://10.180.1.21/compute/v2.1/servers/b3a46e0f-15e3-4385-bb4f-b08568ae2fd8 0.170s
2025-02-19 05:45:12.752 63776 INFO tempest.lib.common.rest_client [req-f2537996-ea53-402b-8a4a-e35fb275ba22 req-f2537996-ea53-402b-8a4a-e35fb275ba22 ] Request (ServersAaction247Test:tearDownClass): 204 DELETE http://10.180.1.21/identity/v3/users/c8a5c2efff2a472f985e09e93af61d8c 0.117s
2025-02-19 05:45:12.753 63766 INFO tempest.common.waiters [-] State transition "ACTIVE/image_snapshot" ==> "ACTIVE/image_pending_upload" after 1 second wait
2025-02-19 05:45:12.753 63776 INFO tempest.lib.common.dynamic_creds [-] Deleting project and security group for project: 2ff74de490b74ee09c3270fa560ed007
2025-02-19 05:45:12.851 63776 INFO tempest.lib.common.rest_client [req-49edbc4d-3a9a-4485-ac8f-36b6369dbd82 req-49edbc4d-3a9a-4485-ac8f-36b6369dbd82 ] Request (ServersAaction247Test:tearDownClass): 201 POST http://10.180.1.21/identity/v3/auth/tokens 0.098s
2025-02-19 05:45:12.856 63810 INFO tempest.lib.common.rest_client [req-37e7d0a0-cf27-4a44-b5c1-671b8fd75af5 req-37e7d0a0-cf27-4a44-b5c1-671b8fd75af5 ] Request (AttachInterfacesUnderV243Test:_run_cleanups): 200 GET http://10.180.1.21/compute/v2.1/servers/d9d2b428-3579-426c-bf94-b09f1f810e5a 0.152s
2025-02-19 05:45:12.929 63808 INFO tempest.lib.common.rest_client [req-5ad0698c-7fb5-45de-a92f-0a07b3dbcd4a req-5ad0698c-7fb5-45de-a92f-0a07b3dbcd4a ] Request (MigrationsAdminTest:test_resize_server_revert_deleted_flavor): 200 GET http://10.180.1.21/compute/v2.1/servers/66f4957e-96a9-462c-8a41-06dfd9ea93f9 0.167s
2025-02-19 05:45:12.940 63808 INFO tempest.common.waiters [-] State transition "BUILD/None" ==> "BUILD/networking" after 59 second wait
2025-02-19 05:45:12.950 63790 INFO tempest.lib.common.rest_client [req-e9ecc50d-ed26-47dc-80e9-739a31206075 req-e9ecc50d-ed26-47dc-80e9-739a31206075 ] Request (MultipleCreateTestJSON:test_multiple_create): 200 GET http://10.180.1.21/compute/v2.1/servers/35e411e2-5b0d-42e9-9cb8-762e1ec11396 0.234s
2025-02-19 05:45:12.959 63790 INFO tempest.common.waiters [-] State transition "BUILD/spawning" ==> "ACTIVE/None" after 94 second wait
2025-02-19 05:45:12.962 63762 INFO tempest.lib.common.rest_client [req-b32df2e8-76a5-4724-8b9e-0acd4d348b65 req-b32df2e8-76a5-4724-8b9e-0acd4d348b65 ] Request (ServersTestManualDisk:tearDownClass): 204 DELETE http://10.180.1.21:9696/networking/v2.0/security-groups/ff828977-8801-4b8d-b14a-ef3d8c7b4015 0.224s
2025-02-19 05:45:12.977 63762 INFO tempest.lib.common.rest_client [req-94c33794-e4a7-460e-971c-0acc701faa21 req-94c33794-e4a7-460e-971c-0acc701faa21 ] Request (ServersTestManualDisk:tearDownClass): 404 GET http://10.180.1.21:9696/networking/v2.0/security-groups/ff828977-8801-4b8d-b14a-ef3d8c7b4015 0.014s
2025-02-19 05:45:13.039 63796 INFO tempest.lib.common.rest_client [req-9d47f9a2-5fde-4bca-a548-0cd8030ed9ee req-9d47f9a2-5fde-4bca-a548-0cd8030ed9ee ] Request (ServersAdminNegativeTestJSON:tearDownClass): 200 GET http://10.180.1.21/compute/v2.1/servers/da0ca831-d17a-4ed3-923e-1cca983410cd 0.249s
2025-02-19 05:45:13.041 63768 INFO tempest.lib.common.rest_client [req-bddfda1b-0400-4779-87d9-9b3c325fa4e0 req-bddfda1b-0400-4779-87d9-9b3c325fa4e0 ] Request (ServerAddressesTestJSON:setUpClass): 200 PUT http://10.180.1.21:9696/networking/v2.0/routers/ff0bb788-8b27-4f07-872c-9b9c49cb4bc3/add_router_interface 1.285s
2025-02-19 05:45:13.041 63768 INFO tempest.lib.common.dynamic_creds [-] Created isolated network resources for: credentials: Credentials: {'domain_id': 'default', 'domain_name': 'Default', 'username': 'tempest-ServerAddressesTestJSON-701387109-project-member', 'project_domain_id': 'default', 'project_domain_name': 'Default', 'project_id': 'a6d1a357c02c43f9ac3a68120d3f4f86', 'project_name': 'tempest-ServerAddressesTestJSON-701387109', 'tenant_id': 'a6d1a357c02c43f9ac3a68120d3f4f86', 'tenant_name': 'tempest-ServerAddressesTestJSON-701387109', 'user_domain_id': 'default', 'user_domain_name': 'Default', 'user_id': '6a0276d2798b468ba5e86bf643336e86', 'system': None}, Network: {'id': 'ba306485-ac1b-48db-8d98-2dee897348eb', 'name': 'tempest-ServerAddressesTestJSON-662636241-network', 'tenant_id': 'a6d1a357c02c43f9ac3a68120d3f4f86', 'admin_state_up': True, 'mtu': 8950, 'status': 'ACTIVE', 'subnets': [], 'shared': False, 'project_id': 'a6d1a357c02c43f9ac3a68120d3f4f86', 'port_security_enabled': True, 'router:external': False, 'provider:network_type': 'vlan', 'provider:physical_network': 'default', 'provider:segmentation_id': 847, 'availability_zone_hints': [], 'availability_zones': [], 'ipv4_address_scope': None, 'ipv6_address_scope': None, 'description': '', 'tags': [], 'created_at': '2025-02-19T05:45:09Z', 'updated_at': '2025-02-19T05:45:09Z', 'revision_number': 1}, Subnet: {'id': '74f24ffa-9456-480b-9687-c9f7bb214207', 'name': 'tempest-ServerAddressesTestJSON-662636241-subnet', 'tenant_id': 'a6d1a357c02c43f9ac3a68120d3f4f86', 'network_id': 'ba306485-ac1b-48db-8d98-2dee897348eb', 'ip_version': 4, 'subnetpool_id': None, 'enable_dhcp': True, 'ipv6_ra_mode': None, 'ipv6_address_mode': None, 'gateway_ip': '192.168.128.1', 'cidr': '192.168.128.0/28', 'allocation_pools': [{'start': '192.168.128.2', 'end': '192.168.128.14'}], 'host_routes': [], 'dns_nameservers': [], 'description': '', 'router:external': False, 'service_types': [], 'tags': [], 'created_at': '2025-02-19T05:45:09Z', 'updated_at': '2025-02-19T05:45:09Z', 'revision_number': 0, 'project_id': 'a6d1a357c02c43f9ac3a68120d3f4f86'}, Router: {'id': 'ff0bb788-8b27-4f07-872c-9b9c49cb4bc3', 'name': 'tempest-ServerAddressesTestJSON-662636241-router', 'tenant_id': 'a6d1a357c02c43f9ac3a68120d3f4f86', 'admin_state_up': True, 'status': 'ACTIVE', 'external_gateway_info': {'network_id': '70d88e26-98dd-4a20-95b5-041f7ca83369', 'external_fixed_ips': [{'subnet_id': '46b6463c-a700-455f-9101-1e8ccc398296', 'ip_address': '10.180.180.238'}], 'enable_snat': True}, 'description': '', 'availability_zones': [], 'distributed': False, 'ha': False, 'availability_zone_hints': [], 'routes': [], 'flavor_id': None, 'tags': [], 'created_at': '2025-02-19T05:45:10Z', 'updated_at': '2025-02-19T05:45:11Z', 'revision_number': 2, 'project_id': 'a6d1a357c02c43f9ac3a68120d3f4f86'}
2025-02-19 05:45:13.053 63758 INFO tempest.lib.common.rest_client [req-a50d3efa-b56c-478b-9826-46d9af9f884f req-a50d3efa-b56c-478b-9826-46d9af9f884f ] Request (FloatingIPsAssociationTestJSON:setUpClass): 200 GET http://10.180.1.21/compute/v2.1/servers/c657ae98-7ffb-47de-a697-00dadba3b0a8 0.232s
2025-02-19 05:45:13.143 63818 INFO tempest.lib.common.rest_client [req-4867df0f-ac16-4fda-8070-43b3b435b1f4 req-4867df0f-ac16-4fda-8070-43b3b435b1f4 ] Request (ServerDiskConfigTestJSON:test_rebuild_server_with_auto_disk_config): 200 GET http://10.180.1.21/compute/v2.1/servers/ff7a8736-b2f0-49a2-aa11-263df9ab8c8c 0.266s
2025-02-19 05:45:13.155 63768 INFO tempest.lib.common.rest_client [req-501fab52-dd32-4b8f-aa0c-1ccf0d6aa2a1 req-501fab52-dd32-4b8f-aa0c-1ccf0d6aa2a1 ] Request (ServerAddressesTestJSON:setUpClass): 201 POST http://10.180.1.21/identity/v3/auth/tokens 0.110s
