2025-02-19 05:44:36.254 63758 INFO tempest.lib.common.rest_client [req-0ff40a35-7fa9-4876-b968-a9deb1763016 req-0ff40a35-7fa9-4876-b968-a9deb1763016 ] Request (FloatingIPsAssociationTestJSON:setUpClass): 200 GET http://10.180.1.21/identity/v3/domains?name=Default 0.039s
2025-02-19 05:44:36.289 63758 INFO tempest.lib.common.rest_client [req-7fc7350a-e6c8-4a8b-8f6d-12b3b44f9bfb req-7fc7350a-e6c8-4a8b-8f6d-12b3b44f9bfb ] Request (FloatingIPsAssociationTestJSON:setUpClass): 201 POST http://10.180.1.21/identity/v3/projects 0.034s
2025-02-19 05:44:36.309 63766 INFO tempest.lib.common.rest_client [req-daeb94d6-b133-4b97-bbf0-18d222d21d12 req-daeb94d6-b133-4b97-bbf0-18d222d21d12 ] Request (ImagesOneServerNegativeTestJSON:_run_cleanups): 200 GET http://10.180.1.21/compute/v2.1/servers/b3a46e0f-15e3-4385-bb4f-b08568ae2fd8 0.511s
2025-02-19 05:44:36.345 63762 INFO paramiko.transport [-] Authentication (publickey) successful!
2025-02-19 05:44:36.345 63762 INFO tempest.lib.common.ssh [-] ssh connection to cirros@10.180.180.215 successfully created
2025-02-19 05:44:36.348 63758 INFO tempest.lib.common.rest_client [req-1a371bbe-8c7d-40ca-89dc-23ec9ec66ad2 req-1a371bbe-8c7d-40ca-89dc-23ec9ec66ad2 ] Request (FloatingIPsAssociationTestJSON:setUpClass): 201 POST http://10.180.1.21/identity/v3/users 0.059s
2025-02-19 05:44:36.353 63782 INFO tempest.lib.common.rest_client [req-64ab5319-9e21-4916-9e57-2565c13f920e req-64ab5319-9e21-4916-9e57-2565c13f920e ] Request (ServerGroupTestJSON:test_create_server_with_scheduler_hint_group): 200 GET http://10.180.1.21/compute/v2.1/servers/3a2ed53d-1634-41fc-ab85-ca3fde3c7544 0.612s
2025-02-19 05:44:36.373 63792 INFO tempest.lib.common.rest_client [req-21e98184-f1f8-4227-b55c-27f1386ccb1b req-21e98184-f1f8-4227-b55c-27f1386ccb1b ] Request (AttachVolumeShelveTestJSON:setUpClass): 201 POST http://10.180.1.21:9696/networking/v2.0/subnets 0.295s
2025-02-19 05:44:36.378 63758 INFO tempest.lib.common.rest_client [req-6b2e02f1-2731-4a16-9dac-952bc025d5a7 req-6b2e02f1-2731-4a16-9dac-952bc025d5a7 ] Request (FloatingIPsAssociationTestJSON:setUpClass): 200 GET http://10.180.1.21/identity/v3/roles 0.029s
2025-02-19 05:44:36.407 63758 INFO tempest.lib.common.rest_client [req-4b952a72-9f86-4df2-835e-88f91ce4e44c req-4b952a72-9f86-4df2-835e-88f91ce4e44c ] Request (FloatingIPsAssociationTestJSON:setUpClass): 204 PUT http://10.180.1.21/identity/v3/projects/3d4e1687d1fa4fd19f17b14fe4089cc4/users/f0710d4bdca1469e98a589cfd3a1ab70/roles/a30df256b42c4423bfa5f5d80718c4ea 0.028s
2025-02-19 05:44:36.407 63758 INFO tempest.lib.common.dynamic_creds [-] Dynamic test user f0710d4bdca1469e98a589cfd3a1ab70 is created with scope project and roles: ['member']
2025-02-19 05:44:36.408 63758 INFO tempest.lib.common.dynamic_creds [-] Acquired dynamic creds: credentials: Credentials: {'domain_id': 'default', 'domain_name': 'Default', 'username': 'tempest-FloatingIPsAssociationTestJSON-1934601669-project-member', 'project_domain_id': 'default', 'project_domain_name': 'Default', 'project_id': '3d4e1687d1fa4fd19f17b14fe4089cc4', 'project_name': 'tempest-FloatingIPsAssociationTestJSON-1934601669', 'tenant_id': '3d4e1687d1fa4fd19f17b14fe4089cc4', 'tenant_name': 'tempest-FloatingIPsAssociationTestJSON-1934601669', 'user_domain_id': 'default', 'user_domain_name': 'Default', 'user_id': 'f0710d4bdca1469e98a589cfd3a1ab70', 'system': None}, Network: None, Subnet: None, Router: None
2025-02-19 05:44:36.419 63808 INFO tempest.lib.common.rest_client [req-f07e2f2c-09f8-4d17-91e2-a3b096e9aa19 req-f07e2f2c-09f8-4d17-91e2-a3b096e9aa19 ] Request (MigrationsAdminTest:test_resize_server_revert_deleted_flavor): 200 GET http://10.180.1.21/compute/v2.1/servers/66f4957e-96a9-462c-8a41-06dfd9ea93f9 0.557s
2025-02-19 05:44:36.437 63772 INFO tempest.lib.common.rest_client [req-af9b88b0-698d-4f82-9a58-35a24f7022a2 req-af9b88b0-698d-4f82-9a58-35a24f7022a2 ] Request (SecurityGroupsTestJSON:test_security_groups_create_list_delete): 200 GET http://10.180.1.21/compute/v2.1/os-security-groups 0.605s
2025-02-19 05:44:36.468 63758 INFO tempest.lib.common.rest_client [req-f2b40fae-8134-4d28-bcc3-8e352c049cbe req-f2b40fae-8134-4d28-bcc3-8e352c049cbe ] Request (FloatingIPsAssociationTestJSON:setUpClass): 201 POST http://10.180.1.21/identity/v3/auth/tokens 0.060s
2025-02-19 05:44:36.499 63820 INFO tempest.lib.common.rest_client [req-a120205e-53d1-4749-acce-9d13d0c0dadd req-a120205e-53d1-4749-acce-9d13d0c0dadd ] Request (ServersV294TestFqdnHostnames:setUpClass): 200 GET http://10.180.1.21/compute/v2.1/servers/da012cdd-2d81-4886-95bf-550f4d6ec16f 0.452s
2025-02-19 05:44:36.547 63786 INFO tempest.lib.common.rest_client [req-a0f874dd-818c-41c5-8c9a-ed69a60bdc6a req-a0f874dd-818c-41c5-8c9a-ed69a60bdc6a ] Request (DeleteServersTestJSON:test_delete_server_while_in_attached_volume): 200 GET http://10.180.1.21/compute/v2.1/servers/832a2116-9b59-4038-b37c-0fe0d707f9d3 0.547s
2025-02-19 05:44:36.558 63764 INFO tempest.lib.common.rest_client [req-bcb2beef-8aa8-4cfc-9a9e-897748aa31ea req-bcb2beef-8aa8-4cfc-9a9e-897748aa31ea ] Request (ImagesTestJSON:test_create_image_from_suspended_server): 200 GET http://10.180.1.21/compute/v2.1/servers/878091d4-d403-4f93-a331-359ff1b5a4c9 0.500s
2025-02-19 05:44:36.617 63784 INFO tempest.lib.common.rest_client [req-8a3a4bd1-e531-4e0a-9805-f27f0246a45d req-8a3a4bd1-e531-4e0a-9805-f27f0246a45d ] Request (ServersWithSpecificFlavorTestJSON:test_verify_created_server_ephemeral_disk): 200 GET http://10.180.1.21/compute/v2.1/servers/bc47f6fe-6885-4fe6-98e1-bcedccdaf6e7 0.434s
2025-02-19 05:44:36.654 63780 INFO tempest.lib.common.rest_client [req-04d9c9be-1343-4c12-b101-c9edb36d43da req-04d9c9be-1343-4c12-b101-c9edb36d43da ] Request (SecurityGroupRulesNegativeTestJSON:tearDownClass): 202 DELETE http://10.180.1.21/compute/v2.1/os-security-groups/6324a605-0b9d-4dc9-ba7d-b0b277abaf45 0.576s
2025-02-19 05:44:36.683 63800 INFO tempest.lib.common.rest_client [req-a53be884-c600-433f-acb8-92be7ad05e19 req-a53be884-c600-433f-acb8-92be7ad05e19 ] Request (ServersNegativeTestMultiTenantJSON:tearDownClass): 200 GET http://10.180.1.21/compute/v2.1/servers/f94282ab-7e72-4817-bc88-af27adbfe4c3 0.429s
2025-02-19 05:44:36.702 63774 INFO paramiko.transport [-] Connected (version 2.0, client dropbear_2020.81)
2025-02-19 05:44:36.729 63816 INFO tempest.lib.common.rest_client [req-551ce01b-4381-4783-8b66-dbef0d795fad req-551ce01b-4381-4783-8b66-dbef0d795fad ] Request (ServerActionsTestJSON:setUpClass): 200 GET http://10.180.1.21/compute/v2.1/servers/638e67ef-7fbc-41b5-b00b-abab9f83f411 0.404s
2025-02-19 05:44:36.743 63816 INFO tempest.common.waiters [-] State transition "BUILD/None" ==> "BUILD/networking" after 76 second wait
2025-02-19 05:44:36.766 63774 INFO paramiko.transport [-] Authentication (publickey) successful!
2025-02-19 05:44:36.766 63774 INFO tempest.lib.common.ssh [-] ssh connection to cirros@10.180.180.235 successfully created
2025-02-19 05:44:36.773 63762 INFO tempest.lib.common.rest_client [req-6c55066d-316a-48b5-96d5-6b28e301c9f5 req-6c55066d-316a-48b5-96d5-6b28e301c9f5 ] Request (ServersTestManualDisk:tearDownClass): 204 DELETE http://10.180.1.21/compute/v2.1/servers/94667ac7-3f46-4a26-a62f-132dcab3ac5a 0.419s
2025-02-19 05:44:36.792 63790 INFO tempest.lib.common.rest_client [req-4cf25cbc-b3b8-4d75-8d74-a35b6ea66a14 req-4cf25cbc-b3b8-4d75-8d74-a35b6ea66a14 ] Request (MultipleCreateTestJSON:test_multiple_create): 200 GET http://10.180.1.21/compute/v2.1/servers/35e411e2-5b0d-42e9-9cb8-762e1ec11396 0.410s
2025-02-19 05:44:36.849 63758 INFO tempest.lib.common.rest_client [req-909520c6-94a0-48f9-8c59-8e67c12615ba req-909520c6-94a0-48f9-8c59-8e67c12615ba ] Request (FloatingIPsAssociationTestJSON:setUpClass): 201 POST http://10.180.1.21:9696/networking/v2.0/networks 0.380s
2025-02-19 05:44:36.858 63806 INFO tempest.lib.common.rest_client [req-169751bd-35af-4c6e-9f7f-02cdc7f7d219 req-169751bd-35af-4c6e-9f7f-02cdc7f7d219 ] Request (ServerAddressesNegativeTestJSON:setUpClass): 200 GET http://10.180.1.21/compute/v2.1/servers/856f9056-6ca2-4ada-9ab9-2755298b7fa6 0.406s
2025-02-19 05:44:36.903 63772 INFO tempest.lib.common.rest_client [req-3c76c9b3-bda5-432c-8e5d-8962c5098d9d req-3c76c9b3-bda5-432c-8e5d-8962c5098d9d ] Request (SecurityGroupsTestJSON:test_security_groups_create_list_delete): 202 DELETE http://10.180.1.21/compute/v2.1/os-security-groups/408c47cf-412f-4a0e-aca8-6f05f8f2f580 0.462s
2025-02-19 05:44:36.921 63818 INFO tempest.lib.common.rest_client [req-5b81b5b7-64e2-42b1-a6ad-08a4502dc2cb req-5b81b5b7-64e2-42b1-a6ad-08a4502dc2cb ] Request (ImagesOneServerTestJSON:tearDownClass): 200 GET http://10.180.1.21/compute/v2.1/servers/7812a5c4-322f-4846-8305-c77ed6227228 0.463s
2025-02-19 05:44:36.957 63812 INFO tempest.lib.common.rest_client [req-70a76d63-f14c-4e31-a6fd-615d69ee05d3 req-70a76d63-f14c-4e31-a6fd-615d69ee05d3 ] Request (VolumesAssistedSnapshotsTest:test_volume_assisted_snapshot_create_delete): 200 GET http://10.180.1.21/volume/v3/volumes/b7909c0f-c3e7-440b-9d73-b3fb1c6d0b63 0.040s
2025-02-19 05:44:36.982 63776 INFO tempest.lib.common.rest_client [req-360a2d6e-0d4d-4568-8399-bf48e1c274a5 req-360a2d6e-0d4d-4568-8399-bf48e1c274a5 ] Request (ServersAaction247Test:tearDownClass): 200 GET http://10.180.1.21/compute/v2.1/servers/a3f2ac99-8c0b-42d5-9459-87217561d4e4 0.450s
2025-02-19 05:44:37.005 63774 INFO tempest.lib.common.rest_client [req-5a42cfb1-5cb8-4b18-b86b-f84a7f1bbdca req-5a42cfb1-5cb8-4b18-b86b-f84a7f1bbdca ] Request (AttachVolumeTestJSON:test_attach_detach_volume): 200 GET http://10.180.1.21/compute/v2.1/servers/2dfbc0e5-c5e7-46e4-b8a4-c0e5471b43b5/ips 0.238s
2025-02-19 05:44:37.007 63774 INFO tempest.lib.common.ssh [-] Creating ssh connection to '10.180.180.235:22' as 'cirros' with public key authentication
2025-02-19 05:44:37.010 63774 INFO paramiko.transport [-] Connected (version 2.0, client dropbear_2020.81)
2025-02-19 05:44:37.036 63780 INFO tempest.lib.common.rest_client [req-60027f4d-7cf4-432b-816f-b8321c5e0f5d req-60027f4d-7cf4-432b-816f-b8321c5e0f5d ] Request (SecurityGroupRulesNegativeTestJSON:tearDownClass): 202 DELETE http://10.180.1.21/compute/v2.1/os-security-groups/eaeb7d5e-4736-4283-9c72-b1fda7d46321 0.382s
2025-02-19 05:44:37.107 63774 INFO paramiko.transport [-] Authentication (publickey) successful!
2025-02-19 05:44:37.107 63774 INFO tempest.lib.common.ssh [-] ssh connection to cirros@10.180.180.235 successfully created
2025-02-19 05:44:37.108 63774 INFO tempest.lib.common.ssh [-] Creating ssh connection to '10.180.180.235:22' as 'cirros' with public key authentication
2025-02-19 05:44:37.110 63774 INFO paramiko.transport [-] Connected (version 2.0, client dropbear_2020.81)
2025-02-19 05:44:37.122 63770 INFO tempest.lib.common.rest_client [req-8389ec60-925a-4200-bd52-d0077823fe74 req-8389ec60-925a-4200-bd52-d0077823fe74 ] Request (ServersTestBootFromVolume:setUpClass): 200 GET http://10.180.1.21/compute/v2.1/servers/10b05a88-9b05-42ef-b1b9-6a6987aa0139 0.283s
2025-02-19 05:44:37.146 63762 INFO tempest.lib.common.rest_client [req-67dd5025-5846-40d7-9e62-0e9c794827b7 req-67dd5025-5846-40d7-9e62-0e9c794827b7 ] Request (ServersTestManualDisk:tearDownClass): 200 GET http://10.180.1.21/compute/v2.1/servers/94667ac7-3f46-4a26-a62f-132dcab3ac5a 0.372s
2025-02-19 05:44:37.151 63772 INFO tempest.lib.common.rest_client [req-c8eac943-289a-44d6-9ced-daa159a9b18d req-c8eac943-289a-44d6-9ced-daa159a9b18d ] Request (SecurityGroupsTestJSON:test_security_groups_create_list_delete): 404 GET http://10.180.1.21/compute/v2.1/os-security-groups/408c47cf-412f-4a0e-aca8-6f05f8f2f580 0.247s
2025-02-19 05:44:37.208 63774 INFO paramiko.transport [-] Authentication (publickey) successful!
2025-02-19 05:44:37.208 63774 INFO tempest.lib.common.ssh [-] ssh connection to cirros@10.180.180.235 successfully created
2025-02-19 05:44:37.230 63778 INFO tempest.lib.common.rest_client [req-079a0e46-9fed-435a-8608-16648a225691 req-079a0e46-9fed-435a-8608-16648a225691 ] Request (ListServerFiltersTestJSON:tearDownClass): 200 GET http://10.180.1.21/compute/v2.1/servers/bdf3bd7f-d77d-41e0-877d-0b9e31d416e0 0.277s
2025-02-19 05:44:37.258 63768 INFO tempest.lib.common.rest_client [req-5fbb5aed-2152-4784-b4c2-097afc965e5f req-5fbb5aed-2152-4784-b4c2-097afc965e5f ] Request (DeleteServersAdminTestJSON:test_delete_server_while_in_error_state): 200 GET http://10.180.1.21/compute/v2.1/servers/da6874f4-077f-4306-8d7e-e3f91b5a4c6e 0.215s
2025-02-19 05:44:37.296 63802 INFO tempest.lib.common.rest_client [req-6ab571f3-a13c-4072-acd5-37d1acadcc15 req-6ab571f3-a13c-4072-acd5-37d1acadcc15 ] Request (ListImageFiltersTestJSON:setUpClass): 200 GET http://10.180.1.21/compute/v2.1/images/9e36f474-8066-4058-89a1-b4de26e6be28 0.177s
2025-02-19 05:44:37.386 63796 INFO tempest.lib.common.rest_client [req-6c9f0558-d6ad-4d5e-927c-dff511e3d181 req-6c9f0558-d6ad-4d5e-927c-dff511e3d181 ] Request (ServersAdminNegativeTestJSON:tearDownClass): 200 GET http://10.180.1.21/compute/v2.1/servers/f0a8ba87-d78a-4c2b-9431-64c8e80f05fd 0.261s
2025-02-19 05:44:37.414 63758 INFO tempest.lib.common.rest_client [req-e50390e3-57dd-4e80-bd7d-d61128dd0d47 req-e50390e3-57dd-4e80-bd7d-d61128dd0d47 ] Request (FloatingIPsAssociationTestJSON:setUpClass): 201 POST http://10.180.1.21:9696/networking/v2.0/subnets 0.564s
2025-02-19 05:44:37.469 63760 INFO tempest.lib.common.rest_client [req-a9a975ba-14e0-4fa2-af3e-e1d70586db9e req-a9a975ba-14e0-4fa2-af3e-e1d70586db9e ] Request (ServersAdminTestJSON:test_inject_network_info): 200 GET http://10.180.1.21/compute/v2.1/servers/a2b60472-d9a3-46ff-82ed-f0ae9b259663 0.287s
2025-02-19 05:44:37.490 63774 INFO tempest.lib.common.rest_client [req-881c08cc-8b9a-4dcc-baf5-ca66b2e50244 req-881c08cc-8b9a-4dcc-baf5-ca66b2e50244 ] Request (AttachVolumeTestJSON:test_attach_detach_volume): 202 POST http://10.180.1.21/volume/v3/volumes 0.273s
2025-02-19 05:44:37.500 63772 INFO tempest.lib.common.rest_client [req-c28e2148-aeb9-4758-945c-48343d324908 req-c28e2148-aeb9-4758-945c-48343d324908 ] Request (SecurityGroupsTestJSON:test_security_groups_create_list_delete): 202 DELETE http://10.180.1.21/compute/v2.1/os-security-groups/10bb0cb9-cb2d-454e-8989-bd56303cfa30 0.349s
2025-02-19 05:44:37.530 63774 INFO tempest.lib.common.rest_client [req-763cea53-ce4d-43cb-ab98-caea589a5446 req-763cea53-ce4d-43cb-ab98-caea589a5446 ] Request (AttachVolumeTestJSON:test_attach_detach_volume): 200 GET http://10.180.1.21/volume/v3/volumes/947ff000-a45d-4070-bee9-00fb58809db1 0.030s
2025-02-19 05:44:37.583 63766 INFO tempest.lib.common.rest_client [req-98bf209e-dad2-4051-9c45-588ad26d7ba7 req-98bf209e-dad2-4051-9c45-588ad26d7ba7 ] Request (ImagesOneServerNegativeTestJSON:_run_cleanups): 200 GET http://10.180.1.21/compute/v2.1/servers/b3a46e0f-15e3-4385-bb4f-b08568ae2fd8 0.257s
2025-02-19 05:44:37.587 63804 INFO tempest.lib.common.rest_client [req-c74bdab9-aef1-466f-9dda-ac6cac0770a0 req-c74bdab9-aef1-466f-9dda-ac6cac0770a0 ] Request (AttachInterfacesTestJSON:test_create_list_show_delete_interfaces_by_fixed_ip): 200 GET http://10.180.1.21/compute/v2.1/servers/d735bb99-dc6e-44e8-8cc1-d9b0dee29647/os-interface 0.373s
2025-02-19 05:44:37.665 63808 INFO tempest.lib.common.rest_client [req-11aa7893-97a0-43c6-9d68-d8e753032322 req-11aa7893-97a0-43c6-9d68-d8e753032322 ] Request (MigrationsAdminTest:test_resize_server_revert_deleted_flavor): 200 GET http://10.180.1.21/compute/v2.1/servers/66f4957e-96a9-462c-8a41-06dfd9ea93f9 0.238s
2025-02-19 05:44:37.702 63772 INFO tempest.lib.common.rest_client [req-7803a751-e2ee-40bb-b9a4-1de1f2255ace req-7803a751-e2ee-40bb-b9a4-1de1f2255ace ] Request (SecurityGroupsTestJSON:test_security_groups_create_list_delete): 404 GET http://10.180.1.21/compute/v2.1/os-security-groups/10bb0cb9-cb2d-454e-8989-bd56303cfa30 0.201s
2025-02-19 05:44:37.760 63782 INFO tempest.lib.common.rest_client [req-b2a8f4ee-80c4-4cfc-ae1b-5458ae0f924e req-b2a8f4ee-80c4-4cfc-ae1b-5458ae0f924e ] Request (ServerGroupTestJSON:test_create_server_with_scheduler_hint_group): 200 GET http://10.180.1.21/compute/v2.1/servers/3a2ed53d-1634-41fc-ab85-ca3fde3c7544 0.399s
2025-02-19 05:44:37.776 63820 INFO tempest.lib.common.rest_client [req-e0ff79be-cb4c-47f6-aa55-101c6a2e9625 req-e0ff79be-cb4c-47f6-aa55-101c6a2e9625 ] Request (ServersV294TestFqdnHostnames:setUpClass): 200 GET http://10.180.1.21/compute/v2.1/servers/da012cdd-2d81-4886-95bf-550f4d6ec16f 0.265s
2025-02-19 05:44:37.846 63764 INFO tempest.lib.common.rest_client [req-e7628e63-6636-4b2c-9144-4fa05152f712 req-e7628e63-6636-4b2c-9144-4fa05152f712 ] Request (ImagesTestJSON:test_create_image_from_suspended_server): 200 GET http://10.180.1.21/compute/v2.1/servers/878091d4-d403-4f93-a331-359ff1b5a4c9 0.275s
2025-02-19 05:44:37.911 63784 INFO tempest.lib.common.rest_client [req-cb9ce5a7-ce1e-4a82-b827-df7d9fc7aefc req-cb9ce5a7-ce1e-4a82-b827-df7d9fc7aefc ] Request (ServersWithSpecificFlavorTestJSON:test_verify_created_server_ephemeral_disk): 200 GET http://10.180.1.21/compute/v2.1/servers/bc47f6fe-6885-4fe6-98e1-bcedccdaf6e7 0.284s
2025-02-19 05:44:38.008 63812 INFO tempest.lib.common.rest_client [req-46365ab8-4a22-4c0d-afda-4c83c6ab7471 req-46365ab8-4a22-4c0d-afda-4c83c6ab7471 ] Request (VolumesAssistedSnapshotsTest:test_volume_assisted_snapshot_create_delete): 200 GET http://10.180.1.21/volume/v3/volumes/b7909c0f-c3e7-440b-9d73-b3fb1c6d0b63 0.043s
2025-02-19 05:44:38.009 63786 INFO tempest.lib.common.rest_client [req-a3f195bb-3a2f-4b1f-a795-0e1298676e65 req-a3f195bb-3a2f-4b1f-a795-0e1298676e65 ] Request (DeleteServersTestJSON:test_delete_server_while_in_attached_volume): 200 GET http://10.180.1.21/compute/v2.1/servers/832a2116-9b59-4038-b37c-0fe0d707f9d3 0.450s
2025-02-19 05:44:38.015 63792 INFO tempest.lib.common.rest_client [req-409cca58-24d7-4c29-b5eb-1f8d72db744d req-409cca58-24d7-4c29-b5eb-1f8d72db744d ] Request (AttachVolumeShelveTestJSON:setUpClass): 201 POST http://10.180.1.21:9696/networking/v2.0/routers 1.641s
2025-02-19 05:44:38.017 63786 INFO tempest.common.waiters [-] State transition "BUILD/spawning" ==> "ACTIVE/None" after 85 second wait
2025-02-19 05:44:38.020 63800 INFO tempest.lib.common.rest_client [req-98a85950-3435-4c00-909e-0d16adf6750c req-98a85950-3435-4c00-909e-0d16adf6750c ] Request (ServersNegativeTestMultiTenantJSON:tearDownClass): 200 GET http://10.180.1.21/compute/v2.1/servers/f94282ab-7e72-4817-bc88-af27adbfe4c3 0.323s
2025-02-19 05:44:38.091 63816 INFO tempest.lib.common.rest_client [req-3ecbd6c9-4ef5-455a-9199-269fb9b825f0 req-3ecbd6c9-4ef5-455a-9199-269fb9b825f0 ] Request (ServerActionsTestJSON:setUpClass): 200 GET http://10.180.1.21/compute/v2.1/servers/638e67ef-7fbc-41b5-b00b-abab9f83f411 0.347s
2025-02-19 05:44:38.098 63816 INFO tempest.common.waiters [-] State transition "BUILD/networking" ==> "BUILD/block_device_mapping" after 78 second wait
2025-02-19 05:44:38.192 63790 INFO tempest.lib.common.rest_client [req-aa8ae9b4-6cf9-4bc3-b307-86f5126d8018 req-aa8ae9b4-6cf9-4bc3-b307-86f5126d8018 ] Request (MultipleCreateTestJSON:test_multiple_create): 200 GET http://10.180.1.21/compute/v2.1/servers/35e411e2-5b0d-42e9-9cb8-762e1ec11396 0.391s
2025-02-19 05:44:38.250 63786 INFO tempest.lib.common.rest_client [req-bdfdf023-4c22-4f20-92c7-de5f606b8fc2 req-bdfdf023-4c22-4f20-92c7-de5f606b8fc2 ] Request (DeleteServersTestJSON:test_delete_server_while_in_attached_volume): 202 POST http://10.180.1.21/volume/v3/volumes 0.232s
2025-02-19 05:44:38.287 63806 INFO tempest.lib.common.rest_client [req-d593eb29-9801-4223-affc-5127f880df31 req-d593eb29-9801-4223-affc-5127f880df31 ] Request (ServerAddressesNegativeTestJSON:setUpClass): 200 GET http://10.180.1.21/compute/v2.1/servers/856f9056-6ca2-4ada-9ab9-2755298b7fa6 0.418s
2025-02-19 05:44:38.300 63772 INFO tempest.lib.common.rest_client [req-93cc3833-507c-456c-a957-8104a85cfb2f req-93cc3833-507c-456c-a957-8104a85cfb2f ] Request (SecurityGroupsTestJSON:test_security_groups_create_list_delete): 202 DELETE http://10.180.1.21/compute/v2.1/os-security-groups/fbd511ce-f208-4074-8b65-fe444798c04d 0.598s
2025-02-19 05:44:38.309 63786 INFO tempest.lib.common.rest_client [req-92c4dc8c-8ac9-4f8d-a2c1-b0319bcbd056 req-92c4dc8c-8ac9-4f8d-a2c1-b0319bcbd056 ] Request (DeleteServersTestJSON:test_delete_server_while_in_attached_volume): 200 GET http://10.180.1.21/volume/v3/volumes/a308e122-9e56-47b4-8c67-20032db19da8 0.048s
2025-02-19 05:44:38.401 63818 INFO tempest.lib.common.rest_client [req-84806988-e0d3-4bba-9cb3-73c0b7acfe6b req-84806988-e0d3-4bba-9cb3-73c0b7acfe6b ] Request (ImagesOneServerTestJSON:tearDownClass): 200 GET http://10.180.1.21/compute/v2.1/servers/7812a5c4-322f-4846-8305-c77ed6227228 0.469s
2025-02-19 05:44:38.416 63776 INFO tempest.lib.common.rest_client [req-59f1e786-8d90-4251-ba07-75f6f736db3d req-59f1e786-8d90-4251-ba07-75f6f736db3d ] Request (ServersAaction247Test:tearDownClass): 200 GET http://10.180.1.21/compute/v2.1/servers/a3f2ac99-8c0b-42d5-9459-87217561d4e4 0.423s
2025-02-19 05:44:38.482 63770 INFO tempest.lib.common.rest_client [req-67d2b0da-a949-4818-a5a9-7b926fd0d539 req-67d2b0da-a949-4818-a5a9-7b926fd0d539 ] Request (ServersTestBootFromVolume:setUpClass): 200 GET http://10.180.1.21/compute/v2.1/servers/10b05a88-9b05-42ef-b1b9-6a6987aa0139 0.350s
2025-02-19 05:44:38.574 63774 INFO tempest.lib.common.rest_client [req-e3c90a0f-92a7-429c-a26a-aa68f69d117b req-e3c90a0f-92a7-429c-a26a-aa68f69d117b ] Request (AttachVolumeTestJSON:test_attach_detach_volume): 200 GET http://10.180.1.21/volume/v3/volumes/947ff000-a45d-4070-bee9-00fb58809db1 0.035s
2025-02-19 05:44:38.583 63774 INFO tempest.common.waiters [-] volume 947ff000-a45d-4070-bee9-00fb58809db1 reached available after waiting for 1.583586 seconds
2025-02-19 05:44:38.592 63762 INFO tempest.lib.common.rest_client [req-9905fd6d-af6b-4ac7-a81b-17d9a1a853bf req-9905fd6d-af6b-4ac7-a81b-17d9a1a853bf ] Request (ServersTestManualDisk:tearDownClass): 200 GET http://10.180.1.21/compute/v2.1/servers/94667ac7-3f46-4a26-a62f-132dcab3ac5a 0.437s
2025-02-19 05:44:38.608 63778 INFO tempest.lib.common.rest_client [req-6e3ca4d6-7798-467c-b711-c4882aff2876 req-6e3ca4d6-7798-467c-b711-c4882aff2876 ] Request (ListServerFiltersTestJSON:tearDownClass): 200 GET http://10.180.1.21/compute/v2.1/servers/bdf3bd7f-d77d-41e0-877d-0b9e31d416e0 0.366s
2025-02-19 05:44:38.929 63768 INFO tempest.lib.common.rest_client [req-c969b170-5244-4112-bd42-aa23b40bff1d req-c969b170-5244-4112-bd42-aa23b40bff1d ] Request (DeleteServersAdminTestJSON:test_delete_server_while_in_error_state): 200 GET http://10.180.1.21/compute/v2.1/servers/da6874f4-077f-4306-8d7e-e3f91b5a4c6e 0.658s
2025-02-19 05:44:38.943 63772 INFO tempest.lib.common.rest_client [req-4ca9a637-915c-4f7d-9e8d-fabff449939b req-4ca9a637-915c-4f7d-9e8d-fabff449939b ] Request (SecurityGroupsTestJSON:test_security_groups_create_list_delete): 404 GET http://10.180.1.21/compute/v2.1/os-security-groups/fbd511ce-f208-4074-8b65-fe444798c04d 0.642s
2025-02-19 05:44:38.991 63802 INFO tempest.lib.common.rest_client [req-c736b6c8-732a-42ea-abec-833516a4dd0b req-c736b6c8-732a-42ea-abec-833516a4dd0b ] Request (ListImageFiltersTestJSON:setUpClass): 200 GET http://10.180.1.21/compute/v2.1/images/9e36f474-8066-4058-89a1-b4de26e6be28 0.681s
2025-02-19 05:44:39.066 63812 INFO tempest.lib.common.rest_client [req-83c2acf7-d219-485e-8d47-c4d795ba0dbe req-83c2acf7-d219-485e-8d47-c4d795ba0dbe ] Request (VolumesAssistedSnapshotsTest:test_volume_assisted_snapshot_create_delete): 200 GET http://10.180.1.21/volume/v3/volumes/b7909c0f-c3e7-440b-9d73-b3fb1c6d0b63 0.048s
2025-02-19 05:44:39.069 63796 INFO tempest.lib.common.rest_client [req-0ce674ed-536b-45bf-8e40-cda95603ae82 req-0ce674ed-536b-45bf-8e40-cda95603ae82 ] Request (ServersAdminNegativeTestJSON:tearDownClass): 200 GET http://10.180.1.21/compute/v2.1/servers/f0a8ba87-d78a-4c2b-9431-64c8e80f05fd 0.672s
2025-02-19 05:44:39.097 63760 INFO tempest.lib.common.rest_client [req-a9c0074b-bfb9-4caf-aa7d-07ebc7168e42 req-a9c0074b-bfb9-4caf-aa7d-07ebc7168e42 ] Request (ServersAdminTestJSON:test_inject_network_info): 200 GET http://10.180.1.21/compute/v2.1/servers/a2b60472-d9a3-46ff-82ed-f0ae9b259663 0.615s
2025-02-19 05:44:39.161 63758 INFO tempest.lib.common.rest_client [req-43b801df-9a03-4e45-a3f7-0e7034dbe328 req-43b801df-9a03-4e45-a3f7-0e7034dbe328 ] Request (FloatingIPsAssociationTestJSON:setUpClass): 201 POST http://10.180.1.21:9696/networking/v2.0/routers 1.746s
2025-02-19 05:44:39.352 63786 INFO tempest.lib.common.rest_client [req-0bebbcf6-5314-4497-afd4-c8dbe50ea28d req-0bebbcf6-5314-4497-afd4-c8dbe50ea28d ] Request (DeleteServersTestJSON:test_delete_server_while_in_attached_volume): 200 GET http://10.180.1.21/volume/v3/volumes/a308e122-9e56-47b4-8c67-20032db19da8 0.030s
2025-02-19 05:44:39.364 63804 INFO tempest.lib.common.rest_client [req-801d94f7-2f84-43a1-bd90-125100c8b639 req-801d94f7-2f84-43a1-bd90-125100c8b639 ] Request (AttachInterfacesTestJSON:test_create_list_show_delete_interfaces_by_fixed_ip): 200 GET http://10.180.1.21/compute/v2.1/servers/d735bb99-dc6e-44e8-8cc1-d9b0dee29647/os-interface 0.772s
2025-02-19 05:44:39.364 63786 INFO tempest.common.waiters [-] volume a308e122-9e56-47b4-8c67-20032db19da8 reached available after waiting for 1.364190 seconds
2025-02-19 05:44:39.401 63804 INFO tempest.lib.common.rest_client [req-09b8878a-8e50-46f5-80bb-a117eae69c37 req-09b8878a-8e50-46f5-80bb-a117eae69c37 ] Request (AttachInterfacesTestJSON:_run_cleanups): 404 DELETE http://10.180.1.21:9696/networking/v2.0/ports/2ea19e90-a99e-41fd-9389-4c46151d3364 0.033s
2025-02-19 05:44:39.455 63766 INFO tempest.lib.common.rest_client [req-48f1889c-4d51-401d-963e-5b6fc37570d2 req-48f1889c-4d51-401d-963e-5b6fc37570d2 ] Request (ImagesOneServerNegativeTestJSON:_run_cleanups): 200 GET http://10.180.1.21/compute/v2.1/servers/b3a46e0f-15e3-4385-bb4f-b08568ae2fd8 0.853s
2025-02-19 05:44:39.528 63808 INFO tempest.lib.common.rest_client [req-58ad95fa-dfbc-4c5e-926b-9e10c1ceb796 req-58ad95fa-dfbc-4c5e-926b-9e10c1ceb796 ] Request (MigrationsAdminTest:test_resize_server_revert_deleted_flavor): 200 GET http://10.180.1.21/compute/v2.1/servers/66f4957e-96a9-462c-8a41-06dfd9ea93f9 0.856s
2025-02-19 05:44:39.539 63808 INFO tempest.common.waiters [-] State transition "BUILD/scheduling" ==> "BUILD/None" after 26 second wait
2025-02-19 05:44:39.594 63788 WARNING tempest.lib.common.ssh [-] Failed to establish authenticated ssh connection to cirros@10.180.180.227 ([Errno None] Unable to connect to port 22 on 10.180.180.227). Number attempts: 4. Retry after 5 seconds.: paramiko.ssh_exception.NoValidConnectionsError: [Errno None] Unable to connect to port 22 on 10.180.180.227
2025-02-19 05:44:39.690 63780 INFO tempest.lib.common.rest_client [req-4d2eb618-2cf4-4626-bb38-f6451e8087af req-4d2eb618-2cf4-4626-bb38-f6451e8087af ] Request (SecurityGroupRulesNegativeTestJSON:tearDownClass): 200 PUT http://10.180.1.21:9696/networking/v2.0/routers/e2e5a7aa-24a2-457a-9de9-e9a425c7ef0d/remove_router_interface 2.653s
2025-02-19 05:44:39.759 63782 INFO tempest.lib.common.rest_client [req-9bddc640-64a2-47a9-8222-d9b7743190d8 req-9bddc640-64a2-47a9-8222-d9b7743190d8 ] Request (ServerGroupTestJSON:test_create_server_with_scheduler_hint_group): 200 GET http://10.180.1.21/compute/v2.1/servers/3a2ed53d-1634-41fc-ab85-ca3fde3c7544 0.987s
2025-02-19 05:44:39.872 63820 INFO tempest.lib.common.rest_client [req-7049c7a1-c448-47c1-87ce-bece8c4ea339 req-7049c7a1-c448-47c1-87ce-bece8c4ea339 ] Request (ServersV294TestFqdnHostnames:setUpClass): 200 GET http://10.180.1.21/compute/v2.1/servers/da012cdd-2d81-4886-95bf-550f4d6ec16f 1.083s
2025-02-19 05:44:39.963 63764 INFO tempest.lib.common.rest_client [req-c05c9c6b-0641-4171-9da7-a9bcc0dfaddb req-c05c9c6b-0641-4171-9da7-a9bcc0dfaddb ] Request (ImagesTestJSON:test_create_image_from_suspended_server): 200 GET http://10.180.1.21/compute/v2.1/servers/878091d4-d403-4f93-a331-359ff1b5a4c9 1.103s
2025-02-19 05:44:40.078 63784 INFO tempest.lib.common.rest_client [req-da950c90-0437-4440-9e04-a2bb5f66134d req-da950c90-0437-4440-9e04-a2bb5f66134d ] Request (ServersWithSpecificFlavorTestJSON:test_verify_created_server_ephemeral_disk): 200 GET http://10.180.1.21/compute/v2.1/servers/bc47f6fe-6885-4fe6-98e1-bcedccdaf6e7 1.152s
2025-02-19 05:44:40.138 63812 INFO tempest.lib.common.rest_client [req-8f20e19d-2cc6-4781-9cfa-9a0cd5e48aa6 req-8f20e19d-2cc6-4781-9cfa-9a0cd5e48aa6 ] Request (VolumesAssistedSnapshotsTest:test_volume_assisted_snapshot_create_delete): 200 GET http://10.180.1.21/volume/v3/volumes/b7909c0f-c3e7-440b-9d73-b3fb1c6d0b63 0.044s
2025-02-19 05:44:40.322 63792 INFO tempest.lib.common.rest_client [req-d07feb4f-d3c5-40e0-941d-e1b1f915b031 req-d07feb4f-d3c5-40e0-941d-e1b1f915b031 ] Request (AttachVolumeShelveTestJSON:setUpClass): 200 PUT http://10.180.1.21:9696/networking/v2.0/routers/12e34b66-9621-41bb-a79b-7580c9aa6e06/add_router_interface 2.306s
2025-02-19 05:44:40.323 63792 INFO tempest.lib.common.dynamic_creds [-] Created isolated network resources for: credentials: Credentials: {'domain_id': 'default', 'domain_name': 'Default', 'username': 'tempest-AttachVolumeShelveTestJSON-2090160957-project-member', 'project_domain_id': 'default', 'project_domain_name': 'Default', 'project_id': 'ad4c53eff01740eb840aa42451b1b6cc', 'project_name': 'tempest-AttachVolumeShelveTestJSON-2090160957', 'tenant_id': 'ad4c53eff01740eb840aa42451b1b6cc', 'tenant_name': 'tempest-AttachVolumeShelveTestJSON-2090160957', 'user_domain_id': 'default', 'user_domain_name': 'Default', 'user_id': '3ae090b51c624ac9b69c8ef7ac448c90', 'system': None}, Network: {'id': 'dda8f4bb-b8fc-4de1-afea-976d055b16c1', 'name': 'tempest-AttachVolumeShelveTestJSON-625788292-network', 'tenant_id': 'ad4c53eff01740eb840aa42451b1b6cc', 'admin_state_up': True, 'mtu': 8950, 'status': 'ACTIVE', 'subnets': [], 'shared': False, 'project_id': 'ad4c53eff01740eb840aa42451b1b6cc', 'port_security_enabled': True, 'router:external': False, 'provider:network_type': 'vlan', 'provider:physical_network': 'default', 'provider:segmentation_id': 735, 'availability_zone_hints': [], 'availability_zones': [], 'ipv4_address_scope': None, 'ipv6_address_scope': None, 'description': '', 'tags': [], 'created_at': '2025-02-19T05:44:35Z', 'updated_at': '2025-02-19T05:44:35Z', 'revision_number': 1}, Subnet: {'id': '754b66df-96aa-420f-a020-430e21c1e849', 'name': 'tempest-AttachVolumeShelveTestJSON-625788292-subnet', 'tenant_id': 'ad4c53eff01740eb840aa42451b1b6cc', 'network_id': 'dda8f4bb-b8fc-4de1-afea-976d055b16c1', 'ip_version': 4, 'subnetpool_id': None, 'enable_dhcp': True, 'ipv6_ra_mode': None, 'ipv6_address_mode': None, 'gateway_ip': '192.168.128.1', 'cidr': '192.168.128.0/28', 'allocation_pools': [{'start': '192.168.128.2', 'end': '192.168.128.14'}], 'host_routes': [], 'dns_nameservers': [], 'description': '', 'router:external': False, 'service_types': [], 'tags': [], 'created_at': '2025-02-19T05:44:36Z', 'updated_at': '2025-02-19T05:44:36Z', 'revision_number': 0, 'project_id': 'ad4c53eff01740eb840aa42451b1b6cc'}, Router: {'id': '12e34b66-9621-41bb-a79b-7580c9aa6e06', 'name': 'tempest-AttachVolumeShelveTestJSON-625788292-router', 'tenant_id': 'ad4c53eff01740eb840aa42451b1b6cc', 'admin_state_up': True, 'status': 'ACTIVE', 'external_gateway_info': {'network_id': '70d88e26-98dd-4a20-95b5-041f7ca83369', 'external_fixed_ips': [{'subnet_id': '46b6463c-a700-455f-9101-1e8ccc398296', 'ip_address': '10.180.180.173'}], 'enable_snat': True}, 'description': '', 'availability_zones': [], 'distributed': False, 'ha': False, 'availability_zone_hints': [], 'routes': [], 'flavor_id': None, 'tags': [], 'created_at': '2025-02-19T05:44:36Z', 'updated_at': '2025-02-19T05:44:36Z', 'revision_number': 2, 'project_id': 'ad4c53eff01740eb840aa42451b1b6cc'}
2025-02-19 05:44:40.393 63772 INFO tempest.lib.common.rest_client [req-acba22ea-e955-4130-a617-1d5efcca06f5 req-acba22ea-e955-4130-a617-1d5efcca06f5 ] Request (SecurityGroupsTestJSON:test_security_groups_create_list_delete): 200 GET http://10.180.1.21/compute/v2.1/os-security-groups 1.449s
2025-02-19 05:44:40.427 63792 INFO tempest.lib.common.rest_client [req-b0749496-32d3-4bde-95d5-e7380e76a149 req-b0749496-32d3-4bde-95d5-e7380e76a149 ] Request (AttachVolumeShelveTestJSON:setUpClass): 201 POST http://10.180.1.21/identity/v3/auth/tokens 0.097s
2025-02-19 05:44:40.514 63800 INFO tempest.lib.common.rest_client [req-b8b7438f-72cc-4d50-8514-f49085d88449 req-b8b7438f-72cc-4d50-8514-f49085d88449 ] Request (ServersNegativeTestMultiTenantJSON:tearDownClass): 200 GET http://10.180.1.21/compute/v2.1/servers/f94282ab-7e72-4817-bc88-af27adbfe4c3 1.485s
2025-02-19 05:44:40.699 63780 INFO tempest.lib.common.rest_client [req-260cfc52-2b26-480a-acb2-ba38095f1c82 req-260cfc52-2b26-480a-acb2-ba38095f1c82 ] Request (SecurityGroupRulesNegativeTestJSON:tearDownClass): 204 DELETE http://10.180.1.21:9696/networking/v2.0/routers/e2e5a7aa-24a2-457a-9de9-e9a425c7ef0d 1.009s
2025-02-19 05:44:40.765 63774 INFO tempest.lib.common.rest_client [req-9f8c2249-1809-4606-869f-ec4688f5961d req-9f8c2249-1809-4606-869f-ec4688f5961d ] Request (AttachVolumeTestJSON:test_attach_detach_volume): 200 POST http://10.180.1.21/compute/v2.1/servers/2dfbc0e5-c5e7-46e4-b8a4-c0e5471b43b5/os-volume_attachments 2.182s
2025-02-19 05:44:40.779 63816 INFO tempest.lib.common.rest_client [req-743c6e93-dadb-47ad-9075-529d36b0bc8e req-743c6e93-dadb-47ad-9075-529d36b0bc8e ] Request (ServerActionsTestJSON:setUpClass): 200 GET http://10.180.1.21/compute/v2.1/servers/638e67ef-7fbc-41b5-b00b-abab9f83f411 1.678s
2025-02-19 05:44:40.789 63816 INFO tempest.common.waiters [-] State transition "BUILD/block_device_mapping" ==> "BUILD/spawning" after 80 second wait
2025-02-19 05:44:40.800 63774 INFO tempest.lib.common.rest_client [req-149f6d7b-f26f-488a-8c77-4a4d5c2d05ba req-149f6d7b-f26f-488a-8c77-4a4d5c2d05ba ] Request (AttachVolumeTestJSON:test_attach_detach_volume): 200 GET http://10.180.1.21/volume/v3/volumes/947ff000-a45d-4070-bee9-00fb58809db1 0.033s
2025-02-19 05:44:40.857 63790 INFO tempest.lib.common.rest_client [req-85140ad8-4ecb-4f77-9a55-57e3691ca295 req-85140ad8-4ecb-4f77-9a55-57e3691ca295 ] Request (MultipleCreateTestJSON:test_multiple_create): 200 GET http://10.180.1.21/compute/v2.1/servers/35e411e2-5b0d-42e9-9cb8-762e1ec11396 1.652s
2025-02-19 05:44:40.867 63806 INFO tempest.lib.common.rest_client [req-227415e1-08bc-4f3f-bc7f-8964a5ffb906 req-227415e1-08bc-4f3f-bc7f-8964a5ffb906 ] Request (ServerAddressesNegativeTestJSON:setUpClass): 200 GET http://10.180.1.21/compute/v2.1/servers/856f9056-6ca2-4ada-9ab9-2755298b7fa6 1.568s
2025-02-19 05:44:40.956 63780 INFO tempest.lib.common.rest_client [req-6cbecbcd-35d6-4ce3-bc81-6cfed8868493 req-6cbecbcd-35d6-4ce3-bc81-6cfed8868493 ] Request (SecurityGroupRulesNegativeTestJSON:tearDownClass): 204 DELETE http://10.180.1.21:9696/networking/v2.0/subnets/dd13481e-6ced-4f10-8e4c-dd80a042e660 0.257s
2025-02-19 05:44:40.972 63804 INFO tempest.lib.common.rest_client [req-21c0b093-52b6-4ceb-8f6c-55f2f78b069f req-21c0b093-52b6-4ceb-8f6c-55f2f78b069f ] Request (AttachInterfacesTestJSON:_run_cleanups): 204 DELETE http://10.180.1.21/compute/v2.1/servers/d735bb99-dc6e-44e8-8cc1-d9b0dee29647 1.569s
2025-02-19 05:44:41.044 63818 INFO tempest.lib.common.rest_client [req-6d828faf-0b8f-4985-9d88-fcc022270418 req-6d828faf-0b8f-4985-9d88-fcc022270418 ] Request (ImagesOneServerTestJSON:tearDownClass): 200 GET http://10.180.1.21/compute/v2.1/servers/7812a5c4-322f-4846-8305-c77ed6227228 1.631s
2025-02-19 05:44:41.094 63758 INFO tempest.lib.common.rest_client [req-cfa1a58e-b1ad-4479-be1e-1ae131a5a53e req-cfa1a58e-b1ad-4479-be1e-1ae131a5a53e ] Request (FloatingIPsAssociationTestJSON:setUpClass): 200 PUT http://10.180.1.21:9696/networking/v2.0/routers/d3fac18b-ffdf-42ba-83dc-b613ebcf0eab/add_router_interface 1.933s
2025-02-19 05:44:41.095 63758 INFO tempest.lib.common.dynamic_creds [-] Created isolated network resources for: credentials: Credentials: {'domain_id': 'default', 'domain_name': 'Default', 'username': 'tempest-FloatingIPsAssociationTestJSON-1934601669-project-member', 'project_domain_id': 'default', 'project_domain_name': 'Default', 'project_id': '3d4e1687d1fa4fd19f17b14fe4089cc4', 'project_name': 'tempest-FloatingIPsAssociationTestJSON-1934601669', 'tenant_id': '3d4e1687d1fa4fd19f17b14fe4089cc4', 'tenant_name': 'tempest-FloatingIPsAssociationTestJSON-1934601669', 'user_domain_id': 'default', 'user_domain_name': 'Default', 'user_id': 'f0710d4bdca1469e98a589cfd3a1ab70', 'system': None}, Network: {'id': 'bd8301ec-cac7-427f-bba1-abf743751cf4', 'name': 'tempest-FloatingIPsAssociationTestJSON-1249874736-network', 'tenant_id': '3d4e1687d1fa4fd19f17b14fe4089cc4', 'admin_state_up': True, 'mtu': 8950, 'status': 'ACTIVE', 'subnets': [], 'shared': False, 'project_id': '3d4e1687d1fa4fd19f17b14fe4089cc4', 'port_security_enabled': True, 'router:external': False, 'provider:network_type': 'vlan', 'provider:physical_network': 'default', 'provider:segmentation_id': 89, 'availability_zone_hints': [], 'availability_zones': [], 'ipv4_address_scope': None, 'ipv6_address_scope': None, 'description': '', 'tags': [], 'created_at': '2025-02-19T05:44:36Z', 'updated_at': '2025-02-19T05:44:36Z', 'revision_number': 1}, Subnet: {'id': 'c2343fa4-592a-4c42-9a62-9d9f3e6b25ba', 'name': 'tempest-FloatingIPsAssociationTestJSON-1249874736-subnet', 'tenant_id': '3d4e1687d1fa4fd19f17b14fe4089cc4', 'network_id': 'bd8301ec-cac7-427f-bba1-abf743751cf4', 'ip_version': 4, 'subnetpool_id': None, 'enable_dhcp': True, 'ipv6_ra_mode': None, 'ipv6_address_mode': None, 'gateway_ip': '192.168.128.1', 'cidr': '192.168.128.0/28', 'allocation_pools': [{'start': '192.168.128.2', 'end': '192.168.128.14'}], 'host_routes': [], 'dns_nameservers': [], 'description': '', 'router:external': False, 'service_types': [], 'tags': [], 'created_at': '2025-02-19T05:44:36Z', 'updated_at': '2025-02-19T05:44:36Z', 'revision_number': 0, 'project_id': '3d4e1687d1fa4fd19f17b14fe4089cc4'}, Router: {'id': 'd3fac18b-ffdf-42ba-83dc-b613ebcf0eab', 'name': 'tempest-FloatingIPsAssociationTestJSON-1249874736-router', 'tenant_id': '3d4e1687d1fa4fd19f17b14fe4089cc4', 'admin_state_up': True, 'status': 'ACTIVE', 'external_gateway_info': {'network_id': '70d88e26-98dd-4a20-95b5-041f7ca83369', 'external_fixed_ips': [{'subnet_id': '46b6463c-a700-455f-9101-1e8ccc398296', 'ip_address': '10.180.180.177'}], 'enable_snat': True}, 'description': '', 'availability_zones': [], 'distributed': False, 'ha': False, 'availability_zone_hints': [], 'routes': [], 'flavor_id': None, 'tags': [], 'created_at': '2025-02-19T05:44:37Z', 'updated_at': '2025-02-19T05:44:38Z', 'revision_number': 2, 'project_id': '3d4e1687d1fa4fd19f17b14fe4089cc4'}
2025-02-19 05:44:41.119 63776 INFO tempest.lib.common.rest_client [req-358c41c4-231c-4498-b04a-92bcf203d574 req-358c41c4-231c-4498-b04a-92bcf203d574 ] Request (ServersAaction247Test:tearDownClass): 200 GET http://10.180.1.21/compute/v2.1/servers/a3f2ac99-8c0b-42d5-9459-87217561d4e4 1.688s
2025-02-19 05:44:41.130 63776 INFO tempest.common.waiters [-] State transition "ACTIVE/deleting" ==> "DELETED/None" after 7 second wait
2025-02-19 05:44:41.191 63812 INFO tempest.lib.common.rest_client [req-44eb6f50-f3de-4024-bd4f-c8cb4f9cf161 req-44eb6f50-f3de-4024-bd4f-c8cb4f9cf161 ] Request (VolumesAssistedSnapshotsTest:test_volume_assisted_snapshot_create_delete): 200 GET http://10.180.1.21/volume/v3/volumes/b7909c0f-c3e7-440b-9d73-b3fb1c6d0b63 0.037s
2025-02-19 05:44:41.198 63770 INFO tempest.lib.common.rest_client [req-63199f32-4585-4415-b982-b2331f05139d req-63199f32-4585-4415-b982-b2331f05139d ] Request (ServersTestBootFromVolume:setUpClass): 200 GET http://10.180.1.21/compute/v2.1/servers/10b05a88-9b05-42ef-b1b9-6a6987aa0139 1.707s
2025-02-19 05:44:41.205 63812 INFO tempest.common.waiters [-] Attachment 5f7fe3b1-f5c8-4258-818b-8163b512b9f6 created for volume b7909c0f-c3e7-440b-9d73-b3fb1c6d0b63 to server 545f7a96-8308-476c-be13-c815aeb0bad9 after waiting for 9.205176 seconds
2025-02-19 05:44:41.259 63758 INFO tempest.lib.common.rest_client [req-1c47c886-a616-4001-9043-a6d362f30322 req-1c47c886-a616-4001-9043-a6d362f30322 ] Request (FloatingIPsAssociationTestJSON:setUpClass): 201 POST http://10.180.1.21/identity/v3/auth/tokens 0.154s
2025-02-19 05:44:41.266 63812 INFO tempest.lib.common.rest_client [req-6ae49d95-d87c-4004-a755-5652367bf148 req-6ae49d95-d87c-4004-a755-5652367bf148 ] Request (VolumesAssistedSnapshotsTest:test_volume_assisted_snapshot_create_delete): 200 GET http://10.180.1.21/volume/v3/volumes/b7909c0f-c3e7-440b-9d73-b3fb1c6d0b63 0.060s
2025-02-19 05:44:41.277 63812 INFO tempest.common.waiters [-] volume b7909c0f-c3e7-440b-9d73-b3fb1c6d0b63 reached in-use after waiting for 0.277502 seconds
2025-02-19 05:44:41.293 63762 INFO tempest.lib.common.rest_client [req-62f5f775-b0e0-435f-977c-83f71e31ada8 req-62f5f775-b0e0-435f-977c-83f71e31ada8 ] Request (ServersTestManualDisk:tearDownClass): 200 GET http://10.180.1.21/compute/v2.1/servers/94667ac7-3f46-4a26-a62f-132dcab3ac5a 1.691s
2025-02-19 05:44:41.304 63758 INFO tempest.lib.common.rest_client [req-17100aef-06de-48c4-b121-bee7d77d4c5f req-17100aef-06de-48c4-b121-bee7d77d4c5f ] Request (FloatingIPsAssociationTestJSON:setUpClass): 201 POST http://10.180.1.21/identity/v3/auth/tokens 0.040s
2025-02-19 05:44:41.305 63758 INFO tempest.lib.common.fixed_network [-] (FloatingIPsAssociationTestJSON:setUpClass) Found network {'id': 'bd8301ec-cac7-427f-bba1-abf743751cf4', 'name': 'tempest-FloatingIPsAssociationTestJSON-1249874736-network', 'tenant_id': '3d4e1687d1fa4fd19f17b14fe4089cc4', 'admin_state_up': True, 'mtu': 8950, 'status': 'ACTIVE', 'subnets': [], 'shared': False, 'project_id': '3d4e1687d1fa4fd19f17b14fe4089cc4', 'port_security_enabled': True, 'router:external': False, 'provider:network_type': 'vlan', 'provider:physical_network': 'default', 'provider:segmentation_id': 89, 'availability_zone_hints': [], 'availability_zones': [], 'ipv4_address_scope': None, 'ipv6_address_scope': None, 'description': '', 'tags': [], 'created_at': '2025-02-19T05:44:36Z', 'updated_at': '2025-02-19T05:44:36Z', 'revision_number': 1} available for tenant
2025-02-19 05:44:41.369 63778 INFO tempest.lib.common.rest_client [req-bcfc500d-a70b-426e-b3b2-7191595fb52d req-bcfc500d-a70b-426e-b3b2-7191595fb52d ] Request (ListServerFiltersTestJSON:tearDownClass): 200 GET http://10.180.1.21/compute/v2.1/servers/bdf3bd7f-d77d-41e0-877d-0b9e31d416e0 1.743s
2025-02-19 05:44:41.370 63780 INFO tempest.lib.common.rest_client [req-9767ef32-feb5-46d4-bb87-cdd145b972c1 req-9767ef32-feb5-46d4-bb87-cdd145b972c1 ] Request (SecurityGroupRulesNegativeTestJSON:tearDownClass): 204 DELETE http://10.180.1.21:9696/networking/v2.0/networks/b29e761b-d162-4de3-a1bc-cb44542b31eb 0.413s
2025-02-19 05:44:41.441 63768 INFO tempest.lib.common.rest_client [req-f6d07784-17e9-4c93-8b1a-2b91f1df4819 req-f6d07784-17e9-4c93-8b1a-2b91f1df4819 ] Request (DeleteServersAdminTestJSON:test_delete_server_while_in_error_state): 200 GET http://10.180.1.21/compute/v2.1/servers/da6874f4-077f-4306-8d7e-e3f91b5a4c6e 1.499s
2025-02-19 05:44:41.460 63780 INFO tempest.lib.common.rest_client [req-c456d175-8974-4c1a-a5a0-37e3d9ce579e req-c456d175-8974-4c1a-a5a0-37e3d9ce579e ] Request (SecurityGroupRulesNegativeTestJSON:tearDownClass): 204 DELETE http://10.180.1.21/identity/v3/users/fb47289ac4d24e54b0bff5051e097872 0.090s
2025-02-19 05:44:41.460 63780 INFO tempest.lib.common.dynamic_creds [-] Deleting project and security group for project: 5b83ae13c5964f0e981c6352055676d5
2025-02-19 05:44:41.479 63802 INFO tempest.lib.common.rest_client [req-a59b9cc5-f100-444e-a8a6-504b982a7103 req-a59b9cc5-f100-444e-a8a6-504b982a7103 ] Request (ListImageFiltersTestJSON:setUpClass): 200 GET http://10.180.1.21/compute/v2.1/images/9e36f474-8066-4058-89a1-b4de26e6be28 1.481s
2025-02-19 05:44:41.498 63780 INFO tempest.lib.common.rest_client [req-722e10fc-8185-44a8-9448-8251b701341d req-722e10fc-8185-44a8-9448-8251b701341d ] Request (SecurityGroupRulesNegativeTestJSON:tearDownClass): 200 GET http://10.180.1.21:9696/networking/v2.0/security-groups?tenant_id=5b83ae13c5964f0e981c6352055676d5&name=default 0.037s
2025-02-19 05:44:41.505 63796 INFO tempest.lib.common.rest_client [req-ba1aaad7-a097-4b51-8d32-3b32e02f9883 req-ba1aaad7-a097-4b51-8d32-3b32e02f9883 ] Request (ServersAdminNegativeTestJSON:tearDownClass): 404 GET http://10.180.1.21/compute/v2.1/servers/f0a8ba87-d78a-4c2b-9431-64c8e80f05fd 1.412s
2025-02-19 05:44:41.580 63760 INFO tempest.lib.common.rest_client [req-83c09064-6bc2-4abc-a898-35fc1cd3406b req-83c09064-6bc2-4abc-a898-35fc1cd3406b ] Request (ServersAdminTestJSON:test_inject_network_info): 200 GET http://10.180.1.21/compute/v2.1/servers/a2b60472-d9a3-46ff-82ed-f0ae9b259663 1.469s
2025-02-19 05:44:41.602 63780 INFO tempest.lib.common.rest_client [req-30bdc563-0175-44bd-b239-b9866391111f req-30bdc563-0175-44bd-b239-b9866391111f ] Request (SecurityGroupRulesNegativeTestJSON:tearDownClass): 204 DELETE http://10.180.1.21:9696/networking/v2.0/security-groups/048c8ae7-2b67-4606-bd62-6c7defb131fc 0.104s
2025-02-19 05:44:41.700 63772 INFO tempest.lib.common.rest_client [req-55369d23-ab58-42c4-b3cd-c40345a7fd8a req-55369d23-ab58-42c4-b3cd-c40345a7fd8a ] Request (SecurityGroupsTestJSON:test_server_security_groups): 200 POST http://10.180.1.21/compute/v2.1/os-security-groups 1.302s
2025-02-19 05:44:41.714 63780 INFO tempest.lib.common.rest_client [req-0ccc40d8-3d9e-4862-aeb2-4d016fbb488c req-0ccc40d8-3d9e-4862-aeb2-4d016fbb488c ] Request (SecurityGroupRulesNegativeTestJSON:tearDownClass): 204 DELETE http://10.180.1.21/identity/v3/projects/5b83ae13c5964f0e981c6352055676d5 0.111s
2025-02-19 05:44:41.777 63780 INFO tempest.lib.common.rest_client [req-194f268f-fedb-4749-b934-38a0a208e64b req-194f268f-fedb-4749-b934-38a0a208e64b ] Request (QuotasTestJSON:setUpClass): 201 POST http://10.180.1.21/identity/v3/auth/tokens 0.059s
2025-02-19 05:44:41.818 63780 INFO tempest.lib.common.rest_client [req-963fcd4e-8be1-46cb-8e41-537d63c21330 req-963fcd4e-8be1-46cb-8e41-537d63c21330 ] Request (QuotasTestJSON:setUpClass): 201 POST http://10.180.1.21/identity/v3/auth/tokens 0.038s
2025-02-19 05:44:41.843 63774 INFO tempest.lib.common.rest_client [req-315978b3-34d7-457e-aee3-f987914a66d1 req-315978b3-34d7-457e-aee3-f987914a66d1 ] Request (AttachVolumeTestJSON:test_attach_detach_volume): 200 GET http://10.180.1.21/volume/v3/volumes/947ff000-a45d-4070-bee9-00fb58809db1 0.033s
2025-02-19 05:44:41.849 63780 INFO tempest.lib.common.rest_client [req-cf51ee7b-d70f-4b6a-ba4f-80e33b833ec0 req-cf51ee7b-d70f-4b6a-ba4f-80e33b833ec0 ] Request (QuotasTestJSON:setUpClass): 200 GET http://10.180.1.21/identity/v3/domains?name=Default 0.031s
2025-02-19 05:44:41.884 63780 INFO tempest.lib.common.rest_client [req-3a35dd3a-f149-428b-91f5-8e8e51efcced req-3a35dd3a-f149-428b-91f5-8e8e51efcced ] Request (QuotasTestJSON:setUpClass): 201 POST http://10.180.1.21/identity/v3/projects 0.034s
2025-02-19 05:44:41.923 63792 INFO tempest.lib.common.rest_client [req-f4ad3ac5-8d50-4a20-97dd-31be1e31aea4 req-f4ad3ac5-8d50-4a20-97dd-31be1e31aea4 ] Request (ValidationResourcesFixture:setUp): 201 POST http://10.180.1.21/compute/v2.1/os-keypairs 1.493s
2025-02-19 05:44:41.968 63780 INFO tempest.lib.common.rest_client [req-eb3341f0-8fc7-47e1-82dd-6712746296a5 req-eb3341f0-8fc7-47e1-82dd-6712746296a5 ] Request (QuotasTestJSON:setUpClass): 201 POST http://10.180.1.21/identity/v3/users 0.083s
2025-02-19 05:44:41.990 63766 INFO tempest.lib.common.rest_client [req-5b543b08-560d-41a2-9035-6957890f4fd6 req-5b543b08-560d-41a2-9035-6957890f4fd6 ] Request (ImagesOneServerNegativeTestJSON:_run_cleanups): 200 GET http://10.180.1.21/compute/v2.1/servers/b3a46e0f-15e3-4385-bb4f-b08568ae2fd8 1.521s
2025-02-19 05:44:42.003 63780 INFO tempest.lib.common.rest_client [req-c34d5ad7-ee12-4e74-8270-0013a2dd4594 req-c34d5ad7-ee12-4e74-8270-0013a2dd4594 ] Request (QuotasTestJSON:setUpClass): 200 GET http://10.180.1.21/identity/v3/roles 0.033s
2025-02-19 05:44:42.035 63780 INFO tempest.lib.common.rest_client [req-c898f674-4839-4d28-9ee7-e0f64061e251 req-c898f674-4839-4d28-9ee7-e0f64061e251 ] Request (QuotasTestJSON:setUpClass): 204 PUT http://10.180.1.21/identity/v3/projects/1c281ba0350244da8c11076bfdac3386/users/5bb0f2d7800a41d891569bcf506d7fb8/roles/a30df256b42c4423bfa5f5d80718c4ea 0.032s
2025-02-19 05:44:42.036 63780 INFO tempest.lib.common.dynamic_creds [-] Dynamic test user 5bb0f2d7800a41d891569bcf506d7fb8 is created with scope project and roles: ['member']
2025-02-19 05:44:42.036 63780 INFO tempest.lib.common.dynamic_creds [-] Acquired dynamic creds: credentials: Credentials: {'domain_id': 'default', 'domain_name': 'Default', 'username': 'tempest-QuotasTestJSON-620537057-project-member', 'project_domain_id': 'default', 'project_domain_name': 'Default', 'project_id': '1c281ba0350244da8c11076bfdac3386', 'project_name': 'tempest-QuotasTestJSON-620537057', 'tenant_id': '1c281ba0350244da8c11076bfdac3386', 'tenant_name': 'tempest-QuotasTestJSON-620537057', 'user_domain_id': 'default', 'user_domain_name': 'Default', 'user_id': '5bb0f2d7800a41d891569bcf506d7fb8', 'system': None}, Network: None, Subnet: None, Router: None
2025-02-19 05:44:42.036 63780 INFO tempest.lib.common.dynamic_creds [-] Created isolated network resources for: credentials: Credentials: {'domain_id': 'default', 'domain_name': 'Default', 'username': 'tempest-QuotasTestJSON-620537057-project-member', 'project_domain_id': 'default', 'project_domain_name': 'Default', 'project_id': '1c281ba0350244da8c11076bfdac3386', 'project_name': 'tempest-QuotasTestJSON-620537057', 'tenant_id': '1c281ba0350244da8c11076bfdac3386', 'tenant_name': 'tempest-QuotasTestJSON-620537057', 'user_domain_id': 'default', 'user_domain_name': 'Default', 'user_id': '5bb0f2d7800a41d891569bcf506d7fb8', 'system': None}, Network: None, Subnet: None, Router: None
