2025-02-19 05:42:34.043 63800 INFO tempest.lib.common.rest_client [req-efc228b8-b490-4f9b-bdff-2fa4ba85ae00 req-efc228b8-b490-4f9b-bdff-2fa4ba85ae00 ] Request (ServicesAdminTestJSON:tearDownClass): 204 DELETE http://10.180.1.21:9696/networking/v2.0/security-groups/6de3cd4a-5037-44f6-a4cc-2a01227fee04 0.145s
2025-02-19 05:42:34.076 63774 INFO tempest.lib.common.rest_client [req-08943199-54b4-4490-afda-f4b9f53c8969 req-08943199-54b4-4490-afda-f4b9f53c8969 ] Request (AttachVolumeTestJSON:setUpClass): 204 PUT http://10.180.1.21/identity/v3/projects/03b970333f4143818355d51fa6e38cd0/users/3af243c740d3443f94088fb4f946616d/roles/a30df256b42c4423bfa5f5d80718c4ea 0.038s
2025-02-19 05:42:34.076 63774 INFO tempest.lib.common.dynamic_creds [-] Dynamic test user 3af243c740d3443f94088fb4f946616d is created with scope project and roles: ['member']
2025-02-19 05:42:34.077 63774 INFO tempest.lib.common.dynamic_creds [-] Acquired dynamic creds: credentials: Credentials: {'domain_id': 'default', 'domain_name': 'Default', 'username': 'tempest-AttachVolumeTestJSON-993912482-project-member', 'project_domain_id': 'default', 'project_domain_name': 'Default', 'project_id': '03b970333f4143818355d51fa6e38cd0', 'project_name': 'tempest-AttachVolumeTestJSON-993912482', 'tenant_id': '03b970333f4143818355d51fa6e38cd0', 'tenant_name': 'tempest-AttachVolumeTestJSON-993912482', 'user_domain_id': 'default', 'user_domain_name': 'Default', 'user_id': '3af243c740d3443f94088fb4f946616d', 'system': None}, Network: None, Subnet: None, Router: None
2025-02-19 05:42:34.081 63780 INFO tempest.lib.common.rest_client [req-ca18fee8-0508-4e47-937f-a4c3061dcc80 req-ca18fee8-0508-4e47-937f-a4c3061dcc80 ] Request (QuotaClassesAdmin257Test:tearDownClass): 200 GET http://10.180.1.21:9696/networking/v2.0/security-groups?tenant_id=b034ff53af644f75b9cb29e4ead4eb9e&name=default 0.266s
2025-02-19 05:42:34.149 63800 INFO tempest.lib.common.rest_client [req-e0354c7f-afcf-4843-9704-d056c449c394 req-e0354c7f-afcf-4843-9704-d056c449c394 ] Request (ServicesAdminTestJSON:tearDownClass): 204 DELETE http://10.180.1.21/identity/v3/projects/228df5b3015d4cda9e227e7b0b4cc669 0.105s
2025-02-19 05:42:34.151 63808 INFO tempest.lib.common.rest_client [req-7ba33836-dccd-401a-9bf3-d930a368efcd req-7ba33836-dccd-401a-9bf3-d930a368efcd ] Request (MigrationsAdminTest:test_list_migrations_in_flavor_resize_situation): 200 GET http://10.180.1.21/compute/v2.1/servers/d7718d7e-4911-4905-b135-54291157aded 1.854s
2025-02-19 05:42:34.152 63774 INFO tempest.lib.common.rest_client [req-9f015e08-b755-4774-9983-5661ffe539bc req-9f015e08-b755-4774-9983-5661ffe539bc ] Request (AttachVolumeTestJSON:setUpClass): 201 POST http://10.180.1.21/identity/v3/auth/tokens 0.075s
2025-02-19 05:42:34.155 63772 INFO tempest.lib.common.rest_client [req-d940d29c-7452-4966-8540-1dd40cfbdeeb req-d940d29c-7452-4966-8540-1dd40cfbdeeb ] Request (InstanceUsageAuditLogTestJSON:tearDownClass): 200 GET http://10.180.1.21:9696/networking/v2.0/security-groups?tenant_id=1fa09b950f394c49883584bb692b5b9f&name=default 0.645s
2025-02-19 05:42:34.161 63808 INFO tempest.common.waiters [-] State transition "BUILD/networking" ==> "BUILD/spawning" after 19 second wait
2025-02-19 05:42:34.185 63800 INFO tempest.lib.common.rest_client [req-73e8a6f9-786f-4fda-ba9e-dd9721c442cc req-73e8a6f9-786f-4fda-ba9e-dd9721c442cc ] Request (ServersNegativeTestMultiTenantJSON:setUpClass): 201 POST http://10.180.1.21/identity/v3/auth/tokens 0.034s
2025-02-19 05:42:34.185 63818 INFO tempest.lib.common.rest_client [req-502929a2-d7b5-483c-bdd7-777fab78b31d req-502929a2-d7b5-483c-bdd7-777fab78b31d ] Request (ImagesOneServerTestJSON:setUpClass): 200 PUT http://10.180.1.21:9696/networking/v2.0/routers/6c38b675-42dd-41f3-a3eb-dee0d0426074/add_router_interface 1.916s
2025-02-19 05:42:34.186 63818 INFO tempest.lib.common.dynamic_creds [-] Created isolated network resources for: credentials: Credentials: {'domain_id': 'default', 'domain_name': 'Default', 'username': 'tempest-ImagesOneServerTestJSON-398110654-project-member', 'project_domain_id': 'default', 'project_domain_name': 'Default', 'project_id': 'cf1e09653f054ae7a57a8fbafcead15f', 'project_name': 'tempest-ImagesOneServerTestJSON-398110654', 'tenant_id': 'cf1e09653f054ae7a57a8fbafcead15f', 'tenant_name': 'tempest-ImagesOneServerTestJSON-398110654', 'user_domain_id': 'default', 'user_domain_name': 'Default', 'user_id': '6b98d0fb05d04649a083db81b384c979', 'system': None}, Network: {'id': '7477c109-9a64-4fbe-8936-0f56ad38509b', 'name': 'tempest-ImagesOneServerTestJSON-1577401932-network', 'tenant_id': 'cf1e09653f054ae7a57a8fbafcead15f', 'admin_state_up': True, 'mtu': 8950, 'status': 'ACTIVE', 'subnets': [], 'shared': False, 'project_id': 'cf1e09653f054ae7a57a8fbafcead15f', 'port_security_enabled': True, 'router:external': False, 'provider:network_type': 'vlan', 'provider:physical_network': 'default', 'provider:segmentation_id': 832, 'availability_zone_hints': [], 'availability_zones': [], 'ipv4_address_scope': None, 'ipv6_address_scope': None, 'description': '', 'tags': [], 'created_at': '2025-02-19T05:42:30Z', 'updated_at': '2025-02-19T05:42:30Z', 'revision_number': 1}, Subnet: {'id': '58fe19e8-472a-47e8-b39c-f53d3f7ebac0', 'name': 'tempest-ImagesOneServerTestJSON-1577401932-subnet', 'tenant_id': 'cf1e09653f054ae7a57a8fbafcead15f', 'network_id': '7477c109-9a64-4fbe-8936-0f56ad38509b', 'ip_version': 4, 'subnetpool_id': None, 'enable_dhcp': True, 'ipv6_ra_mode': None, 'ipv6_address_mode': None, 'gateway_ip': '192.168.128.1', 'cidr': '192.168.128.0/28', 'allocation_pools': [{'start': '192.168.128.2', 'end': '192.168.128.14'}], 'host_routes': [], 'dns_nameservers': [], 'description': '', 'router:external': False, 'service_types': [], 'tags': [], 'created_at': '2025-02-19T05:42:30Z', 'updated_at': '2025-02-19T05:42:30Z', 'revision_number': 0, 'project_id': 'cf1e09653f054ae7a57a8fbafcead15f'}, Router: {'id': '6c38b675-42dd-41f3-a3eb-dee0d0426074', 'name': 'tempest-ImagesOneServerTestJSON-1577401932-router', 'tenant_id': 'cf1e09653f054ae7a57a8fbafcead15f', 'admin_state_up': True, 'status': 'ACTIVE', 'external_gateway_info': {'network_id': '70d88e26-98dd-4a20-95b5-041f7ca83369', 'external_fixed_ips': [{'subnet_id': '46b6463c-a700-455f-9101-1e8ccc398296', 'ip_address': '10.180.180.140'}], 'enable_snat': True}, 'description': '', 'availability_zones': [], 'distributed': False, 'ha': False, 'availability_zone_hints': [], 'routes': [], 'flavor_id': None, 'tags': [], 'created_at': '2025-02-19T05:42:30Z', 'updated_at': '2025-02-19T05:42:31Z', 'revision_number': 2, 'project_id': 'cf1e09653f054ae7a57a8fbafcead15f'}
2025-02-19 05:42:34.242 63800 INFO tempest.lib.common.rest_client [req-d8adf1b9-c26d-4163-b444-13a8498702e4 req-d8adf1b9-c26d-4163-b444-13a8498702e4 ] Request (ServersNegativeTestMultiTenantJSON:setUpClass): 201 POST http://10.180.1.21/identity/v3/auth/tokens 0.055s
2025-02-19 05:42:34.275 63800 INFO tempest.lib.common.rest_client [req-d4e3a597-cf1a-4059-b7d8-3010a85211b8 req-d4e3a597-cf1a-4059-b7d8-3010a85211b8 ] Request (ServersNegativeTestMultiTenantJSON:setUpClass): 200 GET http://10.180.1.21/identity/v3/domains?name=Default 0.032s
2025-02-19 05:42:34.289 63780 INFO tempest.lib.common.rest_client [req-82db7efe-903d-4861-a0ec-780e7e224b57 req-82db7efe-903d-4861-a0ec-780e7e224b57 ] Request (QuotaClassesAdmin257Test:tearDownClass): 204 DELETE http://10.180.1.21:9696/networking/v2.0/security-groups/7f06fea3-a2e8-4553-8c6d-88148a9f64b8 0.207s
2025-02-19 05:42:34.290 63820 INFO tempest.lib.common.rest_client [req-dfd3c787-0cc7-4a2a-a5f7-bf6ba757a331 req-dfd3c787-0cc7-4a2a-a5f7-bf6ba757a331 ] Request (ServerDiagnosticsV248Test:test_get_server_diagnostics): 200 GET http://10.180.1.21/compute/v2.1/servers/3304d61d-48d9-40ed-aac3-be86f6d7df7f 1.990s
2025-02-19 05:42:34.334 63800 INFO tempest.lib.common.rest_client [req-e9608e87-672b-4513-9e8c-5a17481a07db req-e9608e87-672b-4513-9e8c-5a17481a07db ] Request (ServersNegativeTestMultiTenantJSON:setUpClass): 201 POST http://10.180.1.21/identity/v3/projects 0.058s
2025-02-19 05:42:34.337 63778 INFO tempest.lib.common.rest_client [req-01d5286e-f738-4a36-a9a7-44219b7ae7c9 req-01d5286e-f738-4a36-a9a7-44219b7ae7c9 ] Request (ListServerFiltersTestJSON:setUpClass): 202 POST http://10.180.1.21/compute/v2.1/servers 2.277s
2025-02-19 05:42:34.345 63772 INFO tempest.lib.common.rest_client [req-b7a0bcba-0d5f-44fb-bfa7-d0a1f1004ca0 req-b7a0bcba-0d5f-44fb-bfa7-d0a1f1004ca0 ] Request (InstanceUsageAuditLogTestJSON:tearDownClass): 204 DELETE http://10.180.1.21:9696/networking/v2.0/security-groups/eb1a9ce4-fadd-4cbd-ab8a-95c153a54742 0.190s
2025-02-19 05:42:34.359 63816 INFO tempest.lib.common.rest_client [req-99cf1fb9-3af5-46b8-8754-6f07f758f532 req-99cf1fb9-3af5-46b8-8754-6f07f758f532 ] Request (FlavorsAdminTestJSON:_run_cleanups): 202 DELETE http://10.180.1.21/compute/v2.1/flavors/878781855 2.027s
2025-02-19 05:42:34.389 63818 INFO tempest.lib.common.rest_client [req-f1e8a303-8fd7-4907-9e91-cbfb70792ce7 req-f1e8a303-8fd7-4907-9e91-cbfb70792ce7 ] Request (ImagesOneServerTestJSON:setUpClass): 201 POST http://10.180.1.21/identity/v3/auth/tokens 0.197s
2025-02-19 05:42:34.459 63784 INFO tempest.lib.common.rest_client [req-b7f6633d-8e33-42c7-8892-6b52c2a991f7 req-b7f6633d-8e33-42c7-8892-6b52c2a991f7 ] Request (ServersWithSpecificFlavorTestJSON:test_verify_created_server_ephemeral_disk): 200 GET http://10.180.1.21/compute/v2.1/servers/6bad7893-30cb-40f2-9077-f05da996be69 2.103s
2025-02-19 05:42:34.493 63780 INFO tempest.lib.common.rest_client [req-890d43f2-b739-48a8-a3a3-9a8d278392a6 req-890d43f2-b739-48a8-a3a3-9a8d278392a6 ] Request (QuotaClassesAdmin257Test:tearDownClass): 204 DELETE http://10.180.1.21/identity/v3/projects/b034ff53af644f75b9cb29e4ead4eb9e 0.203s
2025-02-19 05:42:34.493 63780 INFO tempest.lib.common.dynamic_creds [-] Deleting project and security group for project: dbdca2e5b36d424a8725b3082947dbd9
2025-02-19 05:42:34.549 63812 INFO tempest.lib.common.rest_client [req-617c82d7-c1c9-41b0-88fc-681dff4717e2 req-617c82d7-c1c9-41b0-88fc-681dff4717e2 ] Request (VolumesAssistedSnapshotsTest:test_volume_assisted_snapshot_create_delete): 200 GET http://10.180.1.21/compute/v2.1/servers/545f7a96-8308-476c-be13-c815aeb0bad9 2.082s
2025-02-19 05:42:34.567 63774 INFO tempest.lib.common.rest_client [req-53527c50-f394-4c67-8573-bb3a2f6b390f req-53527c50-f394-4c67-8573-bb3a2f6b390f ] Request (AttachVolumeTestJSON:setUpClass): 201 POST http://10.180.1.21:9696/networking/v2.0/networks 0.414s
2025-02-19 05:42:34.582 63814 INFO tempest.lib.common.rest_client [req-442f7e22-5026-4085-9bf5-41080014cbb4 req-442f7e22-5026-4085-9bf5-41080014cbb4 ] Request (FlavorsAccessNegativeTestJSON:test_flavor_non_admin_add): 403 POST http://10.180.1.21/compute/v2.1/flavors/177706818/action 2.261s
2025-02-19 05:42:34.626 63800 INFO tempest.lib.common.rest_client [req-f8797e66-f778-4740-ad47-c580c71bd156 req-f8797e66-f778-4740-ad47-c580c71bd156 ] Request (ServersNegativeTestMultiTenantJSON:setUpClass): 201 POST http://10.180.1.21/identity/v3/users 0.291s
2025-02-19 05:42:34.651 63792 INFO tempest.lib.common.rest_client [req-db62d77b-ca28-4531-b9d0-87bcc39388dd req-db62d77b-ca28-4531-b9d0-87bcc39388dd ] Request (ListServersNegativeTestJSON:setUpClass): 200 GET http://10.180.1.21/compute/v2.1/servers/50e197aa-2ae8-44b5-9fa1-6ad531d2f771 2.043s
2025-02-19 05:42:34.667 63778 INFO tempest.lib.common.rest_client [req-87223bcf-ae3c-4eaa-a7bf-d55fbb7cb39e req-87223bcf-ae3c-4eaa-a7bf-d55fbb7cb39e ] Request (ListServerFiltersTestJSON:setUpClass): 201 POST http://10.180.1.21/identity/v3/auth/tokens 0.321s
2025-02-19 05:42:34.667 63778 INFO tempest.lib.common.fixed_network [-] (ListServerFiltersTestJSON:setUpClass) Found network {'id': 'cee4198f-cb15-45bd-8c95-4f65b8864533', 'name': 'tempest-ListServerFiltersTestJSON-210846136-network', 'tenant_id': 'c5239f7a95314b49913187864eafe5c2', 'admin_state_up': True, 'mtu': 8950, 'status': 'ACTIVE', 'subnets': [], 'shared': False, 'project_id': 'c5239f7a95314b49913187864eafe5c2', 'port_security_enabled': True, 'router:external': False, 'provider:network_type': 'vlan', 'provider:physical_network': 'default', 'provider:segmentation_id': 261, 'availability_zone_hints': [], 'availability_zones': [], 'ipv4_address_scope': None, 'ipv6_address_scope': None, 'description': '', 'tags': [], 'created_at': '2025-02-19T05:42:31Z', 'updated_at': '2025-02-19T05:42:31Z', 'revision_number': 1} available for tenant
2025-02-19 05:42:34.683 63790 INFO tempest.lib.common.rest_client [req-4cb678f5-1cc7-4e83-be0d-86fd67e5a45c req-4cb678f5-1cc7-4e83-be0d-86fd67e5a45c ] Request (ServersAdmin275Test:test_rebuild_update_server_275): 200 GET http://10.180.1.21/compute/v2.1/servers/1139d9b4-bd63-4678-9771-21ceeba0466a 1.881s
2025-02-19 05:42:34.732 63772 INFO tempest.lib.common.rest_client [req-d6b037df-faf3-433b-9d01-74cb7380a4bf req-d6b037df-faf3-433b-9d01-74cb7380a4bf ] Request (InstanceUsageAuditLogTestJSON:tearDownClass): 204 DELETE http://10.180.1.21/identity/v3/projects/1fa09b950f394c49883584bb692b5b9f 0.386s
2025-02-19 05:42:34.732 63818 INFO tempest.lib.common.rest_client [req-94dc45c2-e748-49c2-8421-fe280097006a req-94dc45c2-e748-49c2-8421-fe280097006a ] Request (ImagesOneServerTestJSON:setUpClass): 201 POST http://10.180.1.21/identity/v3/auth/tokens 0.334s
2025-02-19 05:42:34.733 63772 INFO tempest.lib.common.dynamic_creds [-] Deleting project and security group for project: 2351358bd25e4496add351aa02ff0e51
2025-02-19 05:42:34.733 63798 INFO tempest.lib.common.rest_client [req-c7f32c72-2c7d-43e2-953c-e3af45525d6f req-c7f32c72-2c7d-43e2-953c-e3af45525d6f ] Request (FlavorsV261TestJSON:test_crud_flavor): 200 PUT http://10.180.1.21/compute/v2.1/flavors/172480973 1.819s
2025-02-19 05:42:34.733 63818 INFO tempest.lib.common.fixed_network [-] (ImagesOneServerTestJSON:setUpClass) Found network {'id': '7477c109-9a64-4fbe-8936-0f56ad38509b', 'name': 'tempest-ImagesOneServerTestJSON-1577401932-network', 'tenant_id': 'cf1e09653f054ae7a57a8fbafcead15f', 'admin_state_up': True, 'mtu': 8950, 'status': 'ACTIVE', 'subnets': [], 'shared': False, 'project_id': 'cf1e09653f054ae7a57a8fbafcead15f', 'port_security_enabled': True, 'router:external': False, 'provider:network_type': 'vlan', 'provider:physical_network': 'default', 'provider:segmentation_id': 832, 'availability_zone_hints': [], 'availability_zones': [], 'ipv4_address_scope': None, 'ipv6_address_scope': None, 'description': '', 'tags': [], 'created_at': '2025-02-19T05:42:30Z', 'updated_at': '2025-02-19T05:42:30Z', 'revision_number': 1} available for tenant
2025-02-19 05:42:34.751 63758 INFO tempest.lib.common.rest_client [req-249a9c45-56eb-44bf-a089-e455ec4b0c6b req-249a9c45-56eb-44bf-a089-e455ec4b0c6b ] Request (HypervisorAdminNegativeUnderV252Test:test_search_nonexistent_hypervisor): 404 GET http://10.180.1.21/compute/v2.1/os-hypervisors/nonexistent_hypervisor_name/search 1.749s
2025-02-19 05:42:34.816 63800 INFO tempest.lib.common.rest_client [req-44381f17-b54f-493c-9f0b-2096149aeb7c req-44381f17-b54f-493c-9f0b-2096149aeb7c ] Request (ServersNegativeTestMultiTenantJSON:setUpClass): 200 GET http://10.180.1.21/identity/v3/roles 0.189s
2025-02-19 05:42:34.820 63774 INFO tempest.lib.common.rest_client [req-c6c88fae-571a-46d4-885e-8e48d56d6e93 req-c6c88fae-571a-46d4-885e-8e48d56d6e93 ] Request (AttachVolumeTestJSON:setUpClass): 201 POST http://10.180.1.21:9696/networking/v2.0/subnets 0.252s
2025-02-19 05:42:34.851 63800 INFO tempest.lib.common.rest_client [req-0b1ea65b-05ef-4e16-addb-1d475a969fff req-0b1ea65b-05ef-4e16-addb-1d475a969fff ] Request (ServersNegativeTestMultiTenantJSON:setUpClass): 204 PUT http://10.180.1.21/identity/v3/projects/847bac1dc939425caeb76fd99238f08d/users/967f4245ce6549e1aa2c617e1b8d667f/roles/a30df256b42c4423bfa5f5d80718c4ea 0.034s
2025-02-19 05:42:34.851 63800 INFO tempest.lib.common.dynamic_creds [-] Dynamic test user 967f4245ce6549e1aa2c617e1b8d667f is created with scope project and roles: ['member']
2025-02-19 05:42:34.851 63800 INFO tempest.lib.common.dynamic_creds [-] Acquired dynamic creds: credentials: Credentials: {'domain_id': 'default', 'domain_name': 'Default', 'username': 'tempest-ServersNegativeTestMultiTenantJSON-411866031-project-member', 'project_domain_id': 'default', 'project_domain_name': 'Default', 'project_id': '847bac1dc939425caeb76fd99238f08d', 'project_name': 'tempest-ServersNegativeTestMultiTenantJSON-411866031', 'tenant_id': '847bac1dc939425caeb76fd99238f08d', 'tenant_name': 'tempest-ServersNegativeTestMultiTenantJSON-411866031', 'user_domain_id': 'default', 'user_domain_name': 'Default', 'user_id': '967f4245ce6549e1aa2c617e1b8d667f', 'system': None}, Network: None, Subnet: None, Router: None
2025-02-19 05:42:34.929 63800 INFO tempest.lib.common.rest_client [req-14111cc6-c97d-4166-9712-aaa541e8d3ee req-14111cc6-c97d-4166-9712-aaa541e8d3ee ] Request (ServersNegativeTestMultiTenantJSON:setUpClass): 201 POST http://10.180.1.21/identity/v3/auth/tokens 0.078s
2025-02-19 05:42:35.033 63780 INFO tempest.lib.common.rest_client [req-2186a976-0b3c-4657-8cc2-88c1d4a03786 req-2186a976-0b3c-4657-8cc2-88c1d4a03786 ] Request (QuotaClassesAdmin257Test:tearDownClass): 200 GET http://10.180.1.21:9696/networking/v2.0/security-groups?tenant_id=dbdca2e5b36d424a8725b3082947dbd9&name=default 0.538s
2025-02-19 05:42:35.091 63772 INFO tempest.lib.common.rest_client [req-f757173a-62ed-45ac-b6d9-087b0df1fab1 req-f757173a-62ed-45ac-b6d9-087b0df1fab1 ] Request (InstanceUsageAuditLogTestJSON:tearDownClass): 200 GET http://10.180.1.21:9696/networking/v2.0/security-groups?tenant_id=2351358bd25e4496add351aa02ff0e51&name=default 0.358s
2025-02-19 05:42:35.121 63764 INFO tempest.lib.common.rest_client [req-fad649a0-2bf0-4826-a41f-596ab42aedec req-fad649a0-2bf0-4826-a41f-596ab42aedec ] Request (ImagesTestJSON:test_create_image_from_stopped_server): 200 GET http://10.180.1.21/compute/v2.1/servers/28f5aa5a-9328-4c20-828f-ff194a2e8dff 1.980s
2025-02-19 05:42:35.136 63764 INFO tempest.common.waiters [-] State transition "BUILD/scheduling" ==> "BUILD/None" after 3 second wait
2025-02-19 05:42:35.322 63768 INFO tempest.lib.common.rest_client [req-cc899953-2251-4747-818b-ff06c07411e3 req-cc899953-2251-4747-818b-ff06c07411e3 ] Request (DeleteServersAdminTestJSON:test_admin_delete_servers_of_others): 204 DELETE http://10.180.1.21/compute/v2.1/servers/25eeac48-2f7e-4564-903d-5d3b1032cc7c 2.466s
2025-02-19 05:42:35.333 63772 INFO tempest.lib.common.rest_client [req-ed7d8652-05f5-48ed-95db-380d81deb2dd req-ed7d8652-05f5-48ed-95db-380d81deb2dd ] Request (InstanceUsageAuditLogTestJSON:tearDownClass): 204 DELETE http://10.180.1.21:9696/networking/v2.0/security-groups/27378240-9570-4476-8187-3bfdedfa722b 0.241s
2025-02-19 05:42:35.363 63788 INFO tempest.lib.common.rest_client [req-eb2e79b8-59ed-4bd4-9ff8-a29c70d1f636 req-eb2e79b8-59ed-4bd4-9ff8-a29c70d1f636 ] Request (FlavorsV255TestJSON:test_crud_flavor): 200 PUT http://10.180.1.21/compute/v2.1/flavors/1438952707 1.855s
2025-02-19 05:42:35.387 63780 INFO tempest.lib.common.rest_client [req-d1ed67f6-c0ed-4412-8a1d-123742fa47a5 req-d1ed67f6-c0ed-4412-8a1d-123742fa47a5 ] Request (QuotaClassesAdmin257Test:tearDownClass): 204 DELETE http://10.180.1.21:9696/networking/v2.0/security-groups/f53eebc9-1ace-43b7-a145-4dba1dae2464 0.353s
2025-02-19 05:42:35.432 63772 INFO tempest.lib.common.rest_client [req-bb211d0b-b01a-4c86-9ad9-b5f81864d7cc req-bb211d0b-b01a-4c86-9ad9-b5f81864d7cc ] Request (InstanceUsageAuditLogTestJSON:tearDownClass): 204 DELETE http://10.180.1.21/identity/v3/projects/2351358bd25e4496add351aa02ff0e51 0.099s
2025-02-19 05:42:35.460 63760 INFO tempest.lib.common.rest_client [req-53cd9b21-c53b-44b1-bd01-d8819777f1ec req-53cd9b21-c53b-44b1-bd01-d8819777f1ec ] Request (ServersAdminTestJSON:setUpClass): 200 GET http://10.180.1.21/compute/v2.1/servers/8ab7e489-8903-4f78-8da8-72604cea31ed 2.000s
2025-02-19 05:42:35.473 63760 INFO tempest.common.waiters [-] State transition "BUILD/None" ==> "BUILD/spawning" after 19 second wait
2025-02-19 05:42:35.491 63776 INFO tempest.lib.common.rest_client [req-5ca03c67-b0ed-4d33-8eb7-0cf159056b58 req-5ca03c67-b0ed-4d33-8eb7-0cf159056b58 ] Request (ServicesAdminNegativeV253TestJSON:test_get_service_with_valid_service_and_invalid_host): 200 GET http://10.180.1.21/compute/v2.1/os-services?host=xxx&binary=nova-scheduler 1.937s
2025-02-19 05:42:35.500 63770 INFO tempest.lib.common.rest_client [req-168580a2-d5f1-4290-b26d-69981fc74ef2 req-168580a2-d5f1-4290-b26d-69981fc74ef2 ] Request (AggregatesAdminNegativeTestJSON:test_aggregate_delete_with_invalid_id): 404 DELETE http://10.180.1.21/compute/v2.1/os-aggregates/-1 1.921s
2025-02-19 05:42:35.501 63780 INFO tempest.lib.common.rest_client [req-5d28bd92-836e-4f82-a533-f3b9beebf22e req-5d28bd92-836e-4f82-a533-f3b9beebf22e ] Request (QuotaClassesAdmin257Test:tearDownClass): 204 DELETE http://10.180.1.21/identity/v3/projects/dbdca2e5b36d424a8725b3082947dbd9 0.113s
2025-02-19 05:42:35.554 63772 INFO tempest.lib.common.rest_client [req-282a94dd-8755-40fe-8bcf-bcd17c086722 req-282a94dd-8755-40fe-8bcf-bcd17c086722 ] Request (FloatingIPsNegativeTestJSON:setUpClass): 201 POST http://10.180.1.21/identity/v3/auth/tokens 0.120s
2025-02-19 05:42:35.580 63780 INFO tempest.lib.common.rest_client [req-e3d33e2e-d3c6-44a0-b442-d6d06ac3b84e req-e3d33e2e-d3c6-44a0-b442-d6d06ac3b84e ] Request (ServerDiagnosticsNegativeTest:setUpClass): 201 POST http://10.180.1.21/identity/v3/auth/tokens 0.078s
2025-02-19 05:42:35.636 63772 INFO tempest.lib.common.rest_client [req-033b0ec1-78d1-4046-844c-b522dd927730 req-033b0ec1-78d1-4046-844c-b522dd927730 ] Request (FloatingIPsNegativeTestJSON:setUpClass): 201 POST http://10.180.1.21/identity/v3/auth/tokens 0.076s
2025-02-19 05:42:35.646 63766 INFO tempest.lib.common.rest_client [req-179fe137-dd99-424c-9752-3d86bb01beac req-179fe137-dd99-424c-9752-3d86bb01beac ] Request (ImagesOneServerNegativeTestJSON:tearDown): 200 GET http://10.180.1.21/compute/v2.1/servers/d54673d4-3623-4847-a138-5574b045332f 2.128s
2025-02-19 05:42:35.668 63780 INFO tempest.lib.common.rest_client [req-1b239037-59e9-457e-aea7-eef24ed6a669 req-1b239037-59e9-457e-aea7-eef24ed6a669 ] Request (ServerDiagnosticsNegativeTest:setUpClass): 201 POST http://10.180.1.21/identity/v3/auth/tokens 0.085s
2025-02-19 05:42:35.670 63800 INFO tempest.lib.common.rest_client [req-1feaa112-8371-413a-8583-33131d90b263 req-1feaa112-8371-413a-8583-33131d90b263 ] Request (ServersNegativeTestMultiTenantJSON:setUpClass): 201 POST http://10.180.1.21:9696/networking/v2.0/networks 0.740s
2025-02-19 05:42:35.689 63772 INFO tempest.lib.common.rest_client [req-7c086f95-9448-468d-bda1-6aa8aa3fe946 req-7c086f95-9448-468d-bda1-6aa8aa3fe946 ] Request (FloatingIPsNegativeTestJSON:setUpClass): 200 GET http://10.180.1.21/identity/v3/domains?name=Default 0.053s
2025-02-19 05:42:35.726 63782 INFO tempest.lib.common.rest_client [req-ee84b6ae-38f4-4c3b-b7c3-7265727742e2 req-ee84b6ae-38f4-4c3b-b7c3-7265727742e2 ] Request (QuotasAdminTestJSON:test_delete_quota): 200 GET http://10.180.1.21/compute/v2.1/os-quota-sets/5c454ee2a6f54e8e9d48dca1deedbfb3 1.839s
2025-02-19 05:42:35.739 63780 INFO tempest.lib.common.rest_client [req-fd9dba75-0923-4b09-b0c9-691a8a025b6f req-fd9dba75-0923-4b09-b0c9-691a8a025b6f ] Request (ServerDiagnosticsNegativeTest:setUpClass): 200 GET http://10.180.1.21/identity/v3/domains?name=Default 0.070s
2025-02-19 05:42:35.749 63806 INFO tempest.lib.common.rest_client [req-b5e91457-cfd1-4ccb-af1a-5da2376dae02 req-b5e91457-cfd1-4ccb-af1a-5da2376dae02 ] Request (ServerExternalEventsTest:test_create_server_external_events): 200 GET http://10.180.1.21/compute/v2.1/servers/a606fa01-58bd-4237-a97e-a503147c08ad 1.833s
2025-02-19 05:42:35.767 63772 INFO tempest.lib.common.rest_client [req-69779767-8ab7-4ffc-9cbe-7ab703870388 req-69779767-8ab7-4ffc-9cbe-7ab703870388 ] Request (FloatingIPsNegativeTestJSON:setUpClass): 201 POST http://10.180.1.21/identity/v3/projects 0.077s
2025-02-19 05:42:35.784 63780 INFO tempest.lib.common.rest_client [req-d176b48f-c312-41db-a2c4-f5862b0b5ba9 req-d176b48f-c312-41db-a2c4-f5862b0b5ba9 ] Request (ServerDiagnosticsNegativeTest:setUpClass): 201 POST http://10.180.1.21/identity/v3/projects 0.043s
2025-02-19 05:42:35.857 63772 INFO tempest.lib.common.rest_client [req-6c27763c-ad13-40ad-a07c-9d2f4e023045 req-6c27763c-ad13-40ad-a07c-9d2f4e023045 ] Request (FloatingIPsNegativeTestJSON:setUpClass): 201 POST http://10.180.1.21/identity/v3/users 0.089s
2025-02-19 05:42:35.862 63780 INFO tempest.lib.common.rest_client [req-14ec876c-2f56-440f-b9ed-e656c107a5cf req-14ec876c-2f56-440f-b9ed-e656c107a5cf ] Request (ServerDiagnosticsNegativeTest:setUpClass): 201 POST http://10.180.1.21/identity/v3/users 0.077s
2025-02-19 05:42:35.880 63772 INFO tempest.lib.common.rest_client [req-9b0dd15c-970e-435e-99ec-d33ae50bd815 req-9b0dd15c-970e-435e-99ec-d33ae50bd815 ] Request (FloatingIPsNegativeTestJSON:setUpClass): 200 GET http://10.180.1.21/identity/v3/roles 0.022s
2025-02-19 05:42:35.882 63810 INFO tempest.lib.common.rest_client [req-0722ae81-b3c9-4ba6-9a88-e532c1ad2954 req-0722ae81-b3c9-4ba6-9a88-e532c1ad2954 ] Request (AttachInterfacesUnderV243Test:test_add_remove_fixed_ip): 200 GET http://10.180.1.21/compute/v2.1/servers/d9d2b428-3579-426c-bf94-b09f1f810e5a 1.715s
2025-02-19 05:42:35.884 63780 INFO tempest.lib.common.rest_client [req-5f3bb116-3c9b-4378-a313-a34f2b8cdc8c req-5f3bb116-3c9b-4378-a313-a34f2b8cdc8c ] Request (ServerDiagnosticsNegativeTest:setUpClass): 200 GET http://10.180.1.21/identity/v3/roles 0.022s
2025-02-19 05:42:35.897 63802 INFO tempest.lib.common.rest_client [req-3c17f024-28bb-4a82-9c8a-e00eb4c6f733 req-3c17f024-28bb-4a82-9c8a-e00eb4c6f733 ] Request (ListImageFiltersTestJSON:setUpClass): 204 PUT http://10.180.1.21/image/v2/images/7537bc24-bf0f-4467-b82d-b61a8613c9d7/file 0.937s
2025-02-19 05:42:35.913 63780 INFO tempest.lib.common.rest_client [req-9f0a9602-88b3-4c73-a436-f271fbf83e59 req-9f0a9602-88b3-4c73-a436-f271fbf83e59 ] Request (ServerDiagnosticsNegativeTest:setUpClass): 204 PUT http://10.180.1.21/identity/v3/projects/09b3010fde0e4890aa217e89e38178cb/users/b974783f3f564679a9d7619e1770d12e/roles/a30df256b42c4423bfa5f5d80718c4ea 0.028s
2025-02-19 05:42:35.913 63780 INFO tempest.lib.common.dynamic_creds [-] Dynamic test user b974783f3f564679a9d7619e1770d12e is created with scope project and roles: ['member']
2025-02-19 05:42:35.913 63780 INFO tempest.lib.common.dynamic_creds [-] Acquired dynamic creds: credentials: Credentials: {'domain_id': 'default', 'domain_name': 'Default', 'username': 'tempest-ServerDiagnosticsNegativeTest-1717791065-project-member', 'project_domain_id': 'default', 'project_domain_name': 'Default', 'project_id': '09b3010fde0e4890aa217e89e38178cb', 'project_name': 'tempest-ServerDiagnosticsNegativeTest-1717791065', 'tenant_id': '09b3010fde0e4890aa217e89e38178cb', 'tenant_name': 'tempest-ServerDiagnosticsNegativeTest-1717791065', 'user_domain_id': 'default', 'user_domain_name': 'Default', 'user_id': 'b974783f3f564679a9d7619e1770d12e', 'system': None}, Network: None, Subnet: None, Router: None
2025-02-19 05:42:35.914 63780 INFO tempest.lib.common.dynamic_creds [-] Created isolated network resources for: credentials: Credentials: {'domain_id': 'default', 'domain_name': 'Default', 'username': 'tempest-ServerDiagnosticsNegativeTest-1717791065-project-member', 'project_domain_id': 'default', 'project_domain_name': 'Default', 'project_id': '09b3010fde0e4890aa217e89e38178cb', 'project_name': 'tempest-ServerDiagnosticsNegativeTest-1717791065', 'tenant_id': '09b3010fde0e4890aa217e89e38178cb', 'tenant_name': 'tempest-ServerDiagnosticsNegativeTest-1717791065', 'user_domain_id': 'default', 'user_domain_name': 'Default', 'user_id': 'b974783f3f564679a9d7619e1770d12e', 'system': None}, Network: None, Subnet: None, Router: None
2025-02-19 05:42:35.919 63772 INFO tempest.lib.common.rest_client [req-da4428b3-8eaf-40c1-a987-1ca38d0eaf7a req-da4428b3-8eaf-40c1-a987-1ca38d0eaf7a ] Request (FloatingIPsNegativeTestJSON:setUpClass): 204 PUT http://10.180.1.21/identity/v3/projects/9da8fc3724ca42ac91210ec515d181b0/users/6cb0188d5abd4cb0b1db5343df8cf96f/roles/a30df256b42c4423bfa5f5d80718c4ea 0.039s
2025-02-19 05:42:35.920 63772 INFO tempest.lib.common.dynamic_creds [-] Dynamic test user 6cb0188d5abd4cb0b1db5343df8cf96f is created with scope project and roles: ['member']
2025-02-19 05:42:35.920 63772 INFO tempest.lib.common.dynamic_creds [-] Acquired dynamic creds: credentials: Credentials: {'domain_id': 'default', 'domain_name': 'Default', 'username': 'tempest-FloatingIPsNegativeTestJSON-307475729-project-member', 'project_domain_id': 'default', 'project_domain_name': 'Default', 'project_id': '9da8fc3724ca42ac91210ec515d181b0', 'project_name': 'tempest-FloatingIPsNegativeTestJSON-307475729', 'tenant_id': '9da8fc3724ca42ac91210ec515d181b0', 'tenant_name': 'tempest-FloatingIPsNegativeTestJSON-307475729', 'user_domain_id': 'default', 'user_domain_name': 'Default', 'user_id': '6cb0188d5abd4cb0b1db5343df8cf96f', 'system': None}, Network: None, Subnet: None, Router: None
2025-02-19 05:42:35.974 63772 INFO tempest.lib.common.rest_client [req-daa501c0-b92c-4abe-a959-d8dc831e6579 req-daa501c0-b92c-4abe-a959-d8dc831e6579 ] Request (FloatingIPsNegativeTestJSON:setUpClass): 201 POST http://10.180.1.21/identity/v3/auth/tokens 0.054s
2025-02-19 05:42:35.990 63780 INFO tempest.lib.common.rest_client [req-99fd0f8d-685e-4d19-9682-b50993f29e36 req-99fd0f8d-685e-4d19-9682-b50993f29e36 ] Request (ServerDiagnosticsNegativeTest:setUpClass): 201 POST http://10.180.1.21/identity/v3/auth/tokens 0.072s
2025-02-19 05:42:36.023 63780 INFO tempest.lib.common.rest_client [req-0352145b-d2a2-4e22-a412-a35dc393657a req-0352145b-d2a2-4e22-a412-a35dc393657a ] Request (ServerDiagnosticsNegativeTest:setUpClass): 201 POST http://10.180.1.21/identity/v3/projects 0.032s
2025-02-19 05:42:36.093 63780 INFO tempest.lib.common.rest_client [req-9b2173bc-82b9-428c-9e0d-061b195d0115 req-9b2173bc-82b9-428c-9e0d-061b195d0115 ] Request (ServerDiagnosticsNegativeTest:setUpClass): 201 POST http://10.180.1.21/identity/v3/users 0.069s
2025-02-19 05:42:36.096 63796 INFO tempest.lib.common.rest_client [req-2f8acff2-f0c3-45af-9f4f-116025badec9 req-2f8acff2-f0c3-45af-9f4f-116025badec9 ] Request (ServersAdminNegativeTestJSON:setUpClass): 200 GET http://10.180.1.21/compute/v2.1/servers/da0ca831-d17a-4ed3-923e-1cca983410cd 1.881s
2025-02-19 05:42:36.124 63780 INFO tempest.lib.common.rest_client [req-bd98ad31-bd0c-4d41-951a-51b1a23d0888 req-bd98ad31-bd0c-4d41-951a-51b1a23d0888 ] Request (ServerDiagnosticsNegativeTest:setUpClass): 200 GET http://10.180.1.21/identity/v3/roles 0.030s
2025-02-19 05:42:36.125 63816 INFO tempest.lib.common.rest_client [req-93d434c1-8645-429a-bb19-a5253de185c9 req-93d434c1-8645-429a-bb19-a5253de185c9 ] Request (FlavorsAdminTestJSON:_run_cleanups): 200 GET http://10.180.1.21/compute/v2.1/flavors/detail 1.765s
2025-02-19 05:42:36.168 63780 INFO tempest.lib.common.rest_client [req-8dd0cf9a-59f5-4d4c-bfe0-0aa1c3c52606 req-8dd0cf9a-59f5-4d4c-bfe0-0aa1c3c52606 ] Request (ServerDiagnosticsNegativeTest:setUpClass): 204 PUT http://10.180.1.21/identity/v3/projects/12a5816bd9874101bdd99218af4c7fd2/users/7fb4adad371d4cbfa22e3e4b78e06e6f/roles/7b5ba4adac944b22af99def5481752b7 0.044s
2025-02-19 05:42:36.242 63780 INFO tempest.lib.common.rest_client [req-c8d8e50f-b175-447a-8d67-62ed9544bef9 req-c8d8e50f-b175-447a-8d67-62ed9544bef9 ] Request (ServerDiagnosticsNegativeTest:setUpClass): 200 GET http://10.180.1.21/identity/v3/roles 0.074s
2025-02-19 05:42:36.250 63800 INFO tempest.lib.common.rest_client [req-e8736411-4ab6-4134-a070-a49c942a941f req-e8736411-4ab6-4134-a070-a49c942a941f ] Request (ServersNegativeTestMultiTenantJSON:setUpClass): 201 POST http://10.180.1.21:9696/networking/v2.0/subnets 0.579s
2025-02-19 05:42:36.264 63780 INFO tempest.lib.common.rest_client [req-24fd28bb-600c-459f-b1fa-6ebd70a142e4 req-24fd28bb-600c-459f-b1fa-6ebd70a142e4 ] Request (ServerDiagnosticsNegativeTest:setUpClass): 204 PUT http://10.180.1.21/identity/v3/projects/12a5816bd9874101bdd99218af4c7fd2/users/7fb4adad371d4cbfa22e3e4b78e06e6f/roles/7b5ba4adac944b22af99def5481752b7 0.020s
2025-02-19 05:42:36.264 63780 INFO tempest.lib.common.dynamic_creds [-] Dynamic test user 7fb4adad371d4cbfa22e3e4b78e06e6f is created with scope project and roles: ['admin']
2025-02-19 05:42:36.264 63780 INFO tempest.lib.common.dynamic_creds [-] Acquired dynamic creds: credentials: Credentials: {'domain_id': 'default', 'domain_name': 'Default', 'username': 'tempest-ServerDiagnosticsNegativeTest-1758786259-project-admin', 'project_domain_id': 'default', 'project_domain_name': 'Default', 'project_id': '12a5816bd9874101bdd99218af4c7fd2', 'project_name': 'tempest-ServerDiagnosticsNegativeTest-1758786259', 'tenant_id': '12a5816bd9874101bdd99218af4c7fd2', 'tenant_name': 'tempest-ServerDiagnosticsNegativeTest-1758786259', 'user_domain_id': 'default', 'user_domain_name': 'Default', 'user_id': '7fb4adad371d4cbfa22e3e4b78e06e6f', 'system': None}, Network: None, Subnet: None, Router: None
2025-02-19 05:42:36.264 63780 INFO tempest.lib.common.dynamic_creds [-] Created isolated network resources for: credentials: Credentials: {'domain_id': 'default', 'domain_name': 'Default', 'username': 'tempest-ServerDiagnosticsNegativeTest-1758786259-project-admin', 'project_domain_id': 'default', 'project_domain_name': 'Default', 'project_id': '12a5816bd9874101bdd99218af4c7fd2', 'project_name': 'tempest-ServerDiagnosticsNegativeTest-1758786259', 'tenant_id': '12a5816bd9874101bdd99218af4c7fd2', 'tenant_name': 'tempest-ServerDiagnosticsNegativeTest-1758786259', 'user_domain_id': 'default', 'user_domain_name': 'Default', 'user_id': '7fb4adad371d4cbfa22e3e4b78e06e6f', 'system': None}, Network: None, Subnet: None, Router: None
2025-02-19 05:42:36.347 63780 INFO tempest.lib.common.rest_client [req-61900c44-0f8e-4e93-9c6e-3a8f67d938dc req-61900c44-0f8e-4e93-9c6e-3a8f67d938dc ] Request (ServerDiagnosticsNegativeTest:setUpClass): 201 POST http://10.180.1.21/identity/v3/auth/tokens 0.080s
2025-02-19 05:42:36.419 63780 INFO tempest.lib.common.rest_client [req-d83c088a-7fde-4380-a251-411597a0179f req-d83c088a-7fde-4380-a251-411597a0179f ] Request (ServerDiagnosticsNegativeTest:test_get_server_diagnostics_by_non_admin): 201 POST http://10.180.1.21/identity/v3/auth/tokens 0.067s
2025-02-19 05:42:36.419 63780 INFO tempest.lib.common.fixed_network [-] (ServerDiagnosticsNegativeTest:test_get_server_diagnostics_by_non_admin) Found network None available for tenant
2025-02-19 05:42:36.462 63772 INFO tempest.lib.common.rest_client [req-3f15203c-0a81-414f-9c4a-ba97c9237b40 req-3f15203c-0a81-414f-9c4a-ba97c9237b40 ] Request (FloatingIPsNegativeTestJSON:setUpClass): 201 POST http://10.180.1.21:9696/networking/v2.0/networks 0.487s
2025-02-19 05:42:36.509 63786 INFO tempest.lib.common.rest_client [req-1c9475c8-2f90-41e4-a922-0cd976fea703 req-1c9475c8-2f90-41e4-a922-0cd976fea703 ] Request (DeleteServersTestJSON:test_delete_active_server): 200 GET http://10.180.1.21/compute/v2.1/servers/9c14ab52-2dac-4684-898d-c73e60c3c468 2.091s
2025-02-19 05:42:36.531 63814 INFO tempest.lib.common.rest_client [req-263a0518-90d1-4474-ae68-ee6b88f0b5c1 req-263a0518-90d1-4474-ae68-ee6b88f0b5c1 ] Request (FlavorsAccessNegativeTestJSON:_run_cleanups): 202 DELETE http://10.180.1.21/compute/v2.1/flavors/177706818 1.948s
2025-02-19 05:42:36.668 63762 INFO tempest.lib.common.rest_client [req-4e4dbedc-d707-458a-8c76-95b959fd5ed9 req-4e4dbedc-d707-458a-8c76-95b959fd5ed9 ] Request (ServersTestManualDisk:setUpClass): 202 POST http://10.180.1.21/compute/v2.1/servers 2.691s
2025-02-19 05:42:36.753 63774 INFO tempest.lib.common.rest_client [req-4d0fb329-7068-494b-8089-ff10abf4dace req-4d0fb329-7068-494b-8089-ff10abf4dace ] Request (AttachVolumeTestJSON:setUpClass): 201 POST http://10.180.1.21:9696/networking/v2.0/routers 1.932s
2025-02-19 05:42:36.986 63772 INFO tempest.lib.common.rest_client [req-c08f3d54-9149-476e-b4b0-b1c8c5792ea1 req-c08f3d54-9149-476e-b4b0-b1c8c5792ea1 ] Request (FloatingIPsNegativeTestJSON:setUpClass): 201 POST http://10.180.1.21:9696/networking/v2.0/subnets 0.524s
2025-02-19 05:42:37.041 63778 INFO tempest.lib.common.rest_client [req-13d45dd1-c61c-4d6f-9969-720f3fea5b16 req-13d45dd1-c61c-4d6f-9969-720f3fea5b16 ] Request (ListServerFiltersTestJSON:setUpClass): 202 POST http://10.180.1.21/compute/v2.1/servers 2.373s
2025-02-19 05:42:37.082 63798 INFO tempest.lib.common.rest_client [req-f5ab49c6-5bd2-4b3f-8f71-e926333d66b7 req-f5ab49c6-5bd2-4b3f-8f71-e926333d66b7 ] Request (FlavorsV261TestJSON:test_crud_flavor): 200 GET http://10.180.1.21/compute/v2.1/flavors/detail 2.344s
2025-02-19 05:42:37.117 63758 INFO tempest.lib.common.rest_client [req-41910cc6-806a-43a9-b17a-ee8d578e6012 req-41910cc6-806a-43a9-b17a-ee8d578e6012 ] Request (HypervisorAdminNegativeUnderV252Test:test_show_servers_with_non_admin_user): 200 GET http://10.180.1.21/compute/v2.1/os-hypervisors 2.364s
2025-02-19 05:42:37.168 63778 INFO tempest.lib.common.rest_client [req-236f0d66-61eb-4e7f-ba59-ca0b638a90b8 req-236f0d66-61eb-4e7f-ba59-ca0b638a90b8 ] Request (ListServerFiltersTestJSON:setUpClass): 201 POST http://10.180.1.21/identity/v3/auth/tokens 0.121s
2025-02-19 05:42:37.168 63778 INFO tempest.lib.common.fixed_network [-] (ListServerFiltersTestJSON:setUpClass) Found network {'id': 'cee4198f-cb15-45bd-8c95-4f65b8864533', 'name': 'tempest-ListServerFiltersTestJSON-210846136-network', 'tenant_id': 'c5239f7a95314b49913187864eafe5c2', 'admin_state_up': True, 'mtu': 8950, 'status': 'ACTIVE', 'subnets': [], 'shared': False, 'project_id': 'c5239f7a95314b49913187864eafe5c2', 'port_security_enabled': True, 'router:external': False, 'provider:network_type': 'vlan', 'provider:physical_network': 'default', 'provider:segmentation_id': 261, 'availability_zone_hints': [], 'availability_zones': [], 'ipv4_address_scope': None, 'ipv6_address_scope': None, 'description': '', 'tags': [], 'created_at': '2025-02-19T05:42:31Z', 'updated_at': '2025-02-19T05:42:31Z', 'revision_number': 1} available for tenant
2025-02-19 05:42:37.419 63818 INFO tempest.lib.common.rest_client [req-55bfccd4-493b-469a-b07a-ce95e2800bb0 req-55bfccd4-493b-469a-b07a-ce95e2800bb0 ] Request (ImagesOneServerTestJSON:setUpClass): 202 POST http://10.180.1.21/compute/v2.1/servers 2.686s
2025-02-19 05:42:37.449 63804 INFO tempest.lib.common.rest_client [req-0f7cf37b-20d7-405d-9f34-10d186b29054 req-0f7cf37b-20d7-405d-9f34-10d186b29054 ] Request (AttachInterfacesTestJSON:test_create_list_show_delete_interfaces_by_fixed_ip): 200 GET http://10.180.1.21/compute/v2.1/servers/d735bb99-dc6e-44e8-8cc1-d9b0dee29647 2.525s
2025-02-19 05:42:37.562 63820 INFO tempest.lib.common.rest_client [req-944a5bde-57e5-4e1a-9be2-ca937ff501ed req-944a5bde-57e5-4e1a-9be2-ca937ff501ed ] Request (ServerDiagnosticsV248Test:test_get_server_diagnostics): 200 GET http://10.180.1.21/compute/v2.1/servers/3304d61d-48d9-40ed-aac3-be86f6d7df7f 2.249s
2025-02-19 05:42:37.635 63808 INFO tempest.lib.common.rest_client [req-f778ee1b-d1e3-4585-a751-f9ec44b7a27b req-f778ee1b-d1e3-4585-a751-f9ec44b7a27b ] Request (MigrationsAdminTest:test_list_migrations_in_flavor_resize_situation): 200 GET http://10.180.1.21/compute/v2.1/servers/d7718d7e-4911-4905-b135-54291157aded 2.473s
2025-02-19 05:42:37.665 63788 INFO tempest.lib.common.rest_client [req-e6bff2e1-5a12-48ad-b86c-446834cfed6a req-e6bff2e1-5a12-48ad-b86c-446834cfed6a ] Request (FlavorsV255TestJSON:test_crud_flavor): 200 GET http://10.180.1.21/compute/v2.1/flavors/detail 2.300s
2025-02-19 05:42:37.754 63768 INFO tempest.lib.common.rest_client [req-e1522081-63a9-402b-af77-da4badfd88bc req-e1522081-63a9-402b-af77-da4badfd88bc ] Request (DeleteServersAdminTestJSON:test_admin_delete_servers_of_others): 200 GET http://10.180.1.21/compute/v2.1/servers/25eeac48-2f7e-4564-903d-5d3b1032cc7c 2.431s
2025-02-19 05:42:37.845 63784 INFO tempest.lib.common.rest_client [req-57d787df-95fa-4870-ad15-6cf7699eda67 req-57d787df-95fa-4870-ad15-6cf7699eda67 ] Request (ServersWithSpecificFlavorTestJSON:test_verify_created_server_ephemeral_disk): 200 GET http://10.180.1.21/compute/v2.1/servers/6bad7893-30cb-40f2-9077-f05da996be69 2.376s
2025-02-19 05:42:37.855 63776 INFO tempest.lib.common.rest_client [req-25051e47-4402-4a2b-af44-6771f7cbd3d2 req-25051e47-4402-4a2b-af44-6771f7cbd3d2 ] Request (ServicesAdminNegativeV253TestJSON:test_list_services_with_non_admin_user): 403 GET http://10.180.1.21/compute/v2.1/os-services 2.360s
2025-02-19 05:42:37.860 63784 INFO tempest.common.waiters [-] State transition "BUILD/None" ==> "BUILD/spawning" after 11 second wait
2025-02-19 05:42:37.884 63770 INFO tempest.lib.common.rest_client [req-1e062544-5b3d-449d-a9e2-1ed72983bd27 req-1e062544-5b3d-449d-a9e2-1ed72983bd27 ] Request (AggregatesAdminNegativeTestJSON:test_aggregate_get_details_as_user): 200 POST http://10.180.1.21/compute/v2.1/os-aggregates 2.380s
2025-02-19 05:42:37.954 63812 INFO tempest.lib.common.rest_client [req-c68fcd40-feaa-4619-a16b-c9f52977d53f req-c68fcd40-feaa-4619-a16b-c9f52977d53f ] Request (VolumesAssistedSnapshotsTest:test_volume_assisted_snapshot_create_delete): 200 GET http://10.180.1.21/compute/v2.1/servers/545f7a96-8308-476c-be13-c815aeb0bad9 2.389s
2025-02-19 05:42:37.971 63792 INFO tempest.lib.common.rest_client [req-0bb2e293-a1b6-4bed-884e-7a5941347621 req-0bb2e293-a1b6-4bed-884e-7a5941347621 ] Request (ListServersNegativeTestJSON:setUpClass): 200 GET http://10.180.1.21/compute/v2.1/servers/50e197aa-2ae8-44b5-9fa1-6ad531d2f771 2.308s
2025-02-19 05:42:37.998 63776 INFO tempest.lib.common.rest_client [req-084c282a-f623-4bf2-bc27-7c510a77345d req-084c282a-f623-4bf2-bc27-7c510a77345d ] Request (ServicesAdminNegativeV253TestJSON:tearDownClass): 204 DELETE http://10.180.1.21/identity/v3/users/21fd1bd430ec41dda94fb796c0a4e652 0.141s
2025-02-19 05:42:38.076 63790 INFO tempest.lib.common.rest_client [req-7a9b084b-1705-481f-82f7-f566feef4545 req-7a9b084b-1705-481f-82f7-f566feef4545 ] Request (ServersAdmin275Test:test_rebuild_update_server_275): 200 GET http://10.180.1.21/compute/v2.1/servers/1139d9b4-bd63-4678-9771-21ceeba0466a 2.382s
2025-02-19 05:42:38.095 63790 INFO tempest.common.waiters [-] State transition "REBUILD/rebuilding" ==> "REBUILD/rebuild_spawning" after 4 second wait
2025-02-19 05:42:38.170 63776 INFO tempest.lib.common.rest_client [req-1171f102-ed49-4fc7-a3db-7751ded93a86 req-1171f102-ed49-4fc7-a3db-7751ded93a86 ] Request (ServicesAdminNegativeV253TestJSON:tearDownClass): 204 DELETE http://10.180.1.21/identity/v3/users/02b02a9b402b4bb69c5f67ff49399a31 0.171s
2025-02-19 05:42:38.170 63776 INFO tempest.lib.common.dynamic_creds [-] Deleting project and security group for project: 9411c07166af407fa92527c8d0c3d925
2025-02-19 05:42:38.219 63766 INFO tempest.lib.common.rest_client [req-348bf7e3-8067-4058-88da-d53286407025 req-348bf7e3-8067-4058-88da-d53286407025 ] Request (ImagesOneServerNegativeTestJSON:setUp): 200 GET http://10.180.1.21/compute/v2.1/servers/d54673d4-3623-4847-a138-5574b045332f 2.552s
2025-02-19 05:42:38.246 63776 INFO tempest.lib.common.rest_client [req-34cd55cf-b81b-4049-a5f0-7615668b0bc0 req-34cd55cf-b81b-4049-a5f0-7615668b0bc0 ] Request (ServicesAdminNegativeV253TestJSON:tearDownClass): 201 POST http://10.180.1.21/identity/v3/auth/tokens 0.075s
2025-02-19 05:42:38.258 63802 INFO tempest.lib.common.rest_client [req-fdf97f8b-b1bc-4a8a-ba0a-6f240af84469 req-fdf97f8b-b1bc-4a8a-ba0a-6f240af84469 ] Request (ListImageFiltersTestJSON:setUpClass): 200 GET http://10.180.1.21/compute/v2.1/images/7537bc24-bf0f-4467-b82d-b61a8613c9d7 2.360s
2025-02-19 05:42:38.284 63816 INFO tempest.lib.common.rest_client [req-9fc9eae8-6464-40b9-8b55-9fefbc1f9584 req-9fc9eae8-6464-40b9-8b55-9fefbc1f9584 ] Request (FlavorsAdminTestJSON:test_create_server_with_non_public_flavor): 200 POST http://10.180.1.21/compute/v2.1/flavors 2.149s
2025-02-19 05:42:38.346 63782 INFO tempest.lib.common.rest_client [req-6b1f6737-c72a-40e9-b941-3cf813666190 req-6b1f6737-c72a-40e9-b941-3cf813666190 ] Request (QuotasAdminTestJSON:test_delete_quota): 200 PUT http://10.180.1.21/compute/v2.1/os-quota-sets/5c454ee2a6f54e8e9d48dca1deedbfb3 2.613s
2025-02-19 05:42:38.380 63764 INFO tempest.lib.common.rest_client [req-c0e448d9-69d9-4a30-b98f-3343e626b08a req-c0e448d9-69d9-4a30-b98f-3343e626b08a ] Request (ImagesTestJSON:test_create_image_from_stopped_server): 200 GET http://10.180.1.21/compute/v2.1/servers/28f5aa5a-9328-4c20-828f-ff194a2e8dff 2.242s
2025-02-19 05:42:38.490 63800 INFO tempest.lib.common.rest_client [req-9bf78eac-fe10-4de3-b1c9-1a3313876c04 req-9bf78eac-fe10-4de3-b1c9-1a3313876c04 ] Request (ServersNegativeTestMultiTenantJSON:setUpClass): 201 POST http://10.180.1.21:9696/networking/v2.0/routers 2.239s
2025-02-19 05:42:38.557 63760 INFO tempest.lib.common.rest_client [req-19db7d2a-5e6e-4bf3-b9bd-3d1f8e9fb812 req-19db7d2a-5e6e-4bf3-b9bd-3d1f8e9fb812 ] Request (ServersAdminTestJSON:setUpClass): 200 GET http://10.180.1.21/compute/v2.1/servers/8ab7e489-8903-4f78-8da8-72604cea31ed 2.082s
2025-02-19 05:42:38.585 63776 INFO tempest.lib.common.rest_client [req-e462e234-a841-4858-81e1-b1b2faae4ab4 req-e462e234-a841-4858-81e1-b1b2faae4ab4 ] Request (ServicesAdminNegativeV253TestJSON:tearDownClass): 200 GET http://10.180.1.21:9696/networking/v2.0/security-groups?tenant_id=9411c07166af407fa92527c8d0c3d925&name=default 0.338s
2025-02-19 05:42:38.587 63814 INFO tempest.lib.common.rest_client [req-991b34ea-1db5-484c-a6eb-3a3e632aafca req-991b34ea-1db5-484c-a6eb-3a3e632aafca ] Request (FlavorsAccessNegativeTestJSON:_run_cleanups): 200 GET http://10.180.1.21/compute/v2.1/flavors/detail 2.054s
2025-02-19 05:42:38.686 63762 INFO tempest.lib.common.rest_client [req-8fb11150-7bc7-46f0-9e06-c1522fae2df0 req-8fb11150-7bc7-46f0-9e06-c1522fae2df0 ] Request (ServersTestManualDisk:setUpClass): 200 GET http://10.180.1.21/compute/v2.1/servers/94667ac7-3f46-4a26-a62f-132dcab3ac5a 2.016s
2025-02-19 05:42:38.757 63806 INFO tempest.lib.common.rest_client [req-a3223823-f34a-47e9-9749-8b71edd7fdde req-a3223823-f34a-47e9-9749-8b71edd7fdde ] Request (ServerExternalEventsTest:test_create_server_external_events): 200 GET http://10.180.1.21/compute/v2.1/servers/a606fa01-58bd-4237-a97e-a503147c08ad 1.993s
2025-02-19 05:42:38.762 63772 INFO tempest.lib.common.rest_client [req-dc922699-1f7d-4904-b61e-11657d8e6070 req-dc922699-1f7d-4904-b61e-11657d8e6070 ] Request (FloatingIPsNegativeTestJSON:setUpClass): 201 POST http://10.180.1.21:9696/networking/v2.0/routers 1.775s
2025-02-19 05:42:38.800 63776 INFO tempest.lib.common.rest_client [req-6271d695-9a98-44f5-a2d1-15b5f2938091 req-6271d695-9a98-44f5-a2d1-15b5f2938091 ] Request (ServicesAdminNegativeV253TestJSON:tearDownClass): 204 DELETE http://10.180.1.21:9696/networking/v2.0/security-groups/8edeca62-8baa-493c-8b37-f5f8f3e50ec6 0.215s
2025-02-19 05:42:38.804 63780 INFO tempest.lib.common.rest_client [req-008acd33-1ae8-4e17-8141-c5a338a03e01 req-008acd33-1ae8-4e17-8141-c5a338a03e01 ] Request (ServerDiagnosticsNegativeTest:test_get_server_diagnostics_by_non_admin): 202 POST http://10.180.1.21/compute/v2.1/servers 2.384s
2025-02-19 05:42:38.818 63810 INFO tempest.lib.common.rest_client [req-2652ede4-3d92-4b5e-999b-59e08dbb6da8 req-2652ede4-3d92-4b5e-999b-59e08dbb6da8 ] Request (AttachInterfacesUnderV243Test:test_add_remove_fixed_ip): 200 GET http://10.180.1.21/compute/v2.1/servers/d9d2b428-3579-426c-bf94-b09f1f810e5a 1.921s
2025-02-19 05:42:38.829 63798 INFO tempest.lib.common.rest_client [req-a7027077-9fec-4e86-b811-5a266151ec10 req-a7027077-9fec-4e86-b811-5a266151ec10 ] Request (FlavorsV261TestJSON:test_crud_flavor): 200 GET http://10.180.1.21/compute/v2.1/flavors 1.732s
2025-02-19 05:42:38.835 63758 INFO tempest.lib.common.rest_client [req-c3378b48-2936-4aa2-9529-d0747433debe req-c3378b48-2936-4aa2-9529-d0747433debe ] Request (HypervisorAdminNegativeUnderV252Test:test_show_servers_with_non_admin_user): 403 GET http://10.180.1.21/compute/v2.1/os-hypervisors/1/servers 1.714s
2025-02-19 05:42:38.914 63776 INFO tempest.lib.common.rest_client [req-e612b360-5796-4e2b-99b7-ba6eae965528 req-e612b360-5796-4e2b-99b7-ba6eae965528 ] Request (ServicesAdminNegativeV253TestJSON:tearDownClass): 204 DELETE http://10.180.1.21/identity/v3/projects/9411c07166af407fa92527c8d0c3d925 0.113s
2025-02-19 05:42:38.914 63776 INFO tempest.lib.common.dynamic_creds [-] Deleting project and security group for project: c38ad961d6a34212a44bf8800e15930b
2025-02-19 05:42:39.009 63796 INFO tempest.lib.common.rest_client [req-529354cc-5312-49b6-8130-70bc159ef704 req-529354cc-5312-49b6-8130-70bc159ef704 ] Request (ServersAdminNegativeTestJSON:setUpClass): 200 GET http://10.180.1.21/compute/v2.1/servers/da0ca831-d17a-4ed3-923e-1cca983410cd 1.904s
2025-02-19 05:42:39.019 63796 INFO tempest.common.waiters [-] State transition "BUILD/spawning" ==> "ACTIVE/None" after 25 second wait
2025-02-19 05:42:39.069 63818 INFO tempest.lib.common.rest_client [req-2de76b63-7ee4-42e5-8b52-a50fd144da58 req-2de76b63-7ee4-42e5-8b52-a50fd144da58 ] Request (ImagesOneServerTestJSON:setUpClass): 200 GET http://10.180.1.21/compute/v2.1/servers/7812a5c4-322f-4846-8305-c77ed6227228 1.647s
2025-02-19 05:42:39.172 63778 INFO tempest.lib.common.rest_client [req-1dfb9dce-f374-4b84-82ce-4d7935a8b304 req-1dfb9dce-f374-4b84-82ce-4d7935a8b304 ] Request (ListServerFiltersTestJSON:setUpClass): 202 POST http://10.180.1.21/compute/v2.1/servers 2.003s
2025-02-19 05:42:39.204 63788 INFO tempest.lib.common.rest_client [req-740ce69d-005d-4410-a856-f1c1253c7a3c req-740ce69d-005d-4410-a856-f1c1253c7a3c ] Request (FlavorsV255TestJSON:test_crud_flavor): 200 GET http://10.180.1.21/compute/v2.1/flavors 1.533s
2025-02-19 05:42:39.206 63786 INFO tempest.lib.common.rest_client [req-3543a6f9-dc9c-4f83-85c4-6504821142ff req-3543a6f9-dc9c-4f83-85c4-6504821142ff ] Request (DeleteServersTestJSON:test_delete_active_server): 200 GET http://10.180.1.21/compute/v2.1/servers/9c14ab52-2dac-4684-898d-c73e60c3c468 1.685s
