2025-02-19 05:42:42.905 63804 INFO tempest.lib.common.rest_client [req-484e2d1b-be0c-4652-a4c3-1bdf598b143d req-484e2d1b-be0c-4652-a4c3-1bdf598b143d ] Request (AttachInterfacesTestJSON:test_create_list_show_delete_interfaces_by_fixed_ip): 200 GET http://10.180.1.21/compute/v2.1/servers/d735bb99-dc6e-44e8-8cc1-d9b0dee29647/os-interface 0.944s
2025-02-19 05:42:42.919 63758 INFO tempest.lib.common.rest_client [req-0f7fef44-a566-4811-8bbe-0e6ccc48d705 req-0f7fef44-a566-4811-8bbe-0e6ccc48d705 ] Request (ServerDiagnosticsTest:setUpClass): 204 PUT http://10.180.1.21/identity/v3/projects/64ec2514d74e47608aae6d0f5e35db3d/users/35fa747332614131bd5d141a623d2908/roles/7b5ba4adac944b22af99def5481752b7 0.031s
2025-02-19 05:42:42.972 63758 INFO tempest.lib.common.rest_client [req-5836df28-c800-4ed9-8e38-eca5b660425d req-5836df28-c800-4ed9-8e38-eca5b660425d ] Request (ServerDiagnosticsTest:setUpClass): 200 GET http://10.180.1.21/identity/v3/roles 0.052s
2025-02-19 05:42:42.999 63758 INFO tempest.lib.common.rest_client [req-116c3510-8c59-4c64-b615-c9cf8331d431 req-116c3510-8c59-4c64-b615-c9cf8331d431 ] Request (ServerDiagnosticsTest:setUpClass): 204 PUT http://10.180.1.21/identity/v3/projects/64ec2514d74e47608aae6d0f5e35db3d/users/35fa747332614131bd5d141a623d2908/roles/7b5ba4adac944b22af99def5481752b7 0.026s
2025-02-19 05:42:42.999 63758 INFO tempest.lib.common.dynamic_creds [-] Dynamic test user 35fa747332614131bd5d141a623d2908 is created with scope project and roles: ['admin']
2025-02-19 05:42:42.999 63758 INFO tempest.lib.common.dynamic_creds [-] Acquired dynamic creds: credentials: Credentials: {'domain_id': 'default', 'domain_name': 'Default', 'username': 'tempest-ServerDiagnosticsTest-1038846267-project-admin', 'project_domain_id': 'default', 'project_domain_name': 'Default', 'project_id': '64ec2514d74e47608aae6d0f5e35db3d', 'project_name': 'tempest-ServerDiagnosticsTest-1038846267', 'tenant_id': '64ec2514d74e47608aae6d0f5e35db3d', 'tenant_name': 'tempest-ServerDiagnosticsTest-1038846267', 'user_domain_id': 'default', 'user_domain_name': 'Default', 'user_id': '35fa747332614131bd5d141a623d2908', 'system': None}, Network: None, Subnet: None, Router: None
2025-02-19 05:42:42.999 63758 INFO tempest.lib.common.dynamic_creds [-] Created isolated network resources for: credentials: Credentials: {'domain_id': 'default', 'domain_name': 'Default', 'username': 'tempest-ServerDiagnosticsTest-1038846267-project-admin', 'project_domain_id': 'default', 'project_domain_name': 'Default', 'project_id': '64ec2514d74e47608aae6d0f5e35db3d', 'project_name': 'tempest-ServerDiagnosticsTest-1038846267', 'tenant_id': '64ec2514d74e47608aae6d0f5e35db3d', 'tenant_name': 'tempest-ServerDiagnosticsTest-1038846267', 'user_domain_id': 'default', 'user_domain_name': 'Default', 'user_id': '35fa747332614131bd5d141a623d2908', 'system': None}, Network: None, Subnet: None, Router: None
2025-02-19 05:42:43.000 63762 INFO tempest.lib.common.rest_client [req-2997af02-ff99-4982-b683-97b9da7ff7d9 req-2997af02-ff99-4982-b683-97b9da7ff7d9 ] Request (ServersTestManualDisk:setUpClass): 200 GET http://10.180.1.21/compute/v2.1/servers/94667ac7-3f46-4a26-a62f-132dcab3ac5a 0.976s
2025-02-19 05:42:43.068 63800 INFO tempest.lib.common.rest_client [req-5deebe1e-89a7-47a2-a9c0-aeeeeb10c0d5 req-5deebe1e-89a7-47a2-a9c0-aeeeeb10c0d5 ] Request (ServersNegativeTestMultiTenantJSON:setUpClass): 201 POST http://10.180.1.21:9696/networking/v2.0/networks 0.952s
2025-02-19 05:42:43.106 63758 INFO tempest.lib.common.rest_client [req-84017ce1-b28c-4e88-a387-94074703c8f6 req-84017ce1-b28c-4e88-a387-94074703c8f6 ] Request (ServerDiagnosticsTest:setUpClass): 201 POST http://10.180.1.21/identity/v3/auth/tokens 0.102s
2025-02-19 05:42:43.120 63798 INFO tempest.lib.common.rest_client [req-31ac3d96-52d1-44c0-9a29-3497b6919fca req-31ac3d96-52d1-44c0-9a29-3497b6919fca ] Request (FlavorsV261TestJSON:tearDownClass): 200 GET http://10.180.1.21:9696/networking/v2.0/security-groups?tenant_id=602aa31d5f914003857c71d2c131b466&name=default 0.383s
2025-02-19 05:42:43.160 63806 INFO tempest.lib.common.rest_client [req-d6e0ce4e-b354-4180-9b25-8872e3b69eb7 req-d6e0ce4e-b354-4180-9b25-8872e3b69eb7 ] Request (ServerExternalEventsTest:test_create_server_external_events): 200 GET http://10.180.1.21/compute/v2.1/servers/a606fa01-58bd-4237-a97e-a503147c08ad 1.108s
2025-02-19 05:42:43.171 63806 INFO tempest.common.waiters [-] State transition "BUILD/None" ==> "BUILD/spawning" after 13 second wait
2025-02-19 05:42:43.186 63758 INFO tempest.lib.common.rest_client [req-c32785c3-ec62-445c-ba0a-254cea63f615 req-c32785c3-ec62-445c-ba0a-254cea63f615 ] Request (ServerDiagnosticsTest:test_get_server_diagnostics): 201 POST http://10.180.1.21/identity/v3/auth/tokens 0.075s
2025-02-19 05:42:43.187 63758 INFO tempest.lib.common.fixed_network [-] (ServerDiagnosticsTest:test_get_server_diagnostics) Found network None available for tenant
2025-02-19 05:42:43.191 63772 INFO tempest.lib.common.rest_client [req-28f37087-8c98-4652-9775-ab38b7fc6769 req-28f37087-8c98-4652-9775-ab38b7fc6769 ] Request (FloatingIPsNegativeTestJSON:setUpClass): 200 GET http://10.180.1.21/compute/v2.1/os-floating-ips 1.168s
2025-02-19 05:42:43.436 63818 INFO tempest.lib.common.rest_client [req-f9709b7f-49dd-417c-9dd6-02239c1a760f req-f9709b7f-49dd-417c-9dd6-02239c1a760f ] Request (ImagesOneServerTestJSON:setUpClass): 200 GET http://10.180.1.21/compute/v2.1/servers/7812a5c4-322f-4846-8305-c77ed6227228 1.236s
2025-02-19 05:42:43.457 63810 INFO tempest.lib.common.rest_client [req-fecef809-4f43-4c1f-9337-ebe58f10c78e req-fecef809-4f43-4c1f-9337-ebe58f10c78e ] Request (AttachInterfacesUnderV243Test:test_add_remove_fixed_ip): 200 GET http://10.180.1.21/compute/v2.1/servers/d9d2b428-3579-426c-bf94-b09f1f810e5a 1.290s
2025-02-19 05:42:43.461 63788 INFO tempest.lib.common.rest_client [req-c5813af1-db98-4911-b8de-03aee1e06266 req-c5813af1-db98-4911-b8de-03aee1e06266 ] Request (FlavorsV255TestJSON:tearDownClass): 200 GET http://10.180.1.21:9696/networking/v2.0/security-groups?tenant_id=816c493c7f7348b1a23423688b864e2b&name=default 0.643s
2025-02-19 05:42:43.473 63810 INFO tempest.common.waiters [-] State transition "BUILD/scheduling" ==> "BUILD/None" after 10 second wait
2025-02-19 05:42:43.489 63798 INFO tempest.lib.common.rest_client [req-adb0ff34-36e3-4dc2-8136-39e728a6dcbf req-adb0ff34-36e3-4dc2-8136-39e728a6dcbf ] Request (FlavorsV261TestJSON:tearDownClass): 204 DELETE http://10.180.1.21:9696/networking/v2.0/security-groups/2d4432dc-0034-45bf-9b20-5f17583f02a5 0.368s
2025-02-19 05:42:43.547 63774 INFO tempest.lib.common.rest_client [req-572bd3e6-349f-445e-9445-728227e341b0 req-572bd3e6-349f-445e-9445-728227e341b0 ] Request (ValidationResourcesFixture:setUp): 201 POST http://10.180.1.21:9696/networking/v2.0/floatingips 1.683s
2025-02-19 05:42:43.628 63814 INFO tempest.lib.common.rest_client [req-9c9cfb94-652b-4000-ad1d-c29ff7a583f8 req-9c9cfb94-652b-4000-ad1d-c29ff7a583f8 ] Request (FlavorsAccessNegativeTestJSON:_run_cleanups): 200 POST http://10.180.1.21/compute/v2.1/flavors/957867951/action 1.420s
2025-02-19 05:42:43.659 63770 INFO tempest.lib.common.rest_client [req-bc38b09f-306d-4d74-85ac-6ec2d18aa3bf req-bc38b09f-306d-4d74-85ac-6ec2d18aa3bf ] Request (AggregatesAdminNegativeTestJSON:test_aggregate_remove_host_as_user): 200 POST http://10.180.1.21/compute/v2.1/os-aggregates 1.144s
2025-02-19 05:42:43.685 63816 INFO tempest.lib.common.rest_client [req-ea647d78-6951-46f1-bfeb-c64464a3a8ff req-ea647d78-6951-46f1-bfeb-c64464a3a8ff ] Request (FlavorsAdminTestJSON:test_is_public_string_variations): 200 POST http://10.180.1.21/compute/v2.1/flavors 1.127s
2025-02-19 05:42:43.708 63782 INFO tempest.lib.common.rest_client [req-9f8253f3-3cb3-4516-bb04-1ddfa6fc50eb req-9f8253f3-3cb3-4516-bb04-1ddfa6fc50eb ] Request (QuotasAdminTestJSON:test_get_updated_quotas): 200 PUT http://10.180.1.21/compute/v2.1/os-quota-sets/97611214325f48bfb091c0d476feecd4 1.348s
2025-02-19 05:42:43.711 63774 INFO tempest.lib.common.rest_client [req-c4c54f83-b393-48df-882e-a95053150650 req-c4c54f83-b393-48df-882e-a95053150650 ] Request (AttachVolumeTestJSON:test_attach_detach_volume): 201 POST http://10.180.1.21/identity/v3/auth/tokens 0.160s
2025-02-19 05:42:43.712 63774 INFO tempest.lib.common.fixed_network [-] (AttachVolumeTestJSON:test_attach_detach_volume) Found network {'id': '6036bae1-f6e5-494f-97c5-954d6227a24a', 'name': 'tempest-AttachVolumeTestJSON-1980630933-network', 'tenant_id': '03b970333f4143818355d51fa6e38cd0', 'admin_state_up': True, 'mtu': 8950, 'status': 'ACTIVE', 'subnets': [], 'shared': False, 'project_id': '03b970333f4143818355d51fa6e38cd0', 'port_security_enabled': True, 'router:external': False, 'provider:network_type': 'vlan', 'provider:physical_network': 'default', 'provider:segmentation_id': 960, 'availability_zone_hints': [], 'availability_zones': [], 'ipv4_address_scope': None, 'ipv6_address_scope': None, 'description': '', 'tags': [], 'created_at': '2025-02-19T05:42:34Z', 'updated_at': '2025-02-19T05:42:34Z', 'revision_number': 1} available for tenant
2025-02-19 05:42:43.751 63798 INFO tempest.lib.common.rest_client [req-c5d59686-dbee-4e24-9b7d-9ed14da80730 req-c5d59686-dbee-4e24-9b7d-9ed14da80730 ] Request (FlavorsV261TestJSON:tearDownClass): 204 DELETE http://10.180.1.21/identity/v3/projects/602aa31d5f914003857c71d2c131b466 0.261s
2025-02-19 05:42:43.818 63798 INFO tempest.lib.common.rest_client [req-8d8b811f-8fb8-4450-9544-6cb566881acb req-8d8b811f-8fb8-4450-9544-6cb566881acb ] Request (SecurityGroupsTestAdminJSON:setUpClass): 201 POST http://10.180.1.21/identity/v3/auth/tokens 0.065s
2025-02-19 05:42:43.858 63798 INFO tempest.lib.common.rest_client [req-dd1713fe-79b0-49f3-87c4-307f19cb26a5 req-dd1713fe-79b0-49f3-87c4-307f19cb26a5 ] Request (SecurityGroupsTestAdminJSON:setUpClass): 201 POST http://10.180.1.21/identity/v3/auth/tokens 0.038s
2025-02-19 05:42:43.860 63788 INFO tempest.lib.common.rest_client [req-e499a01c-0e70-4a64-982f-f9986f0fdd90 req-e499a01c-0e70-4a64-982f-f9986f0fdd90 ] Request (FlavorsV255TestJSON:tearDownClass): 204 DELETE http://10.180.1.21:9696/networking/v2.0/security-groups/4e49ce3f-6402-4f67-858f-8c568f2cd440 0.398s
2025-02-19 05:42:43.893 63798 INFO tempest.lib.common.rest_client [req-f4ca22a6-5c3b-4e7c-8314-7f19ee29da83 req-f4ca22a6-5c3b-4e7c-8314-7f19ee29da83 ] Request (SecurityGroupsTestAdminJSON:setUpClass): 200 GET http://10.180.1.21/identity/v3/domains?name=Default 0.035s
2025-02-19 05:42:43.919 63788 INFO tempest.lib.common.rest_client [req-ac55a639-db3c-4cdf-a183-ac888e3741e3 req-ac55a639-db3c-4cdf-a183-ac888e3741e3 ] Request (FlavorsV255TestJSON:tearDownClass): 204 DELETE http://10.180.1.21/identity/v3/projects/816c493c7f7348b1a23423688b864e2b 0.059s
2025-02-19 05:42:43.965 63798 INFO tempest.lib.common.rest_client [req-467638df-3599-4f41-8a1d-2605f6389a98 req-467638df-3599-4f41-8a1d-2605f6389a98 ] Request (SecurityGroupsTestAdminJSON:setUpClass): 201 POST http://10.180.1.21/identity/v3/projects 0.071s
2025-02-19 05:42:43.967 63788 INFO tempest.lib.common.rest_client [req-3f9dea18-a0c0-44fb-b322-c184cca372c2 req-3f9dea18-a0c0-44fb-b322-c184cca372c2 ] Request (VolumesAdminNegativeTest:setUpClass): 201 POST http://10.180.1.21/identity/v3/auth/tokens 0.046s
2025-02-19 05:42:44.013 63786 INFO tempest.lib.common.rest_client [req-320b1964-d6b8-48f7-8a23-b8b78d029b9e req-320b1964-d6b8-48f7-8a23-b8b78d029b9e ] Request (DeleteServersTestJSON:test_delete_active_server): 200 GET http://10.180.1.21/compute/v2.1/servers/9c14ab52-2dac-4684-898d-c73e60c3c468 1.328s
2025-02-19 05:42:44.017 63766 INFO tempest.lib.common.rest_client [req-7c507e00-95ea-4530-a1ef-307e4b133357 req-7c507e00-95ea-4530-a1ef-307e4b133357 ] Request (ImagesOneServerNegativeTestJSON:tearDown): 200 GET http://10.180.1.21/compute/v2.1/servers/d54673d4-3623-4847-a138-5574b045332f 1.373s
2025-02-19 05:42:44.018 63776 INFO tempest.lib.common.rest_client [req-9a39ba25-a53c-4f05-87a3-3f5173645520 req-9a39ba25-a53c-4f05-87a3-3f5173645520 ] Request (FloatingIPsTestJSON:setUpClass): 201 POST http://10.180.1.21:9696/networking/v2.0/routers 2.212s
2025-02-19 05:42:44.043 63802 INFO tempest.lib.common.rest_client [req-cc63533c-5a67-429b-b576-58ce1a0bc087 req-cc63533c-5a67-429b-b576-58ce1a0bc087 ] Request (ListImageFiltersTestJSON:setUpClass): 200 GET http://10.180.1.21/compute/v2.1/images/f137e30f-4c0f-4489-a1a3-a8bf3ac0a06d 1.299s
2025-02-19 05:42:44.050 63788 INFO tempest.lib.common.rest_client [req-d4274adf-7491-4503-b3ab-2d99ab37673a req-d4274adf-7491-4503-b3ab-2d99ab37673a ] Request (VolumesAdminNegativeTest:setUpClass): 201 POST http://10.180.1.21/identity/v3/auth/tokens 0.080s
2025-02-19 05:42:44.057 63798 INFO tempest.lib.common.rest_client [req-cd44e63f-bc8a-486c-9ce4-59242b6c781a req-cd44e63f-bc8a-486c-9ce4-59242b6c781a ] Request (SecurityGroupsTestAdminJSON:setUpClass): 201 POST http://10.180.1.21/identity/v3/users 0.091s
2025-02-19 05:42:44.081 63788 INFO tempest.lib.common.rest_client [req-bfdb752e-7290-4639-b1f6-b6f4bb841a36 req-bfdb752e-7290-4639-b1f6-b6f4bb841a36 ] Request (VolumesAdminNegativeTest:setUpClass): 200 GET http://10.180.1.21/identity/v3/domains?name=Default 0.030s
2025-02-19 05:42:44.107 63798 INFO tempest.lib.common.rest_client [req-b5e91c89-ebcd-49fb-a0a6-67c219eb2328 req-b5e91c89-ebcd-49fb-a0a6-67c219eb2328 ] Request (SecurityGroupsTestAdminJSON:setUpClass): 200 GET http://10.180.1.21/identity/v3/roles 0.049s
2025-02-19 05:42:44.108 63820 INFO tempest.lib.common.rest_client [req-c14e3303-5d52-4cad-a5c1-a3538f2225cd req-c14e3303-5d52-4cad-a5c1-a3538f2225cd ] Request (ServerDiagnosticsV248Test:test_get_server_diagnostics): 200 GET http://10.180.1.21/compute/v2.1/servers/3304d61d-48d9-40ed-aac3-be86f6d7df7f 1.307s
2025-02-19 05:42:44.139 63802 INFO tempest.lib.common.rest_client [req-c2c2abf8-91b5-4e0e-a171-8f4dee5bab2b req-c2c2abf8-91b5-4e0e-a171-8f4dee5bab2b ] Request (ListImageFiltersTestJSON:setUpClass): 201 POST http://10.180.1.21/identity/v3/auth/tokens 0.087s
2025-02-19 05:42:44.139 63802 INFO tempest.lib.common.fixed_network [-] (ListImageFiltersTestJSON:setUpClass) Found network None available for tenant
2025-02-19 05:42:44.150 63788 INFO tempest.lib.common.rest_client [req-70b0aa5a-adf0-4808-9b39-899dffc2c275 req-70b0aa5a-adf0-4808-9b39-899dffc2c275 ] Request (VolumesAdminNegativeTest:setUpClass): 201 POST http://10.180.1.21/identity/v3/projects 0.068s
2025-02-19 05:42:44.151 63800 INFO tempest.lib.common.rest_client [req-146614de-bd25-48f9-9e1f-719dd2b4758a req-146614de-bd25-48f9-9e1f-719dd2b4758a ] Request (ServersNegativeTestMultiTenantJSON:setUpClass): 201 POST http://10.180.1.21:9696/networking/v2.0/subnets 1.082s
2025-02-19 05:42:44.175 63798 INFO tempest.lib.common.rest_client [req-bc485e5e-9ce5-4d41-bcb7-1a334544d68d req-bc485e5e-9ce5-4d41-bcb7-1a334544d68d ] Request (SecurityGroupsTestAdminJSON:setUpClass): 204 PUT http://10.180.1.21/identity/v3/projects/e0ddd793239b4b87ab568a0f4560b838/users/f61de91547b34ab3a997c3a856b47004/roles/a30df256b42c4423bfa5f5d80718c4ea 0.067s
2025-02-19 05:42:44.175 63798 INFO tempest.lib.common.dynamic_creds [-] Dynamic test user f61de91547b34ab3a997c3a856b47004 is created with scope project and roles: ['member']
2025-02-19 05:42:44.175 63798 INFO tempest.lib.common.dynamic_creds [-] Acquired dynamic creds: credentials: Credentials: {'domain_id': 'default', 'domain_name': 'Default', 'username': 'tempest-SecurityGroupsTestAdminJSON-1687996086-project-member', 'project_domain_id': 'default', 'project_domain_name': 'Default', 'project_id': 'e0ddd793239b4b87ab568a0f4560b838', 'project_name': 'tempest-SecurityGroupsTestAdminJSON-1687996086', 'tenant_id': 'e0ddd793239b4b87ab568a0f4560b838', 'tenant_name': 'tempest-SecurityGroupsTestAdminJSON-1687996086', 'user_domain_id': 'default', 'user_domain_name': 'Default', 'user_id': 'f61de91547b34ab3a997c3a856b47004', 'system': None}, Network: None, Subnet: None, Router: None
2025-02-19 05:42:44.175 63798 INFO tempest.lib.common.dynamic_creds [-] Created isolated network resources for: credentials: Credentials: {'domain_id': 'default', 'domain_name': 'Default', 'username': 'tempest-SecurityGroupsTestAdminJSON-1687996086-project-member', 'project_domain_id': 'default', 'project_domain_name': 'Default', 'project_id': 'e0ddd793239b4b87ab568a0f4560b838', 'project_name': 'tempest-SecurityGroupsTestAdminJSON-1687996086', 'tenant_id': 'e0ddd793239b4b87ab568a0f4560b838', 'tenant_name': 'tempest-SecurityGroupsTestAdminJSON-1687996086', 'user_domain_id': 'default', 'user_domain_name': 'Default', 'user_id': 'f61de91547b34ab3a997c3a856b47004', 'system': None}, Network: None, Subnet: None, Router: None
2025-02-19 05:42:44.251 63788 INFO tempest.lib.common.rest_client [req-4c49665c-58f1-4ce5-93cb-a02356c0abfb req-4c49665c-58f1-4ce5-93cb-a02356c0abfb ] Request (VolumesAdminNegativeTest:setUpClass): 201 POST http://10.180.1.21/identity/v3/users 0.100s
2025-02-19 05:42:44.336 63788 INFO tempest.lib.common.rest_client [req-30a1a0e7-76bd-4e4b-8f47-5b90f24c6eb9 req-30a1a0e7-76bd-4e4b-8f47-5b90f24c6eb9 ] Request (VolumesAdminNegativeTest:setUpClass): 200 GET http://10.180.1.21/identity/v3/roles 0.083s
2025-02-19 05:42:44.338 63798 INFO tempest.lib.common.rest_client [req-8e4a7ec9-6b93-4e4a-a022-27d4ae4d32b0 req-8e4a7ec9-6b93-4e4a-a022-27d4ae4d32b0 ] Request (SecurityGroupsTestAdminJSON:setUpClass): 201 POST http://10.180.1.21/identity/v3/auth/tokens 0.158s
2025-02-19 05:42:44.362 63808 INFO tempest.lib.common.rest_client [req-0d86d7ae-8d39-4824-93be-91009418677c req-0d86d7ae-8d39-4824-93be-91009418677c ] Request (MigrationsAdminTest:test_list_migrations_in_flavor_resize_situation): 200 GET http://10.180.1.21/compute/v2.1/servers/d7718d7e-4911-4905-b135-54291157aded 1.207s
2025-02-19 05:42:44.383 63788 INFO tempest.lib.common.rest_client [req-78ca03da-f2ea-43f5-9fd9-e49a6c720ffb req-78ca03da-f2ea-43f5-9fd9-e49a6c720ffb ] Request (VolumesAdminNegativeTest:setUpClass): 204 PUT http://10.180.1.21/identity/v3/projects/a03d1e337f474942bbdd5d18eca81079/users/e8f1a07c6473400dbcb2a1099ad20a7e/roles/a30df256b42c4423bfa5f5d80718c4ea 0.046s
2025-02-19 05:42:44.383 63788 INFO tempest.lib.common.dynamic_creds [-] Dynamic test user e8f1a07c6473400dbcb2a1099ad20a7e is created with scope project and roles: ['member']
2025-02-19 05:42:44.384 63788 INFO tempest.lib.common.dynamic_creds [-] Acquired dynamic creds: credentials: Credentials: {'domain_id': 'default', 'domain_name': 'Default', 'username': 'tempest-VolumesAdminNegativeTest-1136951241-project-member', 'project_domain_id': 'default', 'project_domain_name': 'Default', 'project_id': 'a03d1e337f474942bbdd5d18eca81079', 'project_name': 'tempest-VolumesAdminNegativeTest-1136951241', 'tenant_id': 'a03d1e337f474942bbdd5d18eca81079', 'tenant_name': 'tempest-VolumesAdminNegativeTest-1136951241', 'user_domain_id': 'default', 'user_domain_name': 'Default', 'user_id': 'e8f1a07c6473400dbcb2a1099ad20a7e', 'system': None}, Network: None, Subnet: None, Router: None
2025-02-19 05:42:44.386 63798 INFO tempest.lib.common.rest_client [req-71f65e95-1fe4-41ff-ad62-a73fd0b8b830 req-71f65e95-1fe4-41ff-ad62-a73fd0b8b830 ] Request (SecurityGroupsTestAdminJSON:setUpClass): 201 POST http://10.180.1.21/identity/v3/projects 0.047s
2025-02-19 05:42:44.409 63772 INFO tempest.lib.common.rest_client [req-f04de683-0281-4f6c-8f8a-3398b461c1e7 req-f04de683-0281-4f6c-8f8a-3398b461c1e7 ] Request (FloatingIPsNegativeTestJSON:test_allocate_floating_ip_from_nonexistent_pool): 404 POST http://10.180.1.21/compute/v2.1/os-floating-ips 1.213s
2025-02-19 05:42:44.442 63788 INFO tempest.lib.common.rest_client [req-45d65e04-b65e-498c-b8d3-d41685e32ef6 req-45d65e04-b65e-498c-b8d3-d41685e32ef6 ] Request (VolumesAdminNegativeTest:setUpClass): 201 POST http://10.180.1.21/identity/v3/auth/tokens 0.057s
2025-02-19 05:42:44.461 63798 INFO tempest.lib.common.rest_client [req-7bf4d29a-7f63-49eb-bb07-5c624db2910c req-7bf4d29a-7f63-49eb-bb07-5c624db2910c ] Request (SecurityGroupsTestAdminJSON:setUpClass): 201 POST http://10.180.1.21/identity/v3/users 0.075s
2025-02-19 05:42:44.489 63798 INFO tempest.lib.common.rest_client [req-c0194239-9518-41c2-bc93-e6c91dd0195f req-c0194239-9518-41c2-bc93-e6c91dd0195f ] Request (SecurityGroupsTestAdminJSON:setUpClass): 200 GET http://10.180.1.21/identity/v3/roles 0.027s
2025-02-19 05:42:44.521 63798 INFO tempest.lib.common.rest_client [req-1e557d97-1b45-4f4b-b5a6-472f6a0f78e8 req-1e557d97-1b45-4f4b-b5a6-472f6a0f78e8 ] Request (SecurityGroupsTestAdminJSON:setUpClass): 204 PUT http://10.180.1.21/identity/v3/projects/296f3273be5e4f6b9767ab1229d04ca8/users/f92460142b564d429fe1841d866f4124/roles/7b5ba4adac944b22af99def5481752b7 0.032s
2025-02-19 05:42:44.579 63798 INFO tempest.lib.common.rest_client [req-bb32b865-b07d-416b-93b9-46e4421ea8b3 req-bb32b865-b07d-416b-93b9-46e4421ea8b3 ] Request (SecurityGroupsTestAdminJSON:setUpClass): 200 GET http://10.180.1.21/identity/v3/roles 0.057s
2025-02-19 05:42:44.599 63798 INFO tempest.lib.common.rest_client [req-f57879df-88ea-405a-8ed2-62e268b13e58 req-f57879df-88ea-405a-8ed2-62e268b13e58 ] Request (SecurityGroupsTestAdminJSON:setUpClass): 204 PUT http://10.180.1.21/identity/v3/projects/296f3273be5e4f6b9767ab1229d04ca8/users/f92460142b564d429fe1841d866f4124/roles/7b5ba4adac944b22af99def5481752b7 0.019s
2025-02-19 05:42:44.599 63798 INFO tempest.lib.common.dynamic_creds [-] Dynamic test user f92460142b564d429fe1841d866f4124 is created with scope project and roles: ['admin']
2025-02-19 05:42:44.599 63798 INFO tempest.lib.common.dynamic_creds [-] Acquired dynamic creds: credentials: Credentials: {'domain_id': 'default', 'domain_name': 'Default', 'username': 'tempest-SecurityGroupsTestAdminJSON-1965489420-project-admin', 'project_domain_id': 'default', 'project_domain_name': 'Default', 'project_id': '296f3273be5e4f6b9767ab1229d04ca8', 'project_name': 'tempest-SecurityGroupsTestAdminJSON-1965489420', 'tenant_id': '296f3273be5e4f6b9767ab1229d04ca8', 'tenant_name': 'tempest-SecurityGroupsTestAdminJSON-1965489420', 'user_domain_id': 'default', 'user_domain_name': 'Default', 'user_id': 'f92460142b564d429fe1841d866f4124', 'system': None}, Network: None, Subnet: None, Router: None
2025-02-19 05:42:44.599 63798 INFO tempest.lib.common.dynamic_creds [-] Created isolated network resources for: credentials: Credentials: {'domain_id': 'default', 'domain_name': 'Default', 'username': 'tempest-SecurityGroupsTestAdminJSON-1965489420-project-admin', 'project_domain_id': 'default', 'project_domain_name': 'Default', 'project_id': '296f3273be5e4f6b9767ab1229d04ca8', 'project_name': 'tempest-SecurityGroupsTestAdminJSON-1965489420', 'tenant_id': '296f3273be5e4f6b9767ab1229d04ca8', 'tenant_name': 'tempest-SecurityGroupsTestAdminJSON-1965489420', 'user_domain_id': 'default', 'user_domain_name': 'Default', 'user_id': 'f92460142b564d429fe1841d866f4124', 'system': None}, Network: None, Subnet: None, Router: None
2025-02-19 05:42:44.687 63798 INFO tempest.lib.common.rest_client [req-b06cc40f-b70e-4d7d-b9da-9b1093650d53 req-b06cc40f-b70e-4d7d-b9da-9b1093650d53 ] Request (SecurityGroupsTestAdminJSON:setUpClass): 201 POST http://10.180.1.21/identity/v3/auth/tokens 0.080s
2025-02-19 05:42:44.697 63768 INFO tempest.lib.common.rest_client [req-e0ced5f0-ad44-4bad-bcee-8de15cb5934c req-e0ced5f0-ad44-4bad-bcee-8de15cb5934c ] Request (DeleteServersAdminTestJSON:test_admin_delete_servers_of_others): 200 GET http://10.180.1.21/compute/v2.1/servers/25eeac48-2f7e-4564-903d-5d3b1032cc7c 1.477s
2025-02-19 05:42:44.786 63780 INFO tempest.lib.common.rest_client [req-b10a8996-bb27-42e5-aef3-4aefbb9d1979 req-b10a8996-bb27-42e5-aef3-4aefbb9d1979 ] Request (ServerDiagnosticsNegativeTest:test_get_server_diagnostics_by_non_admin): 200 GET http://10.180.1.21/compute/v2.1/servers/e9a255d5-16dc-462d-9cc3-19aceb9607dc 1.510s
2025-02-19 05:42:44.794 63788 INFO tempest.lib.common.rest_client [req-2eba20c3-8f64-4daf-a7fd-8518aa749672 req-2eba20c3-8f64-4daf-a7fd-8518aa749672 ] Request (VolumesAdminNegativeTest:setUpClass): 201 POST http://10.180.1.21:9696/networking/v2.0/networks 0.352s
2025-02-19 05:42:44.866 63792 INFO tempest.lib.common.rest_client [req-46918ada-e94e-45ce-a5f1-9aa4c18d2171 req-46918ada-e94e-45ce-a5f1-9aa4c18d2171 ] Request (ListServersNegativeTestJSON:setUpClass): 200 GET http://10.180.1.21/compute/v2.1/servers/50e197aa-2ae8-44b5-9fa1-6ad531d2f771 1.499s
2025-02-19 05:42:44.874 63758 INFO tempest.lib.common.rest_client [req-5350ce9b-4e2d-426a-9cf9-d84d0bfc3a77 req-5350ce9b-4e2d-426a-9cf9-d84d0bfc3a77 ] Request (ServerDiagnosticsTest:test_get_server_diagnostics): 202 POST http://10.180.1.21/compute/v2.1/servers 1.687s
2025-02-19 05:42:44.898 63804 INFO tempest.lib.common.rest_client [req-d996e3c1-1102-43fc-a079-2d8af618c16e req-d996e3c1-1102-43fc-a079-2d8af618c16e ] Request (AttachInterfacesTestJSON:test_create_list_show_delete_interfaces_by_fixed_ip): 200 PUT http://10.180.1.21:9696/networking/v2.0/floatingips/1bf2c47f-39d6-4ea6-9fdc-4f7f2311c0f2 1.991s
2025-02-19 05:42:45.088 63812 INFO tempest.lib.common.rest_client [req-84ed3e98-7c17-406c-a752-3386ca82748d req-84ed3e98-7c17-406c-a752-3386ca82748d ] Request (VolumesAssistedSnapshotsTest:test_volume_assisted_snapshot_create_delete): 200 GET http://10.180.1.21/compute/v2.1/servers/545f7a96-8308-476c-be13-c815aeb0bad9 1.675s
2025-02-19 05:42:45.205 63790 INFO tempest.lib.common.rest_client [req-556679ed-375f-41d4-951d-76bd0fb523cc req-556679ed-375f-41d4-951d-76bd0fb523cc ] Request (ServersAdmin275Test:test_rebuild_update_server_275): 200 GET http://10.180.1.21/compute/v2.1/servers/1139d9b4-bd63-4678-9771-21ceeba0466a 1.690s
2025-02-19 05:42:45.218 63790 INFO tempest.common.waiters [-] State transition "REBUILD/rebuild_spawning" ==> "ACTIVE/None" after 11 second wait
2025-02-19 05:42:45.218 63784 INFO tempest.lib.common.rest_client [req-ce038388-c4a9-494c-93b7-92cec12b0383 req-ce038388-c4a9-494c-93b7-92cec12b0383 ] Request (ServersWithSpecificFlavorTestJSON:test_verify_created_server_ephemeral_disk): 200 GET http://10.180.1.21/compute/v2.1/servers/6bad7893-30cb-40f2-9077-f05da996be69 1.704s
2025-02-19 05:42:45.255 63814 INFO tempest.lib.common.rest_client [req-c89489f2-b21e-4165-a8b3-c56a275366ae req-c89489f2-b21e-4165-a8b3-c56a275366ae ] Request (FlavorsAccessNegativeTestJSON:_run_cleanups): 202 DELETE http://10.180.1.21/compute/v2.1/flavors/957867951 1.626s
2025-02-19 05:42:45.299 63778 INFO tempest.lib.common.rest_client [req-d690f106-8d48-4104-b9dd-f0ca531329e8 req-d690f106-8d48-4104-b9dd-f0ca531329e8 ] Request (ListServerFiltersTestJSON:setUpClass): 200 GET http://10.180.1.21/compute/v2.1/servers/bdf3bd7f-d77d-41e0-877d-0b9e31d416e0 1.708s
2025-02-19 05:42:45.324 63764 INFO tempest.lib.common.rest_client [req-e68dbb16-75c7-43e9-a158-8cfb017e83d9 req-e68dbb16-75c7-43e9-a158-8cfb017e83d9 ] Request (ImagesTestJSON:test_create_image_from_stopped_server): 200 GET http://10.180.1.21/compute/v2.1/servers/28f5aa5a-9328-4c20-828f-ff194a2e8dff 1.676s
2025-02-19 05:42:45.344 63816 INFO tempest.lib.common.rest_client [req-1192e728-2cff-4aa0-8b20-3a02c5c21c78 req-1192e728-2cff-4aa0-8b20-3a02c5c21c78 ] Request (FlavorsAdminTestJSON:test_is_public_string_variations): 200 GET http://10.180.1.21/compute/v2.1/flavors/detail?is_public=f 1.657s
2025-02-19 05:42:45.412 63796 INFO tempest.lib.common.rest_client [req-b385a97f-88db-497e-a891-c97e877ad727 req-b385a97f-88db-497e-a891-c97e877ad727 ] Request (ServersAdminNegativeTestJSON:test_migrate_server_invalid_state): 200 GET http://10.180.1.21/compute/v2.1/servers/f0a8ba87-d78a-4c2b-9431-64c8e80f05fd 1.706s
2025-02-19 05:42:45.459 63770 INFO tempest.lib.common.rest_client [req-f8ec514e-0174-4a3c-a6c1-d82fe69b59d6 req-f8ec514e-0174-4a3c-a6c1-d82fe69b59d6 ] Request (AggregatesAdminNegativeTestJSON:test_aggregate_remove_host_as_user): 200 POST http://10.180.1.21/compute/v2.1/os-aggregates/7/action 1.794s
2025-02-19 05:42:45.566 63782 INFO tempest.lib.common.rest_client [req-dfd3dc81-33f0-4b47-be06-0a4da359c426 req-dfd3dc81-33f0-4b47-be06-0a4da359c426 ] Request (QuotasAdminTestJSON:test_get_updated_quotas): 200 GET http://10.180.1.21/compute/v2.1/os-quota-sets/97611214325f48bfb091c0d476feecd4/detail 1.855s
2025-02-19 05:42:45.603 63782 INFO tempest.lib.common.rest_client [req-e8947c9a-47d0-4796-8591-e8a17d3ee720 req-e8947c9a-47d0-4796-8591-e8a17d3ee720 ] Request (QuotasAdminTestJSON:test_get_updated_quotas): 200 GET http://10.180.1.21/identity/v3/domains?name=Default 0.031s
2025-02-19 05:42:45.640 63782 INFO tempest.lib.common.rest_client [req-fc253f14-1873-4198-b176-08b484ec6195 req-fc253f14-1873-4198-b176-08b484ec6195 ] Request (QuotasAdminTestJSON:test_get_updated_quotas): 201 POST http://10.180.1.21/identity/v3/users 0.036s
2025-02-19 05:42:45.671 63782 INFO tempest.lib.common.rest_client [req-24230cea-ee93-4ed1-bc92-f65a465a84bb req-24230cea-ee93-4ed1-bc92-f65a465a84bb ] Request (QuotasAdminTestJSON:test_get_updated_quotas): 200 GET http://10.180.1.21/identity/v3/domains?name=Default 0.030s
2025-02-19 05:42:45.695 63788 INFO tempest.lib.common.rest_client [req-4fb3cc38-52ce-4878-91e5-337fc10792e7 req-4fb3cc38-52ce-4878-91e5-337fc10792e7 ] Request (VolumesAdminNegativeTest:setUpClass): 201 POST http://10.180.1.21:9696/networking/v2.0/subnets 0.901s
2025-02-19 05:42:45.730 63760 INFO tempest.lib.common.rest_client [req-dc0bc7a5-62f6-4e30-8184-df18588d880c req-dc0bc7a5-62f6-4e30-8184-df18588d880c ] Request (ServersAdminTestJSON:setUpClass): 200 GET http://10.180.1.21/compute/v2.1/servers/8ab7e489-8903-4f78-8da8-72604cea31ed 1.878s
2025-02-19 05:42:45.799 63762 INFO tempest.lib.common.rest_client [req-25dbe5c6-ac67-4dff-a78c-7d2246dd34dc req-25dbe5c6-ac67-4dff-a78c-7d2246dd34dc ] Request (ServersTestManualDisk:setUpClass): 200 GET http://10.180.1.21/compute/v2.1/servers/94667ac7-3f46-4a26-a62f-132dcab3ac5a 1.779s
2025-02-19 05:42:45.915 63800 INFO tempest.lib.common.rest_client [req-fd4f4457-7067-4c2e-b22c-47e83d171be1 req-fd4f4457-7067-4c2e-b22c-47e83d171be1 ] Request (ServersNegativeTestMultiTenantJSON:setUpClass): 201 POST http://10.180.1.21:9696/networking/v2.0/routers 1.764s
2025-02-19 05:42:45.946 63766 INFO tempest.lib.common.rest_client [req-e4cff15c-c0a9-4614-903f-df884b019f8d req-e4cff15c-c0a9-4614-903f-df884b019f8d ] Request (ImagesOneServerNegativeTestJSON:setUp): 200 GET http://10.180.1.21/compute/v2.1/servers/d54673d4-3623-4847-a138-5574b045332f 1.918s
2025-02-19 05:42:46.146 63774 INFO tempest.lib.common.rest_client [req-fefe0504-29b0-46bc-8a6d-9a5cd83ae8c4 req-fefe0504-29b0-46bc-8a6d-9a5cd83ae8c4 ] Request (AttachVolumeTestJSON:test_attach_detach_volume): 202 POST http://10.180.1.21/compute/v2.1/servers 2.433s
2025-02-19 05:42:46.193 63776 INFO tempest.lib.common.rest_client [req-6127bc70-50b6-4e6e-bf70-2be2a2302932 req-6127bc70-50b6-4e6e-bf70-2be2a2302932 ] Request (FloatingIPsTestJSON:setUpClass): 200 PUT http://10.180.1.21:9696/networking/v2.0/routers/91f05a63-7990-4387-82a2-837117a03986/add_router_interface 2.174s
2025-02-19 05:42:46.193 63776 INFO tempest.lib.common.dynamic_creds [-] Created isolated network resources for: credentials: Credentials: {'domain_id': 'default', 'domain_name': 'Default', 'username': 'tempest-FloatingIPsTestJSON-1894534671-project-member', 'project_domain_id': 'default', 'project_domain_name': 'Default', 'project_id': '5b0d3db9ac774c0e9823749ac7a15e55', 'project_name': 'tempest-FloatingIPsTestJSON-1894534671', 'tenant_id': '5b0d3db9ac774c0e9823749ac7a15e55', 'tenant_name': 'tempest-FloatingIPsTestJSON-1894534671', 'user_domain_id': 'default', 'user_domain_name': 'Default', 'user_id': 'c8013bf5f98549c4bc8996b59e7867b5', 'system': None}, Network: {'id': 'acfe3653-677c-4f04-b855-684845d9cea9', 'name': 'tempest-FloatingIPsTestJSON-71671689-network', 'tenant_id': '5b0d3db9ac774c0e9823749ac7a15e55', 'admin_state_up': True, 'mtu': 8950, 'status': 'ACTIVE', 'subnets': [], 'shared': False, 'project_id': '5b0d3db9ac774c0e9823749ac7a15e55', 'port_security_enabled': True, 'router:external': False, 'provider:network_type': 'vlan', 'provider:physical_network': 'default', 'provider:segmentation_id': 554, 'availability_zone_hints': [], 'availability_zones': [], 'ipv4_address_scope': None, 'ipv6_address_scope': None, 'description': '', 'tags': [], 'created_at': '2025-02-19T05:42:41Z', 'updated_at': '2025-02-19T05:42:41Z', 'revision_number': 1}, Subnet: {'id': '78e81d91-5d17-4e4b-897a-87a4b15f22c1', 'name': 'tempest-FloatingIPsTestJSON-71671689-subnet', 'tenant_id': '5b0d3db9ac774c0e9823749ac7a15e55', 'network_id': 'acfe3653-677c-4f04-b855-684845d9cea9', 'ip_version': 4, 'subnetpool_id': None, 'enable_dhcp': True, 'ipv6_ra_mode': None, 'ipv6_address_mode': None, 'gateway_ip': '192.168.128.1', 'cidr': '192.168.128.0/28', 'allocation_pools': [{'start': '192.168.128.2', 'end': '192.168.128.14'}], 'host_routes': [], 'dns_nameservers': [], 'description': '', 'router:external': False, 'service_types': [], 'tags': [], 'created_at': '2025-02-19T05:42:41Z', 'updated_at': '2025-02-19T05:42:41Z', 'revision_number': 0, 'project_id': '5b0d3db9ac774c0e9823749ac7a15e55'}, Router: {'id': '91f05a63-7990-4387-82a2-837117a03986', 'name': 'tempest-FloatingIPsTestJSON-71671689-router', 'tenant_id': '5b0d3db9ac774c0e9823749ac7a15e55', 'admin_state_up': True, 'status': 'ACTIVE', 'external_gateway_info': {'network_id': '70d88e26-98dd-4a20-95b5-041f7ca83369', 'external_fixed_ips': [{'subnet_id': '46b6463c-a700-455f-9101-1e8ccc398296', 'ip_address': '10.180.180.226'}], 'enable_snat': True}, 'description': '', 'availability_zones': [], 'distributed': False, 'ha': False, 'availability_zone_hints': [], 'routes': [], 'flavor_id': None, 'tags': [], 'created_at': '2025-02-19T05:42:41Z', 'updated_at': '2025-02-19T05:42:43Z', 'revision_number': 2, 'project_id': '5b0d3db9ac774c0e9823749ac7a15e55'}
2025-02-19 05:42:46.257 63802 INFO tempest.lib.common.rest_client [req-049fa8a4-86fb-4243-bd02-3ee26aee1284 req-049fa8a4-86fb-4243-bd02-3ee26aee1284 ] Request (ListImageFiltersTestJSON:setUpClass): 202 POST http://10.180.1.21/compute/v2.1/servers 2.117s
2025-02-19 05:42:46.292 63806 INFO tempest.lib.common.rest_client [req-bf79cb2e-6b0f-4ff1-8d0f-5ceb54fd3d79 req-bf79cb2e-6b0f-4ff1-8d0f-5ceb54fd3d79 ] Request (ServerExternalEventsTest:test_create_server_external_events): 200 GET http://10.180.1.21/compute/v2.1/servers/a606fa01-58bd-4237-a97e-a503147c08ad 2.120s
2025-02-19 05:42:46.316 63772 INFO tempest.lib.common.rest_client [req-d55dd574-6179-4d50-a981-eae213d2d1b0 req-d55dd574-6179-4d50-a981-eae213d2d1b0 ] Request (FloatingIPsNegativeTestJSON:test_delete_nonexistent_floating_ip): 404 DELETE http://10.180.1.21/compute/v2.1/os-floating-ips/284a0bb9-b874-4484-905d-89cded1f967a 1.905s
2025-02-19 05:42:46.328 63776 INFO tempest.lib.common.rest_client [req-ad4387a6-b132-4077-acba-224ead70d109 req-ad4387a6-b132-4077-acba-224ead70d109 ] Request (FloatingIPsTestJSON:setUpClass): 201 POST http://10.180.1.21/identity/v3/auth/tokens 0.127s
2025-02-19 05:42:46.330 63802 INFO tempest.lib.common.rest_client [req-08e11db3-8789-46c5-8f54-609ea2a8c1a1 req-08e11db3-8789-46c5-8f54-609ea2a8c1a1 ] Request (ListImageFiltersTestJSON:setUpClass): 201 POST http://10.180.1.21/identity/v3/auth/tokens 0.068s
2025-02-19 05:42:46.330 63802 INFO tempest.lib.common.fixed_network [-] (ListImageFiltersTestJSON:setUpClass) Found network None available for tenant
2025-02-19 05:42:46.433 63818 INFO tempest.lib.common.rest_client [req-cb79e89a-eec7-41fc-98d6-075075aab6b7 req-cb79e89a-eec7-41fc-98d6-075075aab6b7 ] Request (ImagesOneServerTestJSON:setUpClass): 200 GET http://10.180.1.21/compute/v2.1/servers/7812a5c4-322f-4846-8305-c77ed6227228 1.984s
2025-02-19 05:42:46.437 63810 INFO tempest.lib.common.rest_client [req-cab822b2-6fcf-4c30-b72f-17d79d21a5a0 req-cab822b2-6fcf-4c30-b72f-17d79d21a5a0 ] Request (AttachInterfacesUnderV243Test:test_add_remove_fixed_ip): 200 GET http://10.180.1.21/compute/v2.1/servers/d9d2b428-3579-426c-bf94-b09f1f810e5a 1.962s
2025-02-19 05:42:46.534 63758 INFO tempest.lib.common.rest_client [req-6de9e4e8-5a94-457f-9e91-81f602ad2636 req-6de9e4e8-5a94-457f-9e91-81f602ad2636 ] Request (ServerDiagnosticsTest:test_get_server_diagnostics): 200 GET http://10.180.1.21/compute/v2.1/servers/f1e2bfdd-7e4d-478e-ae5c-db222a082290 1.658s
2025-02-19 05:42:46.747 63804 INFO tempest.lib.common.rest_client [req-dcaa577c-d3c4-4470-b251-a7d05412b559 req-dcaa577c-d3c4-4470-b251-a7d05412b559 ] Request (AttachInterfacesTestJSON:test_create_list_show_delete_interfaces_by_fixed_ip): 200 GET http://10.180.1.21/compute/v2.1/servers/d735bb99-dc6e-44e8-8cc1-d9b0dee29647 1.848s
2025-02-19 05:42:46.763 63804 INFO tempest.lib.common.ssh [-] Creating ssh connection to '10.180.180.139:22' as 'cirros' with public key authentication
2025-02-19 05:42:46.764 63788 INFO tempest.lib.common.rest_client [req-3c3597c9-538e-4d3c-9b64-454f829e4276 req-3c3597c9-538e-4d3c-9b64-454f829e4276 ] Request (VolumesAdminNegativeTest:setUpClass): 201 POST http://10.180.1.21:9696/networking/v2.0/routers 1.068s
2025-02-19 05:42:47.016 63786 INFO tempest.lib.common.rest_client [req-43af3f53-d7cd-4f5d-b220-7ccc2bca8f81 req-43af3f53-d7cd-4f5d-b220-7ccc2bca8f81 ] Request (DeleteServersTestJSON:test_delete_active_server): 200 GET http://10.180.1.21/compute/v2.1/servers/9c14ab52-2dac-4684-898d-c73e60c3c468 1.991s
2025-02-19 05:42:47.129 63820 INFO tempest.lib.common.rest_client [req-3a042f90-a08f-42ad-9fe6-03f928f579f0 req-3a042f90-a08f-42ad-9fe6-03f928f579f0 ] Request (ServerDiagnosticsV248Test:test_get_server_diagnostics): 200 GET http://10.180.1.21/compute/v2.1/servers/3304d61d-48d9-40ed-aac3-be86f6d7df7f 2.004s
2025-02-19 05:42:47.143 63820 INFO tempest.common.waiters [-] State transition "BUILD/scheduling" ==> "BUILD/None" after 13 second wait
2025-02-19 05:42:47.299 63798 INFO tempest.lib.common.rest_client [req-2fa4e415-384b-4d6a-9606-7a7d4ceee38c req-2fa4e415-384b-4d6a-9606-7a7d4ceee38c ] Request (SecurityGroupsTestAdminJSON:test_list_security_groups_list_all_tenants_filter): 200 POST http://10.180.1.21/compute/v2.1/os-security-groups 2.611s
2025-02-19 05:42:47.326 63814 INFO tempest.lib.common.rest_client [req-f116fc5a-b386-42ee-95b1-d8b039b74bd8 req-f116fc5a-b386-42ee-95b1-d8b039b74bd8 ] Request (FlavorsAccessNegativeTestJSON:_run_cleanups): 200 GET http://10.180.1.21/compute/v2.1/flavors/detail 2.070s
2025-02-19 05:42:47.342 63816 INFO tempest.lib.common.rest_client [req-ee2d51d2-9c55-457a-993b-0f767102b4b4 req-ee2d51d2-9c55-457a-993b-0f767102b4b4 ] Request (FlavorsAdminTestJSON:test_is_public_string_variations): 200 GET http://10.180.1.21/compute/v2.1/flavors/detail?is_public=false 1.992s
2025-02-19 05:42:47.588 63808 INFO tempest.lib.common.rest_client [req-d559fcaf-40fb-422a-bf18-c650a197df18 req-d559fcaf-40fb-422a-bf18-c650a197df18 ] Request (MigrationsAdminTest:test_list_migrations_in_flavor_resize_situation): 200 GET http://10.180.1.21/compute/v2.1/servers/d7718d7e-4911-4905-b135-54291157aded 2.213s
2025-02-19 05:42:47.590 63790 INFO tempest.lib.common.rest_client [req-47667945-eebf-41f1-bba9-c0a1f31c6481 req-47667945-eebf-41f1-bba9-c0a1f31c6481 ] Request (ServersAdmin275Test:test_rebuild_update_server_275): 202 POST http://10.180.1.21/compute/v2.1/servers/1139d9b4-bd63-4678-9771-21ceeba0466a/action 2.372s
2025-02-19 05:42:47.594 63770 INFO tempest.lib.common.rest_client [req-f81d31d2-92e5-4664-8f03-44ac66bee2db req-f81d31d2-92e5-4664-8f03-44ac66bee2db ] Request (AggregatesAdminNegativeTestJSON:test_aggregate_remove_host_as_user): 403 POST http://10.180.1.21/compute/v2.1/os-aggregates/7/action 2.132s
2025-02-19 05:42:47.599 63808 INFO tempest.common.waiters [-] State transition "BUILD/spawning" ==> "ACTIVE/None" after 32 second wait
2025-02-19 05:42:47.676 63768 INFO tempest.lib.common.rest_client [req-7e6730ce-5389-4a75-aa8f-0fb88fb6f769 req-7e6730ce-5389-4a75-aa8f-0fb88fb6f769 ] Request (DeleteServersAdminTestJSON:test_admin_delete_servers_of_others): 200 GET http://10.180.1.21/compute/v2.1/servers/25eeac48-2f7e-4564-903d-5d3b1032cc7c 1.968s
2025-02-19 05:42:47.702 63782 INFO tempest.lib.common.rest_client [req-672cc379-be50-4d0f-95f0-d07ed74c1676 req-672cc379-be50-4d0f-95f0-d07ed74c1676 ] Request (QuotasAdminTestJSON:test_get_updated_quotas): 200 PUT http://10.180.1.21/compute/v2.1/os-quota-sets/97611214325f48bfb091c0d476feecd4?user_id=765ece056ab04843930448e19dedfd7d 2.030s
2025-02-19 05:42:47.755 63780 INFO tempest.lib.common.rest_client [req-7340079b-a68d-4ba9-ba30-d4720ecdec7c req-7340079b-a68d-4ba9-ba30-d4720ecdec7c ] Request (ServerDiagnosticsNegativeTest:test_get_server_diagnostics_by_non_admin): 200 GET http://10.180.1.21/compute/v2.1/servers/e9a255d5-16dc-462d-9cc3-19aceb9607dc 1.957s
2025-02-19 05:42:47.770 63792 INFO tempest.lib.common.rest_client [req-a3569c3e-09c2-4385-af55-e7b0370e7cfd req-a3569c3e-09c2-4385-af55-e7b0370e7cfd ] Request (ListServersNegativeTestJSON:setUpClass): 200 GET http://10.180.1.21/compute/v2.1/servers/50e197aa-2ae8-44b5-9fa1-6ad531d2f771 1.892s
2025-02-19 05:42:48.009 63812 INFO tempest.lib.common.rest_client [req-12555dc5-b646-479b-890a-c621bbd63e95 req-12555dc5-b646-479b-890a-c621bbd63e95 ] Request (VolumesAssistedSnapshotsTest:test_volume_assisted_snapshot_create_delete): 200 GET http://10.180.1.21/compute/v2.1/servers/545f7a96-8308-476c-be13-c815aeb0bad9 1.911s
2025-02-19 05:42:48.017 63788 INFO tempest.lib.common.rest_client [req-9f88660f-c0fa-4e16-a736-15b29ceda139 req-9f88660f-c0fa-4e16-a736-15b29ceda139 ] Request (VolumesAdminNegativeTest:setUpClass): 200 PUT http://10.180.1.21:9696/networking/v2.0/routers/c62d3de5-26be-46f9-9840-1205f686c22c/add_router_interface 1.252s
2025-02-19 05:42:48.018 63788 INFO tempest.lib.common.dynamic_creds [-] Created isolated network resources for: credentials: Credentials: {'domain_id': 'default', 'domain_name': 'Default', 'username': 'tempest-VolumesAdminNegativeTest-1136951241-project-member', 'project_domain_id': 'default', 'project_domain_name': 'Default', 'project_id': 'a03d1e337f474942bbdd5d18eca81079', 'project_name': 'tempest-VolumesAdminNegativeTest-1136951241', 'tenant_id': 'a03d1e337f474942bbdd5d18eca81079', 'tenant_name': 'tempest-VolumesAdminNegativeTest-1136951241', 'user_domain_id': 'default', 'user_domain_name': 'Default', 'user_id': 'e8f1a07c6473400dbcb2a1099ad20a7e', 'system': None}, Network: {'id': '7ff07e9e-ecc0-4a5e-921a-3d6735b3c51c', 'name': 'tempest-VolumesAdminNegativeTest-896011876-network', 'tenant_id': 'a03d1e337f474942bbdd5d18eca81079', 'admin_state_up': True, 'mtu': 8950, 'status': 'ACTIVE', 'subnets': [], 'shared': False, 'project_id': 'a03d1e337f474942bbdd5d18eca81079', 'port_security_enabled': True, 'router:external': False, 'provider:network_type': 'vlan', 'provider:physical_network': 'default', 'provider:segmentation_id': 327, 'availability_zone_hints': [], 'availability_zones': [], 'ipv4_address_scope': None, 'ipv6_address_scope': None, 'description': '', 'tags': [], 'created_at': '2025-02-19T05:42:44Z', 'updated_at': '2025-02-19T05:42:44Z', 'revision_number': 1}, Subnet: {'id': '33936114-720d-4227-83a8-48b21458140c', 'name': 'tempest-VolumesAdminNegativeTest-896011876-subnet', 'tenant_id': 'a03d1e337f474942bbdd5d18eca81079', 'network_id': '7ff07e9e-ecc0-4a5e-921a-3d6735b3c51c', 'ip_version': 4, 'subnetpool_id': None, 'enable_dhcp': True, 'ipv6_ra_mode': None, 'ipv6_address_mode': None, 'gateway_ip': '192.168.128.1', 'cidr': '192.168.128.0/28', 'allocation_pools': [{'start': '192.168.128.2', 'end': '192.168.128.14'}], 'host_routes': [], 'dns_nameservers': [], 'description': '', 'router:external': False, 'service_types': [], 'tags': [], 'created_at': '2025-02-19T05:42:44Z', 'updated_at': '2025-02-19T05:42:44Z', 'revision_number': 0, 'project_id': 'a03d1e337f474942bbdd5d18eca81079'}, Router: {'id': 'c62d3de5-26be-46f9-9840-1205f686c22c', 'name': 'tempest-VolumesAdminNegativeTest-896011876-router', 'tenant_id': 'a03d1e337f474942bbdd5d18eca81079', 'admin_state_up': True, 'status': 'ACTIVE', 'external_gateway_info': {'network_id': '70d88e26-98dd-4a20-95b5-041f7ca83369', 'external_fixed_ips': [{'subnet_id': '46b6463c-a700-455f-9101-1e8ccc398296', 'ip_address': '10.180.180.234'}], 'enable_snat': True}, 'description': '', 'availability_zones': [], 'distributed': False, 'ha': False, 'availability_zone_hints': [], 'routes': [], 'flavor_id': None, 'tags': [], 'created_at': '2025-02-19T05:42:45Z', 'updated_at': '2025-02-19T05:42:46Z', 'revision_number': 2, 'project_id': 'a03d1e337f474942bbdd5d18eca81079'}
2025-02-19 05:42:48.079 63774 INFO tempest.lib.common.rest_client [req-692a0cae-f8a2-4835-8f76-c3c7901d4e4f req-692a0cae-f8a2-4835-8f76-c3c7901d4e4f ] Request (AttachVolumeTestJSON:test_attach_detach_volume): 200 GET http://10.180.1.21/compute/v2.1/servers/2dfbc0e5-c5e7-46e4-b8a4-c0e5471b43b5 1.932s
2025-02-19 05:42:48.113 63788 INFO tempest.lib.common.rest_client [req-1ea25d6b-a5a1-4b45-89f3-9f72c085d17b req-1ea25d6b-a5a1-4b45-89f3-9f72c085d17b ] Request (VolumesAdminNegativeTest:setUpClass): 201 POST http://10.180.1.21/identity/v3/auth/tokens 0.090s
2025-02-19 05:42:48.189 63788 INFO tempest.lib.common.rest_client [req-a8f8f862-f271-41f9-a670-ca792149b8e3 req-a8f8f862-f271-41f9-a670-ca792149b8e3 ] Request (VolumesAdminNegativeTest:setUpClass): 201 POST http://10.180.1.21/identity/v3/projects 0.074s
2025-02-19 05:42:48.191 63800 INFO tempest.lib.common.rest_client [req-fe02b784-4671-4254-8934-6128a0779f51 req-fe02b784-4671-4254-8934-6128a0779f51 ] Request (ServersNegativeTestMultiTenantJSON:setUpClass): 200 PUT http://10.180.1.21:9696/networking/v2.0/routers/e4058810-8653-4986-bdf2-19d70ed58d39/add_router_interface 2.275s
2025-02-19 05:42:48.191 63800 INFO tempest.lib.common.dynamic_creds [-] Created isolated network resources for: credentials: Credentials: {'domain_id': 'default', 'domain_name': 'Default', 'username': 'tempest-ServersNegativeTestMultiTenantJSON-518278691-project-member', 'project_domain_id': 'default', 'project_domain_name': 'Default', 'project_id': '1c5e79dbcd264c60830bffbb7c8b0900', 'project_name': 'tempest-ServersNegativeTestMultiTenantJSON-518278691', 'tenant_id': '1c5e79dbcd264c60830bffbb7c8b0900', 'tenant_name': 'tempest-ServersNegativeTestMultiTenantJSON-518278691', 'user_domain_id': 'default', 'user_domain_name': 'Default', 'user_id': '6fb15e39dcb1493f828bf5ed25b76dac', 'system': None}, Network: {'id': '909e0a40-5f14-4de8-84b8-c757eab118e3', 'name': 'tempest-ServersNegativeTestMultiTenantJSON-1490867001-network', 'tenant_id': '1c5e79dbcd264c60830bffbb7c8b0900', 'admin_state_up': True, 'mtu': 8950, 'status': 'ACTIVE', 'subnets': [], 'shared': False, 'project_id': '1c5e79dbcd264c60830bffbb7c8b0900', 'port_security_enabled': True, 'router:external': False, 'provider:network_type': 'vlan', 'provider:physical_network': 'default', 'provider:segmentation_id': 306, 'availability_zone_hints': [], 'availability_zones': [], 'ipv4_address_scope': None, 'ipv6_address_scope': None, 'description': '', 'tags': [], 'created_at': '2025-02-19T05:42:42Z', 'updated_at': '2025-02-19T05:42:42Z', 'revision_number': 1}, Subnet: {'id': '197af256-cf8f-4c55-8b74-852734b11a89', 'name': 'tempest-ServersNegativeTestMultiTenantJSON-1490867001-subnet', 'tenant_id': '1c5e79dbcd264c60830bffbb7c8b0900', 'network_id': '909e0a40-5f14-4de8-84b8-c757eab118e3', 'ip_version': 4, 'subnetpool_id': None, 'enable_dhcp': True, 'ipv6_ra_mode': None, 'ipv6_address_mode': None, 'gateway_ip': '192.168.128.1', 'cidr': '192.168.128.0/28', 'allocation_pools': [{'start': '192.168.128.2', 'end': '192.168.128.14'}], 'host_routes': [], 'dns_nameservers': [], 'description': '', 'router:external': False, 'service_types': [], 'tags': [], 'created_at': '2025-02-19T05:42:43Z', 'updated_at': '2025-02-19T05:42:43Z', 'revision_number': 0, 'project_id': '1c5e79dbcd264c60830bffbb7c8b0900'}, Router: {'id': 'e4058810-8653-4986-bdf2-19d70ed58d39', 'name': 'tempest-ServersNegativeTestMultiTenantJSON-1490867001-router', 'tenant_id': '1c5e79dbcd264c60830bffbb7c8b0900', 'admin_state_up': True, 'status': 'ACTIVE', 'external_gateway_info': {'network_id': '70d88e26-98dd-4a20-95b5-041f7ca83369', 'external_fixed_ips': [{'subnet_id': '46b6463c-a700-455f-9101-1e8ccc398296', 'ip_address': '10.180.180.253'}], 'enable_snat': True}, 'description': '', 'availability_zones': [], 'distributed': False, 'ha': False, 'availability_zone_hints': [], 'routes': [], 'flavor_id': None, 'tags': [], 'created_at': '2025-02-19T05:42:44Z', 'updated_at': '2025-02-19T05:42:45Z', 'revision_number': 2, 'project_id': '1c5e79dbcd264c60830bffbb7c8b0900'}
2025-02-19 05:42:48.249 63784 INFO tempest.lib.common.rest_client [req-f94b9233-eba6-4d39-b086-b8c10ef4465a req-f94b9233-eba6-4d39-b086-b8c10ef4465a ] Request (ServersWithSpecificFlavorTestJSON:test_verify_created_server_ephemeral_disk): 200 GET http://10.180.1.21/compute/v2.1/servers/6bad7893-30cb-40f2-9077-f05da996be69 2.016s
2025-02-19 05:42:48.258 63766 INFO tempest.lib.common.rest_client [req-2ef61230-96f3-4776-8ad4-5c419f7e3150 req-2ef61230-96f3-4776-8ad4-5c419f7e3150 ] Request (ImagesOneServerNegativeTestJSON:test_create_second_image_when_first_image_is_being_saved): 202 POST http://10.180.1.21/compute/v2.1/servers/d54673d4-3623-4847-a138-5574b045332f/action 2.301s
2025-02-19 05:42:48.258 63772 INFO tempest.lib.common.rest_client [req-33984e3d-2815-4611-a46d-871ac54d863e req-33984e3d-2815-4611-a46d-871ac54d863e ] Request (FloatingIPsNegativeTestJSON:tearDownClass): 200 PUT http://10.180.1.21:9696/networking/v2.0/routers/dcdd4023-13e9-4089-be0b-1ea5404479ec/remove_router_interface 1.941s
2025-02-19 05:42:48.289 63788 INFO tempest.lib.common.rest_client [req-e2650f53-94fb-4373-a427-98fb923ff64c req-e2650f53-94fb-4373-a427-98fb923ff64c ] Request (VolumesAdminNegativeTest:setUpClass): 201 POST http://10.180.1.21/identity/v3/users 0.099s
2025-02-19 05:42:48.308 63800 INFO tempest.lib.common.rest_client [req-0745286d-ee04-462b-9a87-8406cbc255bd req-0745286d-ee04-462b-9a87-8406cbc255bd ] Request (ServersNegativeTestMultiTenantJSON:setUpClass): 201 POST http://10.180.1.21/identity/v3/auth/tokens 0.114s
