2025-02-19 05:42:26.558 63796 INFO tempest.lib.common.rest_client [req-0281bab7-f497-4cfa-b167-948d0ebc3c3f req-0281bab7-f497-4cfa-b167-948d0ebc3c3f ] Request (ServersAdminNegativeTestJSON:setUpClass): 200 GET http://10.180.1.21/compute/v2.1/servers/da0ca831-d17a-4ed3-923e-1cca983410cd 1.813s
2025-02-19 05:42:26.591 63764 INFO tempest.lib.common.rest_client [req-c3ac3e05-8c1a-4e05-a98c-cff4cea899ba req-c3ac3e05-8c1a-4e05-a98c-cff4cea899ba ] Request (ImagesTestJSON:test_create_image_from_stopped_server): 201 POST http://10.180.1.21/identity/v3/auth/tokens 0.197s
2025-02-19 05:42:26.592 63764 INFO tempest.lib.common.fixed_network [-] (ImagesTestJSON:test_create_image_from_stopped_server) Found network {'id': '20e92daa-4a5f-44b7-b779-c2fd06fab4f1', 'name': 'tempest-ImagesTestJSON-402619670-network', 'tenant_id': '0bda01ef8cfc40d6b5915a3cd855b2ab', 'admin_state_up': True, 'mtu': 8950, 'status': 'ACTIVE', 'subnets': [], 'shared': False, 'project_id': '0bda01ef8cfc40d6b5915a3cd855b2ab', 'port_security_enabled': True, 'router:external': False, 'provider:network_type': 'vlan', 'provider:physical_network': 'default', 'provider:segmentation_id': 701, 'availability_zone_hints': [], 'availability_zones': [], 'ipv4_address_scope': None, 'ipv6_address_scope': None, 'description': '', 'tags': [], 'created_at': '2025-02-19T05:42:20Z', 'updated_at': '2025-02-19T05:42:20Z', 'revision_number': 1} available for tenant
2025-02-19 05:42:26.594 63788 INFO tempest.lib.common.rest_client [req-215c43e7-6b6e-495d-803b-1b818aff145d req-215c43e7-6b6e-495d-803b-1b818aff145d ] Request (FlavorsExtraSpecsTestJSON:tearDownClass): 204 DELETE http://10.180.1.21:9696/networking/v2.0/security-groups/1199871e-7a56-4b1c-a0f6-76d46d9c695e 0.350s
2025-02-19 05:42:26.597 63798 INFO tempest.lib.common.rest_client [req-58113281-0e4b-4f21-b19f-633a36525482 req-58113281-0e4b-4f21-b19f-633a36525482 ] Request (FlavorsV261TestJSON:setUpClass): 204 PUT http://10.180.1.21/identity/v3/projects/76a303b0e15c4ac8b5e3635250ce4e59/users/9aef5613d7ae43368aee8b6bb189817e/roles/a30df256b42c4423bfa5f5d80718c4ea 0.176s
2025-02-19 05:42:26.597 63798 INFO tempest.lib.common.dynamic_creds [-] Dynamic test user 9aef5613d7ae43368aee8b6bb189817e is created with scope project and roles: ['member']
2025-02-19 05:42:26.597 63798 INFO tempest.lib.common.dynamic_creds [-] Acquired dynamic creds: credentials: Credentials: {'domain_id': 'default', 'domain_name': 'Default', 'username': 'tempest-FlavorsV261TestJSON-760642905-project-member', 'project_domain_id': 'default', 'project_domain_name': 'Default', 'project_id': '76a303b0e15c4ac8b5e3635250ce4e59', 'project_name': 'tempest-FlavorsV261TestJSON-760642905', 'tenant_id': '76a303b0e15c4ac8b5e3635250ce4e59', 'tenant_name': 'tempest-FlavorsV261TestJSON-760642905', 'user_domain_id': 'default', 'user_domain_name': 'Default', 'user_id': '9aef5613d7ae43368aee8b6bb189817e', 'system': None}, Network: None, Subnet: None, Router: None
2025-02-19 05:42:26.597 63798 INFO tempest.lib.common.dynamic_creds [-] Created isolated network resources for: credentials: Credentials: {'domain_id': 'default', 'domain_name': 'Default', 'username': 'tempest-FlavorsV261TestJSON-760642905-project-member', 'project_domain_id': 'default', 'project_domain_name': 'Default', 'project_id': '76a303b0e15c4ac8b5e3635250ce4e59', 'project_name': 'tempest-FlavorsV261TestJSON-760642905', 'tenant_id': '76a303b0e15c4ac8b5e3635250ce4e59', 'tenant_name': 'tempest-FlavorsV261TestJSON-760642905', 'user_domain_id': 'default', 'user_domain_name': 'Default', 'user_id': '9aef5613d7ae43368aee8b6bb189817e', 'system': None}, Network: None, Subnet: None, Router: None
2025-02-19 05:42:26.641 63762 INFO tempest.lib.common.rest_client [req-2f6badbe-b69c-4341-b876-0823a34a0927 req-2f6badbe-b69c-4341-b876-0823a34a0927 ] Request (ServersTestManualDisk:setUpClass): 200 GET http://10.180.1.21/identity/v3/roles 0.164s
2025-02-19 05:42:26.654 63772 INFO tempest.lib.common.rest_client [req-ff96afc8-378b-4b50-b304-cfe5ca8f4f0c req-ff96afc8-378b-4b50-b304-cfe5ca8f4f0c ] Request (InstanceUsageAuditLogTestJSON:setUpClass): 201 POST http://10.180.1.21/identity/v3/projects 0.205s
2025-02-19 05:42:26.660 63758 INFO tempest.lib.common.rest_client [req-7d9d9412-a73f-4a84-a201-29cd076d903e req-7d9d9412-a73f-4a84-a201-29cd076d903e ] Request (HypervisorAdminNegativeUnderV252Test:setUpClass): 201 POST http://10.180.1.21/identity/v3/users 0.144s
2025-02-19 05:42:26.675 63820 INFO tempest.lib.common.rest_client [req-9faf7ec1-5253-4ece-8ebd-0eb79359b3e0 req-9faf7ec1-5253-4ece-8ebd-0eb79359b3e0 ] Request (QuotasAdminTestV236:tearDownClass): 204 DELETE http://10.180.1.21:9696/networking/v2.0/security-groups/0a78414d-21f9-43df-b062-b738ff7dd4f0 0.281s
2025-02-19 05:42:26.728 63786 INFO tempest.lib.common.rest_client [req-888d12fa-2600-45fc-a8b2-4f3fdcb1af50 req-888d12fa-2600-45fc-a8b2-4f3fdcb1af50 ] Request (DeleteServersTestJSON:test_delete_active_server): 200 GET http://10.180.1.21/compute/v2.1/servers/9c14ab52-2dac-4684-898d-c73e60c3c468 1.862s
2025-02-19 05:42:26.739 63786 INFO tempest.common.waiters [-] State transition "BUILD/None" ==> "BUILD/spawning" after 12 second wait
2025-02-19 05:42:26.765 63780 INFO tempest.lib.common.rest_client [req-b04cd6c1-722a-4215-8256-8a242e71b9f3 req-b04cd6c1-722a-4215-8256-8a242e71b9f3 ] Request (QuotaClassesAdmin257Test:test_update_default_quotas): 200 GET http://10.180.1.21/compute/v2.1/os-quota-class-sets/default 1.909s
2025-02-19 05:42:26.768 63788 INFO tempest.lib.common.rest_client [req-5c7a7da3-6ac5-4f56-bffa-7a0878a4c41e req-5c7a7da3-6ac5-4f56-bffa-7a0878a4c41e ] Request (FlavorsExtraSpecsTestJSON:tearDownClass): 204 DELETE http://10.180.1.21/identity/v3/projects/7477abe8cacc47e7a945fd22ddfba676 0.173s
2025-02-19 05:42:26.805 63804 INFO tempest.lib.common.rest_client [req-5c75e334-b0a5-482d-b882-763b01769df6 req-5c75e334-b0a5-482d-b882-763b01769df6 ] Request (AttachInterfacesTestJSON:test_create_list_show_delete_interfaces_by_fixed_ip): 200 GET http://10.180.1.21/compute/v2.1/servers/d735bb99-dc6e-44e8-8cc1-d9b0dee29647 1.847s
2025-02-19 05:42:26.816 63798 INFO tempest.lib.common.rest_client [req-55153c3a-2e05-4cba-bf75-bc8a79c1903d req-55153c3a-2e05-4cba-bf75-bc8a79c1903d ] Request (FlavorsV261TestJSON:setUpClass): 201 POST http://10.180.1.21/identity/v3/auth/tokens 0.214s
2025-02-19 05:42:26.869 63808 INFO tempest.lib.common.rest_client [req-19e0a53f-1200-4821-9f20-4d11f68a05e2 req-19e0a53f-1200-4821-9f20-4d11f68a05e2 ] Request (MigrationsAdminTest:test_list_migrations_in_flavor_resize_situation): 200 GET http://10.180.1.21/compute/v2.1/servers/d7718d7e-4911-4905-b135-54291157aded 1.500s
2025-02-19 05:42:26.887 63762 INFO tempest.lib.common.rest_client [req-a7b7c48b-50a2-4d5a-88e1-132d67c4a9e5 req-a7b7c48b-50a2-4d5a-88e1-132d67c4a9e5 ] Request (ServersTestManualDisk:setUpClass): 204 PUT http://10.180.1.21/identity/v3/projects/b203ca396698462bb10e8b4edf1867bf/users/220243477cbb4ed4b94708f31c85826d/roles/a30df256b42c4423bfa5f5d80718c4ea 0.246s
2025-02-19 05:42:26.888 63762 INFO tempest.lib.common.dynamic_creds [-] Dynamic test user 220243477cbb4ed4b94708f31c85826d is created with scope project and roles: ['member']
2025-02-19 05:42:26.888 63762 INFO tempest.lib.common.dynamic_creds [-] Acquired dynamic creds: credentials: Credentials: {'domain_id': 'default', 'domain_name': 'Default', 'username': 'tempest-ServersTestManualDisk-863687212-project-member', 'project_domain_id': 'default', 'project_domain_name': 'Default', 'project_id': 'b203ca396698462bb10e8b4edf1867bf', 'project_name': 'tempest-ServersTestManualDisk-863687212', 'tenant_id': 'b203ca396698462bb10e8b4edf1867bf', 'tenant_name': 'tempest-ServersTestManualDisk-863687212', 'user_domain_id': 'default', 'user_domain_name': 'Default', 'user_id': '220243477cbb4ed4b94708f31c85826d', 'system': None}, Network: None, Subnet: None, Router: None
2025-02-19 05:42:26.891 63772 INFO tempest.lib.common.rest_client [req-c7942992-818e-4e4f-8cb7-295d103f3199 req-c7942992-818e-4e4f-8cb7-295d103f3199 ] Request (InstanceUsageAuditLogTestJSON:setUpClass): 201 POST http://10.180.1.21/identity/v3/users 0.237s
2025-02-19 05:42:26.925 63784 INFO tempest.lib.common.rest_client [req-52407716-e3b3-4ccf-85df-2a59f9733deb req-52407716-e3b3-4ccf-85df-2a59f9733deb ] Request (ServersWithSpecificFlavorTestJSON:test_verify_created_server_ephemeral_disk): 200 GET http://10.180.1.21/compute/v2.1/servers/6bad7893-30cb-40f2-9077-f05da996be69 1.388s
2025-02-19 05:42:26.933 63792 INFO tempest.lib.common.rest_client [req-85353a96-276b-46d9-baa0-8ffef220fec3 req-85353a96-276b-46d9-baa0-8ffef220fec3 ] Request (ListServersNegativeTestJSON:setUpClass): 200 PUT http://10.180.1.21:9696/networking/v2.0/routers/4e21778a-520e-4352-9995-1a93e1998b05/add_router_interface 3.056s
2025-02-19 05:42:26.933 63792 INFO tempest.lib.common.dynamic_creds [-] Created isolated network resources for: credentials: Credentials: {'domain_id': 'default', 'domain_name': 'Default', 'username': 'tempest-ListServersNegativeTestJSON-1026615719-project-member', 'project_domain_id': 'default', 'project_domain_name': 'Default', 'project_id': '2ebb116129104c78843cec4deb921d41', 'project_name': 'tempest-ListServersNegativeTestJSON-1026615719', 'tenant_id': '2ebb116129104c78843cec4deb921d41', 'tenant_name': 'tempest-ListServersNegativeTestJSON-1026615719', 'user_domain_id': 'default', 'user_domain_name': 'Default', 'user_id': '4d006fcd2f7a40ed89e4d40c94938ae6', 'system': None}, Network: {'id': '35c65dac-ad47-4856-bb2d-b5d6dce6f044', 'name': 'tempest-ListServersNegativeTestJSON-1010906257-network', 'tenant_id': '2ebb116129104c78843cec4deb921d41', 'admin_state_up': True, 'mtu': 8950, 'status': 'ACTIVE', 'subnets': [], 'shared': False, 'project_id': '2ebb116129104c78843cec4deb921d41', 'port_security_enabled': True, 'router:external': False, 'provider:network_type': 'vlan', 'provider:physical_network': 'default', 'provider:segmentation_id': 462, 'availability_zone_hints': [], 'availability_zones': [], 'ipv4_address_scope': None, 'ipv6_address_scope': None, 'description': '', 'tags': [], 'created_at': '2025-02-19T05:42:21Z', 'updated_at': '2025-02-19T05:42:21Z', 'revision_number': 1}, Subnet: {'id': '3d805bed-0472-47b8-bba7-a4ed60335129', 'name': 'tempest-ListServersNegativeTestJSON-1010906257-subnet', 'tenant_id': '2ebb116129104c78843cec4deb921d41', 'network_id': '35c65dac-ad47-4856-bb2d-b5d6dce6f044', 'ip_version': 4, 'subnetpool_id': None, 'enable_dhcp': True, 'ipv6_ra_mode': None, 'ipv6_address_mode': None, 'gateway_ip': '192.168.128.1', 'cidr': '192.168.128.0/28', 'allocation_pools': [{'start': '192.168.128.2', 'end': '192.168.128.14'}], 'host_routes': [], 'dns_nameservers': [], 'description': '', 'router:external': False, 'service_types': [], 'tags': [], 'created_at': '2025-02-19T05:42:21Z', 'updated_at': '2025-02-19T05:42:21Z', 'revision_number': 0, 'project_id': '2ebb116129104c78843cec4deb921d41'}, Router: {'id': '4e21778a-520e-4352-9995-1a93e1998b05', 'name': 'tempest-ListServersNegativeTestJSON-1010906257-router', 'tenant_id': '2ebb116129104c78843cec4deb921d41', 'admin_state_up': True, 'status': 'ACTIVE', 'external_gateway_info': {'network_id': '70d88e26-98dd-4a20-95b5-041f7ca83369', 'external_fixed_ips': [{'subnet_id': '46b6463c-a700-455f-9101-1e8ccc398296', 'ip_address': '10.180.180.202'}], 'enable_snat': True}, 'description': '', 'availability_zones': [], 'distributed': False, 'ha': False, 'availability_zone_hints': [], 'routes': [], 'flavor_id': None, 'tags': [], 'created_at': '2025-02-19T05:42:21Z', 'updated_at': '2025-02-19T05:42:23Z', 'revision_number': 2, 'project_id': '2ebb116129104c78843cec4deb921d41'}
2025-02-19 05:42:26.956 63758 INFO tempest.lib.common.rest_client [req-88d3164f-6a10-4e0b-8d68-923174db6c98 req-88d3164f-6a10-4e0b-8d68-923174db6c98 ] Request (HypervisorAdminNegativeUnderV252Test:setUpClass): 200 GET http://10.180.1.21/identity/v3/roles 0.295s
2025-02-19 05:42:26.989 63820 INFO tempest.lib.common.rest_client [req-ae7bb3f7-a7b9-4265-b879-078739eb5f7a req-ae7bb3f7-a7b9-4265-b879-078739eb5f7a ] Request (QuotasAdminTestV236:tearDownClass): 204 DELETE http://10.180.1.21/identity/v3/projects/07bc9f7d21bc48e2859fa5e46657e836 0.314s
2025-02-19 05:42:26.990 63820 INFO tempest.lib.common.dynamic_creds [-] Deleting project and security group for project: 63d48cae764c4247a2c2becc72574e15
2025-02-19 05:42:27.046 63788 INFO tempest.lib.common.rest_client [req-30fd40dc-fa0b-4b96-a74b-b0bbee3ed23a req-30fd40dc-fa0b-4b96-a74b-b0bbee3ed23a ] Request (FlavorsV255TestJSON:setUpClass): 201 POST http://10.180.1.21/identity/v3/auth/tokens 0.277s
2025-02-19 05:42:27.094 63798 INFO tempest.lib.common.rest_client [req-b8344f9c-697a-4f79-b2df-b92ce472ba77 req-b8344f9c-697a-4f79-b2df-b92ce472ba77 ] Request (FlavorsV261TestJSON:setUpClass): 201 POST http://10.180.1.21/identity/v3/projects 0.277s
2025-02-19 05:42:27.121 63820 INFO tempest.lib.common.rest_client [req-c28e345b-cf64-4095-9b92-c097e1627245 req-c28e345b-cf64-4095-9b92-c097e1627245 ] Request (QuotasAdminTestV236:tearDownClass): 200 GET http://10.180.1.21:9696/networking/v2.0/security-groups?tenant_id=63d48cae764c4247a2c2becc72574e15&name=default 0.130s
2025-02-19 05:42:27.161 63762 INFO tempest.lib.common.rest_client [req-8fd8dcf7-f6c5-4166-8d8e-72d5f50aa082 req-8fd8dcf7-f6c5-4166-8d8e-72d5f50aa082 ] Request (ServersTestManualDisk:setUpClass): 201 POST http://10.180.1.21/identity/v3/auth/tokens 0.272s
2025-02-19 05:42:27.188 63772 INFO tempest.lib.common.rest_client [req-75b429ef-043d-485b-b822-0c062923c8cd req-75b429ef-043d-485b-b822-0c062923c8cd ] Request (InstanceUsageAuditLogTestJSON:setUpClass): 200 GET http://10.180.1.21/identity/v3/roles 0.295s
2025-02-19 05:42:27.256 63792 INFO tempest.lib.common.rest_client [req-c71cdc41-21dd-4eec-9c40-3cd622de10cc req-c71cdc41-21dd-4eec-9c40-3cd622de10cc ] Request (ListServersNegativeTestJSON:setUpClass): 201 POST http://10.180.1.21/identity/v3/auth/tokens 0.318s
2025-02-19 05:42:27.264 63820 INFO tempest.lib.common.rest_client [req-35a7d9f7-2a67-4a8f-a2ae-358d261e56c7 req-35a7d9f7-2a67-4a8f-a2ae-358d261e56c7 ] Request (QuotasAdminTestV236:tearDownClass): 204 DELETE http://10.180.1.21:9696/networking/v2.0/security-groups/e24c1a28-1d29-4819-96fa-7977132ce108 0.143s
2025-02-19 05:42:27.285 63810 INFO tempest.lib.common.rest_client [req-2d523fff-8aeb-41ad-9f91-350c663c3ae8 req-2d523fff-8aeb-41ad-9f91-350c663c3ae8 ] Request (ValidationResourcesFixture:setUp): 200 POST http://10.180.1.21/compute/v2.1/os-keypairs 1.719s
2025-02-19 05:42:27.286 63788 INFO tempest.lib.common.rest_client [req-90181368-f62e-4d0e-85eb-4fd0f4102e4f req-90181368-f62e-4d0e-85eb-4fd0f4102e4f ] Request (FlavorsV255TestJSON:setUpClass): 201 POST http://10.180.1.21/identity/v3/auth/tokens 0.238s
2025-02-19 05:42:27.299 63758 INFO tempest.lib.common.rest_client [req-b2c4a93c-f796-4daf-902a-11b1be072fc6 req-b2c4a93c-f796-4daf-902a-11b1be072fc6 ] Request (HypervisorAdminNegativeUnderV252Test:setUpClass): 204 PUT http://10.180.1.21/identity/v3/projects/8a9e3e0a4499482081e692a7be99baa2/users/5c8bc3a953504b2faa9185c4f62c552f/roles/a30df256b42c4423bfa5f5d80718c4ea 0.343s
2025-02-19 05:42:27.299 63758 INFO tempest.lib.common.dynamic_creds [-] Dynamic test user 5c8bc3a953504b2faa9185c4f62c552f is created with scope project and roles: ['member']
2025-02-19 05:42:27.299 63758 INFO tempest.lib.common.dynamic_creds [-] Acquired dynamic creds: credentials: Credentials: {'domain_id': 'default', 'domain_name': 'Default', 'username': 'tempest-HypervisorAdminNegativeUnderV252Test-993157690-project-member', 'project_domain_id': 'default', 'project_domain_name': 'Default', 'project_id': '8a9e3e0a4499482081e692a7be99baa2', 'project_name': 'tempest-HypervisorAdminNegativeUnderV252Test-993157690', 'tenant_id': '8a9e3e0a4499482081e692a7be99baa2', 'tenant_name': 'tempest-HypervisorAdminNegativeUnderV252Test-993157690', 'user_domain_id': 'default', 'user_domain_name': 'Default', 'user_id': '5c8bc3a953504b2faa9185c4f62c552f', 'system': None}, Network: None, Subnet: None, Router: None
2025-02-19 05:42:27.300 63758 INFO tempest.lib.common.dynamic_creds [-] Created isolated network resources for: credentials: Credentials: {'domain_id': 'default', 'domain_name': 'Default', 'username': 'tempest-HypervisorAdminNegativeUnderV252Test-993157690-project-member', 'project_domain_id': 'default', 'project_domain_name': 'Default', 'project_id': '8a9e3e0a4499482081e692a7be99baa2', 'project_name': 'tempest-HypervisorAdminNegativeUnderV252Test-993157690', 'tenant_id': '8a9e3e0a4499482081e692a7be99baa2', 'tenant_name': 'tempest-HypervisorAdminNegativeUnderV252Test-993157690', 'user_domain_id': 'default', 'user_domain_name': 'Default', 'user_id': '5c8bc3a953504b2faa9185c4f62c552f', 'system': None}, Network: None, Subnet: None, Router: None
2025-02-19 05:42:27.349 63798 INFO tempest.lib.common.rest_client [req-cb423b2a-280d-440b-8ed0-70fef511aaa6 req-cb423b2a-280d-440b-8ed0-70fef511aaa6 ] Request (FlavorsV261TestJSON:setUpClass): 201 POST http://10.180.1.21/identity/v3/users 0.254s
2025-02-19 05:42:27.361 63806 INFO tempest.lib.common.rest_client [req-c5479a72-7c23-4e26-9818-1356fc99d821 req-c5479a72-7c23-4e26-9818-1356fc99d821 ] Request (ServerExternalEventsTest:test_create_server_external_events): 202 POST http://10.180.1.21/compute/v2.1/servers 2.146s
2025-02-19 05:42:27.426 63772 INFO tempest.lib.common.rest_client [req-ec3c98d1-6b74-4ba9-93b5-e6e262848e22 req-ec3c98d1-6b74-4ba9-93b5-e6e262848e22 ] Request (InstanceUsageAuditLogTestJSON:setUpClass): 204 PUT http://10.180.1.21/identity/v3/projects/2351358bd25e4496add351aa02ff0e51/users/4a6bd691845f4b4395fc5df49e8780c3/roles/a30df256b42c4423bfa5f5d80718c4ea 0.238s
2025-02-19 05:42:27.427 63772 INFO tempest.lib.common.dynamic_creds [-] Dynamic test user 4a6bd691845f4b4395fc5df49e8780c3 is created with scope project and roles: ['member']
2025-02-19 05:42:27.427 63772 INFO tempest.lib.common.dynamic_creds [-] Acquired dynamic creds: credentials: Credentials: {'domain_id': 'default', 'domain_name': 'Default', 'username': 'tempest-InstanceUsageAuditLogTestJSON-40222221-project-member', 'project_domain_id': 'default', 'project_domain_name': 'Default', 'project_id': '2351358bd25e4496add351aa02ff0e51', 'project_name': 'tempest-InstanceUsageAuditLogTestJSON-40222221', 'tenant_id': '2351358bd25e4496add351aa02ff0e51', 'tenant_name': 'tempest-InstanceUsageAuditLogTestJSON-40222221', 'user_domain_id': 'default', 'user_domain_name': 'Default', 'user_id': '4a6bd691845f4b4395fc5df49e8780c3', 'system': None}, Network: None, Subnet: None, Router: None
2025-02-19 05:42:27.427 63772 INFO tempest.lib.common.dynamic_creds [-] Created isolated network resources for: credentials: Credentials: {'domain_id': 'default', 'domain_name': 'Default', 'username': 'tempest-InstanceUsageAuditLogTestJSON-40222221-project-member', 'project_domain_id': 'default', 'project_domain_name': 'Default', 'project_id': '2351358bd25e4496add351aa02ff0e51', 'project_name': 'tempest-InstanceUsageAuditLogTestJSON-40222221', 'tenant_id': '2351358bd25e4496add351aa02ff0e51', 'tenant_name': 'tempest-InstanceUsageAuditLogTestJSON-40222221', 'user_domain_id': 'default', 'user_domain_name': 'Default', 'user_id': '4a6bd691845f4b4395fc5df49e8780c3', 'system': None}, Network: None, Subnet: None, Router: None
2025-02-19 05:42:27.446 63790 INFO tempest.lib.common.rest_client [req-e191a3e3-da46-407f-83f5-1b0d21b20fc7 req-e191a3e3-da46-407f-83f5-1b0d21b20fc7 ] Request (ServersAdmin275Test:test_rebuild_update_server_275): 200 GET http://10.180.1.21/compute/v2.1/servers/1139d9b4-bd63-4678-9771-21ceeba0466a 1.806s
2025-02-19 05:42:27.473 63776 INFO tempest.lib.common.rest_client [req-3c5f0370-5167-4b45-b1c0-e79b9b80b9cd req-3c5f0370-5167-4b45-b1c0-e79b9b80b9cd ] Request (ServicesAdminNegativeV253TestJSON:test_get_service_by_invalid_params): 200 GET http://10.180.1.21/compute/v2.1/os-services?xxx=nova-compute 1.645s
2025-02-19 05:42:27.491 63812 INFO tempest.lib.common.rest_client [req-5a68f486-7862-4b3f-afa3-e970c0036f01 req-5a68f486-7862-4b3f-afa3-e970c0036f01 ] Request (VolumesAssistedSnapshotsTest:test_volume_assisted_snapshot_create_delete): 200 GET http://10.180.1.21/compute/v2.1/servers/545f7a96-8308-476c-be13-c815aeb0bad9 1.688s
2025-02-19 05:42:27.495 63770 INFO tempest.lib.common.rest_client [req-0be60514-2219-4329-b887-47bb1cc3c0b5 req-0be60514-2219-4329-b887-47bb1cc3c0b5 ] Request (AggregatesAdminNegativeTestJSON:_run_cleanups): 200 DELETE http://10.180.1.21/compute/v2.1/os-aggregates/4 1.643s
2025-02-19 05:42:27.523 63816 INFO tempest.lib.common.rest_client [req-5720989c-edc7-4542-821b-da3e8b8823ea req-5720989c-edc7-4542-821b-da3e8b8823ea ] Request (FlavorsAdminTestJSON:test_create_list_flavor_without_extra_data): 200 POST http://10.180.1.21/compute/v2.1/flavors 1.645s
2025-02-19 05:42:27.543 63792 INFO tempest.lib.common.rest_client [req-48af3f69-2ead-4238-b8c8-cbaa28eacdde req-48af3f69-2ead-4238-b8c8-cbaa28eacdde ] Request (ListServersNegativeTestJSON:setUpClass): 201 POST http://10.180.1.21/identity/v3/auth/tokens 0.282s
2025-02-19 05:42:27.545 63792 INFO tempest.lib.common.fixed_network [-] (ListServersNegativeTestJSON:setUpClass) Found network {'id': '35c65dac-ad47-4856-bb2d-b5d6dce6f044', 'name': 'tempest-ListServersNegativeTestJSON-1010906257-network', 'tenant_id': '2ebb116129104c78843cec4deb921d41', 'admin_state_up': True, 'mtu': 8950, 'status': 'ACTIVE', 'subnets': [], 'shared': False, 'project_id': '2ebb116129104c78843cec4deb921d41', 'port_security_enabled': True, 'router:external': False, 'provider:network_type': 'vlan', 'provider:physical_network': 'default', 'provider:segmentation_id': 462, 'availability_zone_hints': [], 'availability_zones': [], 'ipv4_address_scope': None, 'ipv6_address_scope': None, 'description': '', 'tags': [], 'created_at': '2025-02-19T05:42:21Z', 'updated_at': '2025-02-19T05:42:21Z', 'revision_number': 1} available for tenant
2025-02-19 05:42:27.547 63814 INFO tempest.lib.common.rest_client [req-4352f072-3a4f-4208-8458-b829fa5043cc req-4352f072-3a4f-4208-8458-b829fa5043cc ] Request (FlavorsAccessNegativeTestJSON:_run_cleanups): 202 DELETE http://10.180.1.21/compute/v2.1/flavors/1882395157 1.653s
2025-02-19 05:42:27.550 63818 INFO tempest.lib.common.rest_client [req-b54775cc-e294-430b-ade3-f7e0654e8293 req-b54775cc-e294-430b-ade3-f7e0654e8293 ] Request (FlavorsV2TestJSON:test_list_flavors_with_detail): 200 GET http://10.180.1.21/compute/v2.1/flavors/42 1.646s
2025-02-19 05:42:27.576 63800 INFO tempest.lib.common.rest_client [req-af943ebc-b01d-47ec-ab96-f8ece90414c4 req-af943ebc-b01d-47ec-ab96-f8ece90414c4 ] Request (ServicesAdminTestJSON:test_get_service_by_host_name): 200 GET http://10.180.1.21/compute/v2.1/os-services?host=devstack 1.301s
2025-02-19 05:42:27.639 63788 INFO tempest.lib.common.rest_client [req-76616c28-b4b4-40b9-a2be-dea100594929 req-76616c28-b4b4-40b9-a2be-dea100594929 ] Request (FlavorsV255TestJSON:setUpClass): 200 GET http://10.180.1.21/identity/v3/domains?name=Default 0.352s
2025-02-19 05:42:27.672 63810 INFO tempest.lib.common.rest_client [req-5047cbaf-0cb8-4afe-9a1a-13097939398a req-5047cbaf-0cb8-4afe-9a1a-13097939398a ] Request (ValidationResourcesFixture:setUp): 201 POST http://10.180.1.21:9696/networking/v2.0/security-groups 0.386s
2025-02-19 05:42:27.735 63820 INFO tempest.lib.common.rest_client [req-8622aef4-b210-43a5-b330-4e54dadb5671 req-8622aef4-b210-43a5-b330-4e54dadb5671 ] Request (QuotasAdminTestV236:tearDownClass): 204 DELETE http://10.180.1.21/identity/v3/projects/63d48cae764c4247a2c2becc72574e15 0.470s
2025-02-19 05:42:27.780 63758 INFO tempest.lib.common.rest_client [req-590f25b3-1ede-4f4a-94be-80863120a64f req-590f25b3-1ede-4f4a-94be-80863120a64f ] Request (HypervisorAdminNegativeUnderV252Test:setUpClass): 201 POST http://10.180.1.21/identity/v3/auth/tokens 0.472s
2025-02-19 05:42:27.796 63798 INFO tempest.lib.common.rest_client [req-f5bf482d-d23d-4c04-b5ee-cfaa27851f39 req-f5bf482d-d23d-4c04-b5ee-cfaa27851f39 ] Request (FlavorsV261TestJSON:setUpClass): 200 GET http://10.180.1.21/identity/v3/roles 0.447s
2025-02-19 05:42:27.945 63772 INFO tempest.lib.common.rest_client [req-174bca06-e3a9-4b4d-8b91-e51c9ed96b79 req-174bca06-e3a9-4b4d-8b91-e51c9ed96b79 ] Request (InstanceUsageAuditLogTestJSON:setUpClass): 201 POST http://10.180.1.21/identity/v3/auth/tokens 0.513s
2025-02-19 05:42:27.957 63774 INFO tempest.lib.common.rest_client [req-1ca1f57d-96a1-402a-a889-fb4f401acafa req-1ca1f57d-96a1-402a-a889-fb4f401acafa ] Request (FlavorsV2NegativeTest:test_boot_with_low_ram): 201 POST http://10.180.1.21/image/v2/images 1.399s
2025-02-19 05:42:28.035 63762 INFO tempest.lib.common.rest_client [req-147b6e46-184f-4bdb-a2b3-8119dd82ada6 req-147b6e46-184f-4bdb-a2b3-8119dd82ada6 ] Request (ServersTestManualDisk:setUpClass): 201 POST http://10.180.1.21:9696/networking/v2.0/networks 0.873s
2025-02-19 05:42:28.084 63810 INFO tempest.lib.common.rest_client [req-92d8a6b8-3825-40aa-bea7-0c4c75f33300 req-92d8a6b8-3825-40aa-bea7-0c4c75f33300 ] Request (ValidationResourcesFixture:setUp): 201 POST http://10.180.1.21:9696/networking/v2.0/security-group-rules 0.411s
2025-02-19 05:42:28.136 63818 INFO tempest.lib.common.rest_client [req-1863f236-885e-4294-99fb-e006fb8e0586 req-1863f236-885e-4294-99fb-e006fb8e0586 ] Request (FlavorsV2TestJSON:tearDownClass): 204 DELETE http://10.180.1.21/identity/v3/users/fab4bd6409ef407aa34fa85848f4b8e1 0.581s
2025-02-19 05:42:28.137 63818 INFO tempest.lib.common.dynamic_creds [-] Deleting project and security group for project: 580da68722bf4b5fa54323d041962a02
2025-02-19 05:42:28.276 63788 INFO tempest.lib.common.rest_client [req-8951f4af-0451-4e40-96a2-2951eb31e9ef req-8951f4af-0451-4e40-96a2-2951eb31e9ef ] Request (FlavorsV255TestJSON:setUpClass): 201 POST http://10.180.1.21/identity/v3/projects 0.636s
2025-02-19 05:42:28.315 63820 INFO tempest.lib.common.rest_client [req-611e4baf-cd6d-4112-9ec8-78e19538a336 req-611e4baf-cd6d-4112-9ec8-78e19538a336 ] Request (ServerDiagnosticsV248Test:setUpClass): 201 POST http://10.180.1.21/identity/v3/auth/tokens 0.578s
2025-02-19 05:42:28.341 63758 INFO tempest.lib.common.rest_client [req-ea751c9b-946b-4948-83ac-6b3e317b30f6 req-ea751c9b-946b-4948-83ac-6b3e317b30f6 ] Request (HypervisorAdminNegativeUnderV252Test:setUpClass): 201 POST http://10.180.1.21/identity/v3/projects 0.559s
2025-02-19 05:42:28.352 63798 INFO tempest.lib.common.rest_client [req-cddb1baa-13fa-411b-bbd4-c8bec59d5ea2 req-cddb1baa-13fa-411b-bbd4-c8bec59d5ea2 ] Request (FlavorsV261TestJSON:setUpClass): 204 PUT http://10.180.1.21/identity/v3/projects/602aa31d5f914003857c71d2c131b466/users/81f3cdcae95e497ea0159221c8d3de3a/roles/7b5ba4adac944b22af99def5481752b7 0.555s
2025-02-19 05:42:28.366 63810 INFO tempest.lib.common.rest_client [req-81e9a1f8-1063-45da-98b1-6c55ad63a6d1 req-81e9a1f8-1063-45da-98b1-6c55ad63a6d1 ] Request (ValidationResourcesFixture:setUp): 201 POST http://10.180.1.21:9696/networking/v2.0/security-group-rules 0.278s
2025-02-19 05:42:28.428 63772 INFO tempest.lib.common.rest_client [req-abe8b3fa-976c-4904-8148-1d1e709acae0 req-abe8b3fa-976c-4904-8148-1d1e709acae0 ] Request (InstanceUsageAuditLogTestJSON:setUpClass): 201 POST http://10.180.1.21/identity/v3/projects 0.482s
2025-02-19 05:42:28.484 63818 INFO tempest.lib.common.rest_client [req-22419493-1beb-493c-b050-c9f3f69e0414 req-22419493-1beb-493c-b050-c9f3f69e0414 ] Request (FlavorsV2TestJSON:tearDownClass): 201 POST http://10.180.1.21/identity/v3/auth/tokens 0.347s
2025-02-19 05:42:28.491 63762 INFO tempest.lib.common.rest_client [req-d108088a-c2a3-4d4e-a78d-e694e9902c72 req-d108088a-c2a3-4d4e-a78d-e694e9902c72 ] Request (ServersTestManualDisk:setUpClass): 201 POST http://10.180.1.21:9696/networking/v2.0/subnets 0.456s
2025-02-19 05:42:28.518 63788 INFO tempest.lib.common.rest_client [req-fc1a7af8-75ce-4321-8d27-5a4120564959 req-fc1a7af8-75ce-4321-8d27-5a4120564959 ] Request (FlavorsV255TestJSON:setUpClass): 201 POST http://10.180.1.21/identity/v3/users 0.241s
2025-02-19 05:42:28.546 63820 INFO tempest.lib.common.rest_client [req-2f41869e-d14a-4b74-99cf-fd12aaf562e0 req-2f41869e-d14a-4b74-99cf-fd12aaf562e0 ] Request (ServerDiagnosticsV248Test:setUpClass): 201 POST http://10.180.1.21/identity/v3/auth/tokens 0.229s
2025-02-19 05:42:28.568 63758 INFO tempest.lib.common.rest_client [req-85127bcb-96b6-400e-855c-d2e0c6e3f684 req-85127bcb-96b6-400e-855c-d2e0c6e3f684 ] Request (HypervisorAdminNegativeUnderV252Test:setUpClass): 201 POST http://10.180.1.21/identity/v3/users 0.226s
2025-02-19 05:42:28.583 63798 INFO tempest.lib.common.rest_client [req-2c7a55a1-535c-41e3-8db1-c61447974dc3 req-2c7a55a1-535c-41e3-8db1-c61447974dc3 ] Request (FlavorsV261TestJSON:setUpClass): 200 GET http://10.180.1.21/identity/v3/roles 0.231s
2025-02-19 05:42:28.617 63772 INFO tempest.lib.common.rest_client [req-5f43a29e-b469-4faf-a1da-e355110005c8 req-5f43a29e-b469-4faf-a1da-e355110005c8 ] Request (InstanceUsageAuditLogTestJSON:setUpClass): 201 POST http://10.180.1.21/identity/v3/users 0.189s
2025-02-19 05:42:28.719 63788 INFO tempest.lib.common.rest_client [req-b4949e31-85dd-490d-a0d4-b68d66200a6b req-b4949e31-85dd-490d-a0d4-b68d66200a6b ] Request (FlavorsV255TestJSON:setUpClass): 200 GET http://10.180.1.21/identity/v3/roles 0.200s
2025-02-19 05:42:28.730 63820 INFO tempest.lib.common.rest_client [req-1ac69dde-2025-4a1b-9d9f-917cc8c528e2 req-1ac69dde-2025-4a1b-9d9f-917cc8c528e2 ] Request (ServerDiagnosticsV248Test:setUpClass): 200 GET http://10.180.1.21/identity/v3/domains?name=Default 0.183s
2025-02-19 05:42:28.740 63758 INFO tempest.lib.common.rest_client [req-c120861b-6ae6-40e0-86b8-7b7429f6ff44 req-c120861b-6ae6-40e0-86b8-7b7429f6ff44 ] Request (HypervisorAdminNegativeUnderV252Test:setUpClass): 200 GET http://10.180.1.21/identity/v3/roles 0.172s
2025-02-19 05:42:28.750 63798 INFO tempest.lib.common.rest_client [req-c38cf58c-e22f-4a41-959c-80d534f42a0d req-c38cf58c-e22f-4a41-959c-80d534f42a0d ] Request (FlavorsV261TestJSON:setUpClass): 204 PUT http://10.180.1.21/identity/v3/projects/602aa31d5f914003857c71d2c131b466/users/81f3cdcae95e497ea0159221c8d3de3a/roles/7b5ba4adac944b22af99def5481752b7 0.166s
2025-02-19 05:42:28.750 63798 INFO tempest.lib.common.dynamic_creds [-] Dynamic test user 81f3cdcae95e497ea0159221c8d3de3a is created with scope project and roles: ['admin']
2025-02-19 05:42:28.750 63798 INFO tempest.lib.common.dynamic_creds [-] Acquired dynamic creds: credentials: Credentials: {'domain_id': 'default', 'domain_name': 'Default', 'username': 'tempest-FlavorsV261TestJSON-935673753-project-admin', 'project_domain_id': 'default', 'project_domain_name': 'Default', 'project_id': '602aa31d5f914003857c71d2c131b466', 'project_name': 'tempest-FlavorsV261TestJSON-935673753', 'tenant_id': '602aa31d5f914003857c71d2c131b466', 'tenant_name': 'tempest-FlavorsV261TestJSON-935673753', 'user_domain_id': 'default', 'user_domain_name': 'Default', 'user_id': '81f3cdcae95e497ea0159221c8d3de3a', 'system': None}, Network: None, Subnet: None, Router: None
2025-02-19 05:42:28.750 63798 INFO tempest.lib.common.dynamic_creds [-] Created isolated network resources for: credentials: Credentials: {'domain_id': 'default', 'domain_name': 'Default', 'username': 'tempest-FlavorsV261TestJSON-935673753-project-admin', 'project_domain_id': 'default', 'project_domain_name': 'Default', 'project_id': '602aa31d5f914003857c71d2c131b466', 'project_name': 'tempest-FlavorsV261TestJSON-935673753', 'tenant_id': '602aa31d5f914003857c71d2c131b466', 'tenant_name': 'tempest-FlavorsV261TestJSON-935673753', 'user_domain_id': 'default', 'user_domain_name': 'Default', 'user_id': '81f3cdcae95e497ea0159221c8d3de3a', 'system': None}, Network: None, Subnet: None, Router: None
2025-02-19 05:42:28.758 63772 INFO tempest.lib.common.rest_client [req-df3f726f-2f18-4a33-9b13-cecd8e3f3568 req-df3f726f-2f18-4a33-9b13-cecd8e3f3568 ] Request (InstanceUsageAuditLogTestJSON:setUpClass): 200 GET http://10.180.1.21/identity/v3/roles 0.141s
2025-02-19 05:42:28.820 63788 INFO tempest.lib.common.rest_client [req-583c7c80-f4c9-4790-9b98-1cfc7ae3e6b6 req-583c7c80-f4c9-4790-9b98-1cfc7ae3e6b6 ] Request (FlavorsV255TestJSON:setUpClass): 204 PUT http://10.180.1.21/identity/v3/projects/fbd3bcc83cb943c7831965bd1ac0e282/users/6b525efb2d774a6ebd1b1c2808c48472/roles/a30df256b42c4423bfa5f5d80718c4ea 0.100s
2025-02-19 05:42:28.820 63788 INFO tempest.lib.common.dynamic_creds [-] Dynamic test user 6b525efb2d774a6ebd1b1c2808c48472 is created with scope project and roles: ['member']
2025-02-19 05:42:28.821 63788 INFO tempest.lib.common.dynamic_creds [-] Acquired dynamic creds: credentials: Credentials: {'domain_id': 'default', 'domain_name': 'Default', 'username': 'tempest-FlavorsV255TestJSON-981507212-project-member', 'project_domain_id': 'default', 'project_domain_name': 'Default', 'project_id': 'fbd3bcc83cb943c7831965bd1ac0e282', 'project_name': 'tempest-FlavorsV255TestJSON-981507212', 'tenant_id': 'fbd3bcc83cb943c7831965bd1ac0e282', 'tenant_name': 'tempest-FlavorsV255TestJSON-981507212', 'user_domain_id': 'default', 'user_domain_name': 'Default', 'user_id': '6b525efb2d774a6ebd1b1c2808c48472', 'system': None}, Network: None, Subnet: None, Router: None
2025-02-19 05:42:28.821 63788 INFO tempest.lib.common.dynamic_creds [-] Created isolated network resources for: credentials: Credentials: {'domain_id': 'default', 'domain_name': 'Default', 'username': 'tempest-FlavorsV255TestJSON-981507212-project-member', 'project_domain_id': 'default', 'project_domain_name': 'Default', 'project_id': 'fbd3bcc83cb943c7831965bd1ac0e282', 'project_name': 'tempest-FlavorsV255TestJSON-981507212', 'tenant_id': 'fbd3bcc83cb943c7831965bd1ac0e282', 'tenant_name': 'tempest-FlavorsV255TestJSON-981507212', 'user_domain_id': 'default', 'user_domain_name': 'Default', 'user_id': '6b525efb2d774a6ebd1b1c2808c48472', 'system': None}, Network: None, Subnet: None, Router: None
2025-02-19 05:42:28.844 63820 INFO tempest.lib.common.rest_client [req-c309326e-2619-41d9-8f8a-b772ad260338 req-c309326e-2619-41d9-8f8a-b772ad260338 ] Request (ServerDiagnosticsV248Test:setUpClass): 201 POST http://10.180.1.21/identity/v3/projects 0.113s
2025-02-19 05:42:28.849 63818 INFO tempest.lib.common.rest_client [req-1ebfabc7-18c4-4123-84c4-be457e418893 req-1ebfabc7-18c4-4123-84c4-be457e418893 ] Request (FlavorsV2TestJSON:tearDownClass): 200 GET http://10.180.1.21:9696/networking/v2.0/security-groups?tenant_id=580da68722bf4b5fa54323d041962a02&name=default 0.365s
2025-02-19 05:42:28.919 63758 INFO tempest.lib.common.rest_client [req-ec3ccd10-c4f5-475d-bfac-e7373a7328c6 req-ec3ccd10-c4f5-475d-bfac-e7373a7328c6 ] Request (HypervisorAdminNegativeUnderV252Test:setUpClass): 204 PUT http://10.180.1.21/identity/v3/projects/b5b1686b21814afd8cadc487832317c8/users/4a27a0a7a48344eaa1c37efffd8ba40a/roles/7b5ba4adac944b22af99def5481752b7 0.178s
2025-02-19 05:42:28.966 63810 INFO tempest.lib.common.rest_client [req-1e7ea304-2157-469d-9258-3328f4d1ec9c req-1e7ea304-2157-469d-9258-3328f4d1ec9c ] Request (ValidationResourcesFixture:setUp): 201 POST http://10.180.1.21:9696/networking/v2.0/floatingips 0.599s
2025-02-19 05:42:28.988 63772 INFO tempest.lib.common.rest_client [req-939b7aac-5433-4763-ae76-4f826287adb3 req-939b7aac-5433-4763-ae76-4f826287adb3 ] Request (InstanceUsageAuditLogTestJSON:setUpClass): 204 PUT http://10.180.1.21/identity/v3/projects/1fa09b950f394c49883584bb692b5b9f/users/56412b93d0964ceb8121f9f076f05738/roles/7b5ba4adac944b22af99def5481752b7 0.229s
2025-02-19 05:42:28.990 63818 INFO tempest.lib.common.rest_client [req-21b9ea83-fe65-45cd-9be4-481de4acb7e5 req-21b9ea83-fe65-45cd-9be4-481de4acb7e5 ] Request (FlavorsV2TestJSON:tearDownClass): 204 DELETE http://10.180.1.21:9696/networking/v2.0/security-groups/b9e5b3d1-120e-4d6f-a5bc-491bb7be3103 0.140s
2025-02-19 05:42:28.996 63798 INFO tempest.lib.common.rest_client [req-a596a192-7117-41c8-8774-0a20f2780134 req-a596a192-7117-41c8-8774-0a20f2780134 ] Request (FlavorsV261TestJSON:setUpClass): 201 POST http://10.180.1.21/identity/v3/auth/tokens 0.243s
2025-02-19 05:42:29.054 63788 INFO tempest.lib.common.rest_client [req-e25507cb-fe63-4ba5-90be-be8122e6d196 req-e25507cb-fe63-4ba5-90be-be8122e6d196 ] Request (FlavorsV255TestJSON:setUpClass): 201 POST http://10.180.1.21/identity/v3/auth/tokens 0.229s
2025-02-19 05:42:29.104 63820 INFO tempest.lib.common.rest_client [req-34fe1ba7-cf31-45db-a039-5168a0df468d req-34fe1ba7-cf31-45db-a039-5168a0df468d ] Request (ServerDiagnosticsV248Test:setUpClass): 201 POST http://10.180.1.21/identity/v3/users 0.260s
2025-02-19 05:42:29.122 63758 INFO tempest.lib.common.rest_client [req-ceb67f21-575f-4f32-8c0d-7faf66e281d6 req-ceb67f21-575f-4f32-8c0d-7faf66e281d6 ] Request (HypervisorAdminNegativeUnderV252Test:setUpClass): 200 GET http://10.180.1.21/identity/v3/roles 0.203s
2025-02-19 05:42:29.139 63772 INFO tempest.lib.common.rest_client [req-93282a77-ad2a-4c6c-866f-0ea75b6e578a req-93282a77-ad2a-4c6c-866f-0ea75b6e578a ] Request (InstanceUsageAuditLogTestJSON:setUpClass): 200 GET http://10.180.1.21/identity/v3/roles 0.151s
2025-02-19 05:42:29.170 63810 INFO tempest.lib.common.rest_client [req-289dad4f-bd4e-4064-9aa1-1a59ac394569 req-289dad4f-bd4e-4064-9aa1-1a59ac394569 ] Request (AttachInterfacesUnderV243Test:test_add_remove_fixed_ip): 201 POST http://10.180.1.21/identity/v3/auth/tokens 0.196s
2025-02-19 05:42:29.171 63810 INFO tempest.lib.common.fixed_network [-] (AttachInterfacesUnderV243Test:test_add_remove_fixed_ip) Found network {'id': '59699f99-eb7d-4b26-a318-977debce8d11', 'name': 'tempest-AttachInterfacesUnderV243Test-1476178358-network', 'tenant_id': 'bc14bd64627a4a8e9c0b9b844b8afcf4', 'admin_state_up': True, 'mtu': 8950, 'status': 'ACTIVE', 'subnets': [], 'shared': False, 'project_id': 'bc14bd64627a4a8e9c0b9b844b8afcf4', 'port_security_enabled': True, 'router:external': False, 'provider:network_type': 'vlan', 'provider:physical_network': 'default', 'provider:segmentation_id': 843, 'availability_zone_hints': [], 'availability_zones': [], 'ipv4_address_scope': None, 'ipv6_address_scope': None, 'description': '', 'tags': [], 'created_at': '2025-02-19T05:42:19Z', 'updated_at': '2025-02-19T05:42:19Z', 'revision_number': 1} available for tenant
2025-02-19 05:42:29.198 63788 INFO tempest.lib.common.rest_client [req-90babb58-17f4-408d-b0ae-b46a008f27cb req-90babb58-17f4-408d-b0ae-b46a008f27cb ] Request (FlavorsV255TestJSON:setUpClass): 201 POST http://10.180.1.21/identity/v3/projects 0.143s
2025-02-19 05:42:29.207 63818 INFO tempest.lib.common.rest_client [req-33b0fa1e-e6e8-4ff8-bfe5-bfa4f26487c7 req-33b0fa1e-e6e8-4ff8-bfe5-bfa4f26487c7 ] Request (FlavorsV2TestJSON:tearDownClass): 204 DELETE http://10.180.1.21/identity/v3/projects/580da68722bf4b5fa54323d041962a02 0.217s
2025-02-19 05:42:29.260 63762 INFO tempest.lib.common.rest_client [req-4f98a2aa-120d-44a5-b337-aaf80fa5ba6d req-4f98a2aa-120d-44a5-b337-aaf80fa5ba6d ] Request (ServersTestManualDisk:setUpClass): 201 POST http://10.180.1.21:9696/networking/v2.0/routers 0.768s
2025-02-19 05:42:29.308 63820 INFO tempest.lib.common.rest_client [req-2fd07151-71c4-43f2-af9d-defd1a55165a req-2fd07151-71c4-43f2-af9d-defd1a55165a ] Request (ServerDiagnosticsV248Test:setUpClass): 200 GET http://10.180.1.21/identity/v3/roles 0.202s
2025-02-19 05:42:29.329 63758 INFO tempest.lib.common.rest_client [req-9e1373ec-8377-4e7c-9cdc-bd8f2aeaa3c2 req-9e1373ec-8377-4e7c-9cdc-bd8f2aeaa3c2 ] Request (HypervisorAdminNegativeUnderV252Test:setUpClass): 204 PUT http://10.180.1.21/identity/v3/projects/b5b1686b21814afd8cadc487832317c8/users/4a27a0a7a48344eaa1c37efffd8ba40a/roles/7b5ba4adac944b22af99def5481752b7 0.206s
2025-02-19 05:42:29.330 63758 INFO tempest.lib.common.dynamic_creds [-] Dynamic test user 4a27a0a7a48344eaa1c37efffd8ba40a is created with scope project and roles: ['admin']
2025-02-19 05:42:29.330 63758 INFO tempest.lib.common.dynamic_creds [-] Acquired dynamic creds: credentials: Credentials: {'domain_id': 'default', 'domain_name': 'Default', 'username': 'tempest-HypervisorAdminNegativeUnderV252Test-675198470-project-admin', 'project_domain_id': 'default', 'project_domain_name': 'Default', 'project_id': 'b5b1686b21814afd8cadc487832317c8', 'project_name': 'tempest-HypervisorAdminNegativeUnderV252Test-675198470', 'tenant_id': 'b5b1686b21814afd8cadc487832317c8', 'tenant_name': 'tempest-HypervisorAdminNegativeUnderV252Test-675198470', 'user_domain_id': 'default', 'user_domain_name': 'Default', 'user_id': '4a27a0a7a48344eaa1c37efffd8ba40a', 'system': None}, Network: None, Subnet: None, Router: None
2025-02-19 05:42:29.330 63758 INFO tempest.lib.common.dynamic_creds [-] Created isolated network resources for: credentials: Credentials: {'domain_id': 'default', 'domain_name': 'Default', 'username': 'tempest-HypervisorAdminNegativeUnderV252Test-675198470-project-admin', 'project_domain_id': 'default', 'project_domain_name': 'Default', 'project_id': 'b5b1686b21814afd8cadc487832317c8', 'project_name': 'tempest-HypervisorAdminNegativeUnderV252Test-675198470', 'tenant_id': 'b5b1686b21814afd8cadc487832317c8', 'tenant_name': 'tempest-HypervisorAdminNegativeUnderV252Test-675198470', 'user_domain_id': 'default', 'user_domain_name': 'Default', 'user_id': '4a27a0a7a48344eaa1c37efffd8ba40a', 'system': None}, Network: None, Subnet: None, Router: None
2025-02-19 05:42:29.389 63772 INFO tempest.lib.common.rest_client [req-e327714e-b3e8-4ba5-af8d-7797e3fc8219 req-e327714e-b3e8-4ba5-af8d-7797e3fc8219 ] Request (InstanceUsageAuditLogTestJSON:setUpClass): 204 PUT http://10.180.1.21/identity/v3/projects/1fa09b950f394c49883584bb692b5b9f/users/56412b93d0964ceb8121f9f076f05738/roles/7b5ba4adac944b22af99def5481752b7 0.248s
2025-02-19 05:42:29.389 63772 INFO tempest.lib.common.dynamic_creds [-] Dynamic test user 56412b93d0964ceb8121f9f076f05738 is created with scope project and roles: ['admin']
2025-02-19 05:42:29.389 63772 INFO tempest.lib.common.dynamic_creds [-] Acquired dynamic creds: credentials: Credentials: {'domain_id': 'default', 'domain_name': 'Default', 'username': 'tempest-InstanceUsageAuditLogTestJSON-545908095-project-admin', 'project_domain_id': 'default', 'project_domain_name': 'Default', 'project_id': '1fa09b950f394c49883584bb692b5b9f', 'project_name': 'tempest-InstanceUsageAuditLogTestJSON-545908095', 'tenant_id': '1fa09b950f394c49883584bb692b5b9f', 'tenant_name': 'tempest-InstanceUsageAuditLogTestJSON-545908095', 'user_domain_id': 'default', 'user_domain_name': 'Default', 'user_id': '56412b93d0964ceb8121f9f076f05738', 'system': None}, Network: None, Subnet: None, Router: None
2025-02-19 05:42:29.389 63772 INFO tempest.lib.common.dynamic_creds [-] Created isolated network resources for: credentials: Credentials: {'domain_id': 'default', 'domain_name': 'Default', 'username': 'tempest-InstanceUsageAuditLogTestJSON-545908095-project-admin', 'project_domain_id': 'default', 'project_domain_name': 'Default', 'project_id': '1fa09b950f394c49883584bb692b5b9f', 'project_name': 'tempest-InstanceUsageAuditLogTestJSON-545908095', 'tenant_id': '1fa09b950f394c49883584bb692b5b9f', 'tenant_name': 'tempest-InstanceUsageAuditLogTestJSON-545908095', 'user_domain_id': 'default', 'user_domain_name': 'Default', 'user_id': '56412b93d0964ceb8121f9f076f05738', 'system': None}, Network: None, Subnet: None, Router: None
2025-02-19 05:42:29.402 63788 INFO tempest.lib.common.rest_client [req-25f018d6-6568-4caf-a2ed-0d71185058c8 req-25f018d6-6568-4caf-a2ed-0d71185058c8 ] Request (FlavorsV255TestJSON:setUpClass): 201 POST http://10.180.1.21/identity/v3/users 0.203s
2025-02-19 05:42:29.436 63818 INFO tempest.lib.common.rest_client [req-c9601f53-e8c4-4e08-8bb6-3445a3fb0e26 req-c9601f53-e8c4-4e08-8bb6-3445a3fb0e26 ] Request (ImagesOneServerTestJSON:setUpClass): 201 POST http://10.180.1.21/identity/v3/auth/tokens 0.227s
2025-02-19 05:42:29.455 63820 INFO tempest.lib.common.rest_client [req-cbf97b5b-75e3-4c2b-9351-e5e0ba1974b8 req-cbf97b5b-75e3-4c2b-9351-e5e0ba1974b8 ] Request (ServerDiagnosticsV248Test:setUpClass): 204 PUT http://10.180.1.21/identity/v3/projects/3f7233891fa44095a10120e396b43aa9/users/eebcf9dd0e864fbfa611d3871b42276e/roles/a30df256b42c4423bfa5f5d80718c4ea 0.147s
2025-02-19 05:42:29.456 63820 INFO tempest.lib.common.dynamic_creds [-] Dynamic test user eebcf9dd0e864fbfa611d3871b42276e is created with scope project and roles: ['member']
2025-02-19 05:42:29.456 63820 INFO tempest.lib.common.dynamic_creds [-] Acquired dynamic creds: credentials: Credentials: {'domain_id': 'default', 'domain_name': 'Default', 'username': 'tempest-ServerDiagnosticsV248Test-275787698-project-member', 'project_domain_id': 'default', 'project_domain_name': 'Default', 'project_id': '3f7233891fa44095a10120e396b43aa9', 'project_name': 'tempest-ServerDiagnosticsV248Test-275787698', 'tenant_id': '3f7233891fa44095a10120e396b43aa9', 'tenant_name': 'tempest-ServerDiagnosticsV248Test-275787698', 'user_domain_id': 'default', 'user_domain_name': 'Default', 'user_id': 'eebcf9dd0e864fbfa611d3871b42276e', 'system': None}, Network: None, Subnet: None, Router: None
2025-02-19 05:42:29.456 63820 INFO tempest.lib.common.dynamic_creds [-] Created isolated network resources for: credentials: Credentials: {'domain_id': 'default', 'domain_name': 'Default', 'username': 'tempest-ServerDiagnosticsV248Test-275787698-project-member', 'project_domain_id': 'default', 'project_domain_name': 'Default', 'project_id': '3f7233891fa44095a10120e396b43aa9', 'project_name': 'tempest-ServerDiagnosticsV248Test-275787698', 'tenant_id': '3f7233891fa44095a10120e396b43aa9', 'tenant_name': 'tempest-ServerDiagnosticsV248Test-275787698', 'user_domain_id': 'default', 'user_domain_name': 'Default', 'user_id': 'eebcf9dd0e864fbfa611d3871b42276e', 'system': None}, Network: None, Subnet: None, Router: None
2025-02-19 05:42:29.553 63758 INFO tempest.lib.common.rest_client [req-194aae8e-01f5-4fb1-8767-19afc2fc6a5e req-194aae8e-01f5-4fb1-8767-19afc2fc6a5e ] Request (HypervisorAdminNegativeUnderV252Test:setUpClass): 201 POST http://10.180.1.21/identity/v3/auth/tokens 0.220s
2025-02-19 05:42:29.567 63802 INFO tempest.lib.common.rest_client [req-e563b577-f6f1-42df-a257-698c4138b516 req-e563b577-f6f1-42df-a257-698c4138b516 ] Request (ListImageFiltersTestJSON:setUpClass): 204 PUT http://10.180.1.21/image/v2/images/b4462db5-8bd0-4cb2-9694-4464341411a7/file 2.379s
2025-02-19 05:42:29.579 63778 INFO tempest.lib.common.rest_client [req-97f6ab08-f1a8-4f80-bd21-2ded5b37e316 req-97f6ab08-f1a8-4f80-bd21-2ded5b37e316 ] Request (ListImageFiltersNegativeTestJSON:test_get_nonexistent_image): 404 GET http://10.180.1.21/compute/v2.1/images/b084004d-73b9-4768-a372-08c7b3937d75 3.357s
2025-02-19 05:42:29.583 63772 INFO tempest.lib.common.rest_client [req-4c78b79d-1ca8-4ecc-9129-f940bd03433d req-4c78b79d-1ca8-4ecc-9129-f940bd03433d ] Request (InstanceUsageAuditLogTestJSON:setUpClass): 201 POST http://10.180.1.21/identity/v3/auth/tokens 0.191s
2025-02-19 05:42:29.611 63818 INFO tempest.lib.common.rest_client [req-81ff163b-0cbb-4338-9ed2-f36fb70654e0 req-81ff163b-0cbb-4338-9ed2-f36fb70654e0 ] Request (ImagesOneServerTestJSON:setUpClass): 201 POST http://10.180.1.21/identity/v3/auth/tokens 0.172s
2025-02-19 05:42:29.628 63788 INFO tempest.lib.common.rest_client [req-6d49f79c-95d0-4d1d-b1dd-394833942292 req-6d49f79c-95d0-4d1d-b1dd-394833942292 ] Request (FlavorsV255TestJSON:setUpClass): 200 GET http://10.180.1.21/identity/v3/roles 0.224s
2025-02-19 05:42:29.687 63820 INFO tempest.lib.common.rest_client [req-396e2ee4-c35b-43c5-95e8-3aef06ddcd0e req-396e2ee4-c35b-43c5-95e8-3aef06ddcd0e ] Request (ServerDiagnosticsV248Test:setUpClass): 201 POST http://10.180.1.21/identity/v3/auth/tokens 0.225s
2025-02-19 05:42:29.695 63760 INFO tempest.lib.common.rest_client [req-2e6d1e7d-6e3f-4846-ab41-47a46d636a0e req-2e6d1e7d-6e3f-4846-ab41-47a46d636a0e ] Request (ServersAdminTestJSON:setUpClass): 200 GET http://10.180.1.21/compute/v2.1/servers/8ab7e489-8903-4f78-8da8-72604cea31ed 3.055s
2025-02-19 05:42:29.714 63818 INFO tempest.lib.common.rest_client [req-367ff109-a86e-4764-b486-fb4071d4f4ea req-367ff109-a86e-4764-b486-fb4071d4f4ea ] Request (ImagesOneServerTestJSON:setUpClass): 200 GET http://10.180.1.21/identity/v3/domains?name=Default 0.103s
2025-02-19 05:42:29.739 63788 INFO tempest.lib.common.rest_client [req-6b191b44-a92f-4bf8-a0c9-c8b14896b19e req-6b191b44-a92f-4bf8-a0c9-c8b14896b19e ] Request (FlavorsV255TestJSON:setUpClass): 204 PUT http://10.180.1.21/identity/v3/projects/816c493c7f7348b1a23423688b864e2b/users/18e007e1005241d29756543662ab54bb/roles/7b5ba4adac944b22af99def5481752b7 0.111s
2025-02-19 05:42:29.778 63780 INFO tempest.lib.common.rest_client [req-3f205ef5-5981-4014-a9f3-828a75a4c12c req-3f205ef5-5981-4014-a9f3-828a75a4c12c ] Request (QuotaClassesAdmin257Test:test_update_default_quotas): 200 PUT http://10.180.1.21/compute/v2.1/os-quota-class-sets/default 3.010s
2025-02-19 05:42:29.795 63778 INFO tempest.lib.common.rest_client [req-dc472174-3c4e-436c-9dfd-cbf2505474b4 req-dc472174-3c4e-436c-9dfd-cbf2505474b4 ] Request (ListImageFiltersNegativeTestJSON:tearDownClass): 204 DELETE http://10.180.1.21/identity/v3/users/a35e7aadec8b4e00a307a1ee641f7d24 0.209s
2025-02-19 05:42:29.795 63778 INFO tempest.lib.common.dynamic_creds [-] Deleting project and security group for project: 77b9311f276c4108a0d8a6747efe53be
2025-02-19 05:42:29.839 63820 INFO tempest.lib.common.rest_client [req-f9a55060-22d5-4cd5-b905-331f720c2f96 req-f9a55060-22d5-4cd5-b905-331f720c2f96 ] Request (ServerDiagnosticsV248Test:setUpClass): 201 POST http://10.180.1.21/identity/v3/projects 0.152s
2025-02-19 05:42:29.904 63818 INFO tempest.lib.common.rest_client [req-eb090024-bda0-4fe0-bdec-13c99bf12302 req-eb090024-bda0-4fe0-bdec-13c99bf12302 ] Request (ImagesOneServerTestJSON:setUpClass): 201 POST http://10.180.1.21/identity/v3/projects 0.190s
