2024-12-10 16:13:33.960 65824 INFO tempest.lib.common.rest_client [req-0531d6d2-910b-4360-ab95-0eb40d237a9d req-0531d6d2-910b-4360-ab95-0eb40d237a9d ] Request (InstanceActionsTestJSON:setUpClass): 200 GET http://10.180.1.21/compute/v2.1/servers/a31ad77d-308f-4a6f-beb0-1da4730e8ba9 0.198s
2024-12-10 16:13:33.960 65838 INFO tempest.lib.common.rest_client [req-376d5286-c644-4896-bb0c-cabf7781b5f1 req-376d5286-c644-4896-bb0c-cabf7781b5f1 ] Request (ServerDiskConfigTestJSON:test_rebuild_server_with_manual_disk_config): 200 GET http://10.180.1.21/compute/v2.1/servers/3884f29c-8a5d-4482-8679-117f3253522f 0.231s
2024-12-10 16:13:34.048 65834 INFO tempest.lib.common.rest_client [req-5f169d6e-ff16-44a6-a4ff-341c64bf4839 req-5f169d6e-ff16-44a6-a4ff-341c64bf4839 ] Request (ServerRescueTestJSONUnderV235:tearDownClass): 200 GET http://10.180.1.21/compute/v2.1/servers/cc589df4-6e32-401a-987a-b9dc24d49947 0.213s
2024-12-10 16:13:34.072 65840 WARNING tempest.lib.common.ssh [-] Failed to establish authenticated ssh connection to cirros@10.180.180.207 ([Errno None] Unable to connect to port 22 on 10.180.180.207). Number attempts: 7. Retry after 8 seconds.: paramiko.ssh_exception.NoValidConnectionsError: [Errno None] Unable to connect to port 22 on 10.180.180.207
2024-12-10 16:13:34.388 65820 INFO tempest.lib.common.rest_client [req-361d3e91-387d-4713-9937-ec1149a91618 req-361d3e91-387d-4713-9937-ec1149a91618 ] Request (SecurityGroupsTestJSON:test_server_security_groups): 202 POST http://10.180.1.21/compute/v2.1/servers 0.574s
2024-12-10 16:13:34.455 65832 INFO tempest.lib.common.rest_client [req-43e829b7-e81c-4d5e-a8d8-54b45449ee43 req-43e829b7-e81c-4d5e-a8d8-54b45449ee43 ] Request (ServerPasswordTestJSON:tearDownClass): 200 GET http://10.180.1.21/compute/v2.1/servers/87e0118a-b9eb-4298-950c-495814102d8a 0.541s
2024-12-10 16:13:34.509 65854 INFO tempest.lib.common.rest_client [req-131d1b22-840d-456e-b1f4-08ca94f6bc2e req-131d1b22-840d-456e-b1f4-08ca94f6bc2e ] Request (ServersTestMultiNic:test_verify_duplicate_network_nics): 200 GET http://10.180.1.21/compute/v2.1/servers/9d055439-796b-48a8-b99b-1d74c4beb653 0.594s
2024-12-10 16:13:34.570 65810 INFO tempest.lib.common.rest_client [req-1e77fc28-7f84-40d8-a00c-111a4c8dbc2f req-1e77fc28-7f84-40d8-a00c-111a4c8dbc2f ] Request (ServerAddressesTestJSON:setUpClass): 200 GET http://10.180.1.21/compute/v2.1/servers/4610b1d4-7be5-4e97-b095-ad71263bc30a 0.588s
2024-12-10 16:13:34.623 65828 INFO tempest.lib.common.rest_client [req-b164a91b-abb4-4ed1-8333-333fbceac415 req-b164a91b-abb4-4ed1-8333-333fbceac415 ] Request (ServersAdminTestJSON:test_inject_network_info): 200 GET http://10.180.1.21/compute/v2.1/servers/9d4b8943-c1b3-46db-805f-e7195f8b3306 0.568s
2024-12-10 16:13:34.670 65804 INFO tempest.lib.common.rest_client [req-670c0e48-0dea-4a6d-872a-206651ca7c99 req-670c0e48-0dea-4a6d-872a-206651ca7c99 ] Request (FloatingIPsAssociationTestJSON:setUpClass): 200 POST http://10.180.1.21/compute/v2.1/os-floating-ips 0.765s
2024-12-10 16:13:34.682 65802 INFO tempest.lib.common.rest_client [req-71a544bf-6c34-45a7-95c9-ac1e5178fbb1 req-71a544bf-6c34-45a7-95c9-ac1e5178fbb1 ] Request (ServerGroupTestJSON:test_create_server_with_scheduler_hint_group): 200 GET http://10.180.1.21/compute/v2.1/servers/4127cc73-1b70-44a1-9358-18158d610de4 0.541s
2024-12-10 16:13:34.722 65822 INFO tempest.lib.common.rest_client [req-4e9db48d-749d-4a74-859f-f36c0e0c6195 req-4e9db48d-749d-4a74-859f-f36c0e0c6195 ] Request (ServerMetadataTestJSON:tearDownClass): 200 GET http://10.180.1.21/compute/v2.1/servers/bcef837d-7a30-4c53-805c-f55b4b793d88 0.575s
2024-12-10 16:13:34.743 65850 INFO tempest.lib.common.rest_client [req-82586bdc-5f1a-4767-a8cc-8d936714d083 req-82586bdc-5f1a-4767-a8cc-8d936714d083 ] Request (AttachInterfacesTestJSON:test_create_list_show_delete_interfaces_by_fixed_ip): 200 GET http://10.180.1.21/compute/v2.1/servers/6af16382-5385-4bbf-8c7b-1f438f0e0261 0.523s
2024-12-10 16:13:34.752 65804 INFO tempest.lib.common.rest_client [req-35d1dbdc-b6e1-4bf1-821d-0e85a8053988 req-35d1dbdc-b6e1-4bf1-821d-0e85a8053988 ] Request (FloatingIPsAssociationTestJSON:test_associate_already_associated_floating_ip): 201 POST http://10.180.1.21/identity/v3/auth/tokens 0.076s
2024-12-10 16:13:34.752 65804 INFO tempest.lib.common.fixed_network [-] (FloatingIPsAssociationTestJSON:test_associate_already_associated_floating_ip) Found network {'id': '65075a58-d74d-4259-a9bf-36fec2bf2da2', 'name': 'tempest-FloatingIPsAssociationTestJSON-725825631-network', 'tenant_id': 'dd6f49f535234602a006fb948243712b', 'admin_state_up': True, 'mtu': 8950, 'status': 'ACTIVE', 'subnets': [], 'shared': False, 'project_id': 'dd6f49f535234602a006fb948243712b', 'port_security_enabled': True, 'router:external': False, 'provider:network_type': 'vlan', 'provider:physical_network': 'default', 'provider:segmentation_id': 107, 'availability_zone_hints': [], 'availability_zones': [], 'ipv4_address_scope': None, 'ipv6_address_scope': None, 'description': '', 'tags': [], 'created_at': '2024-12-10T16:12:29Z', 'updated_at': '2024-12-10T16:12:29Z', 'revision_number': 1} available for tenant
2024-12-10 16:13:34.784 65836 INFO tempest.lib.common.rest_client [req-42529c38-bca6-4143-8635-db397775bf06 req-42529c38-bca6-4143-8635-db397775bf06 ] Request (ListImageFiltersTestJSON:setUpClass): 200 GET http://10.180.1.21/compute/v2.1/images/3a39c72e-5fbb-4ae8-99b4-e7bd691e0dd0 0.536s
2024-12-10 16:13:34.787 65796 INFO tempest.lib.common.rest_client [req-8fa0fbdd-fc48-4e55-9375-90a0acf086ac req-8fa0fbdd-fc48-4e55-9375-90a0acf086ac ] Request (ServerExternalEventsTest:tearDownClass): 200 GET http://10.180.1.21/compute/v2.1/servers/3aa8f348-e15b-43e0-96a0-a6fb6c57f00f 0.565s
2024-12-10 16:13:34.841 65831 INFO tempest.lib.common.rest_client [req-3f8f326e-9103-41de-9685-d9bf6e97aead req-3f8f326e-9103-41de-9685-d9bf6e97aead ] Request (ImagesOneServerTestJSON:setUpClass): 200 GET http://10.180.1.21/compute/v2.1/servers/38c103b4-6244-4243-aa10-0a71c8c0e530 0.462s
2024-12-10 16:13:34.857 65820 INFO tempest.lib.common.rest_client [req-152fe53c-425b-455e-8c35-752ded4fb9aa req-152fe53c-425b-455e-8c35-752ded4fb9aa ] Request (SecurityGroupsTestJSON:test_server_security_groups): 200 GET http://10.180.1.21/compute/v2.1/servers/053160fc-4510-4394-b638-53fe0dbcb6e0 0.467s
2024-12-10 16:13:34.904 65812 WARNING tempest.lib.common.ssh [-] Failed to establish authenticated ssh connection to cirros@10.180.180.143 ([Errno None] Unable to connect to port 22 on 10.180.180.143). Number attempts: 8. Retry after 9 seconds.: paramiko.ssh_exception.NoValidConnectionsError: [Errno None] Unable to connect to port 22 on 10.180.180.143
2024-12-10 16:13:34.948 65800 INFO tempest.lib.common.rest_client [req-f94264cb-66bf-4aea-a27b-bf2f082eaa23 req-f94264cb-66bf-4aea-a27b-bf2f082eaa23 ] Request (ServersV294TestFqdnHostnames:setUpClass): 200 GET http://10.180.1.21/compute/v2.1/servers/2ec93312-17da-412b-9024-56d9d562612d 0.502s
2024-12-10 16:13:34.964 65806 INFO tempest.lib.common.rest_client [req-f3eef15d-ce88-464c-8ec6-3f50f7545a79 req-f3eef15d-ce88-464c-8ec6-3f50f7545a79 ] Request (MigrationsAdminTest:test_list_migrations_in_flavor_resize_situation): 200 GET http://10.180.1.21/compute/v2.1/servers/23a23d42-fe67-446b-9203-826515fc848e 0.555s
2024-12-10 16:13:34.972 65808 INFO tempest.lib.common.rest_client [req-faada9aa-7a34-4f7e-a1dd-a697302882cb req-faada9aa-7a34-4f7e-a1dd-a697302882cb ] Request (ServerActionsV293TestJSON:setUpClass): 200 GET http://10.180.1.21/volume/v3/volumes/ee445e62-9730-4813-9c27-18482c2b0817 0.034s
2024-12-10 16:13:35.032 65856 INFO tempest.lib.common.rest_client [req-0bf98c37-4493-475b-b353-8d61435dd730 req-0bf98c37-4493-475b-b353-8d61435dd730 ] Request (InstanceActionsNegativeTestJSON:setUpClass): 200 GET http://10.180.1.21/compute/v2.1/servers/dce2b238-171d-4ba3-bd58-93c9313aed15 0.500s
2024-12-10 16:13:35.035 65852 INFO tempest.lib.common.rest_client [req-a03924b0-812f-4000-a45e-9895a3924da3 req-a03924b0-812f-4000-a45e-9895a3924da3 ] Request (DeleteServersAdminTestJSON:test_delete_server_while_in_error_state): 200 GET http://10.180.1.21/compute/v2.1/servers/38ec3326-e350-448f-98b5-e30cbe5e3864 0.566s
2024-12-10 16:13:35.100 65814 INFO tempest.lib.common.rest_client [req-991d516d-b4e8-4b4e-bab7-d3a668dcf283 req-991d516d-b4e8-4b4e-bab7-d3a668dcf283 ] Request (VolumesAdminNegativeTest:test_update_attached_volume_with_nonexistent_volume_in_body): 200 GET http://10.180.1.21/compute/v2.1/servers/f0a4868a-0eea-4f93-98d0-c4a4f0070d42 0.513s
2024-12-10 16:13:35.161 65798 INFO tempest.lib.common.rest_client [req-601f8e02-50c8-4a96-859b-a7d4e8a1afbb req-601f8e02-50c8-4a96-859b-a7d4e8a1afbb ] Request (ImagesTestJSON:test_create_image_from_stopped_server): 200 GET http://10.180.1.21/compute/v2.1/servers/3c7eae93-232e-4a26-b5d1-9f34c83301d6 0.507s
2024-12-10 16:13:35.228 65816 INFO tempest.lib.common.rest_client [req-a3d59634-1291-4a6c-8f71-166ad1449792 req-a3d59634-1291-4a6c-8f71-166ad1449792 ] Request (ServerActionsTestJSON:setUpClass): 200 GET http://10.180.1.21/compute/v2.1/servers/05e9ae8e-e533-4528-8c69-8fdef6f94774 0.595s
2024-12-10 16:13:35.237 65816 INFO tempest.common.waiters [-] State transition "BUILD/None" ==> "BUILD/networking" after 42 second wait
2024-12-10 16:13:35.422 65846 INFO tempest.lib.common.rest_client [req-0aa7035b-98ed-4c3e-b12b-35ce8d630e89 req-0aa7035b-98ed-4c3e-b12b-35ce8d630e89 ] Request (ImagesOneServerNegativeTestJSON:setUpClass): 200 GET http://10.180.1.21/compute/v2.1/servers/7c7053aa-118c-4374-abcb-e54c164ead34 0.651s
2024-12-10 16:13:35.454 65804 INFO tempest.lib.common.rest_client [req-d124b5f7-55f7-4256-935a-aba19077509b req-d124b5f7-55f7-4256-935a-aba19077509b ] Request (FloatingIPsAssociationTestJSON:test_associate_already_associated_floating_ip): 202 POST http://10.180.1.21/compute/v2.1/servers 0.701s
2024-12-10 16:13:35.487 65818 INFO tempest.lib.common.rest_client [req-905c2aa7-eb4f-4edd-9e58-5fe6b49a3502 req-905c2aa7-eb4f-4edd-9e58-5fe6b49a3502 ] Request (ServerShowV247Test:test_update_rebuild_list_server): 200 GET http://10.180.1.21/compute/v2.1/servers/72a17d6d-05e9-40e3-918a-01bf0af2bc11 0.674s
2024-12-10 16:13:35.515 65827 INFO tempest.lib.common.rest_client [req-89c9c681-a7b2-4af7-8fdd-172f3a3931b7 req-89c9c681-a7b2-4af7-8fdd-172f3a3931b7 ] Request (ServerRescueNegativeTestJSON:setUpClass): 200 GET http://10.180.1.21/compute/v2.1/servers/e5f722a9-af55-43f3-8a70-f544f6bd82e1 0.649s
2024-12-10 16:13:35.550 65844 INFO tempest.lib.common.rest_client [req-d46002ab-6057-4c09-81af-26fc578ace1a req-d46002ab-6057-4c09-81af-26fc578ace1a ] Request (AttachVolumeShelveTestJSON:test_attach_volume_shelved_or_offload_server): 200 GET http://10.180.1.21/compute/v2.1/servers/fa7c2fd5-5046-4d00-a162-3e1ae5392798 0.636s
2024-12-10 16:13:35.570 65838 INFO tempest.lib.common.rest_client [req-90cc39ba-aa3f-435e-b9f5-e368d492c1aa req-90cc39ba-aa3f-435e-b9f5-e368d492c1aa ] Request (ServerDiskConfigTestJSON:test_rebuild_server_with_manual_disk_config): 200 GET http://10.180.1.21/compute/v2.1/servers/3884f29c-8a5d-4482-8679-117f3253522f 0.602s
2024-12-10 16:13:35.600 65824 INFO tempest.lib.common.rest_client [req-2eea70ee-d0cf-4f5a-975b-890cfb48bef4 req-2eea70ee-d0cf-4f5a-975b-890cfb48bef4 ] Request (InstanceActionsTestJSON:setUpClass): 200 GET http://10.180.1.21/compute/v2.1/servers/a31ad77d-308f-4a6f-beb0-1da4730e8ba9 0.632s
2024-12-10 16:13:35.637 65834 INFO tempest.lib.common.rest_client [req-08e6dc43-e097-4c14-b976-d1ce30a19f5d req-08e6dc43-e097-4c14-b976-d1ce30a19f5d ] Request (ServerRescueTestJSONUnderV235:tearDownClass): 200 GET http://10.180.1.21/compute/v2.1/servers/cc589df4-6e32-401a-987a-b9dc24d49947 0.580s
2024-12-10 16:13:35.644 65804 INFO tempest.lib.common.rest_client [req-0cdc3687-5571-4987-b43c-9a746bbfa8e5 req-0cdc3687-5571-4987-b43c-9a746bbfa8e5 ] Request (FloatingIPsAssociationTestJSON:test_associate_already_associated_floating_ip): 200 GET http://10.180.1.21/compute/v2.1/servers/c3e1cd1c-e809-44b4-9467-fd0e418ba5e1 0.188s
2024-12-10 16:13:35.695 65854 INFO tempest.lib.common.rest_client [req-944574db-1941-4d52-bf6a-85d1d8922d9c req-944574db-1941-4d52-bf6a-85d1d8922d9c ] Request (ServersTestMultiNic:test_verify_duplicate_network_nics): 200 GET http://10.180.1.21/compute/v2.1/servers/9d055439-796b-48a8-b99b-1d74c4beb653 0.176s
2024-12-10 16:13:35.712 65832 INFO tempest.lib.common.rest_client [req-199585c8-fbf9-49ef-af0e-be35cb118dd8 req-199585c8-fbf9-49ef-af0e-be35cb118dd8 ] Request (ServerPasswordTestJSON:tearDownClass): 200 GET http://10.180.1.21/compute/v2.1/servers/87e0118a-b9eb-4298-950c-495814102d8a 0.249s
2024-12-10 16:13:35.719 65832 INFO tempest.common.waiters [-] State transition "ACTIVE/deleting" ==> "DELETED/None" after 3 second wait
2024-12-10 16:13:35.747 65810 INFO tempest.lib.common.rest_client [req-dabc981c-aef8-47d3-88c5-45c925cadd42 req-dabc981c-aef8-47d3-88c5-45c925cadd42 ] Request (ServerAddressesTestJSON:setUpClass): 200 GET http://10.180.1.21/compute/v2.1/servers/4610b1d4-7be5-4e97-b095-ad71263bc30a 0.169s
2024-12-10 16:13:35.760 65828 INFO tempest.lib.common.rest_client [req-6a37fb9e-7fab-470d-b017-441ddb94ecf5 req-6a37fb9e-7fab-470d-b017-441ddb94ecf5 ] Request (ServersAdminTestJSON:test_inject_network_info): 200 GET http://10.180.1.21/compute/v2.1/servers/9d4b8943-c1b3-46db-805f-e7195f8b3306 0.128s
2024-12-10 16:13:35.805 65802 INFO tempest.lib.common.rest_client [req-52509c6e-d5cb-430b-9305-2a3425511b14 req-52509c6e-d5cb-430b-9305-2a3425511b14 ] Request (ServerGroupTestJSON:test_create_server_with_scheduler_hint_group): 200 GET http://10.180.1.21/compute/v2.1/servers/4127cc73-1b70-44a1-9358-18158d610de4 0.115s
2024-12-10 16:13:35.827 65822 INFO tempest.lib.common.rest_client [req-01aa44da-5e6f-412d-95c0-fca93ad53d49 req-01aa44da-5e6f-412d-95c0-fca93ad53d49 ] Request (ServerMetadataTestJSON:tearDownClass): 200 GET http://10.180.1.21/compute/v2.1/servers/bcef837d-7a30-4c53-805c-f55b4b793d88 0.096s
2024-12-10 16:13:35.837 65822 INFO tempest.common.waiters [-] State transition "ACTIVE/deleting" ==> "DELETED/None" after 2 second wait
2024-12-10 16:13:35.864 65850 INFO tempest.lib.common.rest_client [req-83a72040-b56c-45f6-ae8c-e9440893f976 req-83a72040-b56c-45f6-ae8c-e9440893f976 ] Request (AttachInterfacesTestJSON:test_create_list_show_delete_interfaces_by_fixed_ip): 200 GET http://10.180.1.21/compute/v2.1/servers/6af16382-5385-4bbf-8c7b-1f438f0e0261 0.114s
2024-12-10 16:13:35.868 65836 INFO tempest.lib.common.rest_client [req-9e551650-7bad-440b-96b4-a81f882e6bf9 req-9e551650-7bad-440b-96b4-a81f882e6bf9 ] Request (ListImageFiltersTestJSON:setUpClass): 200 GET http://10.180.1.21/compute/v2.1/images/3a39c72e-5fbb-4ae8-99b4-e7bd691e0dd0 0.080s
2024-12-10 16:13:35.922 65831 INFO tempest.lib.common.rest_client [req-aca1c635-b6e6-4c37-b3fd-870523a56813 req-aca1c635-b6e6-4c37-b3fd-870523a56813 ] Request (ImagesOneServerTestJSON:setUpClass): 200 GET http://10.180.1.21/compute/v2.1/servers/38c103b4-6244-4243-aa10-0a71c8c0e530 0.073s
2024-12-10 16:13:35.927 65796 INFO tempest.lib.common.rest_client [req-289c40f4-4760-4c77-a95c-646aabcf1bda req-289c40f4-4760-4c77-a95c-646aabcf1bda ] Request (ServerExternalEventsTest:tearDownClass): 200 GET http://10.180.1.21/compute/v2.1/servers/3aa8f348-e15b-43e0-96a0-a6fb6c57f00f 0.131s
2024-12-10 16:13:35.978 65820 INFO tempest.lib.common.rest_client [req-875bfb6c-6b30-4d11-a4c1-63cd5d757928 req-875bfb6c-6b30-4d11-a4c1-63cd5d757928 ] Request (SecurityGroupsTestJSON:test_server_security_groups): 200 GET http://10.180.1.21/compute/v2.1/servers/053160fc-4510-4394-b638-53fe0dbcb6e0 0.113s
2024-12-10 16:13:36.013 65808 INFO tempest.lib.common.rest_client [req-0c20ae20-9598-4a0b-9355-6da68902a86f req-0c20ae20-9598-4a0b-9355-6da68902a86f ] Request (ServerActionsV293TestJSON:setUpClass): 200 GET http://10.180.1.21/volume/v3/volumes/ee445e62-9730-4813-9c27-18482c2b0817 0.034s
2024-12-10 16:13:36.033 65800 INFO tempest.lib.common.rest_client [req-98418b8d-90fc-45b4-888e-2117805c04ee req-98418b8d-90fc-45b4-888e-2117805c04ee ] Request (ServersV294TestFqdnHostnames:setUpClass): 200 GET http://10.180.1.21/compute/v2.1/servers/2ec93312-17da-412b-9024-56d9d562612d 0.073s
2024-12-10 16:13:36.108 65806 INFO tempest.lib.common.rest_client [req-6c68eba3-9660-4e5e-ae86-df009630bb9b req-6c68eba3-9660-4e5e-ae86-df009630bb9b ] Request (MigrationsAdminTest:test_list_migrations_in_flavor_resize_situation): 200 GET http://10.180.1.21/compute/v2.1/servers/23a23d42-fe67-446b-9203-826515fc848e 0.135s
2024-12-10 16:13:36.112 65856 INFO tempest.lib.common.rest_client [req-3d0521a2-d9ab-4810-b2ab-f386d27f958c req-3d0521a2-d9ab-4810-b2ab-f386d27f958c ] Request (InstanceActionsNegativeTestJSON:setUpClass): 200 GET http://10.180.1.21/compute/v2.1/servers/dce2b238-171d-4ba3-bd58-93c9313aed15 0.064s
2024-12-10 16:13:36.122 65856 INFO tempest.common.waiters [-] State transition "BUILD/scheduling" ==> "BUILD/None" after 23 second wait
2024-12-10 16:13:36.161 65814 INFO tempest.lib.common.rest_client [req-f2fb2d96-2985-4ab8-bea8-61bfef2dbeb0 req-f2fb2d96-2985-4ab8-bea8-61bfef2dbeb0 ] Request (VolumesAdminNegativeTest:test_update_attached_volume_with_nonexistent_volume_in_body): 200 GET http://10.180.1.21/compute/v2.1/servers/f0a4868a-0eea-4f93-98d0-c4a4f0070d42 0.053s
2024-12-10 16:13:36.173 65852 INFO tempest.lib.common.rest_client [req-c2639d65-6409-468a-975e-ee724f25bd6d req-c2639d65-6409-468a-975e-ee724f25bd6d ] Request (DeleteServersAdminTestJSON:test_delete_server_while_in_error_state): 200 GET http://10.180.1.21/compute/v2.1/servers/38ec3326-e350-448f-98b5-e30cbe5e3864 0.124s
2024-12-10 16:13:36.216 65798 INFO tempest.lib.common.rest_client [req-82cbb7d5-2d10-4091-b3c0-03774ef76bb4 req-82cbb7d5-2d10-4091-b3c0-03774ef76bb4 ] Request (ImagesTestJSON:test_create_image_from_stopped_server): 200 GET http://10.180.1.21/compute/v2.1/servers/3c7eae93-232e-4a26-b5d1-9f34c83301d6 0.048s
2024-12-10 16:13:36.370 65816 INFO tempest.lib.common.rest_client [req-23ddba7a-66a9-41ce-afa0-b3ca4386cb5e req-23ddba7a-66a9-41ce-afa0-b3ca4386cb5e ] Request (ServerActionsTestJSON:setUpClass): 200 GET http://10.180.1.21/compute/v2.1/servers/05e9ae8e-e533-4528-8c69-8fdef6f94774 0.131s
2024-12-10 16:13:36.377 65816 INFO tempest.common.waiters [-] State transition "BUILD/networking" ==> "BUILD/spawning" after 43 second wait
2024-12-10 16:13:36.532 65846 INFO tempest.lib.common.rest_client [req-ae68e245-c94e-49af-8d83-46367bef30aa req-ae68e245-c94e-49af-8d83-46367bef30aa ] Request (ImagesOneServerNegativeTestJSON:setUpClass): 200 GET http://10.180.1.21/compute/v2.1/servers/7c7053aa-118c-4374-abcb-e54c164ead34 0.103s
2024-12-10 16:13:36.566 65818 INFO tempest.lib.common.rest_client [req-8be9f33c-51e9-4985-a407-568a2b818551 req-8be9f33c-51e9-4985-a407-568a2b818551 ] Request (ServerShowV247Test:test_update_rebuild_list_server): 200 GET http://10.180.1.21/compute/v2.1/servers/72a17d6d-05e9-40e3-918a-01bf0af2bc11 0.069s
2024-12-10 16:13:36.593 65827 INFO tempest.lib.common.rest_client [req-505cea5d-e6b8-4f35-bd4c-9377fe65229a req-505cea5d-e6b8-4f35-bd4c-9377fe65229a ] Request (ServerRescueNegativeTestJSON:setUpClass): 200 GET http://10.180.1.21/compute/v2.1/servers/e5f722a9-af55-43f3-8a70-f544f6bd82e1 0.069s
2024-12-10 16:13:36.623 65844 INFO tempest.lib.common.rest_client [req-0addf6f9-c29a-4bef-8996-fcbe7f90d368 req-0addf6f9-c29a-4bef-8996-fcbe7f90d368 ] Request (AttachVolumeShelveTestJSON:test_attach_volume_shelved_or_offload_server): 200 GET http://10.180.1.21/compute/v2.1/servers/fa7c2fd5-5046-4d00-a162-3e1ae5392798 0.064s
2024-12-10 16:13:36.653 65838 INFO tempest.lib.common.rest_client [req-9b20b381-4318-4a16-b160-a061051e42b5 req-9b20b381-4318-4a16-b160-a061051e42b5 ] Request (ServerDiskConfigTestJSON:test_rebuild_server_with_manual_disk_config): 200 GET http://10.180.1.21/compute/v2.1/servers/3884f29c-8a5d-4482-8679-117f3253522f 0.075s
2024-12-10 16:13:36.686 65824 INFO tempest.lib.common.rest_client [req-b1d591fb-e12f-4b4a-aabe-7745a23f4c77 req-b1d591fb-e12f-4b4a-aabe-7745a23f4c77 ] Request (InstanceActionsTestJSON:setUpClass): 200 GET http://10.180.1.21/compute/v2.1/servers/a31ad77d-308f-4a6f-beb0-1da4730e8ba9 0.074s
2024-12-10 16:13:36.717 65834 INFO tempest.lib.common.rest_client [req-12a57457-afd1-4513-9b65-3e0b0731b1e9 req-12a57457-afd1-4513-9b65-3e0b0731b1e9 ] Request (ServerRescueTestJSONUnderV235:tearDownClass): 200 GET http://10.180.1.21/compute/v2.1/servers/cc589df4-6e32-401a-987a-b9dc24d49947 0.072s
2024-12-10 16:13:36.749 65804 INFO tempest.lib.common.rest_client [req-7816c9c9-b939-4493-a0bb-316eb25123e7 req-7816c9c9-b939-4493-a0bb-316eb25123e7 ] Request (FloatingIPsAssociationTestJSON:test_associate_already_associated_floating_ip): 200 GET http://10.180.1.21/compute/v2.1/servers/c3e1cd1c-e809-44b4-9467-fd0e418ba5e1 0.092s
2024-12-10 16:13:36.770 65854 INFO tempest.lib.common.rest_client [req-5eb12f31-3b57-4f09-a7ee-d2c05f80f0ac req-5eb12f31-3b57-4f09-a7ee-d2c05f80f0ac ] Request (ServersTestMultiNic:test_verify_duplicate_network_nics): 200 GET http://10.180.1.21/compute/v2.1/servers/9d055439-796b-48a8-b99b-1d74c4beb653 0.063s
2024-12-10 16:13:36.808 65832 INFO tempest.lib.common.rest_client [req-e54be90e-2cc8-4969-a577-30e7918c52f7 req-e54be90e-2cc8-4969-a577-30e7918c52f7 ] Request (ServerPasswordTestJSON:tearDownClass): 200 GET http://10.180.1.21/compute/v2.1/servers/87e0118a-b9eb-4298-950c-495814102d8a 0.086s
2024-12-10 16:13:36.822 65810 INFO tempest.lib.common.rest_client [req-fcf97a0e-ab75-4bb9-8da1-fc86e43b1822 req-fcf97a0e-ab75-4bb9-8da1-fc86e43b1822 ] Request (ServerAddressesTestJSON:setUpClass): 200 GET http://10.180.1.21/compute/v2.1/servers/4610b1d4-7be5-4e97-b095-ad71263bc30a 0.065s
2024-12-10 16:13:36.858 65828 INFO tempest.lib.common.rest_client [req-5f388556-baba-4a44-accf-39c7cd10c8b6 req-5f388556-baba-4a44-accf-39c7cd10c8b6 ] Request (ServersAdminTestJSON:test_inject_network_info): 200 GET http://10.180.1.21/compute/v2.1/servers/9d4b8943-c1b3-46db-805f-e7195f8b3306 0.088s
2024-12-10 16:13:36.878 65802 INFO tempest.lib.common.rest_client [req-43b209dc-6d23-461c-9a16-88c188eb5a29 req-43b209dc-6d23-461c-9a16-88c188eb5a29 ] Request (ServerGroupTestJSON:test_create_server_with_scheduler_hint_group): 200 GET http://10.180.1.21/compute/v2.1/servers/4127cc73-1b70-44a1-9358-18158d610de4 0.061s
2024-12-10 16:13:36.920 65836 INFO tempest.lib.common.rest_client [req-1468f315-fe73-4ab5-beeb-74b77fb859ea req-1468f315-fe73-4ab5-beeb-74b77fb859ea ] Request (ListImageFiltersTestJSON:setUpClass): 200 GET http://10.180.1.21/compute/v2.1/images/3a39c72e-5fbb-4ae8-99b4-e7bd691e0dd0 0.049s
2024-12-10 16:13:36.929 65822 INFO tempest.lib.common.rest_client [req-5d0b58de-f5c8-4261-ba39-bdd1ae5ed7c4 req-5d0b58de-f5c8-4261-ba39-bdd1ae5ed7c4 ] Request (ServerMetadataTestJSON:tearDownClass): 200 GET http://10.180.1.21/compute/v2.1/servers/bcef837d-7a30-4c53-805c-f55b4b793d88 0.091s
2024-12-10 16:13:36.977 65850 INFO tempest.lib.common.rest_client [req-651a298f-7f82-4fcc-8f99-912ad9f7c002 req-651a298f-7f82-4fcc-8f99-912ad9f7c002 ] Request (AttachInterfacesTestJSON:test_create_list_show_delete_interfaces_by_fixed_ip): 200 GET http://10.180.1.21/compute/v2.1/servers/6af16382-5385-4bbf-8c7b-1f438f0e0261 0.105s
2024-12-10 16:13:37.005 65831 INFO tempest.lib.common.rest_client [req-3864be41-c8f3-44ed-87f1-c67f04dec266 req-3864be41-c8f3-44ed-87f1-c67f04dec266 ] Request (ImagesOneServerTestJSON:setUpClass): 200 GET http://10.180.1.21/compute/v2.1/servers/38c103b4-6244-4243-aa10-0a71c8c0e530 0.072s
2024-12-10 16:13:37.038 65796 INFO tempest.lib.common.rest_client [req-c0ad3187-c5b5-4d6d-98a3-f697b5405ac4 req-c0ad3187-c5b5-4d6d-98a3-f697b5405ac4 ] Request (ServerExternalEventsTest:tearDownClass): 200 GET http://10.180.1.21/compute/v2.1/servers/3aa8f348-e15b-43e0-96a0-a6fb6c57f00f 0.101s
2024-12-10 16:13:37.050 65808 INFO tempest.lib.common.rest_client [req-764947bd-68ad-448a-bf17-6f9102af5b83 req-764947bd-68ad-448a-bf17-6f9102af5b83 ] Request (ServerActionsV293TestJSON:setUpClass): 200 GET http://10.180.1.21/volume/v3/volumes/ee445e62-9730-4813-9c27-18482c2b0817 0.028s
2024-12-10 16:13:37.056 65820 INFO tempest.lib.common.rest_client [req-3f27f468-637f-48bc-8578-eb6671509a7f req-3f27f468-637f-48bc-8578-eb6671509a7f ] Request (SecurityGroupsTestJSON:test_server_security_groups): 200 GET http://10.180.1.21/compute/v2.1/servers/053160fc-4510-4394-b638-53fe0dbcb6e0 0.067s
2024-12-10 16:13:37.100 65800 INFO tempest.lib.common.rest_client [req-b16064c3-e295-4720-91ba-e960d1a9f07f req-b16064c3-e295-4720-91ba-e960d1a9f07f ] Request (ServersV294TestFqdnHostnames:setUpClass): 200 GET http://10.180.1.21/compute/v2.1/servers/2ec93312-17da-412b-9024-56d9d562612d 0.055s
2024-12-10 16:13:37.175 65856 INFO tempest.lib.common.rest_client [req-76e7d13e-9f4c-4c59-a7e0-68374e82be3f req-76e7d13e-9f4c-4c59-a7e0-68374e82be3f ] Request (InstanceActionsNegativeTestJSON:setUpClass): 200 GET http://10.180.1.21/compute/v2.1/servers/dce2b238-171d-4ba3-bd58-93c9313aed15 0.052s
2024-12-10 16:13:37.228 65814 INFO tempest.lib.common.rest_client [req-fd5f3061-d934-4458-8a39-9cd9190d98a9 req-fd5f3061-d934-4458-8a39-9cd9190d98a9 ] Request (VolumesAdminNegativeTest:test_update_attached_volume_with_nonexistent_volume_in_body): 200 GET http://10.180.1.21/compute/v2.1/servers/f0a4868a-0eea-4f93-98d0-c4a4f0070d42 0.060s
2024-12-10 16:13:37.231 65806 INFO tempest.lib.common.rest_client [req-9d20feb6-4cae-4e46-a972-ddc57c2a40eb req-9d20feb6-4cae-4e46-a972-ddc57c2a40eb ] Request (MigrationsAdminTest:test_list_migrations_in_flavor_resize_situation): 200 GET http://10.180.1.21/compute/v2.1/servers/23a23d42-fe67-446b-9203-826515fc848e 0.111s
2024-12-10 16:13:37.278 65798 INFO tempest.lib.common.rest_client [req-dee99a17-5e0f-4ac6-9844-757db624b778 req-dee99a17-5e0f-4ac6-9844-757db624b778 ] Request (ImagesTestJSON:test_create_image_from_stopped_server): 200 GET http://10.180.1.21/compute/v2.1/servers/3c7eae93-232e-4a26-b5d1-9f34c83301d6 0.055s
2024-12-10 16:13:37.287 65852 INFO tempest.lib.common.rest_client [req-06d292d6-d887-42de-b99e-c9d939de3a7f req-06d292d6-d887-42de-b99e-c9d939de3a7f ] Request (DeleteServersAdminTestJSON:test_delete_server_while_in_error_state): 200 GET http://10.180.1.21/compute/v2.1/servers/38ec3326-e350-448f-98b5-e30cbe5e3864 0.106s
2024-12-10 16:13:37.476 65816 INFO tempest.lib.common.rest_client [req-2be1e884-ce0d-401a-8120-3797045a9325 req-2be1e884-ce0d-401a-8120-3797045a9325 ] Request (ServerActionsTestJSON:setUpClass): 200 GET http://10.180.1.21/compute/v2.1/servers/05e9ae8e-e533-4528-8c69-8fdef6f94774 0.098s
2024-12-10 16:13:37.660 65846 INFO tempest.lib.common.rest_client [req-e9e3ccd2-3d1d-4ae8-8687-5770ab0a37d3 req-e9e3ccd2-3d1d-4ae8-8687-5770ab0a37d3 ] Request (ImagesOneServerNegativeTestJSON:setUpClass): 200 GET http://10.180.1.21/compute/v2.1/servers/7c7053aa-118c-4374-abcb-e54c164ead34 0.121s
2024-12-10 16:13:37.704 65818 INFO tempest.lib.common.rest_client [req-c10bec65-d72a-4ee4-b554-08f4c1e803ba req-c10bec65-d72a-4ee4-b554-08f4c1e803ba ] Request (ServerShowV247Test:test_update_rebuild_list_server): 200 GET http://10.180.1.21/compute/v2.1/servers/72a17d6d-05e9-40e3-918a-01bf0af2bc11 0.129s
2024-12-10 16:13:37.722 65827 INFO tempest.lib.common.rest_client [req-3b426c76-1c66-490d-8b07-ce8def285e16 req-3b426c76-1c66-490d-8b07-ce8def285e16 ] Request (ServerRescueNegativeTestJSON:setUpClass): 200 GET http://10.180.1.21/compute/v2.1/servers/e5f722a9-af55-43f3-8a70-f544f6bd82e1 0.120s
2024-12-10 16:13:37.763 65844 INFO tempest.lib.common.rest_client [req-8a11b7ed-9d06-454e-875c-54ffe028514e req-8a11b7ed-9d06-454e-875c-54ffe028514e ] Request (AttachVolumeShelveTestJSON:test_attach_volume_shelved_or_offload_server): 200 GET http://10.180.1.21/compute/v2.1/servers/fa7c2fd5-5046-4d00-a162-3e1ae5392798 0.124s
2024-12-10 16:13:37.771 65838 INFO tempest.lib.common.rest_client [req-4a839e37-2ba7-4394-b748-7e9af9723372 req-4a839e37-2ba7-4394-b748-7e9af9723372 ] Request (ServerDiskConfigTestJSON:test_rebuild_server_with_manual_disk_config): 200 GET http://10.180.1.21/compute/v2.1/servers/3884f29c-8a5d-4482-8679-117f3253522f 0.108s
2024-12-10 16:13:37.828 65834 INFO tempest.lib.common.rest_client [req-5dce92a9-e27d-458b-ae1a-84548e38397d req-5dce92a9-e27d-458b-ae1a-84548e38397d ] Request (ServerRescueTestJSONUnderV235:tearDownClass): 200 GET http://10.180.1.21/compute/v2.1/servers/cc589df4-6e32-401a-987a-b9dc24d49947 0.100s
2024-12-10 16:13:37.829 65824 INFO tempest.lib.common.rest_client [req-a2a1c26f-9f7e-40e2-b143-1e3f49f58811 req-a2a1c26f-9f7e-40e2-b143-1e3f49f58811 ] Request (InstanceActionsTestJSON:setUpClass): 200 GET http://10.180.1.21/compute/v2.1/servers/a31ad77d-308f-4a6f-beb0-1da4730e8ba9 0.136s
2024-12-10 16:13:37.881 65804 INFO tempest.lib.common.rest_client [req-44dee7d9-fd51-40b7-abcb-b11db3fc6a2d req-44dee7d9-fd51-40b7-abcb-b11db3fc6a2d ] Request (FloatingIPsAssociationTestJSON:test_associate_already_associated_floating_ip): 200 GET http://10.180.1.21/compute/v2.1/servers/c3e1cd1c-e809-44b4-9467-fd0e418ba5e1 0.120s
2024-12-10 16:13:37.896 65854 INFO tempest.lib.common.rest_client [req-bf279166-b17c-446a-b58a-2ff46123c4fd req-bf279166-b17c-446a-b58a-2ff46123c4fd ] Request (ServersTestMultiNic:test_verify_duplicate_network_nics): 200 GET http://10.180.1.21/compute/v2.1/servers/9d055439-796b-48a8-b99b-1d74c4beb653 0.118s
2024-12-10 16:13:37.951 65832 INFO tempest.lib.common.rest_client [req-1efa0393-b365-4a3e-b935-554cc2230cde req-1efa0393-b365-4a3e-b935-554cc2230cde ] Request (ServerPasswordTestJSON:tearDownClass): 200 GET http://10.180.1.21/compute/v2.1/servers/87e0118a-b9eb-4298-950c-495814102d8a 0.134s
2024-12-10 16:13:37.961 65810 INFO tempest.lib.common.rest_client [req-1a349604-ccef-4760-b400-c8af977e045d req-1a349604-ccef-4760-b400-c8af977e045d ] Request (ServerAddressesTestJSON:setUpClass): 200 GET http://10.180.1.21/compute/v2.1/servers/4610b1d4-7be5-4e97-b095-ad71263bc30a 0.126s
2024-12-10 16:13:38.022 65828 INFO tempest.lib.common.rest_client [req-1d11659d-17aa-42ec-8bf2-ab2091ac5010 req-1d11659d-17aa-42ec-8bf2-ab2091ac5010 ] Request (ServersAdminTestJSON:test_inject_network_info): 200 GET http://10.180.1.21/compute/v2.1/servers/9d4b8943-c1b3-46db-805f-e7195f8b3306 0.156s
2024-12-10 16:13:38.023 65802 INFO tempest.lib.common.rest_client [req-8d99ea53-352b-4b4f-87d6-995e2deeee2d req-8d99ea53-352b-4b4f-87d6-995e2deeee2d ] Request (ServerGroupTestJSON:test_create_server_with_scheduler_hint_group): 200 GET http://10.180.1.21/compute/v2.1/servers/4127cc73-1b70-44a1-9358-18158d610de4 0.136s
2024-12-10 16:13:38.079 65836 INFO tempest.lib.common.rest_client [req-11e4a1da-09e6-4147-8c3c-b2318e17cf5b req-11e4a1da-09e6-4147-8c3c-b2318e17cf5b ] Request (ListImageFiltersTestJSON:setUpClass): 200 GET http://10.180.1.21/compute/v2.1/images/3a39c72e-5fbb-4ae8-99b4-e7bd691e0dd0 0.155s
2024-12-10 16:13:38.096 65808 INFO tempest.lib.common.rest_client [req-a72620cf-8345-49a5-a9ff-9bf000f6ec36 req-a72620cf-8345-49a5-a9ff-9bf000f6ec36 ] Request (ServerActionsV293TestJSON:setUpClass): 200 GET http://10.180.1.21/volume/v3/volumes/ee445e62-9730-4813-9c27-18482c2b0817 0.039s
2024-12-10 16:13:38.129 65822 INFO tempest.lib.common.rest_client [req-f124974e-d054-4c44-bfda-109e7ff74a98 req-f124974e-d054-4c44-bfda-109e7ff74a98 ] Request (ServerMetadataTestJSON:tearDownClass): 200 GET http://10.180.1.21/compute/v2.1/servers/bcef837d-7a30-4c53-805c-f55b4b793d88 0.192s
2024-12-10 16:13:38.138 65850 INFO tempest.lib.common.rest_client [req-4352fedc-0641-432f-b878-b4de977f844b req-4352fedc-0641-432f-b878-b4de977f844b ] Request (AttachInterfacesTestJSON:test_create_list_show_delete_interfaces_by_fixed_ip): 200 GET http://10.180.1.21/compute/v2.1/servers/6af16382-5385-4bbf-8c7b-1f438f0e0261 0.152s
2024-12-10 16:13:38.201 65831 INFO tempest.lib.common.rest_client [req-fae43b56-9f68-4537-ab77-bc100ce64b85 req-fae43b56-9f68-4537-ab77-bc100ce64b85 ] Request (ImagesOneServerTestJSON:setUpClass): 200 GET http://10.180.1.21/compute/v2.1/servers/38c103b4-6244-4243-aa10-0a71c8c0e530 0.182s
2024-12-10 16:13:38.204 65796 INFO tempest.lib.common.rest_client [req-77c8e034-9130-49e9-8dd8-692bdfb9300f req-77c8e034-9130-49e9-8dd8-692bdfb9300f ] Request (ServerExternalEventsTest:tearDownClass): 200 GET http://10.180.1.21/compute/v2.1/servers/3aa8f348-e15b-43e0-96a0-a6fb6c57f00f 0.158s
2024-12-10 16:13:38.257 65820 INFO tempest.lib.common.rest_client [req-266ba1cb-fd38-4257-bc50-b6a7234e9789 req-266ba1cb-fd38-4257-bc50-b6a7234e9789 ] Request (SecurityGroupsTestJSON:test_server_security_groups): 200 GET http://10.180.1.21/compute/v2.1/servers/053160fc-4510-4394-b638-53fe0dbcb6e0 0.195s
2024-12-10 16:13:38.259 65800 INFO tempest.lib.common.rest_client [req-a02f687f-471f-4fcf-96e7-4675f78f08df req-a02f687f-471f-4fcf-96e7-4675f78f08df ] Request (ServersV294TestFqdnHostnames:setUpClass): 200 GET http://10.180.1.21/compute/v2.1/servers/2ec93312-17da-412b-9024-56d9d562612d 0.149s
2024-12-10 16:13:38.307 65814 INFO tempest.lib.common.rest_client [req-98e0dc36-89d2-4280-92d6-326fd65d61b3 req-98e0dc36-89d2-4280-92d6-326fd65d61b3 ] Request (VolumesAdminNegativeTest:test_update_attached_volume_with_nonexistent_volume_in_body): 200 GET http://10.180.1.21/compute/v2.1/servers/f0a4868a-0eea-4f93-98d0-c4a4f0070d42 0.071s
2024-12-10 16:13:38.311 65856 INFO tempest.lib.common.rest_client [req-294513de-5c4f-4cdf-ab76-a92b08d7a035 req-294513de-5c4f-4cdf-ab76-a92b08d7a035 ] Request (InstanceActionsNegativeTestJSON:setUpClass): 200 GET http://10.180.1.21/compute/v2.1/servers/dce2b238-171d-4ba3-bd58-93c9313aed15 0.129s
2024-12-10 16:13:38.365 65798 INFO tempest.lib.common.rest_client [req-7b6107c4-5c81-4795-bdb8-2094a801adf6 req-7b6107c4-5c81-4795-bdb8-2094a801adf6 ] Request (ImagesTestJSON:test_create_image_from_stopped_server): 200 GET http://10.180.1.21/compute/v2.1/servers/3c7eae93-232e-4a26-b5d1-9f34c83301d6 0.080s
2024-12-10 16:13:38.427 65852 INFO tempest.lib.common.rest_client [req-9886c313-b201-4ed2-b93c-9fad02383753 req-9886c313-b201-4ed2-b93c-9fad02383753 ] Request (DeleteServersAdminTestJSON:test_delete_server_while_in_error_state): 200 GET http://10.180.1.21/compute/v2.1/servers/38ec3326-e350-448f-98b5-e30cbe5e3864 0.131s
2024-12-10 16:13:38.440 65806 INFO tempest.lib.common.rest_client [req-dc240781-5031-48a6-bdbb-8a65a9281987 req-dc240781-5031-48a6-bdbb-8a65a9281987 ] Request (MigrationsAdminTest:test_list_migrations_in_flavor_resize_situation): 200 GET http://10.180.1.21/compute/v2.1/servers/23a23d42-fe67-446b-9203-826515fc848e 0.202s
2024-12-10 16:13:38.446 65806 INFO tempest.common.waiters [-] State transition "RESIZE/resize_migrating" ==> "RESIZE/resize_migrated" after 49 second wait
2024-12-10 16:13:38.590 65816 INFO tempest.lib.common.rest_client [req-d2959fca-5161-473f-adbd-9e5138da92a9 req-d2959fca-5161-473f-adbd-9e5138da92a9 ] Request (ServerActionsTestJSON:setUpClass): 200 GET http://10.180.1.21/compute/v2.1/servers/05e9ae8e-e533-4528-8c69-8fdef6f94774 0.107s
2024-12-10 16:13:38.775 65818 INFO tempest.lib.common.rest_client [req-5d759926-4834-4de7-9802-15df6b35723e req-5d759926-4834-4de7-9802-15df6b35723e ] Request (ServerShowV247Test:test_update_rebuild_list_server): 200 GET http://10.180.1.21/compute/v2.1/servers/72a17d6d-05e9-40e3-918a-01bf0af2bc11 0.061s
2024-12-10 16:13:38.780 65846 INFO tempest.lib.common.rest_client [req-0a75c23f-ba23-421a-af5e-07fbb8588e22 req-0a75c23f-ba23-421a-af5e-07fbb8588e22 ] Request (ImagesOneServerNegativeTestJSON:setUpClass): 200 GET http://10.180.1.21/compute/v2.1/servers/7c7053aa-118c-4374-abcb-e54c164ead34 0.110s
2024-12-10 16:13:38.787 65846 INFO tempest.common.waiters [-] State transition "BUILD/spawning" ==> "ACTIVE/None" after 52 second wait
2024-12-10 16:13:38.828 65827 INFO tempest.lib.common.rest_client [req-8cee0de1-7352-4f3b-a454-85f4a86e122c req-8cee0de1-7352-4f3b-a454-85f4a86e122c ] Request (ServerRescueNegativeTestJSON:setUpClass): 200 GET http://10.180.1.21/compute/v2.1/servers/e5f722a9-af55-43f3-8a70-f544f6bd82e1 0.098s
2024-12-10 16:13:38.836 65844 INFO tempest.lib.common.rest_client [req-85085590-f68c-4283-98fe-14500989d4a3 req-85085590-f68c-4283-98fe-14500989d4a3 ] Request (AttachVolumeShelveTestJSON:test_attach_volume_shelved_or_offload_server): 200 GET http://10.180.1.21/compute/v2.1/servers/fa7c2fd5-5046-4d00-a162-3e1ae5392798 0.064s
2024-12-10 16:13:38.878 65838 INFO tempest.lib.common.rest_client [req-d9bc2ec7-2c39-4987-bcb7-67b153bc7d74 req-d9bc2ec7-2c39-4987-bcb7-67b153bc7d74 ] Request (ServerDiskConfigTestJSON:test_rebuild_server_with_manual_disk_config): 200 GET http://10.180.1.21/compute/v2.1/servers/3884f29c-8a5d-4482-8679-117f3253522f 0.097s
2024-12-10 16:13:38.925 65824 INFO tempest.lib.common.rest_client [req-023f9757-14e5-46d5-a2d8-410ff7a49f7a req-023f9757-14e5-46d5-a2d8-410ff7a49f7a ] Request (InstanceActionsTestJSON:setUpClass): 200 GET http://10.180.1.21/compute/v2.1/servers/a31ad77d-308f-4a6f-beb0-1da4730e8ba9 0.087s
2024-12-10 16:13:38.928 65846 INFO tempest.lib.common.rest_client [req-73e29345-a649-4675-9f9f-1e91b7ec4f50 req-73e29345-a649-4675-9f9f-1e91b7ec4f50 ] Request (ImagesOneServerNegativeTestJSON:setUp): 200 GET http://10.180.1.21/compute/v2.1/servers/7c7053aa-118c-4374-abcb-e54c164ead34 0.140s
2024-12-10 16:13:38.976 65804 INFO tempest.lib.common.rest_client [req-3e7d2520-57bf-4524-88c0-600816d851e0 req-3e7d2520-57bf-4524-88c0-600816d851e0 ] Request (FloatingIPsAssociationTestJSON:test_associate_already_associated_floating_ip): 200 GET http://10.180.1.21/compute/v2.1/servers/c3e1cd1c-e809-44b4-9467-fd0e418ba5e1 0.085s
2024-12-10 16:13:38.983 65834 INFO tempest.lib.common.rest_client [req-a581ad9c-9738-4215-8237-5d95dfaec085 req-a581ad9c-9738-4215-8237-5d95dfaec085 ] Request (ServerRescueTestJSONUnderV235:tearDownClass): 200 GET http://10.180.1.21/compute/v2.1/servers/cc589df4-6e32-401a-987a-b9dc24d49947 0.144s
2024-12-10 16:13:38.988 65846 INFO tempest.lib.common.rest_client [req-90fe0313-64cf-46c9-9465-a23da96b42d2 req-90fe0313-64cf-46c9-9465-a23da96b42d2 ] Request (ImagesOneServerNegativeTestJSON:test_create_image_specify_invalid_metadata): 400 POST http://10.180.1.21/compute/v2.1/servers/7c7053aa-118c-4374-abcb-e54c164ead34/action 0.053s
2024-12-10 16:13:39.038 65854 INFO tempest.lib.common.rest_client [req-ad5fa574-f611-4430-9ca3-3fa13465f1ec req-ad5fa574-f611-4430-9ca3-3fa13465f1ec ] Request (ServersTestMultiNic:test_verify_duplicate_network_nics): 200 GET http://10.180.1.21/compute/v2.1/servers/9d055439-796b-48a8-b99b-1d74c4beb653 0.131s
2024-12-10 16:13:39.061 65832 INFO tempest.lib.common.rest_client [req-41c0cf30-8f35-45f1-ae22-d6fd6c1af156 req-41c0cf30-8f35-45f1-ae22-d6fd6c1af156 ] Request (ServerPasswordTestJSON:tearDownClass): 200 GET http://10.180.1.21/compute/v2.1/servers/87e0118a-b9eb-4298-950c-495814102d8a 0.102s
2024-12-10 16:13:39.112 65810 INFO tempest.lib.common.rest_client [req-60c9a03c-6fd8-4631-9025-f7c10124fb6f req-60c9a03c-6fd8-4631-9025-f7c10124fb6f ] Request (ServerAddressesTestJSON:setUpClass): 200 GET http://10.180.1.21/compute/v2.1/servers/4610b1d4-7be5-4e97-b095-ad71263bc30a 0.141s
2024-12-10 16:13:39.144 65808 INFO tempest.lib.common.rest_client [req-c899313f-e132-4432-801f-2fa62d8f66cb req-c899313f-e132-4432-801f-2fa62d8f66cb ] Request (ServerActionsV293TestJSON:setUpClass): 200 GET http://10.180.1.21/volume/v3/volumes/ee445e62-9730-4813-9c27-18482c2b0817 0.038s
2024-12-10 16:13:39.165 65802 INFO tempest.lib.common.rest_client [req-4b8798b5-fb74-4ada-89f6-f384e82ae55a req-4b8798b5-fb74-4ada-89f6-f384e82ae55a ] Request (ServerGroupTestJSON:test_create_server_with_scheduler_hint_group): 200 GET http://10.180.1.21/compute/v2.1/servers/4127cc73-1b70-44a1-9358-18158d610de4 0.132s
2024-12-10 16:13:39.170 65846 INFO tempest.lib.common.rest_client [req-310d09f4-fce7-4c86-b671-7aaa7b708c7a req-310d09f4-fce7-4c86-b671-7aaa7b708c7a ] Request (ImagesOneServerNegativeTestJSON:tearDown): 200 GET http://10.180.1.21/compute/v2.1/servers/7c7053aa-118c-4374-abcb-e54c164ead34 0.181s
2024-12-10 16:13:39.202 65836 INFO tempest.lib.common.rest_client [req-0390f35e-5ca5-4ec9-a959-2df2efd5eee0 req-0390f35e-5ca5-4ec9-a959-2df2efd5eee0 ] Request (ListImageFiltersTestJSON:setUpClass): 200 GET http://10.180.1.21/compute/v2.1/images/3a39c72e-5fbb-4ae8-99b4-e7bd691e0dd0 0.118s
2024-12-10 16:13:39.221 65828 INFO tempest.lib.common.rest_client [req-e3281001-e704-4757-9476-4d88d56cc2a7 req-e3281001-e704-4757-9476-4d88d56cc2a7 ] Request (ServersAdminTestJSON:test_inject_network_info): 200 GET http://10.180.1.21/compute/v2.1/servers/9d4b8943-c1b3-46db-805f-e7195f8b3306 0.186s
2024-12-10 16:13:39.262 65822 INFO tempest.lib.common.rest_client [req-a33c9075-f882-4d2a-b8d7-3938b6a62d22 req-a33c9075-f882-4d2a-b8d7-3938b6a62d22 ] Request (ServerMetadataTestJSON:tearDownClass): 200 GET http://10.180.1.21/compute/v2.1/servers/bcef837d-7a30-4c53-805c-f55b4b793d88 0.123s
2024-12-10 16:13:39.272 65850 INFO tempest.lib.common.rest_client [req-7a0afd0f-b565-44d1-8b36-f759597eeac2 req-7a0afd0f-b565-44d1-8b36-f759597eeac2 ] Request (AttachInterfacesTestJSON:test_create_list_show_delete_interfaces_by_fixed_ip): 200 GET http://10.180.1.21/compute/v2.1/servers/6af16382-5385-4bbf-8c7b-1f438f0e0261 0.122s
2024-12-10 16:13:39.322 65831 INFO tempest.lib.common.rest_client [req-17eeaf98-e74e-4566-9f06-c888f30b2630 req-17eeaf98-e74e-4566-9f06-c888f30b2630 ] Request (ImagesOneServerTestJSON:setUpClass): 200 GET http://10.180.1.21/compute/v2.1/servers/38c103b4-6244-4243-aa10-0a71c8c0e530 0.110s
2024-12-10 16:13:39.354 65846 INFO tempest.lib.common.rest_client [req-972c94fb-62b7-49e2-882b-48423d478eb9 req-972c94fb-62b7-49e2-882b-48423d478eb9 ] Request (ImagesOneServerNegativeTestJSON:setUp): 200 GET http://10.180.1.21/compute/v2.1/servers/7c7053aa-118c-4374-abcb-e54c164ead34 0.176s
2024-12-10 16:13:39.376 65796 INFO tempest.lib.common.rest_client [req-bdfda457-66d8-4497-aef8-9824577d5bb0 req-bdfda457-66d8-4497-aef8-9824577d5bb0 ] Request (ServerExternalEventsTest:tearDownClass): 200 GET http://10.180.1.21/compute/v2.1/servers/3aa8f348-e15b-43e0-96a0-a6fb6c57f00f 0.162s
2024-12-10 16:13:39.400 65820 INFO tempest.lib.common.rest_client [req-d8f93246-29ad-42c8-b2c7-5fdc530e5699 req-d8f93246-29ad-42c8-b2c7-5fdc530e5699 ] Request (SecurityGroupsTestJSON:test_server_security_groups): 200 GET http://10.180.1.21/compute/v2.1/servers/053160fc-4510-4394-b638-53fe0dbcb6e0 0.135s
2024-12-10 16:13:39.430 65800 INFO tempest.lib.common.rest_client [req-437e20a6-e0e4-44a4-8c00-5f9793a20af2 req-437e20a6-e0e4-44a4-8c00-5f9793a20af2 ] Request (ServersV294TestFqdnHostnames:setUpClass): 200 GET http://10.180.1.21/compute/v2.1/servers/2ec93312-17da-412b-9024-56d9d562612d 0.157s
2024-12-10 16:13:39.449 65814 INFO tempest.lib.common.rest_client [req-5f7e28bd-5db7-4130-9434-1986f084f3a2 req-5f7e28bd-5db7-4130-9434-1986f084f3a2 ] Request (VolumesAdminNegativeTest:test_update_attached_volume_with_nonexistent_volume_in_body): 200 GET http://10.180.1.21/compute/v2.1/servers/f0a4868a-0eea-4f93-98d0-c4a4f0070d42 0.134s
2024-12-10 16:13:39.455 65846 INFO tempest.lib.common.rest_client [req-65988bdb-6017-40f7-bf0f-43ff454a2b60 req-65988bdb-6017-40f7-bf0f-43ff454a2b60 ] Request (ImagesOneServerNegativeTestJSON:test_create_image_specify_metadata_over_limits): 400 POST http://10.180.1.21/compute/v2.1/servers/7c7053aa-118c-4374-abcb-e54c164ead34/action 0.094s
2024-12-10 16:13:39.481 65856 INFO tempest.lib.common.rest_client [req-0f98e41b-76a5-4123-a4e8-77ea9798f6ed req-0f98e41b-76a5-4123-a4e8-77ea9798f6ed ] Request (InstanceActionsNegativeTestJSON:setUpClass): 200 GET http://10.180.1.21/compute/v2.1/servers/dce2b238-171d-4ba3-bd58-93c9313aed15 0.162s
2024-12-10 16:13:39.515 65798 INFO tempest.lib.common.rest_client [req-42b78854-7a6c-43cd-a1f0-4d9afcb0e25c req-42b78854-7a6c-43cd-a1f0-4d9afcb0e25c ] Request (ImagesTestJSON:test_create_image_from_stopped_server): 200 GET http://10.180.1.21/compute/v2.1/servers/3c7eae93-232e-4a26-b5d1-9f34c83301d6 0.143s
2024-12-10 16:13:39.543 65852 INFO tempest.lib.common.rest_client [req-d6646c7f-6443-43c0-bad3-1ac88d355244 req-d6646c7f-6443-43c0-bad3-1ac88d355244 ] Request (DeleteServersAdminTestJSON:test_delete_server_while_in_error_state): 200 GET http://10.180.1.21/compute/v2.1/servers/38ec3326-e350-448f-98b5-e30cbe5e3864 0.108s
2024-12-10 16:13:39.691 65806 INFO tempest.lib.common.rest_client [req-b8205846-b6d9-4469-9ffb-de3b492c5e07 req-b8205846-b6d9-4469-9ffb-de3b492c5e07 ] Request (MigrationsAdminTest:test_list_migrations_in_flavor_resize_situation): 200 GET http://10.180.1.21/compute/v2.1/servers/23a23d42-fe67-446b-9203-826515fc848e 0.243s
2024-12-10 16:13:39.753 65846 INFO tempest.lib.common.rest_client [req-ccdf43fe-f48a-4cdd-b270-e5e7c8a71282 req-ccdf43fe-f48a-4cdd-b270-e5e7c8a71282 ] Request (ImagesOneServerNegativeTestJSON:tearDown): 200 GET http://10.180.1.21/compute/v2.1/servers/7c7053aa-118c-4374-abcb-e54c164ead34 0.296s
2024-12-10 16:13:39.880 65816 INFO tempest.lib.common.rest_client [req-a06ac36e-f23b-4c53-9f67-1ab5f5e5224a req-a06ac36e-f23b-4c53-9f67-1ab5f5e5224a ] Request (ServerActionsTestJSON:setUpClass): 200 GET http://10.180.1.21/compute/v2.1/servers/05e9ae8e-e533-4528-8c69-8fdef6f94774 0.282s
2024-12-10 16:13:39.907 65846 INFO tempest.lib.common.rest_client [req-87a13499-d6af-4cfd-8931-41109a114bc1 req-87a13499-d6af-4cfd-8931-41109a114bc1 ] Request (ImagesOneServerNegativeTestJSON:setUp): 200 GET http://10.180.1.21/compute/v2.1/servers/7c7053aa-118c-4374-abcb-e54c164ead34 0.143s
2024-12-10 16:13:39.971 65827 INFO tempest.lib.common.rest_client [req-19eb07da-5e56-4d6c-8316-b681c5c76e01 req-19eb07da-5e56-4d6c-8316-b681c5c76e01 ] Request (ServerRescueNegativeTestJSON:setUpClass): 200 GET http://10.180.1.21/compute/v2.1/servers/e5f722a9-af55-43f3-8a70-f544f6bd82e1 0.137s
2024-12-10 16:13:39.975 65818 INFO tempest.lib.common.rest_client [req-b3a70928-0290-41d2-b004-ded35a6d491c req-b3a70928-0290-41d2-b004-ded35a6d491c ] Request (ServerShowV247Test:test_update_rebuild_list_server): 200 GET http://10.180.1.21/compute/v2.1/servers/72a17d6d-05e9-40e3-918a-01bf0af2bc11 0.191s
2024-12-10 16:13:39.991 65818 INFO tempest.common.waiters [-] State transition "BUILD/spawning" ==> "ACTIVE/None" after 52 second wait
2024-12-10 16:13:40.042 65844 INFO tempest.lib.common.rest_client [req-380df73a-23b7-48d4-9884-2c5409bb7274 req-380df73a-23b7-48d4-9884-2c5409bb7274 ] Request (AttachVolumeShelveTestJSON:test_attach_volume_shelved_or_offload_server): 200 GET http://10.180.1.21/compute/v2.1/servers/fa7c2fd5-5046-4d00-a162-3e1ae5392798 0.194s
2024-12-10 16:13:40.045 65838 INFO tempest.lib.common.rest_client [req-fe63f41a-cbaa-477f-83d8-02365d46242d req-fe63f41a-cbaa-477f-83d8-02365d46242d ] Request (ServerDiskConfigTestJSON:test_rebuild_server_with_manual_disk_config): 200 GET http://10.180.1.21/compute/v2.1/servers/3884f29c-8a5d-4482-8679-117f3253522f 0.160s
2024-12-10 16:13:40.048 65846 INFO tempest.lib.common.rest_client [req-52a987ae-f1d1-4465-9b2a-d9855121bab5 req-52a987ae-f1d1-4465-9b2a-d9855121bab5 ] Request (ImagesOneServerNegativeTestJSON:test_create_image_specify_name_over_character_limit): 400 POST http://10.180.1.21/compute/v2.1/servers/7c7053aa-118c-4374-abcb-e54c164ead34/action 0.127s
2024-12-10 16:13:40.113 65824 INFO tempest.lib.common.rest_client [req-64cdfdc4-2b0e-4f3d-bc3b-089e120b2c30 req-64cdfdc4-2b0e-4f3d-bc3b-089e120b2c30 ] Request (InstanceActionsTestJSON:setUpClass): 200 GET http://10.180.1.21/compute/v2.1/servers/a31ad77d-308f-4a6f-beb0-1da4730e8ba9 0.182s
2024-12-10 16:13:40.116 65804 INFO tempest.lib.common.rest_client [req-58068bf4-fd45-4741-b9bd-cca013ac8c89 req-58068bf4-fd45-4741-b9bd-cca013ac8c89 ] Request (FloatingIPsAssociationTestJSON:test_associate_already_associated_floating_ip): 200 GET http://10.180.1.21/compute/v2.1/servers/c3e1cd1c-e809-44b4-9467-fd0e418ba5e1 0.133s
2024-12-10 16:13:40.176 65834 INFO tempest.lib.common.rest_client [req-f9dafc9f-4b11-4094-842c-4ae8db6601ca req-f9dafc9f-4b11-4094-842c-4ae8db6601ca ] Request (ServerRescueTestJSONUnderV235:tearDownClass): 200 GET http://10.180.1.21/compute/v2.1/servers/cc589df4-6e32-401a-987a-b9dc24d49947 0.186s
2024-12-10 16:13:40.187 65808 INFO tempest.lib.common.rest_client [req-f7c1de0f-1bba-44ae-a615-cfa6c81b8a60 req-f7c1de0f-1bba-44ae-a615-cfa6c81b8a60 ] Request (ServerActionsV293TestJSON:setUpClass): 200 GET http://10.180.1.21/volume/v3/volumes/ee445e62-9730-4813-9c27-18482c2b0817 0.036s
2024-12-10 16:13:40.275 65818 INFO tempest.lib.common.rest_client [req-ad06936f-534a-404e-9a77-2111598ea42d req-ad06936f-534a-404e-9a77-2111598ea42d ] Request (ServerShowV247Test:test_update_rebuild_list_server): 202 POST http://10.180.1.21/compute/v2.1/servers/72a17d6d-05e9-40e3-918a-01bf0af2bc11/action 0.283s
2024-12-10 16:13:40.285 65846 INFO tempest.lib.common.rest_client [req-4a78bd90-c5b1-425a-aeca-10f119813ce5 req-4a78bd90-c5b1-425a-aeca-10f119813ce5 ] Request (ImagesOneServerNegativeTestJSON:tearDown): 200 GET http://10.180.1.21/compute/v2.1/servers/7c7053aa-118c-4374-abcb-e54c164ead34 0.236s
2024-12-10 16:13:40.328 65854 INFO tempest.lib.common.rest_client [req-6cab8f8d-2966-4e92-9d07-33edb336ed58 req-6cab8f8d-2966-4e92-9d07-33edb336ed58 ] Request (ServersTestMultiNic:test_verify_duplicate_network_nics): 200 GET http://10.180.1.21/compute/v2.1/servers/9d055439-796b-48a8-b99b-1d74c4beb653 0.276s
2024-12-10 16:13:40.350 65832 INFO tempest.lib.common.rest_client [req-28e05b2e-6e1b-4100-94f2-362c7f9001eb req-28e05b2e-6e1b-4100-94f2-362c7f9001eb ] Request (ServerPasswordTestJSON:tearDownClass): 200 GET http://10.180.1.21/compute/v2.1/servers/87e0118a-b9eb-4298-950c-495814102d8a 0.281s
2024-12-10 16:13:40.385 65810 INFO tempest.lib.common.rest_client [req-76b28994-b7e3-4b7d-8c92-5297d30147e1 req-76b28994-b7e3-4b7d-8c92-5297d30147e1 ] Request (ServerAddressesTestJSON:setUpClass): 200 GET http://10.180.1.21/compute/v2.1/servers/4610b1d4-7be5-4e97-b095-ad71263bc30a 0.265s
