2024-12-10 16:13:28.580 65834 INFO tempest.common.waiters [-] State transition "RESCUE/deleting" ==> "DELETED/None" after 4 second wait
2024-12-10 16:13:28.632 65858 INFO tempest.lib.common.rest_client [req-3246fde0-d22e-4213-be23-2159ef79161c req-3246fde0-d22e-4213-be23-2159ef79161c ] Request (FloatingIPDetailsNegativeTestJSON:tearDownClass): 200 GET http://10.180.1.21:9696/networking/v2.0/security-groups?tenant_id=bf100e3e936f4e778b684029b6221eaf&name=default 0.073s
2024-12-10 16:13:28.649 65854 INFO tempest.lib.common.rest_client [req-f74568e0-0555-47e9-90ea-120342388332 req-f74568e0-0555-47e9-90ea-120342388332 ] Request (ServersTestMultiNic:test_verify_duplicate_network_nics): 200 GET http://10.180.1.21/compute/v2.1/servers/9d055439-796b-48a8-b99b-1d74c4beb653 0.747s
2024-12-10 16:13:28.667 65802 INFO tempest.lib.common.rest_client [req-9d66f9a1-5095-4385-9a96-7bbc43254691 req-9d66f9a1-5095-4385-9a96-7bbc43254691 ] Request (ServerGroupTestJSON:test_create_delete_server_group_with_anti_affinity_policy): 200 GET http://10.180.1.21/compute/v2.1/os-server-groups 0.689s
2024-12-10 16:13:28.725 65808 INFO tempest.lib.common.rest_client [req-912b06e6-54f0-4ac7-b04a-f224344eecf5 req-912b06e6-54f0-4ac7-b04a-f224344eecf5 ] Request (ServerActionsV293TestJSON:setUpClass): 201 POST http://10.180.1.21:9696/networking/v2.0/floatingips 1.087s
2024-12-10 16:13:28.730 65810 INFO tempest.lib.common.rest_client [req-b9835c81-d5ae-474d-b32b-44d348b410ac req-b9835c81-d5ae-474d-b32b-44d348b410ac ] Request (ServerAddressesTestJSON:setUpClass): 200 GET http://10.180.1.21/compute/v2.1/servers/4610b1d4-7be5-4e97-b095-ad71263bc30a 0.699s
2024-12-10 16:13:28.759 65802 INFO tempest.lib.common.rest_client [req-bb6d1dcc-a383-4ccd-b824-218c8b87892e req-bb6d1dcc-a383-4ccd-b824-218c8b87892e ] Request (ServerGroupTestJSON:test_create_server_with_scheduler_hint_group): 201 POST http://10.180.1.21/identity/v3/auth/tokens 0.084s
2024-12-10 16:13:28.760 65802 INFO tempest.lib.common.fixed_network [-] (ServerGroupTestJSON:test_create_server_with_scheduler_hint_group) Found network {'id': '5ea2818f-9f82-4bb6-89f7-8b08a186db19', 'name': 'tempest-ServerGroupTestJSON-41394098-network', 'tenant_id': '7dc1c0d392204492b4597861fc25bf8e', 'admin_state_up': True, 'mtu': 8950, 'status': 'ACTIVE', 'subnets': [], 'shared': False, 'project_id': '7dc1c0d392204492b4597861fc25bf8e', 'port_security_enabled': True, 'router:external': False, 'provider:network_type': 'vlan', 'provider:physical_network': 'default', 'provider:segmentation_id': 949, 'availability_zone_hints': [], 'availability_zones': [], 'ipv4_address_scope': None, 'ipv6_address_scope': None, 'description': '', 'tags': [], 'created_at': '2024-12-10T16:13:05Z', 'updated_at': '2024-12-10T16:13:05Z', 'revision_number': 1} available for tenant
2024-12-10 16:13:28.772 65858 INFO tempest.lib.common.rest_client [req-becc64d3-9d64-477f-8ae5-f1c77dce6167 req-becc64d3-9d64-477f-8ae5-f1c77dce6167 ] Request (FloatingIPDetailsNegativeTestJSON:tearDownClass): 204 DELETE http://10.180.1.21:9696/networking/v2.0/security-groups/40b64b4c-348e-4a18-bd03-339a50a9dd5d 0.139s
2024-12-10 16:13:28.778 65832 INFO tempest.lib.common.rest_client [req-23f2f572-1db6-43ac-9b5f-6e9eb7974f55 req-23f2f572-1db6-43ac-9b5f-6e9eb7974f55 ] Request (ServerPasswordTestJSON:setUpClass): 200 GET http://10.180.1.21/compute/v2.1/servers/87e0118a-b9eb-4298-950c-495814102d8a 0.892s
2024-12-10 16:13:28.779 65836 INFO tempest.lib.common.rest_client [req-1a376410-bab9-40fd-ae6b-1dc8963ed615 req-1a376410-bab9-40fd-ae6b-1dc8963ed615 ] Request (ListImageFiltersTestJSON:setUpClass): 200 GET http://10.180.1.21/compute/v2.1/images/84037a98-58de-47e2-b30e-a0607d7ff87e 0.695s
2024-12-10 16:13:28.785 65832 INFO tempest.common.waiters [-] State transition "BUILD/spawning" ==> "ACTIVE/None" after 51 second wait
2024-12-10 16:13:28.816 65808 INFO tempest.lib.common.rest_client [req-e6e3c480-55a3-4006-829e-01391141a5c1 req-e6e3c480-55a3-4006-829e-01391141a5c1 ] Request (ServerActionsV293TestJSON:setUpClass): 201 POST http://10.180.1.21/identity/v3/auth/tokens 0.088s
2024-12-10 16:13:28.816 65808 INFO tempest.lib.common.fixed_network [-] (ServerActionsV293TestJSON:setUpClass) Found network {'id': '73a4d67b-5281-4701-a386-8f23e6912bca', 'name': 'tempest-ServerActionsV293TestJSON-1341062506-network', 'tenant_id': '80408e9746a94f0cb4376729d1b16841', 'admin_state_up': True, 'mtu': 8950, 'status': 'ACTIVE', 'subnets': [], 'shared': False, 'project_id': '80408e9746a94f0cb4376729d1b16841', 'port_security_enabled': True, 'router:external': False, 'provider:network_type': 'vlan', 'provider:physical_network': 'default', 'provider:segmentation_id': 602, 'availability_zone_hints': [], 'availability_zones': [], 'ipv4_address_scope': None, 'ipv6_address_scope': None, 'description': '', 'tags': [], 'created_at': '2024-12-10T16:13:18Z', 'updated_at': '2024-12-10T16:13:18Z', 'revision_number': 1} available for tenant
2024-12-10 16:13:28.853 65828 INFO tempest.lib.common.rest_client [req-f788c14f-2506-4ea6-b4e1-892feb2b3348 req-f788c14f-2506-4ea6-b4e1-892feb2b3348 ] Request (ServersAdminTestJSON:test_inject_network_info): 200 GET http://10.180.1.21/compute/v2.1/servers/9d4b8943-c1b3-46db-805f-e7195f8b3306 0.596s
2024-12-10 16:13:28.877 65822 INFO tempest.lib.common.rest_client [req-9acf3d09-36f2-49cd-b0bd-0e7a5e8caa7b req-9acf3d09-36f2-49cd-b0bd-0e7a5e8caa7b ] Request (ServerMetadataTestJSON:setUp): 200 PUT http://10.180.1.21/compute/v2.1/servers/bcef837d-7a30-4c53-805c-f55b4b793d88/metadata 0.758s
2024-12-10 16:13:28.902 65858 INFO tempest.lib.common.rest_client [req-6a21a141-83b9-4f55-8477-8f7a5fef54ed req-6a21a141-83b9-4f55-8477-8f7a5fef54ed ] Request (FloatingIPDetailsNegativeTestJSON:tearDownClass): 204 DELETE http://10.180.1.21/identity/v3/projects/bf100e3e936f4e778b684029b6221eaf 0.129s
2024-12-10 16:13:28.972 65858 INFO tempest.lib.common.rest_client [req-8a2c0367-448c-4e5d-8923-be1098750bfa req-8a2c0367-448c-4e5d-8923-be1098750bfa ] Request (ListImageFiltersNegativeTestJSON:setUpClass): 201 POST http://10.180.1.21/identity/v3/auth/tokens 0.067s
2024-12-10 16:13:29.027 65858 INFO tempest.lib.common.rest_client [req-e9d08e17-a0be-4a36-ba24-e0f3e6723951 req-e9d08e17-a0be-4a36-ba24-e0f3e6723951 ] Request (ListImageFiltersNegativeTestJSON:setUpClass): 201 POST http://10.180.1.21/identity/v3/auth/tokens 0.052s
2024-12-10 16:13:29.040 65820 INFO tempest.lib.common.rest_client [req-3888b18e-f0b6-48e5-b9a5-fa6a951015f6 req-3888b18e-f0b6-48e5-b9a5-fa6a951015f6 ] Request (SecurityGroupsTestJSON:test_security_groups_create_list_delete): 202 DELETE http://10.180.1.21/compute/v2.1/os-security-groups/78e0f7b3-e99b-407f-a840-0319e571c8d7 0.655s
2024-12-10 16:13:29.066 65858 INFO tempest.lib.common.rest_client [req-6351a105-fc32-48e4-a85d-1f70c2146fa3 req-6351a105-fc32-48e4-a85d-1f70c2146fa3 ] Request (ListImageFiltersNegativeTestJSON:setUpClass): 200 GET http://10.180.1.21/identity/v3/domains?name=Default 0.038s
2024-12-10 16:13:29.115 65858 INFO tempest.lib.common.rest_client [req-0498ccef-305c-4532-9bcd-896668539ed4 req-0498ccef-305c-4532-9bcd-896668539ed4 ] Request (ListImageFiltersNegativeTestJSON:setUpClass): 201 POST http://10.180.1.21/identity/v3/projects 0.049s
2024-12-10 16:13:29.179 65796 INFO tempest.lib.common.rest_client [req-5e68e5a5-9335-4f6d-8b2e-27ebe13faa45 req-5e68e5a5-9335-4f6d-8b2e-27ebe13faa45 ] Request (ServerExternalEventsTest:tearDownClass): 200 GET http://10.180.1.21/compute/v2.1/servers/3aa8f348-e15b-43e0-96a0-a6fb6c57f00f 0.622s
2024-12-10 16:13:29.209 65858 INFO tempest.lib.common.rest_client [req-20a630ba-947f-44c8-941e-d6ceddaf51cd req-20a630ba-947f-44c8-941e-d6ceddaf51cd ] Request (ListImageFiltersNegativeTestJSON:setUpClass): 201 POST http://10.180.1.21/identity/v3/users 0.093s
2024-12-10 16:13:29.221 65806 INFO tempest.lib.common.rest_client [req-d8582132-8399-4f6a-a503-e23d85c2d537 req-d8582132-8399-4f6a-a503-e23d85c2d537 ] Request (MigrationsAdminTest:test_list_migrations_in_flavor_resize_situation): 200 GET http://10.180.1.21/compute/v2.1/servers/23a23d42-fe67-446b-9203-826515fc848e 0.794s
2024-12-10 16:13:29.245 65858 INFO tempest.lib.common.rest_client [req-584332ab-aff1-48a6-94c5-8679d11f22de req-584332ab-aff1-48a6-94c5-8679d11f22de ] Request (ListImageFiltersNegativeTestJSON:setUpClass): 200 GET http://10.180.1.21/identity/v3/roles 0.036s
2024-12-10 16:13:29.282 65850 INFO tempest.lib.common.rest_client [req-52ab593a-c68d-4a1f-a807-ccaf29ac7504 req-52ab593a-c68d-4a1f-a807-ccaf29ac7504 ] Request (AttachInterfacesTestJSON:test_create_list_show_delete_interfaces_by_fixed_ip): 200 GET http://10.180.1.21/compute/v2.1/servers/6af16382-5385-4bbf-8c7b-1f438f0e0261 0.643s
2024-12-10 16:13:29.293 65858 INFO tempest.lib.common.rest_client [req-2ef06054-c4d7-4a6b-8ae7-644302067c98 req-2ef06054-c4d7-4a6b-8ae7-644302067c98 ] Request (ListImageFiltersNegativeTestJSON:setUpClass): 204 PUT http://10.180.1.21/identity/v3/projects/82ee66a4dbcc4c11a62abec9c834f3a3/users/c646304c60574e008eef387d07f5f382/roles/125d06c5d1af44d2a7077e1f43584936 0.047s
2024-12-10 16:13:29.293 65858 INFO tempest.lib.common.dynamic_creds [-] Dynamic test user c646304c60574e008eef387d07f5f382 is created with scope project and roles: ['member']
2024-12-10 16:13:29.293 65858 INFO tempest.lib.common.dynamic_creds [-] Acquired dynamic creds: credentials: Credentials: {'domain_id': 'default', 'domain_name': 'Default', 'username': 'tempest-ListImageFiltersNegativeTestJSON-733260973-project-member', 'project_domain_id': 'default', 'project_domain_name': 'Default', 'project_id': '82ee66a4dbcc4c11a62abec9c834f3a3', 'project_name': 'tempest-ListImageFiltersNegativeTestJSON-733260973', 'tenant_id': '82ee66a4dbcc4c11a62abec9c834f3a3', 'tenant_name': 'tempest-ListImageFiltersNegativeTestJSON-733260973', 'user_domain_id': 'default', 'user_domain_name': 'Default', 'user_id': 'c646304c60574e008eef387d07f5f382', 'system': None}, Network: None, Subnet: None, Router: None
2024-12-10 16:13:29.294 65858 INFO tempest.lib.common.dynamic_creds [-] Created isolated network resources for: credentials: Credentials: {'domain_id': 'default', 'domain_name': 'Default', 'username': 'tempest-ListImageFiltersNegativeTestJSON-733260973-project-member', 'project_domain_id': 'default', 'project_domain_name': 'Default', 'project_id': '82ee66a4dbcc4c11a62abec9c834f3a3', 'project_name': 'tempest-ListImageFiltersNegativeTestJSON-733260973', 'tenant_id': '82ee66a4dbcc4c11a62abec9c834f3a3', 'tenant_name': 'tempest-ListImageFiltersNegativeTestJSON-733260973', 'user_domain_id': 'default', 'user_domain_name': 'Default', 'user_id': 'c646304c60574e008eef387d07f5f382', 'system': None}, Network: None, Subnet: None, Router: None
2024-12-10 16:13:29.395 65858 INFO tempest.lib.common.rest_client [req-e57e3737-4fcb-406f-b129-e23ec0c737b1 req-e57e3737-4fcb-406f-b129-e23ec0c737b1 ] Request (ListImageFiltersNegativeTestJSON:setUpClass): 201 POST http://10.180.1.21/identity/v3/auth/tokens 0.096s
2024-12-10 16:13:29.527 65800 INFO tempest.lib.common.rest_client [req-160fe01d-38e7-4cbd-8510-4edf6b977773 req-160fe01d-38e7-4cbd-8510-4edf6b977773 ] Request (ServersV294TestFqdnHostnames:setUpClass): 200 GET http://10.180.1.21/compute/v2.1/servers/2ec93312-17da-412b-9024-56d9d562612d 0.801s
2024-12-10 16:13:29.571 65836 INFO tempest.lib.common.rest_client [req-958cfd64-e976-4289-b292-998a7dd67117 req-958cfd64-e976-4289-b292-998a7dd67117 ] Request (ListImageFiltersTestJSON:setUpClass): 200 GET http://10.180.1.21/compute/v2.1/images/84037a98-58de-47e2-b30e-a0607d7ff87e 0.788s
2024-12-10 16:13:29.591 65848 WARNING tempest.lib.common.ssh [-] Failed to establish authenticated ssh connection to cirros@10.180.180.224 ([Errno None] Unable to connect to port 22 on 10.180.180.224). Number attempts: 7. Retry after 8 seconds.: paramiko.ssh_exception.NoValidConnectionsError: [Errno None] Unable to connect to port 22 on 10.180.180.224
2024-12-10 16:13:29.643 65808 INFO tempest.lib.common.rest_client [req-213b8d90-c656-4a8e-a365-5edfa75ef138 req-213b8d90-c656-4a8e-a365-5edfa75ef138 ] Request (ServerActionsV293TestJSON:setUpClass): 202 POST http://10.180.1.21/volume/v3/volumes 0.826s
2024-12-10 16:13:29.651 65832 INFO tempest.lib.common.rest_client [req-8ff05059-b56a-454b-afcc-9f26ec4f6df4 req-8ff05059-b56a-454b-afcc-9f26ec4f6df4 ] Request (ServerPasswordTestJSON:test_delete_server_password): 204 DELETE http://10.180.1.21/compute/v2.1/servers/87e0118a-b9eb-4298-950c-495814102d8a/os-server-password 0.864s
2024-12-10 16:13:29.710 65808 INFO tempest.lib.common.rest_client [req-f7d0b0be-674e-4920-93b3-c5d6a5619fe7 req-f7d0b0be-674e-4920-93b3-c5d6a5619fe7 ] Request (ServerActionsV293TestJSON:setUpClass): 200 GET http://10.180.1.21/volume/v3/volumes/ee445e62-9730-4813-9c27-18482c2b0817 0.058s
2024-12-10 16:13:29.746 65822 INFO tempest.lib.common.rest_client [req-2a803fbe-ae26-46e0-b400-b4a8cd1c973d req-2a803fbe-ae26-46e0-b400-b4a8cd1c973d ] Request (ServerMetadataTestJSON:test_update_server_metadata): 200 POST http://10.180.1.21/compute/v2.1/servers/bcef837d-7a30-4c53-805c-f55b4b793d88/metadata 0.867s
2024-12-10 16:13:29.848 65852 INFO tempest.lib.common.rest_client [req-9a491630-7d18-461d-99e5-94ab9d49cdb4 req-9a491630-7d18-461d-99e5-94ab9d49cdb4 ] Request (DeleteServersAdminTestJSON:test_delete_server_while_in_error_state): 200 GET http://10.180.1.21/compute/v2.1/servers/38ec3326-e350-448f-98b5-e30cbe5e3864 0.938s
2024-12-10 16:13:29.856 65852 INFO tempest.common.waiters [-] State transition "ERROR/deleting" ==> "DELETED/None" after 4 second wait
2024-12-10 16:13:30.069 65802 INFO tempest.lib.common.rest_client [req-987e8299-ad03-4c17-8350-be256d2fe3e8 req-987e8299-ad03-4c17-8350-be256d2fe3e8 ] Request (ServerGroupTestJSON:test_create_server_with_scheduler_hint_group): 202 POST http://10.180.1.21/compute/v2.1/servers 1.309s
2024-12-10 16:13:30.112 65820 INFO tempest.lib.common.rest_client [req-c0679a20-2d1d-4b89-826f-02badb2600eb req-c0679a20-2d1d-4b89-826f-02badb2600eb ] Request (SecurityGroupsTestJSON:test_security_groups_create_list_delete): 404 GET http://10.180.1.21/compute/v2.1/os-security-groups/78e0f7b3-e99b-407f-a840-0319e571c8d7 1.072s
2024-12-10 16:13:30.188 65856 INFO tempest.lib.common.rest_client [req-ef9bdc33-be0a-443f-b3f9-392c2a8d9812 req-ef9bdc33-be0a-443f-b3f9-392c2a8d9812 ] Request (InstanceActionsNegativeTestJSON:setUpClass): 200 GET http://10.180.1.21/compute/v2.1/servers/dce2b238-171d-4ba3-bd58-93c9313aed15 1.111s
2024-12-10 16:13:30.258 65816 INFO tempest.lib.common.rest_client [req-f8ffb2be-6e57-4b67-a844-35d998c7859b req-f8ffb2be-6e57-4b67-a844-35d998c7859b ] Request (ServerActionsTestJSON:setUpClass): 200 GET http://10.180.1.21/compute/v2.1/servers/05e9ae8e-e533-4528-8c69-8fdef6f94774 1.043s
2024-12-10 16:13:30.316 65814 INFO tempest.lib.common.rest_client [req-26e34395-345f-423c-8b17-8a0f9e15e2a8 req-26e34395-345f-423c-8b17-8a0f9e15e2a8 ] Request (VolumesAdminNegativeTest:test_update_attached_volume_with_nonexistent_volume_in_body): 200 GET http://10.180.1.21/compute/v2.1/servers/f0a4868a-0eea-4f93-98d0-c4a4f0070d42 1.023s
2024-12-10 16:13:30.331 65846 INFO tempest.lib.common.rest_client [req-aecf1d23-0317-46e9-975b-8831f1ab9e5c req-aecf1d23-0317-46e9-975b-8831f1ab9e5c ] Request (ImagesOneServerNegativeTestJSON:setUpClass): 200 GET http://10.180.1.21/compute/v2.1/servers/7c7053aa-118c-4374-abcb-e54c164ead34 1.383s
2024-12-10 16:13:30.340 65844 INFO tempest.lib.common.rest_client [req-31fc5862-a8c4-40ca-aaa1-17100c7d169d req-31fc5862-a8c4-40ca-aaa1-17100c7d169d ] Request (ValidationResourcesFixture:setUp): 201 POST http://10.180.1.21:9696/networking/v2.0/floatingips 1.832s
2024-12-10 16:13:30.383 65824 INFO tempest.lib.common.rest_client [req-b15f96ee-04bb-447e-a54e-7a363188b320 req-b15f96ee-04bb-447e-a54e-7a363188b320 ] Request (InstanceActionsTestJSON:setUpClass): 200 PUT http://10.180.1.21:9696/networking/v2.0/routers/bd611747-d099-45a4-a169-e3f28da1e253/add_router_interface 3.054s
2024-12-10 16:13:30.383 65824 INFO tempest.lib.common.dynamic_creds [-] Created isolated network resources for: credentials: Credentials: {'domain_id': 'default', 'domain_name': 'Default', 'username': 'tempest-InstanceActionsTestJSON-1859285735-project-member', 'project_domain_id': 'default', 'project_domain_name': 'Default', 'project_id': 'a4a30ae0510c4e6d9778691d6f1079cf', 'project_name': 'tempest-InstanceActionsTestJSON-1859285735', 'tenant_id': 'a4a30ae0510c4e6d9778691d6f1079cf', 'tenant_name': 'tempest-InstanceActionsTestJSON-1859285735', 'user_domain_id': 'default', 'user_domain_name': 'Default', 'user_id': '3c78105c845d49f0903ffa39150d7456', 'system': None}, Network: {'id': '453f102a-c9d7-4c42-a695-5b3e9f4b73e6', 'name': 'tempest-InstanceActionsTestJSON-761018564-network', 'tenant_id': 'a4a30ae0510c4e6d9778691d6f1079cf', 'admin_state_up': True, 'mtu': 8950, 'status': 'ACTIVE', 'subnets': [], 'shared': False, 'project_id': 'a4a30ae0510c4e6d9778691d6f1079cf', 'port_security_enabled': True, 'router:external': False, 'provider:network_type': 'vlan', 'provider:physical_network': 'default', 'provider:segmentation_id': 710, 'availability_zone_hints': [], 'availability_zones': [], 'ipv4_address_scope': None, 'ipv6_address_scope': None, 'description': '', 'tags': [], 'created_at': '2024-12-10T16:13:23Z', 'updated_at': '2024-12-10T16:13:23Z', 'revision_number': 1}, Subnet: {'id': '2dfa1a7f-b078-4824-9352-88a0bff205de', 'name': 'tempest-InstanceActionsTestJSON-761018564-subnet', 'tenant_id': 'a4a30ae0510c4e6d9778691d6f1079cf', 'network_id': '453f102a-c9d7-4c42-a695-5b3e9f4b73e6', 'ip_version': 4, 'subnetpool_id': None, 'enable_dhcp': True, 'ipv6_ra_mode': None, 'ipv6_address_mode': None, 'gateway_ip': '192.168.128.1', 'cidr': '192.168.128.0/28', 'allocation_pools': [{'start': '192.168.128.2', 'end': '192.168.128.14'}], 'host_routes': [], 'dns_nameservers': [], 'description': '', 'router:external': False, 'service_types': [], 'tags': [], 'created_at': '2024-12-10T16:13:23Z', 'updated_at': '2024-12-10T16:13:23Z', 'revision_number': 0, 'project_id': 'a4a30ae0510c4e6d9778691d6f1079cf'}, Router: {'id': 'bd611747-d099-45a4-a169-e3f28da1e253', 'name': 'tempest-InstanceActionsTestJSON-761018564-router', 'tenant_id': 'a4a30ae0510c4e6d9778691d6f1079cf', 'admin_state_up': True, 'status': 'ACTIVE', 'external_gateway_info': {'network_id': '5295b232-df9f-4901-8a29-a03fd6e6fe95', 'external_fixed_ips': [{'subnet_id': '0b48a5b2-db5d-4139-8ff8-6e6381443195', 'ip_address': '10.180.180.206'}], 'enable_snat': True}, 'description': '', 'availability_zones': [], 'distributed': False, 'ha': False, 'availability_zone_hints': [], 'routes': [], 'flavor_id': None, 'tags': [], 'created_at': '2024-12-10T16:13:24Z', 'updated_at': '2024-12-10T16:13:25Z', 'revision_number': 2, 'project_id': 'a4a30ae0510c4e6d9778691d6f1079cf'}
2024-12-10 16:13:30.418 65798 INFO tempest.lib.common.rest_client [req-4b4510bf-3f82-4dc1-97aa-dae0d1511c90 req-4b4510bf-3f82-4dc1-97aa-dae0d1511c90 ] Request (ImagesTestJSON:test_create_image_from_stopped_server): 200 GET http://10.180.1.21/compute/v2.1/servers/3c7eae93-232e-4a26-b5d1-9f34c83301d6 1.058s
2024-12-10 16:13:30.444 65844 INFO tempest.lib.common.rest_client [req-001d9fab-3882-47c4-9f65-084d8677ef78 req-001d9fab-3882-47c4-9f65-084d8677ef78 ] Request (AttachVolumeShelveTestJSON:test_attach_volume_shelved_or_offload_server): 201 POST http://10.180.1.21/identity/v3/auth/tokens 0.101s
2024-12-10 16:13:30.445 65844 INFO tempest.lib.common.fixed_network [-] (AttachVolumeShelveTestJSON:test_attach_volume_shelved_or_offload_server) Found network {'id': '78ba0859-7eff-4f95-bf5c-f1aaf1c13cb2', 'name': 'tempest-AttachVolumeShelveTestJSON-779656502-network', 'tenant_id': '3bb679423f6c4abf8a115ab5083b269a', 'admin_state_up': True, 'mtu': 8950, 'status': 'ACTIVE', 'subnets': [], 'shared': False, 'project_id': '3bb679423f6c4abf8a115ab5083b269a', 'port_security_enabled': True, 'router:external': False, 'provider:network_type': 'vlan', 'provider:physical_network': 'default', 'provider:segmentation_id': 253, 'availability_zone_hints': [], 'availability_zones': [], 'ipv4_address_scope': None, 'ipv6_address_scope': None, 'description': '', 'tags': [], 'created_at': '2024-12-10T16:13:19Z', 'updated_at': '2024-12-10T16:13:19Z', 'revision_number': 1} available for tenant
2024-12-10 16:13:30.482 65804 INFO tempest.lib.common.rest_client [req-719f6eb4-d5ad-4735-b667-a4196bfd98e8 req-719f6eb4-d5ad-4735-b667-a4196bfd98e8 ] Request (FloatingIPsAssociationTestJSON:setUpClass): 200 GET http://10.180.1.21/compute/v2.1/servers/fc665a3e-b00a-4091-8984-7bcf1c5ffb0a 1.148s
2024-12-10 16:13:30.486 65824 INFO tempest.lib.common.rest_client [req-0c26a258-6677-4520-991a-be7629cf27b4 req-0c26a258-6677-4520-991a-be7629cf27b4 ] Request (InstanceActionsTestJSON:setUpClass): 201 POST http://10.180.1.21/identity/v3/auth/tokens 0.098s
2024-12-10 16:13:30.525 65824 INFO tempest.lib.common.rest_client [req-eafc84b9-7b2b-40c5-9d30-633e6623621f req-eafc84b9-7b2b-40c5-9d30-633e6623621f ] Request (InstanceActionsTestJSON:setUpClass): 201 POST http://10.180.1.21/identity/v3/auth/tokens 0.034s
2024-12-10 16:13:30.526 65824 INFO tempest.lib.common.fixed_network [-] (InstanceActionsTestJSON:setUpClass) Found network {'id': '453f102a-c9d7-4c42-a695-5b3e9f4b73e6', 'name': 'tempest-InstanceActionsTestJSON-761018564-network', 'tenant_id': 'a4a30ae0510c4e6d9778691d6f1079cf', 'admin_state_up': True, 'mtu': 8950, 'status': 'ACTIVE', 'subnets': [], 'shared': False, 'project_id': 'a4a30ae0510c4e6d9778691d6f1079cf', 'port_security_enabled': True, 'router:external': False, 'provider:network_type': 'vlan', 'provider:physical_network': 'default', 'provider:segmentation_id': 710, 'availability_zone_hints': [], 'availability_zones': [], 'ipv4_address_scope': None, 'ipv6_address_scope': None, 'description': '', 'tags': [], 'created_at': '2024-12-10T16:13:23Z', 'updated_at': '2024-12-10T16:13:23Z', 'revision_number': 1} available for tenant
2024-12-10 16:13:30.539 65818 INFO tempest.lib.common.rest_client [req-26bb9ed9-1cf4-4bf2-8f9f-bbd51dc70fd4 req-26bb9ed9-1cf4-4bf2-8f9f-bbd51dc70fd4 ] Request (ServerShowV247Test:test_update_rebuild_list_server): 200 GET http://10.180.1.21/compute/v2.1/servers/72a17d6d-05e9-40e3-918a-01bf0af2bc11 1.108s
2024-12-10 16:13:30.566 65858 INFO tempest.lib.common.rest_client [req-cea2447c-24f0-47a5-8963-bf896c939069 req-cea2447c-24f0-47a5-8963-bf896c939069 ] Request (ListImageFiltersNegativeTestJSON:test_get_nonexistent_image): 404 GET http://10.180.1.21/compute/v2.1/images/d65db8a8-6eb6-41ef-95ac-54f6fbe9c59c 1.169s
2024-12-10 16:13:30.597 65827 INFO tempest.lib.common.rest_client [req-73e3eb6b-d63a-4807-9a82-dd3b2584c49d req-73e3eb6b-d63a-4807-9a82-dd3b2584c49d ] Request (ServerRescueNegativeTestJSON:setUpClass): 200 GET http://10.180.1.21/compute/v2.1/servers/e5f722a9-af55-43f3-8a70-f544f6bd82e1 1.121s
2024-12-10 16:13:30.690 65838 INFO tempest.lib.common.rest_client [req-e2695ac7-cdfd-47f0-8ebb-30d11f3ef9cd req-e2695ac7-cdfd-47f0-8ebb-30d11f3ef9cd ] Request (ServerDiskConfigTestJSON:test_rebuild_server_with_manual_disk_config): 200 GET http://10.180.1.21/compute/v2.1/servers/3884f29c-8a5d-4482-8679-117f3253522f 1.147s
2024-12-10 16:13:30.702 65858 INFO tempest.lib.common.rest_client [req-23368610-07f1-4acc-93b9-c27ef5563b4b req-23368610-07f1-4acc-93b9-c27ef5563b4b ] Request (ListImageFiltersNegativeTestJSON:tearDownClass): 204 DELETE http://10.180.1.21/identity/v3/users/c646304c60574e008eef387d07f5f382 0.127s
2024-12-10 16:13:30.702 65858 INFO tempest.lib.common.dynamic_creds [-] Deleting project and security group for project: 82ee66a4dbcc4c11a62abec9c834f3a3
2024-12-10 16:13:30.765 65808 INFO tempest.lib.common.rest_client [req-a3a061dd-5b72-4fa6-b00d-d37dd67fc453 req-a3a061dd-5b72-4fa6-b00d-d37dd67fc453 ] Request (ServerActionsV293TestJSON:setUpClass): 200 GET http://10.180.1.21/volume/v3/volumes/ee445e62-9730-4813-9c27-18482c2b0817 0.044s
2024-12-10 16:13:30.774 65858 INFO tempest.lib.common.rest_client [req-b76e27cc-eab3-41d4-9cc3-60e98db21250 req-b76e27cc-eab3-41d4-9cc3-60e98db21250 ] Request (ListImageFiltersNegativeTestJSON:tearDownClass): 201 POST http://10.180.1.21/identity/v3/auth/tokens 0.071s
2024-12-10 16:13:30.800 65834 INFO tempest.lib.common.rest_client [req-3e78b4f2-548c-4862-addb-8de5b2329b32 req-3e78b4f2-548c-4862-addb-8de5b2329b32 ] Request (ServerRescueTestJSONUnderV235:tearDownClass): 200 GET http://10.180.1.21/compute/v2.1/servers/cc589df4-6e32-401a-987a-b9dc24d49947 1.218s
2024-12-10 16:13:30.828 65832 INFO tempest.lib.common.rest_client [req-bf4e002c-4f37-442e-9c37-a0cf9d17fe0d req-bf4e002c-4f37-442e-9c37-a0cf9d17fe0d ] Request (ServerPasswordTestJSON:test_get_server_password): 200 GET http://10.180.1.21/compute/v2.1/servers/87e0118a-b9eb-4298-950c-495814102d8a/os-server-password 1.174s
2024-12-10 16:13:30.885 65854 INFO tempest.lib.common.rest_client [req-a82e6240-2f33-4546-878c-00248f2c65ba req-a82e6240-2f33-4546-878c-00248f2c65ba ] Request (ServersTestMultiNic:test_verify_duplicate_network_nics): 200 GET http://10.180.1.21/compute/v2.1/servers/9d055439-796b-48a8-b99b-1d74c4beb653 1.221s
2024-12-10 16:13:30.976 65810 INFO tempest.lib.common.rest_client [req-2de79c73-2dbe-44a1-af74-65170f16ee77 req-2de79c73-2dbe-44a1-af74-65170f16ee77 ] Request (ServerAddressesTestJSON:setUpClass): 200 GET http://10.180.1.21/compute/v2.1/servers/4610b1d4-7be5-4e97-b095-ad71263bc30a 1.235s
2024-12-10 16:13:30.987 65836 INFO tempest.lib.common.rest_client [req-bfcdc289-438c-431e-ab92-465e27603835 req-bfcdc289-438c-431e-ab92-465e27603835 ] Request (ListImageFiltersTestJSON:setUpClass): 200 GET http://10.180.1.21/compute/v2.1/servers/2fbdd757-f345-48e7-af3f-a7c3c3458a94 1.413s
2024-12-10 16:13:31.016 65822 INFO tempest.lib.common.rest_client [req-4e1d4b9e-4ed3-432d-b8f6-d995e40bf9e2 req-4e1d4b9e-4ed3-432d-b8f6-d995e40bf9e2 ] Request (ServerMetadataTestJSON:test_update_server_metadata): 200 GET http://10.180.1.21/compute/v2.1/servers/bcef837d-7a30-4c53-805c-f55b4b793d88/metadata 1.268s
2024-12-10 16:13:31.054 65831 INFO tempest.lib.common.rest_client [req-b9689107-9530-404d-96a7-4ce72a47cbe1 req-b9689107-9530-404d-96a7-4ce72a47cbe1 ] Request (ImagesOneServerTestJSON:setUpClass): 200 PUT http://10.180.1.21:9696/networking/v2.0/routers/54f57f9c-e0ea-4990-9fa3-e27926ee81d6/add_router_interface 2.724s
2024-12-10 16:13:31.054 65831 INFO tempest.lib.common.dynamic_creds [-] Created isolated network resources for: credentials: Credentials: {'domain_id': 'default', 'domain_name': 'Default', 'username': 'tempest-ImagesOneServerTestJSON-150481378-project-member', 'project_domain_id': 'default', 'project_domain_name': 'Default', 'project_id': 'ed0df65fac7342548f777bb1124f8fd3', 'project_name': 'tempest-ImagesOneServerTestJSON-150481378', 'tenant_id': 'ed0df65fac7342548f777bb1124f8fd3', 'tenant_name': 'tempest-ImagesOneServerTestJSON-150481378', 'user_domain_id': 'default', 'user_domain_name': 'Default', 'user_id': 'cbd6d2f12d244ba8a2f8a0d9908be60d', 'system': None}, Network: {'id': 'a400a4f0-43eb-48b4-b38b-6e697fd543fe', 'name': 'tempest-ImagesOneServerTestJSON-489879623-network', 'tenant_id': 'ed0df65fac7342548f777bb1124f8fd3', 'admin_state_up': True, 'mtu': 8950, 'status': 'ACTIVE', 'subnets': [], 'shared': False, 'project_id': 'ed0df65fac7342548f777bb1124f8fd3', 'port_security_enabled': True, 'router:external': False, 'provider:network_type': 'vlan', 'provider:physical_network': 'default', 'provider:segmentation_id': 614, 'availability_zone_hints': [], 'availability_zones': [], 'ipv4_address_scope': None, 'ipv6_address_scope': None, 'description': '', 'tags': [], 'created_at': '2024-12-10T16:13:24Z', 'updated_at': '2024-12-10T16:13:24Z', 'revision_number': 1}, Subnet: {'id': 'd5db31fd-9fb8-4697-ba6e-5d7394d1b373', 'name': 'tempest-ImagesOneServerTestJSON-489879623-subnet', 'tenant_id': 'ed0df65fac7342548f777bb1124f8fd3', 'network_id': 'a400a4f0-43eb-48b4-b38b-6e697fd543fe', 'ip_version': 4, 'subnetpool_id': None, 'enable_dhcp': True, 'ipv6_ra_mode': None, 'ipv6_address_mode': None, 'gateway_ip': '192.168.128.1', 'cidr': '192.168.128.0/28', 'allocation_pools': [{'start': '192.168.128.2', 'end': '192.168.128.14'}], 'host_routes': [], 'dns_nameservers': [], 'description': '', 'router:external': False, 'service_types': [], 'tags': [], 'created_at': '2024-12-10T16:13:25Z', 'updated_at': '2024-12-10T16:13:25Z', 'revision_number': 0, 'project_id': 'ed0df65fac7342548f777bb1124f8fd3'}, Router: {'id': '54f57f9c-e0ea-4990-9fa3-e27926ee81d6', 'name': 'tempest-ImagesOneServerTestJSON-489879623-router', 'tenant_id': 'ed0df65fac7342548f777bb1124f8fd3', 'admin_state_up': True, 'status': 'ACTIVE', 'external_gateway_info': {'network_id': '5295b232-df9f-4901-8a29-a03fd6e6fe95', 'external_fixed_ips': [{'subnet_id': '0b48a5b2-db5d-4139-8ff8-6e6381443195', 'ip_address': '10.180.180.139'}], 'enable_snat': True}, 'description': '', 'availability_zones': [], 'distributed': False, 'ha': False, 'availability_zone_hints': [], 'routes': [], 'flavor_id': None, 'tags': [], 'created_at': '2024-12-10T16:13:25Z', 'updated_at': '2024-12-10T16:13:27Z', 'revision_number': 2, 'project_id': 'ed0df65fac7342548f777bb1124f8fd3'}
2024-12-10 16:13:31.067 65828 INFO tempest.lib.common.rest_client [req-09afaba6-ceb1-418f-add1-7beaa54e4ab9 req-09afaba6-ceb1-418f-add1-7beaa54e4ab9 ] Request (ServersAdminTestJSON:test_inject_network_info): 200 GET http://10.180.1.21/compute/v2.1/servers/9d4b8943-c1b3-46db-805f-e7195f8b3306 1.202s
2024-12-10 16:13:31.135 65802 INFO tempest.lib.common.rest_client [req-9c347125-c4df-4c0c-aa1e-0603e7b2948f req-9c347125-c4df-4c0c-aa1e-0603e7b2948f ] Request (ServerGroupTestJSON:test_create_server_with_scheduler_hint_group): 200 GET http://10.180.1.21/compute/v2.1/servers/4127cc73-1b70-44a1-9358-18158d610de4 1.063s
2024-12-10 16:13:31.147 65858 INFO tempest.lib.common.rest_client [req-4b46deff-0681-4e4b-9fd3-55d70da90fc4 req-4b46deff-0681-4e4b-9fd3-55d70da90fc4 ] Request (ListImageFiltersNegativeTestJSON:tearDownClass): 200 GET http://10.180.1.21:9696/networking/v2.0/security-groups?tenant_id=82ee66a4dbcc4c11a62abec9c834f3a3&name=default 0.372s
2024-12-10 16:13:31.156 65831 INFO tempest.lib.common.rest_client [req-9641fa03-ad5d-4f88-aa00-5af7b6d924a1 req-9641fa03-ad5d-4f88-aa00-5af7b6d924a1 ] Request (ImagesOneServerTestJSON:setUpClass): 201 POST http://10.180.1.21/identity/v3/auth/tokens 0.098s
2024-12-10 16:13:31.187 65831 INFO tempest.lib.common.rest_client [req-981eaeac-6a49-4c34-8e18-f7d1ad581461 req-981eaeac-6a49-4c34-8e18-f7d1ad581461 ] Request (ImagesOneServerTestJSON:setUpClass): 201 POST http://10.180.1.21/identity/v3/auth/tokens 0.026s
2024-12-10 16:13:31.187 65831 INFO tempest.lib.common.fixed_network [-] (ImagesOneServerTestJSON:setUpClass) Found network {'id': 'a400a4f0-43eb-48b4-b38b-6e697fd543fe', 'name': 'tempest-ImagesOneServerTestJSON-489879623-network', 'tenant_id': 'ed0df65fac7342548f777bb1124f8fd3', 'admin_state_up': True, 'mtu': 8950, 'status': 'ACTIVE', 'subnets': [], 'shared': False, 'project_id': 'ed0df65fac7342548f777bb1124f8fd3', 'port_security_enabled': True, 'router:external': False, 'provider:network_type': 'vlan', 'provider:physical_network': 'default', 'provider:segmentation_id': 614, 'availability_zone_hints': [], 'availability_zones': [], 'ipv4_address_scope': None, 'ipv6_address_scope': None, 'description': '', 'tags': [], 'created_at': '2024-12-10T16:13:24Z', 'updated_at': '2024-12-10T16:13:24Z', 'revision_number': 1} available for tenant
2024-12-10 16:13:31.200 65820 INFO tempest.lib.common.rest_client [req-16c473ef-4b58-4827-9ea4-521b4062a3a7 req-16c473ef-4b58-4827-9ea4-521b4062a3a7 ] Request (SecurityGroupsTestJSON:test_security_groups_create_list_delete): 202 DELETE http://10.180.1.21/compute/v2.1/os-security-groups/4b7ea2f4-1349-4bbb-af2e-a1f38ca31549 1.087s
2024-12-10 16:13:31.207 65796 INFO tempest.lib.common.rest_client [req-679e585e-efe3-4b04-b87f-f4272e38cc6c req-679e585e-efe3-4b04-b87f-f4272e38cc6c ] Request (ServerExternalEventsTest:tearDownClass): 200 GET http://10.180.1.21/compute/v2.1/servers/3aa8f348-e15b-43e0-96a0-a6fb6c57f00f 1.015s
2024-12-10 16:13:31.260 65850 INFO tempest.lib.common.rest_client [req-9950d6cf-b404-46af-b3e7-ad7ca07bcfbf req-9950d6cf-b404-46af-b3e7-ad7ca07bcfbf ] Request (AttachInterfacesTestJSON:test_create_list_show_delete_interfaces_by_fixed_ip): 200 GET http://10.180.1.21/compute/v2.1/servers/6af16382-5385-4bbf-8c7b-1f438f0e0261 0.971s
2024-12-10 16:13:31.292 65858 INFO tempest.lib.common.rest_client [req-5c91fe2e-5dc8-48d1-9288-0ccd98f5bbb8 req-5c91fe2e-5dc8-48d1-9288-0ccd98f5bbb8 ] Request (ListImageFiltersNegativeTestJSON:tearDownClass): 204 DELETE http://10.180.1.21:9696/networking/v2.0/security-groups/1a75b889-97c9-481f-a9d9-358bb87a727d 0.144s
2024-12-10 16:13:31.327 65806 INFO tempest.lib.common.rest_client [req-047375da-e365-4ae2-ab79-a2be7e830f19 req-047375da-e365-4ae2-ab79-a2be7e830f19 ] Request (MigrationsAdminTest:test_list_migrations_in_flavor_resize_situation): 200 GET http://10.180.1.21/compute/v2.1/servers/23a23d42-fe67-446b-9203-826515fc848e 1.091s
2024-12-10 16:13:31.338 65806 INFO tempest.common.waiters [-] State transition "RESIZE/resize_prep" ==> "RESIZE/resize_migrating" after 42 second wait
2024-12-10 16:13:31.370 65858 INFO tempest.lib.common.rest_client [req-1a18d1f5-bab1-4d98-ba33-b3af9d7d9d8e req-1a18d1f5-bab1-4d98-ba33-b3af9d7d9d8e ] Request (ListImageFiltersNegativeTestJSON:tearDownClass): 204 DELETE http://10.180.1.21/identity/v3/projects/82ee66a4dbcc4c11a62abec9c834f3a3 0.078s
2024-12-10 16:13:31.626 65844 INFO tempest.lib.common.rest_client [req-c04ca8bb-c7e5-4417-acc6-dfdaef0e8564 req-c04ca8bb-c7e5-4417-acc6-dfdaef0e8564 ] Request (AttachVolumeShelveTestJSON:test_attach_volume_shelved_or_offload_server): 202 POST http://10.180.1.21/compute/v2.1/servers 1.180s
2024-12-10 16:13:31.692 65800 INFO tempest.lib.common.rest_client [req-a23a93f6-b907-4ecd-a149-1a5a3daf0377 req-a23a93f6-b907-4ecd-a149-1a5a3daf0377 ] Request (ServersV294TestFqdnHostnames:setUpClass): 200 GET http://10.180.1.21/compute/v2.1/servers/2ec93312-17da-412b-9024-56d9d562612d 1.155s
2024-12-10 16:13:31.737 65824 INFO tempest.lib.common.rest_client [req-7be1a5b5-2632-4a41-b071-d2ea6a6972db req-7be1a5b5-2632-4a41-b071-d2ea6a6972db ] Request (InstanceActionsTestJSON:setUpClass): 202 POST http://10.180.1.21/compute/v2.1/servers 1.210s
2024-12-10 16:13:31.771 65832 INFO tempest.lib.common.rest_client [req-66301f47-c06a-4a89-89ea-f188e0cc0d88 req-66301f47-c06a-4a89-89ea-f188e0cc0d88 ] Request (ServerPasswordTestJSON:tearDownClass): 204 DELETE http://10.180.1.21/compute/v2.1/servers/87e0118a-b9eb-4298-950c-495814102d8a 0.938s
2024-12-10 16:13:31.824 65852 INFO tempest.lib.common.rest_client [req-69b7dd5f-a564-4d2c-b4db-59bb2b99a5de req-69b7dd5f-a564-4d2c-b4db-59bb2b99a5de ] Request (DeleteServersAdminTestJSON:test_delete_server_while_in_error_state): 200 GET http://10.180.1.21/compute/v2.1/servers/38ec3326-e350-448f-98b5-e30cbe5e3864 0.967s
2024-12-10 16:13:31.829 65808 INFO tempest.lib.common.rest_client [req-f87b2b9a-2cc5-4830-87c9-a9500aaa1c2a req-f87b2b9a-2cc5-4830-87c9-a9500aaa1c2a ] Request (ServerActionsV293TestJSON:setUpClass): 200 GET http://10.180.1.21/volume/v3/volumes/ee445e62-9730-4813-9c27-18482c2b0817 0.055s
2024-12-10 16:13:31.909 65822 INFO tempest.lib.common.rest_client [req-542d4cff-0ce0-4cba-9c31-1b02d7ea485b req-542d4cff-0ce0-4cba-9c31-1b02d7ea485b ] Request (ServerMetadataTestJSON:tearDownClass): 204 DELETE http://10.180.1.21/compute/v2.1/servers/bcef837d-7a30-4c53-805c-f55b4b793d88 0.892s
2024-12-10 16:13:32.270 65836 INFO tempest.lib.common.rest_client [req-e73a1226-4dd9-400c-bdf6-cec1d2c35eb7 req-e73a1226-4dd9-400c-bdf6-cec1d2c35eb7 ] Request (ListImageFiltersTestJSON:setUpClass): 202 POST http://10.180.1.21/compute/v2.1/servers/60927798-b5f4-4705-af23-2a2919943143/action 1.271s
2024-12-10 16:13:32.292 65820 INFO tempest.lib.common.rest_client [req-8d4f5520-ed23-4124-ac9c-8f8bb636b712 req-8d4f5520-ed23-4124-ac9c-8f8bb636b712 ] Request (SecurityGroupsTestJSON:test_security_groups_create_list_delete): 404 GET http://10.180.1.21/compute/v2.1/os-security-groups/4b7ea2f4-1349-4bbb-af2e-a1f38ca31549 1.091s
2024-12-10 16:13:32.372 65856 INFO tempest.lib.common.rest_client [req-b36c8fee-d839-45aa-b2ee-e84e3152f4bd req-b36c8fee-d839-45aa-b2ee-e84e3152f4bd ] Request (InstanceActionsNegativeTestJSON:setUpClass): 200 GET http://10.180.1.21/compute/v2.1/servers/dce2b238-171d-4ba3-bd58-93c9313aed15 1.170s
2024-12-10 16:13:32.377 65831 INFO tempest.lib.common.rest_client [req-6b3a48b5-2212-4b70-ae5e-098054b08a45 req-6b3a48b5-2212-4b70-ae5e-098054b08a45 ] Request (ImagesOneServerTestJSON:setUpClass): 202 POST http://10.180.1.21/compute/v2.1/servers 1.189s
2024-12-10 16:13:32.443 65814 INFO tempest.lib.common.rest_client [req-3ea00f59-23d3-4143-89a9-9d3393a06d31 req-3ea00f59-23d3-4143-89a9-9d3393a06d31 ] Request (VolumesAdminNegativeTest:test_update_attached_volume_with_nonexistent_volume_in_body): 200 GET http://10.180.1.21/compute/v2.1/servers/f0a4868a-0eea-4f93-98d0-c4a4f0070d42 1.120s
2024-12-10 16:13:32.448 65816 INFO tempest.lib.common.rest_client [req-8d7f2ee2-6bdb-4ea9-a7ec-1881689882b0 req-8d7f2ee2-6bdb-4ea9-a7ec-1881689882b0 ] Request (ServerActionsTestJSON:setUpClass): 200 GET http://10.180.1.21/compute/v2.1/servers/05e9ae8e-e533-4528-8c69-8fdef6f94774 1.178s
2024-12-10 16:13:32.499 65798 INFO tempest.lib.common.rest_client [req-d7b238d3-0b30-48ae-9641-a6de9ad5a441 req-d7b238d3-0b30-48ae-9641-a6de9ad5a441 ] Request (ImagesTestJSON:test_create_image_from_stopped_server): 200 GET http://10.180.1.21/compute/v2.1/servers/3c7eae93-232e-4a26-b5d1-9f34c83301d6 1.069s
2024-12-10 16:13:32.546 65846 INFO tempest.lib.common.rest_client [req-cf78fcc0-eb87-4f73-83c2-f9fcf2a3df72 req-cf78fcc0-eb87-4f73-83c2-f9fcf2a3df72 ] Request (ImagesOneServerNegativeTestJSON:setUpClass): 200 GET http://10.180.1.21/compute/v2.1/servers/7c7053aa-118c-4374-abcb-e54c164ead34 1.205s
2024-12-10 16:13:32.600 65818 INFO tempest.lib.common.rest_client [req-8cf5b66d-cda5-4bcb-b2b2-b8bd8d10d7fd req-8cf5b66d-cda5-4bcb-b2b2-b8bd8d10d7fd ] Request (ServerShowV247Test:test_update_rebuild_list_server): 200 GET http://10.180.1.21/compute/v2.1/servers/72a17d6d-05e9-40e3-918a-01bf0af2bc11 1.049s
2024-12-10 16:13:32.614 65818 INFO tempest.common.waiters [-] State transition "BUILD/None" ==> "BUILD/block_device_mapping" after 45 second wait
2024-12-10 16:13:32.630 65804 INFO tempest.lib.common.rest_client [req-754db925-dae7-43f0-81be-f427c806712d req-754db925-dae7-43f0-81be-f427c806712d ] Request (FloatingIPsAssociationTestJSON:setUpClass): 200 GET http://10.180.1.21/compute/v2.1/servers/fc665a3e-b00a-4091-8984-7bcf1c5ffb0a 1.141s
2024-12-10 16:13:32.665 65827 INFO tempest.lib.common.rest_client [req-6653eece-d9a1-46e5-a61a-af37e368e2a9 req-6653eece-d9a1-46e5-a61a-af37e368e2a9 ] Request (ServerRescueNegativeTestJSON:setUpClass): 200 GET http://10.180.1.21/compute/v2.1/servers/e5f722a9-af55-43f3-8a70-f544f6bd82e1 1.057s
2024-12-10 16:13:32.688 65844 INFO tempest.lib.common.rest_client [req-f3b1c695-4bbb-45c0-9dfe-89e65d05b8cb req-f3b1c695-4bbb-45c0-9dfe-89e65d05b8cb ] Request (AttachVolumeShelveTestJSON:test_attach_volume_shelved_or_offload_server): 200 GET http://10.180.1.21/compute/v2.1/servers/fa7c2fd5-5046-4d00-a162-3e1ae5392798 1.060s
2024-12-10 16:13:32.718 65838 INFO tempest.lib.common.rest_client [req-91241225-9f7a-49b7-a80a-2c9b8bdbafc4 req-91241225-9f7a-49b7-a80a-2c9b8bdbafc4 ] Request (ServerDiskConfigTestJSON:test_rebuild_server_with_manual_disk_config): 200 GET http://10.180.1.21/compute/v2.1/servers/3884f29c-8a5d-4482-8679-117f3253522f 1.018s
2024-12-10 16:13:32.753 65824 INFO tempest.lib.common.rest_client [req-3c3b6312-e309-4e7e-a9ce-92f6c219b099 req-3c3b6312-e309-4e7e-a9ce-92f6c219b099 ] Request (InstanceActionsTestJSON:setUpClass): 200 GET http://10.180.1.21/compute/v2.1/servers/a31ad77d-308f-4a6f-beb0-1da4730e8ba9 1.015s
2024-12-10 16:13:32.825 65834 INFO tempest.lib.common.rest_client [req-fdc555d9-4d23-400c-be34-72dc42e45cfe req-fdc555d9-4d23-400c-be34-72dc42e45cfe ] Request (ServerRescueTestJSONUnderV235:tearDownClass): 200 GET http://10.180.1.21/compute/v2.1/servers/cc589df4-6e32-401a-987a-b9dc24d49947 1.017s
2024-12-10 16:13:32.884 65808 INFO tempest.lib.common.rest_client [req-fb8cdbf9-5529-4ed4-aaca-432fbf66cd5b req-fb8cdbf9-5529-4ed4-aaca-432fbf66cd5b ] Request (ServerActionsV293TestJSON:setUpClass): 200 GET http://10.180.1.21/volume/v3/volumes/ee445e62-9730-4813-9c27-18482c2b0817 0.045s
2024-12-10 16:13:32.906 65832 INFO tempest.lib.common.rest_client [req-fbdbfa47-1ca1-4daf-8560-5c94abfc6c7a req-fbdbfa47-1ca1-4daf-8560-5c94abfc6c7a ] Request (ServerPasswordTestJSON:tearDownClass): 200 GET http://10.180.1.21/compute/v2.1/servers/87e0118a-b9eb-4298-950c-495814102d8a 1.135s
2024-12-10 16:13:32.905 65854 INFO tempest.lib.common.rest_client [req-df2a16fd-c230-4779-8b9d-bf2d8c63d509 req-df2a16fd-c230-4779-8b9d-bf2d8c63d509 ] Request (ServersTestMultiNic:test_verify_duplicate_network_nics): 200 GET http://10.180.1.21/compute/v2.1/servers/9d055439-796b-48a8-b99b-1d74c4beb653 1.010s
2024-12-10 16:13:32.969 65810 INFO tempest.lib.common.rest_client [req-aefdf354-2070-48e4-b335-b28689174b95 req-aefdf354-2070-48e4-b335-b28689174b95 ] Request (ServerAddressesTestJSON:setUpClass): 200 GET http://10.180.1.21/compute/v2.1/servers/4610b1d4-7be5-4e97-b095-ad71263bc30a 0.980s
2024-12-10 16:13:33.044 65828 INFO tempest.lib.common.rest_client [req-39ee7321-4979-4f12-90d1-37726dbd80f6 req-39ee7321-4979-4f12-90d1-37726dbd80f6 ] Request (ServersAdminTestJSON:test_inject_network_info): 200 GET http://10.180.1.21/compute/v2.1/servers/9d4b8943-c1b3-46db-805f-e7195f8b3306 0.965s
2024-12-10 16:13:33.127 65802 INFO tempest.lib.common.rest_client [req-ddb1b971-4114-45ef-85a2-8e3e85114cfc req-ddb1b971-4114-45ef-85a2-8e3e85114cfc ] Request (ServerGroupTestJSON:test_create_server_with_scheduler_hint_group): 200 GET http://10.180.1.21/compute/v2.1/servers/4127cc73-1b70-44a1-9358-18158d610de4 0.977s
2024-12-10 16:13:33.140 65822 INFO tempest.lib.common.rest_client [req-679c4f1c-f387-4f8b-bf6a-a190c0efcb26 req-679c4f1c-f387-4f8b-bf6a-a190c0efcb26 ] Request (ServerMetadataTestJSON:tearDownClass): 200 GET http://10.180.1.21/compute/v2.1/servers/bcef837d-7a30-4c53-805c-f55b4b793d88 1.230s
2024-12-10 16:13:33.211 65850 INFO tempest.lib.common.rest_client [req-d59ebb62-61f6-41ac-afdc-6a3ed0d674cc req-d59ebb62-61f6-41ac-afdc-6a3ed0d674cc ] Request (AttachInterfacesTestJSON:test_create_list_show_delete_interfaces_by_fixed_ip): 200 GET http://10.180.1.21/compute/v2.1/servers/6af16382-5385-4bbf-8c7b-1f438f0e0261 0.941s
2024-12-10 16:13:33.215 65796 INFO tempest.lib.common.rest_client [req-c9fa42be-78da-4919-94c2-ff27b99962b6 req-c9fa42be-78da-4919-94c2-ff27b99962b6 ] Request (ServerExternalEventsTest:tearDownClass): 200 GET http://10.180.1.21/compute/v2.1/servers/3aa8f348-e15b-43e0-96a0-a6fb6c57f00f 0.996s
2024-12-10 16:13:33.219 65850 INFO tempest.common.waiters [-] State transition "BUILD/scheduling" ==> "BUILD/None" after 23 second wait
2024-12-10 16:13:33.244 65836 INFO tempest.lib.common.rest_client [req-236f7a1c-89f0-4469-9448-37164de64df3 req-236f7a1c-89f0-4469-9448-37164de64df3 ] Request (ListImageFiltersTestJSON:setUpClass): 200 GET http://10.180.1.21/compute/v2.1/images/3a39c72e-5fbb-4ae8-99b4-e7bd691e0dd0 0.971s
2024-12-10 16:13:33.318 65820 INFO tempest.lib.common.rest_client [req-594b5a58-e355-434d-94d6-5b1bbbee029e req-594b5a58-e355-434d-94d6-5b1bbbee029e ] Request (SecurityGroupsTestJSON:test_security_groups_create_list_delete): 200 GET http://10.180.1.21/compute/v2.1/os-security-groups 1.025s
2024-12-10 16:13:33.371 65831 INFO tempest.lib.common.rest_client [req-c5ec6e16-5de4-4ffe-a9bd-e490a2fd9836 req-c5ec6e16-5de4-4ffe-a9bd-e490a2fd9836 ] Request (ImagesOneServerTestJSON:setUpClass): 200 GET http://10.180.1.21/compute/v2.1/servers/38c103b4-6244-4243-aa10-0a71c8c0e530 0.992s
2024-12-10 16:13:33.399 65806 INFO tempest.lib.common.rest_client [req-810a577e-ad13-4f6a-974f-59db8c9ec329 req-810a577e-ad13-4f6a-974f-59db8c9ec329 ] Request (MigrationsAdminTest:test_list_migrations_in_flavor_resize_situation): 200 GET http://10.180.1.21/compute/v2.1/servers/23a23d42-fe67-446b-9203-826515fc848e 1.060s
2024-12-10 16:13:33.434 65800 INFO tempest.lib.common.rest_client [req-c42cd159-b926-4c5c-ba82-07bbf65768e5 req-c42cd159-b926-4c5c-ba82-07bbf65768e5 ] Request (ServersV294TestFqdnHostnames:setUpClass): 200 GET http://10.180.1.21/compute/v2.1/servers/2ec93312-17da-412b-9024-56d9d562612d 0.733s
2024-12-10 16:13:33.462 65852 INFO tempest.lib.common.rest_client [req-32e47090-0e78-4d6f-9bc0-6acbf64837ad req-32e47090-0e78-4d6f-9bc0-6acbf64837ad ] Request (DeleteServersAdminTestJSON:test_delete_server_while_in_error_state): 200 GET http://10.180.1.21/compute/v2.1/servers/38ec3326-e350-448f-98b5-e30cbe5e3864 0.628s
2024-12-10 16:13:33.522 65856 INFO tempest.lib.common.rest_client [req-438b56ed-5bed-4d14-8ebe-e5f641b4cbac req-438b56ed-5bed-4d14-8ebe-e5f641b4cbac ] Request (InstanceActionsNegativeTestJSON:setUpClass): 200 GET http://10.180.1.21/compute/v2.1/servers/dce2b238-171d-4ba3-bd58-93c9313aed15 0.138s
2024-12-10 16:13:33.551 65820 INFO tempest.lib.common.rest_client [req-5fb5284a-93fd-4886-8117-77969f006512 req-5fb5284a-93fd-4886-8117-77969f006512 ] Request (SecurityGroupsTestJSON:test_server_security_groups): 200 POST http://10.180.1.21/compute/v2.1/os-security-groups 0.225s
2024-12-10 16:13:33.579 65814 INFO tempest.lib.common.rest_client [req-615be536-9d82-4059-adfa-62bf231d943c req-615be536-9d82-4059-adfa-62bf231d943c ] Request (VolumesAdminNegativeTest:test_update_attached_volume_with_nonexistent_volume_in_body): 200 GET http://10.180.1.21/compute/v2.1/servers/f0a4868a-0eea-4f93-98d0-c4a4f0070d42 0.129s
2024-12-10 16:13:33.618 65816 INFO tempest.lib.common.rest_client [req-6260312f-0bac-490e-98ab-58a065a1d269 req-6260312f-0bac-490e-98ab-58a065a1d269 ] Request (ServerActionsTestJSON:setUpClass): 200 GET http://10.180.1.21/compute/v2.1/servers/05e9ae8e-e533-4528-8c69-8fdef6f94774 0.163s
2024-12-10 16:13:33.645 65798 INFO tempest.lib.common.rest_client [req-2ea5cc29-7f6b-4402-8c12-ce6c694c8925 req-2ea5cc29-7f6b-4402-8c12-ce6c694c8925 ] Request (ImagesTestJSON:test_create_image_from_stopped_server): 200 GET http://10.180.1.21/compute/v2.1/servers/3c7eae93-232e-4a26-b5d1-9f34c83301d6 0.139s
2024-12-10 16:13:33.732 65820 INFO tempest.lib.common.rest_client [req-f6d65ac1-bffc-423a-b067-1e5a1a53254c req-f6d65ac1-bffc-423a-b067-1e5a1a53254c ] Request (SecurityGroupsTestJSON:test_server_security_groups): 200 POST http://10.180.1.21/compute/v2.1/os-security-groups 0.178s
2024-12-10 16:13:33.761 65846 INFO tempest.lib.common.rest_client [req-c0128fcd-7f73-472e-a075-f8d3d25812c9 req-c0128fcd-7f73-472e-a075-f8d3d25812c9 ] Request (ImagesOneServerNegativeTestJSON:setUpClass): 200 GET http://10.180.1.21/compute/v2.1/servers/7c7053aa-118c-4374-abcb-e54c164ead34 0.207s
2024-12-10 16:13:33.802 65818 INFO tempest.lib.common.rest_client [req-4eaf1e08-e411-4a9c-b88f-9344fa0ca7ec req-4eaf1e08-e411-4a9c-b88f-9344fa0ca7ec ] Request (ServerShowV247Test:test_update_rebuild_list_server): 200 GET http://10.180.1.21/compute/v2.1/servers/72a17d6d-05e9-40e3-918a-01bf0af2bc11 0.187s
2024-12-10 16:13:33.811 65818 INFO tempest.common.waiters [-] State transition "BUILD/block_device_mapping" ==> "BUILD/spawning" after 46 second wait
2024-12-10 16:13:33.813 65820 INFO tempest.lib.common.rest_client [req-3cc236b3-a2f8-4100-8de8-61abbcebf1be req-3cc236b3-a2f8-4100-8de8-61abbcebf1be ] Request (SecurityGroupsTestJSON:test_server_security_groups): 201 POST http://10.180.1.21/identity/v3/auth/tokens 0.074s
2024-12-10 16:13:33.813 65820 INFO tempest.lib.common.fixed_network [-] (SecurityGroupsTestJSON:test_server_security_groups) Found network {'id': 'e8c92cee-2d5b-4217-bb5a-869687e35c47', 'name': 'tempest-SecurityGroupsTestJSON-1328050876-network', 'tenant_id': 'af9b176c816a4830a04d4d1cd93854e1', 'admin_state_up': True, 'mtu': 8950, 'status': 'ACTIVE', 'subnets': [], 'shared': False, 'project_id': 'af9b176c816a4830a04d4d1cd93854e1', 'port_security_enabled': True, 'router:external': False, 'provider:network_type': 'vlan', 'provider:physical_network': 'default', 'provider:segmentation_id': 550, 'availability_zone_hints': [], 'availability_zones': [], 'ipv4_address_scope': None, 'ipv6_address_scope': None, 'description': '', 'tags': [], 'created_at': '2024-12-10T16:12:03Z', 'updated_at': '2024-12-10T16:12:03Z', 'revision_number': 1} available for tenant
2024-12-10 16:13:33.857 65827 INFO tempest.lib.common.rest_client [req-623a2031-7c4e-4abd-ad15-1b3e57a2ae3e req-623a2031-7c4e-4abd-ad15-1b3e57a2ae3e ] Request (ServerRescueNegativeTestJSON:setUpClass): 200 GET http://10.180.1.21/compute/v2.1/servers/e5f722a9-af55-43f3-8a70-f544f6bd82e1 0.180s
2024-12-10 16:13:33.898 65804 INFO tempest.lib.common.rest_client [req-264a0676-7790-4fbd-995b-b6c1f46dc5a5 req-264a0676-7790-4fbd-995b-b6c1f46dc5a5 ] Request (FloatingIPsAssociationTestJSON:setUpClass): 200 GET http://10.180.1.21/compute/v2.1/servers/fc665a3e-b00a-4091-8984-7bcf1c5ffb0a 0.256s
2024-12-10 16:13:33.905 65804 INFO tempest.common.waiters [-] State transition "BUILD/spawning" ==> "ACTIVE/None" after 54 second wait
2024-12-10 16:13:33.905 65844 INFO tempest.lib.common.rest_client [req-66aa5829-650a-4d43-8f04-7a3861684136 req-66aa5829-650a-4d43-8f04-7a3861684136 ] Request (AttachVolumeShelveTestJSON:test_attach_volume_shelved_or_offload_server): 200 GET http://10.180.1.21/compute/v2.1/servers/fa7c2fd5-5046-4d00-a162-3e1ae5392798 0.202s
2024-12-10 16:13:33.928 65808 INFO tempest.lib.common.rest_client [req-d5bef4db-a3f4-4166-bd34-80b1eeccb004 req-d5bef4db-a3f4-4166-bd34-80b1eeccb004 ] Request (ServerActionsV293TestJSON:setUpClass): 200 GET http://10.180.1.21/volume/v3/volumes/ee445e62-9730-4813-9c27-18482c2b0817 0.031s
