2024-12-10 16:11:55.357 65800 INFO tempest.lib.common.rest_client [req-efcd31f5-25e0-42c6-893f-345738ab0b02 req-efcd31f5-25e0-42c6-893f-345738ab0b02 ] Request (ServicesAdminNegativeTestJSON:test_get_service_by_invalid_service_and_valid_host): 200 GET http://10.180.1.21/compute/v2.1/os-services?host=devstack&binary=xxx 1.770s
2024-12-10 16:11:55.382 65802 INFO tempest.lib.common.rest_client [req-41b40e4f-cc11-4c91-b3eb-5659fe7c29cb req-41b40e4f-cc11-4c91-b3eb-5659fe7c29cb ] Request (HostsAdminTestJSON:setUpClass): 201 POST http://10.180.1.21/identity/v3/auth/tokens 0.203s
2024-12-10 16:11:55.411 65804 INFO tempest.lib.common.rest_client [req-9b18a773-d53a-469e-b14f-f80c6b9bbc51 req-9b18a773-d53a-469e-b14f-f80c6b9bbc51 ] Request (QuotaClassesAdmin257Test:setUpClass): 200 GET http://10.180.1.21/identity/v3/domains?name=Default 0.121s
2024-12-10 16:11:55.436 65842 INFO tempest.lib.common.rest_client [req-6cf7aa18-36f5-432d-91a6-060d0820009a req-6cf7aa18-36f5-432d-91a6-060d0820009a ] Request (ServicesAdminNegativeV253TestJSON:setUpClass): 201 POST http://10.180.1.21/identity/v3/projects 0.117s
2024-12-10 16:11:55.437 65806 INFO tempest.lib.common.rest_client [req-97ae4acc-c1b7-488e-85a5-ba9017434711 req-97ae4acc-c1b7-488e-85a5-ba9017434711 ] Request (FlavorMetadataValidation:tearDownClass): 200 GET http://10.180.1.21:9696/networking/v2.0/security-groups?tenant_id=230f1d6e5e094ce7bb21f88e14d6b027&name=default 0.332s
2024-12-10 16:11:55.496 65818 INFO tempest.lib.common.rest_client [req-b3c52871-0511-4e6f-a1a9-3697f931819e req-b3c52871-0511-4e6f-a1a9-3697f931819e ] Request (FlavorsAccessNegativeTestJSON:test_add_flavor_access_duplicate): 200 POST http://10.180.1.21/compute/v2.1/flavors 1.975s
2024-12-10 16:11:55.499 65840 INFO tempest.lib.common.rest_client [req-aa46a275-555e-4198-8bb2-7c72d9faa44c req-aa46a275-555e-4198-8bb2-7c72d9faa44c ] Request (TenantUsagesNegativeTestJSON:tearDownClass): 204 DELETE http://10.180.1.21:9696/networking/v2.0/security-groups/00cc1e94-c445-4cbf-8fbb-b44d67cd18bc 0.203s
2024-12-10 16:11:55.539 65804 INFO tempest.lib.common.rest_client [req-c7862132-b0a5-4b91-a0cb-f8313e7f1c0e req-c7862132-b0a5-4b91-a0cb-f8313e7f1c0e ] Request (QuotaClassesAdmin257Test:setUpClass): 201 POST http://10.180.1.21/identity/v3/projects 0.127s
2024-12-10 16:11:55.556 65806 INFO tempest.lib.common.rest_client [req-c1cfe5b8-fa24-411c-a4ef-f5d856aec0b4 req-c1cfe5b8-fa24-411c-a4ef-f5d856aec0b4 ] Request (FlavorMetadataValidation:tearDownClass): 204 DELETE http://10.180.1.21:9696/networking/v2.0/security-groups/78eb8091-090a-4792-a100-fdcf0d94bb47 0.119s
2024-12-10 16:11:55.562 65850 INFO tempest.lib.common.rest_client [req-f9bad2dd-49de-48aa-87ed-e5ca2f28f4e7 req-f9bad2dd-49de-48aa-87ed-e5ca2f28f4e7 ] Request (ImagesMetadataNegativeTestJSON:tearDownClass): 204 DELETE http://10.180.1.21/identity/v3/users/f84ad9269224437e851087a853c26a10 0.223s
2024-12-10 16:11:55.562 65850 INFO tempest.lib.common.dynamic_creds [-] Deleting project and security group for project: b69de4a53905406493278b16b080a2eb
2024-12-10 16:11:55.595 65844 INFO tempest.lib.common.rest_client [req-f935ce32-3460-4f80-b034-9349ca4a130a req-f935ce32-3460-4f80-b034-9349ca4a130a ] Request (InstanceActionsV221TestJSON:setUpClass): 201 POST http://10.180.1.21:9696/networking/v2.0/subnets 0.476s
2024-12-10 16:11:55.630 65842 INFO tempest.lib.common.rest_client [req-9bd2dd33-4115-44c7-9e5f-ad1769d6ce60 req-9bd2dd33-4115-44c7-9e5f-ad1769d6ce60 ] Request (ServicesAdminNegativeV253TestJSON:setUpClass): 201 POST http://10.180.1.21/identity/v3/users 0.193s
2024-12-10 16:11:55.664 65812 INFO tempest.lib.common.rest_client [req-846ed333-90de-4618-9425-f2b7317cf992 req-846ed333-90de-4618-9425-f2b7317cf992 ] Request (VolumesAssistedSnapshotsTest:setUpClass): 200 PUT http://10.180.1.21:9696/networking/v2.0/routers/6632412d-356b-4112-ba41-4837fef02e40/add_router_interface 1.712s
2024-12-10 16:11:55.665 65812 INFO tempest.lib.common.dynamic_creds [-] Created isolated network resources for: credentials: Credentials: {'domain_id': 'default', 'domain_name': 'Default', 'username': 'tempest-VolumesAssistedSnapshotsTest-1553374333-project', 'project_domain_id': 'default', 'project_domain_name': 'Default', 'project_id': 'a984ab770b7c4fc2b290e57b8667ed72', 'project_name': 'tempest-VolumesAssistedSnapshotsTest-1553374333', 'tenant_id': 'a984ab770b7c4fc2b290e57b8667ed72', 'tenant_name': 'tempest-VolumesAssistedSnapshotsTest-1553374333', 'user_domain_id': 'default', 'user_domain_name': 'Default', 'user_id': 'cf16ba34272943f2ab0ef53950367b45', 'system': None}, Network: {'id': '3b8c3b7e-13d3-4a33-85db-10e1b53e03a5', 'name': 'tempest-VolumesAssistedSnapshotsTest-1730496165-network', 'tenant_id': 'a984ab770b7c4fc2b290e57b8667ed72', 'admin_state_up': True, 'mtu': 8950, 'status': 'ACTIVE', 'subnets': [], 'shared': False, 'project_id': 'a984ab770b7c4fc2b290e57b8667ed72', 'port_security_enabled': True, 'router:external': False, 'provider:network_type': 'vlan', 'provider:physical_network': 'default', 'provider:segmentation_id': 303, 'availability_zone_hints': [], 'availability_zones': [], 'ipv4_address_scope': None, 'ipv6_address_scope': None, 'description': '', 'tags': [], 'created_at': '2024-12-10T16:11:52Z', 'updated_at': '2024-12-10T16:11:52Z', 'revision_number': 1}, Subnet: {'id': '76412bf1-b6ac-45c7-bf62-eaddf08f6814', 'name': 'tempest-VolumesAssistedSnapshotsTest-1730496165-subnet', 'tenant_id': 'a984ab770b7c4fc2b290e57b8667ed72', 'network_id': '3b8c3b7e-13d3-4a33-85db-10e1b53e03a5', 'ip_version': 4, 'subnetpool_id': None, 'enable_dhcp': True, 'ipv6_ra_mode': None, 'ipv6_address_mode': None, 'gateway_ip': '192.168.128.1', 'cidr': '192.168.128.0/28', 'allocation_pools': [{'start': '192.168.128.2', 'end': '192.168.128.14'}], 'host_routes': [], 'dns_nameservers': [], 'description': '', 'router:external': False, 'service_types': [], 'tags': [], 'created_at': '2024-12-10T16:11:52Z', 'updated_at': '2024-12-10T16:11:52Z', 'revision_number': 0, 'project_id': 'a984ab770b7c4fc2b290e57b8667ed72'}, Router: {'id': '6632412d-356b-4112-ba41-4837fef02e40', 'name': 'tempest-VolumesAssistedSnapshotsTest-1730496165-router', 'tenant_id': 'a984ab770b7c4fc2b290e57b8667ed72', 'admin_state_up': True, 'status': 'ACTIVE', 'external_gateway_info': {'network_id': '5295b232-df9f-4901-8a29-a03fd6e6fe95', 'external_fixed_ips': [{'subnet_id': '0b48a5b2-db5d-4139-8ff8-6e6381443195', 'ip_address': '10.180.180.157'}], 'enable_snat': True}, 'description': '', 'availability_zones': [], 'distributed': False, 'ha': False, 'availability_zone_hints': [], 'routes': [], 'flavor_id': None, 'tags': [], 'created_at': '2024-12-10T16:11:53Z', 'updated_at': '2024-12-10T16:11:53Z', 'revision_number': 2, 'project_id': 'a984ab770b7c4fc2b290e57b8667ed72'}
2024-12-10 16:11:55.695 65840 INFO tempest.lib.common.rest_client [req-0b899ce8-2c04-4f77-8f9f-51307b4aea95 req-0b899ce8-2c04-4f77-8f9f-51307b4aea95 ] Request (TenantUsagesNegativeTestJSON:tearDownClass): 204 DELETE http://10.180.1.21/identity/v3/projects/aee49f4cfb8f4de2b406e98dce067f40 0.195s
2024-12-10 16:11:55.738 65822 INFO tempest.lib.common.rest_client [req-7a437aec-8317-4668-afea-c7222f58bb13 req-7a437aec-8317-4668-afea-c7222f58bb13 ] Request (QuotasAdminTestJSON:test_get_updated_quotas): 200 GET http://10.180.1.21/compute/v2.1/os-quota-sets/20befe9f5e014ed08de32120905d1d60?user_id=152396491a244e3bb4e754e072afc88c 1.557s
2024-12-10 16:11:55.758 65804 INFO tempest.lib.common.rest_client [req-6b1ef2d2-9e87-4213-aa29-182bf1810e48 req-6b1ef2d2-9e87-4213-aa29-182bf1810e48 ] Request (QuotaClassesAdmin257Test:setUpClass): 201 POST http://10.180.1.21/identity/v3/users 0.218s
2024-12-10 16:11:55.783 65850 INFO tempest.lib.common.rest_client [req-816e5dd5-5b34-4174-b438-a8f2a5d9e72d req-816e5dd5-5b34-4174-b438-a8f2a5d9e72d ] Request (ImagesMetadataNegativeTestJSON:tearDownClass): 201 POST http://10.180.1.21/identity/v3/auth/tokens 0.220s
2024-12-10 16:11:55.809 65806 INFO tempest.lib.common.rest_client [req-0d71da5b-bce0-48f3-8f94-a716add3163e req-0d71da5b-bce0-48f3-8f94-a716add3163e ] Request (FlavorMetadataValidation:tearDownClass): 204 DELETE http://10.180.1.21/identity/v3/projects/230f1d6e5e094ce7bb21f88e14d6b027 0.252s
2024-12-10 16:11:55.821 65824 INFO tempest.lib.common.rest_client [req-4b72a0db-16e1-4698-a901-5483287b8f16 req-4b72a0db-16e1-4698-a901-5483287b8f16 ] Request (FloatingIPsAssociationNegativeTestJSON:setUpClass): 200 GET http://10.180.1.21/compute/v2.1/servers/d847af88-9acc-4ecf-a290-c3ded02265a3 1.247s
2024-12-10 16:11:55.833 65824 INFO tempest.common.waiters [-] State transition "BUILD/None" ==> "BUILD/networking" after 4 second wait
2024-12-10 16:11:55.847 65838 INFO tempest.lib.common.rest_client [req-d4fad9ce-6ba3-4ba7-a54d-a667500d996c req-d4fad9ce-6ba3-4ba7-a54d-a667500d996c ] Request (FlavorsAccessTestJSON:test_flavor_access_add_remove): 200 GET http://10.180.1.21/compute/v2.1/flavors/detail 1.272s
2024-12-10 16:11:55.864 65832 INFO tempest.lib.common.rest_client [req-c6b09ee8-716b-4532-b8b1-ab7282423e4b req-c6b09ee8-716b-4532-b8b1-ab7282423e4b ] Request (FlavorsExtraSpecsTestJSON:test_flavor_non_admin_get_specific_key): 200 GET http://10.180.1.21/compute/v2.1/flavors/973360286/os-extra_specs/hw:numa_nodes 1.088s
2024-12-10 16:11:55.875 65842 INFO tempest.lib.common.rest_client [req-407aab98-ae82-44cf-8f13-2c1088686a1e req-407aab98-ae82-44cf-8f13-2c1088686a1e ] Request (ServicesAdminNegativeV253TestJSON:setUpClass): 200 GET http://10.180.1.21/identity/v3/roles 0.245s
2024-12-10 16:11:55.899 65840 INFO tempest.lib.common.rest_client [req-63f4e62c-a94f-4b24-8114-f6ccf326fe3f req-63f4e62c-a94f-4b24-8114-f6ccf326fe3f ] Request (AttachInterfacesUnderV243Test:setUpClass): 201 POST http://10.180.1.21/identity/v3/auth/tokens 0.202s
2024-12-10 16:11:55.954 65812 INFO tempest.lib.common.rest_client [req-f78ec34e-b646-4034-b334-57859000fedd req-f78ec34e-b646-4034-b334-57859000fedd ] Request (VolumesAssistedSnapshotsTest:setUpClass): 201 POST http://10.180.1.21/identity/v3/auth/tokens 0.251s
2024-12-10 16:11:55.966 65828 INFO tempest.lib.common.rest_client [req-953300bf-d537-4811-a7f7-0f27740608b8 req-953300bf-d537-4811-a7f7-0f27740608b8 ] Request (ServersAdminTestJSON:setUpClass): 202 POST http://10.180.1.21/compute/v2.1/servers 1.649s
2024-12-10 16:11:55.983 65804 INFO tempest.lib.common.rest_client [req-5ac49414-a302-4c23-964d-89299e725707 req-5ac49414-a302-4c23-964d-89299e725707 ] Request (QuotaClassesAdmin257Test:setUpClass): 200 GET http://10.180.1.21/identity/v3/roles 0.225s
2024-12-10 16:11:56.047 65822 INFO tempest.lib.common.rest_client [req-7ad4208e-9570-4423-a207-47190695de5c req-7ad4208e-9570-4423-a207-47190695de5c ] Request (QuotasAdminTestJSON:_run_cleanups): 204 DELETE http://10.180.1.21/identity/v3/users/152396491a244e3bb4e754e072afc88c 0.307s
2024-12-10 16:11:56.106 65806 INFO tempest.lib.common.rest_client [req-559d8fa2-c507-4e30-a2f5-57669b061678 req-559d8fa2-c507-4e30-a2f5-57669b061678 ] Request (HypervisorAdminTestJSON:setUpClass): 201 POST http://10.180.1.21/identity/v3/auth/tokens 0.296s
2024-12-10 16:11:56.212 65850 INFO tempest.lib.common.rest_client [req-a8277eab-7be7-409b-bd2b-f475842e90f5 req-a8277eab-7be7-409b-bd2b-f475842e90f5 ] Request (ImagesMetadataNegativeTestJSON:tearDownClass): 200 GET http://10.180.1.21:9696/networking/v2.0/security-groups?tenant_id=b69de4a53905406493278b16b080a2eb&name=default 0.429s
2024-12-10 16:11:56.224 65842 INFO tempest.lib.common.rest_client [req-adb5416d-5ca0-4e72-9305-713d3d472d44 req-adb5416d-5ca0-4e72-9305-713d3d472d44 ] Request (ServicesAdminNegativeV253TestJSON:setUpClass): 204 PUT http://10.180.1.21/identity/v3/projects/277cfd09e1664b9c91645ef9acfb092a/users/f3a29529a1a54dce9ab319092676adfc/roles/125d06c5d1af44d2a7077e1f43584936 0.347s
2024-12-10 16:11:56.224 65842 INFO tempest.lib.common.dynamic_creds [-] Dynamic test user f3a29529a1a54dce9ab319092676adfc is created with scope project and roles: ['member']
2024-12-10 16:11:56.224 65842 INFO tempest.lib.common.dynamic_creds [-] Acquired dynamic creds: credentials: Credentials: {'domain_id': 'default', 'domain_name': 'Default', 'username': 'tempest-ServicesAdminNegativeV253TestJSON-1608528974-project-member', 'project_domain_id': 'default', 'project_domain_name': 'Default', 'project_id': '277cfd09e1664b9c91645ef9acfb092a', 'project_name': 'tempest-ServicesAdminNegativeV253TestJSON-1608528974', 'tenant_id': '277cfd09e1664b9c91645ef9acfb092a', 'tenant_name': 'tempest-ServicesAdminNegativeV253TestJSON-1608528974', 'user_domain_id': 'default', 'user_domain_name': 'Default', 'user_id': 'f3a29529a1a54dce9ab319092676adfc', 'system': None}, Network: None, Subnet: None, Router: None
2024-12-10 16:11:56.225 65842 INFO tempest.lib.common.dynamic_creds [-] Created isolated network resources for: credentials: Credentials: {'domain_id': 'default', 'domain_name': 'Default', 'username': 'tempest-ServicesAdminNegativeV253TestJSON-1608528974-project-member', 'project_domain_id': 'default', 'project_domain_name': 'Default', 'project_id': '277cfd09e1664b9c91645ef9acfb092a', 'project_name': 'tempest-ServicesAdminNegativeV253TestJSON-1608528974', 'tenant_id': '277cfd09e1664b9c91645ef9acfb092a', 'tenant_name': 'tempest-ServicesAdminNegativeV253TestJSON-1608528974', 'user_domain_id': 'default', 'user_domain_name': 'Default', 'user_id': 'f3a29529a1a54dce9ab319092676adfc', 'system': None}, Network: None, Subnet: None, Router: None
2024-12-10 16:11:56.251 65848 INFO tempest.lib.common.rest_client [req-55b8d389-682a-4680-bdd0-e2cc586dbce7 req-55b8d389-682a-4680-bdd0-e2cc586dbce7 ] Request (ServersWithSpecificFlavorTestJSON:test_verify_created_server_ephemeral_disk): 200 POST http://10.180.1.21/compute/v2.1/flavors 1.434s
2024-12-10 16:11:56.270 65831 INFO tempest.lib.common.rest_client [req-9f699ac3-2ea7-4736-907d-a760fe000d4f req-9f699ac3-2ea7-4736-907d-a760fe000d4f ] Request (FlavorsAdminTestJSON:test_create_flavor_verify_entry_in_list_details): 200 GET http://10.180.1.21/compute/v2.1/flavors/detail 1.144s
2024-12-10 16:11:56.285 65840 INFO tempest.lib.common.rest_client [req-1ee138b9-cef8-4b25-abf0-0acbbcf73f4b req-1ee138b9-cef8-4b25-abf0-0acbbcf73f4b ] Request (AttachInterfacesUnderV243Test:setUpClass): 201 POST http://10.180.1.21/identity/v3/auth/tokens 0.383s
2024-12-10 16:11:56.291 65827 INFO tempest.lib.common.rest_client [req-e64c9991-354d-414d-85ec-72c8b11082a6 req-e64c9991-354d-414d-85ec-72c8b11082a6 ] Request (FlavorsV255TestJSON:test_crud_flavor): 200 GET http://10.180.1.21/compute/v2.1/flavors 1.128s
2024-12-10 16:11:56.314 65804 INFO tempest.lib.common.rest_client [req-f9b6fab7-d9f0-42a0-b621-ae95336b9f4f req-f9b6fab7-d9f0-42a0-b621-ae95336b9f4f ] Request (QuotaClassesAdmin257Test:setUpClass): 204 PUT http://10.180.1.21/identity/v3/projects/8530cc68473047009e828c8808674c83/users/c58070cb5f034833aaad11de0fb8a81d/roles/125d06c5d1af44d2a7077e1f43584936 0.331s
2024-12-10 16:11:56.314 65804 INFO tempest.lib.common.dynamic_creds [-] Dynamic test user c58070cb5f034833aaad11de0fb8a81d is created with scope project and roles: ['member']
2024-12-10 16:11:56.315 65804 INFO tempest.lib.common.dynamic_creds [-] Acquired dynamic creds: credentials: Credentials: {'domain_id': 'default', 'domain_name': 'Default', 'username': 'tempest-QuotaClassesAdmin257Test-1192327750-project-member', 'project_domain_id': 'default', 'project_domain_name': 'Default', 'project_id': '8530cc68473047009e828c8808674c83', 'project_name': 'tempest-QuotaClassesAdmin257Test-1192327750', 'tenant_id': '8530cc68473047009e828c8808674c83', 'tenant_name': 'tempest-QuotaClassesAdmin257Test-1192327750', 'user_domain_id': 'default', 'user_domain_name': 'Default', 'user_id': 'c58070cb5f034833aaad11de0fb8a81d', 'system': None}, Network: None, Subnet: None, Router: None
2024-12-10 16:11:56.315 65804 INFO tempest.lib.common.dynamic_creds [-] Created isolated network resources for: credentials: Credentials: {'domain_id': 'default', 'domain_name': 'Default', 'username': 'tempest-QuotaClassesAdmin257Test-1192327750-project-member', 'project_domain_id': 'default', 'project_domain_name': 'Default', 'project_id': '8530cc68473047009e828c8808674c83', 'project_name': 'tempest-QuotaClassesAdmin257Test-1192327750', 'tenant_id': '8530cc68473047009e828c8808674c83', 'tenant_name': 'tempest-QuotaClassesAdmin257Test-1192327750', 'user_domain_id': 'default', 'user_domain_name': 'Default', 'user_id': 'c58070cb5f034833aaad11de0fb8a81d', 'system': None}, Network: None, Subnet: None, Router: None
2024-12-10 16:11:56.326 65850 INFO tempest.lib.common.rest_client [req-2daa0620-60fe-4a76-837a-e69080e76b52 req-2daa0620-60fe-4a76-837a-e69080e76b52 ] Request (ImagesMetadataNegativeTestJSON:tearDownClass): 204 DELETE http://10.180.1.21:9696/networking/v2.0/security-groups/33800085-6c04-4b44-a0b5-9b9fef02f768 0.113s
2024-12-10 16:11:56.365 65816 INFO tempest.lib.common.rest_client [req-593dd965-5492-4385-8112-2b4d80e93ced req-593dd965-5492-4385-8112-2b4d80e93ced ] Request (ServerDiagnosticsNegativeTest:test_get_server_diagnostics_by_non_admin): 200 GET http://10.180.1.21/compute/v2.1/servers/35a4c1a0-2813-4c5a-bbdf-91d9c25666d2 1.090s
2024-12-10 16:11:56.372 65820 INFO tempest.lib.common.rest_client [req-12b34c5c-3d2d-4e44-9a72-ee508935f576 req-12b34c5c-3d2d-4e44-9a72-ee508935f576 ] Request (HypervisorAdminNegativeTestJSON:test_get_nonexistent_hypervisor_uptime): 404 GET http://10.180.1.21/compute/v2.1/os-hypervisors/efafab86-1224-40f4-a360-809166fbe09a/uptime 1.093s
2024-12-10 16:11:56.379 65846 INFO tempest.lib.common.rest_client [req-62e77c68-bc4c-47c2-819b-7aec3787dcaf req-62e77c68-bc4c-47c2-819b-7aec3787dcaf ] Request (HypervisorAdminNegativeUnderV252Test:test_show_servers_with_non_admin_user): 403 GET http://10.180.1.21/compute/v2.1/os-hypervisors/1/servers 1.064s
2024-12-10 16:11:56.382 65810 INFO tempest.lib.common.rest_client [req-e6b42897-caa9-427f-bf18-c60da2f0afeb req-e6b42897-caa9-427f-bf18-c60da2f0afeb ] Request (HostsAdminNegativeTestJSON:test_shutdown_host_with_non_admin_user): 403 GET http://10.180.1.21/compute/v2.1/os-hosts/devstack/shutdown 1.042s
2024-12-10 16:11:56.412 65822 INFO tempest.lib.common.rest_client [req-2c7076ee-adcb-4ca3-9f08-7add8167efc3 req-2c7076ee-adcb-4ca3-9f08-7add8167efc3 ] Request (QuotasAdminTestJSON:_run_cleanups): 204 DELETE http://10.180.1.21/identity/v3/projects/20befe9f5e014ed08de32120905d1d60 0.364s
2024-12-10 16:11:56.439 65806 INFO tempest.lib.common.rest_client [req-51c8a339-0bae-49f8-b3de-82ba40c67089 req-51c8a339-0bae-49f8-b3de-82ba40c67089 ] Request (HypervisorAdminTestJSON:setUpClass): 201 POST http://10.180.1.21/identity/v3/auth/tokens 0.327s
2024-12-10 16:11:56.451 65814 INFO tempest.lib.common.rest_client [req-bfc88c97-7f5a-4056-8351-cdaa4b39bbe4 req-bfc88c97-7f5a-4056-8351-cdaa4b39bbe4 ] Request (ServerDiagnosticsTest:test_get_server_diagnostics): 200 GET http://10.180.1.21/compute/v2.1/servers/3f016251-3fe4-4a73-8718-498c90779415 1.094s
2024-12-10 16:11:56.471 65800 INFO tempest.lib.common.rest_client [req-57e8210c-0ce8-4955-bc74-1ed83cbc046e req-57e8210c-0ce8-4955-bc74-1ed83cbc046e ] Request (ServicesAdminNegativeTestJSON:test_get_service_with_valid_service_and_invalid_host): 200 GET http://10.180.1.21/compute/v2.1/os-services 1.108s
2024-12-10 16:11:56.537 65840 INFO tempest.lib.common.rest_client [req-5c1af08d-620f-4c79-b02d-3288ad1ee2d7 req-5c1af08d-620f-4c79-b02d-3288ad1ee2d7 ] Request (AttachInterfacesUnderV243Test:setUpClass): 200 GET http://10.180.1.21/identity/v3/domains?name=Default 0.251s
2024-12-10 16:11:56.570 65842 INFO tempest.lib.common.rest_client [req-8fa2f41f-e7f7-4fd4-a23c-ebe2184762e2 req-8fa2f41f-e7f7-4fd4-a23c-ebe2184762e2 ] Request (ServicesAdminNegativeV253TestJSON:setUpClass): 201 POST http://10.180.1.21/identity/v3/auth/tokens 0.338s
2024-12-10 16:11:56.576 65836 INFO tempest.lib.common.rest_client [req-94d06913-2943-45c7-8447-fc9646ad63f9 req-94d06913-2943-45c7-8447-fc9646ad63f9 ] Request (ListImageFiltersTestJSON:setUpClass): 204 PUT http://10.180.1.21/image/v2/images/0a139653-1393-48a5-8110-4d86b46b6c01/file 2.236s
2024-12-10 16:11:56.663 65804 INFO tempest.lib.common.rest_client [req-cd729a42-4fe7-41ce-939b-f9badc95b831 req-cd729a42-4fe7-41ce-939b-f9badc95b831 ] Request (QuotaClassesAdmin257Test:setUpClass): 201 POST http://10.180.1.21/identity/v3/auth/tokens 0.344s
2024-12-10 16:11:56.666 65812 INFO tempest.lib.common.rest_client [req-1b42ac0d-9231-4afb-be74-f36434b216d1 req-1b42ac0d-9231-4afb-be74-f36434b216d1 ] Request (VolumesAssistedSnapshotsTest:test_volume_assisted_snapshot_create_delete): 202 POST http://10.180.1.21/volume/v3/volumes 0.709s
2024-12-10 16:11:56.689 65850 INFO tempest.lib.common.rest_client [req-72852c35-a824-4eb6-a304-6435f7dd2053 req-72852c35-a824-4eb6-a304-6435f7dd2053 ] Request (ImagesMetadataNegativeTestJSON:tearDownClass): 204 DELETE http://10.180.1.21/identity/v3/projects/b69de4a53905406493278b16b080a2eb 0.362s
2024-12-10 16:11:56.721 65806 INFO tempest.lib.common.rest_client [req-080a7927-a5bd-4fe5-a029-ed3eabe2b31c req-080a7927-a5bd-4fe5-a029-ed3eabe2b31c ] Request (HypervisorAdminTestJSON:setUpClass): 200 GET http://10.180.1.21/identity/v3/domains?name=Default 0.281s
2024-12-10 16:11:56.739 65812 INFO tempest.lib.common.rest_client [req-0c4a5999-7047-4540-a090-8d0756b1cec4 req-0c4a5999-7047-4540-a090-8d0756b1cec4 ] Request (VolumesAssistedSnapshotsTest:test_volume_assisted_snapshot_create_delete): 200 GET http://10.180.1.21/volume/v3/volumes/8e0b8d33-68ba-43cf-97d0-0abd5fe410fe 0.067s
2024-12-10 16:11:56.755 65840 INFO tempest.lib.common.rest_client [req-2b591b88-636f-4aab-905c-7ff27da94519 req-2b591b88-636f-4aab-905c-7ff27da94519 ] Request (AttachInterfacesUnderV243Test:setUpClass): 201 POST http://10.180.1.21/identity/v3/projects 0.217s
2024-12-10 16:11:56.761 65844 INFO tempest.lib.common.rest_client [req-12c78038-7f23-46ac-8480-8e5533ad9f7d req-12c78038-7f23-46ac-8480-8e5533ad9f7d ] Request (InstanceActionsV221TestJSON:setUpClass): 201 POST http://10.180.1.21:9696/networking/v2.0/routers 1.166s
2024-12-10 16:11:56.822 65842 INFO tempest.lib.common.rest_client [req-7b4f0239-909a-4ac2-bf19-1b1d26779638 req-7b4f0239-909a-4ac2-bf19-1b1d26779638 ] Request (ServicesAdminNegativeV253TestJSON:setUpClass): 201 POST http://10.180.1.21/identity/v3/projects 0.251s
2024-12-10 16:11:56.836 65802 INFO tempest.lib.common.rest_client [req-d3de0fff-d6af-4991-9f80-3d9ffe6e6f2d req-d3de0fff-d6af-4991-9f80-3d9ffe6e6f2d ] Request (HostsAdminTestJSON:test_list_hosts): 200 GET http://10.180.1.21/compute/v2.1/os-hosts 1.450s
2024-12-10 16:11:56.897 65804 INFO tempest.lib.common.rest_client [req-1dd7b780-f1c5-4fda-ad1a-72d7240d893a req-1dd7b780-f1c5-4fda-ad1a-72d7240d893a ] Request (QuotaClassesAdmin257Test:setUpClass): 201 POST http://10.180.1.21/identity/v3/projects 0.233s
2024-12-10 16:11:56.954 65850 INFO tempest.lib.common.rest_client [req-c7bef4df-b70e-4d9f-90c3-2861f98c7043 req-c7bef4df-b70e-4d9f-90c3-2861f98c7043 ] Request (SecurityGroupRulesTestJSON:setUpClass): 201 POST http://10.180.1.21/identity/v3/auth/tokens 0.263s
2024-12-10 16:11:56.992 65806 INFO tempest.lib.common.rest_client [req-e6d0aa18-8c50-4fce-97c0-ac9a775c7eb9 req-e6d0aa18-8c50-4fce-97c0-ac9a775c7eb9 ] Request (HypervisorAdminTestJSON:setUpClass): 201 POST http://10.180.1.21/identity/v3/projects 0.270s
2024-12-10 16:11:57.060 65840 INFO tempest.lib.common.rest_client [req-54f2d317-107d-42fd-a936-08920e5bb242 req-54f2d317-107d-42fd-a936-08920e5bb242 ] Request (AttachInterfacesUnderV243Test:setUpClass): 201 POST http://10.180.1.21/identity/v3/users 0.304s
2024-12-10 16:11:57.063 65842 INFO tempest.lib.common.rest_client [req-2c9fcfc3-993f-4bc4-b711-3e81d9a18e46 req-2c9fcfc3-993f-4bc4-b711-3e81d9a18e46 ] Request (ServicesAdminNegativeV253TestJSON:setUpClass): 201 POST http://10.180.1.21/identity/v3/users 0.240s
2024-12-10 16:11:57.074 65798 INFO tempest.lib.common.rest_client [req-742f3142-d3f1-4cdc-aa48-efeef05c807a req-742f3142-d3f1-4cdc-aa48-efeef05c807a ] Request (AggregatesAdminNegativeTestJSON:_run_cleanups): 200 POST http://10.180.1.21/compute/v2.1/os-aggregates/1/action 2.084s
2024-12-10 16:11:57.087 65804 INFO tempest.lib.common.rest_client [req-8284a648-1db5-4a0f-9c42-858637ae0723 req-8284a648-1db5-4a0f-9c42-858637ae0723 ] Request (QuotaClassesAdmin257Test:setUpClass): 201 POST http://10.180.1.21/identity/v3/users 0.189s
2024-12-10 16:11:57.088 65806 INFO tempest.lib.common.rest_client [req-77cef0f8-8d29-41ed-b367-977fdfb235b1 req-77cef0f8-8d29-41ed-b367-977fdfb235b1 ] Request (HypervisorAdminTestJSON:setUpClass): 201 POST http://10.180.1.21/identity/v3/users 0.095s
2024-12-10 16:11:57.104 65840 INFO tempest.lib.common.rest_client [req-87ea3fa4-d7e9-43c2-9c32-ffe5c9eda9ec req-87ea3fa4-d7e9-43c2-9c32-ffe5c9eda9ec ] Request (AttachInterfacesUnderV243Test:setUpClass): 200 GET http://10.180.1.21/identity/v3/roles 0.043s
2024-12-10 16:11:57.113 65850 INFO tempest.lib.common.rest_client [req-891781bd-2323-4e3f-9d83-1bd7c7bb34a7 req-891781bd-2323-4e3f-9d83-1bd7c7bb34a7 ] Request (SecurityGroupRulesTestJSON:setUpClass): 201 POST http://10.180.1.21/identity/v3/auth/tokens 0.113s
2024-12-10 16:11:57.117 65842 INFO tempest.lib.common.rest_client [req-181c1f64-1e31-44ca-a324-f45acb9e4721 req-181c1f64-1e31-44ca-a324-f45acb9e4721 ] Request (ServicesAdminNegativeV253TestJSON:setUpClass): 200 GET http://10.180.1.21/identity/v3/roles 0.053s
2024-12-10 16:11:57.130 65804 INFO tempest.lib.common.rest_client [req-0addd2d8-4c4d-480d-82f7-1568dc4da4af req-0addd2d8-4c4d-480d-82f7-1568dc4da4af ] Request (QuotaClassesAdmin257Test:setUpClass): 200 GET http://10.180.1.21/identity/v3/roles 0.042s
2024-12-10 16:11:57.141 65806 INFO tempest.lib.common.rest_client [req-1ab3d780-fb32-4d66-9ea5-e67064a5951c req-1ab3d780-fb32-4d66-9ea5-e67064a5951c ] Request (HypervisorAdminTestJSON:setUpClass): 200 GET http://10.180.1.21/identity/v3/roles 0.053s
2024-12-10 16:11:57.163 65840 INFO tempest.lib.common.rest_client [req-3b704f86-d66b-441e-80ec-abda1e6194f8 req-3b704f86-d66b-441e-80ec-abda1e6194f8 ] Request (AttachInterfacesUnderV243Test:setUpClass): 204 PUT http://10.180.1.21/identity/v3/projects/5ce11edac7f14e5dbdcab7b571840762/users/e568200b27104ec29da9a1b5bbeddfc9/roles/125d06c5d1af44d2a7077e1f43584936 0.058s
2024-12-10 16:11:57.163 65840 INFO tempest.lib.common.dynamic_creds [-] Dynamic test user e568200b27104ec29da9a1b5bbeddfc9 is created with scope project and roles: ['member']
2024-12-10 16:11:57.164 65840 INFO tempest.lib.common.dynamic_creds [-] Acquired dynamic creds: credentials: Credentials: {'domain_id': 'default', 'domain_name': 'Default', 'username': 'tempest-AttachInterfacesUnderV243Test-1407338949-project-member', 'project_domain_id': 'default', 'project_domain_name': 'Default', 'project_id': '5ce11edac7f14e5dbdcab7b571840762', 'project_name': 'tempest-AttachInterfacesUnderV243Test-1407338949', 'tenant_id': '5ce11edac7f14e5dbdcab7b571840762', 'tenant_name': 'tempest-AttachInterfacesUnderV243Test-1407338949', 'user_domain_id': 'default', 'user_domain_name': 'Default', 'user_id': 'e568200b27104ec29da9a1b5bbeddfc9', 'system': None}, Network: None, Subnet: None, Router: None
2024-12-10 16:11:57.220 65850 INFO tempest.lib.common.rest_client [req-add7293a-7db2-4d89-8195-68c0952f5dbf req-add7293a-7db2-4d89-8195-68c0952f5dbf ] Request (SecurityGroupRulesTestJSON:setUpClass): 200 GET http://10.180.1.21/identity/v3/domains?name=Default 0.107s
2024-12-10 16:11:57.246 65852 INFO tempest.lib.common.rest_client [req-9a287457-055f-485e-9398-38e490c696e6 req-9a287457-055f-485e-9398-38e490c696e6 ] Request (DeleteServersAdminTestJSON:test_admin_delete_servers_of_others): 200 GET http://10.180.1.21/compute/v2.1/servers/ceb6d9b1-c9ca-4361-9880-a28ae5b577f8 1.502s
2024-12-10 16:11:57.251 65842 INFO tempest.lib.common.rest_client [req-1a5df0a9-1fc9-45aa-94e2-dc1faca9b5bc req-1a5df0a9-1fc9-45aa-94e2-dc1faca9b5bc ] Request (ServicesAdminNegativeV253TestJSON:setUpClass): 204 PUT http://10.180.1.21/identity/v3/projects/62b917aa8f0a4bb1b93b583dfe526fbe/users/b0f2b01dc820499fb70f2713b3628f2a/roles/15b6f0cb925f40f1a19ec31da64776c0 0.132s
2024-12-10 16:11:57.251 65818 INFO tempest.lib.common.rest_client [req-f594532e-069b-4b14-8806-822b074ba2f2 req-f594532e-069b-4b14-8806-822b074ba2f2 ] Request (FlavorsAccessNegativeTestJSON:test_add_flavor_access_duplicate): 200 POST http://10.180.1.21/compute/v2.1/flavors/508759028/action 1.753s
2024-12-10 16:11:57.258 65804 INFO tempest.lib.common.rest_client [req-ab2aedda-4872-4813-9086-76749c4155b8 req-ab2aedda-4872-4813-9086-76749c4155b8 ] Request (QuotaClassesAdmin257Test:setUpClass): 204 PUT http://10.180.1.21/identity/v3/projects/7e8a1ff0fba649f1b3c3ef732c9043c6/users/9fc19f950cb64720a0671de8160352e2/roles/15b6f0cb925f40f1a19ec31da64776c0 0.128s
2024-12-10 16:11:57.265 65838 INFO tempest.lib.common.rest_client [req-8f0bb5ec-1f11-430e-baf1-e862ab511667 req-8f0bb5ec-1f11-430e-baf1-e862ab511667 ] Request (FlavorsAccessTestJSON:_run_cleanups): 202 DELETE http://10.180.1.21/compute/v2.1/flavors/1610021924 1.410s
2024-12-10 16:11:57.274 65832 INFO tempest.lib.common.rest_client [req-2fee66af-ee9e-48db-87f2-719f7ad8bf71 req-2fee66af-ee9e-48db-87f2-719f7ad8bf71 ] Request (FlavorsExtraSpecsTestJSON:test_flavor_set_get_update_show_unset_keys): 200 POST http://10.180.1.21/compute/v2.1/flavors/973360286/os-extra_specs 1.405s
2024-12-10 16:11:57.318 65854 INFO tempest.lib.common.rest_client [req-ad47af80-310d-4503-8bee-1a33ec6f860f req-ad47af80-310d-4503-8bee-1a33ec6f860f ] Request (ImagesNegativeTestJSON:test_create_image_from_deleted_server): 200 GET http://10.180.1.21/compute/v2.1/servers/e8c3f3da-1da7-45ee-b8dd-255dd83b011d 1.418s
2024-12-10 16:11:57.322 65840 INFO tempest.lib.common.rest_client [req-eb96dfcd-0fcf-4669-8a64-0004fbe8e8ac req-eb96dfcd-0fcf-4669-8a64-0004fbe8e8ac ] Request (AttachInterfacesUnderV243Test:setUpClass): 201 POST http://10.180.1.21/identity/v3/auth/tokens 0.158s
2024-12-10 16:11:57.343 65828 INFO tempest.lib.common.rest_client [req-c4d2a8ed-3313-4a39-a987-2571da571d9f req-c4d2a8ed-3313-4a39-a987-2571da571d9f ] Request (ServersAdminTestJSON:setUpClass): 200 GET http://10.180.1.21/compute/v2.1/servers/9c5a620a-de1b-419f-a0e3-eaf74a63883a 1.375s
2024-12-10 16:11:57.357 65806 INFO tempest.lib.common.rest_client [req-97bed439-2a70-4997-9070-2c1ba5fc5414 req-97bed439-2a70-4997-9070-2c1ba5fc5414 ] Request (HypervisorAdminTestJSON:setUpClass): 204 PUT http://10.180.1.21/identity/v3/projects/c8567975572c4b20ad870ace9a098f95/users/c8b833a104cc43478ded3c9ca69b5fc0/roles/125d06c5d1af44d2a7077e1f43584936 0.215s
2024-12-10 16:11:57.357 65806 INFO tempest.lib.common.dynamic_creds [-] Dynamic test user c8b833a104cc43478ded3c9ca69b5fc0 is created with scope project and roles: ['member']
2024-12-10 16:11:57.357 65806 INFO tempest.lib.common.dynamic_creds [-] Acquired dynamic creds: credentials: Credentials: {'domain_id': 'default', 'domain_name': 'Default', 'username': 'tempest-HypervisorAdminTestJSON-1142113680-project-member', 'project_domain_id': 'default', 'project_domain_name': 'Default', 'project_id': 'c8567975572c4b20ad870ace9a098f95', 'project_name': 'tempest-HypervisorAdminTestJSON-1142113680', 'tenant_id': 'c8567975572c4b20ad870ace9a098f95', 'tenant_name': 'tempest-HypervisorAdminTestJSON-1142113680', 'user_domain_id': 'default', 'user_domain_name': 'Default', 'user_id': 'c8b833a104cc43478ded3c9ca69b5fc0', 'system': None}, Network: None, Subnet: None, Router: None
2024-12-10 16:11:57.357 65806 INFO tempest.lib.common.dynamic_creds [-] Created isolated network resources for: credentials: Credentials: {'domain_id': 'default', 'domain_name': 'Default', 'username': 'tempest-HypervisorAdminTestJSON-1142113680-project-member', 'project_domain_id': 'default', 'project_domain_name': 'Default', 'project_id': 'c8567975572c4b20ad870ace9a098f95', 'project_name': 'tempest-HypervisorAdminTestJSON-1142113680', 'tenant_id': 'c8567975572c4b20ad870ace9a098f95', 'tenant_name': 'tempest-HypervisorAdminTestJSON-1142113680', 'user_domain_id': 'default', 'user_domain_name': 'Default', 'user_id': 'c8b833a104cc43478ded3c9ca69b5fc0', 'system': None}, Network: None, Subnet: None, Router: None
2024-12-10 16:11:57.366 65850 INFO tempest.lib.common.rest_client [req-161fe08f-1cd3-462b-9d46-428473207969 req-161fe08f-1cd3-462b-9d46-428473207969 ] Request (SecurityGroupRulesTestJSON:setUpClass): 201 POST http://10.180.1.21/identity/v3/projects 0.145s
2024-12-10 16:11:57.375 65856 INFO tempest.lib.common.rest_client [req-033210d7-83b2-4fba-8554-af89caff8724 req-033210d7-83b2-4fba-8554-af89caff8724 ] Request (AttachInterfacesV270Test:test_create_get_list_interfaces): 200 GET http://10.180.1.21/compute/v2.1/servers/d4c9dd38-1b40-4f73-ae6d-273ca0ad5acb 1.387s
2024-12-10 16:11:57.385 65848 INFO tempest.lib.common.rest_client [req-9d5ab8c9-8d4e-4878-9133-3872fa45119d req-9d5ab8c9-8d4e-4878-9133-3872fa45119d ] Request (ServersWithSpecificFlavorTestJSON:test_verify_created_server_ephemeral_disk): 200 GET http://10.180.1.21/compute/v2.1/flavors/42/os-extra_specs 1.132s
2024-12-10 16:11:57.397 65831 INFO tempest.lib.common.rest_client [req-6c3090ce-41f3-4d99-9792-96b66f66e03c req-6c3090ce-41f3-4d99-9792-96b66f66e03c ] Request (FlavorsAdminTestJSON:_run_cleanups): 202 DELETE http://10.180.1.21/compute/v2.1/flavors/644289064 1.120s
2024-12-10 16:11:57.398 65808 INFO tempest.lib.common.rest_client [req-78769915-6bb6-4db6-9850-a6a1fd8df8aa req-78769915-6bb6-4db6-9850-a6a1fd8df8aa ] Request (ServerDiagnosticsV248Test:test_get_server_diagnostics): 200 GET http://10.180.1.21/compute/v2.1/servers/f74de76e-9358-4af8-acef-8a004a91998f 1.283s
2024-12-10 16:11:57.415 65827 INFO tempest.lib.common.rest_client [req-218f8f14-fef1-45f4-8065-0fdb43f557e5 req-218f8f14-fef1-45f4-8065-0fdb43f557e5 ] Request (FlavorsV255TestJSON:_run_cleanups): 202 DELETE http://10.180.1.21/compute/v2.1/flavors/1542539459 1.119s
2024-12-10 16:11:57.424 65804 INFO tempest.lib.common.rest_client [req-16f1f74f-1f7c-410f-978c-6846e06d0f8f req-16f1f74f-1f7c-410f-978c-6846e06d0f8f ] Request (QuotaClassesAdmin257Test:setUpClass): 200 GET http://10.180.1.21/identity/v3/roles 0.165s
2024-12-10 16:11:57.433 65820 INFO tempest.lib.common.rest_client [req-b27eefaa-09fe-47d4-9e15-a71edbbffc37 req-b27eefaa-09fe-47d4-9e15-a71edbbffc37 ] Request (HypervisorAdminNegativeTestJSON:test_show_hypervisor_with_non_admin_user): 200 GET http://10.180.1.21/compute/v2.1/os-hypervisors 1.057s
2024-12-10 16:11:57.445 65846 INFO tempest.lib.common.rest_client [req-a0851200-952a-471f-90fb-8932133e3656 req-a0851200-952a-471f-90fb-8932133e3656 ] Request (HypervisorAdminNegativeUnderV252Test:test_show_servers_with_nonexistent_hypervisor): 404 GET http://10.180.1.21/compute/v2.1/os-hypervisors/cc5f391e-095e-4250-b22a-fc3292fba2d0/servers 1.065s
2024-12-10 16:11:57.446 65842 INFO tempest.lib.common.rest_client [req-a758da60-e077-4a10-ad31-fed923a44c7d req-a758da60-e077-4a10-ad31-fed923a44c7d ] Request (ServicesAdminNegativeV253TestJSON:setUpClass): 200 GET http://10.180.1.21/identity/v3/roles 0.195s
2024-12-10 16:11:57.458 65858 INFO tempest.lib.common.rest_client [req-9e332478-13d3-4ec6-bca3-c7244bca4b90 req-9e332478-13d3-4ec6-bca3-c7244bca4b90 ] Request (ServersAdmin275Test:test_rebuild_update_server_275): 200 GET http://10.180.1.21/compute/v2.1/servers/841d3d29-d0cc-4eff-8257-c9bfc70bc7be 1.176s
2024-12-10 16:11:57.458 65810 INFO tempest.lib.common.rest_client [req-72cbc525-4b66-496d-a831-5c25e0d207dd req-72cbc525-4b66-496d-a831-5c25e0d207dd ] Request (HostsAdminNegativeTestJSON:test_shutdown_nonexistent_host): 404 GET http://10.180.1.21/compute/v2.1/os-hosts/nonexistent_hostname/shutdown 1.075s
2024-12-10 16:11:57.480 65800 INFO tempest.lib.common.rest_client [req-f0288acc-8257-4eee-b8e9-d84cbc9835f2 req-f0288acc-8257-4eee-b8e9-d84cbc9835f2 ] Request (ServicesAdminNegativeTestJSON:test_get_service_with_valid_service_and_invalid_host): 200 GET http://10.180.1.21/compute/v2.1/os-services?host=xxx&binary=nova-scheduler 1.007s
2024-12-10 16:11:57.509 65836 INFO tempest.lib.common.rest_client [req-91bc1ddb-7983-4226-a05c-bcfd1e0d145d req-91bc1ddb-7983-4226-a05c-bcfd1e0d145d ] Request (ListImageFiltersTestJSON:setUpClass): 200 GET http://10.180.1.21/compute/v2.1/images/0a139653-1393-48a5-8110-4d86b46b6c01 0.931s
2024-12-10 16:11:57.510 65806 INFO tempest.lib.common.rest_client [req-dac00883-6f2a-4834-886e-606f50702a4d req-dac00883-6f2a-4834-886e-606f50702a4d ] Request (HypervisorAdminTestJSON:setUpClass): 201 POST http://10.180.1.21/identity/v3/auth/tokens 0.149s
2024-12-10 16:11:57.511 65850 INFO tempest.lib.common.rest_client [req-e0bfce9a-ee43-4ec2-9047-d1e8efad6bad req-e0bfce9a-ee43-4ec2-9047-d1e8efad6bad ] Request (SecurityGroupRulesTestJSON:setUpClass): 201 POST http://10.180.1.21/identity/v3/users 0.145s
2024-12-10 16:11:57.540 65804 INFO tempest.lib.common.rest_client [req-e5fc5843-da0d-416b-acba-196cf2aae7bc req-e5fc5843-da0d-416b-acba-196cf2aae7bc ] Request (QuotaClassesAdmin257Test:setUpClass): 204 PUT http://10.180.1.21/identity/v3/projects/7e8a1ff0fba649f1b3c3ef732c9043c6/users/9fc19f950cb64720a0671de8160352e2/roles/15b6f0cb925f40f1a19ec31da64776c0 0.115s
2024-12-10 16:11:57.540 65804 INFO tempest.lib.common.dynamic_creds [-] Dynamic test user 9fc19f950cb64720a0671de8160352e2 is created with scope project and roles: ['admin']
2024-12-10 16:11:57.540 65804 INFO tempest.lib.common.dynamic_creds [-] Acquired dynamic creds: credentials: Credentials: {'domain_id': 'default', 'domain_name': 'Default', 'username': 'tempest-QuotaClassesAdmin257Test-1599737419-project-admin', 'project_domain_id': 'default', 'project_domain_name': 'Default', 'project_id': '7e8a1ff0fba649f1b3c3ef732c9043c6', 'project_name': 'tempest-QuotaClassesAdmin257Test-1599737419', 'tenant_id': '7e8a1ff0fba649f1b3c3ef732c9043c6', 'tenant_name': 'tempest-QuotaClassesAdmin257Test-1599737419', 'user_domain_id': 'default', 'user_domain_name': 'Default', 'user_id': '9fc19f950cb64720a0671de8160352e2', 'system': None}, Network: None, Subnet: None, Router: None
2024-12-10 16:11:57.540 65804 INFO tempest.lib.common.dynamic_creds [-] Created isolated network resources for: credentials: Credentials: {'domain_id': 'default', 'domain_name': 'Default', 'username': 'tempest-QuotaClassesAdmin257Test-1599737419-project-admin', 'project_domain_id': 'default', 'project_domain_name': 'Default', 'project_id': '7e8a1ff0fba649f1b3c3ef732c9043c6', 'project_name': 'tempest-QuotaClassesAdmin257Test-1599737419', 'tenant_id': '7e8a1ff0fba649f1b3c3ef732c9043c6', 'tenant_name': 'tempest-QuotaClassesAdmin257Test-1599737419', 'user_domain_id': 'default', 'user_domain_name': 'Default', 'user_id': '9fc19f950cb64720a0671de8160352e2', 'system': None}, Network: None, Subnet: None, Router: None
2024-12-10 16:11:57.587 65846 INFO tempest.lib.common.rest_client [req-dffa92ac-0094-42e4-9dde-5790978d5556 req-dffa92ac-0094-42e4-9dde-5790978d5556 ] Request (HypervisorAdminNegativeUnderV252Test:tearDownClass): 204 DELETE http://10.180.1.21/identity/v3/users/68e2dd08a0ef4210a85248e3185aa88e 0.141s
2024-12-10 16:11:57.638 65842 INFO tempest.lib.common.rest_client [req-555ef95e-873f-4908-855d-886a3c974b0c req-555ef95e-873f-4908-855d-886a3c974b0c ] Request (ServicesAdminNegativeV253TestJSON:setUpClass): 204 PUT http://10.180.1.21/identity/v3/projects/62b917aa8f0a4bb1b93b583dfe526fbe/users/b0f2b01dc820499fb70f2713b3628f2a/roles/15b6f0cb925f40f1a19ec31da64776c0 0.191s
2024-12-10 16:11:57.638 65842 INFO tempest.lib.common.dynamic_creds [-] Dynamic test user b0f2b01dc820499fb70f2713b3628f2a is created with scope project and roles: ['admin']
2024-12-10 16:11:57.638 65842 INFO tempest.lib.common.dynamic_creds [-] Acquired dynamic creds: credentials: Credentials: {'domain_id': 'default', 'domain_name': 'Default', 'username': 'tempest-ServicesAdminNegativeV253TestJSON-502547321-project-admin', 'project_domain_id': 'default', 'project_domain_name': 'Default', 'project_id': '62b917aa8f0a4bb1b93b583dfe526fbe', 'project_name': 'tempest-ServicesAdminNegativeV253TestJSON-502547321', 'tenant_id': '62b917aa8f0a4bb1b93b583dfe526fbe', 'tenant_name': 'tempest-ServicesAdminNegativeV253TestJSON-502547321', 'user_domain_id': 'default', 'user_domain_name': 'Default', 'user_id': 'b0f2b01dc820499fb70f2713b3628f2a', 'system': None}, Network: None, Subnet: None, Router: None
2024-12-10 16:11:57.638 65842 INFO tempest.lib.common.dynamic_creds [-] Created isolated network resources for: credentials: Credentials: {'domain_id': 'default', 'domain_name': 'Default', 'username': 'tempest-ServicesAdminNegativeV253TestJSON-502547321-project-admin', 'project_domain_id': 'default', 'project_domain_name': 'Default', 'project_id': '62b917aa8f0a4bb1b93b583dfe526fbe', 'project_name': 'tempest-ServicesAdminNegativeV253TestJSON-502547321', 'tenant_id': '62b917aa8f0a4bb1b93b583dfe526fbe', 'tenant_name': 'tempest-ServicesAdminNegativeV253TestJSON-502547321', 'user_domain_id': 'default', 'user_domain_name': 'Default', 'user_id': 'b0f2b01dc820499fb70f2713b3628f2a', 'system': None}, Network: None, Subnet: None, Router: None
2024-12-10 16:11:57.659 65824 INFO tempest.lib.common.rest_client [req-0a7f4e4d-2668-44ee-a0d1-ec90c5072411 req-0a7f4e4d-2668-44ee-a0d1-ec90c5072411 ] Request (FloatingIPsAssociationNegativeTestJSON:setUpClass): 200 GET http://10.180.1.21/compute/v2.1/servers/d847af88-9acc-4ecf-a290-c3ded02265a3 0.822s
2024-12-10 16:11:57.669 65824 INFO tempest.common.waiters [-] State transition "BUILD/networking" ==> "BUILD/spawning" after 6 second wait
2024-12-10 16:11:57.678 65802 INFO tempest.lib.common.rest_client [req-ebef7076-afe6-434c-82e1-3cf9bc445864 req-ebef7076-afe6-434c-82e1-3cf9bc445864 ] Request (HostsAdminTestJSON:test_list_hosts_with_a_blank_zone): 200 GET http://10.180.1.21/compute/v2.1/os-hosts?zone= 0.835s
2024-12-10 16:11:57.684 65850 INFO tempest.lib.common.rest_client [req-fc0b53ab-6e69-425b-8811-02e1d9e985b6 req-fc0b53ab-6e69-425b-8811-02e1d9e985b6 ] Request (SecurityGroupRulesTestJSON:setUpClass): 200 GET http://10.180.1.21/identity/v3/roles 0.171s
2024-12-10 16:11:57.704 65798 INFO tempest.lib.common.rest_client [req-6fc5dd8b-bd3b-4d2a-a052-24aef202753c req-6fc5dd8b-bd3b-4d2a-a052-24aef202753c ] Request (AggregatesAdminNegativeTestJSON:_run_cleanups): 200 DELETE http://10.180.1.21/compute/v2.1/os-aggregates/1 0.628s
2024-12-10 16:11:57.725 65806 INFO tempest.lib.common.rest_client [req-21213975-e3cb-47a0-b20c-3eb41beefeda req-21213975-e3cb-47a0-b20c-3eb41beefeda ] Request (HypervisorAdminTestJSON:setUpClass): 201 POST http://10.180.1.21/identity/v3/projects 0.215s
2024-12-10 16:11:57.763 65804 INFO tempest.lib.common.rest_client [req-a2ad5a8b-d9e1-4f2f-84ad-3509259cd806 req-a2ad5a8b-d9e1-4f2f-84ad-3509259cd806 ] Request (QuotaClassesAdmin257Test:setUpClass): 201 POST http://10.180.1.21/identity/v3/auth/tokens 0.218s
2024-12-10 16:11:57.771 65844 INFO tempest.lib.common.rest_client [req-d005b25f-57be-4251-86e2-5eaa5224d302 req-d005b25f-57be-4251-86e2-5eaa5224d302 ] Request (InstanceActionsV221TestJSON:setUpClass): 200 PUT http://10.180.1.21:9696/networking/v2.0/routers/5222b74f-aab5-4c74-9a86-74a329d35ca6/add_router_interface 1.009s
2024-12-10 16:11:57.771 65844 INFO tempest.lib.common.dynamic_creds [-] Created isolated network resources for: credentials: Credentials: {'domain_id': 'default', 'domain_name': 'Default', 'username': 'tempest-InstanceActionsV221TestJSON-2927849-project-member', 'project_domain_id': 'default', 'project_domain_name': 'Default', 'project_id': '27e91166ca934c27938fbfb556b9a665', 'project_name': 'tempest-InstanceActionsV221TestJSON-2927849', 'tenant_id': '27e91166ca934c27938fbfb556b9a665', 'tenant_name': 'tempest-InstanceActionsV221TestJSON-2927849', 'user_domain_id': 'default', 'user_domain_name': 'Default', 'user_id': '9bb97d5996f24f3880892dfd6f4be9eb', 'system': None}, Network: {'id': '228559b5-f5d1-4285-af41-656385260c87', 'name': 'tempest-InstanceActionsV221TestJSON-486265662-network', 'tenant_id': '27e91166ca934c27938fbfb556b9a665', 'admin_state_up': True, 'mtu': 8950, 'status': 'ACTIVE', 'subnets': [], 'shared': False, 'project_id': '27e91166ca934c27938fbfb556b9a665', 'port_security_enabled': True, 'router:external': False, 'provider:network_type': 'vlan', 'provider:physical_network': 'default', 'provider:segmentation_id': 681, 'availability_zone_hints': [], 'availability_zones': [], 'ipv4_address_scope': None, 'ipv6_address_scope': None, 'description': '', 'tags': [], 'created_at': '2024-12-10T16:11:54Z', 'updated_at': '2024-12-10T16:11:54Z', 'revision_number': 1}, Subnet: {'id': 'fbe40390-fd58-4288-8ff2-06c49bfb01d4', 'name': 'tempest-InstanceActionsV221TestJSON-486265662-subnet', 'tenant_id': '27e91166ca934c27938fbfb556b9a665', 'network_id': '228559b5-f5d1-4285-af41-656385260c87', 'ip_version': 4, 'subnetpool_id': None, 'enable_dhcp': True, 'ipv6_ra_mode': None, 'ipv6_address_mode': None, 'gateway_ip': '192.168.128.1', 'cidr': '192.168.128.0/28', 'allocation_pools': [{'start': '192.168.128.2', 'end': '192.168.128.14'}], 'host_routes': [], 'dns_nameservers': [], 'description': '', 'router:external': False, 'service_types': [], 'tags': [], 'created_at': '2024-12-10T16:11:55Z', 'updated_at': '2024-12-10T16:11:55Z', 'revision_number': 0, 'project_id': '27e91166ca934c27938fbfb556b9a665'}, Router: {'id': '5222b74f-aab5-4c74-9a86-74a329d35ca6', 'name': 'tempest-InstanceActionsV221TestJSON-486265662-router', 'tenant_id': '27e91166ca934c27938fbfb556b9a665', 'admin_state_up': True, 'status': 'ACTIVE', 'external_gateway_info': {'network_id': '5295b232-df9f-4901-8a29-a03fd6e6fe95', 'external_fixed_ips': [{'subnet_id': '0b48a5b2-db5d-4139-8ff8-6e6381443195', 'ip_address': '10.180.180.233'}], 'enable_snat': True}, 'description': '', 'availability_zones': [], 'distributed': False, 'ha': False, 'availability_zone_hints': [], 'routes': [], 'flavor_id': None, 'tags': [], 'created_at': '2024-12-10T16:11:55Z', 'updated_at': '2024-12-10T16:11:56Z', 'revision_number': 2, 'project_id': '27e91166ca934c27938fbfb556b9a665'}
2024-12-10 16:11:57.813 65840 INFO tempest.lib.common.rest_client [req-195e8de8-e0a6-49d2-a47f-9445554ab8f4 req-195e8de8-e0a6-49d2-a47f-9445554ab8f4 ] Request (AttachInterfacesUnderV243Test:setUpClass): 201 POST http://10.180.1.21:9696/networking/v2.0/networks 0.490s
2024-12-10 16:11:57.863 65822 INFO tempest.lib.common.rest_client [req-2de2c05b-a722-43de-a1df-b4815a28cb3d req-2de2c05b-a722-43de-a1df-b4815a28cb3d ] Request (QuotasAdminTestJSON:test_update_all_quota_resources_for_tenant): 200 GET http://10.180.1.21/compute/v2.1/os-quota-sets/f7bb2b4922fa45c4919248b4f3a2354e/defaults 1.450s
2024-12-10 16:11:57.885 65838 INFO tempest.lib.common.rest_client [req-41682203-4429-4446-833e-8ecc4ddaaf5b req-41682203-4429-4446-833e-8ecc4ddaaf5b ] Request (FlavorsAccessTestJSON:_run_cleanups): 200 GET http://10.180.1.21/compute/v2.1/flavors/detail 0.620s
2024-12-10 16:11:57.889 65846 INFO tempest.lib.common.rest_client [req-1d3c9064-bca5-4265-a8dc-3bf1751e89a8 req-1d3c9064-bca5-4265-a8dc-3bf1751e89a8 ] Request (HypervisorAdminNegativeUnderV252Test:tearDownClass): 204 DELETE http://10.180.1.21/identity/v3/users/3643e9c882ed4e848f039c3dd16a6b1f 0.295s
2024-12-10 16:11:57.890 65846 INFO tempest.lib.common.dynamic_creds [-] Deleting project and security group for project: 22aa817d789544c48c53e419793e0476
2024-12-10 16:11:57.897 65832 INFO tempest.lib.common.rest_client [req-6b09b7e3-99e5-4c45-9c69-75f6c03e32eb req-6b09b7e3-99e5-4c45-9c69-75f6c03e32eb ] Request (FlavorsExtraSpecsTestJSON:test_flavor_set_get_update_show_unset_keys): 200 GET http://10.180.1.21/compute/v2.1/flavors/973360286/os-extra_specs 0.622s
2024-12-10 16:11:57.918 65812 INFO tempest.lib.common.rest_client [req-a4e1aa97-147c-48d5-8ba6-9b2432b19c93 req-a4e1aa97-147c-48d5-8ba6-9b2432b19c93 ] Request (VolumesAssistedSnapshotsTest:test_volume_assisted_snapshot_create_delete): 200 GET http://10.180.1.21/volume/v3/volumes/8e0b8d33-68ba-43cf-97d0-0abd5fe410fe 0.171s
2024-12-10 16:11:57.927 65812 INFO tempest.common.waiters [-] volume 8e0b8d33-68ba-43cf-97d0-0abd5fe410fe reached available after waiting for 1.927288 seconds
2024-12-10 16:11:57.974 65842 INFO tempest.lib.common.rest_client [req-3ea940b1-af3c-4166-91c1-967885de5390 req-3ea940b1-af3c-4166-91c1-967885de5390 ] Request (ServicesAdminNegativeV253TestJSON:setUpClass): 201 POST http://10.180.1.21/identity/v3/auth/tokens 0.329s
2024-12-10 16:11:58.005 65850 INFO tempest.lib.common.rest_client [req-3b99f1c8-ce8f-4fad-9f76-7e4edc8edbe8 req-3b99f1c8-ce8f-4fad-9f76-7e4edc8edbe8 ] Request (SecurityGroupRulesTestJSON:setUpClass): 204 PUT http://10.180.1.21/identity/v3/projects/c9c5da9167684e0595335d0eefcf6f42/users/319741cbb6ba48918f758d326c9bf41c/roles/125d06c5d1af44d2a7077e1f43584936 0.320s
2024-12-10 16:11:58.005 65850 INFO tempest.lib.common.dynamic_creds [-] Dynamic test user 319741cbb6ba48918f758d326c9bf41c is created with scope project and roles: ['member']
2024-12-10 16:11:58.005 65850 INFO tempest.lib.common.dynamic_creds [-] Acquired dynamic creds: credentials: Credentials: {'domain_id': 'default', 'domain_name': 'Default', 'username': 'tempest-SecurityGroupRulesTestJSON-1487089814-project-member', 'project_domain_id': 'default', 'project_domain_name': 'Default', 'project_id': 'c9c5da9167684e0595335d0eefcf6f42', 'project_name': 'tempest-SecurityGroupRulesTestJSON-1487089814', 'tenant_id': 'c9c5da9167684e0595335d0eefcf6f42', 'tenant_name': 'tempest-SecurityGroupRulesTestJSON-1487089814', 'user_domain_id': 'default', 'user_domain_name': 'Default', 'user_id': '319741cbb6ba48918f758d326c9bf41c', 'system': None}, Network: None, Subnet: None, Router: None
2024-12-10 16:11:58.016 65806 INFO tempest.lib.common.rest_client [req-de17e0d3-435c-4ab8-8ab1-318f8d0c2c60 req-de17e0d3-435c-4ab8-8ab1-318f8d0c2c60 ] Request (HypervisorAdminTestJSON:setUpClass): 201 POST http://10.180.1.21/identity/v3/users 0.290s
