2024-12-10 16:13:22.209 65831 INFO tempest.lib.common.rest_client [req-0634145f-a48e-4547-a990-85310db420ab req-0634145f-a48e-4547-a990-85310db420ab ] Request (FlavorsExtraSpecsNegativeTestJSON:tearDownClass): 201 POST http://10.180.1.21/identity/v3/auth/tokens 0.077s
2024-12-10 16:13:22.226 65824 INFO tempest.lib.common.rest_client [req-daf39591-3c10-48e0-8358-04d099dabe6f req-daf39591-3c10-48e0-8358-04d099dabe6f ] Request (FloatingIPsAssociationNegativeTestJSON:tearDownClass): 200 GET http://10.180.1.21:9696/networking/v2.0/security-groups?tenant_id=d11d1d009118491599fc3fac18956602&name=default 0.110s
2024-12-10 16:13:22.426 65796 INFO tempest.lib.common.rest_client [req-b244f62f-3554-4d61-a95c-a049d7e8f96c req-b244f62f-3554-4d61-a95c-a049d7e8f96c ] Request (ServerExternalEventsTest:tearDownClass): 200 GET http://10.180.1.21/compute/v2.1/servers/3aa8f348-e15b-43e0-96a0-a6fb6c57f00f 1.789s
2024-12-10 16:13:22.499 65824 INFO tempest.lib.common.rest_client [req-cd827a52-91bd-4354-8933-9ead3964a0ee req-cd827a52-91bd-4354-8933-9ead3964a0ee ] Request (FloatingIPsAssociationNegativeTestJSON:tearDownClass): 204 DELETE http://10.180.1.21:9696/networking/v2.0/security-groups/88cf0e9c-1435-4732-a5d0-dd781089e8c5 0.272s
2024-12-10 16:13:22.517 65846 INFO tempest.lib.common.rest_client [req-fa75a55c-34a4-4b08-ad79-e6125c5e7186 req-fa75a55c-34a4-4b08-ad79-e6125c5e7186 ] Request (ImagesOneServerNegativeTestJSON:setUpClass): 200 GET http://10.180.1.21/compute/v2.1/servers/7c7053aa-118c-4374-abcb-e54c164ead34 1.802s
2024-12-10 16:13:22.527 65831 INFO tempest.lib.common.rest_client [req-6e4880f6-3975-49fb-9d68-32950670e396 req-6e4880f6-3975-49fb-9d68-32950670e396 ] Request (FlavorsExtraSpecsNegativeTestJSON:tearDownClass): 200 GET http://10.180.1.21:9696/networking/v2.0/security-groups?tenant_id=c34464e91df04ba6b553e2ab87e5d974&name=default 0.318s
2024-12-10 16:13:22.580 65824 INFO tempest.lib.common.rest_client [req-76485c72-86f2-4b25-a9a9-177e1eae7dd1 req-76485c72-86f2-4b25-a9a9-177e1eae7dd1 ] Request (FloatingIPsAssociationNegativeTestJSON:tearDownClass): 204 DELETE http://10.180.1.21/identity/v3/projects/d11d1d009118491599fc3fac18956602 0.081s
2024-12-10 16:13:22.592 65850 INFO tempest.lib.common.rest_client [req-0c82fd29-0f17-4d08-96fc-f2fba0628b1e req-0c82fd29-0f17-4d08-96fc-f2fba0628b1e ] Request (AttachInterfacesTestJSON:test_create_list_show_delete_interfaces_by_fixed_ip): 200 GET http://10.180.1.21/compute/v2.1/servers/6af16382-5385-4bbf-8c7b-1f438f0e0261 1.784s
2024-12-10 16:13:22.619 65854 INFO tempest.lib.common.rest_client [req-3d9d80a7-79b8-4b2e-ac6b-25fa1245af9c req-3d9d80a7-79b8-4b2e-ac6b-25fa1245af9c ] Request (ServersTestMultiNic:test_verify_duplicate_network_nics): 201 POST http://10.180.1.21:9696/networking/v2.0/subnets 0.610s
2024-12-10 16:13:22.670 65824 INFO tempest.lib.common.rest_client [req-a26e5d5b-c767-41d5-8591-663b3b39974f req-a26e5d5b-c767-41d5-8591-663b3b39974f ] Request (InstanceActionsTestJSON:setUpClass): 201 POST http://10.180.1.21/identity/v3/auth/tokens 0.088s
2024-12-10 16:13:22.691 65800 INFO tempest.lib.common.rest_client [req-4bf26b23-f04a-4d19-a343-feff529bf508 req-4bf26b23-f04a-4d19-a343-feff529bf508 ] Request (ServersV294TestFqdnHostnames:setUpClass): 200 GET http://10.180.1.21/compute/v2.1/servers/2ec93312-17da-412b-9024-56d9d562612d 1.706s
2024-12-10 16:13:22.706 65831 INFO tempest.lib.common.rest_client [req-34ffc067-3836-4397-abb0-be6150f15d5c req-34ffc067-3836-4397-abb0-be6150f15d5c ] Request (FlavorsExtraSpecsNegativeTestJSON:tearDownClass): 204 DELETE http://10.180.1.21:9696/networking/v2.0/security-groups/217ef8ed-f046-4526-8851-5dd9aab53262 0.178s
2024-12-10 16:13:22.709 65854 INFO tempest.lib.common.rest_client [req-c3162b0b-3f48-4c3e-a9b1-fe17215b3836 req-c3162b0b-3f48-4c3e-a9b1-fe17215b3836 ] Request (ServersTestMultiNic:test_verify_duplicate_network_nics): 201 POST http://10.180.1.21/identity/v3/auth/tokens 0.081s
2024-12-10 16:13:22.709 65854 INFO tempest.lib.common.fixed_network [-] (ServersTestMultiNic:test_verify_duplicate_network_nics) Found network {'id': '1271a38c-5517-42f7-8a4e-c588190a7932', 'name': 'tempest-ServersTestMultiNic-735485870-network', 'tenant_id': '298b5552f8de43a98c7f947e0caf3c07', 'admin_state_up': True, 'mtu': 8950, 'status': 'ACTIVE', 'subnets': [], 'shared': False, 'project_id': '298b5552f8de43a98c7f947e0caf3c07', 'port_security_enabled': True, 'router:external': False, 'provider:network_type': 'vlan', 'provider:physical_network': 'default', 'provider:segmentation_id': 261, 'availability_zone_hints': [], 'availability_zones': [], 'ipv4_address_scope': None, 'ipv6_address_scope': None, 'description': '', 'tags': [], 'created_at': '2024-12-10T16:13:13Z', 'updated_at': '2024-12-10T16:13:13Z', 'revision_number': 1} available for tenant
2024-12-10 16:13:22.716 65824 INFO tempest.lib.common.rest_client [req-1fbb3506-aee8-4061-ab29-c50b03503801 req-1fbb3506-aee8-4061-ab29-c50b03503801 ] Request (InstanceActionsTestJSON:setUpClass): 201 POST http://10.180.1.21/identity/v3/auth/tokens 0.041s
2024-12-10 16:13:22.741 65824 INFO tempest.lib.common.rest_client [req-ee360ab9-7193-4aae-a072-c2d4026114bf req-ee360ab9-7193-4aae-a072-c2d4026114bf ] Request (InstanceActionsTestJSON:setUpClass): 200 GET http://10.180.1.21/identity/v3/domains?name=Default 0.024s
2024-12-10 16:13:22.762 65858 INFO tempest.lib.common.rest_client [req-2909b3e4-269e-478a-9217-5229c3f6b984 req-2909b3e4-269e-478a-9217-5229c3f6b984 ] Request (FloatingIPDetailsNegativeTestJSON:setUpClass): 200 PUT http://10.180.1.21:9696/networking/v2.0/routers/adcaec98-d3fc-4c00-9b15-c6cb79140f8e/add_router_interface 4.174s
2024-12-10 16:13:22.762 65858 INFO tempest.lib.common.dynamic_creds [-] Created isolated network resources for: credentials: Credentials: {'domain_id': 'default', 'domain_name': 'Default', 'username': 'tempest-FloatingIPDetailsNegativeTestJSON-187777180-project-member', 'project_domain_id': 'default', 'project_domain_name': 'Default', 'project_id': 'bf100e3e936f4e778b684029b6221eaf', 'project_name': 'tempest-FloatingIPDetailsNegativeTestJSON-187777180', 'tenant_id': 'bf100e3e936f4e778b684029b6221eaf', 'tenant_name': 'tempest-FloatingIPDetailsNegativeTestJSON-187777180', 'user_domain_id': 'default', 'user_domain_name': 'Default', 'user_id': 'b45b3dd9bc214c279f8846439d25667c', 'system': None}, Network: {'id': 'f35764e7-80f5-4c91-9cd5-3903d322ab89', 'name': 'tempest-FloatingIPDetailsNegativeTestJSON-921453976-network', 'tenant_id': 'bf100e3e936f4e778b684029b6221eaf', 'admin_state_up': True, 'mtu': 8950, 'status': 'ACTIVE', 'subnets': [], 'shared': False, 'project_id': 'bf100e3e936f4e778b684029b6221eaf', 'port_security_enabled': True, 'router:external': False, 'provider:network_type': 'vlan', 'provider:physical_network': 'default', 'provider:segmentation_id': 307, 'availability_zone_hints': [], 'availability_zones': [], 'ipv4_address_scope': None, 'ipv6_address_scope': None, 'description': '', 'tags': [], 'created_at': '2024-12-10T16:13:15Z', 'updated_at': '2024-12-10T16:13:15Z', 'revision_number': 1}, Subnet: {'id': '1a869c19-303f-44f3-9e48-42e5ed1414c7', 'name': 'tempest-FloatingIPDetailsNegativeTestJSON-921453976-subnet', 'tenant_id': 'bf100e3e936f4e778b684029b6221eaf', 'network_id': 'f35764e7-80f5-4c91-9cd5-3903d322ab89', 'ip_version': 4, 'subnetpool_id': None, 'enable_dhcp': True, 'ipv6_ra_mode': None, 'ipv6_address_mode': None, 'gateway_ip': '192.168.128.1', 'cidr': '192.168.128.0/28', 'allocation_pools': [{'start': '192.168.128.2', 'end': '192.168.128.14'}], 'host_routes': [], 'dns_nameservers': [], 'description': '', 'router:external': False, 'service_types': [], 'tags': [], 'created_at': '2024-12-10T16:13:15Z', 'updated_at': '2024-12-10T16:13:15Z', 'revision_number': 0, 'project_id': 'bf100e3e936f4e778b684029b6221eaf'}, Router: {'id': 'adcaec98-d3fc-4c00-9b15-c6cb79140f8e', 'name': 'tempest-FloatingIPDetailsNegativeTestJSON-921453976-router', 'tenant_id': 'bf100e3e936f4e778b684029b6221eaf', 'admin_state_up': True, 'status': 'ACTIVE', 'external_gateway_info': {'network_id': '5295b232-df9f-4901-8a29-a03fd6e6fe95', 'external_fixed_ips': [{'subnet_id': '0b48a5b2-db5d-4139-8ff8-6e6381443195', 'ip_address': '10.180.180.152'}], 'enable_snat': True}, 'description': '', 'availability_zones': [], 'distributed': False, 'ha': False, 'availability_zone_hints': [], 'routes': [], 'flavor_id': None, 'tags': [], 'created_at': '2024-12-10T16:13:16Z', 'updated_at': '2024-12-10T16:13:17Z', 'revision_number': 2, 'project_id': 'bf100e3e936f4e778b684029b6221eaf'}
2024-12-10 16:13:22.774 65824 INFO tempest.lib.common.rest_client [req-14829108-6f36-4659-bd59-d00138f89ae9 req-14829108-6f36-4659-bd59-d00138f89ae9 ] Request (InstanceActionsTestJSON:setUpClass): 201 POST http://10.180.1.21/identity/v3/projects 0.031s
2024-12-10 16:13:22.782 65838 INFO tempest.lib.common.rest_client [req-cbb0143f-ad7a-4d03-b4bb-3974f749679f req-cbb0143f-ad7a-4d03-b4bb-3974f749679f ] Request (ServerDiskConfigTestJSON:test_rebuild_server_with_manual_disk_config): 202 POST http://10.180.1.21/compute/v2.1/servers 2.252s
2024-12-10 16:13:22.786 65831 INFO tempest.lib.common.rest_client [req-3c24855b-9cd6-432b-a7c7-2ead81779b73 req-3c24855b-9cd6-432b-a7c7-2ead81779b73 ] Request (FlavorsExtraSpecsNegativeTestJSON:tearDownClass): 204 DELETE http://10.180.1.21/identity/v3/projects/c34464e91df04ba6b553e2ab87e5d974 0.079s
2024-12-10 16:13:22.786 65831 INFO tempest.lib.common.dynamic_creds [-] Deleting project and security group for project: 835c8085abd94d1487f1b10af05c210e
2024-12-10 16:13:22.807 65834 INFO tempest.lib.common.rest_client [req-c872f4d3-7099-46fe-a1a4-7dce184019bc req-c872f4d3-7099-46fe-a1a4-7dce184019bc ] Request (ServerRescueTestJSONUnderV235:tearDownClass): 204 DELETE http://10.180.1.21/compute/v2.1/servers/cc589df4-6e32-401a-987a-b9dc24d49947 1.771s
2024-12-10 16:13:22.854 65858 INFO tempest.lib.common.rest_client [req-362170a4-295b-4fb4-a807-d3ba46f4befe req-362170a4-295b-4fb4-a807-d3ba46f4befe ] Request (FloatingIPDetailsNegativeTestJSON:setUpClass): 201 POST http://10.180.1.21/identity/v3/auth/tokens 0.085s
2024-12-10 16:13:22.902 65824 INFO tempest.lib.common.rest_client [req-06daecb2-c3b1-4457-85ad-1e1aa670e71c req-06daecb2-c3b1-4457-85ad-1e1aa670e71c ] Request (InstanceActionsTestJSON:setUpClass): 201 POST http://10.180.1.21/identity/v3/users 0.128s
2024-12-10 16:13:22.927 65824 INFO tempest.lib.common.rest_client [req-536ca165-4e92-4ea4-a103-b13bf7b44673 req-536ca165-4e92-4ea4-a103-b13bf7b44673 ] Request (InstanceActionsTestJSON:setUpClass): 200 GET http://10.180.1.21/identity/v3/roles 0.024s
2024-12-10 16:13:22.937 65808 INFO tempest.lib.common.rest_client [req-c9375421-ac27-4106-832f-e77a93237e02 req-c9375421-ac27-4106-832f-e77a93237e02 ] Request (ServerActionsV293TestJSON:setUpClass): 201 POST http://10.180.1.21:9696/networking/v2.0/routers 3.070s
2024-12-10 16:13:22.955 65824 INFO tempest.lib.common.rest_client [req-a06546c9-cffb-4c5a-ab4a-2ad211f687ec req-a06546c9-cffb-4c5a-ab4a-2ad211f687ec ] Request (InstanceActionsTestJSON:setUpClass): 204 PUT http://10.180.1.21/identity/v3/projects/a4a30ae0510c4e6d9778691d6f1079cf/users/3c78105c845d49f0903ffa39150d7456/roles/125d06c5d1af44d2a7077e1f43584936 0.028s
2024-12-10 16:13:22.956 65824 INFO tempest.lib.common.dynamic_creds [-] Dynamic test user 3c78105c845d49f0903ffa39150d7456 is created with scope project and roles: ['member']
2024-12-10 16:13:22.956 65824 INFO tempest.lib.common.dynamic_creds [-] Acquired dynamic creds: credentials: Credentials: {'domain_id': 'default', 'domain_name': 'Default', 'username': 'tempest-InstanceActionsTestJSON-1859285735-project-member', 'project_domain_id': 'default', 'project_domain_name': 'Default', 'project_id': 'a4a30ae0510c4e6d9778691d6f1079cf', 'project_name': 'tempest-InstanceActionsTestJSON-1859285735', 'tenant_id': 'a4a30ae0510c4e6d9778691d6f1079cf', 'tenant_name': 'tempest-InstanceActionsTestJSON-1859285735', 'user_domain_id': 'default', 'user_domain_name': 'Default', 'user_id': '3c78105c845d49f0903ffa39150d7456', 'system': None}, Network: None, Subnet: None, Router: None
2024-12-10 16:13:23.032 65824 INFO tempest.lib.common.rest_client [req-ee2585e3-f76a-4769-b54c-bfe5e9caefb6 req-ee2585e3-f76a-4769-b54c-bfe5e9caefb6 ] Request (InstanceActionsTestJSON:setUpClass): 201 POST http://10.180.1.21/identity/v3/auth/tokens 0.075s
2024-12-10 16:13:23.236 65844 INFO tempest.lib.common.rest_client [req-077906ed-57a5-45c0-b600-68b794bfad03 req-077906ed-57a5-45c0-b600-68b794bfad03 ] Request (AttachVolumeShelveTestJSON:setUpClass): 201 POST http://10.180.1.21:9696/networking/v2.0/routers 2.862s
2024-12-10 16:13:23.271 65804 INFO tempest.lib.common.rest_client [req-79904847-9a97-4c39-8b34-6589b7f01eed req-79904847-9a97-4c39-8b34-6589b7f01eed ] Request (FloatingIPsAssociationTestJSON:setUpClass): 200 GET http://10.180.1.21/compute/v2.1/servers/fc665a3e-b00a-4091-8984-7bcf1c5ffb0a 2.036s
2024-12-10 16:13:23.281 65804 INFO tempest.common.waiters [-] State transition "BUILD/networking" ==> "BUILD/spawning" after 44 second wait
2024-12-10 16:13:23.319 65812 WARNING tempest.lib.common.ssh [-] Failed to establish authenticated ssh connection to cirros@10.180.180.143 ([Errno None] Unable to connect to port 22 on 10.180.180.143). Number attempts: 7. Retry after 8 seconds.: paramiko.ssh_exception.NoValidConnectionsError: [Errno None] Unable to connect to port 22 on 10.180.180.143
2024-12-10 16:13:23.323 65831 INFO tempest.lib.common.rest_client [req-ec63cedf-6aef-4cac-9e97-14d6ef95e04f req-ec63cedf-6aef-4cac-9e97-14d6ef95e04f ] Request (FlavorsExtraSpecsNegativeTestJSON:tearDownClass): 200 GET http://10.180.1.21:9696/networking/v2.0/security-groups?tenant_id=835c8085abd94d1487f1b10af05c210e&name=default 0.537s
2024-12-10 16:13:23.389 65828 INFO tempest.lib.common.rest_client [req-b91c91c7-56e3-4e32-8315-2e7e15091c6a req-b91c91c7-56e3-4e32-8315-2e7e15091c6a ] Request (ServersAdminTestJSON:test_inject_network_info): 202 POST http://10.180.1.21/compute/v2.1/servers 2.099s
2024-12-10 16:13:23.422 65856 INFO tempest.lib.common.rest_client [req-529b01d7-3ec6-4881-9c62-a24ef3a1c28e req-529b01d7-3ec6-4881-9c62-a24ef3a1c28e ] Request (InstanceActionsNegativeTestJSON:setUpClass): 200 GET http://10.180.1.21/compute/v2.1/servers/dce2b238-171d-4ba3-bd58-93c9313aed15 2.072s
2024-12-10 16:13:23.459 65816 INFO tempest.lib.common.rest_client [req-0125afe0-2218-482b-a764-2ce0084ad268 req-0125afe0-2218-482b-a764-2ce0084ad268 ] Request (ServerActionsTestJSON:setUpClass): 200 GET http://10.180.1.21/compute/v2.1/servers/05e9ae8e-e533-4528-8c69-8fdef6f94774 2.032s
2024-12-10 16:13:23.513 65840 WARNING tempest.lib.common.ssh [-] Failed to establish authenticated ssh connection to cirros@10.180.180.207 ([Errno None] Unable to connect to port 22 on 10.180.180.207). Number attempts: 6. Retry after 7 seconds.: paramiko.ssh_exception.NoValidConnectionsError: [Errno None] Unable to connect to port 22 on 10.180.180.207
2024-12-10 16:13:23.520 65831 INFO tempest.lib.common.rest_client [req-d422a8dd-3e6e-4868-ab7d-8ad8b2d0004a req-d422a8dd-3e6e-4868-ab7d-8ad8b2d0004a ] Request (FlavorsExtraSpecsNegativeTestJSON:tearDownClass): 204 DELETE http://10.180.1.21:9696/networking/v2.0/security-groups/40281e82-b8f7-466d-b4bf-4f0d6a7f2f92 0.196s
2024-12-10 16:13:23.522 65814 INFO tempest.lib.common.rest_client [req-155d9547-b0e6-4b19-abaf-86901dd712d7 req-155d9547-b0e6-4b19-abaf-86901dd712d7 ] Request (VolumesAdminNegativeTest:test_update_attached_volume_with_nonexistent_volume_in_body): 200 GET http://10.180.1.21/compute/v2.1/servers/f0a4868a-0eea-4f93-98d0-c4a4f0070d42 1.972s
2024-12-10 16:13:23.570 65852 INFO tempest.lib.common.rest_client [req-6914e176-e514-45bc-9bae-5cb6502937e6 req-6914e176-e514-45bc-9bae-5cb6502937e6 ] Request (DeleteServersAdminTestJSON:test_delete_server_while_in_error_state): 204 DELETE http://10.180.1.21/compute/v2.1/servers/38ec3326-e350-448f-98b5-e30cbe5e3864 1.830s
2024-12-10 16:13:23.621 65831 INFO tempest.lib.common.rest_client [req-3f2de100-beef-4586-97cb-dbb7c5aca033 req-3f2de100-beef-4586-97cb-dbb7c5aca033 ] Request (FlavorsExtraSpecsNegativeTestJSON:tearDownClass): 204 DELETE http://10.180.1.21/identity/v3/projects/835c8085abd94d1487f1b10af05c210e 0.101s
2024-12-10 16:13:23.697 65831 INFO tempest.lib.common.rest_client [req-a6723bec-97e1-4910-a5d7-8f4f5a42fcb0 req-a6723bec-97e1-4910-a5d7-8f4f5a42fcb0 ] Request (ImagesOneServerTestJSON:setUpClass): 201 POST http://10.180.1.21/identity/v3/auth/tokens 0.073s
2024-12-10 16:13:23.731 65831 INFO tempest.lib.common.rest_client [req-645fa2c3-78e7-407b-9b03-6f29b3654d21 req-645fa2c3-78e7-407b-9b03-6f29b3654d21 ] Request (ImagesOneServerTestJSON:setUpClass): 201 POST http://10.180.1.21/identity/v3/auth/tokens 0.031s
2024-12-10 16:13:23.762 65831 INFO tempest.lib.common.rest_client [req-d09ea0c8-dc23-456e-8a18-0647917c427d req-d09ea0c8-dc23-456e-8a18-0647917c427d ] Request (ImagesOneServerTestJSON:setUpClass): 200 GET http://10.180.1.21/identity/v3/domains?name=Default 0.031s
2024-12-10 16:13:23.791 65832 INFO tempest.lib.common.rest_client [req-0f172a8d-abe8-430d-adb7-ec4392c6b574 req-0f172a8d-abe8-430d-adb7-ec4392c6b574 ] Request (ServerPasswordTestJSON:setUpClass): 200 GET http://10.180.1.21/compute/v2.1/servers/87e0118a-b9eb-4298-950c-495814102d8a 2.032s
2024-12-10 16:13:23.806 65831 INFO tempest.lib.common.rest_client [req-959b8d98-2eb3-46b5-9c04-b3a7192f0c6d req-959b8d98-2eb3-46b5-9c04-b3a7192f0c6d ] Request (ImagesOneServerTestJSON:setUpClass): 201 POST http://10.180.1.21/identity/v3/projects 0.043s
2024-12-10 16:13:23.821 65802 INFO tempest.lib.common.rest_client [req-e6b8f6c5-340b-47e6-acc9-61a43cb7492d req-e6b8f6c5-340b-47e6-acc9-61a43cb7492d ] Request (ServerGroupTestJSON:test_create_delete_server_group_with_affinity_policy): 204 DELETE http://10.180.1.21/compute/v2.1/os-server-groups/f2f3890c-b5f9-420f-b5b5-1bfbc841ee6b 2.002s
2024-12-10 16:13:23.861 65824 INFO tempest.lib.common.rest_client [req-98dc3387-c6db-4b14-885b-4d6651af25f3 req-98dc3387-c6db-4b14-885b-4d6651af25f3 ] Request (InstanceActionsTestJSON:setUpClass): 201 POST http://10.180.1.21:9696/networking/v2.0/networks 0.828s
2024-12-10 16:13:23.897 65798 INFO tempest.lib.common.rest_client [req-bdbe6486-ad4b-453e-b033-157afc7feab6 req-bdbe6486-ad4b-453e-b033-157afc7feab6 ] Request (ImagesTestJSON:test_create_image_from_stopped_server): 200 GET http://10.180.1.21/compute/v2.1/servers/3c7eae93-232e-4a26-b5d1-9f34c83301d6 2.066s
2024-12-10 16:13:23.906 65831 INFO tempest.lib.common.rest_client [req-8256e050-7008-40c6-8730-e3de558de871 req-8256e050-7008-40c6-8730-e3de558de871 ] Request (ImagesOneServerTestJSON:setUpClass): 201 POST http://10.180.1.21/identity/v3/users 0.100s
2024-12-10 16:13:23.937 65831 INFO tempest.lib.common.rest_client [req-1c4a0f7e-e1c1-48e5-bc04-4ac00cbb165a req-1c4a0f7e-e1c1-48e5-bc04-4ac00cbb165a ] Request (ImagesOneServerTestJSON:setUpClass): 200 GET http://10.180.1.21/identity/v3/roles 0.029s
2024-12-10 16:13:23.939 65822 INFO tempest.lib.common.rest_client [req-cb05e2ac-9978-477e-a1d5-d4c3fe12e0b6 req-cb05e2ac-9978-477e-a1d5-d4c3fe12e0b6 ] Request (ServerMetadataTestJSON:test_set_server_metadata_item): 200 GET http://10.180.1.21/compute/v2.1/servers/bcef837d-7a30-4c53-805c-f55b4b793d88/metadata 2.008s
2024-12-10 16:13:23.986 65831 INFO tempest.lib.common.rest_client [req-c28407d6-ef7b-4127-8326-40b56d66b320 req-c28407d6-ef7b-4127-8326-40b56d66b320 ] Request (ImagesOneServerTestJSON:setUpClass): 204 PUT http://10.180.1.21/identity/v3/projects/ed0df65fac7342548f777bb1124f8fd3/users/cbd6d2f12d244ba8a2f8a0d9908be60d/roles/125d06c5d1af44d2a7077e1f43584936 0.049s
2024-12-10 16:13:23.987 65831 INFO tempest.lib.common.dynamic_creds [-] Dynamic test user cbd6d2f12d244ba8a2f8a0d9908be60d is created with scope project and roles: ['member']
2024-12-10 16:13:23.987 65831 INFO tempest.lib.common.dynamic_creds [-] Acquired dynamic creds: credentials: Credentials: {'domain_id': 'default', 'domain_name': 'Default', 'username': 'tempest-ImagesOneServerTestJSON-150481378-project-member', 'project_domain_id': 'default', 'project_domain_name': 'Default', 'project_id': 'ed0df65fac7342548f777bb1124f8fd3', 'project_name': 'tempest-ImagesOneServerTestJSON-150481378', 'tenant_id': 'ed0df65fac7342548f777bb1124f8fd3', 'tenant_name': 'tempest-ImagesOneServerTestJSON-150481378', 'user_domain_id': 'default', 'user_domain_name': 'Default', 'user_id': 'cbd6d2f12d244ba8a2f8a0d9908be60d', 'system': None}, Network: None, Subnet: None, Router: None
2024-12-10 16:13:24.017 65818 INFO tempest.lib.common.rest_client [req-6eb5ff18-d4a2-436f-a431-9d3bf2eadddd req-6eb5ff18-d4a2-436f-a431-9d3bf2eadddd ] Request (ServerShowV247Test:test_update_rebuild_list_server): 200 GET http://10.180.1.21/compute/v2.1/servers/72a17d6d-05e9-40e3-918a-01bf0af2bc11 1.868s
2024-12-10 16:13:24.069 65820 INFO tempest.lib.common.rest_client [req-a3c94900-f400-433b-af9f-66d5946a7fab req-a3c94900-f400-433b-af9f-66d5946a7fab ] Request (SecurityGroupsTestJSON:test_security_groups_create_list_delete): 200 POST http://10.180.1.21/compute/v2.1/os-security-groups 2.254s
2024-12-10 16:13:24.070 65831 INFO tempest.lib.common.rest_client [req-a2a39d79-ebb2-4e78-835d-4200e16b791e req-a2a39d79-ebb2-4e78-835d-4200e16b791e ] Request (ImagesOneServerTestJSON:setUpClass): 201 POST http://10.180.1.21/identity/v3/auth/tokens 0.082s
2024-12-10 16:13:24.127 65827 INFO tempest.lib.common.rest_client [req-3f96d037-91d6-4da2-b258-d7e5ab89158a req-3f96d037-91d6-4da2-b258-d7e5ab89158a ] Request (ServerRescueNegativeTestJSON:setUpClass): 200 GET http://10.180.1.21/compute/v2.1/servers/e5f722a9-af55-43f3-8a70-f544f6bd82e1 1.920s
2024-12-10 16:13:24.226 65838 INFO tempest.lib.common.rest_client [req-1d2f8917-ce45-43b0-8cf3-0855e9a120db req-1d2f8917-ce45-43b0-8cf3-0855e9a120db ] Request (ServerDiskConfigTestJSON:test_rebuild_server_with_manual_disk_config): 200 GET http://10.180.1.21/compute/v2.1/servers/3884f29c-8a5d-4482-8679-117f3253522f 1.443s
2024-12-10 16:13:24.454 65834 INFO tempest.lib.common.rest_client [req-d4f1d13d-a175-4d5f-b9c9-7534b6aaae8e req-d4f1d13d-a175-4d5f-b9c9-7534b6aaae8e ] Request (ServerRescueTestJSONUnderV235:tearDownClass): 200 GET http://10.180.1.21/compute/v2.1/servers/cc589df4-6e32-401a-987a-b9dc24d49947 1.647s
2024-12-10 16:13:24.576 65824 INFO tempest.lib.common.rest_client [req-076a2d44-7b40-49ce-8418-d54bffdacbc8 req-076a2d44-7b40-49ce-8418-d54bffdacbc8 ] Request (InstanceActionsTestJSON:setUpClass): 201 POST http://10.180.1.21:9696/networking/v2.0/subnets 0.714s
2024-12-10 16:13:24.613 65858 INFO tempest.lib.common.rest_client [req-736e9c5d-493f-40e0-8e7c-4de8ec14b1e8 req-736e9c5d-493f-40e0-8e7c-4de8ec14b1e8 ] Request (FloatingIPDetailsNegativeTestJSON:test_get_nonexistent_floating_ip_details): 404 GET http://10.180.1.21/compute/v2.1/os-floating-ips/2dd214b9-f915-4fb6-a014-16316c98397c 1.758s
2024-12-10 16:13:24.714 65810 INFO tempest.lib.common.rest_client [req-8ad153cc-caa0-41f8-a229-6a970c40e930 req-8ad153cc-caa0-41f8-a229-6a970c40e930 ] Request (ServerAddressesTestJSON:setUpClass): 200 GET http://10.180.1.21/compute/v2.1/servers/4610b1d4-7be5-4e97-b095-ad71263bc30a 1.684s
2024-12-10 16:13:24.721 65810 INFO tempest.common.waiters [-] State transition "BUILD/scheduling" ==> "BUILD/None" after 24 second wait
2024-12-10 16:13:24.758 65836 INFO tempest.lib.common.rest_client [req-28517555-03d4-46cc-91f4-f56d10e563ae req-28517555-03d4-46cc-91f4-f56d10e563ae ] Request (ListImageFiltersTestJSON:setUpClass): 200 GET http://10.180.1.21/compute/v2.1/images/84037a98-58de-47e2-b30e-a0607d7ff87e 1.686s
2024-12-10 16:13:24.896 65808 INFO tempest.lib.common.rest_client [req-e41eac9f-e90f-495e-946f-0a57d40d2055 req-e41eac9f-e90f-495e-946f-0a57d40d2055 ] Request (ServerActionsV293TestJSON:setUpClass): 200 PUT http://10.180.1.21:9696/networking/v2.0/routers/9937312b-3f53-4331-ba1f-1d75f85159d8/add_router_interface 1.958s
2024-12-10 16:13:24.896 65808 INFO tempest.lib.common.dynamic_creds [-] Created isolated network resources for: credentials: Credentials: {'domain_id': 'default', 'domain_name': 'Default', 'username': 'tempest-ServerActionsV293TestJSON-2042889636-project-member', 'project_domain_id': 'default', 'project_domain_name': 'Default', 'project_id': '80408e9746a94f0cb4376729d1b16841', 'project_name': 'tempest-ServerActionsV293TestJSON-2042889636', 'tenant_id': '80408e9746a94f0cb4376729d1b16841', 'tenant_name': 'tempest-ServerActionsV293TestJSON-2042889636', 'user_domain_id': 'default', 'user_domain_name': 'Default', 'user_id': '48712632523744d7a57f4b50e1746b16', 'system': None}, Network: {'id': '73a4d67b-5281-4701-a386-8f23e6912bca', 'name': 'tempest-ServerActionsV293TestJSON-1341062506-network', 'tenant_id': '80408e9746a94f0cb4376729d1b16841', 'admin_state_up': True, 'mtu': 8950, 'status': 'ACTIVE', 'subnets': [], 'shared': False, 'project_id': '80408e9746a94f0cb4376729d1b16841', 'port_security_enabled': True, 'router:external': False, 'provider:network_type': 'vlan', 'provider:physical_network': 'default', 'provider:segmentation_id': 602, 'availability_zone_hints': [], 'availability_zones': [], 'ipv4_address_scope': None, 'ipv6_address_scope': None, 'description': '', 'tags': [], 'created_at': '2024-12-10T16:13:18Z', 'updated_at': '2024-12-10T16:13:18Z', 'revision_number': 1}, Subnet: {'id': '94e87e91-c5d6-4eac-93b2-17c7e768209d', 'name': 'tempest-ServerActionsV293TestJSON-1341062506-subnet', 'tenant_id': '80408e9746a94f0cb4376729d1b16841', 'network_id': '73a4d67b-5281-4701-a386-8f23e6912bca', 'ip_version': 4, 'subnetpool_id': None, 'enable_dhcp': True, 'ipv6_ra_mode': None, 'ipv6_address_mode': None, 'gateway_ip': '192.168.128.1', 'cidr': '192.168.128.0/28', 'allocation_pools': [{'start': '192.168.128.2', 'end': '192.168.128.14'}], 'host_routes': [], 'dns_nameservers': [], 'description': '', 'router:external': False, 'service_types': [], 'tags': [], 'created_at': '2024-12-10T16:13:19Z', 'updated_at': '2024-12-10T16:13:19Z', 'revision_number': 0, 'project_id': '80408e9746a94f0cb4376729d1b16841'}, Router: {'id': '9937312b-3f53-4331-ba1f-1d75f85159d8', 'name': 'tempest-ServerActionsV293TestJSON-1341062506-router', 'tenant_id': '80408e9746a94f0cb4376729d1b16841', 'admin_state_up': True, 'status': 'ACTIVE', 'external_gateway_info': {'network_id': '5295b232-df9f-4901-8a29-a03fd6e6fe95', 'external_fixed_ips': [{'subnet_id': '0b48a5b2-db5d-4139-8ff8-6e6381443195', 'ip_address': '10.180.180.187'}], 'enable_snat': True}, 'description': '', 'availability_zones': [], 'distributed': False, 'ha': False, 'availability_zone_hints': [], 'routes': [], 'flavor_id': None, 'tags': [], 'created_at': '2024-12-10T16:13:19Z', 'updated_at': '2024-12-10T16:13:21Z', 'revision_number': 2, 'project_id': '80408e9746a94f0cb4376729d1b16841'}
2024-12-10 16:13:24.925 65831 INFO tempest.lib.common.rest_client [req-347f4597-2b4d-4882-9e8c-bfa1105978e8 req-347f4597-2b4d-4882-9e8c-bfa1105978e8 ] Request (ImagesOneServerTestJSON:setUpClass): 201 POST http://10.180.1.21:9696/networking/v2.0/networks 0.855s
2024-12-10 16:13:24.961 65806 INFO tempest.lib.common.rest_client [req-fa182c75-15d4-4062-8561-0e077a741170 req-fa182c75-15d4-4062-8561-0e077a741170 ] Request (MigrationsAdminTest:test_list_migrations_in_flavor_resize_situation): 200 GET http://10.180.1.21/compute/v2.1/servers/23a23d42-fe67-446b-9203-826515fc848e 1.840s
2024-12-10 16:13:25.001 65808 INFO tempest.lib.common.rest_client [req-2acb5476-000c-45e8-80cc-5be995ae85f6 req-2acb5476-000c-45e8-80cc-5be995ae85f6 ] Request (ServerActionsV293TestJSON:setUpClass): 201 POST http://10.180.1.21/identity/v3/auth/tokens 0.101s
2024-12-10 16:13:25.099 65828 INFO tempest.lib.common.rest_client [req-9e10adea-79d9-4cb2-b7be-e71141a76ae4 req-9e10adea-79d9-4cb2-b7be-e71141a76ae4 ] Request (ServersAdminTestJSON:test_inject_network_info): 200 GET http://10.180.1.21/compute/v2.1/servers/9d4b8943-c1b3-46db-805f-e7195f8b3306 1.708s
2024-12-10 16:13:25.407 65796 INFO tempest.lib.common.rest_client [req-3497f318-50b9-435f-95e0-90f3e7c82246 req-3497f318-50b9-435f-95e0-90f3e7c82246 ] Request (ServerExternalEventsTest:tearDownClass): 200 GET http://10.180.1.21/compute/v2.1/servers/3aa8f348-e15b-43e0-96a0-a6fb6c57f00f 1.973s
2024-12-10 16:13:25.414 65796 INFO tempest.common.waiters [-] State transition "ACTIVE/deleting" ==> "DELETED/None" after 3 second wait
2024-12-10 16:13:25.497 65854 INFO tempest.lib.common.rest_client [req-de695bfd-b68b-4353-ba4e-32cc9da20b7d req-de695bfd-b68b-4353-ba4e-32cc9da20b7d ] Request (ServersTestMultiNic:test_verify_duplicate_network_nics): 202 POST http://10.180.1.21/compute/v2.1/servers 2.786s
2024-12-10 16:13:25.502 65846 INFO tempest.lib.common.rest_client [req-00d58f49-9d6f-48f0-870a-c6ca9ffb28fc req-00d58f49-9d6f-48f0-870a-c6ca9ffb28fc ] Request (ImagesOneServerNegativeTestJSON:setUpClass): 200 GET http://10.180.1.21/compute/v2.1/servers/7c7053aa-118c-4374-abcb-e54c164ead34 1.977s
2024-12-10 16:13:25.597 65850 INFO tempest.lib.common.rest_client [req-be22a7ab-cda3-4487-8fdf-8646521a0bae req-be22a7ab-cda3-4487-8fdf-8646521a0bae ] Request (AttachInterfacesTestJSON:test_create_list_show_delete_interfaces_by_fixed_ip): 200 GET http://10.180.1.21/compute/v2.1/servers/6af16382-5385-4bbf-8c7b-1f438f0e0261 1.991s
2024-12-10 16:13:25.695 65800 INFO tempest.lib.common.rest_client [req-c4a2d5a4-40bf-4627-86fd-b370ee8b6452 req-c4a2d5a4-40bf-4627-86fd-b370ee8b6452 ] Request (ServersV294TestFqdnHostnames:setUpClass): 200 GET http://10.180.1.21/compute/v2.1/servers/2ec93312-17da-412b-9024-56d9d562612d 1.991s
2024-12-10 16:13:25.723 65802 INFO tempest.lib.common.rest_client [req-024d1163-a371-40b1-a4e7-b6f683bf6ba5 req-024d1163-a371-40b1-a4e7-b6f683bf6ba5 ] Request (ServerGroupTestJSON:test_create_delete_server_group_with_affinity_policy): 200 GET http://10.180.1.21/compute/v2.1/os-server-groups 1.902s
2024-12-10 16:13:25.790 65831 INFO tempest.lib.common.rest_client [req-451fb4c6-bf01-4367-bc5a-99b2b3a6b8a9 req-451fb4c6-bf01-4367-bc5a-99b2b3a6b8a9 ] Request (ImagesOneServerTestJSON:setUpClass): 201 POST http://10.180.1.21:9696/networking/v2.0/subnets 0.865s
2024-12-10 16:13:25.804 65852 INFO tempest.lib.common.rest_client [req-ffdc183f-0fe1-478a-9575-3350b6c536d6 req-ffdc183f-0fe1-478a-9575-3350b6c536d6 ] Request (DeleteServersAdminTestJSON:test_delete_server_while_in_error_state): 200 GET http://10.180.1.21/compute/v2.1/servers/38ec3326-e350-448f-98b5-e30cbe5e3864 2.234s
2024-12-10 16:13:25.812 65822 INFO tempest.lib.common.rest_client [req-a519bf76-edfb-48b7-a47a-9491e3bf7fc3 req-a519bf76-edfb-48b7-a47a-9491e3bf7fc3 ] Request (ServerMetadataTestJSON:setUp): 200 PUT http://10.180.1.21/compute/v2.1/servers/bcef837d-7a30-4c53-805c-f55b4b793d88/metadata 1.869s
2024-12-10 16:13:25.998 65804 INFO tempest.lib.common.rest_client [req-1d61f46c-4073-457a-bffe-08f5b0060910 req-1d61f46c-4073-457a-bffe-08f5b0060910 ] Request (FloatingIPsAssociationTestJSON:setUpClass): 200 GET http://10.180.1.21/compute/v2.1/servers/fc665a3e-b00a-4091-8984-7bcf1c5ffb0a 1.716s
2024-12-10 16:13:26.074 65856 INFO tempest.lib.common.rest_client [req-9800b618-2ef7-44cf-9c12-7b40c4a8e16d req-9800b618-2ef7-44cf-9c12-7b40c4a8e16d ] Request (InstanceActionsNegativeTestJSON:setUpClass): 200 GET http://10.180.1.21/compute/v2.1/servers/dce2b238-171d-4ba3-bd58-93c9313aed15 1.643s
2024-12-10 16:13:26.162 65816 INFO tempest.lib.common.rest_client [req-a42850d8-97ee-4d8b-9bfb-a13dd63398af req-a42850d8-97ee-4d8b-9bfb-a13dd63398af ] Request (ServerActionsTestJSON:setUpClass): 200 GET http://10.180.1.21/compute/v2.1/servers/05e9ae8e-e533-4528-8c69-8fdef6f94774 1.695s
2024-12-10 16:13:26.225 65820 INFO tempest.lib.common.rest_client [req-67bc0eec-3258-475a-86b2-6e3468a75742 req-67bc0eec-3258-475a-86b2-6e3468a75742 ] Request (SecurityGroupsTestJSON:test_security_groups_create_list_delete): 200 GET http://10.180.1.21/compute/v2.1/os-security-groups 2.154s
2024-12-10 16:13:26.225 65814 INFO tempest.lib.common.rest_client [req-1d3431d7-16cc-4578-8335-765595124dee req-1d3431d7-16cc-4578-8335-765595124dee ] Request (VolumesAdminNegativeTest:test_update_attached_volume_with_nonexistent_volume_in_body): 200 GET http://10.180.1.21/compute/v2.1/servers/f0a4868a-0eea-4f93-98d0-c4a4f0070d42 1.695s
2024-12-10 16:13:26.286 65798 INFO tempest.lib.common.rest_client [req-b8050340-43ae-4e96-9122-a8faf7d5235f req-b8050340-43ae-4e96-9122-a8faf7d5235f ] Request (ImagesTestJSON:test_create_image_from_stopped_server): 200 GET http://10.180.1.21/compute/v2.1/servers/3c7eae93-232e-4a26-b5d1-9f34c83301d6 1.377s
2024-12-10 16:13:26.359 65808 INFO tempest.lib.common.rest_client [req-9aaa99f1-5a2b-4313-980f-36d50048824d req-9aaa99f1-5a2b-4313-980f-36d50048824d ] Request (ServerActionsV293TestJSON:setUpClass): 201 POST http://10.180.1.21/compute/v2.1/os-keypairs 1.356s
2024-12-10 16:13:26.386 65858 INFO tempest.lib.common.rest_client [req-11e559b8-7e83-4da2-86db-9159c380ccec req-11e559b8-7e83-4da2-86db-9159c380ccec ] Request (FloatingIPDetailsNegativeTestJSON:tearDownClass): 200 PUT http://10.180.1.21:9696/networking/v2.0/routers/adcaec98-d3fc-4c00-9b15-c6cb79140f8e/remove_router_interface 1.771s
2024-12-10 16:13:26.477 65818 INFO tempest.lib.common.rest_client [req-85186502-bed4-4e78-8eed-d96047792efd req-85186502-bed4-4e78-8eed-d96047792efd ] Request (ServerShowV247Test:test_update_rebuild_list_server): 200 GET http://10.180.1.21/compute/v2.1/servers/72a17d6d-05e9-40e3-918a-01bf0af2bc11 1.444s
2024-12-10 16:13:26.561 65827 INFO tempest.lib.common.rest_client [req-6c45c879-ef82-49f5-9739-7ecbaad356ad req-6c45c879-ef82-49f5-9739-7ecbaad356ad ] Request (ServerRescueNegativeTestJSON:setUpClass): 200 GET http://10.180.1.21/compute/v2.1/servers/e5f722a9-af55-43f3-8a70-f544f6bd82e1 1.426s
2024-12-10 16:13:26.643 65844 INFO tempest.lib.common.rest_client [req-001ccf98-f298-4ce0-9794-adc962b3882e req-001ccf98-f298-4ce0-9794-adc962b3882e ] Request (AttachVolumeShelveTestJSON:setUpClass): 200 PUT http://10.180.1.21:9696/networking/v2.0/routers/d8a20192-2af9-4498-8533-1d946379dc14/add_router_interface 3.407s
2024-12-10 16:13:26.643 65844 INFO tempest.lib.common.dynamic_creds [-] Created isolated network resources for: credentials: Credentials: {'domain_id': 'default', 'domain_name': 'Default', 'username': 'tempest-AttachVolumeShelveTestJSON-1588727359-project-member', 'project_domain_id': 'default', 'project_domain_name': 'Default', 'project_id': '3bb679423f6c4abf8a115ab5083b269a', 'project_name': 'tempest-AttachVolumeShelveTestJSON-1588727359', 'tenant_id': '3bb679423f6c4abf8a115ab5083b269a', 'tenant_name': 'tempest-AttachVolumeShelveTestJSON-1588727359', 'user_domain_id': 'default', 'user_domain_name': 'Default', 'user_id': '4bf94e627575408cb561d2e9549742b7', 'system': None}, Network: {'id': '78ba0859-7eff-4f95-bf5c-f1aaf1c13cb2', 'name': 'tempest-AttachVolumeShelveTestJSON-779656502-network', 'tenant_id': '3bb679423f6c4abf8a115ab5083b269a', 'admin_state_up': True, 'mtu': 8950, 'status': 'ACTIVE', 'subnets': [], 'shared': False, 'project_id': '3bb679423f6c4abf8a115ab5083b269a', 'port_security_enabled': True, 'router:external': False, 'provider:network_type': 'vlan', 'provider:physical_network': 'default', 'provider:segmentation_id': 253, 'availability_zone_hints': [], 'availability_zones': [], 'ipv4_address_scope': None, 'ipv6_address_scope': None, 'description': '', 'tags': [], 'created_at': '2024-12-10T16:13:19Z', 'updated_at': '2024-12-10T16:13:19Z', 'revision_number': 1}, Subnet: {'id': '31da0ac8-7864-4766-b015-da82c633b0a8', 'name': 'tempest-AttachVolumeShelveTestJSON-779656502-subnet', 'tenant_id': '3bb679423f6c4abf8a115ab5083b269a', 'network_id': '78ba0859-7eff-4f95-bf5c-f1aaf1c13cb2', 'ip_version': 4, 'subnetpool_id': None, 'enable_dhcp': True, 'ipv6_ra_mode': None, 'ipv6_address_mode': None, 'gateway_ip': '192.168.128.1', 'cidr': '192.168.128.0/28', 'allocation_pools': [{'start': '192.168.128.2', 'end': '192.168.128.14'}], 'host_routes': [], 'dns_nameservers': [], 'description': '', 'router:external': False, 'service_types': [], 'tags': [], 'created_at': '2024-12-10T16:13:19Z', 'updated_at': '2024-12-10T16:13:19Z', 'revision_number': 0, 'project_id': '3bb679423f6c4abf8a115ab5083b269a'}, Router: {'id': 'd8a20192-2af9-4498-8533-1d946379dc14', 'name': 'tempest-AttachVolumeShelveTestJSON-779656502-router', 'tenant_id': '3bb679423f6c4abf8a115ab5083b269a', 'admin_state_up': True, 'status': 'ACTIVE', 'external_gateway_info': {'network_id': '5295b232-df9f-4901-8a29-a03fd6e6fe95', 'external_fixed_ips': [{'subnet_id': '0b48a5b2-db5d-4139-8ff8-6e6381443195', 'ip_address': '10.180.180.221'}], 'enable_snat': True}, 'description': '', 'availability_zones': [], 'distributed': False, 'ha': False, 'availability_zone_hints': [], 'routes': [], 'flavor_id': None, 'tags': [], 'created_at': '2024-12-10T16:13:20Z', 'updated_at': '2024-12-10T16:13:22Z', 'revision_number': 2, 'project_id': '3bb679423f6c4abf8a115ab5083b269a'}
2024-12-10 16:13:26.671 65838 INFO tempest.lib.common.rest_client [req-6bc2f9d8-8f99-4933-b19d-cacc485d5305 req-6bc2f9d8-8f99-4933-b19d-cacc485d5305 ] Request (ServerDiskConfigTestJSON:test_rebuild_server_with_manual_disk_config): 200 GET http://10.180.1.21/compute/v2.1/servers/3884f29c-8a5d-4482-8679-117f3253522f 1.433s
2024-12-10 16:13:26.784 65808 INFO tempest.lib.common.rest_client [req-b7fd8a6c-6077-48ed-b3ed-711178c72812 req-b7fd8a6c-6077-48ed-b3ed-711178c72812 ] Request (ServerActionsV293TestJSON:setUpClass): 201 POST http://10.180.1.21:9696/networking/v2.0/security-groups 0.423s
2024-12-10 16:13:26.789 65844 INFO tempest.lib.common.rest_client [req-42fc52e0-2b23-4a86-be18-b5e122d4cf50 req-42fc52e0-2b23-4a86-be18-b5e122d4cf50 ] Request (AttachVolumeShelveTestJSON:setUpClass): 201 POST http://10.180.1.21/identity/v3/auth/tokens 0.140s
2024-12-10 16:13:26.804 65834 INFO tempest.lib.common.rest_client [req-2fc4444a-d6f2-4145-98b7-bf44be2d562c req-2fc4444a-d6f2-4145-98b7-bf44be2d562c ] Request (ServerRescueTestJSONUnderV235:tearDownClass): 200 GET http://10.180.1.21/compute/v2.1/servers/cc589df4-6e32-401a-987a-b9dc24d49947 1.336s
2024-12-10 16:13:26.876 65832 INFO tempest.lib.common.rest_client [req-0069ab00-ccda-4db3-affb-b912a1c6476e req-0069ab00-ccda-4db3-affb-b912a1c6476e ] Request (ServerPasswordTestJSON:setUpClass): 200 GET http://10.180.1.21/compute/v2.1/servers/87e0118a-b9eb-4298-950c-495814102d8a 2.077s
2024-12-10 16:13:26.889 65854 INFO tempest.lib.common.rest_client [req-93883d61-4a36-4467-b749-7c293f8f9f94 req-93883d61-4a36-4467-b749-7c293f8f9f94 ] Request (ServersTestMultiNic:test_verify_duplicate_network_nics): 200 GET http://10.180.1.21/compute/v2.1/servers/9d055439-796b-48a8-b99b-1d74c4beb653 1.390s
2024-12-10 16:13:27.015 65802 INFO tempest.lib.common.rest_client [req-ff4fb151-dcf3-44f3-8f71-e5721c3ce28d req-ff4fb151-dcf3-44f3-8f71-e5721c3ce28d ] Request (ServerGroupTestJSON:test_create_delete_server_group_with_anti_affinity_policy): 200 POST http://10.180.1.21/compute/v2.1/os-server-groups 1.288s
2024-12-10 16:13:27.023 65810 INFO tempest.lib.common.rest_client [req-91cd94ca-924d-4aab-b742-fc41ae2036af req-91cd94ca-924d-4aab-b742-fc41ae2036af ] Request (ServerAddressesTestJSON:setUpClass): 200 GET http://10.180.1.21/compute/v2.1/servers/4610b1d4-7be5-4e97-b095-ad71263bc30a 1.300s
2024-12-10 16:13:27.080 65836 INFO tempest.lib.common.rest_client [req-fef222c1-4767-47c1-9ef4-01416825ad4f req-fef222c1-4767-47c1-9ef4-01416825ad4f ] Request (ListImageFiltersTestJSON:setUpClass): 200 GET http://10.180.1.21/compute/v2.1/images/84037a98-58de-47e2-b30e-a0607d7ff87e 1.317s
2024-12-10 16:13:27.155 65822 INFO tempest.lib.common.rest_client [req-3d1b048c-a8d4-4cb3-9cff-a37ce7e6baff req-3d1b048c-a8d4-4cb3-9cff-a37ce7e6baff ] Request (ServerMetadataTestJSON:test_update_metadata_empty_body): 200 POST http://10.180.1.21/compute/v2.1/servers/bcef837d-7a30-4c53-805c-f55b4b793d88/metadata 1.337s
2024-12-10 16:13:27.247 65808 INFO tempest.lib.common.rest_client [req-2cfb8933-c75e-4166-bb13-6e98458545da req-2cfb8933-c75e-4166-bb13-6e98458545da ] Request (ServerActionsV293TestJSON:setUpClass): 201 POST http://10.180.1.21:9696/networking/v2.0/security-group-rules 0.462s
2024-12-10 16:13:27.248 65828 INFO tempest.lib.common.rest_client [req-12ef26de-654f-40d6-b52e-0d62faeafdbc req-12ef26de-654f-40d6-b52e-0d62faeafdbc ] Request (ServersAdminTestJSON:test_inject_network_info): 200 GET http://10.180.1.21/compute/v2.1/servers/9d4b8943-c1b3-46db-805f-e7195f8b3306 1.135s
2024-12-10 16:13:27.328 65824 INFO tempest.lib.common.rest_client [req-b7197d4c-fac8-4bfc-af23-b5fd0f177508 req-b7197d4c-fac8-4bfc-af23-b5fd0f177508 ] Request (InstanceActionsTestJSON:setUpClass): 201 POST http://10.180.1.21:9696/networking/v2.0/routers 2.752s
2024-12-10 16:13:27.412 65806 INFO tempest.lib.common.rest_client [req-fdbc4356-6d81-49ea-9aad-86aaa32651c3 req-fdbc4356-6d81-49ea-9aad-86aaa32651c3 ] Request (MigrationsAdminTest:test_list_migrations_in_flavor_resize_situation): 200 GET http://10.180.1.21/compute/v2.1/servers/23a23d42-fe67-446b-9203-826515fc848e 1.441s
2024-12-10 16:13:27.546 65796 INFO tempest.lib.common.rest_client [req-0d777828-7f8e-414a-a525-9bc947eb4658 req-0d777828-7f8e-414a-a525-9bc947eb4658 ] Request (ServerExternalEventsTest:tearDownClass): 200 GET http://10.180.1.21/compute/v2.1/servers/3aa8f348-e15b-43e0-96a0-a6fb6c57f00f 1.131s
2024-12-10 16:13:27.548 65820 INFO tempest.lib.common.rest_client [req-468f2d69-2033-4c19-8bd9-6dedcc077a30 req-468f2d69-2033-4c19-8bd9-6dedcc077a30 ] Request (SecurityGroupsTestJSON:test_security_groups_create_list_delete): 202 DELETE http://10.180.1.21/compute/v2.1/os-security-groups/4b951c16-af2b-49b8-8fe5-5c15474e511d 1.320s
2024-12-10 16:13:27.547 65858 INFO tempest.lib.common.rest_client [req-11c22e16-52d1-4252-bc4b-063c8b0767a8 req-11c22e16-52d1-4252-bc4b-063c8b0767a8 ] Request (FloatingIPDetailsNegativeTestJSON:tearDownClass): 204 DELETE http://10.180.1.21:9696/networking/v2.0/routers/adcaec98-d3fc-4c00-9b15-c6cb79140f8e 1.161s
2024-12-10 16:13:27.626 65850 INFO tempest.lib.common.rest_client [req-c41e8a78-f6cb-4e7c-8055-dac57b211941 req-c41e8a78-f6cb-4e7c-8055-dac57b211941 ] Request (AttachInterfacesTestJSON:test_create_list_show_delete_interfaces_by_fixed_ip): 200 GET http://10.180.1.21/compute/v2.1/servers/6af16382-5385-4bbf-8c7b-1f438f0e0261 1.021s
2024-12-10 16:13:27.637 65808 INFO tempest.lib.common.rest_client [req-d909b2f1-1642-4581-8dcc-6c53b8d69bc2 req-d909b2f1-1642-4581-8dcc-6c53b8d69bc2 ] Request (ServerActionsV293TestJSON:setUpClass): 201 POST http://10.180.1.21:9696/networking/v2.0/security-group-rules 0.390s
2024-12-10 16:13:27.707 65800 INFO tempest.lib.common.rest_client [req-d5ca1eb2-9844-40e7-abf6-6158eb0a1bde req-d5ca1eb2-9844-40e7-abf6-6158eb0a1bde ] Request (ServersV294TestFqdnHostnames:setUpClass): 200 GET http://10.180.1.21/compute/v2.1/servers/2ec93312-17da-412b-9024-56d9d562612d 1.000s
2024-12-10 16:13:27.810 65844 INFO tempest.lib.common.rest_client [req-e9628b4f-6a3a-4907-b870-c1bad79411ab req-e9628b4f-6a3a-4907-b870-c1bad79411ab ] Request (ValidationResourcesFixture:setUp): 201 POST http://10.180.1.21/compute/v2.1/os-keypairs 1.016s
2024-12-10 16:13:27.903 65852 INFO tempest.lib.common.rest_client [req-81fa10f1-c20a-476f-855e-f5ad70deb9b4 req-81fa10f1-c20a-476f-855e-f5ad70deb9b4 ] Request (DeleteServersAdminTestJSON:test_delete_server_while_in_error_state): 200 GET http://10.180.1.21/compute/v2.1/servers/38ec3326-e350-448f-98b5-e30cbe5e3864 1.088s
2024-12-10 16:13:27.906 65858 INFO tempest.lib.common.rest_client [req-110f3217-fa9b-4c3b-a071-4b4ce7de279c req-110f3217-fa9b-4c3b-a071-4b4ce7de279c ] Request (FloatingIPDetailsNegativeTestJSON:tearDownClass): 204 DELETE http://10.180.1.21:9696/networking/v2.0/subnets/1a869c19-303f-44f3-9e48-42e5ed1414c7 0.357s
2024-12-10 16:13:27.934 65846 INFO tempest.lib.common.rest_client [req-a5869891-be14-4942-8611-ba4c65a276a9 req-a5869891-be14-4942-8611-ba4c65a276a9 ] Request (ImagesOneServerNegativeTestJSON:setUpClass): 200 GET http://10.180.1.21/compute/v2.1/servers/7c7053aa-118c-4374-abcb-e54c164ead34 1.417s
2024-12-10 16:13:27.945 65846 INFO tempest.common.waiters [-] State transition "BUILD/None" ==> "BUILD/spawning" after 41 second wait
2024-12-10 16:13:27.977 65802 INFO tempest.lib.common.rest_client [req-67a0a19e-8083-44b6-b2f8-ab58b6ef0a22 req-67a0a19e-8083-44b6-b2f8-ab58b6ef0a22 ] Request (ServerGroupTestJSON:test_create_delete_server_group_with_anti_affinity_policy): 204 DELETE http://10.180.1.21/compute/v2.1/os-server-groups/611f4b93-0856-4b1d-9e54-2c68bff7259e 0.957s
2024-12-10 16:13:28.066 65856 INFO tempest.lib.common.rest_client [req-10782182-90c1-40d2-9111-24236e84b36c req-10782182-90c1-40d2-9111-24236e84b36c ] Request (InstanceActionsNegativeTestJSON:setUpClass): 200 GET http://10.180.1.21/compute/v2.1/servers/dce2b238-171d-4ba3-bd58-93c9313aed15 0.983s
2024-12-10 16:13:28.117 65822 INFO tempest.lib.common.rest_client [req-8d66e5f8-e865-4352-8cc3-a157f3cbbe8d req-8d66e5f8-e865-4352-8cc3-a157f3cbbe8d ] Request (ServerMetadataTestJSON:test_update_metadata_empty_body): 200 GET http://10.180.1.21/compute/v2.1/servers/bcef837d-7a30-4c53-805c-f55b4b793d88/metadata 0.961s
2024-12-10 16:13:28.130 65844 INFO tempest.lib.common.rest_client [req-129c8c24-c606-4972-a623-5d308b057660 req-129c8c24-c606-4972-a623-5d308b057660 ] Request (ValidationResourcesFixture:setUp): 201 POST http://10.180.1.21:9696/networking/v2.0/security-groups 0.319s
2024-12-10 16:13:28.207 65816 INFO tempest.lib.common.rest_client [req-4428170f-84ec-4c4c-9354-a987774d98e4 req-4428170f-84ec-4c4c-9354-a987774d98e4 ] Request (ServerActionsTestJSON:setUpClass): 200 GET http://10.180.1.21/compute/v2.1/servers/05e9ae8e-e533-4528-8c69-8fdef6f94774 1.036s
2024-12-10 16:13:28.283 65814 INFO tempest.lib.common.rest_client [req-6b15a45a-848f-43ab-a381-f049edb82e6c req-6b15a45a-848f-43ab-a381-f049edb82e6c ] Request (VolumesAdminNegativeTest:test_update_attached_volume_with_nonexistent_volume_in_body): 200 GET http://10.180.1.21/compute/v2.1/servers/f0a4868a-0eea-4f93-98d0-c4a4f0070d42 1.051s
2024-12-10 16:13:28.316 65844 INFO tempest.lib.common.rest_client [req-9e816a3a-580c-488b-a54b-6a6754e75f2b req-9e816a3a-580c-488b-a54b-6a6754e75f2b ] Request (ValidationResourcesFixture:setUp): 201 POST http://10.180.1.21:9696/networking/v2.0/security-group-rules 0.186s
2024-12-10 16:13:28.323 65804 INFO tempest.lib.common.rest_client [req-17ceca01-28a4-4a36-9302-2c099dce7810 req-17ceca01-28a4-4a36-9302-2c099dce7810 ] Request (FloatingIPsAssociationTestJSON:setUpClass): 200 GET http://10.180.1.21/compute/v2.1/servers/fc665a3e-b00a-4091-8984-7bcf1c5ffb0a 1.312s
2024-12-10 16:13:28.330 65831 INFO tempest.lib.common.rest_client [req-aa07f58a-ab5c-4594-ba25-4b7a338885a8 req-aa07f58a-ab5c-4594-ba25-4b7a338885a8 ] Request (ImagesOneServerTestJSON:setUpClass): 201 POST http://10.180.1.21:9696/networking/v2.0/routers 2.539s
2024-12-10 16:13:28.353 65798 INFO tempest.lib.common.rest_client [req-df1f4421-295d-4fb7-9d62-871cb1921f43 req-df1f4421-295d-4fb7-9d62-871cb1921f43 ] Request (ImagesTestJSON:test_create_image_from_stopped_server): 200 GET http://10.180.1.21/compute/v2.1/servers/3c7eae93-232e-4a26-b5d1-9f34c83301d6 1.059s
2024-12-10 16:13:28.359 65798 INFO tempest.common.waiters [-] State transition "BUILD/scheduling" ==> "BUILD/None" after 20 second wait
2024-12-10 16:13:28.384 65820 INFO tempest.lib.common.rest_client [req-0fcc4012-2fac-4106-b25f-a300f1845381 req-0fcc4012-2fac-4106-b25f-a300f1845381 ] Request (SecurityGroupsTestJSON:test_security_groups_create_list_delete): 404 GET http://10.180.1.21/compute/v2.1/os-security-groups/4b951c16-af2b-49b8-8fe5-5c15474e511d 0.836s
2024-12-10 16:13:28.416 65818 INFO tempest.lib.common.rest_client [req-785e3379-36fe-40f1-8ceb-5622ba9dbaa2 req-785e3379-36fe-40f1-8ceb-5622ba9dbaa2 ] Request (ServerShowV247Test:test_update_rebuild_list_server): 200 GET http://10.180.1.21/compute/v2.1/servers/72a17d6d-05e9-40e3-918a-01bf0af2bc11 0.927s
2024-12-10 16:13:28.420 65858 INFO tempest.lib.common.rest_client [req-6239d7cf-6b32-40bd-a961-a0fb36974be2 req-6239d7cf-6b32-40bd-a961-a0fb36974be2 ] Request (FloatingIPDetailsNegativeTestJSON:tearDownClass): 204 DELETE http://10.180.1.21:9696/networking/v2.0/networks/f35764e7-80f5-4c91-9cd5-3903d322ab89 0.513s
2024-12-10 16:13:28.461 65827 INFO tempest.lib.common.rest_client [req-0d36aba3-a243-4280-b14c-4534ea05bdb5 req-0d36aba3-a243-4280-b14c-4534ea05bdb5 ] Request (ServerRescueNegativeTestJSON:setUpClass): 200 GET http://10.180.1.21/compute/v2.1/servers/e5f722a9-af55-43f3-8a70-f544f6bd82e1 0.885s
2024-12-10 16:13:28.507 65844 INFO tempest.lib.common.rest_client [req-a46a6618-18fc-4d38-a822-30c1aa611345 req-a46a6618-18fc-4d38-a822-30c1aa611345 ] Request (ValidationResourcesFixture:setUp): 201 POST http://10.180.1.21:9696/networking/v2.0/security-group-rules 0.190s
2024-12-10 16:13:28.529 65838 INFO tempest.lib.common.rest_client [req-45b8aa6e-63bb-437c-b9bf-5645d9ecf894 req-45b8aa6e-63bb-437c-b9bf-5645d9ecf894 ] Request (ServerDiskConfigTestJSON:test_rebuild_server_with_manual_disk_config): 200 GET http://10.180.1.21/compute/v2.1/servers/3884f29c-8a5d-4482-8679-117f3253522f 0.839s
2024-12-10 16:13:28.559 65858 INFO tempest.lib.common.rest_client [req-d3a55625-5383-492a-871f-ddc5b159ab32 req-d3a55625-5383-492a-871f-ddc5b159ab32 ] Request (FloatingIPDetailsNegativeTestJSON:tearDownClass): 204 DELETE http://10.180.1.21/identity/v3/users/b45b3dd9bc214c279f8846439d25667c 0.137s
2024-12-10 16:13:28.559 65858 INFO tempest.lib.common.dynamic_creds [-] Deleting project and security group for project: bf100e3e936f4e778b684029b6221eaf
2024-12-10 16:13:28.572 65834 INFO tempest.lib.common.rest_client [req-f1c05e2e-b8ab-4d15-93a7-c028e8830657 req-f1c05e2e-b8ab-4d15-93a7-c028e8830657 ] Request (ServerRescueTestJSONUnderV235:tearDownClass): 200 GET http://10.180.1.21/compute/v2.1/servers/cc589df4-6e32-401a-987a-b9dc24d49947 0.748s
