2024-12-10 16:13:15.224 65814 INFO tempest.lib.common.rest_client [req-068e70d7-6c24-4edb-9709-d6825836234d req-068e70d7-6c24-4edb-9709-d6825836234d ] Request (VolumesAdminNegativeTest:test_update_attached_volume_with_nonexistent_volume_in_body): 202 POST http://10.180.1.21/compute/v2.1/servers 1.129s
2024-12-10 16:13:15.257 65858 INFO tempest.lib.common.rest_client [req-c88146f0-f3f0-4f58-b307-52cb92f2760e req-c88146f0-f3f0-4f58-b307-52cb92f2760e ] Request (FloatingIPDetailsNegativeTestJSON:setUpClass): 204 PUT http://10.180.1.21/identity/v3/projects/bf100e3e936f4e778b684029b6221eaf/users/b45b3dd9bc214c279f8846439d25667c/roles/125d06c5d1af44d2a7077e1f43584936 0.046s
2024-12-10 16:13:15.257 65858 INFO tempest.lib.common.dynamic_creds [-] Dynamic test user b45b3dd9bc214c279f8846439d25667c is created with scope project and roles: ['member']
2024-12-10 16:13:15.257 65858 INFO tempest.lib.common.dynamic_creds [-] Acquired dynamic creds: credentials: Credentials: {'domain_id': 'default', 'domain_name': 'Default', 'username': 'tempest-FloatingIPDetailsNegativeTestJSON-187777180-project-member', 'project_domain_id': 'default', 'project_domain_name': 'Default', 'project_id': 'bf100e3e936f4e778b684029b6221eaf', 'project_name': 'tempest-FloatingIPDetailsNegativeTestJSON-187777180', 'tenant_id': 'bf100e3e936f4e778b684029b6221eaf', 'tenant_name': 'tempest-FloatingIPDetailsNegativeTestJSON-187777180', 'user_domain_id': 'default', 'user_domain_name': 'Default', 'user_id': 'b45b3dd9bc214c279f8846439d25667c', 'system': None}, Network: None, Subnet: None, Router: None
2024-12-10 16:13:15.279 65804 INFO tempest.lib.common.rest_client [req-af595e1a-e155-462b-9f0b-d9a1c42bd1ec req-af595e1a-e155-462b-9f0b-d9a1c42bd1ec ] Request (FloatingIPsAssociationTestJSON:setUpClass): 200 GET http://10.180.1.21/compute/v2.1/servers/fc665a3e-b00a-4091-8984-7bcf1c5ffb0a 1.153s
2024-12-10 16:13:15.321 65858 INFO tempest.lib.common.rest_client [req-941027b7-3fda-4740-9a15-40b48dff5658 req-941027b7-3fda-4740-9a15-40b48dff5658 ] Request (FloatingIPDetailsNegativeTestJSON:setUpClass): 201 POST http://10.180.1.21/identity/v3/auth/tokens 0.064s
2024-12-10 16:13:15.465 65838 INFO tempest.lib.common.rest_client [req-6c2bf0ed-3e3b-497f-8732-ac06e74bee9a req-6c2bf0ed-3e3b-497f-8732-ac06e74bee9a ] Request (ServerDiskConfigTestJSON:test_rebuild_server_with_auto_disk_config): 200 GET http://10.180.1.21/compute/v2.1/servers/dded2e30-028a-4e55-958e-5bfb544ea23d 1.146s
2024-12-10 16:13:15.473 65844 INFO tempest.lib.common.rest_client [req-7373f8fe-23f6-486a-9c58-824890bdefa1 req-7373f8fe-23f6-486a-9c58-824890bdefa1 ] Request (InstanceActionsV221TestJSON:tearDownClass): 200 PUT http://10.180.1.21:9696/networking/v2.0/routers/5222b74f-aab5-4c74-9a86-74a329d35ca6/remove_router_interface 1.755s
2024-12-10 16:13:15.543 65856 INFO tempest.lib.common.rest_client [req-b0b0620b-f480-4793-9133-dcc9df4ddade req-b0b0620b-f480-4793-9133-dcc9df4ddade ] Request (InstanceActionsNegativeTestJSON:setUpClass): 200 GET http://10.180.1.21/compute/v2.1/servers/dce2b238-171d-4ba3-bd58-93c9313aed15 1.166s
2024-12-10 16:13:15.565 65808 INFO tempest.lib.common.rest_client [req-dd1a6cdc-3763-45e5-bf24-43d4515ed1d9 req-dd1a6cdc-3763-45e5-bf24-43d4515ed1d9 ] Request (ImagesDeleteNegativeTestJSON:test_delete_image_with_invalid_image_id): 404 DELETE http://10.180.1.21/compute/v2.1/images/tempest-invalid-1713883282 1.154s
2024-12-10 16:13:15.745 65858 INFO tempest.lib.common.rest_client [req-d80bc1a3-709e-40d0-bd2e-c168849e8a32 req-d80bc1a3-709e-40d0-bd2e-c168849e8a32 ] Request (FloatingIPDetailsNegativeTestJSON:setUpClass): 201 POST http://10.180.1.21:9696/networking/v2.0/networks 0.424s
2024-12-10 16:13:15.751 65796 INFO tempest.lib.common.rest_client [req-04f53a54-9ae8-40ae-ab2e-93ee61a6415e req-04f53a54-9ae8-40ae-ab2e-93ee61a6415e ] Request (ServerExternalEventsTest:test_create_server_external_events): 200 GET http://10.180.1.21/compute/v2.1/servers/3aa8f348-e15b-43e0-96a0-a6fb6c57f00f 1.241s
2024-12-10 16:13:15.822 65820 INFO tempest.lib.common.rest_client [req-eac05407-a1ce-4820-93c2-d8d6e1a25261 req-eac05407-a1ce-4820-93c2-d8d6e1a25261 ] Request (SecurityGroupsTestJSON:test_security_group_create_get_delete): 200 GET http://10.180.1.21/compute/v2.1/os-security-groups/52f8e2c4-66c8-424a-b043-d2ebedc2613c 1.292s
2024-12-10 16:13:15.894 65832 INFO tempest.lib.common.rest_client [req-502dcfaf-0e66-4d17-9004-414be22495da req-502dcfaf-0e66-4d17-9004-414be22495da ] Request (ServerPasswordTestJSON:setUpClass): 200 GET http://10.180.1.21/compute/v2.1/servers/87e0118a-b9eb-4298-950c-495814102d8a 1.337s
2024-12-10 16:13:15.902 65832 INFO tempest.common.waiters [-] State transition "BUILD/None" ==> "BUILD/networking" after 38 second wait
2024-12-10 16:13:15.968 65854 INFO tempest.lib.common.rest_client [req-3517b740-2bf7-41ae-9857-de14de7ebadd req-3517b740-2bf7-41ae-9857-de14de7ebadd ] Request (ServersTestMultiNic:setUpClass): 201 POST http://10.180.1.21:9696/networking/v2.0/routers 1.989s
2024-12-10 16:13:15.980 65822 INFO tempest.lib.common.rest_client [req-94b52152-520b-4b63-8909-31f6dfcd41b7 req-94b52152-520b-4b63-8909-31f6dfcd41b7 ] Request (ServerMetadataTestJSON:setUp): 200 PUT http://10.180.1.21/compute/v2.1/servers/bcef837d-7a30-4c53-805c-f55b4b793d88/metadata 1.275s
2024-12-10 16:13:16.019 65802 INFO tempest.lib.common.rest_client [req-6c895509-7262-497b-823f-3ff6f4a78383 req-6c895509-7262-497b-823f-3ff6f4a78383 ] Request (ServerGroupTestJSON:test_create_delete_multiple_server_groups_with_same_name_policy): 204 DELETE http://10.180.1.21/compute/v2.1/os-server-groups/ff804c93-0e3f-4180-9a79-8a3e390a4bb3 1.256s
2024-12-10 16:13:16.032 65831 INFO tempest.lib.common.rest_client [req-b7cecad8-41df-4119-b8b0-e1aa5a5b1dff req-b7cecad8-41df-4119-b8b0-e1aa5a5b1dff ] Request (FlavorsExtraSpecsNegativeTestJSON:test_flavor_unset_nonexistent_key): 404 DELETE http://10.180.1.21/compute/v2.1/flavors/1644160948/os-extra_specs/hw:cpu_thread_policy 1.263s
2024-12-10 16:13:16.096 65858 INFO tempest.lib.common.rest_client [req-ba309c34-1393-4564-95ce-824adb481d59 req-ba309c34-1393-4564-95ce-824adb481d59 ] Request (FloatingIPDetailsNegativeTestJSON:setUpClass): 201 POST http://10.180.1.21:9696/networking/v2.0/subnets 0.349s
2024-12-10 16:13:16.133 65824 INFO tempest.lib.common.rest_client [req-01bcdba3-f8bb-48fc-ad2b-a4e71398be53 req-01bcdba3-f8bb-48fc-ad2b-a4e71398be53 ] Request (FloatingIPsAssociationNegativeTestJSON:tearDownClass): 200 GET http://10.180.1.21/compute/v2.1/servers/d847af88-9acc-4ecf-a290-c3ded02265a3 1.299s
2024-12-10 16:13:16.196 65816 INFO tempest.lib.common.rest_client [req-21fcb639-fcfc-4d5e-898a-10600f8457ae req-21fcb639-fcfc-4d5e-898a-10600f8457ae ] Request (ServerActionsTestJSON:setUpClass): 200 GET http://10.180.1.21/compute/v2.1/servers/05e9ae8e-e533-4528-8c69-8fdef6f94774 1.064s
2024-12-10 16:13:16.255 65814 INFO tempest.lib.common.rest_client [req-8563964a-9e4d-4cc0-b357-8a2c81b5a5cc req-8563964a-9e4d-4cc0-b357-8a2c81b5a5cc ] Request (VolumesAdminNegativeTest:test_update_attached_volume_with_nonexistent_volume_in_body): 200 GET http://10.180.1.21/compute/v2.1/servers/f0a4868a-0eea-4f93-98d0-c4a4f0070d42 1.030s
2024-12-10 16:13:16.386 65852 INFO tempest.lib.common.rest_client [req-3fed159a-b637-4305-8238-525aee237724 req-3fed159a-b637-4305-8238-525aee237724 ] Request (DeleteServersAdminTestJSON:test_delete_server_while_in_error_state): 200 GET http://10.180.1.21/compute/v2.1/servers/38ec3326-e350-448f-98b5-e30cbe5e3864 1.063s
2024-12-10 16:13:16.491 65828 INFO tempest.lib.common.rest_client [req-fd7cd1bf-686f-4ac1-a268-6de1532a046b req-fd7cd1bf-686f-4ac1-a268-6de1532a046b ] Request (ServersAdminTestJSON:test_create_server_with_scheduling_hint): 200 GET http://10.180.1.21/compute/v2.1/servers/a19f9cf9-0026-437b-84ee-66f875aeb636 1.167s
2024-12-10 16:13:16.549 65798 INFO tempest.lib.common.rest_client [req-36c0ed6e-ea95-4023-be0c-870a9c2018cb req-36c0ed6e-ea95-4023-be0c-870a9c2018cb ] Request (ImagesTestJSON:test_create_image_from_stopped_server): 200 GET http://10.180.1.21/compute/v2.1/servers/3c7eae93-232e-4a26-b5d1-9f34c83301d6 1.154s
2024-12-10 16:13:16.609 65818 INFO tempest.lib.common.rest_client [req-ebdfcf0e-0651-4eba-bf6f-d6ad23497486 req-ebdfcf0e-0651-4eba-bf6f-d6ad23497486 ] Request (ServerShowV247Test:test_update_rebuild_list_server): 200 GET http://10.180.1.21/compute/v2.1/servers/72a17d6d-05e9-40e3-918a-01bf0af2bc11 1.206s
2024-12-10 16:13:16.634 65808 INFO tempest.lib.common.rest_client [req-c9f59c0f-4f00-4fdb-be29-59f878b682a7 req-c9f59c0f-4f00-4fdb-be29-59f878b682a7 ] Request (ImagesDeleteNegativeTestJSON:test_delete_non_existent_image): 404 DELETE http://10.180.1.21/compute/v2.1/images/256a4811-f3c2-42e9-8f7f-f32d13ec4fa7 1.067s
2024-12-10 16:13:16.703 65827 INFO tempest.lib.common.rest_client [req-f7783b4b-b49f-4a68-b989-de6105d6ff24 req-f7783b4b-b49f-4a68-b989-de6105d6ff24 ] Request (ServerRescueNegativeTestJSON:setUpClass): 200 GET http://10.180.1.21/compute/v2.1/servers/e5f722a9-af55-43f3-8a70-f544f6bd82e1 1.099s
2024-12-10 16:13:16.738 65808 INFO tempest.lib.common.rest_client [req-30cb5a3b-d960-4103-a28e-78a4e1eecfd1 req-30cb5a3b-d960-4103-a28e-78a4e1eecfd1 ] Request (ImagesDeleteNegativeTestJSON:tearDownClass): 204 DELETE http://10.180.1.21/identity/v3/users/157a35b9a1854c6cb7686970a6071ad6 0.100s
2024-12-10 16:13:16.738 65808 INFO tempest.lib.common.dynamic_creds [-] Deleting project and security group for project: 0a9fb204f09b41a7ac7b60cad8031edf
2024-12-10 16:13:16.803 65806 INFO tempest.lib.common.rest_client [req-c2a55e9c-dd89-46dc-97e6-a29ddb439c04 req-c2a55e9c-dd89-46dc-97e6-a29ddb439c04 ] Request (MigrationsAdminTest:test_list_migrations_in_flavor_resize_situation): 200 GET http://10.180.1.21/compute/v2.1/servers/23a23d42-fe67-446b-9203-826515fc848e 1.165s
2024-12-10 16:13:16.821 65808 INFO tempest.lib.common.rest_client [req-f4894584-2773-4609-b468-6c586cb79d0a req-f4894584-2773-4609-b468-6c586cb79d0a ] Request (ImagesDeleteNegativeTestJSON:tearDownClass): 201 POST http://10.180.1.21/identity/v3/auth/tokens 0.082s
2024-12-10 16:13:16.856 65810 INFO tempest.lib.common.rest_client [req-0407c843-625f-4d35-b1b7-30a438d46291 req-0407c843-625f-4d35-b1b7-30a438d46291 ] Request (ServerAddressesTestJSON:setUpClass): 200 GET http://10.180.1.21/compute/v2.1/servers/4610b1d4-7be5-4e97-b095-ad71263bc30a 1.183s
2024-12-10 16:13:16.901 65836 INFO tempest.lib.common.rest_client [req-3d08486e-03f0-4180-93ff-e530408de19f req-3d08486e-03f0-4180-93ff-e530408de19f ] Request (ListImageFiltersTestJSON:setUpClass): 200 GET http://10.180.1.21/compute/v2.1/images/84037a98-58de-47e2-b30e-a0607d7ff87e 1.227s
2024-12-10 16:13:16.963 65846 INFO tempest.lib.common.rest_client [req-ecf9b473-ee70-4eb7-9bde-4d2d94df794a req-ecf9b473-ee70-4eb7-9bde-4d2d94df794a ] Request (ImagesOneServerNegativeTestJSON:setUpClass): 200 GET http://10.180.1.21/compute/v2.1/servers/7c7053aa-118c-4374-abcb-e54c164ead34 1.226s
2024-12-10 16:13:17.003 65844 INFO tempest.lib.common.rest_client [req-412d931a-843d-4f99-b32c-c613857cf4a1 req-412d931a-843d-4f99-b32c-c613857cf4a1 ] Request (InstanceActionsV221TestJSON:tearDownClass): 204 DELETE http://10.180.1.21:9696/networking/v2.0/routers/5222b74f-aab5-4c74-9a86-74a329d35ca6 1.530s
2024-12-10 16:13:17.064 65850 INFO tempest.lib.common.rest_client [req-ae6d8473-3009-4da2-95c2-aa701d100761 req-ae6d8473-3009-4da2-95c2-aa701d100761 ] Request (AttachInterfacesTestJSON:test_create_list_show_delete_interfaces_by_fixed_ip): 200 GET http://10.180.1.21/compute/v2.1/servers/6af16382-5385-4bbf-8c7b-1f438f0e0261 1.260s
2024-12-10 16:13:17.199 65808 INFO tempest.lib.common.rest_client [req-dc11f053-d87e-4649-84bf-3b6ae4cdabd9 req-dc11f053-d87e-4649-84bf-3b6ae4cdabd9 ] Request (ImagesDeleteNegativeTestJSON:tearDownClass): 200 GET http://10.180.1.21:9696/networking/v2.0/security-groups?tenant_id=0a9fb204f09b41a7ac7b60cad8031edf&name=default 0.378s
2024-12-10 16:13:17.481 65820 INFO tempest.lib.common.rest_client [req-5c92cf6b-9290-41ed-b741-3578914696bf req-5c92cf6b-9290-41ed-b741-3578914696bf ] Request (SecurityGroupsTestJSON:test_security_group_create_get_delete): 202 DELETE http://10.180.1.21/compute/v2.1/os-security-groups/52f8e2c4-66c8-424a-b043-d2ebedc2613c 1.655s
2024-12-10 16:13:17.492 65844 INFO tempest.lib.common.rest_client [req-32e2d8c8-1fab-4251-9206-77d11d9363d9 req-32e2d8c8-1fab-4251-9206-77d11d9363d9 ] Request (InstanceActionsV221TestJSON:tearDownClass): 204 DELETE http://10.180.1.21:9696/networking/v2.0/subnets/fbe40390-fd58-4288-8ff2-06c49bfb01d4 0.489s
2024-12-10 16:13:17.501 65808 INFO tempest.lib.common.rest_client [req-9a2c36ad-c5fb-454a-94e0-a3a38cefcaa3 req-9a2c36ad-c5fb-454a-94e0-a3a38cefcaa3 ] Request (ImagesDeleteNegativeTestJSON:tearDownClass): 204 DELETE http://10.180.1.21:9696/networking/v2.0/security-groups/b2acb098-e781-4b2e-a783-d07c35e70c48 0.301s
2024-12-10 16:13:17.502 65834 INFO tempest.lib.common.rest_client [req-b15012e8-7c61-4ffa-9fb1-bf9235b720a6 req-b15012e8-7c61-4ffa-9fb1-bf9235b720a6 ] Request (ServerRescueTestJSONUnderV235:test_rescued_vm_associate_dissociate_floating_ip): 202 POST http://10.180.1.21/compute/v2.1/servers/cc589df4-6e32-401a-987a-b9dc24d49947/action 3.474s
2024-12-10 16:13:17.547 65800 INFO tempest.lib.common.rest_client [req-dd888fba-c34c-4191-81d4-15d2a9099257 req-dd888fba-c34c-4191-81d4-15d2a9099257 ] Request (ServersV294TestFqdnHostnames:setUpClass): 200 GET http://10.180.1.21/compute/v2.1/servers/2ec93312-17da-412b-9024-56d9d562612d 1.679s
2024-12-10 16:13:17.571 65802 INFO tempest.lib.common.rest_client [req-93880861-50b0-4bfe-a576-54f5ac736355 req-93880861-50b0-4bfe-a576-54f5ac736355 ] Request (ServerGroupTestJSON:test_create_delete_multiple_server_groups_with_same_name_policy): 200 GET http://10.180.1.21/compute/v2.1/os-server-groups 1.551s
2024-12-10 16:13:17.579 65831 INFO tempest.lib.common.rest_client [req-2faec07f-fb57-467d-a660-8e947dcc98b6 req-2faec07f-fb57-467d-a660-8e947dcc98b6 ] Request (FlavorsExtraSpecsNegativeTestJSON:test_flavor_update_mismatch_key): 400 PUT http://10.180.1.21/compute/v2.1/flavors/1644160948/os-extra_specs/hw:numa_nodes 1.544s
2024-12-10 16:13:17.587 65808 INFO tempest.lib.common.rest_client [req-1705cf14-c305-445b-aba5-3841a81b3c6e req-1705cf14-c305-445b-aba5-3841a81b3c6e ] Request (ImagesDeleteNegativeTestJSON:tearDownClass): 204 DELETE http://10.180.1.21/identity/v3/projects/0a9fb204f09b41a7ac7b60cad8031edf 0.086s
2024-12-10 16:13:17.606 65822 INFO tempest.lib.common.rest_client [req-20fc6257-4f48-42e5-bda3-a71d9753c7aa req-20fc6257-4f48-42e5-bda3-a71d9753c7aa ] Request (ServerMetadataTestJSON:test_set_server_metadata): 200 PUT http://10.180.1.21/compute/v2.1/servers/bcef837d-7a30-4c53-805c-f55b4b793d88/metadata 1.625s
2024-12-10 16:13:17.665 65808 INFO tempest.lib.common.rest_client [req-9671fe0c-7833-445c-9085-347177cef0ac req-9671fe0c-7833-445c-9085-347177cef0ac ] Request (ServerActionsV293TestJSON:setUpClass): 201 POST http://10.180.1.21/identity/v3/auth/tokens 0.075s
2024-12-10 16:13:17.697 65804 INFO tempest.lib.common.rest_client [req-22891d67-4ea4-499a-9bed-9df4bda8103c req-22891d67-4ea4-499a-9bed-9df4bda8103c ] Request (FloatingIPsAssociationTestJSON:setUpClass): 200 GET http://10.180.1.21/compute/v2.1/servers/fc665a3e-b00a-4091-8984-7bcf1c5ffb0a 1.410s
2024-12-10 16:13:17.706 65808 INFO tempest.lib.common.rest_client [req-05ac6868-a7e2-458a-8dac-f18117e8092a req-05ac6868-a7e2-458a-8dac-f18117e8092a ] Request (ServerActionsV293TestJSON:setUpClass): 201 POST http://10.180.1.21/identity/v3/auth/tokens 0.038s
2024-12-10 16:13:17.736 65808 INFO tempest.lib.common.rest_client [req-731c630c-a39e-4dc4-a3df-946f737b9797 req-731c630c-a39e-4dc4-a3df-946f737b9797 ] Request (ServerActionsV293TestJSON:setUpClass): 200 GET http://10.180.1.21/identity/v3/domains?name=Default 0.029s
2024-12-10 16:13:17.783 65808 INFO tempest.lib.common.rest_client [req-ce25b4b1-936f-4c6b-92f2-870d10c24421 req-ce25b4b1-936f-4c6b-92f2-870d10c24421 ] Request (ServerActionsV293TestJSON:setUpClass): 201 POST http://10.180.1.21/identity/v3/projects 0.046s
2024-12-10 16:13:17.792 65838 INFO tempest.lib.common.rest_client [req-0a3fa0e6-0ede-4a54-b5f9-036fe365e5f1 req-0a3fa0e6-0ede-4a54-b5f9-036fe365e5f1 ] Request (ServerDiskConfigTestJSON:test_rebuild_server_with_auto_disk_config): 200 GET http://10.180.1.21/compute/v2.1/servers/dded2e30-028a-4e55-958e-5bfb544ea23d 1.317s
2024-12-10 16:13:17.799 65856 INFO tempest.lib.common.rest_client [req-41355266-7857-4c26-b82a-aae90f6cfd27 req-41355266-7857-4c26-b82a-aae90f6cfd27 ] Request (InstanceActionsNegativeTestJSON:setUpClass): 200 GET http://10.180.1.21/compute/v2.1/servers/dce2b238-171d-4ba3-bd58-93c9313aed15 1.245s
2024-12-10 16:13:17.804 65838 INFO tempest.common.waiters [-] State transition "REBUILD/rebuild_spawning" ==> "ACTIVE/None" after 12 second wait
2024-12-10 16:13:17.855 65808 INFO tempest.lib.common.rest_client [req-83c80a1d-a0b3-44ab-8fe2-2c0c6a7f2002 req-83c80a1d-a0b3-44ab-8fe2-2c0c6a7f2002 ] Request (ServerActionsV293TestJSON:setUpClass): 201 POST http://10.180.1.21/identity/v3/users 0.072s
2024-12-10 16:13:17.878 65808 INFO tempest.lib.common.rest_client [req-27753171-e6f7-4b18-a13b-0659f8008b15 req-27753171-e6f7-4b18-a13b-0659f8008b15 ] Request (ServerActionsV293TestJSON:setUpClass): 200 GET http://10.180.1.21/identity/v3/roles 0.022s
2024-12-10 16:13:17.907 65808 INFO tempest.lib.common.rest_client [req-424034ec-668e-498c-a237-cd961edc8cab req-424034ec-668e-498c-a237-cd961edc8cab ] Request (ServerActionsV293TestJSON:setUpClass): 204 PUT http://10.180.1.21/identity/v3/projects/80408e9746a94f0cb4376729d1b16841/users/48712632523744d7a57f4b50e1746b16/roles/125d06c5d1af44d2a7077e1f43584936 0.029s
2024-12-10 16:13:17.908 65808 INFO tempest.lib.common.dynamic_creds [-] Dynamic test user 48712632523744d7a57f4b50e1746b16 is created with scope project and roles: ['member']
2024-12-10 16:13:17.908 65808 INFO tempest.lib.common.dynamic_creds [-] Acquired dynamic creds: credentials: Credentials: {'domain_id': 'default', 'domain_name': 'Default', 'username': 'tempest-ServerActionsV293TestJSON-2042889636-project-member', 'project_domain_id': 'default', 'project_domain_name': 'Default', 'project_id': '80408e9746a94f0cb4376729d1b16841', 'project_name': 'tempest-ServerActionsV293TestJSON-2042889636', 'tenant_id': '80408e9746a94f0cb4376729d1b16841', 'tenant_name': 'tempest-ServerActionsV293TestJSON-2042889636', 'user_domain_id': 'default', 'user_domain_name': 'Default', 'user_id': '48712632523744d7a57f4b50e1746b16', 'system': None}, Network: None, Subnet: None, Router: None
2024-12-10 16:13:17.920 65844 INFO tempest.lib.common.rest_client [req-f6121de6-49de-4eaa-a6e6-81dde6056fd4 req-f6121de6-49de-4eaa-a6e6-81dde6056fd4 ] Request (InstanceActionsV221TestJSON:tearDownClass): 204 DELETE http://10.180.1.21:9696/networking/v2.0/networks/228559b5-f5d1-4285-af41-656385260c87 0.427s
2024-12-10 16:13:17.951 65796 INFO tempest.lib.common.rest_client [req-a0dfe1b6-a557-4c08-aedb-df2c93e0d2b9 req-a0dfe1b6-a557-4c08-aedb-df2c93e0d2b9 ] Request (ServerExternalEventsTest:test_create_server_external_events): 200 GET http://10.180.1.21/compute/v2.1/servers/3aa8f348-e15b-43e0-96a0-a6fb6c57f00f 1.189s
2024-12-10 16:13:17.958 65796 INFO tempest.common.waiters [-] State transition "BUILD/spawning" ==> "ACTIVE/None" after 53 second wait
2024-12-10 16:13:17.989 65824 INFO tempest.lib.common.rest_client [req-a6338061-c10e-43c8-b678-bb2fa3c95bae req-a6338061-c10e-43c8-b678-bb2fa3c95bae ] Request (FloatingIPsAssociationNegativeTestJSON:tearDownClass): 404 GET http://10.180.1.21/compute/v2.1/servers/d847af88-9acc-4ecf-a290-c3ded02265a3 0.843s
2024-12-10 16:13:18.002 65808 INFO tempest.lib.common.rest_client [req-e27bcc33-297f-491f-aeba-9b1872c7905e req-e27bcc33-297f-491f-aeba-9b1872c7905e ] Request (ServerActionsV293TestJSON:setUpClass): 201 POST http://10.180.1.21/identity/v3/auth/tokens 0.094s
2024-12-10 16:13:18.066 65844 INFO tempest.lib.common.rest_client [req-0493406d-b68f-4d3c-a853-ee240c509f10 req-0493406d-b68f-4d3c-a853-ee240c509f10 ] Request (InstanceActionsV221TestJSON:tearDownClass): 204 DELETE http://10.180.1.21/identity/v3/users/9bb97d5996f24f3880892dfd6f4be9eb 0.145s
2024-12-10 16:13:18.066 65844 INFO tempest.lib.common.dynamic_creds [-] Deleting project and security group for project: 27e91166ca934c27938fbfb556b9a665
2024-12-10 16:13:18.093 65816 INFO tempest.lib.common.rest_client [req-d6ae91a5-effb-4f03-a2e0-37a20f0771b3 req-d6ae91a5-effb-4f03-a2e0-37a20f0771b3 ] Request (ServerActionsTestJSON:setUpClass): 200 GET http://10.180.1.21/compute/v2.1/servers/05e9ae8e-e533-4528-8c69-8fdef6f94774 0.885s
2024-12-10 16:13:18.138 65832 INFO tempest.lib.common.rest_client [req-1ed5faa3-dce3-4b3b-8690-597ad524fccf req-1ed5faa3-dce3-4b3b-8690-597ad524fccf ] Request (ServerPasswordTestJSON:setUpClass): 200 GET http://10.180.1.21/compute/v2.1/servers/87e0118a-b9eb-4298-950c-495814102d8a 1.234s
2024-12-10 16:13:18.145 65832 INFO tempest.common.waiters [-] State transition "BUILD/networking" ==> "BUILD/spawning" after 41 second wait
2024-12-10 16:13:18.146 65844 INFO tempest.lib.common.rest_client [req-7fe77d34-38fd-4350-b2dd-dc366bad05ba req-7fe77d34-38fd-4350-b2dd-dc366bad05ba ] Request (InstanceActionsV221TestJSON:tearDownClass): 200 GET http://10.180.1.21:9696/networking/v2.0/security-groups?tenant_id=27e91166ca934c27938fbfb556b9a665&name=default 0.080s
2024-12-10 16:13:18.191 65814 INFO tempest.lib.common.rest_client [req-9eb41fd7-e8e8-450d-8302-1cbebf40860e req-9eb41fd7-e8e8-450d-8302-1cbebf40860e ] Request (VolumesAdminNegativeTest:test_update_attached_volume_with_nonexistent_volume_in_body): 200 GET http://10.180.1.21/compute/v2.1/servers/f0a4868a-0eea-4f93-98d0-c4a4f0070d42 0.924s
2024-12-10 16:13:18.220 65820 INFO tempest.lib.common.rest_client [req-fb7d4b82-afc8-4879-8e80-1f519d6b8e8f req-fb7d4b82-afc8-4879-8e80-1f519d6b8e8f ] Request (SecurityGroupsTestJSON:test_security_group_create_get_delete): 404 GET http://10.180.1.21/compute/v2.1/os-security-groups/52f8e2c4-66c8-424a-b043-d2ebedc2613c 0.739s
2024-12-10 16:13:18.530 65844 INFO tempest.lib.common.rest_client [req-b0b2eb1a-1bc2-44e2-897d-b583d9cbb537 req-b0b2eb1a-1bc2-44e2-897d-b583d9cbb537 ] Request (InstanceActionsV221TestJSON:tearDownClass): 204 DELETE http://10.180.1.21:9696/networking/v2.0/security-groups/13f3ae6d-7ca9-48a0-aa1b-71cc3c64b55b 0.382s
2024-12-10 16:13:18.586 65858 INFO tempest.lib.common.rest_client [req-edde5b3d-c0c8-47de-be5e-e4d49a547b57 req-edde5b3d-c0c8-47de-be5e-e4d49a547b57 ] Request (FloatingIPDetailsNegativeTestJSON:setUpClass): 201 POST http://10.180.1.21:9696/networking/v2.0/routers 2.490s
2024-12-10 16:13:18.607 65852 INFO tempest.lib.common.rest_client [req-f3823466-e6e9-429d-8f26-fc510c250bc2 req-f3823466-e6e9-429d-8f26-fc510c250bc2 ] Request (DeleteServersAdminTestJSON:test_delete_server_while_in_error_state): 200 GET http://10.180.1.21/compute/v2.1/servers/38ec3326-e350-448f-98b5-e30cbe5e3864 1.212s
2024-12-10 16:13:18.618 65852 INFO tempest.common.waiters [-] State transition "BUILD/spawning" ==> "ACTIVE/None" after 50 second wait
2024-12-10 16:13:18.630 65828 INFO tempest.lib.common.rest_client [req-eeeb9d9d-e79d-400b-b04b-e9e930e21e76 req-eeeb9d9d-e79d-400b-b04b-e9e930e21e76 ] Request (ServersAdminTestJSON:test_create_server_with_scheduling_hint): 200 GET http://10.180.1.21/compute/v2.1/servers/a19f9cf9-0026-437b-84ee-66f875aeb636 1.130s
2024-12-10 16:13:18.632 65844 INFO tempest.lib.common.rest_client [req-1a54ff5e-c5ea-4d5e-96d5-64e61bbcd35e req-1a54ff5e-c5ea-4d5e-96d5-64e61bbcd35e ] Request (InstanceActionsV221TestJSON:tearDownClass): 204 DELETE http://10.180.1.21/identity/v3/projects/27e91166ca934c27938fbfb556b9a665 0.102s
2024-12-10 16:13:18.694 65798 INFO tempest.lib.common.rest_client [req-c0d1b9c4-8b9d-4290-9eab-bfa3e6960d7c req-c0d1b9c4-8b9d-4290-9eab-bfa3e6960d7c ] Request (ImagesTestJSON:test_create_image_from_stopped_server): 200 GET http://10.180.1.21/compute/v2.1/servers/3c7eae93-232e-4a26-b5d1-9f34c83301d6 1.136s
2024-12-10 16:13:18.725 65802 INFO tempest.lib.common.rest_client [req-74af32aa-b3fc-403b-a576-29996bb8e745 req-74af32aa-b3fc-403b-a576-29996bb8e745 ] Request (ServerGroupTestJSON:test_create_delete_multiple_server_groups_with_same_name_policy): 204 DELETE http://10.180.1.21/compute/v2.1/os-server-groups/d014ad14-b0d4-4a88-a4c2-3d2a1c47a5b5 1.151s
2024-12-10 16:13:18.735 65831 INFO tempest.lib.common.rest_client [req-4f8a0149-95a9-48d9-9cec-bf692f23ecd3 req-4f8a0149-95a9-48d9-9cec-bf692f23ecd3 ] Request (FlavorsExtraSpecsNegativeTestJSON:test_flavor_update_more_key): 400 PUT http://10.180.1.21/compute/v2.1/flavors/1644160948/os-extra_specs/hw:numa_nodes 1.154s
2024-12-10 16:13:18.736 65844 INFO tempest.lib.common.rest_client [req-17c45253-fdc9-4788-a29b-c864d1b40391 req-17c45253-fdc9-4788-a29b-c864d1b40391 ] Request (AttachVolumeShelveTestJSON:setUpClass): 201 POST http://10.180.1.21/identity/v3/auth/tokens 0.101s
2024-12-10 16:13:18.775 65822 INFO tempest.lib.common.rest_client [req-82ac0cde-f566-46ad-81df-8b502cb4bcfb req-82ac0cde-f566-46ad-81df-8b502cb4bcfb ] Request (ServerMetadataTestJSON:test_set_server_metadata): 200 GET http://10.180.1.21/compute/v2.1/servers/bcef837d-7a30-4c53-805c-f55b4b793d88/metadata 1.168s
2024-12-10 16:13:18.787 65844 INFO tempest.lib.common.rest_client [req-a9cf2ccd-e74f-453e-afa4-235bfa429817 req-a9cf2ccd-e74f-453e-afa4-235bfa429817 ] Request (AttachVolumeShelveTestJSON:setUpClass): 201 POST http://10.180.1.21/identity/v3/auth/tokens 0.049s
2024-12-10 16:13:18.838 65844 INFO tempest.lib.common.rest_client [req-c312f028-60a3-4cc4-8d7f-efe950bc615f req-c312f028-60a3-4cc4-8d7f-efe950bc615f ] Request (AttachVolumeShelveTestJSON:setUpClass): 200 GET http://10.180.1.21/identity/v3/domains?name=Default 0.050s
2024-12-10 16:13:18.849 65818 INFO tempest.lib.common.rest_client [req-ea685a67-3a22-4dcf-a5cc-b9d9c3cd9b8a req-ea685a67-3a22-4dcf-a5cc-b9d9c3cd9b8a ] Request (ServerShowV247Test:test_update_rebuild_list_server): 200 GET http://10.180.1.21/compute/v2.1/servers/72a17d6d-05e9-40e3-918a-01bf0af2bc11 1.230s
2024-12-10 16:13:18.877 65844 INFO tempest.lib.common.rest_client [req-f7d15b19-71d4-4188-a858-68da2f13a502 req-f7d15b19-71d4-4188-a858-68da2f13a502 ] Request (AttachVolumeShelveTestJSON:setUpClass): 201 POST http://10.180.1.21/identity/v3/projects 0.038s
2024-12-10 16:13:18.909 65827 INFO tempest.lib.common.rest_client [req-b5acd105-df47-42ff-8cb0-bc7bec0cd377 req-b5acd105-df47-42ff-8cb0-bc7bec0cd377 ] Request (ServerRescueNegativeTestJSON:setUpClass): 200 GET http://10.180.1.21/compute/v2.1/servers/e5f722a9-af55-43f3-8a70-f544f6bd82e1 1.196s
2024-12-10 16:13:18.917 65827 INFO tempest.common.waiters [-] State transition "BUILD/scheduling" ==> "BUILD/None" after 20 second wait
2024-12-10 16:13:18.951 65844 INFO tempest.lib.common.rest_client [req-ac7df02d-764d-4c92-88ff-a3565d7070b9 req-ac7df02d-764d-4c92-88ff-a3565d7070b9 ] Request (AttachVolumeShelveTestJSON:setUpClass): 201 POST http://10.180.1.21/identity/v3/users 0.073s
2024-12-10 16:13:18.980 65844 INFO tempest.lib.common.rest_client [req-ab1cc218-d109-4362-8d74-865eb47ee290 req-ab1cc218-d109-4362-8d74-865eb47ee290 ] Request (AttachVolumeShelveTestJSON:setUpClass): 200 GET http://10.180.1.21/identity/v3/roles 0.028s
2024-12-10 16:13:19.024 65844 INFO tempest.lib.common.rest_client [req-8c8e59d6-67cb-4ac5-b301-e55bf189203e req-8c8e59d6-67cb-4ac5-b301-e55bf189203e ] Request (AttachVolumeShelveTestJSON:setUpClass): 204 PUT http://10.180.1.21/identity/v3/projects/3bb679423f6c4abf8a115ab5083b269a/users/4bf94e627575408cb561d2e9549742b7/roles/125d06c5d1af44d2a7077e1f43584936 0.044s
2024-12-10 16:13:19.024 65844 INFO tempest.lib.common.dynamic_creds [-] Dynamic test user 4bf94e627575408cb561d2e9549742b7 is created with scope project and roles: ['member']
2024-12-10 16:13:19.024 65844 INFO tempest.lib.common.dynamic_creds [-] Acquired dynamic creds: credentials: Credentials: {'domain_id': 'default', 'domain_name': 'Default', 'username': 'tempest-AttachVolumeShelveTestJSON-1588727359-project-member', 'project_domain_id': 'default', 'project_domain_name': 'Default', 'project_id': '3bb679423f6c4abf8a115ab5083b269a', 'project_name': 'tempest-AttachVolumeShelveTestJSON-1588727359', 'tenant_id': '3bb679423f6c4abf8a115ab5083b269a', 'tenant_name': 'tempest-AttachVolumeShelveTestJSON-1588727359', 'user_domain_id': 'default', 'user_domain_name': 'Default', 'user_id': '4bf94e627575408cb561d2e9549742b7', 'system': None}, Network: None, Subnet: None, Router: None
2024-12-10 16:13:19.031 65848 WARNING tempest.lib.common.ssh [-] Failed to establish authenticated ssh connection to cirros@10.180.180.224 ([Errno None] Unable to connect to port 22 on 10.180.180.224). Number attempts: 6. Retry after 7 seconds.: paramiko.ssh_exception.NoValidConnectionsError: [Errno None] Unable to connect to port 22 on 10.180.180.224
2024-12-10 16:13:19.100 65844 INFO tempest.lib.common.rest_client [req-1c285f2a-ae1f-454e-8b1e-607e435e7985 req-1c285f2a-ae1f-454e-8b1e-607e435e7985 ] Request (AttachVolumeShelveTestJSON:setUpClass): 201 POST http://10.180.1.21/identity/v3/auth/tokens 0.075s
2024-12-10 16:13:19.104 65838 INFO tempest.lib.common.rest_client [req-99a595c7-c47d-4ead-a7cb-7ca0639cc630 req-99a595c7-c47d-4ead-a7cb-7ca0639cc630 ] Request (ServerDiskConfigTestJSON:test_rebuild_server_with_auto_disk_config): 200 GET http://10.180.1.21/compute/v2.1/servers/dded2e30-028a-4e55-958e-5bfb544ea23d 1.299s
2024-12-10 16:13:19.304 65808 INFO tempest.lib.common.rest_client [req-5ced5002-42e4-44cb-8d13-702930789a29 req-5ced5002-42e4-44cb-8d13-702930789a29 ] Request (ServerActionsV293TestJSON:setUpClass): 201 POST http://10.180.1.21:9696/networking/v2.0/networks 1.301s
2024-12-10 16:13:19.315 65806 INFO tempest.lib.common.rest_client [req-43e0c216-7eeb-462a-80de-24be2b2deba1 req-43e0c216-7eeb-462a-80de-24be2b2deba1 ] Request (MigrationsAdminTest:test_list_migrations_in_flavor_resize_situation): 200 GET http://10.180.1.21/compute/v2.1/servers/23a23d42-fe67-446b-9203-826515fc848e 1.500s
2024-12-10 16:13:19.395 65810 INFO tempest.lib.common.rest_client [req-9e1d3ad1-0b05-49f7-b6f8-28e263a46993 req-9e1d3ad1-0b05-49f7-b6f8-28e263a46993 ] Request (ServerAddressesTestJSON:setUpClass): 200 GET http://10.180.1.21/compute/v2.1/servers/4610b1d4-7be5-4e97-b095-ad71263bc30a 1.529s
2024-12-10 16:13:19.446 65836 INFO tempest.lib.common.rest_client [req-552137f6-08c2-4a16-a486-a52c14f3ef2a req-552137f6-08c2-4a16-a486-a52c14f3ef2a ] Request (ListImageFiltersTestJSON:setUpClass): 200 GET http://10.180.1.21/compute/v2.1/images/84037a98-58de-47e2-b30e-a0607d7ff87e 1.540s
2024-12-10 16:13:19.540 65854 INFO tempest.lib.common.rest_client [req-ee3cb054-1e18-4f16-82e7-197adc8e747e req-ee3cb054-1e18-4f16-82e7-197adc8e747e ] Request (ServersTestMultiNic:setUpClass): 200 PUT http://10.180.1.21:9696/networking/v2.0/routers/7a4b7880-a8e7-44f0-b3c9-56fb22e005bf/add_router_interface 3.571s
2024-12-10 16:13:19.540 65854 INFO tempest.lib.common.dynamic_creds [-] Created isolated network resources for: credentials: Credentials: {'domain_id': 'default', 'domain_name': 'Default', 'username': 'tempest-ServersTestMultiNic-1738518366-project-member', 'project_domain_id': 'default', 'project_domain_name': 'Default', 'project_id': '298b5552f8de43a98c7f947e0caf3c07', 'project_name': 'tempest-ServersTestMultiNic-1738518366', 'tenant_id': '298b5552f8de43a98c7f947e0caf3c07', 'tenant_name': 'tempest-ServersTestMultiNic-1738518366', 'user_domain_id': 'default', 'user_domain_name': 'Default', 'user_id': 'c30ab6f612b84787b6eca039f05bec79', 'system': None}, Network: {'id': '1271a38c-5517-42f7-8a4e-c588190a7932', 'name': 'tempest-ServersTestMultiNic-735485870-network', 'tenant_id': '298b5552f8de43a98c7f947e0caf3c07', 'admin_state_up': True, 'mtu': 8950, 'status': 'ACTIVE', 'subnets': [], 'shared': False, 'project_id': '298b5552f8de43a98c7f947e0caf3c07', 'port_security_enabled': True, 'router:external': False, 'provider:network_type': 'vlan', 'provider:physical_network': 'default', 'provider:segmentation_id': 261, 'availability_zone_hints': [], 'availability_zones': [], 'ipv4_address_scope': None, 'ipv6_address_scope': None, 'description': '', 'tags': [], 'created_at': '2024-12-10T16:13:13Z', 'updated_at': '2024-12-10T16:13:13Z', 'revision_number': 1}, Subnet: {'id': 'b210c0d4-76bf-44e9-9071-d765ff2df32a', 'name': 'tempest-ServersTestMultiNic-735485870-subnet', 'tenant_id': '298b5552f8de43a98c7f947e0caf3c07', 'network_id': '1271a38c-5517-42f7-8a4e-c588190a7932', 'ip_version': 4, 'subnetpool_id': None, 'enable_dhcp': True, 'ipv6_ra_mode': None, 'ipv6_address_mode': None, 'gateway_ip': '192.168.128.1', 'cidr': '192.168.128.0/28', 'allocation_pools': [{'start': '192.168.128.2', 'end': '192.168.128.14'}], 'host_routes': [], 'dns_nameservers': [], 'description': '', 'router:external': False, 'service_types': [], 'tags': [], 'created_at': '2024-12-10T16:13:13Z', 'updated_at': '2024-12-10T16:13:13Z', 'revision_number': 0, 'project_id': '298b5552f8de43a98c7f947e0caf3c07'}, Router: {'id': '7a4b7880-a8e7-44f0-b3c9-56fb22e005bf', 'name': 'tempest-ServersTestMultiNic-735485870-router', 'tenant_id': '298b5552f8de43a98c7f947e0caf3c07', 'admin_state_up': True, 'status': 'ACTIVE', 'external_gateway_info': {'network_id': '5295b232-df9f-4901-8a29-a03fd6e6fe95', 'external_fixed_ips': [{'subnet_id': '0b48a5b2-db5d-4139-8ff8-6e6381443195', 'ip_address': '10.180.180.149'}], 'enable_snat': True}, 'description': '', 'availability_zones': [], 'distributed': False, 'ha': False, 'availability_zone_hints': [], 'routes': [], 'flavor_id': None, 'tags': [], 'created_at': '2024-12-10T16:13:14Z', 'updated_at': '2024-12-10T16:13:15Z', 'revision_number': 2, 'project_id': '298b5552f8de43a98c7f947e0caf3c07'}
2024-12-10 16:13:19.609 65796 INFO tempest.lib.common.rest_client [req-c9aa9f43-6636-403e-ad39-f4f24e370cfb req-c9aa9f43-6636-403e-ad39-f4f24e370cfb ] Request (ServerExternalEventsTest:test_create_server_external_events): 200 POST http://10.180.1.21/compute/v2.1/os-server-external-events 1.650s
2024-12-10 16:13:19.684 65854 INFO tempest.lib.common.rest_client [req-efbec067-172b-425f-ad00-93916f8a3130 req-efbec067-172b-425f-ad00-93916f8a3130 ] Request (ServersTestMultiNic:setUpClass): 201 POST http://10.180.1.21/identity/v3/auth/tokens 0.135s
2024-12-10 16:13:19.698 65844 INFO tempest.lib.common.rest_client [req-5386bdef-856f-4a70-bafe-a2be4b8ad604 req-5386bdef-856f-4a70-bafe-a2be4b8ad604 ] Request (AttachVolumeShelveTestJSON:setUpClass): 201 POST http://10.180.1.21:9696/networking/v2.0/networks 0.598s
2024-12-10 16:13:19.706 65846 INFO tempest.lib.common.rest_client [req-64aed488-50d9-41e0-a933-2246d42ab81a req-64aed488-50d9-41e0-a933-2246d42ab81a ] Request (ImagesOneServerNegativeTestJSON:setUpClass): 200 GET http://10.180.1.21/compute/v2.1/servers/7c7053aa-118c-4374-abcb-e54c164ead34 1.736s
2024-12-10 16:13:19.791 65850 INFO tempest.lib.common.rest_client [req-00107317-6b3c-424c-9a9d-56e27a7b1a54 req-00107317-6b3c-424c-9a9d-56e27a7b1a54 ] Request (AttachInterfacesTestJSON:test_create_list_show_delete_interfaces_by_fixed_ip): 200 GET http://10.180.1.21/compute/v2.1/servers/6af16382-5385-4bbf-8c7b-1f438f0e0261 1.717s
2024-12-10 16:13:19.850 65824 INFO tempest.lib.common.rest_client [req-6359357b-0030-4466-9608-a48cd2c0996f req-6359357b-0030-4466-9608-a48cd2c0996f ] Request (FloatingIPsAssociationNegativeTestJSON:tearDownClass): 200 PUT http://10.180.1.21:9696/networking/v2.0/routers/46a0e99a-2ae9-42fb-8ef5-2d15e2613262/remove_router_interface 1.860s
2024-12-10 16:13:19.854 65834 INFO tempest.lib.common.rest_client [req-70eab327-a19f-42fc-b2be-a60a8e0ab4d5 req-70eab327-a19f-42fc-b2be-a60a8e0ab4d5 ] Request (ServerRescueTestJSONUnderV235:_run_cleanups): 202 DELETE http://10.180.1.21/compute/v2.1/os-floating-ips/d44f985d-08ae-49f8-8c12-092cb665a7c4 2.350s
2024-12-10 16:13:19.866 65808 INFO tempest.lib.common.rest_client [req-085fe318-7e01-42bb-89a1-d66fb2f4cc67 req-085fe318-7e01-42bb-89a1-d66fb2f4cc67 ] Request (ServerActionsV293TestJSON:setUpClass): 201 POST http://10.180.1.21:9696/networking/v2.0/subnets 0.561s
2024-12-10 16:13:19.966 65800 INFO tempest.lib.common.rest_client [req-0812973f-f9b9-4b53-a117-2f858916723e req-0812973f-f9b9-4b53-a117-2f858916723e ] Request (ServersV294TestFqdnHostnames:setUpClass): 200 GET http://10.180.1.21/compute/v2.1/servers/2ec93312-17da-412b-9024-56d9d562612d 1.404s
2024-12-10 16:13:19.984 65800 INFO tempest.common.waiters [-] State transition "BUILD/scheduling" ==> "BUILD/None" after 23 second wait
2024-12-10 16:13:20.117 65852 INFO tempest.lib.common.rest_client [req-64aa0d64-ed3d-4927-8377-148094205d33 req-64aa0d64-ed3d-4927-8377-148094205d33 ] Request (DeleteServersAdminTestJSON:test_delete_server_while_in_error_state): 202 POST http://10.180.1.21/compute/v2.1/servers/38ec3326-e350-448f-98b5-e30cbe5e3864/action 1.499s
2024-12-10 16:13:20.211 65820 INFO tempest.lib.common.rest_client [req-84aff3f2-10e4-4003-97ce-8476d4e6a7d8 req-84aff3f2-10e4-4003-97ce-8476d4e6a7d8 ] Request (SecurityGroupsTestJSON:test_security_groups_create_list_delete): 200 POST http://10.180.1.21/compute/v2.1/os-security-groups 1.989s
2024-12-10 16:13:20.221 65854 INFO tempest.lib.common.rest_client [req-d5f64535-c795-45f5-882f-7cf7b9eb48ef req-d5f64535-c795-45f5-882f-7cf7b9eb48ef ] Request (ServersTestMultiNic:test_verify_duplicate_network_nics): 201 POST http://10.180.1.21:9696/networking/v2.0/networks 0.535s
2024-12-10 16:13:20.223 65804 INFO tempest.lib.common.rest_client [req-e79fc1a8-3840-46fa-a0ec-37b6240ffa26 req-e79fc1a8-3840-46fa-a0ec-37b6240ffa26 ] Request (FloatingIPsAssociationTestJSON:setUpClass): 200 GET http://10.180.1.21/compute/v2.1/servers/fc665a3e-b00a-4091-8984-7bcf1c5ffb0a 1.517s
2024-12-10 16:13:20.234 65804 INFO tempest.common.waiters [-] State transition "BUILD/None" ==> "BUILD/networking" after 41 second wait
2024-12-10 16:13:20.238 65802 INFO tempest.lib.common.rest_client [req-b9c5f5d2-ecd4-4bff-9b2a-d5f594064fe5 req-b9c5f5d2-ecd4-4bff-9b2a-d5f594064fe5 ] Request (ServerGroupTestJSON:test_create_delete_multiple_server_groups_with_same_name_policy): 200 GET http://10.180.1.21/compute/v2.1/os-server-groups 1.511s
2024-12-10 16:13:20.249 65831 INFO tempest.lib.common.rest_client [req-a4a24dac-ccfc-4572-b963-2c3c838e3a3f req-a4a24dac-ccfc-4572-b963-2c3c838e3a3f ] Request (FlavorsExtraSpecsNegativeTestJSON:tearDownClass): 202 DELETE http://10.180.1.21/compute/v2.1/flavors/1644160948 1.507s
2024-12-10 16:13:20.336 65822 INFO tempest.lib.common.rest_client [req-c4428a93-472e-4470-aceb-3c45cfa16c69 req-c4428a93-472e-4470-aceb-3c45cfa16c69 ] Request (ServerMetadataTestJSON:setUp): 200 PUT http://10.180.1.21/compute/v2.1/servers/bcef837d-7a30-4c53-805c-f55b4b793d88/metadata 1.559s
2024-12-10 16:13:20.338 65856 INFO tempest.lib.common.rest_client [req-16297a5b-dc04-460a-bfbe-8a6090f3274b req-16297a5b-dc04-460a-bfbe-8a6090f3274b ] Request (InstanceActionsNegativeTestJSON:setUpClass): 200 GET http://10.180.1.21/compute/v2.1/servers/dce2b238-171d-4ba3-bd58-93c9313aed15 1.532s
2024-12-10 16:13:20.373 65844 INFO tempest.lib.common.rest_client [req-51e50fa3-75b6-4f5f-b477-68c3100cf215 req-51e50fa3-75b6-4f5f-b477-68c3100cf215 ] Request (AttachVolumeShelveTestJSON:setUpClass): 201 POST http://10.180.1.21:9696/networking/v2.0/subnets 0.675s
2024-12-10 16:13:20.416 65816 INFO tempest.lib.common.rest_client [req-ad91fbeb-77b2-4ba6-b533-38dc0c442708 req-ad91fbeb-77b2-4ba6-b533-38dc0c442708 ] Request (ServerActionsTestJSON:setUpClass): 200 GET http://10.180.1.21/compute/v2.1/servers/05e9ae8e-e533-4528-8c69-8fdef6f94774 1.311s
2024-12-10 16:13:20.440 65838 INFO tempest.lib.common.rest_client [req-4d948cd3-4468-4616-b552-f81d01240343 req-4d948cd3-4468-4616-b552-f81d01240343 ] Request (ServerDiskConfigTestJSON:_run_cleanups): 204 DELETE http://10.180.1.21/compute/v2.1/servers/dded2e30-028a-4e55-958e-5bfb544ea23d 1.329s
2024-12-10 16:13:20.528 65838 INFO tempest.lib.common.rest_client [req-c08497d3-d9c0-4df7-ad5b-dd6941ddaeaa req-c08497d3-d9c0-4df7-ad5b-dd6941ddaeaa ] Request (ServerDiskConfigTestJSON:test_rebuild_server_with_manual_disk_config): 201 POST http://10.180.1.21/identity/v3/auth/tokens 0.077s
2024-12-10 16:13:20.528 65838 INFO tempest.lib.common.fixed_network [-] (ServerDiskConfigTestJSON:test_rebuild_server_with_manual_disk_config) Found network {'id': 'c327983b-1971-4897-abba-14c587857fe1', 'name': 'tempest-ServerDiskConfigTestJSON-1849577055-network', 'tenant_id': 'd4f031fd95294ac299f15a5361cec215', 'admin_state_up': True, 'mtu': 8950, 'status': 'ACTIVE', 'subnets': [], 'shared': False, 'project_id': 'd4f031fd95294ac299f15a5361cec215', 'port_security_enabled': True, 'router:external': False, 'provider:network_type': 'vlan', 'provider:physical_network': 'default', 'provider:segmentation_id': 763, 'availability_zone_hints': [], 'availability_zones': [], 'ipv4_address_scope': None, 'ipv6_address_scope': None, 'description': '', 'tags': [], 'created_at': '2024-12-10T16:12:06Z', 'updated_at': '2024-12-10T16:12:07Z', 'revision_number': 1} available for tenant
2024-12-10 16:13:20.541 65814 INFO tempest.lib.common.rest_client [req-ed029d88-c267-4300-857e-51886b98ea54 req-ed029d88-c267-4300-857e-51886b98ea54 ] Request (VolumesAdminNegativeTest:test_update_attached_volume_with_nonexistent_volume_in_body): 200 GET http://10.180.1.21/compute/v2.1/servers/f0a4868a-0eea-4f93-98d0-c4a4f0070d42 1.342s
2024-12-10 16:13:20.637 65796 INFO tempest.lib.common.rest_client [req-e57a14bd-0121-427b-ae4c-9f67716ab161 req-e57a14bd-0121-427b-ae4c-9f67716ab161 ] Request (ServerExternalEventsTest:tearDownClass): 204 DELETE http://10.180.1.21/compute/v2.1/servers/3aa8f348-e15b-43e0-96a0-a6fb6c57f00f 1.024s
2024-12-10 16:13:20.751 65832 INFO tempest.lib.common.rest_client [req-a734f5fe-2f9e-44b4-863b-601e3d53faa1 req-a734f5fe-2f9e-44b4-863b-601e3d53faa1 ] Request (ServerPasswordTestJSON:setUpClass): 200 GET http://10.180.1.21/compute/v2.1/servers/87e0118a-b9eb-4298-950c-495814102d8a 1.604s
2024-12-10 16:13:20.822 65798 INFO tempest.lib.common.rest_client [req-61d0a15e-cafe-485e-a7e1-cabd802ba160 req-61d0a15e-cafe-485e-a7e1-cabd802ba160 ] Request (ImagesTestJSON:test_create_image_from_stopped_server): 200 GET http://10.180.1.21/compute/v2.1/servers/3c7eae93-232e-4a26-b5d1-9f34c83301d6 1.116s
2024-12-10 16:13:20.839 65824 INFO tempest.lib.common.rest_client [req-21f12cfa-8e1a-4418-b84d-80cb9a6a108f req-21f12cfa-8e1a-4418-b84d-80cb9a6a108f ] Request (FloatingIPsAssociationNegativeTestJSON:tearDownClass): 204 DELETE http://10.180.1.21:9696/networking/v2.0/routers/46a0e99a-2ae9-42fb-8ef5-2d15e2613262 0.989s
2024-12-10 16:13:21.035 65834 INFO tempest.lib.common.rest_client [req-2c4d70ce-84ab-466b-bfe6-061d547ab612 req-2c4d70ce-84ab-466b-bfe6-061d547ab612 ] Request (ServerRescueTestJSONUnderV235:tearDownClass): 202 DELETE http://10.180.1.21/compute/v2.1/os-security-groups/8278d871-eabf-4b7b-8455-b7394b5ce46b 1.175s
2024-12-10 16:13:21.050 65824 INFO tempest.lib.common.rest_client [req-0eac1b78-8c63-4611-b406-7c81028e8706 req-0eac1b78-8c63-4611-b406-7c81028e8706 ] Request (FloatingIPsAssociationNegativeTestJSON:tearDownClass): 204 DELETE http://10.180.1.21:9696/networking/v2.0/subnets/db40017d-d13d-46fe-b5ae-9f3ad1545762 0.210s
2024-12-10 16:13:21.130 65818 INFO tempest.lib.common.rest_client [req-486a842e-5dcc-4261-90b1-d90399c2306e req-486a842e-5dcc-4261-90b1-d90399c2306e ] Request (ServerShowV247Test:test_update_rebuild_list_server): 200 GET http://10.180.1.21/compute/v2.1/servers/72a17d6d-05e9-40e3-918a-01bf0af2bc11 1.268s
2024-12-10 16:13:21.182 65828 INFO tempest.lib.common.rest_client [req-bcddb152-d2ba-41ad-a4f5-397c33bb79cc req-bcddb152-d2ba-41ad-a4f5-397c33bb79cc ] Request (ServersAdminTestJSON:test_create_server_with_scheduling_hint): 200 GET http://10.180.1.21/compute/v2.1/servers/a19f9cf9-0026-437b-84ee-66f875aeb636 1.544s
2024-12-10 16:13:21.191 65828 INFO tempest.common.waiters [-] State transition "BUILD/spawning" ==> "ACTIVE/None" after 47 second wait
2024-12-10 16:13:21.197 65827 INFO tempest.lib.common.rest_client [req-ef06204e-585c-4b35-bfc8-215ae8caad1b req-ef06204e-585c-4b35-bfc8-215ae8caad1b ] Request (ServerRescueNegativeTestJSON:setUpClass): 200 GET http://10.180.1.21/compute/v2.1/servers/e5f722a9-af55-43f3-8a70-f544f6bd82e1 1.279s
2024-12-10 16:13:21.289 65828 INFO tempest.lib.common.rest_client [req-7d1115cd-2728-443d-8f5c-cc85acf82ea3 req-7d1115cd-2728-443d-8f5c-cc85acf82ea3 ] Request (ServersAdminTestJSON:test_inject_network_info): 201 POST http://10.180.1.21/identity/v3/auth/tokens 0.082s
2024-12-10 16:13:21.290 65828 INFO tempest.lib.common.fixed_network [-] (ServersAdminTestJSON:test_inject_network_info) Found network {'id': '60e962ca-542c-4f65-8adc-b30209d0b34b', 'name': 'tempest-ServersAdminTestJSON-2143940938-network', 'tenant_id': 'ccd02dc9cb7644138644502eb37884d1', 'admin_state_up': True, 'mtu': 8950, 'status': 'ACTIVE', 'subnets': [], 'shared': False, 'project_id': 'ccd02dc9cb7644138644502eb37884d1', 'port_security_enabled': True, 'router:external': False, 'provider:network_type': 'vlan', 'provider:physical_network': 'default', 'provider:segmentation_id': 925, 'availability_zone_hints': [], 'availability_zones': [], 'ipv4_address_scope': None, 'ipv6_address_scope': None, 'description': '', 'tags': [], 'created_at': '2024-12-10T16:11:41Z', 'updated_at': '2024-12-10T16:11:41Z', 'revision_number': 1} available for tenant
2024-12-10 16:13:21.604 65854 INFO tempest.lib.common.rest_client [req-31d4a5fa-ac51-452c-a15e-2966460e73bb req-31d4a5fa-ac51-452c-a15e-2966460e73bb ] Request (ServersTestMultiNic:test_verify_duplicate_network_nics): 201 POST http://10.180.1.21:9696/networking/v2.0/subnets 1.382s
2024-12-10 16:13:21.733 65852 INFO tempest.lib.common.rest_client [req-7ec4f828-0136-45a2-94ee-ce3748aa7ca1 req-7ec4f828-0136-45a2-94ee-ce3748aa7ca1 ] Request (DeleteServersAdminTestJSON:test_delete_server_while_in_error_state): 200 GET http://10.180.1.21/compute/v2.1/servers/38ec3326-e350-448f-98b5-e30cbe5e3864 1.616s
2024-12-10 16:13:21.812 65820 INFO tempest.lib.common.rest_client [req-eaa966e5-e658-431e-adb7-084fcf8365d8 req-eaa966e5-e658-431e-adb7-084fcf8365d8 ] Request (SecurityGroupsTestJSON:test_security_groups_create_list_delete): 200 POST http://10.180.1.21/compute/v2.1/os-security-groups 1.598s
2024-12-10 16:13:21.816 65802 INFO tempest.lib.common.rest_client [req-ae5799f6-c04a-4d67-aaea-853383fc84fb req-ae5799f6-c04a-4d67-aaea-853383fc84fb ] Request (ServerGroupTestJSON:test_create_delete_server_group_with_affinity_policy): 200 POST http://10.180.1.21/compute/v2.1/os-server-groups 1.574s
2024-12-10 16:13:21.834 65831 INFO tempest.lib.common.rest_client [req-f909ecf0-80ec-4665-bf35-06c85ec64cef req-f909ecf0-80ec-4665-bf35-06c85ec64cef ] Request (FlavorsExtraSpecsNegativeTestJSON:tearDownClass): 200 GET http://10.180.1.21/compute/v2.1/flavors/detail 1.585s
2024-12-10 16:13:21.930 65822 INFO tempest.lib.common.rest_client [req-b320d334-1e3e-44ea-9344-7a2e28514155 req-b320d334-1e3e-44ea-9344-7a2e28514155 ] Request (ServerMetadataTestJSON:test_set_server_metadata_item): 200 PUT http://10.180.1.21/compute/v2.1/servers/bcef837d-7a30-4c53-805c-f55b4b793d88/metadata/nova 1.592s
2024-12-10 16:13:21.946 65831 INFO tempest.lib.common.rest_client [req-c7a2246d-90a7-4074-a8b1-14d588a0d2b7 req-c7a2246d-90a7-4074-a8b1-14d588a0d2b7 ] Request (FlavorsExtraSpecsNegativeTestJSON:tearDownClass): 204 DELETE http://10.180.1.21/identity/v3/users/b7b039c047f84cb1b0d95ad4b0b9bfde 0.102s
2024-12-10 16:13:21.959 65824 INFO tempest.lib.common.rest_client [req-21715952-e736-4924-aa70-09213b10e52c req-21715952-e736-4924-aa70-09213b10e52c ] Request (FloatingIPsAssociationNegativeTestJSON:tearDownClass): 204 DELETE http://10.180.1.21:9696/networking/v2.0/networks/80019a79-d7b2-462a-a743-649255955d77 0.908s
2024-12-10 16:13:22.008 65854 INFO tempest.lib.common.rest_client [req-67d10f1f-ceb6-417a-a7ef-21415bd7f881 req-67d10f1f-ceb6-417a-a7ef-21415bd7f881 ] Request (ServersTestMultiNic:test_verify_duplicate_network_nics): 201 POST http://10.180.1.21:9696/networking/v2.0/networks 0.403s
2024-12-10 16:13:22.014 65810 INFO tempest.lib.common.rest_client [req-51c7705d-db36-4ed5-b968-805258b53596 req-51c7705d-db36-4ed5-b968-805258b53596 ] Request (ServerAddressesTestJSON:setUpClass): 200 GET http://10.180.1.21/compute/v2.1/servers/4610b1d4-7be5-4e97-b095-ad71263bc30a 1.604s
2024-12-10 16:13:22.066 65836 INFO tempest.lib.common.rest_client [req-6447051c-a039-4b41-bcb4-3b276049840e req-6447051c-a039-4b41-bcb4-3b276049840e ] Request (ListImageFiltersTestJSON:setUpClass): 200 GET http://10.180.1.21/compute/v2.1/images/84037a98-58de-47e2-b30e-a0607d7ff87e 1.613s
2024-12-10 16:13:22.108 65806 INFO tempest.lib.common.rest_client [req-182c17f2-76ae-4b74-8f60-4aaae3d15719 req-182c17f2-76ae-4b74-8f60-4aaae3d15719 ] Request (MigrationsAdminTest:test_list_migrations_in_flavor_resize_situation): 200 GET http://10.180.1.21/compute/v2.1/servers/23a23d42-fe67-446b-9203-826515fc848e 1.785s
2024-12-10 16:13:22.114 65824 INFO tempest.lib.common.rest_client [req-2ba8b3aa-5550-49db-a7a6-df64a1ef7fcd req-2ba8b3aa-5550-49db-a7a6-df64a1ef7fcd ] Request (FloatingIPsAssociationNegativeTestJSON:tearDownClass): 204 DELETE http://10.180.1.21/identity/v3/users/c8cc3c541ac8478c918d484a15aeb2e1 0.155s
2024-12-10 16:13:22.115 65824 INFO tempest.lib.common.dynamic_creds [-] Deleting project and security group for project: d11d1d009118491599fc3fac18956602
2024-12-10 16:13:22.130 65831 INFO tempest.lib.common.rest_client [req-f44fdbf7-b00b-4c0a-aa16-c57f927db0c0 req-f44fdbf7-b00b-4c0a-aa16-c57f927db0c0 ] Request (FlavorsExtraSpecsNegativeTestJSON:tearDownClass): 204 DELETE http://10.180.1.21/identity/v3/users/c7810c4be04a407ca2619e773f903f2e 0.182s
2024-12-10 16:13:22.131 65831 INFO tempest.lib.common.dynamic_creds [-] Deleting project and security group for project: c34464e91df04ba6b553e2ab87e5d974
