2024-12-12 05:33:21.146 67485 INFO tempest.lib.common.rest_client [req-7f1fb15d-883a-4037-836a-12e1619c79ae req-7f1fb15d-883a-4037-836a-12e1619c79ae ] Request (ServersWithSpecificFlavorTestJSON:setUpClass): 201 POST http://10.180.1.21:9696/networking/v2.0/subnets 1.617s
2024-12-12 05:33:21.172 67493 INFO tempest.lib.common.rest_client [req-e64b553c-9690-46d0-b8bf-bbe00db9b9fc req-e64b553c-9690-46d0-b8bf-bbe00db9b9fc ] Request (FlavorsAccessNegativeTestJSON:_run_cleanups): 202 DELETE http://10.180.1.21/compute/v2.1/flavors/479083212 0.891s
2024-12-12 05:33:21.191 67501 INFO tempest.lib.common.rest_client [req-877ae69d-b2e0-423f-9094-1aed67c19391 req-877ae69d-b2e0-423f-9094-1aed67c19391 ] Request (ServerShowV247Test:setUpClass): 204 PUT http://10.180.1.21/identity/v3/projects/fc26c6a1c38c406ab721121a5e8a5059/users/dd757cd3d2bf44079cb88795343be00a/roles/a91ac3d047e94eab9d9dd63a88eb19f9 0.315s
2024-12-12 05:33:21.191 67501 INFO tempest.lib.common.dynamic_creds [-] Dynamic test user dd757cd3d2bf44079cb88795343be00a is created with scope project and roles: ['reader']
2024-12-12 05:33:21.191 67501 INFO tempest.lib.common.dynamic_creds [-] Acquired dynamic creds: credentials: Credentials: {'domain_id': 'default', 'domain_name': 'Default', 'username': 'tempest-ServerShowV247Test-2004483510-project-reader', 'project_domain_id': 'default', 'project_domain_name': 'Default', 'project_id': 'fc26c6a1c38c406ab721121a5e8a5059', 'project_name': 'tempest-ServerShowV247Test-2004483510', 'tenant_id': 'fc26c6a1c38c406ab721121a5e8a5059', 'tenant_name': 'tempest-ServerShowV247Test-2004483510', 'user_domain_id': 'default', 'user_domain_name': 'Default', 'user_id': 'dd757cd3d2bf44079cb88795343be00a', 'system': None}, Network: None, Subnet: None, Router: None
2024-12-12 05:33:21.192 67501 INFO tempest.lib.common.dynamic_creds [-] Network resources are not created for requested scope: project and credentials: Credentials: {'domain_id': 'default', 'domain_name': 'Default', 'username': 'tempest-ServerShowV247Test-2004483510-project-reader', 'project_domain_id': 'default', 'project_domain_name': 'Default', 'project_id': 'fc26c6a1c38c406ab721121a5e8a5059', 'project_name': 'tempest-ServerShowV247Test-2004483510', 'tenant_id': 'fc26c6a1c38c406ab721121a5e8a5059', 'tenant_name': 'tempest-ServerShowV247Test-2004483510', 'user_domain_id': 'default', 'user_domain_name': 'Default', 'user_id': 'dd757cd3d2bf44079cb88795343be00a', 'system': None}, Network: None, Subnet: None, Router: None
2024-12-12 05:33:21.284 67505 INFO tempest.lib.common.rest_client [req-b71ac773-fa19-46f9-9de0-a4f5719a2266 req-b71ac773-fa19-46f9-9de0-a4f5719a2266 ] Request (TenantUsagesTestJSON:setUpClass): 200 GET http://10.180.1.21/identity/v3/domains?name=Default 0.289s
2024-12-12 05:33:21.315 67475 INFO tempest.lib.common.rest_client [req-d4303dc4-6d7e-4749-a23a-991245c18096 req-d4303dc4-6d7e-4749-a23a-991245c18096 ] Request (InstanceUsageAuditLogNegativeTestJSON:tearDownClass): 204 DELETE http://10.180.1.21/identity/v3/users/ac35b562dd504943a63145681f48ee2c 0.373s
2024-12-12 05:33:21.315 67475 INFO tempest.lib.common.dynamic_creds [-] Deleting project and security group for project: 3a0b547b66f647b391f6e0d9c87bb0c3
2024-12-12 05:33:21.344 67533 INFO tempest.lib.common.rest_client [req-065b50f2-085d-47d9-a44c-dc14fee02a43 req-065b50f2-085d-47d9-a44c-dc14fee02a43 ] Request (QuotaClassesAdmin257Test:tearDownClass): 201 POST http://10.180.1.21/identity/v3/auth/tokens 0.337s
2024-12-12 05:33:21.355 67535 INFO tempest.lib.common.rest_client [req-cea3e9e6-8c2d-4afb-a850-e883ceaace1f req-cea3e9e6-8c2d-4afb-a850-e883ceaace1f ] Request (FlavorsV2NegativeTest:test_boot_with_low_ram): 400 POST http://10.180.1.21/compute/v2.1/servers 1.194s
2024-12-12 05:33:21.364 67491 INFO tempest.lib.common.rest_client [req-33bade2e-8d09-4996-a8fd-115c3691fb8d req-33bade2e-8d09-4996-a8fd-115c3691fb8d ] Request (QuotasSecurityGroupAdminNegativeTest:tearDownClass): 204 DELETE http://10.180.1.21:9696/networking/v2.0/security-groups/fcff0da8-886d-4127-9601-67f2c5ee1f53 0.510s
2024-12-12 05:33:21.382 67517 INFO tempest.lib.common.rest_client [req-bb1c74bb-b656-4622-b299-cc5e24c2a6ae req-bb1c74bb-b656-4622-b299-cc5e24c2a6ae ] Request (ServicesAdminNegativeV253TestJSON:tearDownClass): 201 POST http://10.180.1.21/identity/v3/auth/tokens 0.302s
2024-12-12 05:33:21.415 67521 INFO tempest.lib.common.rest_client [req-62065175-badf-43c4-9807-a102a91d5082 req-62065175-badf-43c4-9807-a102a91d5082 ] Request (FlavorsV2TestJSON:setUpClass): 204 PUT http://10.180.1.21/identity/v3/projects/fd6eca84de134d04b606c358870d1291/users/0483add76d4e432dba11023d9be0e837/roles/b83b0e4582904d098d190bc2cfa265a3 0.283s
2024-12-12 05:33:21.415 67521 INFO tempest.lib.common.dynamic_creds [-] Dynamic test user 0483add76d4e432dba11023d9be0e837 is created with scope project and roles: ['member']
2024-12-12 05:33:21.415 67535 INFO tempest.lib.common.rest_client [req-68da7996-6e42-431b-91fe-7cef0b6622d2 req-68da7996-6e42-431b-91fe-7cef0b6622d2 ] Request (FlavorsV2NegativeTest:_run_cleanups): 204 DELETE http://10.180.1.21/image/v2/images/c7e3d374-a747-4504-92b1-22586a0a5cd6 0.060s
2024-12-12 05:33:21.415 67521 INFO tempest.lib.common.dynamic_creds [-] Acquired dynamic creds: credentials: Credentials: {'domain_id': 'default', 'domain_name': 'Default', 'username': 'tempest-FlavorsV2TestJSON-130333372-project-member', 'project_domain_id': 'default', 'project_domain_name': 'Default', 'project_id': 'fd6eca84de134d04b606c358870d1291', 'project_name': 'tempest-FlavorsV2TestJSON-130333372', 'tenant_id': 'fd6eca84de134d04b606c358870d1291', 'tenant_name': 'tempest-FlavorsV2TestJSON-130333372', 'user_domain_id': 'default', 'user_domain_name': 'Default', 'user_id': '0483add76d4e432dba11023d9be0e837', 'system': None}, Network: None, Subnet: None, Router: None
2024-12-12 05:33:21.416 67521 INFO tempest.lib.common.dynamic_creds [-] Created isolated network resources for: credentials: Credentials: {'domain_id': 'default', 'domain_name': 'Default', 'username': 'tempest-FlavorsV2TestJSON-130333372-project-member', 'project_domain_id': 'default', 'project_domain_name': 'Default', 'project_id': 'fd6eca84de134d04b606c358870d1291', 'project_name': 'tempest-FlavorsV2TestJSON-130333372', 'tenant_id': 'fd6eca84de134d04b606c358870d1291', 'tenant_name': 'tempest-FlavorsV2TestJSON-130333372', 'user_domain_id': 'default', 'user_domain_name': 'Default', 'user_id': '0483add76d4e432dba11023d9be0e837', 'system': None}, Network: None, Subnet: None, Router: None
2024-12-12 05:33:21.437 67503 INFO tempest.lib.common.rest_client [req-064e0e9d-afe8-4a1b-b5c3-5d87bb5f22fd req-064e0e9d-afe8-4a1b-b5c3-5d87bb5f22fd ] Request (TenantUsagesNegativeTestJSON:tearDownClass): 204 DELETE http://10.180.1.21/identity/v3/projects/945d312da855455989c39e85ccab32ee 0.425s
2024-12-12 05:33:21.437 67503 INFO tempest.lib.common.dynamic_creds [-] Deleting project and security group for project: 8a6a919345124c8bac8b5d471d412fe0
2024-12-12 05:33:21.471 67531 INFO tempest.lib.common.rest_client [req-cec1af35-b4ef-4a60-a973-73bb38d223c7 req-cec1af35-b4ef-4a60-a973-73bb38d223c7 ] Request (FlavorsAccessTestJSON:tearDownClass): 204 DELETE http://10.180.1.21:9696/networking/v2.0/security-groups/a8bb40d6-88b4-4657-a0a3-cc70f297e363 0.401s
2024-12-12 05:33:21.476 67489 INFO tempest.lib.common.rest_client [req-14bceefc-26c6-4eb4-b9a3-194072b20133 req-14bceefc-26c6-4eb4-b9a3-194072b20133 ] Request (MigrationsAdminTest:test_list_migrations_in_flavor_resize_situation): 200 GET http://10.180.1.21/compute/v2.1/servers/ebd0c4e7-c729-4b39-b675-fa0868b82a83 1.122s
2024-12-12 05:33:21.481 67477 INFO tempest.lib.common.rest_client [req-309b170d-a433-4702-a6a3-fd8550ee8936 req-309b170d-a433-4702-a6a3-fd8550ee8936 ] Request (HypervisorAdminNegativeTestJSON:test_show_nonexistent_hypervisor): 404 GET http://10.180.1.21/compute/v2.1/os-hypervisors/c6f00b56-eff1-4f2d-94eb-762a3f815f4a 0.866s
2024-12-12 05:33:21.484 67489 INFO tempest.common.waiters [-] State transition "BUILD/None" ==> "BUILD/networking" after 9 second wait
2024-12-12 05:33:21.491 67519 INFO tempest.lib.common.rest_client [req-9a336934-ecf9-4be5-bd4e-4c1cdfa96699 req-9a336934-ecf9-4be5-bd4e-4c1cdfa96699 ] Request (HostsAdminNegativeTestJSON:test_update_host_with_invalid_maintenance_mode): 400 PUT http://10.180.1.21/compute/v2.1/os-hosts/devstack 0.867s
2024-12-12 05:33:21.503 67501 INFO tempest.lib.common.rest_client [req-0dc75b0d-1aa0-47b3-9021-6b082a69c6d7 req-0dc75b0d-1aa0-47b3-9021-6b082a69c6d7 ] Request (ServerShowV247Test:setUpClass): 201 POST http://10.180.1.21/identity/v3/auth/tokens 0.307s
2024-12-12 05:33:21.505 67529 INFO tempest.lib.common.rest_client [req-4b817051-cc1e-4beb-be48-192f9222104f req-4b817051-cc1e-4beb-be48-192f9222104f ] Request (KeyPairsV210TestJSON:_run_cleanups): 204 DELETE http://10.180.1.21/compute/v2.1/os-keypairs/tempest-KeyPairsV210TestJSON-keypair-1649037591 0.747s
2024-12-12 05:33:21.522 67497 INFO tempest.lib.common.rest_client [req-f33ad60f-b3b7-4af4-997e-409f101ed794 req-f33ad60f-b3b7-4af4-997e-409f101ed794 ] Request (FlavorsAdminTestJSON:_run_cleanups): 200 GET http://10.180.1.21/compute/v2.1/flavors/detail 0.757s
2024-12-12 05:33:21.548 67507 INFO tempest.lib.common.rest_client [req-acd5a2fc-50ce-4485-a5a4-d3497728f75f req-acd5a2fc-50ce-4485-a5a4-d3497728f75f ] Request (FlavorsExtraSpecsTestJSON:test_flavor_set_get_update_show_unset_keys): 200 DELETE http://10.180.1.21/compute/v2.1/flavors/40629161/os-extra_specs/hw:cpu_policy 0.760s
2024-12-12 05:33:21.563 67475 INFO tempest.lib.common.rest_client [req-817babd6-ad50-4782-8a22-c266e0a14823 req-817babd6-ad50-4782-8a22-c266e0a14823 ] Request (InstanceUsageAuditLogNegativeTestJSON:tearDownClass): 201 POST http://10.180.1.21/identity/v3/auth/tokens 0.248s
2024-12-12 05:33:21.576 67505 INFO tempest.lib.common.rest_client [req-619447b4-45d7-4385-8e66-c5398d5a0c9c req-619447b4-45d7-4385-8e66-c5398d5a0c9c ] Request (TenantUsagesTestJSON:setUpClass): 201 POST http://10.180.1.21/identity/v3/projects 0.289s
2024-12-12 05:33:21.688 67491 INFO tempest.lib.common.rest_client [req-bc49a370-5b1c-412f-90ac-9cfe52e38c0f req-bc49a370-5b1c-412f-90ac-9cfe52e38c0f ] Request (QuotasSecurityGroupAdminNegativeTest:tearDownClass): 204 DELETE http://10.180.1.21/identity/v3/projects/d998fe14948645a1ad2f662704608d86 0.324s
2024-12-12 05:33:21.688 67491 INFO tempest.lib.common.dynamic_creds [-] Deleting project and security group for project: 87ebed3547b44d0ea342009acfd88838
2024-12-12 05:33:21.759 67521 INFO tempest.lib.common.rest_client [req-016b7480-0b81-4a10-aaea-de69f923cf88 req-016b7480-0b81-4a10-aaea-de69f923cf88 ] Request (FlavorsV2TestJSON:setUpClass): 201 POST http://10.180.1.21/identity/v3/auth/tokens 0.340s
2024-12-12 05:33:21.763 67535 INFO tempest.lib.common.rest_client [req-863bfbf6-16f7-4968-bb22-7fbc3c1de714 req-863bfbf6-16f7-4968-bb22-7fbc3c1de714 ] Request (FlavorsV2NegativeTest:tearDownClass): 204 DELETE http://10.180.1.21/identity/v3/users/77458aa2d5cc4d1ba4f99b56a46e48e3 0.346s
2024-12-12 05:33:21.763 67535 INFO tempest.lib.common.dynamic_creds [-] Deleting project and security group for project: 51e7a91335254ff5b20f041c6b75bd84
2024-12-12 05:33:21.829 67473 INFO tempest.lib.common.rest_client [req-970a8f61-fe4f-4bb2-bb86-5c07ac7c23c5 req-970a8f61-fe4f-4bb2-bb86-5c07ac7c23c5 ] Request (ImagesMetadataTestJSON:setUp): 200 PUT http://10.180.1.21/compute/v2.1/images/196d017d-5750-44e5-8362-f5cee7bef090/metadata 1.033s
2024-12-12 05:33:21.877 67531 INFO tempest.lib.common.rest_client [req-2254a0ed-c63e-48f1-94fa-aac1656b3fc0 req-2254a0ed-c63e-48f1-94fa-aac1656b3fc0 ] Request (FlavorsAccessTestJSON:tearDownClass): 204 DELETE http://10.180.1.21/identity/v3/projects/d881ee8e13f84112a95e664a5c504b99 0.405s
2024-12-12 05:33:21.877 67531 INFO tempest.lib.common.dynamic_creds [-] Deleting project and security group for project: 3a687a8dd9d545d685f4654809cf3683
2024-12-12 05:33:21.890 67477 INFO tempest.lib.common.rest_client [req-a0b5c512-315e-4c24-841b-88607e885baa req-a0b5c512-315e-4c24-841b-88607e885baa ] Request (HypervisorAdminNegativeTestJSON:tearDownClass): 204 DELETE http://10.180.1.21/identity/v3/users/c201c1cded804e0d9dfc879e8defa1cc 0.408s
2024-12-12 05:33:21.937 67501 INFO tempest.lib.common.rest_client [req-1b66b2b5-04a9-49a4-ab71-0f4a6cb3ec05 req-1b66b2b5-04a9-49a4-ab71-0f4a6cb3ec05 ] Request (ServerShowV247Test:test_show_server): 201 POST http://10.180.1.21/identity/v3/auth/tokens 0.427s
2024-12-12 05:33:21.937 67501 INFO tempest.lib.common.fixed_network [-] (ServerShowV247Test:test_show_server) Found network None available for tenant
2024-12-12 05:33:21.952 67505 INFO tempest.lib.common.rest_client [req-d7b30b4e-3b95-46a4-83d3-d9ed7f331b98 req-d7b30b4e-3b95-46a4-83d3-d9ed7f331b98 ] Request (TenantUsagesTestJSON:setUpClass): 201 POST http://10.180.1.21/identity/v3/users 0.375s
2024-12-12 05:33:22.008 67535 INFO tempest.lib.common.rest_client [req-0b4937b4-d2ee-46dd-8bc8-a5ac8d838b20 req-0b4937b4-d2ee-46dd-8bc8-a5ac8d838b20 ] Request (FlavorsV2NegativeTest:tearDownClass): 201 POST http://10.180.1.21/identity/v3/auth/tokens 0.244s
2024-12-12 05:33:22.063 67477 INFO tempest.lib.common.rest_client [req-bae572fc-f654-4184-acf8-7e54aabeb20a req-bae572fc-f654-4184-acf8-7e54aabeb20a ] Request (HypervisorAdminNegativeTestJSON:tearDownClass): 204 DELETE http://10.180.1.21/identity/v3/users/ae1e02f8c8b9493eae0300e3650c2ff0 0.172s
2024-12-12 05:33:22.063 67477 INFO tempest.lib.common.dynamic_creds [-] Deleting project and security group for project: d1cb945e148d425cb11b0be07bf3fb47
2024-12-12 05:33:22.104 67505 INFO tempest.lib.common.rest_client [req-98b94e41-4629-43d7-a722-a2fc5d2ba067 req-98b94e41-4629-43d7-a722-a2fc5d2ba067 ] Request (TenantUsagesTestJSON:setUpClass): 200 GET http://10.180.1.21/identity/v3/roles 0.151s
2024-12-12 05:33:22.161 67477 INFO tempest.lib.common.rest_client [req-59c42e32-0b97-47af-a96d-b162aaca0a27 req-59c42e32-0b97-47af-a96d-b162aaca0a27 ] Request (HypervisorAdminNegativeTestJSON:tearDownClass): 201 POST http://10.180.1.21/identity/v3/auth/tokens 0.097s
2024-12-12 05:33:22.194 67505 INFO tempest.lib.common.rest_client [req-22bd5c21-eb12-4acd-9272-8dc831677ec7 req-22bd5c21-eb12-4acd-9272-8dc831677ec7 ] Request (TenantUsagesTestJSON:setUpClass): 204 PUT http://10.180.1.21/identity/v3/projects/5fc10075b2a44b688730a8de333eea81/users/01b2846c57ac4bbeb58148980dd697f7/roles/b83b0e4582904d098d190bc2cfa265a3 0.090s
2024-12-12 05:33:22.194 67505 INFO tempest.lib.common.dynamic_creds [-] Dynamic test user 01b2846c57ac4bbeb58148980dd697f7 is created with scope project and roles: ['member']
2024-12-12 05:33:22.194 67505 INFO tempest.lib.common.dynamic_creds [-] Acquired dynamic creds: credentials: Credentials: {'domain_id': 'default', 'domain_name': 'Default', 'username': 'tempest-TenantUsagesTestJSON-1288010276-project-member', 'project_domain_id': 'default', 'project_domain_name': 'Default', 'project_id': '5fc10075b2a44b688730a8de333eea81', 'project_name': 'tempest-TenantUsagesTestJSON-1288010276', 'tenant_id': '5fc10075b2a44b688730a8de333eea81', 'tenant_name': 'tempest-TenantUsagesTestJSON-1288010276', 'user_domain_id': 'default', 'user_domain_name': 'Default', 'user_id': '01b2846c57ac4bbeb58148980dd697f7', 'system': None}, Network: None, Subnet: None, Router: None
2024-12-12 05:33:22.195 67505 INFO tempest.lib.common.dynamic_creds [-] Created isolated network resources for: credentials: Credentials: {'domain_id': 'default', 'domain_name': 'Default', 'username': 'tempest-TenantUsagesTestJSON-1288010276-project-member', 'project_domain_id': 'default', 'project_domain_name': 'Default', 'project_id': '5fc10075b2a44b688730a8de333eea81', 'project_name': 'tempest-TenantUsagesTestJSON-1288010276', 'tenant_id': '5fc10075b2a44b688730a8de333eea81', 'tenant_name': 'tempest-TenantUsagesTestJSON-1288010276', 'user_domain_id': 'default', 'user_domain_name': 'Default', 'user_id': '01b2846c57ac4bbeb58148980dd697f7', 'system': None}, Network: None, Subnet: None, Router: None
2024-12-12 05:33:22.202 67503 INFO tempest.lib.common.rest_client [req-08425d8e-68d4-425a-84eb-1aa6bf23313b req-08425d8e-68d4-425a-84eb-1aa6bf23313b ] Request (TenantUsagesNegativeTestJSON:tearDownClass): 200 GET http://10.180.1.21:9696/networking/v2.0/security-groups?tenant_id=8a6a919345124c8bac8b5d471d412fe0&name=default 0.764s
2024-12-12 05:33:22.269 67479 INFO tempest.lib.common.rest_client [req-b6a7f3ac-d7d2-42a8-b84b-f9fcdc110507 req-b6a7f3ac-d7d2-42a8-b84b-f9fcdc110507 ] Request (VolumesAssistedSnapshotsTest:setUpClass): 200 PUT http://10.180.1.21:9696/networking/v2.0/routers/8692e6a2-2d4d-46b0-b425-69ba415cc602/add_router_interface 4.205s
2024-12-12 05:33:22.269 67479 INFO tempest.lib.common.dynamic_creds [-] Created isolated network resources for: credentials: Credentials: {'domain_id': 'default', 'domain_name': 'Default', 'username': 'tempest-VolumesAssistedSnapshotsTest-1991723265-project', 'project_domain_id': 'default', 'project_domain_name': 'Default', 'project_id': '01dd0dfd6bc44148a2884f7e3f4ef902', 'project_name': 'tempest-VolumesAssistedSnapshotsTest-1991723265', 'tenant_id': '01dd0dfd6bc44148a2884f7e3f4ef902', 'tenant_name': 'tempest-VolumesAssistedSnapshotsTest-1991723265', 'user_domain_id': 'default', 'user_domain_name': 'Default', 'user_id': 'c1c62128bf1449888ac73b5116334baa', 'system': None}, Network: {'id': 'afba57d8-e2fe-4c0f-a0b0-292b8a82e9e8', 'name': 'tempest-VolumesAssistedSnapshotsTest-577588837-network', 'tenant_id': '01dd0dfd6bc44148a2884f7e3f4ef902', 'admin_state_up': True, 'mtu': 8950, 'status': 'ACTIVE', 'subnets': [], 'shared': False, 'project_id': '01dd0dfd6bc44148a2884f7e3f4ef902', 'port_security_enabled': True, 'router:external': False, 'provider:network_type': 'vlan', 'provider:physical_network': 'default', 'provider:segmentation_id': 537, 'availability_zone_hints': [], 'availability_zones': [], 'ipv4_address_scope': None, 'ipv6_address_scope': None, 'description': '', 'tags': [], 'created_at': '2024-12-12T05:33:14Z', 'updated_at': '2024-12-12T05:33:14Z', 'revision_number': 1}, Subnet: {'id': 'c45e1c02-bae8-49d8-a857-82881383b484', 'name': 'tempest-VolumesAssistedSnapshotsTest-577588837-subnet', 'tenant_id': '01dd0dfd6bc44148a2884f7e3f4ef902', 'network_id': 'afba57d8-e2fe-4c0f-a0b0-292b8a82e9e8', 'ip_version': 4, 'subnetpool_id': None, 'enable_dhcp': True, 'ipv6_ra_mode': None, 'ipv6_address_mode': None, 'gateway_ip': '192.168.128.1', 'cidr': '192.168.128.0/28', 'allocation_pools': [{'start': '192.168.128.2', 'end': '192.168.128.14'}], 'host_routes': [], 'dns_nameservers': [], 'description': '', 'router:external': False, 'service_types': [], 'tags': [], 'created_at': '2024-12-12T05:33:14Z', 'updated_at': '2024-12-12T05:33:14Z', 'revision_number': 0, 'project_id': '01dd0dfd6bc44148a2884f7e3f4ef902'}, Router: {'id': '8692e6a2-2d4d-46b0-b425-69ba415cc602', 'name': 'tempest-VolumesAssistedSnapshotsTest-577588837-router', 'tenant_id': '01dd0dfd6bc44148a2884f7e3f4ef902', 'admin_state_up': True, 'status': 'ACTIVE', 'external_gateway_info': {'network_id': 'd565a8e0-ac88-4c03-acbb-11ad815f8477', 'external_fixed_ips': [{'subnet_id': '30f52916-63d7-4b6e-806c-d9aca2dad22e', 'ip_address': '10.180.180.179'}], 'enable_snat': True}, 'description': '', 'availability_zones': [], 'distributed': False, 'ha': False, 'availability_zone_hints': [], 'routes': [], 'flavor_id': None, 'tags': [], 'created_at': '2024-12-12T05:33:15Z', 'updated_at': '2024-12-12T05:33:16Z', 'revision_number': 2, 'project_id': '01dd0dfd6bc44148a2884f7e3f4ef902'}
2024-12-12 05:33:22.336 67515 INFO tempest.lib.common.rest_client [req-b073abfe-b22a-4123-923b-973699109615 req-b073abfe-b22a-4123-923b-973699109615 ] Request (QuotasAdminTestJSON:test_delete_quota): 200 GET http://10.180.1.21/compute/v2.1/os-quota-sets/4b62e30be4d048ffb3d9fa7135363222 1.272s
2024-12-12 05:33:22.348 67493 INFO tempest.lib.common.rest_client [req-f2457922-1595-425c-a6e3-da3635d03835 req-f2457922-1595-425c-a6e3-da3635d03835 ] Request (FlavorsAccessNegativeTestJSON:_run_cleanups): 200 GET http://10.180.1.21/compute/v2.1/flavors/detail 1.175s
2024-12-12 05:33:22.410 67505 INFO tempest.lib.common.rest_client [req-05fee506-ae79-4854-b09f-f9efe44c8238 req-05fee506-ae79-4854-b09f-f9efe44c8238 ] Request (TenantUsagesTestJSON:setUpClass): 201 POST http://10.180.1.21/identity/v3/auth/tokens 0.212s
2024-12-12 05:33:22.421 67479 INFO tempest.lib.common.rest_client [req-d8484fdc-be23-4178-8c54-4b2a373e7816 req-d8484fdc-be23-4178-8c54-4b2a373e7816 ] Request (VolumesAssistedSnapshotsTest:setUpClass): 201 POST http://10.180.1.21/identity/v3/auth/tokens 0.093s
2024-12-12 05:33:22.439 67505 INFO tempest.lib.common.rest_client [req-624c50c1-5bfe-44f9-9d3e-d0ce92728dfb req-624c50c1-5bfe-44f9-9d3e-d0ce92728dfb ] Request (TenantUsagesTestJSON:setUpClass): 201 POST http://10.180.1.21/identity/v3/projects 0.028s
2024-12-12 05:33:22.461 67491 INFO tempest.lib.common.rest_client [req-a76ac3e4-5cda-4d59-996b-2426be909cc3 req-a76ac3e4-5cda-4d59-996b-2426be909cc3 ] Request (QuotasSecurityGroupAdminNegativeTest:tearDownClass): 200 GET http://10.180.1.21:9696/networking/v2.0/security-groups?tenant_id=87ebed3547b44d0ea342009acfd88838&name=default 0.772s
2024-12-12 05:33:22.465 67533 INFO tempest.lib.common.rest_client [req-3ed93da6-d063-44a1-bbc3-7181e00f60c5 req-3ed93da6-d063-44a1-bbc3-7181e00f60c5 ] Request (QuotaClassesAdmin257Test:tearDownClass): 200 GET http://10.180.1.21:9696/networking/v2.0/security-groups?tenant_id=1ceed9caf5594be1a46bdefc9abc6c1c&name=default 1.121s
2024-12-12 05:33:22.500 67505 INFO tempest.lib.common.rest_client [req-32336a2d-8929-4e13-a4e0-80d54ba4a490 req-32336a2d-8929-4e13-a4e0-80d54ba4a490 ] Request (TenantUsagesTestJSON:setUpClass): 201 POST http://10.180.1.21/identity/v3/users 0.060s
2024-12-12 05:33:22.520 67505 INFO tempest.lib.common.rest_client [req-5fbbeea2-a6ba-4bec-b64b-59c4178e4ffa req-5fbbeea2-a6ba-4bec-b64b-59c4178e4ffa ] Request (TenantUsagesTestJSON:setUpClass): 200 GET http://10.180.1.21/identity/v3/roles 0.020s
2024-12-12 05:33:22.546 67505 INFO tempest.lib.common.rest_client [req-984474e5-3aa9-465b-bb9c-b645255a0061 req-984474e5-3aa9-465b-bb9c-b645255a0061 ] Request (TenantUsagesTestJSON:setUpClass): 204 PUT http://10.180.1.21/identity/v3/projects/b2ad34e585c0422db45ceb230cadd230/users/f97fbf87b3e241dea1eed62939494b6d/roles/177f387938d946088ff2c6c326a85e00 0.026s
2024-12-12 05:33:22.558 67517 INFO tempest.lib.common.rest_client [req-37929aaf-44a0-4483-813f-75518fcd456d req-37929aaf-44a0-4483-813f-75518fcd456d ] Request (ServicesAdminNegativeV253TestJSON:tearDownClass): 200 GET http://10.180.1.21:9696/networking/v2.0/security-groups?tenant_id=38543fcf25c447ffbca4b6cdfe676370&name=default 1.176s
2024-12-12 05:33:22.602 67505 INFO tempest.lib.common.rest_client [req-081df365-a964-4a1b-bf1b-d066a5aca8a5 req-081df365-a964-4a1b-bf1b-d066a5aca8a5 ] Request (TenantUsagesTestJSON:setUpClass): 200 GET http://10.180.1.21/identity/v3/roles 0.055s
2024-12-12 05:33:22.613 67495 INFO tempest.lib.common.rest_client [req-4ffa96d5-7eb4-483e-9306-ece25e157934 req-4ffa96d5-7eb4-483e-9306-ece25e157934 ] Request (AttachInterfacesUnderV243Test:setUpClass): 201 POST http://10.180.1.21:9696/networking/v2.0/networks 1.694s
2024-12-12 05:33:22.623 67505 INFO tempest.lib.common.rest_client [req-814cb7c5-d2a1-479c-bfba-c4d3c7071ca4 req-814cb7c5-d2a1-479c-bfba-c4d3c7071ca4 ] Request (TenantUsagesTestJSON:setUpClass): 204 PUT http://10.180.1.21/identity/v3/projects/b2ad34e585c0422db45ceb230cadd230/users/f97fbf87b3e241dea1eed62939494b6d/roles/177f387938d946088ff2c6c326a85e00 0.020s
2024-12-12 05:33:22.623 67505 INFO tempest.lib.common.dynamic_creds [-] Dynamic test user f97fbf87b3e241dea1eed62939494b6d is created with scope project and roles: ['admin']
2024-12-12 05:33:22.623 67505 INFO tempest.lib.common.dynamic_creds [-] Acquired dynamic creds: credentials: Credentials: {'domain_id': 'default', 'domain_name': 'Default', 'username': 'tempest-TenantUsagesTestJSON-1475929640-project-admin', 'project_domain_id': 'default', 'project_domain_name': 'Default', 'project_id': 'b2ad34e585c0422db45ceb230cadd230', 'project_name': 'tempest-TenantUsagesTestJSON-1475929640', 'tenant_id': 'b2ad34e585c0422db45ceb230cadd230', 'tenant_name': 'tempest-TenantUsagesTestJSON-1475929640', 'user_domain_id': 'default', 'user_domain_name': 'Default', 'user_id': 'f97fbf87b3e241dea1eed62939494b6d', 'system': None}, Network: None, Subnet: None, Router: None
2024-12-12 05:33:22.623 67505 INFO tempest.lib.common.dynamic_creds [-] Created isolated network resources for: credentials: Credentials: {'domain_id': 'default', 'domain_name': 'Default', 'username': 'tempest-TenantUsagesTestJSON-1475929640-project-admin', 'project_domain_id': 'default', 'project_domain_name': 'Default', 'project_id': 'b2ad34e585c0422db45ceb230cadd230', 'project_name': 'tempest-TenantUsagesTestJSON-1475929640', 'tenant_id': 'b2ad34e585c0422db45ceb230cadd230', 'tenant_name': 'tempest-TenantUsagesTestJSON-1475929640', 'user_domain_id': 'default', 'user_domain_name': 'Default', 'user_id': 'f97fbf87b3e241dea1eed62939494b6d', 'system': None}, Network: None, Subnet: None, Router: None
2024-12-12 05:33:22.629 67525 INFO tempest.lib.common.rest_client [req-4adbf6af-87e7-483a-a16b-2caa6648b866 req-4adbf6af-87e7-483a-a16b-2caa6648b866 ] Request (SecurityGroupsTestAdminJSON:_run_cleanups): 202 DELETE http://10.180.1.21/compute/v2.1/os-security-groups/a162807f-5eb9-4f94-aa02-9a603c72119d 1.483s
2024-12-12 05:33:22.636 67519 INFO tempest.lib.common.rest_client [req-70f7c2d9-9aa5-447e-9143-9250197d98c9 req-70f7c2d9-9aa5-447e-9143-9250197d98c9 ] Request (HostsAdminNegativeTestJSON:test_update_host_with_invalid_status): 400 PUT http://10.180.1.21/compute/v2.1/os-hosts/devstack 1.143s
2024-12-12 05:33:22.659 67529 INFO tempest.lib.common.rest_client [req-36694c27-0fcd-4362-9eb5-dd9aac2f4ed6 req-36694c27-0fcd-4362-9eb5-dd9aac2f4ed6 ] Request (KeyPairsV210TestJSON:_run_cleanups): 204 DELETE http://10.180.1.21/compute/v2.1/os-keypairs/tempest-keypair-85118255?user_id=5cf4ad6634ce4ecfb4fd257d5558c321 1.154s
2024-12-12 05:33:22.675 67497 INFO tempest.lib.common.rest_client [req-8aa5f359-8671-432d-9286-e3ab3f555784 req-8aa5f359-8671-432d-9286-e3ab3f555784 ] Request (FlavorsAdminTestJSON:test_create_list_flavor_without_extra_data): 200 POST http://10.180.1.21/compute/v2.1/flavors 1.147s
2024-12-12 05:33:22.685 67507 INFO tempest.lib.common.rest_client [req-3316f251-b291-411f-8851-bb268559d136 req-3316f251-b291-411f-8851-bb268559d136 ] Request (FlavorsExtraSpecsTestJSON:test_flavor_set_get_update_show_unset_keys): 200 GET http://10.180.1.21/compute/v2.1/flavors/40629161/os-extra_specs 1.136s
2024-12-12 05:33:22.710 67505 INFO tempest.lib.common.rest_client [req-af94e8fb-fc7d-4557-a753-9ec1220549b8 req-af94e8fb-fc7d-4557-a753-9ec1220549b8 ] Request (TenantUsagesTestJSON:setUpClass): 201 POST http://10.180.1.21/identity/v3/auth/tokens 0.079s
2024-12-12 05:33:22.711 67505 WARNING tempest.lib.common.rest_client [-] Deprecated: "tenant_id" property is deprecated for removal, use "project_id" instead
2024-12-12 05:33:22.720 67475 INFO tempest.lib.common.rest_client [req-07268ef6-a03a-4082-9591-9375d495b3fc req-07268ef6-a03a-4082-9591-9375d495b3fc ] Request (InstanceUsageAuditLogNegativeTestJSON:tearDownClass): 200 GET http://10.180.1.21:9696/networking/v2.0/security-groups?tenant_id=3a0b547b66f647b391f6e0d9c87bb0c3&name=default 1.156s
2024-12-12 05:33:22.783 67505 INFO tempest.lib.common.rest_client [req-e8841751-2124-4b0f-b743-e3013e68c958 req-e8841751-2124-4b0f-b743-e3013e68c958 ] Request (TenantUsagesTestJSON:setUpClass): 201 POST http://10.180.1.21/identity/v3/auth/tokens 0.066s
2024-12-12 05:33:22.783 67505 INFO tempest.lib.common.fixed_network [-] (TenantUsagesTestJSON:setUpClass) Found network None available for tenant
2024-12-12 05:33:22.790 67513 INFO tempest.lib.common.rest_client [req-87a419da-6cb1-41d5-84e2-eb8fb6bd3a70 req-87a419da-6cb1-41d5-84e2-eb8fb6bd3a70 ] Request (DeleteServersAdminTestJSON:test_admin_delete_servers_of_others): 200 GET http://10.180.1.21/compute/v2.1/servers/3c511892-55c5-4fab-9c57-60ae7a3432d9 1.372s
2024-12-12 05:33:22.793 67531 INFO tempest.lib.common.rest_client [req-5e8b4ba8-29a8-4c19-b63d-ebb8b7f153fd req-5e8b4ba8-29a8-4c19-b63d-ebb8b7f153fd ] Request (FlavorsAccessTestJSON:tearDownClass): 200 GET http://10.180.1.21:9696/networking/v2.0/security-groups?tenant_id=3a687a8dd9d545d685f4654809cf3683&name=default 0.916s
2024-12-12 05:33:22.832 67503 INFO tempest.lib.common.rest_client [req-d5802dea-3500-43ae-9499-66add90990ac req-d5802dea-3500-43ae-9499-66add90990ac ] Request (TenantUsagesNegativeTestJSON:tearDownClass): 204 DELETE http://10.180.1.21:9696/networking/v2.0/security-groups/81a424a2-6437-4cbc-9c3b-78d0a854bea9 0.630s
2024-12-12 05:33:22.860 67479 INFO tempest.lib.common.rest_client [req-751dc3af-63a8-4913-b8d0-0e7cda801810 req-751dc3af-63a8-4913-b8d0-0e7cda801810 ] Request (VolumesAssistedSnapshotsTest:test_volume_assisted_snapshot_create_delete): 202 POST http://10.180.1.21/volume/v3/volumes 0.437s
2024-12-12 05:33:22.926 67479 INFO tempest.lib.common.rest_client [req-7176e8bd-4115-42ec-a040-aba198bda3a8 req-7176e8bd-4115-42ec-a040-aba198bda3a8 ] Request (VolumesAssistedSnapshotsTest:test_volume_assisted_snapshot_create_delete): 200 GET http://10.180.1.21/volume/v3/volumes/853aaccc-8b8f-49e2-8f90-a5ae3ef7a266 0.057s
2024-12-12 05:33:22.968 67503 INFO tempest.lib.common.rest_client [req-aedad9d2-5484-41aa-9398-5f8a6bba10ff req-aedad9d2-5484-41aa-9398-5f8a6bba10ff ] Request (TenantUsagesNegativeTestJSON:tearDownClass): 204 DELETE http://10.180.1.21/identity/v3/projects/8a6a919345124c8bac8b5d471d412fe0 0.136s
2024-12-12 05:33:23.032 67491 INFO tempest.lib.common.rest_client [req-79cbc550-ae95-43fc-95c0-ab9ef4f72533 req-79cbc550-ae95-43fc-95c0-ab9ef4f72533 ] Request (QuotasSecurityGroupAdminNegativeTest:tearDownClass): 204 DELETE http://10.180.1.21:9696/networking/v2.0/security-groups/ab0ec600-627a-4299-acca-c05f251a2ba7 0.571s
2024-12-12 05:33:23.057 67503 INFO tempest.lib.common.rest_client [req-3bd6d564-8f4a-4c9a-a19e-5d8e5013039c req-3bd6d564-8f4a-4c9a-a19e-5d8e5013039c ] Request (ServerRescueTestJSON:setUpClass): 201 POST http://10.180.1.21/identity/v3/auth/tokens 0.087s
2024-12-12 05:33:23.057 67533 INFO tempest.lib.common.rest_client [req-9dda7f2f-ca54-4533-80a9-00e4b743e337 req-9dda7f2f-ca54-4533-80a9-00e4b743e337 ] Request (QuotaClassesAdmin257Test:tearDownClass): 204 DELETE http://10.180.1.21:9696/networking/v2.0/security-groups/8b5b7166-8f4b-4747-a994-93349deed0be 0.591s
2024-12-12 05:33:23.087 67535 INFO tempest.lib.common.rest_client [req-3e245763-d64e-45b8-9da0-6a70cca42da5 req-3e245763-d64e-45b8-9da0-6a70cca42da5 ] Request (FlavorsV2NegativeTest:tearDownClass): 200 GET http://10.180.1.21:9696/networking/v2.0/security-groups?tenant_id=51e7a91335254ff5b20f041c6b75bd84&name=default 1.079s
2024-12-12 05:33:23.111 67499 INFO tempest.lib.common.rest_client [req-4705a4f1-5c6b-461c-8002-c6e4876cac48 req-4705a4f1-5c6b-461c-8002-c6e4876cac48 ] Request (ServerDiagnosticsTest:test_get_server_diagnostics): 200 GET http://10.180.1.21/compute/v2.1/servers/361ec04e-63d5-493c-9ddc-6c88d9b32f1a 1.358s
2024-12-12 05:33:23.143 67533 INFO tempest.lib.common.rest_client [req-59087362-b629-4249-9004-557d1062b23c req-59087362-b629-4249-9004-557d1062b23c ] Request (QuotaClassesAdmin257Test:tearDownClass): 204 DELETE http://10.180.1.21/identity/v3/projects/1ceed9caf5594be1a46bdefc9abc6c1c 0.085s
2024-12-12 05:33:23.143 67533 INFO tempest.lib.common.dynamic_creds [-] Deleting project and security group for project: 1c01f4b8a27c4ccab2713501b146ebed
2024-12-12 05:33:23.162 67491 INFO tempest.lib.common.rest_client [req-897c226c-2ee5-4889-a21c-1d4a63483ae4 req-897c226c-2ee5-4889-a21c-1d4a63483ae4 ] Request (QuotasSecurityGroupAdminNegativeTest:tearDownClass): 204 DELETE http://10.180.1.21/identity/v3/projects/87ebed3547b44d0ea342009acfd88838 0.129s
2024-12-12 05:33:23.185 67477 INFO tempest.lib.common.rest_client [req-048dff6d-78d1-436c-b6a0-775291faae27 req-048dff6d-78d1-436c-b6a0-775291faae27 ] Request (HypervisorAdminNegativeTestJSON:tearDownClass): 200 GET http://10.180.1.21:9696/networking/v2.0/security-groups?tenant_id=d1cb945e148d425cb11b0be07bf3fb47&name=default 1.024s
2024-12-12 05:33:23.221 67475 INFO tempest.lib.common.rest_client [req-694d627a-2120-400a-aadf-408122d783cc req-694d627a-2120-400a-aadf-408122d783cc ] Request (InstanceUsageAuditLogNegativeTestJSON:tearDownClass): 204 DELETE http://10.180.1.21:9696/networking/v2.0/security-groups/04201a08-f476-4d47-88d0-dbc715c88147 0.500s
2024-12-12 05:33:23.242 67503 INFO tempest.lib.common.rest_client [req-23fca019-1ec4-4a99-8911-74adcd28ff73 req-23fca019-1ec4-4a99-8911-74adcd28ff73 ] Request (ServerRescueTestJSON:setUpClass): 201 POST http://10.180.1.21/identity/v3/auth/tokens 0.183s
2024-12-12 05:33:23.243 67511 INFO tempest.lib.common.rest_client [req-e42d698c-2ecd-4532-b6a1-b699343ad389 req-e42d698c-2ecd-4532-b6a1-b699343ad389 ] Request (ServersAdminTestJSON:setUpClass): 200 GET http://10.180.1.21/compute/v2.1/servers/fb4a09f6-c7ea-447b-b44d-2023432a4747 1.484s
2024-12-12 05:33:23.248 67491 INFO tempest.lib.common.rest_client [req-bf3c2e71-1121-44ab-866e-044167287628 req-bf3c2e71-1121-44ab-866e-044167287628 ] Request (SecurityGroupRulesNegativeTestJSON:setUpClass): 201 POST http://10.180.1.21/identity/v3/auth/tokens 0.083s
2024-12-12 05:33:23.326 67475 INFO tempest.lib.common.rest_client [req-2b69a123-d9c7-4caf-ad15-8afa5ffcbfdd req-2b69a123-d9c7-4caf-ad15-8afa5ffcbfdd ] Request (InstanceUsageAuditLogNegativeTestJSON:tearDownClass): 204 DELETE http://10.180.1.21/identity/v3/projects/3a0b547b66f647b391f6e0d9c87bb0c3 0.104s
2024-12-12 05:33:23.326 67475 INFO tempest.lib.common.dynamic_creds [-] Deleting project and security group for project: 7ca914fa063a4ec596e8b38c468324d5
2024-12-12 05:33:23.334 67517 INFO tempest.lib.common.rest_client [req-a3aa564c-22b3-4764-a0f5-e290d865d824 req-a3aa564c-22b3-4764-a0f5-e290d865d824 ] Request (ServicesAdminNegativeV253TestJSON:tearDownClass): 204 DELETE http://10.180.1.21:9696/networking/v2.0/security-groups/75e076fe-c8c6-410b-86b1-8583bc72a311 0.776s
2024-12-12 05:33:23.381 67503 INFO tempest.lib.common.rest_client [req-2d0dab55-1cef-4693-8b04-4974ca6a992d req-2d0dab55-1cef-4693-8b04-4974ca6a992d ] Request (ServerRescueTestJSON:setUpClass): 200 GET http://10.180.1.21/identity/v3/domains?name=Default 0.139s
2024-12-12 05:33:23.406 67521 INFO tempest.lib.common.rest_client [req-d2712198-b000-4bdd-86a2-62c6040bad90 req-d2712198-b000-4bdd-86a2-62c6040bad90 ] Request (FlavorsV2TestJSON:test_get_flavor): 200 GET http://10.180.1.21/compute/v2.1/flavors/42 1.644s
2024-12-12 05:33:23.420 67491 INFO tempest.lib.common.rest_client [req-f2809ec9-6830-4961-bf35-f29fc6caba3c req-f2809ec9-6830-4961-bf35-f29fc6caba3c ] Request (SecurityGroupRulesNegativeTestJSON:setUpClass): 201 POST http://10.180.1.21/identity/v3/auth/tokens 0.170s
2024-12-12 05:33:23.449 67503 INFO tempest.lib.common.rest_client [req-5a3ef64e-7301-4d26-a686-b3633de275bf req-5a3ef64e-7301-4d26-a686-b3633de275bf ] Request (ServerRescueTestJSON:setUpClass): 201 POST http://10.180.1.21/identity/v3/projects 0.067s
2024-12-12 05:33:23.481 67483 INFO tempest.lib.common.rest_client [req-5dfb380a-b9b6-4cac-a1b9-b4b7ada45c87 req-5dfb380a-b9b6-4cac-a1b9-b4b7ada45c87 ] Request (ServerDiagnosticsNegativeTest:test_get_server_diagnostics_by_non_admin): 200 GET http://10.180.1.21/compute/v2.1/servers/535497be-2b28-42a1-9136-aef6846abff5 1.868s
2024-12-12 05:33:23.486 67517 INFO tempest.lib.common.rest_client [req-6f7d1c82-7d0f-439d-98c3-7c209f4b8d29 req-6f7d1c82-7d0f-439d-98c3-7c209f4b8d29 ] Request (ServicesAdminNegativeV253TestJSON:tearDownClass): 204 DELETE http://10.180.1.21/identity/v3/projects/38543fcf25c447ffbca4b6cdfe676370 0.151s
2024-12-12 05:33:23.486 67517 INFO tempest.lib.common.dynamic_creds [-] Deleting project and security group for project: 89aee64404224d0e845461a0a70a047f
2024-12-12 05:33:23.501 67535 INFO tempest.lib.common.rest_client [req-11783919-a44c-4df3-985c-294ab051bd5b req-11783919-a44c-4df3-985c-294ab051bd5b ] Request (FlavorsV2NegativeTest:tearDownClass): 204 DELETE http://10.180.1.21:9696/networking/v2.0/security-groups/4dd7c253-93b0-4aaf-977e-50aacdb7ac63 0.414s
2024-12-12 05:33:23.510 67531 INFO tempest.lib.common.rest_client [req-668df1c2-8d88-4e3c-a728-cb8fbe7ca8f9 req-668df1c2-8d88-4e3c-a728-cb8fbe7ca8f9 ] Request (FlavorsAccessTestJSON:tearDownClass): 204 DELETE http://10.180.1.21:9696/networking/v2.0/security-groups/b075b61e-54a0-45b7-a88e-9264fb85efac 0.716s
2024-12-12 05:33:23.513 67491 INFO tempest.lib.common.rest_client [req-a0504cb7-d016-4b8a-8b07-1fc3e6b289ef req-a0504cb7-d016-4b8a-8b07-1fc3e6b289ef ] Request (SecurityGroupRulesNegativeTestJSON:setUpClass): 200 GET http://10.180.1.21/identity/v3/domains?name=Default 0.092s
2024-12-12 05:33:23.556 67503 INFO tempest.lib.common.rest_client [req-1f3db043-96e5-4541-aa9b-27c84d677545 req-1f3db043-96e5-4541-aa9b-27c84d677545 ] Request (ServerRescueTestJSON:setUpClass): 201 POST http://10.180.1.21/identity/v3/users 0.106s
2024-12-12 05:33:23.601 67477 INFO tempest.lib.common.rest_client [req-1fed60c3-1b8d-4ba0-aa85-40db37d34ac3 req-1fed60c3-1b8d-4ba0-aa85-40db37d34ac3 ] Request (HypervisorAdminNegativeTestJSON:tearDownClass): 204 DELETE http://10.180.1.21:9696/networking/v2.0/security-groups/950c8073-aea8-4212-a00a-ee434535e5bb 0.415s
2024-12-12 05:33:23.629 67535 INFO tempest.lib.common.rest_client [req-39031e57-d607-4eb9-b2bf-3f84b1f3700e req-39031e57-d607-4eb9-b2bf-3f84b1f3700e ] Request (FlavorsV2NegativeTest:tearDownClass): 204 DELETE http://10.180.1.21/identity/v3/projects/51e7a91335254ff5b20f041c6b75bd84 0.127s
2024-12-12 05:33:23.634 67531 INFO tempest.lib.common.rest_client [req-6b73c096-787d-40ca-bdb2-166f2c4e9d31 req-6b73c096-787d-40ca-bdb2-166f2c4e9d31 ] Request (FlavorsAccessTestJSON:tearDownClass): 204 DELETE http://10.180.1.21/identity/v3/projects/3a687a8dd9d545d685f4654809cf3683 0.124s
2024-12-12 05:33:23.641 67473 INFO tempest.lib.common.rest_client [req-7c3fdf2c-de7d-4c86-9db7-8d3c93334c39 req-7c3fdf2c-de7d-4c86-9db7-8d3c93334c39 ] Request (ImagesMetadataTestJSON:test_set_image_metadata_item): 200 PUT http://10.180.1.21/compute/v2.1/images/196d017d-5750-44e5-8362-f5cee7bef090/metadata/os_version 1.811s
2024-12-12 05:33:23.695 67503 INFO tempest.lib.common.rest_client [req-473a6463-6fbe-44fa-9c3f-c0cf2073ddb3 req-473a6463-6fbe-44fa-9c3f-c0cf2073ddb3 ] Request (ServerRescueTestJSON:setUpClass): 200 GET http://10.180.1.21/identity/v3/roles 0.138s
2024-12-12 05:33:23.724 67491 INFO tempest.lib.common.rest_client [req-f050adcb-5660-4de0-84c3-23a3f323e4c0 req-f050adcb-5660-4de0-84c3-23a3f323e4c0 ] Request (SecurityGroupRulesNegativeTestJSON:setUpClass): 201 POST http://10.180.1.21/identity/v3/projects 0.210s
2024-12-12 05:33:23.740 67533 INFO tempest.lib.common.rest_client [req-8d38be7a-82c3-4518-968d-d62cb89f82ec req-8d38be7a-82c3-4518-968d-d62cb89f82ec ] Request (QuotaClassesAdmin257Test:tearDownClass): 200 GET http://10.180.1.21:9696/networking/v2.0/security-groups?tenant_id=1c01f4b8a27c4ccab2713501b146ebed&name=default 0.596s
2024-12-12 05:33:23.761 67477 INFO tempest.lib.common.rest_client [req-31e3e611-879d-4bab-873f-aa05cb28a6c6 req-31e3e611-879d-4bab-873f-aa05cb28a6c6 ] Request (HypervisorAdminNegativeTestJSON:tearDownClass): 204 DELETE http://10.180.1.21/identity/v3/projects/d1cb945e148d425cb11b0be07bf3fb47 0.160s
2024-12-12 05:33:23.762 67477 INFO tempest.lib.common.dynamic_creds [-] Deleting project and security group for project: 66ec776392104c789df656f27279ded9
2024-12-12 05:33:23.769 67487 INFO tempest.lib.common.rest_client [req-53a73325-c82c-4fad-9df5-6e43e69331d2 req-53a73325-c82c-4fad-9df5-6e43e69331d2 ] Request (ServerDiagnosticsV248Test:test_get_server_diagnostics): 200 GET http://10.180.1.21/compute/v2.1/servers/9fe043fc-bd54-4dbc-aaa9-174e78346455 1.880s
2024-12-12 05:33:23.776 67510 INFO tempest.lib.common.rest_client [req-93edde85-2d18-46d7-9514-d53ea57ed98d req-93edde85-2d18-46d7-9514-d53ea57ed98d ] Request (VolumesAdminNegativeTest:test_update_attached_volume_with_nonexistent_volume_in_body): 200 GET http://10.180.1.21/compute/v2.1/servers/741a96ac-5d39-421a-b482-e81a577652f9 1.872s
2024-12-12 05:33:23.778 67487 INFO tempest.common.waiters [-] State transition "BUILD/spawning" ==> "ACTIVE/None" after 14 second wait
2024-12-12 05:33:23.782 67535 INFO tempest.lib.common.rest_client [req-5e9a3d73-632c-4937-bb01-2ff10b8c90db req-5e9a3d73-632c-4937-bb01-2ff10b8c90db ] Request (AZV2TestJSON:setUpClass): 201 POST http://10.180.1.21/identity/v3/auth/tokens 0.151s
2024-12-12 05:33:23.787 67531 INFO tempest.lib.common.rest_client [req-d00468f8-444a-49a1-8a44-5c99f1310fc5 req-d00468f8-444a-49a1-8a44-5c99f1310fc5 ] Request (InstanceUsageAuditLogTestJSON:setUpClass): 201 POST http://10.180.1.21/identity/v3/auth/tokens 0.151s
2024-12-12 05:33:23.810 67503 INFO tempest.lib.common.rest_client [req-e31aabf5-a085-4a81-a170-0705caa50b1a req-e31aabf5-a085-4a81-a170-0705caa50b1a ] Request (ServerRescueTestJSON:setUpClass): 204 PUT http://10.180.1.21/identity/v3/projects/c2ce206669ed4be5a271b76af7388edd/users/2b0ef974ca5746bb9036a4c1c3ef23d6/roles/b83b0e4582904d098d190bc2cfa265a3 0.114s
2024-12-12 05:33:23.810 67503 INFO tempest.lib.common.dynamic_creds [-] Dynamic test user 2b0ef974ca5746bb9036a4c1c3ef23d6 is created with scope project and roles: ['member']
2024-12-12 05:33:23.810 67503 INFO tempest.lib.common.dynamic_creds [-] Acquired dynamic creds: credentials: Credentials: {'domain_id': 'default', 'domain_name': 'Default', 'username': 'tempest-ServerRescueTestJSON-1033939534-project-member', 'project_domain_id': 'default', 'project_domain_name': 'Default', 'project_id': 'c2ce206669ed4be5a271b76af7388edd', 'project_name': 'tempest-ServerRescueTestJSON-1033939534', 'tenant_id': 'c2ce206669ed4be5a271b76af7388edd', 'tenant_name': 'tempest-ServerRescueTestJSON-1033939534', 'user_domain_id': 'default', 'user_domain_name': 'Default', 'user_id': '2b0ef974ca5746bb9036a4c1c3ef23d6', 'system': None}, Network: None, Subnet: None, Router: None
2024-12-12 05:33:23.813 67491 INFO tempest.lib.common.rest_client [req-ab667e7a-028a-4ba6-b42a-4908321351d3 req-ab667e7a-028a-4ba6-b42a-4908321351d3 ] Request (SecurityGroupRulesNegativeTestJSON:setUpClass): 201 POST http://10.180.1.21/identity/v3/users 0.089s
2024-12-12 05:33:23.814 67523 INFO tempest.lib.common.rest_client [req-bea0d3a3-5e97-4629-9ee4-e74b353e5679 req-bea0d3a3-5e97-4629-9ee4-e74b353e5679 ] Request (FloatingIPsAssociationNegativeTestJSON:setUpClass): 200 PUT http://10.180.1.21:9696/networking/v2.0/routers/6b562d3b-0e9e-4ea8-aa11-24b88e407219/add_router_interface 5.070s
2024-12-12 05:33:23.814 67523 INFO tempest.lib.common.dynamic_creds [-] Created isolated network resources for: credentials: Credentials: {'domain_id': 'default', 'domain_name': 'Default', 'username': 'tempest-FloatingIPsAssociationNegativeTestJSON-1797421220-project-member', 'project_domain_id': 'default', 'project_domain_name': 'Default', 'project_id': 'fba14ebf8f304200b7f8a17091ee4123', 'project_name': 'tempest-FloatingIPsAssociationNegativeTestJSON-1797421220', 'tenant_id': 'fba14ebf8f304200b7f8a17091ee4123', 'tenant_name': 'tempest-FloatingIPsAssociationNegativeTestJSON-1797421220', 'user_domain_id': 'default', 'user_domain_name': 'Default', 'user_id': 'c1d8384afc214a44aa281b8db5dee16e', 'system': None}, Network: {'id': 'e9653a40-2670-42c2-b1d4-528c22aee728', 'name': 'tempest-FloatingIPsAssociationNegativeTestJSON-949695442-network', 'tenant_id': 'fba14ebf8f304200b7f8a17091ee4123', 'admin_state_up': True, 'mtu': 8950, 'status': 'ACTIVE', 'subnets': [], 'shared': False, 'project_id': 'fba14ebf8f304200b7f8a17091ee4123', 'port_security_enabled': True, 'router:external': False, 'provider:network_type': 'vlan', 'provider:physical_network': 'default', 'provider:segmentation_id': 336, 'availability_zone_hints': [], 'availability_zones': [], 'ipv4_address_scope': None, 'ipv6_address_scope': None, 'description': '', 'tags': [], 'created_at': '2024-12-12T05:33:14Z', 'updated_at': '2024-12-12T05:33:14Z', 'revision_number': 1}, Subnet: {'id': 'acc31998-4b88-4e87-b25a-808118985ca2', 'name': 'tempest-FloatingIPsAssociationNegativeTestJSON-949695442-subnet', 'tenant_id': 'fba14ebf8f304200b7f8a17091ee4123', 'network_id': 'e9653a40-2670-42c2-b1d4-528c22aee728', 'ip_version': 4, 'subnetpool_id': None, 'enable_dhcp': True, 'ipv6_ra_mode': None, 'ipv6_address_mode': None, 'gateway_ip': '192.168.128.1', 'cidr': '192.168.128.0/28', 'allocation_pools': [{'start': '192.168.128.2', 'end': '192.168.128.14'}], 'host_routes': [], 'dns_nameservers': [], 'description': '', 'router:external': False, 'service_types': [], 'tags': [], 'created_at': '2024-12-12T05:33:14Z', 'updated_at': '2024-12-12T05:33:14Z', 'revision_number': 0, 'project_id': 'fba14ebf8f304200b7f8a17091ee4123'}, Router: {'id': '6b562d3b-0e9e-4ea8-aa11-24b88e407219', 'name': 'tempest-FloatingIPsAssociationNegativeTestJSON-949695442-router', 'tenant_id': 'fba14ebf8f304200b7f8a17091ee4123', 'admin_state_up': True, 'status': 'ACTIVE', 'external_gateway_info': {'network_id': 'd565a8e0-ac88-4c03-acbb-11ad815f8477', 'external_fixed_ips': [{'subnet_id': '30f52916-63d7-4b6e-806c-d9aca2dad22e', 'ip_address': '10.180.180.147'}], 'enable_snat': True}, 'description': '', 'availability_zones': [], 'distributed': False, 'ha': False, 'availability_zone_hints': [], 'routes': [], 'flavor_id': None, 'tags': [], 'created_at': '2024-12-12T05:33:15Z', 'updated_at': '2024-12-12T05:33:17Z', 'revision_number': 2, 'project_id': 'fba14ebf8f304200b7f8a17091ee4123'}
2024-12-12 05:33:23.846 67495 INFO tempest.lib.common.rest_client [req-fe6b8f8f-ca09-44d8-9c5d-92d9fdc7545a req-fe6b8f8f-ca09-44d8-9c5d-92d9fdc7545a ] Request (AttachInterfacesUnderV243Test:setUpClass): 201 POST http://10.180.1.21:9696/networking/v2.0/subnets 1.232s
2024-12-12 05:33:23.853 67475 INFO tempest.lib.common.rest_client [req-c09c4bad-d9d7-44ce-b618-17a46558919d req-c09c4bad-d9d7-44ce-b618-17a46558919d ] Request (InstanceUsageAuditLogNegativeTestJSON:tearDownClass): 200 GET http://10.180.1.21:9696/networking/v2.0/security-groups?tenant_id=7ca914fa063a4ec596e8b38c468324d5&name=default 0.526s
2024-12-12 05:33:23.875 67535 INFO tempest.lib.common.rest_client [req-049f0371-c620-4270-b859-b2f119ebee24 req-049f0371-c620-4270-b859-b2f119ebee24 ] Request (AZV2TestJSON:setUpClass): 201 POST http://10.180.1.21/identity/v3/auth/tokens 0.091s
2024-12-12 05:33:23.902 67531 INFO tempest.lib.common.rest_client [req-d54dde87-ec05-48be-8a58-e279a34caf03 req-d54dde87-ec05-48be-8a58-e279a34caf03 ] Request (InstanceUsageAuditLogTestJSON:setUpClass): 201 POST http://10.180.1.21/identity/v3/auth/tokens 0.113s
2024-12-12 05:33:23.914 67491 INFO tempest.lib.common.rest_client [req-b5858c80-c9ea-498d-94f6-8b1b431f8aad req-b5858c80-c9ea-498d-94f6-8b1b431f8aad ] Request (SecurityGroupRulesNegativeTestJSON:setUpClass): 200 GET http://10.180.1.21/identity/v3/roles 0.100s
2024-12-12 05:33:23.923 67503 INFO tempest.lib.common.rest_client [req-1fa5882c-ee78-41e4-becd-3a88c7249be0 req-1fa5882c-ee78-41e4-becd-3a88c7249be0 ] Request (ServerRescueTestJSON:setUpClass): 201 POST http://10.180.1.21/identity/v3/auth/tokens 0.113s
2024-12-12 05:33:23.945 67535 INFO tempest.lib.common.rest_client [req-803df6c1-142a-4a9b-803f-b2af85e74cbc req-803df6c1-142a-4a9b-803f-b2af85e74cbc ] Request (AZV2TestJSON:setUpClass): 200 GET http://10.180.1.21/identity/v3/domains?name=Default 0.070s
2024-12-12 05:33:23.950 67517 INFO tempest.lib.common.rest_client [req-ae643188-32c5-4a5b-b445-0f43c605e71e req-ae643188-32c5-4a5b-b445-0f43c605e71e ] Request (ServicesAdminNegativeV253TestJSON:tearDownClass): 200 GET http://10.180.1.21:9696/networking/v2.0/security-groups?tenant_id=89aee64404224d0e845461a0a70a047f&name=default 0.464s
2024-12-12 05:33:23.987 67523 INFO tempest.lib.common.rest_client [req-c62cffae-d506-4fd3-b66c-3702b525f8b7 req-c62cffae-d506-4fd3-b66c-3702b525f8b7 ] Request (FloatingIPsAssociationNegativeTestJSON:setUpClass): 201 POST http://10.180.1.21/identity/v3/auth/tokens 0.170s
2024-12-12 05:33:24.017 67531 INFO tempest.lib.common.rest_client [req-3d70f950-23cd-4c92-b6ee-28c717fff66c req-3d70f950-23cd-4c92-b6ee-28c717fff66c ] Request (InstanceUsageAuditLogTestJSON:setUpClass): 200 GET http://10.180.1.21/identity/v3/domains?name=Default 0.113s
2024-12-12 05:33:24.038 67491 INFO tempest.lib.common.rest_client [req-52b27474-62e1-4363-b574-caddbf658a0a req-52b27474-62e1-4363-b574-caddbf658a0a ] Request (SecurityGroupRulesNegativeTestJSON:setUpClass): 204 PUT http://10.180.1.21/identity/v3/projects/27c60524067d449e8b630143c5d5ae8c/users/05d9f4c5d741475b8796719a2e532fe8/roles/b83b0e4582904d098d190bc2cfa265a3 0.124s
2024-12-12 05:33:24.039 67491 INFO tempest.lib.common.dynamic_creds [-] Dynamic test user 05d9f4c5d741475b8796719a2e532fe8 is created with scope project and roles: ['member']
2024-12-12 05:33:24.039 67491 INFO tempest.lib.common.dynamic_creds [-] Acquired dynamic creds: credentials: Credentials: {'domain_id': 'default', 'domain_name': 'Default', 'username': 'tempest-SecurityGroupRulesNegativeTestJSON-1432031228-project-member', 'project_domain_id': 'default', 'project_domain_name': 'Default', 'project_id': '27c60524067d449e8b630143c5d5ae8c', 'project_name': 'tempest-SecurityGroupRulesNegativeTestJSON-1432031228', 'tenant_id': '27c60524067d449e8b630143c5d5ae8c', 'tenant_name': 'tempest-SecurityGroupRulesNegativeTestJSON-1432031228', 'user_domain_id': 'default', 'user_domain_name': 'Default', 'user_id': '05d9f4c5d741475b8796719a2e532fe8', 'system': None}, Network: None, Subnet: None, Router: None
