2024-12-12 05:35:31.437 67501 INFO tempest.lib.common.dynamic_creds [-] Acquired dynamic creds: credentials: Credentials: {'domain_id': 'default', 'domain_name': 'Default', 'username': 'tempest-ServerShowV263Test-1624087416-project-reader', 'project_domain_id': 'default', 'project_domain_name': 'Default', 'project_id': '98923b771cc54bfba556690d81e31418', 'project_name': 'tempest-ServerShowV263Test-1624087416', 'tenant_id': '98923b771cc54bfba556690d81e31418', 'tenant_name': 'tempest-ServerShowV263Test-1624087416', 'user_domain_id': 'default', 'user_domain_name': 'Default', 'user_id': '5f362149c8e04203ab74115eaec1cb0c', 'system': None}, Network: None, Subnet: None, Router: None
2024-12-12 05:35:31.437 67501 INFO tempest.lib.common.dynamic_creds [-] Network resources are not created for requested scope: project and credentials: Credentials: {'domain_id': 'default', 'domain_name': 'Default', 'username': 'tempest-ServerShowV263Test-1624087416-project-reader', 'project_domain_id': 'default', 'project_domain_name': 'Default', 'project_id': '98923b771cc54bfba556690d81e31418', 'project_name': 'tempest-ServerShowV263Test-1624087416', 'tenant_id': '98923b771cc54bfba556690d81e31418', 'tenant_name': 'tempest-ServerShowV263Test-1624087416', 'user_domain_id': 'default', 'user_domain_name': 'Default', 'user_id': '5f362149c8e04203ab74115eaec1cb0c', 'system': None}, Network: None, Subnet: None, Router: None
2024-12-12 05:35:31.476 67475 INFO tempest.lib.common.rest_client [req-acb9a291-0745-43fd-b61b-034ae0039233 req-acb9a291-0745-43fd-b61b-034ae0039233 ] Request (FloatingIPsAssociationTestJSON:test_associate_already_associated_floating_ip): 200 GET http://10.180.1.21/compute/v2.1/servers/1bc765b2-1b03-408d-9a59-fa597303cf1f 0.063s
2024-12-12 05:35:31.506 67501 INFO tempest.lib.common.rest_client [req-abfcfbc0-45e6-4b35-831d-9bf659e60e3d req-abfcfbc0-45e6-4b35-831d-9bf659e60e3d ] Request (ServerShowV263Test:setUpClass): 201 POST http://10.180.1.21/identity/v3/auth/tokens 0.066s
2024-12-12 05:35:31.508 67481 WARNING tempest.lib.common.ssh [-] Failed to establish authenticated ssh connection to cirros@10.180.180.221 ([Errno None] Unable to connect to port 22 on 10.180.180.221). Number attempts: 9. Retry after 10 seconds.: paramiko.ssh_exception.NoValidConnectionsError: [Errno None] Unable to connect to port 22 on 10.180.180.221
2024-12-12 05:35:31.543 67483 INFO tempest.lib.common.rest_client [req-c4a45a4d-a576-4217-81ac-d8f4051d6a0d req-c4a45a4d-a576-4217-81ac-d8f4051d6a0d ] Request (InstanceActionsTestJSON:tearDownClass): 200 GET http://10.180.1.21/compute/v2.1/servers/7d1dd7af-2cf2-441f-b873-eae65e5f2d11 0.069s
2024-12-12 05:35:31.583 67529 INFO tempest.lib.common.rest_client [req-eb59bef8-8ba9-4a67-ac22-b39b084d2481 req-eb59bef8-8ba9-4a67-ac22-b39b084d2481 ] Request (DeleteServersTestJSON:test_delete_active_server): 200 GET http://10.180.1.21/compute/v2.1/servers/aab9dc43-9547-4246-be2e-3018436bc6a5 0.129s
2024-12-12 05:35:31.612 67525 INFO tempest.lib.common.rest_client [req-624d7f6c-ccf7-4718-92dd-9bcbef6c91ec req-624d7f6c-ccf7-4718-92dd-9bcbef6c91ec ] Request (ImagesOneServerNegativeTestJSON:_run_cleanups): 200 GET http://10.180.1.21/compute/v2.1/servers/3ce0e9fd-70bc-490f-9414-aa830d2935f2 0.065s
2024-12-12 05:35:31.634 67501 INFO tempest.lib.common.rest_client [req-cea44715-a306-4a6e-a4d6-cdd6add646d0 req-cea44715-a306-4a6e-a4d6-cdd6add646d0 ] Request (ServerShowV263Test:tearDownClass): 204 DELETE http://10.180.1.21/identity/v3/users/46f5de2fbd8548fb8d294266910b48ae 0.125s
2024-12-12 05:35:31.675 67507 INFO tempest.lib.common.rest_client [req-b661e0af-be4b-482f-9d9c-a07e2e7fc8f5 req-b661e0af-be4b-482f-9d9c-a07e2e7fc8f5 ] Request (ImagesTestJSON:test_create_image_from_suspended_server): 200 GET http://10.180.1.21/compute/v2.1/servers/2d9b66a8-c542-43f0-96c7-c4e1cd8b8993 0.080s
2024-12-12 05:35:31.723 67521 INFO tempest.lib.common.rest_client [req-12695257-2315-4eea-b4fd-0baf42c0e40a req-12695257-2315-4eea-b4fd-0baf42c0e40a ] Request (ImagesOneServerTestJSON:test_create_delete_image): 200 GET http://10.180.1.21/compute/v2.1/images/9618bc09-34c0-47ab-a2d3-d0e551efe492 0.095s
2024-12-12 05:35:31.743 67501 INFO tempest.lib.common.rest_client [req-bd15396b-d666-456c-8dbd-1ddfbad89f98 req-bd15396b-d666-456c-8dbd-1ddfbad89f98 ] Request (ServerShowV263Test:tearDownClass): 204 DELETE http://10.180.1.21/identity/v3/users/5f362149c8e04203ab74115eaec1cb0c 0.108s
2024-12-12 05:35:31.743 67501 INFO tempest.lib.common.dynamic_creds [-] Deleting project and security group for project: 98923b771cc54bfba556690d81e31418
2024-12-12 05:35:31.782 67499 INFO tempest.lib.common.rest_client [req-8d9192ea-95d7-43c8-8ace-aa3d9bc97a1c req-8d9192ea-95d7-43c8-8ace-aa3d9bc97a1c ] Request (ServerAddressesNegativeTestJSON:setUpClass): 200 GET http://10.180.1.21/compute/v2.1/servers/27d74d37-9c58-40af-997f-a576fd41c093 0.107s
2024-12-12 05:35:31.784 67477 INFO tempest.lib.common.rest_client [req-d68b532f-52e7-4c47-8c0e-eac37b0370a6 req-d68b532f-52e7-4c47-8c0e-eac37b0370a6 ] Request (InstanceActionsNegativeTestJSON:setUpClass): 200 GET http://10.180.1.21/compute/v2.1/servers/0ee776e0-a7a8-4f71-ba22-3eae1920358e 0.176s
2024-12-12 05:35:31.809 67501 INFO tempest.lib.common.rest_client [req-44e554e8-3a35-48aa-801a-ad93c7916831 req-44e554e8-3a35-48aa-801a-ad93c7916831 ] Request (ServerShowV263Test:tearDownClass): 201 POST http://10.180.1.21/identity/v3/auth/tokens 0.066s
2024-12-12 05:35:31.843 67493 INFO tempest.lib.common.rest_client [req-2b753d3a-0eb1-4765-97ce-dd478cb0cc0b req-2b753d3a-0eb1-4765-97ce-dd478cb0cc0b ] Request (ServersV294TestFqdnHostnames:setUpClass): 200 GET http://10.180.1.21/compute/v2.1/servers/f00074db-810e-4764-b001-4a7835629d01 0.113s
2024-12-12 05:35:31.862 67513 INFO tempest.lib.common.rest_client [req-ae139cb1-9c02-4c55-89f3-398f8e5ba2bf req-ae139cb1-9c02-4c55-89f3-398f8e5ba2bf ] Request (ServersAaction247Test:test_create_backup): 200 GET http://10.180.1.21/compute/v2.1/servers/6d777ac5-f26e-4df0-9ce3-5b5f1f8977ee 0.063s
2024-12-12 05:35:31.895 67489 INFO tempest.lib.common.rest_client [req-bef9c08a-f8b7-4a82-9105-95bb2e7e10e4 req-bef9c08a-f8b7-4a82-9105-95bb2e7e10e4 ] Request (MigrationsAdminTest:test_resize_server_revert_deleted_flavor): 200 GET http://10.180.1.21/compute/v2.1/servers/1000d22c-18b0-47a5-bcfb-1f2af539412a 0.076s
2024-12-12 05:35:32.017 67523 INFO tempest.lib.common.rest_client [req-1437d700-22c7-4149-9680-297a8efd5b2e req-1437d700-22c7-4149-9680-297a8efd5b2e ] Request (ServersTestJSON:setUpClass): 200 GET http://10.180.1.21/compute/v2.1/servers/242d685b-93b8-4b9c-8682-5cd3de2a8130 0.060s
2024-12-12 05:35:32.027 67523 INFO tempest.common.waiters [-] State transition "BUILD/scheduling" ==> "BUILD/None" after 34 second wait
2024-12-12 05:35:32.079 67511 INFO tempest.lib.common.rest_client [req-ea3943ee-71dd-4f28-918e-3435408391a5 req-ea3943ee-71dd-4f28-918e-3435408391a5 ] Request (ServersAdminTestJSON:test_inject_network_info): 200 GET http://10.180.1.21/compute/v2.1/servers/61db11a7-dc0e-4c69-8f59-a855ee1c0279 0.077s
2024-12-12 05:35:32.149 67473 INFO tempest.lib.common.rest_client [req-06d720c4-70ff-413f-ab4b-ce791ff2ddcc req-06d720c4-70ff-413f-ab4b-ce791ff2ddcc ] Request (ServersTestMultiNic:_run_cleanups): 200 GET http://10.180.1.21/compute/v2.1/servers/2a214e3c-a1a1-42f2-85aa-6e9b1f688ad1 0.073s
2024-12-12 05:35:32.201 67503 INFO tempest.lib.common.rest_client [req-efcc16d9-be2b-461f-9067-cdb340aa76cc req-efcc16d9-be2b-461f-9067-cdb340aa76cc ] Request (ServerRescueTestJSON:test_rescue_unrescue_instance): 200 GET http://10.180.1.21/compute/v2.1/servers/ef827c35-7d3f-45da-9422-e058331ace32 0.095s
2024-12-12 05:35:32.204 67501 INFO tempest.lib.common.rest_client [req-65b3db03-35e9-48c2-b9ab-2a993828a842 req-65b3db03-35e9-48c2-b9ab-2a993828a842 ] Request (ServerShowV263Test:tearDownClass): 200 GET http://10.180.1.21:9696/networking/v2.0/security-groups?tenant_id=98923b771cc54bfba556690d81e31418&name=default 0.394s
2024-12-12 05:35:32.212 67533 INFO tempest.lib.common.rest_client [req-1a648545-40dc-479c-9bc4-48308a44de29 req-1a648545-40dc-479c-9bc4-48308a44de29 ] Request (ListServerFiltersTestJSON:tearDownClass): 200 GET http://10.180.1.21/compute/v2.1/servers/777b46e5-e2b5-49eb-b5da-3a196c847477 0.287s
2024-12-12 05:35:32.302 67501 INFO tempest.lib.common.rest_client [req-d0eceb69-ddeb-4505-b032-e6be208cb7e7 req-d0eceb69-ddeb-4505-b032-e6be208cb7e7 ] Request (ServerShowV263Test:tearDownClass): 204 DELETE http://10.180.1.21:9696/networking/v2.0/security-groups/675facc8-60bc-4536-8475-70492e33c7b6 0.098s
2024-12-12 05:35:32.366 67501 INFO tempest.lib.common.rest_client [req-63986303-0567-4690-858c-a1584735a9bc req-63986303-0567-4690-858c-a1584735a9bc ] Request (ServerShowV263Test:tearDownClass): 204 DELETE http://10.180.1.21/identity/v3/projects/98923b771cc54bfba556690d81e31418 0.064s
2024-12-12 05:35:32.368 67501 INFO tempest.test [-] raised in AttachVolumeMultiAttachTest.setUpClass. Invoking tearDownClass.
2024-12-12 05:35:32.421 67497 INFO tempest.lib.common.rest_client [req-aba6b464-bb21-4baf-9895-412f2b67dc5e req-aba6b464-bb21-4baf-9895-412f2b67dc5e ] Request (ServerDiskConfigTestJSON:test_rebuild_server_with_auto_disk_config): 200 GET http://10.180.1.21/compute/v2.1/servers/529dbacd-fe2a-4165-83fb-53a683996fc4 0.051s
2024-12-12 05:35:32.434 67501 INFO tempest.lib.common.rest_client [req-95524922-6bae-4750-be89-4d7daff60023 req-95524922-6bae-4750-be89-4d7daff60023 ] Request (AttachVolumeShelveTestJSON:setUpClass): 201 POST http://10.180.1.21/identity/v3/auth/tokens 0.063s
2024-12-12 05:35:32.473 67501 INFO tempest.lib.common.rest_client [req-88fb1431-fda3-43fe-8b31-e6dd68bc45f8 req-88fb1431-fda3-43fe-8b31-e6dd68bc45f8 ] Request (AttachVolumeShelveTestJSON:setUpClass): 201 POST http://10.180.1.21/identity/v3/auth/tokens 0.036s
2024-12-12 05:35:32.506 67501 INFO tempest.lib.common.rest_client [req-710c0787-8dc6-4d63-9cee-dac48cce0dd6 req-710c0787-8dc6-4d63-9cee-dac48cce0dd6 ] Request (AttachVolumeShelveTestJSON:setUpClass): 200 GET http://10.180.1.21/identity/v3/domains?name=Default 0.032s
2024-12-12 05:35:32.541 67501 INFO tempest.lib.common.rest_client [req-8c53e3c1-3352-4a5d-b4c3-32ee1f0bc9c4 req-8c53e3c1-3352-4a5d-b4c3-32ee1f0bc9c4 ] Request (AttachVolumeShelveTestJSON:setUpClass): 201 POST http://10.180.1.21/identity/v3/projects 0.034s
2024-12-12 05:35:32.567 67491 INFO tempest.lib.common.rest_client [req-d1137f50-1db6-43c6-8140-e0f140d6b192 req-d1137f50-1db6-43c6-8140-e0f140d6b192 ] Request (ServerRescueTestJSONUnderV235:setUpClass): 200 GET http://10.180.1.21/compute/v2.1/servers/3bc08585-9a04-42c4-a43a-eaf076d98a82 0.146s
2024-12-12 05:35:32.591 67487 INFO tempest.lib.common.rest_client [req-c2979b3d-64fd-4f07-a006-3a387b8a31a4 req-c2979b3d-64fd-4f07-a006-3a387b8a31a4 ] Request (ServerExternalEventsTest:tearDownClass): 200 GET http://10.180.1.21/compute/v2.1/servers/abc29cc9-d3d8-4a81-b8a5-ea416d4a1422 0.285s
2024-12-12 05:35:32.621 67501 INFO tempest.lib.common.rest_client [req-0eb8424d-8ca8-4234-982d-1128e36d1357 req-0eb8424d-8ca8-4234-982d-1128e36d1357 ] Request (AttachVolumeShelveTestJSON:setUpClass): 201 POST http://10.180.1.21/identity/v3/users 0.080s
2024-12-12 05:35:32.630 67517 INFO tempest.lib.common.rest_client [req-9f3b9750-006d-4d55-ac79-470852ae473b req-9f3b9750-006d-4d55-ac79-470852ae473b ] Request (ServersTestJSON:test_create_server_with_ipv6_addr_only): 200 GET http://10.180.1.21/compute/v2.1/servers/9a89f687-cafa-4f14-a45a-a6180dcf3d07 0.202s
2024-12-12 05:35:32.647 67501 INFO tempest.lib.common.rest_client [req-1997bb35-b352-461d-8ecf-038e15cbcfb6 req-1997bb35-b352-461d-8ecf-038e15cbcfb6 ] Request (AttachVolumeShelveTestJSON:setUpClass): 200 GET http://10.180.1.21/identity/v3/roles 0.026s
2024-12-12 05:35:32.660 67475 INFO tempest.lib.common.rest_client [req-6ef9d2f6-4654-4710-8ecd-fd9c9ebd11bf req-6ef9d2f6-4654-4710-8ecd-fd9c9ebd11bf ] Request (FloatingIPsAssociationTestJSON:test_associate_already_associated_floating_ip): 200 GET http://10.180.1.21/compute/v2.1/servers/1bc765b2-1b03-408d-9a59-fa597303cf1f 0.177s
2024-12-12 05:35:32.682 67501 INFO tempest.lib.common.rest_client [req-69857d86-a941-4d66-b144-666847bad4c5 req-69857d86-a941-4d66-b144-666847bad4c5 ] Request (AttachVolumeShelveTestJSON:setUpClass): 204 PUT http://10.180.1.21/identity/v3/projects/27a8d348da8c46b2bc82dcbc19e03fae/users/58cad35208d14dc2b885c7d96722536a/roles/b83b0e4582904d098d190bc2cfa265a3 0.034s
2024-12-12 05:35:32.682 67501 INFO tempest.lib.common.dynamic_creds [-] Dynamic test user 58cad35208d14dc2b885c7d96722536a is created with scope project and roles: ['member']
2024-12-12 05:35:32.683 67501 INFO tempest.lib.common.dynamic_creds [-] Acquired dynamic creds: credentials: Credentials: {'domain_id': 'default', 'domain_name': 'Default', 'username': 'tempest-AttachVolumeShelveTestJSON-1725463944-project-member', 'project_domain_id': 'default', 'project_domain_name': 'Default', 'project_id': '27a8d348da8c46b2bc82dcbc19e03fae', 'project_name': 'tempest-AttachVolumeShelveTestJSON-1725463944', 'tenant_id': '27a8d348da8c46b2bc82dcbc19e03fae', 'tenant_name': 'tempest-AttachVolumeShelveTestJSON-1725463944', 'user_domain_id': 'default', 'user_domain_name': 'Default', 'user_id': '58cad35208d14dc2b885c7d96722536a', 'system': None}, Network: None, Subnet: None, Router: None
2024-12-12 05:35:32.694 67483 INFO tempest.lib.common.rest_client [req-b93a438a-8f98-4ff4-9907-76a101e978f5 req-b93a438a-8f98-4ff4-9907-76a101e978f5 ] Request (InstanceActionsTestJSON:tearDownClass): 200 GET http://10.180.1.21/compute/v2.1/servers/7d1dd7af-2cf2-441f-b873-eae65e5f2d11 0.144s
2024-12-12 05:35:32.747 67525 INFO tempest.lib.common.rest_client [req-5a3f3439-b8ee-4d2c-9b14-24765b7fdba7 req-5a3f3439-b8ee-4d2c-9b14-24765b7fdba7 ] Request (ImagesOneServerNegativeTestJSON:_run_cleanups): 200 GET http://10.180.1.21/compute/v2.1/servers/3ce0e9fd-70bc-490f-9414-aa830d2935f2 0.126s
2024-12-12 05:35:32.771 67501 INFO tempest.lib.common.rest_client [req-76050253-4fc9-4749-bf68-eab06b4b1aa4 req-76050253-4fc9-4749-bf68-eab06b4b1aa4 ] Request (AttachVolumeShelveTestJSON:setUpClass): 201 POST http://10.180.1.21/identity/v3/auth/tokens 0.088s
2024-12-12 05:35:32.805 67507 INFO tempest.lib.common.rest_client [req-46bc81ca-9d00-47c3-b7d3-568f5be303b5 req-46bc81ca-9d00-47c3-b7d3-568f5be303b5 ] Request (ImagesTestJSON:test_create_image_from_suspended_server): 200 GET http://10.180.1.21/compute/v2.1/servers/2d9b66a8-c542-43f0-96c7-c4e1cd8b8993 0.118s
2024-12-12 05:35:32.825 67529 INFO tempest.lib.common.rest_client [req-cbc2f40b-6acc-42b9-9998-5af2733342ac req-cbc2f40b-6acc-42b9-9998-5af2733342ac ] Request (DeleteServersTestJSON:test_delete_active_server): 200 GET http://10.180.1.21/compute/v2.1/servers/aab9dc43-9547-4246-be2e-3018436bc6a5 0.234s
2024-12-12 05:35:32.848 67521 INFO tempest.lib.common.rest_client [req-ec4ce633-f5ea-45a9-8e8f-c95585f1dcd8 req-ec4ce633-f5ea-45a9-8e8f-c95585f1dcd8 ] Request (ImagesOneServerTestJSON:test_create_delete_image): 200 GET http://10.180.1.21/compute/v2.1/images/9618bc09-34c0-47ab-a2d3-d0e551efe492 0.122s
2024-12-12 05:35:32.894 67499 INFO tempest.lib.common.rest_client [req-8b076400-4124-4c5a-b8a8-3cb2bdec75e0 req-8b076400-4124-4c5a-b8a8-3cb2bdec75e0 ] Request (ServerAddressesNegativeTestJSON:setUpClass): 200 GET http://10.180.1.21/compute/v2.1/servers/27d74d37-9c58-40af-997f-a576fd41c093 0.105s
2024-12-12 05:35:32.968 67493 INFO tempest.lib.common.rest_client [req-9b3ed592-e29c-4d2b-80ce-4a6da4f1170f req-9b3ed592-e29c-4d2b-80ce-4a6da4f1170f ] Request (ServersV294TestFqdnHostnames:setUpClass): 200 GET http://10.180.1.21/compute/v2.1/servers/f00074db-810e-4764-b001-4a7835629d01 0.116s
2024-12-12 05:35:32.975 67477 INFO tempest.lib.common.rest_client [req-3dc0747b-7f28-4a57-a596-909b81b3d6bd req-3dc0747b-7f28-4a57-a596-909b81b3d6bd ] Request (InstanceActionsNegativeTestJSON:setUpClass): 200 GET http://10.180.1.21/compute/v2.1/servers/0ee776e0-a7a8-4f71-ba22-3eae1920358e 0.182s
2024-12-12 05:35:33.018 67485 WARNING tempest.lib.common.ssh [-] Failed to establish authenticated ssh connection to cirros@10.180.180.206 ([Errno None] Unable to connect to port 22 on 10.180.180.206). Number attempts: 4. Retry after 5 seconds.: paramiko.ssh_exception.NoValidConnectionsError: [Errno None] Unable to connect to port 22 on 10.180.180.206
2024-12-12 05:35:33.027 67489 INFO tempest.lib.common.rest_client [req-731ec60c-585d-4b2e-b1eb-2a404b0290c1 req-731ec60c-585d-4b2e-b1eb-2a404b0290c1 ] Request (MigrationsAdminTest:test_resize_server_revert_deleted_flavor): 200 GET http://10.180.1.21/compute/v2.1/servers/1000d22c-18b0-47a5-bcfb-1f2af539412a 0.122s
2024-12-12 05:35:33.039 67513 INFO tempest.lib.common.rest_client [req-98262c84-c49a-4634-8778-838a197fc258 req-98262c84-c49a-4634-8778-838a197fc258 ] Request (ServersAaction247Test:test_create_backup): 200 GET http://10.180.1.21/compute/v2.1/servers/6d777ac5-f26e-4df0-9ce3-5b5f1f8977ee 0.163s
2024-12-12 05:35:33.094 67523 INFO tempest.lib.common.rest_client [req-1fe2a188-b24e-4cf8-9798-c41ab5ecea18 req-1fe2a188-b24e-4cf8-9798-c41ab5ecea18 ] Request (ServersTestJSON:setUpClass): 200 GET http://10.180.1.21/compute/v2.1/servers/242d685b-93b8-4b9c-8682-5cd3de2a8130 0.066s
2024-12-12 05:35:33.109 67501 INFO tempest.lib.common.rest_client [req-a71f5002-81f1-438b-b615-adeb676e5bc2 req-a71f5002-81f1-438b-b615-adeb676e5bc2 ] Request (AttachVolumeShelveTestJSON:setUpClass): 201 POST http://10.180.1.21:9696/networking/v2.0/networks 0.336s
2024-12-12 05:35:33.151 67511 INFO tempest.lib.common.rest_client [req-3771b65c-836f-4fcf-8ba5-54a1c5230e6c req-3771b65c-836f-4fcf-8ba5-54a1c5230e6c ] Request (ServersAdminTestJSON:test_inject_network_info): 200 GET http://10.180.1.21/compute/v2.1/servers/61db11a7-dc0e-4c69-8f59-a855ee1c0279 0.064s
2024-12-12 05:35:33.233 67473 INFO tempest.lib.common.rest_client [req-98345e58-de70-4ee3-acc1-6e6abc1f4acd req-98345e58-de70-4ee3-acc1-6e6abc1f4acd ] Request (ServersTestMultiNic:_run_cleanups): 200 GET http://10.180.1.21/compute/v2.1/servers/2a214e3c-a1a1-42f2-85aa-6e9b1f688ad1 0.074s
2024-12-12 05:35:33.271 67501 INFO tempest.lib.common.rest_client [req-054e11a4-815e-457f-b244-94a60b0156dc req-054e11a4-815e-457f-b244-94a60b0156dc ] Request (AttachVolumeShelveTestJSON:setUpClass): 201 POST http://10.180.1.21:9696/networking/v2.0/subnets 0.161s
2024-12-12 05:35:33.272 67503 INFO tempest.lib.common.rest_client [req-04e1e04d-db5e-4f3d-90ba-959bb88aad4a req-04e1e04d-db5e-4f3d-90ba-959bb88aad4a ] Request (ServerRescueTestJSON:test_rescue_unrescue_instance): 200 GET http://10.180.1.21/compute/v2.1/servers/ef827c35-7d3f-45da-9422-e058331ace32 0.064s
2024-12-12 05:35:33.303 67533 INFO tempest.lib.common.rest_client [req-e2acb7cf-999e-4f63-8333-be3d52290878 req-e2acb7cf-999e-4f63-8333-be3d52290878 ] Request (ListServerFiltersTestJSON:tearDownClass): 200 GET http://10.180.1.21/compute/v2.1/servers/777b46e5-e2b5-49eb-b5da-3a196c847477 0.083s
2024-12-12 05:35:33.486 67497 INFO tempest.lib.common.rest_client [req-e4b0caea-bda4-41bc-b6ef-95589d3bf309 req-e4b0caea-bda4-41bc-b6ef-95589d3bf309 ] Request (ServerDiskConfigTestJSON:test_rebuild_server_with_auto_disk_config): 200 GET http://10.180.1.21/compute/v2.1/servers/529dbacd-fe2a-4165-83fb-53a683996fc4 0.057s
2024-12-12 05:35:33.580 67519 WARNING tempest.lib.common.ssh [-] Failed to establish authenticated ssh connection to cirros@10.180.180.227 ([Errno None] Unable to connect to port 22 on 10.180.180.227). Number attempts: 4. Retry after 5 seconds.: paramiko.ssh_exception.NoValidConnectionsError: [Errno None] Unable to connect to port 22 on 10.180.180.227
2024-12-12 05:35:33.664 67487 INFO tempest.lib.common.rest_client [req-7444171b-7dce-4fc2-82ea-6a18b4ce93cf req-7444171b-7dce-4fc2-82ea-6a18b4ce93cf ] Request (ServerExternalEventsTest:tearDownClass): 200 GET http://10.180.1.21/compute/v2.1/servers/abc29cc9-d3d8-4a81-b8a5-ea416d4a1422 0.063s
2024-12-12 05:35:33.718 67517 INFO tempest.lib.common.rest_client [req-ae5963af-cdff-4cc7-af4a-153dd2f2a96f req-ae5963af-cdff-4cc7-af4a-153dd2f2a96f ] Request (ServersTestJSON:test_create_server_with_ipv6_addr_only): 200 GET http://10.180.1.21/compute/v2.1/servers/9a89f687-cafa-4f14-a45a-a6180dcf3d07 0.079s
2024-12-12 05:35:33.748 67491 INFO tempest.lib.common.rest_client [req-9c1ef55f-5e53-4cc8-93d5-bba69b0bbb72 req-9c1ef55f-5e53-4cc8-93d5-bba69b0bbb72 ] Request (ServerRescueTestJSONUnderV235:setUpClass): 200 GET http://10.180.1.21/compute/v2.1/servers/3bc08585-9a04-42c4-a43a-eaf076d98a82 0.172s
2024-12-12 05:35:33.775 67475 INFO tempest.lib.common.rest_client [req-0c13ea99-c914-46c5-b992-cde819fd4f6c req-0c13ea99-c914-46c5-b992-cde819fd4f6c ] Request (FloatingIPsAssociationTestJSON:test_associate_already_associated_floating_ip): 200 GET http://10.180.1.21/compute/v2.1/servers/1bc765b2-1b03-408d-9a59-fa597303cf1f 0.103s
2024-12-12 05:35:33.817 67483 INFO tempest.lib.common.rest_client [req-047a21ea-d155-4b56-b2b7-668b437a59a7 req-047a21ea-d155-4b56-b2b7-668b437a59a7 ] Request (InstanceActionsTestJSON:tearDownClass): 200 GET http://10.180.1.21/compute/v2.1/servers/7d1dd7af-2cf2-441f-b873-eae65e5f2d11 0.115s
2024-12-12 05:35:33.823 67525 INFO tempest.lib.common.rest_client [req-f7e75761-f0c2-4e27-a472-caeb373facb6 req-f7e75761-f0c2-4e27-a472-caeb373facb6 ] Request (ImagesOneServerNegativeTestJSON:_run_cleanups): 200 GET http://10.180.1.21/compute/v2.1/servers/3ce0e9fd-70bc-490f-9414-aa830d2935f2 0.064s
2024-12-12 05:35:33.872 67507 INFO tempest.lib.common.rest_client [req-e00dab10-eb18-4767-8580-1d5515ca8fe4 req-e00dab10-eb18-4767-8580-1d5515ca8fe4 ] Request (ImagesTestJSON:test_create_image_from_suspended_server): 200 GET http://10.180.1.21/compute/v2.1/servers/2d9b66a8-c542-43f0-96c7-c4e1cd8b8993 0.058s
2024-12-12 05:35:33.901 67529 INFO tempest.lib.common.rest_client [req-c4d122ad-39fb-4a61-ac32-fa40fdf09257 req-c4d122ad-39fb-4a61-ac32-fa40fdf09257 ] Request (DeleteServersTestJSON:test_delete_active_server): 200 GET http://10.180.1.21/compute/v2.1/servers/aab9dc43-9547-4246-be2e-3018436bc6a5 0.066s
2024-12-12 05:35:33.917 67521 INFO tempest.lib.common.rest_client [req-ac398c23-bc06-4773-88a1-e0c862059645 req-ac398c23-bc06-4773-88a1-e0c862059645 ] Request (ImagesOneServerTestJSON:test_create_delete_image): 200 GET http://10.180.1.21/compute/v2.1/images/9618bc09-34c0-47ab-a2d3-d0e551efe492 0.065s
2024-12-12 05:35:33.959 67499 INFO tempest.lib.common.rest_client [req-b88e95cd-1ead-499a-bbb3-c249c2180a8d req-b88e95cd-1ead-499a-bbb3-c249c2180a8d ] Request (ServerAddressesNegativeTestJSON:setUpClass): 200 GET http://10.180.1.21/compute/v2.1/servers/27d74d37-9c58-40af-997f-a576fd41c093 0.058s
2024-12-12 05:35:34.004 67501 INFO tempest.lib.common.rest_client [req-44faa2c3-32cc-4a92-853b-24918b25012b req-44faa2c3-32cc-4a92-853b-24918b25012b ] Request (AttachVolumeShelveTestJSON:setUpClass): 201 POST http://10.180.1.21:9696/networking/v2.0/routers 0.733s
2024-12-12 05:35:34.050 67493 INFO tempest.lib.common.rest_client [req-048c00fd-087a-4463-9ba7-3eef7ac5ca2f req-048c00fd-087a-4463-9ba7-3eef7ac5ca2f ] Request (ServersV294TestFqdnHostnames:setUpClass): 200 GET http://10.180.1.21/compute/v2.1/servers/f00074db-810e-4764-b001-4a7835629d01 0.072s
2024-12-12 05:35:34.102 67489 INFO tempest.lib.common.rest_client [req-bb32d04b-fd68-413d-b1c5-132c35c93e2c req-bb32d04b-fd68-413d-b1c5-132c35c93e2c ] Request (MigrationsAdminTest:test_resize_server_revert_deleted_flavor): 200 GET http://10.180.1.21/compute/v2.1/servers/1000d22c-18b0-47a5-bcfb-1f2af539412a 0.065s
2024-12-12 05:35:34.105 67477 INFO tempest.lib.common.rest_client [req-63d386f8-ede0-492b-a982-e1ced5f93362 req-63d386f8-ede0-492b-a982-e1ced5f93362 ] Request (InstanceActionsNegativeTestJSON:setUpClass): 200 GET http://10.180.1.21/compute/v2.1/servers/0ee776e0-a7a8-4f71-ba22-3eae1920358e 0.120s
2024-12-12 05:35:34.164 67523 INFO tempest.lib.common.rest_client [req-18a0d409-1468-4dd3-8aee-8ff592587dac req-18a0d409-1468-4dd3-8aee-8ff592587dac ] Request (ServersTestJSON:setUpClass): 200 GET http://10.180.1.21/compute/v2.1/servers/242d685b-93b8-4b9c-8682-5cd3de2a8130 0.063s
2024-12-12 05:35:34.176 67513 INFO tempest.lib.common.rest_client [req-5fd60cd1-813b-4389-8e4c-aefd3bd1b6d2 req-5fd60cd1-813b-4389-8e4c-aefd3bd1b6d2 ] Request (ServersAaction247Test:test_create_backup): 200 GET http://10.180.1.21/compute/v2.1/servers/6d777ac5-f26e-4df0-9ce3-5b5f1f8977ee 0.123s
2024-12-12 05:35:34.217 67511 INFO tempest.lib.common.rest_client [req-1eaa12b0-e038-4a30-b9b1-7f76e9d01f90 req-1eaa12b0-e038-4a30-b9b1-7f76e9d01f90 ] Request (ServersAdminTestJSON:test_inject_network_info): 200 GET http://10.180.1.21/compute/v2.1/servers/61db11a7-dc0e-4c69-8f59-a855ee1c0279 0.059s
2024-12-12 05:35:34.338 67503 INFO tempest.lib.common.rest_client [req-5e344b1f-837c-404d-8a1b-1296ef5c5c37 req-5e344b1f-837c-404d-8a1b-1296ef5c5c37 ] Request (ServerRescueTestJSON:test_rescue_unrescue_instance): 200 GET http://10.180.1.21/compute/v2.1/servers/ef827c35-7d3f-45da-9422-e058331ace32 0.057s
2024-12-12 05:35:34.344 67473 INFO tempest.lib.common.rest_client [req-51a2d0e6-5dcb-474d-9068-c7168cadfb32 req-51a2d0e6-5dcb-474d-9068-c7168cadfb32 ] Request (ServersTestMultiNic:_run_cleanups): 200 GET http://10.180.1.21/compute/v2.1/servers/2a214e3c-a1a1-42f2-85aa-6e9b1f688ad1 0.104s
2024-12-12 05:35:34.403 67533 INFO tempest.lib.common.rest_client [req-3fb8a520-1a29-4347-a77c-7099b0580c67 req-3fb8a520-1a29-4347-a77c-7099b0580c67 ] Request (ListServerFiltersTestJSON:tearDownClass): 200 GET http://10.180.1.21/compute/v2.1/servers/777b46e5-e2b5-49eb-b5da-3a196c847477 0.093s
2024-12-12 05:35:34.556 67497 INFO tempest.lib.common.rest_client [req-be2afab7-a79e-4078-9670-61cd734a5a42 req-be2afab7-a79e-4078-9670-61cd734a5a42 ] Request (ServerDiskConfigTestJSON:test_rebuild_server_with_auto_disk_config): 200 GET http://10.180.1.21/compute/v2.1/servers/529dbacd-fe2a-4165-83fb-53a683996fc4 0.062s
2024-12-12 05:35:34.754 67487 INFO tempest.lib.common.rest_client [req-28900530-09f2-492f-bf7a-b88d86ca82f8 req-28900530-09f2-492f-bf7a-b88d86ca82f8 ] Request (ServerExternalEventsTest:tearDownClass): 200 GET http://10.180.1.21/compute/v2.1/servers/abc29cc9-d3d8-4a81-b8a5-ea416d4a1422 0.079s
2024-12-12 05:35:34.809 67517 INFO tempest.lib.common.rest_client [req-c6b0551d-2175-466f-849f-5f8f50b4f9b0 req-c6b0551d-2175-466f-849f-5f8f50b4f9b0 ] Request (ServersTestJSON:test_create_server_with_ipv6_addr_only): 200 GET http://10.180.1.21/compute/v2.1/servers/9a89f687-cafa-4f14-a45a-a6180dcf3d07 0.084s
2024-12-12 05:35:34.868 67475 INFO tempest.lib.common.rest_client [req-c27d931c-59b5-4633-aa35-08bc729b3d08 req-c27d931c-59b5-4633-aa35-08bc729b3d08 ] Request (FloatingIPsAssociationTestJSON:test_associate_already_associated_floating_ip): 200 GET http://10.180.1.21/compute/v2.1/servers/1bc765b2-1b03-408d-9a59-fa597303cf1f 0.080s
2024-12-12 05:35:34.869 67491 INFO tempest.lib.common.rest_client [req-8c4284ca-b865-407d-a65b-37a4419a8f2f req-8c4284ca-b865-407d-a65b-37a4419a8f2f ] Request (ServerRescueTestJSONUnderV235:setUpClass): 200 GET http://10.180.1.21/compute/v2.1/servers/3bc08585-9a04-42c4-a43a-eaf076d98a82 0.108s
2024-12-12 05:35:34.920 67525 INFO tempest.lib.common.rest_client [req-f92ff1e7-9a95-4dae-88b6-af1f8801faf8 req-f92ff1e7-9a95-4dae-88b6-af1f8801faf8 ] Request (ImagesOneServerNegativeTestJSON:_run_cleanups): 200 GET http://10.180.1.21/compute/v2.1/servers/3ce0e9fd-70bc-490f-9414-aa830d2935f2 0.088s
2024-12-12 05:35:34.937 67483 INFO tempest.lib.common.rest_client [req-6e984d64-39e3-4640-bf92-e2ffc8c3b83d req-6e984d64-39e3-4640-bf92-e2ffc8c3b83d ] Request (InstanceActionsTestJSON:tearDownClass): 200 GET http://10.180.1.21/compute/v2.1/servers/7d1dd7af-2cf2-441f-b873-eae65e5f2d11 0.110s
2024-12-12 05:35:34.952 67501 INFO tempest.lib.common.rest_client [req-616e826a-0fa2-42cb-953a-80f3c8e6453b req-616e826a-0fa2-42cb-953a-80f3c8e6453b ] Request (AttachVolumeShelveTestJSON:setUpClass): 200 PUT http://10.180.1.21:9696/networking/v2.0/routers/12a8620a-c78c-49c0-8de1-273e516cb62c/add_router_interface 0.947s
2024-12-12 05:35:34.953 67501 INFO tempest.lib.common.dynamic_creds [-] Created isolated network resources for: credentials: Credentials: {'domain_id': 'default', 'domain_name': 'Default', 'username': 'tempest-AttachVolumeShelveTestJSON-1725463944-project-member', 'project_domain_id': 'default', 'project_domain_name': 'Default', 'project_id': '27a8d348da8c46b2bc82dcbc19e03fae', 'project_name': 'tempest-AttachVolumeShelveTestJSON-1725463944', 'tenant_id': '27a8d348da8c46b2bc82dcbc19e03fae', 'tenant_name': 'tempest-AttachVolumeShelveTestJSON-1725463944', 'user_domain_id': 'default', 'user_domain_name': 'Default', 'user_id': '58cad35208d14dc2b885c7d96722536a', 'system': None}, Network: {'id': 'd5634d69-8ed2-4d9f-a9da-2697195f10d2', 'name': 'tempest-AttachVolumeShelveTestJSON-872178641-network', 'tenant_id': '27a8d348da8c46b2bc82dcbc19e03fae', 'admin_state_up': True, 'mtu': 8950, 'status': 'ACTIVE', 'subnets': [], 'shared': False, 'project_id': '27a8d348da8c46b2bc82dcbc19e03fae', 'port_security_enabled': True, 'router:external': False, 'provider:network_type': 'vlan', 'provider:physical_network': 'default', 'provider:segmentation_id': 230, 'availability_zone_hints': [], 'availability_zones': [], 'ipv4_address_scope': None, 'ipv6_address_scope': None, 'description': '', 'tags': [], 'created_at': '2024-12-12T05:35:33Z', 'updated_at': '2024-12-12T05:35:33Z', 'revision_number': 1}, Subnet: {'id': 'bb169ba3-1d59-4677-9112-34ec35816bc9', 'name': 'tempest-AttachVolumeShelveTestJSON-872178641-subnet', 'tenant_id': '27a8d348da8c46b2bc82dcbc19e03fae', 'network_id': 'd5634d69-8ed2-4d9f-a9da-2697195f10d2', 'ip_version': 4, 'subnetpool_id': None, 'enable_dhcp': True, 'ipv6_ra_mode': None, 'ipv6_address_mode': None, 'gateway_ip': '192.168.128.1', 'cidr': '192.168.128.0/28', 'allocation_pools': [{'start': '192.168.128.2', 'end': '192.168.128.14'}], 'host_routes': [], 'dns_nameservers': [], 'description': '', 'router:external': False, 'service_types': [], 'tags': [], 'created_at': '2024-12-12T05:35:33Z', 'updated_at': '2024-12-12T05:35:33Z', 'revision_number': 0, 'project_id': '27a8d348da8c46b2bc82dcbc19e03fae'}, Router: {'id': '12a8620a-c78c-49c0-8de1-273e516cb62c', 'name': 'tempest-AttachVolumeShelveTestJSON-872178641-router', 'tenant_id': '27a8d348da8c46b2bc82dcbc19e03fae', 'admin_state_up': True, 'status': 'ACTIVE', 'external_gateway_info': {'network_id': 'd565a8e0-ac88-4c03-acbb-11ad815f8477', 'external_fixed_ips': [{'subnet_id': '30f52916-63d7-4b6e-806c-d9aca2dad22e', 'ip_address': '10.180.180.163'}], 'enable_snat': True}, 'description': '', 'availability_zones': [], 'distributed': False, 'ha': False, 'availability_zone_hints': [], 'routes': [], 'flavor_id': None, 'tags': [], 'created_at': '2024-12-12T05:35:33Z', 'updated_at': '2024-12-12T05:35:33Z', 'revision_number': 2, 'project_id': '27a8d348da8c46b2bc82dcbc19e03fae'}
2024-12-12 05:35:34.986 67507 INFO tempest.lib.common.rest_client [req-e60cab5d-b387-4278-be8e-495fb2910549 req-e60cab5d-b387-4278-be8e-495fb2910549 ] Request (ImagesTestJSON:test_create_image_from_suspended_server): 200 GET http://10.180.1.21/compute/v2.1/servers/2d9b66a8-c542-43f0-96c7-c4e1cd8b8993 0.095s
2024-12-12 05:35:35.002 67529 INFO tempest.lib.common.rest_client [req-da3da90c-9405-4867-8071-c62c1481b482 req-da3da90c-9405-4867-8071-c62c1481b482 ] Request (DeleteServersTestJSON:test_delete_active_server): 200 GET http://10.180.1.21/compute/v2.1/servers/aab9dc43-9547-4246-be2e-3018436bc6a5 0.089s
2024-12-12 05:35:35.012 67529 INFO tempest.common.waiters [-] State transition "ACTIVE/deleting" ==> "DELETED/None" after 5 second wait
2024-12-12 05:35:35.028 67521 INFO tempest.lib.common.rest_client [req-ba537cc3-fb70-46bb-9e08-6ba2a1562199 req-ba537cc3-fb70-46bb-9e08-6ba2a1562199 ] Request (ImagesOneServerTestJSON:test_create_delete_image): 200 GET http://10.180.1.21/compute/v2.1/images/9618bc09-34c0-47ab-a2d3-d0e551efe492 0.104s
2024-12-12 05:35:35.037 67501 INFO tempest.lib.common.rest_client [req-69ca8b53-f7d2-4683-95d2-fa36319bba1c req-69ca8b53-f7d2-4683-95d2-fa36319bba1c ] Request (AttachVolumeShelveTestJSON:setUpClass): 201 POST http://10.180.1.21/identity/v3/auth/tokens 0.081s
2024-12-12 05:35:35.053 67499 INFO tempest.lib.common.rest_client [req-2c285f87-e899-4547-a2f6-8454e98cf93d req-2c285f87-e899-4547-a2f6-8454e98cf93d ] Request (ServerAddressesNegativeTestJSON:setUpClass): 200 GET http://10.180.1.21/compute/v2.1/servers/27d74d37-9c58-40af-997f-a576fd41c093 0.088s
2024-12-12 05:35:35.115 67493 INFO tempest.lib.common.rest_client [req-147124b9-c3af-4741-a943-b523db8cb8c9 req-147124b9-c3af-4741-a943-b523db8cb8c9 ] Request (ServersV294TestFqdnHostnames:setUpClass): 200 GET http://10.180.1.21/compute/v2.1/servers/f00074db-810e-4764-b001-4a7835629d01 0.056s
2024-12-12 05:35:35.146 67501 INFO tempest.lib.common.rest_client [req-9c10ee5e-320f-4c73-bb33-edf5349e816e req-9c10ee5e-320f-4c73-bb33-edf5349e816e ] Request (ValidationResourcesFixture:setUp): 201 POST http://10.180.1.21/compute/v2.1/os-keypairs 0.107s
2024-12-12 05:35:35.167 67489 INFO tempest.lib.common.rest_client [req-08df9d03-de71-4f21-9fa9-dc3ed67a9dce req-08df9d03-de71-4f21-9fa9-dc3ed67a9dce ] Request (MigrationsAdminTest:test_resize_server_revert_deleted_flavor): 200 GET http://10.180.1.21/compute/v2.1/servers/1000d22c-18b0-47a5-bcfb-1f2af539412a 0.054s
2024-12-12 05:35:35.228 67523 INFO tempest.lib.common.rest_client [req-c527507a-f1a5-4da2-bfb6-a4942cf2f8d1 req-c527507a-f1a5-4da2-bfb6-a4942cf2f8d1 ] Request (ServersTestJSON:setUpClass): 200 GET http://10.180.1.21/compute/v2.1/servers/242d685b-93b8-4b9c-8682-5cd3de2a8130 0.054s
2024-12-12 05:35:35.285 67477 INFO tempest.lib.common.rest_client [req-82ed2777-f9ce-450a-b8ab-89ae688f019b req-82ed2777-f9ce-450a-b8ab-89ae688f019b ] Request (InstanceActionsNegativeTestJSON:setUpClass): 200 GET http://10.180.1.21/compute/v2.1/servers/0ee776e0-a7a8-4f71-ba22-3eae1920358e 0.169s
2024-12-12 05:35:35.291 67477 INFO tempest.common.waiters [-] State transition "BUILD/spawning" ==> "ACTIVE/None" after 79 second wait
2024-12-12 05:35:35.292 67513 INFO tempest.lib.common.rest_client [req-2d55a443-c8cb-4c50-9207-b18aa9bbc904 req-2d55a443-c8cb-4c50-9207-b18aa9bbc904 ] Request (ServersAaction247Test:test_create_backup): 200 GET http://10.180.1.21/compute/v2.1/servers/6d777ac5-f26e-4df0-9ce3-5b5f1f8977ee 0.108s
2024-12-12 05:35:35.314 67501 INFO tempest.lib.common.rest_client [req-cba63d2f-f465-4954-88f4-2372ca423848 req-cba63d2f-f465-4954-88f4-2372ca423848 ] Request (ValidationResourcesFixture:setUp): 201 POST http://10.180.1.21:9696/networking/v2.0/security-groups 0.166s
2024-12-12 05:35:35.331 67477 INFO tempest.lib.common.rest_client [req-5d61963e-3982-44e8-adbd-1b33cef4d61a req-5d61963e-3982-44e8-adbd-1b33cef4d61a ] Request (InstanceActionsNegativeTestJSON:test_get_instance_action_invalid_request): 404 GET http://10.180.1.21/compute/v2.1/servers/0ee776e0-a7a8-4f71-ba22-3eae1920358e/os-instance-actions/999 0.039s
2024-12-12 05:35:35.345 67477 INFO tempest.lib.common.rest_client [req-035b27be-1133-4217-9fd3-f64df75d00f1 req-035b27be-1133-4217-9fd3-f64df75d00f1 ] Request (InstanceActionsNegativeTestJSON:test_list_instance_actions_non_existent_server): 404 GET http://10.180.1.21/compute/v2.1/servers/5cb33d1f-68ed-4df4-945e-d74fb2710d1a/os-instance-actions 0.012s
2024-12-12 05:35:35.356 67511 INFO tempest.lib.common.rest_client [req-29c15dcc-ad15-4449-9463-7f40d36172e6 req-29c15dcc-ad15-4449-9463-7f40d36172e6 ] Request (ServersAdminTestJSON:test_inject_network_info): 200 GET http://10.180.1.21/compute/v2.1/servers/61db11a7-dc0e-4c69-8f59-a855ee1c0279 0.131s
2024-12-12 05:35:35.398 67501 INFO tempest.lib.common.rest_client [req-fdeabc83-cc1a-41d0-a442-5b315d7acef3 req-fdeabc83-cc1a-41d0-a442-5b315d7acef3 ] Request (ValidationResourcesFixture:setUp): 201 POST http://10.180.1.21:9696/networking/v2.0/security-group-rules 0.084s
2024-12-12 05:35:35.404 67503 INFO tempest.lib.common.rest_client [req-cffbac28-4e2b-4fdc-a736-5a09d8d385dc req-cffbac28-4e2b-4fdc-a736-5a09d8d385dc ] Request (ServerRescueTestJSON:test_rescue_unrescue_instance): 200 GET http://10.180.1.21/compute/v2.1/servers/ef827c35-7d3f-45da-9422-e058331ace32 0.056s
2024-12-12 05:35:35.450 67477 INFO tempest.lib.common.rest_client [req-e28f30d9-1ff6-4b2c-9794-dd75adb8c7da req-e28f30d9-1ff6-4b2c-9794-dd75adb8c7da ] Request (InstanceActionsNegativeTestJSON:tearDownClass): 204 DELETE http://10.180.1.21/compute/v2.1/servers/0ee776e0-a7a8-4f71-ba22-3eae1920358e 0.099s
2024-12-12 05:35:35.482 67473 INFO tempest.lib.common.rest_client [req-8571803a-c694-4d22-a9e8-cc359c7e5dc9 req-8571803a-c694-4d22-a9e8-cc359c7e5dc9 ] Request (ServersTestMultiNic:_run_cleanups): 200 GET http://10.180.1.21/compute/v2.1/servers/2a214e3c-a1a1-42f2-85aa-6e9b1f688ad1 0.127s
2024-12-12 05:35:35.512 67501 INFO tempest.lib.common.rest_client [req-6ee04216-a369-4fda-8456-c78af7821d5c req-6ee04216-a369-4fda-8456-c78af7821d5c ] Request (ValidationResourcesFixture:setUp): 201 POST http://10.180.1.21:9696/networking/v2.0/security-group-rules 0.114s
2024-12-12 05:35:35.517 67533 INFO tempest.lib.common.rest_client [req-87faba68-93ab-49f7-9a09-401953523d59 req-87faba68-93ab-49f7-9a09-401953523d59 ] Request (ListServerFiltersTestJSON:tearDownClass): 200 GET http://10.180.1.21/compute/v2.1/servers/777b46e5-e2b5-49eb-b5da-3a196c847477 0.108s
2024-12-12 05:35:35.594 67477 INFO tempest.lib.common.rest_client [req-8c6491c6-9d80-4581-b508-2564fb37965a req-8c6491c6-9d80-4581-b508-2564fb37965a ] Request (InstanceActionsNegativeTestJSON:tearDownClass): 200 GET http://10.180.1.21/compute/v2.1/servers/0ee776e0-a7a8-4f71-ba22-3eae1920358e 0.144s
2024-12-12 05:35:35.623 67497 INFO tempest.lib.common.rest_client [req-d5296848-ca5a-4fd8-a7d1-9e35d4131359 req-d5296848-ca5a-4fd8-a7d1-9e35d4131359 ] Request (ServerDiskConfigTestJSON:test_rebuild_server_with_auto_disk_config): 200 GET http://10.180.1.21/compute/v2.1/servers/529dbacd-fe2a-4165-83fb-53a683996fc4 0.054s
2024-12-12 05:35:35.835 67487 INFO tempest.lib.common.rest_client [req-3b4b5a0d-4f84-4963-8aaf-699c6600e3b1 req-3b4b5a0d-4f84-4963-8aaf-699c6600e3b1 ] Request (ServerExternalEventsTest:tearDownClass): 200 GET http://10.180.1.21/compute/v2.1/servers/abc29cc9-d3d8-4a81-b8a5-ea416d4a1422 0.070s
2024-12-12 05:35:35.879 67517 INFO tempest.lib.common.rest_client [req-cafbcc1f-54ae-4f74-aaaa-fb12d5a0976a req-cafbcc1f-54ae-4f74-aaaa-fb12d5a0976a ] Request (ServersTestJSON:test_create_server_with_ipv6_addr_only): 200 GET http://10.180.1.21/compute/v2.1/servers/9a89f687-cafa-4f14-a45a-a6180dcf3d07 0.062s
2024-12-12 05:35:35.900 67501 INFO tempest.lib.common.rest_client [req-95b0a13d-2c77-4ccd-8fd8-bc4f3e1d0068 req-95b0a13d-2c77-4ccd-8fd8-bc4f3e1d0068 ] Request (ValidationResourcesFixture:setUp): 201 POST http://10.180.1.21:9696/networking/v2.0/floatingips 0.387s
2024-12-12 05:35:35.927 67475 INFO tempest.lib.common.rest_client [req-37ea96d4-0a4d-4f84-a1ac-54c9f5bb5619 req-37ea96d4-0a4d-4f84-a1ac-54c9f5bb5619 ] Request (FloatingIPsAssociationTestJSON:test_associate_already_associated_floating_ip): 200 GET http://10.180.1.21/compute/v2.1/servers/1bc765b2-1b03-408d-9a59-fa597303cf1f 0.050s
2024-12-12 05:35:35.945 67501 INFO tempest.lib.common.rest_client [req-38872665-0527-435d-a6cd-57858dd8e34b req-38872665-0527-435d-a6cd-57858dd8e34b ] Request (AttachVolumeShelveTestJSON:test_attach_volume_shelved_or_offload_server): 201 POST http://10.180.1.21/identity/v3/auth/tokens 0.042s
2024-12-12 05:35:35.946 67501 INFO tempest.lib.common.fixed_network [-] (AttachVolumeShelveTestJSON:test_attach_volume_shelved_or_offload_server) Found network {'id': 'd5634d69-8ed2-4d9f-a9da-2697195f10d2', 'name': 'tempest-AttachVolumeShelveTestJSON-872178641-network', 'tenant_id': '27a8d348da8c46b2bc82dcbc19e03fae', 'admin_state_up': True, 'mtu': 8950, 'status': 'ACTIVE', 'subnets': [], 'shared': False, 'project_id': '27a8d348da8c46b2bc82dcbc19e03fae', 'port_security_enabled': True, 'router:external': False, 'provider:network_type': 'vlan', 'provider:physical_network': 'default', 'provider:segmentation_id': 230, 'availability_zone_hints': [], 'availability_zones': [], 'ipv4_address_scope': None, 'ipv6_address_scope': None, 'description': '', 'tags': [], 'created_at': '2024-12-12T05:35:33Z', 'updated_at': '2024-12-12T05:35:33Z', 'revision_number': 1} available for tenant
2024-12-12 05:35:35.981 67525 INFO tempest.lib.common.rest_client [req-330b3159-1a09-41e0-a735-e8f66a30f522 req-330b3159-1a09-41e0-a735-e8f66a30f522 ] Request (ImagesOneServerNegativeTestJSON:_run_cleanups): 200 GET http://10.180.1.21/compute/v2.1/servers/3ce0e9fd-70bc-490f-9414-aa830d2935f2 0.052s
2024-12-12 05:35:36.029 67491 INFO tempest.lib.common.rest_client [req-e8cc18a7-265b-4ed8-b274-f459fae17990 req-e8cc18a7-265b-4ed8-b274-f459fae17990 ] Request (ServerRescueTestJSONUnderV235:setUpClass): 200 GET http://10.180.1.21/compute/v2.1/servers/3bc08585-9a04-42c4-a43a-eaf076d98a82 0.152s
2024-12-12 05:35:36.051 67483 INFO tempest.lib.common.rest_client [req-6fa68a0b-2447-4626-9cb4-4ee8fe652697 req-6fa68a0b-2447-4626-9cb4-4ee8fe652697 ] Request (InstanceActionsTestJSON:tearDownClass): 200 GET http://10.180.1.21/compute/v2.1/servers/7d1dd7af-2cf2-441f-b873-eae65e5f2d11 0.107s
2024-12-12 05:35:36.101 67507 INFO tempest.lib.common.rest_client [req-19b275bd-c949-46cd-9e0d-81cb2905de2a req-19b275bd-c949-46cd-9e0d-81cb2905de2a ] Request (ImagesTestJSON:test_create_image_from_suspended_server): 200 GET http://10.180.1.21/compute/v2.1/servers/2d9b66a8-c542-43f0-96c7-c4e1cd8b8993 0.107s
2024-12-12 05:35:36.155 67529 INFO tempest.lib.common.rest_client [req-af54da9c-a408-4cf2-8a99-399fbe387653 req-af54da9c-a408-4cf2-8a99-399fbe387653 ] Request (DeleteServersTestJSON:test_delete_active_server): 200 GET http://10.180.1.21/compute/v2.1/servers/aab9dc43-9547-4246-be2e-3018436bc6a5 0.142s
2024-12-12 05:35:36.191 67521 INFO tempest.lib.common.rest_client [req-cb1caffb-316f-4791-a1fc-f507d5207207 req-cb1caffb-316f-4791-a1fc-f507d5207207 ] Request (ImagesOneServerTestJSON:test_create_delete_image): 200 GET http://10.180.1.21/compute/v2.1/images/9618bc09-34c0-47ab-a2d3-d0e551efe492 0.159s
2024-12-12 05:35:36.242 67499 INFO tempest.lib.common.rest_client [req-bf1de05a-27d9-4c4d-b1cb-0a6bf658b70f req-bf1de05a-27d9-4c4d-b1cb-0a6bf658b70f ] Request (ServerAddressesNegativeTestJSON:setUpClass): 200 GET http://10.180.1.21/compute/v2.1/servers/27d74d37-9c58-40af-997f-a576fd41c093 0.182s
2024-12-12 05:35:36.305 67493 INFO tempest.lib.common.rest_client [req-45f225dd-028c-4751-8af0-99899a245054 req-45f225dd-028c-4751-8af0-99899a245054 ] Request (ServersV294TestFqdnHostnames:setUpClass): 200 GET http://10.180.1.21/compute/v2.1/servers/f00074db-810e-4764-b001-4a7835629d01 0.176s
2024-12-12 05:35:36.356 67528 WARNING tempest.lib.common.ssh [-] Failed to establish authenticated ssh connection to cirros@10.180.180.210 ([Errno None] Unable to connect to port 22 on 10.180.180.210). Number attempts: 6. Retry after 7 seconds.: paramiko.ssh_exception.NoValidConnectionsError: [Errno None] Unable to connect to port 22 on 10.180.180.210
2024-12-12 05:35:36.375 67489 INFO tempest.lib.common.rest_client [req-29867132-ee11-4121-bea5-40db5d1a0744 req-29867132-ee11-4121-bea5-40db5d1a0744 ] Request (MigrationsAdminTest:test_resize_server_revert_deleted_flavor): 200 GET http://10.180.1.21/compute/v2.1/servers/1000d22c-18b0-47a5-bcfb-1f2af539412a 0.202s
2024-12-12 05:35:36.423 67523 INFO tempest.lib.common.rest_client [req-f4f75961-b6b9-4ca5-a79e-381742b8fcfe req-f4f75961-b6b9-4ca5-a79e-381742b8fcfe ] Request (ServersTestJSON:setUpClass): 200 GET http://10.180.1.21/compute/v2.1/servers/242d685b-93b8-4b9c-8682-5cd3de2a8130 0.184s
2024-12-12 05:35:36.437 67501 INFO tempest.lib.common.rest_client [req-7267f657-dba2-4620-a6e6-29771f0d54bc req-7267f657-dba2-4620-a6e6-29771f0d54bc ] Request (AttachVolumeShelveTestJSON:test_attach_volume_shelved_or_offload_server): 202 POST http://10.180.1.21/compute/v2.1/servers 0.490s
2024-12-12 05:35:36.486 67513 INFO tempest.lib.common.rest_client [req-8a6d5d3a-76e3-4377-8505-2031391e5ccd req-8a6d5d3a-76e3-4377-8505-2031391e5ccd ] Request (ServersAaction247Test:test_create_backup): 200 GET http://10.180.1.21/compute/v2.1/servers/6d777ac5-f26e-4df0-9ce3-5b5f1f8977ee 0.184s
2024-12-12 05:35:36.499 67511 INFO tempest.lib.common.rest_client [req-518d2156-bcbd-4b2c-8efc-588510732771 req-518d2156-bcbd-4b2c-8efc-588510732771 ] Request (ServersAdminTestJSON:test_inject_network_info): 200 GET http://10.180.1.21/compute/v2.1/servers/61db11a7-dc0e-4c69-8f59-a855ee1c0279 0.137s
2024-12-12 05:35:36.542 67503 INFO tempest.lib.common.rest_client [req-db3b06f3-fdbb-4d0a-86a3-78f583d07de2 req-db3b06f3-fdbb-4d0a-86a3-78f583d07de2 ] Request (ServerRescueTestJSON:test_rescue_unrescue_instance): 200 GET http://10.180.1.21/compute/v2.1/servers/ef827c35-7d3f-45da-9422-e058331ace32 0.129s
2024-12-12 05:35:36.552 67501 INFO tempest.lib.common.rest_client [req-657e34e2-d103-45f7-b4b6-ee36167785ce req-657e34e2-d103-45f7-b4b6-ee36167785ce ] Request (AttachVolumeShelveTestJSON:test_attach_volume_shelved_or_offload_server): 200 GET http://10.180.1.21/compute/v2.1/servers/6db8cf55-cabf-406e-a09d-3f0f6d7825f1 0.113s
2024-12-12 05:35:36.563 67473 INFO tempest.lib.common.rest_client [req-f8732ba0-4c6b-4c32-b8c4-6753947b8014 req-f8732ba0-4c6b-4c32-b8c4-6753947b8014 ] Request (ServersTestMultiNic:_run_cleanups): 404 GET http://10.180.1.21/compute/v2.1/servers/2a214e3c-a1a1-42f2-85aa-6e9b1f688ad1 0.074s
2024-12-12 05:35:36.639 67533 INFO tempest.lib.common.rest_client [req-01c1906d-044c-45bd-b861-3110abdc2aca req-01c1906d-044c-45bd-b861-3110abdc2aca ] Request (ListServerFiltersTestJSON:tearDownClass): 200 GET http://10.180.1.21/compute/v2.1/servers/777b46e5-e2b5-49eb-b5da-3a196c847477 0.113s
2024-12-12 05:35:36.702 67497 INFO tempest.lib.common.rest_client [req-097445f2-e6aa-4a97-8ddb-d19a42b965cb req-097445f2-e6aa-4a97-8ddb-d19a42b965cb ] Request (ServerDiskConfigTestJSON:test_rebuild_server_with_auto_disk_config): 200 GET http://10.180.1.21/compute/v2.1/servers/529dbacd-fe2a-4165-83fb-53a683996fc4 0.071s
2024-12-12 05:35:36.791 67473 INFO tempest.lib.common.rest_client [req-32edcd21-8b09-4f9d-9241-f4285dbcbfe2 req-32edcd21-8b09-4f9d-9241-f4285dbcbfe2 ] Request (ServersTestMultiNic:_run_cleanups): 204 DELETE http://10.180.1.21:9696/networking/v2.0/subnets/69abbda0-5e4d-49d1-b3a9-cebc46bf1517 0.227s
2024-12-12 05:35:36.807 67477 INFO tempest.lib.common.rest_client [req-d3167c4c-3ff7-495e-9b05-14b5c86ccd2f req-d3167c4c-3ff7-495e-9b05-14b5c86ccd2f ] Request (InstanceActionsNegativeTestJSON:tearDownClass): 200 GET http://10.180.1.21/compute/v2.1/servers/0ee776e0-a7a8-4f71-ba22-3eae1920358e 0.203s
2024-12-12 05:35:36.908 67487 INFO tempest.lib.common.rest_client [req-c85247df-5ed5-4f53-a4b9-5ca6efa96347 req-c85247df-5ed5-4f53-a4b9-5ca6efa96347 ] Request (ServerExternalEventsTest:tearDownClass): 200 GET http://10.180.1.21/compute/v2.1/servers/abc29cc9-d3d8-4a81-b8a5-ea416d4a1422 0.066s
2024-12-12 05:35:36.949 67517 INFO tempest.lib.common.rest_client [req-560dd05e-8e98-457d-8202-c635f336f0bd req-560dd05e-8e98-457d-8202-c635f336f0bd ] Request (ServersTestJSON:test_create_server_with_ipv6_addr_only): 200 GET http://10.180.1.21/compute/v2.1/servers/9a89f687-cafa-4f14-a45a-a6180dcf3d07 0.062s
2024-12-12 05:35:36.958 67517 INFO tempest.common.waiters [-] State transition "BUILD/scheduling" ==> "BUILD/None" after 30 second wait
2024-12-12 05:35:36.990 67475 INFO tempest.lib.common.rest_client [req-7bd94ed9-f2b6-4168-aec7-9d0264798311 req-7bd94ed9-f2b6-4168-aec7-9d0264798311 ] Request (FloatingIPsAssociationTestJSON:test_associate_already_associated_floating_ip): 200 GET http://10.180.1.21/compute/v2.1/servers/1bc765b2-1b03-408d-9a59-fa597303cf1f 0.055s
2024-12-12 05:35:37.056 67525 INFO tempest.lib.common.rest_client [req-8b70a9c4-2982-4f46-a8b9-56a8b07b73a8 req-8b70a9c4-2982-4f46-a8b9-56a8b07b73a8 ] Request (ImagesOneServerNegativeTestJSON:_run_cleanups): 200 GET http://10.180.1.21/compute/v2.1/servers/3ce0e9fd-70bc-490f-9414-aa830d2935f2 0.066s
2024-12-12 05:35:37.088 67473 INFO tempest.lib.common.rest_client [req-eae455a2-ace8-4a1a-804a-f393fc57a287 req-eae455a2-ace8-4a1a-804a-f393fc57a287 ] Request (ServersTestMultiNic:_run_cleanups): 204 DELETE http://10.180.1.21:9696/networking/v2.0/networks/8d38f926-6fc2-4a36-b2b8-d39232236a27 0.296s
2024-12-12 05:35:37.130 67483 INFO tempest.lib.common.rest_client [req-9e8f93e0-93da-4037-bd17-45ecfc3795f3 req-9e8f93e0-93da-4037-bd17-45ecfc3795f3 ] Request (InstanceActionsTestJSON:tearDownClass): 200 GET http://10.180.1.21/compute/v2.1/servers/7d1dd7af-2cf2-441f-b873-eae65e5f2d11 0.071s
2024-12-12 05:35:37.171 67491 INFO tempest.lib.common.rest_client [req-9fb43111-aa69-4a92-a3d1-f7e8a8e3a693 req-9fb43111-aa69-4a92-a3d1-f7e8a8e3a693 ] Request (ServerRescueTestJSONUnderV235:setUpClass): 200 GET http://10.180.1.21/compute/v2.1/servers/3bc08585-9a04-42c4-a43a-eaf076d98a82 0.135s
2024-12-12 05:35:37.186 67507 INFO tempest.lib.common.rest_client [req-91a4e2b6-40a1-4925-85cf-d2c15c42dd53 req-91a4e2b6-40a1-4925-85cf-d2c15c42dd53 ] Request (ImagesTestJSON:test_create_image_from_suspended_server): 200 GET http://10.180.1.21/compute/v2.1/servers/2d9b66a8-c542-43f0-96c7-c4e1cd8b8993 0.078s
2024-12-12 05:35:37.232 67529 INFO tempest.lib.common.rest_client [req-51809bb7-a7d5-4834-b637-a4eb7874b1bf req-51809bb7-a7d5-4834-b637-a4eb7874b1bf ] Request (DeleteServersTestJSON:test_delete_active_server): 200 GET http://10.180.1.21/compute/v2.1/servers/aab9dc43-9547-4246-be2e-3018436bc6a5 0.070s
2024-12-12 05:35:37.235 67521 INFO tempest.lib.common.rest_client [req-97809c64-c44b-406c-af17-709fa170b941 req-97809c64-c44b-406c-af17-709fa170b941 ] Request (ImagesOneServerTestJSON:test_create_delete_image): 200 GET http://10.180.1.21/compute/v2.1/images/9618bc09-34c0-47ab-a2d3-d0e551efe492 0.041s
