2024-12-12 05:34:50.985 67528 INFO tempest.lib.common.rest_client [req-bf6d7404-bf2c-4466-a182-9cd5653e381d req-bf6d7404-bf2c-4466-a182-9cd5653e381d ] Request (ServersTestBootFromVolume:setUpClass): 200 GET http://10.180.1.21/compute/v2.1/servers/7369a4ba-3b07-4b71-a7ad-6dd77e57880d 0.051s
2024-12-12 05:34:51.040 67503 INFO tempest.lib.common.rest_client [req-5ea3e37e-f1f0-487a-977c-2c2085df376e req-5ea3e37e-f1f0-487a-977c-2c2085df376e ] Request (ServerRescueTestJSON:test_rescue_unrescue_instance): 200 GET http://10.180.1.21/compute/v2.1/servers/ef827c35-7d3f-45da-9422-e058331ace32 0.050s
2024-12-12 05:34:51.088 67487 INFO tempest.lib.common.rest_client [req-6a01d2f6-7c30-4a43-9ba4-096bf044d588 req-6a01d2f6-7c30-4a43-9ba4-096bf044d588 ] Request (ServerExternalEventsTest:test_create_server_external_events): 200 GET http://10.180.1.21/compute/v2.1/servers/abc29cc9-d3d8-4a81-b8a5-ea416d4a1422 0.066s
2024-12-12 05:34:51.093 67489 INFO tempest.lib.common.rest_client [req-6b616068-2e46-4803-8af7-03991e674e70 req-6b616068-2e46-4803-8af7-03991e674e70 ] Request (MigrationsAdminTest:test_list_migrations_in_flavor_resize_situation): 200 GET http://10.180.1.21/compute/v2.1/servers/ebd0c4e7-c729-4b39-b675-fa0868b82a83 0.127s
2024-12-12 05:34:51.139 67483 INFO tempest.lib.common.rest_client [req-6a4a4396-5a89-4a6e-8b9e-352c3c7544fd req-6a4a4396-5a89-4a6e-8b9e-352c3c7544fd ] Request (InstanceActionsTestJSON:setUpClass): 200 GET http://10.180.1.21/compute/v2.1/servers/7d1dd7af-2cf2-441f-b873-eae65e5f2d11 0.068s
2024-12-12 05:34:51.196 67511 INFO tempest.lib.common.rest_client [req-6d0c144c-8345-4ca4-a76c-0dcfd609adf7 req-6d0c144c-8345-4ca4-a76c-0dcfd609adf7 ] Request (ServersAdminTestJSON:test_create_server_with_scheduling_hint): 200 GET http://10.180.1.21/compute/v2.1/servers/dd4ad2de-fcb0-4147-83d1-0e62e8f3b73c 0.108s
2024-12-12 05:34:51.198 67533 INFO tempest.lib.common.rest_client [req-014933af-a634-4db4-8f42-e97e70d486d1 req-014933af-a634-4db4-8f42-e97e70d486d1 ] Request (ListServerFiltersTestJSON:tearDownClass): 200 GET http://10.180.1.21/compute/v2.1/servers/13ca0d44-e4a9-462e-878c-25ea8641f2b5 0.073s
2024-12-12 05:34:51.255 67497 INFO tempest.lib.common.rest_client [req-9ff8b3a2-d0e5-4318-bf47-b9369422589e req-9ff8b3a2-d0e5-4318-bf47-b9369422589e ] Request (ServerDiskConfigTestJSON:test_rebuild_server_with_auto_disk_config): 200 GET http://10.180.1.21/compute/v2.1/servers/529dbacd-fe2a-4165-83fb-53a683996fc4 0.084s
2024-12-12 05:34:51.258 67529 INFO tempest.lib.common.rest_client [req-8bacd8f5-a19c-4450-9b9b-a298f2b3259d req-8bacd8f5-a19c-4450-9b9b-a298f2b3259d ] Request (DeleteServersTestJSON:test_delete_active_server): 200 GET http://10.180.1.21/compute/v2.1/servers/aab9dc43-9547-4246-be2e-3018436bc6a5 0.124s
2024-12-12 05:34:51.304 67507 INFO tempest.lib.common.rest_client [req-930c4354-f4ea-4ef0-b68b-ef5ae1bab83a req-930c4354-f4ea-4ef0-b68b-ef5ae1bab83a ] Request (ImagesTestJSON:test_create_image_from_stopped_server): 200 GET http://10.180.1.21/compute/v2.1/images/af359438-ca21-453b-80fc-5335f80364c6 0.090s
2024-12-12 05:34:51.318 67475 INFO tempest.lib.common.rest_client [req-87a50015-785a-48af-9507-466f9b241dac req-87a50015-785a-48af-9507-466f9b241dac ] Request (FloatingIPsAssociationTestJSON:test_associate_already_associated_floating_ip): 200 GET http://10.180.1.21/compute/v2.1/servers/1bc765b2-1b03-408d-9a59-fa597303cf1f 0.137s
2024-12-12 05:34:51.328 67523 INFO tempest.lib.common.rest_client [req-3df9ed34-444e-4a90-a7b7-b7d2014f7bbf req-3df9ed34-444e-4a90-a7b7-b7d2014f7bbf ] Request (FloatingIPsAssociationNegativeTestJSON:tearDownClass): 404 GET http://10.180.1.21/compute/v2.1/servers/6d2d03af-2e5c-4e41-ac40-0a7b24f6c40d 0.099s
2024-12-12 05:34:51.374 67493 INFO tempest.lib.common.rest_client [req-289b27a7-682c-4dc0-ab1c-f2e4a42a95da req-289b27a7-682c-4dc0-ab1c-f2e4a42a95da ] Request (ServersV294TestFqdnHostnames:setUpClass): 200 GET http://10.180.1.21/compute/v2.1/servers/f00074db-810e-4764-b001-4a7835629d01 0.101s
2024-12-12 05:34:51.386 67499 INFO tempest.lib.common.rest_client [req-ed1ff1a6-47ff-4395-9691-65ffd68ee288 req-ed1ff1a6-47ff-4395-9691-65ffd68ee288 ] Request (ServerAddressesNegativeTestJSON:setUpClass): 200 GET http://10.180.1.21/compute/v2.1/servers/27d74d37-9c58-40af-997f-a576fd41c093 0.109s
2024-12-12 05:34:51.422 67521 INFO tempest.lib.common.rest_client [req-d207471d-7975-4592-9955-166420b048c5 req-d207471d-7975-4592-9955-166420b048c5 ] Request (ImagesOneServerTestJSON:setUpClass): 200 GET http://10.180.1.21/compute/v2.1/servers/65238be5-9105-42fe-a69f-e20b713f9e71 0.108s
2024-12-12 05:34:51.451 67525 INFO tempest.lib.common.rest_client [req-b76be458-008d-45e6-961e-95a7d54ea0ec req-b76be458-008d-45e6-961e-95a7d54ea0ec ] Request (ImagesOneServerNegativeTestJSON:_run_cleanups): 200 GET http://10.180.1.21/compute/v2.1/servers/f309c14a-4c35-4b97-939c-d24dad02b0c4 0.122s
2024-12-12 05:34:51.474 67491 INFO tempest.lib.common.rest_client [req-7e9eb690-754c-4330-a97f-3a9b776a4424 req-7e9eb690-754c-4330-a97f-3a9b776a4424 ] Request (ServerRescueTestJSONUnderV235:setUpClass): 200 GET http://10.180.1.21/compute/v2.1/servers/3bc08585-9a04-42c4-a43a-eaf076d98a82 0.115s
2024-12-12 05:34:51.496 67501 INFO tempest.lib.common.rest_client [req-d6f7607e-c6d0-4a12-90ca-93c0ebae9466 req-d6f7607e-c6d0-4a12-90ca-93c0ebae9466 ] Request (ServerShowV247Test:tearDownClass): 404 GET http://10.180.1.21/compute/v2.1/servers/a484a258-602e-4de7-bb9a-38d204874aff 0.085s
2024-12-12 05:34:51.506 67519 INFO tempest.lib.common.rest_client [req-6a9aa8bd-e438-4908-a17e-91162e80d21b req-6a9aa8bd-e438-4908-a17e-91162e80d21b ] Request (ServersTestFqdnHostnames:test_create_server_with_fqdn_name): 200 GET http://10.180.1.21/compute/v2.1/servers/cf573838-c503-43d6-807b-0c44d80962b4 0.127s
2024-12-12 05:34:51.571 67501 INFO tempest.lib.common.rest_client [req-3b3e46c3-e96f-4e7b-9117-4e2d2726b070 req-3b3e46c3-e96f-4e7b-9117-4e2d2726b070 ] Request (ServerShowV247Test:tearDownClass): 204 DELETE http://10.180.1.21/compute/v2.1/servers/ca6f379b-bc6d-4af3-9d18-be1222f5e969 0.074s
2024-12-12 05:34:51.573 67531 INFO tempest.lib.common.rest_client [req-5d927721-36d1-4db9-b9e7-efd5153fbd61 req-5d927721-36d1-4db9-b9e7-efd5153fbd61 ] Request (ImagesNegativeTestJSON:test_create_image_from_deleted_server): 200 GET http://10.180.1.21/compute/v2.1/servers/720a1c86-db7a-49ec-83d7-38e41fc3bfe4 0.075s
2024-12-12 05:34:51.623 67517 INFO tempest.lib.common.rest_client [req-abfa89e1-26b7-48c8-bb3c-69917bef7d47 req-abfa89e1-26b7-48c8-bb3c-69917bef7d47 ] Request (ServersTestJSON:test_create_server_specify_multibyte_character_name): 200 GET http://10.180.1.21/compute/v2.1/servers/bbfcb3b2-a3af-4843-943e-114d4b090fcd 0.091s
2024-12-12 05:34:51.629 67501 INFO tempest.lib.common.rest_client [req-6dcc1e0a-dff3-4620-bd83-db622e9d6ea2 req-6dcc1e0a-dff3-4620-bd83-db622e9d6ea2 ] Request (ServerShowV247Test:tearDownClass): 200 GET http://10.180.1.21/compute/v2.1/servers/ca6f379b-bc6d-4af3-9d18-be1222f5e969 0.058s
2024-12-12 05:34:51.845 67513 INFO tempest.lib.common.rest_client [req-c6c0f10c-7f32-4e56-94d0-e61dce081cd2 req-c6c0f10c-7f32-4e56-94d0-e61dce081cd2 ] Request (DeleteServersAdminTestJSON:test_delete_server_while_in_error_state): 200 GET http://10.180.1.21/compute/v2.1/servers/7952e25d-df88-4f31-be5e-9e952a82db8c 0.060s
2024-12-12 05:34:51.909 67485 INFO tempest.lib.common.rest_client [req-b719372d-519b-4f78-b6a4-5ba82325174b req-b719372d-519b-4f78-b6a4-5ba82325174b ] Request (ServersWithSpecificFlavorTestJSON:test_verify_created_server_ephemeral_disk): 200 GET http://10.180.1.21/compute/v2.1/servers/b32ec8f0-5bf5-42b3-ac1c-9f86ed069b72 0.058s
2024-12-12 05:34:51.963 67473 INFO tempest.lib.common.rest_client [req-2c887a6b-dbd0-4a52-9b6f-b4f5c0853e13 req-2c887a6b-dbd0-4a52-9b6f-b4f5c0853e13 ] Request (ServersTestMultiNic:test_verify_duplicate_network_nics): 200 GET http://10.180.1.21/compute/v2.1/servers/2a214e3c-a1a1-42f2-85aa-6e9b1f688ad1 0.113s
2024-12-12 05:34:51.978 67477 INFO tempest.lib.common.rest_client [req-619e7a50-3280-42b5-9ff6-87ceadaf38c3 req-619e7a50-3280-42b5-9ff6-87ceadaf38c3 ] Request (InstanceActionsNegativeTestJSON:setUpClass): 200 GET http://10.180.1.21/compute/v2.1/servers/0ee776e0-a7a8-4f71-ba22-3eae1920358e 0.052s
2024-12-12 05:34:52.054 67528 INFO tempest.lib.common.rest_client [req-ed3b862e-2c7d-423f-9585-4a25d3fe4d03 req-ed3b862e-2c7d-423f-9585-4a25d3fe4d03 ] Request (ServersTestBootFromVolume:setUpClass): 200 GET http://10.180.1.21/compute/v2.1/servers/7369a4ba-3b07-4b71-a7ad-6dd77e57880d 0.062s
2024-12-12 05:34:52.072 67523 INFO tempest.lib.common.rest_client [req-468988d1-f3a9-4e9d-8218-e40d7f76eff3 req-468988d1-f3a9-4e9d-8218-e40d7f76eff3 ] Request (FloatingIPsAssociationNegativeTestJSON:tearDownClass): 200 PUT http://10.180.1.21:9696/networking/v2.0/routers/6b562d3b-0e9e-4ea8-aa11-24b88e407219/remove_router_interface 0.743s
2024-12-12 05:34:52.108 67503 INFO tempest.lib.common.rest_client [req-496a97e8-7d5f-4868-9731-dbec7d278541 req-496a97e8-7d5f-4868-9731-dbec7d278541 ] Request (ServerRescueTestJSON:test_rescue_unrescue_instance): 200 GET http://10.180.1.21/compute/v2.1/servers/ef827c35-7d3f-45da-9422-e058331ace32 0.056s
2024-12-12 05:34:52.171 67487 INFO tempest.lib.common.rest_client [req-1ba01d1b-2f81-42b1-852f-a0ccdf9abc8a req-1ba01d1b-2f81-42b1-852f-a0ccdf9abc8a ] Request (ServerExternalEventsTest:test_create_server_external_events): 200 GET http://10.180.1.21/compute/v2.1/servers/abc29cc9-d3d8-4a81-b8a5-ea416d4a1422 0.075s
2024-12-12 05:34:52.207 67489 INFO tempest.lib.common.rest_client [req-e570df4c-488e-43e3-bf8e-1beb40d0fe99 req-e570df4c-488e-43e3-bf8e-1beb40d0fe99 ] Request (MigrationsAdminTest:test_list_migrations_in_flavor_resize_situation): 200 GET http://10.180.1.21/compute/v2.1/servers/ebd0c4e7-c729-4b39-b675-fa0868b82a83 0.108s
2024-12-12 05:34:52.227 67483 INFO tempest.lib.common.rest_client [req-965fad9a-ed90-4698-b978-555c2c799df9 req-965fad9a-ed90-4698-b978-555c2c799df9 ] Request (InstanceActionsTestJSON:setUpClass): 200 GET http://10.180.1.21/compute/v2.1/servers/7d1dd7af-2cf2-441f-b873-eae65e5f2d11 0.080s
2024-12-12 05:34:52.302 67533 INFO tempest.lib.common.rest_client [req-a41b02e4-f4ec-4402-b4c9-2cbc5491de3b req-a41b02e4-f4ec-4402-b4c9-2cbc5491de3b ] Request (ListServerFiltersTestJSON:tearDownClass): 200 GET http://10.180.1.21/compute/v2.1/servers/13ca0d44-e4a9-462e-878c-25ea8641f2b5 0.097s
2024-12-12 05:34:52.345 67511 INFO tempest.lib.common.rest_client [req-31a24367-a2f3-4192-8e43-287e0bd69767 req-31a24367-a2f3-4192-8e43-287e0bd69767 ] Request (ServersAdminTestJSON:test_create_server_with_scheduling_hint): 200 GET http://10.180.1.21/compute/v2.1/servers/dd4ad2de-fcb0-4147-83d1-0e62e8f3b73c 0.141s
2024-12-12 05:34:52.351 67511 INFO tempest.common.waiters [-] State transition "BUILD/spawning" ==> "ACTIVE/None" after 59 second wait
2024-12-12 05:34:52.367 67497 INFO tempest.lib.common.rest_client [req-3cc311df-87fa-49ba-beaa-f28f5d9021e0 req-3cc311df-87fa-49ba-beaa-f28f5d9021e0 ] Request (ServerDiskConfigTestJSON:test_rebuild_server_with_auto_disk_config): 200 GET http://10.180.1.21/compute/v2.1/servers/529dbacd-fe2a-4165-83fb-53a683996fc4 0.102s
2024-12-12 05:34:52.409 67507 INFO tempest.lib.common.rest_client [req-54491d6e-7225-4915-863d-17f8411e4912 req-54491d6e-7225-4915-863d-17f8411e4912 ] Request (ImagesTestJSON:test_create_image_from_stopped_server): 200 GET http://10.180.1.21/compute/v2.1/images/af359438-ca21-453b-80fc-5335f80364c6 0.101s
2024-12-12 05:34:52.422 67529 INFO tempest.lib.common.rest_client [req-e195ff0d-bb5a-41d2-86a7-807cf8988989 req-e195ff0d-bb5a-41d2-86a7-807cf8988989 ] Request (DeleteServersTestJSON:test_delete_active_server): 200 GET http://10.180.1.21/compute/v2.1/servers/aab9dc43-9547-4246-be2e-3018436bc6a5 0.156s
2024-12-12 05:34:52.427 67511 INFO tempest.lib.common.rest_client [req-50f7e97d-eac3-485c-b41e-e578cdee1771 req-50f7e97d-eac3-485c-b41e-e578cdee1771 ] Request (ServersAdminTestJSON:test_inject_network_info): 201 POST http://10.180.1.21/identity/v3/auth/tokens 0.064s
2024-12-12 05:34:52.427 67511 INFO tempest.lib.common.fixed_network [-] (ServersAdminTestJSON:test_inject_network_info) Found network {'id': '0b113cd1-5ec9-4ff5-9513-d3f9463e0517', 'name': 'tempest-ServersAdminTestJSON-277714265-network', 'tenant_id': '7a7ac382c52b42d391cbaae9776cb49e', 'admin_state_up': True, 'mtu': 8950, 'status': 'ACTIVE', 'subnets': [], 'shared': False, 'project_id': '7a7ac382c52b42d391cbaae9776cb49e', 'port_security_enabled': True, 'router:external': False, 'provider:network_type': 'vlan', 'provider:physical_network': 'default', 'provider:segmentation_id': 260, 'availability_zone_hints': [], 'availability_zones': [], 'ipv4_address_scope': None, 'ipv6_address_scope': None, 'description': '', 'tags': [], 'created_at': '2024-12-12T05:33:03Z', 'updated_at': '2024-12-12T05:33:04Z', 'revision_number': 1} available for tenant
2024-12-12 05:34:52.470 67475 INFO tempest.lib.common.rest_client [req-1a309054-548d-489e-ba9c-dcbdd09cd27a req-1a309054-548d-489e-ba9c-dcbdd09cd27a ] Request (FloatingIPsAssociationTestJSON:test_associate_already_associated_floating_ip): 200 GET http://10.180.1.21/compute/v2.1/servers/1bc765b2-1b03-408d-9a59-fa597303cf1f 0.143s
2024-12-12 05:34:52.496 67493 INFO tempest.lib.common.rest_client [req-10ec1410-a42f-48c5-95c5-6000792d61ac req-10ec1410-a42f-48c5-95c5-6000792d61ac ] Request (ServersV294TestFqdnHostnames:setUpClass): 200 GET http://10.180.1.21/compute/v2.1/servers/f00074db-810e-4764-b001-4a7835629d01 0.113s
2024-12-12 05:34:52.526 67499 INFO tempest.lib.common.rest_client [req-c7f62dc8-3b68-4d82-8f10-371670d86d07 req-c7f62dc8-3b68-4d82-8f10-371670d86d07 ] Request (ServerAddressesNegativeTestJSON:setUpClass): 200 GET http://10.180.1.21/compute/v2.1/servers/27d74d37-9c58-40af-997f-a576fd41c093 0.132s
2024-12-12 05:34:52.572 67523 INFO tempest.lib.common.rest_client [req-bebff892-cd13-4d05-925f-4de1307470ab req-bebff892-cd13-4d05-925f-4de1307470ab ] Request (FloatingIPsAssociationNegativeTestJSON:tearDownClass): 204 DELETE http://10.180.1.21:9696/networking/v2.0/routers/6b562d3b-0e9e-4ea8-aa11-24b88e407219 0.499s
2024-12-12 05:34:52.584 67521 INFO tempest.lib.common.rest_client [req-b9ba5146-b198-45e5-a97a-55b76e75295d req-b9ba5146-b198-45e5-a97a-55b76e75295d ] Request (ImagesOneServerTestJSON:setUpClass): 200 GET http://10.180.1.21/compute/v2.1/servers/65238be5-9105-42fe-a69f-e20b713f9e71 0.155s
2024-12-12 05:34:52.657 67525 INFO tempest.lib.common.rest_client [req-9ee546e5-aac6-4512-9db0-b1da063f7280 req-9ee546e5-aac6-4512-9db0-b1da063f7280 ] Request (ImagesOneServerNegativeTestJSON:_run_cleanups): 200 GET http://10.180.1.21/compute/v2.1/servers/f309c14a-4c35-4b97-939c-d24dad02b0c4 0.199s
2024-12-12 05:34:52.731 67491 INFO tempest.lib.common.rest_client [req-652897a9-2885-4e5e-b2e7-196917b01600 req-652897a9-2885-4e5e-b2e7-196917b01600 ] Request (ServerRescueTestJSONUnderV235:setUpClass): 200 GET http://10.180.1.21/compute/v2.1/servers/3bc08585-9a04-42c4-a43a-eaf076d98a82 0.251s
2024-12-12 05:34:52.789 67519 INFO tempest.lib.common.rest_client [req-7c9865ed-e4ba-4812-9268-cf5bf83d87e9 req-7c9865ed-e4ba-4812-9268-cf5bf83d87e9 ] Request (ServersTestFqdnHostnames:test_create_server_with_fqdn_name): 200 GET http://10.180.1.21/compute/v2.1/servers/cf573838-c503-43d6-807b-0c44d80962b4 0.267s
2024-12-12 05:34:52.811 67523 INFO tempest.lib.common.rest_client [req-ff517200-deed-4d04-8857-f7d495ddc7cb req-ff517200-deed-4d04-8857-f7d495ddc7cb ] Request (FloatingIPsAssociationNegativeTestJSON:tearDownClass): 204 DELETE http://10.180.1.21:9696/networking/v2.0/subnets/acc31998-4b88-4e87-b25a-808118985ca2 0.239s
2024-12-12 05:34:52.853 67531 INFO tempest.lib.common.rest_client [req-a4ea9d07-769e-487d-9105-cbad4d0d6d2d req-a4ea9d07-769e-487d-9105-cbad4d0d6d2d ] Request (ImagesNegativeTestJSON:test_create_image_from_deleted_server): 200 GET http://10.180.1.21/compute/v2.1/servers/720a1c86-db7a-49ec-83d7-38e41fc3bfe4 0.273s
2024-12-12 05:34:52.906 67511 INFO tempest.lib.common.rest_client [req-8b5c331c-f4c3-4022-9082-4f8f69164188 req-8b5c331c-f4c3-4022-9082-4f8f69164188 ] Request (ServersAdminTestJSON:test_inject_network_info): 202 POST http://10.180.1.21/compute/v2.1/servers 0.478s
2024-12-12 05:34:52.918 67517 INFO tempest.lib.common.rest_client [req-0aa0d4ae-cf51-4e77-9978-3674747f8e49 req-0aa0d4ae-cf51-4e77-9978-3674747f8e49 ] Request (ServersTestJSON:test_create_server_specify_multibyte_character_name): 200 GET http://10.180.1.21/compute/v2.1/servers/bbfcb3b2-a3af-4843-943e-114d4b090fcd 0.288s
2024-12-12 05:34:52.959 67501 INFO tempest.lib.common.rest_client [req-6b76c407-23f2-4096-b280-a8f2314493c9 req-6b76c407-23f2-4096-b280-a8f2314493c9 ] Request (ServerShowV247Test:tearDownClass): 200 GET http://10.180.1.21/compute/v2.1/servers/ca6f379b-bc6d-4af3-9d18-be1222f5e969 0.321s
2024-12-12 05:34:52.984 67513 INFO tempest.lib.common.rest_client [req-c3f2c90e-ca59-4c6f-9d68-022f130c280e req-c3f2c90e-ca59-4c6f-9d68-022f130c280e ] Request (DeleteServersAdminTestJSON:test_delete_server_while_in_error_state): 200 GET http://10.180.1.21/compute/v2.1/servers/7952e25d-df88-4f31-be5e-9e952a82db8c 0.131s
2024-12-12 05:34:53.001 67511 INFO tempest.lib.common.rest_client [req-0caf52fb-7b94-4ad8-aaf4-3d67d045280f req-0caf52fb-7b94-4ad8-aaf4-3d67d045280f ] Request (ServersAdminTestJSON:test_inject_network_info): 200 GET http://10.180.1.21/compute/v2.1/servers/61db11a7-dc0e-4c69-8f59-a855ee1c0279 0.094s
2024-12-12 05:34:53.043 67485 INFO tempest.lib.common.rest_client [req-d76f2565-f1fa-4f35-8ae6-d5d59a5eb1d3 req-d76f2565-f1fa-4f35-8ae6-d5d59a5eb1d3 ] Request (ServersWithSpecificFlavorTestJSON:test_verify_created_server_ephemeral_disk): 200 GET http://10.180.1.21/compute/v2.1/servers/b32ec8f0-5bf5-42b3-ac1c-9f86ed069b72 0.127s
2024-12-12 05:34:53.097 67477 INFO tempest.lib.common.rest_client [req-020a9577-4c41-463f-801c-d1b943e0d7f8 req-020a9577-4c41-463f-801c-d1b943e0d7f8 ] Request (InstanceActionsNegativeTestJSON:setUpClass): 200 GET http://10.180.1.21/compute/v2.1/servers/0ee776e0-a7a8-4f71-ba22-3eae1920358e 0.112s
2024-12-12 05:34:53.139 67523 INFO tempest.lib.common.rest_client [req-312098ae-2613-468a-8d23-77d2813d8d7a req-312098ae-2613-468a-8d23-77d2813d8d7a ] Request (FloatingIPsAssociationNegativeTestJSON:tearDownClass): 204 DELETE http://10.180.1.21:9696/networking/v2.0/networks/e9653a40-2670-42c2-b1d4-528c22aee728 0.328s
2024-12-12 05:34:53.160 67528 INFO tempest.lib.common.rest_client [req-4a62bd69-5d71-4eb3-9dde-2c6469d52291 req-4a62bd69-5d71-4eb3-9dde-2c6469d52291 ] Request (ServersTestBootFromVolume:setUpClass): 200 GET http://10.180.1.21/compute/v2.1/servers/7369a4ba-3b07-4b71-a7ad-6dd77e57880d 0.094s
2024-12-12 05:34:53.224 67503 INFO tempest.lib.common.rest_client [req-677aac71-2f7e-49a8-a7f9-fcf3d8b8c224 req-677aac71-2f7e-49a8-a7f9-fcf3d8b8c224 ] Request (ServerRescueTestJSON:test_rescue_unrescue_instance): 200 GET http://10.180.1.21/compute/v2.1/servers/ef827c35-7d3f-45da-9422-e058331ace32 0.108s
2024-12-12 05:34:53.251 67473 INFO tempest.lib.common.rest_client [req-b2dea4a2-56cb-4d41-b328-b7b67093519c req-b2dea4a2-56cb-4d41-b328-b7b67093519c ] Request (ServersTestMultiNic:test_verify_duplicate_network_nics): 200 GET http://10.180.1.21/compute/v2.1/servers/2a214e3c-a1a1-42f2-85aa-6e9b1f688ad1 0.281s
2024-12-12 05:34:53.277 67487 INFO tempest.lib.common.rest_client [req-b06f8608-a9d7-4a02-be73-369fd70b1699 req-b06f8608-a9d7-4a02-be73-369fd70b1699 ] Request (ServerExternalEventsTest:test_create_server_external_events): 200 GET http://10.180.1.21/compute/v2.1/servers/abc29cc9-d3d8-4a81-b8a5-ea416d4a1422 0.095s
2024-12-12 05:34:53.291 67523 INFO tempest.lib.common.rest_client [req-9bded16a-27ad-438d-b958-836df047b9e3 req-9bded16a-27ad-438d-b958-836df047b9e3 ] Request (FloatingIPsAssociationNegativeTestJSON:tearDownClass): 204 DELETE http://10.180.1.21/identity/v3/users/c1d8384afc214a44aa281b8db5dee16e 0.150s
2024-12-12 05:34:53.291 67523 INFO tempest.lib.common.dynamic_creds [-] Deleting project and security group for project: fba14ebf8f304200b7f8a17091ee4123
2024-12-12 05:34:53.329 67483 INFO tempest.lib.common.rest_client [req-0046d9fc-e350-4259-bd6d-df110983b6de req-0046d9fc-e350-4259-bd6d-df110983b6de ] Request (InstanceActionsTestJSON:setUpClass): 200 GET http://10.180.1.21/compute/v2.1/servers/7d1dd7af-2cf2-441f-b873-eae65e5f2d11 0.094s
2024-12-12 05:34:53.335 67523 INFO tempest.lib.common.rest_client [req-15f9b0a9-df09-4dce-bbbd-27160ab0fe89 req-15f9b0a9-df09-4dce-bbbd-27160ab0fe89 ] Request (FloatingIPsAssociationNegativeTestJSON:tearDownClass): 200 GET http://10.180.1.21:9696/networking/v2.0/security-groups?tenant_id=fba14ebf8f304200b7f8a17091ee4123&name=default 0.044s
2024-12-12 05:34:53.391 67533 INFO tempest.lib.common.rest_client [req-392a5f7d-db11-4a1b-bd08-a4c118768f02 req-392a5f7d-db11-4a1b-bd08-a4c118768f02 ] Request (ListServerFiltersTestJSON:tearDownClass): 200 GET http://10.180.1.21/compute/v2.1/servers/13ca0d44-e4a9-462e-878c-25ea8641f2b5 0.083s
2024-12-12 05:34:53.412 67489 INFO tempest.lib.common.rest_client [req-4d58f8f9-a1a1-4e4f-b9d4-bf898be6580b req-4d58f8f9-a1a1-4e4f-b9d4-bf898be6580b ] Request (MigrationsAdminTest:test_list_migrations_in_flavor_resize_situation): 200 GET http://10.180.1.21/compute/v2.1/servers/ebd0c4e7-c729-4b39-b675-fa0868b82a83 0.198s
2024-12-12 05:34:53.436 67497 INFO tempest.lib.common.rest_client [req-79b23497-d681-46b2-8411-77b4d27b3cbb req-79b23497-d681-46b2-8411-77b4d27b3cbb ] Request (ServerDiskConfigTestJSON:test_rebuild_server_with_auto_disk_config): 200 GET http://10.180.1.21/compute/v2.1/servers/529dbacd-fe2a-4165-83fb-53a683996fc4 0.062s
2024-12-12 05:34:53.456 67507 INFO tempest.lib.common.rest_client [req-f1f42f9e-4ef5-43e1-984c-623441bf984f req-f1f42f9e-4ef5-43e1-984c-623441bf984f ] Request (ImagesTestJSON:test_create_image_from_stopped_server): 200 GET http://10.180.1.21/compute/v2.1/images/af359438-ca21-453b-80fc-5335f80364c6 0.044s
2024-12-12 05:34:53.459 67523 INFO tempest.lib.common.rest_client [req-448bf77b-d660-4edf-a610-50a25da019f6 req-448bf77b-d660-4edf-a610-50a25da019f6 ] Request (FloatingIPsAssociationNegativeTestJSON:tearDownClass): 204 DELETE http://10.180.1.21:9696/networking/v2.0/security-groups/7b4e7964-0337-46ff-a2b7-8714d377b02e 0.124s
2024-12-12 05:34:53.489 67529 INFO tempest.lib.common.rest_client [req-ea7d3eea-762f-4243-8e90-6b2a12223f47 req-ea7d3eea-762f-4243-8e90-6b2a12223f47 ] Request (DeleteServersTestJSON:test_delete_active_server): 200 GET http://10.180.1.21/compute/v2.1/servers/aab9dc43-9547-4246-be2e-3018436bc6a5 0.059s
2024-12-12 05:34:53.531 67475 INFO tempest.lib.common.rest_client [req-ac741945-8e8f-4474-85c0-850618fc6709 req-ac741945-8e8f-4474-85c0-850618fc6709 ] Request (FloatingIPsAssociationTestJSON:test_associate_already_associated_floating_ip): 200 GET http://10.180.1.21/compute/v2.1/servers/1bc765b2-1b03-408d-9a59-fa597303cf1f 0.050s
2024-12-12 05:34:53.552 67523 INFO tempest.lib.common.rest_client [req-0c6a01a2-10ae-4e0b-89e8-860c248e5fba req-0c6a01a2-10ae-4e0b-89e8-860c248e5fba ] Request (FloatingIPsAssociationNegativeTestJSON:tearDownClass): 204 DELETE http://10.180.1.21/identity/v3/projects/fba14ebf8f304200b7f8a17091ee4123 0.093s
2024-12-12 05:34:53.564 67493 INFO tempest.lib.common.rest_client [req-b91c5596-ada8-4e83-9e66-d194535167c3 req-b91c5596-ada8-4e83-9e66-d194535167c3 ] Request (ServersV294TestFqdnHostnames:setUpClass): 200 GET http://10.180.1.21/compute/v2.1/servers/f00074db-810e-4764-b001-4a7835629d01 0.057s
2024-12-12 05:34:53.583 67499 INFO tempest.lib.common.rest_client [req-bd18b0ed-2b46-4e58-bb06-8f40b1bd40ea req-bd18b0ed-2b46-4e58-bb06-8f40b1bd40ea ] Request (ServerAddressesNegativeTestJSON:setUpClass): 200 GET http://10.180.1.21/compute/v2.1/servers/27d74d37-9c58-40af-997f-a576fd41c093 0.048s
2024-12-12 05:34:53.610 67523 INFO tempest.lib.common.rest_client [req-f7eed566-d746-414c-9dc2-1e1f2437e5bd req-f7eed566-d746-414c-9dc2-1e1f2437e5bd ] Request (ServersTestJSON:setUpClass): 201 POST http://10.180.1.21/identity/v3/auth/tokens 0.056s
2024-12-12 05:34:53.639 67523 INFO tempest.lib.common.rest_client [req-74796edb-7430-4ef2-93fa-e257f8d9b8c7 req-74796edb-7430-4ef2-93fa-e257f8d9b8c7 ] Request (ServersTestJSON:setUpClass): 201 POST http://10.180.1.21/identity/v3/auth/tokens 0.026s
2024-12-12 05:34:53.641 67521 INFO tempest.lib.common.rest_client [req-67de9c84-be93-4cbd-bb86-1139fbb9eb64 req-67de9c84-be93-4cbd-bb86-1139fbb9eb64 ] Request (ImagesOneServerTestJSON:setUpClass): 200 GET http://10.180.1.21/compute/v2.1/servers/65238be5-9105-42fe-a69f-e20b713f9e71 0.049s
2024-12-12 05:34:53.662 67523 INFO tempest.lib.common.rest_client [req-ea5b36cb-aae3-4083-ba2d-563b6d2bef7f req-ea5b36cb-aae3-4083-ba2d-563b6d2bef7f ] Request (ServersTestJSON:setUpClass): 200 GET http://10.180.1.21/identity/v3/domains?name=Default 0.022s
2024-12-12 05:34:53.688 67523 INFO tempest.lib.common.rest_client [req-f51f1f03-3e18-4e59-b563-4dd5bd02a997 req-f51f1f03-3e18-4e59-b563-4dd5bd02a997 ] Request (ServersTestJSON:setUpClass): 201 POST http://10.180.1.21/identity/v3/projects 0.025s
2024-12-12 05:34:53.720 67525 INFO tempest.lib.common.rest_client [req-db70f112-8d91-4119-bff6-6566ede20ba9 req-db70f112-8d91-4119-bff6-6566ede20ba9 ] Request (ImagesOneServerNegativeTestJSON:_run_cleanups): 200 GET http://10.180.1.21/compute/v2.1/servers/f309c14a-4c35-4b97-939c-d24dad02b0c4 0.056s
2024-12-12 05:34:53.745 67523 INFO tempest.lib.common.rest_client [req-d24c0f71-8a24-4896-b0b2-3147832fffbe req-d24c0f71-8a24-4896-b0b2-3147832fffbe ] Request (ServersTestJSON:setUpClass): 201 POST http://10.180.1.21/identity/v3/users 0.057s
2024-12-12 05:34:53.767 67523 INFO tempest.lib.common.rest_client [req-8c9509e0-1801-4144-9fce-663ca7d614db req-8c9509e0-1801-4144-9fce-663ca7d614db ] Request (ServersTestJSON:setUpClass): 200 GET http://10.180.1.21/identity/v3/roles 0.022s
2024-12-12 05:34:53.792 67491 INFO tempest.lib.common.rest_client [req-e62fc7e0-4cda-4dd1-ba11-d9d0ff5fbff7 req-e62fc7e0-4cda-4dd1-ba11-d9d0ff5fbff7 ] Request (ServerRescueTestJSONUnderV235:setUpClass): 200 GET http://10.180.1.21/compute/v2.1/servers/3bc08585-9a04-42c4-a43a-eaf076d98a82 0.054s
2024-12-12 05:34:53.794 67523 INFO tempest.lib.common.rest_client [req-c6cb8cd2-f2b0-487c-97dc-4cda1ec8b7ce req-c6cb8cd2-f2b0-487c-97dc-4cda1ec8b7ce ] Request (ServersTestJSON:setUpClass): 204 PUT http://10.180.1.21/identity/v3/projects/10ebf9794f7a43cdbb58ad9fc3aaa399/users/613125be38d64b08ac634d67863d7f56/roles/b83b0e4582904d098d190bc2cfa265a3 0.026s
2024-12-12 05:34:53.794 67523 INFO tempest.lib.common.dynamic_creds [-] Dynamic test user 613125be38d64b08ac634d67863d7f56 is created with scope project and roles: ['member']
2024-12-12 05:34:53.794 67523 INFO tempest.lib.common.dynamic_creds [-] Acquired dynamic creds: credentials: Credentials: {'domain_id': 'default', 'domain_name': 'Default', 'username': 'tempest-ServersTestJSON-1515493478-project-member', 'project_domain_id': 'default', 'project_domain_name': 'Default', 'project_id': '10ebf9794f7a43cdbb58ad9fc3aaa399', 'project_name': 'tempest-ServersTestJSON-1515493478', 'tenant_id': '10ebf9794f7a43cdbb58ad9fc3aaa399', 'tenant_name': 'tempest-ServersTestJSON-1515493478', 'user_domain_id': 'default', 'user_domain_name': 'Default', 'user_id': '613125be38d64b08ac634d67863d7f56', 'system': None}, Network: None, Subnet: None, Router: None
2024-12-12 05:34:53.846 67523 INFO tempest.lib.common.rest_client [req-e07eef23-4424-4ed9-ab3e-41f6e881937e req-e07eef23-4424-4ed9-ab3e-41f6e881937e ] Request (ServersTestJSON:setUpClass): 201 POST http://10.180.1.21/identity/v3/auth/tokens 0.052s
2024-12-12 05:34:53.847 67519 INFO tempest.lib.common.rest_client [req-a41b2e69-e3f8-4702-a6d6-58b68c5d7c85 req-a41b2e69-e3f8-4702-a6d6-58b68c5d7c85 ] Request (ServersTestFqdnHostnames:test_create_server_with_fqdn_name): 200 GET http://10.180.1.21/compute/v2.1/servers/cf573838-c503-43d6-807b-0c44d80962b4 0.048s
2024-12-12 05:34:53.927 67531 INFO tempest.lib.common.rest_client [req-4bb81592-f6a4-4e5e-87c4-75a9b69ca62b req-4bb81592-f6a4-4e5e-87c4-75a9b69ca62b ] Request (ImagesNegativeTestJSON:test_create_image_from_deleted_server): 200 GET http://10.180.1.21/compute/v2.1/servers/720a1c86-db7a-49ec-83d7-38e41fc3bfe4 0.067s
2024-12-12 05:34:53.980 67517 INFO tempest.lib.common.rest_client [req-2cc214d0-d5d8-4ad9-b153-9da608458e00 req-2cc214d0-d5d8-4ad9-b153-9da608458e00 ] Request (ServersTestJSON:test_create_server_specify_multibyte_character_name): 200 GET http://10.180.1.21/compute/v2.1/servers/bbfcb3b2-a3af-4843-943e-114d4b090fcd 0.055s
2024-12-12 05:34:53.987 67517 INFO tempest.common.waiters [-] State transition "BUILD/None" ==> "BUILD/networking" after 60 second wait
2024-12-12 05:34:54.024 67501 INFO tempest.lib.common.rest_client [req-ab3f7fb4-8ea8-4b54-a7f0-4ade23c84b76 req-ab3f7fb4-8ea8-4b54-a7f0-4ade23c84b76 ] Request (ServerShowV247Test:tearDownClass): 200 GET http://10.180.1.21/compute/v2.1/servers/ca6f379b-bc6d-4af3-9d18-be1222f5e969 0.056s
2024-12-12 05:34:54.057 67513 INFO tempest.lib.common.rest_client [req-ff93be12-3430-451a-b014-6c788af6ec88 req-ff93be12-3430-451a-b014-6c788af6ec88 ] Request (DeleteServersAdminTestJSON:test_delete_server_while_in_error_state): 200 GET http://10.180.1.21/compute/v2.1/servers/7952e25d-df88-4f31-be5e-9e952a82db8c 0.067s
2024-12-12 05:34:54.069 67511 INFO tempest.lib.common.rest_client [req-78e2b4e4-9be5-4828-b103-7ffc079597f5 req-78e2b4e4-9be5-4828-b103-7ffc079597f5 ] Request (ServersAdminTestJSON:test_inject_network_info): 200 GET http://10.180.1.21/compute/v2.1/servers/61db11a7-dc0e-4c69-8f59-a855ee1c0279 0.061s
2024-12-12 05:34:54.113 67485 INFO tempest.lib.common.rest_client [req-92cb76c1-e607-4d42-925b-c9219c0bcd5d req-92cb76c1-e607-4d42-925b-c9219c0bcd5d ] Request (ServersWithSpecificFlavorTestJSON:test_verify_created_server_ephemeral_disk): 200 GET http://10.180.1.21/compute/v2.1/servers/b32ec8f0-5bf5-42b3-ac1c-9f86ed069b72 0.059s
2024-12-12 05:34:54.131 67523 INFO tempest.lib.common.rest_client [req-2d93e224-6d2f-48a8-aaa2-c2abd46021b9 req-2d93e224-6d2f-48a8-aaa2-c2abd46021b9 ] Request (ServersTestJSON:setUpClass): 201 POST http://10.180.1.21:9696/networking/v2.0/networks 0.284s
2024-12-12 05:34:54.161 67477 INFO tempest.lib.common.rest_client [req-7bfb2658-36c7-4d42-8e66-41864869b1b0 req-7bfb2658-36c7-4d42-8e66-41864869b1b0 ] Request (InstanceActionsNegativeTestJSON:setUpClass): 200 GET http://10.180.1.21/compute/v2.1/servers/0ee776e0-a7a8-4f71-ba22-3eae1920358e 0.056s
2024-12-12 05:34:54.167 67477 INFO tempest.common.waiters [-] State transition "BUILD/scheduling" ==> "BUILD/None" after 38 second wait
2024-12-12 05:34:54.220 67528 INFO tempest.lib.common.rest_client [req-a093796d-5eaf-4350-90a3-cefd8b430cef req-a093796d-5eaf-4350-90a3-cefd8b430cef ] Request (ServersTestBootFromVolume:setUpClass): 200 GET http://10.180.1.21/compute/v2.1/servers/7369a4ba-3b07-4b71-a7ad-6dd77e57880d 0.053s
2024-12-12 05:34:54.304 67503 INFO tempest.lib.common.rest_client [req-5351e290-d76d-4aeb-a42e-286a98609703 req-5351e290-d76d-4aeb-a42e-286a98609703 ] Request (ServerRescueTestJSON:test_rescue_unrescue_instance): 200 GET http://10.180.1.21/compute/v2.1/servers/ef827c35-7d3f-45da-9422-e058331ace32 0.070s
2024-12-12 05:34:54.314 67523 INFO tempest.lib.common.rest_client [req-aa1afd9f-a2db-4a40-b191-d49c6a14f039 req-aa1afd9f-a2db-4a40-b191-d49c6a14f039 ] Request (ServersTestJSON:setUpClass): 201 POST http://10.180.1.21:9696/networking/v2.0/subnets 0.182s
2024-12-12 05:34:54.355 67487 INFO tempest.lib.common.rest_client [req-11db4b5a-9bda-4f67-8b4c-9b5597b96d3d req-11db4b5a-9bda-4f67-8b4c-9b5597b96d3d ] Request (ServerExternalEventsTest:test_create_server_external_events): 200 GET http://10.180.1.21/compute/v2.1/servers/abc29cc9-d3d8-4a81-b8a5-ea416d4a1422 0.072s
2024-12-12 05:34:54.406 67483 INFO tempest.lib.common.rest_client [req-9e123b86-fc4a-4cf5-b9c3-d3e20206d611 req-9e123b86-fc4a-4cf5-b9c3-d3e20206d611 ] Request (InstanceActionsTestJSON:setUpClass): 200 GET http://10.180.1.21/compute/v2.1/servers/7d1dd7af-2cf2-441f-b873-eae65e5f2d11 0.068s
2024-12-12 05:34:54.423 67473 INFO tempest.lib.common.rest_client [req-7d4e7e51-cd36-450a-8ad2-75348f7a0062 req-7d4e7e51-cd36-450a-8ad2-75348f7a0062 ] Request (ServersTestMultiNic:test_verify_duplicate_network_nics): 200 GET http://10.180.1.21/compute/v2.1/servers/2a214e3c-a1a1-42f2-85aa-6e9b1f688ad1 0.164s
2024-12-12 05:34:54.430 67473 INFO tempest.common.waiters [-] State transition "BUILD/spawning" ==> "ACTIVE/None" after 62 second wait
2024-12-12 05:34:54.473 67533 INFO tempest.lib.common.rest_client [req-751fd9af-1556-419b-8e38-67d67ac5355f req-751fd9af-1556-419b-8e38-67d67ac5355f ] Request (ListServerFiltersTestJSON:tearDownClass): 200 GET http://10.180.1.21/compute/v2.1/servers/13ca0d44-e4a9-462e-878c-25ea8641f2b5 0.074s
2024-12-12 05:34:54.494 67473 INFO tempest.lib.common.rest_client [req-98357361-3787-43f9-8644-dcd3b4976696 req-98357361-3787-43f9-8644-dcd3b4976696 ] Request (ServersTestMultiNic:test_verify_duplicate_network_nics): 200 GET http://10.180.1.21/compute/v2.1/servers/2a214e3c-a1a1-42f2-85aa-6e9b1f688ad1/ips 0.064s
2024-12-12 05:34:54.541 67497 INFO tempest.lib.common.rest_client [req-da20b149-3ce5-4a1b-a946-8739ef92f9a8 req-da20b149-3ce5-4a1b-a946-8739ef92f9a8 ] Request (ServerDiskConfigTestJSON:test_rebuild_server_with_auto_disk_config): 200 GET http://10.180.1.21/compute/v2.1/servers/529dbacd-fe2a-4165-83fb-53a683996fc4 0.096s
2024-12-12 05:34:54.575 67507 INFO tempest.lib.common.rest_client [req-9d6bef9e-460f-43e5-bbe7-b8d19be54d58 req-9d6bef9e-460f-43e5-bbe7-b8d19be54d58 ] Request (ImagesTestJSON:test_create_image_from_stopped_server): 200 GET http://10.180.1.21/compute/v2.1/images/af359438-ca21-453b-80fc-5335f80364c6 0.115s
2024-12-12 05:34:54.602 67489 INFO tempest.lib.common.rest_client [req-7b0cf26e-8257-4143-aa83-d9bd10fcf205 req-7b0cf26e-8257-4143-aa83-d9bd10fcf205 ] Request (MigrationsAdminTest:test_list_migrations_in_flavor_resize_situation): 200 GET http://10.180.1.21/compute/v2.1/servers/ebd0c4e7-c729-4b39-b675-fa0868b82a83 0.183s
2024-12-12 05:34:54.652 67473 INFO tempest.lib.common.rest_client [req-8d2f919b-17bd-4725-88b2-1ec836bdd9f5 req-8d2f919b-17bd-4725-88b2-1ec836bdd9f5 ] Request (ServersTestMultiNic:_run_cleanups): 204 DELETE http://10.180.1.21/compute/v2.1/servers/2a214e3c-a1a1-42f2-85aa-6e9b1f688ad1 0.155s
2024-12-12 05:34:54.664 67529 INFO tempest.lib.common.rest_client [req-0260fe60-7851-4426-bccc-cb85814d02ea req-0260fe60-7851-4426-bccc-cb85814d02ea ] Request (DeleteServersTestJSON:test_delete_active_server): 200 GET http://10.180.1.21/compute/v2.1/servers/aab9dc43-9547-4246-be2e-3018436bc6a5 0.167s
2024-12-12 05:34:54.705 67475 INFO tempest.lib.common.rest_client [req-68af3cb2-ec15-4b17-9d6e-ed72073c0e7e req-68af3cb2-ec15-4b17-9d6e-ed72073c0e7e ] Request (FloatingIPsAssociationTestJSON:test_associate_already_associated_floating_ip): 200 GET http://10.180.1.21/compute/v2.1/servers/1bc765b2-1b03-408d-9a59-fa597303cf1f 0.163s
2024-12-12 05:34:54.726 67493 INFO tempest.lib.common.rest_client [req-c36d383d-96eb-46c0-ba22-bb3aa6c92246 req-c36d383d-96eb-46c0-ba22-bb3aa6c92246 ] Request (ServersV294TestFqdnHostnames:setUpClass): 200 GET http://10.180.1.21/compute/v2.1/servers/f00074db-810e-4764-b001-4a7835629d01 0.153s
2024-12-12 05:34:54.745 67507 INFO tempest.lib.common.rest_client [req-01927e9e-a88f-4d27-9a39-b66a67508916 req-01927e9e-a88f-4d27-9a39-b66a67508916 ] Request (ImagesTestJSON:test_create_image_from_stopped_server): 200 GET http://10.180.1.21/compute/v2.1/images/af359438-ca21-453b-80fc-5335f80364c6 0.165s
2024-12-12 05:34:54.779 67507 INFO tempest.lib.common.rest_client [req-b1c1bf90-0b8c-4154-8f31-0b1ef90a6009 req-b1c1bf90-0b8c-4154-8f31-0b1ef90a6009 ] Request (ImagesTestJSON:test_create_image_from_stopped_server): 200 GET http://10.180.1.21/image/v2/images/af359438-ca21-453b-80fc-5335f80364c6/tasks 0.031s
2024-12-12 05:34:54.795 67521 INFO tempest.lib.common.rest_client [req-3d5f7625-4420-4367-8f04-e6f87b2f4c14 req-3d5f7625-4420-4367-8f04-e6f87b2f4c14 ] Request (ImagesOneServerTestJSON:setUpClass): 200 GET http://10.180.1.21/compute/v2.1/servers/65238be5-9105-42fe-a69f-e20b713f9e71 0.147s
2024-12-12 05:34:54.947 67473 INFO tempest.lib.common.rest_client [req-69464895-e293-4b1a-948d-20faa414f6ea req-69464895-e293-4b1a-948d-20faa414f6ea ] Request (ServersTestMultiNic:_run_cleanups): 200 GET http://10.180.1.21/compute/v2.1/servers/2a214e3c-a1a1-42f2-85aa-6e9b1f688ad1 0.295s
2024-12-12 05:34:54.986 67499 INFO tempest.lib.common.rest_client [req-c50be2a6-076e-4e85-91c5-21a834532d5c req-c50be2a6-076e-4e85-91c5-21a834532d5c ] Request (ServerAddressesNegativeTestJSON:setUpClass): 200 GET http://10.180.1.21/compute/v2.1/servers/27d74d37-9c58-40af-997f-a576fd41c093 0.395s
2024-12-12 05:34:55.017 67525 INFO tempest.lib.common.rest_client [req-1ff10515-14de-4291-bcd2-cd69c06153fb req-1ff10515-14de-4291-bcd2-cd69c06153fb ] Request (ImagesOneServerNegativeTestJSON:_run_cleanups): 200 GET http://10.180.1.21/compute/v2.1/servers/f309c14a-4c35-4b97-939c-d24dad02b0c4 0.288s
2024-12-12 05:34:55.067 67491 INFO tempest.lib.common.rest_client [req-a9760ef5-04a1-4d90-a328-00e6239c5488 req-a9760ef5-04a1-4d90-a328-00e6239c5488 ] Request (ServerRescueTestJSONUnderV235:setUpClass): 200 GET http://10.180.1.21/compute/v2.1/servers/3bc08585-9a04-42c4-a43a-eaf076d98a82 0.267s
2024-12-12 05:34:55.077 67491 INFO tempest.common.waiters [-] State transition "BUILD/scheduling" ==> "BUILD/None" after 36 second wait
2024-12-12 05:34:55.108 67507 INFO tempest.lib.common.rest_client [req-2473f69f-7856-4a53-ba38-2a83a891c6a1 req-2473f69f-7856-4a53-ba38-2a83a891c6a1 ] Request (ImagesTestJSON:_run_cleanups): 204 DELETE http://10.180.1.21/compute/v2.1/images/af359438-ca21-453b-80fc-5335f80364c6 0.329s
2024-12-12 05:34:55.119 67519 INFO tempest.lib.common.rest_client [req-2ee17ead-6ba4-4b74-9e24-17ba89631723 req-2ee17ead-6ba4-4b74-9e24-17ba89631723 ] Request (ServersTestFqdnHostnames:test_create_server_with_fqdn_name): 200 GET http://10.180.1.21/compute/v2.1/servers/cf573838-c503-43d6-807b-0c44d80962b4 0.264s
2024-12-12 05:34:55.184 67531 INFO tempest.lib.common.rest_client [req-b45fb964-3c6c-4b63-81e2-c53afa792e64 req-b45fb964-3c6c-4b63-81e2-c53afa792e64 ] Request (ImagesNegativeTestJSON:test_create_image_from_deleted_server): 200 GET http://10.180.1.21/compute/v2.1/servers/720a1c86-db7a-49ec-83d7-38e41fc3bfe4 0.249s
2024-12-12 05:34:55.254 67517 INFO tempest.lib.common.rest_client [req-ed100210-db23-4b95-baae-ff9510494d6f req-ed100210-db23-4b95-baae-ff9510494d6f ] Request (ServersTestJSON:test_create_server_specify_multibyte_character_name): 200 GET http://10.180.1.21/compute/v2.1/servers/bbfcb3b2-a3af-4843-943e-114d4b090fcd 0.266s
2024-12-12 05:34:55.256 67501 INFO tempest.lib.common.rest_client [req-460e2b05-1b75-470a-b657-484e7fd1e363 req-460e2b05-1b75-470a-b657-484e7fd1e363 ] Request (ServerShowV247Test:tearDownClass): 200 GET http://10.180.1.21/compute/v2.1/servers/ca6f379b-bc6d-4af3-9d18-be1222f5e969 0.224s
2024-12-12 05:34:55.262 67517 INFO tempest.common.waiters [-] State transition "BUILD/networking" ==> "BUILD/block_device_mapping" after 62 second wait
2024-12-12 05:34:55.308 67479 WARNING tempest.lib.common.ssh [-] Failed to establish authenticated ssh connection to cirros@10.180.180.172 ([Errno None] Unable to connect to port 22 on 10.180.180.172). Number attempts: 7. Retry after 8 seconds.: paramiko.ssh_exception.NoValidConnectionsError: [Errno None] Unable to connect to port 22 on 10.180.180.172
2024-12-12 05:34:55.337 67513 INFO tempest.lib.common.rest_client [req-0a5fe709-75ed-44c5-af4d-4c13e80d34f2 req-0a5fe709-75ed-44c5-af4d-4c13e80d34f2 ] Request (DeleteServersAdminTestJSON:test_delete_server_while_in_error_state): 200 GET http://10.180.1.21/compute/v2.1/servers/7952e25d-df88-4f31-be5e-9e952a82db8c 0.271s
2024-12-12 05:34:55.343 67511 INFO tempest.lib.common.rest_client [req-45d47d5c-7ea2-46bb-8f65-ad26fddb162a req-45d47d5c-7ea2-46bb-8f65-ad26fddb162a ] Request (ServersAdminTestJSON:test_inject_network_info): 200 GET http://10.180.1.21/compute/v2.1/servers/61db11a7-dc0e-4c69-8f59-a855ee1c0279 0.267s
2024-12-12 05:34:55.405 67507 INFO tempest.lib.common.rest_client [req-a41df57f-9898-45ae-bb7c-21e452f25ae6 req-a41df57f-9898-45ae-bb7c-21e452f25ae6 ] Request (ImagesTestJSON:_run_cleanups): 204 DELETE http://10.180.1.21/compute/v2.1/servers/0a74545e-475b-480a-b0e8-b844bd665d40 0.296s
2024-12-12 05:34:55.410 67485 INFO tempest.lib.common.rest_client [req-48d7c32e-1516-430b-97e1-0ad71753ef22 req-48d7c32e-1516-430b-97e1-0ad71753ef22 ] Request (ServersWithSpecificFlavorTestJSON:test_verify_created_server_ephemeral_disk): 200 GET http://10.180.1.21/compute/v2.1/servers/b32ec8f0-5bf5-42b3-ac1c-9f86ed069b72 0.290s
2024-12-12 05:34:55.456 67477 INFO tempest.lib.common.rest_client [req-5775e134-0fac-4744-b992-b80697247d0c req-5775e134-0fac-4744-b992-b80697247d0c ] Request (InstanceActionsNegativeTestJSON:setUpClass): 200 GET http://10.180.1.21/compute/v2.1/servers/0ee776e0-a7a8-4f71-ba22-3eae1920358e 0.288s
2024-12-12 05:34:55.471 67528 INFO tempest.lib.common.rest_client [req-0e1e0ec4-942b-494a-b5f9-94aba97a5736 req-0e1e0ec4-942b-494a-b5f9-94aba97a5736 ] Request (ServersTestBootFromVolume:setUpClass): 200 GET http://10.180.1.21/compute/v2.1/servers/7369a4ba-3b07-4b71-a7ad-6dd77e57880d 0.242s
2024-12-12 05:34:55.508 67507 INFO tempest.lib.common.rest_client [req-dcebaa25-0868-4dd7-a7d0-f327e3b9e913 req-dcebaa25-0868-4dd7-a7d0-f327e3b9e913 ] Request (ImagesTestJSON:test_create_image_from_suspended_server): 201 POST http://10.180.1.21/identity/v3/auth/tokens 0.098s
2024-12-12 05:34:55.508 67507 INFO tempest.lib.common.fixed_network [-] (ImagesTestJSON:test_create_image_from_suspended_server) Found network {'id': '1fcb0f5f-d9c9-4508-a9ca-de50ab1797c8', 'name': 'tempest-ImagesTestJSON-536638049-network', 'tenant_id': '220c242cacac43a9b3c75126ae14e351', 'admin_state_up': True, 'mtu': 8950, 'status': 'ACTIVE', 'subnets': [], 'shared': False, 'project_id': '220c242cacac43a9b3c75126ae14e351', 'port_security_enabled': True, 'router:external': False, 'provider:network_type': 'vlan', 'provider:physical_network': 'default', 'provider:segmentation_id': 286, 'availability_zone_hints': [], 'availability_zones': [], 'ipv4_address_scope': None, 'ipv6_address_scope': None, 'description': '', 'tags': [], 'created_at': '2024-12-12T05:33:34Z', 'updated_at': '2024-12-12T05:33:34Z', 'revision_number': 1} available for tenant
2024-12-12 05:34:55.515 67503 INFO tempest.lib.common.rest_client [req-f2a4ae78-8b07-4be8-9dc2-e6e59f06e967 req-f2a4ae78-8b07-4be8-9dc2-e6e59f06e967 ] Request (ServerRescueTestJSON:test_rescue_unrescue_instance): 200 GET http://10.180.1.21/compute/v2.1/servers/ef827c35-7d3f-45da-9422-e058331ace32 0.202s
2024-12-12 05:34:55.541 67487 INFO tempest.lib.common.rest_client [req-e080fc7c-5b83-4eee-92ef-11515e1c843c req-e080fc7c-5b83-4eee-92ef-11515e1c843c ] Request (ServerExternalEventsTest:test_create_server_external_events): 200 GET http://10.180.1.21/compute/v2.1/servers/abc29cc9-d3d8-4a81-b8a5-ea416d4a1422 0.178s
2024-12-12 05:34:55.567 67483 INFO tempest.lib.common.rest_client [req-6e63a2bc-f4ec-482b-a468-0cd183fcd30b req-6e63a2bc-f4ec-482b-a468-0cd183fcd30b ] Request (InstanceActionsTestJSON:setUpClass): 200 GET http://10.180.1.21/compute/v2.1/servers/7d1dd7af-2cf2-441f-b873-eae65e5f2d11 0.154s
2024-12-12 05:34:55.610 67533 INFO tempest.lib.common.rest_client [req-1756f4b6-20d7-4071-a8a6-095643ace759 req-1756f4b6-20d7-4071-a8a6-095643ace759 ] Request (ListServerFiltersTestJSON:tearDownClass): 200 GET http://10.180.1.21/compute/v2.1/servers/13ca0d44-e4a9-462e-878c-25ea8641f2b5 0.129s
2024-12-12 05:34:55.668 67497 INFO tempest.lib.common.rest_client [req-91b3ec6e-326f-4c56-a9e9-2f90fc037d96 req-91b3ec6e-326f-4c56-a9e9-2f90fc037d96 ] Request (ServerDiskConfigTestJSON:test_rebuild_server_with_auto_disk_config): 200 GET http://10.180.1.21/compute/v2.1/servers/529dbacd-fe2a-4165-83fb-53a683996fc4 0.119s
2024-12-12 05:34:55.825 67523 INFO tempest.lib.common.rest_client [req-94e21737-d8bf-47d6-8efb-d069430e60b4 req-94e21737-d8bf-47d6-8efb-d069430e60b4 ] Request (ServersTestJSON:setUpClass): 201 POST http://10.180.1.21:9696/networking/v2.0/routers 1.511s
2024-12-12 05:34:55.838 67489 INFO tempest.lib.common.rest_client [req-b3fb4912-f74a-4e98-99a6-657ce23b83f8 req-b3fb4912-f74a-4e98-99a6-657ce23b83f8 ] Request (MigrationsAdminTest:test_list_migrations_in_flavor_resize_situation): 200 GET http://10.180.1.21/compute/v2.1/servers/ebd0c4e7-c729-4b39-b675-fa0868b82a83 0.227s
2024-12-12 05:34:55.879 67507 INFO tempest.lib.common.rest_client [req-18f6ff99-f746-4553-9f9e-8dd96d99ff41 req-18f6ff99-f746-4553-9f9e-8dd96d99ff41 ] Request (ImagesTestJSON:test_create_image_from_suspended_server): 202 POST http://10.180.1.21/compute/v2.1/servers 0.371s
2024-12-12 05:34:55.896 67529 INFO tempest.lib.common.rest_client [req-7b44fbf3-78eb-4c08-bb19-7a78d01881f0 req-7b44fbf3-78eb-4c08-bb19-7a78d01881f0 ] Request (DeleteServersTestJSON:test_delete_active_server): 200 GET http://10.180.1.21/compute/v2.1/servers/aab9dc43-9547-4246-be2e-3018436bc6a5 0.222s
2024-12-12 05:34:55.944 67475 INFO tempest.lib.common.rest_client [req-be221882-8571-4706-ae24-57f1aa1996cb req-be221882-8571-4706-ae24-57f1aa1996cb ] Request (FloatingIPsAssociationTestJSON:test_associate_already_associated_floating_ip): 200 GET http://10.180.1.21/compute/v2.1/servers/1bc765b2-1b03-408d-9a59-fa597303cf1f 0.230s
2024-12-12 05:34:55.977 67493 INFO tempest.lib.common.rest_client [req-a16f4409-9448-4dfc-b835-f1dc9446742d req-a16f4409-9448-4dfc-b835-f1dc9446742d ] Request (ServersV294TestFqdnHostnames:setUpClass): 200 GET http://10.180.1.21/compute/v2.1/servers/f00074db-810e-4764-b001-4a7835629d01 0.243s
2024-12-12 05:34:55.998 67521 INFO tempest.lib.common.rest_client [req-88f93e86-96a3-4e71-a691-f2d80d1c5558 req-88f93e86-96a3-4e71-a691-f2d80d1c5558 ] Request (ImagesOneServerTestJSON:setUpClass): 200 GET http://10.180.1.21/compute/v2.1/servers/65238be5-9105-42fe-a69f-e20b713f9e71 0.196s
2024-12-12 05:34:56.020 67507 INFO tempest.lib.common.rest_client [req-4e64a89a-5a18-4929-8c77-421ffd986414 req-4e64a89a-5a18-4929-8c77-421ffd986414 ] Request (ImagesTestJSON:test_create_image_from_suspended_server): 200 GET http://10.180.1.21/compute/v2.1/servers/2d9b66a8-c542-43f0-96c7-c4e1cd8b8993 0.138s
2024-12-12 05:34:56.093 67499 INFO tempest.lib.common.rest_client [req-7b43edec-ac02-4672-8f31-43783aa327c8 req-7b43edec-ac02-4672-8f31-43783aa327c8 ] Request (ServerAddressesNegativeTestJSON:setUpClass): 200 GET http://10.180.1.21/compute/v2.1/servers/27d74d37-9c58-40af-997f-a576fd41c093 0.101s
2024-12-12 05:34:56.157 67525 INFO tempest.lib.common.rest_client [req-d6693d0a-0c36-4646-8630-f5cf84ea987f req-d6693d0a-0c36-4646-8630-f5cf84ea987f ] Request (ImagesOneServerNegativeTestJSON:_run_cleanups): 200 GET http://10.180.1.21/compute/v2.1/servers/f309c14a-4c35-4b97-939c-d24dad02b0c4 0.121s
2024-12-12 05:34:56.162 67473 INFO tempest.lib.common.rest_client [req-03444fd7-b269-4c11-85a8-e92d3a28a8cd req-03444fd7-b269-4c11-85a8-e92d3a28a8cd ] Request (ServersTestMultiNic:_run_cleanups): 200 GET http://10.180.1.21/compute/v2.1/servers/2a214e3c-a1a1-42f2-85aa-6e9b1f688ad1 0.207s
2024-12-12 05:34:56.212 67491 INFO tempest.lib.common.rest_client [req-92a658d0-fc35-455e-af35-b6e246783bc4 req-92a658d0-fc35-455e-af35-b6e246783bc4 ] Request (ServerRescueTestJSONUnderV235:setUpClass): 200 GET http://10.180.1.21/compute/v2.1/servers/3bc08585-9a04-42c4-a43a-eaf076d98a82 0.133s
2024-12-12 05:34:56.221 67519 INFO tempest.lib.common.rest_client [req-2a4d5ce7-752f-4035-bfcf-1169976d40dc req-2a4d5ce7-752f-4035-bfcf-1169976d40dc ] Request (ServersTestFqdnHostnames:test_create_server_with_fqdn_name): 200 GET http://10.180.1.21/compute/v2.1/servers/cf573838-c503-43d6-807b-0c44d80962b4 0.094s
2024-12-12 05:34:56.282 67531 INFO tempest.lib.common.rest_client [req-20f5557a-d0e4-4190-8db4-1f8ff3a96031 req-20f5557a-d0e4-4190-8db4-1f8ff3a96031 ] Request (ImagesNegativeTestJSON:test_create_image_from_deleted_server): 200 GET http://10.180.1.21/compute/v2.1/servers/720a1c86-db7a-49ec-83d7-38e41fc3bfe4 0.089s
2024-12-12 05:34:56.331 67495 WARNING tempest.lib.common.ssh [-] Failed to establish authenticated ssh connection to cirros@10.180.180.180 ([Errno None] Unable to connect to port 22 on 10.180.180.180). Number attempts: 5. Retry after 6 seconds.: paramiko.ssh_exception.NoValidConnectionsError: [Errno None] Unable to connect to port 22 on 10.180.180.180
2024-12-12 05:34:56.347 67501 INFO tempest.lib.common.rest_client [req-cf9e5135-5418-4d64-b798-724e00a454e1 req-cf9e5135-5418-4d64-b798-724e00a454e1 ] Request (ServerShowV247Test:tearDownClass): 200 GET http://10.180.1.21/compute/v2.1/servers/ca6f379b-bc6d-4af3-9d18-be1222f5e969 0.081s
2024-12-12 05:34:56.356 67501 INFO tempest.common.waiters [-] State transition "ACTIVE/deleting" ==> "DELETED/None" after 5 second wait
2024-12-12 05:34:56.408 67513 INFO tempest.lib.common.rest_client [req-5a4c1e41-6ddd-490d-ab73-4bf4bb353d89 req-5a4c1e41-6ddd-490d-ab73-4bf4bb353d89 ] Request (DeleteServersAdminTestJSON:test_delete_server_while_in_error_state): 200 GET http://10.180.1.21/compute/v2.1/servers/7952e25d-df88-4f31-be5e-9e952a82db8c 0.065s
2024-12-12 05:34:56.425 67517 INFO tempest.lib.common.rest_client [req-70e63974-2b41-4b39-aacf-daf20a1321b2 req-70e63974-2b41-4b39-aacf-daf20a1321b2 ] Request (ServersTestJSON:test_create_server_specify_multibyte_character_name): 200 GET http://10.180.1.21/compute/v2.1/servers/bbfcb3b2-a3af-4843-943e-114d4b090fcd 0.161s
2024-12-12 05:34:56.433 67517 INFO tempest.common.waiters [-] State transition "BUILD/block_device_mapping" ==> "BUILD/spawning" after 63 second wait
