2024-12-12 05:33:57.145 67515 INFO tempest.lib.common.rest_client [req-52b2e764-a749-473b-a95a-aa535d8a41ee req-52b2e764-a749-473b-a95a-aa535d8a41ee ] Request (VolumesGetTestJSON:tearDownClass): 202 DELETE http://10.180.1.21/compute/v2.1/os-volumes/8311940a-2f8d-4491-8fcb-5886ab22148b 0.427s
2024-12-12 05:33:57.146 67493 INFO tempest.lib.common.rest_client [req-9c2ef0e7-5e2f-428c-b1f9-f49dcab2a84a req-9c2ef0e7-5e2f-428c-b1f9-f49dcab2a84a ] Request (FlavorsExtraSpecsNegativeTestJSON:setUpClass): 204 PUT http://10.180.1.21/identity/v3/projects/a491d050f57e4143988256a4b27b1ac4/users/c8b86f08b5874fff89d816bd4bf20bf9/roles/177f387938d946088ff2c6c326a85e00 0.018s
2024-12-12 05:33:57.146 67493 INFO tempest.lib.common.dynamic_creds [-] Dynamic test user c8b86f08b5874fff89d816bd4bf20bf9 is created with scope project and roles: ['admin']
2024-12-12 05:33:57.146 67493 INFO tempest.lib.common.dynamic_creds [-] Acquired dynamic creds: credentials: Credentials: {'domain_id': 'default', 'domain_name': 'Default', 'username': 'tempest-FlavorsExtraSpecsNegativeTestJSON-938470743-project-admin', 'project_domain_id': 'default', 'project_domain_name': 'Default', 'project_id': 'a491d050f57e4143988256a4b27b1ac4', 'project_name': 'tempest-FlavorsExtraSpecsNegativeTestJSON-938470743', 'tenant_id': 'a491d050f57e4143988256a4b27b1ac4', 'tenant_name': 'tempest-FlavorsExtraSpecsNegativeTestJSON-938470743', 'user_domain_id': 'default', 'user_domain_name': 'Default', 'user_id': 'c8b86f08b5874fff89d816bd4bf20bf9', 'system': None}, Network: None, Subnet: None, Router: None
2024-12-12 05:33:57.147 67493 INFO tempest.lib.common.dynamic_creds [-] Created isolated network resources for: credentials: Credentials: {'domain_id': 'default', 'domain_name': 'Default', 'username': 'tempest-FlavorsExtraSpecsNegativeTestJSON-938470743-project-admin', 'project_domain_id': 'default', 'project_domain_name': 'Default', 'project_id': 'a491d050f57e4143988256a4b27b1ac4', 'project_name': 'tempest-FlavorsExtraSpecsNegativeTestJSON-938470743', 'tenant_id': 'a491d050f57e4143988256a4b27b1ac4', 'tenant_name': 'tempest-FlavorsExtraSpecsNegativeTestJSON-938470743', 'user_domain_id': 'default', 'user_domain_name': 'Default', 'user_id': 'c8b86f08b5874fff89d816bd4bf20bf9', 'system': None}, Network: None, Subnet: None, Router: None
2024-12-12 05:33:57.243 67493 INFO tempest.lib.common.rest_client [req-21f6d559-93c0-4a43-ae8b-304837b00671 req-21f6d559-93c0-4a43-ae8b-304837b00671 ] Request (FlavorsExtraSpecsNegativeTestJSON:setUpClass): 201 POST http://10.180.1.21/identity/v3/auth/tokens 0.094s
2024-12-12 05:33:57.661 67529 INFO tempest.lib.common.rest_client [req-16bd1526-5256-4c76-ac5a-bac1b79d47f0 req-16bd1526-5256-4c76-ac5a-bac1b79d47f0 ] Request (FloatingIPDetailsTestJSON:_run_cleanups): 202 DELETE http://10.180.1.21/compute/v2.1/os-floating-ips/c0c9e38e-9b4b-47aa-84ae-0be5eeae247c 0.940s
2024-12-12 05:33:57.759 67533 INFO tempest.lib.common.rest_client [req-6bf0e055-a204-4fd5-890d-6a382728e65f req-6bf0e055-a204-4fd5-890d-6a382728e65f ] Request (ListServerFiltersTestJSON:setUpClass): 200 GET http://10.180.1.21/compute/v2.1/servers/13ca0d44-e4a9-462e-878c-25ea8641f2b5 0.982s
2024-12-12 05:33:57.872 67491 INFO tempest.lib.common.rest_client [req-9d455626-00be-4130-b1a0-efea23f0a653 req-9d455626-00be-4130-b1a0-efea23f0a653 ] Request (SecurityGroupRulesNegativeTestJSON:test_create_security_group_rule_with_invalid_port_range): 200 POST http://10.180.1.21/compute/v2.1/os-security-groups 1.019s
2024-12-12 05:33:57.994 67505 INFO tempest.lib.common.rest_client [req-90dcb553-b87e-4955-aef7-e855fb8973c9 req-90dcb553-b87e-4955-aef7-e855fb8973c9 ] Request (TenantUsagesTestJSON:tearDownClass): 204 DELETE http://10.180.1.21/compute/v2.1/servers/36a85513-81dd-45f3-9987-9cc079ffb270 1.134s
2024-12-12 05:33:58.032 67485 INFO tempest.lib.common.rest_client [req-26570b27-48d9-43f2-bc96-6c75c5e149ca req-26570b27-48d9-43f2-bc96-6c75c5e149ca ] Request (ValidationResourcesFixture:setUp): 200 POST http://10.180.1.21/compute/v2.1/os-keypairs 1.160s
2024-12-12 05:33:58.068 67477 INFO tempest.lib.common.rest_client [req-aec98f50-d656-4fe1-b915-fc69b18e44a1 req-aec98f50-d656-4fe1-b915-fc69b18e44a1 ] Request (KeyPairsV22TestJSON:test_keypairsv22_create_list_show): 201 POST http://10.180.1.21/compute/v2.1/os-keypairs 1.089s
2024-12-12 05:33:58.086 67521 INFO tempest.lib.common.rest_client [req-eb2359f4-2bf3-4333-87f7-c96c78ba9ace req-eb2359f4-2bf3-4333-87f7-c96c78ba9ace ] Request (FlavorsV2TestJSON:test_list_flavors_with_detail): 200 GET http://10.180.1.21/compute/v2.1/flavors/detail 1.078s
2024-12-12 05:33:58.102 67497 INFO tempest.lib.common.rest_client [req-804d5c20-c9de-46e4-8350-ad54c68ef545 req-804d5c20-c9de-46e4-8350-ad54c68ef545 ] Request (FlavorsAdminTestJSON:test_is_public_string_variations): 200 GET http://10.180.1.21/compute/v2.1/flavors/detail?is_public=yes 1.071s
2024-12-12 05:33:58.128 67523 INFO tempest.lib.common.rest_client [req-16f968bb-1a4b-4484-a630-bc7a7b389823 req-16f968bb-1a4b-4484-a630-bc7a7b389823 ] Request (FloatingIPsAssociationNegativeTestJSON:test_associate_ip_to_server_with_floating_ip): 202 POST http://10.180.1.21/compute/v2.1/servers/6d2d03af-2e5c-4e41-ac40-0a7b24f6c40d/action 1.692s
2024-12-12 05:33:58.176 67485 INFO tempest.lib.common.rest_client [req-276f89ed-b362-467f-a480-22fd601a3b0c req-276f89ed-b362-467f-a480-22fd601a3b0c ] Request (ValidationResourcesFixture:setUp): 201 POST http://10.180.1.21:9696/networking/v2.0/security-groups 0.142s
2024-12-12 05:33:58.187 67515 INFO tempest.lib.common.rest_client [req-39f7f537-7811-4761-bd5c-bb9b939e569c req-39f7f537-7811-4761-bd5c-bb9b939e569c ] Request (VolumesGetTestJSON:tearDownClass): 404 GET http://10.180.1.21/compute/v2.1/os-volumes/8311940a-2f8d-4491-8fcb-5886ab22148b 1.042s
2024-12-12 05:33:58.268 67479 INFO tempest.lib.common.rest_client [req-341ff118-0a87-448d-bf68-ea5887a971e0 req-341ff118-0a87-448d-bf68-ea5887a971e0 ] Request (VolumesAssistedSnapshotsTest:test_volume_assisted_snapshot_create_delete): 200 GET http://10.180.1.21/compute/v2.1/servers/3aefff1a-b562-4fb4-8f73-65a207437f07 1.221s
2024-12-12 05:33:58.280 67493 INFO tempest.lib.common.rest_client [req-67e7fbb5-e871-4ba9-8353-6474500b2be8 req-67e7fbb5-e871-4ba9-8353-6474500b2be8 ] Request (FlavorsExtraSpecsNegativeTestJSON:setUpClass): 200 POST http://10.180.1.21/compute/v2.1/flavors 1.037s
2024-12-12 05:33:58.288 67485 INFO tempest.lib.common.rest_client [req-b704de0e-47e1-4992-acae-6e319cf27d56 req-b704de0e-47e1-4992-acae-6e319cf27d56 ] Request (ValidationResourcesFixture:setUp): 201 POST http://10.180.1.21:9696/networking/v2.0/security-group-rules 0.111s
2024-12-12 05:33:58.322 67515 INFO tempest.lib.common.rest_client [req-80f68791-c781-4222-91f0-6d4eb7368dac req-80f68791-c781-4222-91f0-6d4eb7368dac ] Request (VolumesGetTestJSON:tearDownClass): 204 DELETE http://10.180.1.21/identity/v3/users/900842c365e04092ae418f55eecebb8a 0.134s
2024-12-12 05:33:58.322 67515 INFO tempest.lib.common.dynamic_creds [-] Deleting project and security group for project: 62e69efcb5d94a2b93623d1d2a07f547
2024-12-12 05:33:58.334 67511 INFO tempest.lib.common.rest_client [req-d34772fe-94de-470a-97f5-9769774a69b9 req-d34772fe-94de-470a-97f5-9769774a69b9 ] Request (ServersAdminTestJSON:test_create_server_with_scheduling_hint): 200 GET http://10.180.1.21/compute/v2.1/servers/dd4ad2de-fcb0-4147-83d1-0e62e8f3b73c 1.062s
2024-12-12 05:33:58.345 67517 INFO tempest.lib.common.rest_client [req-ac693755-83e5-4281-9d55-0e003952952c req-ac693755-83e5-4281-9d55-0e003952952c ] Request (ServersTestJSON:test_create_server_specify_multibyte_character_name): 200 GET http://10.180.1.21/compute/v2.1/servers/bbfcb3b2-a3af-4843-943e-114d4b090fcd 1.011s
2024-12-12 05:33:58.388 67495 INFO tempest.lib.common.rest_client [req-67a892ba-3153-4404-bd86-69af5d4c75d3 req-67a892ba-3153-4404-bd86-69af5d4c75d3 ] Request (AttachInterfacesUnderV243Test:test_add_remove_fixed_ip): 200 GET http://10.180.1.21/compute/v2.1/servers/9bbe6c64-07de-41cd-a54c-2d57e16ab4e4 1.006s
2024-12-12 05:33:58.398 67531 INFO tempest.lib.common.rest_client [req-29d02e46-97db-4a34-84a8-bbf1e1362e1d req-29d02e46-97db-4a34-84a8-bbf1e1362e1d ] Request (ImagesNegativeTestJSON:test_create_image_from_deleted_server): 200 GET http://10.180.1.21/compute/v2.1/servers/720a1c86-db7a-49ec-83d7-38e41fc3bfe4 0.971s
2024-12-12 05:33:58.405 67531 INFO tempest.common.waiters [-] State transition "BUILD/scheduling" ==> "BUILD/None" after 7 second wait
2024-12-12 05:33:58.417 67485 INFO tempest.lib.common.rest_client [req-3ec6da1e-51ab-48f2-a2d8-7586247a555d req-3ec6da1e-51ab-48f2-a2d8-7586247a555d ] Request (ValidationResourcesFixture:setUp): 201 POST http://10.180.1.21:9696/networking/v2.0/security-group-rules 0.129s
2024-12-12 05:33:58.425 67515 INFO tempest.lib.common.rest_client [req-22b87d44-8d9e-44cc-93ea-240b35874884 req-22b87d44-8d9e-44cc-93ea-240b35874884 ] Request (VolumesGetTestJSON:tearDownClass): 201 POST http://10.180.1.21/identity/v3/auth/tokens 0.103s
2024-12-12 05:33:58.429 67483 INFO tempest.lib.common.rest_client [req-cd790155-81d2-47a7-9231-ef082b4a69ec req-cd790155-81d2-47a7-9231-ef082b4a69ec ] Request (ServerDiagnosticsNegativeTest:tearDownClass): 404 GET http://10.180.1.21/compute/v2.1/servers/535497be-2b28-42a1-9136-aef6846abff5 0.902s
2024-12-12 05:33:58.469 67499 INFO tempest.lib.common.rest_client [req-0176be7c-f207-4951-9bb9-a156f784ec74 req-0176be7c-f207-4951-9bb9-a156f784ec74 ] Request (ServerDiagnosticsTest:tearDownClass): 200 GET http://10.180.1.21/compute/v2.1/servers/361ec04e-63d5-493c-9ddc-6c88d9b32f1a 0.953s
2024-12-12 05:33:58.492 67481 INFO tempest.lib.common.rest_client [req-124e5c89-be86-4c47-aff8-8a923df70dcb req-124e5c89-be86-4c47-aff8-8a923df70dcb ] Request (AttachInterfacesTestJSON:test_create_list_show_delete_interfaces_by_fixed_ip): 200 GET http://10.180.1.21/compute/v2.1/servers/09c87e29-fc1a-4d86-9577-945789c97981 0.911s
2024-12-12 05:33:58.514 67483 INFO tempest.lib.common.rest_client [req-4bafd841-a7a0-4e77-bb1f-24331ba56b6a req-4bafd841-a7a0-4e77-bb1f-24331ba56b6a ] Request (ServerDiagnosticsNegativeTest:tearDownClass): 204 DELETE http://10.180.1.21/identity/v3/users/e0d10e7e65044330a1ca9b31280d95e1 0.084s
2024-12-12 05:33:58.535 67513 INFO tempest.lib.common.rest_client [req-7afc9ad3-147b-4a8a-9778-bb4497b24a06 req-7afc9ad3-147b-4a8a-9778-bb4497b24a06 ] Request (DeleteServersAdminTestJSON:test_delete_server_while_in_error_state): 200 GET http://10.180.1.21/compute/v2.1/servers/7952e25d-df88-4f31-be5e-9e952a82db8c 0.944s
2024-12-12 05:33:58.571 67525 INFO tempest.lib.common.rest_client [req-71966699-9442-4755-9890-664480530e15 req-71966699-9442-4755-9890-664480530e15 ] Request (ImagesOneServerNegativeTestJSON:setUpClass): 200 GET http://10.180.1.21/compute/v2.1/servers/f309c14a-4c35-4b97-939c-d24dad02b0c4 0.938s
2024-12-12 05:33:58.621 67483 INFO tempest.lib.common.rest_client [req-62722702-bd01-4b66-8d21-278f3bbf62e9 req-62722702-bd01-4b66-8d21-278f3bbf62e9 ] Request (ServerDiagnosticsNegativeTest:tearDownClass): 204 DELETE http://10.180.1.21/identity/v3/users/ac70419e0bc64763b1fd2d19c11003b6 0.106s
2024-12-12 05:33:58.621 67483 INFO tempest.lib.common.dynamic_creds [-] Deleting project and security group for project: 12d67a92c4b54e36a8edddebbe51a360
2024-12-12 05:33:58.627 67475 INFO tempest.lib.common.rest_client [req-91c695cb-136f-4c08-b41f-3a93e101c60b req-91c695cb-136f-4c08-b41f-3a93e101c60b ] Request (FloatingIPsAssociationTestJSON:setUpClass): 200 GET http://10.180.1.21/compute/v2.1/servers/9a072ae8-004b-46b4-8985-a8f688fec424 0.951s
2024-12-12 05:33:58.682 67473 INFO tempest.lib.common.rest_client [req-e2dd8471-b2c7-42c7-ab46-d00b5d1f12dc req-e2dd8471-b2c7-42c7-ab46-d00b5d1f12dc ] Request (ServersTestMultiNic:test_verify_duplicate_network_nics): 200 GET http://10.180.1.21/compute/v2.1/servers/2a214e3c-a1a1-42f2-85aa-6e9b1f688ad1 0.903s
2024-12-12 05:33:58.690 67529 INFO tempest.lib.common.rest_client [req-9acc3d0d-9d8d-4173-aaa9-d57f43cf10ea req-9acc3d0d-9d8d-4173-aaa9-d57f43cf10ea ] Request (FloatingIPDetailsTestJSON:test_list_floating_ips): 200 GET http://10.180.1.21/compute/v2.1/os-floating-ips 1.028s
2024-12-12 05:33:58.695 67483 INFO tempest.lib.common.rest_client [req-7ee78201-f304-40e9-963f-4f7871934116 req-7ee78201-f304-40e9-963f-4f7871934116 ] Request (ServerDiagnosticsNegativeTest:tearDownClass): 201 POST http://10.180.1.21/identity/v3/auth/tokens 0.074s
2024-12-12 05:33:58.756 67515 INFO tempest.lib.common.rest_client [req-2a35002a-f61c-4a6d-a7ea-08b880d20b7d req-2a35002a-f61c-4a6d-a7ea-08b880d20b7d ] Request (VolumesGetTestJSON:tearDownClass): 200 GET http://10.180.1.21:9696/networking/v2.0/security-groups?tenant_id=62e69efcb5d94a2b93623d1d2a07f547&name=default 0.330s
2024-12-12 05:33:58.760 67503 INFO tempest.lib.common.rest_client [req-2351e5d9-a9ec-4887-8d1e-a1874bc7bea1 req-2351e5d9-a9ec-4887-8d1e-a1874bc7bea1 ] Request (ServerRescueTestJSON:setUpClass): 200 GET http://10.180.1.21/compute/v2.1/servers/aaef5fb9-cd3c-4d83-bf9c-968eaada2b94 0.935s
2024-12-12 05:33:58.777 67487 INFO tempest.lib.common.rest_client [req-2245b98a-1d1a-4f05-836c-20a3f1aeed60 req-2245b98a-1d1a-4f05-836c-20a3f1aeed60 ] Request (ServerDiagnosticsV248Test:tearDownClass): 200 GET http://10.180.1.21/compute/v2.1/servers/9fe043fc-bd54-4dbc-aaa9-174e78346455 0.988s
2024-12-12 05:33:58.823 67519 INFO tempest.lib.common.rest_client [req-436865d4-6614-4daa-8415-88bfb61cf890 req-436865d4-6614-4daa-8415-88bfb61cf890 ] Request (ServersTestFqdnHostnames:test_create_server_with_fqdn_name): 200 GET http://10.180.1.21/compute/v2.1/servers/cf573838-c503-43d6-807b-0c44d80962b4 0.990s
2024-12-12 05:33:58.847 67491 INFO tempest.lib.common.rest_client [req-15bda4df-94ee-40f7-a70b-4895a00ae84e req-15bda4df-94ee-40f7-a70b-4895a00ae84e ] Request (SecurityGroupRulesNegativeTestJSON:test_create_security_group_rule_with_invalid_port_range): 400 POST http://10.180.1.21/compute/v2.1/os-security-group-rules 0.972s
2024-12-12 05:33:58.892 67515 INFO tempest.lib.common.rest_client [req-8e6a3ee5-87ee-48b0-b4f7-dcdb944f0b8d req-8e6a3ee5-87ee-48b0-b4f7-dcdb944f0b8d ] Request (VolumesGetTestJSON:tearDownClass): 204 DELETE http://10.180.1.21:9696/networking/v2.0/security-groups/c0f2f401-4f94-4f5a-b583-ef2063546642 0.136s
2024-12-12 05:33:58.908 67501 INFO tempest.lib.common.rest_client [req-a69ef1a4-f65a-4c52-ab85-4b878e28e30c req-a69ef1a4-f65a-4c52-ab85-4b878e28e30c ] Request (ServerShowV247Test:test_update_rebuild_list_server): 200 GET http://10.180.1.21/compute/v2.1/servers/a484a258-602e-4de7-bb9a-38d204874aff 0.980s
2024-12-12 05:33:58.994 67515 INFO tempest.lib.common.rest_client [req-5dd80b2b-241c-474d-99af-286b701c78c1 req-5dd80b2b-241c-474d-99af-286b701c78c1 ] Request (VolumesGetTestJSON:tearDownClass): 204 DELETE http://10.180.1.21/identity/v3/projects/62e69efcb5d94a2b93623d1d2a07f547 0.101s
2024-12-12 05:33:59.019 67489 INFO tempest.lib.common.rest_client [req-612d51c5-81d8-4c2e-8d55-ab5013dc2cc3 req-612d51c5-81d8-4c2e-8d55-ab5013dc2cc3 ] Request (MigrationsAdminTest:test_list_migrations_in_flavor_resize_situation): 200 GET http://10.180.1.21/compute/v2.1/servers/ebd0c4e7-c729-4b39-b675-fa0868b82a83 1.045s
2024-12-12 05:33:59.090 67507 INFO tempest.lib.common.rest_client [req-39894820-9e46-4030-b0d8-2dd430fe336c req-39894820-9e46-4030-b0d8-2dd430fe336c ] Request (ImagesTestJSON:test_create_image_from_stopped_server): 200 GET http://10.180.1.21/compute/v2.1/servers/0a74545e-475b-480a-b0e8-b844bd665d40 1.119s
2024-12-12 05:33:59.104 67477 INFO tempest.lib.common.rest_client [req-bb58a416-32dd-48cd-b785-d89563a6c6be req-bb58a416-32dd-48cd-b785-d89563a6c6be ] Request (KeyPairsV22TestJSON:test_keypairsv22_create_list_show): 200 GET http://10.180.1.21/compute/v2.1/os-keypairs/tempest-keypair-462145698 1.033s
2024-12-12 05:33:59.123 67505 INFO tempest.lib.common.rest_client [req-65e469d0-ffec-415f-a911-f98cc106525c req-65e469d0-ffec-415f-a911-f98cc106525c ] Request (TenantUsagesTestJSON:tearDownClass): 200 GET http://10.180.1.21/compute/v2.1/servers/36a85513-81dd-45f3-9987-9cc079ffb270 1.129s
2024-12-12 05:33:59.124 67521 INFO tempest.lib.common.rest_client [req-65a408d1-a1bc-4437-a14a-2b64cc1a341d req-65a408d1-a1bc-4437-a14a-2b64cc1a341d ] Request (FlavorsV2TestJSON:test_list_flavors_with_detail): 200 GET http://10.180.1.21/compute/v2.1/flavors/42 1.033s
2024-12-12 05:33:59.151 67497 INFO tempest.lib.common.rest_client [req-2d92eb57-2e91-482f-a728-e1f49e9df056 req-2d92eb57-2e91-482f-a728-e1f49e9df056 ] Request (FlavorsAdminTestJSON:test_is_public_string_variations): 200 GET http://10.180.1.21/compute/v2.1/flavors/detail?is_public=1 1.039s
2024-12-12 05:33:59.226 67528 INFO tempest.lib.common.rest_client [req-a552276c-026b-4dbb-9c7f-450aa033ed4e req-a552276c-026b-4dbb-9c7f-450aa033ed4e ] Request (ServersTestBootFromVolume:setUpClass): 200 GET http://10.180.1.21/compute/v2.1/servers/7369a4ba-3b07-4b71-a7ad-6dd77e57880d 1.128s
2024-12-12 05:33:59.288 67521 INFO tempest.lib.common.rest_client [req-24c83f9b-f9be-48fc-ad66-5747311d8cab req-24c83f9b-f9be-48fc-ad66-5747311d8cab ] Request (FlavorsV2TestJSON:tearDownClass): 204 DELETE http://10.180.1.21/identity/v3/users/0483add76d4e432dba11023d9be0e837 0.155s
2024-12-12 05:33:59.288 67521 INFO tempest.lib.common.dynamic_creds [-] Deleting project and security group for project: fd6eca84de134d04b606c358870d1291
2024-12-12 05:33:59.294 67483 INFO tempest.lib.common.rest_client [req-65268a57-ec72-4869-9b8c-877121a45497 req-65268a57-ec72-4869-9b8c-877121a45497 ] Request (ServerDiagnosticsNegativeTest:tearDownClass): 200 GET http://10.180.1.21:9696/networking/v2.0/security-groups?tenant_id=12d67a92c4b54e36a8edddebbe51a360&name=default 0.596s
2024-12-12 05:33:59.347 67521 INFO tempest.lib.common.rest_client [req-b465a6dd-6b76-4224-aa3a-41179142977b req-b465a6dd-6b76-4224-aa3a-41179142977b ] Request (FlavorsV2TestJSON:tearDownClass): 201 POST http://10.180.1.21/identity/v3/auth/tokens 0.058s
2024-12-12 05:33:59.394 67493 INFO tempest.lib.common.rest_client [req-5225b2f2-e8ea-4e29-bc98-ac269b09e281 req-5225b2f2-e8ea-4e29-bc98-ac269b09e281 ] Request (FlavorsExtraSpecsNegativeTestJSON:test_flavor_get_nonexistent_key): 404 GET http://10.180.1.21/compute/v2.1/flavors/132993609/os-extra_specs/hw:cpu_thread_policy 1.111s
2024-12-12 05:33:59.509 67483 INFO tempest.lib.common.rest_client [req-4a1984f1-95f9-4238-a66f-f1edda9b7aa7 req-4a1984f1-95f9-4238-a66f-f1edda9b7aa7 ] Request (ServerDiagnosticsNegativeTest:tearDownClass): 204 DELETE http://10.180.1.21:9696/networking/v2.0/security-groups/bdbbda40-7c71-42fd-99ee-3cdbab292cbd 0.215s
2024-12-12 05:33:59.551 67485 INFO tempest.lib.common.rest_client [req-277ba085-6d30-4f84-a330-d9f60e534494 req-277ba085-6d30-4f84-a330-d9f60e534494 ] Request (ValidationResourcesFixture:setUp): 201 POST http://10.180.1.21:9696/networking/v2.0/floatingips 1.133s
2024-12-12 05:33:59.575 67483 INFO tempest.lib.common.rest_client [req-d9986cf5-ba1b-4f2a-8287-46b80e6244bd req-d9986cf5-ba1b-4f2a-8287-46b80e6244bd ] Request (ServerDiagnosticsNegativeTest:tearDownClass): 204 DELETE http://10.180.1.21/identity/v3/projects/12d67a92c4b54e36a8edddebbe51a360 0.065s
2024-12-12 05:33:59.575 67483 INFO tempest.lib.common.dynamic_creds [-] Deleting project and security group for project: 5a433e3893b3496a9f537baf7acba15f
2024-12-12 05:33:59.592 67521 INFO tempest.lib.common.rest_client [req-52997ab2-b314-4012-afbe-6038834a9e24 req-52997ab2-b314-4012-afbe-6038834a9e24 ] Request (FlavorsV2TestJSON:tearDownClass): 200 GET http://10.180.1.21:9696/networking/v2.0/security-groups?tenant_id=fd6eca84de134d04b606c358870d1291&name=default 0.245s
2024-12-12 05:33:59.609 67485 INFO tempest.lib.common.rest_client [req-c0e51468-c19d-4cdc-8663-18c85f743487 req-c0e51468-c19d-4cdc-8663-18c85f743487 ] Request (ServersWithSpecificFlavorTestJSON:test_verify_created_server_ephemeral_disk): 201 POST http://10.180.1.21/identity/v3/auth/tokens 0.055s
2024-12-12 05:33:59.610 67485 INFO tempest.lib.common.fixed_network [-] (ServersWithSpecificFlavorTestJSON:test_verify_created_server_ephemeral_disk) Found network {'id': '62fcdc47-9084-4bad-adbd-6c9052fa1bba', 'name': 'tempest-ServersWithSpecificFlavorTestJSON-649569840-network', 'tenant_id': 'df0c2c7d100c4ec78745860896c1b2ea', 'admin_state_up': True, 'mtu': 8950, 'status': 'ACTIVE', 'subnets': [], 'shared': False, 'project_id': 'df0c2c7d100c4ec78745860896c1b2ea', 'port_security_enabled': True, 'router:external': False, 'provider:network_type': 'vlan', 'provider:physical_network': 'default', 'provider:segmentation_id': 313, 'availability_zone_hints': [], 'availability_zones': [], 'ipv4_address_scope': None, 'ipv6_address_scope': None, 'description': '', 'tags': [], 'created_at': '2024-12-12T05:33:19Z', 'updated_at': '2024-12-12T05:33:19Z', 'revision_number': 1} available for tenant
2024-12-12 05:33:59.627 67483 INFO tempest.lib.common.rest_client [req-c23b8c1d-f3fc-4ded-8c43-84bb3bdb8208 req-c23b8c1d-f3fc-4ded-8c43-84bb3bdb8208 ] Request (ServerDiagnosticsNegativeTest:tearDownClass): 200 GET http://10.180.1.21:9696/networking/v2.0/security-groups?tenant_id=5a433e3893b3496a9f537baf7acba15f&name=default 0.051s
2024-12-12 05:33:59.770 67521 INFO tempest.lib.common.rest_client [req-36a83196-7a96-4ab9-b0a2-5ccf03826f47 req-36a83196-7a96-4ab9-b0a2-5ccf03826f47 ] Request (FlavorsV2TestJSON:tearDownClass): 204 DELETE http://10.180.1.21:9696/networking/v2.0/security-groups/bdc3a58e-4c14-4a8f-b04c-c7027bb580c7 0.177s
2024-12-12 05:33:59.790 67529 INFO tempest.lib.common.rest_client [req-304755b5-3aab-4031-8dbe-52842236d94a req-304755b5-3aab-4031-8dbe-52842236d94a ] Request (FloatingIPDetailsTestJSON:tearDownClass): 202 DELETE http://10.180.1.21/compute/v2.1/os-floating-ips/821940bd-dee6-4d32-8fbc-499184037bc2 1.090s
2024-12-12 05:33:59.800 67483 INFO tempest.lib.common.rest_client [req-e3d9827f-a301-4d4f-a9bf-0f906a1a083c req-e3d9827f-a301-4d4f-a9bf-0f906a1a083c ] Request (ServerDiagnosticsNegativeTest:tearDownClass): 204 DELETE http://10.180.1.21:9696/networking/v2.0/security-groups/bf07af3a-9939-407e-910c-6a2ca34eab26 0.173s
2024-12-12 05:33:59.865 67523 INFO tempest.lib.common.rest_client [req-993d1038-b6e5-4dad-a3f2-9b0543528d86 req-993d1038-b6e5-4dad-a3f2-9b0543528d86 ] Request (FloatingIPsAssociationNegativeTestJSON:test_associate_ip_to_server_with_floating_ip): 200 POST http://10.180.1.21/compute/v2.1/os-floating-ips 1.736s
2024-12-12 05:33:59.875 67521 INFO tempest.lib.common.rest_client [req-b71bea71-504d-4e67-82ed-a9111387560c req-b71bea71-504d-4e67-82ed-a9111387560c ] Request (FlavorsV2TestJSON:tearDownClass): 204 DELETE http://10.180.1.21/identity/v3/projects/fd6eca84de134d04b606c358870d1291 0.105s
2024-12-12 05:33:59.896 67483 INFO tempest.lib.common.rest_client [req-848bc8cc-5605-4279-9fda-337ef348961f req-848bc8cc-5605-4279-9fda-337ef348961f ] Request (ServerDiagnosticsNegativeTest:tearDownClass): 204 DELETE http://10.180.1.21/identity/v3/projects/5a433e3893b3496a9f537baf7acba15f 0.095s
2024-12-12 05:33:59.928 67533 INFO tempest.lib.common.rest_client [req-34465525-0294-4780-bfd0-53d3ecb2f625 req-34465525-0294-4780-bfd0-53d3ecb2f625 ] Request (ListServerFiltersTestJSON:setUpClass): 200 GET http://10.180.1.21/compute/v2.1/servers/13ca0d44-e4a9-462e-878c-25ea8641f2b5 1.161s
2024-12-12 05:33:59.936 67521 INFO tempest.lib.common.rest_client [req-787bcd0e-0d9b-4a89-a897-2ea5c7557185 req-787bcd0e-0d9b-4a89-a897-2ea5c7557185 ] Request (ImagesOneServerTestJSON:setUpClass): 201 POST http://10.180.1.21/identity/v3/auth/tokens 0.058s
2024-12-12 05:33:59.939 67477 INFO tempest.lib.common.rest_client [req-bedeadca-cc51-4649-b5da-515fcebe23ba req-bedeadca-cc51-4649-b5da-515fcebe23ba ] Request (KeyPairsV22TestJSON:test_keypairsv22_create_list_show): 200 GET http://10.180.1.21/compute/v2.1/os-keypairs 0.832s
2024-12-12 05:33:59.954 67497 INFO tempest.lib.common.rest_client [req-88cfc619-2caa-42b9-a095-1b32cc9d4140 req-88cfc619-2caa-42b9-a095-1b32cc9d4140 ] Request (FlavorsAdminTestJSON:_run_cleanups): 202 DELETE http://10.180.1.21/compute/v2.1/flavors/638545465 0.796s
2024-12-12 05:33:59.959 67483 INFO tempest.lib.common.rest_client [req-c018a5a2-6647-4e65-9aa9-8c7538ae417e req-c018a5a2-6647-4e65-9aa9-8c7538ae417e ] Request (InstanceActionsTestJSON:setUpClass): 201 POST http://10.180.1.21/identity/v3/auth/tokens 0.062s
2024-12-12 05:33:59.968 67521 INFO tempest.lib.common.rest_client [req-355e74a4-7e72-42a1-98b2-223af597f4bb req-355e74a4-7e72-42a1-98b2-223af597f4bb ] Request (ImagesOneServerTestJSON:setUpClass): 201 POST http://10.180.1.21/identity/v3/auth/tokens 0.028s
2024-12-12 05:33:59.975 67491 INFO tempest.lib.common.rest_client [req-03f28d1f-9689-41bc-a477-d36192988ba7 req-03f28d1f-9689-41bc-a477-d36192988ba7 ] Request (SecurityGroupRulesNegativeTestJSON:test_create_security_group_rule_with_invalid_to_port): 200 POST http://10.180.1.21/compute/v2.1/os-security-groups 1.126s
2024-12-12 05:33:59.991 67483 INFO tempest.lib.common.rest_client [req-b22834dd-ec48-48bc-a2d8-573bb9a0306b req-b22834dd-ec48-48bc-a2d8-573bb9a0306b ] Request (InstanceActionsTestJSON:setUpClass): 201 POST http://10.180.1.21/identity/v3/auth/tokens 0.029s
2024-12-12 05:33:59.994 67521 INFO tempest.lib.common.rest_client [req-efe4e582-dec8-4b8e-852f-440f9127148a req-efe4e582-dec8-4b8e-852f-440f9127148a ] Request (ImagesOneServerTestJSON:setUpClass): 200 GET http://10.180.1.21/identity/v3/domains?name=Default 0.026s
2024-12-12 05:34:00.030 67483 INFO tempest.lib.common.rest_client [req-29e18212-2bae-4ad9-863a-4f0fee206f48 req-29e18212-2bae-4ad9-863a-4f0fee206f48 ] Request (InstanceActionsTestJSON:setUpClass): 200 GET http://10.180.1.21/identity/v3/domains?name=Default 0.038s
2024-12-12 05:34:00.040 67521 INFO tempest.lib.common.rest_client [req-191a4e1e-c9e3-4a45-8057-d722b3b4f98b req-191a4e1e-c9e3-4a45-8057-d722b3b4f98b ] Request (ImagesOneServerTestJSON:setUpClass): 201 POST http://10.180.1.21/identity/v3/projects 0.045s
2024-12-12 05:34:00.048 67511 INFO tempest.lib.common.rest_client [req-c47cd0d2-080e-4d07-b6ad-5ba80c79d059 req-c47cd0d2-080e-4d07-b6ad-5ba80c79d059 ] Request (ServersAdminTestJSON:test_create_server_with_scheduling_hint): 200 GET http://10.180.1.21/compute/v2.1/servers/dd4ad2de-fcb0-4147-83d1-0e62e8f3b73c 0.704s
2024-12-12 05:34:00.060 67483 INFO tempest.lib.common.rest_client [req-94ba65a4-45c4-45f8-b580-84a48ae67769 req-94ba65a4-45c4-45f8-b580-84a48ae67769 ] Request (InstanceActionsTestJSON:setUpClass): 201 POST http://10.180.1.21/identity/v3/projects 0.030s
2024-12-12 05:34:00.068 67479 INFO tempest.lib.common.rest_client [req-41864466-ba2e-44e1-bba4-c3373e9fd1c1 req-41864466-ba2e-44e1-bba4-c3373e9fd1c1 ] Request (VolumesAssistedSnapshotsTest:test_volume_assisted_snapshot_create_delete): 200 GET http://10.180.1.21/compute/v2.1/servers/3aefff1a-b562-4fb4-8f73-65a207437f07 0.793s
2024-12-12 05:34:00.072 67493 INFO tempest.lib.common.rest_client [req-005e1f98-10a3-4b26-9dfd-588b1294bfc6 req-005e1f98-10a3-4b26-9dfd-588b1294bfc6 ] Request (FlavorsExtraSpecsNegativeTestJSON:test_flavor_non_admin_set_keys): 403 POST http://10.180.1.21/compute/v2.1/flavors/132993609/os-extra_specs 0.677s
2024-12-12 05:34:00.098 67517 INFO tempest.lib.common.rest_client [req-89ae9cf0-b4d5-4ab7-888b-3bb56ff2d3ad req-89ae9cf0-b4d5-4ab7-888b-3bb56ff2d3ad ] Request (ServersTestJSON:test_create_server_specify_multibyte_character_name): 200 GET http://10.180.1.21/compute/v2.1/servers/bbfcb3b2-a3af-4843-943e-114d4b090fcd 0.743s
2024-12-12 05:34:00.120 67483 INFO tempest.lib.common.rest_client [req-3ef4e30e-d79c-404d-ac16-0378c5c3f816 req-3ef4e30e-d79c-404d-ac16-0378c5c3f816 ] Request (InstanceActionsTestJSON:setUpClass): 201 POST http://10.180.1.21/identity/v3/users 0.059s
2024-12-12 05:34:00.124 67495 INFO tempest.lib.common.rest_client [req-d44390fb-9dc8-4bd3-bc65-c83e0ff896f8 req-d44390fb-9dc8-4bd3-bc65-c83e0ff896f8 ] Request (AttachInterfacesUnderV243Test:test_add_remove_fixed_ip): 200 GET http://10.180.1.21/compute/v2.1/servers/9bbe6c64-07de-41cd-a54c-2d57e16ab4e4 0.724s
2024-12-12 05:34:00.133 67521 INFO tempest.lib.common.rest_client [req-67046351-a9ba-43f9-a5ad-4445d7fbf3eb req-67046351-a9ba-43f9-a5ad-4445d7fbf3eb ] Request (ImagesOneServerTestJSON:setUpClass): 201 POST http://10.180.1.21/identity/v3/users 0.092s
2024-12-12 05:34:00.143 67483 INFO tempest.lib.common.rest_client [req-6a182c11-b44a-49a4-bf3b-6b868fe8e29b req-6a182c11-b44a-49a4-bf3b-6b868fe8e29b ] Request (InstanceActionsTestJSON:setUpClass): 200 GET http://10.180.1.21/identity/v3/roles 0.022s
2024-12-12 05:34:00.150 67521 INFO tempest.lib.common.rest_client [req-594d1221-29bf-4db4-92e5-5ca175fbd55e req-594d1221-29bf-4db4-92e5-5ca175fbd55e ] Request (ImagesOneServerTestJSON:setUpClass): 200 GET http://10.180.1.21/identity/v3/roles 0.017s
2024-12-12 05:34:00.150 67531 INFO tempest.lib.common.rest_client [req-c0e23ada-7a24-4a98-8d36-8ef31c8e597a req-c0e23ada-7a24-4a98-8d36-8ef31c8e597a ] Request (ImagesNegativeTestJSON:test_create_image_from_deleted_server): 200 GET http://10.180.1.21/compute/v2.1/servers/720a1c86-db7a-49ec-83d7-38e41fc3bfe4 0.744s
2024-12-12 05:34:00.153 67499 INFO tempest.lib.common.rest_client [req-698293ae-f9e0-4249-8041-ca8091615ce4 req-698293ae-f9e0-4249-8041-ca8091615ce4 ] Request (ServerDiagnosticsTest:tearDownClass): 404 GET http://10.180.1.21/compute/v2.1/servers/361ec04e-63d5-493c-9ddc-6c88d9b32f1a 0.677s
2024-12-12 05:34:00.182 67483 INFO tempest.lib.common.rest_client [req-c1e6cb03-f32d-4ca2-ab43-6d6c6638248a req-c1e6cb03-f32d-4ca2-ab43-6d6c6638248a ] Request (InstanceActionsTestJSON:setUpClass): 204 PUT http://10.180.1.21/identity/v3/projects/a68b13b1947e4f0bb88e1e73bd1d802a/users/b57e970349a940ea883cf9d3b97365ba/roles/b83b0e4582904d098d190bc2cfa265a3 0.035s
2024-12-12 05:34:00.183 67521 INFO tempest.lib.common.rest_client [req-50445b95-6d2d-4c78-b9fa-921f79919ccf req-50445b95-6d2d-4c78-b9fa-921f79919ccf ] Request (ImagesOneServerTestJSON:setUpClass): 204 PUT http://10.180.1.21/identity/v3/projects/657afb45597844e1a981d403e9dc9ba9/users/bedbdb4e64b045a4a249894580ba1fc7/roles/b83b0e4582904d098d190bc2cfa265a3 0.032s
2024-12-12 05:34:00.183 67483 INFO tempest.lib.common.dynamic_creds [-] Dynamic test user b57e970349a940ea883cf9d3b97365ba is created with scope project and roles: ['member']
2024-12-12 05:34:00.183 67483 INFO tempest.lib.common.dynamic_creds [-] Acquired dynamic creds: credentials: Credentials: {'domain_id': 'default', 'domain_name': 'Default', 'username': 'tempest-InstanceActionsTestJSON-1326824397-project-member', 'project_domain_id': 'default', 'project_domain_name': 'Default', 'project_id': 'a68b13b1947e4f0bb88e1e73bd1d802a', 'project_name': 'tempest-InstanceActionsTestJSON-1326824397', 'tenant_id': 'a68b13b1947e4f0bb88e1e73bd1d802a', 'tenant_name': 'tempest-InstanceActionsTestJSON-1326824397', 'user_domain_id': 'default', 'user_domain_name': 'Default', 'user_id': 'b57e970349a940ea883cf9d3b97365ba', 'system': None}, Network: None, Subnet: None, Router: None
2024-12-12 05:34:00.183 67521 INFO tempest.lib.common.dynamic_creds [-] Dynamic test user bedbdb4e64b045a4a249894580ba1fc7 is created with scope project and roles: ['member']
2024-12-12 05:34:00.183 67521 INFO tempest.lib.common.dynamic_creds [-] Acquired dynamic creds: credentials: Credentials: {'domain_id': 'default', 'domain_name': 'Default', 'username': 'tempest-ImagesOneServerTestJSON-1530980420-project-member', 'project_domain_id': 'default', 'project_domain_name': 'Default', 'project_id': '657afb45597844e1a981d403e9dc9ba9', 'project_name': 'tempest-ImagesOneServerTestJSON-1530980420', 'tenant_id': '657afb45597844e1a981d403e9dc9ba9', 'tenant_name': 'tempest-ImagesOneServerTestJSON-1530980420', 'user_domain_id': 'default', 'user_domain_name': 'Default', 'user_id': 'bedbdb4e64b045a4a249894580ba1fc7', 'system': None}, Network: None, Subnet: None, Router: None
2024-12-12 05:34:00.215 67481 INFO tempest.lib.common.rest_client [req-92a5a420-e201-4300-9b9e-6b7accdd278d req-92a5a420-e201-4300-9b9e-6b7accdd278d ] Request (AttachInterfacesTestJSON:test_create_list_show_delete_interfaces_by_fixed_ip): 200 GET http://10.180.1.21/compute/v2.1/servers/09c87e29-fc1a-4d86-9577-945789c97981 0.711s
2024-12-12 05:34:00.214 67513 INFO tempest.lib.common.rest_client [req-e80fd141-3477-4ed2-8284-04cce1c15da9 req-e80fd141-3477-4ed2-8284-04cce1c15da9 ] Request (DeleteServersAdminTestJSON:test_delete_server_while_in_error_state): 200 GET http://10.180.1.21/compute/v2.1/servers/7952e25d-df88-4f31-be5e-9e952a82db8c 0.673s
2024-12-12 05:34:00.258 67483 INFO tempest.lib.common.rest_client [req-8765ab7b-7470-47e9-8d32-c63ad6b3c835 req-8765ab7b-7470-47e9-8d32-c63ad6b3c835 ] Request (InstanceActionsTestJSON:setUpClass): 201 POST http://10.180.1.21/identity/v3/auth/tokens 0.075s
2024-12-12 05:34:00.276 67525 INFO tempest.lib.common.rest_client [req-0b918854-7b54-47ae-b95a-75c6ab7dbdbe req-0b918854-7b54-47ae-b95a-75c6ab7dbdbe ] Request (ImagesOneServerNegativeTestJSON:setUpClass): 200 GET http://10.180.1.21/compute/v2.1/servers/f309c14a-4c35-4b97-939c-d24dad02b0c4 0.696s
2024-12-12 05:34:00.307 67499 INFO tempest.lib.common.rest_client [req-c08f9f51-763a-4927-ad13-0d56e8e1118c req-c08f9f51-763a-4927-ad13-0d56e8e1118c ] Request (ServerDiagnosticsTest:tearDownClass): 204 DELETE http://10.180.1.21/identity/v3/users/87e0ce2da253442c907940d4fccb65d4 0.153s
2024-12-12 05:34:00.333 67521 INFO tempest.lib.common.rest_client [req-0682cba4-be9c-4df4-830c-3ab6164ccd7b req-0682cba4-be9c-4df4-830c-3ab6164ccd7b ] Request (ImagesOneServerTestJSON:setUpClass): 201 POST http://10.180.1.21/identity/v3/auth/tokens 0.149s
2024-12-12 05:34:00.353 67475 INFO tempest.lib.common.rest_client [req-b7abae5f-c90f-4429-b3ab-6e83774c5523 req-b7abae5f-c90f-4429-b3ab-6e83774c5523 ] Request (FloatingIPsAssociationTestJSON:setUpClass): 200 GET http://10.180.1.21/compute/v2.1/servers/9a072ae8-004b-46b4-8985-a8f688fec424 0.717s
2024-12-12 05:34:00.421 67473 INFO tempest.lib.common.rest_client [req-2aeda066-f82b-4f48-833a-093484cd0bf8 req-2aeda066-f82b-4f48-833a-093484cd0bf8 ] Request (ServersTestMultiNic:test_verify_duplicate_network_nics): 200 GET http://10.180.1.21/compute/v2.1/servers/2a214e3c-a1a1-42f2-85aa-6e9b1f688ad1 0.727s
2024-12-12 05:34:00.452 67499 INFO tempest.lib.common.rest_client [req-7a20db8b-efed-40e9-96bb-352079d32565 req-7a20db8b-efed-40e9-96bb-352079d32565 ] Request (ServerDiagnosticsTest:tearDownClass): 204 DELETE http://10.180.1.21/identity/v3/users/769179bcf19a4077abe3296ed13a2d1e 0.144s
2024-12-12 05:34:00.452 67499 INFO tempest.lib.common.dynamic_creds [-] Deleting project and security group for project: 5d0a268c54604d9f8a2321ce22c024eb
2024-12-12 05:34:00.476 67503 INFO tempest.lib.common.rest_client [req-374f2174-c578-4afe-836b-7729c662bf79 req-374f2174-c578-4afe-836b-7729c662bf79 ] Request (ServerRescueTestJSON:setUpClass): 200 GET http://10.180.1.21/compute/v2.1/servers/aaef5fb9-cd3c-4d83-bf9c-968eaada2b94 0.704s
2024-12-12 05:34:00.534 67499 INFO tempest.lib.common.rest_client [req-c24afcee-a440-459f-8b92-2ffde4749f73 req-c24afcee-a440-459f-8b92-2ffde4749f73 ] Request (ServerDiagnosticsTest:tearDownClass): 201 POST http://10.180.1.21/identity/v3/auth/tokens 0.081s
2024-12-12 05:34:00.586 67487 INFO tempest.lib.common.rest_client [req-0aadcccf-d3f6-43a6-af8b-479267062f85 req-0aadcccf-d3f6-43a6-af8b-479267062f85 ] Request (ServerDiagnosticsV248Test:tearDownClass): 200 GET http://10.180.1.21/compute/v2.1/servers/9fe043fc-bd54-4dbc-aaa9-174e78346455 0.800s
2024-12-12 05:34:00.675 67499 INFO tempest.lib.common.rest_client [req-eab28caa-6ee4-4d04-a3a2-6aff91924e4d req-eab28caa-6ee4-4d04-a3a2-6aff91924e4d ] Request (ServerDiagnosticsTest:tearDownClass): 200 GET http://10.180.1.21:9696/networking/v2.0/security-groups?tenant_id=5d0a268c54604d9f8a2321ce22c024eb&name=default 0.141s
2024-12-12 05:34:00.736 67485 INFO tempest.lib.common.rest_client [req-8be978ff-98aa-43d7-bc94-e7a5ce8d96d0 req-8be978ff-98aa-43d7-bc94-e7a5ce8d96d0 ] Request (ServersWithSpecificFlavorTestJSON:test_verify_created_server_ephemeral_disk): 202 POST http://10.180.1.21/compute/v2.1/servers 1.125s
2024-12-12 05:34:00.765 67483 INFO tempest.lib.common.rest_client [req-209423de-33a2-48eb-a058-bb9a659244d3 req-209423de-33a2-48eb-a058-bb9a659244d3 ] Request (InstanceActionsTestJSON:setUpClass): 201 POST http://10.180.1.21:9696/networking/v2.0/networks 0.505s
2024-12-12 05:34:00.797 67519 INFO tempest.lib.common.rest_client [req-9480869c-e45c-4ba1-a1bd-5cd37768ca29 req-9480869c-e45c-4ba1-a1bd-5cd37768ca29 ] Request (ServersTestFqdnHostnames:test_create_server_with_fqdn_name): 200 GET http://10.180.1.21/compute/v2.1/servers/cf573838-c503-43d6-807b-0c44d80962b4 0.957s
2024-12-12 05:34:00.823 67499 INFO tempest.lib.common.rest_client [req-20d79443-16cb-44ec-a464-4bf11ac48e3b req-20d79443-16cb-44ec-a464-4bf11ac48e3b ] Request (ServerDiagnosticsTest:tearDownClass): 204 DELETE http://10.180.1.21:9696/networking/v2.0/security-groups/4900a860-b066-4cd0-9c01-ea48ae0a3f46 0.147s
2024-12-12 05:34:00.911 67521 INFO tempest.lib.common.rest_client [req-73692eb5-6134-4290-b6d6-1fd5709af618 req-73692eb5-6134-4290-b6d6-1fd5709af618 ] Request (ImagesOneServerTestJSON:setUpClass): 201 POST http://10.180.1.21:9696/networking/v2.0/networks 0.577s
2024-12-12 05:34:00.917 67499 INFO tempest.lib.common.rest_client [req-8159a2c3-54e4-41b5-b366-721af869fcce req-8159a2c3-54e4-41b5-b366-721af869fcce ] Request (ServerDiagnosticsTest:tearDownClass): 204 DELETE http://10.180.1.21/identity/v3/projects/5d0a268c54604d9f8a2321ce22c024eb 0.093s
2024-12-12 05:34:00.917 67499 INFO tempest.lib.common.dynamic_creds [-] Deleting project and security group for project: 9fde19930ca64ac8bd836b05307c4ae0
2024-12-12 05:34:01.065 67499 INFO tempest.lib.common.rest_client [req-508fb9bd-6e3f-4160-8c33-2ba8f8b16ac6 req-508fb9bd-6e3f-4160-8c33-2ba8f8b16ac6 ] Request (ServerDiagnosticsTest:tearDownClass): 200 GET http://10.180.1.21:9696/networking/v2.0/security-groups?tenant_id=9fde19930ca64ac8bd836b05307c4ae0&name=default 0.148s
2024-12-12 05:34:01.195 67529 INFO tempest.lib.common.rest_client [req-b0c03687-4bd9-4f1d-9c97-faed89f15fb9 req-b0c03687-4bd9-4f1d-9c97-faed89f15fb9 ] Request (FloatingIPDetailsTestJSON:tearDownClass): 202 DELETE http://10.180.1.21/compute/v2.1/os-floating-ips/5397fd87-fff8-4bd4-a6ff-cb80016a1230 1.405s
2024-12-12 05:34:01.198 67483 INFO tempest.lib.common.rest_client [req-07deb78a-ad99-4b4d-ad09-5d23556d0b1a req-07deb78a-ad99-4b4d-ad09-5d23556d0b1a ] Request (InstanceActionsTestJSON:setUpClass): 201 POST http://10.180.1.21:9696/networking/v2.0/subnets 0.432s
2024-12-12 05:34:01.231 67499 INFO tempest.lib.common.rest_client [req-2a7d1a12-ba67-4b52-a206-e087a6668d2d req-2a7d1a12-ba67-4b52-a206-e087a6668d2d ] Request (ServerDiagnosticsTest:tearDownClass): 204 DELETE http://10.180.1.21:9696/networking/v2.0/security-groups/de43ae4c-5a19-4987-a0a4-62466732c320 0.165s
2024-12-12 05:34:01.290 67523 INFO tempest.lib.common.rest_client [req-2fffc698-5e8f-48ec-bea7-f211edbe53a6 req-2fffc698-5e8f-48ec-bea7-f211edbe53a6 ] Request (FloatingIPsAssociationNegativeTestJSON:test_associate_ip_to_server_with_floating_ip): 400 POST http://10.180.1.21/compute/v2.1/servers/6d2d03af-2e5c-4e41-ac40-0a7b24f6c40d/action 1.423s
2024-12-12 05:34:01.319 67477 INFO tempest.lib.common.rest_client [req-00f5bf48-18ab-46fe-8878-2ed1e1a28362 req-00f5bf48-18ab-46fe-8878-2ed1e1a28362 ] Request (KeyPairsV22TestJSON:_run_cleanups): 204 DELETE http://10.180.1.21/compute/v2.1/os-keypairs/tempest-keypair-462145698 1.379s
2024-12-12 05:34:01.327 67521 INFO tempest.lib.common.rest_client [req-29c1e42b-1d8f-43d8-8d6b-d5d62c16c59d req-29c1e42b-1d8f-43d8-8d6b-d5d62c16c59d ] Request (ImagesOneServerTestJSON:setUpClass): 201 POST http://10.180.1.21:9696/networking/v2.0/subnets 0.415s
2024-12-12 05:34:01.333 67501 INFO tempest.lib.common.rest_client [req-75a5b09a-d07f-4c75-91d9-d1e8931fa986 req-75a5b09a-d07f-4c75-91d9-d1e8931fa986 ] Request (ServerShowV247Test:test_update_rebuild_list_server): 200 GET http://10.180.1.21/compute/v2.1/servers/a484a258-602e-4de7-bb9a-38d204874aff 1.406s
2024-12-12 05:34:01.343 67497 INFO tempest.lib.common.rest_client [req-81f0d364-a846-4bb3-a75c-2cae4d98d175 req-81f0d364-a846-4bb3-a75c-2cae4d98d175 ] Request (FlavorsAdminTestJSON:_run_cleanups): 200 GET http://10.180.1.21/compute/v2.1/flavors/detail 1.389s
2024-12-12 05:34:01.400 67491 INFO tempest.lib.common.rest_client [req-f74bac0f-8f80-434b-9928-84a23889a40e req-f74bac0f-8f80-434b-9928-84a23889a40e ] Request (SecurityGroupRulesNegativeTestJSON:test_create_security_group_rule_with_invalid_to_port): 400 POST http://10.180.1.21/compute/v2.1/os-security-group-rules 1.421s
2024-12-12 05:34:01.413 67499 INFO tempest.lib.common.rest_client [req-44acee33-2a43-429a-bdf9-36943fce51ca req-44acee33-2a43-429a-bdf9-36943fce51ca ] Request (ServerDiagnosticsTest:tearDownClass): 204 DELETE http://10.180.1.21/identity/v3/projects/9fde19930ca64ac8bd836b05307c4ae0 0.181s
2024-12-12 05:34:01.414 67499 INFO tempest.test [-] raised in TestVolumeSwap.setUpClass. Invoking tearDownClass.
2024-12-12 05:34:01.435 67493 INFO tempest.lib.common.rest_client [req-9547ba8d-ba2c-4bdf-932e-9a9c9e8e894e req-9547ba8d-ba2c-4bdf-932e-9a9c9e8e894e ] Request (FlavorsExtraSpecsNegativeTestJSON:test_flavor_non_admin_unset_keys): 200 POST http://10.180.1.21/compute/v2.1/flavors/132993609/os-extra_specs 1.362s
2024-12-12 05:34:01.507 67499 INFO tempest.lib.common.rest_client [req-b7679009-2e7b-487a-ad60-7cdbedeb22c6 req-b7679009-2e7b-487a-ad60-7cdbedeb22c6 ] Request (FloatingIPsNegativeTestJSON:setUpClass): 201 POST http://10.180.1.21/identity/v3/auth/tokens 0.090s
2024-12-12 05:34:01.526 67507 INFO tempest.lib.common.rest_client [req-5570a7ad-c300-4dec-91be-9d301a517cc6 req-5570a7ad-c300-4dec-91be-9d301a517cc6 ] Request (ImagesTestJSON:test_create_image_from_stopped_server): 200 GET http://10.180.1.21/compute/v2.1/servers/0a74545e-475b-480a-b0e8-b844bd665d40 1.428s
2024-12-12 05:34:01.543 67499 INFO tempest.lib.common.rest_client [req-177b8c3f-557d-4ee6-a775-9457ff987207 req-177b8c3f-557d-4ee6-a775-9457ff987207 ] Request (FloatingIPsNegativeTestJSON:setUpClass): 201 POST http://10.180.1.21/identity/v3/auth/tokens 0.034s
2024-12-12 05:34:01.575 67499 INFO tempest.lib.common.rest_client [req-aef34d17-daa7-432d-82bc-78d8d443001f req-aef34d17-daa7-432d-82bc-78d8d443001f ] Request (FloatingIPsNegativeTestJSON:setUpClass): 200 GET http://10.180.1.21/identity/v3/domains?name=Default 0.031s
2024-12-12 05:34:01.600 67489 INFO tempest.lib.common.rest_client [req-9403de6a-434a-41a0-9fd2-d031b9485292 req-9403de6a-434a-41a0-9fd2-d031b9485292 ] Request (MigrationsAdminTest:test_list_migrations_in_flavor_resize_situation): 200 GET http://10.180.1.21/compute/v2.1/servers/ebd0c4e7-c729-4b39-b675-fa0868b82a83 1.574s
2024-12-12 05:34:01.601 67505 INFO tempest.lib.common.rest_client [req-653f506c-4bb3-47c7-b25e-f264d128f18a req-653f506c-4bb3-47c7-b25e-f264d128f18a ] Request (TenantUsagesTestJSON:tearDownClass): 200 GET http://10.180.1.21/compute/v2.1/servers/36a85513-81dd-45f3-9987-9cc079ffb270 1.471s
2024-12-12 05:34:01.609 67499 INFO tempest.lib.common.rest_client [req-f706e8ef-6ab8-4090-9c37-24b25e39cc8e req-f706e8ef-6ab8-4090-9c37-24b25e39cc8e ] Request (FloatingIPsNegativeTestJSON:setUpClass): 201 POST http://10.180.1.21/identity/v3/projects 0.033s
2024-12-12 05:34:01.668 67528 INFO tempest.lib.common.rest_client [req-1ed364ef-68a9-4e16-8c80-91cd554a65c1 req-1ed364ef-68a9-4e16-8c80-91cd554a65c1 ] Request (ServersTestBootFromVolume:setUpClass): 200 GET http://10.180.1.21/compute/v2.1/servers/7369a4ba-3b07-4b71-a7ad-6dd77e57880d 1.432s
2024-12-12 05:34:01.677 67499 INFO tempest.lib.common.rest_client [req-2f08e906-a239-484d-9b0e-d0a340da4d15 req-2f08e906-a239-484d-9b0e-d0a340da4d15 ] Request (FloatingIPsNegativeTestJSON:setUpClass): 201 POST http://10.180.1.21/identity/v3/users 0.068s
2024-12-12 05:34:01.684 67485 INFO tempest.lib.common.rest_client [req-2f3a4bfd-3659-4f25-9b62-e11672da204f req-2f3a4bfd-3659-4f25-9b62-e11672da204f ] Request (ServersWithSpecificFlavorTestJSON:test_verify_created_server_ephemeral_disk): 200 GET http://10.180.1.21/compute/v2.1/servers/b32ec8f0-5bf5-42b3-ac1c-9f86ed069b72 0.946s
2024-12-12 05:34:01.697 67499 INFO tempest.lib.common.rest_client [req-e4b2e144-deb6-4124-a251-b2278ac556e7 req-e4b2e144-deb6-4124-a251-b2278ac556e7 ] Request (FloatingIPsNegativeTestJSON:setUpClass): 200 GET http://10.180.1.21/identity/v3/roles 0.019s
2024-12-12 05:34:01.725 67499 INFO tempest.lib.common.rest_client [req-8f00cdf0-d49b-460a-b441-731159979281 req-8f00cdf0-d49b-460a-b441-731159979281 ] Request (FloatingIPsNegativeTestJSON:setUpClass): 204 PUT http://10.180.1.21/identity/v3/projects/0787a6ee4c4f43938cc70529b0f7c966/users/18f953d017964388b39a1844a5e1e0e7/roles/b83b0e4582904d098d190bc2cfa265a3 0.028s
2024-12-12 05:34:01.725 67499 INFO tempest.lib.common.dynamic_creds [-] Dynamic test user 18f953d017964388b39a1844a5e1e0e7 is created with scope project and roles: ['member']
2024-12-12 05:34:01.725 67499 INFO tempest.lib.common.dynamic_creds [-] Acquired dynamic creds: credentials: Credentials: {'domain_id': 'default', 'domain_name': 'Default', 'username': 'tempest-FloatingIPsNegativeTestJSON-1894345812-project-member', 'project_domain_id': 'default', 'project_domain_name': 'Default', 'project_id': '0787a6ee4c4f43938cc70529b0f7c966', 'project_name': 'tempest-FloatingIPsNegativeTestJSON-1894345812', 'tenant_id': '0787a6ee4c4f43938cc70529b0f7c966', 'tenant_name': 'tempest-FloatingIPsNegativeTestJSON-1894345812', 'user_domain_id': 'default', 'user_domain_name': 'Default', 'user_id': '18f953d017964388b39a1844a5e1e0e7', 'system': None}, Network: None, Subnet: None, Router: None
2024-12-12 05:34:01.735 67511 INFO tempest.lib.common.rest_client [req-0fdd850c-268c-4495-96fa-e32c6d437db1 req-0fdd850c-268c-4495-96fa-e32c6d437db1 ] Request (ServersAdminTestJSON:test_create_server_with_scheduling_hint): 200 GET http://10.180.1.21/compute/v2.1/servers/dd4ad2de-fcb0-4147-83d1-0e62e8f3b73c 0.678s
2024-12-12 05:34:01.795 67499 INFO tempest.lib.common.rest_client [req-1c0bac98-41ea-43e9-b966-2b9c51466d36 req-1c0bac98-41ea-43e9-b966-2b9c51466d36 ] Request (FloatingIPsNegativeTestJSON:setUpClass): 201 POST http://10.180.1.21/identity/v3/auth/tokens 0.069s
2024-12-12 05:34:01.824 67479 INFO tempest.lib.common.rest_client [req-fb197e67-0237-4566-9fb0-a95e2d98fbd9 req-fb197e67-0237-4566-9fb0-a95e2d98fbd9 ] Request (VolumesAssistedSnapshotsTest:test_volume_assisted_snapshot_create_delete): 200 GET http://10.180.1.21/compute/v2.1/servers/3aefff1a-b562-4fb4-8f73-65a207437f07 0.746s
2024-12-12 05:34:01.831 67533 INFO tempest.lib.common.rest_client [req-bc946875-5e5d-4506-b429-12de984ee8a0 req-bc946875-5e5d-4506-b429-12de984ee8a0 ] Request (ListServerFiltersTestJSON:setUpClass): 200 GET http://10.180.1.21/compute/v2.1/servers/13ca0d44-e4a9-462e-878c-25ea8641f2b5 0.893s
2024-12-12 05:34:01.842 67479 INFO tempest.common.waiters [-] State transition "BUILD/spawning" ==> "ACTIVE/None" after 23 second wait
2024-12-12 05:34:01.879 67517 INFO tempest.lib.common.rest_client [req-5fc98967-a503-4786-8e4a-d1f0775ba794 req-5fc98967-a503-4786-8e4a-d1f0775ba794 ] Request (ServersTestJSON:test_create_server_specify_multibyte_character_name): 200 GET http://10.180.1.21/compute/v2.1/servers/bbfcb3b2-a3af-4843-943e-114d4b090fcd 0.774s
2024-12-12 05:34:01.896 67495 INFO tempest.lib.common.rest_client [req-719d9211-a63e-4e23-a6e0-1ddf1e2595d4 req-719d9211-a63e-4e23-a6e0-1ddf1e2595d4 ] Request (AttachInterfacesUnderV243Test:test_add_remove_fixed_ip): 200 GET http://10.180.1.21/compute/v2.1/servers/9bbe6c64-07de-41cd-a54c-2d57e16ab4e4 0.765s
2024-12-12 05:34:01.937 67531 INFO tempest.lib.common.rest_client [req-a55359f3-e733-4e9b-9daa-2f232d668bf9 req-a55359f3-e733-4e9b-9daa-2f232d668bf9 ] Request (ImagesNegativeTestJSON:test_create_image_from_deleted_server): 200 GET http://10.180.1.21/compute/v2.1/servers/720a1c86-db7a-49ec-83d7-38e41fc3bfe4 0.777s
2024-12-12 05:34:01.998 67513 INFO tempest.lib.common.rest_client [req-b6a50a25-ad7b-4d40-a96b-d57692cb485a req-b6a50a25-ad7b-4d40-a96b-d57692cb485a ] Request (DeleteServersAdminTestJSON:test_delete_server_while_in_error_state): 200 GET http://10.180.1.21/compute/v2.1/servers/7952e25d-df88-4f31-be5e-9e952a82db8c 0.775s
2024-12-12 05:34:02.054 67481 INFO tempest.lib.common.rest_client [req-46c7e9ab-ff1a-462b-9179-dd16ebbf13c1 req-46c7e9ab-ff1a-462b-9179-dd16ebbf13c1 ] Request (AttachInterfacesTestJSON:test_create_list_show_delete_interfaces_by_fixed_ip): 200 GET http://10.180.1.21/compute/v2.1/servers/09c87e29-fc1a-4d86-9577-945789c97981 0.829s
2024-12-12 05:34:02.104 67525 INFO tempest.lib.common.rest_client [req-9b816163-3f91-4690-a7e7-e1419ec3e5ec req-9b816163-3f91-4690-a7e7-e1419ec3e5ec ] Request (ImagesOneServerNegativeTestJSON:setUpClass): 200 GET http://10.180.1.21/compute/v2.1/servers/f309c14a-4c35-4b97-939c-d24dad02b0c4 0.819s
2024-12-12 05:34:02.371 67499 INFO tempest.lib.common.rest_client [req-56fac4ab-03b4-4ba7-814a-cd1e66185f36 req-56fac4ab-03b4-4ba7-814a-cd1e66185f36 ] Request (FloatingIPsNegativeTestJSON:setUpClass): 201 POST http://10.180.1.21:9696/networking/v2.0/networks 0.575s
2024-12-12 05:34:02.445 67483 INFO tempest.lib.common.rest_client [req-adc1723c-3e6b-4ec6-91fe-160189f38508 req-adc1723c-3e6b-4ec6-91fe-160189f38508 ] Request (InstanceActionsTestJSON:setUpClass): 201 POST http://10.180.1.21:9696/networking/v2.0/routers 1.246s
2024-12-12 05:34:02.446 67510 WARNING tempest.lib.common.ssh [-] Failed to establish authenticated ssh connection to cirros@10.180.180.175 ([Errno None] Unable to connect to port 22 on 10.180.180.175). Number attempts: 2. Retry after 3 seconds.: paramiko.ssh_exception.NoValidConnectionsError: [Errno None] Unable to connect to port 22 on 10.180.180.175
