2024-12-12 05:35:44.390 67528 INFO tempest.lib.common.rest_client [req-5dc119a6-8184-4376-a68a-8dfa0fbf53fa req-5dc119a6-8184-4376-a68a-8dfa0fbf53fa ] Request (ServersTestBootFromVolume:test_list_servers_with_detail): 200 GET http://10.180.1.21/compute/v2.1/servers/detail 0.251s
2024-12-12 05:35:44.427 67513 INFO tempest.lib.common.rest_client [req-3d990ef0-f314-4c39-81f5-1551b1601dea req-3d990ef0-f314-4c39-81f5-1551b1601dea ] Request (ServersAaction247Test:test_create_backup): 200 GET http://10.180.1.21/compute/v2.1/servers/6d777ac5-f26e-4df0-9ce3-5b5f1f8977ee 0.222s
2024-12-12 05:35:44.486 67533 INFO tempest.lib.common.rest_client [req-6916a2df-8fb3-46a9-9303-98655fcc824a req-6916a2df-8fb3-46a9-9303-98655fcc824a ] Request (ListServerFiltersTestJSON:tearDownClass): 200 GET http://10.180.1.21/compute/v2.1/servers/777b46e5-e2b5-49eb-b5da-3a196c847477 0.213s
2024-12-12 05:35:44.536 67497 INFO tempest.lib.common.rest_client [req-47c166df-d9da-46dd-98e9-6536a867e147 req-47c166df-d9da-46dd-98e9-6536a867e147 ] Request (ServerDiskConfigTestJSON:test_rebuild_server_with_auto_disk_config): 200 GET http://10.180.1.21/compute/v2.1/servers/529dbacd-fe2a-4165-83fb-53a683996fc4 0.215s
2024-12-12 05:35:44.585 67491 INFO tempest.lib.common.rest_client [req-dbaa7ec5-f9bb-4453-a16d-3cbbd4f0e604 req-dbaa7ec5-f9bb-4453-a16d-3cbbd4f0e604 ] Request (ServerRescueTestJSONUnderV235:setUpClass): 200 GET http://10.180.1.21/compute/v2.1/servers/3bc08585-9a04-42c4-a43a-eaf076d98a82 0.312s
2024-12-12 05:35:44.587 67473 INFO tempest.lib.common.rest_client [req-010e8c3d-e565-4fa3-9ca5-48aeef3a7136 req-010e8c3d-e565-4fa3-9ca5-48aeef3a7136 ] Request (ServersTestMultiNic:test_verify_multiple_nics_order): 200 GET http://10.180.1.21/compute/v2.1/servers/2a67d35d-5882-4494-9708-d0b921077856 0.257s
2024-12-12 05:35:44.649 67487 INFO tempest.lib.common.rest_client [req-a53a7d5c-1b06-4c11-a3c2-b9ba894579ac req-a53a7d5c-1b06-4c11-a3c2-b9ba894579ac ] Request (ServerExternalEventsTest:tearDownClass): 200 GET http://10.180.1.21/compute/v2.1/servers/abc29cc9-d3d8-4a81-b8a5-ea416d4a1422 0.255s
2024-12-12 05:35:44.662 67528 INFO tempest.lib.common.rest_client [req-08c4abb6-ae4a-4eeb-8c89-1e1cb217b9f7 req-08c4abb6-ae4a-4eeb-8c89-1e1cb217b9f7 ] Request (ServersTestBootFromVolume:test_verify_created_server_vcpus): 200 GET http://10.180.1.21/compute/v2.1/flavors/42 0.262s
2024-12-12 05:35:44.664 67477 INFO tempest.lib.common.rest_client [req-e8a12d67-3f45-4180-8c2b-40d90b3d5ebe req-e8a12d67-3f45-4180-8c2b-40d90b3d5ebe ] Request (InstanceActionsNegativeTestJSON:tearDownClass): 200 GET http://10.180.1.21/compute/v2.1/servers/0ee776e0-a7a8-4f71-ba22-3eae1920358e 0.286s
2024-12-12 05:35:44.666 67528 INFO tempest.lib.common.ssh [-] Creating ssh connection to '10.180.180.210:22' as 'cirros' with public key authentication
2024-12-12 05:35:44.669 67528 INFO paramiko.transport [-] Connected (version 2.0, client dropbear_2020.81)
2024-12-12 05:35:44.720 67517 INFO tempest.lib.common.rest_client [req-24344dbe-47c1-4bf3-b871-5e118c453efd req-24344dbe-47c1-4bf3-b871-5e118c453efd ] Request (ServersTestJSON:test_create_server_with_ipv6_addr_only): 200 GET http://10.180.1.21/compute/v2.1/servers/9a89f687-cafa-4f14-a45a-a6180dcf3d07 0.293s
2024-12-12 05:35:44.733 67475 INFO tempest.lib.common.rest_client [req-52290f40-e0c6-4d59-8c06-3cc25c01bc68 req-52290f40-e0c6-4d59-8c06-3cc25c01bc68 ] Request (FloatingIPsAssociationTestJSON:test_associate_already_associated_floating_ip): 200 GET http://10.180.1.21/compute/v2.1/servers/1bc765b2-1b03-408d-9a59-fa597303cf1f 0.258s
2024-12-12 05:35:44.768 67521 INFO tempest.lib.common.rest_client [req-c040d0c1-5ea7-4d34-bd05-0c4ce34599a8 req-c040d0c1-5ea7-4d34-bd05-0c4ce34599a8 ] Request (ImagesOneServerTestJSON:test_create_image_specify_multibyte_character_image_name): 200 GET http://10.180.1.21/compute/v2.1/images/11d5faf6-bad9-4ca8-8b2e-e973786f0d54 0.225s
2024-12-12 05:35:44.769 67525 INFO tempest.lib.common.rest_client [req-dbbc4ff9-133c-47bc-b6fc-928c873b2bc9 req-dbbc4ff9-133c-47bc-b6fc-928c873b2bc9 ] Request (ImagesOneServerNegativeTestJSON:_run_cleanups): 200 GET http://10.180.1.21/compute/v2.1/servers/3ce0e9fd-70bc-490f-9414-aa830d2935f2 0.257s
2024-12-12 05:35:44.772 67528 INFO paramiko.transport [-] Authentication (publickey) successful!
2024-12-12 05:35:44.772 67528 INFO tempest.lib.common.ssh [-] ssh connection to cirros@10.180.180.210 successfully created
2024-12-12 05:35:44.817 67507 INFO tempest.lib.common.rest_client [req-1abe63de-fafb-4303-a9b6-1d342576c7ea req-1abe63de-fafb-4303-a9b6-1d342576c7ea ] Request (ImagesTestJSON:test_create_image_from_suspended_server): 200 GET http://10.180.1.21/compute/v2.1/servers/2d9b66a8-c542-43f0-96c7-c4e1cd8b8993 0.172s
2024-12-12 05:35:44.843 67483 INFO tempest.lib.common.rest_client [req-6eb7727d-42d8-4548-81f6-e0eb69ff93c0 req-6eb7727d-42d8-4548-81f6-e0eb69ff93c0 ] Request (InstanceActionsTestJSON:tearDownClass): 200 GET http://10.180.1.21/compute/v2.1/servers/7d1dd7af-2cf2-441f-b873-eae65e5f2d11 0.243s
2024-12-12 05:35:44.876 67529 INFO tempest.lib.common.rest_client [req-49a5c4d3-d581-414f-8a08-1fedfebd59f2 req-49a5c4d3-d581-414f-8a08-1fedfebd59f2 ] Request (DeleteServersTestJSON:test_delete_active_server): 200 GET http://10.180.1.21/compute/v2.1/servers/aab9dc43-9547-4246-be2e-3018436bc6a5 0.194s
2024-12-12 05:35:44.945 67528 INFO tempest.lib.common.rest_client [req-a2e805e4-4445-4a1e-af4d-fe5b48e625db req-a2e805e4-4445-4a1e-af4d-fe5b48e625db ] Request (ServersTestBootFromVolume:tearDownClass): 204 DELETE http://10.180.1.21/compute/v2.1/servers/7369a4ba-3b07-4b71-a7ad-6dd77e57880d 0.161s
2024-12-12 05:35:45.035 67485 WARNING tempest.lib.common.ssh [-] Failed to establish authenticated ssh connection to cirros@10.180.180.206 ([Errno None] Unable to connect to port 22 on 10.180.180.206). Number attempts: 6. Retry after 7 seconds.: paramiko.ssh_exception.NoValidConnectionsError: [Errno None] Unable to connect to port 22 on 10.180.180.206
2024-12-12 05:35:45.059 67489 INFO tempest.lib.common.rest_client [req-a3ea1c13-2964-45f7-9021-66d9a1b91666 req-a3ea1c13-2964-45f7-9021-66d9a1b91666 ] Request (MigrationsAdminTest:test_resize_server_revert_deleted_flavor): 200 GET http://10.180.1.21/compute/v2.1/servers/1000d22c-18b0-47a5-bcfb-1f2af539412a 0.049s
2024-12-12 05:35:45.094 67528 INFO tempest.lib.common.rest_client [req-d3149b6d-32f7-4732-a92f-c80394359e0f req-d3149b6d-32f7-4732-a92f-c80394359e0f ] Request (ServersTestBootFromVolume:tearDownClass): 200 GET http://10.180.1.21/compute/v2.1/servers/7369a4ba-3b07-4b71-a7ad-6dd77e57880d 0.149s
2024-12-12 05:35:45.200 67499 INFO tempest.lib.common.rest_client [req-24e43bc4-2f21-4a8e-9ad9-cc6708c4e80f req-24e43bc4-2f21-4a8e-9ad9-cc6708c4e80f ] Request (ServerAddressesNegativeTestJSON:setUpClass): 200 GET http://10.180.1.21/compute/v2.1/servers/27d74d37-9c58-40af-997f-a576fd41c093 0.099s
2024-12-12 05:35:45.254 67493 INFO tempest.lib.common.rest_client [req-c2d331ec-bb4f-45cf-b876-3dcf61fc7eef req-c2d331ec-bb4f-45cf-b876-3dcf61fc7eef ] Request (ServersV294TestFqdnHostnames:setUpClass): 200 GET http://10.180.1.21/compute/v2.1/servers/f00074db-810e-4764-b001-4a7835629d01 0.110s
2024-12-12 05:35:45.255 67523 INFO tempest.lib.common.rest_client [req-3010ebbe-899a-437d-9bc8-0e418119fdd2 req-3010ebbe-899a-437d-9bc8-0e418119fdd2 ] Request (ServersTestJSON:setUpClass): 200 GET http://10.180.1.21/compute/v2.1/servers/242d685b-93b8-4b9c-8682-5cd3de2a8130 0.065s
2024-12-12 05:35:45.312 67511 INFO tempest.lib.common.rest_client [req-e8108d0a-8c5b-4bbd-9fa9-612c6dd6469c req-e8108d0a-8c5b-4bbd-9fa9-612c6dd6469c ] Request (ServersAdminTestJSON:test_inject_network_info): 200 GET http://10.180.1.21/compute/v2.1/servers/61db11a7-dc0e-4c69-8f59-a855ee1c0279 0.117s
2024-12-12 05:35:45.435 67501 INFO tempest.lib.common.rest_client [req-442d9e6d-a7f1-49e3-ac77-870783414df6 req-442d9e6d-a7f1-49e3-ac77-870783414df6 ] Request (AttachVolumeShelveTestJSON:test_attach_volume_shelved_or_offload_server): 200 GET http://10.180.1.21/compute/v2.1/servers/6db8cf55-cabf-406e-a09d-3f0f6d7825f1 0.050s
2024-12-12 05:35:45.465 67503 INFO tempest.lib.common.rest_client [req-bc4e765c-bce8-48a5-bced-38000ef9b098 req-bc4e765c-bce8-48a5-bced-38000ef9b098 ] Request (ServerRescueTestJSON:test_rescue_unrescue_instance): 200 GET http://10.180.1.21/compute/v2.1/servers/ef827c35-7d3f-45da-9422-e058331ace32 0.136s
2024-12-12 05:35:45.471 67503 INFO tempest.common.waiters [-] State transition "BUILD/networking" ==> "BUILD/spawning" after 74 second wait
2024-12-12 05:35:45.493 67513 INFO tempest.lib.common.rest_client [req-d72e755a-452b-4a43-a947-3e0018972490 req-d72e755a-452b-4a43-a947-3e0018972490 ] Request (ServersAaction247Test:test_create_backup): 200 GET http://10.180.1.21/compute/v2.1/servers/6d777ac5-f26e-4df0-9ce3-5b5f1f8977ee 0.052s
2024-12-12 05:35:45.579 67533 INFO tempest.lib.common.rest_client [req-292438a1-3359-4005-896c-40a706197e92 req-292438a1-3359-4005-896c-40a706197e92 ] Request (ListServerFiltersTestJSON:tearDownClass): 200 GET http://10.180.1.21/compute/v2.1/servers/777b46e5-e2b5-49eb-b5da-3a196c847477 0.079s
2024-12-12 05:35:45.606 67497 INFO tempest.lib.common.rest_client [req-21009226-cc4a-4438-b53c-7ea16a7d266d req-21009226-cc4a-4438-b53c-7ea16a7d266d ] Request (ServerDiskConfigTestJSON:test_rebuild_server_with_auto_disk_config): 200 GET http://10.180.1.21/compute/v2.1/servers/529dbacd-fe2a-4165-83fb-53a683996fc4 0.063s
2024-12-12 05:35:45.655 67473 INFO tempest.lib.common.rest_client [req-79583889-33ad-4103-8e84-63ba2ff974a6 req-79583889-33ad-4103-8e84-63ba2ff974a6 ] Request (ServersTestMultiNic:test_verify_multiple_nics_order): 200 GET http://10.180.1.21/compute/v2.1/servers/2a67d35d-5882-4494-9708-d0b921077856 0.059s
2024-12-12 05:35:45.702 67491 INFO tempest.lib.common.rest_client [req-c3a4fc44-5e99-4e42-bd3c-0a07183cd0c6 req-c3a4fc44-5e99-4e42-bd3c-0a07183cd0c6 ] Request (ServerRescueTestJSONUnderV235:setUpClass): 200 GET http://10.180.1.21/compute/v2.1/servers/3bc08585-9a04-42c4-a43a-eaf076d98a82 0.109s
2024-12-12 05:35:45.710 67487 INFO tempest.lib.common.rest_client [req-d8ed3901-3949-4119-b965-7cd02f5b8f58 req-d8ed3901-3949-4119-b965-7cd02f5b8f58 ] Request (ServerExternalEventsTest:tearDownClass): 200 GET http://10.180.1.21/compute/v2.1/servers/abc29cc9-d3d8-4a81-b8a5-ea416d4a1422 0.054s
2024-12-12 05:35:45.754 67477 INFO tempest.lib.common.rest_client [req-1c5c9c8d-78ae-4f22-b27e-dd772202b0ba req-1c5c9c8d-78ae-4f22-b27e-dd772202b0ba ] Request (InstanceActionsNegativeTestJSON:tearDownClass): 200 GET http://10.180.1.21/compute/v2.1/servers/0ee776e0-a7a8-4f71-ba22-3eae1920358e 0.076s
2024-12-12 05:35:45.794 67517 INFO tempest.lib.common.rest_client [req-0a731b0d-dd5d-444a-98ea-04c6130ac6ae req-0a731b0d-dd5d-444a-98ea-04c6130ac6ae ] Request (ServersTestJSON:test_create_server_with_ipv6_addr_only): 200 GET http://10.180.1.21/compute/v2.1/servers/9a89f687-cafa-4f14-a45a-a6180dcf3d07 0.053s
2024-12-12 05:35:45.806 67475 INFO tempest.lib.common.rest_client [req-86ee2a73-0a4b-463d-90d1-f37b50362b02 req-86ee2a73-0a4b-463d-90d1-f37b50362b02 ] Request (FloatingIPsAssociationTestJSON:test_associate_already_associated_floating_ip): 200 GET http://10.180.1.21/compute/v2.1/servers/1bc765b2-1b03-408d-9a59-fa597303cf1f 0.058s
2024-12-12 05:35:45.825 67521 INFO tempest.lib.common.rest_client [req-53614ed8-18c4-4e5c-be94-89514a6bebf2 req-53614ed8-18c4-4e5c-be94-89514a6bebf2 ] Request (ImagesOneServerTestJSON:test_create_image_specify_multibyte_character_image_name): 200 GET http://10.180.1.21/compute/v2.1/images/11d5faf6-bad9-4ca8-8b2e-e973786f0d54 0.052s
2024-12-12 05:35:45.871 67525 INFO tempest.lib.common.rest_client [req-6a2f9b55-40c6-403e-b40c-ab62ee8769ba req-6a2f9b55-40c6-403e-b40c-ab62ee8769ba ] Request (ImagesOneServerNegativeTestJSON:_run_cleanups): 200 GET http://10.180.1.21/compute/v2.1/servers/3ce0e9fd-70bc-490f-9414-aa830d2935f2 0.092s
2024-12-12 05:35:45.883 67507 INFO tempest.lib.common.rest_client [req-d7205b8a-e454-4386-9a9b-1b4e72e44b90 req-d7205b8a-e454-4386-9a9b-1b4e72e44b90 ] Request (ImagesTestJSON:test_create_image_from_suspended_server): 200 GET http://10.180.1.21/compute/v2.1/servers/2d9b66a8-c542-43f0-96c7-c4e1cd8b8993 0.058s
2024-12-12 05:35:45.958 67529 INFO tempest.lib.common.rest_client [req-122dc291-7438-4686-9937-612f2fc1ca8b req-122dc291-7438-4686-9937-612f2fc1ca8b ] Request (DeleteServersTestJSON:test_delete_active_server): 200 GET http://10.180.1.21/compute/v2.1/servers/aab9dc43-9547-4246-be2e-3018436bc6a5 0.073s
2024-12-12 05:35:45.961 67483 INFO tempest.lib.common.rest_client [req-a287c91f-1378-4866-a7f7-a7404e225538 req-a287c91f-1378-4866-a7f7-a7404e225538 ] Request (InstanceActionsTestJSON:tearDownClass): 200 GET http://10.180.1.21/compute/v2.1/servers/7d1dd7af-2cf2-441f-b873-eae65e5f2d11 0.110s
2024-12-12 05:35:46.117 67489 INFO tempest.lib.common.rest_client [req-990e4ffe-9c40-4cf5-ab19-f94b70022cb9 req-990e4ffe-9c40-4cf5-ab19-f94b70022cb9 ] Request (MigrationsAdminTest:test_resize_server_revert_deleted_flavor): 200 GET http://10.180.1.21/compute/v2.1/servers/1000d22c-18b0-47a5-bcfb-1f2af539412a 0.052s
2024-12-12 05:35:46.251 67528 INFO tempest.lib.common.rest_client [req-30e3f16d-cc20-417e-b0ca-b5414583cacb req-30e3f16d-cc20-417e-b0ca-b5414583cacb ] Request (ServersTestBootFromVolume:tearDownClass): 200 GET http://10.180.1.21/compute/v2.1/servers/7369a4ba-3b07-4b71-a7ad-6dd77e57880d 0.150s
2024-12-12 05:35:46.386 67493 INFO tempest.lib.common.rest_client [req-a98d7337-2c38-4486-a46c-b49c29cd864e req-a98d7337-2c38-4486-a46c-b49c29cd864e ] Request (ServersV294TestFqdnHostnames:setUpClass): 200 GET http://10.180.1.21/compute/v2.1/servers/f00074db-810e-4764-b001-4a7835629d01 0.123s
2024-12-12 05:35:46.442 67523 INFO tempest.lib.common.rest_client [req-5918e88f-7496-439d-9c41-cc05492bf190 req-5918e88f-7496-439d-9c41-cc05492bf190 ] Request (ServersTestJSON:setUpClass): 200 GET http://10.180.1.21/compute/v2.1/servers/242d685b-93b8-4b9c-8682-5cd3de2a8130 0.178s
2024-12-12 05:35:46.489 67511 INFO tempest.lib.common.rest_client [req-92e5e3e7-9af1-4175-a965-3f5d84e70169 req-92e5e3e7-9af1-4175-a965-3f5d84e70169 ] Request (ServersAdminTestJSON:test_inject_network_info): 200 GET http://10.180.1.21/compute/v2.1/servers/61db11a7-dc0e-4c69-8f59-a855ee1c0279 0.169s
2024-12-12 05:35:46.542 67501 INFO tempest.lib.common.rest_client [req-9275458c-1393-45ed-8920-f162d5d2b8dd req-9275458c-1393-45ed-8920-f162d5d2b8dd ] Request (AttachVolumeShelveTestJSON:test_attach_volume_shelved_or_offload_server): 200 GET http://10.180.1.21/compute/v2.1/servers/6db8cf55-cabf-406e-a09d-3f0f6d7825f1 0.096s
2024-12-12 05:35:46.554 67499 INFO tempest.lib.common.rest_client [req-bd1ef340-7a4e-4f71-afd9-57767927d826 req-bd1ef340-7a4e-4f71-afd9-57767927d826 ] Request (ServerAddressesNegativeTestJSON:setUpClass): 200 GET http://10.180.1.21/compute/v2.1/servers/27d74d37-9c58-40af-997f-a576fd41c093 0.347s
2024-12-12 05:35:46.602 67513 INFO tempest.lib.common.rest_client [req-388a207e-5e79-406b-90d7-0fca8a216ab4 req-388a207e-5e79-406b-90d7-0fca8a216ab4 ] Request (ServersAaction247Test:test_create_backup): 200 GET http://10.180.1.21/compute/v2.1/servers/6d777ac5-f26e-4df0-9ce3-5b5f1f8977ee 0.089s
2024-12-12 05:35:46.622 67533 INFO tempest.lib.common.rest_client [req-efe46b99-9e4f-4aa5-ab5a-303682e84dce req-efe46b99-9e4f-4aa5-ab5a-303682e84dce ] Request (ListServerFiltersTestJSON:tearDownClass): 404 GET http://10.180.1.21/compute/v2.1/servers/777b46e5-e2b5-49eb-b5da-3a196c847477 0.028s
2024-12-12 05:35:46.649 67503 INFO tempest.lib.common.rest_client [req-f1141ddf-6dd6-49c9-bdb0-3b562af60099 req-f1141ddf-6dd6-49c9-bdb0-3b562af60099 ] Request (ServerRescueTestJSON:test_rescue_unrescue_instance): 200 GET http://10.180.1.21/compute/v2.1/servers/ef827c35-7d3f-45da-9422-e058331ace32 0.176s
2024-12-12 05:35:46.681 67497 INFO tempest.lib.common.rest_client [req-dc3c2048-88f1-4874-ab08-de504427525a req-dc3c2048-88f1-4874-ab08-de504427525a ] Request (ServerDiskConfigTestJSON:test_rebuild_server_with_auto_disk_config): 200 GET http://10.180.1.21/compute/v2.1/servers/529dbacd-fe2a-4165-83fb-53a683996fc4 0.067s
2024-12-12 05:35:46.736 67533 INFO tempest.lib.common.rest_client [req-9f596b03-1174-455c-a52a-aa963f5e539a req-9f596b03-1174-455c-a52a-aa963f5e539a ] Request (ListServerFiltersTestJSON:tearDownClass): 204 DELETE http://10.180.1.21/compute/v2.1/servers/c551d570-604a-4767-8982-e08e72eb0021 0.113s
2024-12-12 05:35:46.736 67473 INFO tempest.lib.common.rest_client [req-51be2b46-f735-46d3-a882-ce981b1130bb req-51be2b46-f735-46d3-a882-ce981b1130bb ] Request (ServersTestMultiNic:test_verify_multiple_nics_order): 200 GET http://10.180.1.21/compute/v2.1/servers/2a67d35d-5882-4494-9708-d0b921077856 0.075s
2024-12-12 05:35:46.821 67487 INFO tempest.lib.common.rest_client [req-43da1a40-9338-4c7f-81a4-78bd934e6b7b req-43da1a40-9338-4c7f-81a4-78bd934e6b7b ] Request (ServerExternalEventsTest:tearDownClass): 200 GET http://10.180.1.21/compute/v2.1/servers/abc29cc9-d3d8-4a81-b8a5-ea416d4a1422 0.105s
2024-12-12 05:35:46.856 67491 INFO tempest.lib.common.rest_client [req-0e4be1c4-fbd2-468f-816f-f95eeaa42a06 req-0e4be1c4-fbd2-468f-816f-f95eeaa42a06 ] Request (ServerRescueTestJSONUnderV235:setUpClass): 200 GET http://10.180.1.21/compute/v2.1/servers/3bc08585-9a04-42c4-a43a-eaf076d98a82 0.147s
2024-12-12 05:35:46.923 67477 INFO tempest.lib.common.rest_client [req-908658fa-e8a1-4a0a-af73-481577331421 req-908658fa-e8a1-4a0a-af73-481577331421 ] Request (InstanceActionsNegativeTestJSON:tearDownClass): 200 GET http://10.180.1.21/compute/v2.1/servers/0ee776e0-a7a8-4f71-ba22-3eae1920358e 0.160s
2024-12-12 05:35:46.946 67533 INFO tempest.lib.common.rest_client [req-e1fd8ca2-ffb5-4da5-8be5-dd0045098586 req-e1fd8ca2-ffb5-4da5-8be5-dd0045098586 ] Request (ListServerFiltersTestJSON:tearDownClass): 200 GET http://10.180.1.21/compute/v2.1/servers/c551d570-604a-4767-8982-e08e72eb0021 0.209s
2024-12-12 05:35:46.978 67517 INFO tempest.lib.common.rest_client [req-c1de1efc-4d50-4a4b-b7af-402cb62de912 req-c1de1efc-4d50-4a4b-b7af-402cb62de912 ] Request (ServersTestJSON:test_create_server_with_ipv6_addr_only): 200 GET http://10.180.1.21/compute/v2.1/servers/9a89f687-cafa-4f14-a45a-a6180dcf3d07 0.177s
2024-12-12 05:35:46.997 67475 INFO tempest.lib.common.rest_client [req-e831f9df-80fd-4ed9-a604-a3b66c7b5a40 req-e831f9df-80fd-4ed9-a604-a3b66c7b5a40 ] Request (FloatingIPsAssociationTestJSON:test_associate_already_associated_floating_ip): 200 GET http://10.180.1.21/compute/v2.1/servers/1bc765b2-1b03-408d-9a59-fa597303cf1f 0.183s
2024-12-12 05:35:47.016 67521 INFO tempest.lib.common.rest_client [req-b676eab1-d690-4f52-a9cf-43066b19d571 req-b676eab1-d690-4f52-a9cf-43066b19d571 ] Request (ImagesOneServerTestJSON:test_create_image_specify_multibyte_character_image_name): 200 GET http://10.180.1.21/compute/v2.1/images/11d5faf6-bad9-4ca8-8b2e-e973786f0d54 0.187s
2024-12-12 05:35:47.071 67525 INFO tempest.lib.common.rest_client [req-3b657a61-8386-40bf-88f4-de0f94962633 req-3b657a61-8386-40bf-88f4-de0f94962633 ] Request (ImagesOneServerNegativeTestJSON:_run_cleanups): 200 GET http://10.180.1.21/compute/v2.1/servers/3ce0e9fd-70bc-490f-9414-aa830d2935f2 0.191s
2024-12-12 05:35:47.071 67507 INFO tempest.lib.common.rest_client [req-36b68166-0d9d-45ed-a9b1-cd48bd47ea58 req-36b68166-0d9d-45ed-a9b1-cd48bd47ea58 ] Request (ImagesTestJSON:test_create_image_from_suspended_server): 200 GET http://10.180.1.21/compute/v2.1/servers/2d9b66a8-c542-43f0-96c7-c4e1cd8b8993 0.181s
2024-12-12 05:35:47.124 67483 INFO tempest.lib.common.rest_client [req-f1c19b8b-21fb-413e-bb57-eed034dd111d req-f1c19b8b-21fb-413e-bb57-eed034dd111d ] Request (InstanceActionsTestJSON:tearDownClass): 200 GET http://10.180.1.21/compute/v2.1/servers/7d1dd7af-2cf2-441f-b873-eae65e5f2d11 0.152s
2024-12-12 05:35:47.126 67529 INFO tempest.lib.common.rest_client [req-39941577-7d5c-4be9-a1bb-30fff8bc227b req-39941577-7d5c-4be9-a1bb-30fff8bc227b ] Request (DeleteServersTestJSON:test_delete_active_server): 200 GET http://10.180.1.21/compute/v2.1/servers/aab9dc43-9547-4246-be2e-3018436bc6a5 0.161s
2024-12-12 05:35:47.178 67489 INFO tempest.lib.common.rest_client [req-66f5a112-04f2-4816-b109-e87923aa4865 req-66f5a112-04f2-4816-b109-e87923aa4865 ] Request (MigrationsAdminTest:test_resize_server_revert_deleted_flavor): 200 GET http://10.180.1.21/compute/v2.1/servers/1000d22c-18b0-47a5-bcfb-1f2af539412a 0.054s
2024-12-12 05:35:47.449 67528 INFO tempest.lib.common.rest_client [req-c0d59cac-edae-4b29-b8e5-1d39ae16e533 req-c0d59cac-edae-4b29-b8e5-1d39ae16e533 ] Request (ServersTestBootFromVolume:tearDownClass): 200 GET http://10.180.1.21/compute/v2.1/servers/7369a4ba-3b07-4b71-a7ad-6dd77e57880d 0.182s
2024-12-12 05:35:47.502 67523 INFO tempest.lib.common.rest_client [req-ba38e134-2fd4-402f-b913-204d2891c9d9 req-ba38e134-2fd4-402f-b913-204d2891c9d9 ] Request (ServersTestJSON:setUpClass): 200 GET http://10.180.1.21/compute/v2.1/servers/242d685b-93b8-4b9c-8682-5cd3de2a8130 0.052s
2024-12-12 05:35:47.520 67493 INFO tempest.lib.common.rest_client [req-59e72fd6-3786-4f3c-b3ac-e64913a7b949 req-59e72fd6-3786-4f3c-b3ac-e64913a7b949 ] Request (ServersV294TestFqdnHostnames:setUpClass): 200 GET http://10.180.1.21/compute/v2.1/servers/f00074db-810e-4764-b001-4a7835629d01 0.115s
2024-12-12 05:35:47.549 67511 INFO tempest.lib.common.rest_client [req-26d9b77c-8d1e-46aa-94f9-e140261609d5 req-26d9b77c-8d1e-46aa-94f9-e140261609d5 ] Request (ServersAdminTestJSON:test_inject_network_info): 200 GET http://10.180.1.21/compute/v2.1/servers/61db11a7-dc0e-4c69-8f59-a855ee1c0279 0.053s
2024-12-12 05:35:47.606 67501 INFO tempest.lib.common.rest_client [req-be123a2c-85a9-479e-8511-92556c61bfd3 req-be123a2c-85a9-479e-8511-92556c61bfd3 ] Request (AttachVolumeShelveTestJSON:test_attach_volume_shelved_or_offload_server): 200 GET http://10.180.1.21/compute/v2.1/servers/6db8cf55-cabf-406e-a09d-3f0f6d7825f1 0.054s
2024-12-12 05:35:47.662 67499 INFO tempest.lib.common.rest_client [req-c9020c93-c26b-4376-9c78-98447f3db77a req-c9020c93-c26b-4376-9c78-98447f3db77a ] Request (ServerAddressesNegativeTestJSON:setUpClass): 200 GET http://10.180.1.21/compute/v2.1/servers/27d74d37-9c58-40af-997f-a576fd41c093 0.101s
2024-12-12 05:35:47.666 67513 INFO tempest.lib.common.rest_client [req-795c8de2-4eb5-47ed-ba44-4ce35c33fd87 req-795c8de2-4eb5-47ed-ba44-4ce35c33fd87 ] Request (ServersAaction247Test:test_create_backup): 200 GET http://10.180.1.21/compute/v2.1/servers/6d777ac5-f26e-4df0-9ce3-5b5f1f8977ee 0.056s
2024-12-12 05:35:47.669 67499 INFO tempest.common.waiters [-] State transition "BUILD/spawning" ==> "ACTIVE/None" after 86 second wait
2024-12-12 05:35:47.701 67499 INFO tempest.lib.common.rest_client [req-8aafcf89-c54d-4645-b180-bc08afa865a2 req-8aafcf89-c54d-4645-b180-bc08afa865a2 ] Request (ServerAddressesNegativeTestJSON:test_list_server_addresses_by_network_neg): 404 GET http://10.180.1.21/compute/v2.1/servers/27d74d37-9c58-40af-997f-a576fd41c093/ips/invalid 0.031s
2024-12-12 05:35:47.756 67497 INFO tempest.lib.common.rest_client [req-612c94d6-a8e5-4b10-9195-6e194503cb3a req-612c94d6-a8e5-4b10-9195-6e194503cb3a ] Request (ServerDiskConfigTestJSON:test_rebuild_server_with_auto_disk_config): 200 GET http://10.180.1.21/compute/v2.1/servers/529dbacd-fe2a-4165-83fb-53a683996fc4 0.063s
2024-12-12 05:35:47.761 67499 INFO tempest.lib.common.rest_client [req-4df26b50-14ad-424d-b867-392e6b24bc05 req-4df26b50-14ad-424d-b867-392e6b24bc05 ] Request (ServerAddressesNegativeTestJSON:test_list_server_addresses_invalid_server_id): 404 GET http://10.180.1.21/compute/v2.1/servers/999/ips 0.059s
2024-12-12 05:35:47.772 67503 INFO tempest.lib.common.rest_client [req-6b7ff66c-1065-45ab-8211-622fa6fdcf75 req-6b7ff66c-1065-45ab-8211-622fa6fdcf75 ] Request (ServerRescueTestJSON:test_rescue_unrescue_instance): 200 GET http://10.180.1.21/compute/v2.1/servers/ef827c35-7d3f-45da-9422-e058331ace32 0.117s
2024-12-12 05:35:47.824 67473 INFO tempest.lib.common.rest_client [req-45962338-6214-4a80-a79e-242a1b28ad84 req-45962338-6214-4a80-a79e-242a1b28ad84 ] Request (ServersTestMultiNic:test_verify_multiple_nics_order): 200 GET http://10.180.1.21/compute/v2.1/servers/2a67d35d-5882-4494-9708-d0b921077856 0.080s
2024-12-12 05:35:47.861 67499 INFO tempest.lib.common.rest_client [req-1b9618d0-a67d-4027-8288-a4e8a4d6cc19 req-1b9618d0-a67d-4027-8288-a4e8a4d6cc19 ] Request (ServerAddressesNegativeTestJSON:tearDownClass): 204 DELETE http://10.180.1.21/compute/v2.1/servers/27d74d37-9c58-40af-997f-a576fd41c093 0.098s
2024-12-12 05:35:47.914 67487 INFO tempest.lib.common.rest_client [req-667bbc78-3204-4b6c-bdbc-f78ca42ac4aa req-667bbc78-3204-4b6c-bdbc-f78ca42ac4aa ] Request (ServerExternalEventsTest:tearDownClass): 200 GET http://10.180.1.21/compute/v2.1/servers/abc29cc9-d3d8-4a81-b8a5-ea416d4a1422 0.080s
2024-12-12 05:35:47.979 67499 INFO tempest.lib.common.rest_client [req-1b8381cc-0c0c-4d36-909e-e682d52d0595 req-1b8381cc-0c0c-4d36-909e-e682d52d0595 ] Request (ServerAddressesNegativeTestJSON:tearDownClass): 200 GET http://10.180.1.21/compute/v2.1/servers/27d74d37-9c58-40af-997f-a576fd41c093 0.118s
2024-12-12 05:35:48.017 67491 INFO tempest.lib.common.rest_client [req-3cd70f1f-b6b7-438a-98e8-99cac6b7fb91 req-3cd70f1f-b6b7-438a-98e8-99cac6b7fb91 ] Request (ServerRescueTestJSONUnderV235:setUpClass): 200 GET http://10.180.1.21/compute/v2.1/servers/3bc08585-9a04-42c4-a43a-eaf076d98a82 0.151s
2024-12-12 05:35:48.023 67491 INFO tempest.common.waiters [-] State transition "ACTIVE/rescuing" ==> "RESCUE/None" after 9 second wait
2024-12-12 05:35:48.040 67477 INFO tempest.lib.common.rest_client [req-85731765-00a2-4a24-907a-340a099b51d6 req-85731765-00a2-4a24-907a-340a099b51d6 ] Request (InstanceActionsNegativeTestJSON:tearDownClass): 200 GET http://10.180.1.21/compute/v2.1/servers/0ee776e0-a7a8-4f71-ba22-3eae1920358e 0.110s
2024-12-12 05:35:48.102 67517 INFO tempest.lib.common.rest_client [req-493dd170-9056-4c40-a2e1-53fefbeb780a req-493dd170-9056-4c40-a2e1-53fefbeb780a ] Request (ServersTestJSON:test_create_server_with_ipv6_addr_only): 200 GET http://10.180.1.21/compute/v2.1/servers/9a89f687-cafa-4f14-a45a-a6180dcf3d07 0.118s
2024-12-12 05:35:48.124 67533 INFO tempest.lib.common.rest_client [req-17171a1d-c320-4c36-a7cb-914fdf1392b6 req-17171a1d-c320-4c36-a7cb-914fdf1392b6 ] Request (ListServerFiltersTestJSON:tearDownClass): 200 GET http://10.180.1.21/compute/v2.1/servers/c551d570-604a-4767-8982-e08e72eb0021 0.169s
2024-12-12 05:35:48.158 67521 INFO tempest.lib.common.rest_client [req-76be8d73-494a-4487-994d-c969f1078c91 req-76be8d73-494a-4487-994d-c969f1078c91 ] Request (ImagesOneServerTestJSON:test_create_image_specify_multibyte_character_image_name): 200 GET http://10.180.1.21/compute/v2.1/images/11d5faf6-bad9-4ca8-8b2e-e973786f0d54 0.136s
2024-12-12 05:35:48.165 67475 INFO tempest.lib.common.rest_client [req-0b11ede6-ec4d-4e29-9e32-71acdf58f95f req-0b11ede6-ec4d-4e29-9e32-71acdf58f95f ] Request (FloatingIPsAssociationTestJSON:test_associate_already_associated_floating_ip): 200 GET http://10.180.1.21/compute/v2.1/servers/1bc765b2-1b03-408d-9a59-fa597303cf1f 0.161s
2024-12-12 05:35:48.227 67507 INFO tempest.lib.common.rest_client [req-c0ce03af-cfb3-4f9a-bcac-148651e1b56a req-c0ce03af-cfb3-4f9a-bcac-148651e1b56a ] Request (ImagesTestJSON:test_create_image_from_suspended_server): 200 GET http://10.180.1.21/compute/v2.1/servers/2d9b66a8-c542-43f0-96c7-c4e1cd8b8993 0.149s
2024-12-12 05:35:48.275 67491 INFO tempest.lib.common.rest_client [req-9050d4f8-faf3-4bb0-9ba0-173a2db8a18e req-9050d4f8-faf3-4bb0-9ba0-173a2db8a18e ] Request (ServerRescueTestJSONUnderV235:test_rescued_vm_add_remove_security_group): 200 POST http://10.180.1.21/compute/v2.1/os-security-groups 0.251s
2024-12-12 05:35:48.294 67525 INFO tempest.lib.common.rest_client [req-bfd47e2e-d678-49a3-9e16-c0e3e7b9a004 req-bfd47e2e-d678-49a3-9e16-c0e3e7b9a004 ] Request (ImagesOneServerNegativeTestJSON:_run_cleanups): 200 GET http://10.180.1.21/compute/v2.1/servers/3ce0e9fd-70bc-490f-9414-aa830d2935f2 0.215s
2024-12-12 05:35:48.352 67483 INFO tempest.lib.common.rest_client [req-b2df8530-e315-4b60-829a-3c10bfc9323d req-b2df8530-e315-4b60-829a-3c10bfc9323d ] Request (InstanceActionsTestJSON:tearDownClass): 200 GET http://10.180.1.21/compute/v2.1/servers/7d1dd7af-2cf2-441f-b873-eae65e5f2d11 0.220s
2024-12-12 05:35:48.353 67529 INFO tempest.lib.common.rest_client [req-57782693-05ca-46f2-847b-433840eec5e5 req-57782693-05ca-46f2-847b-433840eec5e5 ] Request (DeleteServersTestJSON:test_delete_active_server): 200 GET http://10.180.1.21/compute/v2.1/servers/aab9dc43-9547-4246-be2e-3018436bc6a5 0.220s
2024-12-12 05:35:48.403 67489 INFO tempest.lib.common.rest_client [req-9bf2d131-f05e-4cee-a90e-b9b2d802501a req-9bf2d131-f05e-4cee-a90e-b9b2d802501a ] Request (MigrationsAdminTest:test_resize_server_revert_deleted_flavor): 200 GET http://10.180.1.21/compute/v2.1/servers/1000d22c-18b0-47a5-bcfb-1f2af539412a 0.219s
2024-12-12 05:35:48.613 67528 INFO tempest.lib.common.rest_client [req-1e0dad14-5ba1-43ae-87cd-8b2009313e3a req-1e0dad14-5ba1-43ae-87cd-8b2009313e3a ] Request (ServersTestBootFromVolume:tearDownClass): 200 GET http://10.180.1.21/compute/v2.1/servers/7369a4ba-3b07-4b71-a7ad-6dd77e57880d 0.156s
2024-12-12 05:35:48.675 67523 INFO tempest.lib.common.rest_client [req-b91310a9-5463-417c-a169-45e7ea9116ee req-b91310a9-5463-417c-a169-45e7ea9116ee ] Request (ServersTestJSON:setUpClass): 200 GET http://10.180.1.21/compute/v2.1/servers/242d685b-93b8-4b9c-8682-5cd3de2a8130 0.165s
2024-12-12 05:35:48.716 67491 INFO tempest.lib.common.rest_client [req-3874e1e7-f1a4-460f-9118-298ca24200f3 req-3874e1e7-f1a4-460f-9118-298ca24200f3 ] Request (ServerRescueTestJSONUnderV235:test_rescued_vm_add_remove_security_group): 202 POST http://10.180.1.21/compute/v2.1/servers/3bc08585-9a04-42c4-a43a-eaf076d98a82/action 0.438s
2024-12-12 05:35:48.766 67511 INFO tempest.lib.common.rest_client [req-2ea25b43-0652-4635-8b26-fd49ce10b223 req-2ea25b43-0652-4635-8b26-fd49ce10b223 ] Request (ServersAdminTestJSON:test_inject_network_info): 200 GET http://10.180.1.21/compute/v2.1/servers/61db11a7-dc0e-4c69-8f59-a855ee1c0279 0.210s
2024-12-12 05:35:48.811 67501 INFO tempest.lib.common.rest_client [req-cb85c06c-4f8e-460f-9ce5-bcd2ab296095 req-cb85c06c-4f8e-460f-9ce5-bcd2ab296095 ] Request (AttachVolumeShelveTestJSON:test_attach_volume_shelved_or_offload_server): 200 GET http://10.180.1.21/compute/v2.1/servers/6db8cf55-cabf-406e-a09d-3f0f6d7825f1 0.196s
2024-12-12 05:35:48.868 67513 INFO tempest.lib.common.rest_client [req-ec9b6b48-7579-4f5f-b028-8344f61f49c0 req-ec9b6b48-7579-4f5f-b028-8344f61f49c0 ] Request (ServersAaction247Test:test_create_backup): 200 GET http://10.180.1.21/compute/v2.1/servers/6d777ac5-f26e-4df0-9ce3-5b5f1f8977ee 0.194s
2024-12-12 05:35:48.939 67493 INFO tempest.lib.common.rest_client [req-a536002d-249d-42e1-b15c-bd0609886275 req-a536002d-249d-42e1-b15c-bd0609886275 ] Request (ServersV294TestFqdnHostnames:setUpClass): 200 GET http://10.180.1.21/compute/v2.1/servers/f00074db-810e-4764-b001-4a7835629d01 0.409s
2024-12-12 05:35:48.996 67497 INFO tempest.lib.common.rest_client [req-48d97ab1-5877-403f-b1b3-bf0949fa1e0e req-48d97ab1-5877-403f-b1b3-bf0949fa1e0e ] Request (ServerDiskConfigTestJSON:test_rebuild_server_with_auto_disk_config): 200 GET http://10.180.1.21/compute/v2.1/servers/529dbacd-fe2a-4165-83fb-53a683996fc4 0.233s
2024-12-12 05:35:49.129 67503 INFO tempest.lib.common.rest_client [req-14d8aca5-be60-4eb5-bab7-c5de98e1a154 req-14d8aca5-be60-4eb5-bab7-c5de98e1a154 ] Request (ServerRescueTestJSON:test_rescue_unrescue_instance): 200 GET http://10.180.1.21/compute/v2.1/servers/ef827c35-7d3f-45da-9422-e058331ace32 0.347s
2024-12-12 05:35:49.192 67473 INFO tempest.lib.common.rest_client [req-17e332f9-2a3c-44b4-8487-106f0afa64e4 req-17e332f9-2a3c-44b4-8487-106f0afa64e4 ] Request (ServersTestMultiNic:test_verify_multiple_nics_order): 200 GET http://10.180.1.21/compute/v2.1/servers/2a67d35d-5882-4494-9708-d0b921077856 0.361s
2024-12-12 05:35:49.241 67491 INFO tempest.lib.common.rest_client [req-b885f2e0-e4a0-40db-b4ce-7419b30a3c5a req-b885f2e0-e4a0-40db-b4ce-7419b30a3c5a ] Request (ServerRescueTestJSONUnderV235:test_rescued_vm_add_remove_security_group): 202 POST http://10.180.1.21/compute/v2.1/servers/3bc08585-9a04-42c4-a43a-eaf076d98a82/action 0.524s
2024-12-12 05:35:49.261 67487 INFO tempest.lib.common.rest_client [req-e9e8e4ea-95a6-4200-b6d5-d78f4c0413f1 req-e9e8e4ea-95a6-4200-b6d5-d78f4c0413f1 ] Request (ServerExternalEventsTest:tearDownClass): 200 GET http://10.180.1.21/compute/v2.1/servers/abc29cc9-d3d8-4a81-b8a5-ea416d4a1422 0.338s
2024-12-12 05:35:49.323 67477 INFO tempest.lib.common.rest_client [req-f835a028-6872-4ac9-8e26-88690379f897 req-f835a028-6872-4ac9-8e26-88690379f897 ] Request (InstanceActionsNegativeTestJSON:tearDownClass): 200 GET http://10.180.1.21/compute/v2.1/servers/0ee776e0-a7a8-4f71-ba22-3eae1920358e 0.274s
2024-12-12 05:35:49.366 67495 WARNING tempest.lib.common.ssh [-] Failed to establish authenticated ssh connection to cirros@10.180.180.180 ([Errno None] Unable to connect to port 22 on 10.180.180.180). Number attempts: 10. Retry after 11 seconds.: paramiko.ssh_exception.NoValidConnectionsError: [Errno None] Unable to connect to port 22 on 10.180.180.180
2024-12-12 05:35:49.370 67499 INFO tempest.lib.common.rest_client [req-222a1c13-6bf8-4304-834d-9385350b2392 req-222a1c13-6bf8-4304-834d-9385350b2392 ] Request (ServerAddressesNegativeTestJSON:tearDownClass): 200 GET http://10.180.1.21/compute/v2.1/servers/27d74d37-9c58-40af-997f-a576fd41c093 0.383s
2024-12-12 05:35:49.378 67517 INFO tempest.lib.common.rest_client [req-d5e6fbc2-c5e9-4903-a84f-980d35ad3927 req-d5e6fbc2-c5e9-4903-a84f-980d35ad3927 ] Request (ServersTestJSON:test_create_server_with_ipv6_addr_only): 200 GET http://10.180.1.21/compute/v2.1/servers/9a89f687-cafa-4f14-a45a-a6180dcf3d07 0.268s
2024-12-12 05:35:49.415 67521 INFO tempest.lib.common.rest_client [req-e02b000b-f624-4ab7-98b5-b7b47f2ee6fc req-e02b000b-f624-4ab7-98b5-b7b47f2ee6fc ] Request (ImagesOneServerTestJSON:test_create_image_specify_multibyte_character_image_name): 200 GET http://10.180.1.21/compute/v2.1/images/11d5faf6-bad9-4ca8-8b2e-e973786f0d54 0.247s
2024-12-12 05:35:49.478 67533 INFO tempest.lib.common.rest_client [req-475c8891-2712-4cbe-a5b5-9afe6d5d745f req-475c8891-2712-4cbe-a5b5-9afe6d5d745f ] Request (ListServerFiltersTestJSON:tearDownClass): 200 GET http://10.180.1.21/compute/v2.1/servers/c551d570-604a-4767-8982-e08e72eb0021 0.348s
2024-12-12 05:35:49.529 67507 INFO tempest.lib.common.rest_client [req-acf7d4f7-9fa5-4b99-a993-10c21591c68e req-acf7d4f7-9fa5-4b99-a993-10c21591c68e ] Request (ImagesTestJSON:test_create_image_from_suspended_server): 200 GET http://10.180.1.21/compute/v2.1/servers/2d9b66a8-c542-43f0-96c7-c4e1cd8b8993 0.291s
2024-12-12 05:35:49.685 67475 INFO tempest.lib.common.rest_client [req-9186e34c-4877-44ca-83be-f8e098459f4d req-9186e34c-4877-44ca-83be-f8e098459f4d ] Request (FloatingIPsAssociationTestJSON:test_associate_already_associated_floating_ip): 200 GET http://10.180.1.21/compute/v2.1/servers/1bc765b2-1b03-408d-9a59-fa597303cf1f 0.511s
2024-12-12 05:35:49.793 67525 INFO tempest.lib.common.rest_client [req-4706f882-3e62-4ad9-a987-e974620937f8 req-4706f882-3e62-4ad9-a987-e974620937f8 ] Request (ImagesOneServerNegativeTestJSON:_run_cleanups): 200 GET http://10.180.1.21/compute/v2.1/servers/3ce0e9fd-70bc-490f-9414-aa830d2935f2 0.488s
2024-12-12 05:35:49.804 67525 INFO tempest.common.waiters [-] State transition "BUILD/scheduling" ==> "BUILD/None" after 26 second wait
2024-12-12 05:35:49.882 67483 INFO tempest.lib.common.rest_client [req-27791723-2ee7-4c9e-b951-26c41aadcaeb req-27791723-2ee7-4c9e-b951-26c41aadcaeb ] Request (InstanceActionsTestJSON:tearDownClass): 200 GET http://10.180.1.21/compute/v2.1/servers/7d1dd7af-2cf2-441f-b873-eae65e5f2d11 0.523s
2024-12-12 05:35:49.966 67529 INFO tempest.lib.common.rest_client [req-00b76632-e94d-4a3a-8eae-4cf08ae65664 req-00b76632-e94d-4a3a-8eae-4cf08ae65664 ] Request (DeleteServersTestJSON:test_delete_active_server): 200 GET http://10.180.1.21/compute/v2.1/servers/aab9dc43-9547-4246-be2e-3018436bc6a5 0.603s
2024-12-12 05:35:50.037 67489 INFO tempest.lib.common.rest_client [req-7ab7b2b4-ef7e-443b-a09a-e6d0403fcc7c req-7ab7b2b4-ef7e-443b-a09a-e6d0403fcc7c ] Request (MigrationsAdminTest:test_resize_server_revert_deleted_flavor): 200 GET http://10.180.1.21/compute/v2.1/servers/1000d22c-18b0-47a5-bcfb-1f2af539412a 0.627s
2024-12-12 05:35:50.047 67491 INFO tempest.lib.common.rest_client [req-a213617d-82ab-4c79-8ecb-45a87726c584 req-a213617d-82ab-4c79-8ecb-45a87726c584 ] Request (ServerRescueTestJSONUnderV235:test_rescued_vm_associate_dissociate_floating_ip): 200 POST http://10.180.1.21/compute/v2.1/os-floating-ips 0.804s
2024-12-12 05:35:50.104 67528 INFO tempest.lib.common.rest_client [req-78690fc5-9e47-43ae-8038-22c55bec8f94 req-78690fc5-9e47-43ae-8038-22c55bec8f94 ] Request (ServersTestBootFromVolume:tearDownClass): 200 GET http://10.180.1.21/compute/v2.1/servers/7369a4ba-3b07-4b71-a7ad-6dd77e57880d 0.480s
2024-12-12 05:35:50.116 67523 INFO tempest.lib.common.rest_client [req-55a6c575-122f-45c2-b409-653473edccf7 req-55a6c575-122f-45c2-b409-653473edccf7 ] Request (ServersTestJSON:setUpClass): 200 GET http://10.180.1.21/compute/v2.1/servers/242d685b-93b8-4b9c-8682-5cd3de2a8130 0.432s
2024-12-12 05:35:50.167 67511 INFO tempest.lib.common.rest_client [req-093e7f07-6d01-4a70-b202-3fb8fcb93de2 req-093e7f07-6d01-4a70-b202-3fb8fcb93de2 ] Request (ServersAdminTestJSON:test_inject_network_info): 200 GET http://10.180.1.21/compute/v2.1/servers/61db11a7-dc0e-4c69-8f59-a855ee1c0279 0.393s
2024-12-12 05:35:50.175 67501 INFO tempest.lib.common.rest_client [req-1bea7582-9a05-40aa-b6f0-21ac912c227e req-1bea7582-9a05-40aa-b6f0-21ac912c227e ] Request (AttachVolumeShelveTestJSON:test_attach_volume_shelved_or_offload_server): 200 GET http://10.180.1.21/compute/v2.1/servers/6db8cf55-cabf-406e-a09d-3f0f6d7825f1 0.353s
2024-12-12 05:35:50.224 67513 INFO tempest.lib.common.rest_client [req-5677d793-f88f-4949-9842-d48097821606 req-5677d793-f88f-4949-9842-d48097821606 ] Request (ServersAaction247Test:test_create_backup): 200 GET http://10.180.1.21/compute/v2.1/servers/6d777ac5-f26e-4df0-9ce3-5b5f1f8977ee 0.345s
2024-12-12 05:35:50.284 67497 INFO tempest.lib.common.rest_client [req-92b00e02-58be-46f2-8e2a-ada5d3275a13 req-92b00e02-58be-46f2-8e2a-ada5d3275a13 ] Request (ServerDiskConfigTestJSON:test_rebuild_server_with_auto_disk_config): 200 GET http://10.180.1.21/compute/v2.1/servers/529dbacd-fe2a-4165-83fb-53a683996fc4 0.280s
2024-12-12 05:35:50.291 67497 INFO tempest.common.waiters [-] State transition "BUILD/None" ==> "BUILD/networking" after 78 second wait
2024-12-12 05:35:50.313 67493 INFO tempest.lib.common.rest_client [req-86fd32e7-289c-4a8e-8e01-dd3f767243de req-86fd32e7-289c-4a8e-8e01-dd3f767243de ] Request (ServersV294TestFqdnHostnames:setUpClass): 200 GET http://10.180.1.21/compute/v2.1/servers/f00074db-810e-4764-b001-4a7835629d01 0.365s
2024-12-12 05:35:50.440 67503 INFO tempest.lib.common.rest_client [req-823df708-8d13-4b78-854f-e8cc6c27bae7 req-823df708-8d13-4b78-854f-e8cc6c27bae7 ] Request (ServerRescueTestJSON:test_rescue_unrescue_instance): 200 GET http://10.180.1.21/compute/v2.1/servers/ef827c35-7d3f-45da-9422-e058331ace32 0.303s
2024-12-12 05:35:50.496 67473 INFO tempest.lib.common.rest_client [req-e3f57a23-2cb8-4e11-aecb-f2d8c0ca648b req-e3f57a23-2cb8-4e11-aecb-f2d8c0ca648b ] Request (ServersTestMultiNic:test_verify_multiple_nics_order): 200 GET http://10.180.1.21/compute/v2.1/servers/2a67d35d-5882-4494-9708-d0b921077856 0.296s
2024-12-12 05:35:50.553 67487 INFO tempest.lib.common.rest_client [req-e8fba101-33b7-4c5b-b428-773f87d3fc16 req-e8fba101-33b7-4c5b-b428-773f87d3fc16 ] Request (ServerExternalEventsTest:tearDownClass): 200 GET http://10.180.1.21/compute/v2.1/servers/abc29cc9-d3d8-4a81-b8a5-ea416d4a1422 0.276s
2024-12-12 05:35:50.618 67477 INFO tempest.lib.common.rest_client [req-f6418f4c-6c83-429e-ba18-b48353b13fc0 req-f6418f4c-6c83-429e-ba18-b48353b13fc0 ] Request (InstanceActionsNegativeTestJSON:tearDownClass): 200 GET http://10.180.1.21/compute/v2.1/servers/0ee776e0-a7a8-4f71-ba22-3eae1920358e 0.286s
2024-12-12 05:35:50.720 67499 INFO tempest.lib.common.rest_client [req-465c75c7-3557-4674-bc94-2774050e7165 req-465c75c7-3557-4674-bc94-2774050e7165 ] Request (ServerAddressesNegativeTestJSON:tearDownClass): 200 GET http://10.180.1.21/compute/v2.1/servers/27d74d37-9c58-40af-997f-a576fd41c093 0.340s
2024-12-12 05:35:50.768 67517 INFO tempest.lib.common.rest_client [req-20162460-0cf7-4a1b-a921-4904fe482b30 req-20162460-0cf7-4a1b-a921-4904fe482b30 ] Request (ServersTestJSON:test_create_server_with_ipv6_addr_only): 200 GET http://10.180.1.21/compute/v2.1/servers/9a89f687-cafa-4f14-a45a-a6180dcf3d07 0.382s
2024-12-12 05:35:50.809 67521 INFO tempest.lib.common.rest_client [req-c64ce53b-066b-4b3c-8149-43885d339d85 req-c64ce53b-066b-4b3c-8149-43885d339d85 ] Request (ImagesOneServerTestJSON:test_create_image_specify_multibyte_character_image_name): 200 GET http://10.180.1.21/compute/v2.1/images/11d5faf6-bad9-4ca8-8b2e-e973786f0d54 0.388s
2024-12-12 05:35:50.864 67533 INFO tempest.lib.common.rest_client [req-b1aade27-8533-49b6-ab00-c7ba5635cbef req-b1aade27-8533-49b6-ab00-c7ba5635cbef ] Request (ListServerFiltersTestJSON:tearDownClass): 200 GET http://10.180.1.21/compute/v2.1/servers/c551d570-604a-4767-8982-e08e72eb0021 0.379s
2024-12-12 05:35:50.930 67507 INFO tempest.lib.common.rest_client [req-cb24c2f7-61f4-427a-a21b-6942c93db7d9 req-cb24c2f7-61f4-427a-a21b-6942c93db7d9 ] Request (ImagesTestJSON:test_create_image_from_suspended_server): 200 GET http://10.180.1.21/compute/v2.1/servers/2d9b66a8-c542-43f0-96c7-c4e1cd8b8993 0.390s
2024-12-12 05:35:50.990 67475 INFO tempest.lib.common.rest_client [req-c6c5f921-9949-48d6-ac78-0c2ee34b19a6 req-c6c5f921-9949-48d6-ac78-0c2ee34b19a6 ] Request (FloatingIPsAssociationTestJSON:test_associate_already_associated_floating_ip): 200 GET http://10.180.1.21/compute/v2.1/servers/1bc765b2-1b03-408d-9a59-fa597303cf1f 0.297s
2024-12-12 05:35:51.037 67525 INFO tempest.lib.common.rest_client [req-02fbc986-6829-4f11-ae6e-e2d004b242aa req-02fbc986-6829-4f11-ae6e-e2d004b242aa ] Request (ImagesOneServerNegativeTestJSON:_run_cleanups): 200 GET http://10.180.1.21/compute/v2.1/servers/3ce0e9fd-70bc-490f-9414-aa830d2935f2 0.231s
2024-12-12 05:35:51.096 67483 INFO tempest.lib.common.rest_client [req-8ca9a10f-03ad-4aa9-a976-2ee97af0b794 req-8ca9a10f-03ad-4aa9-a976-2ee97af0b794 ] Request (InstanceActionsTestJSON:tearDownClass): 200 GET http://10.180.1.21/compute/v2.1/servers/7d1dd7af-2cf2-441f-b873-eae65e5f2d11 0.205s
2024-12-12 05:35:51.185 67529 INFO tempest.lib.common.rest_client [req-376910b9-e616-49a8-900e-19ab348b381c req-376910b9-e616-49a8-900e-19ab348b381c ] Request (DeleteServersTestJSON:test_delete_active_server): 200 GET http://10.180.1.21/compute/v2.1/servers/aab9dc43-9547-4246-be2e-3018436bc6a5 0.211s
2024-12-12 05:35:51.242 67489 INFO tempest.lib.common.rest_client [req-9faa4b82-5b9b-4813-858f-9211f81a5536 req-9faa4b82-5b9b-4813-858f-9211f81a5536 ] Request (MigrationsAdminTest:test_resize_server_revert_deleted_flavor): 200 GET http://10.180.1.21/compute/v2.1/servers/1000d22c-18b0-47a5-bcfb-1f2af539412a 0.192s
2024-12-12 05:35:51.316 67528 INFO tempest.lib.common.rest_client [req-768044dc-cf7e-4ff2-9419-bb51eab89c19 req-768044dc-cf7e-4ff2-9419-bb51eab89c19 ] Request (ServersTestBootFromVolume:tearDownClass): 200 GET http://10.180.1.21/compute/v2.1/servers/7369a4ba-3b07-4b71-a7ad-6dd77e57880d 0.202s
2024-12-12 05:35:51.322 67528 INFO tempest.common.waiters [-] State transition "ACTIVE/deleting" ==> "DELETED/None" after 6 second wait
2024-12-12 05:35:51.385 67523 INFO tempest.lib.common.rest_client [req-4a3df09b-d99d-4c3d-8f8c-8acb62240d45 req-4a3df09b-d99d-4c3d-8f8c-8acb62240d45 ] Request (ServersTestJSON:setUpClass): 200 GET http://10.180.1.21/compute/v2.1/servers/242d685b-93b8-4b9c-8682-5cd3de2a8130 0.256s
2024-12-12 05:35:51.445 67511 INFO tempest.lib.common.rest_client [req-82c3d455-28cc-464e-a517-5d43be2b687c req-82c3d455-28cc-464e-a517-5d43be2b687c ] Request (ServersAdminTestJSON:test_inject_network_info): 200 GET http://10.180.1.21/compute/v2.1/servers/61db11a7-dc0e-4c69-8f59-a855ee1c0279 0.271s
2024-12-12 05:35:51.507 67479 INFO paramiko.transport [-] Connected (version 2.0, client dropbear_2020.81)
2024-12-12 05:35:51.521 67501 INFO tempest.lib.common.rest_client [req-bd3478b1-8f25-47ae-a4d0-446c28cb84d3 req-bd3478b1-8f25-47ae-a4d0-446c28cb84d3 ] Request (AttachVolumeShelveTestJSON:test_attach_volume_shelved_or_offload_server): 200 GET http://10.180.1.21/compute/v2.1/servers/6db8cf55-cabf-406e-a09d-3f0f6d7825f1 0.338s
2024-12-12 05:35:51.551 67491 INFO tempest.lib.common.rest_client [req-5a1d61e5-738d-420c-8738-7d83185429ad req-5a1d61e5-738d-420c-8738-7d83185429ad ] Request (ServerRescueTestJSONUnderV235:test_rescued_vm_associate_dissociate_floating_ip): 202 POST http://10.180.1.21/compute/v2.1/servers/3bc08585-9a04-42c4-a43a-eaf076d98a82/action 1.502s
2024-12-12 05:35:51.577 67513 INFO tempest.lib.common.rest_client [req-69e7e662-6efc-4d3c-a0fa-642b5ee7e7ac req-69e7e662-6efc-4d3c-a0fa-642b5ee7e7ac ] Request (ServersAaction247Test:test_create_backup): 200 GET http://10.180.1.21/compute/v2.1/servers/6d777ac5-f26e-4df0-9ce3-5b5f1f8977ee 0.342s
2024-12-12 05:35:51.624 67479 INFO paramiko.transport [-] Authentication (publickey) successful!
2024-12-12 05:35:51.625 67479 INFO tempest.lib.common.ssh [-] ssh connection to cirros@10.180.180.172 successfully created
2024-12-12 05:35:51.683 67493 INFO tempest.lib.common.rest_client [req-e9bad20f-63dd-4b67-9d69-6a6e8bd50caf req-e9bad20f-63dd-4b67-9d69-6a6e8bd50caf ] Request (ServersV294TestFqdnHostnames:setUpClass): 200 GET http://10.180.1.21/compute/v2.1/servers/f00074db-810e-4764-b001-4a7835629d01 0.360s
2024-12-12 05:35:51.693 67493 INFO tempest.common.waiters [-] State transition "BUILD/spawning" ==> "ACTIVE/None" after 87 second wait
2024-12-12 05:35:51.756 67519 WARNING tempest.lib.common.ssh [-] Failed to establish authenticated ssh connection to cirros@10.180.180.227 ([Errno None] Unable to connect to port 22 on 10.180.180.227). Number attempts: 6. Retry after 7 seconds.: paramiko.ssh_exception.NoValidConnectionsError: [Errno None] Unable to connect to port 22 on 10.180.180.227
2024-12-12 05:35:51.758 67497 INFO tempest.lib.common.rest_client [req-e676dd34-2bc2-4ceb-a876-28121bfbbdf8 req-e676dd34-2bc2-4ceb-a876-28121bfbbdf8 ] Request (ServerDiskConfigTestJSON:test_rebuild_server_with_auto_disk_config): 200 GET http://10.180.1.21/compute/v2.1/servers/529dbacd-fe2a-4165-83fb-53a683996fc4 0.466s
2024-12-12 05:35:51.767 67497 INFO tempest.common.waiters [-] State transition "BUILD/networking" ==> "BUILD/spawning" after 79 second wait
2024-12-12 05:35:51.780 67503 INFO tempest.lib.common.rest_client [req-06843bac-8f42-41f2-8cd9-c067d0f14d11 req-06843bac-8f42-41f2-8cd9-c067d0f14d11 ] Request (ServerRescueTestJSON:test_rescue_unrescue_instance): 200 GET http://10.180.1.21/compute/v2.1/servers/ef827c35-7d3f-45da-9422-e058331ace32 0.327s
2024-12-12 05:35:51.814 67473 INFO tempest.lib.common.rest_client [req-f0ad52a7-e8a1-42bc-9bad-6fa4810e727a req-f0ad52a7-e8a1-42bc-9bad-6fa4810e727a ] Request (ServersTestMultiNic:test_verify_multiple_nics_order): 200 GET http://10.180.1.21/compute/v2.1/servers/2a67d35d-5882-4494-9708-d0b921077856 0.307s
2024-12-12 05:35:51.870 67487 INFO tempest.lib.common.rest_client [req-5b573b35-e597-4786-af6c-e56688ffae3b req-5b573b35-e597-4786-af6c-e56688ffae3b ] Request (ServerExternalEventsTest:tearDownClass): 200 GET http://10.180.1.21/compute/v2.1/servers/abc29cc9-d3d8-4a81-b8a5-ea416d4a1422 0.310s
2024-12-12 05:35:52.466 67491 INFO tempest.lib.common.rest_client [req-73ed8e10-3548-4366-b62d-abbeb67826c6 req-73ed8e10-3548-4366-b62d-abbeb67826c6 ] Request (ServerRescueTestJSONUnderV235:test_rescued_vm_associate_dissociate_floating_ip): 202 POST http://10.180.1.21/compute/v2.1/servers/3bc08585-9a04-42c4-a43a-eaf076d98a82/action 0.915s
2024-12-12 05:35:52.538 67477 INFO tempest.lib.common.rest_client [req-d7187862-9346-4030-ba20-c1f6b2cb44aa req-d7187862-9346-4030-ba20-c1f6b2cb44aa ] Request (InstanceActionsNegativeTestJSON:tearDownClass): 200 GET http://10.180.1.21/compute/v2.1/servers/0ee776e0-a7a8-4f71-ba22-3eae1920358e 0.913s
2024-12-12 05:35:52.546 67485 INFO paramiko.transport [-] Connected (version 2.0, client dropbear_2020.81)
2024-12-12 05:35:52.609 67493 INFO tempest.lib.common.rest_client [req-75a410d5-d147-44fa-93b5-5a9724b8fc31 req-75a410d5-d147-44fa-93b5-5a9724b8fc31 ] Request (ServersV294TestFqdnHostnames:setUpClass): 200 GET http://10.180.1.21/compute/v2.1/servers/f00074db-810e-4764-b001-4a7835629d01/os-interface 0.915s
2024-12-12 05:35:52.655 67485 INFO paramiko.transport [-] Authentication (publickey) successful!
2024-12-12 05:35:52.655 67485 INFO tempest.lib.common.ssh [-] ssh connection to cirros@10.180.180.206 successfully created
2024-12-12 05:35:52.695 67499 INFO tempest.lib.common.rest_client [req-07ef7e8c-fa14-47bb-bd07-1921d04977d1 req-07ef7e8c-fa14-47bb-bd07-1921d04977d1 ] Request (ServerAddressesNegativeTestJSON:tearDownClass): 200 GET http://10.180.1.21/compute/v2.1/servers/27d74d37-9c58-40af-997f-a576fd41c093 0.969s
2024-12-12 05:35:52.749 67517 INFO tempest.lib.common.rest_client [req-526051cb-7ede-492c-bce9-ff9c15fcf124 req-526051cb-7ede-492c-bce9-ff9c15fcf124 ] Request (ServersTestJSON:test_create_server_with_ipv6_addr_only): 200 GET http://10.180.1.21/compute/v2.1/servers/9a89f687-cafa-4f14-a45a-a6180dcf3d07 0.973s
2024-12-12 05:35:52.789 67521 INFO tempest.lib.common.rest_client [req-ce507b0c-c1e9-4f97-8d8d-6a73e4b194df req-ce507b0c-c1e9-4f97-8d8d-6a73e4b194df ] Request (ImagesOneServerTestJSON:test_create_image_specify_multibyte_character_image_name): 200 GET http://10.180.1.21/compute/v2.1/images/11d5faf6-bad9-4ca8-8b2e-e973786f0d54 0.976s
