2024-12-12 05:36:02.297 67483 INFO tempest.lib.common.rest_client [req-4e40b32c-c3a8-448b-9702-80aa8a3a9a4c req-4e40b32c-c3a8-448b-9702-80aa8a3a9a4c ] Request (InstanceActionsTestJSON:tearDownClass): 204 DELETE http://10.180.1.21:9696/networking/v2.0/security-groups/f3ab824a-b765-4c2b-b388-a87a079fb409 0.101s
2024-12-12 05:36:02.331 67479 INFO tempest.lib.common.rest_client [req-c43a9762-c341-440f-a2ff-2fe0e9f4682a req-c43a9762-c341-440f-a2ff-2fe0e9f4682a ] Request (VolumesAssistedSnapshotsTest:test_volume_assisted_snapshot_create_delete): 200 POST http://10.180.1.21/compute/v2.1/os-assisted-volume-snapshots 0.887s
2024-12-12 05:36:02.396 67489 INFO tempest.lib.common.rest_client [req-3a11b596-101a-41bd-a8d2-cbf31c8fa76f req-3a11b596-101a-41bd-a8d2-cbf31c8fa76f ] Request (MigrationsAdminTest:test_resize_server_revert_deleted_flavor): 200 GET http://10.180.1.21/compute/v2.1/servers/1000d22c-18b0-47a5-bcfb-1f2af539412a 0.934s
2024-12-12 05:36:02.429 67483 INFO tempest.lib.common.rest_client [req-573c2a12-8a4c-4eb8-a316-2c36ef3029f0 req-573c2a12-8a4c-4eb8-a316-2c36ef3029f0 ] Request (InstanceActionsTestJSON:tearDownClass): 204 DELETE http://10.180.1.21/identity/v3/projects/a68b13b1947e4f0bb88e1e73bd1d802a 0.132s
2024-12-12 05:36:02.463 67528 INFO tempest.lib.common.rest_client [req-6a12100d-85e5-47f4-92d9-f1074eed93b1 req-6a12100d-85e5-47f4-92d9-f1074eed93b1 ] Request (ServersTestBootFromVolume:tearDownClass): 200 GET http://10.180.1.21/compute/v2.1/servers/7369a4ba-3b07-4b71-a7ad-6dd77e57880d 0.946s
2024-12-12 05:36:02.498 67483 INFO tempest.lib.common.rest_client [req-bab3610e-b3be-46b7-9fd7-ebea92ddb010 req-bab3610e-b3be-46b7-9fd7-ebea92ddb010 ] Request (InstanceActionsV221TestJSON:setUpClass): 201 POST http://10.180.1.21/identity/v3/auth/tokens 0.066s
2024-12-12 05:36:02.519 67523 INFO tempest.lib.common.rest_client [req-11d22a17-a066-4dbe-85f0-4bfeaa2438e6 req-11d22a17-a066-4dbe-85f0-4bfeaa2438e6 ] Request (ServersTestJSON:setUpClass): 200 GET http://10.180.1.21/compute/v2.1/servers/242d685b-93b8-4b9c-8682-5cd3de2a8130 0.945s
2024-12-12 05:36:02.529 67483 INFO tempest.lib.common.rest_client [req-776f2fa9-ac3b-49fe-8cd5-625cef742647 req-776f2fa9-ac3b-49fe-8cd5-625cef742647 ] Request (InstanceActionsV221TestJSON:setUpClass): 201 POST http://10.180.1.21/identity/v3/auth/tokens 0.029s
2024-12-12 05:36:02.561 67483 INFO tempest.lib.common.rest_client [req-bdec5d8d-4b71-473d-b6e4-897409928cab req-bdec5d8d-4b71-473d-b6e4-897409928cab ] Request (InstanceActionsV221TestJSON:setUpClass): 200 GET http://10.180.1.21/identity/v3/domains?name=Default 0.031s
2024-12-12 05:36:02.591 67483 INFO tempest.lib.common.rest_client [req-f4eee8e8-c99c-4661-bf74-1b230e76a0fc req-f4eee8e8-c99c-4661-bf74-1b230e76a0fc ] Request (InstanceActionsV221TestJSON:setUpClass): 201 POST http://10.180.1.21/identity/v3/projects 0.030s
2024-12-12 05:36:02.627 67521 INFO tempest.lib.common.rest_client [req-5f0d8fca-aebb-40f8-a8ec-e92b9b38a663 req-5f0d8fca-aebb-40f8-a8ec-e92b9b38a663 ] Request (ImagesOneServerTestJSON:test_create_image_specify_multibyte_character_image_name): 200 GET http://10.180.1.21/compute/v2.1/servers/65238be5-9105-42fe-a69f-e20b713f9e71 0.897s
2024-12-12 05:36:02.635 67521 INFO tempest.common.waiters [-] State transition "ACTIVE/image_uploading" ==> "ACTIVE/None" after 2 second wait
2024-12-12 05:36:02.660 67483 INFO tempest.lib.common.rest_client [req-a077e6bb-9130-4eee-abbe-b606c78b32b4 req-a077e6bb-9130-4eee-abbe-b606c78b32b4 ] Request (InstanceActionsV221TestJSON:setUpClass): 201 POST http://10.180.1.21/identity/v3/users 0.068s
2024-12-12 05:36:02.680 67483 INFO tempest.lib.common.rest_client [req-4e4be87e-de92-495d-9cb4-261ff3bb3dbd req-4e4be87e-de92-495d-9cb4-261ff3bb3dbd ] Request (InstanceActionsV221TestJSON:setUpClass): 200 GET http://10.180.1.21/identity/v3/roles 0.020s
2024-12-12 05:36:02.711 67483 INFO tempest.lib.common.rest_client [req-3b78a5af-be8a-47e5-9a3f-73cd882484d3 req-3b78a5af-be8a-47e5-9a3f-73cd882484d3 ] Request (InstanceActionsV221TestJSON:setUpClass): 204 PUT http://10.180.1.21/identity/v3/projects/f6dd4f98e099418386f06fd1d7a5e8fa/users/966b7553b5e94ed0984708b4658af65a/roles/b83b0e4582904d098d190bc2cfa265a3 0.030s
2024-12-12 05:36:02.711 67483 INFO tempest.lib.common.dynamic_creds [-] Dynamic test user 966b7553b5e94ed0984708b4658af65a is created with scope project and roles: ['member']
2024-12-12 05:36:02.711 67483 INFO tempest.lib.common.dynamic_creds [-] Acquired dynamic creds: credentials: Credentials: {'domain_id': 'default', 'domain_name': 'Default', 'username': 'tempest-InstanceActionsV221TestJSON-1714309410-project-member', 'project_domain_id': 'default', 'project_domain_name': 'Default', 'project_id': 'f6dd4f98e099418386f06fd1d7a5e8fa', 'project_name': 'tempest-InstanceActionsV221TestJSON-1714309410', 'tenant_id': 'f6dd4f98e099418386f06fd1d7a5e8fa', 'tenant_name': 'tempest-InstanceActionsV221TestJSON-1714309410', 'user_domain_id': 'default', 'user_domain_name': 'Default', 'user_id': '966b7553b5e94ed0984708b4658af65a', 'system': None}, Network: None, Subnet: None, Router: None
2024-12-12 05:36:02.765 67511 INFO tempest.lib.common.rest_client [req-a8d63e45-4f05-4e16-9645-e138cb83a5c9 req-a8d63e45-4f05-4e16-9645-e138cb83a5c9 ] Request (ServersAdminTestJSON:test_inject_network_info): 200 GET http://10.180.1.21/compute/v2.1/servers/61db11a7-dc0e-4c69-8f59-a855ee1c0279 0.902s
2024-12-12 05:36:02.776 67483 INFO tempest.lib.common.rest_client [req-50b9ba82-34bb-485e-b4e6-9e6a8c5af6c4 req-50b9ba82-34bb-485e-b4e6-9e6a8c5af6c4 ] Request (InstanceActionsV221TestJSON:setUpClass): 201 POST http://10.180.1.21/identity/v3/auth/tokens 0.064s
2024-12-12 05:36:02.819 67501 INFO tempest.lib.common.rest_client [req-f7b38b73-ae9b-4f66-9a87-d3c4774fdbcc req-f7b38b73-ae9b-4f66-9a87-d3c4774fdbcc ] Request (AttachVolumeShelveTestJSON:test_attach_volume_shelved_or_offload_server): 200 GET http://10.180.1.21/compute/v2.1/servers/6db8cf55-cabf-406e-a09d-3f0f6d7825f1 0.900s
2024-12-12 05:36:02.893 67513 INFO tempest.lib.common.rest_client [req-3c5cbb72-0e82-4d15-9c79-65ff82656855 req-3c5cbb72-0e82-4d15-9c79-65ff82656855 ] Request (ServersAaction247Test:test_create_backup): 200 GET http://10.180.1.21/compute/v2.1/servers/6d777ac5-f26e-4df0-9ce3-5b5f1f8977ee 0.923s
2024-12-12 05:36:02.960 67485 INFO tempest.lib.common.rest_client [req-6dc42911-7aef-48d3-861d-5786577f94df req-6dc42911-7aef-48d3-861d-5786577f94df ] Request (ServersWithSpecificFlavorTestJSON:test_verify_created_server_ephemeral_disk): 200 GET http://10.180.1.21/compute/v2.1/servers/db561df9-0a6a-4c10-8d2f-4f3029a24505 0.927s
2024-12-12 05:36:02.999 67481 INFO tempest.lib.common.rest_client [req-fd8ec30c-8806-4cc6-8c52-1edbe0e1a24e req-fd8ec30c-8806-4cc6-8c52-1edbe0e1a24e ] Request (AttachInterfacesTestJSON:test_create_list_show_delete_interfaces_by_fixed_ip): 200 POST http://10.180.1.21/compute/v2.1/servers/09c87e29-fc1a-4d86-9577-945789c97981/os-interface 7.834s
2024-12-12 05:36:03.031 67491 INFO tempest.lib.common.rest_client [req-f538dd08-e2a7-4dcc-bc33-c78550992f39 req-f538dd08-e2a7-4dcc-bc33-c78550992f39 ] Request (ServerRescueTestJSONUnderV235:tearDownClass): 200 GET http://10.180.1.21/compute/v2.1/servers/3bc08585-9a04-42c4-a43a-eaf076d98a82 0.931s
2024-12-12 05:36:03.108 67473 INFO tempest.lib.common.rest_client [req-7dec813c-3016-453c-9aa6-8cea5ac045db req-7dec813c-3016-453c-9aa6-8cea5ac045db ] Request (ServersTestMultiNic:test_verify_multiple_nics_order): 200 GET http://10.180.1.21/compute/v2.1/servers/2a67d35d-5882-4494-9708-d0b921077856 0.787s
2024-12-12 05:36:03.138 67479 INFO tempest.lib.common.rest_client [req-300ae69f-5a9e-4928-9690-964d62f1a543 req-300ae69f-5a9e-4928-9690-964d62f1a543 ] Request (VolumesAssistedSnapshotsTest:test_volume_assisted_snapshot_create_delete): 204 DELETE http://10.180.1.21/compute/v2.1/os-assisted-volume-snapshots/None?delete_info=%7B%22volume_id%22%3A+%22853aaccc-8b8f-49e2-8f90-a5ae3ef7a266%22%7D 0.806s
2024-12-12 05:36:03.148 67497 INFO tempest.lib.common.rest_client [req-e0495c0d-1f3c-43c4-bb2d-cd7ced169868 req-e0495c0d-1f3c-43c4-bb2d-cd7ced169868 ] Request (ServerDiskConfigTestJSON:test_rebuild_server_with_auto_disk_config): 200 GET http://10.180.1.21/compute/v2.1/servers/529dbacd-fe2a-4165-83fb-53a683996fc4 0.895s
2024-12-12 05:36:03.158 67497 INFO tempest.common.waiters [-] State transition "BUILD/spawning" ==> "ACTIVE/None" after 91 second wait
2024-12-12 05:36:03.182 67479 INFO tempest.lib.common.rest_client [req-f6e7a550-c8e8-4608-8f69-604ce4afe9f2 req-f6e7a550-c8e8-4608-8f69-604ce4afe9f2 ] Request (VolumesAssistedSnapshotsTest:_run_cleanups): 200 GET http://10.180.1.21/volume/v3/volumes/853aaccc-8b8f-49e2-8f90-a5ae3ef7a266 0.044s
2024-12-12 05:36:03.243 67477 INFO tempest.lib.common.rest_client [req-267ec788-1158-44b1-9580-fc183cdcdd0f req-267ec788-1158-44b1-9580-fc183cdcdd0f ] Request (InstanceActionsNegativeTestJSON:tearDownClass): 200 GET http://10.180.1.21/compute/v2.1/servers/0ee776e0-a7a8-4f71-ba22-3eae1920358e 0.772s
2024-12-12 05:36:03.320 67499 INFO tempest.lib.common.rest_client [req-2e7b7aaa-6b38-4556-9d16-c240459c3eb8 req-2e7b7aaa-6b38-4556-9d16-c240459c3eb8 ] Request (ServerAddressesNegativeTestJSON:tearDownClass): 200 GET http://10.180.1.21/compute/v2.1/servers/27d74d37-9c58-40af-997f-a576fd41c093 0.769s
2024-12-12 05:36:03.370 67487 INFO tempest.lib.common.rest_client [req-daab8215-5661-4b9d-a7a1-639867396e47 req-daab8215-5661-4b9d-a7a1-639867396e47 ] Request (ServerExternalEventsTest:tearDownClass): 200 GET http://10.180.1.21/compute/v2.1/servers/abc29cc9-d3d8-4a81-b8a5-ea416d4a1422 0.963s
2024-12-12 05:36:03.374 67517 INFO tempest.lib.common.rest_client [req-51a3f1a4-7895-4858-bf40-69a920e73995 req-51a3f1a4-7895-4858-bf40-69a920e73995 ] Request (ServersTestJSON:test_create_server_with_ipv6_addr_only): 200 GET http://10.180.1.21/compute/v2.1/servers/9a89f687-cafa-4f14-a45a-a6180dcf3d07 0.748s
2024-12-12 05:36:03.389 67483 INFO tempest.lib.common.rest_client [req-6a4bb6a7-2448-43c8-b651-1327ff090a73 req-6a4bb6a7-2448-43c8-b651-1327ff090a73 ] Request (InstanceActionsV221TestJSON:setUpClass): 201 POST http://10.180.1.21:9696/networking/v2.0/networks 0.613s
2024-12-12 05:36:03.452 67533 INFO tempest.lib.common.rest_client [req-30881e40-662d-44b9-ae57-bd7567854b4d req-30881e40-662d-44b9-ae57-bd7567854b4d ] Request (ListServerFiltersTestJSON:tearDownClass): 200 GET http://10.180.1.21/compute/v2.1/servers/c551d570-604a-4767-8982-e08e72eb0021 0.751s
2024-12-12 05:36:03.491 67521 INFO tempest.lib.common.rest_client [req-423d2072-4cfd-4182-bdca-55b8dceda726 req-423d2072-4cfd-4182-bdca-55b8dceda726 ] Request (ImagesOneServerTestJSON:tearDownClass): 204 DELETE http://10.180.1.21/compute/v2.1/images/11d5faf6-bad9-4ca8-8b2e-e973786f0d54 0.854s
2024-12-12 05:36:03.584 67507 INFO tempest.lib.common.rest_client [req-9b29217b-7245-4283-8b75-171d6a499105 req-9b29217b-7245-4283-8b75-171d6a499105 ] Request (ImagesTestJSON:test_create_image_from_suspended_server): 200 GET http://10.180.1.21/compute/v2.1/servers/2d9b66a8-c542-43f0-96c7-c4e1cd8b8993 0.827s
2024-12-12 05:36:03.585 67483 INFO tempest.lib.common.rest_client [req-c7330a68-0ea8-4348-85c2-bb9091b4b075 req-c7330a68-0ea8-4348-85c2-bb9091b4b075 ] Request (InstanceActionsV221TestJSON:setUpClass): 201 POST http://10.180.1.21:9696/networking/v2.0/subnets 0.195s
2024-12-12 05:36:03.590 67507 INFO tempest.common.waiters [-] State transition "BUILD/networking" ==> "BUILD/spawning" after 67 second wait
2024-12-12 05:36:03.610 67475 INFO tempest.lib.common.rest_client [req-3fa29477-748c-4759-83ba-cc0be8442b53 req-3fa29477-748c-4759-83ba-cc0be8442b53 ] Request (FloatingIPsAssociationTestJSON:test_associate_already_associated_floating_ip): 200 GET http://10.180.1.21/compute/v2.1/servers/1bc765b2-1b03-408d-9a59-fa597303cf1f 0.657s
2024-12-12 05:36:03.665 67481 INFO tempest.lib.common.rest_client [req-bab5d794-60ed-4885-a7dc-b9fc2ba4034c req-bab5d794-60ed-4885-a7dc-b9fc2ba4034c ] Request (AttachInterfacesTestJSON:test_create_list_show_delete_interfaces_by_fixed_ip): 200 GET http://10.180.1.21/compute/v2.1/servers/09c87e29-fc1a-4d86-9577-945789c97981/os-interface/a2a6ad4a-997f-4036-9106-d6b8a8bcf438 0.664s
2024-12-12 05:36:03.676 67525 INFO tempest.lib.common.rest_client [req-35380587-1d7b-46b1-b26d-620f5a21f160 req-35380587-1d7b-46b1-b26d-620f5a21f160 ] Request (ImagesOneServerNegativeTestJSON:_run_cleanups): 200 GET http://10.180.1.21/compute/v2.1/servers/3ce0e9fd-70bc-490f-9414-aa830d2935f2 0.666s
2024-12-12 05:36:03.816 67497 INFO tempest.lib.common.rest_client [req-61b4a3ff-620d-403c-b62f-3fd8a046e5ed req-61b4a3ff-620d-403c-b62f-3fd8a046e5ed ] Request (ServerDiskConfigTestJSON:test_rebuild_server_with_auto_disk_config): 200 GET http://10.180.1.21/compute/v2.1/servers/529dbacd-fe2a-4165-83fb-53a683996fc4 0.657s
2024-12-12 05:36:03.870 67529 INFO tempest.lib.common.rest_client [req-527d2f57-eecf-42f7-ac30-edeac71f8180 req-527d2f57-eecf-42f7-ac30-edeac71f8180 ] Request (DeleteServersTestJSON:test_delete_active_server): 200 GET http://10.180.1.21/compute/v2.1/servers/aab9dc43-9547-4246-be2e-3018436bc6a5 0.694s
2024-12-12 05:36:03.894 67503 INFO tempest.lib.common.rest_client [req-506bf634-02eb-48e5-8f37-aa4bb97d9945 req-506bf634-02eb-48e5-8f37-aa4bb97d9945 ] Request (ServerRescueTestJSON:test_rescue_unrescue_instance): 200 GET http://10.180.1.21/compute/v2.1/servers/ef827c35-7d3f-45da-9422-e058331ace32 0.775s
2024-12-12 05:36:03.963 67489 INFO tempest.lib.common.rest_client [req-600a0c3f-75e6-4af1-b251-d179947f8e57 req-600a0c3f-75e6-4af1-b251-d179947f8e57 ] Request (MigrationsAdminTest:test_resize_server_revert_deleted_flavor): 200 GET http://10.180.1.21/compute/v2.1/servers/1000d22c-18b0-47a5-bcfb-1f2af539412a 0.558s
2024-12-12 05:36:04.030 67493 WARNING tempest.lib.common.ssh [-] Failed to establish authenticated ssh connection to cirros@10.180.180.216 ([Errno None] Unable to connect to port 22 on 10.180.180.216). Number attempts: 3. Retry after 4 seconds.: paramiko.ssh_exception.NoValidConnectionsError: [Errno None] Unable to connect to port 22 on 10.180.180.216
2024-12-12 05:36:04.037 67479 INFO tempest.lib.common.rest_client [req-0e0166e5-d8ab-4d43-b888-9ee1a37d2b41 req-0e0166e5-d8ab-4d43-b888-9ee1a37d2b41 ] Request (VolumesAssistedSnapshotsTest:_run_cleanups): 202 DELETE http://10.180.1.21/compute/v2.1/servers/3aefff1a-b562-4fb4-8f73-65a207437f07/os-volume_attachments/853aaccc-8b8f-49e2-8f90-a5ae3ef7a266 0.847s
2024-12-12 05:36:04.042 67528 INFO tempest.lib.common.rest_client [req-18063a2e-7507-48f6-a9b9-bae0fcd18933 req-18063a2e-7507-48f6-a9b9-bae0fcd18933 ] Request (ServersTestBootFromVolume:tearDownClass): 200 GET http://10.180.1.21/compute/v2.1/servers/7369a4ba-3b07-4b71-a7ad-6dd77e57880d 0.572s
2024-12-12 05:36:04.062 67521 INFO tempest.lib.common.rest_client [req-a4389cc4-3d9a-499c-a862-ceced8ae067b req-a4389cc4-3d9a-499c-a862-ceced8ae067b ] Request (ImagesOneServerTestJSON:tearDownClass): 404 DELETE http://10.180.1.21/compute/v2.1/images/9618bc09-34c0-47ab-a2d3-d0e551efe492 0.571s
2024-12-12 05:36:04.099 67523 INFO tempest.lib.common.rest_client [req-4f9009c6-b644-4c85-8695-1c1e651d3e84 req-4f9009c6-b644-4c85-8695-1c1e651d3e84 ] Request (ServersTestJSON:setUpClass): 200 GET http://10.180.1.21/compute/v2.1/servers/242d685b-93b8-4b9c-8682-5cd3de2a8130 0.572s
2024-12-12 05:36:04.175 67481 INFO tempest.lib.common.rest_client [req-f5d6327c-da9b-4a22-8f06-4f78b7df45f3 req-f5d6327c-da9b-4a22-8f06-4f78b7df45f3 ] Request (AttachInterfacesTestJSON:test_create_list_show_delete_interfaces_by_fixed_ip): 200 GET http://10.180.1.21/compute/v2.1/servers/09c87e29-fc1a-4d86-9577-945789c97981/os-interface 0.503s
2024-12-12 05:36:04.402 67497 INFO tempest.lib.common.rest_client [req-32b5cb1c-e908-47a2-b926-cea53fd04f74 req-32b5cb1c-e908-47a2-b926-cea53fd04f74 ] Request (ServerDiskConfigTestJSON:test_rebuild_server_with_auto_disk_config): 202 POST http://10.180.1.21/compute/v2.1/servers/529dbacd-fe2a-4165-83fb-53a683996fc4/action 0.579s
2024-12-12 05:36:04.450 67501 INFO tempest.lib.common.rest_client [req-b0d29c72-4a95-4d80-a091-3f311b3faf13 req-b0d29c72-4a95-4d80-a091-3f311b3faf13 ] Request (AttachVolumeShelveTestJSON:test_attach_volume_shelved_or_offload_server): 200 GET http://10.180.1.21/compute/v2.1/servers/6db8cf55-cabf-406e-a09d-3f0f6d7825f1 0.621s
2024-12-12 05:36:04.459 67511 INFO tempest.lib.common.rest_client [req-638bbfd3-3d4d-4e5e-99a5-f358ce94049f req-638bbfd3-3d4d-4e5e-99a5-f358ce94049f ] Request (ServersAdminTestJSON:test_inject_network_info): 200 GET http://10.180.1.21/compute/v2.1/servers/61db11a7-dc0e-4c69-8f59-a855ee1c0279 0.685s
2024-12-12 05:36:04.502 67513 INFO tempest.lib.common.rest_client [req-c9b0a20d-a151-4ec3-8f07-9a51b7822c8d req-c9b0a20d-a151-4ec3-8f07-9a51b7822c8d ] Request (ServersAaction247Test:test_create_backup): 200 GET http://10.180.1.21/compute/v2.1/servers/6d777ac5-f26e-4df0-9ce3-5b5f1f8977ee 0.598s
2024-12-12 05:36:04.526 67485 INFO tempest.lib.common.rest_client [req-b8c2656f-25e9-4c4b-a640-cddce30230f2 req-b8c2656f-25e9-4c4b-a640-cddce30230f2 ] Request (ServersWithSpecificFlavorTestJSON:test_verify_created_server_ephemeral_disk): 200 GET http://10.180.1.21/compute/v2.1/servers/db561df9-0a6a-4c10-8d2f-4f3029a24505 0.559s
2024-12-12 05:36:04.531 67479 INFO tempest.lib.common.rest_client [req-baef0adb-a2b3-4660-8f88-8b3671f1eb2d req-baef0adb-a2b3-4660-8f88-8b3671f1eb2d ] Request (VolumesAssistedSnapshotsTest:_run_cleanups): 200 GET http://10.180.1.21/compute/v2.1/servers/3aefff1a-b562-4fb4-8f73-65a207437f07/os-volume_attachments 0.494s
2024-12-12 05:36:04.599 67491 INFO tempest.lib.common.rest_client [req-48f92d77-6693-4424-aae5-20a34eb2484a req-48f92d77-6693-4424-aae5-20a34eb2484a ] Request (ServerRescueTestJSONUnderV235:tearDownClass): 200 GET http://10.180.1.21/compute/v2.1/servers/3bc08585-9a04-42c4-a43a-eaf076d98a82 0.556s
2024-12-12 05:36:04.607 67521 INFO tempest.lib.common.rest_client [req-344d15ed-d6a3-4982-a919-7324fd3372c3 req-344d15ed-d6a3-4982-a919-7324fd3372c3 ] Request (ImagesOneServerTestJSON:tearDownClass): 204 DELETE http://10.180.1.21/compute/v2.1/servers/65238be5-9105-42fe-a69f-e20b713f9e71 0.545s
2024-12-12 05:36:04.667 67481 INFO tempest.lib.common.rest_client [req-41b078fa-3021-4a3b-ad2a-06aa4880bd2d req-41b078fa-3021-4a3b-ad2a-06aa4880bd2d ] Request (AttachInterfacesTestJSON:test_create_list_show_delete_interfaces_by_fixed_ip): 200 GET http://10.180.1.21/compute/v2.1/servers/09c87e29-fc1a-4d86-9577-945789c97981/os-interface/4652e9f7-10fa-4e4d-890a-e3a6f694c26b 0.488s
2024-12-12 05:36:04.669 67473 INFO tempest.lib.common.rest_client [req-0130cdfa-ac62-46da-9c78-7153a988bab1 req-0130cdfa-ac62-46da-9c78-7153a988bab1 ] Request (ServersTestMultiNic:test_verify_multiple_nics_order): 200 GET http://10.180.1.21/compute/v2.1/servers/2a67d35d-5882-4494-9708-d0b921077856 0.549s
2024-12-12 05:36:04.676 67473 INFO tempest.common.waiters [-] State transition "BUILD/scheduling" ==> "BUILD/None" after 25 second wait
2024-12-12 05:36:04.723 67477 INFO tempest.lib.common.rest_client [req-5b22bd05-78a7-4381-b08f-70c78bfad41d req-5b22bd05-78a7-4381-b08f-70c78bfad41d ] Request (InstanceActionsNegativeTestJSON:tearDownClass): 200 GET http://10.180.1.21/compute/v2.1/servers/0ee776e0-a7a8-4f71-ba22-3eae1920358e 0.469s
2024-12-12 05:36:04.742 67499 INFO tempest.lib.common.rest_client [req-969d424b-c58a-44d5-9a5f-e94bac8f49fb req-969d424b-c58a-44d5-9a5f-e94bac8f49fb ] Request (ServerAddressesNegativeTestJSON:tearDownClass): 200 GET http://10.180.1.21/compute/v2.1/servers/27d74d37-9c58-40af-997f-a576fd41c093 0.415s
2024-12-12 05:36:04.743 67487 INFO tempest.lib.common.rest_client [req-382c42d1-3a99-48e7-a55c-d1a06bbd6a84 req-382c42d1-3a99-48e7-a55c-d1a06bbd6a84 ] Request (ServerExternalEventsTest:tearDownClass): 404 GET http://10.180.1.21/compute/v2.1/servers/abc29cc9-d3d8-4a81-b8a5-ea416d4a1422 0.363s
2024-12-12 05:36:04.773 67483 INFO tempest.lib.common.rest_client [req-c21fee1a-8a0c-4d60-a992-024c06e9c336 req-c21fee1a-8a0c-4d60-a992-024c06e9c336 ] Request (InstanceActionsV221TestJSON:setUpClass): 201 POST http://10.180.1.21:9696/networking/v2.0/routers 1.187s
2024-12-12 05:36:04.800 67517 INFO tempest.lib.common.rest_client [req-58624a45-6c5d-462f-afbc-b1a4ec333cbe req-58624a45-6c5d-462f-afbc-b1a4ec333cbe ] Request (ServersTestJSON:test_create_server_with_ipv6_addr_only): 200 GET http://10.180.1.21/compute/v2.1/servers/9a89f687-cafa-4f14-a45a-a6180dcf3d07 0.417s
2024-12-12 05:36:04.820 67487 INFO tempest.lib.common.rest_client [req-9711ae56-9b97-40c9-bd2d-519f68b4607b req-9711ae56-9b97-40c9-bd2d-519f68b4607b ] Request (ServerExternalEventsTest:tearDownClass): 204 DELETE http://10.180.1.21/identity/v3/users/4a58d22f771b4a1a80dfe60482f13630 0.077s
2024-12-12 05:36:04.874 67533 INFO tempest.lib.common.rest_client [req-fb9c1e8c-fd7e-414f-a52d-0fc33c237a66 req-fb9c1e8c-fd7e-414f-a52d-0fc33c237a66 ] Request (ListServerFiltersTestJSON:tearDownClass): 200 GET http://10.180.1.21/compute/v2.1/servers/c551d570-604a-4767-8982-e08e72eb0021 0.412s
2024-12-12 05:36:04.902 67497 INFO tempest.lib.common.rest_client [req-a64c3c93-1617-420b-8326-2b0e21663b4f req-a64c3c93-1617-420b-8326-2b0e21663b4f ] Request (ServerDiskConfigTestJSON:test_rebuild_server_with_auto_disk_config): 200 GET http://10.180.1.21/compute/v2.1/servers/529dbacd-fe2a-4165-83fb-53a683996fc4 0.491s
2024-12-12 05:36:04.977 67487 INFO tempest.lib.common.rest_client [req-4516e3dc-d9d5-4b72-87ad-86c328684352 req-4516e3dc-d9d5-4b72-87ad-86c328684352 ] Request (ServerExternalEventsTest:tearDownClass): 204 DELETE http://10.180.1.21/identity/v3/users/8bf45b9ee4844572ba2902646a96f923 0.156s
2024-12-12 05:36:05.041 67507 INFO tempest.lib.common.rest_client [req-5efdd8a1-8737-4c24-ac09-83fe6e6f34b6 req-5efdd8a1-8737-4c24-ac09-83fe6e6f34b6 ] Request (ImagesTestJSON:test_create_image_from_suspended_server): 200 GET http://10.180.1.21/compute/v2.1/servers/2d9b66a8-c542-43f0-96c7-c4e1cd8b8993 0.450s
2024-12-12 05:36:05.092 67487 INFO tempest.lib.common.rest_client [req-f158e33b-5b2f-472b-ab33-0baab9da7a55 req-f158e33b-5b2f-472b-ab33-0baab9da7a55 ] Request (ServerExternalEventsTest:tearDownClass): 204 DELETE http://10.180.1.21/identity/v3/users/a409f28eb887424eb4aaa3b7d875dd3f 0.114s
2024-12-12 05:36:05.092 67487 INFO tempest.lib.common.dynamic_creds [-] Deleting project and security group for project: 0653f4295361439daf901414373d2da6
2024-12-12 05:36:05.097 67521 INFO tempest.lib.common.rest_client [req-8cdfb333-1f80-41a9-819b-e0a1d7d927b1 req-8cdfb333-1f80-41a9-819b-e0a1d7d927b1 ] Request (ImagesOneServerTestJSON:tearDownClass): 200 GET http://10.180.1.21/compute/v2.1/servers/65238be5-9105-42fe-a69f-e20b713f9e71 0.490s
2024-12-12 05:36:05.160 67481 INFO tempest.lib.common.rest_client [req-4888f2e4-a4f4-4539-9187-cf60fea64d1a req-4888f2e4-a4f4-4539-9187-cf60fea64d1a ] Request (AttachInterfacesTestJSON:test_create_list_show_delete_interfaces_by_fixed_ip): 202 DELETE http://10.180.1.21/compute/v2.1/servers/09c87e29-fc1a-4d86-9577-945789c97981/os-interface/a2a6ad4a-997f-4036-9106-d6b8a8bcf438 0.491s
2024-12-12 05:36:05.172 67475 INFO tempest.lib.common.rest_client [req-4bd1d50d-4790-4c5e-aaad-b36dc53dfae9 req-4bd1d50d-4790-4c5e-aaad-b36dc53dfae9 ] Request (FloatingIPsAssociationTestJSON:test_associate_already_associated_floating_ip): 200 GET http://10.180.1.21/compute/v2.1/servers/1bc765b2-1b03-408d-9a59-fa597303cf1f 0.549s
2024-12-12 05:36:05.173 67487 INFO tempest.lib.common.rest_client [req-3e6fbdd1-9265-4fc0-b8e7-45f5eabf8b16 req-3e6fbdd1-9265-4fc0-b8e7-45f5eabf8b16 ] Request (ServerExternalEventsTest:tearDownClass): 201 POST http://10.180.1.21/identity/v3/auth/tokens 0.080s
2024-12-12 05:36:05.180 67475 INFO tempest.common.waiters [-] State transition "BUILD/spawning" ==> "ACTIVE/None" after 88 second wait
2024-12-12 05:36:05.230 67525 INFO tempest.lib.common.rest_client [req-4f77972e-5286-46f6-b360-862d9edbb90d req-4f77972e-5286-46f6-b360-862d9edbb90d ] Request (ImagesOneServerNegativeTestJSON:_run_cleanups): 200 GET http://10.180.1.21/compute/v2.1/servers/3ce0e9fd-70bc-490f-9414-aa830d2935f2 0.546s
2024-12-12 05:36:05.245 67529 INFO tempest.lib.common.rest_client [req-087528b1-1802-4f4e-9d46-3c761415a807 req-087528b1-1802-4f4e-9d46-3c761415a807 ] Request (DeleteServersTestJSON:test_delete_active_server): 200 GET http://10.180.1.21/compute/v2.1/servers/aab9dc43-9547-4246-be2e-3018436bc6a5 0.369s
2024-12-12 05:36:05.322 67489 INFO tempest.lib.common.rest_client [req-16d3f146-cde5-43a4-8d07-555d4c8468d7 req-16d3f146-cde5-43a4-8d07-555d4c8468d7 ] Request (MigrationsAdminTest:test_resize_server_revert_deleted_flavor): 200 GET http://10.180.1.21/compute/v2.1/servers/1000d22c-18b0-47a5-bcfb-1f2af539412a 0.347s
2024-12-12 05:36:05.397 67528 INFO tempest.lib.common.rest_client [req-27272500-dbf1-4cc7-bdac-4a12b231afb7 req-27272500-dbf1-4cc7-bdac-4a12b231afb7 ] Request (ServersTestBootFromVolume:tearDownClass): 200 GET http://10.180.1.21/compute/v2.1/servers/7369a4ba-3b07-4b71-a7ad-6dd77e57880d 0.348s
2024-12-12 05:36:05.410 67503 INFO tempest.lib.common.rest_client [req-4ea1d0a4-4ada-479f-a686-1b77df8911ff req-4ea1d0a4-4ada-479f-a686-1b77df8911ff ] Request (ServerRescueTestJSON:test_rescue_unrescue_instance): 200 GET http://10.180.1.21/compute/v2.1/servers/ef827c35-7d3f-45da-9422-e058331ace32 0.501s
2024-12-12 05:36:05.418 67503 INFO tempest.common.waiters [-] State transition "ACTIVE/rescuing" ==> "RESCUE/None" after 9 second wait
2024-12-12 05:36:05.450 67487 INFO tempest.lib.common.rest_client [req-15ed1887-79d8-4233-92fd-ef40a3a04d8a req-15ed1887-79d8-4233-92fd-ef40a3a04d8a ] Request (ServerExternalEventsTest:tearDownClass): 200 GET http://10.180.1.21:9696/networking/v2.0/security-groups?tenant_id=0653f4295361439daf901414373d2da6&name=default 0.277s
2024-12-12 05:36:05.458 67523 INFO tempest.lib.common.rest_client [req-0c07d6f6-1f6e-43b3-a219-4b6dfb824800 req-0c07d6f6-1f6e-43b3-a219-4b6dfb824800 ] Request (ServersTestJSON:setUpClass): 200 GET http://10.180.1.21/compute/v2.1/servers/242d685b-93b8-4b9c-8682-5cd3de2a8130 0.351s
2024-12-12 05:36:05.570 67487 INFO tempest.lib.common.rest_client [req-c5ace209-d328-4f55-9e3c-73bfbdb0e19e req-c5ace209-d328-4f55-9e3c-73bfbdb0e19e ] Request (ServerExternalEventsTest:tearDownClass): 204 DELETE http://10.180.1.21:9696/networking/v2.0/security-groups/ca55dad1-ab40-401a-b273-8485d8a46834 0.119s
2024-12-12 05:36:05.645 67487 INFO tempest.lib.common.rest_client [req-ebd62780-a99c-4613-b645-01f4942c3ddc req-ebd62780-a99c-4613-b645-01f4942c3ddc ] Request (ServerExternalEventsTest:tearDownClass): 204 DELETE http://10.180.1.21/identity/v3/projects/0653f4295361439daf901414373d2da6 0.074s
2024-12-12 05:36:05.645 67487 INFO tempest.lib.common.dynamic_creds [-] Deleting project and security group for project: f74a159ca5324a00b371b90c3e63125d
2024-12-12 05:36:05.775 67481 INFO tempest.lib.common.rest_client [req-a3bd92a9-e567-4e84-9227-3a6f25c0537c req-a3bd92a9-e567-4e84-9227-3a6f25c0537c ] Request (AttachInterfacesTestJSON:test_create_list_show_delete_interfaces_by_fixed_ip): 200 GET http://10.180.1.21/compute/v2.1/servers/09c87e29-fc1a-4d86-9577-945789c97981/os-interface 0.615s
2024-12-12 05:36:05.849 67487 INFO tempest.lib.common.rest_client [req-f5c81e59-72ff-441c-8e21-63829ae20268 req-f5c81e59-72ff-441c-8e21-63829ae20268 ] Request (ServerExternalEventsTest:tearDownClass): 200 GET http://10.180.1.21:9696/networking/v2.0/security-groups?tenant_id=f74a159ca5324a00b371b90c3e63125d&name=default 0.204s
2024-12-12 05:36:05.850 67503 INFO tempest.lib.common.rest_client [req-787e92a7-9810-4205-a719-bb9d75c65468 req-787e92a7-9810-4205-a719-bb9d75c65468 ] Request (ServerRescueTestJSON:test_rescue_unrescue_instance): 202 POST http://10.180.1.21/compute/v2.1/servers/ef827c35-7d3f-45da-9422-e058331ace32/action 0.431s
2024-12-12 05:36:05.929 67501 INFO tempest.lib.common.rest_client [req-2e12269a-d013-4d92-ab24-39a75736c8b2 req-2e12269a-d013-4d92-ab24-39a75736c8b2 ] Request (AttachVolumeShelveTestJSON:test_attach_volume_shelved_or_offload_server): 200 GET http://10.180.1.21/compute/v2.1/servers/6db8cf55-cabf-406e-a09d-3f0f6d7825f1 0.467s
2024-12-12 05:36:06.015 67487 INFO tempest.lib.common.rest_client [req-fd51fcee-6ee0-40f6-b320-8f568ab95515 req-fd51fcee-6ee0-40f6-b320-8f568ab95515 ] Request (ServerExternalEventsTest:tearDownClass): 204 DELETE http://10.180.1.21:9696/networking/v2.0/security-groups/8455c31d-ad7d-4e1e-beaa-be764fb8b7a5 0.166s
2024-12-12 05:36:06.110 67487 INFO tempest.lib.common.rest_client [req-c53398fc-ac06-4c96-afe9-9bd64d84d548 req-c53398fc-ac06-4c96-afe9-9bd64d84d548 ] Request (ServerExternalEventsTest:tearDownClass): 204 DELETE http://10.180.1.21/identity/v3/projects/f74a159ca5324a00b371b90c3e63125d 0.094s
2024-12-12 05:36:06.111 67487 INFO tempest.lib.common.dynamic_creds [-] Deleting project and security group for project: 72356970eaab4b2ab36c4579c582e43f
2024-12-12 05:36:06.129 67511 INFO tempest.lib.common.rest_client [req-f16329d1-bb20-48b2-96f1-f439bed86127 req-f16329d1-bb20-48b2-96f1-f439bed86127 ] Request (ServersAdminTestJSON:test_inject_network_info): 200 GET http://10.180.1.21/compute/v2.1/servers/61db11a7-dc0e-4c69-8f59-a855ee1c0279 0.663s
2024-12-12 05:36:06.162 67487 INFO tempest.lib.common.rest_client [req-7512d9d9-02ee-487e-b71e-cb865e43dae8 req-7512d9d9-02ee-487e-b71e-cb865e43dae8 ] Request (ServerExternalEventsTest:tearDownClass): 200 GET http://10.180.1.21:9696/networking/v2.0/security-groups?tenant_id=72356970eaab4b2ab36c4579c582e43f&name=default 0.051s
2024-12-12 05:36:06.193 67513 INFO tempest.lib.common.rest_client [req-805e1395-b9eb-489b-a3db-d0e796e7a01b req-805e1395-b9eb-489b-a3db-d0e796e7a01b ] Request (ServersAaction247Test:test_create_backup): 200 GET http://10.180.1.21/compute/v2.1/servers/6d777ac5-f26e-4df0-9ce3-5b5f1f8977ee 0.683s
2024-12-12 05:36:06.231 67479 INFO tempest.lib.common.rest_client [req-8929b882-1578-4995-bb9a-753c154edce1 req-8929b882-1578-4995-bb9a-753c154edce1 ] Request (VolumesAssistedSnapshotsTest:_run_cleanups): 200 GET http://10.180.1.21/compute/v2.1/servers/3aefff1a-b562-4fb4-8f73-65a207437f07/os-volume_attachments 0.695s
2024-12-12 05:36:06.303 67485 INFO tempest.lib.common.rest_client [req-5bac3691-4a65-4837-b86b-3b69a6111fd1 req-5bac3691-4a65-4837-b86b-3b69a6111fd1 ] Request (ServersWithSpecificFlavorTestJSON:test_verify_created_server_ephemeral_disk): 200 GET http://10.180.1.21/compute/v2.1/servers/db561df9-0a6a-4c10-8d2f-4f3029a24505 0.765s
2024-12-12 05:36:06.312 67485 INFO tempest.common.waiters [-] State transition "BUILD/scheduling" ==> "BUILD/None" after 11 second wait
2024-12-12 05:36:06.326 67487 INFO tempest.lib.common.rest_client [req-42ca3dd0-22d8-42a8-a916-19ab985a268a req-42ca3dd0-22d8-42a8-a916-19ab985a268a ] Request (ServerExternalEventsTest:tearDownClass): 204 DELETE http://10.180.1.21:9696/networking/v2.0/security-groups/d3f169f1-95d9-4273-a995-0373f281cd02 0.163s
2024-12-12 05:36:06.456 67491 INFO tempest.lib.common.rest_client [req-98093bc9-94c6-4ff0-af14-2ac43f555b7c req-98093bc9-94c6-4ff0-af14-2ac43f555b7c ] Request (ServerRescueTestJSONUnderV235:tearDownClass): 200 GET http://10.180.1.21/compute/v2.1/servers/3bc08585-9a04-42c4-a43a-eaf076d98a82 0.849s
2024-12-12 05:36:06.500 67487 INFO tempest.lib.common.rest_client [req-e0b85db9-7796-41ed-975c-1c592fe67344 req-e0b85db9-7796-41ed-975c-1c592fe67344 ] Request (ServerExternalEventsTest:tearDownClass): 204 DELETE http://10.180.1.21/identity/v3/projects/72356970eaab4b2ab36c4579c582e43f 0.174s
2024-12-12 05:36:06.541 67473 INFO tempest.lib.common.rest_client [req-49aa15e6-d353-4f74-8867-44ee9daa096d req-49aa15e6-d353-4f74-8867-44ee9daa096d ] Request (ServersTestMultiNic:test_verify_multiple_nics_order): 200 GET http://10.180.1.21/compute/v2.1/servers/2a67d35d-5882-4494-9708-d0b921077856 0.862s
2024-12-12 05:36:06.600 67475 INFO tempest.lib.common.rest_client [req-4fbbc83a-4313-4f49-8414-abfbca474b86 req-4fbbc83a-4313-4f49-8414-abfbca474b86 ] Request (FloatingIPsAssociationTestJSON:test_associate_already_associated_floating_ip): 202 POST http://10.180.1.21/compute/v2.1/servers/9a072ae8-004b-46b4-8985-a8f688fec424/action 1.419s
2024-12-12 05:36:06.602 67487 INFO tempest.lib.common.rest_client [req-6f31f0f9-a86c-4657-952a-145d190dfa8f req-6f31f0f9-a86c-4657-952a-145d190dfa8f ] Request (FloatingIPsTestJSON:setUpClass): 201 POST http://10.180.1.21/identity/v3/auth/tokens 0.100s
2024-12-12 05:36:06.617 67483 INFO tempest.lib.common.rest_client [req-8f08c459-d6e2-4700-ae14-c97da93b64fb req-8f08c459-d6e2-4700-ae14-c97da93b64fb ] Request (InstanceActionsV221TestJSON:setUpClass): 200 PUT http://10.180.1.21:9696/networking/v2.0/routers/6a086ab8-f8f7-4cd2-aed1-e4275b27290f/add_router_interface 1.844s
2024-12-12 05:36:06.618 67483 INFO tempest.lib.common.dynamic_creds [-] Created isolated network resources for: credentials: Credentials: {'domain_id': 'default', 'domain_name': 'Default', 'username': 'tempest-InstanceActionsV221TestJSON-1714309410-project-member', 'project_domain_id': 'default', 'project_domain_name': 'Default', 'project_id': 'f6dd4f98e099418386f06fd1d7a5e8fa', 'project_name': 'tempest-InstanceActionsV221TestJSON-1714309410', 'tenant_id': 'f6dd4f98e099418386f06fd1d7a5e8fa', 'tenant_name': 'tempest-InstanceActionsV221TestJSON-1714309410', 'user_domain_id': 'default', 'user_domain_name': 'Default', 'user_id': '966b7553b5e94ed0984708b4658af65a', 'system': None}, Network: {'id': '54369ec8-07ca-42f0-abc9-e4bb936b0cf6', 'name': 'tempest-InstanceActionsV221TestJSON-1704247426-network', 'tenant_id': 'f6dd4f98e099418386f06fd1d7a5e8fa', 'admin_state_up': True, 'mtu': 8950, 'status': 'ACTIVE', 'subnets': [], 'shared': False, 'project_id': 'f6dd4f98e099418386f06fd1d7a5e8fa', 'port_security_enabled': True, 'router:external': False, 'provider:network_type': 'vlan', 'provider:physical_network': 'default', 'provider:segmentation_id': 817, 'availability_zone_hints': [], 'availability_zones': [], 'ipv4_address_scope': None, 'ipv6_address_scope': None, 'description': '', 'tags': [], 'created_at': '2024-12-12T05:36:03Z', 'updated_at': '2024-12-12T05:36:03Z', 'revision_number': 1}, Subnet: {'id': 'b0cf7fb9-0014-4da7-8414-43762d32d61d', 'name': 'tempest-InstanceActionsV221TestJSON-1704247426-subnet', 'tenant_id': 'f6dd4f98e099418386f06fd1d7a5e8fa', 'network_id': '54369ec8-07ca-42f0-abc9-e4bb936b0cf6', 'ip_version': 4, 'subnetpool_id': None, 'enable_dhcp': True, 'ipv6_ra_mode': None, 'ipv6_address_mode': None, 'gateway_ip': '192.168.128.1', 'cidr': '192.168.128.0/28', 'allocation_pools': [{'start': '192.168.128.2', 'end': '192.168.128.14'}], 'host_routes': [], 'dns_nameservers': [], 'description': '', 'router:external': False, 'service_types': [], 'tags': [], 'created_at': '2024-12-12T05:36:03Z', 'updated_at': '2024-12-12T05:36:03Z', 'revision_number': 0, 'project_id': 'f6dd4f98e099418386f06fd1d7a5e8fa'}, Router: {'id': '6a086ab8-f8f7-4cd2-aed1-e4275b27290f', 'name': 'tempest-InstanceActionsV221TestJSON-1704247426-router', 'tenant_id': 'f6dd4f98e099418386f06fd1d7a5e8fa', 'admin_state_up': True, 'status': 'ACTIVE', 'external_gateway_info': {'network_id': 'd565a8e0-ac88-4c03-acbb-11ad815f8477', 'external_fixed_ips': [{'subnet_id': '30f52916-63d7-4b6e-806c-d9aca2dad22e', 'ip_address': '10.180.180.254'}], 'enable_snat': True}, 'description': '', 'availability_zones': [], 'distributed': False, 'ha': False, 'availability_zone_hints': [], 'routes': [], 'flavor_id': None, 'tags': [], 'created_at': '2024-12-12T05:36:03Z', 'updated_at': '2024-12-12T05:36:04Z', 'revision_number': 2, 'project_id': 'f6dd4f98e099418386f06fd1d7a5e8fa'}
2024-12-12 05:36:06.634 67477 INFO tempest.lib.common.rest_client [req-c91893d8-670f-4a96-ae41-9abd6971740d req-c91893d8-670f-4a96-ae41-9abd6971740d ] Request (InstanceActionsNegativeTestJSON:tearDownClass): 200 GET http://10.180.1.21/compute/v2.1/servers/0ee776e0-a7a8-4f71-ba22-3eae1920358e 0.904s
2024-12-12 05:36:06.653 67487 INFO tempest.lib.common.rest_client [req-d82b3d8e-7309-48e9-8f0e-6edf2b0f45b1 req-d82b3d8e-7309-48e9-8f0e-6edf2b0f45b1 ] Request (FloatingIPsTestJSON:setUpClass): 201 POST http://10.180.1.21/identity/v3/auth/tokens 0.045s
2024-12-12 05:36:06.684 67499 INFO tempest.lib.common.rest_client [req-d15959e2-5913-4c55-bc69-09132471a2e0 req-d15959e2-5913-4c55-bc69-09132471a2e0 ] Request (ServerAddressesNegativeTestJSON:tearDownClass): 200 GET http://10.180.1.21/compute/v2.1/servers/27d74d37-9c58-40af-997f-a576fd41c093 0.935s
2024-12-12 05:36:06.685 67487 INFO tempest.lib.common.rest_client [req-5fa85592-6f6b-42d3-a884-532736bf5083 req-5fa85592-6f6b-42d3-a884-532736bf5083 ] Request (FloatingIPsTestJSON:setUpClass): 200 GET http://10.180.1.21/identity/v3/domains?name=Default 0.032s
2024-12-12 05:36:06.691 67517 INFO tempest.lib.common.rest_client [req-70e27bab-9933-4d47-8afe-d02eb9a09195 req-70e27bab-9933-4d47-8afe-d02eb9a09195 ] Request (ServersTestJSON:test_create_server_with_ipv6_addr_only): 200 GET http://10.180.1.21/compute/v2.1/servers/9a89f687-cafa-4f14-a45a-a6180dcf3d07 0.881s
2024-12-12 05:36:06.720 67487 INFO tempest.lib.common.rest_client [req-e27da42a-9777-4004-9af8-6c34c0fac63a req-e27da42a-9777-4004-9af8-6c34c0fac63a ] Request (FloatingIPsTestJSON:setUpClass): 201 POST http://10.180.1.21/identity/v3/projects 0.034s
2024-12-12 05:36:06.740 67483 INFO tempest.lib.common.rest_client [req-5da53fab-748f-43be-a164-a56687ce5baa req-5da53fab-748f-43be-a164-a56687ce5baa ] Request (InstanceActionsV221TestJSON:setUpClass): 201 POST http://10.180.1.21/identity/v3/auth/tokens 0.119s
2024-12-12 05:36:06.761 67533 INFO tempest.lib.common.rest_client [req-9c6ebc0e-1a48-4742-8261-2940c26a6e6d req-9c6ebc0e-1a48-4742-8261-2940c26a6e6d ] Request (ListServerFiltersTestJSON:tearDownClass): 200 GET http://10.180.1.21/compute/v2.1/servers/c551d570-604a-4767-8982-e08e72eb0021 0.880s
2024-12-12 05:36:06.810 67483 INFO tempest.lib.common.rest_client [req-fd01cf69-3432-4ddd-8723-5973d4509ea6 req-fd01cf69-3432-4ddd-8723-5973d4509ea6 ] Request (InstanceActionsV221TestJSON:test_get_list_deleted_instance_actions): 201 POST http://10.180.1.21/identity/v3/auth/tokens 0.066s
2024-12-12 05:36:06.810 67483 INFO tempest.lib.common.fixed_network [-] (InstanceActionsV221TestJSON:test_get_list_deleted_instance_actions) Found network {'id': '54369ec8-07ca-42f0-abc9-e4bb936b0cf6', 'name': 'tempest-InstanceActionsV221TestJSON-1704247426-network', 'tenant_id': 'f6dd4f98e099418386f06fd1d7a5e8fa', 'admin_state_up': True, 'mtu': 8950, 'status': 'ACTIVE', 'subnets': [], 'shared': False, 'project_id': 'f6dd4f98e099418386f06fd1d7a5e8fa', 'port_security_enabled': True, 'router:external': False, 'provider:network_type': 'vlan', 'provider:physical_network': 'default', 'provider:segmentation_id': 817, 'availability_zone_hints': [], 'availability_zones': [], 'ipv4_address_scope': None, 'ipv6_address_scope': None, 'description': '', 'tags': [], 'created_at': '2024-12-12T05:36:03Z', 'updated_at': '2024-12-12T05:36:03Z', 'revision_number': 1} available for tenant
2024-12-12 05:36:06.814 67487 INFO tempest.lib.common.rest_client [req-6dea0fc8-1c38-4bc6-8050-454444cd648a req-6dea0fc8-1c38-4bc6-8050-454444cd648a ] Request (FloatingIPsTestJSON:setUpClass): 201 POST http://10.180.1.21/identity/v3/users 0.093s
2024-12-12 05:36:06.833 67487 INFO tempest.lib.common.rest_client [req-793c1b60-a574-442b-89e1-f26123f45707 req-793c1b60-a574-442b-89e1-f26123f45707 ] Request (FloatingIPsTestJSON:setUpClass): 200 GET http://10.180.1.21/identity/v3/roles 0.018s
2024-12-12 05:36:06.833 67503 INFO tempest.lib.common.rest_client [req-81104bb2-e4be-4c56-9e3a-111829da561e req-81104bb2-e4be-4c56-9e3a-111829da561e ] Request (ServerRescueTestJSON:test_rescue_unrescue_instance): 200 GET http://10.180.1.21/compute/v2.1/servers/ef827c35-7d3f-45da-9422-e058331ace32 0.983s
2024-12-12 05:36:06.864 67487 INFO tempest.lib.common.rest_client [req-62e32c0a-aab9-43a9-beab-3a6bd9b4f87c req-62e32c0a-aab9-43a9-beab-3a6bd9b4f87c ] Request (FloatingIPsTestJSON:setUpClass): 204 PUT http://10.180.1.21/identity/v3/projects/ceb0a3f2d2cd42a2b647044c7758cbe9/users/978c2b09743f4fea942e282966508540/roles/b83b0e4582904d098d190bc2cfa265a3 0.031s
2024-12-12 05:36:06.864 67487 INFO tempest.lib.common.dynamic_creds [-] Dynamic test user 978c2b09743f4fea942e282966508540 is created with scope project and roles: ['member']
2024-12-12 05:36:06.865 67487 INFO tempest.lib.common.dynamic_creds [-] Acquired dynamic creds: credentials: Credentials: {'domain_id': 'default', 'domain_name': 'Default', 'username': 'tempest-FloatingIPsTestJSON-1672520318-project-member', 'project_domain_id': 'default', 'project_domain_name': 'Default', 'project_id': 'ceb0a3f2d2cd42a2b647044c7758cbe9', 'project_name': 'tempest-FloatingIPsTestJSON-1672520318', 'tenant_id': 'ceb0a3f2d2cd42a2b647044c7758cbe9', 'tenant_name': 'tempest-FloatingIPsTestJSON-1672520318', 'user_domain_id': 'default', 'user_domain_name': 'Default', 'user_id': '978c2b09743f4fea942e282966508540', 'system': None}, Network: None, Subnet: None, Router: None
2024-12-12 05:36:06.871 67510 WARNING tempest.lib.common.ssh [-] Failed to establish authenticated ssh connection to cirros@10.180.180.175 ([Errno None] Unable to connect to port 22 on 10.180.180.175). Number attempts: 13. Retry after 14 seconds.: paramiko.ssh_exception.NoValidConnectionsError: [Errno None] Unable to connect to port 22 on 10.180.180.175
2024-12-12 05:36:06.947 67497 INFO tempest.lib.common.rest_client [req-7ec104ff-08a0-4270-85d6-3ba361e63135 req-7ec104ff-08a0-4270-85d6-3ba361e63135 ] Request (ServerDiskConfigTestJSON:test_rebuild_server_with_auto_disk_config): 200 GET http://10.180.1.21/compute/v2.1/servers/529dbacd-fe2a-4165-83fb-53a683996fc4 1.032s
2024-12-12 05:36:06.964 67507 INFO tempest.lib.common.rest_client [req-6ce9a83a-a90d-42aa-ae48-3ab5e8ed5fbc req-6ce9a83a-a90d-42aa-ae48-3ab5e8ed5fbc ] Request (ImagesTestJSON:test_create_image_from_suspended_server): 200 GET http://10.180.1.21/compute/v2.1/servers/2d9b66a8-c542-43f0-96c7-c4e1cd8b8993 0.915s
2024-12-12 05:36:06.972 67487 INFO tempest.lib.common.rest_client [req-c177e43d-3f50-4383-9e5a-2829766f4dd9 req-c177e43d-3f50-4383-9e5a-2829766f4dd9 ] Request (FloatingIPsTestJSON:setUpClass): 201 POST http://10.180.1.21/identity/v3/auth/tokens 0.107s
2024-12-12 05:36:07.028 67525 INFO tempest.lib.common.rest_client [req-2846dfae-b1d5-4de5-be59-0ecdf7200b0b req-2846dfae-b1d5-4de5-be59-0ecdf7200b0b ] Request (ImagesOneServerNegativeTestJSON:_run_cleanups): 200 GET http://10.180.1.21/compute/v2.1/servers/3ce0e9fd-70bc-490f-9414-aa830d2935f2 0.790s
2024-12-12 05:36:07.111 67521 INFO tempest.lib.common.rest_client [req-e5e8ff9b-435d-4906-9652-2ba508753592 req-e5e8ff9b-435d-4906-9652-2ba508753592 ] Request (ImagesOneServerTestJSON:tearDownClass): 200 GET http://10.180.1.21/compute/v2.1/servers/65238be5-9105-42fe-a69f-e20b713f9e71 1.003s
2024-12-12 05:36:07.129 67529 INFO tempest.lib.common.rest_client [req-3fa55aec-4ab3-4831-9c32-b6d7938ffdf5 req-3fa55aec-4ab3-4831-9c32-b6d7938ffdf5 ] Request (DeleteServersTestJSON:test_delete_active_server): 200 GET http://10.180.1.21/compute/v2.1/servers/aab9dc43-9547-4246-be2e-3018436bc6a5 0.874s
2024-12-12 05:36:07.179 67489 INFO tempest.lib.common.rest_client [req-3f5ad2c1-5146-40e6-869b-48f8069a3da1 req-3f5ad2c1-5146-40e6-869b-48f8069a3da1 ] Request (MigrationsAdminTest:test_resize_server_revert_deleted_flavor): 200 GET http://10.180.1.21/compute/v2.1/servers/1000d22c-18b0-47a5-bcfb-1f2af539412a 0.845s
2024-12-12 05:36:07.200 67528 INFO tempest.lib.common.rest_client [req-03cf430f-0e2f-4da7-a5af-f1e705ad9fc4 req-03cf430f-0e2f-4da7-a5af-f1e705ad9fc4 ] Request (ServersTestBootFromVolume:tearDownClass): 200 GET http://10.180.1.21/compute/v2.1/servers/7369a4ba-3b07-4b71-a7ad-6dd77e57880d 0.794s
2024-12-12 05:36:07.246 67523 INFO tempest.lib.common.rest_client [req-7d6e23c1-599d-451f-9da5-0b3b8238d333 req-7d6e23c1-599d-451f-9da5-0b3b8238d333 ] Request (ServersTestJSON:setUpClass): 200 GET http://10.180.1.21/compute/v2.1/servers/242d685b-93b8-4b9c-8682-5cd3de2a8130 0.780s
2024-12-12 05:36:07.260 67523 INFO tempest.common.waiters [-] State transition "BUILD/None" ==> "BUILD/networking" after 69 second wait
2024-12-12 05:36:07.363 67481 INFO tempest.lib.common.rest_client [req-872990de-570e-42f9-9182-2dfb2926b3ad req-872990de-570e-42f9-9182-2dfb2926b3ad ] Request (AttachInterfacesTestJSON:test_create_list_show_delete_interfaces_by_fixed_ip): 200 GET http://10.180.1.21/compute/v2.1/servers/09c87e29-fc1a-4d86-9577-945789c97981/os-interface 0.585s
2024-12-12 05:36:07.438 67487 INFO tempest.lib.common.rest_client [req-3b372ec9-362f-45f1-823e-62af3e241f81 req-3b372ec9-362f-45f1-823e-62af3e241f81 ] Request (FloatingIPsTestJSON:setUpClass): 201 POST http://10.180.1.21:9696/networking/v2.0/networks 0.466s
2024-12-12 05:36:07.775 67519 WARNING tempest.lib.common.ssh [-] Failed to establish authenticated ssh connection to cirros@10.180.180.227 ([Errno None] Unable to connect to port 22 on 10.180.180.227). Number attempts: 8. Retry after 9 seconds.: paramiko.ssh_exception.NoValidConnectionsError: [Errno None] Unable to connect to port 22 on 10.180.180.227
2024-12-12 05:36:07.889 67487 INFO tempest.lib.common.rest_client [req-280f0266-45c7-4820-a2e7-a3a471602a1f req-280f0266-45c7-4820-a2e7-a3a471602a1f ] Request (FloatingIPsTestJSON:setUpClass): 201 POST http://10.180.1.21:9696/networking/v2.0/subnets 0.450s
2024-12-12 05:36:08.121 67483 INFO tempest.lib.common.rest_client [req-b831f235-3907-4d01-aa6e-68f404242ce6 req-b831f235-3907-4d01-aa6e-68f404242ce6 ] Request (InstanceActionsV221TestJSON:test_get_list_deleted_instance_actions): 202 POST http://10.180.1.21/compute/v2.1/servers 1.310s
2024-12-12 05:36:08.182 67501 INFO tempest.lib.common.rest_client [req-8d05aa83-521b-4b4e-9680-0898b383884d req-8d05aa83-521b-4b4e-9680-0898b383884d ] Request (AttachVolumeShelveTestJSON:test_attach_volume_shelved_or_offload_server): 200 GET http://10.180.1.21/compute/v2.1/servers/6db8cf55-cabf-406e-a09d-3f0f6d7825f1 1.239s
2024-12-12 05:36:08.327 67511 INFO tempest.lib.common.rest_client [req-83930ba3-8f62-4e28-ab17-a33f0aced6eb req-83930ba3-8f62-4e28-ab17-a33f0aced6eb ] Request (ServersAdminTestJSON:test_inject_network_info): 200 GET http://10.180.1.21/compute/v2.1/servers/61db11a7-dc0e-4c69-8f59-a855ee1c0279 1.186s
2024-12-12 05:36:08.335 67511 INFO tempest.common.waiters [-] State transition "BUILD/spawning" ==> "ACTIVE/None" after 75 second wait
2024-12-12 05:36:08.404 67513 INFO tempest.lib.common.rest_client [req-ccedf73f-6807-4e51-8441-23e2703f61b4 req-ccedf73f-6807-4e51-8441-23e2703f61b4 ] Request (ServersAaction247Test:test_create_backup): 200 GET http://10.180.1.21/compute/v2.1/servers/6d777ac5-f26e-4df0-9ce3-5b5f1f8977ee 1.193s
2024-12-12 05:36:08.438 67479 INFO tempest.lib.common.rest_client [req-bce92565-8fb3-4d4c-bb70-d177143eda9f req-bce92565-8fb3-4d4c-bb70-d177143eda9f ] Request (VolumesAssistedSnapshotsTest:_run_cleanups): 200 GET http://10.180.1.21/compute/v2.1/servers/3aefff1a-b562-4fb4-8f73-65a207437f07/os-volume_attachments 1.204s
2024-12-12 05:36:08.472 67479 INFO tempest.lib.common.rest_client [req-5b81da24-af18-4b09-8e07-48c4045748c0 req-5b81da24-af18-4b09-8e07-48c4045748c0 ] Request (VolumesAssistedSnapshotsTest:_run_cleanups): 200 GET http://10.180.1.21/volume/v3/volumes/853aaccc-8b8f-49e2-8f90-a5ae3ef7a266 0.033s
2024-12-12 05:36:08.478 67479 INFO tempest.common.waiters [-] volume 853aaccc-8b8f-49e2-8f90-a5ae3ef7a266 reached available after waiting for 0.478939 seconds
2024-12-12 05:36:08.503 67485 INFO tempest.lib.common.rest_client [req-f47297a7-ef35-4ac8-974b-4c4dcf502f44 req-f47297a7-ef35-4ac8-974b-4c4dcf502f44 ] Request (ServersWithSpecificFlavorTestJSON:test_verify_created_server_ephemeral_disk): 200 GET http://10.180.1.21/compute/v2.1/servers/db561df9-0a6a-4c10-8d2f-4f3029a24505 1.190s
2024-12-12 05:36:08.532 67479 INFO tempest.lib.common.rest_client [req-643234f9-9f3b-437c-9516-08ed6373c05e req-643234f9-9f3b-437c-9516-08ed6373c05e ] Request (VolumesAssistedSnapshotsTest:_run_cleanups): 202 DELETE http://10.180.1.21/volume/v3/volumes/853aaccc-8b8f-49e2-8f90-a5ae3ef7a266 0.053s
2024-12-12 05:36:08.536 67493 WARNING tempest.lib.common.ssh [-] Failed to establish authenticated ssh connection to cirros@10.180.180.216 ([Errno None] Unable to connect to port 22 on 10.180.180.216). Number attempts: 4. Retry after 5 seconds.: paramiko.ssh_exception.NoValidConnectionsError: [Errno None] Unable to connect to port 22 on 10.180.180.216
2024-12-12 05:36:08.565 67479 INFO tempest.lib.common.rest_client [req-91d4b028-fc43-45bb-83f3-d7cdb8c85d84 req-91d4b028-fc43-45bb-83f3-d7cdb8c85d84 ] Request (VolumesAssistedSnapshotsTest:_run_cleanups): 200 GET http://10.180.1.21/volume/v3/volumes/853aaccc-8b8f-49e2-8f90-a5ae3ef7a266 0.033s
2024-12-12 05:36:08.597 67491 INFO tempest.lib.common.rest_client [req-e5cbabc2-3111-432e-baa6-a9cf350ea4ba req-e5cbabc2-3111-432e-baa6-a9cf350ea4ba ] Request (ServerRescueTestJSONUnderV235:tearDownClass): 200 GET http://10.180.1.21/compute/v2.1/servers/3bc08585-9a04-42c4-a43a-eaf076d98a82 1.130s
2024-12-12 05:36:08.660 67473 INFO tempest.lib.common.rest_client [req-1996a9aa-038c-4d32-86e8-52795d4ab830 req-1996a9aa-038c-4d32-86e8-52795d4ab830 ] Request (ServersTestMultiNic:test_verify_multiple_nics_order): 200 GET http://10.180.1.21/compute/v2.1/servers/2a67d35d-5882-4494-9708-d0b921077856 1.111s
2024-12-12 05:36:08.735 67477 INFO tempest.lib.common.rest_client [req-bbefc8c2-c645-4d5a-a759-e32fbccb435a req-bbefc8c2-c645-4d5a-a759-e32fbccb435a ] Request (InstanceActionsNegativeTestJSON:tearDownClass): 200 GET http://10.180.1.21/compute/v2.1/servers/0ee776e0-a7a8-4f71-ba22-3eae1920358e 1.090s
2024-12-12 05:36:08.815 67499 INFO tempest.lib.common.rest_client [req-d53cf0f1-d41c-405e-9519-03d31e80670c req-d53cf0f1-d41c-405e-9519-03d31e80670c ] Request (ServerAddressesNegativeTestJSON:tearDownClass): 200 GET http://10.180.1.21/compute/v2.1/servers/27d74d37-9c58-40af-997f-a576fd41c093 1.123s
