2024-09-30 17:08:05.075 62212 INFO tempest.lib.common.rest_client [req-e8b6826d-fe20-467b-8f72-807835a2bef6 req-e8b6826d-fe20-467b-8f72-807835a2bef6 ] Request (FlavorMetadataValidation:test_flavor_update_with_custom_namespace): 200 POST http://10.180.1.21/compute/v2.1/flavors 1.883s
2024-09-30 17:08:05.098 62224 INFO tempest.lib.common.rest_client [req-90da90f3-74ef-4baf-b16a-4e0fc1f427a5 req-90da90f3-74ef-4baf-b16a-4e0fc1f427a5 ] Request (ServersAdminNegativeTestJSON:setUpClass): 200 GET http://10.180.1.21/identity/v3/domains?name=Default 0.165s
2024-09-30 17:08:05.100 62210 INFO tempest.lib.common.rest_client [req-abda9cb6-cfb5-44ab-b006-17eb1e6d477b req-abda9cb6-cfb5-44ab-b006-17eb1e6d477b ] Request (ServersWithSpecificFlavorTestJSON:setUpClass): 200 GET http://10.180.1.21/identity/v3/roles 0.144s
2024-09-30 17:08:05.132 62194 INFO tempest.lib.common.rest_client [req-8ca2a75f-7ec3-4ffc-9e48-f8c0349984af req-8ca2a75f-7ec3-4ffc-9e48-f8c0349984af ] Request (FloatingIPsNegativeTestJSON:tearDownClass): 200 PUT http://10.180.1.21:9696/networking/v2.0/routers/ad79cb0a-96a5-4e91-a799-d6ef440dba09/remove_router_interface 2.308s
2024-09-30 17:08:05.216 62224 INFO tempest.lib.common.rest_client [req-c2ce95c6-5ecd-44a7-8465-c6b157625169 req-c2ce95c6-5ecd-44a7-8465-c6b157625169 ] Request (ServersAdminNegativeTestJSON:setUpClass): 201 POST http://10.180.1.21/identity/v3/projects 0.117s
2024-09-30 17:08:05.222 62210 INFO tempest.lib.common.rest_client [req-bc12810d-892e-4fa5-aa06-0b65b5c2bc92 req-bc12810d-892e-4fa5-aa06-0b65b5c2bc92 ] Request (ServersWithSpecificFlavorTestJSON:setUpClass): 204 PUT http://10.180.1.21/identity/v3/projects/114867a30f284f588482ddbc01eeacca/users/38bbcf1280f2424780dca9dfbd6ba2c2/roles/1678004096ac4ad8aee434d01d9acc07 0.121s
2024-09-30 17:08:05.247 62248 INFO tempest.lib.common.rest_client [req-176a08f8-92f1-4dd7-a01e-a7a2a086f0fe req-176a08f8-92f1-4dd7-a01e-a7a2a086f0fe ] Request (KeyPairsV210TestJSON:test_admin_manage_keypairs_for_other_users): 201 POST http://10.180.1.21/compute/v2.1/os-keypairs 1.991s
2024-09-30 17:08:05.266 62210 INFO tempest.lib.common.rest_client [req-c63ab28e-1409-4a38-97c1-43ff73b2f5b4 req-c63ab28e-1409-4a38-97c1-43ff73b2f5b4 ] Request (ServersWithSpecificFlavorTestJSON:setUpClass): 200 GET http://10.180.1.21/identity/v3/roles 0.043s
2024-09-30 17:08:05.279 62224 INFO tempest.lib.common.rest_client [req-58c9008c-d128-41b0-b1ab-298d2c685c82 req-58c9008c-d128-41b0-b1ab-298d2c685c82 ] Request (ServersAdminNegativeTestJSON:setUpClass): 201 POST http://10.180.1.21/identity/v3/users 0.062s
2024-09-30 17:08:05.296 62216 INFO tempest.lib.common.rest_client [req-f8d39d6c-d474-4ef4-9763-5c515a5b44db req-f8d39d6c-d474-4ef4-9763-5c515a5b44db ] Request (FloatingIPsTestJSON:setUpClass): 200 PUT http://10.180.1.21:9696/networking/v2.0/routers/39902b0d-2575-475c-98e6-c0bc17fcab88/add_router_interface 2.639s
2024-09-30 17:08:05.297 62210 INFO tempest.lib.common.rest_client [req-1dbb89cd-151f-4916-8c46-a2dda69146d0 req-1dbb89cd-151f-4916-8c46-a2dda69146d0 ] Request (ServersWithSpecificFlavorTestJSON:setUpClass): 204 PUT http://10.180.1.21/identity/v3/projects/114867a30f284f588482ddbc01eeacca/users/38bbcf1280f2424780dca9dfbd6ba2c2/roles/1678004096ac4ad8aee434d01d9acc07 0.030s
2024-09-30 17:08:05.297 62210 INFO tempest.lib.common.dynamic_creds [-] Dynamic test user 38bbcf1280f2424780dca9dfbd6ba2c2 is created with scope project and roles: ['admin']
2024-09-30 17:08:05.297 62210 INFO tempest.lib.common.dynamic_creds [-] Acquired dynamic creds: credentials: Credentials: {'domain_id': 'default', 'domain_name': 'Default', 'username': 'tempest-ServersWithSpecificFlavorTestJSON-118192919-project-admin', 'project_domain_id': 'default', 'project_domain_name': 'Default', 'project_id': '114867a30f284f588482ddbc01eeacca', 'project_name': 'tempest-ServersWithSpecificFlavorTestJSON-118192919', 'tenant_id': '114867a30f284f588482ddbc01eeacca', 'tenant_name': 'tempest-ServersWithSpecificFlavorTestJSON-118192919', 'user_domain_id': 'default', 'user_domain_name': 'Default', 'user_id': '38bbcf1280f2424780dca9dfbd6ba2c2', 'system': None}, Network: None, Subnet: None, Router: None
2024-09-30 17:08:05.297 62216 INFO tempest.lib.common.dynamic_creds [-] Created isolated network resources for: credentials: Credentials: {'domain_id': 'default', 'domain_name': 'Default', 'username': 'tempest-FloatingIPsTestJSON-1385771301-project-member', 'project_domain_id': 'default', 'project_domain_name': 'Default', 'project_id': '9fa6d5f0621b4308bc7c636892caaadf', 'project_name': 'tempest-FloatingIPsTestJSON-1385771301', 'tenant_id': '9fa6d5f0621b4308bc7c636892caaadf', 'tenant_name': 'tempest-FloatingIPsTestJSON-1385771301', 'user_domain_id': 'default', 'user_domain_name': 'Default', 'user_id': '86291f5f55324d55b932f5dc1e10a46f', 'system': None}, Network: {'id': '35ed1205-eb89-4f06-9059-98c05b41f2d4', 'name': 'tempest-FloatingIPsTestJSON-1341978907-network', 'tenant_id': '9fa6d5f0621b4308bc7c636892caaadf', 'admin_state_up': True, 'mtu': 8950, 'status': 'ACTIVE', 'subnets': [], 'shared': False, 'project_id': '9fa6d5f0621b4308bc7c636892caaadf', 'port_security_enabled': True, 'router:external': False, 'provider:network_type': 'vlan', 'provider:physical_network': 'default', 'provider:segmentation_id': 171, 'is_default': False, 'availability_zone_hints': [], 'availability_zones': [], 'ipv4_address_scope': None, 'ipv6_address_scope': None, 'description': '', 'tags': [], 'created_at': '2024-09-30T17:08:00Z', 'updated_at': '2024-09-30T17:08:00Z', 'revision_number': 1}, Subnet: {'id': '46fffa7a-0780-42b6-a17b-a2a1a667c836', 'name': 'tempest-FloatingIPsTestJSON-1341978907-subnet', 'tenant_id': '9fa6d5f0621b4308bc7c636892caaadf', 'network_id': '35ed1205-eb89-4f06-9059-98c05b41f2d4', 'ip_version': 4, 'subnetpool_id': None, 'enable_dhcp': True, 'ipv6_ra_mode': None, 'ipv6_address_mode': None, 'gateway_ip': '192.168.128.1', 'cidr': '192.168.128.0/28', 'allocation_pools': [{'start': '192.168.128.2', 'end': '192.168.128.14'}], 'host_routes': [], 'dns_nameservers': [], 'description': '', 'router:external': False, 'service_types': [], 'tags': [], 'created_at': '2024-09-30T17:08:00Z', 'updated_at': '2024-09-30T17:08:00Z', 'revision_number': 0, 'project_id': '9fa6d5f0621b4308bc7c636892caaadf'}, Router: {'id': '39902b0d-2575-475c-98e6-c0bc17fcab88', 'name': 'tempest-FloatingIPsTestJSON-1341978907-router', 'tenant_id': '9fa6d5f0621b4308bc7c636892caaadf', 'admin_state_up': True, 'status': 'ACTIVE', 'external_gateway_info': {'network_id': '0dafa103-9458-4eef-b961-7128f94afb4c', 'external_fixed_ips': [{'subnet_id': '270eb37d-d101-4b38-bcbc-40760b43ba63', 'ip_address': '10.180.180.149'}], 'enable_snat': True}, 'description': '', 'availability_zones': [], 'distributed': False, 'ha': False, 'availability_zone_hints': [], 'routes': [], 'flavor_id': None, 'tags': [], 'created_at': '2024-09-30T17:08:00Z', 'updated_at': '2024-09-30T17:08:01Z', 'revision_number': 2, 'project_id': '9fa6d5f0621b4308bc7c636892caaadf'}
2024-09-30 17:08:05.351 62224 INFO tempest.lib.common.rest_client [req-18c2b90d-4378-4db5-827c-5a2c4aaab9ff req-18c2b90d-4378-4db5-827c-5a2c4aaab9ff ] Request (ServersAdminNegativeTestJSON:setUpClass): 200 GET http://10.180.1.21/identity/v3/roles 0.071s
2024-09-30 17:08:05.386 62252 INFO tempest.lib.common.rest_client [req-59b1bd0c-da04-4b5f-aa33-68f40f655f59 req-59b1bd0c-da04-4b5f-aa33-68f40f655f59 ] Request (NetworksTest:test_get_network): 200 GET http://10.180.1.21/compute/v2.1/os-networks 2.175s
2024-09-30 17:08:05.431 62220 INFO tempest.lib.common.rest_client [req-24158676-eb19-43d9-8bc7-7ae9e100737d req-24158676-eb19-43d9-8bc7-7ae9e100737d ] Request (AZAdminV2TestJSON:test_get_availability_zone_list): 200 GET http://10.180.1.21/compute/v2.1/os-availability-zone 2.073s
2024-09-30 17:08:05.432 62216 INFO tempest.lib.common.rest_client [req-e0d8f25d-acea-44fb-ba9e-a5c7712d77bd req-e0d8f25d-acea-44fb-ba9e-a5c7712d77bd ] Request (FloatingIPsTestJSON:setUpClass): 201 POST http://10.180.1.21/identity/v3/auth/tokens 0.129s
2024-09-30 17:08:05.434 62224 INFO tempest.lib.common.rest_client [req-5f8e4eea-bf44-44ee-ac1d-7e623b4bf37e req-5f8e4eea-bf44-44ee-ac1d-7e623b4bf37e ] Request (ServersAdminNegativeTestJSON:setUpClass): 204 PUT http://10.180.1.21/identity/v3/projects/a27309c2142442328e9491b1feb18b76/users/2d3eec1984d9498b8420ede226bffd49/roles/057f8f468607412a8814b3e043778171 0.082s
2024-09-30 17:08:05.434 62224 INFO tempest.lib.common.dynamic_creds [-] Dynamic test user 2d3eec1984d9498b8420ede226bffd49 is created with scope project and roles: ['member']
2024-09-30 17:08:05.434 62224 INFO tempest.lib.common.dynamic_creds [-] Acquired dynamic creds: credentials: Credentials: {'domain_id': 'default', 'domain_name': 'Default', 'username': 'tempest-ServersAdminNegativeTestJSON-401293581-project-member', 'project_domain_id': 'default', 'project_domain_name': 'Default', 'project_id': 'a27309c2142442328e9491b1feb18b76', 'project_name': 'tempest-ServersAdminNegativeTestJSON-401293581', 'tenant_id': 'a27309c2142442328e9491b1feb18b76', 'tenant_name': 'tempest-ServersAdminNegativeTestJSON-401293581', 'user_domain_id': 'default', 'user_domain_name': 'Default', 'user_id': '2d3eec1984d9498b8420ede226bffd49', 'system': None}, Network: None, Subnet: None, Router: None
2024-09-30 17:08:05.435 62224 INFO tempest.lib.common.dynamic_creds [-] Created isolated network resources for: credentials: Credentials: {'domain_id': 'default', 'domain_name': 'Default', 'username': 'tempest-ServersAdminNegativeTestJSON-401293581-project-member', 'project_domain_id': 'default', 'project_domain_name': 'Default', 'project_id': 'a27309c2142442328e9491b1feb18b76', 'project_name': 'tempest-ServersAdminNegativeTestJSON-401293581', 'tenant_id': 'a27309c2142442328e9491b1feb18b76', 'tenant_name': 'tempest-ServersAdminNegativeTestJSON-401293581', 'user_domain_id': 'default', 'user_domain_name': 'Default', 'user_id': '2d3eec1984d9498b8420ede226bffd49', 'system': None}, Network: None, Subnet: None, Router: None
2024-09-30 17:08:05.461 62208 INFO tempest.lib.common.rest_client [req-afe107b2-2581-4909-9f85-7a7474317323 req-afe107b2-2581-4909-9f85-7a7474317323 ] Request (VolumesAssistedSnapshotsTest:setUpClass): 201 POST http://10.180.1.21:9696/networking/v2.0/networks 0.408s
2024-09-30 17:08:05.528 62242 INFO tempest.lib.common.rest_client [req-a74172fc-6e8b-4e48-a5e6-74340fd4eb02 req-a74172fc-6e8b-4e48-a5e6-74340fd4eb02 ] Request (AZAdminNegativeTestJSON:test_get_availability_zone_list_detail_with_non_admin_user): 403 GET http://10.180.1.21/compute/v2.1/os-availability-zone/detail 2.023s
2024-09-30 17:08:05.579 62236 INFO tempest.lib.common.rest_client [req-1d6a121b-ccee-433b-8bfa-2e3b1f15f003 req-1d6a121b-ccee-433b-8bfa-2e3b1f15f003 ] Request (ServicesAdminNegativeTestJSON:test_get_service_by_invalid_params): 200 GET http://10.180.1.21/compute/v2.1/os-services 2.141s
2024-09-30 17:08:05.588 62224 INFO tempest.lib.common.rest_client [req-47ff55d2-ed7c-48df-9df1-192000bc4c8b req-47ff55d2-ed7c-48df-9df1-192000bc4c8b ] Request (ServersAdminNegativeTestJSON:setUpClass): 201 POST http://10.180.1.21/identity/v3/auth/tokens 0.148s
2024-09-30 17:08:05.621 62239 INFO tempest.lib.common.rest_client [req-d167627c-c594-43a6-9871-6005c15b33ea req-d167627c-c594-43a6-9871-6005c15b33ea ] Request (FlavorsExtraSpecsNegativeTestJSON:test_flavor_get_nonexistent_key): 404 GET http://10.180.1.21/compute/v2.1/flavors/649715468/os-extra_specs/hw:cpu_thread_policy 2.077s
2024-09-30 17:08:05.710 62224 INFO tempest.lib.common.rest_client [req-8685e9cd-8963-4a82-80ba-cbfbf54d3941 req-8685e9cd-8963-4a82-80ba-cbfbf54d3941 ] Request (ServersAdminNegativeTestJSON:setUpClass): 201 POST http://10.180.1.21/identity/v3/projects 0.122s
2024-09-30 17:08:05.717 62210 INFO tempest.lib.common.rest_client [req-7de03ad4-d83f-4ed8-8b51-f8daa557dc1f req-7de03ad4-d83f-4ed8-8b51-f8daa557dc1f ] Request (ServersWithSpecificFlavorTestJSON:setUpClass): 201 POST http://10.180.1.21:9696/networking/v2.0/networks 0.419s
2024-09-30 17:08:05.795 62242 INFO tempest.lib.common.rest_client [req-8b6b7615-0449-48d7-a51d-9a5e113d5f63 req-8b6b7615-0449-48d7-a51d-9a5e113d5f63 ] Request (AZAdminNegativeTestJSON:tearDownClass): 204 DELETE http://10.180.1.21/identity/v3/users/d60ed3e86a64407c810189f04312bb24 0.257s
2024-09-30 17:08:05.842 62208 INFO tempest.lib.common.rest_client [req-078d59ec-53e7-4fc5-a25b-3efac89458e2 req-078d59ec-53e7-4fc5-a25b-3efac89458e2 ] Request (VolumesAssistedSnapshotsTest:setUpClass): 201 POST http://10.180.1.21:9696/networking/v2.0/subnets 0.380s
2024-09-30 17:08:05.867 62224 INFO tempest.lib.common.rest_client [req-a0d81af3-6682-407d-8755-9c457c88421a req-a0d81af3-6682-407d-8755-9c457c88421a ] Request (ServersAdminNegativeTestJSON:setUpClass): 201 POST http://10.180.1.21/identity/v3/users 0.156s
2024-09-30 17:08:05.933 62194 INFO tempest.lib.common.rest_client [req-212c8487-0c43-4843-ae93-a3ba4800a81f req-212c8487-0c43-4843-ae93-a3ba4800a81f ] Request (FloatingIPsNegativeTestJSON:tearDownClass): 204 DELETE http://10.180.1.21:9696/networking/v2.0/routers/ad79cb0a-96a5-4e91-a799-d6ef440dba09 0.801s
2024-09-30 17:08:05.956 62242 INFO tempest.lib.common.rest_client [req-d2513363-c77f-4434-9127-fc449483b012 req-d2513363-c77f-4434-9127-fc449483b012 ] Request (AZAdminNegativeTestJSON:tearDownClass): 204 DELETE http://10.180.1.21/identity/v3/users/e427d848309e4c5c9abc2d078d9bca3b 0.161s
2024-09-30 17:08:05.956 62242 INFO tempest.lib.common.dynamic_creds [-] Deleting project and security group for project: b78d6520fbab4529b71855d765a186ec
2024-09-30 17:08:05.981 62224 INFO tempest.lib.common.rest_client [req-9aaa396b-4345-4964-8261-355845f3c671 req-9aaa396b-4345-4964-8261-355845f3c671 ] Request (ServersAdminNegativeTestJSON:setUpClass): 200 GET http://10.180.1.21/identity/v3/roles 0.114s
2024-09-30 17:08:06.028 62242 INFO tempest.lib.common.rest_client [req-c7ab71c5-248e-42c0-82ef-e22ddc1585d5 req-c7ab71c5-248e-42c0-82ef-e22ddc1585d5 ] Request (AZAdminNegativeTestJSON:tearDownClass): 201 POST http://10.180.1.21/identity/v3/auth/tokens 0.071s
2024-09-30 17:08:06.046 62226 INFO tempest.lib.common.rest_client [req-fddc1ac0-7cf9-4613-9c43-7471e61926c1 req-fddc1ac0-7cf9-4613-9c43-7471e61926c1 ] Request (ServersAdmin275Test:test_rebuild_update_server_275): 202 POST http://10.180.1.21/compute/v2.1/servers 2.400s
2024-09-30 17:08:06.076 62224 INFO tempest.lib.common.rest_client [req-cdc0ba1f-4d8f-4deb-9c04-85b492479813 req-cdc0ba1f-4d8f-4deb-9c04-85b492479813 ] Request (ServersAdminNegativeTestJSON:setUpClass): 204 PUT http://10.180.1.21/identity/v3/projects/5fc9d673148f457599692bff0e0bcfd5/users/d6ac16a737e345acb0ee965a5f997964/roles/1678004096ac4ad8aee434d01d9acc07 0.094s
2024-09-30 17:08:06.188 62224 INFO tempest.lib.common.rest_client [req-bd0b7475-8427-4714-a0f7-038fa8dc7841 req-bd0b7475-8427-4714-a0f7-038fa8dc7841 ] Request (ServersAdminNegativeTestJSON:setUpClass): 200 GET http://10.180.1.21/identity/v3/roles 0.112s
2024-09-30 17:08:06.216 62224 INFO tempest.lib.common.rest_client [req-1ceff685-a2a5-4d96-acd2-428ded02ed64 req-1ceff685-a2a5-4d96-acd2-428ded02ed64 ] Request (ServersAdminNegativeTestJSON:setUpClass): 204 PUT http://10.180.1.21/identity/v3/projects/5fc9d673148f457599692bff0e0bcfd5/users/d6ac16a737e345acb0ee965a5f997964/roles/1678004096ac4ad8aee434d01d9acc07 0.027s
2024-09-30 17:08:06.216 62224 INFO tempest.lib.common.dynamic_creds [-] Dynamic test user d6ac16a737e345acb0ee965a5f997964 is created with scope project and roles: ['admin']
2024-09-30 17:08:06.216 62224 INFO tempest.lib.common.dynamic_creds [-] Acquired dynamic creds: credentials: Credentials: {'domain_id': 'default', 'domain_name': 'Default', 'username': 'tempest-ServersAdminNegativeTestJSON-1569445478-project-admin', 'project_domain_id': 'default', 'project_domain_name': 'Default', 'project_id': '5fc9d673148f457599692bff0e0bcfd5', 'project_name': 'tempest-ServersAdminNegativeTestJSON-1569445478', 'tenant_id': '5fc9d673148f457599692bff0e0bcfd5', 'tenant_name': 'tempest-ServersAdminNegativeTestJSON-1569445478', 'user_domain_id': 'default', 'user_domain_name': 'Default', 'user_id': 'd6ac16a737e345acb0ee965a5f997964', 'system': None}, Network: None, Subnet: None, Router: None
2024-09-30 17:08:06.216 62224 INFO tempest.lib.common.dynamic_creds [-] Created isolated network resources for: credentials: Credentials: {'domain_id': 'default', 'domain_name': 'Default', 'username': 'tempest-ServersAdminNegativeTestJSON-1569445478-project-admin', 'project_domain_id': 'default', 'project_domain_name': 'Default', 'project_id': '5fc9d673148f457599692bff0e0bcfd5', 'project_name': 'tempest-ServersAdminNegativeTestJSON-1569445478', 'tenant_id': '5fc9d673148f457599692bff0e0bcfd5', 'tenant_name': 'tempest-ServersAdminNegativeTestJSON-1569445478', 'user_domain_id': 'default', 'user_domain_name': 'Default', 'user_id': 'd6ac16a737e345acb0ee965a5f997964', 'system': None}, Network: None, Subnet: None, Router: None
2024-09-30 17:08:06.218 62202 INFO tempest.lib.common.rest_client [req-5c863136-a944-4fee-80fb-3b1244ff2560 req-5c863136-a944-4fee-80fb-3b1244ff2560 ] Request (FlavorsAccessNegativeTestJSON:test_add_flavor_access_duplicate): 200 POST http://10.180.1.21/compute/v2.1/flavors 2.507s
2024-09-30 17:08:06.236 62234 INFO tempest.lib.common.rest_client [req-bbccc29e-56d9-47b3-baaa-831f38b33712 req-bbccc29e-56d9-47b3-baaa-831f38b33712 ] Request (InstanceUsageAuditLogTestJSON:test_list_instance_usage_audit_logs): 200 GET http://10.180.1.21/compute/v2.1/os-instance_usage_audit_log 2.506s
2024-09-30 17:08:06.258 62210 INFO tempest.lib.common.rest_client [req-4bd16028-c026-4c5c-ac25-4ae1432d73ff req-4bd16028-c026-4c5c-ac25-4ae1432d73ff ] Request (ServersWithSpecificFlavorTestJSON:setUpClass): 201 POST http://10.180.1.21:9696/networking/v2.0/subnets 0.540s
2024-09-30 17:08:06.273 62194 INFO tempest.lib.common.rest_client [req-0c8e4cd6-25d8-48bb-8516-4aac6a643713 req-0c8e4cd6-25d8-48bb-8516-4aac6a643713 ] Request (FloatingIPsNegativeTestJSON:tearDownClass): 204 DELETE http://10.180.1.21:9696/networking/v2.0/subnets/10dd3f08-5d5c-4e9d-b588-7b7504661ae3 0.339s
2024-09-30 17:08:06.332 62224 INFO tempest.lib.common.rest_client [req-cae48c7c-f135-44b7-9425-f148df68067d req-cae48c7c-f135-44b7-9425-f148df68067d ] Request (ServersAdminNegativeTestJSON:setUpClass): 201 POST http://10.180.1.21/identity/v3/auth/tokens 0.112s
2024-09-30 17:08:06.333 62224 WARNING tempest.lib.common.rest_client [-] Deprecated: "tenant_id" property is deprecated for removal, use "project_id" instead
2024-09-30 17:08:06.437 62198 INFO tempest.lib.common.rest_client [req-0aedd02e-266d-4a11-8d2b-9fd1e978c21c req-0aedd02e-266d-4a11-8d2b-9fd1e978c21c ] Request (ValidationResourcesFixture:setUp): 200 POST http://10.180.1.21/compute/v2.1/os-keypairs 2.565s
2024-09-30 17:08:06.441 62224 INFO tempest.lib.common.rest_client [req-f77adf4d-1291-4112-a95f-119a0f9739a2 req-f77adf4d-1291-4112-a95f-119a0f9739a2 ] Request (ServersAdminNegativeTestJSON:setUpClass): 201 POST http://10.180.1.21/identity/v3/auth/tokens 0.102s
2024-09-30 17:08:06.442 62224 INFO tempest.lib.common.fixed_network [-] (ServersAdminNegativeTestJSON:setUpClass) Found network None available for tenant
2024-09-30 17:08:06.451 62234 INFO tempest.lib.common.rest_client [req-f3236693-46ce-435b-98fe-2305d7f94a5f req-f3236693-46ce-435b-98fe-2305d7f94a5f ] Request (InstanceUsageAuditLogTestJSON:tearDownClass): 204 DELETE http://10.180.1.21/identity/v3/users/381e8e75d1804fabb4636c0f0d2cadc1 0.208s
2024-09-30 17:08:06.558 62242 INFO tempest.lib.common.rest_client [req-1e76a5e1-264b-4c25-bf06-7a1a1fc5ed0e req-1e76a5e1-264b-4c25-bf06-7a1a1fc5ed0e ] Request (AZAdminNegativeTestJSON:tearDownClass): 200 GET http://10.180.1.21:9696/networking/v2.0/security-groups?tenant_id=b78d6520fbab4529b71855d765a186ec&name=default 0.529s
2024-09-30 17:08:06.569 62234 INFO tempest.lib.common.rest_client [req-7217691f-cbfb-4d4d-b855-2123da74ae9d req-7217691f-cbfb-4d4d-b855-2123da74ae9d ] Request (InstanceUsageAuditLogTestJSON:tearDownClass): 204 DELETE http://10.180.1.21/identity/v3/users/92800a7baa184328b9428f0004a7c48e 0.117s
2024-09-30 17:08:06.570 62234 INFO tempest.lib.common.dynamic_creds [-] Deleting project and security group for project: f9d49702ffe042e58454fcb106de2326
2024-09-30 17:08:06.633 62234 INFO tempest.lib.common.rest_client [req-bb1e39e5-6cff-4f7a-b203-03afd44dd6c4 req-bb1e39e5-6cff-4f7a-b203-03afd44dd6c4 ] Request (InstanceUsageAuditLogTestJSON:tearDownClass): 201 POST http://10.180.1.21/identity/v3/auth/tokens 0.063s
2024-09-30 17:08:06.667 62192 INFO tempest.lib.common.rest_client [req-bec65045-143a-4634-bd6f-5912da6af49f req-bec65045-143a-4634-bd6f-5912da6af49f ] Request (QuotasAdminTestJSON:test_delete_quota): 200 GET http://10.180.1.21/compute/v2.1/os-quota-sets/c3bea28f871742d59a9861b96e43246c 2.645s
2024-09-30 17:08:06.686 62232 INFO tempest.lib.common.rest_client [req-e5758576-a534-485b-a7bb-36225078b1a1 req-e5758576-a534-485b-a7bb-36225078b1a1 ] Request (HostsAdminTestJSON:test_list_hosts_with_a_blank_zone): 200 GET http://10.180.1.21/compute/v2.1/os-hosts?zone= 2.682s
2024-09-30 17:08:06.809 62194 INFO tempest.lib.common.rest_client [req-3e0323fc-d5fe-4b5d-8d18-51cf20268502 req-3e0323fc-d5fe-4b5d-8d18-51cf20268502 ] Request (FloatingIPsNegativeTestJSON:tearDownClass): 204 DELETE http://10.180.1.21:9696/networking/v2.0/networks/e13acb2e-7cc2-482a-9586-c1f5f032c681 0.535s
2024-09-30 17:08:06.824 62198 INFO tempest.lib.common.rest_client [req-2d559c05-4320-4426-9bbb-524953e7f8e6 req-2d559c05-4320-4426-9bbb-524953e7f8e6 ] Request (ValidationResourcesFixture:setUp): 201 POST http://10.180.1.21:9696/networking/v2.0/security-groups 0.385s
2024-09-30 17:08:06.891 62194 INFO tempest.lib.common.rest_client [req-3c1a530b-43a7-4f52-bbe6-de4ba1e99709 req-3c1a530b-43a7-4f52-bbe6-de4ba1e99709 ] Request (FloatingIPsNegativeTestJSON:tearDownClass): 204 DELETE http://10.180.1.21/identity/v3/users/6c2d5f706fcc4a02b1d58692de8b22aa 0.081s
2024-09-30 17:08:06.892 62194 INFO tempest.lib.common.dynamic_creds [-] Deleting project and security group for project: 4c7221b019f14dc6abb253f4f47d4245
2024-09-30 17:08:06.960 62242 INFO tempest.lib.common.rest_client [req-988165c0-3003-451a-ac81-0e6a5b6c8fc4 req-988165c0-3003-451a-ac81-0e6a5b6c8fc4 ] Request (AZAdminNegativeTestJSON:tearDownClass): 204 DELETE http://10.180.1.21:9696/networking/v2.0/security-groups/923d203b-7f30-467e-af60-1d8704f9527f 0.401s
2024-09-30 17:08:07.105 62194 INFO tempest.lib.common.rest_client [req-f9f182ba-f13e-46eb-a6a8-ca48c0fd70d1 req-f9f182ba-f13e-46eb-a6a8-ca48c0fd70d1 ] Request (FloatingIPsNegativeTestJSON:tearDownClass): 200 GET http://10.180.1.21:9696/networking/v2.0/security-groups?tenant_id=4c7221b019f14dc6abb253f4f47d4245&name=default 0.213s
2024-09-30 17:08:07.112 62242 INFO tempest.lib.common.rest_client [req-90f54c90-6e3a-4917-91e0-095490ff94e7 req-90f54c90-6e3a-4917-91e0-095490ff94e7 ] Request (AZAdminNegativeTestJSON:tearDownClass): 204 DELETE http://10.180.1.21/identity/v3/projects/b78d6520fbab4529b71855d765a186ec 0.152s
2024-09-30 17:08:07.112 62242 INFO tempest.lib.common.dynamic_creds [-] Deleting project and security group for project: d776cc9dbd134a36b5044dc36ec50d05
2024-09-30 17:08:07.187 62234 INFO tempest.lib.common.rest_client [req-52f52b55-4ebc-485a-9381-f4c1038ed985 req-52f52b55-4ebc-485a-9381-f4c1038ed985 ] Request (InstanceUsageAuditLogTestJSON:tearDownClass): 200 GET http://10.180.1.21:9696/networking/v2.0/security-groups?tenant_id=f9d49702ffe042e58454fcb106de2326&name=default 0.553s
2024-09-30 17:08:07.279 62198 INFO tempest.lib.common.rest_client [req-96e5caab-36b4-47c4-8731-95c872d512fd req-96e5caab-36b4-47c4-8731-95c872d512fd ] Request (ValidationResourcesFixture:setUp): 201 POST http://10.180.1.21:9696/networking/v2.0/security-group-rules 0.455s
2024-09-30 17:08:07.308 62254 INFO tempest.lib.common.rest_client [req-8bb14362-a260-4ce6-9540-72617945846e req-8bb14362-a260-4ce6-9540-72617945846e ] Request (FloatingIPDetailsTestJSON:setUpClass): 200 POST http://10.180.1.21/compute/v2.1/os-floating-ips 3.728s
2024-09-30 17:08:07.363 62196 INFO tempest.lib.common.rest_client [req-d35d54ee-90b0-4d41-90f2-fad80204edad req-d35d54ee-90b0-4d41-90f2-fad80204edad ] Request (AggregatesAdminNegativeTestJSON:test_aggregate_add_existent_host): 409 POST http://10.180.1.21/compute/v2.1/os-aggregates/1/action 3.185s
2024-09-30 17:08:07.388 62200 INFO tempest.lib.common.rest_client [req-5d774a1d-5be0-46f8-b134-8cd49ee18dee req-5d774a1d-5be0-46f8-b134-8cd49ee18dee ] Request (FlavorsExtraSpecsTestJSON:test_flavor_set_get_update_show_unset_keys): 200 PUT http://10.180.1.21/compute/v2.1/flavors/995254715/os-extra_specs/hw:numa_nodes 3.188s
2024-09-30 17:08:07.406 62240 INFO tempest.lib.common.rest_client [req-d4f8972f-ce5b-454a-867a-37c90409b68e req-d4f8972f-ce5b-454a-867a-37c90409b68e ] Request (FlavorsAdminTestJSON:test_create_flavor_verify_entry_in_list_details): 200 GET http://10.180.1.21/compute/v2.1/flavors/detail 3.107s
2024-09-30 17:08:07.411 62222 INFO tempest.lib.common.rest_client [req-4c2cfa7e-8cfb-441e-a07d-16d3db482f9f req-4c2cfa7e-8cfb-441e-a07d-16d3db482f9f ] Request (HypervisorAdminNegativeTestJSON:test_get_hypervisor_list_with_non_admin_user): 403 GET http://10.180.1.21/compute/v2.1/os-hypervisors 3.074s
2024-09-30 17:08:07.424 62234 INFO tempest.lib.common.rest_client [req-90d797c1-b6a1-4fd5-a444-7e16522edca6 req-90d797c1-b6a1-4fd5-a444-7e16522edca6 ] Request (InstanceUsageAuditLogTestJSON:tearDownClass): 204 DELETE http://10.180.1.21:9696/networking/v2.0/security-groups/9e1aaad2-d833-43fc-ba0a-419c122bf0c6 0.236s
2024-09-30 17:08:07.473 62242 INFO tempest.lib.common.rest_client [req-577da568-d45d-4c46-814f-27c06b9d9a41 req-577da568-d45d-4c46-814f-27c06b9d9a41 ] Request (AZAdminNegativeTestJSON:tearDownClass): 200 GET http://10.180.1.21:9696/networking/v2.0/security-groups?tenant_id=d776cc9dbd134a36b5044dc36ec50d05&name=default 0.361s
2024-09-30 17:08:07.482 62194 INFO tempest.lib.common.rest_client [req-96a72855-240a-4e9b-895d-02f82487783a req-96a72855-240a-4e9b-895d-02f82487783a ] Request (FloatingIPsNegativeTestJSON:tearDownClass): 204 DELETE http://10.180.1.21:9696/networking/v2.0/security-groups/c119f171-ea6a-46ed-b2af-9242824b1d07 0.375s
2024-09-30 17:08:07.532 62234 INFO tempest.lib.common.rest_client [req-39658439-a31a-4938-bd69-c466182b2ed7 req-39658439-a31a-4938-bd69-c466182b2ed7 ] Request (InstanceUsageAuditLogTestJSON:tearDownClass): 204 DELETE http://10.180.1.21/identity/v3/projects/f9d49702ffe042e58454fcb106de2326 0.107s
2024-09-30 17:08:07.532 62234 INFO tempest.lib.common.dynamic_creds [-] Deleting project and security group for project: 75d5ffe94e18485b96552dfa2f24795d
2024-09-30 17:08:07.545 62198 INFO tempest.lib.common.rest_client [req-c81a7a84-12e5-4ce3-8850-3ee6c1cc33b1 req-c81a7a84-12e5-4ce3-8850-3ee6c1cc33b1 ] Request (ValidationResourcesFixture:setUp): 201 POST http://10.180.1.21:9696/networking/v2.0/security-group-rules 0.265s
2024-09-30 17:08:07.579 62208 INFO tempest.lib.common.rest_client [req-7b5fd1ed-b737-4323-ab12-1b1f467fed6f req-7b5fd1ed-b737-4323-ab12-1b1f467fed6f ] Request (VolumesAssistedSnapshotsTest:setUpClass): 201 POST http://10.180.1.21:9696/networking/v2.0/routers 1.737s
2024-09-30 17:08:07.617 62194 INFO tempest.lib.common.rest_client [req-75d0bb2b-1ad6-448a-ad99-f3b77bb16478 req-75d0bb2b-1ad6-448a-ad99-f3b77bb16478 ] Request (FloatingIPsNegativeTestJSON:tearDownClass): 204 DELETE http://10.180.1.21/identity/v3/projects/4c7221b019f14dc6abb253f4f47d4245 0.135s
2024-09-30 17:08:07.687 62194 INFO tempest.lib.common.rest_client [req-37164c15-f4d8-4a9d-a8bc-902ef96c5a55 req-37164c15-f4d8-4a9d-a8bc-902ef96c5a55 ] Request (ListImagesTestJSON:setUpClass): 201 POST http://10.180.1.21/identity/v3/auth/tokens 0.068s
2024-09-30 17:08:07.725 62194 INFO tempest.lib.common.rest_client [req-3acf4127-4a34-44e8-8191-38a16b2d5dfe req-3acf4127-4a34-44e8-8191-38a16b2d5dfe ] Request (ListImagesTestJSON:setUpClass): 201 POST http://10.180.1.21/identity/v3/auth/tokens 0.035s
2024-09-30 17:08:07.751 62194 INFO tempest.lib.common.rest_client [req-16feaba8-5bd3-4c9f-89d1-2416054940ae req-16feaba8-5bd3-4c9f-89d1-2416054940ae ] Request (ListImagesTestJSON:setUpClass): 200 GET http://10.180.1.21/identity/v3/domains?name=Default 0.025s
2024-09-30 17:08:07.787 62194 INFO tempest.lib.common.rest_client [req-b7375b0b-690b-4e58-9ba2-2c307b1ce0b0 req-b7375b0b-690b-4e58-9ba2-2c307b1ce0b0 ] Request (ListImagesTestJSON:setUpClass): 201 POST http://10.180.1.21/identity/v3/projects 0.035s
2024-09-30 17:08:07.802 62234 INFO tempest.lib.common.rest_client [req-274f938c-3f46-4195-a174-b9376646a66f req-274f938c-3f46-4195-a174-b9376646a66f ] Request (InstanceUsageAuditLogTestJSON:tearDownClass): 200 GET http://10.180.1.21:9696/networking/v2.0/security-groups?tenant_id=75d5ffe94e18485b96552dfa2f24795d&name=default 0.270s
2024-09-30 17:08:07.857 62242 INFO tempest.lib.common.rest_client [req-38c68c56-c6ee-4256-a3cd-38c64799ec86 req-38c68c56-c6ee-4256-a3cd-38c64799ec86 ] Request (AZAdminNegativeTestJSON:tearDownClass): 204 DELETE http://10.180.1.21:9696/networking/v2.0/security-groups/ab4cf592-3190-48aa-9b7e-563847fe2194 0.383s
2024-09-30 17:08:07.868 62194 INFO tempest.lib.common.rest_client [req-c6b5bf4e-aedd-48f0-b7e7-d3ba0a294874 req-c6b5bf4e-aedd-48f0-b7e7-d3ba0a294874 ] Request (ListImagesTestJSON:setUpClass): 201 POST http://10.180.1.21/identity/v3/users 0.081s
2024-09-30 17:08:07.901 62204 INFO tempest.lib.common.rest_client [req-1dd89e5c-a529-49db-83ac-1446140fce47 req-1dd89e5c-a529-49db-83ac-1446140fce47 ] Request (ServerAddressesNegativeTestJSON:setUpClass): 202 POST http://10.180.1.21/compute/v2.1/servers 3.848s
2024-09-30 17:08:07.904 62194 INFO tempest.lib.common.rest_client [req-4a167853-5afa-4fe1-9a40-5ec596e9b940 req-4a167853-5afa-4fe1-9a40-5ec596e9b940 ] Request (ListImagesTestJSON:setUpClass): 200 GET http://10.180.1.21/identity/v3/roles 0.035s
2024-09-30 17:08:07.941 62242 INFO tempest.lib.common.rest_client [req-b21fe7af-1007-4a0e-bb74-0b1c8fa6141c req-b21fe7af-1007-4a0e-bb74-0b1c8fa6141c ] Request (AZAdminNegativeTestJSON:tearDownClass): 204 DELETE http://10.180.1.21/identity/v3/projects/d776cc9dbd134a36b5044dc36ec50d05 0.083s
2024-09-30 17:08:07.975 62218 INFO tempest.lib.common.rest_client [req-87828f42-23a1-4dd1-a08e-93dfaa7b2e5e req-87828f42-23a1-4dd1-a08e-93dfaa7b2e5e ] Request (ServerExternalEventsTest:test_create_server_external_events): 202 POST http://10.180.1.21/compute/v2.1/servers 3.612s
2024-09-30 17:08:08.050 62229 INFO tempest.lib.common.rest_client [req-6e405724-a1c4-415c-894f-858343521d5f req-6e405724-a1c4-415c-894f-858343521d5f ] Request (HypervisorAdminUnderV252Test:test_get_hypervisor_show_servers): 200 GET http://10.180.1.21/compute/v2.1/os-hypervisors/domain-c8.fc996f14-c53b-4953-92e3-bdfa48f5cc28/servers 3.536s
2024-09-30 17:08:08.102 62194 INFO tempest.lib.common.rest_client [req-5a8f3ef1-ed37-4a8f-b1cb-766f400ad7dd req-5a8f3ef1-ed37-4a8f-b1cb-766f400ad7dd ] Request (ListImagesTestJSON:setUpClass): 204 PUT http://10.180.1.21/identity/v3/projects/184952fb3af24e89bcafc67d25b1d15f/users/251065ae938d4b75b24608496a8d086c/roles/057f8f468607412a8814b3e043778171 0.197s
2024-09-30 17:08:08.102 62194 INFO tempest.lib.common.dynamic_creds [-] Dynamic test user 251065ae938d4b75b24608496a8d086c is created with scope project and roles: ['member']
2024-09-30 17:08:08.102 62194 INFO tempest.lib.common.dynamic_creds [-] Acquired dynamic creds: credentials: Credentials: {'domain_id': 'default', 'domain_name': 'Default', 'username': 'tempest-ListImagesTestJSON-1244200246-project-member', 'project_domain_id': 'default', 'project_domain_name': 'Default', 'project_id': '184952fb3af24e89bcafc67d25b1d15f', 'project_name': 'tempest-ListImagesTestJSON-1244200246', 'tenant_id': '184952fb3af24e89bcafc67d25b1d15f', 'tenant_name': 'tempest-ListImagesTestJSON-1244200246', 'user_domain_id': 'default', 'user_domain_name': 'Default', 'user_id': '251065ae938d4b75b24608496a8d086c', 'system': None}, Network: None, Subnet: None, Router: None
2024-09-30 17:08:08.103 62194 INFO tempest.lib.common.dynamic_creds [-] Created isolated network resources for: credentials: Credentials: {'domain_id': 'default', 'domain_name': 'Default', 'username': 'tempest-ListImagesTestJSON-1244200246-project-member', 'project_domain_id': 'default', 'project_domain_name': 'Default', 'project_id': '184952fb3af24e89bcafc67d25b1d15f', 'project_name': 'tempest-ListImagesTestJSON-1244200246', 'tenant_id': '184952fb3af24e89bcafc67d25b1d15f', 'tenant_name': 'tempest-ListImagesTestJSON-1244200246', 'user_domain_id': 'default', 'user_domain_name': 'Default', 'user_id': '251065ae938d4b75b24608496a8d086c', 'system': None}, Network: None, Subnet: None, Router: None
2024-09-30 17:08:08.169 62250 INFO tempest.lib.common.rest_client [req-3e3b261f-dd3d-4514-b47b-8524e38b7982 req-3e3b261f-dd3d-4514-b47b-8524e38b7982 ] Request (FlavorsV261TestJSON:test_crud_flavor): 200 GET http://10.180.1.21/compute/v2.1/flavors/1803430710 3.788s
2024-09-30 17:08:08.176 62234 INFO tempest.lib.common.rest_client [req-3e8c89f5-938f-49eb-8d5b-539041e6ec88 req-3e8c89f5-938f-49eb-8d5b-539041e6ec88 ] Request (InstanceUsageAuditLogTestJSON:tearDownClass): 204 DELETE http://10.180.1.21:9696/networking/v2.0/security-groups/ee2ef571-b6fb-46ed-9348-efdd91d04635 0.374s
2024-09-30 17:08:08.195 62242 INFO tempest.lib.common.rest_client [req-8636ae0e-47a2-49ea-a000-de8ec02201e6 req-8636ae0e-47a2-49ea-a000-de8ec02201e6 ] Request (HypervisorAdminV228Test:setUpClass): 201 POST http://10.180.1.21/identity/v3/auth/tokens 0.253s
2024-09-30 17:08:08.259 62230 INFO tempest.lib.common.rest_client [req-8400cdb2-1aa2-44a9-a150-d013d4e3c024 req-8400cdb2-1aa2-44a9-a150-d013d4e3c024 ] Request (HostsAdminNegativeTestJSON:test_list_hosts_with_non_admin_user): 403 GET http://10.180.1.21/compute/v2.1/os-hosts 3.651s
2024-09-30 17:08:08.260 62210 INFO tempest.lib.common.rest_client [req-d08b670a-f3f4-4a9b-afd8-6eba113c5882 req-d08b670a-f3f4-4a9b-afd8-6eba113c5882 ] Request (ServersWithSpecificFlavorTestJSON:setUpClass): 201 POST http://10.180.1.21:9696/networking/v2.0/routers 2.002s
2024-09-30 17:08:08.289 62214 INFO tempest.lib.common.rest_client [req-913b6cb0-b82c-48d1-97ca-cb2bc3202809 req-913b6cb0-b82c-48d1-97ca-cb2bc3202809 ] Request (FlavorsAccessTestJSON:test_flavor_access_add_remove): 200 POST http://10.180.1.21/compute/v2.1/flavors/2045235933/action 3.768s
2024-09-30 17:08:08.326 62198 INFO tempest.lib.common.rest_client [req-84dfcc1f-8782-48fb-9d35-8c4145f9f92d req-84dfcc1f-8782-48fb-9d35-8c4145f9f92d ] Request (ValidationResourcesFixture:setUp): 201 POST http://10.180.1.21:9696/networking/v2.0/floatingips 0.780s
2024-09-30 17:08:08.340 62194 INFO tempest.lib.common.rest_client [req-a6a8d671-3663-40c9-8a85-0ae7da8ac655 req-a6a8d671-3663-40c9-8a85-0ae7da8ac655 ] Request (ListImagesTestJSON:setUpClass): 201 POST http://10.180.1.21/identity/v3/auth/tokens 0.169s
2024-09-30 17:08:08.348 62234 INFO tempest.lib.common.rest_client [req-30328e88-c32e-4660-8339-a8ce672f82bc req-30328e88-c32e-4660-8339-a8ce672f82bc ] Request (InstanceUsageAuditLogTestJSON:tearDownClass): 204 DELETE http://10.180.1.21/identity/v3/projects/75d5ffe94e18485b96552dfa2f24795d 0.171s
2024-09-30 17:08:08.400 62242 INFO tempest.lib.common.rest_client [req-090fe206-f93d-4e59-8808-61e271c895b0 req-090fe206-f93d-4e59-8808-61e271c895b0 ] Request (HypervisorAdminV228Test:setUpClass): 201 POST http://10.180.1.21/identity/v3/auth/tokens 0.203s
2024-09-30 17:08:08.403 62206 INFO tempest.lib.common.rest_client [req-ab47811b-178c-4a42-bf83-d5d0284af56d req-ab47811b-178c-4a42-bf83-d5d0284af56d ] Request (DeleteServersAdminTestJSON:test_admin_delete_servers_of_others): 200 GET http://10.180.1.21/compute/v2.1/servers/77195a41-5390-4d50-b9e9-43f4e586fe2e 3.401s
2024-09-30 17:08:08.455 62198 INFO tempest.lib.common.rest_client [req-43c5c108-35a1-418b-a9d3-f995716d8fa7 req-43c5c108-35a1-418b-a9d3-f995716d8fa7 ] Request (AttachInterfacesTestJSON:test_create_list_show_delete_interfaces_by_fixed_ip): 201 POST http://10.180.1.21/identity/v3/auth/tokens 0.124s
2024-09-30 17:08:08.456 62198 INFO tempest.lib.common.fixed_network [-] (AttachInterfacesTestJSON:test_create_list_show_delete_interfaces_by_fixed_ip) Found network {'id': '04afdd5b-5e45-476d-a977-518d136f3cb0', 'name': 'tempest-AttachInterfacesTestJSON-252813250-network', 'tenant_id': '691059cc50384d9faf7c86a5721d412a', 'admin_state_up': True, 'mtu': 8950, 'status': 'ACTIVE', 'subnets': [], 'shared': False, 'project_id': '691059cc50384d9faf7c86a5721d412a', 'port_security_enabled': True, 'router:external': False, 'provider:network_type': 'vlan', 'provider:physical_network': 'default', 'provider:segmentation_id': 186, 'is_default': False, 'availability_zone_hints': [], 'availability_zones': [], 'ipv4_address_scope': None, 'ipv6_address_scope': None, 'description': '', 'tags': [], 'created_at': '2024-09-30T17:07:59Z', 'updated_at': '2024-09-30T17:07:59Z', 'revision_number': 1} available for tenant
2024-09-30 17:08:08.462 62234 INFO tempest.lib.common.rest_client [req-c271a2af-cfa3-410c-9479-59a2dd0e7b68 req-c271a2af-cfa3-410c-9479-59a2dd0e7b68 ] Request (QuotasAdminTestV236:setUpClass): 201 POST http://10.180.1.21/identity/v3/auth/tokens 0.112s
2024-09-30 17:08:08.473 62242 INFO tempest.lib.common.rest_client [req-d15e6daf-cfcc-4c61-b32e-a7cde08d1598 req-d15e6daf-cfcc-4c61-b32e-a7cde08d1598 ] Request (HypervisorAdminV228Test:setUpClass): 200 GET http://10.180.1.21/identity/v3/domains?name=Default 0.072s
2024-09-30 17:08:08.491 62234 INFO tempest.lib.common.rest_client [req-b2893fc0-2392-4202-9578-6451cc5fd875 req-b2893fc0-2392-4202-9578-6451cc5fd875 ] Request (QuotasAdminTestV236:setUpClass): 201 POST http://10.180.1.21/identity/v3/auth/tokens 0.027s
2024-09-30 17:08:08.497 62212 INFO tempest.lib.common.rest_client [req-6dc974d6-efde-4ccd-a685-9f797461e145 req-6dc974d6-efde-4ccd-a685-9f797461e145 ] Request (FlavorMetadataValidation:test_flavor_update_with_custom_namespace): 200 POST http://10.180.1.21/compute/v2.1/flavors/830400454/os-extra_specs 3.419s
2024-09-30 17:08:08.502 62242 INFO tempest.lib.common.rest_client [req-43423d16-2509-4ef1-af97-17f059ba569e req-43423d16-2509-4ef1-af97-17f059ba569e ] Request (HypervisorAdminV228Test:setUpClass): 201 POST http://10.180.1.21/identity/v3/projects 0.028s
2024-09-30 17:08:08.512 62234 INFO tempest.lib.common.rest_client [req-37833f46-1893-41e2-b2e8-cc0a1ebeab4c req-37833f46-1893-41e2-b2e8-cc0a1ebeab4c ] Request (QuotasAdminTestV236:setUpClass): 200 GET http://10.180.1.21/identity/v3/domains?name=Default 0.020s
2024-09-30 17:08:08.543 62248 INFO tempest.lib.common.rest_client [req-e089b18a-7916-479a-a3f3-5af44cba2eef req-e089b18a-7916-479a-a3f3-5af44cba2eef ] Request (KeyPairsV210TestJSON:test_admin_manage_keypairs_for_other_users): 201 POST http://10.180.1.21/compute/v2.1/os-keypairs 3.294s
2024-09-30 17:08:08.569 62234 INFO tempest.lib.common.rest_client [req-60f6f8a6-85f0-4387-a068-1ceb8c27e9d2 req-60f6f8a6-85f0-4387-a068-1ceb8c27e9d2 ] Request (QuotasAdminTestV236:setUpClass): 201 POST http://10.180.1.21/identity/v3/projects 0.056s
2024-09-30 17:08:08.580 62242 INFO tempest.lib.common.rest_client [req-f78b0c6a-e848-4819-9f8b-d811d2bffb38 req-f78b0c6a-e848-4819-9f8b-d811d2bffb38 ] Request (HypervisorAdminV228Test:setUpClass): 201 POST http://10.180.1.21/identity/v3/users 0.078s
2024-09-30 17:08:08.598 62252 INFO tempest.lib.common.rest_client [req-fc709c18-2903-4155-bbd5-ec7d61d95121 req-fc709c18-2903-4155-bbd5-ec7d61d95121 ] Request (NetworksTest:test_get_network): 200 GET http://10.180.1.21/compute/v2.1/os-networks/0dafa103-9458-4eef-b961-7128f94afb4c 3.211s
2024-09-30 17:08:08.618 62234 INFO tempest.lib.common.rest_client [req-124e7bcd-4dd1-45e3-8404-715df2e0ad98 req-124e7bcd-4dd1-45e3-8404-715df2e0ad98 ] Request (QuotasAdminTestV236:setUpClass): 201 POST http://10.180.1.21/identity/v3/users 0.048s
2024-09-30 17:08:08.635 62242 INFO tempest.lib.common.rest_client [req-ab3e5494-ff14-4cea-907d-38df0c8d44b3 req-ab3e5494-ff14-4cea-907d-38df0c8d44b3 ] Request (HypervisorAdminV228Test:setUpClass): 200 GET http://10.180.1.21/identity/v3/roles 0.055s
2024-09-30 17:08:08.650 62234 INFO tempest.lib.common.rest_client [req-29310c9d-3c32-4d46-a8d9-f51ee81e0c01 req-29310c9d-3c32-4d46-a8d9-f51ee81e0c01 ] Request (QuotasAdminTestV236:setUpClass): 200 GET http://10.180.1.21/identity/v3/roles 0.031s
2024-09-30 17:08:08.680 62242 INFO tempest.lib.common.rest_client [req-05805312-394a-401f-ba04-b4a8b473c313 req-05805312-394a-401f-ba04-b4a8b473c313 ] Request (HypervisorAdminV228Test:setUpClass): 204 PUT http://10.180.1.21/identity/v3/projects/f8f31580b72c4ce085e8f279eddde03e/users/c89b1a1d29434251ac0a6050c4045a34/roles/057f8f468607412a8814b3e043778171 0.044s
2024-09-30 17:08:08.680 62242 INFO tempest.lib.common.dynamic_creds [-] Dynamic test user c89b1a1d29434251ac0a6050c4045a34 is created with scope project and roles: ['member']
2024-09-30 17:08:08.680 62242 INFO tempest.lib.common.dynamic_creds [-] Acquired dynamic creds: credentials: Credentials: {'domain_id': 'default', 'domain_name': 'Default', 'username': 'tempest-HypervisorAdminV228Test-353668738-project-member', 'project_domain_id': 'default', 'project_domain_name': 'Default', 'project_id': 'f8f31580b72c4ce085e8f279eddde03e', 'project_name': 'tempest-HypervisorAdminV228Test-353668738', 'tenant_id': 'f8f31580b72c4ce085e8f279eddde03e', 'tenant_name': 'tempest-HypervisorAdminV228Test-353668738', 'user_domain_id': 'default', 'user_domain_name': 'Default', 'user_id': 'c89b1a1d29434251ac0a6050c4045a34', 'system': None}, Network: None, Subnet: None, Router: None
2024-09-30 17:08:08.680 62242 INFO tempest.lib.common.dynamic_creds [-] Created isolated network resources for: credentials: Credentials: {'domain_id': 'default', 'domain_name': 'Default', 'username': 'tempest-HypervisorAdminV228Test-353668738-project-member', 'project_domain_id': 'default', 'project_domain_name': 'Default', 'project_id': 'f8f31580b72c4ce085e8f279eddde03e', 'project_name': 'tempest-HypervisorAdminV228Test-353668738', 'tenant_id': 'f8f31580b72c4ce085e8f279eddde03e', 'tenant_name': 'tempest-HypervisorAdminV228Test-353668738', 'user_domain_id': 'default', 'user_domain_name': 'Default', 'user_id': 'c89b1a1d29434251ac0a6050c4045a34', 'system': None}, Network: None, Subnet: None, Router: None
2024-09-30 17:08:08.754 62246 INFO tempest.lib.common.rest_client [req-ff4ff885-1007-4284-bc13-6c0a50781ea3 req-ff4ff885-1007-4284-bc13-6c0a50781ea3 ] Request (MigrationsAdminTest:test_list_migrations_in_flavor_resize_situation): 202 POST http://10.180.1.21/compute/v2.1/servers 3.720s
2024-09-30 17:08:08.754 62234 INFO tempest.lib.common.rest_client [req-921039ff-13cd-4944-8666-f1771efe5da4 req-921039ff-13cd-4944-8666-f1771efe5da4 ] Request (QuotasAdminTestV236:setUpClass): 204 PUT http://10.180.1.21/identity/v3/projects/98ad1e99a29f4261baf05a1c41bdb154/users/ee2fde8763304a06879aa160eebbffeb/roles/057f8f468607412a8814b3e043778171 0.103s
2024-09-30 17:08:08.754 62234 INFO tempest.lib.common.dynamic_creds [-] Dynamic test user ee2fde8763304a06879aa160eebbffeb is created with scope project and roles: ['member']
2024-09-30 17:08:08.755 62234 INFO tempest.lib.common.dynamic_creds [-] Acquired dynamic creds: credentials: Credentials: {'domain_id': 'default', 'domain_name': 'Default', 'username': 'tempest-QuotasAdminTestV236-477177177-project-member', 'project_domain_id': 'default', 'project_domain_name': 'Default', 'project_id': '98ad1e99a29f4261baf05a1c41bdb154', 'project_name': 'tempest-QuotasAdminTestV236-477177177', 'tenant_id': '98ad1e99a29f4261baf05a1c41bdb154', 'tenant_name': 'tempest-QuotasAdminTestV236-477177177', 'user_domain_id': 'default', 'user_domain_name': 'Default', 'user_id': 'ee2fde8763304a06879aa160eebbffeb', 'system': None}, Network: None, Subnet: None, Router: None
2024-09-30 17:08:08.755 62234 INFO tempest.lib.common.dynamic_creds [-] Created isolated network resources for: credentials: Credentials: {'domain_id': 'default', 'domain_name': 'Default', 'username': 'tempest-QuotasAdminTestV236-477177177-project-member', 'project_domain_id': 'default', 'project_domain_name': 'Default', 'project_id': '98ad1e99a29f4261baf05a1c41bdb154', 'project_name': 'tempest-QuotasAdminTestV236-477177177', 'tenant_id': '98ad1e99a29f4261baf05a1c41bdb154', 'tenant_name': 'tempest-QuotasAdminTestV236-477177177', 'user_domain_id': 'default', 'user_domain_name': 'Default', 'user_id': 'ee2fde8763304a06879aa160eebbffeb', 'system': None}, Network: None, Subnet: None, Router: None
2024-09-30 17:08:08.783 62220 INFO tempest.lib.common.rest_client [req-95a98a05-9df9-4267-b2ed-35ce68849f34 req-95a98a05-9df9-4267-b2ed-35ce68849f34 ] Request (AZAdminV2TestJSON:test_get_availability_zone_list_detail): 200 GET http://10.180.1.21/compute/v2.1/os-availability-zone/detail 3.341s
2024-09-30 17:08:08.786 62242 INFO tempest.lib.common.rest_client [req-6b90d551-2f67-41be-b25b-439741f80a2c req-6b90d551-2f67-41be-b25b-439741f80a2c ] Request (HypervisorAdminV228Test:setUpClass): 201 POST http://10.180.1.21/identity/v3/auth/tokens 0.103s
2024-09-30 17:08:08.813 62236 INFO tempest.lib.common.rest_client [req-cd9c25ac-d08a-4e84-814c-12bbeedfd108 req-cd9c25ac-d08a-4e84-814c-12bbeedfd108 ] Request (ServicesAdminNegativeTestJSON:test_get_service_by_invalid_params): 200 GET http://10.180.1.21/compute/v2.1/os-services?xxx=nova-compute 3.230s
2024-09-30 17:08:08.816 62239 INFO tempest.lib.common.rest_client [req-e47b8cf1-781f-4f37-bf17-3da4628d57aa req-e47b8cf1-781f-4f37-bf17-3da4628d57aa ] Request (FlavorsExtraSpecsNegativeTestJSON:test_flavor_non_admin_set_keys): 403 POST http://10.180.1.21/compute/v2.1/flavors/649715468/os-extra_specs 3.140s
2024-09-30 17:08:08.849 62234 INFO tempest.lib.common.rest_client [req-1b5b1b26-44f2-4bcf-bd0d-7720a11fe15a req-1b5b1b26-44f2-4bcf-bd0d-7720a11fe15a ] Request (QuotasAdminTestV236:setUpClass): 201 POST http://10.180.1.21/identity/v3/auth/tokens 0.088s
2024-09-30 17:08:08.878 62242 INFO tempest.lib.common.rest_client [req-6dacbedc-c3b8-40bc-b5d8-bb08c108cfe7 req-6dacbedc-c3b8-40bc-b5d8-bb08c108cfe7 ] Request (HypervisorAdminV228Test:setUpClass): 201 POST http://10.180.1.21/identity/v3/projects 0.090s
2024-09-30 17:08:08.920 62220 INFO tempest.lib.common.rest_client [req-ef80ff85-b733-4b5e-95f1-ade0ac18d090 req-ef80ff85-b733-4b5e-95f1-ade0ac18d090 ] Request (AZAdminV2TestJSON:tearDownClass): 204 DELETE http://10.180.1.21/identity/v3/users/5a4f88300fe24d8f893b582c09644c9e 0.126s
2024-09-30 17:08:08.977 62226 INFO tempest.lib.common.rest_client [req-36169622-a52d-4dc9-bddf-2188ce89959c req-36169622-a52d-4dc9-bddf-2188ce89959c ] Request (ServersAdmin275Test:test_rebuild_update_server_275): 200 PUT http://10.180.1.21/compute/v2.1/servers/1f23e4c8-c961-4bb0-8726-fe5bd3a9b2d5 2.929s
2024-09-30 17:08:09.004 62234 INFO tempest.lib.common.rest_client [req-f3901330-26de-4181-9ef5-359fc7104d8a req-f3901330-26de-4181-9ef5-359fc7104d8a ] Request (QuotasAdminTestV236:setUpClass): 201 POST http://10.180.1.21/identity/v3/projects 0.149s
2024-09-30 17:08:09.004 62242 INFO tempest.lib.common.rest_client [req-7f48dafd-10b1-49bb-b3bb-f14c582e4eb2 req-7f48dafd-10b1-49bb-b3bb-f14c582e4eb2 ] Request (HypervisorAdminV228Test:setUpClass): 201 POST http://10.180.1.21/identity/v3/users 0.126s
2024-09-30 17:08:09.096 62234 INFO tempest.lib.common.rest_client [req-42c9b48a-1d20-45f5-8b38-55c5d50c22f3 req-42c9b48a-1d20-45f5-8b38-55c5d50c22f3 ] Request (QuotasAdminTestV236:setUpClass): 201 POST http://10.180.1.21/identity/v3/users 0.091s
2024-09-30 17:08:09.128 62220 INFO tempest.lib.common.rest_client [req-03421394-3c87-4129-b9cc-3c4d2bc3d5b6 req-03421394-3c87-4129-b9cc-3c4d2bc3d5b6 ] Request (AZAdminV2TestJSON:tearDownClass): 204 DELETE http://10.180.1.21/identity/v3/users/4ba61298a60e48da81c8c1fcd36f0b5b 0.208s
2024-09-30 17:08:09.128 62220 INFO tempest.lib.common.dynamic_creds [-] Deleting project and security group for project: e530696c7c834ec4ae9c61927eed9fd7
2024-09-30 17:08:09.166 62242 INFO tempest.lib.common.rest_client [req-87b68153-99e3-43c3-966f-24081524846b req-87b68153-99e3-43c3-966f-24081524846b ] Request (HypervisorAdminV228Test:setUpClass): 200 GET http://10.180.1.21/identity/v3/roles 0.161s
2024-09-30 17:08:09.217 62234 INFO tempest.lib.common.rest_client [req-03533168-2e5e-44a0-aad6-2c4e139d3419 req-03533168-2e5e-44a0-aad6-2c4e139d3419 ] Request (QuotasAdminTestV236:setUpClass): 200 GET http://10.180.1.21/identity/v3/roles 0.120s
2024-09-30 17:08:09.247 62202 INFO tempest.lib.common.rest_client [req-f4ffeebe-8242-4adc-875a-f60564ff3a80 req-f4ffeebe-8242-4adc-875a-f60564ff3a80 ] Request (FlavorsAccessNegativeTestJSON:test_add_flavor_access_duplicate): 200 POST http://10.180.1.21/compute/v2.1/flavors/1443208112/action 3.026s
2024-09-30 17:08:09.249 62220 INFO tempest.lib.common.rest_client [req-ef3bf838-f634-4ab8-b395-184bab307eeb req-ef3bf838-f634-4ab8-b395-184bab307eeb ] Request (AZAdminV2TestJSON:tearDownClass): 201 POST http://10.180.1.21/identity/v3/auth/tokens 0.121s
2024-09-30 17:08:09.266 62242 INFO tempest.lib.common.rest_client [req-37aafab3-7045-4db8-a374-17f0d0486c9f req-37aafab3-7045-4db8-a374-17f0d0486c9f ] Request (HypervisorAdminV228Test:setUpClass): 204 PUT http://10.180.1.21/identity/v3/projects/431bd49b807d46299e7b5593ff0f23ad/users/c6ded0c2f23a47f598e75e0bf10544e0/roles/1678004096ac4ad8aee434d01d9acc07 0.099s
2024-09-30 17:08:09.274 62234 INFO tempest.lib.common.rest_client [req-d617e53c-f05f-404f-9c07-84024809e904 req-d617e53c-f05f-404f-9c07-84024809e904 ] Request (QuotasAdminTestV236:setUpClass): 204 PUT http://10.180.1.21/identity/v3/projects/d321c91a09224312b2ddc882005a22a5/users/6884305cf3b3496b8da009ea46fd6093/roles/1678004096ac4ad8aee434d01d9acc07 0.056s
