2024-09-30 17:08:16.608 62232 INFO tempest.lib.common.rest_client [req-2e6c7363-9020-47f0-bc68-1a83421e467b req-2e6c7363-9020-47f0-bc68-1a83421e467b ] Request (HostsAdminTestJSON:tearDownClass): 204 DELETE http://10.180.1.21/identity/v3/users/44dcc8728e38460eb7037e4137db2782 0.132s
2024-09-30 17:08:16.637 62212 INFO tempest.lib.common.rest_client [req-16d76681-d1ed-4489-ac1f-1d59d27b7795 req-16d76681-d1ed-4489-ac1f-1d59d27b7795 ] Request (HypervisorAdminV253TestBase:test_list_show_detail_hypervisors): 200 GET http://10.180.1.21/compute/v2.1/os-hypervisors/detail?with_servers=True 1.399s
2024-09-30 17:08:16.695 62232 INFO tempest.lib.common.rest_client [req-be20eb20-9abf-4786-a21f-c0900750ea8b req-be20eb20-9abf-4786-a21f-c0900750ea8b ] Request (HostsAdminTestJSON:tearDownClass): 204 DELETE http://10.180.1.21/identity/v3/users/3f2844c928fa467cb9ddf45d1034f580 0.085s
2024-09-30 17:08:16.695 62232 INFO tempest.lib.common.dynamic_creds [-] Deleting project and security group for project: 15e744d02ad34e608a16c7b95e633203
2024-09-30 17:08:16.714 62200 INFO tempest.lib.common.rest_client [req-32ceece1-3640-4a12-b8c7-399216f12cd1 req-32ceece1-3640-4a12-b8c7-399216f12cd1 ] Request (FlavorsExtraSpecsTestJSON:tearDownClass): 204 DELETE http://10.180.1.21/identity/v3/users/df2d14f1ec7242d6854818b4992c1f4a 0.203s
2024-09-30 17:08:16.714 62200 INFO tempest.lib.common.dynamic_creds [-] Deleting project and security group for project: f33c9ccc3cec4b1381036d45ac80bce1
2024-09-30 17:08:16.718 62236 INFO tempest.lib.common.rest_client [req-bb1d890f-bbbe-4dec-a786-d868ccc6255c req-bb1d890f-bbbe-4dec-a786-d868ccc6255c ] Request (ServicesAdminNegativeTestJSON:tearDownClass): 200 GET http://10.180.1.21:9696/networking/v2.0/security-groups?tenant_id=8bba1c831017436599f76e5b4d04c82a&name=default 0.492s
2024-09-30 17:08:16.753 62250 INFO tempest.lib.common.rest_client [req-b448a68c-8af5-4013-9a97-fd9fea8ae3fa req-b448a68c-8af5-4013-9a97-fd9fea8ae3fa ] Request (FlavorsV261TestJSON:tearDownClass): 204 DELETE http://10.180.1.21:9696/networking/v2.0/security-groups/6a6aabfe-95f3-49d8-b7a1-b66a7759a129 0.515s
2024-09-30 17:08:16.755 62232 INFO tempest.lib.common.rest_client [req-9c0602a2-961d-4b71-a532-4e584bdfe185 req-9c0602a2-961d-4b71-a532-4e584bdfe185 ] Request (HostsAdminTestJSON:tearDownClass): 201 POST http://10.180.1.21/identity/v3/auth/tokens 0.060s
2024-09-30 17:08:16.767 62200 INFO tempest.lib.common.rest_client [req-9a6b7db3-8260-4dbf-8af3-39c662a507b5 req-9a6b7db3-8260-4dbf-8af3-39c662a507b5 ] Request (FlavorsExtraSpecsTestJSON:tearDownClass): 201 POST http://10.180.1.21/identity/v3/auth/tokens 0.052s
2024-09-30 17:08:16.816 62250 INFO tempest.lib.common.rest_client [req-788faaec-d3e7-44c9-8bbe-96260fe3be99 req-788faaec-d3e7-44c9-8bbe-96260fe3be99 ] Request (FlavorsV261TestJSON:tearDownClass): 204 DELETE http://10.180.1.21/identity/v3/projects/8b40eec2df474995b2f6bb24e2803913 0.063s
2024-09-30 17:08:16.817 62250 INFO tempest.lib.common.dynamic_creds [-] Deleting project and security group for project: 2547cb7f064e4c84a05702d118257cc7
2024-09-30 17:08:16.817 62216 INFO tempest.lib.common.rest_client [req-4489d297-8fee-4693-b8cc-afc369cd12c2 req-4489d297-8fee-4693-b8cc-afc369cd12c2 ] Request (FloatingIPsTestJSON:test_delete_floating_ip): 200 POST http://10.180.1.21/compute/v2.1/os-floating-ips 2.600s
2024-09-30 17:08:16.832 62230 INFO tempest.lib.common.rest_client [req-fb32d103-0c04-4727-ad9d-66636a0532c4 req-fb32d103-0c04-4727-ad9d-66636a0532c4 ] Request (HostsAdminNegativeTestJSON:test_shutdown_nonexistent_host): 404 GET http://10.180.1.21/compute/v2.1/os-hosts/nonexistent_hostname/shutdown 1.452s
2024-09-30 17:08:16.837 62242 INFO tempest.lib.common.rest_client [req-8f0f11c8-202c-4e88-8d7b-16482a341642 req-8f0f11c8-202c-4e88-8d7b-16482a341642 ] Request (SecurityGroupsNegativeTestJSON:setUpClass): 201 POST http://10.180.1.21:9696/networking/v2.0/subnets 0.478s
2024-09-30 17:08:16.849 62210 INFO tempest.lib.common.rest_client [req-eafaf658-f506-402c-aad4-428870f99e13 req-eafaf658-f506-402c-aad4-428870f99e13 ] Request (ServersWithSpecificFlavorTestJSON:test_verify_created_server_ephemeral_disk): 200 POST http://10.180.1.21/compute/v2.1/flavors 1.369s
2024-09-30 17:08:16.867 62220 INFO tempest.lib.common.rest_client [req-c157e339-e5c4-4998-9ddd-fb4fbe4b2dda req-c157e339-e5c4-4998-9ddd-fb4fbe4b2dda ] Request (VolumesAdminNegativeTest:setUpClass): 200 PUT http://10.180.1.21:9696/networking/v2.0/routers/b3f6fd1c-a005-48e9-b3c6-e4738a4615f1/add_router_interface 2.729s
2024-09-30 17:08:16.867 62220 INFO tempest.lib.common.dynamic_creds [-] Created isolated network resources for: credentials: Credentials: {'domain_id': 'default', 'domain_name': 'Default', 'username': 'tempest-VolumesAdminNegativeTest-1334958800-project-member', 'project_domain_id': 'default', 'project_domain_name': 'Default', 'project_id': 'fe4d40ecc9ee42bd9c3d21a963a71d42', 'project_name': 'tempest-VolumesAdminNegativeTest-1334958800', 'tenant_id': 'fe4d40ecc9ee42bd9c3d21a963a71d42', 'tenant_name': 'tempest-VolumesAdminNegativeTest-1334958800', 'user_domain_id': 'default', 'user_domain_name': 'Default', 'user_id': '0d4cf48e9d5f4f71ae05122ccd8add41', 'system': None}, Network: {'id': '1f0f4b8f-9507-4cb7-bc8c-f951c14c1c09', 'name': 'tempest-VolumesAdminNegativeTest-1850460334-network', 'tenant_id': 'fe4d40ecc9ee42bd9c3d21a963a71d42', 'admin_state_up': True, 'mtu': 8950, 'status': 'ACTIVE', 'subnets': [], 'shared': False, 'project_id': 'fe4d40ecc9ee42bd9c3d21a963a71d42', 'port_security_enabled': True, 'router:external': False, 'provider:network_type': 'vlan', 'provider:physical_network': 'default', 'provider:segmentation_id': 669, 'is_default': False, 'availability_zone_hints': [], 'availability_zones': [], 'ipv4_address_scope': None, 'ipv6_address_scope': None, 'description': '', 'tags': [], 'created_at': '2024-09-30T17:08:11Z', 'updated_at': '2024-09-30T17:08:11Z', 'revision_number': 1}, Subnet: {'id': 'f88c1550-48ca-4d7e-9feb-9378cde00909', 'name': 'tempest-VolumesAdminNegativeTest-1850460334-subnet', 'tenant_id': 'fe4d40ecc9ee42bd9c3d21a963a71d42', 'network_id': '1f0f4b8f-9507-4cb7-bc8c-f951c14c1c09', 'ip_version': 4, 'subnetpool_id': None, 'enable_dhcp': True, 'ipv6_ra_mode': None, 'ipv6_address_mode': None, 'gateway_ip': '192.168.128.1', 'cidr': '192.168.128.0/28', 'allocation_pools': [{'start': '192.168.128.2', 'end': '192.168.128.14'}], 'host_routes': [], 'dns_nameservers': [], 'description': '', 'router:external': False, 'service_types': [], 'tags': [], 'created_at': '2024-09-30T17:08:11Z', 'updated_at': '2024-09-30T17:08:11Z', 'revision_number': 0, 'project_id': 'fe4d40ecc9ee42bd9c3d21a963a71d42'}, Router: {'id': 'b3f6fd1c-a005-48e9-b3c6-e4738a4615f1', 'name': 'tempest-VolumesAdminNegativeTest-1850460334-router', 'tenant_id': 'fe4d40ecc9ee42bd9c3d21a963a71d42', 'admin_state_up': True, 'status': 'ACTIVE', 'external_gateway_info': {'network_id': '0dafa103-9458-4eef-b961-7128f94afb4c', 'external_fixed_ips': [{'subnet_id': '270eb37d-d101-4b38-bcbc-40760b43ba63', 'ip_address': '10.180.180.137'}], 'enable_snat': True}, 'description': '', 'availability_zones': [], 'distributed': False, 'ha': False, 'availability_zone_hints': [], 'routes': [], 'flavor_id': None, 'tags': [], 'created_at': '2024-09-30T17:08:12Z', 'updated_at': '2024-09-30T17:08:13Z', 'revision_number': 2, 'project_id': 'fe4d40ecc9ee42bd9c3d21a963a71d42'}
2024-09-30 17:08:16.870 62248 INFO tempest.lib.common.rest_client [req-ff629e9c-69a1-4e66-9286-268a3124040e req-ff629e9c-69a1-4e66-9286-268a3124040e ] Request (KeyPairsV210TestJSON:_run_cleanups): 204 DELETE http://10.180.1.21/compute/v2.1/os-keypairs/tempest-keypair-975644110?user_id=9264ec299bca4e338d85bb1a251ca8de 1.358s
2024-09-30 17:08:16.877 62239 INFO tempest.lib.common.rest_client [req-d4f4ca0c-08d6-4dc2-96f2-ef04f5a8e25f req-d4f4ca0c-08d6-4dc2-96f2-ef04f5a8e25f ] Request (FlavorsExtraSpecsNegativeTestJSON:test_flavor_update_mismatch_key): 400 PUT http://10.180.1.21/compute/v2.1/flavors/649715468/os-extra_specs/hw:numa_nodes 1.355s
2024-09-30 17:08:16.898 62214 INFO tempest.lib.common.rest_client [req-a7ef6ede-da02-4db6-92e5-b8fdd10e03c0 req-a7ef6ede-da02-4db6-92e5-b8fdd10e03c0 ] Request (FlavorsAccessTestJSON:test_flavor_access_list_with_private_flavor): 200 POST http://10.180.1.21/compute/v2.1/flavors 1.338s
2024-09-30 17:08:16.961 62220 INFO tempest.lib.common.rest_client [req-b088c11c-9a7d-46b2-b80f-f8b871661e13 req-b088c11c-9a7d-46b2-b80f-f8b871661e13 ] Request (VolumesAdminNegativeTest:setUpClass): 201 POST http://10.180.1.21/identity/v3/auth/tokens 0.091s
2024-09-30 17:08:17.045 62204 INFO tempest.lib.common.rest_client [req-f0066131-4754-4c00-8609-d80041eb4b79 req-f0066131-4754-4c00-8609-d80041eb4b79 ] Request (ServerAddressesNegativeTestJSON:setUpClass): 200 GET http://10.180.1.21/compute/v2.1/servers/492a50f9-06bf-40b2-8746-1516c045b9b3 1.684s
2024-09-30 17:08:17.057 62204 INFO tempest.common.waiters [-] State transition "BUILD/networking" ==> "BUILD/spawning" after 7 second wait
2024-09-30 17:08:17.067 62248 INFO tempest.lib.common.rest_client [req-b0913f66-6217-4739-be67-e7cc56f3bbdd req-b0913f66-6217-4739-be67-e7cc56f3bbdd ] Request (KeyPairsV210TestJSON:tearDownClass): 204 DELETE http://10.180.1.21/identity/v3/users/9264ec299bca4e338d85bb1a251ca8de 0.135s
2024-09-30 17:08:17.071 62202 INFO tempest.lib.common.rest_client [req-2905c4de-966d-4dbf-8c65-371d0fd8865c req-2905c4de-966d-4dbf-8c65-371d0fd8865c ] Request (FlavorsAccessNegativeTestJSON:test_flavor_access_list_with_public_flavor): 404 GET http://10.180.1.21/compute/v2.1/flavors/552114043/os-flavor-access 1.150s
2024-09-30 17:08:17.074 62208 INFO tempest.lib.common.rest_client [req-67c7cf88-3d7c-4da9-9ddd-be7bf9490724 req-67c7cf88-3d7c-4da9-9ddd-be7bf9490724 ] Request (VolumesAssistedSnapshotsTest:test_volume_assisted_snapshot_create_delete): 200 POST http://10.180.1.21/compute/v2.1/os-keypairs 1.351s
2024-09-30 17:08:17.107 62236 INFO tempest.lib.common.rest_client [req-56a3febe-723c-4289-b54f-de89e7ed9d4b req-56a3febe-723c-4289-b54f-de89e7ed9d4b ] Request (ServicesAdminNegativeTestJSON:tearDownClass): 204 DELETE http://10.180.1.21:9696/networking/v2.0/security-groups/cb6b95a0-3e44-4ca0-b71a-47ecb1d48e18 0.388s
2024-09-30 17:08:17.110 62220 INFO tempest.lib.common.rest_client [req-1b468f5e-a701-4cc2-948e-35a78c111c79 req-1b468f5e-a701-4cc2-948e-35a78c111c79 ] Request (VolumesAdminNegativeTest:setUpClass): 201 POST http://10.180.1.21/identity/v3/projects 0.148s
2024-09-30 17:08:17.176 62218 INFO tempest.lib.common.rest_client [req-787f4d25-325c-4f6a-95c6-25e01287a341 req-787f4d25-325c-4f6a-95c6-25e01287a341 ] Request (ServerExternalEventsTest:test_create_server_external_events): 200 GET http://10.180.1.21/compute/v2.1/servers/2f6aa5c2-e9d0-4cf4-a9d5-85bc2a6ac181 1.101s
2024-09-30 17:08:17.188 62218 INFO tempest.common.waiters [-] State transition "BUILD/None" ==> "BUILD/block_device_mapping" after 7 second wait
2024-09-30 17:08:17.216 62236 INFO tempest.lib.common.rest_client [req-4863414e-e129-42db-a304-365457d9ea9e req-4863414e-e129-42db-a304-365457d9ea9e ] Request (ServicesAdminNegativeTestJSON:tearDownClass): 204 DELETE http://10.180.1.21/identity/v3/projects/8bba1c831017436599f76e5b4d04c82a 0.108s
2024-09-30 17:08:17.217 62236 INFO tempest.lib.common.dynamic_creds [-] Deleting project and security group for project: 39a94c8cd32b40dfae26cf3e5fbbc315
2024-09-30 17:08:17.242 62198 INFO tempest.lib.common.rest_client [req-48500f74-b6ad-45c8-8f0b-182e4d9fb2bc req-48500f74-b6ad-45c8-8f0b-182e4d9fb2bc ] Request (AttachInterfacesTestJSON:test_create_list_show_delete_interfaces_by_fixed_ip): 200 GET http://10.180.1.21/compute/v2.1/servers/bf8cf38f-4305-4f7b-a262-e3e7e863f3d1 1.009s
2024-09-30 17:08:17.261 62250 INFO tempest.lib.common.rest_client [req-df3931d0-bbf1-4e65-8d0a-96cc5c55ddeb req-df3931d0-bbf1-4e65-8d0a-96cc5c55ddeb ] Request (FlavorsV261TestJSON:tearDownClass): 200 GET http://10.180.1.21:9696/networking/v2.0/security-groups?tenant_id=2547cb7f064e4c84a05702d118257cc7&name=default 0.444s
2024-09-30 17:08:17.261 62248 INFO tempest.lib.common.rest_client [req-31580d1e-3e18-48b5-9194-b98cb94a5222 req-31580d1e-3e18-48b5-9194-b98cb94a5222 ] Request (KeyPairsV210TestJSON:tearDownClass): 204 DELETE http://10.180.1.21/identity/v3/users/926d5d3843f741b69c3e4a37edd48e41 0.194s
2024-09-30 17:08:17.261 62248 INFO tempest.lib.common.dynamic_creds [-] Deleting project and security group for project: 396c149ffdb54df7873efc4d0d8649a2
2024-09-30 17:08:17.304 62220 INFO tempest.lib.common.rest_client [req-d4b34e3c-032a-4dc6-982a-b25602db2002 req-d4b34e3c-032a-4dc6-982a-b25602db2002 ] Request (VolumesAdminNegativeTest:setUpClass): 201 POST http://10.180.1.21/identity/v3/users 0.193s
2024-09-30 17:08:17.324 62248 INFO tempest.lib.common.rest_client [req-b232ed99-9359-4794-8acd-eefc1ad0be1a req-b232ed99-9359-4794-8acd-eefc1ad0be1a ] Request (KeyPairsV210TestJSON:tearDownClass): 201 POST http://10.180.1.21/identity/v3/auth/tokens 0.062s
2024-09-30 17:08:17.357 62200 INFO tempest.lib.common.rest_client [req-1a863442-fc76-4b21-a74e-03bcafb75f34 req-1a863442-fc76-4b21-a74e-03bcafb75f34 ] Request (FlavorsExtraSpecsTestJSON:tearDownClass): 200 GET http://10.180.1.21:9696/networking/v2.0/security-groups?tenant_id=f33c9ccc3cec4b1381036d45ac80bce1&name=default 0.589s
2024-09-30 17:08:17.357 62220 INFO tempest.lib.common.rest_client [req-b6fa3aed-affe-49eb-9d01-c0afb369ade2 req-b6fa3aed-affe-49eb-9d01-c0afb369ade2 ] Request (VolumesAdminNegativeTest:setUpClass): 200 GET http://10.180.1.21/identity/v3/roles 0.053s
2024-09-30 17:08:17.383 62229 INFO tempest.lib.common.rest_client [req-29305f77-fe36-4dbc-af15-a0a791a48790 req-29305f77-fe36-4dbc-af15-a0a791a48790 ] Request (ServersTestManualDisk:setUpClass): 201 POST http://10.180.1.21:9696/networking/v2.0/routers 2.264s
2024-09-30 17:08:17.384 62220 INFO tempest.lib.common.rest_client [req-464b4585-c11a-4683-8c2f-88ec57938e14 req-464b4585-c11a-4683-8c2f-88ec57938e14 ] Request (VolumesAdminNegativeTest:setUpClass): 204 PUT http://10.180.1.21/identity/v3/projects/9876312c2c9c43aeabbffd7715cd7c39/users/030184ccc8194d74b0ee8c95b6f3f5f8/roles/1678004096ac4ad8aee434d01d9acc07 0.025s
2024-09-30 17:08:17.433 62220 INFO tempest.lib.common.rest_client [req-64240131-a9fb-4595-b552-10670df89ed1 req-64240131-a9fb-4595-b552-10670df89ed1 ] Request (VolumesAdminNegativeTest:setUpClass): 200 GET http://10.180.1.21/identity/v3/roles 0.049s
2024-09-30 17:08:17.453 62220 INFO tempest.lib.common.rest_client [req-8ed3601b-69b1-4a2b-a4f3-11d8d1af250e req-8ed3601b-69b1-4a2b-a4f3-11d8d1af250e ] Request (VolumesAdminNegativeTest:setUpClass): 204 PUT http://10.180.1.21/identity/v3/projects/9876312c2c9c43aeabbffd7715cd7c39/users/030184ccc8194d74b0ee8c95b6f3f5f8/roles/1678004096ac4ad8aee434d01d9acc07 0.019s
2024-09-30 17:08:17.453 62220 INFO tempest.lib.common.dynamic_creds [-] Dynamic test user 030184ccc8194d74b0ee8c95b6f3f5f8 is created with scope project and roles: ['admin']
2024-09-30 17:08:17.453 62220 INFO tempest.lib.common.dynamic_creds [-] Acquired dynamic creds: credentials: Credentials: {'domain_id': 'default', 'domain_name': 'Default', 'username': 'tempest-VolumesAdminNegativeTest-24175734-project-admin', 'project_domain_id': 'default', 'project_domain_name': 'Default', 'project_id': '9876312c2c9c43aeabbffd7715cd7c39', 'project_name': 'tempest-VolumesAdminNegativeTest-24175734', 'tenant_id': '9876312c2c9c43aeabbffd7715cd7c39', 'tenant_name': 'tempest-VolumesAdminNegativeTest-24175734', 'user_domain_id': 'default', 'user_domain_name': 'Default', 'user_id': '030184ccc8194d74b0ee8c95b6f3f5f8', 'system': None}, Network: None, Subnet: None, Router: None
2024-09-30 17:08:17.455 62246 INFO tempest.lib.common.rest_client [req-200622fa-77ff-4d80-a12a-01f3ae5a8126 req-200622fa-77ff-4d80-a12a-01f3ae5a8126 ] Request (MigrationsAdminTest:test_list_migrations_in_flavor_resize_situation): 200 GET http://10.180.1.21/compute/v2.1/servers/530dbdef-a78a-47ad-8cc5-5f0ffbea65b4 1.196s
2024-09-30 17:08:17.557 62226 INFO tempest.lib.common.rest_client [req-2dea14ff-c31a-4292-8bd2-b383b897aff4 req-2dea14ff-c31a-4292-8bd2-b383b897aff4 ] Request (ServersAdmin275Test:test_rebuild_update_server_275): 200 GET http://10.180.1.21/compute/v2.1/servers/1f23e4c8-c961-4bb0-8726-fe5bd3a9b2d5 1.169s
2024-09-30 17:08:17.572 62240 INFO tempest.lib.common.rest_client [req-86973649-2277-465a-bfd3-fe2d999e648b req-86973649-2277-465a-bfd3-fe2d999e648b ] Request (FlavorsAdminTestJSON:_run_cleanups): 202 DELETE http://10.180.1.21/compute/v2.1/flavors/be443808-90d2-4149-89c4-755a54d8fd72 1.142s
2024-09-30 17:08:17.681 62232 INFO tempest.lib.common.rest_client [req-de250553-baaa-4206-ab04-4cf635b2a56b req-de250553-baaa-4206-ab04-4cf635b2a56b ] Request (HostsAdminTestJSON:tearDownClass): 200 GET http://10.180.1.21:9696/networking/v2.0/security-groups?tenant_id=15e744d02ad34e608a16c7b95e633203&name=default 0.925s
2024-09-30 17:08:17.693 62236 INFO tempest.lib.common.rest_client [req-60f87296-06f5-44d1-8630-6c0ab0df2fb7 req-60f87296-06f5-44d1-8630-6c0ab0df2fb7 ] Request (ServicesAdminNegativeTestJSON:tearDownClass): 200 GET http://10.180.1.21:9696/networking/v2.0/security-groups?tenant_id=39a94c8cd32b40dfae26cf3e5fbbc315&name=default 0.476s
2024-09-30 17:08:17.703 62224 INFO tempest.lib.common.rest_client [req-374cea4e-adb2-47c3-b7c1-9b1d5f2398f9 req-374cea4e-adb2-47c3-b7c1-9b1d5f2398f9 ] Request (ServersAdminNegativeTestJSON:setUpClass): 200 GET http://10.180.1.21/compute/v2.1/servers/91c68a8b-8a6b-4e31-8b76-4da94fa66748 1.236s
2024-09-30 17:08:17.822 62250 INFO tempest.lib.common.rest_client [req-09564e70-512d-47ca-a392-0a5d9e7c6e6e req-09564e70-512d-47ca-a392-0a5d9e7c6e6e ] Request (FlavorsV261TestJSON:tearDownClass): 204 DELETE http://10.180.1.21:9696/networking/v2.0/security-groups/ba329048-f6f9-434c-9e0d-fdc632f1f21f 0.561s
2024-09-30 17:08:17.911 62208 INFO tempest.lib.common.rest_client [req-f9df8a1b-2344-47d5-920e-6747fd09a76d req-f9df8a1b-2344-47d5-920e-6747fd09a76d ] Request (VolumesAssistedSnapshotsTest:test_volume_assisted_snapshot_create_delete): 201 POST http://10.180.1.21:9696/networking/v2.0/security-groups 0.833s
2024-09-30 17:08:17.932 62250 INFO tempest.lib.common.rest_client [req-498b9a91-9b10-4261-8407-7f75e5f23a1d req-498b9a91-9b10-4261-8407-7f75e5f23a1d ] Request (FlavorsV261TestJSON:tearDownClass): 204 DELETE http://10.180.1.21/identity/v3/projects/2547cb7f064e4c84a05702d118257cc7 0.109s
2024-09-30 17:08:17.933 62234 INFO tempest.lib.common.rest_client [req-43702297-5f84-4be0-8cc1-ddf0993824f4 req-43702297-5f84-4be0-8cc1-ddf0993824f4 ] Request (QuotasAdminTestV236:test_get_updated_quotas): 200 PUT http://10.180.1.21/compute/v2.1/os-quota-sets/4ca23bc839da4d959f198c9a23f15750?user_id=59677282c4ad40909c551d7a845a5da6 1.443s
2024-09-30 17:08:17.956 62196 INFO tempest.lib.common.rest_client [req-3fa3c43c-b6c1-450e-992c-83021e350d99 req-3fa3c43c-b6c1-450e-992c-83021e350d99 ] Request (AggregatesAdminNegativeTestJSON:test_aggregate_add_non_exist_host): 404 POST http://10.180.1.21/compute/v2.1/os-aggregates/3/action 1.456s
2024-09-30 17:08:17.965 62222 INFO tempest.lib.common.rest_client [req-3f3d3fb0-e348-469c-8499-30d44422e84b req-3f3d3fb0-e348-469c-8499-30d44422e84b ] Request (HypervisorAdminNegativeTestJSON:test_show_nonexistent_hypervisor): 404 GET http://10.180.1.21/compute/v2.1/os-hypervisors/c2c235a5-3273-41da-b193-e4665edb46a5 1.461s
2024-09-30 17:08:18.028 62250 INFO tempest.lib.common.rest_client [req-9143589d-57c8-46c4-b38f-6f61415b0743 req-9143589d-57c8-46c4-b38f-6f61415b0743 ] Request (ServerDiagnosticsNegativeTest:setUpClass): 201 POST http://10.180.1.21/identity/v3/auth/tokens 0.095s
2024-09-30 17:08:18.041 62200 INFO tempest.lib.common.rest_client [req-bdf68cce-bd4b-48fa-b019-88bfe4e91e7b req-bdf68cce-bd4b-48fa-b019-88bfe4e91e7b ] Request (FlavorsExtraSpecsTestJSON:tearDownClass): 204 DELETE http://10.180.1.21:9696/networking/v2.0/security-groups/188463f1-3f66-49db-873d-5ef4e6611107 0.683s
2024-09-30 17:08:18.119 62212 INFO tempest.lib.common.rest_client [req-a8884386-2629-47c2-bc65-ed3720efc15e req-a8884386-2629-47c2-bc65-ed3720efc15e ] Request (HypervisorAdminV253TestBase:test_list_show_detail_hypervisors): 200 GET http://10.180.1.21/compute/v2.1/os-hypervisors?with_servers=True 1.475s
2024-09-30 17:08:18.128 62222 INFO tempest.lib.common.rest_client [req-f8d4f626-d8a8-451f-a29c-acb8447db7f9 req-f8d4f626-d8a8-451f-a29c-acb8447db7f9 ] Request (HypervisorAdminNegativeTestJSON:tearDownClass): 204 DELETE http://10.180.1.21/identity/v3/users/38971a847293461eb331e4cd4d09ab71 0.161s
2024-09-30 17:08:18.129 62250 INFO tempest.lib.common.rest_client [req-cd3420a8-589c-49c7-9dd8-f05fadc61849 req-cd3420a8-589c-49c7-9dd8-f05fadc61849 ] Request (ServerDiagnosticsNegativeTest:setUpClass): 201 POST http://10.180.1.21/identity/v3/auth/tokens 0.098s
2024-09-30 17:08:18.133 62248 INFO tempest.lib.common.rest_client [req-16ba5f35-5ba4-45d9-a8d7-bd891d9c926e req-16ba5f35-5ba4-45d9-a8d7-bd891d9c926e ] Request (KeyPairsV210TestJSON:tearDownClass): 200 GET http://10.180.1.21:9696/networking/v2.0/security-groups?tenant_id=396c149ffdb54df7873efc4d0d8649a2&name=default 0.809s
2024-09-30 17:08:18.238 62200 INFO tempest.lib.common.rest_client [req-79505424-6b30-40ce-bf7a-8c824b9b8eff req-79505424-6b30-40ce-bf7a-8c824b9b8eff ] Request (FlavorsExtraSpecsTestJSON:tearDownClass): 204 DELETE http://10.180.1.21/identity/v3/projects/f33c9ccc3cec4b1381036d45ac80bce1 0.196s
2024-09-30 17:08:18.238 62200 INFO tempest.lib.common.dynamic_creds [-] Deleting project and security group for project: c9e2b2a6f2934975aef9bbfd44f87b6d
2024-09-30 17:08:18.247 62206 INFO tempest.lib.common.rest_client [req-9d8f63b4-73af-43fe-b128-5a64307905bf req-9d8f63b4-73af-43fe-b128-5a64307905bf ] Request (DeleteServersAdminTestJSON:test_admin_delete_servers_of_others): 200 GET http://10.180.1.21/compute/v2.1/servers/77195a41-5390-4d50-b9e9-43f4e586fe2e 1.489s
2024-09-30 17:08:18.259 62222 INFO tempest.lib.common.rest_client [req-1c566f79-30c2-43d3-9f43-3e249ce9d36b req-1c566f79-30c2-43d3-9f43-3e249ce9d36b ] Request (HypervisorAdminNegativeTestJSON:tearDownClass): 204 DELETE http://10.180.1.21/identity/v3/users/a342feff50054860a1c07d0db2ad3089 0.131s
2024-09-30 17:08:18.260 62222 INFO tempest.lib.common.dynamic_creds [-] Deleting project and security group for project: b4acd22136e7498ba4c5c19b50cbcb35
2024-09-30 17:08:18.341 62222 INFO tempest.lib.common.rest_client [req-f12a3e2b-6b22-4a7d-8d02-e4068a75bec4 req-f12a3e2b-6b22-4a7d-8d02-e4068a75bec4 ] Request (HypervisorAdminNegativeTestJSON:tearDownClass): 201 POST http://10.180.1.21/identity/v3/auth/tokens 0.081s
2024-09-30 17:08:18.352 62250 INFO tempest.lib.common.rest_client [req-bb405b74-c636-405d-a5b6-e500fb56150d req-bb405b74-c636-405d-a5b6-e500fb56150d ] Request (ServerDiagnosticsNegativeTest:setUpClass): 200 GET http://10.180.1.21/identity/v3/domains?name=Default 0.222s
2024-09-30 17:08:18.403 62250 INFO tempest.lib.common.rest_client [req-ef928469-b04c-48ab-9f1c-51c86203039b req-ef928469-b04c-48ab-9f1c-51c86203039b ] Request (ServerDiagnosticsNegativeTest:setUpClass): 201 POST http://10.180.1.21/identity/v3/projects 0.051s
2024-09-30 17:08:18.408 62236 INFO tempest.lib.common.rest_client [req-69417147-86a4-4108-85c2-34d506fd2ef4 req-69417147-86a4-4108-85c2-34d506fd2ef4 ] Request (ServicesAdminNegativeTestJSON:tearDownClass): 204 DELETE http://10.180.1.21:9696/networking/v2.0/security-groups/3d4e9d5c-df82-4bce-b51d-ecd67cdf37ce 0.713s
2024-09-30 17:08:18.434 62232 INFO tempest.lib.common.rest_client [req-4f6a2bb4-d5f1-45ce-8514-8502d0405536 req-4f6a2bb4-d5f1-45ce-8514-8502d0405536 ] Request (HostsAdminTestJSON:tearDownClass): 204 DELETE http://10.180.1.21:9696/networking/v2.0/security-groups/87803f32-21f9-4759-b360-9aa3cfd257b0 0.752s
2024-09-30 17:08:18.461 62250 INFO tempest.lib.common.rest_client [req-ec8bfba2-035e-421f-b27c-508bd428c6d8 req-ec8bfba2-035e-421f-b27c-508bd428c6d8 ] Request (ServerDiagnosticsNegativeTest:setUpClass): 201 POST http://10.180.1.21/identity/v3/users 0.057s
2024-09-30 17:08:18.520 62236 INFO tempest.lib.common.rest_client [req-f954ca68-9bb8-4493-8019-2af32d52589e req-f954ca68-9bb8-4493-8019-2af32d52589e ] Request (ServicesAdminNegativeTestJSON:tearDownClass): 204 DELETE http://10.180.1.21/identity/v3/projects/39a94c8cd32b40dfae26cf3e5fbbc315 0.112s
2024-09-30 17:08:18.530 62232 INFO tempest.lib.common.rest_client [req-f10833e7-545e-406a-9b4b-e9d96bfad8c0 req-f10833e7-545e-406a-9b4b-e9d96bfad8c0 ] Request (HostsAdminTestJSON:tearDownClass): 204 DELETE http://10.180.1.21/identity/v3/projects/15e744d02ad34e608a16c7b95e633203 0.096s
2024-09-30 17:08:18.530 62220 INFO tempest.lib.common.rest_client [req-2a4f0727-4f7b-407d-8f87-4ebe78009b6f req-2a4f0727-4f7b-407d-8f87-4ebe78009b6f ] Request (VolumesAdminNegativeTest:setUpClass): 201 POST http://10.180.1.21:9696/networking/v2.0/networks 1.076s
2024-09-30 17:08:18.530 62232 INFO tempest.lib.common.dynamic_creds [-] Deleting project and security group for project: 555422355ee649b09e64537e47444ada
2024-09-30 17:08:18.562 62254 INFO tempest.lib.common.rest_client [req-05d3a48e-7469-4cda-8f79-f7e0f83ccc72 req-05d3a48e-7469-4cda-8f79-f7e0f83ccc72 ] Request (FloatingIPDetailsTestJSON:_run_cleanups): 202 DELETE http://10.180.1.21/compute/v2.1/os-floating-ips/2b8b0348-e3ea-41a7-889a-2afa7fdb13f7 2.308s
2024-09-30 17:08:18.571 62230 INFO tempest.lib.common.rest_client [req-cf4ea5e0-bba7-43c9-894c-b1c3d9e095d9 req-cf4ea5e0-bba7-43c9-894c-b1c3d9e095d9 ] Request (HostsAdminNegativeTestJSON:test_startup_host_with_non_admin_user): 403 GET http://10.180.1.21/compute/v2.1/os-hosts/devstack/startup 1.737s
2024-09-30 17:08:18.592 62236 INFO tempest.lib.common.rest_client [req-c09e0aa8-ceb0-4094-8575-5dee13c3c437 req-c09e0aa8-ceb0-4094-8575-5dee13c3c437 ] Request (ServerDiskConfigTestJSON:setUpClass): 201 POST http://10.180.1.21/identity/v3/auth/tokens 0.070s
2024-09-30 17:08:18.603 62210 INFO tempest.lib.common.rest_client [req-fe06e602-8745-4f16-b7a9-290bcc25f164 req-fe06e602-8745-4f16-b7a9-290bcc25f164 ] Request (ServersWithSpecificFlavorTestJSON:test_verify_created_server_ephemeral_disk): 200 GET http://10.180.1.21/compute/v2.1/flavors/42/os-extra_specs 1.751s
2024-09-30 17:08:18.605 62250 INFO tempest.lib.common.rest_client [req-43444346-fe27-4f93-bb41-c1f4e6e92857 req-43444346-fe27-4f93-bb41-c1f4e6e92857 ] Request (ServerDiagnosticsNegativeTest:setUpClass): 200 GET http://10.180.1.21/identity/v3/roles 0.144s
2024-09-30 17:08:18.611 62239 INFO tempest.lib.common.rest_client [req-929af072-b0e6-4bd1-9cad-96a9cbca9311 req-929af072-b0e6-4bd1-9cad-96a9cbca9311 ] Request (FlavorsExtraSpecsNegativeTestJSON:test_flavor_update_more_key): 400 PUT http://10.180.1.21/compute/v2.1/flavors/649715468/os-extra_specs/hw:numa_nodes 1.732s
2024-09-30 17:08:18.625 62236 INFO tempest.lib.common.rest_client [req-94aeea1f-fc8a-4366-b419-b39c9f9020ba req-94aeea1f-fc8a-4366-b419-b39c9f9020ba ] Request (ServerDiskConfigTestJSON:setUpClass): 201 POST http://10.180.1.21/identity/v3/auth/tokens 0.030s
2024-09-30 17:08:18.627 62214 INFO tempest.lib.common.rest_client [req-90b9db77-640d-4ab9-ba5b-57ad22b7d393 req-90b9db77-640d-4ab9-ba5b-57ad22b7d393 ] Request (FlavorsAccessTestJSON:test_flavor_access_list_with_private_flavor): 200 GET http://10.180.1.21/compute/v2.1/flavors/1748577569/os-flavor-access 1.726s
2024-09-30 17:08:18.641 62202 INFO tempest.lib.common.rest_client [req-65146b64-bf9e-4beb-8bec-c3f3bfb6be81 req-65146b64-bf9e-4beb-8bec-c3f3bfb6be81 ] Request (FlavorsAccessNegativeTestJSON:_run_cleanups): 202 DELETE http://10.180.1.21/compute/v2.1/flavors/552114043 1.570s
2024-09-30 17:08:18.641 62208 INFO tempest.lib.common.rest_client [req-c97d8dc5-41af-47d5-8d17-b70e26cd24f3 req-c97d8dc5-41af-47d5-8d17-b70e26cd24f3 ] Request (VolumesAssistedSnapshotsTest:test_volume_assisted_snapshot_create_delete): 201 POST http://10.180.1.21:9696/networking/v2.0/security-group-rules 0.730s
2024-09-30 17:08:18.646 62250 INFO tempest.lib.common.rest_client [req-5a9db15d-2b69-4e43-a434-f809a396afc1 req-5a9db15d-2b69-4e43-a434-f809a396afc1 ] Request (ServerDiagnosticsNegativeTest:setUpClass): 204 PUT http://10.180.1.21/identity/v3/projects/d3d26f736526425c9d7a6efb9dfbdc41/users/eaa9abb01af9449aa2999c135f2cde03/roles/057f8f468607412a8814b3e043778171 0.038s
2024-09-30 17:08:18.646 62236 INFO tempest.lib.common.rest_client [req-9d682a2e-efd2-4dc1-8783-b69ab5ec1b56 req-9d682a2e-efd2-4dc1-8783-b69ab5ec1b56 ] Request (ServerDiskConfigTestJSON:setUpClass): 200 GET http://10.180.1.21/identity/v3/domains?name=Default 0.020s
2024-09-30 17:08:18.646 62250 INFO tempest.lib.common.dynamic_creds [-] Dynamic test user eaa9abb01af9449aa2999c135f2cde03 is created with scope project and roles: ['member']
2024-09-30 17:08:18.647 62250 INFO tempest.lib.common.dynamic_creds [-] Acquired dynamic creds: credentials: Credentials: {'domain_id': 'default', 'domain_name': 'Default', 'username': 'tempest-ServerDiagnosticsNegativeTest-940942930-project-member', 'project_domain_id': 'default', 'project_domain_name': 'Default', 'project_id': 'd3d26f736526425c9d7a6efb9dfbdc41', 'project_name': 'tempest-ServerDiagnosticsNegativeTest-940942930', 'tenant_id': 'd3d26f736526425c9d7a6efb9dfbdc41', 'tenant_name': 'tempest-ServerDiagnosticsNegativeTest-940942930', 'user_domain_id': 'default', 'user_domain_name': 'Default', 'user_id': 'eaa9abb01af9449aa2999c135f2cde03', 'system': None}, Network: None, Subnet: None, Router: None
2024-09-30 17:08:18.647 62250 INFO tempest.lib.common.dynamic_creds [-] Created isolated network resources for: credentials: Credentials: {'domain_id': 'default', 'domain_name': 'Default', 'username': 'tempest-ServerDiagnosticsNegativeTest-940942930-project-member', 'project_domain_id': 'default', 'project_domain_name': 'Default', 'project_id': 'd3d26f736526425c9d7a6efb9dfbdc41', 'project_name': 'tempest-ServerDiagnosticsNegativeTest-940942930', 'tenant_id': 'd3d26f736526425c9d7a6efb9dfbdc41', 'tenant_name': 'tempest-ServerDiagnosticsNegativeTest-940942930', 'user_domain_id': 'default', 'user_domain_name': 'Default', 'user_id': 'eaa9abb01af9449aa2999c135f2cde03', 'system': None}, Network: None, Subnet: None, Router: None
2024-09-30 17:08:18.658 62240 INFO tempest.lib.common.rest_client [req-e2369450-da5b-4805-bab4-06c975e3c356 req-e2369450-da5b-4805-bab4-06c975e3c356 ] Request (FlavorsAdminTestJSON:_run_cleanups): 200 GET http://10.180.1.21/compute/v2.1/flavors/detail 1.086s
2024-09-30 17:08:18.692 62200 INFO tempest.lib.common.rest_client [req-57f1eafd-7b7c-44c5-b00d-36da02453dd8 req-57f1eafd-7b7c-44c5-b00d-36da02453dd8 ] Request (FlavorsExtraSpecsTestJSON:tearDownClass): 200 GET http://10.180.1.21:9696/networking/v2.0/security-groups?tenant_id=c9e2b2a6f2934975aef9bbfd44f87b6d&name=default 0.453s
2024-09-30 17:08:18.725 62236 INFO tempest.lib.common.rest_client [req-13a7788f-7e20-4746-96ca-064ee780ed8d req-13a7788f-7e20-4746-96ca-064ee780ed8d ] Request (ServerDiskConfigTestJSON:setUpClass): 201 POST http://10.180.1.21/identity/v3/projects 0.079s
2024-09-30 17:08:18.727 62250 INFO tempest.lib.common.rest_client [req-e413a3b4-5118-4b1c-8f95-e144474faf30 req-e413a3b4-5118-4b1c-8f95-e144474faf30 ] Request (ServerDiagnosticsNegativeTest:setUpClass): 201 POST http://10.180.1.21/identity/v3/auth/tokens 0.076s
2024-09-30 17:08:18.781 62236 INFO tempest.lib.common.rest_client [req-3d14d50f-1d6e-4cee-9cdb-50e15326a69e req-3d14d50f-1d6e-4cee-9cdb-50e15326a69e ] Request (ServerDiskConfigTestJSON:setUpClass): 201 POST http://10.180.1.21/identity/v3/users 0.055s
2024-09-30 17:08:18.814 62250 INFO tempest.lib.common.rest_client [req-c434c4a3-4ca2-4ee5-9cf0-4c4d71d53bfe req-c434c4a3-4ca2-4ee5-9cf0-4c4d71d53bfe ] Request (ServerDiagnosticsNegativeTest:setUpClass): 201 POST http://10.180.1.21/identity/v3/projects 0.087s
2024-09-30 17:08:18.842 62248 INFO tempest.lib.common.rest_client [req-e19ff1b4-92b9-4c2b-8d2a-57b3ade5e25b req-e19ff1b4-92b9-4c2b-8d2a-57b3ade5e25b ] Request (KeyPairsV210TestJSON:tearDownClass): 204 DELETE http://10.180.1.21:9696/networking/v2.0/security-groups/1bd3a883-bf2d-4f2e-a321-d90854d61db2 0.709s
2024-09-30 17:08:18.871 62236 INFO tempest.lib.common.rest_client [req-d4e62de8-9746-4519-a279-210449840e48 req-d4e62de8-9746-4519-a279-210449840e48 ] Request (ServerDiskConfigTestJSON:setUpClass): 200 GET http://10.180.1.21/identity/v3/roles 0.089s
2024-09-30 17:08:18.896 62250 INFO tempest.lib.common.rest_client [req-03b5a269-b6f3-4fa4-aad8-bb437adcd388 req-03b5a269-b6f3-4fa4-aad8-bb437adcd388 ] Request (ServerDiagnosticsNegativeTest:setUpClass): 201 POST http://10.180.1.21/identity/v3/users 0.081s
2024-09-30 17:08:18.927 62234 INFO tempest.lib.common.rest_client [req-6d13f3f2-b52e-4f23-8a71-773a49e9ef01 req-6d13f3f2-b52e-4f23-8a71-773a49e9ef01 ] Request (QuotasAdminTestV236:test_get_updated_quotas): 200 GET http://10.180.1.21/compute/v2.1/os-quota-sets/4ca23bc839da4d959f198c9a23f15750?user_id=59677282c4ad40909c551d7a845a5da6 0.992s
2024-09-30 17:08:18.929 62236 INFO tempest.lib.common.rest_client [req-2814e08c-2763-4b75-94bc-97f06066ef8b req-2814e08c-2763-4b75-94bc-97f06066ef8b ] Request (ServerDiskConfigTestJSON:setUpClass): 204 PUT http://10.180.1.21/identity/v3/projects/7b038c78e66e4b7babf6bf285e4bfb4f/users/2f59f02e1da345b998dd57272f545836/roles/057f8f468607412a8814b3e043778171 0.058s
2024-09-30 17:08:18.929 62236 INFO tempest.lib.common.dynamic_creds [-] Dynamic test user 2f59f02e1da345b998dd57272f545836 is created with scope project and roles: ['member']
2024-09-30 17:08:18.930 62236 INFO tempest.lib.common.dynamic_creds [-] Acquired dynamic creds: credentials: Credentials: {'domain_id': 'default', 'domain_name': 'Default', 'username': 'tempest-ServerDiskConfigTestJSON-405309098-project-member', 'project_domain_id': 'default', 'project_domain_name': 'Default', 'project_id': '7b038c78e66e4b7babf6bf285e4bfb4f', 'project_name': 'tempest-ServerDiskConfigTestJSON-405309098', 'tenant_id': '7b038c78e66e4b7babf6bf285e4bfb4f', 'tenant_name': 'tempest-ServerDiskConfigTestJSON-405309098', 'user_domain_id': 'default', 'user_domain_name': 'Default', 'user_id': '2f59f02e1da345b998dd57272f545836', 'system': None}, Network: None, Subnet: None, Router: None
2024-09-30 17:08:18.956 62196 INFO tempest.lib.common.rest_client [req-1ea280aa-87fc-4630-a430-479e2936cd9d req-1ea280aa-87fc-4630-a430-479e2936cd9d ] Request (AggregatesAdminNegativeTestJSON:_run_cleanups): 200 DELETE http://10.180.1.21/compute/v2.1/os-aggregates/3 0.999s
2024-09-30 17:08:18.960 62222 INFO tempest.lib.common.rest_client [req-e30f6bbe-f468-4a82-9b2b-b083e1edee74 req-e30f6bbe-f468-4a82-9b2b-b083e1edee74 ] Request (HypervisorAdminNegativeTestJSON:tearDownClass): 200 GET http://10.180.1.21:9696/networking/v2.0/security-groups?tenant_id=b4acd22136e7498ba4c5c19b50cbcb35&name=default 0.618s
2024-09-30 17:08:18.967 62248 INFO tempest.lib.common.rest_client [req-b4ec3da1-0ff4-49c0-8236-1858fe70fc71 req-b4ec3da1-0ff4-49c0-8236-1858fe70fc71 ] Request (KeyPairsV210TestJSON:tearDownClass): 204 DELETE http://10.180.1.21/identity/v3/projects/396c149ffdb54df7873efc4d0d8649a2 0.125s
2024-09-30 17:08:18.968 62248 INFO tempest.lib.common.dynamic_creds [-] Deleting project and security group for project: 544e5bcdb51546e8b2358ba28c874038
2024-09-30 17:08:19.011 62232 INFO tempest.lib.common.rest_client [req-e3edcf60-3ca7-4102-b861-c40cedda5ab8 req-e3edcf60-3ca7-4102-b861-c40cedda5ab8 ] Request (HostsAdminTestJSON:tearDownClass): 200 GET http://10.180.1.21:9696/networking/v2.0/security-groups?tenant_id=555422355ee649b09e64537e47444ada&name=default 0.480s
2024-09-30 17:08:19.019 62250 INFO tempest.lib.common.rest_client [req-4f19c70e-1f89-4a95-8cf9-be86a253d104 req-4f19c70e-1f89-4a95-8cf9-be86a253d104 ] Request (ServerDiagnosticsNegativeTest:setUpClass): 200 GET http://10.180.1.21/identity/v3/roles 0.122s
2024-09-30 17:08:19.042 62236 INFO tempest.lib.common.rest_client [req-b4415417-a5f0-414a-b96f-0aea9c4e625c req-b4415417-a5f0-414a-b96f-0aea9c4e625c ] Request (ServerDiskConfigTestJSON:setUpClass): 201 POST http://10.180.1.21/identity/v3/auth/tokens 0.112s
2024-09-30 17:08:19.077 62250 INFO tempest.lib.common.rest_client [req-57c260f0-7fc7-469f-860e-356b42586869 req-57c260f0-7fc7-469f-860e-356b42586869 ] Request (ServerDiagnosticsNegativeTest:setUpClass): 204 PUT http://10.180.1.21/identity/v3/projects/ce9a0c9d691b4d05ac6245352c6c68aa/users/dc465d7670f049c384004922336c2600/roles/1678004096ac4ad8aee434d01d9acc07 0.056s
2024-09-30 17:08:19.138 62234 INFO tempest.lib.common.rest_client [req-6f4b0876-2d90-4bc4-a79f-22c0e5436319 req-6f4b0876-2d90-4bc4-a79f-22c0e5436319 ] Request (QuotasAdminTestV236:_run_cleanups): 204 DELETE http://10.180.1.21/identity/v3/users/59677282c4ad40909c551d7a845a5da6 0.208s
2024-09-30 17:08:19.171 62250 INFO tempest.lib.common.rest_client [req-03a0ce0a-7ebb-404e-afd0-8dc345f2c4f2 req-03a0ce0a-7ebb-404e-afd0-8dc345f2c4f2 ] Request (ServerDiagnosticsNegativeTest:setUpClass): 200 GET http://10.180.1.21/identity/v3/roles 0.093s
2024-09-30 17:08:19.254 62250 INFO tempest.lib.common.rest_client [req-9f21b2d7-21ef-4446-9c9f-73624e295650 req-9f21b2d7-21ef-4446-9c9f-73624e295650 ] Request (ServerDiagnosticsNegativeTest:setUpClass): 204 PUT http://10.180.1.21/identity/v3/projects/ce9a0c9d691b4d05ac6245352c6c68aa/users/dc465d7670f049c384004922336c2600/roles/1678004096ac4ad8aee434d01d9acc07 0.083s
2024-09-30 17:08:19.255 62250 INFO tempest.lib.common.dynamic_creds [-] Dynamic test user dc465d7670f049c384004922336c2600 is created with scope project and roles: ['admin']
2024-09-30 17:08:19.255 62250 INFO tempest.lib.common.dynamic_creds [-] Acquired dynamic creds: credentials: Credentials: {'domain_id': 'default', 'domain_name': 'Default', 'username': 'tempest-ServerDiagnosticsNegativeTest-111556445-project-admin', 'project_domain_id': 'default', 'project_domain_name': 'Default', 'project_id': 'ce9a0c9d691b4d05ac6245352c6c68aa', 'project_name': 'tempest-ServerDiagnosticsNegativeTest-111556445', 'tenant_id': 'ce9a0c9d691b4d05ac6245352c6c68aa', 'tenant_name': 'tempest-ServerDiagnosticsNegativeTest-111556445', 'user_domain_id': 'default', 'user_domain_name': 'Default', 'user_id': 'dc465d7670f049c384004922336c2600', 'system': None}, Network: None, Subnet: None, Router: None
2024-09-30 17:08:19.255 62250 INFO tempest.lib.common.dynamic_creds [-] Created isolated network resources for: credentials: Credentials: {'domain_id': 'default', 'domain_name': 'Default', 'username': 'tempest-ServerDiagnosticsNegativeTest-111556445-project-admin', 'project_domain_id': 'default', 'project_domain_name': 'Default', 'project_id': 'ce9a0c9d691b4d05ac6245352c6c68aa', 'project_name': 'tempest-ServerDiagnosticsNegativeTest-111556445', 'tenant_id': 'ce9a0c9d691b4d05ac6245352c6c68aa', 'tenant_name': 'tempest-ServerDiagnosticsNegativeTest-111556445', 'user_domain_id': 'default', 'user_domain_name': 'Default', 'user_id': 'dc465d7670f049c384004922336c2600', 'system': None}, Network: None, Subnet: None, Router: None
2024-09-30 17:08:19.280 62208 INFO tempest.lib.common.rest_client [req-0f45f1c9-ed64-4e34-a856-8ab3a0b06ab4 req-0f45f1c9-ed64-4e34-a856-8ab3a0b06ab4 ] Request (VolumesAssistedSnapshotsTest:test_volume_assisted_snapshot_create_delete): 201 POST http://10.180.1.21:9696/networking/v2.0/security-group-rules 0.638s
2024-09-30 17:08:19.310 62234 INFO tempest.lib.common.rest_client [req-08b8460a-eeab-4dd5-8611-408b7c9eecdd req-08b8460a-eeab-4dd5-8611-408b7c9eecdd ] Request (QuotasAdminTestV236:_run_cleanups): 204 DELETE http://10.180.1.21/identity/v3/projects/4ca23bc839da4d959f198c9a23f15750 0.172s
2024-09-30 17:08:19.368 62250 INFO tempest.lib.common.rest_client [req-00f219dc-1c63-42bc-8367-c25df1778b6e req-00f219dc-1c63-42bc-8367-c25df1778b6e ] Request (ServerDiagnosticsNegativeTest:setUpClass): 201 POST http://10.180.1.21/identity/v3/auth/tokens 0.108s
2024-09-30 17:08:19.425 62204 INFO tempest.lib.common.rest_client [req-6509b2df-7f3a-4b65-ba13-362f0ec00961 req-6509b2df-7f3a-4b65-ba13-362f0ec00961 ] Request (ServerAddressesNegativeTestJSON:setUpClass): 200 GET http://10.180.1.21/compute/v2.1/servers/492a50f9-06bf-40b2-8746-1516c045b9b3 1.365s
2024-09-30 17:08:19.430 62250 INFO tempest.lib.common.rest_client [req-265f6075-f346-4e14-b7c1-5b59ccdc755f req-265f6075-f346-4e14-b7c1-5b59ccdc755f ] Request (ServerDiagnosticsNegativeTest:test_get_server_diagnostics_by_non_admin): 201 POST http://10.180.1.21/identity/v3/auth/tokens 0.058s
2024-09-30 17:08:19.431 62250 INFO tempest.lib.common.fixed_network [-] (ServerDiagnosticsNegativeTest:test_get_server_diagnostics_by_non_admin) Found network None available for tenant
2024-09-30 17:08:19.435 62234 INFO tempest.lib.common.rest_client [req-32a4e82d-d2ef-4e93-b0a7-141731045c0f req-32a4e82d-d2ef-4e93-b0a7-141731045c0f ] Request (QuotasAdminTestV236:tearDownClass): 204 DELETE http://10.180.1.21/identity/v3/users/ee2fde8763304a06879aa160eebbffeb 0.123s
2024-09-30 17:08:19.459 62212 INFO tempest.lib.common.rest_client [req-a06a117a-ae5c-449f-9e72-98711933aa6d req-a06a117a-ae5c-449f-9e72-98711933aa6d ] Request (HypervisorAdminV253TestBase:test_list_show_detail_hypervisors): 200 GET http://10.180.1.21/compute/v2.1/os-hypervisors/dee5b0a7-9732-42d5-93c0-6b719a790f37 1.338s
2024-09-30 17:08:19.548 62234 INFO tempest.lib.common.rest_client [req-ce5a6807-a34e-4482-98b8-3e99216b96e4 req-ce5a6807-a34e-4482-98b8-3e99216b96e4 ] Request (QuotasAdminTestV236:tearDownClass): 204 DELETE http://10.180.1.21/identity/v3/users/6884305cf3b3496b8da009ea46fd6093 0.112s
2024-09-30 17:08:19.548 62234 INFO tempest.lib.common.dynamic_creds [-] Deleting project and security group for project: d321c91a09224312b2ddc882005a22a5
2024-09-30 17:08:19.549 62200 INFO tempest.lib.common.rest_client [req-b994536d-5be8-48d6-a531-81abc8641450 req-b994536d-5be8-48d6-a531-81abc8641450 ] Request (FlavorsExtraSpecsTestJSON:tearDownClass): 204 DELETE http://10.180.1.21:9696/networking/v2.0/security-groups/90d462ef-d290-4305-9431-c2a974f82de0 0.857s
2024-09-30 17:08:19.570 62212 INFO tempest.lib.common.rest_client [req-058eef70-62c4-4bf0-9c64-853307b4eb8f req-058eef70-62c4-4bf0-9c64-853307b4eb8f ] Request (HypervisorAdminV253TestBase:tearDownClass): 204 DELETE http://10.180.1.21/identity/v3/users/93bc366b660146e9a5c1b4132eeda03e 0.104s
2024-09-30 17:08:19.608 62234 INFO tempest.lib.common.rest_client [req-be6db02f-db9f-45b0-a9fa-b764bbad6183 req-be6db02f-db9f-45b0-a9fa-b764bbad6183 ] Request (QuotasAdminTestV236:tearDownClass): 201 POST http://10.180.1.21/identity/v3/auth/tokens 0.059s
2024-09-30 17:08:19.634 62248 INFO tempest.lib.common.rest_client [req-7c1d736c-d902-4716-a5a6-15032e9aae4c req-7c1d736c-d902-4716-a5a6-15032e9aae4c ] Request (KeyPairsV210TestJSON:tearDownClass): 200 GET http://10.180.1.21:9696/networking/v2.0/security-groups?tenant_id=544e5bcdb51546e8b2358ba28c874038&name=default 0.666s
2024-09-30 17:08:19.649 62232 INFO tempest.lib.common.rest_client [req-ed09f35b-84be-40d3-adc6-edb4a6ce5b13 req-ed09f35b-84be-40d3-adc6-edb4a6ce5b13 ] Request (HostsAdminTestJSON:tearDownClass): 204 DELETE http://10.180.1.21:9696/networking/v2.0/security-groups/89ce40c4-050b-407d-9449-5034349651db 0.638s
2024-09-30 17:08:19.662 62200 INFO tempest.lib.common.rest_client [req-bf14fc7d-589a-4813-8959-91a78c5425c8 req-bf14fc7d-589a-4813-8959-91a78c5425c8 ] Request (FlavorsExtraSpecsTestJSON:tearDownClass): 204 DELETE http://10.180.1.21/identity/v3/projects/c9e2b2a6f2934975aef9bbfd44f87b6d 0.112s
2024-09-30 17:08:19.662 62212 INFO tempest.lib.common.rest_client [req-592cff55-64dd-4c09-be9a-5df11bc9b66b req-592cff55-64dd-4c09-be9a-5df11bc9b66b ] Request (HypervisorAdminV253TestBase:tearDownClass): 204 DELETE http://10.180.1.21/identity/v3/users/158674d8438f4590941ecc5e80c33043 0.092s
2024-09-30 17:08:19.662 62212 INFO tempest.lib.common.dynamic_creds [-] Deleting project and security group for project: 3469516d1e5243f5abc941f4da1cc236
2024-09-30 17:08:19.672 62220 INFO tempest.lib.common.rest_client [req-af9c3bd4-53ef-41cd-9bbe-481b0beac894 req-af9c3bd4-53ef-41cd-9bbe-481b0beac894 ] Request (VolumesAdminNegativeTest:setUpClass): 201 POST http://10.180.1.21:9696/networking/v2.0/subnets 1.142s
2024-09-30 17:08:19.790 62232 INFO tempest.lib.common.rest_client [req-5eff476e-4916-4906-b054-1188312ff464 req-5eff476e-4916-4906-b054-1188312ff464 ] Request (HostsAdminTestJSON:tearDownClass): 204 DELETE http://10.180.1.21/identity/v3/projects/555422355ee649b09e64537e47444ada 0.140s
2024-09-30 17:08:19.795 62212 INFO tempest.lib.common.rest_client [req-a7132290-6850-4603-a7eb-3584817bb024 req-a7132290-6850-4603-a7eb-3584817bb024 ] Request (HypervisorAdminV253TestBase:tearDownClass): 201 POST http://10.180.1.21/identity/v3/auth/tokens 0.132s
2024-09-30 17:08:19.813 62200 INFO tempest.lib.common.rest_client [req-6838c451-d7f3-4ffd-baa6-d900cf003d45 req-6838c451-d7f3-4ffd-baa6-d900cf003d45 ] Request (ImagesOneServerNegativeTestJSON:setUpClass): 201 POST http://10.180.1.21/identity/v3/auth/tokens 0.150s
2024-09-30 17:08:19.821 62232 INFO tempest.lib.common.rest_client [req-e2efb2d3-04f9-477a-8cbc-c257a19fb9dd req-e2efb2d3-04f9-477a-8cbc-c257a19fb9dd ] Request (HypervisorAdminTestJSON:setUpClass): 201 POST http://10.180.1.21/identity/v3/auth/tokens 0.029s
2024-09-30 17:08:19.826 62218 INFO tempest.lib.common.rest_client [req-632b1d69-b802-472b-8aaa-53d5e12c261f req-632b1d69-b802-472b-8aaa-53d5e12c261f ] Request (ServerExternalEventsTest:test_create_server_external_events): 200 GET http://10.180.1.21/compute/v2.1/servers/2f6aa5c2-e9d0-4cf4-a9d5-85bc2a6ac181 1.636s
2024-09-30 17:08:19.833 62218 INFO tempest.common.waiters [-] State transition "BUILD/block_device_mapping" ==> "BUILD/spawning" after 9 second wait
2024-09-30 17:08:19.843 62222 INFO tempest.lib.common.rest_client [req-22922eb7-052e-4476-8bff-316a550c1357 req-22922eb7-052e-4476-8bff-316a550c1357 ] Request (HypervisorAdminNegativeTestJSON:tearDownClass): 204 DELETE http://10.180.1.21:9696/networking/v2.0/security-groups/b11fbe7b-452e-4214-9389-19974ac6afe1 0.883s
2024-09-30 17:08:19.846 62200 INFO tempest.lib.common.rest_client [req-5116e8d4-b2ef-4e78-8b77-5712585e3fb5 req-5116e8d4-b2ef-4e78-8b77-5712585e3fb5 ] Request (ImagesOneServerNegativeTestJSON:setUpClass): 201 POST http://10.180.1.21/identity/v3/auth/tokens 0.030s
2024-09-30 17:08:19.871 62232 INFO tempest.lib.common.rest_client [req-4aeaefef-cb35-48fc-9a7d-9dce1de62768 req-4aeaefef-cb35-48fc-9a7d-9dce1de62768 ] Request (HypervisorAdminTestJSON:setUpClass): 201 POST http://10.180.1.21/identity/v3/auth/tokens 0.047s
2024-09-30 17:08:19.885 62200 INFO tempest.lib.common.rest_client [req-a48f18cc-f01e-49e6-9ddd-ee6182e76081 req-a48f18cc-f01e-49e6-9ddd-ee6182e76081 ] Request (ImagesOneServerNegativeTestJSON:setUpClass): 200 GET http://10.180.1.21/identity/v3/domains?name=Default 0.038s
2024-09-30 17:08:19.901 62232 INFO tempest.lib.common.rest_client [req-863bc0e9-cd0b-48c9-bb06-cff6bb7439e9 req-863bc0e9-cd0b-48c9-bb06-cff6bb7439e9 ] Request (HypervisorAdminTestJSON:setUpClass): 200 GET http://10.180.1.21/identity/v3/domains?name=Default 0.030s
2024-09-30 17:08:19.905 62198 INFO tempest.lib.common.rest_client [req-85e472ef-a3eb-4075-b661-d6df87d6d940 req-85e472ef-a3eb-4075-b661-d6df87d6d940 ] Request (AttachInterfacesTestJSON:test_create_list_show_delete_interfaces_by_fixed_ip): 200 GET http://10.180.1.21/compute/v2.1/servers/bf8cf38f-4305-4f7b-a262-e3e7e863f3d1 1.650s
2024-09-30 17:08:19.919 62222 INFO tempest.lib.common.rest_client [req-594e5be6-8b06-4f59-b8c4-4c6b5a761f82 req-594e5be6-8b06-4f59-b8c4-4c6b5a761f82 ] Request (HypervisorAdminNegativeTestJSON:tearDownClass): 204 DELETE http://10.180.1.21/identity/v3/projects/b4acd22136e7498ba4c5c19b50cbcb35 0.075s
2024-09-30 17:08:19.919 62222 INFO tempest.lib.common.dynamic_creds [-] Deleting project and security group for project: 495f0cb614e3474eb0ffc05cb1212c65
2024-09-30 17:08:19.953 62200 INFO tempest.lib.common.rest_client [req-a9d5942a-c19d-4373-9235-cdf034144b14 req-a9d5942a-c19d-4373-9235-cdf034144b14 ] Request (ImagesOneServerNegativeTestJSON:setUpClass): 201 POST http://10.180.1.21/identity/v3/projects 0.068s
2024-09-30 17:08:20.000 62246 INFO tempest.lib.common.rest_client [req-06b5730b-6ab7-44e4-8a3d-2ed49492a71a req-06b5730b-6ab7-44e4-8a3d-2ed49492a71a ] Request (MigrationsAdminTest:test_list_migrations_in_flavor_resize_situation): 200 GET http://10.180.1.21/compute/v2.1/servers/530dbdef-a78a-47ad-8cc5-5f0ffbea65b4 1.536s
2024-09-30 17:08:20.008 62246 INFO tempest.common.waiters [-] State transition "BUILD/None" ==> "BUILD/spawning" after 10 second wait
2024-09-30 17:08:20.019 62232 INFO tempest.lib.common.rest_client [req-8c5fd95c-fd1e-468a-a359-a6c5fafd6624 req-8c5fd95c-fd1e-468a-a359-a6c5fafd6624 ] Request (HypervisorAdminTestJSON:setUpClass): 201 POST http://10.180.1.21/identity/v3/projects 0.118s
2024-09-30 17:08:20.043 62236 INFO tempest.lib.common.rest_client [req-e801c0b7-fe3a-4670-bac2-d29716fbd1b8 req-e801c0b7-fe3a-4670-bac2-d29716fbd1b8 ] Request (ServerDiskConfigTestJSON:setUpClass): 201 POST http://10.180.1.21:9696/networking/v2.0/networks 1.000s
2024-09-30 17:08:20.077 62234 INFO tempest.lib.common.rest_client [req-b7d4311c-5ef3-4584-b8aa-f5cd9105bff9 req-b7d4311c-5ef3-4584-b8aa-f5cd9105bff9 ] Request (QuotasAdminTestV236:tearDownClass): 200 GET http://10.180.1.21:9696/networking/v2.0/security-groups?tenant_id=d321c91a09224312b2ddc882005a22a5&name=default 0.469s
2024-09-30 17:08:20.108 62200 INFO tempest.lib.common.rest_client [req-0756aeb6-ac0a-4b51-ba5a-5ae990e3eea6 req-0756aeb6-ac0a-4b51-ba5a-5ae990e3eea6 ] Request (ImagesOneServerNegativeTestJSON:setUpClass): 201 POST http://10.180.1.21/identity/v3/users 0.154s
2024-09-30 17:08:20.116 62232 INFO tempest.lib.common.rest_client [req-048d0be1-77b3-47bf-b70a-4881f0442d48 req-048d0be1-77b3-47bf-b70a-4881f0442d48 ] Request (HypervisorAdminTestJSON:setUpClass): 201 POST http://10.180.1.21/identity/v3/users 0.096s
