2024-12-14 03:08:10.385 66521 INFO tempest.lib.common.rest_client [req-ef912bef-5961-4c61-b94c-eae1c3beac62 req-ef912bef-5961-4c61-b94c-eae1c3beac62 ] Request (ServersAdminNegativeTestJSON:tearDownClass): 204 DELETE http://10.180.1.21/compute/v2.1/servers/83859393-d5b2-4e02-9e39-4672a02616d8 1.104s
2024-12-14 03:08:10.386 66539 WARNING tempest.lib.common.ssh [-] Failed to establish authenticated ssh connection to cirros@10.180.180.224 ([Errno None] Unable to connect to port 22 on 10.180.180.224). Number attempts: 5. Retry after 6 seconds.: paramiko.ssh_exception.NoValidConnectionsError: [Errno None] Unable to connect to port 22 on 10.180.180.224
2024-12-14 03:08:10.386 66479 WARNING tempest.lib.common.ssh [-] Failed to establish authenticated ssh connection to cirros@10.180.180.205 ([Errno None] Unable to connect to port 22 on 10.180.180.205). Number attempts: 1. Retry after 2 seconds.: paramiko.ssh_exception.NoValidConnectionsError: [Errno None] Unable to connect to port 22 on 10.180.180.205
2024-12-14 03:08:10.442 66511 INFO tempest.lib.common.rest_client [req-b992833c-4775-43ff-b8e1-d58ad6cc720b req-b992833c-4775-43ff-b8e1-d58ad6cc720b ] Request (SecurityGroupsTestJSON:test_server_security_groups): 200 GET http://10.180.1.21/compute/v2.1/servers/2de8ec70-a76a-46f6-ac71-e964dbb591df 1.117s
2024-12-14 03:08:10.533 66515 INFO tempest.lib.common.rest_client [req-1f24723a-27ae-45a5-b632-69fbb3b74bf2 req-1f24723a-27ae-45a5-b632-69fbb3b74bf2 ] Request (FloatingIPsAssociationNegativeTestJSON:tearDownClass): 200 GET http://10.180.1.21/compute/v2.1/servers/49bd1942-1d63-40e9-adb0-3f1ee2cd5171 0.891s
2024-12-14 03:08:10.547 66531 INFO tempest.lib.common.rest_client [req-713291f4-f9c3-4655-9d67-37debf7f064c req-713291f4-f9c3-4655-9d67-37debf7f064c ] Request (ServersTestMultiNic:test_verify_duplicate_network_nics): 202 POST http://10.180.1.21/compute/v2.1/servers 1.425s
2024-12-14 03:08:10.569 66499 INFO tempest.lib.common.rest_client [req-80737db8-73f9-4422-987f-794083b1227d req-80737db8-73f9-4422-987f-794083b1227d ] Request (ServerExternalEventsTest:tearDownClass): 404 GET http://10.180.1.21/compute/v2.1/servers/7443643b-7b8a-45a2-b980-d13863db241c 0.849s
2024-12-14 03:08:10.625 66487 INFO tempest.lib.common.rest_client [req-4b4b2e23-9bfc-4db6-84ed-94850d5dfec0 req-4b4b2e23-9bfc-4db6-84ed-94850d5dfec0 ] Request (ServerDiagnosticsV248Test:test_get_server_diagnostics): 200 GET http://10.180.1.21/compute/v2.1/servers/b753b654-ad56-408d-94b0-49275a3faa06 0.892s
2024-12-14 03:08:10.655 66528 INFO tempest.lib.common.rest_client [req-46049a98-ee19-463c-87e4-18660ed30272 req-46049a98-ee19-463c-87e4-18660ed30272 ] Request (MigrationsAdminTest:test_list_migrations_in_flavor_resize_situation): 200 GET http://10.180.1.21/compute/v2.1/servers/7c628f37-d966-4d1e-8f1c-429c305592db 0.997s
2024-12-14 03:08:10.664 66528 INFO tempest.common.waiters [-] State transition "RESIZE/resize_migrated" ==> "RESIZE/resize_finish" after 40 second wait
2024-12-14 03:08:10.713 66535 INFO tempest.lib.common.rest_client [req-c77bab1c-1a4b-4a92-9525-9742bb15b657 req-c77bab1c-1a4b-4a92-9525-9742bb15b657 ] Request (ServersTestManualDisk:setUpClass): 200 GET http://10.180.1.21/compute/v2.1/servers/a3506fea-7782-49ef-b9b6-bf37d30b8680 0.942s
2024-12-14 03:08:10.741 66485 INFO tempest.lib.common.rest_client [req-b2b39c3f-4be5-4721-a49b-a70b4239b36e req-b2b39c3f-4be5-4721-a49b-a70b4239b36e ] Request (ServersAdmin275Test:_run_cleanups): 200 GET http://10.180.1.21/compute/v2.1/servers/36eadbfe-b649-4959-8fbf-6eb389646e9f 0.989s
2024-12-14 03:08:10.744 66499 INFO tempest.lib.common.rest_client [req-ea97a3b2-82a5-40e9-aec1-f0262f85f512 req-ea97a3b2-82a5-40e9-aec1-f0262f85f512 ] Request (ServerExternalEventsTest:tearDownClass): 204 DELETE http://10.180.1.21/identity/v3/users/f78c5ce5136b4abd9510530bc265d4db 0.175s
2024-12-14 03:08:10.775 66483 INFO tempest.lib.common.rest_client [req-e9eca9e0-2c23-4a95-b393-64053b5de2d4 req-e9eca9e0-2c23-4a95-b393-64053b5de2d4 ] Request (ServersNegativeTestJSON:setUpClass): 200 GET http://10.180.1.21/compute/v2.1/servers/ebbff6cc-ef6a-4770-8a99-4f0e876b275a 0.943s
2024-12-14 03:08:10.834 66523 INFO tempest.lib.common.rest_client [req-00e0d283-d449-4d35-ba20-5454d5300535 req-00e0d283-d449-4d35-ba20-5454d5300535 ] Request (ServerActionsTestOtherB:setUpClass): 200 GET http://10.180.1.21/compute/v2.1/servers/2ce8fbc6-a52a-4a02-a679-4859c6496231 0.926s
2024-12-14 03:08:10.834 66481 INFO tempest.lib.common.rest_client [req-e39466b4-a4b7-4408-ba77-0a8cfa2a6029 req-e39466b4-a4b7-4408-ba77-0a8cfa2a6029 ] Request (DeleteServersTestJSON:test_delete_active_server): 200 GET http://10.180.1.21/compute/v2.1/servers/d7dbfb24-f031-4891-864b-6f05d3a9bafe 0.944s
2024-12-14 03:08:10.887 66499 INFO tempest.lib.common.rest_client [req-7982f1b5-ef7d-486d-a3d4-ca25eaf60ce3 req-7982f1b5-ef7d-486d-a3d4-ca25eaf60ce3 ] Request (ServerExternalEventsTest:tearDownClass): 204 DELETE http://10.180.1.21/identity/v3/users/cf58e0dd526d4a468912acb2c80b58b1 0.142s
2024-12-14 03:08:10.887 66493 INFO tempest.lib.common.rest_client [req-58abe623-f899-4ef1-b090-c712293738d6 req-58abe623-f899-4ef1-b090-c712293738d6 ] Request (ServersAdminTestJSON:test_inject_network_info): 200 GET http://10.180.1.21/compute/v2.1/servers/c33db3b7-9c39-42dc-ae25-7b1d0199b6d4 0.912s
2024-12-14 03:08:10.909 66509 INFO tempest.lib.common.rest_client [req-7f7f0366-19b0-4f74-8643-9e5cc3f980ff req-7f7f0366-19b0-4f74-8643-9e5cc3f980ff ] Request (ServersV294TestFqdnHostnames:setUpClass): 200 GET http://10.180.1.21/compute/v2.1/servers/468ab348-32cd-48ec-a59a-3cb7c39093ae 0.942s
2024-12-14 03:08:10.987 66499 INFO tempest.lib.common.rest_client [req-1b1bb37b-e0a4-4f19-aaaf-599b8b3f1117 req-1b1bb37b-e0a4-4f19-aaaf-599b8b3f1117 ] Request (ServerExternalEventsTest:tearDownClass): 204 DELETE http://10.180.1.21/identity/v3/users/b9e46e4c92ec4c2697dd210a299ed4b9 0.100s
2024-12-14 03:08:10.988 66499 INFO tempest.lib.common.dynamic_creds [-] Deleting project and security group for project: 589f028b895f4308a95095052f37e0c7
2024-12-14 03:08:11.003 66537 INFO tempest.lib.common.rest_client [req-efc929c6-5af8-4d5f-beed-e9057446ec11 req-efc929c6-5af8-4d5f-beed-e9057446ec11 ] Request (DeleteServersAdminTestJSON:test_delete_server_while_in_error_state): 200 GET http://10.180.1.21/compute/v2.1/servers/f64661b9-8a73-4152-8299-679864409724 0.879s
2024-12-14 03:08:11.046 66499 INFO tempest.lib.common.rest_client [req-5add6668-6fa1-4f9a-b518-29e0672bbc6f req-5add6668-6fa1-4f9a-b518-29e0672bbc6f ] Request (ServerExternalEventsTest:tearDownClass): 201 POST http://10.180.1.21/identity/v3/auth/tokens 0.058s
2024-12-14 03:08:11.068 66489 INFO tempest.lib.common.rest_client [req-46537f95-4254-457a-8e11-a208cebe4938 req-46537f95-4254-457a-8e11-a208cebe4938 ] Request (ServerMetadataNegativeTestJSON:setUpClass): 200 GET http://10.180.1.21/compute/v2.1/servers/c408d003-2be8-4509-a0a4-93ca0e9d1965 0.875s
2024-12-14 03:08:11.134 66495 INFO tempest.lib.common.rest_client [req-d25dec9b-3e51-4c40-b19e-6c523afa72c6 req-d25dec9b-3e51-4c40-b19e-6c523afa72c6 ] Request (ServersTestJSON:test_create_server_specify_multibyte_character_name): 200 GET http://10.180.1.21/compute/v2.1/servers/3d1735e1-4302-4891-9230-5fb564800cda 0.870s
2024-12-14 03:08:11.206 66519 INFO tempest.lib.common.rest_client [req-3f5d0c8a-4e9b-48c7-8d5c-86e5d1a23c2b req-3f5d0c8a-4e9b-48c7-8d5c-86e5d1a23c2b ] Request (ServersAaction247Test:test_create_backup): 200 GET http://10.180.1.21/compute/v2.1/servers/92b2109a-f7b1-41ea-8189-ab44b8606c09 0.941s
2024-12-14 03:08:11.303 66499 INFO tempest.lib.common.rest_client [req-580a1ca9-049a-40c9-b868-df7c42b0bcc3 req-580a1ca9-049a-40c9-b868-df7c42b0bcc3 ] Request (ServerExternalEventsTest:tearDownClass): 200 GET http://10.180.1.21:9696/networking/v2.0/security-groups?tenant_id=589f028b895f4308a95095052f37e0c7&name=default 0.256s
2024-12-14 03:08:11.336 66521 INFO tempest.lib.common.rest_client [req-19c41277-acb2-4b1b-9610-a92af34be632 req-19c41277-acb2-4b1b-9610-a92af34be632 ] Request (ServersAdminNegativeTestJSON:tearDownClass): 200 GET http://10.180.1.21/compute/v2.1/servers/83859393-d5b2-4e02-9e39-4672a02616d8 0.950s
2024-12-14 03:08:11.391 66531 INFO tempest.lib.common.rest_client [req-f83e4558-24a2-4330-bcc1-dafcc3a21b29 req-f83e4558-24a2-4330-bcc1-dafcc3a21b29 ] Request (ServersTestMultiNic:test_verify_duplicate_network_nics): 200 GET http://10.180.1.21/compute/v2.1/servers/4ed0a788-ff15-4aff-89d3-73deb1dbbc69 0.842s
2024-12-14 03:08:11.491 66499 INFO tempest.lib.common.rest_client [req-d67b910a-58f8-4cc2-8143-e100eb287130 req-d67b910a-58f8-4cc2-8143-e100eb287130 ] Request (ServerExternalEventsTest:tearDownClass): 204 DELETE http://10.180.1.21:9696/networking/v2.0/security-groups/80792285-25ee-4899-b8c5-43335d37dab5 0.187s
2024-12-14 03:08:11.493 66517 INFO tempest.lib.common.rest_client [req-2abe473b-26e5-424c-b432-c4223d2f7db2 req-2abe473b-26e5-424c-b432-c4223d2f7db2 ] Request (InstanceActionsV221TestJSON:test_get_list_deleted_instance_actions): 200 GET http://10.180.1.21/compute/v2.1/servers/dbb1f8dd-1059-49d5-9aa1-03076b234431 0.839s
2024-12-14 03:08:11.539 66541 WARNING tempest.lib.common.ssh [-] Failed to establish authenticated ssh connection to cirros@10.180.180.240 ([Errno None] Unable to connect to port 22 on 10.180.180.240). Number attempts: 6. Retry after 7 seconds.: paramiko.ssh_exception.NoValidConnectionsError: [Errno None] Unable to connect to port 22 on 10.180.180.240
2024-12-14 03:08:11.545 66491 INFO tempest.lib.common.rest_client [req-b7bc2e64-fcd0-41b0-bd9c-460a8aca4c83 req-b7bc2e64-fcd0-41b0-bd9c-460a8aca4c83 ] Request (AttachInterfacesV270Test:test_create_get_list_interfaces): 200 GET http://10.180.1.21/compute/v2.1/servers/8426c441-9234-499d-8a72-dc41f32e864e 0.798s
2024-12-14 03:08:11.580 66533 INFO tempest.lib.common.rest_client [req-4dcb3722-3d34-4cc5-a156-3142f0976efe req-4dcb3722-3d34-4cc5-a156-3142f0976efe ] Request (ImagesTestJSON:test_create_image_from_stopped_server): 202 POST http://10.180.1.21/compute/v2.1/servers 1.430s
2024-12-14 03:08:11.600 66525 INFO tempest.lib.common.rest_client [req-a1bc48bb-329a-4cff-9cc7-31ae5799f93f req-a1bc48bb-329a-4cff-9cc7-31ae5799f93f ] Request (FloatingIPsAssociationTestJSON:test_associate_already_associated_floating_ip): 200 GET http://10.180.1.21/compute/v2.1/servers/419be04d-04c1-4099-bf22-e8063e4bfbae 0.750s
2024-12-14 03:08:11.619 66499 INFO tempest.lib.common.rest_client [req-5030d795-233c-4266-ad7d-e0a2afc36577 req-5030d795-233c-4266-ad7d-e0a2afc36577 ] Request (ServerExternalEventsTest:tearDownClass): 204 DELETE http://10.180.1.21/identity/v3/projects/589f028b895f4308a95095052f37e0c7 0.128s
2024-12-14 03:08:11.619 66499 INFO tempest.lib.common.dynamic_creds [-] Deleting project and security group for project: 81274ed17c1b4272827879ca800931c0
2024-12-14 03:08:11.642 66503 INFO tempest.lib.common.rest_client [req-e3ddb091-ff23-48a8-bfb5-837ada7a648a req-e3ddb091-ff23-48a8-bfb5-837ada7a648a ] Request (ServersTestFqdnHostnames:test_create_server_with_fqdn_name): 200 GET http://10.180.1.21/compute/v2.1/servers/ed8a1173-1276-4c3e-a4b9-b9f9b74d529f 0.691s
2024-12-14 03:08:11.663 66499 INFO tempest.lib.common.rest_client [req-cbca5302-1c49-4521-a74e-1a25fa392002 req-cbca5302-1c49-4521-a74e-1a25fa392002 ] Request (ServerExternalEventsTest:tearDownClass): 200 GET http://10.180.1.21:9696/networking/v2.0/security-groups?tenant_id=81274ed17c1b4272827879ca800931c0&name=default 0.043s
2024-12-14 03:08:11.665 66505 INFO tempest.lib.common.rest_client [req-d4c6360b-3ef2-474c-9203-276bee22e326 req-d4c6360b-3ef2-474c-9203-276bee22e326 ] Request (ImagesOneServerNegativeTestJSON:setUpClass): 200 GET http://10.180.1.21/compute/v2.1/servers/04c6f283-64fd-4122-bb25-ca8108ff5c12 0.656s
2024-12-14 03:08:11.698 66497 INFO tempest.lib.common.rest_client [req-5d70e8fe-08c8-4cc4-b19e-7f74a46f70ac req-5d70e8fe-08c8-4cc4-b19e-7f74a46f70ac ] Request (ServerRescueNegativeTestJSON:setUpClass): 200 GET http://10.180.1.21/compute/v2.1/servers/8864de7b-2d40-4b93-a545-ae11a605b0c6 0.375s
2024-12-14 03:08:11.721 66515 INFO tempest.lib.common.rest_client [req-12c3f9ca-9abd-4931-beb2-a6959962f475 req-12c3f9ca-9abd-4931-beb2-a6959962f475 ] Request (FloatingIPsAssociationNegativeTestJSON:tearDownClass): 404 GET http://10.180.1.21/compute/v2.1/servers/49bd1942-1d63-40e9-adb0-3f1ee2cd5171 0.180s
2024-12-14 03:08:11.727 66511 INFO tempest.lib.common.rest_client [req-b926ae2b-1723-4649-88b0-f3553693c81e req-b926ae2b-1723-4649-88b0-f3553693c81e ] Request (SecurityGroupsTestJSON:test_server_security_groups): 200 GET http://10.180.1.21/compute/v2.1/servers/2de8ec70-a76a-46f6-ac71-e964dbb591df 0.278s
2024-12-14 03:08:11.756 66499 INFO tempest.lib.common.rest_client [req-cd0f40a3-2591-4e24-bfba-378732aeb1f3 req-cd0f40a3-2591-4e24-bfba-378732aeb1f3 ] Request (ServerExternalEventsTest:tearDownClass): 204 DELETE http://10.180.1.21:9696/networking/v2.0/security-groups/41acebe4-03f3-48a8-876d-5b0ee058846c 0.093s
2024-12-14 03:08:11.776 66533 INFO tempest.lib.common.rest_client [req-016c90ae-4485-4757-b6ea-1a8a1a95b3af req-016c90ae-4485-4757-b6ea-1a8a1a95b3af ] Request (ImagesTestJSON:test_create_image_from_stopped_server): 200 GET http://10.180.1.21/compute/v2.1/servers/379c870d-bd18-448f-84d1-79dd3e465d5c 0.195s
2024-12-14 03:08:11.785 66487 INFO tempest.lib.common.rest_client [req-33e86639-77d1-483f-9c67-378a0fe974a3 req-33e86639-77d1-483f-9c67-378a0fe974a3 ] Request (ServerDiagnosticsV248Test:test_get_server_diagnostics): 200 GET http://10.180.1.21/compute/v2.1/servers/b753b654-ad56-408d-94b0-49275a3faa06 0.150s
2024-12-14 03:08:11.836 66535 INFO tempest.lib.common.rest_client [req-c5643297-8f8a-4500-92d5-3d2fbfe789ad req-c5643297-8f8a-4500-92d5-3d2fbfe789ad ] Request (ServersTestManualDisk:setUpClass): 200 GET http://10.180.1.21/compute/v2.1/servers/a3506fea-7782-49ef-b9b6-bf37d30b8680 0.115s
2024-12-14 03:08:11.844 66499 INFO tempest.lib.common.rest_client [req-178ebd87-1ef9-49ed-a29b-553a54ab6bd3 req-178ebd87-1ef9-49ed-a29b-553a54ab6bd3 ] Request (ServerExternalEventsTest:tearDownClass): 204 DELETE http://10.180.1.21/identity/v3/projects/81274ed17c1b4272827879ca800931c0 0.087s
2024-12-14 03:08:11.844 66499 INFO tempest.lib.common.dynamic_creds [-] Deleting project and security group for project: 59bf68e7f4e841658b9e076996144501
2024-12-14 03:08:11.916 66485 INFO tempest.lib.common.rest_client [req-4c650cd4-c1e1-4c4e-b0d8-ce3be5b2df64 req-4c650cd4-c1e1-4c4e-b0d8-ce3be5b2df64 ] Request (ServersAdmin275Test:_run_cleanups): 200 GET http://10.180.1.21/compute/v2.1/servers/36eadbfe-b649-4959-8fbf-6eb389646e9f 0.158s
2024-12-14 03:08:11.963 66499 INFO tempest.lib.common.rest_client [req-510a3b95-a17c-429b-8db3-47e62b966dad req-510a3b95-a17c-429b-8db3-47e62b966dad ] Request (ServerExternalEventsTest:tearDownClass): 200 GET http://10.180.1.21:9696/networking/v2.0/security-groups?tenant_id=59bf68e7f4e841658b9e076996144501&name=default 0.119s
2024-12-14 03:08:11.968 66483 INFO tempest.lib.common.rest_client [req-2cbf9784-ca53-4e71-9d82-5ab00095bbd8 req-2cbf9784-ca53-4e71-9d82-5ab00095bbd8 ] Request (ServersNegativeTestJSON:setUpClass): 200 GET http://10.180.1.21/compute/v2.1/servers/ebbff6cc-ef6a-4770-8a99-4f0e876b275a 0.180s
2024-12-14 03:08:11.972 66528 INFO tempest.lib.common.rest_client [req-c8a1ee2d-b46b-45a6-bfe1-51eab1e53b64 req-c8a1ee2d-b46b-45a6-bfe1-51eab1e53b64 ] Request (MigrationsAdminTest:test_list_migrations_in_flavor_resize_situation): 200 GET http://10.180.1.21/compute/v2.1/servers/7c628f37-d966-4d1e-8f1c-429c305592db 0.306s
2024-12-14 03:08:12.030 66481 INFO tempest.lib.common.rest_client [req-630c248a-47b9-4e84-9f3d-4ebaf49059f7 req-630c248a-47b9-4e84-9f3d-4ebaf49059f7 ] Request (DeleteServersTestJSON:test_delete_active_server): 200 GET http://10.180.1.21/compute/v2.1/servers/d7dbfb24-f031-4891-864b-6f05d3a9bafe 0.186s
2024-12-14 03:08:12.031 66523 INFO tempest.lib.common.rest_client [req-7b4df800-396e-4207-853c-45b647a633a3 req-7b4df800-396e-4207-853c-45b647a633a3 ] Request (ServerActionsTestOtherB:setUpClass): 200 GET http://10.180.1.21/compute/v2.1/servers/2ce8fbc6-a52a-4a02-a679-4859c6496231 0.185s
2024-12-14 03:08:12.067 66499 INFO tempest.lib.common.rest_client [req-0ad4b70d-bda5-4f78-ba86-af1ad13bfab5 req-0ad4b70d-bda5-4f78-ba86-af1ad13bfab5 ] Request (ServerExternalEventsTest:tearDownClass): 204 DELETE http://10.180.1.21:9696/networking/v2.0/security-groups/1c4cbead-a04c-4ca3-aae4-334379d721f0 0.103s
2024-12-14 03:08:12.086 66493 INFO tempest.lib.common.rest_client [req-bb37059d-15a0-40df-bb2c-0a0f95e7e6c4 req-bb37059d-15a0-40df-bb2c-0a0f95e7e6c4 ] Request (ServersAdminTestJSON:test_inject_network_info): 200 GET http://10.180.1.21/compute/v2.1/servers/c33db3b7-9c39-42dc-ae25-7b1d0199b6d4 0.187s
2024-12-14 03:08:12.107 66509 INFO tempest.lib.common.rest_client [req-b3d5881f-f0ec-4d26-9ce3-21782538ac53 req-b3d5881f-f0ec-4d26-9ce3-21782538ac53 ] Request (ServersV294TestFqdnHostnames:setUpClass): 200 GET http://10.180.1.21/compute/v2.1/servers/468ab348-32cd-48ec-a59a-3cb7c39093ae 0.189s
2024-12-14 03:08:12.173 66489 INFO tempest.lib.common.rest_client [req-342423ed-13e1-4e1d-809b-930e1d3cfafc req-342423ed-13e1-4e1d-809b-930e1d3cfafc ] Request (ServerMetadataNegativeTestJSON:setUpClass): 200 GET http://10.180.1.21/compute/v2.1/servers/c408d003-2be8-4509-a0a4-93ca0e9d1965 0.096s
2024-12-14 03:08:12.212 66537 INFO tempest.lib.common.rest_client [req-0f82bbff-58d2-467a-8242-da35d6aebaec req-0f82bbff-58d2-467a-8242-da35d6aebaec ] Request (DeleteServersAdminTestJSON:test_delete_server_while_in_error_state): 200 GET http://10.180.1.21/compute/v2.1/servers/f64661b9-8a73-4152-8299-679864409724 0.201s
2024-12-14 03:08:12.219 66499 INFO tempest.lib.common.rest_client [req-58e816a6-34a3-4b85-ba20-a40cb48b30bc req-58e816a6-34a3-4b85-ba20-a40cb48b30bc ] Request (ServerExternalEventsTest:tearDownClass): 204 DELETE http://10.180.1.21/identity/v3/projects/59bf68e7f4e841658b9e076996144501 0.152s
2024-12-14 03:08:12.252 66495 INFO tempest.lib.common.rest_client [req-f93a7e52-5a5c-4ea4-85e7-0aa61ec365ca req-f93a7e52-5a5c-4ea4-85e7-0aa61ec365ca ] Request (ServersTestJSON:test_create_server_specify_multibyte_character_name): 200 GET http://10.180.1.21/compute/v2.1/servers/3d1735e1-4302-4891-9230-5fb564800cda 0.109s
2024-12-14 03:08:12.266 66519 INFO tempest.lib.common.rest_client [req-add9937b-daf3-4d29-a82f-baec02011ed1 req-add9937b-daf3-4d29-a82f-baec02011ed1 ] Request (ServersAaction247Test:test_create_backup): 200 GET http://10.180.1.21/compute/v2.1/servers/92b2109a-f7b1-41ea-8189-ab44b8606c09 0.050s
2024-12-14 03:08:12.283 66499 INFO tempest.lib.common.rest_client [req-0b6db321-be6c-4e80-900c-4bd095f9f207 req-0b6db321-be6c-4e80-900c-4bd095f9f207 ] Request (ListImageFiltersNegativeTestJSON:setUpClass): 201 POST http://10.180.1.21/identity/v3/auth/tokens 0.062s
2024-12-14 03:08:12.315 66499 INFO tempest.lib.common.rest_client [req-6003c401-0e6f-4ebe-8ac5-0aa71ae43f73 req-6003c401-0e6f-4ebe-8ac5-0aa71ae43f73 ] Request (ListImageFiltersNegativeTestJSON:setUpClass): 201 POST http://10.180.1.21/identity/v3/auth/tokens 0.029s
2024-12-14 03:08:12.342 66499 INFO tempest.lib.common.rest_client [req-7ca4d0a7-f0a6-4871-a896-ac7c6f2568e5 req-7ca4d0a7-f0a6-4871-a896-ac7c6f2568e5 ] Request (ListImageFiltersNegativeTestJSON:setUpClass): 200 GET http://10.180.1.21/identity/v3/domains?name=Default 0.027s
2024-12-14 03:08:12.385 66499 INFO tempest.lib.common.rest_client [req-f1d11649-8e7a-488b-ab38-95a9fa6294e7 req-f1d11649-8e7a-488b-ab38-95a9fa6294e7 ] Request (ListImageFiltersNegativeTestJSON:setUpClass): 201 POST http://10.180.1.21/identity/v3/projects 0.042s
2024-12-14 03:08:12.453 66499 INFO tempest.lib.common.rest_client [req-fa063fb2-cc9e-47e9-98cf-0c9d6b674e62 req-fa063fb2-cc9e-47e9-98cf-0c9d6b674e62 ] Request (ListImageFiltersNegativeTestJSON:setUpClass): 201 POST http://10.180.1.21/identity/v3/users 0.067s
2024-12-14 03:08:12.462 66531 INFO tempest.lib.common.rest_client [req-3831ce18-1302-42ca-bad6-5071d0dfaa61 req-3831ce18-1302-42ca-bad6-5071d0dfaa61 ] Request (ServersTestMultiNic:test_verify_duplicate_network_nics): 200 GET http://10.180.1.21/compute/v2.1/servers/4ed0a788-ff15-4aff-89d3-73deb1dbbc69 0.064s
2024-12-14 03:08:12.482 66499 INFO tempest.lib.common.rest_client [req-da62fb67-ef8f-4fcd-823a-e4f41b3f4de2 req-da62fb67-ef8f-4fcd-823a-e4f41b3f4de2 ] Request (ListImageFiltersNegativeTestJSON:setUpClass): 200 GET http://10.180.1.21/identity/v3/roles 0.028s
2024-12-14 03:08:12.513 66499 INFO tempest.lib.common.rest_client [req-2abf4f91-3dc3-4995-babc-ca862f71074d req-2abf4f91-3dc3-4995-babc-ca862f71074d ] Request (ListImageFiltersNegativeTestJSON:setUpClass): 204 PUT http://10.180.1.21/identity/v3/projects/64f7905af7bf4625be0f393679cdaf5d/users/f1cecbb682704c149d9631a25ef85cd3/roles/0313dd5cf6614c38b00020752d722e63 0.031s
2024-12-14 03:08:12.513 66499 INFO tempest.lib.common.dynamic_creds [-] Dynamic test user f1cecbb682704c149d9631a25ef85cd3 is created with scope project and roles: ['member']
2024-12-14 03:08:12.514 66499 INFO tempest.lib.common.dynamic_creds [-] Acquired dynamic creds: credentials: Credentials: {'domain_id': 'default', 'domain_name': 'Default', 'username': 'tempest-ListImageFiltersNegativeTestJSON-1105570109-project-member', 'project_domain_id': 'default', 'project_domain_name': 'Default', 'project_id': '64f7905af7bf4625be0f393679cdaf5d', 'project_name': 'tempest-ListImageFiltersNegativeTestJSON-1105570109', 'tenant_id': '64f7905af7bf4625be0f393679cdaf5d', 'tenant_name': 'tempest-ListImageFiltersNegativeTestJSON-1105570109', 'user_domain_id': 'default', 'user_domain_name': 'Default', 'user_id': 'f1cecbb682704c149d9631a25ef85cd3', 'system': None}, Network: None, Subnet: None, Router: None
2024-12-14 03:08:12.514 66499 INFO tempest.lib.common.dynamic_creds [-] Created isolated network resources for: credentials: Credentials: {'domain_id': 'default', 'domain_name': 'Default', 'username': 'tempest-ListImageFiltersNegativeTestJSON-1105570109-project-member', 'project_domain_id': 'default', 'project_domain_name': 'Default', 'project_id': '64f7905af7bf4625be0f393679cdaf5d', 'project_name': 'tempest-ListImageFiltersNegativeTestJSON-1105570109', 'tenant_id': '64f7905af7bf4625be0f393679cdaf5d', 'tenant_name': 'tempest-ListImageFiltersNegativeTestJSON-1105570109', 'user_domain_id': 'default', 'user_domain_name': 'Default', 'user_id': 'f1cecbb682704c149d9631a25ef85cd3', 'system': None}, Network: None, Subnet: None, Router: None
2024-12-14 03:08:12.520 66521 INFO tempest.lib.common.rest_client [req-1b39a234-8e10-472c-848d-ff54fee6076d req-1b39a234-8e10-472c-848d-ff54fee6076d ] Request (ServersAdminNegativeTestJSON:tearDownClass): 200 GET http://10.180.1.21/compute/v2.1/servers/83859393-d5b2-4e02-9e39-4672a02616d8 0.172s
2024-12-14 03:08:12.612 66499 INFO tempest.lib.common.rest_client [req-c77c4328-6bc7-416a-8d95-cf9f75a24402 req-c77c4328-6bc7-416a-8d95-cf9f75a24402 ] Request (ListImageFiltersNegativeTestJSON:setUpClass): 201 POST http://10.180.1.21/identity/v3/auth/tokens 0.094s
2024-12-14 03:08:12.636 66517 INFO tempest.lib.common.rest_client [req-10151f2f-0011-4e8e-a732-5ea2adc1d0fb req-10151f2f-0011-4e8e-a732-5ea2adc1d0fb ] Request (InstanceActionsV221TestJSON:test_get_list_deleted_instance_actions): 200 GET http://10.180.1.21/compute/v2.1/servers/dbb1f8dd-1059-49d5-9aa1-03076b234431 0.136s
2024-12-14 03:08:12.636 66491 INFO tempest.lib.common.rest_client [req-41e4188e-dd27-4a11-be15-3785df79ca35 req-41e4188e-dd27-4a11-be15-3785df79ca35 ] Request (AttachInterfacesV270Test:test_create_get_list_interfaces): 200 GET http://10.180.1.21/compute/v2.1/servers/8426c441-9234-499d-8a72-dc41f32e864e 0.082s
2024-12-14 03:08:12.693 66525 INFO tempest.lib.common.rest_client [req-c53b82e7-23db-48e4-82bd-7ff8732242e2 req-c53b82e7-23db-48e4-82bd-7ff8732242e2 ] Request (FloatingIPsAssociationTestJSON:test_associate_already_associated_floating_ip): 200 GET http://10.180.1.21/compute/v2.1/servers/419be04d-04c1-4099-bf22-e8063e4bfbae 0.086s
2024-12-14 03:08:12.745 66503 INFO tempest.lib.common.rest_client [req-32fa0ca8-2d64-4d7b-89b9-b7f81b1e52b1 req-32fa0ca8-2d64-4d7b-89b9-b7f81b1e52b1 ] Request (ServersTestFqdnHostnames:test_create_server_with_fqdn_name): 200 GET http://10.180.1.21/compute/v2.1/servers/ed8a1173-1276-4c3e-a4b9-b9f9b74d529f 0.092s
2024-12-14 03:08:12.750 66499 INFO tempest.lib.common.rest_client [req-581abd1e-e121-4b6f-9cc7-e7ebdebf9e36 req-581abd1e-e121-4b6f-9cc7-e7ebdebf9e36 ] Request (ListImageFiltersNegativeTestJSON:test_get_nonexistent_image): 404 GET http://10.180.1.21/compute/v2.1/images/9cec9cdc-124d-4bf1-903d-aa7c8924623d 0.137s
2024-12-14 03:08:12.807 66497 INFO tempest.lib.common.rest_client [req-51aa2b16-39aa-4099-a8e4-92321d9f5d88 req-51aa2b16-39aa-4099-a8e4-92321d9f5d88 ] Request (ServerRescueNegativeTestJSON:setUpClass): 200 GET http://10.180.1.21/compute/v2.1/servers/8864de7b-2d40-4b93-a545-ae11a605b0c6 0.100s
2024-12-14 03:08:12.814 66505 INFO tempest.lib.common.rest_client [req-87f8d366-998d-4ac7-ad89-fd27ceed0e71 req-87f8d366-998d-4ac7-ad89-fd27ceed0e71 ] Request (ImagesOneServerNegativeTestJSON:setUpClass): 200 GET http://10.180.1.21/compute/v2.1/servers/04c6f283-64fd-4122-bb25-ca8108ff5c12 0.140s
2024-12-14 03:08:12.838 66515 INFO tempest.lib.common.rest_client [req-90db6d87-4bec-4f92-91ed-a980611da73c req-90db6d87-4bec-4f92-91ed-a980611da73c ] Request (FloatingIPsAssociationNegativeTestJSON:tearDownClass): 200 PUT http://10.180.1.21:9696/networking/v2.0/routers/bbcfaeaa-60c9-4845-b1f2-c158a7643108/remove_router_interface 1.116s
2024-12-14 03:08:12.863 66511 INFO tempest.lib.common.rest_client [req-6dee9882-0434-4a76-910b-fa504c19f55f req-6dee9882-0434-4a76-910b-fa504c19f55f ] Request (SecurityGroupsTestJSON:test_server_security_groups): 200 GET http://10.180.1.21/compute/v2.1/servers/2de8ec70-a76a-46f6-ac71-e964dbb591df 0.124s
2024-12-14 03:08:12.867 66533 INFO tempest.lib.common.rest_client [req-7e55d8cd-62ae-4c7a-a794-847c7bbd268c req-7e55d8cd-62ae-4c7a-a794-847c7bbd268c ] Request (ImagesTestJSON:test_create_image_from_stopped_server): 200 GET http://10.180.1.21/compute/v2.1/servers/379c870d-bd18-448f-84d1-79dd3e465d5c 0.084s
2024-12-14 03:08:12.870 66499 INFO tempest.lib.common.rest_client [req-707bf60d-0115-40d0-bff8-5d2701b72c1c req-707bf60d-0115-40d0-bff8-5d2701b72c1c ] Request (ListImageFiltersNegativeTestJSON:tearDownClass): 204 DELETE http://10.180.1.21/identity/v3/users/f1cecbb682704c149d9631a25ef85cd3 0.118s
2024-12-14 03:08:12.871 66499 INFO tempest.lib.common.dynamic_creds [-] Deleting project and security group for project: 64f7905af7bf4625be0f393679cdaf5d
2024-12-14 03:08:12.918 66535 INFO tempest.lib.common.rest_client [req-37551fe8-0c9d-45dc-993a-c024ba1150c5 req-37551fe8-0c9d-45dc-993a-c024ba1150c5 ] Request (ServersTestManualDisk:setUpClass): 200 GET http://10.180.1.21/compute/v2.1/servers/a3506fea-7782-49ef-b9b6-bf37d30b8680 0.073s
2024-12-14 03:08:12.930 66487 INFO tempest.lib.common.rest_client [req-e165630f-465d-475a-a16e-63d03d8e1d61 req-e165630f-465d-475a-a16e-63d03d8e1d61 ] Request (ServerDiagnosticsV248Test:test_get_server_diagnostics): 200 GET http://10.180.1.21/compute/v2.1/servers/b753b654-ad56-408d-94b0-49275a3faa06 0.130s
2024-12-14 03:08:12.938 66499 INFO tempest.lib.common.rest_client [req-900ead4f-f6fa-4aa0-9811-4c17e4d78182 req-900ead4f-f6fa-4aa0-9811-4c17e4d78182 ] Request (ListImageFiltersNegativeTestJSON:tearDownClass): 201 POST http://10.180.1.21/identity/v3/auth/tokens 0.067s
2024-12-14 03:08:12.989 66485 INFO tempest.lib.common.rest_client [req-ed9cad03-12c5-425f-ba1d-1a266db8dc07 req-ed9cad03-12c5-425f-ba1d-1a266db8dc07 ] Request (ServersAdmin275Test:_run_cleanups): 200 GET http://10.180.1.21/compute/v2.1/servers/36eadbfe-b649-4959-8fbf-6eb389646e9f 0.061s
2024-12-14 03:08:13.000 66485 INFO tempest.common.waiters [-] State transition "REBUILD/rebuilding" ==> "REBUILD/rebuild_spawning" after 3 second wait
2024-12-14 03:08:13.055 66483 INFO tempest.lib.common.rest_client [req-06f6a5fc-f308-42c4-a6cd-eee65991689d req-06f6a5fc-f308-42c4-a6cd-eee65991689d ] Request (ServersNegativeTestJSON:setUpClass): 200 GET http://10.180.1.21/compute/v2.1/servers/ebbff6cc-ef6a-4770-8a99-4f0e876b275a 0.074s
2024-12-14 03:08:13.086 66528 INFO tempest.lib.common.rest_client [req-1c3653a0-a39e-4517-b833-5e18c06dd418 req-1c3653a0-a39e-4517-b833-5e18c06dd418 ] Request (MigrationsAdminTest:test_list_migrations_in_flavor_resize_situation): 200 GET http://10.180.1.21/compute/v2.1/servers/7c628f37-d966-4d1e-8f1c-429c305592db 0.106s
2024-12-14 03:08:13.141 66523 INFO tempest.lib.common.rest_client [req-101e7484-1c43-42eb-942c-faa7157e9d96 req-101e7484-1c43-42eb-942c-faa7157e9d96 ] Request (ServerActionsTestOtherB:setUpClass): 200 GET http://10.180.1.21/compute/v2.1/servers/2ce8fbc6-a52a-4a02-a679-4859c6496231 0.098s
2024-12-14 03:08:13.195 66493 INFO tempest.lib.common.rest_client [req-1ddf8792-d882-4085-b3d5-802e81dc1171 req-1ddf8792-d882-4085-b3d5-802e81dc1171 ] Request (ServersAdminTestJSON:test_inject_network_info): 200 GET http://10.180.1.21/compute/v2.1/servers/c33db3b7-9c39-42dc-ae25-7b1d0199b6d4 0.101s
2024-12-14 03:08:13.249 66509 INFO tempest.lib.common.rest_client [req-a49faeeb-e2d9-4207-93f8-531cbc2de501 req-a49faeeb-e2d9-4207-93f8-531cbc2de501 ] Request (ServersV294TestFqdnHostnames:setUpClass): 200 GET http://10.180.1.21/compute/v2.1/servers/468ab348-32cd-48ec-a59a-3cb7c39093ae 0.129s
2024-12-14 03:08:13.293 66489 INFO tempest.lib.common.rest_client [req-6d404949-85ba-4e72-9543-8b715e337a56 req-6d404949-85ba-4e72-9543-8b715e337a56 ] Request (ServerMetadataNegativeTestJSON:setUpClass): 200 GET http://10.180.1.21/compute/v2.1/servers/c408d003-2be8-4509-a0a4-93ca0e9d1965 0.113s
2024-12-14 03:08:13.329 66481 INFO tempest.lib.common.rest_client [req-2cacae47-b1a2-4597-b66d-7e736b508cfa req-2cacae47-b1a2-4597-b66d-7e736b508cfa ] Request (DeleteServersTestJSON:test_delete_active_server): 200 GET http://10.180.1.21/compute/v2.1/servers/d7dbfb24-f031-4891-864b-6f05d3a9bafe 0.287s
2024-12-14 03:08:13.410 66495 INFO tempest.lib.common.rest_client [req-952dd8d3-9bef-4bb9-a629-1a2b788311e9 req-952dd8d3-9bef-4bb9-a629-1a2b788311e9 ] Request (ServersTestJSON:test_create_server_specify_multibyte_character_name): 200 GET http://10.180.1.21/compute/v2.1/servers/3d1735e1-4302-4891-9230-5fb564800cda 0.151s
2024-12-14 03:08:13.415 66537 INFO tempest.lib.common.rest_client [req-d5c5083e-6e0a-4b2c-a0b1-cb3b2d29e34c req-d5c5083e-6e0a-4b2c-a0b1-cb3b2d29e34c ] Request (DeleteServersAdminTestJSON:test_delete_server_while_in_error_state): 200 GET http://10.180.1.21/compute/v2.1/servers/f64661b9-8a73-4152-8299-679864409724 0.191s
2024-12-14 03:08:13.458 66479 WARNING tempest.lib.common.ssh [-] Failed to establish authenticated ssh connection to cirros@10.180.180.205 ([Errno None] Unable to connect to port 22 on 10.180.180.205). Number attempts: 2. Retry after 3 seconds.: paramiko.ssh_exception.NoValidConnectionsError: [Errno None] Unable to connect to port 22 on 10.180.180.205
2024-12-14 03:08:13.488 66519 INFO tempest.lib.common.rest_client [req-f10af326-ed84-4e12-bce3-1f6eb3d4351d req-f10af326-ed84-4e12-bce3-1f6eb3d4351d ] Request (ServersAaction247Test:test_create_backup): 200 GET http://10.180.1.21/compute/v2.1/servers/92b2109a-f7b1-41ea-8189-ab44b8606c09 0.214s
2024-12-14 03:08:13.495 66499 INFO tempest.lib.common.rest_client [req-eac2a104-1ea6-4f56-ab0e-c703c05ca9aa req-eac2a104-1ea6-4f56-ab0e-c703c05ca9aa ] Request (ListImageFiltersNegativeTestJSON:tearDownClass): 200 GET http://10.180.1.21:9696/networking/v2.0/security-groups?tenant_id=64f7905af7bf4625be0f393679cdaf5d&name=default 0.556s
2024-12-14 03:08:13.549 66531 INFO tempest.lib.common.rest_client [req-1c0c31a1-1965-47aa-b2e4-60c08bbd66e6 req-1c0c31a1-1965-47aa-b2e4-60c08bbd66e6 ] Request (ServersTestMultiNic:test_verify_duplicate_network_nics): 200 GET http://10.180.1.21/compute/v2.1/servers/4ed0a788-ff15-4aff-89d3-73deb1dbbc69 0.075s
2024-12-14 03:08:13.602 66521 INFO tempest.lib.common.rest_client [req-31267d95-6c04-402e-ad27-fa3d1ae9036f req-31267d95-6c04-402e-ad27-fa3d1ae9036f ] Request (ServersAdminNegativeTestJSON:tearDownClass): 200 GET http://10.180.1.21/compute/v2.1/servers/83859393-d5b2-4e02-9e39-4672a02616d8 0.075s
2024-12-14 03:08:13.606 66499 INFO tempest.lib.common.rest_client [req-4da121c5-e999-40aa-b9be-e3e9adf2aff0 req-4da121c5-e999-40aa-b9be-e3e9adf2aff0 ] Request (ListImageFiltersNegativeTestJSON:tearDownClass): 204 DELETE http://10.180.1.21:9696/networking/v2.0/security-groups/08ed7532-5efb-44df-bc90-536715231643 0.111s
2024-12-14 03:08:13.670 66499 INFO tempest.lib.common.rest_client [req-6644c21d-15f4-446f-bcc8-4f97d402b864 req-6644c21d-15f4-446f-bcc8-4f97d402b864 ] Request (ListImageFiltersNegativeTestJSON:tearDownClass): 204 DELETE http://10.180.1.21/identity/v3/projects/64f7905af7bf4625be0f393679cdaf5d 0.063s
2024-12-14 03:08:13.671 66499 INFO tempest.test [-] raised in AttachVolumeMultiAttachTest.setUpClass. Invoking tearDownClass.
2024-12-14 03:08:13.758 66491 INFO tempest.lib.common.rest_client [req-e51702d8-42cf-4a57-9478-6e51b2bfcf80 req-e51702d8-42cf-4a57-9478-6e51b2bfcf80 ] Request (AttachInterfacesV270Test:test_create_get_list_interfaces): 200 GET http://10.180.1.21/compute/v2.1/servers/8426c441-9234-499d-8a72-dc41f32e864e 0.106s
2024-12-14 03:08:13.770 66515 INFO tempest.lib.common.rest_client [req-0198db9b-e40e-48a9-8ea5-23c0d5846c62 req-0198db9b-e40e-48a9-8ea5-23c0d5846c62 ] Request (FloatingIPsAssociationNegativeTestJSON:tearDownClass): 204 DELETE http://10.180.1.21:9696/networking/v2.0/routers/bbcfaeaa-60c9-4845-b1f2-c158a7643108 0.930s
2024-12-14 03:08:13.824 66517 INFO tempest.lib.common.rest_client [req-b71ae2fd-e735-4144-8f79-cd9976d59187 req-b71ae2fd-e735-4144-8f79-cd9976d59187 ] Request (InstanceActionsV221TestJSON:test_get_list_deleted_instance_actions): 200 GET http://10.180.1.21/compute/v2.1/servers/dbb1f8dd-1059-49d5-9aa1-03076b234431 0.179s
2024-12-14 03:08:13.840 66525 INFO tempest.lib.common.rest_client [req-0e9a437a-7bd6-4da9-9496-1458afe8c95a req-0e9a437a-7bd6-4da9-9496-1458afe8c95a ] Request (FloatingIPsAssociationTestJSON:test_associate_already_associated_floating_ip): 200 GET http://10.180.1.21/compute/v2.1/servers/419be04d-04c1-4099-bf22-e8063e4bfbae 0.141s
2024-12-14 03:08:13.884 66503 INFO tempest.lib.common.rest_client [req-9da7460c-20ca-47de-875d-63dbf1031981 req-9da7460c-20ca-47de-875d-63dbf1031981 ] Request (ServersTestFqdnHostnames:test_create_server_with_fqdn_name): 200 GET http://10.180.1.21/compute/v2.1/servers/ed8a1173-1276-4c3e-a4b9-b9f9b74d529f 0.131s
2024-12-14 03:08:13.895 66497 INFO tempest.lib.common.rest_client [req-2912fb51-4cc5-4f74-a7ca-5c6030f4d261 req-2912fb51-4cc5-4f74-a7ca-5c6030f4d261 ] Request (ServerRescueNegativeTestJSON:setUpClass): 200 GET http://10.180.1.21/compute/v2.1/servers/8864de7b-2d40-4b93-a545-ae11a605b0c6 0.080s
2024-12-14 03:08:13.933 66505 INFO tempest.lib.common.rest_client [req-209ff13d-5945-4c5f-8693-2f9ace478f2d req-209ff13d-5945-4c5f-8693-2f9ace478f2d ] Request (ImagesOneServerNegativeTestJSON:setUpClass): 200 GET http://10.180.1.21/compute/v2.1/servers/04c6f283-64fd-4122-bb25-ca8108ff5c12 0.110s
2024-12-14 03:08:13.950 66511 INFO tempest.lib.common.rest_client [req-a90367f5-d24f-4f36-aba2-c266f580189e req-a90367f5-d24f-4f36-aba2-c266f580189e ] Request (SecurityGroupsTestJSON:test_server_security_groups): 200 GET http://10.180.1.21/compute/v2.1/servers/2de8ec70-a76a-46f6-ac71-e964dbb591df 0.076s
2024-12-14 03:08:13.952 66515 INFO tempest.lib.common.rest_client [req-d13eb14d-087a-4b3f-b958-876e3bb13201 req-d13eb14d-087a-4b3f-b958-876e3bb13201 ] Request (FloatingIPsAssociationNegativeTestJSON:tearDownClass): 204 DELETE http://10.180.1.21:9696/networking/v2.0/subnets/51720049-21f6-4d30-a222-2bf408b5777d 0.182s
2024-12-14 03:08:13.991 66533 INFO tempest.lib.common.rest_client [req-e663a5c8-5719-41c3-96a9-c8832a6cae70 req-e663a5c8-5719-41c3-96a9-c8832a6cae70 ] Request (ImagesTestJSON:test_create_image_from_stopped_server): 200 GET http://10.180.1.21/compute/v2.1/servers/379c870d-bd18-448f-84d1-79dd3e465d5c 0.111s
2024-12-14 03:08:14.003 66535 INFO tempest.lib.common.rest_client [req-c39b1b7d-c610-4cbb-8ea5-2207b428f2b0 req-c39b1b7d-c610-4cbb-8ea5-2207b428f2b0 ] Request (ServersTestManualDisk:setUpClass): 200 GET http://10.180.1.21/compute/v2.1/servers/a3506fea-7782-49ef-b9b6-bf37d30b8680 0.079s
2024-12-14 03:08:14.044 66487 INFO tempest.lib.common.rest_client [req-27d5aebf-b61f-4215-afc7-66697550eb0e req-27d5aebf-b61f-4215-afc7-66697550eb0e ] Request (ServerDiagnosticsV248Test:test_get_server_diagnostics): 200 GET http://10.180.1.21/compute/v2.1/servers/b753b654-ad56-408d-94b0-49275a3faa06 0.103s
2024-12-14 03:08:14.073 66485 INFO tempest.lib.common.rest_client [req-2cc8ec44-b254-4858-9041-3b6878d9e474 req-2cc8ec44-b254-4858-9041-3b6878d9e474 ] Request (ServersAdmin275Test:_run_cleanups): 200 GET http://10.180.1.21/compute/v2.1/servers/36eadbfe-b649-4959-8fbf-6eb389646e9f 0.071s
2024-12-14 03:08:14.126 66483 INFO tempest.lib.common.rest_client [req-77978340-9ff5-4e13-b8b9-687792543e1d req-77978340-9ff5-4e13-b8b9-687792543e1d ] Request (ServersNegativeTestJSON:setUpClass): 200 GET http://10.180.1.21/compute/v2.1/servers/ebbff6cc-ef6a-4770-8a99-4f0e876b275a 0.058s
2024-12-14 03:08:14.217 66523 INFO tempest.lib.common.rest_client [req-6cd96f5f-770d-4983-809b-32f3391601f9 req-6cd96f5f-770d-4983-809b-32f3391601f9 ] Request (ServerActionsTestOtherB:setUpClass): 200 GET http://10.180.1.21/compute/v2.1/servers/2ce8fbc6-a52a-4a02-a679-4859c6496231 0.068s
2024-12-14 03:08:14.263 66528 INFO tempest.lib.common.rest_client [req-517fc50d-62c4-4d2c-986c-e7dda4aa3798 req-517fc50d-62c4-4d2c-986c-e7dda4aa3798 ] Request (MigrationsAdminTest:test_list_migrations_in_flavor_resize_situation): 200 GET http://10.180.1.21/compute/v2.1/servers/7c628f37-d966-4d1e-8f1c-429c305592db 0.163s
2024-12-14 03:08:14.269 66528 INFO tempest.common.waiters [-] State transition "RESIZE/resize_finish" ==> "VERIFY_RESIZE/None" after 44 second wait
2024-12-14 03:08:14.274 66493 INFO tempest.lib.common.rest_client [req-dd8684f2-f7dc-4722-9545-082f40e99511 req-dd8684f2-f7dc-4722-9545-082f40e99511 ] Request (ServersAdminTestJSON:test_inject_network_info): 200 GET http://10.180.1.21/compute/v2.1/servers/c33db3b7-9c39-42dc-ae25-7b1d0199b6d4 0.071s
2024-12-14 03:08:14.324 66515 INFO tempest.lib.common.rest_client [req-b0e9c8fb-58cf-423b-910a-37ed994863f7 req-b0e9c8fb-58cf-423b-910a-37ed994863f7 ] Request (FloatingIPsAssociationNegativeTestJSON:tearDownClass): 204 DELETE http://10.180.1.21:9696/networking/v2.0/networks/4abcab30-4900-4c59-9df5-2e038943782d 0.371s
2024-12-14 03:08:14.342 66528 INFO tempest.lib.common.rest_client [req-8998a3e5-e005-4d28-8860-432881c79c3e req-8998a3e5-e005-4d28-8860-432881c79c3e ] Request (MigrationsAdminTest:test_list_migrations_in_flavor_resize_situation): 204 POST http://10.180.1.21/compute/v2.1/servers/7c628f37-d966-4d1e-8f1c-429c305592db/action 0.072s
2024-12-14 03:08:14.347 66509 INFO tempest.lib.common.rest_client [req-c5c6ad08-716b-41d4-adc2-28bd5c6469bd req-c5c6ad08-716b-41d4-adc2-28bd5c6469bd ] Request (ServersV294TestFqdnHostnames:setUpClass): 200 GET http://10.180.1.21/compute/v2.1/servers/468ab348-32cd-48ec-a59a-3cb7c39093ae 0.089s
2024-12-14 03:08:14.358 66509 INFO tempest.common.waiters [-] State transition "BUILD/None" ==> "BUILD/networking" after 40 second wait
2024-12-14 03:08:14.405 66489 INFO tempest.lib.common.rest_client [req-29f0d9b3-daee-4f1a-aad8-896a5f230d27 req-29f0d9b3-daee-4f1a-aad8-896a5f230d27 ] Request (ServerMetadataNegativeTestJSON:setUpClass): 200 GET http://10.180.1.21/compute/v2.1/servers/c408d003-2be8-4509-a0a4-93ca0e9d1965 0.102s
2024-12-14 03:08:14.409 66481 INFO tempest.lib.common.rest_client [req-af19117a-ec39-43dd-a2d1-ff71058a0e4a req-af19117a-ec39-43dd-a2d1-ff71058a0e4a ] Request (DeleteServersTestJSON:test_delete_active_server): 200 GET http://10.180.1.21/compute/v2.1/servers/d7dbfb24-f031-4891-864b-6f05d3a9bafe 0.070s
2024-12-14 03:08:14.446 66515 INFO tempest.lib.common.rest_client [req-8158eb16-3623-490c-8168-4e6f949dca9e req-8158eb16-3623-490c-8168-4e6f949dca9e ] Request (FloatingIPsAssociationNegativeTestJSON:tearDownClass): 204 DELETE http://10.180.1.21/identity/v3/users/200acb5e4e524ff29cc49241eaa02d00 0.121s
2024-12-14 03:08:14.446 66515 INFO tempest.lib.common.dynamic_creds [-] Deleting project and security group for project: a6f2107baae549f68a28693e7b0a2177
2024-12-14 03:08:14.476 66495 INFO tempest.lib.common.rest_client [req-31639d64-b1fa-4500-a55d-1aa0eaa8f698 req-31639d64-b1fa-4500-a55d-1aa0eaa8f698 ] Request (ServersTestJSON:test_create_server_specify_multibyte_character_name): 200 GET http://10.180.1.21/compute/v2.1/servers/3d1735e1-4302-4891-9230-5fb564800cda 0.059s
2024-12-14 03:08:14.482 66529 WARNING tempest.lib.common.ssh [-] Failed to establish authenticated ssh connection to cirros@10.180.180.172 ([Errno None] Unable to connect to port 22 on 10.180.180.172). Number attempts: 5. Retry after 6 seconds.: paramiko.ssh_exception.NoValidConnectionsError: [Errno None] Unable to connect to port 22 on 10.180.180.172
2024-12-14 03:08:14.514 66515 INFO tempest.lib.common.rest_client [req-b475ce51-7539-460a-a81a-3bb195326129 req-b475ce51-7539-460a-a81a-3bb195326129 ] Request (FloatingIPsAssociationNegativeTestJSON:tearDownClass): 200 GET http://10.180.1.21:9696/networking/v2.0/security-groups?tenant_id=a6f2107baae549f68a28693e7b0a2177&name=default 0.068s
2024-12-14 03:08:14.543 66528 INFO tempest.lib.common.rest_client [req-a74f1e3e-0fe5-4056-82bb-8f0ad608159c req-a74f1e3e-0fe5-4056-82bb-8f0ad608159c ] Request (MigrationsAdminTest:test_list_migrations_in_flavor_resize_situation): 200 GET http://10.180.1.21/compute/v2.1/servers/7c628f37-d966-4d1e-8f1c-429c305592db 0.200s
2024-12-14 03:08:14.599 66519 INFO tempest.lib.common.rest_client [req-a1355716-d73c-40da-8b82-5284b2158366 req-a1355716-d73c-40da-8b82-5284b2158366 ] Request (ServersAaction247Test:test_create_backup): 200 GET http://10.180.1.21/compute/v2.1/servers/92b2109a-f7b1-41ea-8189-ab44b8606c09 0.098s
2024-12-14 03:08:14.600 66537 INFO tempest.lib.common.rest_client [req-77340bce-2f0f-45a7-b049-4a712060ea51 req-77340bce-2f0f-45a7-b049-4a712060ea51 ] Request (DeleteServersAdminTestJSON:test_delete_server_while_in_error_state): 200 GET http://10.180.1.21/compute/v2.1/servers/f64661b9-8a73-4152-8299-679864409724 0.173s
2024-12-14 03:08:14.609 66537 INFO tempest.common.waiters [-] State transition "BUILD/spawning" ==> "ACTIVE/None" after 43 second wait
2024-12-14 03:08:14.623 66515 INFO tempest.lib.common.rest_client [req-5be29580-1c74-4048-a5d0-e60413d89984 req-5be29580-1c74-4048-a5d0-e60413d89984 ] Request (FloatingIPsAssociationNegativeTestJSON:tearDownClass): 204 DELETE http://10.180.1.21:9696/networking/v2.0/security-groups/1c80b1e2-2522-44c0-afa0-f4e40cd70179 0.109s
2024-12-14 03:08:14.650 66531 INFO tempest.lib.common.rest_client [req-00c2ed60-0fc0-478e-86eb-60627e6cb822 req-00c2ed60-0fc0-478e-86eb-60627e6cb822 ] Request (ServersTestMultiNic:test_verify_duplicate_network_nics): 200 GET http://10.180.1.21/compute/v2.1/servers/4ed0a788-ff15-4aff-89d3-73deb1dbbc69 0.093s
2024-12-14 03:08:14.668 66537 INFO tempest.lib.common.rest_client [req-8e4bea3f-9333-4a79-b983-d9510bc7fd17 req-8e4bea3f-9333-4a79-b983-d9510bc7fd17 ] Request (DeleteServersAdminTestJSON:test_delete_server_while_in_error_state): 202 POST http://10.180.1.21/compute/v2.1/servers/f64661b9-8a73-4152-8299-679864409724/action 0.058s
2024-12-14 03:08:14.716 66521 INFO tempest.lib.common.rest_client [req-a471dd92-cc6d-41f7-b965-c156994fba5c req-a471dd92-cc6d-41f7-b965-c156994fba5c ] Request (ServersAdminNegativeTestJSON:tearDownClass): 200 GET http://10.180.1.21/compute/v2.1/servers/83859393-d5b2-4e02-9e39-4672a02616d8 0.104s
2024-12-14 03:08:14.718 66515 INFO tempest.lib.common.rest_client [req-65327fc7-92b8-4ec3-ac3b-2914f65bea07 req-65327fc7-92b8-4ec3-ac3b-2914f65bea07 ] Request (FloatingIPsAssociationNegativeTestJSON:tearDownClass): 204 DELETE http://10.180.1.21/identity/v3/projects/a6f2107baae549f68a28693e7b0a2177 0.094s
2024-12-14 03:08:14.723 66521 INFO tempest.common.waiters [-] State transition "SUSPENDED/deleting" ==> "DELETED/None" after 3 second wait
2024-12-14 03:08:14.788 66515 INFO tempest.lib.common.rest_client [req-e50d7550-e591-4a6d-817e-bf8bf78fb4be req-e50d7550-e591-4a6d-817e-bf8bf78fb4be ] Request (MultipleCreateTestJSON:setUpClass): 201 POST http://10.180.1.21/identity/v3/auth/tokens 0.067s
2024-12-14 03:08:14.801 66537 INFO tempest.lib.common.rest_client [req-a7d58c27-b034-486c-a5ef-43ed1c08e20a req-a7d58c27-b034-486c-a5ef-43ed1c08e20a ] Request (DeleteServersAdminTestJSON:test_delete_server_while_in_error_state): 200 GET http://10.180.1.21/compute/v2.1/servers/f64661b9-8a73-4152-8299-679864409724 0.133s
2024-12-14 03:08:14.826 66515 INFO tempest.lib.common.rest_client [req-a6c9da2d-ec2a-43b6-8c12-ca766868bd0e req-a6c9da2d-ec2a-43b6-8c12-ca766868bd0e ] Request (MultipleCreateTestJSON:setUpClass): 201 POST http://10.180.1.21/identity/v3/auth/tokens 0.036s
2024-12-14 03:08:14.867 66515 INFO tempest.lib.common.rest_client [req-109cede9-dac1-4794-986b-3c5484ef1f70 req-109cede9-dac1-4794-986b-3c5484ef1f70 ] Request (MultipleCreateTestJSON:setUpClass): 200 GET http://10.180.1.21/identity/v3/domains?name=Default 0.040s
2024-12-14 03:08:14.891 66537 INFO tempest.lib.common.rest_client [req-9afa2efd-3f64-4842-bcbd-d2c194093e22 req-9afa2efd-3f64-4842-bcbd-d2c194093e22 ] Request (DeleteServersAdminTestJSON:test_delete_server_while_in_error_state): 204 DELETE http://10.180.1.21/compute/v2.1/servers/f64661b9-8a73-4152-8299-679864409724 0.078s
2024-12-14 03:08:14.905 66515 INFO tempest.lib.common.rest_client [req-d6fde0e1-91f8-496a-a8a2-17aa50cb4368 req-d6fde0e1-91f8-496a-a8a2-17aa50cb4368 ] Request (MultipleCreateTestJSON:setUpClass): 201 POST http://10.180.1.21/identity/v3/projects 0.037s
2024-12-14 03:08:14.967 66515 INFO tempest.lib.common.rest_client [req-3df47b13-3c1a-4a12-a67d-6e55746af02c req-3df47b13-3c1a-4a12-a67d-6e55746af02c ] Request (MultipleCreateTestJSON:setUpClass): 201 POST http://10.180.1.21/identity/v3/users 0.062s
2024-12-14 03:08:14.995 66515 INFO tempest.lib.common.rest_client [req-e2a22d0b-78af-483a-a71a-59ecfce4d919 req-e2a22d0b-78af-483a-a71a-59ecfce4d919 ] Request (MultipleCreateTestJSON:setUpClass): 200 GET http://10.180.1.21/identity/v3/roles 0.027s
2024-12-14 03:08:15.038 66515 INFO tempest.lib.common.rest_client [req-86cc77a7-ae57-4440-bb6d-fb7e17b3608d req-86cc77a7-ae57-4440-bb6d-fb7e17b3608d ] Request (MultipleCreateTestJSON:setUpClass): 204 PUT http://10.180.1.21/identity/v3/projects/0772e2c7de5c4986b4e9f092817fad60/users/e2b8786b0d8e4a44b833a43f835bada0/roles/0313dd5cf6614c38b00020752d722e63 0.042s
2024-12-14 03:08:15.038 66515 INFO tempest.lib.common.dynamic_creds [-] Dynamic test user e2b8786b0d8e4a44b833a43f835bada0 is created with scope project and roles: ['member']
2024-12-14 03:08:15.039 66515 INFO tempest.lib.common.dynamic_creds [-] Acquired dynamic creds: credentials: Credentials: {'domain_id': 'default', 'domain_name': 'Default', 'username': 'tempest-MultipleCreateTestJSON-335648920-project-member', 'project_domain_id': 'default', 'project_domain_name': 'Default', 'project_id': '0772e2c7de5c4986b4e9f092817fad60', 'project_name': 'tempest-MultipleCreateTestJSON-335648920', 'tenant_id': '0772e2c7de5c4986b4e9f092817fad60', 'tenant_name': 'tempest-MultipleCreateTestJSON-335648920', 'user_domain_id': 'default', 'user_domain_name': 'Default', 'user_id': 'e2b8786b0d8e4a44b833a43f835bada0', 'system': None}, Network: None, Subnet: None, Router: None
2024-12-14 03:08:15.077 66491 INFO tempest.lib.common.rest_client [req-105050a1-42d3-4e57-937e-3a2dcd4c6ef7 req-105050a1-42d3-4e57-937e-3a2dcd4c6ef7 ] Request (AttachInterfacesV270Test:test_create_get_list_interfaces): 200 GET http://10.180.1.21/compute/v2.1/servers/8426c441-9234-499d-8a72-dc41f32e864e 0.308s
2024-12-14 03:08:15.078 66517 INFO tempest.lib.common.rest_client [req-b28bd6fc-d9bb-4375-b399-c13133dcad84 req-b28bd6fc-d9bb-4375-b399-c13133dcad84 ] Request (InstanceActionsV221TestJSON:test_get_list_deleted_instance_actions): 200 GET http://10.180.1.21/compute/v2.1/servers/dbb1f8dd-1059-49d5-9aa1-03076b234431 0.241s
2024-12-14 03:08:15.121 66515 INFO tempest.lib.common.rest_client [req-af1e437b-e60d-4b32-be60-5d4728e1bb59 req-af1e437b-e60d-4b32-be60-5d4728e1bb59 ] Request (MultipleCreateTestJSON:setUpClass): 201 POST http://10.180.1.21/identity/v3/auth/tokens 0.082s
2024-12-14 03:08:15.133 66503 INFO tempest.lib.common.rest_client [req-332ad85d-4ab1-40da-91a0-d49264196ae2 req-332ad85d-4ab1-40da-91a0-d49264196ae2 ] Request (ServersTestFqdnHostnames:test_create_server_with_fqdn_name): 200 GET http://10.180.1.21/compute/v2.1/servers/ed8a1173-1276-4c3e-a4b9-b9f9b74d529f 0.242s
2024-12-14 03:08:15.137 66525 INFO tempest.lib.common.rest_client [req-0176b9ab-9b1b-4fe3-ac92-d700ad79375d req-0176b9ab-9b1b-4fe3-ac92-d700ad79375d ] Request (FloatingIPsAssociationTestJSON:test_associate_already_associated_floating_ip): 200 GET http://10.180.1.21/compute/v2.1/servers/419be04d-04c1-4099-bf22-e8063e4bfbae 0.284s
2024-12-14 03:08:15.198 66497 INFO tempest.lib.common.rest_client [req-a0d50117-94e2-41c4-bf82-c7fc608bb7b9 req-a0d50117-94e2-41c4-bf82-c7fc608bb7b9 ] Request (ServerRescueNegativeTestJSON:setUpClass): 200 GET http://10.180.1.21/compute/v2.1/servers/8864de7b-2d40-4b93-a545-ae11a605b0c6 0.294s
2024-12-14 03:08:15.246 66537 INFO tempest.lib.common.rest_client [req-8170f26e-b900-47db-97a6-220ae5da7ed9 req-8170f26e-b900-47db-97a6-220ae5da7ed9 ] Request (DeleteServersAdminTestJSON:test_delete_server_while_in_error_state): 200 GET http://10.180.1.21/compute/v2.1/servers/f64661b9-8a73-4152-8299-679864409724 0.354s
