2024-12-14 03:07:25.267 66523 INFO tempest.lib.common.dynamic_creds [-] Created isolated network resources for: credentials: Credentials: {'domain_id': 'default', 'domain_name': 'Default', 'username': 'tempest-ServerActionsTestOtherB-546018803-project-member', 'project_domain_id': 'default', 'project_domain_name': 'Default', 'project_id': '0dc137df952d4bf083ec4e7bbd0f608f', 'project_name': 'tempest-ServerActionsTestOtherB-546018803', 'tenant_id': '0dc137df952d4bf083ec4e7bbd0f608f', 'tenant_name': 'tempest-ServerActionsTestOtherB-546018803', 'user_domain_id': 'default', 'user_domain_name': 'Default', 'user_id': 'c2e46c9fe6764394a8414b4ffb26d5f3', 'system': None}, Network: {'id': '90466f4d-7128-4987-bc01-87d9a84c9e53', 'name': 'tempest-ServerActionsTestOtherB-1256185078-network', 'tenant_id': '0dc137df952d4bf083ec4e7bbd0f608f', 'admin_state_up': True, 'mtu': 8950, 'status': 'ACTIVE', 'subnets': [], 'shared': False, 'project_id': '0dc137df952d4bf083ec4e7bbd0f608f', 'port_security_enabled': True, 'router:external': False, 'provider:network_type': 'vlan', 'provider:physical_network': 'default', 'provider:segmentation_id': 858, 'availability_zone_hints': [], 'availability_zones': [], 'ipv4_address_scope': None, 'ipv6_address_scope': None, 'description': '', 'tags': [], 'created_at': '2024-12-14T03:07:19Z', 'updated_at': '2024-12-14T03:07:19Z', 'revision_number': 1}, Subnet: {'id': 'e8ef143c-96e3-419f-b325-c4395f061a5c', 'name': 'tempest-ServerActionsTestOtherB-1256185078-subnet', 'tenant_id': '0dc137df952d4bf083ec4e7bbd0f608f', 'network_id': '90466f4d-7128-4987-bc01-87d9a84c9e53', 'ip_version': 4, 'subnetpool_id': None, 'enable_dhcp': True, 'ipv6_ra_mode': None, 'ipv6_address_mode': None, 'gateway_ip': '192.168.128.1', 'cidr': '192.168.128.0/28', 'allocation_pools': [{'start': '192.168.128.2', 'end': '192.168.128.14'}], 'host_routes': [], 'dns_nameservers': [], 'description': '', 'router:external': False, 'service_types': [], 'tags': [], 'created_at': '2024-12-14T03:07:20Z', 'updated_at': '2024-12-14T03:07:20Z', 'revision_number': 0, 'project_id': '0dc137df952d4bf083ec4e7bbd0f608f'}, Router: {'id': 'b0c2c157-113a-4b45-8c00-d403b8b5427f', 'name': 'tempest-ServerActionsTestOtherB-1256185078-router', 'tenant_id': '0dc137df952d4bf083ec4e7bbd0f608f', 'admin_state_up': True, 'status': 'ACTIVE', 'external_gateway_info': {'network_id': '91037f0d-8c7b-4430-bbd7-c468959acd84', 'external_fixed_ips': [{'subnet_id': '4c654941-1208-45c8-ab8a-c62739bf3105', 'ip_address': '10.180.180.209'}], 'enable_snat': True}, 'description': '', 'availability_zones': [], 'distributed': False, 'ha': False, 'availability_zone_hints': [], 'routes': [], 'flavor_id': None, 'tags': [], 'created_at': '2024-12-14T03:07:20Z', 'updated_at': '2024-12-14T03:07:21Z', 'revision_number': 2, 'project_id': '0dc137df952d4bf083ec4e7bbd0f608f'}
2024-12-14 03:07:25.302 66513 INFO tempest.lib.common.rest_client [req-13473261-f793-41d9-aa10-5b56ea674e6f req-13473261-f793-41d9-aa10-5b56ea674e6f ] Request (VolumesTestJSON:tearDownClass): 404 GET http://10.180.1.21/volume/v3/volumes/ca31e2df-9399-4087-8c1d-401aaa3777a3 0.020s
2024-12-14 03:07:25.360 66523 INFO tempest.lib.common.rest_client [req-06618c35-c4ff-4cbd-b024-580ce534af47 req-06618c35-c4ff-4cbd-b024-580ce534af47 ] Request (ServerActionsTestOtherB:setUpClass): 201 POST http://10.180.1.21/identity/v3/auth/tokens 0.089s
2024-12-14 03:07:25.369 66513 INFO tempest.lib.common.rest_client [req-969f9b3d-ad1a-4590-bb7e-18543050332f req-969f9b3d-ad1a-4590-bb7e-18543050332f ] Request (VolumesTestJSON:tearDownClass): 202 DELETE http://10.180.1.21/volume/v3/volumes/1d57212b-a1ce-4af5-9c22-204558d1c084 0.066s
2024-12-14 03:07:25.379 66539 INFO tempest.lib.common.rest_client [req-40425056-f8b4-409f-9833-9e8d31b9bb8b req-40425056-f8b4-409f-9833-9e8d31b9bb8b ] Request (ServersWithSpecificFlavorTestJSON:test_verify_created_server_ephemeral_disk): 200 GET http://10.180.1.21/compute/v2.1/servers/878f2943-d443-4c4d-b09b-5972bbd06d9b 2.108s
2024-12-14 03:07:25.393 66539 INFO tempest.common.waiters [-] State transition "BUILD/None" ==> "BUILD/spawning" after 19 second wait
2024-12-14 03:07:25.395 66541 INFO tempest.lib.common.rest_client [req-3db24631-419b-48ea-8af7-46cf39bc39f5 req-3db24631-419b-48ea-8af7-46cf39bc39f5 ] Request (VolumesAssistedSnapshotsTest:test_volume_assisted_snapshot_create_delete): 200 GET http://10.180.1.21/compute/v2.1/servers/7dfe7984-450c-4e93-a313-8ee4be75cf77 1.679s
2024-12-14 03:07:25.396 66519 INFO tempest.lib.common.rest_client [req-e3e413fc-1661-46a4-96f4-454a77f75304 req-e3e413fc-1661-46a4-96f4-454a77f75304 ] Request (FlavorsAccessNegativeTestJSON:tearDownClass): 204 DELETE http://10.180.1.21/identity/v3/users/dee845aab9714cc59e9fc3421b1aee64 0.174s
2024-12-14 03:07:25.396 66519 INFO tempest.lib.common.dynamic_creds [-] Deleting project and security group for project: d350d5b89c474d619bf8a5b73f9846f7
2024-12-14 03:07:25.402 66541 INFO tempest.common.waiters [-] State transition "BUILD/spawning" ==> "ACTIVE/None" after 26 second wait
2024-12-14 03:07:25.413 66513 INFO tempest.lib.common.rest_client [req-e4d48849-8710-4b11-ae00-ca509d811c04 req-e4d48849-8710-4b11-ae00-ca509d811c04 ] Request (VolumesTestJSON:tearDownClass): 200 GET http://10.180.1.21/volume/v3/volumes/1d57212b-a1ce-4af5-9c22-204558d1c084 0.043s
2024-12-14 03:07:25.428 66497 INFO tempest.lib.common.rest_client [req-8a866ff6-6d7b-4161-8247-3b776fe17499 req-8a866ff6-6d7b-4161-8247-3b776fe17499 ] Request (SecurityGroupRulesTestJSON:tearDownClass): 204 DELETE http://10.180.1.21:9696/networking/v2.0/networks/4a7725d3-3627-472d-adf3-a1c314bd9f4e 1.014s
2024-12-14 03:07:25.431 66503 INFO tempest.lib.common.rest_client [req-1c71e646-8462-4020-a189-f9b9c1f5fd89 req-1c71e646-8462-4020-a189-f9b9c1f5fd89 ] Request (ImagesMetadataTestJSON:tearDownClass): 200 GET http://10.180.1.21:9696/networking/v2.0/security-groups?tenant_id=220d5e723d574c11a3a8675b2d3e809b&name=default 0.536s
2024-12-14 03:07:25.480 66481 INFO tempest.lib.common.rest_client [req-6f34ca12-6c29-439d-a265-d787b621d7fc req-6f34ca12-6c29-439d-a265-d787b621d7fc ] Request (DeleteServersTestJSON:test_delete_active_server): 200 GET http://10.180.1.21/compute/v2.1/servers/d7dbfb24-f031-4891-864b-6f05d3a9bafe 1.621s
2024-12-14 03:07:25.490 66481 INFO tempest.common.waiters [-] State transition "BUILD/scheduling" ==> "BUILD/None" after 11 second wait
2024-12-14 03:07:25.522 66519 INFO tempest.lib.common.rest_client [req-321404a3-a13a-4e8d-aa77-b37b1a894099 req-321404a3-a13a-4e8d-aa77-b37b1a894099 ] Request (FlavorsAccessNegativeTestJSON:tearDownClass): 201 POST http://10.180.1.21/identity/v3/auth/tokens 0.125s
2024-12-14 03:07:25.556 66533 INFO tempest.lib.common.rest_client [req-359f2916-5be4-4ab5-aa03-3fe16913d126 req-359f2916-5be4-4ab5-aa03-3fe16913d126 ] Request (TenantUsagesTestJSON:test_get_usage_tenant): 200 GET http://10.180.1.21/compute/v2.1/os-simple-tenant-usage/c55c000ba9be4a168b9018920e1afe83?start=2024-12-13T03%3A07%3A23.725699&end=2024-12-15T03%3A07%3A23.725699 1.830s
2024-12-14 03:07:25.599 66497 INFO tempest.lib.common.rest_client [req-32ccea59-ec7b-4ba5-b87d-47954589083b req-32ccea59-ec7b-4ba5-b87d-47954589083b ] Request (SecurityGroupRulesTestJSON:tearDownClass): 204 DELETE http://10.180.1.21/identity/v3/users/6ee4fc686af64fe7a5b0f0658645cf31 0.170s
2024-12-14 03:07:25.600 66497 INFO tempest.lib.common.dynamic_creds [-] Deleting project and security group for project: 79f9a27ffe6549a7ae0a2a5cce899083
2024-12-14 03:07:25.608 66531 INFO tempest.lib.common.rest_client [req-9d999bfe-2c9d-41b8-bd28-6ce6c24cf689 req-9d999bfe-2c9d-41b8-bd28-6ce6c24cf689 ] Request (ServerDiagnosticsNegativeTest:test_get_server_diagnostics_by_non_admin): 403 GET http://10.180.1.21/compute/v2.1/servers/e373f33a-c3a8-4cf8-bf4c-d096bc0b040e/diagnostics 1.494s
2024-12-14 03:07:25.635 66509 INFO tempest.lib.common.rest_client [req-0b194cf1-66ec-4e8f-844b-e15ae56f487f req-0b194cf1-66ec-4e8f-844b-e15ae56f487f ] Request (ServersV294TestFqdnHostnames:setUpClass): 200 PUT http://10.180.1.21:9696/networking/v2.0/routers/6914aa31-c582-424e-9d8a-fec92bd8b850/add_router_interface 3.718s
2024-12-14 03:07:25.636 66509 INFO tempest.lib.common.dynamic_creds [-] Created isolated network resources for: credentials: Credentials: {'domain_id': 'default', 'domain_name': 'Default', 'username': 'tempest-ServersV294TestFqdnHostnames-1997496142-project-member', 'project_domain_id': 'default', 'project_domain_name': 'Default', 'project_id': '67c0351770844477a40859fdd0b880fb', 'project_name': 'tempest-ServersV294TestFqdnHostnames-1997496142', 'tenant_id': '67c0351770844477a40859fdd0b880fb', 'tenant_name': 'tempest-ServersV294TestFqdnHostnames-1997496142', 'user_domain_id': 'default', 'user_domain_name': 'Default', 'user_id': '9eecc1b6e0ff47d1a1c30b9a4afa5902', 'system': None}, Network: {'id': '90addf6f-0103-463c-b932-09265db1d9fc', 'name': 'tempest-ServersV294TestFqdnHostnames-630654089-network', 'tenant_id': '67c0351770844477a40859fdd0b880fb', 'admin_state_up': True, 'mtu': 8950, 'status': 'ACTIVE', 'subnets': [], 'shared': False, 'project_id': '67c0351770844477a40859fdd0b880fb', 'port_security_enabled': True, 'router:external': False, 'provider:network_type': 'vlan', 'provider:physical_network': 'default', 'provider:segmentation_id': 509, 'availability_zone_hints': [], 'availability_zones': [], 'ipv4_address_scope': None, 'ipv6_address_scope': None, 'description': '', 'tags': [], 'created_at': '2024-12-14T03:07:19Z', 'updated_at': '2024-12-14T03:07:19Z', 'revision_number': 1}, Subnet: {'id': '597860b1-622c-4825-9fe3-49547795b118', 'name': 'tempest-ServersV294TestFqdnHostnames-630654089-subnet', 'tenant_id': '67c0351770844477a40859fdd0b880fb', 'network_id': '90addf6f-0103-463c-b932-09265db1d9fc', 'ip_version': 4, 'subnetpool_id': None, 'enable_dhcp': True, 'ipv6_ra_mode': None, 'ipv6_address_mode': None, 'gateway_ip': '192.168.128.1', 'cidr': '192.168.128.0/28', 'allocation_pools': [{'start': '192.168.128.2', 'end': '192.168.128.14'}], 'host_routes': [], 'dns_nameservers': [], 'description': '', 'router:external': False, 'service_types': [], 'tags': [], 'created_at': '2024-12-14T03:07:19Z', 'updated_at': '2024-12-14T03:07:19Z', 'revision_number': 0, 'project_id': '67c0351770844477a40859fdd0b880fb'}, Router: {'id': '6914aa31-c582-424e-9d8a-fec92bd8b850', 'name': 'tempest-ServersV294TestFqdnHostnames-630654089-router', 'tenant_id': '67c0351770844477a40859fdd0b880fb', 'admin_state_up': True, 'status': 'ACTIVE', 'external_gateway_info': {'network_id': '91037f0d-8c7b-4430-bbd7-c468959acd84', 'external_fixed_ips': [{'subnet_id': '4c654941-1208-45c8-ab8a-c62739bf3105', 'ip_address': '10.180.180.237'}], 'enable_snat': True}, 'description': '', 'availability_zones': [], 'distributed': False, 'ha': False, 'availability_zone_hints': [], 'routes': [], 'flavor_id': None, 'tags': [], 'created_at': '2024-12-14T03:07:20Z', 'updated_at': '2024-12-14T03:07:20Z', 'revision_number': 2, 'project_id': '67c0351770844477a40859fdd0b880fb'}
2024-12-14 03:07:25.679 66535 INFO tempest.lib.common.rest_client [req-16abfa47-3590-4925-b64d-9d914c2680eb req-16abfa47-3590-4925-b64d-9d914c2680eb ] Request (QuotaClassesAdminTestJSON:_run_cleanups): 200 PUT http://10.180.1.21/compute/v2.1/os-quota-class-sets/default 1.537s
2024-12-14 03:07:25.680 66497 INFO tempest.lib.common.rest_client [req-fb52eee5-6518-45b6-9901-6cddbef604ff req-fb52eee5-6518-45b6-9901-6cddbef604ff ] Request (SecurityGroupRulesTestJSON:tearDownClass): 200 GET http://10.180.1.21:9696/networking/v2.0/security-groups?tenant_id=79f9a27ffe6549a7ae0a2a5cce899083&name=default 0.080s
2024-12-14 03:07:25.687 66505 INFO tempest.lib.common.rest_client [req-e23d31e4-742f-4dab-b79b-a1ad4e0f5d78 req-e23d31e4-742f-4dab-b79b-a1ad4e0f5d78 ] Request (AggregatesAdminNegativeTestJSON:test_aggregate_list_as_user): 403 GET http://10.180.1.21/compute/v2.1/os-aggregates 1.493s
2024-12-14 03:07:25.689 66503 INFO tempest.lib.common.rest_client [req-4a9afb12-a759-4350-b731-ee6787cc7d53 req-4a9afb12-a759-4350-b731-ee6787cc7d53 ] Request (ImagesMetadataTestJSON:tearDownClass): 204 DELETE http://10.180.1.21:9696/networking/v2.0/security-groups/2c60b1e1-4c22-47d9-b4f9-b7bd17195ac6 0.258s
2024-12-14 03:07:25.773 66509 INFO tempest.lib.common.rest_client [req-d5879073-9403-47d1-b3af-638f9fd4c6ef req-d5879073-9403-47d1-b3af-638f9fd4c6ef ] Request (ServersV294TestFqdnHostnames:setUpClass): 201 POST http://10.180.1.21/identity/v3/auth/tokens 0.131s
2024-12-14 03:07:25.844 66503 INFO tempest.lib.common.rest_client [req-30124bba-ac67-472d-9b37-a75ff94157bb req-30124bba-ac67-472d-9b37-a75ff94157bb ] Request (ImagesMetadataTestJSON:tearDownClass): 204 DELETE http://10.180.1.21/identity/v3/projects/220d5e723d574c11a3a8675b2d3e809b 0.155s
2024-12-14 03:07:25.844 66528 INFO tempest.lib.common.rest_client [req-65fa14ca-35aa-404c-a0e4-1f5b9055d012 req-65fa14ca-35aa-404c-a0e4-1f5b9055d012 ] Request (MigrationsAdminTest:test_list_migrations_in_flavor_resize_situation): 200 GET http://10.180.1.21/compute/v2.1/servers/7c628f37-d966-4d1e-8f1c-429c305592db 1.620s
2024-12-14 03:07:25.852 66528 INFO tempest.common.waiters [-] State transition "BUILD/spawning" ==> "ACTIVE/None" after 21 second wait
2024-12-14 03:07:25.855 66535 INFO tempest.lib.common.rest_client [req-41564d54-b006-47c9-8351-920448bfb067 req-41564d54-b006-47c9-8351-920448bfb067 ] Request (QuotaClassesAdminTestJSON:tearDownClass): 204 DELETE http://10.180.1.21/identity/v3/users/dd37f75673484b5d8ff5a6bb53f648f3 0.113s
2024-12-14 03:07:25.931 66529 INFO tempest.lib.common.rest_client [req-9ae25177-b218-4f21-90f3-63a98b10f17b req-9ae25177-b218-4f21-90f3-63a98b10f17b ] Request (AttachInterfacesUnderV243Test:test_add_remove_fixed_ip): 200 GET http://10.180.1.21/compute/v2.1/servers/0b21b2e2-3462-4388-99d5-6c7f35ba65c8 1.592s
2024-12-14 03:07:25.934 66503 INFO tempest.lib.common.rest_client [req-c39897d4-2dae-4890-a024-44d596a0c799 req-c39897d4-2dae-4890-a024-44d596a0c799 ] Request (AZV2TestJSON:setUpClass): 201 POST http://10.180.1.21/identity/v3/auth/tokens 0.088s
2024-12-14 03:07:25.966 66497 INFO tempest.lib.common.rest_client [req-d8a15ae7-4ec3-4b03-9dc9-2445afcb4c2a req-d8a15ae7-4ec3-4b03-9dc9-2445afcb4c2a ] Request (SecurityGroupRulesTestJSON:tearDownClass): 204 DELETE http://10.180.1.21:9696/networking/v2.0/security-groups/72355cfb-5537-4754-b989-dd951968e9d2 0.285s
2024-12-14 03:07:25.980 66535 INFO tempest.lib.common.rest_client [req-b13e156a-c2ac-4ad6-8226-e79382f7bcf8 req-b13e156a-c2ac-4ad6-8226-e79382f7bcf8 ] Request (QuotaClassesAdminTestJSON:tearDownClass): 204 DELETE http://10.180.1.21/identity/v3/users/d46c2db46b8847379a4af23564e67891 0.124s
2024-12-14 03:07:25.981 66535 INFO tempest.lib.common.dynamic_creds [-] Deleting project and security group for project: e1c5d68163f84519a6e1d2766f4ad672
2024-12-14 03:07:26.005 66503 INFO tempest.lib.common.rest_client [req-e5bcd4a4-10d9-4053-8029-69b9622f29a0 req-e5bcd4a4-10d9-4053-8029-69b9622f29a0 ] Request (AZV2TestJSON:setUpClass): 201 POST http://10.180.1.21/identity/v3/auth/tokens 0.068s
2024-12-14 03:07:26.021 66519 INFO tempest.lib.common.rest_client [req-0986969f-cb75-4bc7-9ee4-343f12475994 req-0986969f-cb75-4bc7-9ee4-343f12475994 ] Request (FlavorsAccessNegativeTestJSON:tearDownClass): 200 GET http://10.180.1.21:9696/networking/v2.0/security-groups?tenant_id=d350d5b89c474d619bf8a5b73f9846f7&name=default 0.499s
2024-12-14 03:07:26.049 66489 INFO tempest.lib.common.rest_client [req-2817389b-554f-4f60-a4e8-98988e83eb7a req-2817389b-554f-4f60-a4e8-98988e83eb7a ] Request (ServerDiagnosticsTest:tearDownClass): 200 GET http://10.180.1.21/compute/v2.1/servers/15cb1e71-3702-4f64-a49c-1526dde5e8f9 1.631s
2024-12-14 03:07:26.072 66483 INFO tempest.lib.common.rest_client [req-ef98eb1a-2a8f-4a29-a331-b119c5565d2c req-ef98eb1a-2a8f-4a29-a331-b119c5565d2c ] Request (ServicesAdminNegativeV253TestJSON:test_enable_service_with_invalid_service_id): 404 PUT http://10.180.1.21/compute/v2.1/os-services/fe87ad2a-78fa-46c2-8015-8605c9589ee4 1.646s
2024-12-14 03:07:26.094 66487 INFO tempest.lib.common.rest_client [req-76c95204-4411-4539-9691-b25a5d60802c req-76c95204-4411-4539-9691-b25a5d60802c ] Request (FlavorsAdminTestJSON:test_is_public_string_variations): 200 POST http://10.180.1.21/compute/v2.1/flavors 1.645s
2024-12-14 03:07:26.115 66535 INFO tempest.lib.common.rest_client [req-4d0ec87b-220a-492f-903e-531f4afabf9f req-4d0ec87b-220a-492f-903e-531f4afabf9f ] Request (QuotaClassesAdminTestJSON:tearDownClass): 201 POST http://10.180.1.21/identity/v3/auth/tokens 0.133s
2024-12-14 03:07:26.124 66497 INFO tempest.lib.common.rest_client [req-bfc6e919-12db-429a-8361-a336dc91b402 req-bfc6e919-12db-429a-8361-a336dc91b402 ] Request (SecurityGroupRulesTestJSON:tearDownClass): 204 DELETE http://10.180.1.21/identity/v3/projects/79f9a27ffe6549a7ae0a2a5cce899083 0.157s
2024-12-14 03:07:26.205 66503 INFO tempest.lib.common.rest_client [req-e4c95b5c-3260-47d4-b66f-aeec0523eced req-e4c95b5c-3260-47d4-b66f-aeec0523eced ] Request (AZV2TestJSON:setUpClass): 200 GET http://10.180.1.21/identity/v3/domains?name=Default 0.199s
2024-12-14 03:07:26.235 66519 INFO tempest.lib.common.rest_client [req-d00bfdc8-7a9b-407e-9652-30609db32ed2 req-d00bfdc8-7a9b-407e-9652-30609db32ed2 ] Request (FlavorsAccessNegativeTestJSON:tearDownClass): 204 DELETE http://10.180.1.21:9696/networking/v2.0/security-groups/b5c2c02c-95d3-458e-b2c9-49b0090efd43 0.213s
2024-12-14 03:07:26.245 66497 INFO tempest.lib.common.rest_client [req-12405d75-e47f-46f0-8b80-8e2f4c74078c req-12405d75-e47f-46f0-8b80-8e2f4c74078c ] Request (ServerRescueNegativeTestJSON:setUpClass): 201 POST http://10.180.1.21/identity/v3/auth/tokens 0.119s
2024-12-14 03:07:26.266 66503 INFO tempest.lib.common.rest_client [req-965f63a9-0b03-4bb8-a923-f044e7f8693c req-965f63a9-0b03-4bb8-a923-f044e7f8693c ] Request (AZV2TestJSON:setUpClass): 201 POST http://10.180.1.21/identity/v3/projects 0.060s
2024-12-14 03:07:26.322 66519 INFO tempest.lib.common.rest_client [req-cd540427-376f-4f4e-a94e-3e1fc0dd3c63 req-cd540427-376f-4f4e-a94e-3e1fc0dd3c63 ] Request (FlavorsAccessNegativeTestJSON:tearDownClass): 204 DELETE http://10.180.1.21/identity/v3/projects/d350d5b89c474d619bf8a5b73f9846f7 0.086s
2024-12-14 03:07:26.323 66519 INFO tempest.lib.common.dynamic_creds [-] Deleting project and security group for project: b94365f3eb1240f3879a52d3687cd16d
2024-12-14 03:07:26.347 66497 INFO tempest.lib.common.rest_client [req-ca7e501d-27a3-441b-856a-e907f2d7be1c req-ca7e501d-27a3-441b-856a-e907f2d7be1c ] Request (ServerRescueNegativeTestJSON:setUpClass): 201 POST http://10.180.1.21/identity/v3/auth/tokens 0.098s
2024-12-14 03:07:26.374 66497 INFO tempest.lib.common.rest_client [req-efb5d025-d7ab-4bba-850b-0da26cf07e76 req-efb5d025-d7ab-4bba-850b-0da26cf07e76 ] Request (ServerRescueNegativeTestJSON:setUpClass): 200 GET http://10.180.1.21/identity/v3/domains?name=Default 0.026s
2024-12-14 03:07:26.397 66503 INFO tempest.lib.common.rest_client [req-5581cfea-6823-4942-a074-f504e96c368a req-5581cfea-6823-4942-a074-f504e96c368a ] Request (AZV2TestJSON:setUpClass): 201 POST http://10.180.1.21/identity/v3/users 0.129s
2024-12-14 03:07:26.418 66503 INFO tempest.lib.common.rest_client [req-edf0b1b8-709e-4f03-95f3-78f16b67fee0 req-edf0b1b8-709e-4f03-95f3-78f16b67fee0 ] Request (AZV2TestJSON:setUpClass): 200 GET http://10.180.1.21/identity/v3/roles 0.021s
2024-12-14 03:07:26.422 66497 INFO tempest.lib.common.rest_client [req-f42d27ed-1e6b-44cb-8f78-491e23484903 req-f42d27ed-1e6b-44cb-8f78-491e23484903 ] Request (ServerRescueNegativeTestJSON:setUpClass): 201 POST http://10.180.1.21/identity/v3/projects 0.048s
2024-12-14 03:07:26.446 66513 INFO tempest.lib.common.rest_client [req-de013453-3618-41ae-9bf5-134fd4484dea req-de013453-3618-41ae-9bf5-134fd4484dea ] Request (VolumesTestJSON:tearDownClass): 404 GET http://10.180.1.21/volume/v3/volumes/1d57212b-a1ce-4af5-9c22-204558d1c084 0.017s
2024-12-14 03:07:26.484 66503 INFO tempest.lib.common.rest_client [req-d51d3a84-59e3-4b05-bacc-8300b2f28a4c req-d51d3a84-59e3-4b05-bacc-8300b2f28a4c ] Request (AZV2TestJSON:setUpClass): 204 PUT http://10.180.1.21/identity/v3/projects/0bab57bdac584a8784c92e2447fb3818/users/cafda620b8a642f78aa7b70f73c75c4c/roles/0313dd5cf6614c38b00020752d722e63 0.065s
2024-12-14 03:07:26.484 66503 INFO tempest.lib.common.dynamic_creds [-] Dynamic test user cafda620b8a642f78aa7b70f73c75c4c is created with scope project and roles: ['member']
2024-12-14 03:07:26.485 66503 INFO tempest.lib.common.dynamic_creds [-] Acquired dynamic creds: credentials: Credentials: {'domain_id': 'default', 'domain_name': 'Default', 'username': 'tempest-AZV2TestJSON-629476078-project-member', 'project_domain_id': 'default', 'project_domain_name': 'Default', 'project_id': '0bab57bdac584a8784c92e2447fb3818', 'project_name': 'tempest-AZV2TestJSON-629476078', 'tenant_id': '0bab57bdac584a8784c92e2447fb3818', 'tenant_name': 'tempest-AZV2TestJSON-629476078', 'user_domain_id': 'default', 'user_domain_name': 'Default', 'user_id': 'cafda620b8a642f78aa7b70f73c75c4c', 'system': None}, Network: None, Subnet: None, Router: None
2024-12-14 03:07:26.485 66503 INFO tempest.lib.common.dynamic_creds [-] Created isolated network resources for: credentials: Credentials: {'domain_id': 'default', 'domain_name': 'Default', 'username': 'tempest-AZV2TestJSON-629476078-project-member', 'project_domain_id': 'default', 'project_domain_name': 'Default', 'project_id': '0bab57bdac584a8784c92e2447fb3818', 'project_name': 'tempest-AZV2TestJSON-629476078', 'tenant_id': '0bab57bdac584a8784c92e2447fb3818', 'tenant_name': 'tempest-AZV2TestJSON-629476078', 'user_domain_id': 'default', 'user_domain_name': 'Default', 'user_id': 'cafda620b8a642f78aa7b70f73c75c4c', 'system': None}, Network: None, Subnet: None, Router: None
2024-12-14 03:07:26.504 66497 INFO tempest.lib.common.rest_client [req-2346e38a-4e8e-4cbc-98be-624145035aba req-2346e38a-4e8e-4cbc-98be-624145035aba ] Request (ServerRescueNegativeTestJSON:setUpClass): 201 POST http://10.180.1.21/identity/v3/users 0.081s
2024-12-14 03:07:26.506 66513 INFO tempest.lib.common.rest_client [req-78ee3eaa-16b8-4698-9ffd-9126678e3227 req-78ee3eaa-16b8-4698-9ffd-9126678e3227 ] Request (VolumesTestJSON:tearDownClass): 202 DELETE http://10.180.1.21/volume/v3/volumes/bf01468c-3d0d-441c-9411-1f03f85ebaec 0.059s
2024-12-14 03:07:26.551 66513 INFO tempest.lib.common.rest_client [req-1d5f0d7f-edfc-493f-ae34-276a0810fd4a req-1d5f0d7f-edfc-493f-ae34-276a0810fd4a ] Request (VolumesTestJSON:tearDownClass): 200 GET http://10.180.1.21/volume/v3/volumes/bf01468c-3d0d-441c-9411-1f03f85ebaec 0.045s
2024-12-14 03:07:26.588 66535 INFO tempest.lib.common.rest_client [req-c2f0fb45-a701-4977-baec-04436d6f4519 req-c2f0fb45-a701-4977-baec-04436d6f4519 ] Request (QuotaClassesAdminTestJSON:tearDownClass): 200 GET http://10.180.1.21:9696/networking/v2.0/security-groups?tenant_id=e1c5d68163f84519a6e1d2766f4ad672&name=default 0.473s
2024-12-14 03:07:26.590 66497 INFO tempest.lib.common.rest_client [req-e7324d67-5387-4a1c-a7ce-18f3a7a6b09b req-e7324d67-5387-4a1c-a7ce-18f3a7a6b09b ] Request (ServerRescueNegativeTestJSON:setUpClass): 200 GET http://10.180.1.21/identity/v3/roles 0.086s
2024-12-14 03:07:26.607 66503 INFO tempest.lib.common.rest_client [req-724c3387-c9dd-40e6-ba20-936e60714eea req-724c3387-c9dd-40e6-ba20-936e60714eea ] Request (AZV2TestJSON:setUpClass): 201 POST http://10.180.1.21/identity/v3/auth/tokens 0.116s
2024-12-14 03:07:26.632 66497 INFO tempest.lib.common.rest_client [req-060986df-9980-40c8-9098-cd3c8b401f05 req-060986df-9980-40c8-9098-cd3c8b401f05 ] Request (ServerRescueNegativeTestJSON:setUpClass): 204 PUT http://10.180.1.21/identity/v3/projects/e29eb1f987034afeba677fa2a3fad88d/users/c0c865cd538741b08a5b50f51913858d/roles/0313dd5cf6614c38b00020752d722e63 0.041s
2024-12-14 03:07:26.633 66497 INFO tempest.lib.common.dynamic_creds [-] Dynamic test user c0c865cd538741b08a5b50f51913858d is created with scope project and roles: ['member']
2024-12-14 03:07:26.633 66497 INFO tempest.lib.common.dynamic_creds [-] Acquired dynamic creds: credentials: Credentials: {'domain_id': 'default', 'domain_name': 'Default', 'username': 'tempest-ServerRescueNegativeTestJSON-35297150-project-member', 'project_domain_id': 'default', 'project_domain_name': 'Default', 'project_id': 'e29eb1f987034afeba677fa2a3fad88d', 'project_name': 'tempest-ServerRescueNegativeTestJSON-35297150', 'tenant_id': 'e29eb1f987034afeba677fa2a3fad88d', 'tenant_name': 'tempest-ServerRescueNegativeTestJSON-35297150', 'user_domain_id': 'default', 'user_domain_name': 'Default', 'user_id': 'c0c865cd538741b08a5b50f51913858d', 'system': None}, Network: None, Subnet: None, Router: None
2024-12-14 03:07:26.702 66497 INFO tempest.lib.common.rest_client [req-be79f886-7ac0-43cc-8867-50578f78c55b req-be79f886-7ac0-43cc-8867-50578f78c55b ] Request (ServerRescueNegativeTestJSON:setUpClass): 201 POST http://10.180.1.21/identity/v3/auth/tokens 0.068s
2024-12-14 03:07:26.755 66535 INFO tempest.lib.common.rest_client [req-8447729e-dda6-493d-8bee-a353c1480c6b req-8447729e-dda6-493d-8bee-a353c1480c6b ] Request (QuotaClassesAdminTestJSON:tearDownClass): 204 DELETE http://10.180.1.21:9696/networking/v2.0/security-groups/cd901a9b-ec04-4189-a28c-4e1fa3770926 0.166s
2024-12-14 03:07:26.772 66515 INFO tempest.lib.common.rest_client [req-1066081e-a6c3-448c-a294-59a032f695e6 req-1066081e-a6c3-448c-a294-59a032f695e6 ] Request (FloatingIPsAssociationNegativeTestJSON:_run_cleanups): 202 POST http://10.180.1.21/compute/v2.1/servers/49bd1942-1d63-40e9-adb0-3f1ee2cd5171/action 2.852s
2024-12-14 03:07:26.836 66535 INFO tempest.lib.common.rest_client [req-26103452-ae4e-4e72-b98b-96c21b88ac38 req-26103452-ae4e-4e72-b98b-96c21b88ac38 ] Request (QuotaClassesAdminTestJSON:tearDownClass): 204 DELETE http://10.180.1.21/identity/v3/projects/e1c5d68163f84519a6e1d2766f4ad672 0.081s
2024-12-14 03:07:26.836 66535 INFO tempest.lib.common.dynamic_creds [-] Deleting project and security group for project: 1532fb0581d0432bb9fa9c974612d5dc
2024-12-14 03:07:26.901 66519 INFO tempest.lib.common.rest_client [req-2f6bb6cb-f1a3-4ffe-bc96-bdb85260cb86 req-2f6bb6cb-f1a3-4ffe-bc96-bdb85260cb86 ] Request (FlavorsAccessNegativeTestJSON:tearDownClass): 200 GET http://10.180.1.21:9696/networking/v2.0/security-groups?tenant_id=b94365f3eb1240f3879a52d3687cd16d&name=default 0.578s
2024-12-14 03:07:26.962 66491 INFO tempest.lib.common.rest_client [req-8e35e914-74a2-4b75-ba17-cf124a981fd8 req-8e35e914-74a2-4b75-ba17-cf124a981fd8 ] Request (TenantUsagesNegativeTestJSON:test_get_usage_tenant_with_empty_tenant_id): 404 GET http://10.180.1.21/compute/v2.1/os-simple-tenant-usage/?start=2024-12-13T03%3A07%3A24.923412&end=2024-12-15T03%3A07%3A24.923412 2.038s
2024-12-14 03:07:27.105 66485 INFO tempest.lib.common.rest_client [req-d42752fb-5a84-4eb0-98d4-416b4bdb1812 req-d42752fb-5a84-4eb0-98d4-416b4bdb1812 ] Request (ServersAdmin275Test:test_rebuild_update_server_275): 200 GET http://10.180.1.21/compute/v2.1/servers/36eadbfe-b649-4959-8fbf-6eb389646e9f 2.067s
2024-12-14 03:07:27.109 66493 INFO tempest.lib.common.rest_client [req-6750d30f-3f3f-40f8-a42f-42ad8f6e2b89 req-6750d30f-3f3f-40f8-a42f-42ad8f6e2b89 ] Request (ServersAdminTestJSON:test_create_server_with_scheduling_hint): 202 POST http://10.180.1.21/compute/v2.1/servers 2.618s
2024-12-14 03:07:27.124 66485 INFO tempest.common.waiters [-] State transition "BUILD/scheduling" ==> "BUILD/None" after 10 second wait
2024-12-14 03:07:27.139 66537 INFO tempest.lib.common.rest_client [req-480a1bcb-2a2a-411b-9d8c-8f14f0e30b86 req-480a1bcb-2a2a-411b-9d8c-8f14f0e30b86 ] Request (DeleteServersAdminTestJSON:test_admin_delete_servers_of_others): 404 GET http://10.180.1.21/compute/v2.1/servers/a52bb86d-9e50-4e8f-8164-e30141b27c82 1.948s
2024-12-14 03:07:27.153 66535 INFO tempest.lib.common.rest_client [req-12f05396-878e-4b33-b898-f922cc47ecae req-12f05396-878e-4b33-b898-f922cc47ecae ] Request (QuotaClassesAdminTestJSON:tearDownClass): 200 GET http://10.180.1.21:9696/networking/v2.0/security-groups?tenant_id=1532fb0581d0432bb9fa9c974612d5dc&name=default 0.316s
2024-12-14 03:07:27.180 66497 INFO tempest.lib.common.rest_client [req-7f7e9bcf-1604-482f-b6f8-060677c39c6b req-7f7e9bcf-1604-482f-b6f8-060677c39c6b ] Request (ServerRescueNegativeTestJSON:setUpClass): 201 POST http://10.180.1.21:9696/networking/v2.0/networks 0.478s
2024-12-14 03:07:27.211 66521 INFO tempest.lib.common.rest_client [req-ff637432-92b2-4a21-a6c9-26c89ca88d0e req-ff637432-92b2-4a21-a6c9-26c89ca88d0e ] Request (ServersAdminNegativeTestJSON:test_migrate_server_invalid_state): 200 GET http://10.180.1.21/compute/v2.1/servers/83859393-d5b2-4e02-9e39-4672a02616d8 2.074s
2024-12-14 03:07:27.225 66521 INFO tempest.common.waiters [-] State transition "BUILD/scheduling" ==> "BUILD/None" after 12 second wait
2024-12-14 03:07:27.232 66517 INFO tempest.lib.common.rest_client [req-0cdb75c7-2ca3-411c-950c-ad40fa3f5cb7 req-0cdb75c7-2ca3-411c-950c-ad40fa3f5cb7 ] Request (InstanceActionsV221TestJSON:setUpClass): 200 PUT http://10.180.1.21:9696/networking/v2.0/routers/2ce367de-68eb-4f2a-91f6-de6e246cdd21/add_router_interface 2.683s
2024-12-14 03:07:27.232 66517 INFO tempest.lib.common.dynamic_creds [-] Created isolated network resources for: credentials: Credentials: {'domain_id': 'default', 'domain_name': 'Default', 'username': 'tempest-InstanceActionsV221TestJSON-1113243193-project-member', 'project_domain_id': 'default', 'project_domain_name': 'Default', 'project_id': 'd50cd8217a034cee90e8004f5e258c74', 'project_name': 'tempest-InstanceActionsV221TestJSON-1113243193', 'tenant_id': 'd50cd8217a034cee90e8004f5e258c74', 'tenant_name': 'tempest-InstanceActionsV221TestJSON-1113243193', 'user_domain_id': 'default', 'user_domain_name': 'Default', 'user_id': 'd7835fd4e7bb430e9aca9098f84bc9b0', 'system': None}, Network: {'id': 'd0f94865-4061-4f8d-8515-686f39ba33cb', 'name': 'tempest-InstanceActionsV221TestJSON-991772766-network', 'tenant_id': 'd50cd8217a034cee90e8004f5e258c74', 'admin_state_up': True, 'mtu': 8950, 'status': 'ACTIVE', 'subnets': [], 'shared': False, 'project_id': 'd50cd8217a034cee90e8004f5e258c74', 'port_security_enabled': True, 'router:external': False, 'provider:network_type': 'vlan', 'provider:physical_network': 'default', 'provider:segmentation_id': 372, 'availability_zone_hints': [], 'availability_zones': [], 'ipv4_address_scope': None, 'ipv6_address_scope': None, 'description': '', 'tags': [], 'created_at': '2024-12-14T03:07:21Z', 'updated_at': '2024-12-14T03:07:21Z', 'revision_number': 1}, Subnet: {'id': '5cd422cb-39e8-431e-b173-f4a569bfbba0', 'name': 'tempest-InstanceActionsV221TestJSON-991772766-subnet', 'tenant_id': 'd50cd8217a034cee90e8004f5e258c74', 'network_id': 'd0f94865-4061-4f8d-8515-686f39ba33cb', 'ip_version': 4, 'subnetpool_id': None, 'enable_dhcp': True, 'ipv6_ra_mode': None, 'ipv6_address_mode': None, 'gateway_ip': '192.168.128.1', 'cidr': '192.168.128.0/28', 'allocation_pools': [{'start': '192.168.128.2', 'end': '192.168.128.14'}], 'host_routes': [], 'dns_nameservers': [], 'description': '', 'router:external': False, 'service_types': [], 'tags': [], 'created_at': '2024-12-14T03:07:21Z', 'updated_at': '2024-12-14T03:07:21Z', 'revision_number': 0, 'project_id': 'd50cd8217a034cee90e8004f5e258c74'}, Router: {'id': '2ce367de-68eb-4f2a-91f6-de6e246cdd21', 'name': 'tempest-InstanceActionsV221TestJSON-991772766-router', 'tenant_id': 'd50cd8217a034cee90e8004f5e258c74', 'admin_state_up': True, 'status': 'ACTIVE', 'external_gateway_info': {'network_id': '91037f0d-8c7b-4430-bbd7-c468959acd84', 'external_fixed_ips': [{'subnet_id': '4c654941-1208-45c8-ab8a-c62739bf3105', 'ip_address': '10.180.180.160'}], 'enable_snat': True}, 'description': '', 'availability_zones': [], 'distributed': False, 'ha': False, 'availability_zone_hints': [], 'routes': [], 'flavor_id': None, 'tags': [], 'created_at': '2024-12-14T03:07:21Z', 'updated_at': '2024-12-14T03:07:23Z', 'revision_number': 2, 'project_id': 'd50cd8217a034cee90e8004f5e258c74'}
2024-12-14 03:07:27.249 66519 INFO tempest.lib.common.rest_client [req-d9ae966a-aff2-4826-a021-8e7fa38671d4 req-d9ae966a-aff2-4826-a021-8e7fa38671d4 ] Request (FlavorsAccessNegativeTestJSON:tearDownClass): 204 DELETE http://10.180.1.21:9696/networking/v2.0/security-groups/77f18cfb-f5d1-4799-a6b9-fbddc762ce2d 0.348s
2024-12-14 03:07:27.297 66537 INFO tempest.lib.common.rest_client [req-9e1e6f87-7090-4f1e-9fc5-e8db808ebd8b req-9e1e6f87-7090-4f1e-9fc5-e8db808ebd8b ] Request (DeleteServersAdminTestJSON:test_delete_server_while_in_error_state): 201 POST http://10.180.1.21/identity/v3/auth/tokens 0.139s
2024-12-14 03:07:27.297 66537 INFO tempest.lib.common.fixed_network [-] (DeleteServersAdminTestJSON:test_delete_server_while_in_error_state) Found network None available for tenant
2024-12-14 03:07:27.304 66535 INFO tempest.lib.common.rest_client [req-61070694-424f-470d-beed-04bae7afafe8 req-61070694-424f-470d-beed-04bae7afafe8 ] Request (QuotaClassesAdminTestJSON:tearDownClass): 204 DELETE http://10.180.1.21:9696/networking/v2.0/security-groups/ffcd83f7-d006-4a34-b82b-1f1d6e455ff4 0.147s
2024-12-14 03:07:27.314 66541 INFO tempest.lib.common.rest_client [req-83abcb40-1523-47fb-8f7b-f0ee11ce9540 req-83abcb40-1523-47fb-8f7b-f0ee11ce9540 ] Request (VolumesAssistedSnapshotsTest:test_volume_assisted_snapshot_create_delete): 200 GET http://10.180.1.21/compute/v2.1/servers/7dfe7984-450c-4e93-a313-8ee4be75cf77/os-interface 1.910s
2024-12-14 03:07:27.328 66523 INFO tempest.lib.common.rest_client [req-b1600728-00db-4a1b-8b52-1a036bb959e4 req-b1600728-00db-4a1b-8b52-1a036bb959e4 ] Request (ServerActionsTestOtherB:setUpClass): 200 POST http://10.180.1.21/compute/v2.1/os-keypairs 1.963s
2024-12-14 03:07:27.374 66517 INFO tempest.lib.common.rest_client [req-6200bb83-9b69-46ea-a94f-a966c28ab360 req-6200bb83-9b69-46ea-a94f-a966c28ab360 ] Request (InstanceActionsV221TestJSON:setUpClass): 201 POST http://10.180.1.21/identity/v3/auth/tokens 0.138s
2024-12-14 03:07:27.444 66495 INFO tempest.lib.common.rest_client [req-2838b9a2-02bd-4880-a446-eeb11b2f3092 req-2838b9a2-02bd-4880-a446-eeb11b2f3092 ] Request (ImagesNegativeTestJSON:test_create_image_from_deleted_server): 200 GET http://10.180.1.21/compute/v2.1/servers/28db6b5b-1d44-4314-b89f-97b6e12f5e9c 1.902s
2024-12-14 03:07:27.452 66535 INFO tempest.lib.common.rest_client [req-b1f85c05-b28e-45e3-a06f-bb9847249c2f req-b1f85c05-b28e-45e3-a06f-bb9847249c2f ] Request (QuotaClassesAdminTestJSON:tearDownClass): 204 DELETE http://10.180.1.21/identity/v3/projects/1532fb0581d0432bb9fa9c974612d5dc 0.148s
2024-12-14 03:07:27.454 66519 INFO tempest.lib.common.rest_client [req-80edc603-58c9-4731-88cd-97cecc713c68 req-80edc603-58c9-4731-88cd-97cecc713c68 ] Request (FlavorsAccessNegativeTestJSON:tearDownClass): 204 DELETE http://10.180.1.21/identity/v3/projects/b94365f3eb1240f3879a52d3687cd16d 0.204s
2024-12-14 03:07:27.455 66519 INFO tempest.lib.common.dynamic_creds [-] Deleting project and security group for project: b6d7399c194149458ee78a7663711714
2024-12-14 03:07:27.482 66533 INFO tempest.lib.common.rest_client [req-dd9560c0-5df6-4622-8067-4ca3efd94266 req-dd9560c0-5df6-4622-8067-4ca3efd94266 ] Request (TenantUsagesTestJSON:test_get_usage_tenant_with_non_admin_user): 200 GET http://10.180.1.21/compute/v2.1/os-simple-tenant-usage/c55c000ba9be4a168b9018920e1afe83?start=2024-12-13T03%3A07%3A23.725699&end=2024-12-15T03%3A07%3A23.725699 1.921s
2024-12-14 03:07:27.532 66517 INFO tempest.lib.common.rest_client [req-e9e8b7c7-1679-4666-9cbb-264658530b26 req-e9e8b7c7-1679-4666-9cbb-264658530b26 ] Request (InstanceActionsV221TestJSON:test_get_list_deleted_instance_actions): 201 POST http://10.180.1.21/identity/v3/auth/tokens 0.152s
2024-12-14 03:07:27.532 66517 INFO tempest.lib.common.fixed_network [-] (InstanceActionsV221TestJSON:test_get_list_deleted_instance_actions) Found network {'id': 'd0f94865-4061-4f8d-8515-686f39ba33cb', 'name': 'tempest-InstanceActionsV221TestJSON-991772766-network', 'tenant_id': 'd50cd8217a034cee90e8004f5e258c74', 'admin_state_up': True, 'mtu': 8950, 'status': 'ACTIVE', 'subnets': [], 'shared': False, 'project_id': 'd50cd8217a034cee90e8004f5e258c74', 'port_security_enabled': True, 'router:external': False, 'provider:network_type': 'vlan', 'provider:physical_network': 'default', 'provider:segmentation_id': 372, 'availability_zone_hints': [], 'availability_zones': [], 'ipv4_address_scope': None, 'ipv6_address_scope': None, 'description': '', 'tags': [], 'created_at': '2024-12-14T03:07:21Z', 'updated_at': '2024-12-14T03:07:21Z', 'revision_number': 1} available for tenant
2024-12-14 03:07:27.542 66535 INFO tempest.lib.common.rest_client [req-203da841-47fc-4de4-9bbe-cfec024ee606 req-203da841-47fc-4de4-9bbe-cfec024ee606 ] Request (KeyPairsV22TestJSON:setUpClass): 201 POST http://10.180.1.21/identity/v3/auth/tokens 0.088s
2024-12-14 03:07:27.579 66535 INFO tempest.lib.common.rest_client [req-8b103733-2da6-47b8-9030-62ee98c8aeaf req-8b103733-2da6-47b8-9030-62ee98c8aeaf ] Request (KeyPairsV22TestJSON:setUpClass): 201 POST http://10.180.1.21/identity/v3/auth/tokens 0.035s
2024-12-14 03:07:27.586 66513 INFO tempest.lib.common.rest_client [req-92a82f92-590d-42d5-b243-565247a8bcdc req-92a82f92-590d-42d5-b243-565247a8bcdc ] Request (VolumesTestJSON:tearDownClass): 404 GET http://10.180.1.21/volume/v3/volumes/bf01468c-3d0d-441c-9411-1f03f85ebaec 0.021s
2024-12-14 03:07:27.609 66531 INFO tempest.lib.common.rest_client [req-24ad1d88-b89a-415e-9116-75ac0288121a req-24ad1d88-b89a-415e-9116-75ac0288121a ] Request (ServerDiagnosticsNegativeTest:tearDownClass): 204 DELETE http://10.180.1.21/compute/v2.1/servers/e373f33a-c3a8-4cf8-bf4c-d096bc0b040e 2.000s
2024-12-14 03:07:27.618 66535 INFO tempest.lib.common.rest_client [req-036fabd0-1e52-4eb2-a375-eaaf6ae12509 req-036fabd0-1e52-4eb2-a375-eaaf6ae12509 ] Request (KeyPairsV22TestJSON:setUpClass): 200 GET http://10.180.1.21/identity/v3/domains?name=Default 0.038s
2024-12-14 03:07:27.661 66535 INFO tempest.lib.common.rest_client [req-725cb8ae-b715-4454-a535-f7e9f4f793ce req-725cb8ae-b715-4454-a535-f7e9f4f793ce ] Request (KeyPairsV22TestJSON:setUpClass): 201 POST http://10.180.1.21/identity/v3/projects 0.041s
2024-12-14 03:07:27.675 66525 INFO tempest.lib.common.rest_client [req-0916621f-91f3-4afb-a65f-9c7f4eea37db req-0916621f-91f3-4afb-a65f-9c7f4eea37db ] Request (FloatingIPsAssociationTestJSON:setUpClass): 200 GET http://10.180.1.21/compute/v2.1/servers/2110c7ab-0962-4884-b120-e1c1fb1bab16 2.148s
2024-12-14 03:07:27.679 66513 INFO tempest.lib.common.rest_client [req-1a052749-1f22-4a78-963b-569333d70808 req-1a052749-1f22-4a78-963b-569333d70808 ] Request (VolumesTestJSON:tearDownClass): 204 DELETE http://10.180.1.21/identity/v3/users/a034c26925ac4b5185179ca84dad7ad5 0.092s
2024-12-14 03:07:27.679 66513 INFO tempest.lib.common.dynamic_creds [-] Deleting project and security group for project: f8b313485e6549b18b790b7512635de7
2024-12-14 03:07:27.710 66505 INFO tempest.lib.common.rest_client [req-071ab3fb-b565-4124-83dd-2ca14e2d82cb req-071ab3fb-b565-4124-83dd-2ca14e2d82cb ] Request (AggregatesAdminNegativeTestJSON:test_aggregate_remove_host_as_user): 200 POST http://10.180.1.21/compute/v2.1/os-aggregates 2.022s
2024-12-14 03:07:27.718 66511 INFO tempest.lib.common.rest_client [req-440a7675-ba33-4666-9af1-7bd8e0788aad req-440a7675-ba33-4666-9af1-7bd8e0788aad ] Request (SecurityGroupsTestJSON:test_list_security_groups_by_server): 200 GET http://10.180.1.21/compute/v2.1/servers/4d2af92c-9932-4691-91b8-ee929263ba45 2.095s
2024-12-14 03:07:27.761 66513 INFO tempest.lib.common.rest_client [req-1b41f8e1-c34f-4de1-84d9-bbb6ec54a13e req-1b41f8e1-c34f-4de1-84d9-bbb6ec54a13e ] Request (VolumesTestJSON:tearDownClass): 201 POST http://10.180.1.21/identity/v3/auth/tokens 0.082s
2024-12-14 03:07:27.782 66535 INFO tempest.lib.common.rest_client [req-33684043-bdbe-4200-be12-6d505fab9abf req-33684043-bdbe-4200-be12-6d505fab9abf ] Request (KeyPairsV22TestJSON:setUpClass): 201 POST http://10.180.1.21/identity/v3/users 0.120s
2024-12-14 03:07:27.801 66523 INFO tempest.lib.common.rest_client [req-fb426fdf-2f72-48f7-be46-6cf248923894 req-fb426fdf-2f72-48f7-be46-6cf248923894 ] Request (ServerActionsTestOtherB:setUpClass): 201 POST http://10.180.1.21:9696/networking/v2.0/security-groups 0.469s
2024-12-14 03:07:27.853 66519 INFO tempest.lib.common.rest_client [req-0f8ef3d1-7ea9-4779-8c3f-2a60ac6df1a8 req-0f8ef3d1-7ea9-4779-8c3f-2a60ac6df1a8 ] Request (FlavorsAccessNegativeTestJSON:tearDownClass): 200 GET http://10.180.1.21:9696/networking/v2.0/security-groups?tenant_id=b6d7399c194149458ee78a7663711714&name=default 0.398s
2024-12-14 03:07:27.901 66507 INFO tempest.lib.common.rest_client [req-dbd530e8-9f2f-40f8-b404-5cdbc26e62af req-dbd530e8-9f2f-40f8-b404-5cdbc26e62af ] Request (AbsoluteLimitsNegativeTestJSON:test_max_metadata_exceed_limit): 200 GET http://10.180.1.21/compute/v2.1/limits 2.204s
2024-12-14 03:07:27.928 66497 INFO tempest.lib.common.rest_client [req-2ef18221-8a1a-490f-9dc7-f3fcb165d5be req-2ef18221-8a1a-490f-9dc7-f3fcb165d5be ] Request (ServerRescueNegativeTestJSON:setUpClass): 201 POST http://10.180.1.21:9696/networking/v2.0/subnets 0.747s
2024-12-14 03:07:27.939 66535 INFO tempest.lib.common.rest_client [req-abe26d44-c3c8-4061-952b-3a5ea5e88344 req-abe26d44-c3c8-4061-952b-3a5ea5e88344 ] Request (KeyPairsV22TestJSON:setUpClass): 200 GET http://10.180.1.21/identity/v3/roles 0.156s
2024-12-14 03:07:27.944 66507 INFO tempest.lib.common.rest_client [req-6af7e9d1-159b-4646-b7ab-773f83f4d8df req-6af7e9d1-159b-4646-b7ab-773f83f4d8df ] Request (AbsoluteLimitsNegativeTestJSON:test_max_metadata_exceed_limit): 201 POST http://10.180.1.21/identity/v3/auth/tokens 0.030s
2024-12-14 03:07:27.944 66507 INFO tempest.lib.common.fixed_network [-] (AbsoluteLimitsNegativeTestJSON:test_max_metadata_exceed_limit) Found network None available for tenant
2024-12-14 03:07:27.952 66509 INFO tempest.lib.common.rest_client [req-5bd44a57-eab8-4bc5-aea1-2d893ad4532a req-5bd44a57-eab8-4bc5-aea1-2d893ad4532a ] Request (ServersV294TestFqdnHostnames:setUpClass): 201 POST http://10.180.1.21/compute/v2.1/os-keypairs 2.175s
2024-12-14 03:07:27.997 66535 INFO tempest.lib.common.rest_client [req-e21350fd-32c0-46b6-9f7b-42ae5abff87f req-e21350fd-32c0-46b6-9f7b-42ae5abff87f ] Request (KeyPairsV22TestJSON:setUpClass): 204 PUT http://10.180.1.21/identity/v3/projects/3873d0a2e6134c198571b487f9d5c5f7/users/872cfcc5d49544e28564b7116767edf2/roles/0313dd5cf6614c38b00020752d722e63 0.057s
2024-12-14 03:07:27.997 66535 INFO tempest.lib.common.dynamic_creds [-] Dynamic test user 872cfcc5d49544e28564b7116767edf2 is created with scope project and roles: ['member']
2024-12-14 03:07:27.997 66535 INFO tempest.lib.common.dynamic_creds [-] Acquired dynamic creds: credentials: Credentials: {'domain_id': 'default', 'domain_name': 'Default', 'username': 'tempest-KeyPairsV22TestJSON-950574631-project-member', 'project_domain_id': 'default', 'project_domain_name': 'Default', 'project_id': '3873d0a2e6134c198571b487f9d5c5f7', 'project_name': 'tempest-KeyPairsV22TestJSON-950574631', 'tenant_id': '3873d0a2e6134c198571b487f9d5c5f7', 'tenant_name': 'tempest-KeyPairsV22TestJSON-950574631', 'user_domain_id': 'default', 'user_domain_name': 'Default', 'user_id': '872cfcc5d49544e28564b7116767edf2', 'system': None}, Network: None, Subnet: None, Router: None
2024-12-14 03:07:27.997 66535 INFO tempest.lib.common.dynamic_creds [-] Created isolated network resources for: credentials: Credentials: {'domain_id': 'default', 'domain_name': 'Default', 'username': 'tempest-KeyPairsV22TestJSON-950574631-project-member', 'project_domain_id': 'default', 'project_domain_name': 'Default', 'project_id': '3873d0a2e6134c198571b487f9d5c5f7', 'project_name': 'tempest-KeyPairsV22TestJSON-950574631', 'tenant_id': '3873d0a2e6134c198571b487f9d5c5f7', 'tenant_name': 'tempest-KeyPairsV22TestJSON-950574631', 'user_domain_id': 'default', 'user_domain_name': 'Default', 'user_id': '872cfcc5d49544e28564b7116767edf2', 'system': None}, Network: None, Subnet: None, Router: None
2024-12-14 03:07:28.084 66535 INFO tempest.lib.common.rest_client [req-20cff77d-1f58-4881-ac6c-f00c7c9134bb req-20cff77d-1f58-4881-ac6c-f00c7c9134bb ] Request (KeyPairsV22TestJSON:setUpClass): 201 POST http://10.180.1.21/identity/v3/auth/tokens 0.083s
2024-12-14 03:07:28.147 66528 INFO tempest.lib.common.rest_client [req-c953bcef-e922-4c74-a9a6-580293683d73 req-c953bcef-e922-4c74-a9a6-580293683d73 ] Request (MigrationsAdminTest:test_list_migrations_in_flavor_resize_situation): 202 POST http://10.180.1.21/compute/v2.1/servers/7c628f37-d966-4d1e-8f1c-429c305592db/action 2.294s
2024-12-14 03:07:28.216 66523 INFO tempest.lib.common.rest_client [req-06e98576-d58b-4e52-8b34-9602f86adf33 req-06e98576-d58b-4e52-8b34-9602f86adf33 ] Request (ServerActionsTestOtherB:setUpClass): 201 POST http://10.180.1.21:9696/networking/v2.0/security-group-rules 0.413s
2024-12-14 03:07:28.290 66519 INFO tempest.lib.common.rest_client [req-d48121f1-5cb1-4e01-91f2-e605cc80bf7e req-d48121f1-5cb1-4e01-91f2-e605cc80bf7e ] Request (FlavorsAccessNegativeTestJSON:tearDownClass): 204 DELETE http://10.180.1.21:9696/networking/v2.0/security-groups/5832e431-6f17-46b0-9745-d9204c3410ab 0.437s
2024-12-14 03:07:28.350 66501 INFO tempest.lib.common.rest_client [req-2e03183e-e167-46a7-baf0-bce78feccf7a req-2e03183e-e167-46a7-baf0-bce78feccf7a ] Request (VolumesAdminNegativeTest:test_update_attached_volume_with_nonexistent_volume_in_body): 200 GET http://10.180.1.21/compute/v2.1/servers/78354d5e-0d91-4efd-baf7-1c9226fbe74f 2.398s
2024-12-14 03:07:28.379 66483 INFO tempest.lib.common.rest_client [req-f2d1271a-e106-4504-a07e-0b99c38d2931 req-f2d1271a-e106-4504-a07e-0b99c38d2931 ] Request (ServicesAdminNegativeV253TestJSON:test_get_service_by_invalid_params): 200 GET http://10.180.1.21/compute/v2.1/os-services 2.306s
2024-12-14 03:07:28.421 66519 INFO tempest.lib.common.rest_client [req-85b1c67f-b0a0-4aae-a2d1-61c6a0b6057c req-85b1c67f-b0a0-4aae-a2d1-61c6a0b6057c ] Request (FlavorsAccessNegativeTestJSON:tearDownClass): 204 DELETE http://10.180.1.21/identity/v3/projects/b6d7399c194149458ee78a7663711714 0.131s
2024-12-14 03:07:28.429 66513 INFO tempest.lib.common.rest_client [req-9d117174-6150-4b10-9c4d-1137a99d67ad req-9d117174-6150-4b10-9c4d-1137a99d67ad ] Request (VolumesTestJSON:tearDownClass): 200 GET http://10.180.1.21:9696/networking/v2.0/security-groups?tenant_id=f8b313485e6549b18b790b7512635de7&name=default 0.668s
2024-12-14 03:07:28.457 66479 INFO tempest.lib.common.rest_client [req-2674154a-e1ed-463f-af55-0403dd65b110 req-2674154a-e1ed-463f-af55-0403dd65b110 ] Request (AttachInterfacesTestJSON:test_create_list_show_delete_interfaces_by_fixed_ip): 200 GET http://10.180.1.21/compute/v2.1/servers/50996a24-6344-471e-885b-852e36adb8b4 2.383s
2024-12-14 03:07:28.464 66509 INFO tempest.lib.common.rest_client [req-e0127278-1fdd-4b63-81d5-7e61d7379bea req-e0127278-1fdd-4b63-81d5-7e61d7379bea ] Request (ServersV294TestFqdnHostnames:setUpClass): 201 POST http://10.180.1.21:9696/networking/v2.0/security-groups 0.510s
2024-12-14 03:07:28.468 66479 INFO tempest.common.waiters [-] State transition "BUILD/scheduling" ==> "BUILD/None" after 6 second wait
2024-12-14 03:07:28.483 66487 INFO tempest.lib.common.rest_client [req-3a517bb6-43f5-4981-908f-7210c5cc21da req-3a517bb6-43f5-4981-908f-7210c5cc21da ] Request (FlavorsAdminTestJSON:test_is_public_string_variations): 200 POST http://10.180.1.21/compute/v2.1/flavors 2.385s
2024-12-14 03:07:28.494 66519 INFO tempest.lib.common.rest_client [req-c604e2e3-415b-4ca6-b587-246e5d88c445 req-c604e2e3-415b-4ca6-b587-246e5d88c445 ] Request (FloatingIPDetailsNegativeTestJSON:setUpClass): 201 POST http://10.180.1.21/identity/v3/auth/tokens 0.071s
2024-12-14 03:07:28.540 66499 INFO tempest.lib.common.rest_client [req-d733f848-22e2-45fc-a8c5-7d7bc531b0d2 req-d733f848-22e2-45fc-a8c5-7d7bc531b0d2 ] Request (ServerExternalEventsTest:test_create_server_external_events): 200 GET http://10.180.1.21/compute/v2.1/servers/7443643b-7b8a-45a2-b980-d13863db241c 2.639s
2024-12-14 03:07:28.542 66519 INFO tempest.lib.common.rest_client [req-67ddd16a-f99f-4ba5-a20a-ef5c9bfb6764 req-67ddd16a-f99f-4ba5-a20a-ef5c9bfb6764 ] Request (FloatingIPDetailsNegativeTestJSON:setUpClass): 201 POST http://10.180.1.21/identity/v3/auth/tokens 0.044s
2024-12-14 03:07:28.593 66519 INFO tempest.lib.common.rest_client [req-8ab7a0ad-b428-471b-aeb4-a330480cd335 req-8ab7a0ad-b428-471b-aeb4-a330480cd335 ] Request (FloatingIPDetailsNegativeTestJSON:setUpClass): 200 GET http://10.180.1.21/identity/v3/domains?name=Default 0.051s
2024-12-14 03:07:28.603 66523 INFO tempest.lib.common.rest_client [req-a7c8cce1-e805-4f06-a037-ef626ee5036c req-a7c8cce1-e805-4f06-a037-ef626ee5036c ] Request (ServerActionsTestOtherB:setUpClass): 201 POST http://10.180.1.21:9696/networking/v2.0/security-group-rules 0.387s
2024-12-14 03:07:28.627 66481 INFO tempest.lib.common.rest_client [req-d38d65eb-e83b-4991-a6de-4d9e9d6b382f req-d38d65eb-e83b-4991-a6de-4d9e9d6b382f ] Request (DeleteServersTestJSON:test_delete_active_server): 200 GET http://10.180.1.21/compute/v2.1/servers/d7dbfb24-f031-4891-864b-6f05d3a9bafe 2.134s
2024-12-14 03:07:28.636 66519 INFO tempest.lib.common.rest_client [req-cbdad458-02c1-44de-9cf3-128d63b0bc82 req-cbdad458-02c1-44de-9cf3-128d63b0bc82 ] Request (FloatingIPDetailsNegativeTestJSON:setUpClass): 201 POST http://10.180.1.21/identity/v3/projects 0.042s
2024-12-14 03:07:28.689 66509 INFO tempest.lib.common.rest_client [req-da443be6-6c66-4fb1-9312-edcb933fe7bc req-da443be6-6c66-4fb1-9312-edcb933fe7bc ] Request (ServersV294TestFqdnHostnames:setUpClass): 201 POST http://10.180.1.21:9696/networking/v2.0/security-group-rules 0.225s
2024-12-14 03:07:28.729 66519 INFO tempest.lib.common.rest_client [req-24d41054-e52e-4163-8200-4ce78e84b64f req-24d41054-e52e-4163-8200-4ce78e84b64f ] Request (FloatingIPDetailsNegativeTestJSON:setUpClass): 201 POST http://10.180.1.21/identity/v3/users 0.092s
