2024-12-14 03:09:30.713 66521 INFO tempest.lib.common.rest_client [req-a20bb5c8-231a-43c2-955b-e8bc12b01f7f req-a20bb5c8-231a-43c2-955b-e8bc12b01f7f ] Request (ListImageFiltersTestJSON:setUpClass): 200 GET http://10.180.1.21/compute/v2.1/servers/1228d24f-f986-4e6c-9097-5fe14ab7fbda 0.893s
2024-12-14 03:09:30.724 66505 INFO tempest.lib.common.rest_client [req-5958a92c-836a-4b37-892f-4e6494fed29b req-5958a92c-836a-4b37-892f-4e6494fed29b ] Request (ImagesOneServerNegativeTestJSON:_run_cleanups): 200 GET http://10.180.1.21/compute/v2.1/servers/04c6f283-64fd-4122-bb25-ca8108ff5c12 0.937s
2024-12-14 03:09:30.772 66528 INFO tempest.lib.common.rest_client [req-254f126b-f4ad-4c0c-9174-3073eef9fe99 req-254f126b-f4ad-4c0c-9174-3073eef9fe99 ] Request (MigrationsAdminTest:test_resize_server_revert_deleted_flavor): 200 GET http://10.180.1.21/compute/v2.1/servers/8ae201ed-2458-4a38-9706-79834f32efe2 0.926s
2024-12-14 03:09:30.795 66519 INFO tempest.lib.common.rest_client [req-b1f51d2d-efcd-482c-8001-e865ba34d048 req-b1f51d2d-efcd-482c-8001-e865ba34d048 ] Request (ServersAaction247Test:tearDownClass): 200 GET http://10.180.1.21/compute/v2.1/servers/92b2109a-f7b1-41ea-8189-ab44b8606c09 0.878s
2024-12-14 03:09:30.805 66519 INFO tempest.common.waiters [-] State transition "ACTIVE/deleting" ==> "DELETED/None" after 5 second wait
2024-12-14 03:09:30.914 66531 INFO tempest.lib.common.rest_client [req-b520ee38-5e7a-4ffb-bf80-dea2f33b595f req-b520ee38-5e7a-4ffb-bf80-dea2f33b595f ] Request (ServersTestMultiNic:test_verify_duplicate_network_nics): 200 GET http://10.180.1.21/compute/v2.1/servers/4ed0a788-ff15-4aff-89d3-73deb1dbbc69 0.991s
2024-12-14 03:09:30.974 66493 INFO tempest.lib.common.rest_client [req-bf3b0e99-3172-4921-a904-2c890ccc2f17 req-bf3b0e99-3172-4921-a904-2c890ccc2f17 ] Request (ServersAdminTestJSON:test_rebuild_server_in_error_state): 200 GET http://10.180.1.21/compute/v2.1/servers/2d423f66-4b38-4fc4-abe5-5d09381e1c86 0.660s
2024-12-14 03:09:30.984 66493 INFO tempest.common.waiters [-] State transition "REBUILD/rebuilding" ==> "REBUILD/rebuild_spawning" after 3 second wait
2024-12-14 03:09:31.074 66533 INFO tempest.lib.common.rest_client [req-eb3ca9a1-63ca-462a-ab1b-b9dddeda6e05 req-eb3ca9a1-63ca-462a-ab1b-b9dddeda6e05 ] Request (ImagesTestJSON:test_create_image_from_stopped_server): 200 GET http://10.180.1.21/compute/v2.1/servers/379c870d-bd18-448f-84d1-79dd3e465d5c 0.624s
2024-12-14 03:09:31.129 66489 INFO tempest.lib.common.rest_client [req-59dca9fe-7809-4b1f-a08d-37ad320ec579 req-59dca9fe-7809-4b1f-a08d-37ad320ec579 ] Request (ServerMetadataNegativeTestJSON:tearDownClass): 200 GET http://10.180.1.21/compute/v2.1/servers/c408d003-2be8-4509-a0a4-93ca0e9d1965 0.615s
2024-12-14 03:09:31.183 66483 INFO tempest.lib.common.rest_client [req-e5535fa6-1f67-4630-8939-55e7954fe133 req-e5535fa6-1f67-4630-8939-55e7954fe133 ] Request (ServersNegativeTestJSON:setUpClass): 200 GET http://10.180.1.21/compute/v2.1/servers/67de6b91-f9d0-4ff7-a629-a6628b6c0157 0.620s
2024-12-14 03:09:31.239 66485 INFO tempest.lib.common.rest_client [req-f285eeec-fcea-4146-936d-bf44f479e52f req-f285eeec-fcea-4146-936d-bf44f479e52f ] Request (ServersTestBootFromVolume:setUpClass): 200 GET http://10.180.1.21/compute/v2.1/servers/555e79b9-57c7-4276-9bce-08999b2cdb83 0.630s
2024-12-14 03:09:31.293 66495 INFO tempest.lib.common.rest_client [req-8de10f95-fe5d-4e41-9c13-686534ae0237 req-8de10f95-fe5d-4e41-9c13-686534ae0237 ] Request (ServersTestJSON:test_create_server_with_admin_password): 202 POST http://10.180.1.21/compute/v2.1/servers 0.968s
2024-12-14 03:09:31.343 66525 INFO tempest.lib.common.rest_client [req-5e3531a6-af9e-4b20-a671-973e591d11d6 req-5e3531a6-af9e-4b20-a671-973e591d11d6 ] Request (FloatingIPsAssociationTestJSON:tearDownClass): 200 GET http://10.180.1.21/compute/v2.1/servers/2110c7ab-0962-4884-b120-e1c1fb1bab16 0.679s
2024-12-14 03:09:31.365 66529 INFO tempest.lib.common.rest_client [req-ea7b012d-c8cb-45b3-882e-96967cc17c82 req-ea7b012d-c8cb-45b3-882e-96967cc17c82 ] Request (AttachInterfacesUnderV243Test:_run_cleanups): 200 GET http://10.180.1.21/compute/v2.1/servers/0b21b2e2-3462-4388-99d5-6c7f35ba65c8 0.468s
2024-12-14 03:09:31.396 66487 INFO tempest.lib.common.rest_client [req-da346b0a-b5cb-4ee0-8c39-0a752bd97408 req-da346b0a-b5cb-4ee0-8c39-0a752bd97408 ] Request (ServerDiagnosticsV248Test:tearDownClass): 200 GET http://10.180.1.21/compute/v2.1/servers/b753b654-ad56-408d-94b0-49275a3faa06 0.424s
2024-12-14 03:09:31.420 66537 INFO tempest.lib.common.rest_client [req-9618b6d6-cfeb-40c7-b0e7-8d62a8b77595 req-9618b6d6-cfeb-40c7-b0e7-8d62a8b77595 ] Request (ImagesOneServerTestJSON:setUpClass): 200 GET http://10.180.1.21/compute/v2.1/servers/7688e68b-a872-49b4-ab48-47866159eaa6 0.394s
2024-12-14 03:09:31.469 66539 INFO tempest.lib.common.rest_client [req-452ca246-2b52-4d69-a2c4-c7da999c3258 req-452ca246-2b52-4d69-a2c4-c7da999c3258 ] Request (ServersWithSpecificFlavorTestJSON:test_verify_created_server_ephemeral_disk): 200 GET http://10.180.1.21/compute/v2.1/servers/f80c9a28-923e-4943-bb8a-e9a73b4bb6c9 0.146s
2024-12-14 03:09:31.483 66495 INFO tempest.lib.common.rest_client [req-c6f08f3a-7384-4071-a67d-b09f580c7b89 req-c6f08f3a-7384-4071-a67d-b09f580c7b89 ] Request (ServersTestJSON:_run_cleanups): 204 DELETE http://10.180.1.21/compute/v2.1/servers/1a0fa47e-4bfa-441e-b176-5f178cfd2b2d 0.187s
2024-12-14 03:09:31.501 66495 INFO tempest.lib.common.rest_client [req-a9dcee2d-6edb-4bab-9d3a-f2c59e2dc146 req-a9dcee2d-6edb-4bab-9d3a-f2c59e2dc146 ] Request (ServersTestJSON:_run_cleanups): 404 GET http://10.180.1.21/compute/v2.1/servers/1a0fa47e-4bfa-441e-b176-5f178cfd2b2d 0.017s
2024-12-14 03:09:31.529 66481 INFO tempest.lib.common.rest_client [req-0f1ed952-2115-4ad7-9edc-72cd37fdddec req-0f1ed952-2115-4ad7-9edc-72cd37fdddec ] Request (DeleteServersTestJSON:test_delete_server_while_in_attached_volume): 200 GET http://10.180.1.21/compute/v2.1/servers/beca51af-3ae3-4ddd-ac0a-1f1ec161ff0e 0.131s
2024-12-14 03:09:31.546 66495 INFO tempest.lib.common.rest_client [req-064381fe-81f3-40fe-b993-908e7aa943a6 req-064381fe-81f3-40fe-b993-908e7aa943a6 ] Request (ServersTestJSON:test_create_server_with_ipv6_addr_only): 201 POST http://10.180.1.21/identity/v3/auth/tokens 0.040s
2024-12-14 03:09:31.546 66495 INFO tempest.lib.common.fixed_network [-] (ServersTestJSON:test_create_server_with_ipv6_addr_only) Found network {'id': '46e778bb-ae0d-4d48-866d-afbda863cceb', 'name': 'tempest-ServersTestJSON-1222713300-network', 'tenant_id': 'a3b6817b4b074a1ca828f87374423cb6', 'admin_state_up': True, 'mtu': 8950, 'status': 'ACTIVE', 'subnets': [], 'shared': False, 'project_id': 'a3b6817b4b074a1ca828f87374423cb6', 'port_security_enabled': True, 'router:external': False, 'provider:network_type': 'vlan', 'provider:physical_network': 'default', 'provider:segmentation_id': 811, 'availability_zone_hints': [], 'availability_zones': [], 'ipv4_address_scope': None, 'ipv6_address_scope': None, 'description': '', 'tags': [], 'created_at': '2024-12-14T03:08:03Z', 'updated_at': '2024-12-14T03:08:03Z', 'revision_number': 1} available for tenant
2024-12-14 03:09:31.601 66523 WARNING tempest.lib.common.ssh [-] Failed to establish authenticated ssh connection to cirros@10.180.180.141 ([Errno None] Unable to connect to port 22 on 10.180.180.141). Number attempts: 8. Retry after 9 seconds.: paramiko.ssh_exception.NoValidConnectionsError: [Errno None] Unable to connect to port 22 on 10.180.180.141
2024-12-14 03:09:31.677 66501 INFO tempest.lib.common.rest_client [req-add5c258-104f-437f-af72-47eaa9721393 req-add5c258-104f-437f-af72-47eaa9721393 ] Request (VolumesAdminNegativeTest:test_update_attached_volume_with_nonexistent_volume_in_body): 200 GET http://10.180.1.21/volume/v3/volumes/438e7eb2-d465-4e7a-82d1-a9a1f6fe351f 0.041s
2024-12-14 03:09:31.693 66511 INFO tempest.lib.common.rest_client [req-564a72a7-d483-4342-8ddf-2b41171867b6 req-564a72a7-d483-4342-8ddf-2b41171867b6 ] Request (SecurityGroupsTestJSON:test_server_security_groups): 200 GET http://10.180.1.21/compute/v2.1/servers/2de8ec70-a76a-46f6-ac71-e964dbb591df 0.155s
2024-12-14 03:09:31.740 66517 INFO tempest.lib.common.rest_client [req-73eeb5d7-6264-4abf-8f56-1a876b55a561 req-73eeb5d7-6264-4abf-8f56-1a876b55a561 ] Request (ServerRescueTestJSONUnderV235:setUpClass): 200 GET http://10.180.1.21/compute/v2.1/servers/583644aa-7507-4343-ae0c-f4212d1a5612 0.137s
2024-12-14 03:09:31.786 66497 INFO tempest.lib.common.rest_client [req-f189efbf-3b1f-41d4-af94-245747fdf6a6 req-f189efbf-3b1f-41d4-af94-245747fdf6a6 ] Request (ServerRescueNegativeTestJSON:test_rescued_vm_detach_volume): 200 GET http://10.180.1.21/compute/v2.1/servers/6614ec90-4eaa-4393-8f73-f9d54aa6e625 0.123s
2024-12-14 03:09:31.872 66495 INFO tempest.lib.common.rest_client [req-f513d94c-c7c0-4b44-b044-eea3151fb1bd req-f513d94c-c7c0-4b44-b044-eea3151fb1bd ] Request (ServersTestJSON:test_create_server_with_ipv6_addr_only): 202 POST http://10.180.1.21/compute/v2.1/servers 0.325s
2024-12-14 03:09:31.918 66515 INFO tempest.lib.common.rest_client [req-c25a20b8-e18b-436e-b438-12db018913f2 req-c25a20b8-e18b-436e-b438-12db018913f2 ] Request (MultipleCreateTestJSON:test_multiple_create): 200 GET http://10.180.1.21/compute/v2.1/servers/1af50769-644f-4e6b-a859-0bf51f6cc6fb 0.245s
2024-12-14 03:09:31.928 66515 INFO tempest.common.waiters [-] State transition "BUILD/networking" ==> "BUILD/spawning" after 72 second wait
2024-12-14 03:09:31.930 66521 INFO tempest.lib.common.rest_client [req-c75db477-e3a8-47f6-a511-ca04cd47d4fc req-c75db477-e3a8-47f6-a511-ca04cd47d4fc ] Request (ListImageFiltersTestJSON:setUpClass): 200 GET http://10.180.1.21/compute/v2.1/servers/1228d24f-f986-4e6c-9097-5fe14ab7fbda 0.209s
2024-12-14 03:09:31.993 66528 INFO tempest.lib.common.rest_client [req-caa1def2-3510-4eeb-9f90-dde8747a04f0 req-caa1def2-3510-4eeb-9f90-dde8747a04f0 ] Request (MigrationsAdminTest:test_resize_server_revert_deleted_flavor): 200 GET http://10.180.1.21/compute/v2.1/servers/8ae201ed-2458-4a38-9706-79834f32efe2 0.212s
2024-12-14 03:09:32.000 66505 INFO tempest.lib.common.rest_client [req-64a4910c-2de1-49fb-ad37-11d8bd8c12d2 req-64a4910c-2de1-49fb-ad37-11d8bd8c12d2 ] Request (ImagesOneServerNegativeTestJSON:_run_cleanups): 200 GET http://10.180.1.21/compute/v2.1/servers/04c6f283-64fd-4122-bb25-ca8108ff5c12 0.267s
2024-12-14 03:09:32.056 66495 INFO tempest.lib.common.rest_client [req-47f60b5a-f8f6-4a10-bd65-6e00d6a2747b req-47f60b5a-f8f6-4a10-bd65-6e00d6a2747b ] Request (ServersTestJSON:test_create_server_with_ipv6_addr_only): 200 GET http://10.180.1.21/compute/v2.1/servers/062eaf4e-e1a3-4439-8cc8-b2a96f259779 0.182s
2024-12-14 03:09:32.291 66535 WARNING tempest.lib.common.ssh [-] Failed to establish authenticated ssh connection to cirros@10.180.180.156 ([Errno None] Unable to connect to port 22 on 10.180.180.156). Number attempts: 6. Retry after 7 seconds.: paramiko.ssh_exception.NoValidConnectionsError: [Errno None] Unable to connect to port 22 on 10.180.180.156
2024-12-14 03:09:32.315 66531 INFO tempest.lib.common.rest_client [req-f53f4c99-080e-4d52-8f66-ef69b41c4889 req-f53f4c99-080e-4d52-8f66-ef69b41c4889 ] Request (ServersTestMultiNic:test_verify_duplicate_network_nics): 200 GET http://10.180.1.21/compute/v2.1/servers/4ed0a788-ff15-4aff-89d3-73deb1dbbc69 0.391s
2024-12-14 03:09:32.321 66519 INFO tempest.lib.common.rest_client [req-eb09c93e-1ccd-4e76-bf8f-d48c38872c21 req-eb09c93e-1ccd-4e76-bf8f-d48c38872c21 ] Request (ServersAaction247Test:tearDownClass): 200 GET http://10.180.1.21/compute/v2.1/servers/92b2109a-f7b1-41ea-8189-ab44b8606c09 0.515s
2024-12-14 03:09:32.464 66533 INFO tempest.lib.common.rest_client [req-2b99eb98-04ad-45e2-800b-cc0d60328c81 req-2b99eb98-04ad-45e2-800b-cc0d60328c81 ] Request (ImagesTestJSON:test_create_image_from_stopped_server): 200 GET http://10.180.1.21/compute/v2.1/servers/379c870d-bd18-448f-84d1-79dd3e465d5c 0.382s
2024-12-14 03:09:32.487 66493 INFO tempest.lib.common.rest_client [req-e45388f1-af28-4e92-b16d-2a31305d8682 req-e45388f1-af28-4e92-b16d-2a31305d8682 ] Request (ServersAdminTestJSON:test_rebuild_server_in_error_state): 200 GET http://10.180.1.21/compute/v2.1/servers/2d423f66-4b38-4fc4-abe5-5d09381e1c86 0.501s
2024-12-14 03:09:32.529 66489 INFO tempest.lib.common.rest_client [req-73dfa654-d73d-4767-ac51-c95f07a3a697 req-73dfa654-d73d-4767-ac51-c95f07a3a697 ] Request (ServerMetadataNegativeTestJSON:tearDownClass): 200 GET http://10.180.1.21/compute/v2.1/servers/c408d003-2be8-4509-a0a4-93ca0e9d1965 0.391s
2024-12-14 03:09:32.538 66483 INFO tempest.lib.common.rest_client [req-0bc32be5-e6f8-4948-a0fb-33700734b78b req-0bc32be5-e6f8-4948-a0fb-33700734b78b ] Request (ServersNegativeTestJSON:setUpClass): 200 GET http://10.180.1.21/compute/v2.1/servers/67de6b91-f9d0-4ff7-a629-a6628b6c0157 0.349s
2024-12-14 03:09:32.622 66525 INFO tempest.lib.common.rest_client [req-12c45649-94cb-4465-a0f2-1751aadda997 req-12c45649-94cb-4465-a0f2-1751aadda997 ] Request (FloatingIPsAssociationTestJSON:tearDownClass): 200 GET http://10.180.1.21/compute/v2.1/servers/2110c7ab-0962-4884-b120-e1c1fb1bab16 0.271s
2024-12-14 03:09:32.631 66485 INFO tempest.lib.common.rest_client [req-1ddc892b-1092-4c7d-ba38-80415d65e299 req-1ddc892b-1092-4c7d-ba38-80415d65e299 ] Request (ServersTestBootFromVolume:setUpClass): 200 GET http://10.180.1.21/compute/v2.1/servers/555e79b9-57c7-4276-9bce-08999b2cdb83 0.383s
2024-12-14 03:09:32.695 66529 INFO tempest.lib.common.rest_client [req-3ac2e4ae-8cd9-4059-bd7c-56e236b38461 req-3ac2e4ae-8cd9-4059-bd7c-56e236b38461 ] Request (AttachInterfacesUnderV243Test:_run_cleanups): 200 GET http://10.180.1.21/compute/v2.1/servers/0b21b2e2-3462-4388-99d5-6c7f35ba65c8 0.318s
2024-12-14 03:09:32.729 66487 INFO tempest.lib.common.rest_client [req-88e464b3-9d8c-4ff0-bcc2-2a3542b52772 req-88e464b3-9d8c-4ff0-bcc2-2a3542b52772 ] Request (ServerDiagnosticsV248Test:tearDownClass): 200 GET http://10.180.1.21/compute/v2.1/servers/b753b654-ad56-408d-94b0-49275a3faa06 0.323s
2024-12-14 03:09:32.738 66501 INFO tempest.lib.common.rest_client [req-0bf6baa6-fd3b-41b6-a5c4-257bd034a60a req-0bf6baa6-fd3b-41b6-a5c4-257bd034a60a ] Request (VolumesAdminNegativeTest:test_update_attached_volume_with_nonexistent_volume_in_body): 200 GET http://10.180.1.21/volume/v3/volumes/438e7eb2-d465-4e7a-82d1-a9a1f6fe351f 0.052s
2024-12-14 03:09:32.779 66537 INFO tempest.lib.common.rest_client [req-93728b21-c327-42dc-b7cc-fc6cbfe5c552 req-93728b21-c327-42dc-b7cc-fc6cbfe5c552 ] Request (ImagesOneServerTestJSON:setUpClass): 200 GET http://10.180.1.21/compute/v2.1/servers/7688e68b-a872-49b4-ab48-47866159eaa6 0.347s
2024-12-14 03:09:32.786 66539 INFO tempest.lib.common.rest_client [req-b2746776-913f-4443-9ca8-30a5cc1c673d req-b2746776-913f-4443-9ca8-30a5cc1c673d ] Request (ServersWithSpecificFlavorTestJSON:test_verify_created_server_ephemeral_disk): 200 GET http://10.180.1.21/compute/v2.1/servers/f80c9a28-923e-4943-bb8a-e9a73b4bb6c9 0.309s
2024-12-14 03:09:32.838 66503 WARNING tempest.lib.common.ssh [-] Failed to establish authenticated ssh connection to cirros@10.180.180.226 ([Errno None] Unable to connect to port 22 on 10.180.180.226). Number attempts: 7. Retry after 8 seconds.: paramiko.ssh_exception.NoValidConnectionsError: [Errno None] Unable to connect to port 22 on 10.180.180.226
2024-12-14 03:09:32.854 66481 INFO tempest.lib.common.rest_client [req-f7fee7b5-3ab5-42ca-b62d-3470d479e6d2 req-f7fee7b5-3ab5-42ca-b62d-3470d479e6d2 ] Request (DeleteServersTestJSON:test_delete_server_while_in_attached_volume): 200 GET http://10.180.1.21/compute/v2.1/servers/beca51af-3ae3-4ddd-ac0a-1f1ec161ff0e 0.318s
2024-12-14 03:09:32.889 66511 INFO tempest.lib.common.rest_client [req-a5070df3-e410-48e5-97a8-6e9c42b2c258 req-a5070df3-e410-48e5-97a8-6e9c42b2c258 ] Request (SecurityGroupsTestJSON:test_server_security_groups): 200 GET http://10.180.1.21/compute/v2.1/servers/2de8ec70-a76a-46f6-ac71-e964dbb591df 0.188s
2024-12-14 03:09:32.896 66511 INFO tempest.common.waiters [-] State transition "HARD_REBOOT/rebooting_hard" ==> "HARD_REBOOT/reboot_started_hard" after 4 second wait
2024-12-14 03:09:32.911 66517 INFO tempest.lib.common.rest_client [req-75d8b518-7b5d-43f0-90b8-d0384fa5810e req-75d8b518-7b5d-43f0-90b8-d0384fa5810e ] Request (ServerRescueTestJSONUnderV235:setUpClass): 200 GET http://10.180.1.21/compute/v2.1/servers/583644aa-7507-4343-ae0c-f4212d1a5612 0.160s
2024-12-14 03:09:32.938 66497 INFO tempest.lib.common.rest_client [req-e7a26b41-584b-46f5-9924-e84b77def847 req-e7a26b41-584b-46f5-9924-e84b77def847 ] Request (ServerRescueNegativeTestJSON:test_rescued_vm_detach_volume): 200 GET http://10.180.1.21/compute/v2.1/servers/6614ec90-4eaa-4393-8f73-f9d54aa6e625 0.145s
2024-12-14 03:09:32.946 66497 INFO tempest.common.waiters [-] State transition "BUILD/scheduling" ==> "BUILD/None" after 27 second wait
2024-12-14 03:09:32.984 66521 INFO tempest.lib.common.rest_client [req-075409e8-7534-4207-8120-ea60ad563d3e req-075409e8-7534-4207-8120-ea60ad563d3e ] Request (ListImageFiltersTestJSON:setUpClass): 200 GET http://10.180.1.21/compute/v2.1/servers/1228d24f-f986-4e6c-9097-5fe14ab7fbda 0.047s
2024-12-14 03:09:33.040 66515 INFO tempest.lib.common.rest_client [req-cb57177e-54f5-41a2-9928-31bee3caca0e req-cb57177e-54f5-41a2-9928-31bee3caca0e ] Request (MultipleCreateTestJSON:test_multiple_create): 200 GET http://10.180.1.21/compute/v2.1/servers/1af50769-644f-4e6b-a859-0bf51f6cc6fb 0.111s
2024-12-14 03:09:33.054 66528 INFO tempest.lib.common.rest_client [req-d4af9af2-15a4-453d-a009-92f84893fac1 req-d4af9af2-15a4-453d-a009-92f84893fac1 ] Request (MigrationsAdminTest:test_resize_server_revert_deleted_flavor): 200 GET http://10.180.1.21/compute/v2.1/servers/8ae201ed-2458-4a38-9706-79834f32efe2 0.053s
2024-12-14 03:09:33.094 66505 INFO tempest.lib.common.rest_client [req-85ad4d6e-0b91-4895-a0dd-23c082dbd030 req-85ad4d6e-0b91-4895-a0dd-23c082dbd030 ] Request (ImagesOneServerNegativeTestJSON:_run_cleanups): 200 GET http://10.180.1.21/compute/v2.1/servers/04c6f283-64fd-4122-bb25-ca8108ff5c12 0.087s
2024-12-14 03:09:33.115 66495 INFO tempest.lib.common.rest_client [req-59856b10-5414-42ac-8cbf-2cd1ab5a87f1 req-59856b10-5414-42ac-8cbf-2cd1ab5a87f1 ] Request (ServersTestJSON:test_create_server_with_ipv6_addr_only): 200 GET http://10.180.1.21/compute/v2.1/servers/062eaf4e-e1a3-4439-8cc8-b2a96f259779 0.051s
2024-12-14 03:09:33.391 66519 INFO tempest.lib.common.rest_client [req-8d5cc5a7-f62b-446c-8c14-91b213959115 req-8d5cc5a7-f62b-446c-8c14-91b213959115 ] Request (ServersAaction247Test:tearDownClass): 200 GET http://10.180.1.21/compute/v2.1/servers/92b2109a-f7b1-41ea-8189-ab44b8606c09 0.062s
2024-12-14 03:09:33.436 66531 INFO tempest.lib.common.rest_client [req-46a597be-587e-4dac-98c8-06d6d5f971d5 req-46a597be-587e-4dac-98c8-06d6d5f971d5 ] Request (ServersTestMultiNic:test_verify_duplicate_network_nics): 200 GET http://10.180.1.21/compute/v2.1/servers/4ed0a788-ff15-4aff-89d3-73deb1dbbc69 0.112s
2024-12-14 03:09:33.590 66533 INFO tempest.lib.common.rest_client [req-5111a787-abc4-4a69-9bac-84b594eb6a6c req-5111a787-abc4-4a69-9bac-84b594eb6a6c ] Request (ImagesTestJSON:test_create_image_from_stopped_server): 200 GET http://10.180.1.21/compute/v2.1/servers/379c870d-bd18-448f-84d1-79dd3e465d5c 0.115s
2024-12-14 03:09:33.611 66493 INFO tempest.lib.common.rest_client [req-9f9b57c0-ceec-4762-a07b-57137f6489c5 req-9f9b57c0-ceec-4762-a07b-57137f6489c5 ] Request (ServersAdminTestJSON:test_rebuild_server_in_error_state): 200 GET http://10.180.1.21/compute/v2.1/servers/2d423f66-4b38-4fc4-abe5-5d09381e1c86 0.115s
2024-12-14 03:09:33.652 66489 INFO tempest.lib.common.rest_client [req-10bb2994-6778-45d5-969f-2a28100ca9a3 req-10bb2994-6778-45d5-969f-2a28100ca9a3 ] Request (ServerMetadataNegativeTestJSON:tearDownClass): 200 GET http://10.180.1.21/compute/v2.1/servers/c408d003-2be8-4509-a0a4-93ca0e9d1965 0.114s
2024-12-14 03:09:33.661 66483 INFO tempest.lib.common.rest_client [req-9d3da87a-25b4-40c8-a57b-cca0f32a1b0b req-9d3da87a-25b4-40c8-a57b-cca0f32a1b0b ] Request (ServersNegativeTestJSON:setUpClass): 200 GET http://10.180.1.21/compute/v2.1/servers/67de6b91-f9d0-4ff7-a629-a6628b6c0157 0.115s
2024-12-14 03:09:33.713 66485 INFO tempest.lib.common.rest_client [req-59cbbeda-1ca7-4d73-a804-e56430213afa req-59cbbeda-1ca7-4d73-a804-e56430213afa ] Request (ServersTestBootFromVolume:setUpClass): 200 GET http://10.180.1.21/compute/v2.1/servers/555e79b9-57c7-4276-9bce-08999b2cdb83 0.074s
2024-12-14 03:09:33.717 66525 INFO tempest.lib.common.rest_client [req-33849a36-0e1e-4e63-a33c-3ffe49791196 req-33849a36-0e1e-4e63-a33c-3ffe49791196 ] Request (FloatingIPsAssociationTestJSON:tearDownClass): 200 GET http://10.180.1.21/compute/v2.1/servers/2110c7ab-0962-4884-b120-e1c1fb1bab16 0.087s
2024-12-14 03:09:33.767 66487 INFO tempest.lib.common.rest_client [req-9caea139-f7c3-4f08-a2ec-91632922a886 req-9caea139-f7c3-4f08-a2ec-91632922a886 ] Request (ServerDiagnosticsV248Test:tearDownClass): 404 GET http://10.180.1.21/compute/v2.1/servers/b753b654-ad56-408d-94b0-49275a3faa06 0.027s
2024-12-14 03:09:33.778 66529 INFO tempest.lib.common.rest_client [req-d5242b2e-a702-406b-9500-3760ab9143c0 req-d5242b2e-a702-406b-9500-3760ab9143c0 ] Request (AttachInterfacesUnderV243Test:_run_cleanups): 200 GET http://10.180.1.21/compute/v2.1/servers/0b21b2e2-3462-4388-99d5-6c7f35ba65c8 0.074s
2024-12-14 03:09:33.793 66501 INFO tempest.lib.common.rest_client [req-fb863f5c-a44a-4780-9ee1-5e1d3cdf87b3 req-fb863f5c-a44a-4780-9ee1-5e1d3cdf87b3 ] Request (VolumesAdminNegativeTest:test_update_attached_volume_with_nonexistent_volume_in_body): 200 GET http://10.180.1.21/volume/v3/volumes/438e7eb2-d465-4e7a-82d1-a9a1f6fe351f 0.047s
2024-12-14 03:09:33.848 66537 INFO tempest.lib.common.rest_client [req-105d8ae6-df1d-47ca-8413-8276e421100d req-105d8ae6-df1d-47ca-8413-8276e421100d ] Request (ImagesOneServerTestJSON:setUpClass): 200 GET http://10.180.1.21/compute/v2.1/servers/7688e68b-a872-49b4-ab48-47866159eaa6 0.059s
2024-12-14 03:09:33.866 66539 INFO tempest.lib.common.rest_client [req-6bdb6544-310c-4765-911d-dd81aaf43cfb req-6bdb6544-310c-4765-911d-dd81aaf43cfb ] Request (ServersWithSpecificFlavorTestJSON:test_verify_created_server_ephemeral_disk): 200 GET http://10.180.1.21/compute/v2.1/servers/f80c9a28-923e-4943-bb8a-e9a73b4bb6c9 0.069s
2024-12-14 03:09:33.914 66481 INFO tempest.lib.common.rest_client [req-b61a0fe9-8606-441d-8ab8-4c6f0345ad33 req-b61a0fe9-8606-441d-8ab8-4c6f0345ad33 ] Request (DeleteServersTestJSON:test_delete_server_while_in_attached_volume): 200 GET http://10.180.1.21/compute/v2.1/servers/beca51af-3ae3-4ddd-ac0a-1f1ec161ff0e 0.053s
2024-12-14 03:09:33.922 66487 INFO tempest.lib.common.rest_client [req-ad60bb9a-6dd1-472b-808e-ba45f3a65ccd req-ad60bb9a-6dd1-472b-808e-ba45f3a65ccd ] Request (ServerDiagnosticsV248Test:tearDownClass): 204 DELETE http://10.180.1.21/identity/v3/users/bab978de79cc4a118ccbcc2b79f7cfcb 0.155s
2024-12-14 03:09:33.974 66517 INFO tempest.lib.common.rest_client [req-0b58468f-f8e5-412f-be60-52733aef1251 req-0b58468f-f8e5-412f-be60-52733aef1251 ] Request (ServerRescueTestJSONUnderV235:setUpClass): 200 GET http://10.180.1.21/compute/v2.1/servers/583644aa-7507-4343-ae0c-f4212d1a5612 0.054s
2024-12-14 03:09:34.012 66511 INFO tempest.lib.common.rest_client [req-4d0db3bb-d89c-4337-9dd8-472a5318fc44 req-4d0db3bb-d89c-4337-9dd8-472a5318fc44 ] Request (SecurityGroupsTestJSON:test_server_security_groups): 200 GET http://10.180.1.21/compute/v2.1/servers/2de8ec70-a76a-46f6-ac71-e964dbb591df 0.115s
2024-12-14 03:09:34.026 66487 INFO tempest.lib.common.rest_client [req-68c9dd56-62bd-4730-8c2e-944b3675c9de req-68c9dd56-62bd-4730-8c2e-944b3675c9de ] Request (ServerDiagnosticsV248Test:tearDownClass): 204 DELETE http://10.180.1.21/identity/v3/users/d872cd7db25e4e578b2924623162be17 0.103s
2024-12-14 03:09:34.027 66487 INFO tempest.lib.common.dynamic_creds [-] Deleting project and security group for project: ff095c3b6fe34622bda90d96b4e6196d
2024-12-14 03:09:34.030 66497 INFO tempest.lib.common.rest_client [req-1e9418d4-c4c9-4a35-a34f-07d8a8649521 req-1e9418d4-c4c9-4a35-a34f-07d8a8649521 ] Request (ServerRescueNegativeTestJSON:test_rescued_vm_detach_volume): 200 GET http://10.180.1.21/compute/v2.1/servers/6614ec90-4eaa-4393-8f73-f9d54aa6e625 0.082s
2024-12-14 03:09:34.075 66521 INFO tempest.lib.common.rest_client [req-4c3ad637-8825-4910-aa50-baca9abefaf6 req-4c3ad637-8825-4910-aa50-baca9abefaf6 ] Request (ListImageFiltersTestJSON:setUpClass): 200 GET http://10.180.1.21/compute/v2.1/servers/1228d24f-f986-4e6c-9097-5fe14ab7fbda 0.083s
2024-12-14 03:09:34.107 66487 INFO tempest.lib.common.rest_client [req-adc9d902-4599-4da0-8450-e86d829a6792 req-adc9d902-4599-4da0-8450-e86d829a6792 ] Request (ServerDiagnosticsV248Test:tearDownClass): 201 POST http://10.180.1.21/identity/v3/auth/tokens 0.079s
2024-12-14 03:09:34.135 66528 INFO tempest.lib.common.rest_client [req-3560b98d-9498-4188-8609-a7ae5ff5b9ff req-3560b98d-9498-4188-8609-a7ae5ff5b9ff ] Request (MigrationsAdminTest:test_resize_server_revert_deleted_flavor): 200 GET http://10.180.1.21/compute/v2.1/servers/8ae201ed-2458-4a38-9706-79834f32efe2 0.074s
2024-12-14 03:09:34.218 66515 INFO tempest.lib.common.rest_client [req-bc1b1d13-d9d7-4440-ba47-5557a4546e99 req-bc1b1d13-d9d7-4440-ba47-5557a4546e99 ] Request (MultipleCreateTestJSON:test_multiple_create): 200 GET http://10.180.1.21/compute/v2.1/servers/1af50769-644f-4e6b-a859-0bf51f6cc6fb 0.171s
2024-12-14 03:09:34.223 66505 INFO tempest.lib.common.rest_client [req-d853cddb-c7c5-4715-97ca-83250302dc94 req-d853cddb-c7c5-4715-97ca-83250302dc94 ] Request (ImagesOneServerNegativeTestJSON:_run_cleanups): 200 GET http://10.180.1.21/compute/v2.1/servers/04c6f283-64fd-4122-bb25-ca8108ff5c12 0.123s
2024-12-14 03:09:34.269 66495 INFO tempest.lib.common.rest_client [req-58efab2e-7827-4941-831b-f57d03175712 req-58efab2e-7827-4941-831b-f57d03175712 ] Request (ServersTestJSON:test_create_server_with_ipv6_addr_only): 200 GET http://10.180.1.21/compute/v2.1/servers/062eaf4e-e1a3-4439-8cc8-b2a96f259779 0.142s
2024-12-14 03:09:34.304 66487 INFO tempest.lib.common.rest_client [req-199f2b8e-1c2e-4c36-ae1d-cb4175e4ce9f req-199f2b8e-1c2e-4c36-ae1d-cb4175e4ce9f ] Request (ServerDiagnosticsV248Test:tearDownClass): 200 GET http://10.180.1.21:9696/networking/v2.0/security-groups?tenant_id=ff095c3b6fe34622bda90d96b4e6196d&name=default 0.197s
2024-12-14 03:09:34.382 66487 INFO tempest.lib.common.rest_client [req-1d6d510a-f2a6-43bc-aae6-d5a214bf517f req-1d6d510a-f2a6-43bc-aae6-d5a214bf517f ] Request (ServerDiagnosticsV248Test:tearDownClass): 204 DELETE http://10.180.1.21:9696/networking/v2.0/security-groups/d57f13f5-a083-44ea-b883-90f0477651e5 0.077s
2024-12-14 03:09:34.456 66487 INFO tempest.lib.common.rest_client [req-2ccc0a73-07eb-49ba-92a4-db40665cbfff req-2ccc0a73-07eb-49ba-92a4-db40665cbfff ] Request (ServerDiagnosticsV248Test:tearDownClass): 204 DELETE http://10.180.1.21/identity/v3/projects/ff095c3b6fe34622bda90d96b4e6196d 0.074s
2024-12-14 03:09:34.457 66487 INFO tempest.lib.common.dynamic_creds [-] Deleting project and security group for project: b7a8900e02bd44d491e213e265075bb9
2024-12-14 03:09:34.477 66519 INFO tempest.lib.common.rest_client [req-5b78d1c7-1c11-48da-85f5-f71eda984687 req-5b78d1c7-1c11-48da-85f5-f71eda984687 ] Request (ServersAaction247Test:tearDownClass): 200 GET http://10.180.1.21/compute/v2.1/servers/92b2109a-f7b1-41ea-8189-ab44b8606c09 0.078s
2024-12-14 03:09:34.625 66487 INFO tempest.lib.common.rest_client [req-13e54351-1ab7-493d-b895-e33585ba515e req-13e54351-1ab7-493d-b895-e33585ba515e ] Request (ServerDiagnosticsV248Test:tearDownClass): 200 GET http://10.180.1.21:9696/networking/v2.0/security-groups?tenant_id=b7a8900e02bd44d491e213e265075bb9&name=default 0.168s
2024-12-14 03:09:34.705 66531 INFO tempest.lib.common.rest_client [req-18877a62-6713-45b6-a9c7-4a3b390c43a7 req-18877a62-6713-45b6-a9c7-4a3b390c43a7 ] Request (ServersTestMultiNic:test_verify_duplicate_network_nics): 200 GET http://10.180.1.21/compute/v2.1/servers/4ed0a788-ff15-4aff-89d3-73deb1dbbc69 0.262s
2024-12-14 03:09:34.763 66487 INFO tempest.lib.common.rest_client [req-56865f05-9df5-40ac-8061-4409e0432185 req-56865f05-9df5-40ac-8061-4409e0432185 ] Request (ServerDiagnosticsV248Test:tearDownClass): 204 DELETE http://10.180.1.21:9696/networking/v2.0/security-groups/8d7bab48-75c8-4392-907a-543faa498753 0.137s
2024-12-14 03:09:34.787 66533 INFO tempest.lib.common.rest_client [req-c219f1c5-7303-4f1b-a6ee-153692047a44 req-c219f1c5-7303-4f1b-a6ee-153692047a44 ] Request (ImagesTestJSON:test_create_image_from_stopped_server): 200 GET http://10.180.1.21/compute/v2.1/servers/379c870d-bd18-448f-84d1-79dd3e465d5c 0.190s
2024-12-14 03:09:34.831 66501 INFO tempest.lib.common.rest_client [req-c6a26353-dd32-43ef-bee1-927d2a68c628 req-c6a26353-dd32-43ef-bee1-927d2a68c628 ] Request (VolumesAdminNegativeTest:test_update_attached_volume_with_nonexistent_volume_in_body): 200 GET http://10.180.1.21/volume/v3/volumes/438e7eb2-d465-4e7a-82d1-a9a1f6fe351f 0.031s
2024-12-14 03:09:34.861 66487 INFO tempest.lib.common.rest_client [req-d7eb9c15-7fd3-43b1-b4ea-07217981e882 req-d7eb9c15-7fd3-43b1-b4ea-07217981e882 ] Request (ServerDiagnosticsV248Test:tearDownClass): 204 DELETE http://10.180.1.21/identity/v3/projects/b7a8900e02bd44d491e213e265075bb9 0.097s
2024-12-14 03:09:34.876 66489 INFO tempest.lib.common.rest_client [req-8a52bd10-4439-44c0-80bd-79ece01672fc req-8a52bd10-4439-44c0-80bd-79ece01672fc ] Request (ServerMetadataNegativeTestJSON:tearDownClass): 200 GET http://10.180.1.21/compute/v2.1/servers/c408d003-2be8-4509-a0a4-93ca0e9d1965 0.216s
2024-12-14 03:09:34.887 66493 INFO tempest.lib.common.rest_client [req-e08648c5-b7c4-4555-8559-bb7eec54b056 req-e08648c5-b7c4-4555-8559-bb7eec54b056 ] Request (ServersAdminTestJSON:test_rebuild_server_in_error_state): 200 GET http://10.180.1.21/compute/v2.1/servers/2d423f66-4b38-4fc4-abe5-5d09381e1c86 0.268s
2024-12-14 03:09:34.939 66483 INFO tempest.lib.common.rest_client [req-9b2cf745-3e4d-4b42-906a-446366a2bc00 req-9b2cf745-3e4d-4b42-906a-446366a2bc00 ] Request (ServersNegativeTestJSON:setUpClass): 200 GET http://10.180.1.21/compute/v2.1/servers/67de6b91-f9d0-4ff7-a629-a6628b6c0157 0.270s
2024-12-14 03:09:34.941 66485 INFO tempest.lib.common.rest_client [req-2d154a05-b09b-4cd4-99d0-8b2133dc17ea req-2d154a05-b09b-4cd4-99d0-8b2133dc17ea ] Request (ServersTestBootFromVolume:setUpClass): 200 GET http://10.180.1.21/compute/v2.1/servers/555e79b9-57c7-4276-9bce-08999b2cdb83 0.222s
2024-12-14 03:09:34.948 66487 INFO tempest.lib.common.rest_client [req-65ffd790-8fa9-407b-a4d1-69dd29aed665 req-65ffd790-8fa9-407b-a4d1-69dd29aed665 ] Request (ServerAddressesTestJSON:setUpClass): 201 POST http://10.180.1.21/identity/v3/auth/tokens 0.085s
2024-12-14 03:09:34.993 66487 INFO tempest.lib.common.rest_client [req-ba1b6e44-8eba-4c1c-b813-286cf6c2e885 req-ba1b6e44-8eba-4c1c-b813-286cf6c2e885 ] Request (ServerAddressesTestJSON:setUpClass): 201 POST http://10.180.1.21/identity/v3/auth/tokens 0.041s
2024-12-14 03:09:35.005 66529 INFO tempest.lib.common.rest_client [req-c568270b-0d2a-49d6-a7c3-81582f953d95 req-c568270b-0d2a-49d6-a7c3-81582f953d95 ] Request (AttachInterfacesUnderV243Test:_run_cleanups): 200 GET http://10.180.1.21/compute/v2.1/servers/0b21b2e2-3462-4388-99d5-6c7f35ba65c8 0.212s
2024-12-14 03:09:35.018 66525 INFO tempest.lib.common.rest_client [req-a1c80fbf-a69d-4d89-a82f-e71eeae98054 req-a1c80fbf-a69d-4d89-a82f-e71eeae98054 ] Request (FloatingIPsAssociationTestJSON:tearDownClass): 200 GET http://10.180.1.21/compute/v2.1/servers/2110c7ab-0962-4884-b120-e1c1fb1bab16 0.292s
2024-12-14 03:09:35.031 66487 INFO tempest.lib.common.rest_client [req-20730037-5aee-4eae-b8ef-9cf5f8720eb1 req-20730037-5aee-4eae-b8ef-9cf5f8720eb1 ] Request (ServerAddressesTestJSON:setUpClass): 200 GET http://10.180.1.21/identity/v3/domains?name=Default 0.038s
2024-12-14 03:09:35.064 66487 INFO tempest.lib.common.rest_client [req-c3de64ad-0cf8-4c00-a9d8-f111bde1d8c8 req-c3de64ad-0cf8-4c00-a9d8-f111bde1d8c8 ] Request (ServerAddressesTestJSON:setUpClass): 201 POST http://10.180.1.21/identity/v3/projects 0.032s
2024-12-14 03:09:35.068 66537 INFO tempest.lib.common.rest_client [req-d02273cc-b5d2-4cfb-8771-f94804b411f4 req-d02273cc-b5d2-4cfb-8771-f94804b411f4 ] Request (ImagesOneServerTestJSON:setUpClass): 200 GET http://10.180.1.21/compute/v2.1/servers/7688e68b-a872-49b4-ab48-47866159eaa6 0.210s
2024-12-14 03:09:35.081 66539 INFO tempest.lib.common.rest_client [req-be2e1f02-d808-4eed-a39c-4304f43304ec req-be2e1f02-d808-4eed-a39c-4304f43304ec ] Request (ServersWithSpecificFlavorTestJSON:test_verify_created_server_ephemeral_disk): 200 GET http://10.180.1.21/compute/v2.1/servers/f80c9a28-923e-4943-bb8a-e9a73b4bb6c9 0.208s
2024-12-14 03:09:35.122 66481 INFO tempest.lib.common.rest_client [req-8ef6fbbb-621f-4d14-a03c-20f30ebeec6d req-8ef6fbbb-621f-4d14-a03c-20f30ebeec6d ] Request (DeleteServersTestJSON:test_delete_server_while_in_attached_volume): 200 GET http://10.180.1.21/compute/v2.1/servers/beca51af-3ae3-4ddd-ac0a-1f1ec161ff0e 0.199s
2024-12-14 03:09:35.145 66517 INFO tempest.lib.common.rest_client [req-13cd9b81-1748-47b5-b2df-4337ebcce119 req-13cd9b81-1748-47b5-b2df-4337ebcce119 ] Request (ServerRescueTestJSONUnderV235:setUpClass): 200 GET http://10.180.1.21/compute/v2.1/servers/583644aa-7507-4343-ae0c-f4212d1a5612 0.164s
2024-12-14 03:09:35.151 66487 INFO tempest.lib.common.rest_client [req-ccf0ab72-acfe-4ff9-80f7-8dd098dc8b87 req-ccf0ab72-acfe-4ff9-80f7-8dd098dc8b87 ] Request (ServerAddressesTestJSON:setUpClass): 201 POST http://10.180.1.21/identity/v3/users 0.086s
2024-12-14 03:09:35.180 66487 INFO tempest.lib.common.rest_client [req-a1b00389-b92e-4abb-9097-1dbf8c2cab77 req-a1b00389-b92e-4abb-9097-1dbf8c2cab77 ] Request (ServerAddressesTestJSON:setUpClass): 200 GET http://10.180.1.21/identity/v3/roles 0.028s
2024-12-14 03:09:35.202 66497 INFO tempest.lib.common.rest_client [req-54a2d2f5-a0fa-4118-bea7-610ef1e2701b req-54a2d2f5-a0fa-4118-bea7-610ef1e2701b ] Request (ServerRescueNegativeTestJSON:test_rescued_vm_detach_volume): 200 GET http://10.180.1.21/compute/v2.1/servers/6614ec90-4eaa-4393-8f73-f9d54aa6e625 0.161s
2024-12-14 03:09:35.219 66487 INFO tempest.lib.common.rest_client [req-a8b65449-ea81-4327-bc04-d999d0c2e046 req-a8b65449-ea81-4327-bc04-d999d0c2e046 ] Request (ServerAddressesTestJSON:setUpClass): 204 PUT http://10.180.1.21/identity/v3/projects/7134b68920a44d9fa6252f38b7d71244/users/5ecad6e4a5bc49edb0b3581628069275/roles/0313dd5cf6614c38b00020752d722e63 0.038s
2024-12-14 03:09:35.219 66487 INFO tempest.lib.common.dynamic_creds [-] Dynamic test user 5ecad6e4a5bc49edb0b3581628069275 is created with scope project and roles: ['member']
2024-12-14 03:09:35.219 66487 INFO tempest.lib.common.dynamic_creds [-] Acquired dynamic creds: credentials: Credentials: {'domain_id': 'default', 'domain_name': 'Default', 'username': 'tempest-ServerAddressesTestJSON-942487083-project-member', 'project_domain_id': 'default', 'project_domain_name': 'Default', 'project_id': '7134b68920a44d9fa6252f38b7d71244', 'project_name': 'tempest-ServerAddressesTestJSON-942487083', 'tenant_id': '7134b68920a44d9fa6252f38b7d71244', 'tenant_name': 'tempest-ServerAddressesTestJSON-942487083', 'user_domain_id': 'default', 'user_domain_name': 'Default', 'user_id': '5ecad6e4a5bc49edb0b3581628069275', 'system': None}, Network: None, Subnet: None, Router: None
2024-12-14 03:09:35.269 66521 INFO tempest.lib.common.rest_client [req-ad73b30e-9377-439d-a497-0a9bde5705c4 req-ad73b30e-9377-439d-a497-0a9bde5705c4 ] Request (ListImageFiltersTestJSON:setUpClass): 200 GET http://10.180.1.21/compute/v2.1/servers/1228d24f-f986-4e6c-9097-5fe14ab7fbda 0.185s
2024-12-14 03:09:35.290 66487 INFO tempest.lib.common.rest_client [req-86086bf5-a290-45d6-b0a1-351aba659bf1 req-86086bf5-a290-45d6-b0a1-351aba659bf1 ] Request (ServerAddressesTestJSON:setUpClass): 201 POST http://10.180.1.21/identity/v3/auth/tokens 0.070s
2024-12-14 03:09:35.296 66511 INFO tempest.lib.common.rest_client [req-6cfd0242-2270-4e89-8f9b-23032a8aa237 req-6cfd0242-2270-4e89-8f9b-23032a8aa237 ] Request (SecurityGroupsTestJSON:test_server_security_groups): 200 GET http://10.180.1.21/compute/v2.1/servers/2de8ec70-a76a-46f6-ac71-e964dbb591df 0.275s
2024-12-14 03:09:35.323 66528 INFO tempest.lib.common.rest_client [req-e88c2657-8342-43c9-966d-05eaa3dc45e1 req-e88c2657-8342-43c9-966d-05eaa3dc45e1 ] Request (MigrationsAdminTest:test_resize_server_revert_deleted_flavor): 200 GET http://10.180.1.21/compute/v2.1/servers/8ae201ed-2458-4a38-9706-79834f32efe2 0.169s
2024-12-14 03:09:35.381 66505 INFO tempest.lib.common.rest_client [req-029fd5ae-217a-48f4-9036-091f663f3be6 req-029fd5ae-217a-48f4-9036-091f663f3be6 ] Request (ImagesOneServerNegativeTestJSON:_run_cleanups): 200 GET http://10.180.1.21/compute/v2.1/servers/04c6f283-64fd-4122-bb25-ca8108ff5c12 0.149s
2024-12-14 03:09:35.428 66515 INFO tempest.lib.common.rest_client [req-044e8d51-b497-4e36-9399-7f6a518e9549 req-044e8d51-b497-4e36-9399-7f6a518e9549 ] Request (MultipleCreateTestJSON:test_multiple_create): 200 GET http://10.180.1.21/compute/v2.1/servers/1af50769-644f-4e6b-a859-0bf51f6cc6fb 0.201s
2024-12-14 03:09:35.434 66495 INFO tempest.lib.common.rest_client [req-3703b331-580a-424c-8ba6-465e36b6ed98 req-3703b331-580a-424c-8ba6-465e36b6ed98 ] Request (ServersTestJSON:test_create_server_with_ipv6_addr_only): 200 GET http://10.180.1.21/compute/v2.1/servers/062eaf4e-e1a3-4439-8cc8-b2a96f259779 0.158s
2024-12-14 03:09:35.568 66519 INFO tempest.lib.common.rest_client [req-9b9a65e3-a2f6-4049-b822-404a9081b0c2 req-9b9a65e3-a2f6-4049-b822-404a9081b0c2 ] Request (ServersAaction247Test:tearDownClass): 200 GET http://10.180.1.21/compute/v2.1/servers/92b2109a-f7b1-41ea-8189-ab44b8606c09 0.082s
2024-12-14 03:09:35.645 66487 INFO tempest.lib.common.rest_client [req-e7ce4f00-30e5-47c4-988a-6ca15bc904c2 req-e7ce4f00-30e5-47c4-988a-6ca15bc904c2 ] Request (ServerAddressesTestJSON:setUpClass): 201 POST http://10.180.1.21:9696/networking/v2.0/networks 0.355s
2024-12-14 03:09:35.861 66487 INFO tempest.lib.common.rest_client [req-ad62a9d5-be0c-4b0d-872d-caf67ba40a38 req-ad62a9d5-be0c-4b0d-872d-caf67ba40a38 ] Request (ServerAddressesTestJSON:setUpClass): 201 POST http://10.180.1.21:9696/networking/v2.0/subnets 0.215s
2024-12-14 03:09:35.880 66501 INFO tempest.lib.common.rest_client [req-807e5d5a-ffa2-4c85-a345-2eee4124ec58 req-807e5d5a-ffa2-4c85-a345-2eee4124ec58 ] Request (VolumesAdminNegativeTest:test_update_attached_volume_with_nonexistent_volume_in_body): 200 GET http://10.180.1.21/volume/v3/volumes/438e7eb2-d465-4e7a-82d1-a9a1f6fe351f 0.039s
2024-12-14 03:09:35.944 66531 INFO tempest.lib.common.rest_client [req-b5345f45-534f-4902-afca-1f226ee342ef req-b5345f45-534f-4902-afca-1f226ee342ef ] Request (ServersTestMultiNic:test_verify_duplicate_network_nics): 200 GET http://10.180.1.21/compute/v2.1/servers/4ed0a788-ff15-4aff-89d3-73deb1dbbc69 0.231s
2024-12-14 03:09:35.958 66533 INFO tempest.lib.common.rest_client [req-b33a8c61-7eb2-4700-850e-5714d9c7065f req-b33a8c61-7eb2-4700-850e-5714d9c7065f ] Request (ImagesTestJSON:test_create_image_from_stopped_server): 200 GET http://10.180.1.21/compute/v2.1/servers/379c870d-bd18-448f-84d1-79dd3e465d5c 0.162s
2024-12-14 03:09:35.969 66533 INFO tempest.common.waiters [-] State transition "BUILD/spawning" ==> "ACTIVE/None" after 84 second wait
2024-12-14 03:09:36.059 66489 INFO tempest.lib.common.rest_client [req-69f51a4f-4e9f-4044-8bd6-f073037c4618 req-69f51a4f-4e9f-4044-8bd6-f073037c4618 ] Request (ServerMetadataNegativeTestJSON:tearDownClass): 200 GET http://10.180.1.21/compute/v2.1/servers/c408d003-2be8-4509-a0a4-93ca0e9d1965 0.175s
2024-12-14 03:09:36.084 66493 INFO tempest.lib.common.rest_client [req-650c0c64-ec46-4b5d-b94e-c77ce291f5fa req-650c0c64-ec46-4b5d-b94e-c77ce291f5fa ] Request (ServersAdminTestJSON:test_rebuild_server_in_error_state): 200 GET http://10.180.1.21/compute/v2.1/servers/2d423f66-4b38-4fc4-abe5-5d09381e1c86 0.189s
2024-12-14 03:09:36.144 66485 INFO tempest.lib.common.rest_client [req-1eea85d9-04d8-45de-a908-3b071219af4b req-1eea85d9-04d8-45de-a908-3b071219af4b ] Request (ServersTestBootFromVolume:setUpClass): 200 GET http://10.180.1.21/compute/v2.1/servers/555e79b9-57c7-4276-9bce-08999b2cdb83 0.189s
2024-12-14 03:09:36.147 66483 INFO tempest.lib.common.rest_client [req-14ed8fb0-a25e-4cbb-b763-d15d9f4748e4 req-14ed8fb0-a25e-4cbb-b763-d15d9f4748e4 ] Request (ServersNegativeTestJSON:setUpClass): 200 GET http://10.180.1.21/compute/v2.1/servers/67de6b91-f9d0-4ff7-a629-a6628b6c0157 0.199s
2024-12-14 03:09:36.254 66533 INFO tempest.lib.common.rest_client [req-818614bb-c1ef-4ad6-93ac-bc6cbe10dda2 req-818614bb-c1ef-4ad6-93ac-bc6cbe10dda2 ] Request (ImagesTestJSON:test_create_image_from_stopped_server): 202 POST http://10.180.1.21/compute/v2.1/servers/379c870d-bd18-448f-84d1-79dd3e465d5c/action 0.285s
2024-12-14 03:09:36.278 66529 INFO tempest.lib.common.rest_client [req-a3a17ad6-465c-4050-92d1-99308768a601 req-a3a17ad6-465c-4050-92d1-99308768a601 ] Request (AttachInterfacesUnderV243Test:_run_cleanups): 200 GET http://10.180.1.21/compute/v2.1/servers/0b21b2e2-3462-4388-99d5-6c7f35ba65c8 0.260s
2024-12-14 03:09:36.341 66525 INFO tempest.lib.common.rest_client [req-26258211-62cf-49af-88bd-9d14fe94d1b5 req-26258211-62cf-49af-88bd-9d14fe94d1b5 ] Request (FloatingIPsAssociationTestJSON:tearDownClass): 200 GET http://10.180.1.21/compute/v2.1/servers/2110c7ab-0962-4884-b120-e1c1fb1bab16 0.314s
2024-12-14 03:09:36.361 66537 INFO tempest.lib.common.rest_client [req-a958396d-8c0d-4259-b2c2-9c5ed6c7fcda req-a958396d-8c0d-4259-b2c2-9c5ed6c7fcda ] Request (ImagesOneServerTestJSON:setUpClass): 200 GET http://10.180.1.21/compute/v2.1/servers/7688e68b-a872-49b4-ab48-47866159eaa6 0.286s
2024-12-14 03:09:36.412 66539 INFO tempest.lib.common.rest_client [req-1e76bba3-2533-4f2f-a9b5-71e1075b064b req-1e76bba3-2533-4f2f-a9b5-71e1075b064b ] Request (ServersWithSpecificFlavorTestJSON:test_verify_created_server_ephemeral_disk): 200 GET http://10.180.1.21/compute/v2.1/servers/f80c9a28-923e-4943-bb8a-e9a73b4bb6c9 0.321s
2024-12-14 03:09:36.435 66481 INFO tempest.lib.common.rest_client [req-1e5a588d-3d07-4b02-ba1b-5bffada5a6f8 req-1e5a588d-3d07-4b02-ba1b-5bffada5a6f8 ] Request (DeleteServersTestJSON:test_delete_server_while_in_attached_volume): 200 GET http://10.180.1.21/compute/v2.1/servers/beca51af-3ae3-4ddd-ac0a-1f1ec161ff0e 0.299s
2024-12-14 03:09:36.450 66481 INFO tempest.common.waiters [-] State transition "BUILD/None" ==> "BUILD/networking" after 66 second wait
2024-12-14 03:09:36.477 66517 INFO tempest.lib.common.rest_client [req-ac7ad5dd-cce6-446f-93a5-5f1e225fa67e req-ac7ad5dd-cce6-446f-93a5-5f1e225fa67e ] Request (ServerRescueTestJSONUnderV235:setUpClass): 200 GET http://10.180.1.21/compute/v2.1/servers/583644aa-7507-4343-ae0c-f4212d1a5612 0.324s
2024-12-14 03:09:36.499 66497 INFO tempest.lib.common.rest_client [req-1966955b-79d3-4ef4-bf08-bd51c1405758 req-1966955b-79d3-4ef4-bf08-bd51c1405758 ] Request (ServerRescueNegativeTestJSON:test_rescued_vm_detach_volume): 200 GET http://10.180.1.21/compute/v2.1/servers/6614ec90-4eaa-4393-8f73-f9d54aa6e625 0.289s
2024-12-14 03:09:36.577 66521 INFO tempest.lib.common.rest_client [req-fe8239f4-021f-4286-845e-b1213ca6b31a req-fe8239f4-021f-4286-845e-b1213ca6b31a ] Request (ListImageFiltersTestJSON:setUpClass): 200 GET http://10.180.1.21/compute/v2.1/servers/1228d24f-f986-4e6c-9097-5fe14ab7fbda 0.292s
2024-12-14 03:09:36.602 66533 INFO tempest.lib.common.rest_client [req-b5e7bce7-d12c-46a6-a432-9e6fea6f17fa req-b5e7bce7-d12c-46a6-a432-9e6fea6f17fa ] Request (ImagesTestJSON:test_create_image_from_stopped_server): 200 GET http://10.180.1.21/compute/v2.1/servers/379c870d-bd18-448f-84d1-79dd3e465d5c 0.347s
2024-12-14 03:09:36.656 66528 INFO tempest.lib.common.rest_client [req-c04a047f-0481-45a5-8869-8f47220b9d1c req-c04a047f-0481-45a5-8869-8f47220b9d1c ] Request (MigrationsAdminTest:test_resize_server_revert_deleted_flavor): 200 GET http://10.180.1.21/compute/v2.1/servers/8ae201ed-2458-4a38-9706-79834f32efe2 0.325s
2024-12-14 03:09:36.725 66505 INFO tempest.lib.common.rest_client [req-6e552bed-514e-487d-b96b-e8fc16763a0e req-6e552bed-514e-487d-b96b-e8fc16763a0e ] Request (ImagesOneServerNegativeTestJSON:_run_cleanups): 200 GET http://10.180.1.21/compute/v2.1/servers/04c6f283-64fd-4122-bb25-ca8108ff5c12 0.334s
2024-12-14 03:09:36.830 66515 INFO tempest.lib.common.rest_client [req-5c4d16bf-9271-4de9-8ca9-9349dc3f4ace req-5c4d16bf-9271-4de9-8ca9-9349dc3f4ace ] Request (MultipleCreateTestJSON:test_multiple_create): 200 GET http://10.180.1.21/compute/v2.1/servers/1af50769-644f-4e6b-a859-0bf51f6cc6fb 0.391s
2024-12-14 03:09:36.875 66495 INFO tempest.lib.common.rest_client [req-6d27a5db-adf3-4831-9b06-616bf03b1659 req-6d27a5db-adf3-4831-9b06-616bf03b1659 ] Request (ServersTestJSON:test_create_server_with_ipv6_addr_only): 200 GET http://10.180.1.21/compute/v2.1/servers/062eaf4e-e1a3-4439-8cc8-b2a96f259779 0.431s
2024-12-14 03:09:36.928 66501 INFO tempest.lib.common.rest_client [req-2643baa5-7095-4a7f-930d-61f70cf38b45 req-2643baa5-7095-4a7f-930d-61f70cf38b45 ] Request (VolumesAdminNegativeTest:test_update_attached_volume_with_nonexistent_volume_in_body): 200 GET http://10.180.1.21/volume/v3/volumes/438e7eb2-d465-4e7a-82d1-a9a1f6fe351f 0.039s
2024-12-14 03:09:36.943 66519 INFO tempest.lib.common.rest_client [req-d048451e-a04b-4e54-a708-91575af6cd84 req-d048451e-a04b-4e54-a708-91575af6cd84 ] Request (ServersAaction247Test:tearDownClass): 200 GET http://10.180.1.21/compute/v2.1/servers/92b2109a-f7b1-41ea-8189-ab44b8606c09 0.366s
2024-12-14 03:09:37.046 66511 INFO tempest.lib.common.rest_client [req-f86ee698-87aa-4cb3-9018-bc8e528bbe65 req-f86ee698-87aa-4cb3-9018-bc8e528bbe65 ] Request (SecurityGroupsTestJSON:test_server_security_groups): 200 GET http://10.180.1.21/compute/v2.1/servers/2de8ec70-a76a-46f6-ac71-e964dbb591df 0.741s
2024-12-14 03:09:37.053 66511 INFO tempest.common.waiters [-] State transition "HARD_REBOOT/reboot_started_hard" ==> "ACTIVE/None" after 9 second wait
2024-12-14 03:09:37.079 66531 INFO tempest.lib.common.rest_client [req-d5ac47f6-ca44-4723-bc8d-dc4bc3c3041a req-d5ac47f6-ca44-4723-bc8d-dc4bc3c3041a ] Request (ServersTestMultiNic:test_verify_duplicate_network_nics): 200 GET http://10.180.1.21/compute/v2.1/servers/4ed0a788-ff15-4aff-89d3-73deb1dbbc69 0.114s
2024-12-14 03:09:37.134 66489 INFO tempest.lib.common.rest_client [req-cdb4b6a6-81b1-4147-afdf-c7a138a3df68 req-cdb4b6a6-81b1-4147-afdf-c7a138a3df68 ] Request (ServerMetadataNegativeTestJSON:tearDownClass): 200 GET http://10.180.1.21/compute/v2.1/servers/c408d003-2be8-4509-a0a4-93ca0e9d1965 0.064s
2024-12-14 03:09:37.254 66493 INFO tempest.lib.common.rest_client [req-e5bbe947-5ef3-41bd-a651-57b49e8e578e req-e5bbe947-5ef3-41bd-a651-57b49e8e578e ] Request (ServersAdminTestJSON:test_rebuild_server_in_error_state): 200 GET http://10.180.1.21/compute/v2.1/servers/2d423f66-4b38-4fc4-abe5-5d09381e1c86 0.162s
2024-12-14 03:09:37.314 66485 INFO tempest.lib.common.rest_client [req-40f00162-24b6-4701-9315-d3a54a0bf1c9 req-40f00162-24b6-4701-9315-d3a54a0bf1c9 ] Request (ServersTestBootFromVolume:setUpClass): 200 GET http://10.180.1.21/compute/v2.1/servers/555e79b9-57c7-4276-9bce-08999b2cdb83 0.150s
2024-12-14 03:09:37.368 66483 INFO tempest.lib.common.rest_client [req-96a3d8c6-0013-41b9-b9c1-721afba56fe8 req-96a3d8c6-0013-41b9-b9c1-721afba56fe8 ] Request (ServersNegativeTestJSON:setUpClass): 200 GET http://10.180.1.21/compute/v2.1/servers/67de6b91-f9d0-4ff7-a629-a6628b6c0157 0.204s
2024-12-14 03:09:37.432 66529 INFO tempest.lib.common.rest_client [req-f29f4975-ae70-4b99-888c-85c4f0afd460 req-f29f4975-ae70-4b99-888c-85c4f0afd460 ] Request (AttachInterfacesUnderV243Test:_run_cleanups): 200 GET http://10.180.1.21/compute/v2.1/servers/0b21b2e2-3462-4388-99d5-6c7f35ba65c8 0.141s
2024-12-14 03:09:37.507 66525 INFO tempest.lib.common.rest_client [req-68b4f95a-f12a-4987-befc-32d5b3b6b74d req-68b4f95a-f12a-4987-befc-32d5b3b6b74d ] Request (FloatingIPsAssociationTestJSON:tearDownClass): 200 GET http://10.180.1.21/compute/v2.1/servers/2110c7ab-0962-4884-b120-e1c1fb1bab16 0.157s
2024-12-14 03:09:37.571 66537 INFO tempest.lib.common.rest_client [req-28a863e6-9c0b-4b26-bfbf-fba21ecf43c5 req-28a863e6-9c0b-4b26-bfbf-fba21ecf43c5 ] Request (ImagesOneServerTestJSON:setUpClass): 200 GET http://10.180.1.21/compute/v2.1/servers/7688e68b-a872-49b4-ab48-47866159eaa6 0.198s
2024-12-14 03:09:37.620 66539 INFO tempest.lib.common.rest_client [req-3d462d68-1000-4a6e-9f13-2256e1d5189a req-3d462d68-1000-4a6e-9f13-2256e1d5189a ] Request (ServersWithSpecificFlavorTestJSON:test_verify_created_server_ephemeral_disk): 200 GET http://10.180.1.21/compute/v2.1/servers/f80c9a28-923e-4943-bb8a-e9a73b4bb6c9 0.195s
2024-12-14 03:09:37.624 66487 INFO tempest.lib.common.rest_client [req-6fb8f712-9056-4013-9d09-6359e375aa37 req-6fb8f712-9056-4013-9d09-6359e375aa37 ] Request (ServerAddressesTestJSON:setUpClass): 201 POST http://10.180.1.21:9696/networking/v2.0/routers 1.762s
2024-12-14 03:09:37.632 66539 INFO tempest.common.waiters [-] State transition "BUILD/scheduling" ==> "BUILD/None" after 22 second wait
2024-12-14 03:09:37.725 66511 INFO tempest.lib.common.rest_client [req-2622be42-0d99-4787-b9d3-56142914be0f req-2622be42-0d99-4787-b9d3-56142914be0f ] Request (SecurityGroupsTestJSON:test_server_security_groups): 202 POST http://10.180.1.21/compute/v2.1/servers/2de8ec70-a76a-46f6-ac71-e964dbb591df/action 0.671s
2024-12-14 03:09:37.781 66517 INFO tempest.lib.common.rest_client [req-4f931e9a-c37f-4969-b549-e47e493cca21 req-4f931e9a-c37f-4969-b549-e47e493cca21 ] Request (ServerRescueTestJSONUnderV235:setUpClass): 200 GET http://10.180.1.21/compute/v2.1/servers/583644aa-7507-4343-ae0c-f4212d1a5612 0.295s
