2024-12-14 03:08:51.442 66528 INFO tempest.lib.common.rest_client [req-a80242d7-f512-427e-9b3f-6e101452ad9f req-a80242d7-f512-427e-9b3f-6e101452ad9f ] Request (MigrationsAdminTest:test_resize_server_revert_deleted_flavor): 200 GET http://10.180.1.21/compute/v2.1/servers/8ae201ed-2458-4a38-9706-79834f32efe2 0.352s
2024-12-14 03:08:51.520 66497 INFO tempest.lib.common.rest_client [req-2bf70dd0-13a8-4b57-b33b-6d9273119e86 req-2bf70dd0-13a8-4b57-b33b-6d9273119e86 ] Request (ServerRescueNegativeTestJSON:test_rescued_vm_attach_volume): 200 GET http://10.180.1.21/compute/v2.1/servers/d606c3e6-78f6-42b1-9dc1-690215743e14 0.455s
2024-12-14 03:08:51.520 66485 INFO tempest.lib.common.rest_client [req-d5fde697-3018-4714-81bd-b890e6e522f4 req-d5fde697-3018-4714-81bd-b890e6e522f4 ] Request (ServersAdmin275Test:tearDownClass): 200 GET http://10.180.1.21/compute/v2.1/servers/36eadbfe-b649-4959-8fbf-6eb389646e9f 0.364s
2024-12-14 03:08:51.574 66531 INFO tempest.lib.common.rest_client [req-0e237b83-e19f-4d66-b036-38bb7e734fb8 req-0e237b83-e19f-4d66-b036-38bb7e734fb8 ] Request (ServersTestMultiNic:test_verify_duplicate_network_nics): 200 GET http://10.180.1.21/compute/v2.1/servers/4ed0a788-ff15-4aff-89d3-73deb1dbbc69 0.381s
2024-12-14 03:08:51.587 66519 INFO tempest.lib.common.rest_client [req-0bcd9078-2ad6-4bd9-a9ca-a07fd84db578 req-0bcd9078-2ad6-4bd9-a9ca-a07fd84db578 ] Request (ServersAaction247Test:test_create_backup): 200 GET http://10.180.1.21/compute/v2.1/servers/92b2109a-f7b1-41ea-8189-ab44b8606c09 0.284s
2024-12-14 03:08:51.623 66481 INFO tempest.lib.common.rest_client [req-099da586-1421-47b8-b820-61cece5737e9 req-099da586-1421-47b8-b820-61cece5737e9 ] Request (DeleteServersTestJSON:test_delete_server_while_in_attached_volume): 200 GET http://10.180.1.21/compute/v2.1/servers/beca51af-3ae3-4ddd-ac0a-1f1ec161ff0e 0.313s
2024-12-14 03:08:51.635 66515 INFO tempest.lib.common.rest_client [req-d416fb99-88e6-4f96-a875-eab5a76b469c req-d416fb99-88e6-4f96-a875-eab5a76b469c ] Request (MultipleCreateTestJSON:test_multiple_create): 200 GET http://10.180.1.21/compute/v2.1/servers/1af50769-644f-4e6b-a859-0bf51f6cc6fb 0.268s
2024-12-14 03:08:51.672 66505 INFO tempest.lib.common.rest_client [req-97a33f4f-8d25-4873-871c-4d0a6cf3f760 req-97a33f4f-8d25-4873-871c-4d0a6cf3f760 ] Request (ImagesOneServerNegativeTestJSON:setUpClass): 200 GET http://10.180.1.21/compute/v2.1/servers/04c6f283-64fd-4122-bb25-ca8108ff5c12 0.249s
2024-12-14 03:08:51.692 66521 INFO tempest.lib.common.rest_client [req-eb63e390-5d3d-40c3-8d5e-a00051c284a0 req-eb63e390-5d3d-40c3-8d5e-a00051c284a0 ] Request (ServersAdminNegativeTestJSON:tearDownClass): 200 GET http://10.180.1.21/compute/v2.1/servers/27542ea8-947c-47a3-851d-ce46f0548a92 0.205s
2024-12-14 03:08:51.716 66533 INFO tempest.lib.common.rest_client [req-a901165c-15c4-4e7b-8966-56b332bf1465 req-a901165c-15c4-4e7b-8966-56b332bf1465 ] Request (ImagesTestJSON:test_create_image_from_stopped_server): 200 GET http://10.180.1.21/compute/v2.1/servers/379c870d-bd18-448f-84d1-79dd3e465d5c 0.173s
2024-12-14 03:08:51.745 66511 INFO tempest.lib.common.rest_client [req-4b100bbe-dbaf-40bd-94f3-f697b63a3181 req-4b100bbe-dbaf-40bd-94f3-f697b63a3181 ] Request (SecurityGroupsTestJSON:test_server_security_groups): 200 GET http://10.180.1.21/compute/v2.1/servers/2de8ec70-a76a-46f6-ac71-e964dbb591df 0.142s
2024-12-14 03:08:51.762 66517 INFO tempest.lib.common.rest_client [req-985e2592-af60-4c4d-8cf2-da002a58c866 req-985e2592-af60-4c4d-8cf2-da002a58c866 ] Request (InstanceActionsV221TestJSON:test_get_list_deleted_instance_actions): 404 GET http://10.180.1.21/compute/v2.1/servers/dbb1f8dd-1059-49d5-9aa1-03076b234431 0.021s
2024-12-14 03:08:51.809 66517 INFO tempest.lib.common.rest_client [req-d3a8ae19-9d57-4203-8d11-a27c3a342db3 req-d3a8ae19-9d57-4203-8d11-a27c3a342db3 ] Request (InstanceActionsV221TestJSON:test_get_list_deleted_instance_actions): 200 GET http://10.180.1.21/compute/v2.1/servers/dbb1f8dd-1059-49d5-9aa1-03076b234431/os-instance-actions 0.047s
2024-12-14 03:08:51.831 66517 INFO tempest.lib.common.rest_client [req-cdf4d62e-4569-4f46-b129-d05b13178c74 req-cdf4d62e-4569-4f46-b129-d05b13178c74 ] Request (InstanceActionsV221TestJSON:tearDownClass): 404 DELETE http://10.180.1.21/compute/v2.1/servers/dbb1f8dd-1059-49d5-9aa1-03076b234431 0.019s
2024-12-14 03:08:51.851 66517 INFO tempest.lib.common.rest_client [req-43ecf3f9-68fd-4314-a503-c21437f1867e req-43ecf3f9-68fd-4314-a503-c21437f1867e ] Request (InstanceActionsV221TestJSON:tearDownClass): 404 GET http://10.180.1.21/compute/v2.1/servers/dbb1f8dd-1059-49d5-9aa1-03076b234431 0.020s
2024-12-14 03:08:52.076 66493 INFO tempest.lib.common.rest_client [req-7f128322-b597-4918-bffe-274062c7ff37 req-7f128322-b597-4918-bffe-274062c7ff37 ] Request (ServersAdminTestJSON:test_inject_network_info): 200 GET http://10.180.1.21/compute/v2.1/servers/c33db3b7-9c39-42dc-ae25-7b1d0199b6d4 0.066s
2024-12-14 03:08:52.223 66535 INFO tempest.lib.common.rest_client [req-24860180-ad2c-4d02-8bd6-41c5d4d8ae5f req-24860180-ad2c-4d02-8bd6-41c5d4d8ae5f ] Request (ServersTestManualDisk:setUpClass): 200 GET http://10.180.1.21/compute/v2.1/servers/a3506fea-7782-49ef-b9b6-bf37d30b8680 0.122s
2024-12-14 03:08:52.228 66483 INFO tempest.lib.common.rest_client [req-c1991868-f2f9-4485-8330-e16bec90c0db req-c1991868-f2f9-4485-8330-e16bec90c0db ] Request (ServersNegativeTestJSON:setUpClass): 200 GET http://10.180.1.21/compute/v2.1/servers/67de6b91-f9d0-4ff7-a629-a6628b6c0157 0.059s
2024-12-14 03:08:52.290 66525 INFO tempest.lib.common.rest_client [req-03e20ac1-2052-48d4-8ed6-8becdfa788f7 req-03e20ac1-2052-48d4-8ed6-8becdfa788f7 ] Request (FloatingIPsAssociationTestJSON:tearDownClass): 200 GET http://10.180.1.21/compute/v2.1/servers/419be04d-04c1-4099-bf22-e8063e4bfbae 0.067s
2024-12-14 03:08:52.354 66491 INFO tempest.lib.common.rest_client [req-ec935694-0481-4459-8ff1-5e0361a52dc9 req-ec935694-0481-4459-8ff1-5e0361a52dc9 ] Request (AttachInterfacesV270Test:tearDownClass): 200 GET http://10.180.1.21/compute/v2.1/servers/8426c441-9234-499d-8a72-dc41f32e864e 0.073s
2024-12-14 03:08:52.392 66489 INFO tempest.lib.common.rest_client [req-62ca7b28-884a-4727-a044-64315138ac47 req-62ca7b28-884a-4727-a044-64315138ac47 ] Request (ServerMetadataNegativeTestJSON:setUpClass): 200 GET http://10.180.1.21/compute/v2.1/servers/c408d003-2be8-4509-a0a4-93ca0e9d1965 0.055s
2024-12-14 03:08:52.440 66537 INFO tempest.lib.common.rest_client [req-f73e6b9d-0edf-4c04-a486-9e8086df86da req-f73e6b9d-0edf-4c04-a486-9e8086df86da ] Request (ImagesOneServerTestJSON:setUpClass): 200 GET http://10.180.1.21/compute/v2.1/servers/7688e68b-a872-49b4-ab48-47866159eaa6 0.057s
2024-12-14 03:08:52.452 66495 INFO tempest.lib.common.rest_client [req-c3eebf36-2d27-401f-9504-0dd877165e0d req-c3eebf36-2d27-401f-9504-0dd877165e0d ] Request (ServersTestJSON:test_create_server_specify_multibyte_character_name): 200 GET http://10.180.1.21/compute/v2.1/servers/3d1735e1-4302-4891-9230-5fb564800cda 0.065s
2024-12-14 03:08:52.529 66528 INFO tempest.lib.common.rest_client [req-ffa4581a-bd25-42c3-8d1e-4abda76d345a req-ffa4581a-bd25-42c3-8d1e-4abda76d345a ] Request (MigrationsAdminTest:test_resize_server_revert_deleted_flavor): 200 GET http://10.180.1.21/compute/v2.1/servers/8ae201ed-2458-4a38-9706-79834f32efe2 0.074s
2024-12-14 03:08:52.598 66485 INFO tempest.lib.common.rest_client [req-3db5f541-cbd5-4964-a145-11f43861094c req-3db5f541-cbd5-4964-a145-11f43861094c ] Request (ServersAdmin275Test:tearDownClass): 200 GET http://10.180.1.21/compute/v2.1/servers/36eadbfe-b649-4959-8fbf-6eb389646e9f 0.069s
2024-12-14 03:08:52.629 66497 INFO tempest.lib.common.rest_client [req-b4eea947-65f3-4e0f-8fa4-b1dd98f16680 req-b4eea947-65f3-4e0f-8fa4-b1dd98f16680 ] Request (ServerRescueNegativeTestJSON:test_rescued_vm_attach_volume): 200 GET http://10.180.1.21/compute/v2.1/servers/d606c3e6-78f6-42b1-9dc1-690215743e14 0.101s
2024-12-14 03:08:52.646 66517 INFO tempest.lib.common.rest_client [req-4d42715f-5bf7-4220-80f3-35c1387f5b87 req-4d42715f-5bf7-4220-80f3-35c1387f5b87 ] Request (InstanceActionsV221TestJSON:tearDownClass): 200 PUT http://10.180.1.21:9696/networking/v2.0/routers/2ce367de-68eb-4f2a-91f6-de6e246cdd21/remove_router_interface 0.792s
2024-12-14 03:08:52.652 66531 INFO tempest.lib.common.rest_client [req-17e01e9e-bcfc-4eb5-9cf4-74fd9f75e817 req-17e01e9e-bcfc-4eb5-9cf4-74fd9f75e817 ] Request (ServersTestMultiNic:test_verify_duplicate_network_nics): 200 GET http://10.180.1.21/compute/v2.1/servers/4ed0a788-ff15-4aff-89d3-73deb1dbbc69 0.071s
2024-12-14 03:08:52.697 66519 INFO tempest.lib.common.rest_client [req-909ea78a-63b5-4ac1-97cd-76b6bd4f1171 req-909ea78a-63b5-4ac1-97cd-76b6bd4f1171 ] Request (ServersAaction247Test:test_create_backup): 200 GET http://10.180.1.21/compute/v2.1/servers/92b2109a-f7b1-41ea-8189-ab44b8606c09 0.096s
2024-12-14 03:08:52.700 66539 WARNING tempest.lib.common.ssh [-] Failed to establish authenticated ssh connection to cirros@10.180.180.224 ([Errno None] Unable to connect to port 22 on 10.180.180.224). Number attempts: 9. Retry after 10 seconds.: paramiko.ssh_exception.NoValidConnectionsError: [Errno None] Unable to connect to port 22 on 10.180.180.224
2024-12-14 03:08:52.713 66481 INFO tempest.lib.common.rest_client [req-61b0a7b7-35c7-4213-84a1-251178b68b4a req-61b0a7b7-35c7-4213-84a1-251178b68b4a ] Request (DeleteServersTestJSON:test_delete_server_while_in_attached_volume): 200 GET http://10.180.1.21/compute/v2.1/servers/beca51af-3ae3-4ddd-ac0a-1f1ec161ff0e 0.084s
2024-12-14 03:08:52.754 66515 INFO tempest.lib.common.rest_client [req-653add11-6797-495a-84a6-04ace283866a req-653add11-6797-495a-84a6-04ace283866a ] Request (MultipleCreateTestJSON:test_multiple_create): 200 GET http://10.180.1.21/compute/v2.1/servers/1af50769-644f-4e6b-a859-0bf51f6cc6fb 0.111s
2024-12-14 03:08:52.766 66505 INFO tempest.lib.common.rest_client [req-a2d73203-2d66-49ad-8d7b-5e97f22d400b req-a2d73203-2d66-49ad-8d7b-5e97f22d400b ] Request (ImagesOneServerNegativeTestJSON:setUpClass): 200 GET http://10.180.1.21/compute/v2.1/servers/04c6f283-64fd-4122-bb25-ca8108ff5c12 0.086s
2024-12-14 03:08:52.813 66521 INFO tempest.lib.common.rest_client [req-8f697d51-f409-4b6e-b1be-54a03a240cee req-8f697d51-f409-4b6e-b1be-54a03a240cee ] Request (ServersAdminNegativeTestJSON:tearDownClass): 200 GET http://10.180.1.21/compute/v2.1/servers/27542ea8-947c-47a3-851d-ce46f0548a92 0.113s
2024-12-14 03:08:52.822 66533 INFO tempest.lib.common.rest_client [req-a5af5375-a0ea-4a86-8cfd-7a4c18b4e9f5 req-a5af5375-a0ea-4a86-8cfd-7a4c18b4e9f5 ] Request (ImagesTestJSON:test_create_image_from_stopped_server): 200 GET http://10.180.1.21/compute/v2.1/servers/379c870d-bd18-448f-84d1-79dd3e465d5c 0.099s
2024-12-14 03:08:52.858 66511 INFO tempest.lib.common.rest_client [req-7f18ee8a-191c-4471-bede-3d5a55841fd4 req-7f18ee8a-191c-4471-bede-3d5a55841fd4 ] Request (SecurityGroupsTestJSON:test_server_security_groups): 200 GET http://10.180.1.21/compute/v2.1/servers/2de8ec70-a76a-46f6-ac71-e964dbb591df 0.106s
2024-12-14 03:08:52.945 66503 WARNING tempest.lib.common.ssh [-] Failed to establish authenticated ssh connection to cirros@10.180.180.226 ([Errno None] Unable to connect to port 22 on 10.180.180.226). Number attempts: 2. Retry after 3 seconds.: paramiko.ssh_exception.NoValidConnectionsError: [Errno None] Unable to connect to port 22 on 10.180.180.226
2024-12-14 03:08:52.993 66517 INFO tempest.lib.common.rest_client [req-5e19f414-c1f3-4021-8cce-130e1dd90a3a req-5e19f414-c1f3-4021-8cce-130e1dd90a3a ] Request (InstanceActionsV221TestJSON:tearDownClass): 204 DELETE http://10.180.1.21:9696/networking/v2.0/routers/2ce367de-68eb-4f2a-91f6-de6e246cdd21 0.346s
2024-12-14 03:08:53.092 66517 INFO tempest.lib.common.rest_client [req-e137de9c-19bf-43cf-9393-8b51de2ec83d req-e137de9c-19bf-43cf-9393-8b51de2ec83d ] Request (InstanceActionsV221TestJSON:tearDownClass): 204 DELETE http://10.180.1.21:9696/networking/v2.0/subnets/5cd422cb-39e8-431e-b173-f4a569bfbba0 0.099s
2024-12-14 03:08:53.153 66493 INFO tempest.lib.common.rest_client [req-48577973-cb9e-4453-86f1-43cd8a2e8135 req-48577973-cb9e-4453-86f1-43cd8a2e8135 ] Request (ServersAdminTestJSON:test_inject_network_info): 200 GET http://10.180.1.21/compute/v2.1/servers/c33db3b7-9c39-42dc-ae25-7b1d0199b6d4 0.066s
2024-12-14 03:08:53.290 66483 INFO tempest.lib.common.rest_client [req-daaa6a73-1db1-4961-922d-58b1340aa196 req-daaa6a73-1db1-4961-922d-58b1340aa196 ] Request (ServersNegativeTestJSON:setUpClass): 200 GET http://10.180.1.21/compute/v2.1/servers/67de6b91-f9d0-4ff7-a629-a6628b6c0157 0.056s
2024-12-14 03:08:53.336 66535 INFO tempest.lib.common.rest_client [req-4274782a-245f-4954-b7bf-8bd99707254e req-4274782a-245f-4954-b7bf-8bd99707254e ] Request (ServersTestManualDisk:setUpClass): 200 GET http://10.180.1.21/compute/v2.1/servers/a3506fea-7782-49ef-b9b6-bf37d30b8680 0.106s
2024-12-14 03:08:53.360 66517 INFO tempest.lib.common.rest_client [req-5b8fe24e-b320-4016-a04b-e9740ecb4987 req-5b8fe24e-b320-4016-a04b-e9740ecb4987 ] Request (InstanceActionsV221TestJSON:tearDownClass): 204 DELETE http://10.180.1.21:9696/networking/v2.0/networks/d0f94865-4061-4f8d-8515-686f39ba33cb 0.267s
2024-12-14 03:08:53.361 66525 INFO tempest.lib.common.rest_client [req-6ecc46ba-f2e9-47b0-b1bd-298fb046e043 req-6ecc46ba-f2e9-47b0-b1bd-298fb046e043 ] Request (FloatingIPsAssociationTestJSON:tearDownClass): 200 GET http://10.180.1.21/compute/v2.1/servers/419be04d-04c1-4099-bf22-e8063e4bfbae 0.061s
2024-12-14 03:08:53.430 66517 INFO tempest.lib.common.rest_client [req-0649fe42-3402-4af3-bd14-4e9311b228db req-0649fe42-3402-4af3-bd14-4e9311b228db ] Request (InstanceActionsV221TestJSON:tearDownClass): 204 DELETE http://10.180.1.21/identity/v3/users/d7835fd4e7bb430e9aca9098f84bc9b0 0.069s
2024-12-14 03:08:53.430 66517 INFO tempest.lib.common.dynamic_creds [-] Deleting project and security group for project: d50cd8217a034cee90e8004f5e258c74
2024-12-14 03:08:53.433 66491 INFO tempest.lib.common.rest_client [req-2218ffec-797f-4cda-a0af-df58b753b972 req-2218ffec-797f-4cda-a0af-df58b753b972 ] Request (AttachInterfacesV270Test:tearDownClass): 200 GET http://10.180.1.21/compute/v2.1/servers/8426c441-9234-499d-8a72-dc41f32e864e 0.058s
2024-12-14 03:08:53.458 66489 INFO tempest.lib.common.rest_client [req-d257e439-1c8b-4dc0-9d69-ced024cdb063 req-d257e439-1c8b-4dc0-9d69-ced024cdb063 ] Request (ServerMetadataNegativeTestJSON:setUpClass): 200 GET http://10.180.1.21/compute/v2.1/servers/c408d003-2be8-4509-a0a4-93ca0e9d1965 0.049s
2024-12-14 03:08:53.458 66517 INFO tempest.lib.common.rest_client [req-7e545841-5568-4b8b-bd27-c223f5cc1c58 req-7e545841-5568-4b8b-bd27-c223f5cc1c58 ] Request (InstanceActionsV221TestJSON:tearDownClass): 200 GET http://10.180.1.21:9696/networking/v2.0/security-groups?tenant_id=d50cd8217a034cee90e8004f5e258c74&name=default 0.027s
2024-12-14 03:08:53.505 66537 INFO tempest.lib.common.rest_client [req-685bddb9-118a-4b9b-b17a-258426d507d8 req-685bddb9-118a-4b9b-b17a-258426d507d8 ] Request (ImagesOneServerTestJSON:setUpClass): 200 GET http://10.180.1.21/compute/v2.1/servers/7688e68b-a872-49b4-ab48-47866159eaa6 0.057s
2024-12-14 03:08:53.514 66495 INFO tempest.lib.common.rest_client [req-f609c909-beaa-4704-a9dd-162b425898d3 req-f609c909-beaa-4704-a9dd-162b425898d3 ] Request (ServersTestJSON:test_create_server_specify_multibyte_character_name): 200 GET http://10.180.1.21/compute/v2.1/servers/3d1735e1-4302-4891-9230-5fb564800cda 0.047s
2024-12-14 03:08:53.549 66517 INFO tempest.lib.common.rest_client [req-1d889b60-f59d-42a4-bf6a-a7fc94176df3 req-1d889b60-f59d-42a4-bf6a-a7fc94176df3 ] Request (InstanceActionsV221TestJSON:tearDownClass): 204 DELETE http://10.180.1.21:9696/networking/v2.0/security-groups/c44b97e7-041c-432b-8f9c-b062f21e5eae 0.090s
2024-12-14 03:08:53.583 66528 INFO tempest.lib.common.rest_client [req-5175e335-924e-4b8b-8db4-c3291f425477 req-5175e335-924e-4b8b-8db4-c3291f425477 ] Request (MigrationsAdminTest:test_resize_server_revert_deleted_flavor): 200 GET http://10.180.1.21/compute/v2.1/servers/8ae201ed-2458-4a38-9706-79834f32efe2 0.046s
2024-12-14 03:08:53.630 66517 INFO tempest.lib.common.rest_client [req-24aabcde-f3ae-427c-9d3f-d56a85440b46 req-24aabcde-f3ae-427c-9d3f-d56a85440b46 ] Request (InstanceActionsV221TestJSON:tearDownClass): 204 DELETE http://10.180.1.21/identity/v3/projects/d50cd8217a034cee90e8004f5e258c74 0.081s
2024-12-14 03:08:53.639 66485 INFO tempest.lib.common.rest_client [req-464716a4-ede6-4fce-bb86-d8333ca78e9a req-464716a4-ede6-4fce-bb86-d8333ca78e9a ] Request (ServersAdmin275Test:tearDownClass): 404 GET http://10.180.1.21/compute/v2.1/servers/36eadbfe-b649-4959-8fbf-6eb389646e9f 0.027s
2024-12-14 03:08:53.695 66517 INFO tempest.lib.common.rest_client [req-a170e948-755d-4446-848a-01ec3d5ed36d req-a170e948-755d-4446-848a-01ec3d5ed36d ] Request (ServerRescueTestJSONUnderV235:setUpClass): 201 POST http://10.180.1.21/identity/v3/auth/tokens 0.063s
2024-12-14 03:08:53.716 66531 INFO tempest.lib.common.rest_client [req-42acf485-230c-4bc0-b293-8cc6ec2e20dc req-42acf485-230c-4bc0-b293-8cc6ec2e20dc ] Request (ServersTestMultiNic:test_verify_duplicate_network_nics): 200 GET http://10.180.1.21/compute/v2.1/servers/4ed0a788-ff15-4aff-89d3-73deb1dbbc69 0.057s
2024-12-14 03:08:53.749 66485 INFO tempest.lib.common.rest_client [req-d278b70e-f90a-4f18-bf70-f032d33e6d27 req-d278b70e-f90a-4f18-bf70-f032d33e6d27 ] Request (ServersAdmin275Test:tearDownClass): 204 DELETE http://10.180.1.21/identity/v3/users/cd5b98c4db4640738c8507d61d456049 0.110s
2024-12-14 03:08:53.776 66519 INFO tempest.lib.common.rest_client [req-d78c013c-458b-4b29-abca-fb22940e7f4d req-d78c013c-458b-4b29-abca-fb22940e7f4d ] Request (ServersAaction247Test:test_create_backup): 200 GET http://10.180.1.21/compute/v2.1/servers/92b2109a-f7b1-41ea-8189-ab44b8606c09 0.068s
2024-12-14 03:08:53.778 66497 INFO tempest.lib.common.rest_client [req-21b63820-9d77-47e7-afa6-db7b4cab51cd req-21b63820-9d77-47e7-afa6-db7b4cab51cd ] Request (ServerRescueNegativeTestJSON:test_rescued_vm_attach_volume): 200 GET http://10.180.1.21/compute/v2.1/servers/d606c3e6-78f6-42b1-9dc1-690215743e14 0.141s
2024-12-14 03:08:53.789 66517 INFO tempest.lib.common.rest_client [req-1de5a0db-c242-442a-acf4-f14f02d15180 req-1de5a0db-c242-442a-acf4-f14f02d15180 ] Request (ServerRescueTestJSONUnderV235:setUpClass): 201 POST http://10.180.1.21/identity/v3/auth/tokens 0.091s
2024-12-14 03:08:53.816 66517 INFO tempest.lib.common.rest_client [req-a538f4c8-f503-4960-aa03-f58b4073d67f req-a538f4c8-f503-4960-aa03-f58b4073d67f ] Request (ServerRescueTestJSONUnderV235:setUpClass): 200 GET http://10.180.1.21/identity/v3/domains?name=Default 0.026s
2024-12-14 03:08:53.832 66481 INFO tempest.lib.common.rest_client [req-eb3072e5-c48c-4573-b376-6576c354d11e req-eb3072e5-c48c-4573-b376-6576c354d11e ] Request (DeleteServersTestJSON:test_delete_server_while_in_attached_volume): 200 GET http://10.180.1.21/compute/v2.1/servers/beca51af-3ae3-4ddd-ac0a-1f1ec161ff0e 0.106s
2024-12-14 03:08:53.844 66515 INFO tempest.lib.common.rest_client [req-3d540e6b-d7b6-4565-8fe7-db8a96b2efdc req-3d540e6b-d7b6-4565-8fe7-db8a96b2efdc ] Request (MultipleCreateTestJSON:test_multiple_create): 200 GET http://10.180.1.21/compute/v2.1/servers/1af50769-644f-4e6b-a859-0bf51f6cc6fb 0.082s
2024-12-14 03:08:53.855 66517 INFO tempest.lib.common.rest_client [req-5d268502-f960-4eaa-b0f0-07f9e7668134 req-5d268502-f960-4eaa-b0f0-07f9e7668134 ] Request (ServerRescueTestJSONUnderV235:setUpClass): 201 POST http://10.180.1.21/identity/v3/projects 0.038s
2024-12-14 03:08:53.884 66485 INFO tempest.lib.common.rest_client [req-d90c2abc-e0fa-466d-8d81-7c6ebfd3af1d req-d90c2abc-e0fa-466d-8d81-7c6ebfd3af1d ] Request (ServersAdmin275Test:tearDownClass): 204 DELETE http://10.180.1.21/identity/v3/users/db6384f1ab274c23a4ef4c2ebe7a73c6 0.134s
2024-12-14 03:08:53.884 66485 INFO tempest.lib.common.dynamic_creds [-] Deleting project and security group for project: 2b35441cb1a14feba4f04b34bfbd2c18
2024-12-14 03:08:53.892 66505 INFO tempest.lib.common.rest_client [req-043b2861-81a0-4e7e-99f2-e015f3bdfa61 req-043b2861-81a0-4e7e-99f2-e015f3bdfa61 ] Request (ImagesOneServerNegativeTestJSON:setUpClass): 200 GET http://10.180.1.21/compute/v2.1/servers/04c6f283-64fd-4122-bb25-ca8108ff5c12 0.118s
2024-12-14 03:08:53.922 66521 INFO tempest.lib.common.rest_client [req-14a90bd2-4a07-4193-aba9-f4f1f9959820 req-14a90bd2-4a07-4193-aba9-f4f1f9959820 ] Request (ServersAdminNegativeTestJSON:tearDownClass): 200 GET http://10.180.1.21/compute/v2.1/servers/27542ea8-947c-47a3-851d-ce46f0548a92 0.101s
2024-12-14 03:08:53.947 66533 INFO tempest.lib.common.rest_client [req-b28570e9-217d-4c30-a69c-2570f113477a req-b28570e9-217d-4c30-a69c-2570f113477a ] Request (ImagesTestJSON:test_create_image_from_stopped_server): 200 GET http://10.180.1.21/compute/v2.1/servers/379c870d-bd18-448f-84d1-79dd3e465d5c 0.118s
2024-12-14 03:08:53.959 66485 INFO tempest.lib.common.rest_client [req-2636fccb-b972-41af-aeb1-83fb6db8e07a req-2636fccb-b972-41af-aeb1-83fb6db8e07a ] Request (ServersAdmin275Test:tearDownClass): 201 POST http://10.180.1.21/identity/v3/auth/tokens 0.074s
2024-12-14 03:08:53.969 66517 INFO tempest.lib.common.rest_client [req-0f4e5241-bbd9-4cfb-8153-7568d34215b0 req-0f4e5241-bbd9-4cfb-8153-7568d34215b0 ] Request (ServerRescueTestJSONUnderV235:setUpClass): 201 POST http://10.180.1.21/identity/v3/users 0.113s
2024-12-14 03:08:53.990 66511 INFO tempest.lib.common.rest_client [req-af6aa47d-20bc-43ae-bc0a-a32c4a9e5f12 req-af6aa47d-20bc-43ae-bc0a-a32c4a9e5f12 ] Request (SecurityGroupsTestJSON:test_server_security_groups): 200 GET http://10.180.1.21/compute/v2.1/servers/2de8ec70-a76a-46f6-ac71-e964dbb591df 0.124s
2024-12-14 03:08:53.997 66517 INFO tempest.lib.common.rest_client [req-692f6a31-c527-454c-b350-72f110c3d7c7 req-692f6a31-c527-454c-b350-72f110c3d7c7 ] Request (ServerRescueTestJSONUnderV235:setUpClass): 200 GET http://10.180.1.21/identity/v3/roles 0.028s
2024-12-14 03:08:54.027 66517 INFO tempest.lib.common.rest_client [req-a4163b60-8c42-4455-bf71-cdf4b7e7e349 req-a4163b60-8c42-4455-bf71-cdf4b7e7e349 ] Request (ServerRescueTestJSONUnderV235:setUpClass): 204 PUT http://10.180.1.21/identity/v3/projects/09ea90a0e1d84fe18cf16e94db381552/users/4b752af0dcd24bafb8242159a2e95d90/roles/0313dd5cf6614c38b00020752d722e63 0.029s
2024-12-14 03:08:54.028 66517 INFO tempest.lib.common.dynamic_creds [-] Dynamic test user 4b752af0dcd24bafb8242159a2e95d90 is created with scope project and roles: ['member']
2024-12-14 03:08:54.028 66517 INFO tempest.lib.common.dynamic_creds [-] Acquired dynamic creds: credentials: Credentials: {'domain_id': 'default', 'domain_name': 'Default', 'username': 'tempest-ServerRescueTestJSONUnderV235-1570283643-project-member', 'project_domain_id': 'default', 'project_domain_name': 'Default', 'project_id': '09ea90a0e1d84fe18cf16e94db381552', 'project_name': 'tempest-ServerRescueTestJSONUnderV235-1570283643', 'tenant_id': '09ea90a0e1d84fe18cf16e94db381552', 'tenant_name': 'tempest-ServerRescueTestJSONUnderV235-1570283643', 'user_domain_id': 'default', 'user_domain_name': 'Default', 'user_id': '4b752af0dcd24bafb8242159a2e95d90', 'system': None}, Network: None, Subnet: None, Router: None
2024-12-14 03:08:54.087 66517 INFO tempest.lib.common.rest_client [req-51f7e7f3-6ba9-498b-804a-3297cb121d7f req-51f7e7f3-6ba9-498b-804a-3297cb121d7f ] Request (ServerRescueTestJSONUnderV235:setUpClass): 201 POST http://10.180.1.21/identity/v3/auth/tokens 0.059s
2024-12-14 03:08:54.121 66485 INFO tempest.lib.common.rest_client [req-b7dab89f-5b4b-4ca5-b54d-44f1bb400c76 req-b7dab89f-5b4b-4ca5-b54d-44f1bb400c76 ] Request (ServersAdmin275Test:tearDownClass): 200 GET http://10.180.1.21:9696/networking/v2.0/security-groups?tenant_id=2b35441cb1a14feba4f04b34bfbd2c18&name=default 0.161s
2024-12-14 03:08:54.222 66485 INFO tempest.lib.common.rest_client [req-79a89d93-3609-41d5-8978-eb70f7ce8d1f req-79a89d93-3609-41d5-8978-eb70f7ce8d1f ] Request (ServersAdmin275Test:tearDownClass): 204 DELETE http://10.180.1.21:9696/networking/v2.0/security-groups/58e89c37-dc5a-4aff-b575-047dea4bfbcc 0.101s
2024-12-14 03:08:54.228 66493 INFO tempest.lib.common.rest_client [req-3b4956e7-87e2-4c1e-b8c8-d04887c0a5f7 req-3b4956e7-87e2-4c1e-b8c8-d04887c0a5f7 ] Request (ServersAdminTestJSON:test_inject_network_info): 200 GET http://10.180.1.21/compute/v2.1/servers/c33db3b7-9c39-42dc-ae25-7b1d0199b6d4 0.069s
2024-12-14 03:08:54.290 66485 INFO tempest.lib.common.rest_client [req-8cf56677-cc11-439b-a0f9-4cef2d0ac7c4 req-8cf56677-cc11-439b-a0f9-4cef2d0ac7c4 ] Request (ServersAdmin275Test:tearDownClass): 204 DELETE http://10.180.1.21/identity/v3/projects/2b35441cb1a14feba4f04b34bfbd2c18 0.067s
2024-12-14 03:08:54.290 66485 INFO tempest.lib.common.dynamic_creds [-] Deleting project and security group for project: 3e62bb30d14f4e8595e2dff69029b424
2024-12-14 03:08:54.331 66517 INFO tempest.lib.common.rest_client [req-b156f8df-d68e-49bc-8134-db9964a42920 req-b156f8df-d68e-49bc-8134-db9964a42920 ] Request (ServerRescueTestJSONUnderV235:setUpClass): 201 POST http://10.180.1.21:9696/networking/v2.0/networks 0.244s
2024-12-14 03:08:54.353 66483 INFO tempest.lib.common.rest_client [req-552532d6-3902-41f7-9101-928f7fb16d3d req-552532d6-3902-41f7-9101-928f7fb16d3d ] Request (ServersNegativeTestJSON:setUpClass): 200 GET http://10.180.1.21/compute/v2.1/servers/67de6b91-f9d0-4ff7-a629-a6628b6c0157 0.055s
2024-12-14 03:08:54.439 66525 INFO tempest.lib.common.rest_client [req-94dbb080-7968-4076-a5cf-792a63e13acb req-94dbb080-7968-4076-a5cf-792a63e13acb ] Request (FloatingIPsAssociationTestJSON:tearDownClass): 200 GET http://10.180.1.21/compute/v2.1/servers/419be04d-04c1-4099-bf22-e8063e4bfbae 0.071s
2024-12-14 03:08:54.442 66485 INFO tempest.lib.common.rest_client [req-8c01c26d-43b7-42bf-8d72-2d0b4dca5585 req-8c01c26d-43b7-42bf-8d72-2d0b4dca5585 ] Request (ServersAdmin275Test:tearDownClass): 200 GET http://10.180.1.21:9696/networking/v2.0/security-groups?tenant_id=3e62bb30d14f4e8595e2dff69029b424&name=default 0.152s
2024-12-14 03:08:54.515 66491 INFO tempest.lib.common.rest_client [req-0870d2f8-5cd8-4e2a-866c-cdfcff3d0561 req-0870d2f8-5cd8-4e2a-866c-cdfcff3d0561 ] Request (AttachInterfacesV270Test:tearDownClass): 200 GET http://10.180.1.21/compute/v2.1/servers/8426c441-9234-499d-8a72-dc41f32e864e 0.073s
2024-12-14 03:08:54.548 66535 INFO tempest.lib.common.rest_client [req-0701b7cb-ecdb-441f-8681-74436f077e3f req-0701b7cb-ecdb-441f-8681-74436f077e3f ] Request (ServersTestManualDisk:setUpClass): 200 GET http://10.180.1.21/compute/v2.1/servers/a3506fea-7782-49ef-b9b6-bf37d30b8680 0.205s
2024-12-14 03:08:54.565 66485 INFO tempest.lib.common.rest_client [req-5375f5a6-b14a-4b0b-a27c-a3501551b424 req-5375f5a6-b14a-4b0b-a27c-a3501551b424 ] Request (ServersAdmin275Test:tearDownClass): 204 DELETE http://10.180.1.21:9696/networking/v2.0/security-groups/8ec47ede-4ef6-4e57-bc8a-0211aa979aa9 0.122s
2024-12-14 03:08:54.567 66489 INFO tempest.lib.common.rest_client [req-9b43b8db-1921-4c0a-8837-13900faa7ccf req-9b43b8db-1921-4c0a-8837-13900faa7ccf ] Request (ServerMetadataNegativeTestJSON:setUpClass): 200 GET http://10.180.1.21/compute/v2.1/servers/c408d003-2be8-4509-a0a4-93ca0e9d1965 0.102s
2024-12-14 03:08:54.607 66537 INFO tempest.lib.common.rest_client [req-cecac85a-b9b1-496e-8e52-54f3aa210c76 req-cecac85a-b9b1-496e-8e52-54f3aa210c76 ] Request (ImagesOneServerTestJSON:setUpClass): 200 GET http://10.180.1.21/compute/v2.1/servers/7688e68b-a872-49b4-ab48-47866159eaa6 0.095s
2024-12-14 03:08:54.616 66517 INFO tempest.lib.common.rest_client [req-75e0f0da-434a-4f75-b25c-a1bd2408ca43 req-75e0f0da-434a-4f75-b25c-a1bd2408ca43 ] Request (ServerRescueTestJSONUnderV235:setUpClass): 201 POST http://10.180.1.21:9696/networking/v2.0/subnets 0.285s
2024-12-14 03:08:54.623 66495 INFO tempest.lib.common.rest_client [req-01a6b5c0-25a5-4ef5-9106-4b1c9ea259b0 req-01a6b5c0-25a5-4ef5-9106-4b1c9ea259b0 ] Request (ServersTestJSON:test_create_server_specify_multibyte_character_name): 200 GET http://10.180.1.21/compute/v2.1/servers/3d1735e1-4302-4891-9230-5fb564800cda 0.102s
2024-12-14 03:08:54.660 66528 INFO tempest.lib.common.rest_client [req-6c82fb9d-6f17-4e01-8716-0f1fa3b75569 req-6c82fb9d-6f17-4e01-8716-0f1fa3b75569 ] Request (MigrationsAdminTest:test_resize_server_revert_deleted_flavor): 200 GET http://10.180.1.21/compute/v2.1/servers/8ae201ed-2458-4a38-9706-79834f32efe2 0.068s
2024-12-14 03:08:54.685 66485 INFO tempest.lib.common.rest_client [req-f74205e3-6552-49bc-b379-5fa76f410d71 req-f74205e3-6552-49bc-b379-5fa76f410d71 ] Request (ServersAdmin275Test:tearDownClass): 204 DELETE http://10.180.1.21/identity/v3/projects/3e62bb30d14f4e8595e2dff69029b424 0.120s
2024-12-14 03:08:54.752 66485 INFO tempest.lib.common.rest_client [req-7f5432f8-4c6e-43d8-ba06-bab068e51584 req-7f5432f8-4c6e-43d8-ba06-bab068e51584 ] Request (FlavorsV2NegativeTest:setUpClass): 201 POST http://10.180.1.21/identity/v3/auth/tokens 0.065s
2024-12-14 03:08:54.779 66531 INFO tempest.lib.common.rest_client [req-5954fee7-01ee-416c-8148-c5bb3c866908 req-5954fee7-01ee-416c-8148-c5bb3c866908 ] Request (ServersTestMultiNic:test_verify_duplicate_network_nics): 200 GET http://10.180.1.21/compute/v2.1/servers/4ed0a788-ff15-4aff-89d3-73deb1dbbc69 0.056s
2024-12-14 03:08:54.794 66485 INFO tempest.lib.common.rest_client [req-d242459e-ce96-4508-8858-b44c65ba5787 req-d242459e-ce96-4508-8858-b44c65ba5787 ] Request (FlavorsV2NegativeTest:setUpClass): 201 POST http://10.180.1.21/identity/v3/auth/tokens 0.037s
2024-12-14 03:08:54.817 66485 INFO tempest.lib.common.rest_client [req-3a8da877-8cbc-4846-9925-66cc4637173a req-3a8da877-8cbc-4846-9925-66cc4637173a ] Request (FlavorsV2NegativeTest:setUpClass): 200 GET http://10.180.1.21/identity/v3/domains?name=Default 0.023s
2024-12-14 03:08:54.849 66519 INFO tempest.lib.common.rest_client [req-c331de6d-8c4e-437d-a4d7-0fede6fdb069 req-c331de6d-8c4e-437d-a4d7-0fede6fdb069 ] Request (ServersAaction247Test:test_create_backup): 200 GET http://10.180.1.21/compute/v2.1/servers/92b2109a-f7b1-41ea-8189-ab44b8606c09 0.064s
2024-12-14 03:08:54.850 66485 INFO tempest.lib.common.rest_client [req-dfe53b84-74de-4216-bd0a-ad10cb09364a req-dfe53b84-74de-4216-bd0a-ad10cb09364a ] Request (FlavorsV2NegativeTest:setUpClass): 201 POST http://10.180.1.21/identity/v3/projects 0.032s
2024-12-14 03:08:54.896 66497 INFO tempest.lib.common.rest_client [req-61d06cf6-da6e-43a9-a422-5d0c48fd1316 req-61d06cf6-da6e-43a9-a422-5d0c48fd1316 ] Request (ServerRescueNegativeTestJSON:test_rescued_vm_attach_volume): 200 GET http://10.180.1.21/compute/v2.1/servers/d606c3e6-78f6-42b1-9dc1-690215743e14 0.108s
2024-12-14 03:08:54.900 66481 INFO tempest.lib.common.rest_client [req-8dbf2738-85b9-4c76-9ad3-5b2a143d1992 req-8dbf2738-85b9-4c76-9ad3-5b2a143d1992 ] Request (DeleteServersTestJSON:test_delete_server_while_in_attached_volume): 200 GET http://10.180.1.21/compute/v2.1/servers/beca51af-3ae3-4ddd-ac0a-1f1ec161ff0e 0.060s
2024-12-14 03:08:54.918 66485 INFO tempest.lib.common.rest_client [req-dfc0a936-1ee8-4674-a332-d8a3f4a4b109 req-dfc0a936-1ee8-4674-a332-d8a3f4a4b109 ] Request (FlavorsV2NegativeTest:setUpClass): 201 POST http://10.180.1.21/identity/v3/users 0.068s
2024-12-14 03:08:54.942 66485 INFO tempest.lib.common.rest_client [req-2b281e72-8dd1-4d59-93a8-61ff74f0f3ac req-2b281e72-8dd1-4d59-93a8-61ff74f0f3ac ] Request (FlavorsV2NegativeTest:setUpClass): 200 GET http://10.180.1.21/identity/v3/roles 0.023s
2024-12-14 03:08:54.944 66515 INFO tempest.lib.common.rest_client [req-aed59852-94cf-44ff-90e9-fdc1771e0523 req-aed59852-94cf-44ff-90e9-fdc1771e0523 ] Request (MultipleCreateTestJSON:test_multiple_create): 200 GET http://10.180.1.21/compute/v2.1/servers/1af50769-644f-4e6b-a859-0bf51f6cc6fb 0.088s
2024-12-14 03:08:54.950 66505 INFO tempest.lib.common.rest_client [req-b393c39e-4d3c-4990-a326-2b69b2aa7c6b req-b393c39e-4d3c-4990-a326-2b69b2aa7c6b ] Request (ImagesOneServerNegativeTestJSON:setUpClass): 200 GET http://10.180.1.21/compute/v2.1/servers/04c6f283-64fd-4122-bb25-ca8108ff5c12 0.050s
2024-12-14 03:08:54.977 66485 INFO tempest.lib.common.rest_client [req-34ca75ed-e474-40aa-bcda-dfdfe822f4c0 req-34ca75ed-e474-40aa-bcda-dfdfe822f4c0 ] Request (FlavorsV2NegativeTest:setUpClass): 204 PUT http://10.180.1.21/identity/v3/projects/03ff3d6db75947a28d9025fcc141c959/users/51d9bc97c7be494d81b904b529c3e64f/roles/0313dd5cf6614c38b00020752d722e63 0.035s
2024-12-14 03:08:54.977 66485 INFO tempest.lib.common.dynamic_creds [-] Dynamic test user 51d9bc97c7be494d81b904b529c3e64f is created with scope project and roles: ['member']
2024-12-14 03:08:54.978 66485 INFO tempest.lib.common.dynamic_creds [-] Acquired dynamic creds: credentials: Credentials: {'domain_id': 'default', 'domain_name': 'Default', 'username': 'tempest-FlavorsV2NegativeTest-555122678-project-member', 'project_domain_id': 'default', 'project_domain_name': 'Default', 'project_id': '03ff3d6db75947a28d9025fcc141c959', 'project_name': 'tempest-FlavorsV2NegativeTest-555122678', 'tenant_id': '03ff3d6db75947a28d9025fcc141c959', 'tenant_name': 'tempest-FlavorsV2NegativeTest-555122678', 'user_domain_id': 'default', 'user_domain_name': 'Default', 'user_id': '51d9bc97c7be494d81b904b529c3e64f', 'system': None}, Network: None, Subnet: None, Router: None
2024-12-14 03:08:54.978 66485 INFO tempest.lib.common.dynamic_creds [-] Created isolated network resources for: credentials: Credentials: {'domain_id': 'default', 'domain_name': 'Default', 'username': 'tempest-FlavorsV2NegativeTest-555122678-project-member', 'project_domain_id': 'default', 'project_domain_name': 'Default', 'project_id': '03ff3d6db75947a28d9025fcc141c959', 'project_name': 'tempest-FlavorsV2NegativeTest-555122678', 'tenant_id': '03ff3d6db75947a28d9025fcc141c959', 'tenant_name': 'tempest-FlavorsV2NegativeTest-555122678', 'user_domain_id': 'default', 'user_domain_name': 'Default', 'user_id': '51d9bc97c7be494d81b904b529c3e64f', 'system': None}, Network: None, Subnet: None, Router: None
2024-12-14 03:08:55.003 66521 INFO tempest.lib.common.rest_client [req-6f00bcc6-ff53-4893-9911-9bac695d30a3 req-6f00bcc6-ff53-4893-9911-9bac695d30a3 ] Request (ServersAdminNegativeTestJSON:tearDownClass): 200 GET http://10.180.1.21/compute/v2.1/servers/27542ea8-947c-47a3-851d-ce46f0548a92 0.067s
2024-12-14 03:08:55.025 66533 INFO tempest.lib.common.rest_client [req-7aa0f61c-c45d-4c29-8b6a-2a94cede5852 req-7aa0f61c-c45d-4c29-8b6a-2a94cede5852 ] Request (ImagesTestJSON:test_create_image_from_stopped_server): 200 GET http://10.180.1.21/compute/v2.1/servers/379c870d-bd18-448f-84d1-79dd3e465d5c 0.068s
2024-12-14 03:08:55.054 66511 INFO tempest.lib.common.rest_client [req-74ed5a46-77d4-4d33-9130-ce43861e18e6 req-74ed5a46-77d4-4d33-9130-ce43861e18e6 ] Request (SecurityGroupsTestJSON:test_server_security_groups): 200 GET http://10.180.1.21/compute/v2.1/servers/2de8ec70-a76a-46f6-ac71-e964dbb591df 0.058s
2024-12-14 03:08:55.068 66485 INFO tempest.lib.common.rest_client [req-b6e79f91-ab00-44b0-8206-d8c9383b4507 req-b6e79f91-ab00-44b0-8206-d8c9383b4507 ] Request (FlavorsV2NegativeTest:setUpClass): 201 POST http://10.180.1.21/identity/v3/auth/tokens 0.087s
2024-12-14 03:08:55.144 66485 INFO tempest.lib.common.rest_client [req-d374d51f-25b3-4fdd-8632-eb8e2c8df6b7 req-d374d51f-25b3-4fdd-8632-eb8e2c8df6b7 ] Request (FlavorsV2NegativeTest:test_boot_with_low_ram): 200 GET http://10.180.1.21/compute/v2.1/flavors/42 0.074s
2024-12-14 03:08:55.310 66493 INFO tempest.lib.common.rest_client [req-424e4a70-ba3c-4f40-a13b-ead274eb1e66 req-424e4a70-ba3c-4f40-a13b-ead274eb1e66 ] Request (ServersAdminTestJSON:test_inject_network_info): 200 GET http://10.180.1.21/compute/v2.1/servers/c33db3b7-9c39-42dc-ae25-7b1d0199b6d4 0.074s
2024-12-14 03:08:55.325 66517 INFO tempest.lib.common.rest_client [req-09bfe031-9c2d-4ea0-8c59-c8801a089dd1 req-09bfe031-9c2d-4ea0-8c59-c8801a089dd1 ] Request (ServerRescueTestJSONUnderV235:setUpClass): 201 POST http://10.180.1.21:9696/networking/v2.0/routers 0.708s
2024-12-14 03:08:55.511 66525 INFO tempest.lib.common.rest_client [req-8835815c-febc-4bbf-aca3-8bc961a565d6 req-8835815c-febc-4bbf-aca3-8bc961a565d6 ] Request (FloatingIPsAssociationTestJSON:tearDownClass): 200 GET http://10.180.1.21/compute/v2.1/servers/419be04d-04c1-4099-bf22-e8063e4bfbae 0.063s
2024-12-14 03:08:55.515 66485 INFO tempest.lib.common.rest_client [req-4f5eb22b-026e-4712-a0ad-e57fb234f07b req-4f5eb22b-026e-4712-a0ad-e57fb234f07b ] Request (FlavorsV2NegativeTest:test_boot_with_low_ram): 201 POST http://10.180.1.21/image/v2/images 0.366s
2024-12-14 03:08:55.601 66491 INFO tempest.lib.common.rest_client [req-a87a0a26-86d7-4648-9332-11e8882ffdeb req-a87a0a26-86d7-4648-9332-11e8882ffdeb ] Request (AttachInterfacesV270Test:tearDownClass): 200 GET http://10.180.1.21/compute/v2.1/servers/8426c441-9234-499d-8a72-dc41f32e864e 0.075s
2024-12-14 03:08:55.625 66483 INFO tempest.lib.common.rest_client [req-dbdca4ae-db04-4b24-8a0b-ea1acf49185f req-dbdca4ae-db04-4b24-8a0b-ea1acf49185f ] Request (ServersNegativeTestJSON:setUpClass): 200 GET http://10.180.1.21/compute/v2.1/servers/67de6b91-f9d0-4ff7-a629-a6628b6c0157 0.260s
2024-12-14 03:08:55.677 66489 INFO tempest.lib.common.rest_client [req-d8ae0110-82f5-4b24-97bf-0a9204ae837c req-d8ae0110-82f5-4b24-97bf-0a9204ae837c ] Request (ServerMetadataNegativeTestJSON:setUpClass): 200 GET http://10.180.1.21/compute/v2.1/servers/c408d003-2be8-4509-a0a4-93ca0e9d1965 0.100s
2024-12-14 03:08:55.728 66537 INFO tempest.lib.common.rest_client [req-ed8e79b8-2753-4eb1-b486-079c612c38c1 req-ed8e79b8-2753-4eb1-b486-079c612c38c1 ] Request (ImagesOneServerTestJSON:setUpClass): 200 GET http://10.180.1.21/compute/v2.1/servers/7688e68b-a872-49b4-ab48-47866159eaa6 0.113s
2024-12-14 03:08:55.739 66529 WARNING tempest.lib.common.ssh [-] Failed to establish authenticated ssh connection to cirros@10.180.180.172 ([Errno None] Unable to connect to port 22 on 10.180.180.172). Number attempts: 9. Retry after 10 seconds.: paramiko.ssh_exception.NoValidConnectionsError: [Errno None] Unable to connect to port 22 on 10.180.180.172
2024-12-14 03:08:55.759 66535 INFO tempest.lib.common.rest_client [req-e6c03d34-32d8-4108-9688-ca3ebb16e576 req-e6c03d34-32d8-4108-9688-ca3ebb16e576 ] Request (ServersTestManualDisk:setUpClass): 200 GET http://10.180.1.21/compute/v2.1/servers/a3506fea-7782-49ef-b9b6-bf37d30b8680 0.203s
2024-12-14 03:08:55.785 66495 INFO tempest.lib.common.rest_client [req-8248e9b2-e494-4640-857d-83901dc8c252 req-8248e9b2-e494-4640-857d-83901dc8c252 ] Request (ServersTestJSON:test_create_server_specify_multibyte_character_name): 200 GET http://10.180.1.21/compute/v2.1/servers/3d1735e1-4302-4891-9230-5fb564800cda 0.149s
2024-12-14 03:08:55.822 66528 INFO tempest.lib.common.rest_client [req-81a3b9a9-52cf-46cd-84dd-4674173848e7 req-81a3b9a9-52cf-46cd-84dd-4674173848e7 ] Request (MigrationsAdminTest:test_resize_server_revert_deleted_flavor): 200 GET http://10.180.1.21/compute/v2.1/servers/8ae201ed-2458-4a38-9706-79834f32efe2 0.153s
2024-12-14 03:08:55.845 66531 INFO tempest.lib.common.rest_client [req-bc7edfbf-8601-4fe9-adcf-a8430f1ac246 req-bc7edfbf-8601-4fe9-adcf-a8430f1ac246 ] Request (ServersTestMultiNic:test_verify_duplicate_network_nics): 200 GET http://10.180.1.21/compute/v2.1/servers/4ed0a788-ff15-4aff-89d3-73deb1dbbc69 0.059s
2024-12-14 03:08:55.890 66501 WARNING tempest.lib.common.ssh [-] Failed to establish authenticated ssh connection to cirros@10.180.180.215 ([Errno None] Unable to connect to port 22 on 10.180.180.215). Number attempts: 8. Retry after 9 seconds.: paramiko.ssh_exception.NoValidConnectionsError: [Errno None] Unable to connect to port 22 on 10.180.180.215
2024-12-14 03:08:55.921 66519 INFO tempest.lib.common.rest_client [req-267a4c20-c5f3-4657-ac18-25cf75514f83 req-267a4c20-c5f3-4657-ac18-25cf75514f83 ] Request (ServersAaction247Test:test_create_backup): 200 GET http://10.180.1.21/compute/v2.1/servers/92b2109a-f7b1-41ea-8189-ab44b8606c09 0.058s
2024-12-14 03:08:55.971 66481 INFO tempest.lib.common.rest_client [req-a6346df9-ecef-4b24-8848-0d263afceed0 req-a6346df9-ecef-4b24-8848-0d263afceed0 ] Request (DeleteServersTestJSON:test_delete_server_while_in_attached_volume): 200 GET http://10.180.1.21/compute/v2.1/servers/beca51af-3ae3-4ddd-ac0a-1f1ec161ff0e 0.057s
2024-12-14 03:08:56.017 66515 INFO tempest.lib.common.rest_client [req-aa163741-5381-4e00-8058-9cc508bfeabf req-aa163741-5381-4e00-8058-9cc508bfeabf ] Request (MultipleCreateTestJSON:test_multiple_create): 200 GET http://10.180.1.21/compute/v2.1/servers/1af50769-644f-4e6b-a859-0bf51f6cc6fb 0.067s
2024-12-14 03:08:56.065 66505 INFO tempest.lib.common.rest_client [req-96f91538-fed9-4c8b-b5ec-0fdcb6a14274 req-96f91538-fed9-4c8b-b5ec-0fdcb6a14274 ] Request (ImagesOneServerNegativeTestJSON:setUpClass): 200 GET http://10.180.1.21/compute/v2.1/servers/04c6f283-64fd-4122-bb25-ca8108ff5c12 0.108s
2024-12-14 03:08:56.085 66497 INFO tempest.lib.common.rest_client [req-118626cd-9105-48c8-bd31-a75e2d14efd6 req-118626cd-9105-48c8-bd31-a75e2d14efd6 ] Request (ServerRescueNegativeTestJSON:test_rescued_vm_attach_volume): 200 GET http://10.180.1.21/compute/v2.1/servers/d606c3e6-78f6-42b1-9dc1-690215743e14 0.182s
2024-12-14 03:08:56.100 66485 INFO tempest.lib.common.rest_client [req-ea517b1a-fe02-4b4b-a915-4f3cd60fec1f req-ea517b1a-fe02-4b4b-a915-4f3cd60fec1f ] Request (FlavorsV2NegativeTest:test_boot_with_low_ram): 204 PUT http://10.180.1.21/image/v2/images/047eccf5-625d-4ea9-90c6-1af398dcf527/file 0.584s
2024-12-14 03:08:56.121 66521 INFO tempest.lib.common.rest_client [req-80610054-02cf-4e0c-af91-361be1234476 req-80610054-02cf-4e0c-af91-361be1234476 ] Request (ServersAdminNegativeTestJSON:tearDownClass): 200 GET http://10.180.1.21/compute/v2.1/servers/27542ea8-947c-47a3-851d-ce46f0548a92 0.109s
2024-12-14 03:08:56.130 66485 INFO tempest.lib.common.rest_client [req-d134badd-2316-4c73-83ab-3ed034490e72 req-d134badd-2316-4c73-83ab-3ed034490e72 ] Request (FlavorsV2NegativeTest:test_boot_with_low_ram): 201 POST http://10.180.1.21/identity/v3/auth/tokens 0.028s
2024-12-14 03:08:56.130 66485 INFO tempest.lib.common.fixed_network [-] (FlavorsV2NegativeTest:test_boot_with_low_ram) Found network None available for tenant
2024-12-14 03:08:56.139 66533 INFO tempest.lib.common.rest_client [req-f083e5e9-9fe9-4010-a6c8-32461698de91 req-f083e5e9-9fe9-4010-a6c8-32461698de91 ] Request (ImagesTestJSON:test_create_image_from_stopped_server): 200 GET http://10.180.1.21/compute/v2.1/servers/379c870d-bd18-448f-84d1-79dd3e465d5c 0.103s
2024-12-14 03:08:56.178 66511 INFO tempest.lib.common.rest_client [req-1dff6d37-1935-416e-9fa1-f516332066c8 req-1dff6d37-1935-416e-9fa1-f516332066c8 ] Request (SecurityGroupsTestJSON:test_server_security_groups): 200 GET http://10.180.1.21/compute/v2.1/servers/2de8ec70-a76a-46f6-ac71-e964dbb591df 0.116s
2024-12-14 03:08:56.273 66509 WARNING tempest.lib.common.ssh [-] Failed to establish authenticated ssh connection to cirros@10.180.180.230 ([Errno None] Unable to connect to port 22 on 10.180.180.230). Number attempts: 5. Retry after 6 seconds.: paramiko.ssh_exception.NoValidConnectionsError: [Errno None] Unable to connect to port 22 on 10.180.180.230
2024-12-14 03:08:56.302 66485 INFO tempest.lib.common.rest_client [req-1ee2b1d4-f7e7-4aaa-8d84-6fdd413e7390 req-1ee2b1d4-f7e7-4aaa-8d84-6fdd413e7390 ] Request (FlavorsV2NegativeTest:test_boot_with_low_ram): 400 POST http://10.180.1.21/compute/v2.1/servers 0.171s
2024-12-14 03:08:56.345 66485 INFO tempest.lib.common.rest_client [req-9c518553-9c7b-4d34-8745-224fe1e70ce8 req-9c518553-9c7b-4d34-8745-224fe1e70ce8 ] Request (FlavorsV2NegativeTest:_run_cleanups): 204 DELETE http://10.180.1.21/image/v2/images/047eccf5-625d-4ea9-90c6-1af398dcf527 0.042s
2024-12-14 03:08:56.381 66493 INFO tempest.lib.common.rest_client [req-e09474f7-bc89-4d15-bbda-6f6946222f69 req-e09474f7-bc89-4d15-bbda-6f6946222f69 ] Request (ServersAdminTestJSON:test_inject_network_info): 200 GET http://10.180.1.21/compute/v2.1/servers/c33db3b7-9c39-42dc-ae25-7b1d0199b6d4 0.062s
2024-12-14 03:08:56.401 66479 WARNING tempest.lib.common.ssh [-] Failed to establish authenticated ssh connection to cirros@10.180.180.205 ([Errno None] Unable to connect to port 22 on 10.180.180.205). Number attempts: 7. Retry after 8 seconds.: paramiko.ssh_exception.NoValidConnectionsError: [Errno None] Unable to connect to port 22 on 10.180.180.205
2024-12-14 03:08:56.468 66485 INFO tempest.lib.common.rest_client [req-cbc13eaa-7d0d-42f8-a3b8-593982fa02a0 req-cbc13eaa-7d0d-42f8-a3b8-593982fa02a0 ] Request (FlavorsV2NegativeTest:tearDownClass): 204 DELETE http://10.180.1.21/identity/v3/users/51d9bc97c7be494d81b904b529c3e64f 0.121s
2024-12-14 03:08:56.468 66485 INFO tempest.lib.common.dynamic_creds [-] Deleting project and security group for project: 03ff3d6db75947a28d9025fcc141c959
2024-12-14 03:08:56.495 66517 INFO tempest.lib.common.rest_client [req-921f4d02-8bca-4008-b308-3b3dc6e57486 req-921f4d02-8bca-4008-b308-3b3dc6e57486 ] Request (ServerRescueTestJSONUnderV235:setUpClass): 200 PUT http://10.180.1.21:9696/networking/v2.0/routers/6b57bd04-e38f-4140-91cd-22549b44772c/add_router_interface 1.169s
2024-12-14 03:08:56.495 66517 INFO tempest.lib.common.dynamic_creds [-] Created isolated network resources for: credentials: Credentials: {'domain_id': 'default', 'domain_name': 'Default', 'username': 'tempest-ServerRescueTestJSONUnderV235-1570283643-project-member', 'project_domain_id': 'default', 'project_domain_name': 'Default', 'project_id': '09ea90a0e1d84fe18cf16e94db381552', 'project_name': 'tempest-ServerRescueTestJSONUnderV235-1570283643', 'tenant_id': '09ea90a0e1d84fe18cf16e94db381552', 'tenant_name': 'tempest-ServerRescueTestJSONUnderV235-1570283643', 'user_domain_id': 'default', 'user_domain_name': 'Default', 'user_id': '4b752af0dcd24bafb8242159a2e95d90', 'system': None}, Network: {'id': 'c35604b2-a0a7-452e-87ff-88f6ac81f83d', 'name': 'tempest-ServerRescueTestJSONUnderV235-1729252648-network', 'tenant_id': '09ea90a0e1d84fe18cf16e94db381552', 'admin_state_up': True, 'mtu': 8950, 'status': 'ACTIVE', 'subnets': [], 'shared': False, 'project_id': '09ea90a0e1d84fe18cf16e94db381552', 'port_security_enabled': True, 'router:external': False, 'provider:network_type': 'vlan', 'provider:physical_network': 'default', 'provider:segmentation_id': 314, 'availability_zone_hints': [], 'availability_zones': [], 'ipv4_address_scope': None, 'ipv6_address_scope': None, 'description': '', 'tags': [], 'created_at': '2024-12-14T03:08:54Z', 'updated_at': '2024-12-14T03:08:54Z', 'revision_number': 1}, Subnet: {'id': '08e216d3-4496-4fa9-9d33-b6e278c9c62d', 'name': 'tempest-ServerRescueTestJSONUnderV235-1729252648-subnet', 'tenant_id': '09ea90a0e1d84fe18cf16e94db381552', 'network_id': 'c35604b2-a0a7-452e-87ff-88f6ac81f83d', 'ip_version': 4, 'subnetpool_id': None, 'enable_dhcp': False, 'ipv6_ra_mode': None, 'ipv6_address_mode': None, 'gateway_ip': '192.168.128.1', 'cidr': '192.168.128.0/28', 'allocation_pools': [{'start': '192.168.128.2', 'end': '192.168.128.14'}], 'host_routes': [], 'dns_nameservers': [], 'description': '', 'router:external': False, 'service_types': [], 'tags': [], 'created_at': '2024-12-14T03:08:54Z', 'updated_at': '2024-12-14T03:08:54Z', 'revision_number': 0, 'project_id': '09ea90a0e1d84fe18cf16e94db381552'}, Router: {'id': '6b57bd04-e38f-4140-91cd-22549b44772c', 'name': 'tempest-ServerRescueTestJSONUnderV235-1729252648-router', 'tenant_id': '09ea90a0e1d84fe18cf16e94db381552', 'admin_state_up': True, 'status': 'ACTIVE', 'external_gateway_info': {'network_id': '91037f0d-8c7b-4430-bbd7-c468959acd84', 'external_fixed_ips': [{'subnet_id': '4c654941-1208-45c8-ab8a-c62739bf3105', 'ip_address': '10.180.180.250'}], 'enable_snat': True}, 'description': '', 'availability_zones': [], 'distributed': False, 'ha': False, 'availability_zone_hints': [], 'routes': [], 'flavor_id': None, 'tags': [], 'created_at': '2024-12-14T03:08:54Z', 'updated_at': '2024-12-14T03:08:55Z', 'revision_number': 2, 'project_id': '09ea90a0e1d84fe18cf16e94db381552'}
2024-12-14 03:08:56.537 66485 INFO tempest.lib.common.rest_client [req-58255966-4f5a-48f8-9e65-cda204ec0590 req-58255966-4f5a-48f8-9e65-cda204ec0590 ] Request (FlavorsV2NegativeTest:tearDownClass): 201 POST http://10.180.1.21/identity/v3/auth/tokens 0.069s
2024-12-14 03:08:56.567 66517 INFO tempest.lib.common.rest_client [req-7c8812ea-89f3-4ac4-aed8-91061d5e5e07 req-7c8812ea-89f3-4ac4-aed8-91061d5e5e07 ] Request (ServerRescueTestJSONUnderV235:setUpClass): 201 POST http://10.180.1.21/identity/v3/auth/tokens 0.069s
2024-12-14 03:08:56.583 66525 INFO tempest.lib.common.rest_client [req-93be874f-7ebc-4d5c-a80f-4fd9903d5f07 req-93be874f-7ebc-4d5c-a80f-4fd9903d5f07 ] Request (FloatingIPsAssociationTestJSON:tearDownClass): 200 GET http://10.180.1.21/compute/v2.1/servers/419be04d-04c1-4099-bf22-e8063e4bfbae 0.065s
2024-12-14 03:08:56.598 66517 INFO tempest.lib.common.rest_client [req-08ceab72-dfd0-4742-beb2-f60a83eddec8 req-08ceab72-dfd0-4742-beb2-f60a83eddec8 ] Request (ServerRescueTestJSONUnderV235:setUpClass): 201 POST http://10.180.1.21/identity/v3/auth/tokens 0.026s
2024-12-14 03:08:56.598 66517 INFO tempest.lib.common.fixed_network [-] (ServerRescueTestJSONUnderV235:setUpClass) Found network {'id': 'c35604b2-a0a7-452e-87ff-88f6ac81f83d', 'name': 'tempest-ServerRescueTestJSONUnderV235-1729252648-network', 'tenant_id': '09ea90a0e1d84fe18cf16e94db381552', 'admin_state_up': True, 'mtu': 8950, 'status': 'ACTIVE', 'subnets': [], 'shared': False, 'project_id': '09ea90a0e1d84fe18cf16e94db381552', 'port_security_enabled': True, 'router:external': False, 'provider:network_type': 'vlan', 'provider:physical_network': 'default', 'provider:segmentation_id': 314, 'availability_zone_hints': [], 'availability_zones': [], 'ipv4_address_scope': None, 'ipv6_address_scope': None, 'description': '', 'tags': [], 'created_at': '2024-12-14T03:08:54Z', 'updated_at': '2024-12-14T03:08:54Z', 'revision_number': 1} available for tenant
