2024-12-14 03:09:17.828 66529 INFO paramiko.transport [-] Authentication (publickey) successful!
2024-12-14 03:09:17.828 66529 INFO tempest.lib.common.ssh [-] ssh connection to cirros@10.180.180.172 successfully created
2024-12-14 03:09:17.836 66517 INFO tempest.lib.common.rest_client [req-7db83b30-0a82-4aaf-950d-3d91bdccb18e req-7db83b30-0a82-4aaf-950d-3d91bdccb18e ] Request (ServerRescueTestJSONUnderV235:setUpClass): 200 GET http://10.180.1.21/compute/v2.1/servers/583644aa-7507-4343-ae0c-f4212d1a5612 0.103s
2024-12-14 03:09:17.866 66505 INFO tempest.lib.common.rest_client [req-ea3fe16b-7ac5-4184-aa70-2d726541e8d2 req-ea3fe16b-7ac5-4184-aa70-2d726541e8d2 ] Request (ImagesOneServerNegativeTestJSON:_run_cleanups): 200 GET http://10.180.1.21/compute/v2.1/servers/04c6f283-64fd-4122-bb25-ca8108ff5c12 0.167s
2024-12-14 03:09:17.891 66515 INFO tempest.lib.common.rest_client [req-73af472b-1228-4b38-8240-5ee9724d6aae req-73af472b-1228-4b38-8240-5ee9724d6aae ] Request (MultipleCreateTestJSON:test_multiple_create): 200 GET http://10.180.1.21/compute/v2.1/servers/1af50769-644f-4e6b-a859-0bf51f6cc6fb 0.107s
2024-12-14 03:09:17.978 66489 INFO tempest.lib.common.rest_client [req-e5356d5a-0a7d-4d57-b0e1-a8770d6bb7d6 req-e5356d5a-0a7d-4d57-b0e1-a8770d6bb7d6 ] Request (ServerMetadataNegativeTestJSON:setUpClass): 200 GET http://10.180.1.21/compute/v2.1/servers/c408d003-2be8-4509-a0a4-93ca0e9d1965 0.191s
2024-12-14 03:09:18.035 66529 INFO tempest.lib.common.rest_client [req-3c81e94a-a448-47e4-a527-443f38d65657 req-3c81e94a-a448-47e4-a527-443f38d65657 ] Request (AttachInterfacesUnderV243Test:test_add_remove_fixed_ip): 200 GET http://10.180.1.21/compute/v2.1/servers/0b21b2e2-3462-4388-99d5-6c7f35ba65c8/os-interface 0.203s
2024-12-14 03:09:18.042 66521 INFO tempest.lib.common.rest_client [req-2da64fc4-2535-4091-8b0d-593cdaf78180 req-2da64fc4-2535-4091-8b0d-593cdaf78180 ] Request (ServersAdminNegativeTestJSON:tearDownClass): 200 GET http://10.180.1.21/compute/v2.1/servers/27542ea8-947c-47a3-851d-ce46f0548a92 0.176s
2024-12-14 03:09:18.151 66529 INFO tempest.lib.common.rest_client [req-1d79cd5c-3f71-4586-9018-149e4fc6f05c req-1d79cd5c-3f71-4586-9018-149e4fc6f05c ] Request (AttachInterfacesUnderV243Test:test_add_remove_fixed_ip): 200 GET http://10.180.1.21/compute/v2.1/servers/0b21b2e2-3462-4388-99d5-6c7f35ba65c8/os-interface/c72aebe6-ecbe-49e6-98fc-9bafacd78c8f 0.114s
2024-12-14 03:09:18.166 66511 INFO tempest.lib.common.rest_client [req-4dcb27a9-b98b-4cc9-a7a1-f494eabfd951 req-4dcb27a9-b98b-4cc9-a7a1-f494eabfd951 ] Request (SecurityGroupsTestJSON:test_server_security_groups): 200 GET http://10.180.1.21/compute/v2.1/servers/2de8ec70-a76a-46f6-ac71-e964dbb591df 0.198s
2024-12-14 03:09:18.175 66511 INFO tempest.common.waiters [-] State transition "BUILD/networking" ==> "BUILD/spawning" after 68 second wait
2024-12-14 03:09:18.195 66529 INFO tempest.lib.common.rest_client [req-be48596f-19c8-4be1-b702-c22df3b12ae7 req-be48596f-19c8-4be1-b702-c22df3b12ae7 ] Request (AttachInterfacesUnderV243Test:test_add_remove_fixed_ip): 200 GET http://10.180.1.21/compute/v2.1/servers/0b21b2e2-3462-4388-99d5-6c7f35ba65c8/ips 0.042s
2024-12-14 03:09:18.220 66533 INFO tempest.lib.common.rest_client [req-0f283029-fe8c-4455-ad44-4412bc1ec39e req-0f283029-fe8c-4455-ad44-4412bc1ec39e ] Request (ImagesTestJSON:test_create_image_from_stopped_server): 200 GET http://10.180.1.21/compute/v2.1/servers/379c870d-bd18-448f-84d1-79dd3e465d5c 0.162s
2024-12-14 03:09:18.247 66529 INFO tempest.lib.common.rest_client [req-9aaffb86-9005-462b-b4de-414d3abb7a52 req-9aaffb86-9005-462b-b4de-414d3abb7a52 ] Request (AttachInterfacesUnderV243Test:test_add_remove_fixed_ip): 202 POST http://10.180.1.21/compute/v2.1/servers/0b21b2e2-3462-4388-99d5-6c7f35ba65c8/action 0.050s
2024-12-14 03:09:18.261 66525 INFO tempest.lib.common.rest_client [req-f7df9f75-1f75-44bc-862c-83af71594a77 req-f7df9f75-1f75-44bc-862c-83af71594a77 ] Request (FloatingIPsAssociationTestJSON:tearDownClass): 200 GET http://10.180.1.21/compute/v2.1/servers/419be04d-04c1-4099-bf22-e8063e4bfbae 0.079s
2024-12-14 03:09:18.306 66529 INFO tempest.lib.common.rest_client [req-4d8c2cd4-fbe9-4148-9940-0f9a670634cc req-4d8c2cd4-fbe9-4148-9940-0f9a670634cc ] Request (AttachInterfacesUnderV243Test:test_add_remove_fixed_ip): 200 GET http://10.180.1.21/compute/v2.1/servers/0b21b2e2-3462-4388-99d5-6c7f35ba65c8/ips 0.058s
2024-12-14 03:09:18.309 66483 INFO tempest.lib.common.rest_client [req-b7cd3194-b2e5-41ea-aeff-ee09d2ce8605 req-b7cd3194-b2e5-41ea-aeff-ee09d2ce8605 ] Request (ServersNegativeTestJSON:setUpClass): 200 GET http://10.180.1.21/compute/v2.1/servers/67de6b91-f9d0-4ff7-a629-a6628b6c0157 0.077s
2024-12-14 03:09:18.468 66493 INFO tempest.lib.common.rest_client [req-b2c08a99-8b63-4ad9-b41d-f69f8a0901c9 req-b2c08a99-8b63-4ad9-b41d-f69f8a0901c9 ] Request (ServersAdminTestJSON:test_inject_network_info): 200 GET http://10.180.1.21/compute/v2.1/servers/c33db3b7-9c39-42dc-ae25-7b1d0199b6d4 0.103s
2024-12-14 03:09:18.473 66487 INFO tempest.lib.common.rest_client [req-cd57669e-f89e-4f99-b0a8-2ef9e081bd06 req-cd57669e-f89e-4f99-b0a8-2ef9e081bd06 ] Request (ServerDiagnosticsV248Test:tearDownClass): 200 GET http://10.180.1.21/compute/v2.1/servers/b753b654-ad56-408d-94b0-49275a3faa06 0.063s
2024-12-14 03:09:18.515 66495 INFO tempest.lib.common.rest_client [req-4b12bd64-4aaa-4e2f-a7b8-2a6ffff50165 req-4b12bd64-4aaa-4e2f-a7b8-2a6ffff50165 ] Request (ServersTestJSON:test_create_server_specify_multibyte_character_name): 200 GET http://10.180.1.21/compute/v2.1/servers/3d1735e1-4302-4891-9230-5fb564800cda 0.048s
2024-12-14 03:09:18.620 66491 INFO tempest.lib.common.rest_client [req-2b13a49c-825b-44c6-bbfa-169ff0945272 req-2b13a49c-825b-44c6-bbfa-169ff0945272 ] Request (AttachInterfacesV270Test:tearDownClass): 200 GET http://10.180.1.21/compute/v2.1/servers/8426c441-9234-499d-8a72-dc41f32e864e 0.073s
2024-12-14 03:09:18.656 66537 INFO tempest.lib.common.rest_client [req-42ae9d8f-61b3-47f6-bc34-4cb0dbb18a1b req-42ae9d8f-61b3-47f6-bc34-4cb0dbb18a1b ] Request (ImagesOneServerTestJSON:setUpClass): 200 GET http://10.180.1.21/compute/v2.1/servers/7688e68b-a872-49b4-ab48-47866159eaa6 0.063s
2024-12-14 03:09:18.699 66531 INFO tempest.lib.common.rest_client [req-92900fb0-1c37-41f6-be3c-dcf21b8b3fd9 req-92900fb0-1c37-41f6-be3c-dcf21b8b3fd9 ] Request (ServersTestMultiNic:test_verify_duplicate_network_nics): 200 GET http://10.180.1.21/compute/v2.1/servers/4ed0a788-ff15-4aff-89d3-73deb1dbbc69 0.059s
2024-12-14 03:09:18.708 66528 INFO tempest.lib.common.rest_client [req-f3650a23-9ee3-48d1-b509-79a2feffa53e req-f3650a23-9ee3-48d1-b509-79a2feffa53e ] Request (MigrationsAdminTest:test_resize_server_revert_deleted_flavor): 200 GET http://10.180.1.21/compute/v2.1/servers/8ae201ed-2458-4a38-9706-79834f32efe2 0.066s
2024-12-14 03:09:18.749 66539 INFO tempest.lib.common.rest_client [req-65b2d516-3fda-400f-adf6-a15a37f5cbc5 req-65b2d516-3fda-400f-adf6-a15a37f5cbc5 ] Request (ServersWithSpecificFlavorTestJSON:test_verify_created_server_ephemeral_disk): 200 GET http://10.180.1.21/compute/v2.1/servers/f80c9a28-923e-4943-bb8a-e9a73b4bb6c9 0.063s
2024-12-14 03:09:18.798 66519 INFO tempest.lib.common.rest_client [req-783931cd-ac3b-49ff-9a3c-b0750c838f0b req-783931cd-ac3b-49ff-9a3c-b0750c838f0b ] Request (ServersAaction247Test:test_create_backup): 200 GET http://10.180.1.21/compute/v2.1/servers/92b2109a-f7b1-41ea-8189-ab44b8606c09 0.060s
2024-12-14 03:09:18.836 66485 INFO tempest.lib.common.rest_client [req-a59cc619-5895-47d1-a586-10ddaad9de05 req-a59cc619-5895-47d1-a586-10ddaad9de05 ] Request (ServersTestBootFromVolume:setUpClass): 200 GET http://10.180.1.21/volume/v3/volumes/1bfebb38-ed65-4cc8-b951-7380e3f3872c 0.035s
2024-12-14 03:09:18.851 66481 INFO tempest.lib.common.rest_client [req-f1c7daa1-a2a5-4261-aaa7-5504bab2c601 req-f1c7daa1-a2a5-4261-aaa7-5504bab2c601 ] Request (DeleteServersTestJSON:test_delete_server_while_in_attached_volume): 200 GET http://10.180.1.21/compute/v2.1/servers/beca51af-3ae3-4ddd-ac0a-1f1ec161ff0e 0.089s
2024-12-14 03:09:18.853 66497 INFO tempest.lib.common.rest_client [req-24a4157a-c722-4af0-88b2-3da1e6065823 req-24a4157a-c722-4af0-88b2-3da1e6065823 ] Request (ServerRescueNegativeTestJSON:test_rescued_vm_detach_volume): 200 GET http://10.180.1.21/compute/v2.1/servers/6614ec90-4eaa-4393-8f73-f9d54aa6e625 0.063s
2024-12-14 03:09:18.903 66517 INFO tempest.lib.common.rest_client [req-1b41f6da-576e-4d8c-931c-45ffffde49dd req-1b41f6da-576e-4d8c-931c-45ffffde49dd ] Request (ServerRescueTestJSONUnderV235:setUpClass): 200 GET http://10.180.1.21/compute/v2.1/servers/583644aa-7507-4343-ae0c-f4212d1a5612 0.060s
2024-12-14 03:09:18.957 66515 INFO tempest.lib.common.rest_client [req-1beb0c3e-5904-48c3-8382-865c2c99df77 req-1beb0c3e-5904-48c3-8382-865c2c99df77 ] Request (MultipleCreateTestJSON:test_multiple_create): 200 GET http://10.180.1.21/compute/v2.1/servers/1af50769-644f-4e6b-a859-0bf51f6cc6fb 0.059s
2024-12-14 03:09:19.041 66505 INFO tempest.lib.common.rest_client [req-dc7270b9-df2e-46ac-97a9-9592a1d95d56 req-dc7270b9-df2e-46ac-97a9-9592a1d95d56 ] Request (ImagesOneServerNegativeTestJSON:_run_cleanups): 200 GET http://10.180.1.21/compute/v2.1/servers/04c6f283-64fd-4122-bb25-ca8108ff5c12 0.164s
2024-12-14 03:09:19.082 66521 INFO tempest.lib.common.rest_client [req-6c5e5724-4a47-4a8f-87a0-60927cbdc5a3 req-6c5e5724-4a47-4a8f-87a0-60927cbdc5a3 ] Request (ServersAdminNegativeTestJSON:tearDownClass): 404 GET http://10.180.1.21/compute/v2.1/servers/27542ea8-947c-47a3-851d-ce46f0548a92 0.022s
2024-12-14 03:09:19.109 66489 INFO tempest.lib.common.rest_client [req-80410efd-db97-4bea-b87e-bb2896386854 req-80410efd-db97-4bea-b87e-bb2896386854 ] Request (ServerMetadataNegativeTestJSON:setUpClass): 200 GET http://10.180.1.21/compute/v2.1/servers/c408d003-2be8-4509-a0a4-93ca0e9d1965 0.122s
2024-12-14 03:09:19.121 66489 INFO tempest.common.waiters [-] State transition "BUILD/spawning" ==> "ACTIVE/None" after 76 second wait
2024-12-14 03:09:19.195 66521 INFO tempest.lib.common.rest_client [req-4080f97e-5034-4760-818f-93b7c6b19266 req-4080f97e-5034-4760-818f-93b7c6b19266 ] Request (ServersAdminNegativeTestJSON:tearDownClass): 204 DELETE http://10.180.1.21/identity/v3/users/fccba8fb155e4a3581b3f25f2b48adf7 0.112s
2024-12-14 03:09:19.198 66489 INFO tempest.lib.common.rest_client [req-41a32e4f-b4b6-4445-ac6a-075cccf1557e req-41a32e4f-b4b6-4445-ac6a-075cccf1557e ] Request (ServerMetadataNegativeTestJSON:test_create_server_metadata_blank_key): 201 POST http://10.180.1.21/identity/v3/auth/tokens 0.073s
2024-12-14 03:09:19.198 66489 INFO tempest.lib.common.fixed_network [-] (ServerMetadataNegativeTestJSON:test_create_server_metadata_blank_key) Found network {'id': 'e4f2164e-4d47-4e22-8dc6-3906af0c0e3c', 'name': 'tempest-ServerMetadataNegativeTestJSON-1273688546-network', 'tenant_id': 'dd2ccdd4eb3a4020bf1bdb6e1a510c76', 'admin_state_up': True, 'mtu': 8950, 'status': 'ACTIVE', 'subnets': [], 'shared': False, 'project_id': 'dd2ccdd4eb3a4020bf1bdb6e1a510c76', 'port_security_enabled': True, 'router:external': False, 'provider:network_type': 'vlan', 'provider:physical_network': 'default', 'provider:segmentation_id': 98, 'availability_zone_hints': [], 'availability_zones': [], 'ipv4_address_scope': None, 'ipv6_address_scope': None, 'description': '', 'tags': [], 'created_at': '2024-12-14T03:07:57Z', 'updated_at': '2024-12-14T03:07:57Z', 'revision_number': 1} available for tenant
2024-12-14 03:09:19.209 66489 INFO tempest.lib.common.rest_client [req-c26e46da-99c6-4ab4-b18a-e7940ff09d55 req-c26e46da-99c6-4ab4-b18a-e7940ff09d55 ] Request (ServerMetadataNegativeTestJSON:test_create_server_metadata_blank_key): 400 POST http://10.180.1.21/compute/v2.1/servers 0.010s
2024-12-14 03:09:19.226 66489 INFO tempest.lib.common.rest_client [req-5a4a2305-5ef4-4501-8275-405ce2575693 req-5a4a2305-5ef4-4501-8275-405ce2575693 ] Request (ServerMetadataNegativeTestJSON:test_delete_metadata_non_existent_server): 404 DELETE http://10.180.1.21/compute/v2.1/servers/b5535ba1-5c97-4f83-b749-53bd9516e55f/metadata/d 0.015s
2024-12-14 03:09:19.238 66489 INFO tempest.lib.common.rest_client [req-5b2e6370-d44c-45ce-9220-556ae1be176e req-5b2e6370-d44c-45ce-9220-556ae1be176e ] Request (ServerMetadataNegativeTestJSON:test_list_server_metadata_non_existent_server): 404 GET http://10.180.1.21/compute/v2.1/servers/c4f10535-443c-409a-8466-6e0a128f371d/metadata 0.011s
2024-12-14 03:09:19.301 66533 INFO tempest.lib.common.rest_client [req-1f9fb645-db5a-43be-8776-18efc6f19b5d req-1f9fb645-db5a-43be-8776-18efc6f19b5d ] Request (ImagesTestJSON:test_create_image_from_stopped_server): 200 GET http://10.180.1.21/compute/v2.1/servers/379c870d-bd18-448f-84d1-79dd3e465d5c 0.073s
2024-12-14 03:09:19.325 66521 INFO tempest.lib.common.rest_client [req-0672f54e-a3d3-4256-a419-d410a7b9352c req-0672f54e-a3d3-4256-a419-d410a7b9352c ] Request (ServersAdminNegativeTestJSON:tearDownClass): 204 DELETE http://10.180.1.21/identity/v3/users/c21960f26a2b4fc0881b8ebd2010ce2b 0.129s
2024-12-14 03:09:19.325 66521 INFO tempest.lib.common.dynamic_creds [-] Deleting project and security group for project: 7eba578f46cd4e238b819530c96336c2
2024-12-14 03:09:19.331 66511 INFO tempest.lib.common.rest_client [req-dd936c58-24e4-4b7a-a97e-dac3a5dbd55c req-dd936c58-24e4-4b7a-a97e-dac3a5dbd55c ] Request (SecurityGroupsTestJSON:test_server_security_groups): 200 GET http://10.180.1.21/compute/v2.1/servers/2de8ec70-a76a-46f6-ac71-e964dbb591df 0.155s
2024-12-14 03:09:19.350 66525 INFO tempest.lib.common.rest_client [req-eb4d1fdd-b0d4-436a-ad76-94298a3781e5 req-eb4d1fdd-b0d4-436a-ad76-94298a3781e5 ] Request (FloatingIPsAssociationTestJSON:tearDownClass): 404 GET http://10.180.1.21/compute/v2.1/servers/419be04d-04c1-4099-bf22-e8063e4bfbae 0.080s
2024-12-14 03:09:19.372 66529 INFO tempest.lib.common.rest_client [req-fef5b934-982c-4d74-b308-7f75008d203c req-fef5b934-982c-4d74-b308-7f75008d203c ] Request (AttachInterfacesUnderV243Test:test_add_remove_fixed_ip): 200 GET http://10.180.1.21/compute/v2.1/servers/0b21b2e2-3462-4388-99d5-6c7f35ba65c8/ips 0.062s
2024-12-14 03:09:19.382 66521 INFO tempest.lib.common.rest_client [req-c0275c15-9e46-401f-963d-e46a9a5f0d1e req-c0275c15-9e46-401f-963d-e46a9a5f0d1e ] Request (ServersAdminNegativeTestJSON:tearDownClass): 201 POST http://10.180.1.21/identity/v3/auth/tokens 0.056s
2024-12-14 03:09:19.418 66483 INFO tempest.lib.common.rest_client [req-c7e7dc82-d1e3-4824-859e-e17bc8d731f3 req-c7e7dc82-d1e3-4824-859e-e17bc8d731f3 ] Request (ServersNegativeTestJSON:setUpClass): 200 GET http://10.180.1.21/compute/v2.1/servers/67de6b91-f9d0-4ff7-a629-a6628b6c0157 0.095s
2024-12-14 03:09:19.441 66489 INFO tempest.lib.common.rest_client [req-390c67cb-32d6-4020-b3f8-45180c8c67f3 req-390c67cb-32d6-4020-b3f8-45180c8c67f3 ] Request (ServerMetadataNegativeTestJSON:test_metadata_items_limit): 200 GET http://10.180.1.21/compute/v2.1/os-quota-sets/dd2ccdd4eb3a4020bf1bdb6e1a510c76 0.202s
2024-12-14 03:09:19.490 66489 INFO tempest.lib.common.rest_client [req-ceebdb81-df2e-4111-a132-d5cfb43e2ca2 req-ceebdb81-df2e-4111-a132-d5cfb43e2ca2 ] Request (ServerMetadataNegativeTestJSON:test_metadata_items_limit): 403 PUT http://10.180.1.21/compute/v2.1/servers/c408d003-2be8-4509-a0a4-93ca0e9d1965/metadata 0.047s
2024-12-14 03:09:19.512 66521 INFO tempest.lib.common.rest_client [req-894ecb5d-118b-4d94-93d0-5d4700fbfe07 req-894ecb5d-118b-4d94-93d0-5d4700fbfe07 ] Request (ServersAdminNegativeTestJSON:tearDownClass): 200 GET http://10.180.1.21:9696/networking/v2.0/security-groups?tenant_id=7eba578f46cd4e238b819530c96336c2&name=default 0.130s
2024-12-14 03:09:19.848 66493 INFO tempest.lib.common.rest_client [req-30d8e23d-f9ca-40e5-887e-856771a4912b req-30d8e23d-f9ca-40e5-887e-856771a4912b ] Request (ServersAdminTestJSON:test_inject_network_info): 200 GET http://10.180.1.21/compute/v2.1/servers/c33db3b7-9c39-42dc-ae25-7b1d0199b6d4 0.372s
2024-12-14 03:09:19.874 66485 INFO tempest.lib.common.rest_client [req-ba11ea65-6da0-4552-95ff-f83eb681edfd req-ba11ea65-6da0-4552-95ff-f83eb681edfd ] Request (ServersTestBootFromVolume:setUpClass): 200 GET http://10.180.1.21/volume/v3/volumes/1bfebb38-ed65-4cc8-b951-7380e3f3872c 0.032s
2024-12-14 03:09:19.883 66485 INFO tempest.common.waiters [-] volume 1bfebb38-ed65-4cc8-b951-7380e3f3872c reached available after waiting for 18.883450 seconds
2024-12-14 03:09:19.909 66521 INFO tempest.lib.common.rest_client [req-90d9ffc4-ff97-41c3-9ea7-360c4c12feb9 req-90d9ffc4-ff97-41c3-9ea7-360c4c12feb9 ] Request (ServersAdminNegativeTestJSON:tearDownClass): 204 DELETE http://10.180.1.21:9696/networking/v2.0/security-groups/4a232c3c-c670-4128-9338-984fd7b10309 0.396s
2024-12-14 03:09:19.941 66487 INFO tempest.lib.common.rest_client [req-cc63d8bf-bf79-44fd-9e49-a467346cbb96 req-cc63d8bf-bf79-44fd-9e49-a467346cbb96 ] Request (ServerDiagnosticsV248Test:tearDownClass): 200 GET http://10.180.1.21/compute/v2.1/servers/b753b654-ad56-408d-94b0-49275a3faa06 0.459s
2024-12-14 03:09:19.984 66489 INFO tempest.lib.common.rest_client [req-da218783-e4bd-44b8-9cad-6a70e1f6a2b1 req-da218783-e4bd-44b8-9cad-6a70e1f6a2b1 ] Request (ServerMetadataNegativeTestJSON:test_metadata_items_limit): 403 POST http://10.180.1.21/compute/v2.1/servers/c408d003-2be8-4509-a0a4-93ca0e9d1965/metadata 0.493s
2024-12-14 03:09:19.987 66521 INFO tempest.lib.common.rest_client [req-2accf1bf-1d2a-42a4-a9d8-4f2f4edee624 req-2accf1bf-1d2a-42a4-a9d8-4f2f4edee624 ] Request (ServersAdminNegativeTestJSON:tearDownClass): 204 DELETE http://10.180.1.21/identity/v3/projects/7eba578f46cd4e238b819530c96336c2 0.078s
2024-12-14 03:09:19.988 66521 INFO tempest.lib.common.dynamic_creds [-] Deleting project and security group for project: 351a5e2fe7074b92a6c4aba8c7b19c11
2024-12-14 03:09:20.017 66523 WARNING tempest.lib.common.ssh [-] Failed to establish authenticated ssh connection to cirros@10.180.180.141 ([Errno None] Unable to connect to port 22 on 10.180.180.141). Number attempts: 7. Retry after 8 seconds.: paramiko.ssh_exception.NoValidConnectionsError: [Errno None] Unable to connect to port 22 on 10.180.180.141
2024-12-14 03:09:20.065 66489 INFO tempest.lib.common.rest_client [req-ca86060d-689c-462c-b765-eacc1d83f3cc req-ca86060d-689c-462c-b765-eacc1d83f3cc ] Request (ServerMetadataNegativeTestJSON:test_server_create_metadata_key_too_long): 201 POST http://10.180.1.21/identity/v3/auth/tokens 0.076s
2024-12-14 03:09:20.066 66489 INFO tempest.lib.common.fixed_network [-] (ServerMetadataNegativeTestJSON:test_server_create_metadata_key_too_long) Found network {'id': 'e4f2164e-4d47-4e22-8dc6-3906af0c0e3c', 'name': 'tempest-ServerMetadataNegativeTestJSON-1273688546-network', 'tenant_id': 'dd2ccdd4eb3a4020bf1bdb6e1a510c76', 'admin_state_up': True, 'mtu': 8950, 'status': 'ACTIVE', 'subnets': [], 'shared': False, 'project_id': 'dd2ccdd4eb3a4020bf1bdb6e1a510c76', 'port_security_enabled': True, 'router:external': False, 'provider:network_type': 'vlan', 'provider:physical_network': 'default', 'provider:segmentation_id': 98, 'availability_zone_hints': [], 'availability_zones': [], 'ipv4_address_scope': None, 'ipv6_address_scope': None, 'description': '', 'tags': [], 'created_at': '2024-12-14T03:07:57Z', 'updated_at': '2024-12-14T03:07:57Z', 'revision_number': 1} available for tenant
2024-12-14 03:09:20.084 66521 INFO tempest.lib.common.rest_client [req-763d6767-6598-47c8-a2c6-177926556d5e req-763d6767-6598-47c8-a2c6-177926556d5e ] Request (ServersAdminNegativeTestJSON:tearDownClass): 200 GET http://10.180.1.21:9696/networking/v2.0/security-groups?tenant_id=351a5e2fe7074b92a6c4aba8c7b19c11&name=default 0.096s
2024-12-14 03:09:20.251 66521 INFO tempest.lib.common.rest_client [req-3b4cde86-98ee-41f8-bcaa-1f524f8380d0 req-3b4cde86-98ee-41f8-bcaa-1f524f8380d0 ] Request (ServersAdminNegativeTestJSON:tearDownClass): 204 DELETE http://10.180.1.21:9696/networking/v2.0/security-groups/9c65b27e-9b5b-492c-bd95-4aaef4955a23 0.167s
2024-12-14 03:09:20.254 66495 INFO tempest.lib.common.rest_client [req-dfc57a4a-0e6d-49a0-abf6-f012a608efac req-dfc57a4a-0e6d-49a0-abf6-f012a608efac ] Request (ServersTestJSON:test_create_server_specify_multibyte_character_name): 200 GET http://10.180.1.21/compute/v2.1/servers/3d1735e1-4302-4891-9230-5fb564800cda 0.732s
2024-12-14 03:09:20.266 66495 INFO tempest.common.waiters [-] State transition "BUILD/None" ==> "BUILD/block_device_mapping" after 69 second wait
2024-12-14 03:09:20.273 66535 WARNING tempest.lib.common.ssh [-] Failed to establish authenticated ssh connection to cirros@10.180.180.156 ([Errno None] Unable to connect to port 22 on 10.180.180.156). Number attempts: 4. Retry after 5 seconds.: paramiko.ssh_exception.NoValidConnectionsError: [Errno None] Unable to connect to port 22 on 10.180.180.156
2024-12-14 03:09:20.321 66525 INFO tempest.lib.common.rest_client [req-ab6beb14-018c-4ee1-9894-06ead231c991 req-ab6beb14-018c-4ee1-9894-06ead231c991 ] Request (FloatingIPsAssociationTestJSON:tearDownClass): 202 DELETE http://10.180.1.21/compute/v2.1/os-floating-ips/8043ff9c-db32-418c-907a-667fe72429cd 0.970s
2024-12-14 03:09:20.335 66491 INFO tempest.lib.common.rest_client [req-2f3913f8-4043-467d-ae95-19188ab4acef req-2f3913f8-4043-467d-ae95-19188ab4acef ] Request (AttachInterfacesV270Test:tearDownClass): 200 GET http://10.180.1.21/compute/v2.1/servers/8426c441-9234-499d-8a72-dc41f32e864e 0.705s
2024-12-14 03:09:20.380 66537 INFO tempest.lib.common.rest_client [req-ada0db79-1a76-4503-bf15-294a5a575215 req-ada0db79-1a76-4503-bf15-294a5a575215 ] Request (ImagesOneServerTestJSON:setUpClass): 200 GET http://10.180.1.21/compute/v2.1/servers/7688e68b-a872-49b4-ab48-47866159eaa6 0.716s
2024-12-14 03:09:20.386 66531 INFO tempest.lib.common.rest_client [req-f8b2e52a-02fe-412b-a759-81bb01fdce69 req-f8b2e52a-02fe-412b-a759-81bb01fdce69 ] Request (ServersTestMultiNic:test_verify_duplicate_network_nics): 200 GET http://10.180.1.21/compute/v2.1/servers/4ed0a788-ff15-4aff-89d3-73deb1dbbc69 0.676s
2024-12-14 03:09:20.398 66521 INFO tempest.lib.common.rest_client [req-5fda9c5e-19cd-4f9d-8dac-376b6241e0b0 req-5fda9c5e-19cd-4f9d-8dac-376b6241e0b0 ] Request (ServersAdminNegativeTestJSON:tearDownClass): 204 DELETE http://10.180.1.21/identity/v3/projects/351a5e2fe7074b92a6c4aba8c7b19c11 0.146s
2024-12-14 03:09:20.432 66539 INFO tempest.lib.common.rest_client [req-d070c43f-88af-448f-8ec3-5e300ee60e3a req-d070c43f-88af-448f-8ec3-5e300ee60e3a ] Request (ServersWithSpecificFlavorTestJSON:test_verify_created_server_ephemeral_disk): 200 GET http://10.180.1.21/compute/v2.1/servers/f80c9a28-923e-4943-bb8a-e9a73b4bb6c9 0.673s
2024-12-14 03:09:20.439 66528 INFO tempest.lib.common.rest_client [req-786515ad-4dee-4d34-a08b-4892fe023b64 req-786515ad-4dee-4d34-a08b-4892fe023b64 ] Request (MigrationsAdminTest:test_resize_server_revert_deleted_flavor): 200 GET http://10.180.1.21/compute/v2.1/servers/8ae201ed-2458-4a38-9706-79834f32efe2 0.724s
2024-12-14 03:09:20.445 66528 INFO tempest.common.waiters [-] State transition "BUILD/scheduling" ==> "BUILD/None" after 35 second wait
2024-12-14 03:09:20.454 66521 INFO tempest.lib.common.rest_client [req-f6d4a9b9-7da8-4309-b990-34a2a7cb88b6 req-f6d4a9b9-7da8-4309-b990-34a2a7cb88b6 ] Request (ListImageFiltersTestJSON:setUpClass): 201 POST http://10.180.1.21/identity/v3/auth/tokens 0.054s
2024-12-14 03:09:20.484 66519 INFO tempest.lib.common.rest_client [req-f2a8c1c0-cb73-45db-b958-8b318cecde4f req-f2a8c1c0-cb73-45db-b958-8b318cecde4f ] Request (ServersAaction247Test:test_create_backup): 200 GET http://10.180.1.21/compute/v2.1/servers/92b2109a-f7b1-41ea-8189-ab44b8606c09 0.675s
2024-12-14 03:09:20.487 66521 INFO tempest.lib.common.rest_client [req-37b0be5e-f994-4f35-96d3-844dd985754f req-37b0be5e-f994-4f35-96d3-844dd985754f ] Request (ListImageFiltersTestJSON:setUpClass): 201 POST http://10.180.1.21/identity/v3/auth/tokens 0.031s
2024-12-14 03:09:20.495 66481 INFO tempest.lib.common.rest_client [req-40a23ed3-c311-4457-b673-e280b0e073a7 req-40a23ed3-c311-4457-b673-e280b0e073a7 ] Request (DeleteServersTestJSON:test_delete_server_while_in_attached_volume): 200 GET http://10.180.1.21/compute/v2.1/servers/beca51af-3ae3-4ddd-ac0a-1f1ec161ff0e 0.636s
2024-12-14 03:09:20.513 66521 INFO tempest.lib.common.rest_client [req-a1f78670-0ca0-4ad5-9de4-b22f384a2539 req-a1f78670-0ca0-4ad5-9de4-b22f384a2539 ] Request (ListImageFiltersTestJSON:setUpClass): 200 GET http://10.180.1.21/identity/v3/domains?name=Default 0.025s
2024-12-14 03:09:20.533 66497 INFO tempest.lib.common.rest_client [req-993ac859-14ac-40de-9c56-9270ade96596 req-993ac859-14ac-40de-9c56-9270ade96596 ] Request (ServerRescueNegativeTestJSON:test_rescued_vm_detach_volume): 200 GET http://10.180.1.21/compute/v2.1/servers/6614ec90-4eaa-4393-8f73-f9d54aa6e625 0.672s
2024-12-14 03:09:20.546 66521 INFO tempest.lib.common.rest_client [req-21c9bcd9-d27a-414e-bf14-f48517c4ff46 req-21c9bcd9-d27a-414e-bf14-f48517c4ff46 ] Request (ListImageFiltersTestJSON:setUpClass): 201 POST http://10.180.1.21/identity/v3/projects 0.033s
2024-12-14 03:09:20.590 66517 INFO tempest.lib.common.rest_client [req-69a45846-3255-433b-a5b3-0db0c319cfb1 req-69a45846-3255-433b-a5b3-0db0c319cfb1 ] Request (ServerRescueTestJSONUnderV235:setUpClass): 200 GET http://10.180.1.21/compute/v2.1/servers/583644aa-7507-4343-ae0c-f4212d1a5612 0.679s
2024-12-14 03:09:20.619 66521 INFO tempest.lib.common.rest_client [req-0e2404af-34b2-4450-a761-1b695236132c req-0e2404af-34b2-4450-a761-1b695236132c ] Request (ListImageFiltersTestJSON:setUpClass): 201 POST http://10.180.1.21/identity/v3/users 0.072s
2024-12-14 03:09:20.646 66521 INFO tempest.lib.common.rest_client [req-9410657d-bd3a-4a99-957c-90df3fd2152e req-9410657d-bd3a-4a99-957c-90df3fd2152e ] Request (ListImageFiltersTestJSON:setUpClass): 200 GET http://10.180.1.21/identity/v3/roles 0.027s
2024-12-14 03:09:20.648 66515 INFO tempest.lib.common.rest_client [req-f602ae79-5385-4063-9a76-89175b5ce840 req-f602ae79-5385-4063-9a76-89175b5ce840 ] Request (MultipleCreateTestJSON:test_multiple_create): 200 GET http://10.180.1.21/compute/v2.1/servers/1af50769-644f-4e6b-a859-0bf51f6cc6fb 0.684s
2024-12-14 03:09:20.684 66521 INFO tempest.lib.common.rest_client [req-013baa12-e1ea-4200-8bbb-8fea25c606aa req-013baa12-e1ea-4200-8bbb-8fea25c606aa ] Request (ListImageFiltersTestJSON:setUpClass): 204 PUT http://10.180.1.21/identity/v3/projects/6c5d1771f87f45edb9c708288839beb8/users/946f5b6b9814488988a063a8662e7fd4/roles/0313dd5cf6614c38b00020752d722e63 0.037s
2024-12-14 03:09:20.684 66521 INFO tempest.lib.common.dynamic_creds [-] Dynamic test user 946f5b6b9814488988a063a8662e7fd4 is created with scope project and roles: ['member']
2024-12-14 03:09:20.685 66521 INFO tempest.lib.common.dynamic_creds [-] Acquired dynamic creds: credentials: Credentials: {'domain_id': 'default', 'domain_name': 'Default', 'username': 'tempest-ListImageFiltersTestJSON-2084943905-project-member', 'project_domain_id': 'default', 'project_domain_name': 'Default', 'project_id': '6c5d1771f87f45edb9c708288839beb8', 'project_name': 'tempest-ListImageFiltersTestJSON-2084943905', 'tenant_id': '6c5d1771f87f45edb9c708288839beb8', 'tenant_name': 'tempest-ListImageFiltersTestJSON-2084943905', 'user_domain_id': 'default', 'user_domain_name': 'Default', 'user_id': '946f5b6b9814488988a063a8662e7fd4', 'system': None}, Network: None, Subnet: None, Router: None
2024-12-14 03:09:20.685 66521 INFO tempest.lib.common.dynamic_creds [-] Created isolated network resources for: credentials: Credentials: {'domain_id': 'default', 'domain_name': 'Default', 'username': 'tempest-ListImageFiltersTestJSON-2084943905-project-member', 'project_domain_id': 'default', 'project_domain_name': 'Default', 'project_id': '6c5d1771f87f45edb9c708288839beb8', 'project_name': 'tempest-ListImageFiltersTestJSON-2084943905', 'tenant_id': '6c5d1771f87f45edb9c708288839beb8', 'tenant_name': 'tempest-ListImageFiltersTestJSON-2084943905', 'user_domain_id': 'default', 'user_domain_name': 'Default', 'user_id': '946f5b6b9814488988a063a8662e7fd4', 'system': None}, Network: None, Subnet: None, Router: None
2024-12-14 03:09:20.707 66505 INFO tempest.lib.common.rest_client [req-7e89457a-eae1-4743-8924-86ab4f3a4c9e req-7e89457a-eae1-4743-8924-86ab4f3a4c9e ] Request (ImagesOneServerNegativeTestJSON:_run_cleanups): 200 GET http://10.180.1.21/compute/v2.1/servers/04c6f283-64fd-4122-bb25-ca8108ff5c12 0.657s
2024-12-14 03:09:20.713 66489 INFO tempest.lib.common.rest_client [req-4cf64790-1ce6-45d5-884d-58599f82c38e req-4cf64790-1ce6-45d5-884d-58599f82c38e ] Request (ServerMetadataNegativeTestJSON:test_server_create_metadata_key_too_long): 400 POST http://10.180.1.21/compute/v2.1/servers 0.647s
2024-12-14 03:09:20.771 66533 INFO tempest.lib.common.rest_client [req-239c3537-8db9-49c7-b54a-9f5ad9220b41 req-239c3537-8db9-49c7-b54a-9f5ad9220b41 ] Request (ImagesTestJSON:test_create_image_from_stopped_server): 200 GET http://10.180.1.21/compute/v2.1/servers/379c870d-bd18-448f-84d1-79dd3e465d5c 0.461s
2024-12-14 03:09:20.771 66521 INFO tempest.lib.common.rest_client [req-f8c7e997-c0d9-4d0d-943c-ca1f70a897b1 req-f8c7e997-c0d9-4d0d-943c-ca1f70a897b1 ] Request (ListImageFiltersTestJSON:setUpClass): 201 POST http://10.180.1.21/identity/v3/auth/tokens 0.080s
2024-12-14 03:09:20.794 66489 INFO tempest.lib.common.rest_client [req-b2fe5382-aa74-4ea2-9895-a0ee8be901d9 req-b2fe5382-aa74-4ea2-9895-a0ee8be901d9 ] Request (ServerMetadataNegativeTestJSON:test_server_create_metadata_key_too_long): 201 POST http://10.180.1.21/identity/v3/auth/tokens 0.076s
2024-12-14 03:09:20.794 66489 INFO tempest.lib.common.fixed_network [-] (ServerMetadataNegativeTestJSON:test_server_create_metadata_key_too_long) Found network {'id': 'e4f2164e-4d47-4e22-8dc6-3906af0c0e3c', 'name': 'tempest-ServerMetadataNegativeTestJSON-1273688546-network', 'tenant_id': 'dd2ccdd4eb3a4020bf1bdb6e1a510c76', 'admin_state_up': True, 'mtu': 8950, 'status': 'ACTIVE', 'subnets': [], 'shared': False, 'project_id': 'dd2ccdd4eb3a4020bf1bdb6e1a510c76', 'port_security_enabled': True, 'router:external': False, 'provider:network_type': 'vlan', 'provider:physical_network': 'default', 'provider:segmentation_id': 98, 'availability_zone_hints': [], 'availability_zones': [], 'ipv4_address_scope': None, 'ipv6_address_scope': None, 'description': '', 'tags': [], 'created_at': '2024-12-14T03:07:57Z', 'updated_at': '2024-12-14T03:07:57Z', 'revision_number': 1} available for tenant
2024-12-14 03:09:20.868 66525 INFO tempest.lib.common.rest_client [req-7d198734-906d-436b-a3f6-7f2927230f58 req-7d198734-906d-436b-a3f6-7f2927230f58 ] Request (FloatingIPsAssociationTestJSON:tearDownClass): 204 DELETE http://10.180.1.21/compute/v2.1/servers/2110c7ab-0962-4884-b120-e1c1fb1bab16 0.546s
2024-12-14 03:09:21.006 66511 INFO tempest.lib.common.rest_client [req-dd747764-03dc-4380-a24b-52b8a93c40f9 req-dd747764-03dc-4380-a24b-52b8a93c40f9 ] Request (SecurityGroupsTestJSON:test_server_security_groups): 200 GET http://10.180.1.21/compute/v2.1/servers/2de8ec70-a76a-46f6-ac71-e964dbb591df 0.666s
2024-12-14 03:09:21.043 66485 INFO tempest.lib.common.rest_client [req-20e989ae-72e9-42a6-8429-15ecd0222189 req-20e989ae-72e9-42a6-8429-15ecd0222189 ] Request (ServersTestBootFromVolume:setUpClass): 202 POST http://10.180.1.21/compute/v2.1/servers 1.160s
2024-12-14 03:09:21.058 66529 INFO tempest.lib.common.rest_client [req-2867f05a-6bd0-4a05-af06-c2ceaaaf0216 req-2867f05a-6bd0-4a05-af06-c2ceaaaf0216 ] Request (AttachInterfacesUnderV243Test:test_add_remove_fixed_ip): 200 GET http://10.180.1.21/compute/v2.1/servers/0b21b2e2-3462-4388-99d5-6c7f35ba65c8/ips 0.684s
2024-12-14 03:09:21.064 66489 INFO tempest.lib.common.rest_client [req-226f14a1-b3a3-421e-872f-e2ee850572e4 req-226f14a1-b3a3-421e-872f-e2ee850572e4 ] Request (ServerMetadataNegativeTestJSON:test_server_create_metadata_key_too_long): 400 POST http://10.180.1.21/compute/v2.1/servers 0.269s
2024-12-14 03:09:21.094 66483 INFO tempest.lib.common.rest_client [req-17c11e6c-745f-4231-b23e-9473d97ae741 req-17c11e6c-745f-4231-b23e-9473d97ae741 ] Request (ServersNegativeTestJSON:setUpClass): 200 GET http://10.180.1.21/compute/v2.1/servers/67de6b91-f9d0-4ff7-a629-a6628b6c0157 0.668s
2024-12-14 03:09:21.105 66489 INFO tempest.lib.common.rest_client [req-b6c8db2f-82bc-47ec-ad0d-8b7adb43d03e req-b6c8db2f-82bc-47ec-ad0d-8b7adb43d03e ] Request (ServerMetadataNegativeTestJSON:test_server_create_metadata_key_too_long): 201 POST http://10.180.1.21/identity/v3/auth/tokens 0.038s
2024-12-14 03:09:21.106 66489 INFO tempest.lib.common.fixed_network [-] (ServerMetadataNegativeTestJSON:test_server_create_metadata_key_too_long) Found network {'id': 'e4f2164e-4d47-4e22-8dc6-3906af0c0e3c', 'name': 'tempest-ServerMetadataNegativeTestJSON-1273688546-network', 'tenant_id': 'dd2ccdd4eb3a4020bf1bdb6e1a510c76', 'admin_state_up': True, 'mtu': 8950, 'status': 'ACTIVE', 'subnets': [], 'shared': False, 'project_id': 'dd2ccdd4eb3a4020bf1bdb6e1a510c76', 'port_security_enabled': True, 'router:external': False, 'provider:network_type': 'vlan', 'provider:physical_network': 'default', 'provider:segmentation_id': 98, 'availability_zone_hints': [], 'availability_zones': [], 'ipv4_address_scope': None, 'ipv6_address_scope': None, 'description': '', 'tags': [], 'created_at': '2024-12-14T03:07:57Z', 'updated_at': '2024-12-14T03:07:57Z', 'revision_number': 1} available for tenant
2024-12-14 03:09:21.163 66521 INFO tempest.lib.common.rest_client [req-6ade7c62-f2ca-4946-a6ab-a8a18adef23f req-6ade7c62-f2ca-4946-a6ab-a8a18adef23f ] Request (ListImageFiltersTestJSON:setUpClass): 201 POST http://10.180.1.21/image/v2/images 0.391s
2024-12-14 03:09:21.173 66493 INFO tempest.lib.common.rest_client [req-7fd6b32b-afd9-4c38-92eb-a4d038a1fd7e req-7fd6b32b-afd9-4c38-92eb-a4d038a1fd7e ] Request (ServersAdminTestJSON:test_inject_network_info): 200 GET http://10.180.1.21/compute/v2.1/servers/c33db3b7-9c39-42dc-ae25-7b1d0199b6d4 0.317s
2024-12-14 03:09:21.243 66525 INFO tempest.lib.common.rest_client [req-5e396cf1-873d-4244-b1a3-aa92681bd029 req-5e396cf1-873d-4244-b1a3-aa92681bd029 ] Request (FloatingIPsAssociationTestJSON:tearDownClass): 200 GET http://10.180.1.21/compute/v2.1/servers/2110c7ab-0962-4884-b120-e1c1fb1bab16 0.374s
2024-12-14 03:09:21.252 66487 INFO tempest.lib.common.rest_client [req-c1ea7416-d342-4892-bfcd-f8d66a8a1838 req-c1ea7416-d342-4892-bfcd-f8d66a8a1838 ] Request (ServerDiagnosticsV248Test:tearDownClass): 200 GET http://10.180.1.21/compute/v2.1/servers/b753b654-ad56-408d-94b0-49275a3faa06 0.301s
2024-12-14 03:09:21.285 66485 INFO tempest.lib.common.rest_client [req-13a4f94a-b01f-4227-af29-9e7ac3735be3 req-13a4f94a-b01f-4227-af29-9e7ac3735be3 ] Request (ServersTestBootFromVolume:setUpClass): 200 GET http://10.180.1.21/compute/v2.1/servers/555e79b9-57c7-4276-9bce-08999b2cdb83 0.239s
2024-12-14 03:09:21.293 66489 INFO tempest.lib.common.rest_client [req-b04466f4-85bf-499c-8940-685cab890c39 req-b04466f4-85bf-499c-8940-685cab890c39 ] Request (ServerMetadataNegativeTestJSON:test_server_create_metadata_key_too_long): 400 POST http://10.180.1.21/compute/v2.1/servers 0.186s
2024-12-14 03:09:21.327 66489 INFO tempest.lib.common.rest_client [req-9dc0d0e8-ddca-430e-8be5-a09cb04adc18 req-9dc0d0e8-ddca-430e-8be5-a09cb04adc18 ] Request (ServerMetadataNegativeTestJSON:test_server_create_metadata_key_too_long): 201 POST http://10.180.1.21/identity/v3/auth/tokens 0.031s
2024-12-14 03:09:21.327 66489 INFO tempest.lib.common.fixed_network [-] (ServerMetadataNegativeTestJSON:test_server_create_metadata_key_too_long) Found network {'id': 'e4f2164e-4d47-4e22-8dc6-3906af0c0e3c', 'name': 'tempest-ServerMetadataNegativeTestJSON-1273688546-network', 'tenant_id': 'dd2ccdd4eb3a4020bf1bdb6e1a510c76', 'admin_state_up': True, 'mtu': 8950, 'status': 'ACTIVE', 'subnets': [], 'shared': False, 'project_id': 'dd2ccdd4eb3a4020bf1bdb6e1a510c76', 'port_security_enabled': True, 'router:external': False, 'provider:network_type': 'vlan', 'provider:physical_network': 'default', 'provider:segmentation_id': 98, 'availability_zone_hints': [], 'availability_zones': [], 'ipv4_address_scope': None, 'ipv6_address_scope': None, 'description': '', 'tags': [], 'created_at': '2024-12-14T03:07:57Z', 'updated_at': '2024-12-14T03:07:57Z', 'revision_number': 1} available for tenant
2024-12-14 03:09:21.409 66529 INFO tempest.lib.common.rest_client [req-805599b7-f72a-4222-b238-9904df16654b req-805599b7-f72a-4222-b238-9904df16654b ] Request (AttachInterfacesUnderV243Test:test_add_remove_fixed_ip): 200 GET http://10.180.1.21/compute/v2.1/servers/0b21b2e2-3462-4388-99d5-6c7f35ba65c8 0.349s
2024-12-14 03:09:21.415 66489 INFO tempest.lib.common.rest_client [req-81929dfc-516c-468e-a4ae-33872fc58acc req-81929dfc-516c-468e-a4ae-33872fc58acc ] Request (ServerMetadataNegativeTestJSON:test_server_create_metadata_key_too_long): 400 POST http://10.180.1.21/compute/v2.1/servers 0.087s
2024-12-14 03:09:21.421 66495 INFO tempest.lib.common.rest_client [req-fed54d80-dd98-4119-9e38-ecc27d8bd72a req-fed54d80-dd98-4119-9e38-ecc27d8bd72a ] Request (ServersTestJSON:test_create_server_specify_multibyte_character_name): 200 GET http://10.180.1.21/compute/v2.1/servers/3d1735e1-4302-4891-9230-5fb564800cda 0.154s
2024-12-14 03:09:21.429 66495 INFO tempest.common.waiters [-] State transition "BUILD/block_device_mapping" ==> "BUILD/spawning" after 70 second wait
2024-12-14 03:09:21.439 66491 INFO tempest.lib.common.rest_client [req-bbe6aa1e-da82-489c-a490-d4b4c6c05a12 req-bbe6aa1e-da82-489c-a490-d4b4c6c05a12 ] Request (AttachInterfacesV270Test:tearDownClass): 404 GET http://10.180.1.21/compute/v2.1/servers/8426c441-9234-499d-8a72-dc41f32e864e 0.093s
2024-12-14 03:09:21.492 66537 INFO tempest.lib.common.rest_client [req-cdc749e8-327a-45eb-94a1-4b852b3355ac req-cdc749e8-327a-45eb-94a1-4b852b3355ac ] Request (ImagesOneServerTestJSON:setUpClass): 200 GET http://10.180.1.21/compute/v2.1/servers/7688e68b-a872-49b4-ab48-47866159eaa6 0.105s
2024-12-14 03:09:21.493 66531 INFO tempest.lib.common.rest_client [req-04aa1882-acd4-4ff9-a640-76d98f428156 req-04aa1882-acd4-4ff9-a640-76d98f428156 ] Request (ServersTestMultiNic:test_verify_duplicate_network_nics): 200 GET http://10.180.1.21/compute/v2.1/servers/4ed0a788-ff15-4aff-89d3-73deb1dbbc69 0.098s
2024-12-14 03:09:21.502 66489 INFO tempest.lib.common.rest_client [req-bc69fc7c-10e0-4002-81fb-de73946e2e70 req-bc69fc7c-10e0-4002-81fb-de73946e2e70 ] Request (ServerMetadataNegativeTestJSON:test_server_metadata_non_existent_server): 404 GET http://10.180.1.21/compute/v2.1/servers/f3c813c5-bd86-4a79-893b-6f9d4866a434/metadata/test2 0.085s
2024-12-14 03:09:21.504 66531 INFO tempest.common.waiters [-] State transition "BUILD/None" ==> "BUILD/networking" after 70 second wait
2024-12-14 03:09:21.528 66529 INFO tempest.lib.common.rest_client [req-fdea02d0-c7ac-4468-8492-f144a955ddf7 req-fdea02d0-c7ac-4468-8492-f144a955ddf7 ] Request (AttachInterfacesUnderV243Test:test_add_remove_fixed_ip): 202 POST http://10.180.1.21/compute/v2.1/servers/0b21b2e2-3462-4388-99d5-6c7f35ba65c8/action 0.112s
2024-12-14 03:09:21.559 66539 INFO tempest.lib.common.rest_client [req-a31a9952-c613-4932-9a77-33c4f61d914b req-a31a9952-c613-4932-9a77-33c4f61d914b ] Request (ServersWithSpecificFlavorTestJSON:test_verify_created_server_ephemeral_disk): 200 GET http://10.180.1.21/compute/v2.1/servers/f80c9a28-923e-4943-bb8a-e9a73b4bb6c9 0.120s
2024-12-14 03:09:21.620 66519 INFO tempest.lib.common.rest_client [req-78b60665-b661-4a05-a1c7-4d57d96ca9d7 req-78b60665-b661-4a05-a1c7-4d57d96ca9d7 ] Request (ServersAaction247Test:test_create_backup): 200 GET http://10.180.1.21/compute/v2.1/servers/92b2109a-f7b1-41ea-8189-ab44b8606c09 0.126s
2024-12-14 03:09:21.671 66481 INFO tempest.lib.common.rest_client [req-d979cba7-4cec-447a-a9db-49187a837022 req-d979cba7-4cec-447a-a9db-49187a837022 ] Request (DeleteServersTestJSON:test_delete_server_while_in_attached_volume): 200 GET http://10.180.1.21/compute/v2.1/servers/beca51af-3ae3-4ddd-ac0a-1f1ec161ff0e 0.168s
2024-12-14 03:09:21.699 66489 INFO tempest.lib.common.rest_client [req-6d2fe0b8-a065-494b-9428-505942245c83 req-6d2fe0b8-a065-494b-9428-505942245c83 ] Request (ServerMetadataNegativeTestJSON:test_set_metadata_invalid_key): 400 PUT http://10.180.1.21/compute/v2.1/servers/c408d003-2be8-4509-a0a4-93ca0e9d1965/metadata/key 0.196s
2024-12-14 03:09:21.723 66529 INFO tempest.lib.common.rest_client [req-ea94c9fa-5510-4061-ab05-cc29b6f3165f req-ea94c9fa-5510-4061-ab05-cc29b6f3165f ] Request (AttachInterfacesUnderV243Test:test_add_remove_fixed_ip): 200 GET http://10.180.1.21/compute/v2.1/servers/0b21b2e2-3462-4388-99d5-6c7f35ba65c8/ips 0.194s
2024-12-14 03:09:21.779 66497 INFO tempest.lib.common.rest_client [req-e50de085-8ae8-45ef-8c15-6c23035d81ca req-e50de085-8ae8-45ef-8c15-6c23035d81ca ] Request (ServerRescueNegativeTestJSON:test_rescued_vm_detach_volume): 200 GET http://10.180.1.21/compute/v2.1/servers/6614ec90-4eaa-4393-8f73-f9d54aa6e625 0.239s
2024-12-14 03:09:21.839 66517 INFO tempest.lib.common.rest_client [req-366cfbf2-3868-49a0-8ac6-b30470ed3387 req-366cfbf2-3868-49a0-8ac6-b30470ed3387 ] Request (ServerRescueTestJSONUnderV235:setUpClass): 200 GET http://10.180.1.21/compute/v2.1/servers/583644aa-7507-4343-ae0c-f4212d1a5612 0.236s
2024-12-14 03:09:21.845 66528 INFO tempest.lib.common.rest_client [req-0a5032b4-2d78-41c7-a6d9-c2f0060929b3 req-0a5032b4-2d78-41c7-a6d9-c2f0060929b3 ] Request (MigrationsAdminTest:test_resize_server_revert_deleted_flavor): 200 GET http://10.180.1.21/compute/v2.1/servers/8ae201ed-2458-4a38-9706-79834f32efe2 0.400s
2024-12-14 03:09:21.854 66489 INFO tempest.lib.common.rest_client [req-4ce001c8-f5f6-4ecf-be2c-9525465b9498 req-4ce001c8-f5f6-4ecf-be2c-9525465b9498 ] Request (ServerMetadataNegativeTestJSON:test_set_metadata_non_existent_server): 404 PUT http://10.180.1.21/compute/v2.1/servers/5459534b-011d-42a3-b0f3-5316232d98af/metadata 0.153s
2024-12-14 03:09:21.892 66515 INFO tempest.lib.common.rest_client [req-66a6dcfd-d5d2-4bae-bcfc-bb621d070290 req-66a6dcfd-d5d2-4bae-bcfc-bb621d070290 ] Request (MultipleCreateTestJSON:test_multiple_create): 200 GET http://10.180.1.21/compute/v2.1/servers/1af50769-644f-4e6b-a859-0bf51f6cc6fb 0.233s
2024-12-14 03:09:21.920 66505 INFO tempest.lib.common.rest_client [req-2363baf5-e771-4333-93b4-6aa1ace3a3a0 req-2363baf5-e771-4333-93b4-6aa1ace3a3a0 ] Request (ImagesOneServerNegativeTestJSON:_run_cleanups): 200 GET http://10.180.1.21/compute/v2.1/servers/04c6f283-64fd-4122-bb25-ca8108ff5c12 0.205s
2024-12-14 03:09:21.924 66489 INFO tempest.lib.common.rest_client [req-c8da9179-fcbb-4009-a166-72ffc77b464b req-c8da9179-fcbb-4009-a166-72ffc77b464b ] Request (ServerMetadataNegativeTestJSON:test_set_server_metadata_blank_key): 400 PUT http://10.180.1.21/compute/v2.1/servers/c408d003-2be8-4509-a0a4-93ca0e9d1965/metadata 0.068s
2024-12-14 03:09:21.933 66505 INFO tempest.common.waiters [-] State transition "ACTIVE/deleting" ==> "DELETED/None" after 4 second wait
2024-12-14 03:09:21.936 66489 INFO tempest.lib.common.rest_client [req-85e082b1-7c29-4f7f-9d2c-2ec6befd955a req-85e082b1-7c29-4f7f-9d2c-2ec6befd955a ] Request (ServerMetadataNegativeTestJSON:test_set_server_metadata_missing_metadata): 400 PUT http://10.180.1.21/compute/v2.1/servers/c408d003-2be8-4509-a0a4-93ca0e9d1965/metadata 0.009s
2024-12-14 03:09:21.951 66489 INFO tempest.lib.common.rest_client [req-46b8482b-d225-4b51-a667-d51d2dd34687 req-46b8482b-d225-4b51-a667-d51d2dd34687 ] Request (ServerMetadataNegativeTestJSON:test_update_metadata_non_existent_server): 404 POST http://10.180.1.21/compute/v2.1/servers/58957243-e548-4c0c-839a-71376a60e18e/metadata 0.013s
2024-12-14 03:09:21.955 66533 INFO tempest.lib.common.rest_client [req-1f0f5f7d-e027-42d8-8ceb-f84766ed44f7 req-1f0f5f7d-e027-42d8-8ceb-f84766ed44f7 ] Request (ImagesTestJSON:test_create_image_from_stopped_server): 200 GET http://10.180.1.21/compute/v2.1/servers/379c870d-bd18-448f-84d1-79dd3e465d5c 0.171s
2024-12-14 03:09:21.962 66489 INFO tempest.lib.common.rest_client [req-3fe52b40-4640-440a-b190-5a6e024567b5 req-3fe52b40-4640-440a-b190-5a6e024567b5 ] Request (ServerMetadataNegativeTestJSON:test_update_metadata_with_blank_key): 400 POST http://10.180.1.21/compute/v2.1/servers/c408d003-2be8-4509-a0a4-93ca0e9d1965/metadata 0.008s
2024-12-14 03:09:22.049 66489 INFO tempest.lib.common.rest_client [req-ac960126-1b4b-4ad2-994a-b020cfc55a39 req-ac960126-1b4b-4ad2-994a-b020cfc55a39 ] Request (ServerMetadataNegativeTestJSON:tearDownClass): 204 DELETE http://10.180.1.21/compute/v2.1/servers/c408d003-2be8-4509-a0a4-93ca0e9d1965 0.082s
2024-12-14 03:09:22.248 66489 INFO tempest.lib.common.rest_client [req-01ed874b-fb28-4f0e-9dac-c5af9524e663 req-01ed874b-fb28-4f0e-9dac-c5af9524e663 ] Request (ServerMetadataNegativeTestJSON:tearDownClass): 200 GET http://10.180.1.21/compute/v2.1/servers/c408d003-2be8-4509-a0a4-93ca0e9d1965 0.199s
2024-12-14 03:09:22.312 66511 INFO tempest.lib.common.rest_client [req-8c0d4cd6-99bc-4619-b494-8ac3c6b5ef8d req-8c0d4cd6-99bc-4619-b494-8ac3c6b5ef8d ] Request (SecurityGroupsTestJSON:test_server_security_groups): 200 GET http://10.180.1.21/compute/v2.1/servers/2de8ec70-a76a-46f6-ac71-e964dbb591df 0.299s
2024-12-14 03:09:22.312 66483 INFO tempest.lib.common.rest_client [req-86831ec0-7a19-4333-b782-8a4145bc9470 req-86831ec0-7a19-4333-b782-8a4145bc9470 ] Request (ServersNegativeTestJSON:setUpClass): 200 GET http://10.180.1.21/compute/v2.1/servers/67de6b91-f9d0-4ff7-a629-a6628b6c0157 0.210s
2024-12-14 03:09:22.520 66525 INFO tempest.lib.common.rest_client [req-06403f65-ff50-4bc6-b110-4ada35ebd557 req-06403f65-ff50-4bc6-b110-4ada35ebd557 ] Request (FloatingIPsAssociationTestJSON:tearDownClass): 200 GET http://10.180.1.21/compute/v2.1/servers/2110c7ab-0962-4884-b120-e1c1fb1bab16 0.270s
2024-12-14 03:09:22.592 66493 INFO tempest.lib.common.rest_client [req-d9038447-f72d-4a18-afca-c92b3b37277d req-d9038447-f72d-4a18-afca-c92b3b37277d ] Request (ServersAdminTestJSON:test_inject_network_info): 200 GET http://10.180.1.21/compute/v2.1/servers/c33db3b7-9c39-42dc-ae25-7b1d0199b6d4 0.411s
2024-12-14 03:09:22.603 66493 INFO tempest.common.waiters [-] State transition "BUILD/spawning" ==> "ACTIVE/None" after 74 second wait
2024-12-14 03:09:22.611 66487 INFO tempest.lib.common.rest_client [req-40aa6a2b-fb5c-4aea-b3cf-63b104867d23 req-40aa6a2b-fb5c-4aea-b3cf-63b104867d23 ] Request (ServerDiagnosticsV248Test:tearDownClass): 200 GET http://10.180.1.21/compute/v2.1/servers/b753b654-ad56-408d-94b0-49275a3faa06 0.349s
2024-12-14 03:09:22.692 66485 INFO tempest.lib.common.rest_client [req-6c6ffb72-04c5-4641-abcc-8325d25279fa req-6c6ffb72-04c5-4641-abcc-8325d25279fa ] Request (ServersTestBootFromVolume:setUpClass): 200 GET http://10.180.1.21/compute/v2.1/servers/555e79b9-57c7-4276-9bce-08999b2cdb83 0.399s
2024-12-14 03:09:22.744 66491 INFO tempest.lib.common.rest_client [req-d81e5305-9a2b-46c8-89e2-e03aa60e3e4a req-d81e5305-9a2b-46c8-89e2-e03aa60e3e4a ] Request (AttachInterfacesV270Test:tearDownClass): 200 PUT http://10.180.1.21:9696/networking/v2.0/routers/106673bf-d39e-4765-a353-ba96abc9a0b7/remove_router_interface 1.304s
2024-12-14 03:09:22.747 66495 INFO tempest.lib.common.rest_client [req-0ef9d17d-7b3f-4362-9a3a-10b779c9b2af req-0ef9d17d-7b3f-4362-9a3a-10b779c9b2af ] Request (ServersTestJSON:test_create_server_specify_multibyte_character_name): 200 GET http://10.180.1.21/compute/v2.1/servers/3d1735e1-4302-4891-9230-5fb564800cda 0.317s
2024-12-14 03:09:22.791 66537 INFO tempest.lib.common.rest_client [req-497f76ca-f4b2-4a7a-a866-f9fa74a1806d req-497f76ca-f4b2-4a7a-a866-f9fa74a1806d ] Request (ImagesOneServerTestJSON:setUpClass): 200 GET http://10.180.1.21/compute/v2.1/servers/7688e68b-a872-49b4-ab48-47866159eaa6 0.291s
2024-12-14 03:09:22.867 66539 INFO tempest.lib.common.rest_client [req-2f537bfc-729c-47ad-93ab-83a39a8ec4bd req-2f537bfc-729c-47ad-93ab-83a39a8ec4bd ] Request (ServersWithSpecificFlavorTestJSON:test_verify_created_server_ephemeral_disk): 200 GET http://10.180.1.21/compute/v2.1/servers/f80c9a28-923e-4943-bb8a-e9a73b4bb6c9 0.299s
2024-12-14 03:09:23.008 66521 INFO tempest.lib.common.rest_client [req-652e8905-b01a-4d51-b189-5d40c981da0a req-652e8905-b01a-4d51-b189-5d40c981da0a ] Request (ListImageFiltersTestJSON:setUpClass): 204 PUT http://10.180.1.21/image/v2/images/9c1d1061-a98a-4df8-8b78-884a9f1734ab/file 0.843s
2024-12-14 03:09:23.021 66493 INFO tempest.lib.common.rest_client [req-8a3b5955-f788-4a65-9286-aed8a5fa95fe req-8a3b5955-f788-4a65-9286-aed8a5fa95fe ] Request (ServersAdminTestJSON:test_inject_network_info): 202 POST http://10.180.1.21/compute/v2.1/servers/c33db3b7-9c39-42dc-ae25-7b1d0199b6d4/action 0.417s
2024-12-14 03:09:23.092 66519 INFO tempest.lib.common.rest_client [req-5e61afbd-0293-4ec0-bc3f-332893d3fe2c req-5e61afbd-0293-4ec0-bc3f-332893d3fe2c ] Request (ServersAaction247Test:test_create_backup): 200 GET http://10.180.1.21/compute/v2.1/servers/92b2109a-f7b1-41ea-8189-ab44b8606c09 0.462s
2024-12-14 03:09:23.100 66519 INFO tempest.common.waiters [-] State transition "BUILD/spawning" ==> "ACTIVE/None" after 74 second wait
2024-12-14 03:09:23.115 66531 INFO tempest.lib.common.rest_client [req-d11339a1-96e8-4fd1-b492-75bde9fa9ffb req-d11339a1-96e8-4fd1-b492-75bde9fa9ffb ] Request (ServersTestMultiNic:test_verify_duplicate_network_nics): 200 GET http://10.180.1.21/compute/v2.1/servers/4ed0a788-ff15-4aff-89d3-73deb1dbbc69 0.610s
2024-12-14 03:09:23.121 66531 INFO tempest.common.waiters [-] State transition "BUILD/networking" ==> "BUILD/block_device_mapping" after 72 second wait
2024-12-14 03:09:23.146 66529 INFO tempest.lib.common.rest_client [req-4090ffbb-8b20-4834-bd8c-1251f259bbfe req-4090ffbb-8b20-4834-bd8c-1251f259bbfe ] Request (AttachInterfacesUnderV243Test:test_add_remove_fixed_ip): 200 GET http://10.180.1.21/compute/v2.1/servers/0b21b2e2-3462-4388-99d5-6c7f35ba65c8/ips 0.420s
