2025-03-12 08:44:20.775 68632 INFO tempest.lib.common.rest_client [req-41be8ff0-8c00-41b9-9be8-769fc961eea5 req-41be8ff0-8c00-41b9-9be8-769fc961eea5 ] Request (AttachInterfacesUnderV243Test:setUpClass): 200 PUT http://10.180.1.21:9696/networking/v2.0/routers/a6f55456-0103-45bc-bdbd-62cc0d98683b/add_router_interface 1.711s
2025-03-12 08:44:20.775 68632 INFO tempest.lib.common.dynamic_creds [-] Created isolated network resources for: credentials: Credentials: {'domain_id': 'default', 'domain_name': 'Default', 'username': 'tempest-AttachInterfacesUnderV243Test-1887643830-project-member', 'project_domain_id': 'default', 'project_domain_name': 'Default', 'project_id': '07ddf058e7d043439c7088865e742b6e', 'project_name': 'tempest-AttachInterfacesUnderV243Test-1887643830', 'tenant_id': '07ddf058e7d043439c7088865e742b6e', 'tenant_name': 'tempest-AttachInterfacesUnderV243Test-1887643830', 'user_domain_id': 'default', 'user_domain_name': 'Default', 'user_id': '928096fa57e3440abd3055ed158f567b', 'system': None}, Network: {'id': '3fc23d4e-9eae-4394-a713-8c89e8907c63', 'name': 'tempest-AttachInterfacesUnderV243Test-1177180523-network', 'tenant_id': '07ddf058e7d043439c7088865e742b6e', 'admin_state_up': True, 'mtu': 8950, 'status': 'ACTIVE', 'subnets': [], 'shared': False, 'project_id': '07ddf058e7d043439c7088865e742b6e', 'port_security_enabled': True, 'router:external': False, 'provider:network_type': 'vlan', 'provider:physical_network': 'default', 'provider:segmentation_id': 257, 'availability_zone_hints': [], 'availability_zones': [], 'ipv4_address_scope': None, 'ipv6_address_scope': None, 'description': '', 'tags': [], 'created_at': '2025-03-12T08:44:17Z', 'updated_at': '2025-03-12T08:44:17Z', 'revision_number': 1}, Subnet: {'id': '5111b2f2-b5b1-42b4-9041-8556f08d520d', 'name': 'tempest-AttachInterfacesUnderV243Test-1177180523-subnet', 'tenant_id': '07ddf058e7d043439c7088865e742b6e', 'network_id': '3fc23d4e-9eae-4394-a713-8c89e8907c63', 'ip_version': 4, 'subnetpool_id': None, 'enable_dhcp': True, 'ipv6_ra_mode': None, 'ipv6_address_mode': None, 'gateway_ip': '192.168.128.1', 'cidr': '192.168.128.0/28', 'allocation_pools': [{'start': '192.168.128.2', 'end': '192.168.128.14'}], 'host_routes': [], 'dns_nameservers': [], 'description': '', 'router:external': False, 'service_types': [], 'tags': [], 'created_at': '2025-03-12T08:44:18Z', 'updated_at': '2025-03-12T08:44:18Z', 'revision_number': 0, 'project_id': '07ddf058e7d043439c7088865e742b6e'}, Router: {'id': 'a6f55456-0103-45bc-bdbd-62cc0d98683b', 'name': 'tempest-AttachInterfacesUnderV243Test-1177180523-router', 'tenant_id': '07ddf058e7d043439c7088865e742b6e', 'admin_state_up': True, 'status': 'ACTIVE', 'external_gateway_info': {'network_id': 'eb84b944-4c1b-4ac1-90ee-f408b6a03b61', 'external_fixed_ips': [{'subnet_id': '09ecae33-74ab-452e-8905-d5b88b130db1', 'ip_address': '10.180.180.192'}], 'enable_snat': True}, 'description': '', 'availability_zones': [], 'distributed': False, 'ha': False, 'availability_zone_hints': [], 'routes': [], 'flavor_id': None, 'tags': [], 'created_at': '2025-03-12T08:44:18Z', 'updated_at': '2025-03-12T08:44:18Z', 'revision_number': 2, 'project_id': '07ddf058e7d043439c7088865e742b6e'}
2025-03-12 08:44:20.809 68625 INFO tempest.lib.common.rest_client [req-93cc2c8e-c854-4c4f-9964-ba5c5a80a218 req-93cc2c8e-c854-4c4f-9964-ba5c5a80a218 ] Request (ServersV294TestFqdnHostnames:setUpClass): 201 POST http://10.180.1.21:9696/networking/v2.0/security-group-rules 0.294s
2025-03-12 08:44:20.864 68632 INFO tempest.lib.common.rest_client [req-2a22e552-204d-447f-9b6f-57e40b91b4f9 req-2a22e552-204d-447f-9b6f-57e40b91b4f9 ] Request (AttachInterfacesUnderV243Test:setUpClass): 201 POST http://10.180.1.21/identity/v3/auth/tokens 0.085s
2025-03-12 08:44:20.870 68629 INFO tempest.lib.common.rest_client [req-f7ea5ec0-866e-49e1-92e3-00ab0acbe58a req-f7ea5ec0-866e-49e1-92e3-00ab0acbe58a ] Request (ServersTestBootFromVolume:setUpClass): 200 GET http://10.180.1.21/volume/v3/volumes/b6edfa04-38f3-4e20-9c83-faca792e474a 0.042s
2025-03-12 08:44:20.917 68625 INFO tempest.lib.common.rest_client [req-80d749a8-ea7b-43f1-bfb1-489a13ab1183 req-80d749a8-ea7b-43f1-bfb1-489a13ab1183 ] Request (ServersV294TestFqdnHostnames:setUpClass): 201 POST http://10.180.1.21:9696/networking/v2.0/security-group-rules 0.107s
2025-03-12 08:44:20.976 68641 INFO tempest.lib.common.rest_client [req-13fa2255-0703-464e-a916-dbb9fe28f5eb req-13fa2255-0703-464e-a916-dbb9fe28f5eb ] Request (ImagesOneServerTestJSON:setUpClass): 200 GET http://10.180.1.21/compute/v2.1/servers/010e5bfc-814c-4bde-8a16-7c2009ee13b6 1.987s
2025-03-12 08:44:21.017 68652 INFO tempest.lib.common.rest_client [req-6f89ace4-0805-415f-a2c0-ed914f723091 req-6f89ace4-0805-415f-a2c0-ed914f723091 ] Request (ServersWithSpecificFlavorTestJSON:test_verify_created_server_ephemeral_disk): 200 PUT http://10.180.1.21:9696/networking/v2.0/floatingips/6b517c7d-b141-4051-bbdd-a3081c4c0c8f 1.532s
2025-03-12 08:44:21.043 68602 INFO tempest.lib.common.rest_client [req-40bce041-f03b-4184-aa04-0fb35a6570da req-40bce041-f03b-4184-aa04-0fb35a6570da ] Request (HypervisorAdminUnderV252Test:tearDownClass): 204 DELETE http://10.180.1.21:9696/networking/v2.0/security-groups/6aee9603-2aaa-4167-a2db-97b170f19292 0.333s
2025-03-12 08:44:21.082 68659 INFO tempest.lib.common.rest_client [req-b4e5093e-4f6b-485d-848f-3f08e0a699b7 req-b4e5093e-4f6b-485d-848f-3f08e0a699b7 ] Request (ServersTestMultiNic:test_verify_duplicate_network_nics): 200 GET http://10.180.1.21/compute/v2.1/servers/b40956fc-66f5-4bb6-8763-22465bb221bf 1.909s
2025-03-12 08:44:21.083 68604 INFO tempest.lib.common.rest_client [req-25d1063c-9244-4858-b1b7-091c396a0bc0 req-25d1063c-9244-4858-b1b7-091c396a0bc0 ] Request (FlavorsV2NegativeTest:tearDownClass): 200 GET http://10.180.1.21:9696/networking/v2.0/security-groups?tenant_id=380f37349df14689b46571ae43ac0fea&name=default 0.444s
2025-03-12 08:44:21.084 68655 INFO tempest.lib.common.rest_client [req-f46dbb37-cdc1-453d-b492-c39a8c7ee926 req-f46dbb37-cdc1-453d-b492-c39a8c7ee926 ] Request (ServerActionsTestOtherA:setUpClass): 200 GET http://10.180.1.21/compute/v2.1/servers/298d3bc2-1fad-481f-993b-8d0dc9ed1ed1 1.822s
2025-03-12 08:44:21.166 68614 INFO tempest.lib.common.rest_client [req-ff9c5a39-84bf-4a05-851a-2f0c9c413667 req-ff9c5a39-84bf-4a05-851a-2f0c9c413667 ] Request (VolumesAdminNegativeTest:test_update_attached_volume_with_nonexistent_volume_in_body): 200 GET http://10.180.1.21/compute/v2.1/servers/41d87520-2f40-4313-a14f-84688e979ac2 1.894s
2025-03-12 08:44:21.177 68602 INFO tempest.lib.common.rest_client [req-9051e263-be91-4789-ae27-356fa412d689 req-9051e263-be91-4789-ae27-356fa412d689 ] Request (HypervisorAdminUnderV252Test:tearDownClass): 204 DELETE http://10.180.1.21/identity/v3/projects/2895366948334a5da9e7ffb837f00fd9 0.134s
2025-03-12 08:44:21.236 68650 INFO tempest.lib.common.rest_client [req-796388df-6d05-46ac-bcf7-be7037ac7047 req-796388df-6d05-46ac-bcf7-be7037ac7047 ] Request (ServerExternalEventsTest:tearDownClass): 204 DELETE http://10.180.1.21/compute/v2.1/servers/4c99c929-9fda-42f0-9327-0508ad3e6150 1.929s
2025-03-12 08:44:21.263 68602 INFO tempest.lib.common.rest_client [req-8da0991c-11fa-4da3-9424-fc637238ba5c req-8da0991c-11fa-4da3-9424-fc637238ba5c ] Request (ServerDiskConfigTestJSON:setUpClass): 201 POST http://10.180.1.21/identity/v3/auth/tokens 0.084s
2025-03-12 08:44:21.279 68608 INFO tempest.lib.common.rest_client [req-181b1b73-3d1d-4e1b-8411-50b510a263bd req-181b1b73-3d1d-4e1b-8411-50b510a263bd ] Request (InstanceActionsNegativeTestJSON:tearDownClass): 204 DELETE http://10.180.1.21/compute/v2.1/servers/b869231a-5293-433f-ac7c-d50030368826 1.962s
2025-03-12 08:44:21.290 68604 INFO tempest.lib.common.rest_client [req-f5354129-4cd9-4fa6-88f7-db0b7f9e4eff req-f5354129-4cd9-4fa6-88f7-db0b7f9e4eff ] Request (FlavorsV2NegativeTest:tearDownClass): 204 DELETE http://10.180.1.21:9696/networking/v2.0/security-groups/26688b22-5003-465f-9f8a-eb833dad2b05 0.207s
2025-03-12 08:44:21.325 68642 INFO tempest.lib.common.rest_client [req-5c3b4491-265e-49d1-aaf2-2f03ce254f9c req-5c3b4491-265e-49d1-aaf2-2f03ce254f9c ] Request (ServersTestManualDisk:setUpClass): 200 GET http://10.180.1.21/compute/v2.1/servers/b1e2f4a1-a8a0-4c4f-8a09-e676e365b48e 1.990s
2025-03-12 08:44:21.326 68602 INFO tempest.lib.common.rest_client [req-7aaf6bde-64a6-442e-8dab-019bf27af92c req-7aaf6bde-64a6-442e-8dab-019bf27af92c ] Request (ServerDiskConfigTestJSON:setUpClass): 201 POST http://10.180.1.21/identity/v3/auth/tokens 0.055s
2025-03-12 08:44:21.355 68598 INFO tempest.lib.common.rest_client [req-bf3aeb20-e7cc-4bd3-bfcf-078172dbf5de req-bf3aeb20-e7cc-4bd3-bfcf-078172dbf5de ] Request (ServersAdminTestJSON:test_create_server_with_scheduling_hint): 200 GET http://10.180.1.21/compute/v2.1/servers/95f0aeaa-75ab-4fd9-b28d-e43703429167 2.014s
2025-03-12 08:44:21.391 68602 INFO tempest.lib.common.rest_client [req-d85ad372-45c1-4530-b5e9-207c387f36ff req-d85ad372-45c1-4530-b5e9-207c387f36ff ] Request (ServerDiskConfigTestJSON:setUpClass): 200 GET http://10.180.1.21/identity/v3/domains?name=Default 0.064s
2025-03-12 08:44:21.398 68604 INFO tempest.lib.common.rest_client [req-2fab9c4f-fd73-4e99-a58d-9f5d91f2a8a3 req-2fab9c4f-fd73-4e99-a58d-9f5d91f2a8a3 ] Request (FlavorsV2NegativeTest:tearDownClass): 204 DELETE http://10.180.1.21/identity/v3/projects/380f37349df14689b46571ae43ac0fea 0.107s
2025-03-12 08:44:21.425 68612 INFO tempest.lib.common.rest_client [req-7e0c576c-91e4-48c1-9021-74d3c8b63fb5 req-7e0c576c-91e4-48c1-9021-74d3c8b63fb5 ] Request (ServerPasswordTestJSON:setUpClass): 200 GET http://10.180.1.21/compute/v2.1/servers/9d4b56df-11d9-4d94-94f3-6c5e27ea85f4 1.796s
2025-03-12 08:44:21.494 68602 INFO tempest.lib.common.rest_client [req-5ac64fbc-b8d4-48e5-9046-27fcbfc4a392 req-5ac64fbc-b8d4-48e5-9046-27fcbfc4a392 ] Request (ServerDiskConfigTestJSON:setUpClass): 201 POST http://10.180.1.21/identity/v3/projects 0.102s
2025-03-12 08:44:21.513 68610 INFO tempest.lib.common.rest_client [req-1f1a04f8-42f4-46ca-9ffd-da0300a8672c req-1f1a04f8-42f4-46ca-9ffd-da0300a8672c ] Request (ServersNegativeTestMultiTenantJSON:setUpClass): 200 GET http://10.180.1.21/compute/v2.1/servers/6e947ed2-a6aa-42d4-b97e-31db33f6d5f9 1.531s
2025-03-12 08:44:21.556 68625 INFO tempest.lib.common.rest_client [req-5386b5d3-2adb-47a0-aeac-a5d6d79afa96 req-5386b5d3-2adb-47a0-aeac-a5d6d79afa96 ] Request (ServersV294TestFqdnHostnames:setUpClass): 201 POST http://10.180.1.21:9696/networking/v2.0/floatingips 0.638s
2025-03-12 08:44:21.575 68604 INFO tempest.lib.common.rest_client [req-5edef67e-105e-497c-9c89-a3e0f6ad6f59 req-5edef67e-105e-497c-9c89-a3e0f6ad6f59 ] Request (FloatingIPsAssociationTestJSON:setUpClass): 201 POST http://10.180.1.21/identity/v3/auth/tokens 0.175s
2025-03-12 08:44:21.589 68638 INFO tempest.lib.common.rest_client [req-f75968fb-8b86-46c2-93dd-3445b03fdc82 req-f75968fb-8b86-46c2-93dd-3445b03fdc82 ] Request (AbsoluteLimitsTestJSON:test_absLimits_get): 200 GET http://10.180.1.21/compute/v2.1/limits 2.063s
2025-03-12 08:44:21.618 68602 INFO tempest.lib.common.rest_client [req-a62158a1-3399-418a-92e3-ba6cc98407a1 req-a62158a1-3399-418a-92e3-ba6cc98407a1 ] Request (ServerDiskConfigTestJSON:setUpClass): 201 POST http://10.180.1.21/identity/v3/users 0.123s
2025-03-12 08:44:21.623 68626 INFO tempest.lib.common.rest_client [req-3232395e-f736-4eb0-8dbf-9ca8df2aee6c req-3232395e-f736-4eb0-8dbf-9ca8df2aee6c ] Request (QuotaClassesAdmin257Test:_run_cleanups): 200 PUT http://10.180.1.21/compute/v2.1/os-quota-class-sets/default 1.508s
2025-03-12 08:44:21.640 68625 INFO tempest.lib.common.rest_client [req-c728bed0-d357-4d73-8f44-5c2efcd636a5 req-c728bed0-d357-4d73-8f44-5c2efcd636a5 ] Request (ServersV294TestFqdnHostnames:setUpClass): 201 POST http://10.180.1.21/identity/v3/auth/tokens 0.081s
2025-03-12 08:44:21.641 68625 INFO tempest.lib.common.fixed_network [-] (ServersV294TestFqdnHostnames:setUpClass) Found network {'id': '7c818ed5-5313-4f1e-8806-0ff14d2daa10', 'name': 'tempest-ServersV294TestFqdnHostnames-1357119540-network', 'tenant_id': 'db718fbefd764ba09477778fefd4e34d', 'admin_state_up': True, 'mtu': 8950, 'status': 'ACTIVE', 'subnets': [], 'shared': False, 'project_id': 'db718fbefd764ba09477778fefd4e34d', 'port_security_enabled': True, 'router:external': False, 'provider:network_type': 'vlan', 'provider:physical_network': 'default', 'provider:segmentation_id': 337, 'availability_zone_hints': [], 'availability_zones': [], 'ipv4_address_scope': None, 'ipv6_address_scope': None, 'description': '', 'tags': [], 'created_at': '2025-03-12T08:44:13Z', 'updated_at': '2025-03-12T08:44:13Z', 'revision_number': 1} available for tenant
2025-03-12 08:44:21.645 68604 INFO tempest.lib.common.rest_client [req-aaa77640-00f4-4de9-84ac-c7eae666e6bc req-aaa77640-00f4-4de9-84ac-c7eae666e6bc ] Request (FloatingIPsAssociationTestJSON:setUpClass): 201 POST http://10.180.1.21/identity/v3/auth/tokens 0.068s
2025-03-12 08:44:21.666 68602 INFO tempest.lib.common.rest_client [req-70b53b81-0119-49e6-ac79-fd7e8eba6c50 req-70b53b81-0119-49e6-ac79-fd7e8eba6c50 ] Request (ServerDiskConfigTestJSON:setUpClass): 200 GET http://10.180.1.21/identity/v3/roles 0.048s
2025-03-12 08:44:21.717 68638 INFO tempest.lib.common.rest_client [req-8fc4d7b6-5d1b-4185-9f4b-0c1dc34cec44 req-8fc4d7b6-5d1b-4185-9f4b-0c1dc34cec44 ] Request (AbsoluteLimitsTestJSON:tearDownClass): 204 DELETE http://10.180.1.21/identity/v3/users/f221ccb4b58e439aba6048706b5555d7 0.121s
2025-03-12 08:44:21.717 68638 INFO tempest.lib.common.dynamic_creds [-] Deleting project and security group for project: 886ffc15e51d4f089c376ed65b8dd480
2025-03-12 08:44:21.722 68626 INFO tempest.lib.common.rest_client [req-9ca795da-9c74-4099-a347-0f048ed40349 req-9ca795da-9c74-4099-a347-0f048ed40349 ] Request (QuotaClassesAdmin257Test:tearDownClass): 204 DELETE http://10.180.1.21/identity/v3/users/1a44389d08d842c9b385531057deed2b 0.093s
2025-03-12 08:44:21.781 68604 INFO tempest.lib.common.rest_client [req-301f6e27-c61e-4616-a183-0dcfec630efa req-301f6e27-c61e-4616-a183-0dcfec630efa ] Request (FloatingIPsAssociationTestJSON:setUpClass): 200 GET http://10.180.1.21/identity/v3/domains?name=Default 0.135s
2025-03-12 08:44:21.786 68602 INFO tempest.lib.common.rest_client [req-0d8489b8-1bbf-4785-95f9-3ccee2a49ceb req-0d8489b8-1bbf-4785-95f9-3ccee2a49ceb ] Request (ServerDiskConfigTestJSON:setUpClass): 204 PUT http://10.180.1.21/identity/v3/projects/f947b60992d543c4b0bfee2553bfe357/users/655eae57bb1349c0a229c3b57f4d3446/roles/32693a8354b043ccb9aa746dc6177a01 0.119s
2025-03-12 08:44:21.789 68602 INFO tempest.lib.common.dynamic_creds [-] Dynamic test user 655eae57bb1349c0a229c3b57f4d3446 is created with scope project and roles: ['member']
2025-03-12 08:44:21.791 68602 INFO tempest.lib.common.dynamic_creds [-] Acquired dynamic creds: credentials: Credentials: {'domain_id': 'default', 'domain_name': 'Default', 'username': 'tempest-ServerDiskConfigTestJSON-901511608-project-member', 'project_domain_id': 'default', 'project_domain_name': 'Default', 'project_id': 'f947b60992d543c4b0bfee2553bfe357', 'project_name': 'tempest-ServerDiskConfigTestJSON-901511608', 'tenant_id': 'f947b60992d543c4b0bfee2553bfe357', 'tenant_name': 'tempest-ServerDiskConfigTestJSON-901511608', 'user_domain_id': 'default', 'user_domain_name': 'Default', 'user_id': '655eae57bb1349c0a229c3b57f4d3446', 'system': None}, Network: None, Subnet: None, Router: None
2025-03-12 08:44:21.850 68638 INFO tempest.lib.common.rest_client [req-9668b29d-9539-43f1-a38e-0a4a8d8e95cb req-9668b29d-9539-43f1-a38e-0a4a8d8e95cb ] Request (AbsoluteLimitsTestJSON:tearDownClass): 201 POST http://10.180.1.21/identity/v3/auth/tokens 0.132s
2025-03-12 08:44:21.873 68596 INFO tempest.lib.common.rest_client [req-1eeac746-fecf-4e1e-b928-1126e65c5307 req-1eeac746-fecf-4e1e-b928-1126e65c5307 ] Request (ImagesNegativeTestJSON:test_create_image_from_deleted_server): 200 GET http://10.180.1.21/compute/v2.1/servers/c9bda338-6c7d-4850-8f46-7cd916372ac9 1.775s
2025-03-12 08:44:21.890 68604 INFO tempest.lib.common.rest_client [req-90283ad8-fa68-4b1f-a6bc-48f58f609db1 req-90283ad8-fa68-4b1f-a6bc-48f58f609db1 ] Request (FloatingIPsAssociationTestJSON:setUpClass): 201 POST http://10.180.1.21/identity/v3/projects 0.109s
2025-03-12 08:44:21.905 68626 INFO tempest.lib.common.rest_client [req-d65233d8-dc29-47cb-9692-495f11302e90 req-d65233d8-dc29-47cb-9692-495f11302e90 ] Request (QuotaClassesAdmin257Test:tearDownClass): 204 DELETE http://10.180.1.21/identity/v3/users/751c1a6dec9f4646b4665441a147c702 0.182s
2025-03-12 08:44:21.905 68626 INFO tempest.lib.common.dynamic_creds [-] Deleting project and security group for project: 02d4a527a8c3433d96dc8c86d7e7854b
2025-03-12 08:44:21.913 68629 INFO tempest.lib.common.rest_client [req-b21e5f2c-ab3e-49bd-99ac-84a16a5098f1 req-b21e5f2c-ab3e-49bd-99ac-84a16a5098f1 ] Request (ServersTestBootFromVolume:setUpClass): 200 GET http://10.180.1.21/volume/v3/volumes/b6edfa04-38f3-4e20-9c83-faca792e474a 0.035s
2025-03-12 08:44:21.958 68602 INFO tempest.lib.common.rest_client [req-ab54a935-55e3-44cc-928a-ead403e85111 req-ab54a935-55e3-44cc-928a-ead403e85111 ] Request (ServerDiskConfigTestJSON:setUpClass): 201 POST http://10.180.1.21/identity/v3/auth/tokens 0.166s
2025-03-12 08:44:21.961 68618 INFO tempest.lib.common.rest_client [req-907f1916-1214-4743-bf4c-5cf4626dbd37 req-907f1916-1214-4743-bf4c-5cf4626dbd37 ] Request (AttachInterfacesV270Test:test_create_get_list_interfaces): 200 GET http://10.180.1.21/compute/v2.1/servers/deea2dea-1860-45a0-9637-ced09bb51b81 1.495s
2025-03-12 08:44:21.965 68657 INFO tempest.lib.common.rest_client [req-02a8ef0e-8e3f-4ec6-8904-11257d38c249 req-02a8ef0e-8e3f-4ec6-8904-11257d38c249 ] Request (MigrationsAdminTest:test_list_migrations_in_flavor_resize_situation): 200 GET http://10.180.1.21/compute/v2.1/servers/6f461623-93a7-4cb9-9ae6-a9fe15c3d7d1 1.803s
2025-03-12 08:44:21.988 68604 INFO tempest.lib.common.rest_client [req-a36d1d88-6649-4b67-97ad-e7d7dff7e572 req-a36d1d88-6649-4b67-97ad-e7d7dff7e572 ] Request (FloatingIPsAssociationTestJSON:setUpClass): 201 POST http://10.180.1.21/identity/v3/users 0.097s
2025-03-12 08:44:22.017 68626 INFO tempest.lib.common.rest_client [req-3f1055d3-c1bf-40e4-844e-f59227399973 req-3f1055d3-c1bf-40e4-844e-f59227399973 ] Request (QuotaClassesAdmin257Test:tearDownClass): 201 POST http://10.180.1.21/identity/v3/auth/tokens 0.112s
2025-03-12 08:44:22.031 68604 INFO tempest.lib.common.rest_client [req-9a966d9d-e20b-4fbd-9b6e-4d0121548455 req-9a966d9d-e20b-4fbd-9b6e-4d0121548455 ] Request (FloatingIPsAssociationTestJSON:setUpClass): 200 GET http://10.180.1.21/identity/v3/roles 0.043s
2025-03-12 08:44:22.048 68636 INFO tempest.lib.common.rest_client [req-cac7c5fa-f3be-471e-8a1d-c893ef51f22e req-cac7c5fa-f3be-471e-8a1d-c893ef51f22e ] Request (DeleteServersAdminTestJSON:test_delete_server_while_in_error_state): 200 GET http://10.180.1.21/compute/v2.1/servers/11c439ab-e27c-43e6-b752-c90af5f84bc1 1.451s
2025-03-12 08:44:22.049 68606 INFO tempest.lib.common.rest_client [req-25f67758-fb64-453b-9501-def954ff1b73 req-25f67758-fb64-453b-9501-def954ff1b73 ] Request (ServersTestFqdnHostnames:test_create_server_with_fqdn_name): 200 GET http://10.180.1.21/compute/v2.1/servers/336b7399-b64e-411f-99bc-ba0d292e371a 1.485s
2025-03-12 08:44:22.067 68630 INFO tempest.lib.common.rest_client [req-5e1712c1-52c3-4b6d-8a05-9dd95a00ca62 req-5e1712c1-52c3-4b6d-8a05-9dd95a00ca62 ] Request (FlavorsAdminTestJSON:test_is_public_string_variations): 200 GET http://10.180.1.21/compute/v2.1/flavors/detail?is_public=false 1.395s
2025-03-12 08:44:22.068 68604 INFO tempest.lib.common.rest_client [req-6e3a45c8-8427-47f0-8ca3-65506f767d88 req-6e3a45c8-8427-47f0-8ca3-65506f767d88 ] Request (FloatingIPsAssociationTestJSON:setUpClass): 204 PUT http://10.180.1.21/identity/v3/projects/fadbbd31a4314d12a378689150d3a24d/users/e35ee3c842384e36a91fb335dd81e98a/roles/32693a8354b043ccb9aa746dc6177a01 0.036s
2025-03-12 08:44:22.068 68604 INFO tempest.lib.common.dynamic_creds [-] Dynamic test user e35ee3c842384e36a91fb335dd81e98a is created with scope project and roles: ['member']
2025-03-12 08:44:22.068 68604 INFO tempest.lib.common.dynamic_creds [-] Acquired dynamic creds: credentials: Credentials: {'domain_id': 'default', 'domain_name': 'Default', 'username': 'tempest-FloatingIPsAssociationTestJSON-795807758-project-member', 'project_domain_id': 'default', 'project_domain_name': 'Default', 'project_id': 'fadbbd31a4314d12a378689150d3a24d', 'project_name': 'tempest-FloatingIPsAssociationTestJSON-795807758', 'tenant_id': 'fadbbd31a4314d12a378689150d3a24d', 'tenant_name': 'tempest-FloatingIPsAssociationTestJSON-795807758', 'user_domain_id': 'default', 'user_domain_name': 'Default', 'user_id': 'e35ee3c842384e36a91fb335dd81e98a', 'system': None}, Network: None, Subnet: None, Router: None
2025-03-12 08:44:22.144 68616 INFO tempest.lib.common.rest_client [req-bd83566d-5aaa-46c4-bd80-4b100e291d9e req-bd83566d-5aaa-46c4-bd80-4b100e291d9e ] Request (ImagesTestJSON:test_create_image_from_stopped_server): 200 GET http://10.180.1.21/compute/v2.1/servers/92786813-f4ab-4ff7-8597-aa1aa90eeb01 1.447s
2025-03-12 08:44:22.154 68604 INFO tempest.lib.common.rest_client [req-ac0e8cd7-a2ca-4a9f-9398-6ccc19f73687 req-ac0e8cd7-a2ca-4a9f-9398-6ccc19f73687 ] Request (FloatingIPsAssociationTestJSON:setUpClass): 201 POST http://10.180.1.21/identity/v3/auth/tokens 0.086s
2025-03-12 08:44:22.154 68622 INFO tempest.lib.common.rest_client [req-43fff3f7-46dc-49f7-8ed4-89477b3ea33b req-43fff3f7-46dc-49f7-8ed4-89477b3ea33b ] Request (ServerDiagnosticsV248Test:tearDownClass): 204 DELETE http://10.180.1.21/compute/v2.1/servers/239d0522-5101-49e0-8d3b-85b54927cd21 1.502s
2025-03-12 08:44:22.203 68620 INFO tempest.lib.common.rest_client [req-7db54146-8168-4c87-8013-59cb2bef998b req-7db54146-8168-4c87-8013-59cb2bef998b ] Request (SecurityGroupsTestJSON:test_security_group_create_get_delete): 200 GET http://10.180.1.21/compute/v2.1/os-security-groups/931a418c-c896-459a-a2ce-f684a75aba10 1.490s
2025-03-12 08:44:22.272 68638 INFO tempest.lib.common.rest_client [req-fb378085-8b30-4440-b757-f9da84362232 req-fb378085-8b30-4440-b757-f9da84362232 ] Request (AbsoluteLimitsTestJSON:tearDownClass): 200 GET http://10.180.1.21:9696/networking/v2.0/security-groups?tenant_id=886ffc15e51d4f089c376ed65b8dd480&name=default 0.422s
2025-03-12 08:44:22.282 68600 INFO tempest.lib.common.rest_client [req-dcefb88f-9e03-4e34-94c1-fdb76c52ee08 req-dcefb88f-9e03-4e34-94c1-fdb76c52ee08 ] Request (ServerRescueTestJSONUnderV235:setUpClass): 200 GET http://10.180.1.21/compute/v2.1/servers/61392426-52b8-437e-ab3d-122d9335cd36 1.565s
2025-03-12 08:44:22.317 68626 INFO tempest.lib.common.rest_client [req-e8395589-9342-4d4b-b95a-331edad1026b req-e8395589-9342-4d4b-b95a-331edad1026b ] Request (QuotaClassesAdmin257Test:tearDownClass): 200 GET http://10.180.1.21:9696/networking/v2.0/security-groups?tenant_id=02d4a527a8c3433d96dc8c86d7e7854b&name=default 0.299s
2025-03-12 08:44:22.387 68634 INFO tempest.lib.common.rest_client [req-ea783246-2645-49e7-a9c3-f63ea9b0ca05 req-ea783246-2645-49e7-a9c3-f63ea9b0ca05 ] Request (AttachVolumeShelveTestJSON:test_attach_volume_shelved_or_offload_server): 200 GET http://10.180.1.21/compute/v2.1/servers/eccc5882-2c8b-456d-bbd2-d9ed22777a77 1.593s
2025-03-12 08:44:22.462 68602 INFO tempest.lib.common.rest_client [req-f87c3769-647e-422b-b9de-c2916a65ae4f req-f87c3769-647e-422b-b9de-c2916a65ae4f ] Request (ServerDiskConfigTestJSON:setUpClass): 201 POST http://10.180.1.21:9696/networking/v2.0/networks 0.504s
2025-03-12 08:44:22.480 68626 INFO tempest.lib.common.rest_client [req-3acd346f-f5a8-4453-8bb1-a35670baa413 req-3acd346f-f5a8-4453-8bb1-a35670baa413 ] Request (QuotaClassesAdmin257Test:tearDownClass): 204 DELETE http://10.180.1.21:9696/networking/v2.0/security-groups/93277adf-25f0-4695-85f9-95f7a77b4f8c 0.163s
2025-03-12 08:44:22.490 68646 INFO tempest.lib.common.rest_client [req-a00a6ad2-1742-47bb-98c1-1705618c3191 req-a00a6ad2-1742-47bb-98c1-1705618c3191 ] Request (AggregatesAdminNegativeTestJSON:test_aggregate_remove_host_as_user): 200 POST http://10.180.1.21/compute/v2.1/os-aggregates/7/action 1.785s
2025-03-12 08:44:22.511 68644 INFO tempest.lib.common.rest_client [req-69a43743-7e04-4c43-9d65-ed0e26503b79 req-69a43743-7e04-4c43-9d65-ed0e26503b79 ] Request (ImagesOneServerNegativeTestJSON:setUpClass): 200 GET http://10.180.1.21/compute/v2.1/servers/bf4e6484-d17d-4244-9163-1ef0012874b8 1.705s
2025-03-12 08:44:22.576 68626 INFO tempest.lib.common.rest_client [req-54887a08-8e46-48e8-a530-5658a4b1ebd3 req-54887a08-8e46-48e8-a530-5658a4b1ebd3 ] Request (QuotaClassesAdmin257Test:tearDownClass): 204 DELETE http://10.180.1.21/identity/v3/projects/02d4a527a8c3433d96dc8c86d7e7854b 0.096s
2025-03-12 08:44:22.577 68626 INFO tempest.lib.common.dynamic_creds [-] Deleting project and security group for project: 8fd20cd377444e15bc8874b8e0476629
2025-03-12 08:44:22.620 68632 INFO tempest.lib.common.rest_client [req-d91e9da5-bb87-49a5-9b4a-e431a8939e2d req-d91e9da5-bb87-49a5-9b4a-e431a8939e2d ] Request (ValidationResourcesFixture:setUp): 200 POST http://10.180.1.21/compute/v2.1/os-keypairs 1.754s
2025-03-12 08:44:22.691 68638 INFO tempest.lib.common.rest_client [req-de5b630f-122e-40c1-8447-f86ccc3c504a req-de5b630f-122e-40c1-8447-f86ccc3c504a ] Request (AbsoluteLimitsTestJSON:tearDownClass): 204 DELETE http://10.180.1.21:9696/networking/v2.0/security-groups/1de45b80-1fbc-401f-abc7-733bb8fed085 0.419s
2025-03-12 08:44:22.776 68626 INFO tempest.lib.common.rest_client [req-0334f55f-2b7d-47bd-be78-474450f6e0e8 req-0334f55f-2b7d-47bd-be78-474450f6e0e8 ] Request (QuotaClassesAdmin257Test:tearDownClass): 200 GET http://10.180.1.21:9696/networking/v2.0/security-groups?tenant_id=8fd20cd377444e15bc8874b8e0476629&name=default 0.199s
2025-03-12 08:44:22.795 68638 INFO tempest.lib.common.rest_client [req-63db9838-22ef-41c0-b383-8316fb824b38 req-63db9838-22ef-41c0-b383-8316fb824b38 ] Request (AbsoluteLimitsTestJSON:tearDownClass): 204 DELETE http://10.180.1.21/identity/v3/projects/886ffc15e51d4f089c376ed65b8dd480 0.103s
2025-03-12 08:44:22.799 68652 INFO tempest.lib.common.rest_client [req-f7e14a00-f051-463f-b808-9167a80f7c1f req-f7e14a00-f051-463f-b808-9167a80f7c1f ] Request (ServersWithSpecificFlavorTestJSON:test_verify_created_server_ephemeral_disk): 200 GET http://10.180.1.21/compute/v2.1/servers/65c3761e-c236-41a9-9adb-d1a6e7a9a7c7 1.779s
2025-03-12 08:44:22.808 68652 INFO tempest.lib.common.ssh [-] Creating ssh connection to '10.180.180.232:22' as 'cirros' with public key authentication
2025-03-12 08:44:22.833 68602 INFO tempest.lib.common.rest_client [req-63bfbf6d-6592-4dcf-8bfe-726970df8a98 req-63bfbf6d-6592-4dcf-8bfe-726970df8a98 ] Request (ServerDiskConfigTestJSON:setUpClass): 201 POST http://10.180.1.21:9696/networking/v2.0/subnets 0.370s
2025-03-12 08:44:22.843 68632 INFO tempest.lib.common.rest_client [req-9b2098d7-e7e8-46ea-86db-82c1c5500392 req-9b2098d7-e7e8-46ea-86db-82c1c5500392 ] Request (ValidationResourcesFixture:setUp): 201 POST http://10.180.1.21:9696/networking/v2.0/security-groups 0.221s
2025-03-12 08:44:22.873 68638 INFO tempest.lib.common.rest_client [req-dca65b0a-a604-4253-9844-7885050a55cb req-dca65b0a-a604-4253-9844-7885050a55cb ] Request (ServerRescueTestJSON:setUpClass): 201 POST http://10.180.1.21/identity/v3/auth/tokens 0.077s
2025-03-12 08:44:22.889 68650 INFO tempest.lib.common.rest_client [req-0602ee5f-cca8-48de-a46c-abff4c887f2c req-0602ee5f-cca8-48de-a46c-abff4c887f2c ] Request (ServerExternalEventsTest:tearDownClass): 200 GET http://10.180.1.21/compute/v2.1/servers/4c99c929-9fda-42f0-9327-0508ad3e6150 1.653s
2025-03-12 08:44:22.910 68638 INFO tempest.lib.common.rest_client [req-3d048c89-1097-4bff-81bd-80494df6e03d req-3d048c89-1097-4bff-81bd-80494df6e03d ] Request (ServerRescueTestJSON:setUpClass): 201 POST http://10.180.1.21/identity/v3/auth/tokens 0.034s
2025-03-12 08:44:22.921 68626 INFO tempest.lib.common.rest_client [req-62a3057f-44f9-4b3c-a342-3ed735fb44e6 req-62a3057f-44f9-4b3c-a342-3ed735fb44e6 ] Request (QuotaClassesAdmin257Test:tearDownClass): 204 DELETE http://10.180.1.21:9696/networking/v2.0/security-groups/891d1806-2420-4031-bb61-36b205d60a77 0.144s
2025-03-12 08:44:22.944 68638 INFO tempest.lib.common.rest_client [req-d53e7f4d-e8c7-411f-aba9-f07301aa228a req-d53e7f4d-e8c7-411f-aba9-f07301aa228a ] Request (ServerRescueTestJSON:setUpClass): 200 GET http://10.180.1.21/identity/v3/domains?name=Default 0.033s
2025-03-12 08:44:22.966 68629 INFO tempest.lib.common.rest_client [req-30ffa4b3-3de4-4e75-8b68-9a55e337697f req-30ffa4b3-3de4-4e75-8b68-9a55e337697f ] Request (ServersTestBootFromVolume:setUpClass): 200 GET http://10.180.1.21/volume/v3/volumes/b6edfa04-38f3-4e20-9c83-faca792e474a 0.043s
2025-03-12 08:44:22.967 68632 INFO tempest.lib.common.rest_client [req-eeacd24b-3a09-4816-b3e4-643db522fa0c req-eeacd24b-3a09-4816-b3e4-643db522fa0c ] Request (ValidationResourcesFixture:setUp): 201 POST http://10.180.1.21:9696/networking/v2.0/security-group-rules 0.124s
2025-03-12 08:44:22.985 68638 INFO tempest.lib.common.rest_client [req-dfa555ff-fffb-4a64-bb3c-6fcfbf0bc96e req-dfa555ff-fffb-4a64-bb3c-6fcfbf0bc96e ] Request (ServerRescueTestJSON:setUpClass): 201 POST http://10.180.1.21/identity/v3/projects 0.040s
2025-03-12 08:44:23.001 68604 INFO tempest.lib.common.rest_client [req-3151471e-f9a1-4aeb-b345-315b481996d4 req-3151471e-f9a1-4aeb-b345-315b481996d4 ] Request (FloatingIPsAssociationTestJSON:setUpClass): 201 POST http://10.180.1.21:9696/networking/v2.0/networks 0.846s
2025-03-12 08:44:23.024 68626 INFO tempest.lib.common.rest_client [req-b357c57b-c0e7-4f36-abf3-899f8a8d4f82 req-b357c57b-c0e7-4f36-abf3-899f8a8d4f82 ] Request (QuotaClassesAdmin257Test:tearDownClass): 204 DELETE http://10.180.1.21/identity/v3/projects/8fd20cd377444e15bc8874b8e0476629 0.103s
2025-03-12 08:44:23.055 68632 INFO tempest.lib.common.rest_client [req-cf12666f-bb32-4425-96e2-2789d4df7ce0 req-cf12666f-bb32-4425-96e2-2789d4df7ce0 ] Request (ValidationResourcesFixture:setUp): 201 POST http://10.180.1.21:9696/networking/v2.0/security-group-rules 0.087s
2025-03-12 08:44:23.091 68626 INFO tempest.lib.common.rest_client [req-d0a5ef6e-7084-4cb6-b1f5-1085cb5efd2a req-d0a5ef6e-7084-4cb6-b1f5-1085cb5efd2a ] Request (FloatingIPsAssociationNegativeTestJSON:setUpClass): 201 POST http://10.180.1.21/identity/v3/auth/tokens 0.065s
2025-03-12 08:44:23.099 68638 INFO tempest.lib.common.rest_client [req-ac7ba85b-2afa-4663-8882-a5e3239925b8 req-ac7ba85b-2afa-4663-8882-a5e3239925b8 ] Request (ServerRescueTestJSON:setUpClass): 201 POST http://10.180.1.21/identity/v3/users 0.113s
2025-03-12 08:44:23.125 68626 INFO tempest.lib.common.rest_client [req-6e9c5405-725d-4edf-bece-4fa8298c49ae req-6e9c5405-725d-4edf-bece-4fa8298c49ae ] Request (FloatingIPsAssociationNegativeTestJSON:setUpClass): 201 POST http://10.180.1.21/identity/v3/auth/tokens 0.031s
2025-03-12 08:44:23.129 68638 INFO tempest.lib.common.rest_client [req-393f8406-3861-40e9-b5ea-dbb271d18608 req-393f8406-3861-40e9-b5ea-dbb271d18608 ] Request (ServerRescueTestJSON:setUpClass): 200 GET http://10.180.1.21/identity/v3/roles 0.030s
2025-03-12 08:44:23.150 68626 INFO tempest.lib.common.rest_client [req-cbfaf558-e2ed-4437-adc2-4a7e07f95b39 req-cbfaf558-e2ed-4437-adc2-4a7e07f95b39 ] Request (FloatingIPsAssociationNegativeTestJSON:setUpClass): 200 GET http://10.180.1.21/identity/v3/domains?name=Default 0.024s
2025-03-12 08:44:23.160 68638 INFO tempest.lib.common.rest_client [req-5895ad10-95f9-4447-99e3-b9331ca00459 req-5895ad10-95f9-4447-99e3-b9331ca00459 ] Request (ServerRescueTestJSON:setUpClass): 204 PUT http://10.180.1.21/identity/v3/projects/9fd4e00dfba449c5800a22fc37f2c40b/users/0a7de63f07f24606ba4927a66d544923/roles/32693a8354b043ccb9aa746dc6177a01 0.030s
2025-03-12 08:44:23.161 68638 INFO tempest.lib.common.dynamic_creds [-] Dynamic test user 0a7de63f07f24606ba4927a66d544923 is created with scope project and roles: ['member']
2025-03-12 08:44:23.161 68638 INFO tempest.lib.common.dynamic_creds [-] Acquired dynamic creds: credentials: Credentials: {'domain_id': 'default', 'domain_name': 'Default', 'username': 'tempest-ServerRescueTestJSON-667711174-project-member', 'project_domain_id': 'default', 'project_domain_name': 'Default', 'project_id': '9fd4e00dfba449c5800a22fc37f2c40b', 'project_name': 'tempest-ServerRescueTestJSON-667711174', 'tenant_id': '9fd4e00dfba449c5800a22fc37f2c40b', 'tenant_name': 'tempest-ServerRescueTestJSON-667711174', 'user_domain_id': 'default', 'user_domain_name': 'Default', 'user_id': '0a7de63f07f24606ba4927a66d544923', 'system': None}, Network: None, Subnet: None, Router: None
2025-03-12 08:44:23.216 68608 INFO tempest.lib.common.rest_client [req-c126b9c6-3b96-41b9-b3ba-09d3ed158308 req-c126b9c6-3b96-41b9-b3ba-09d3ed158308 ] Request (InstanceActionsNegativeTestJSON:tearDownClass): 200 GET http://10.180.1.21/compute/v2.1/servers/b869231a-5293-433f-ac7c-d50030368826 1.937s
2025-03-12 08:44:23.217 68626 INFO tempest.lib.common.rest_client [req-0cca6554-eb38-453d-b26d-d5fcf90c4697 req-0cca6554-eb38-453d-b26d-d5fcf90c4697 ] Request (FloatingIPsAssociationNegativeTestJSON:setUpClass): 201 POST http://10.180.1.21/identity/v3/projects 0.066s
2025-03-12 08:44:23.232 68638 INFO tempest.lib.common.rest_client [req-c940a4aa-c11a-4dbf-b786-430e771434c7 req-c940a4aa-c11a-4dbf-b786-430e771434c7 ] Request (ServerRescueTestJSON:setUpClass): 201 POST http://10.180.1.21/identity/v3/auth/tokens 0.070s
2025-03-12 08:44:23.285 68626 INFO tempest.lib.common.rest_client [req-f806544a-d8dc-46e9-bcd6-aa5c0686f474 req-f806544a-d8dc-46e9-bcd6-aa5c0686f474 ] Request (FloatingIPsAssociationNegativeTestJSON:setUpClass): 201 POST http://10.180.1.21/identity/v3/users 0.067s
2025-03-12 08:44:23.305 68626 INFO tempest.lib.common.rest_client [req-4aa69bbd-0a44-43ad-a4b4-09f026bbdb37 req-4aa69bbd-0a44-43ad-a4b4-09f026bbdb37 ] Request (FloatingIPsAssociationNegativeTestJSON:setUpClass): 200 GET http://10.180.1.21/identity/v3/roles 0.020s
2025-03-12 08:44:23.339 68626 INFO tempest.lib.common.rest_client [req-739d0580-f867-48b5-9234-2ca2e4fb9a5c req-739d0580-f867-48b5-9234-2ca2e4fb9a5c ] Request (FloatingIPsAssociationNegativeTestJSON:setUpClass): 204 PUT http://10.180.1.21/identity/v3/projects/144a0c8fec0d452fa465a921e9128d37/users/6033843a67f742c59b63c9e972e5b456/roles/32693a8354b043ccb9aa746dc6177a01 0.034s
2025-03-12 08:44:23.340 68626 INFO tempest.lib.common.dynamic_creds [-] Dynamic test user 6033843a67f742c59b63c9e972e5b456 is created with scope project and roles: ['member']
2025-03-12 08:44:23.340 68626 INFO tempest.lib.common.dynamic_creds [-] Acquired dynamic creds: credentials: Credentials: {'domain_id': 'default', 'domain_name': 'Default', 'username': 'tempest-FloatingIPsAssociationNegativeTestJSON-1615489333-project-member', 'project_domain_id': 'default', 'project_domain_name': 'Default', 'project_id': '144a0c8fec0d452fa465a921e9128d37', 'project_name': 'tempest-FloatingIPsAssociationNegativeTestJSON-1615489333', 'tenant_id': '144a0c8fec0d452fa465a921e9128d37', 'tenant_name': 'tempest-FloatingIPsAssociationNegativeTestJSON-1615489333', 'user_domain_id': 'default', 'user_domain_name': 'Default', 'user_id': '6033843a67f742c59b63c9e972e5b456', 'system': None}, Network: None, Subnet: None, Router: None
2025-03-12 08:44:23.403 68626 INFO tempest.lib.common.rest_client [req-5356a118-09d9-4605-a854-1504e9616c4d req-5356a118-09d9-4605-a854-1504e9616c4d ] Request (FloatingIPsAssociationNegativeTestJSON:setUpClass): 201 POST http://10.180.1.21/identity/v3/auth/tokens 0.062s
2025-03-12 08:44:23.879 68641 INFO tempest.lib.common.rest_client [req-140e4e7c-fc11-4b77-831d-8b570d5192fa req-140e4e7c-fc11-4b77-831d-8b570d5192fa ] Request (ImagesOneServerTestJSON:setUpClass): 200 GET http://10.180.1.21/compute/v2.1/servers/010e5bfc-814c-4bde-8a16-7c2009ee13b6 1.892s
2025-03-12 08:44:23.907 68630 INFO tempest.lib.common.rest_client [req-f0595ae5-1cd7-4918-80c8-a29fadd62505 req-f0595ae5-1cd7-4918-80c8-a29fadd62505 ] Request (FlavorsAdminTestJSON:test_is_public_string_variations): 200 GET http://10.180.1.21/compute/v2.1/flavors/detail?is_public=no 1.837s
2025-03-12 08:44:24.011 68629 INFO tempest.lib.common.rest_client [req-296790d6-7ea9-420b-a3a1-01a30d15fb5a req-296790d6-7ea9-420b-a3a1-01a30d15fb5a ] Request (ServersTestBootFromVolume:setUpClass): 200 GET http://10.180.1.21/volume/v3/volumes/b6edfa04-38f3-4e20-9c83-faca792e474a 0.036s
2025-03-12 08:44:24.111 68632 INFO tempest.lib.common.rest_client [req-68abee48-fe12-4010-ae74-a3daec4d59ba req-68abee48-fe12-4010-ae74-a3daec4d59ba ] Request (ValidationResourcesFixture:setUp): 201 POST http://10.180.1.21:9696/networking/v2.0/floatingips 1.055s
2025-03-12 08:44:24.200 68632 INFO tempest.lib.common.rest_client [req-34bbeb62-2fdf-4d4a-bf63-f8581b33ba0e req-34bbeb62-2fdf-4d4a-bf63-f8581b33ba0e ] Request (AttachInterfacesUnderV243Test:test_add_remove_fixed_ip): 201 POST http://10.180.1.21/identity/v3/auth/tokens 0.085s
2025-03-12 08:44:24.201 68632 INFO tempest.lib.common.fixed_network [-] (AttachInterfacesUnderV243Test:test_add_remove_fixed_ip) Found network {'id': '3fc23d4e-9eae-4394-a713-8c89e8907c63', 'name': 'tempest-AttachInterfacesUnderV243Test-1177180523-network', 'tenant_id': '07ddf058e7d043439c7088865e742b6e', 'admin_state_up': True, 'mtu': 8950, 'status': 'ACTIVE', 'subnets': [], 'shared': False, 'project_id': '07ddf058e7d043439c7088865e742b6e', 'port_security_enabled': True, 'router:external': False, 'provider:network_type': 'vlan', 'provider:physical_network': 'default', 'provider:segmentation_id': 257, 'availability_zone_hints': [], 'availability_zones': [], 'ipv4_address_scope': None, 'ipv6_address_scope': None, 'description': '', 'tags': [], 'created_at': '2025-03-12T08:44:17Z', 'updated_at': '2025-03-12T08:44:17Z', 'revision_number': 1} available for tenant
2025-03-12 08:44:24.241 68655 INFO tempest.lib.common.rest_client [req-e60dfaa7-8da1-44cc-9a0d-7c49455f5953 req-e60dfaa7-8da1-44cc-9a0d-7c49455f5953 ] Request (ServerActionsTestOtherA:setUpClass): 200 GET http://10.180.1.21/compute/v2.1/servers/298d3bc2-1fad-481f-993b-8d0dc9ed1ed1 2.144s
2025-03-12 08:44:24.256 68638 INFO tempest.lib.common.rest_client [req-cc0abbb6-5768-4bdf-8394-8890f0f1720c req-cc0abbb6-5768-4bdf-8394-8890f0f1720c ] Request (ServerRescueTestJSON:setUpClass): 201 POST http://10.180.1.21:9696/networking/v2.0/networks 1.024s
2025-03-12 08:44:24.331 68604 INFO tempest.lib.common.rest_client [req-a708dad9-d10d-4f87-ab78-b48935e4c9e1 req-a708dad9-d10d-4f87-ab78-b48935e4c9e1 ] Request (FloatingIPsAssociationTestJSON:setUpClass): 201 POST http://10.180.1.21:9696/networking/v2.0/subnets 1.330s
2025-03-12 08:44:24.426 68648 WARNING tempest.lib.common.ssh [-] Failed to establish authenticated ssh connection to cirros@10.180.180.222 ([Errno None] Unable to connect to port 22 on 10.180.180.222). Number attempts: 1. Retry after 2 seconds.: paramiko.ssh_exception.NoValidConnectionsError: [Errno None] Unable to connect to port 22 on 10.180.180.222
2025-03-12 08:44:24.505 68625 INFO tempest.lib.common.rest_client [req-ed35af25-f670-4527-a65b-566571906a81 req-ed35af25-f670-4527-a65b-566571906a81 ] Request (ServersV294TestFqdnHostnames:setUpClass): 202 POST http://10.180.1.21/compute/v2.1/servers 2.863s
2025-03-12 08:44:24.507 68626 INFO tempest.lib.common.rest_client [req-b39ec111-d3fd-45c7-9875-f8fd9db9bae1 req-b39ec111-d3fd-45c7-9875-f8fd9db9bae1 ] Request (FloatingIPsAssociationNegativeTestJSON:setUpClass): 201 POST http://10.180.1.21:9696/networking/v2.0/networks 1.104s
2025-03-12 08:44:24.626 68622 INFO tempest.lib.common.rest_client [req-30da9621-f62c-4143-9233-b29a36f804c4 req-30da9621-f62c-4143-9233-b29a36f804c4 ] Request (ServerDiagnosticsV248Test:tearDownClass): 200 GET http://10.180.1.21/compute/v2.1/servers/239d0522-5101-49e0-8d3b-85b54927cd21 2.471s
2025-03-12 08:44:24.664 68659 INFO tempest.lib.common.rest_client [req-a9bfa335-5a50-42c6-8f6f-10285527aac0 req-a9bfa335-5a50-42c6-8f6f-10285527aac0 ] Request (ServersTestMultiNic:test_verify_duplicate_network_nics): 200 GET http://10.180.1.21/compute/v2.1/servers/b40956fc-66f5-4bb6-8763-22465bb221bf 2.566s
2025-03-12 08:44:24.748 68614 INFO tempest.lib.common.rest_client [req-518f1db9-8322-4c46-9d02-29df3ca20fd9 req-518f1db9-8322-4c46-9d02-29df3ca20fd9 ] Request (VolumesAdminNegativeTest:test_update_attached_volume_with_nonexistent_volume_in_body): 200 GET http://10.180.1.21/compute/v2.1/servers/41d87520-2f40-4313-a14f-84688e979ac2 2.572s
2025-03-12 08:44:24.761 68614 INFO tempest.common.waiters [-] State transition "BUILD/None" ==> "ERROR/None" after 22 second wait
2025-03-12 08:44:24.833 68642 INFO tempest.lib.common.rest_client [req-e1536eb5-85f8-424f-85ff-feed1a6ffd4b req-e1536eb5-85f8-424f-85ff-feed1a6ffd4b ] Request (ServersTestManualDisk:setUpClass): 200 GET http://10.180.1.21/compute/v2.1/servers/b1e2f4a1-a8a0-4c4f-8a09-e676e365b48e 2.499s
2025-03-12 08:44:24.924 68598 INFO tempest.lib.common.rest_client [req-25235882-816d-4a72-834f-0fcc0a40990e req-25235882-816d-4a72-834f-0fcc0a40990e ] Request (ServersAdminTestJSON:test_create_server_with_scheduling_hint): 200 GET http://10.180.1.21/compute/v2.1/servers/95f0aeaa-75ab-4fd9-b28d-e43703429167 2.555s
2025-03-12 08:44:24.998 68626 INFO tempest.lib.common.rest_client [req-94dc84ea-c733-4b13-96fc-100e822e4bc8 req-94dc84ea-c733-4b13-96fc-100e822e4bc8 ] Request (FloatingIPsAssociationNegativeTestJSON:setUpClass): 201 POST http://10.180.1.21:9696/networking/v2.0/subnets 0.489s
2025-03-12 08:44:25.016 68620 INFO tempest.lib.common.rest_client [req-2c8577a3-23b0-4fe4-a763-6df8f4799af9 req-2c8577a3-23b0-4fe4-a763-6df8f4799af9 ] Request (SecurityGroupsTestJSON:test_security_group_create_get_delete): 202 DELETE http://10.180.1.21/compute/v2.1/os-security-groups/931a418c-c896-459a-a2ce-f684a75aba10 2.809s
2025-03-12 08:44:25.034 68646 INFO tempest.lib.common.rest_client [req-de1e1466-2bf7-4b3d-a0ac-5aea38ace8e8 req-de1e1466-2bf7-4b3d-a0ac-5aea38ace8e8 ] Request (AggregatesAdminNegativeTestJSON:test_aggregate_remove_host_as_user): 403 POST http://10.180.1.21/compute/v2.1/os-aggregates/7/action 2.541s
2025-03-12 08:44:25.077 68629 INFO tempest.lib.common.rest_client [req-6cb00d28-1287-495b-88e0-fe9db2b9b06b req-6cb00d28-1287-495b-88e0-fe9db2b9b06b ] Request (ServersTestBootFromVolume:setUpClass): 200 GET http://10.180.1.21/volume/v3/volumes/b6edfa04-38f3-4e20-9c83-faca792e474a 0.058s
2025-03-12 08:44:25.082 68638 INFO tempest.lib.common.rest_client [req-94a9d8ba-0016-4e15-9416-6c972d9afeff req-94a9d8ba-0016-4e15-9416-6c972d9afeff ] Request (ServerRescueTestJSON:setUpClass): 201 POST http://10.180.1.21:9696/networking/v2.0/subnets 0.826s
2025-03-12 08:44:25.132 68610 INFO tempest.lib.common.rest_client [req-ef5ba366-ca93-43c0-8a11-6312dbc9cec5 req-ef5ba366-ca93-43c0-8a11-6312dbc9cec5 ] Request (ServersNegativeTestMultiTenantJSON:setUpClass): 200 GET http://10.180.1.21/compute/v2.1/servers/6e947ed2-a6aa-42d4-b97e-31db33f6d5f9 2.603s
2025-03-12 08:44:25.231 68596 INFO tempest.lib.common.rest_client [req-dc04be2f-3930-446f-b047-1513cd7eb263 req-dc04be2f-3930-446f-b047-1513cd7eb263 ] Request (ImagesNegativeTestJSON:test_create_image_from_deleted_server): 200 GET http://10.180.1.21/compute/v2.1/servers/c9bda338-6c7d-4850-8f46-7cd916372ac9 2.345s
2025-03-12 08:44:25.240 68596 INFO tempest.common.waiters [-] State transition "ACTIVE/deleting" ==> "DELETED/None" after 4 second wait
2025-03-12 08:44:25.278 68612 INFO tempest.lib.common.rest_client [req-37fbdc0d-8f32-42b5-8367-a41b1e88d8d5 req-37fbdc0d-8f32-42b5-8367-a41b1e88d8d5 ] Request (ServerPasswordTestJSON:setUpClass): 200 GET http://10.180.1.21/compute/v2.1/servers/9d4b56df-11d9-4d94-94f3-6c5e27ea85f4 2.844s
2025-03-12 08:44:25.287 68612 INFO tempest.common.waiters [-] State transition "BUILD/None" ==> "BUILD/spawning" after 23 second wait
2025-03-12 08:44:25.411 68618 INFO tempest.lib.common.rest_client [req-eac71d00-ff72-4265-a5a2-67d595b5ac27 req-eac71d00-ff72-4265-a5a2-67d595b5ac27 ] Request (AttachInterfacesV270Test:test_create_get_list_interfaces): 200 GET http://10.180.1.21/compute/v2.1/servers/deea2dea-1860-45a0-9637-ced09bb51b81 2.437s
2025-03-12 08:44:25.532 68636 INFO tempest.lib.common.rest_client [req-9edcc12d-4f39-45b7-8e5d-faf85faeaa9d req-9edcc12d-4f39-45b7-8e5d-faf85faeaa9d ] Request (DeleteServersAdminTestJSON:test_delete_server_while_in_error_state): 200 GET http://10.180.1.21/compute/v2.1/servers/11c439ab-e27c-43e6-b752-c90af5f84bc1 2.472s
2025-03-12 08:44:25.564 68657 INFO tempest.lib.common.rest_client [req-bddd39df-d6d2-4310-b3a5-76982c53a5d5 req-bddd39df-d6d2-4310-b3a5-76982c53a5d5 ] Request (MigrationsAdminTest:test_list_migrations_in_flavor_resize_situation): 200 GET http://10.180.1.21/compute/v2.1/servers/6f461623-93a7-4cb9-9ae6-a9fe15c3d7d1 2.589s
2025-03-12 08:44:25.621 68606 INFO tempest.lib.common.rest_client [req-08d0356b-a24f-4480-98ae-ca3ace49970c req-08d0356b-a24f-4480-98ae-ca3ace49970c ] Request (ServersTestFqdnHostnames:test_create_server_with_fqdn_name): 200 GET http://10.180.1.21/compute/v2.1/servers/336b7399-b64e-411f-99bc-ba0d292e371a 2.561s
2025-03-12 08:44:25.629 68606 INFO tempest.common.waiters [-] State transition "BUILD/None" ==> "BUILD/networking" after 18 second wait
2025-03-12 08:44:25.648 68616 INFO tempest.lib.common.rest_client [req-9bd9c172-8caf-424e-901b-f0030e26eeeb req-9bd9c172-8caf-424e-901b-f0030e26eeeb ] Request (ImagesTestJSON:test_create_image_from_stopped_server): 200 GET http://10.180.1.21/compute/v2.1/servers/92786813-f4ab-4ff7-8597-aa1aa90eeb01 2.491s
2025-03-12 08:44:25.718 68600 INFO tempest.lib.common.rest_client [req-88ebeca8-abaf-4566-8acd-a2eed97edd38 req-88ebeca8-abaf-4566-8acd-a2eed97edd38 ] Request (ServerRescueTestJSONUnderV235:setUpClass): 200 GET http://10.180.1.21/compute/v2.1/servers/61392426-52b8-437e-ab3d-122d9335cd36 2.424s
2025-03-12 08:44:25.737 68634 INFO tempest.lib.common.rest_client [req-ff0cf369-e621-4643-8886-4df23d460fec req-ff0cf369-e621-4643-8886-4df23d460fec ] Request (AttachVolumeShelveTestJSON:test_attach_volume_shelved_or_offload_server): 200 GET http://10.180.1.21/compute/v2.1/servers/eccc5882-2c8b-456d-bbd2-d9ed22777a77 2.332s
2025-03-12 08:44:25.793 68644 INFO tempest.lib.common.rest_client [req-0b94d6f9-bd2a-49be-aab9-139ed78b1be5 req-0b94d6f9-bd2a-49be-aab9-139ed78b1be5 ] Request (ImagesOneServerNegativeTestJSON:setUpClass): 200 GET http://10.180.1.21/compute/v2.1/servers/bf4e6484-d17d-4244-9163-1ef0012874b8 2.141s
2025-03-12 08:44:25.803 68644 INFO tempest.common.waiters [-] State transition "BUILD/scheduling" ==> "BUILD/None" after 9 second wait
2025-03-12 08:44:25.809 68630 INFO tempest.lib.common.rest_client [req-1c4f01dd-afac-44c7-9f02-ab68630b0bee req-1c4f01dd-afac-44c7-9f02-ab68630b0bee ] Request (FlavorsAdminTestJSON:test_is_public_string_variations): 200 GET http://10.180.1.21/compute/v2.1/flavors/detail?is_public=0 1.898s
2025-03-12 08:44:25.833 68650 INFO tempest.lib.common.rest_client [req-9deb4398-ad0a-44ae-84b5-1b1c60f3e9ae req-9deb4398-ad0a-44ae-84b5-1b1c60f3e9ae ] Request (ServerExternalEventsTest:tearDownClass): 200 GET http://10.180.1.21/compute/v2.1/servers/4c99c929-9fda-42f0-9327-0508ad3e6150 1.936s
2025-03-12 08:44:25.897 68652 WARNING tempest.lib.common.ssh [-] Failed to establish authenticated ssh connection to cirros@10.180.180.232 ([Errno None] Unable to connect to port 22 on 10.180.180.232). Number attempts: 1. Retry after 2 seconds.: paramiko.ssh_exception.NoValidConnectionsError: [Errno None] Unable to connect to port 22 on 10.180.180.232
2025-03-12 08:44:25.920 68608 INFO tempest.lib.common.rest_client [req-93f9bc77-eb70-4bfc-b9c1-298524a1cbf7 req-93f9bc77-eb70-4bfc-b9c1-298524a1cbf7 ] Request (InstanceActionsNegativeTestJSON:tearDownClass): 200 GET http://10.180.1.21/compute/v2.1/servers/b869231a-5293-433f-ac7c-d50030368826 1.689s
2025-03-12 08:44:26.013 68602 INFO tempest.lib.common.rest_client [req-80511257-93a9-4b3f-b1ef-e7a02d4c4bf8 req-80511257-93a9-4b3f-b1ef-e7a02d4c4bf8 ] Request (ServerDiskConfigTestJSON:setUpClass): 201 POST http://10.180.1.21:9696/networking/v2.0/routers 3.178s
2025-03-12 08:44:26.017 68625 INFO tempest.lib.common.rest_client [req-c5b8a3f6-869e-41fb-8d88-797818a46740 req-c5b8a3f6-869e-41fb-8d88-797818a46740 ] Request (ServersV294TestFqdnHostnames:setUpClass): 200 GET http://10.180.1.21/compute/v2.1/servers/932663fb-ea20-48d2-b6e8-2d3b32bbdd8e 1.510s
2025-03-12 08:44:26.125 68604 INFO tempest.lib.common.rest_client [req-2516dd45-20cf-4ef0-9a52-020c5bf1be03 req-2516dd45-20cf-4ef0-9a52-020c5bf1be03 ] Request (FloatingIPsAssociationTestJSON:setUpClass): 201 POST http://10.180.1.21:9696/networking/v2.0/routers 1.793s
2025-03-12 08:44:26.127 68629 INFO tempest.lib.common.rest_client [req-73cdb2b1-fd7d-4013-afda-db7403483059 req-73cdb2b1-fd7d-4013-afda-db7403483059 ] Request (ServersTestBootFromVolume:setUpClass): 200 GET http://10.180.1.21/volume/v3/volumes/b6edfa04-38f3-4e20-9c83-faca792e474a 0.040s
2025-03-12 08:44:26.547 68626 INFO tempest.lib.common.rest_client [req-9c10ecec-6313-4713-964c-9fea76a71bb0 req-9c10ecec-6313-4713-964c-9fea76a71bb0 ] Request (FloatingIPsAssociationNegativeTestJSON:setUpClass): 201 POST http://10.180.1.21:9696/networking/v2.0/routers 1.549s
2025-03-12 08:44:26.552 68614 INFO tempest.lib.common.rest_client [req-ae9034df-4014-4a40-b6b8-f2021f5bbbb0 req-ae9034df-4014-4a40-b6b8-f2021f5bbbb0 ] Request (VolumesAdminNegativeTest:test_update_attached_volume_with_nonexistent_volume_in_body): 204 DELETE http://10.180.1.21/compute/v2.1/servers/41d87520-2f40-4313-a14f-84688e979ac2 1.790s
2025-03-12 08:44:26.852 68641 INFO tempest.lib.common.rest_client [req-24043a9b-bc22-4ed6-a40e-d93d67fc840b req-24043a9b-bc22-4ed6-a40e-d93d67fc840b ] Request (ImagesOneServerTestJSON:setUpClass): 200 GET http://10.180.1.21/compute/v2.1/servers/010e5bfc-814c-4bde-8a16-7c2009ee13b6 1.960s
