2025-03-12 08:45:47.221 68641 INFO tempest.lib.common.rest_client [req-d6cb02bb-dd44-4636-b6e2-e2cb87608ffa req-d6cb02bb-dd44-4636-b6e2-e2cb87608ffa ] Request (ImagesOneServerTestJSON:tearDownClass): 200 GET http://10.180.1.21/compute/v2.1/servers/010e5bfc-814c-4bde-8a16-7c2009ee13b6 0.076s
2025-03-12 08:45:47.229 68600 INFO tempest.lib.common.rest_client [req-9bb373dc-d70f-416b-bb33-cc6e390b590b req-9bb373dc-d70f-416b-bb33-cc6e390b590b ] Request (ServerRescueTestJSONUnderV235:tearDownClass): 200 GET http://10.180.1.21/compute/v2.1/servers/61392426-52b8-437e-ab3d-122d9335cd36 0.083s
2025-03-12 08:45:47.283 68618 INFO tempest.lib.common.rest_client [req-da4a2dfe-0367-4cf1-b65d-568edce0a427 req-da4a2dfe-0367-4cf1-b65d-568edce0a427 ] Request (ServerRescueNegativeTestJSON:setUpClass): 200 GET http://10.180.1.21/compute/v2.1/servers/cfaee7e2-6929-4d8c-8614-e19e0055f2fb 0.078s
2025-03-12 08:45:47.284 68598 INFO tempest.lib.common.rest_client [req-36d86330-4ccd-43a9-aec0-7a5bff41c788 req-36d86330-4ccd-43a9-aec0-7a5bff41c788 ] Request (ServersAdminTestJSON:test_inject_network_info): 200 GET http://10.180.1.21/compute/v2.1/servers/7858163d-8e68-4565-b1e0-ecd2e9be350d 0.077s
2025-03-12 08:45:47.336 68620 INFO tempest.lib.common.rest_client [req-f09c61e6-4bd7-4dd1-b1cd-66ca8eaef6f3 req-f09c61e6-4bd7-4dd1-b1cd-66ca8eaef6f3 ] Request (SecurityGroupsTestJSON:test_server_security_groups): 200 GET http://10.180.1.21/compute/v2.1/servers/4e157792-f910-492c-ab29-dd3f86cb96a8 0.056s
2025-03-12 08:45:47.355 68650 INFO tempest.lib.common.rest_client [req-181e3df2-4d22-4c66-a972-b38fb461b407 req-181e3df2-4d22-4c66-a972-b38fb461b407 ] Request (ServerTagsTestJSON:setUpClass): 200 GET http://10.180.1.21/compute/v2.1/servers/ed86ef15-1941-40c5-8178-344a7b401b58 0.056s
2025-03-12 08:45:47.519 68604 INFO tempest.lib.common.rest_client [req-86d0e46e-d3cd-4acc-bd53-83b1f2bcff1d req-86d0e46e-d3cd-4acc-bd53-83b1f2bcff1d ] Request (FloatingIPsAssociationTestJSON:setUpClass): 200 GET http://10.180.1.21/compute/v2.1/servers/b2e272b3-520a-4ef7-8141-a9d55739d6b9 0.097s
2025-03-12 08:45:47.530 68604 INFO tempest.common.waiters [-] State transition "BUILD/block_device_mapping" ==> "BUILD/spawning" after 74 second wait
2025-03-12 08:45:47.547 68657 INFO tempest.lib.common.rest_client [req-e0ec3e57-50c3-47a8-a7f6-bf8aa1c0b689 req-e0ec3e57-50c3-47a8-a7f6-bf8aa1c0b689 ] Request (MigrationsAdminTest:test_resize_server_revert_deleted_flavor): 200 GET http://10.180.1.21/compute/v2.1/servers/665d932d-1068-4bb2-835c-2184a80753d1 0.058s
2025-03-12 08:45:47.607 68629 INFO tempest.lib.common.rest_client [req-0c78d933-e2f0-486c-bba9-9f600a97c0fb req-0c78d933-e2f0-486c-bba9-9f600a97c0fb ] Request (ServersTestBootFromVolume:setUpClass): 200 GET http://10.180.1.21/compute/v2.1/servers/e5565f0d-ed60-4ac8-bba1-ab46b337dd90 0.051s
2025-03-12 08:45:47.669 68610 INFO tempest.lib.common.rest_client [req-ef922d42-4e30-44a7-a93d-ff44a474f6ce req-ef922d42-4e30-44a7-a93d-ff44a474f6ce ] Request (ServersNegativeTestMultiTenantJSON:tearDownClass): 200 GET http://10.180.1.21/compute/v2.1/servers/6e947ed2-a6aa-42d4-b97e-31db33f6d5f9 0.066s
2025-03-12 08:45:47.678 68636 INFO tempest.lib.common.rest_client [req-ebc8d494-9395-438f-a270-43e630fc6877 req-ebc8d494-9395-438f-a270-43e630fc6877 ] Request (ServersAdminNegativeTestJSON:setUpClass): 200 GET http://10.180.1.21/compute/v2.1/servers/d61b2c4f-942a-4e29-8cac-11bc0750605a 0.060s
2025-03-12 08:45:47.734 68608 INFO tempest.lib.common.rest_client [req-85fa3d2d-5c16-4946-bcb1-b68875d9db63 req-85fa3d2d-5c16-4946-bcb1-b68875d9db63 ] Request (ServerMetadataTestJSON:setUpClass): 200 GET http://10.180.1.21/compute/v2.1/servers/05b94aa5-3efc-4790-9d98-c2658b8e8b4b 0.055s
2025-03-12 08:45:47.735 68644 INFO tempest.lib.common.rest_client [req-ed046be2-787e-49d3-bf05-44d64237a118 req-ed046be2-787e-49d3-bf05-44d64237a118 ] Request (ImagesOneServerNegativeTestJSON:_run_cleanups): 200 GET http://10.180.1.21/compute/v2.1/servers/bf4e6484-d17d-4244-9163-1ef0012874b8 0.061s
2025-03-12 08:45:47.903 68614 INFO tempest.lib.common.rest_client [req-ea4062cb-cf98-4842-b93a-04ae92e5ba4f req-ea4062cb-cf98-4842-b93a-04ae92e5ba4f ] Request (VolumesAdminNegativeTest:tearDownClass): 200 GET http://10.180.1.21/compute/v2.1/servers/f927c34a-f155-4a1f-8151-b16a3cb3e9a1 0.063s
2025-03-12 08:45:47.926 68638 INFO tempest.lib.common.rest_client [req-9271f875-2dbd-45cc-807f-8d6f2bfa9a27 req-9271f875-2dbd-45cc-807f-8d6f2bfa9a27 ] Request (ServerRescueTestJSON:setUpClass): 200 GET http://10.180.1.21/compute/v2.1/servers/015e0d33-8bab-4ba7-8eb8-5a2c3fee8f03 0.146s
2025-03-12 08:45:47.933 68638 INFO tempest.common.waiters [-] State transition "ACTIVE/rescuing" ==> "RESCUE/None" after 8 second wait
2025-03-12 08:45:47.983 68622 INFO tempest.lib.common.rest_client [req-762df29b-4d40-4e97-86c1-99b8c5d2079b req-762df29b-4d40-4e97-86c1-99b8c5d2079b ] Request (ServersAdmin275Test:test_rebuild_update_server_275): 200 GET http://10.180.1.21/compute/v2.1/servers/a332b35f-4f96-4f8f-aa9a-d7fadf9ede53 0.089s
2025-03-12 08:45:47.996 68638 INFO tempest.lib.common.rest_client [req-02a0d199-93b5-4da1-9530-ff6a9d4a77e8 req-02a0d199-93b5-4da1-9530-ff6a9d4a77e8 ] Request (ServerRescueTestJSON:test_rescue_unrescue_instance): 201 POST http://10.180.1.21/identity/v3/auth/tokens 0.058s
2025-03-12 08:45:47.996 68638 INFO tempest.lib.common.fixed_network [-] (ServerRescueTestJSON:test_rescue_unrescue_instance) Found network {'id': '2bcc63b9-edd1-44cc-bb26-c0cf5fdb1164', 'name': 'tempest-ServerRescueTestJSON-951861981-network', 'tenant_id': '9fd4e00dfba449c5800a22fc37f2c40b', 'admin_state_up': True, 'mtu': 8950, 'status': 'ACTIVE', 'subnets': [], 'shared': False, 'project_id': '9fd4e00dfba449c5800a22fc37f2c40b', 'port_security_enabled': True, 'router:external': False, 'provider:network_type': 'vlan', 'provider:physical_network': 'default', 'provider:segmentation_id': 655, 'availability_zone_hints': [], 'availability_zones': [], 'ipv4_address_scope': None, 'ipv6_address_scope': None, 'description': '', 'tags': [], 'created_at': '2025-03-12T08:44:23Z', 'updated_at': '2025-03-12T08:44:23Z', 'revision_number': 1} available for tenant
2025-03-12 08:45:47.996 68602 INFO tempest.lib.common.rest_client [req-f70ca5a0-5586-40c8-909f-f3fe642da572 req-f70ca5a0-5586-40c8-909f-f3fe642da572 ] Request (ServerDiskConfigTestJSON:test_rebuild_server_with_auto_disk_config): 200 GET http://10.180.1.21/compute/v2.1/servers/d8eca7ac-744e-469c-9a87-901f0641f4f2 0.145s
2025-03-12 08:45:48.028 68616 INFO tempest.lib.common.rest_client [req-179e7bdf-6c9b-4e7f-8fbc-205abd9fa6be req-179e7bdf-6c9b-4e7f-8fbc-205abd9fa6be ] Request (ImagesTestJSON:test_create_image_from_suspended_server): 200 GET http://10.180.1.21/compute/v2.1/servers/01a624d3-782d-44cf-8a4e-05a85ac91c64 0.120s
2025-03-12 08:45:48.041 68596 INFO tempest.lib.common.rest_client [req-6adb4c05-4859-48d6-88af-9b585b1599ec req-6adb4c05-4859-48d6-88af-9b585b1599ec ] Request (DeleteServersTestJSON:test_delete_active_server): 200 GET http://10.180.1.21/compute/v2.1/servers/1a604a32-78c1-49cf-bafd-e1dc94c8b3ae 0.088s
2025-03-12 08:45:48.075 68659 INFO tempest.lib.common.rest_client [req-bdb37a78-6de8-41d9-b222-1bca92f6aebc req-bdb37a78-6de8-41d9-b222-1bca92f6aebc ] Request (ServersTestMultiNic:test_verify_multiple_nics_order): 200 GET http://10.180.1.21/compute/v2.1/servers/d452e3d2-1590-4352-8406-31d85b2921f4 0.113s
2025-03-12 08:45:48.132 68626 INFO tempest.lib.common.rest_client [req-10530ed8-0773-4090-add1-d3ae912e4e15 req-10530ed8-0773-4090-add1-d3ae912e4e15 ] Request (FloatingIPsAssociationNegativeTestJSON:tearDownClass): 200 GET http://10.180.1.21/compute/v2.1/servers/1d16a5c5-981b-474e-8159-820ac6fcc42d 0.110s
2025-03-12 08:45:48.200 68648 WARNING tempest.lib.common.ssh [-] Failed to establish authenticated ssh connection to cirros@10.180.180.222 ([Errno None] Unable to connect to port 22 on 10.180.180.222). Number attempts: 10. Retry after 11 seconds.: paramiko.ssh_exception.NoValidConnectionsError: [Errno None] Unable to connect to port 22 on 10.180.180.222
2025-03-12 08:45:48.203 68612 INFO tempest.lib.common.rest_client [req-38cc7ba3-aa9e-419d-953e-e39e4885169e req-38cc7ba3-aa9e-419d-953e-e39e4885169e ] Request (ServersListShow296Test:test_list_show_update_rebuild_server_296): 200 GET http://10.180.1.21/compute/v2.1/servers/43f629d6-bdc3-4345-97ec-26ce2c9d7be7 0.161s
2025-03-12 08:45:48.247 68630 INFO tempest.lib.common.rest_client [req-dcf9fd4e-4bcb-47ae-bc92-3d9c63c3f51b req-dcf9fd4e-4bcb-47ae-bc92-3d9c63c3f51b ] Request (ServerDiagnosticsTest:test_get_server_diagnostics): 200 GET http://10.180.1.21/compute/v2.1/servers/33f3fc4a-319b-4dd9-90b5-05ee5483ac7f 0.173s
2025-03-12 08:45:48.265 68641 INFO tempest.lib.common.rest_client [req-40dc7335-4092-4b3b-97c0-8ca136c7f9a9 req-40dc7335-4092-4b3b-97c0-8ca136c7f9a9 ] Request (ImagesOneServerTestJSON:tearDownClass): 404 GET http://10.180.1.21/compute/v2.1/servers/010e5bfc-814c-4bde-8a16-7c2009ee13b6 0.031s
2025-03-12 08:45:48.317 68600 INFO tempest.lib.common.rest_client [req-11bb1bcd-87ea-4a46-95c6-3b3408b17287 req-11bb1bcd-87ea-4a46-95c6-3b3408b17287 ] Request (ServerRescueTestJSONUnderV235:tearDownClass): 200 GET http://10.180.1.21/compute/v2.1/servers/61392426-52b8-437e-ab3d-122d9335cd36 0.076s
2025-03-12 08:45:48.326 68638 INFO tempest.lib.common.rest_client [req-95a99caa-859a-45c9-8dc1-4d634f99d782 req-95a99caa-859a-45c9-8dc1-4d634f99d782 ] Request (ServerRescueTestJSON:test_rescue_unrescue_instance): 202 POST http://10.180.1.21/compute/v2.1/servers 0.330s
2025-03-12 08:45:48.372 68618 INFO tempest.lib.common.rest_client [req-307475c1-c633-48cd-851c-e2eee2e3f13f req-307475c1-c633-48cd-851c-e2eee2e3f13f ] Request (ServerRescueNegativeTestJSON:setUpClass): 200 GET http://10.180.1.21/compute/v2.1/servers/cfaee7e2-6929-4d8c-8614-e19e0055f2fb 0.081s
2025-03-12 08:45:48.380 68598 INFO tempest.lib.common.rest_client [req-276289e7-7267-418d-b2ad-19a84fceaa36 req-276289e7-7267-418d-b2ad-19a84fceaa36 ] Request (ServersAdminTestJSON:test_inject_network_info): 200 GET http://10.180.1.21/compute/v2.1/servers/7858163d-8e68-4565-b1e0-ecd2e9be350d 0.089s
2025-03-12 08:45:48.413 68638 INFO tempest.lib.common.rest_client [req-f0e63f2f-a7e6-4faf-a490-aa60d34e56e0 req-f0e63f2f-a7e6-4faf-a490-aa60d34e56e0 ] Request (ServerRescueTestJSON:test_rescue_unrescue_instance): 200 GET http://10.180.1.21/compute/v2.1/servers/f807e45c-76d8-46a6-a30b-011e7b8df6a4 0.084s
2025-03-12 08:45:48.437 68620 INFO tempest.lib.common.rest_client [req-e0121fb8-1d44-4f2f-b9be-47e7a958b1b2 req-e0121fb8-1d44-4f2f-b9be-47e7a958b1b2 ] Request (SecurityGroupsTestJSON:test_server_security_groups): 200 GET http://10.180.1.21/compute/v2.1/servers/4e157792-f910-492c-ab29-dd3f86cb96a8 0.091s
2025-03-12 08:45:48.461 68650 INFO tempest.lib.common.rest_client [req-b0efc3d4-bb87-4c93-898f-f8b32dc2f8a2 req-b0efc3d4-bb87-4c93-898f-f8b32dc2f8a2 ] Request (ServerTagsTestJSON:setUpClass): 200 GET http://10.180.1.21/compute/v2.1/servers/ed86ef15-1941-40c5-8178-344a7b401b58 0.096s
2025-03-12 08:45:48.624 68657 INFO tempest.lib.common.rest_client [req-2f39b51b-cc2b-4710-98f5-579d1da81c94 req-2f39b51b-cc2b-4710-98f5-579d1da81c94 ] Request (MigrationsAdminTest:test_resize_server_revert_deleted_flavor): 200 GET http://10.180.1.21/compute/v2.1/servers/665d932d-1068-4bb2-835c-2184a80753d1 0.068s
2025-03-12 08:45:48.692 68629 INFO tempest.lib.common.rest_client [req-3829b01f-5b32-413f-b47e-49cc7b152427 req-3829b01f-5b32-413f-b47e-49cc7b152427 ] Request (ServersTestBootFromVolume:setUpClass): 200 GET http://10.180.1.21/compute/v2.1/servers/e5565f0d-ed60-4ac8-bba1-ab46b337dd90 0.073s
2025-03-12 08:45:48.698 68604 INFO tempest.lib.common.rest_client [req-7832e5e0-c887-4c5b-8181-e901d459dd10 req-7832e5e0-c887-4c5b-8181-e901d459dd10 ] Request (FloatingIPsAssociationTestJSON:setUpClass): 200 GET http://10.180.1.21/compute/v2.1/servers/b2e272b3-520a-4ef7-8141-a9d55739d6b9 0.166s
2025-03-12 08:45:48.701 68629 INFO tempest.common.waiters [-] State transition "BUILD/None" ==> "BUILD/networking" after 74 second wait
2025-03-12 08:45:48.746 68636 INFO tempest.lib.common.rest_client [req-2cdd71e9-ba2a-4c95-9548-7b6fe6f79f18 req-2cdd71e9-ba2a-4c95-9548-7b6fe6f79f18 ] Request (ServersAdminNegativeTestJSON:setUpClass): 200 GET http://10.180.1.21/compute/v2.1/servers/d61b2c4f-942a-4e29-8cac-11bc0750605a 0.060s
2025-03-12 08:45:48.759 68610 INFO tempest.lib.common.rest_client [req-10e9f024-5c68-4df0-a554-3137193c368f req-10e9f024-5c68-4df0-a554-3137193c368f ] Request (ServersNegativeTestMultiTenantJSON:tearDownClass): 200 GET http://10.180.1.21/compute/v2.1/servers/6e947ed2-a6aa-42d4-b97e-31db33f6d5f9 0.082s
2025-03-12 08:45:48.812 68644 INFO tempest.lib.common.rest_client [req-7935e545-f5c1-47b0-82d7-7be4ae1b8aea req-7935e545-f5c1-47b0-82d7-7be4ae1b8aea ] Request (ImagesOneServerNegativeTestJSON:_run_cleanups): 200 GET http://10.180.1.21/compute/v2.1/servers/bf4e6484-d17d-4244-9163-1ef0012874b8 0.069s
2025-03-12 08:45:48.812 68608 INFO tempest.lib.common.rest_client [req-6c52e351-df6c-42cf-8d3a-8062eb99c0f1 req-6c52e351-df6c-42cf-8d3a-8062eb99c0f1 ] Request (ServerMetadataTestJSON:setUpClass): 200 GET http://10.180.1.21/compute/v2.1/servers/05b94aa5-3efc-4790-9d98-c2658b8e8b4b 0.068s
2025-03-12 08:45:48.978 68614 INFO tempest.lib.common.rest_client [req-b87df8f1-afe0-449b-bdb2-70687d320f99 req-b87df8f1-afe0-449b-bdb2-70687d320f99 ] Request (VolumesAdminNegativeTest:tearDownClass): 200 GET http://10.180.1.21/compute/v2.1/servers/f927c34a-f155-4a1f-8151-b16a3cb3e9a1 0.066s
2025-03-12 08:45:49.091 68622 INFO tempest.lib.common.rest_client [req-fb58ef4e-0ba3-4c81-84db-35e4215b44ea req-fb58ef4e-0ba3-4c81-84db-35e4215b44ea ] Request (ServersAdmin275Test:test_rebuild_update_server_275): 200 GET http://10.180.1.21/compute/v2.1/servers/a332b35f-4f96-4f8f-aa9a-d7fadf9ede53 0.097s
2025-03-12 08:45:49.097 68634 WARNING tempest.lib.common.ssh [-] Failed to establish authenticated ssh connection to cirros@10.180.180.179 ([Errno None] Unable to connect to port 22 on 10.180.180.179). Number attempts: 7. Retry after 8 seconds.: paramiko.ssh_exception.NoValidConnectionsError: [Errno None] Unable to connect to port 22 on 10.180.180.179
2025-03-12 08:45:49.110 68602 INFO tempest.lib.common.rest_client [req-3818cea9-3673-4d4c-9af2-6004c534e9c8 req-3818cea9-3673-4d4c-9af2-6004c534e9c8 ] Request (ServerDiskConfigTestJSON:test_rebuild_server_with_auto_disk_config): 200 GET http://10.180.1.21/compute/v2.1/servers/d8eca7ac-744e-469c-9a87-901f0641f4f2 0.107s
2025-03-12 08:45:49.142 68616 INFO tempest.lib.common.rest_client [req-5304b1af-84de-4b10-a4e6-e59cc433ca7f req-5304b1af-84de-4b10-a4e6-e59cc433ca7f ] Request (ImagesTestJSON:test_create_image_from_suspended_server): 200 GET http://10.180.1.21/compute/v2.1/servers/01a624d3-782d-44cf-8a4e-05a85ac91c64 0.106s
2025-03-12 08:45:49.169 68596 INFO tempest.lib.common.rest_client [req-d3fa6101-57e5-477e-9ea9-ec2171b7bdf4 req-d3fa6101-57e5-477e-9ea9-ec2171b7bdf4 ] Request (DeleteServersTestJSON:test_delete_active_server): 200 GET http://10.180.1.21/compute/v2.1/servers/1a604a32-78c1-49cf-bafd-e1dc94c8b3ae 0.121s
2025-03-12 08:45:49.197 68659 INFO tempest.lib.common.rest_client [req-65f39f5d-d494-4511-9667-91016ade7f55 req-65f39f5d-d494-4511-9667-91016ade7f55 ] Request (ServersTestMultiNic:test_verify_multiple_nics_order): 200 GET http://10.180.1.21/compute/v2.1/servers/d452e3d2-1590-4352-8406-31d85b2921f4 0.114s
2025-03-12 08:45:49.227 68626 INFO tempest.lib.common.rest_client [req-14d7facd-dc3f-466c-a096-a10fdb51269e req-14d7facd-dc3f-466c-a096-a10fdb51269e ] Request (FloatingIPsAssociationNegativeTestJSON:tearDownClass): 200 GET http://10.180.1.21/compute/v2.1/servers/1d16a5c5-981b-474e-8159-820ac6fcc42d 0.086s
2025-03-12 08:45:49.278 68612 INFO tempest.lib.common.rest_client [req-baa20ee7-28b2-46d9-ac17-d95249c606a4 req-baa20ee7-28b2-46d9-ac17-d95249c606a4 ] Request (ServersListShow296Test:test_list_show_update_rebuild_server_296): 200 GET http://10.180.1.21/compute/v2.1/servers/43f629d6-bdc3-4345-97ec-26ce2c9d7be7 0.065s
2025-03-12 08:45:49.311 68630 INFO tempest.lib.common.rest_client [req-e8431e87-d42a-491f-87a1-026d6775f944 req-e8431e87-d42a-491f-87a1-026d6775f944 ] Request (ServerDiagnosticsTest:test_get_server_diagnostics): 200 GET http://10.180.1.21/compute/v2.1/servers/33f3fc4a-319b-4dd9-90b5-05ee5483ac7f 0.056s
2025-03-12 08:45:49.385 68600 INFO tempest.lib.common.rest_client [req-a547ae98-abaf-48b3-ab3a-8ca7182aa1d1 req-a547ae98-abaf-48b3-ab3a-8ca7182aa1d1 ] Request (ServerRescueTestJSONUnderV235:tearDownClass): 200 GET http://10.180.1.21/compute/v2.1/servers/61392426-52b8-437e-ab3d-122d9335cd36 0.060s
2025-03-12 08:45:49.448 68618 INFO tempest.lib.common.rest_client [req-353b995d-317f-4dcb-8f7b-170db6e036d1 req-353b995d-317f-4dcb-8f7b-170db6e036d1 ] Request (ServerRescueNegativeTestJSON:setUpClass): 200 GET http://10.180.1.21/compute/v2.1/servers/cfaee7e2-6929-4d8c-8614-e19e0055f2fb 0.066s
2025-03-12 08:45:49.456 68598 INFO tempest.lib.common.rest_client [req-47e04a7a-8d1d-47ea-b2a4-ae28b13e6d7b req-47e04a7a-8d1d-47ea-b2a4-ae28b13e6d7b ] Request (ServersAdminTestJSON:test_inject_network_info): 200 GET http://10.180.1.21/compute/v2.1/servers/7858163d-8e68-4565-b1e0-ecd2e9be350d 0.065s
2025-03-12 08:45:49.492 68641 INFO tempest.lib.common.rest_client [req-7682ee81-058f-4b93-8da4-3af9a5f6e5d0 req-7682ee81-058f-4b93-8da4-3af9a5f6e5d0 ] Request (ImagesOneServerTestJSON:tearDownClass): 200 PUT http://10.180.1.21:9696/networking/v2.0/routers/c56b4d5b-6cef-4948-9d1d-af5f71b55510/remove_router_interface 1.226s
2025-03-12 08:45:49.545 68620 INFO tempest.lib.common.rest_client [req-6196ac26-98ff-44bf-b0c0-7c0c5f13abcb req-6196ac26-98ff-44bf-b0c0-7c0c5f13abcb ] Request (SecurityGroupsTestJSON:test_server_security_groups): 200 GET http://10.180.1.21/compute/v2.1/servers/4e157792-f910-492c-ab29-dd3f86cb96a8 0.100s
2025-03-12 08:45:49.545 68638 INFO tempest.lib.common.rest_client [req-27f346cc-1072-4c87-82c5-b6fb2ec7fc4c req-27f346cc-1072-4c87-82c5-b6fb2ec7fc4c ] Request (ServerRescueTestJSON:test_rescue_unrescue_instance): 200 GET http://10.180.1.21/compute/v2.1/servers/f807e45c-76d8-46a6-a30b-011e7b8df6a4 0.122s
2025-03-12 08:45:49.611 68650 INFO tempest.lib.common.rest_client [req-af018a32-1ab8-4309-83ad-0460d4eea0bc req-af018a32-1ab8-4309-83ad-0460d4eea0bc ] Request (ServerTagsTestJSON:setUpClass): 200 GET http://10.180.1.21/compute/v2.1/servers/ed86ef15-1941-40c5-8178-344a7b401b58 0.138s
2025-03-12 08:45:49.671 68652 WARNING tempest.lib.common.ssh [-] Failed to establish authenticated ssh connection to cirros@10.180.180.232 ([Errno None] Unable to connect to port 22 on 10.180.180.232). Number attempts: 10. Retry after 11 seconds.: paramiko.ssh_exception.NoValidConnectionsError: [Errno None] Unable to connect to port 22 on 10.180.180.232
2025-03-12 08:45:49.698 68657 INFO tempest.lib.common.rest_client [req-8675ff94-d52e-46f4-9e47-f9f98514be95 req-8675ff94-d52e-46f4-9e47-f9f98514be95 ] Request (MigrationsAdminTest:test_resize_server_revert_deleted_flavor): 200 GET http://10.180.1.21/compute/v2.1/servers/665d932d-1068-4bb2-835c-2184a80753d1 0.064s
2025-03-12 08:45:49.875 68604 INFO tempest.lib.common.rest_client [req-f41c5573-b1e2-4464-9ed9-35695ba99588 req-f41c5573-b1e2-4464-9ed9-35695ba99588 ] Request (FloatingIPsAssociationTestJSON:setUpClass): 200 GET http://10.180.1.21/compute/v2.1/servers/b2e272b3-520a-4ef7-8141-a9d55739d6b9 0.163s
2025-03-12 08:45:49.901 68629 INFO tempest.lib.common.rest_client [req-480f2678-f96d-4642-9f71-d6f376e178a7 req-480f2678-f96d-4642-9f71-d6f376e178a7 ] Request (ServersTestBootFromVolume:setUpClass): 200 GET http://10.180.1.21/compute/v2.1/servers/e5565f0d-ed60-4ac8-bba1-ab46b337dd90 0.199s
2025-03-12 08:45:49.908 68629 INFO tempest.common.waiters [-] State transition "BUILD/networking" ==> "BUILD/block_device_mapping" after 75 second wait
2025-03-12 08:45:49.934 68636 INFO tempest.lib.common.rest_client [req-870857e9-afb2-4ff5-9f49-680e6596d249 req-870857e9-afb2-4ff5-9f49-680e6596d249 ] Request (ServersAdminNegativeTestJSON:setUpClass): 200 GET http://10.180.1.21/compute/v2.1/servers/d61b2c4f-942a-4e29-8cac-11bc0750605a 0.179s
2025-03-12 08:45:49.970 68610 INFO tempest.lib.common.rest_client [req-278bb002-31c9-4f90-8d43-50253047a7f5 req-278bb002-31c9-4f90-8d43-50253047a7f5 ] Request (ServersNegativeTestMultiTenantJSON:tearDownClass): 200 GET http://10.180.1.21/compute/v2.1/servers/6e947ed2-a6aa-42d4-b97e-31db33f6d5f9 0.203s
2025-03-12 08:45:49.991 68644 INFO tempest.lib.common.rest_client [req-e96cfc0a-934a-4c02-a143-c960b2a3db33 req-e96cfc0a-934a-4c02-a143-c960b2a3db33 ] Request (ImagesOneServerNegativeTestJSON:_run_cleanups): 200 GET http://10.180.1.21/compute/v2.1/servers/bf4e6484-d17d-4244-9163-1ef0012874b8 0.170s
2025-03-12 08:45:50.009 68641 INFO tempest.lib.common.rest_client [req-73f9d992-642e-4b9a-96d4-f1a4174f3933 req-73f9d992-642e-4b9a-96d4-f1a4174f3933 ] Request (ImagesOneServerTestJSON:tearDownClass): 204 DELETE http://10.180.1.21:9696/networking/v2.0/routers/c56b4d5b-6cef-4948-9d1d-af5f71b55510 0.516s
2025-03-12 08:45:50.049 68608 INFO tempest.lib.common.rest_client [req-f59baee0-2e2d-4149-a359-ad8234ebb96e req-f59baee0-2e2d-4149-a359-ad8234ebb96e ] Request (ServerMetadataTestJSON:setUpClass): 200 GET http://10.180.1.21/compute/v2.1/servers/05b94aa5-3efc-4790-9d98-c2658b8e8b4b 0.228s
2025-03-12 08:45:50.057 68614 INFO tempest.lib.common.rest_client [req-c4fac0b5-7934-4812-948e-39ee57fdca87 req-c4fac0b5-7934-4812-948e-39ee57fdca87 ] Request (VolumesAdminNegativeTest:tearDownClass): 200 GET http://10.180.1.21/compute/v2.1/servers/f927c34a-f155-4a1f-8151-b16a3cb3e9a1 0.072s
2025-03-12 08:45:50.120 68641 INFO tempest.lib.common.rest_client [req-81bbaece-f209-46e7-a2a2-71181938c856 req-81bbaece-f209-46e7-a2a2-71181938c856 ] Request (ImagesOneServerTestJSON:tearDownClass): 204 DELETE http://10.180.1.21:9696/networking/v2.0/subnets/93dd0282-ed3d-48a4-8a25-491c3dc5bcdd 0.110s
2025-03-12 08:45:50.211 68622 INFO tempest.lib.common.rest_client [req-aaa7a25e-7839-4e0c-8b93-c6aeef500e85 req-aaa7a25e-7839-4e0c-8b93-c6aeef500e85 ] Request (ServersAdmin275Test:test_rebuild_update_server_275): 200 GET http://10.180.1.21/compute/v2.1/servers/a332b35f-4f96-4f8f-aa9a-d7fadf9ede53 0.104s
2025-03-12 08:45:50.275 68616 INFO tempest.lib.common.rest_client [req-3683e044-fc24-4cee-9a8e-7934f051edb6 req-3683e044-fc24-4cee-9a8e-7934f051edb6 ] Request (ImagesTestJSON:test_create_image_from_suspended_server): 200 GET http://10.180.1.21/compute/v2.1/servers/01a624d3-782d-44cf-8a4e-05a85ac91c64 0.122s
2025-03-12 08:45:50.298 68602 INFO tempest.lib.common.rest_client [req-a6cc7b2a-de3a-4df9-a02b-a19e8984939a req-a6cc7b2a-de3a-4df9-a02b-a19e8984939a ] Request (ServerDiskConfigTestJSON:test_rebuild_server_with_auto_disk_config): 200 GET http://10.180.1.21/compute/v2.1/servers/d8eca7ac-744e-469c-9a87-901f0641f4f2 0.175s
2025-03-12 08:45:50.332 68596 INFO tempest.lib.common.rest_client [req-3b5f4e2c-2e8f-4b02-8810-d76fe66cfb92 req-3b5f4e2c-2e8f-4b02-8810-d76fe66cfb92 ] Request (DeleteServersTestJSON:test_delete_active_server): 200 GET http://10.180.1.21/compute/v2.1/servers/1a604a32-78c1-49cf-bafd-e1dc94c8b3ae 0.155s
2025-03-12 08:45:50.362 68659 INFO tempest.lib.common.rest_client [req-47a012bb-661c-429c-afee-ac01a44a2a04 req-47a012bb-661c-429c-afee-ac01a44a2a04 ] Request (ServersTestMultiNic:test_verify_multiple_nics_order): 200 GET http://10.180.1.21/compute/v2.1/servers/d452e3d2-1590-4352-8406-31d85b2921f4 0.156s
2025-03-12 08:45:50.397 68626 INFO tempest.lib.common.rest_client [req-87a04b92-c658-4668-b2b1-4febbdf96f11 req-87a04b92-c658-4668-b2b1-4febbdf96f11 ] Request (FloatingIPsAssociationNegativeTestJSON:tearDownClass): 200 GET http://10.180.1.21/compute/v2.1/servers/1d16a5c5-981b-474e-8159-820ac6fcc42d 0.162s
2025-03-12 08:45:50.434 68612 INFO tempest.lib.common.rest_client [req-2c89c094-d64d-4ad0-aa83-1a125b11e308 req-2c89c094-d64d-4ad0-aa83-1a125b11e308 ] Request (ServersListShow296Test:test_list_show_update_rebuild_server_296): 200 GET http://10.180.1.21/compute/v2.1/servers/43f629d6-bdc3-4345-97ec-26ce2c9d7be7 0.144s
2025-03-12 08:45:50.471 68630 INFO tempest.lib.common.rest_client [req-68ab7346-fea7-406d-a440-6859569fd5ca req-68ab7346-fea7-406d-a440-6859569fd5ca ] Request (ServerDiagnosticsTest:test_get_server_diagnostics): 200 GET http://10.180.1.21/compute/v2.1/servers/33f3fc4a-319b-4dd9-90b5-05ee5483ac7f 0.152s
2025-03-12 08:45:50.506 68600 INFO tempest.lib.common.rest_client [req-71756578-d647-43dc-aab8-643750fd94d6 req-71756578-d647-43dc-aab8-643750fd94d6 ] Request (ServerRescueTestJSONUnderV235:tearDownClass): 200 GET http://10.180.1.21/compute/v2.1/servers/61392426-52b8-437e-ab3d-122d9335cd36 0.112s
2025-03-12 08:45:50.550 68618 INFO tempest.lib.common.rest_client [req-48b172ff-669d-46b3-a713-08060e98216e req-48b172ff-669d-46b3-a713-08060e98216e ] Request (ServerRescueNegativeTestJSON:setUpClass): 200 GET http://10.180.1.21/compute/v2.1/servers/cfaee7e2-6929-4d8c-8614-e19e0055f2fb 0.091s
2025-03-12 08:45:50.566 68598 INFO tempest.lib.common.rest_client [req-a04e8fa4-ba9f-4862-8486-dc5a1d68fe57 req-a04e8fa4-ba9f-4862-8486-dc5a1d68fe57 ] Request (ServersAdminTestJSON:test_inject_network_info): 200 GET http://10.180.1.21/compute/v2.1/servers/7858163d-8e68-4565-b1e0-ecd2e9be350d 0.103s
2025-03-12 08:45:50.576 68641 INFO tempest.lib.common.rest_client [req-e7e10369-2780-47b3-8745-65a57a943ea9 req-e7e10369-2780-47b3-8745-65a57a943ea9 ] Request (ImagesOneServerTestJSON:tearDownClass): 204 DELETE http://10.180.1.21:9696/networking/v2.0/networks/3b6d3d94-a4e4-47ec-af59-8a3d2f2b954b 0.456s
2025-03-12 08:45:50.617 68620 INFO tempest.lib.common.rest_client [req-d48bdb96-9fe3-42f5-87a7-82fc7979b767 req-d48bdb96-9fe3-42f5-87a7-82fc7979b767 ] Request (SecurityGroupsTestJSON:test_server_security_groups): 200 GET http://10.180.1.21/compute/v2.1/servers/4e157792-f910-492c-ab29-dd3f86cb96a8 0.062s
2025-03-12 08:45:50.623 68638 INFO tempest.lib.common.rest_client [req-324a3eae-f0a8-4db3-976a-a0d588069a9e req-324a3eae-f0a8-4db3-976a-a0d588069a9e ] Request (ServerRescueTestJSON:test_rescue_unrescue_instance): 200 GET http://10.180.1.21/compute/v2.1/servers/f807e45c-76d8-46a6-a30b-011e7b8df6a4 0.067s
2025-03-12 08:45:50.683 68650 INFO tempest.lib.common.rest_client [req-96f349a9-42f1-4d94-b6e8-ddf0ff05ec9d req-96f349a9-42f1-4d94-b6e8-ddf0ff05ec9d ] Request (ServerTagsTestJSON:setUpClass): 200 GET http://10.180.1.21/compute/v2.1/servers/ed86ef15-1941-40c5-8178-344a7b401b58 0.061s
2025-03-12 08:45:50.705 68641 INFO tempest.lib.common.rest_client [req-e756d420-1814-43ec-8595-28b655037058 req-e756d420-1814-43ec-8595-28b655037058 ] Request (ImagesOneServerTestJSON:tearDownClass): 204 DELETE http://10.180.1.21/identity/v3/users/b955266bea154f668cbe9a52faedb22f 0.128s
2025-03-12 08:45:50.705 68641 INFO tempest.lib.common.dynamic_creds [-] Deleting project and security group for project: 494fc6347abb4d6cba544a933229e2ed
2025-03-12 08:45:50.732 68641 INFO tempest.lib.common.rest_client [req-c5b32a3a-830d-4bfa-97c1-e29818229994 req-c5b32a3a-830d-4bfa-97c1-e29818229994 ] Request (ImagesOneServerTestJSON:tearDownClass): 200 GET http://10.180.1.21:9696/networking/v2.0/security-groups?tenant_id=494fc6347abb4d6cba544a933229e2ed&name=default 0.026s
2025-03-12 08:45:50.763 68657 INFO tempest.lib.common.rest_client [req-32bbfa90-5856-49ad-815c-7799f74f50dc req-32bbfa90-5856-49ad-815c-7799f74f50dc ] Request (MigrationsAdminTest:test_resize_server_revert_deleted_flavor): 200 GET http://10.180.1.21/compute/v2.1/servers/665d932d-1068-4bb2-835c-2184a80753d1 0.057s
2025-03-12 08:45:50.810 68641 INFO tempest.lib.common.rest_client [req-d60d8390-3fb9-429d-80aa-89746e74d2c1 req-d60d8390-3fb9-429d-80aa-89746e74d2c1 ] Request (ImagesOneServerTestJSON:tearDownClass): 204 DELETE http://10.180.1.21:9696/networking/v2.0/security-groups/77034357-e314-4fa8-9455-e3e5c2605502 0.077s
2025-03-12 08:45:50.893 68641 INFO tempest.lib.common.rest_client [req-4577421e-d1c2-4988-8cf0-8eb7ad966859 req-4577421e-d1c2-4988-8cf0-8eb7ad966859 ] Request (ImagesOneServerTestJSON:tearDownClass): 204 DELETE http://10.180.1.21/identity/v3/projects/494fc6347abb4d6cba544a933229e2ed 0.082s
2025-03-12 08:45:50.947 68641 INFO tempest.lib.common.rest_client [req-bbf8453c-9c27-4540-a79f-2c5af0288949 req-bbf8453c-9c27-4540-a79f-2c5af0288949 ] Request (AttachVolumeNegativeTest:setUpClass): 201 POST http://10.180.1.21/identity/v3/auth/tokens 0.053s
2025-03-12 08:45:50.975 68641 INFO tempest.lib.common.rest_client [req-2f4d6998-20e4-49b9-83eb-49050d94f2e0 req-2f4d6998-20e4-49b9-83eb-49050d94f2e0 ] Request (AttachVolumeNegativeTest:setUpClass): 201 POST http://10.180.1.21/identity/v3/auth/tokens 0.025s
2025-03-12 08:45:50.985 68604 INFO tempest.lib.common.rest_client [req-da944c18-acad-48ff-bdc6-9526c22c93da req-da944c18-acad-48ff-bdc6-9526c22c93da ] Request (FloatingIPsAssociationTestJSON:setUpClass): 200 GET http://10.180.1.21/compute/v2.1/servers/b2e272b3-520a-4ef7-8141-a9d55739d6b9 0.101s
2025-03-12 08:45:50.997 68641 INFO tempest.lib.common.rest_client [req-ca7470a0-fdba-4efa-8e57-4057ccb21eea req-ca7470a0-fdba-4efa-8e57-4057ccb21eea ] Request (AttachVolumeNegativeTest:setUpClass): 200 GET http://10.180.1.21/identity/v3/domains?name=Default 0.021s
2025-03-12 08:45:51.004 68629 INFO tempest.lib.common.rest_client [req-8fc23a82-5169-411f-bc45-5dd36f96bb1f req-8fc23a82-5169-411f-bc45-5dd36f96bb1f ] Request (ServersTestBootFromVolume:setUpClass): 200 GET http://10.180.1.21/compute/v2.1/servers/e5565f0d-ed60-4ac8-bba1-ab46b337dd90 0.095s
2025-03-12 08:45:51.024 68641 INFO tempest.lib.common.rest_client [req-36205183-1ce6-4116-a253-260800a83a2e req-36205183-1ce6-4116-a253-260800a83a2e ] Request (AttachVolumeNegativeTest:setUpClass): 201 POST http://10.180.1.21/identity/v3/projects 0.026s
2025-03-12 08:45:51.028 68636 INFO tempest.lib.common.rest_client [req-4ca163bb-eead-42ff-bcb6-f7145fe1ae53 req-4ca163bb-eead-42ff-bcb6-f7145fe1ae53 ] Request (ServersAdminNegativeTestJSON:setUpClass): 200 GET http://10.180.1.21/compute/v2.1/servers/d61b2c4f-942a-4e29-8cac-11bc0750605a 0.086s
2025-03-12 08:45:51.056 68610 INFO tempest.lib.common.rest_client [req-1d7b4952-b14b-4e43-8c47-8b97da9a0030 req-1d7b4952-b14b-4e43-8c47-8b97da9a0030 ] Request (ServersNegativeTestMultiTenantJSON:tearDownClass): 200 GET http://10.180.1.21/compute/v2.1/servers/6e947ed2-a6aa-42d4-b97e-31db33f6d5f9 0.072s
2025-03-12 08:45:51.075 68641 INFO tempest.lib.common.rest_client [req-aa254048-53be-4d7d-8cd2-7085e1b9ab94 req-aa254048-53be-4d7d-8cd2-7085e1b9ab94 ] Request (AttachVolumeNegativeTest:setUpClass): 201 POST http://10.180.1.21/identity/v3/users 0.051s
2025-03-12 08:45:51.078 68644 INFO tempest.lib.common.rest_client [req-d0b90aa2-e8d6-4cc3-a946-9ac410a93f29 req-d0b90aa2-e8d6-4cc3-a946-9ac410a93f29 ] Request (ImagesOneServerNegativeTestJSON:_run_cleanups): 200 GET http://10.180.1.21/compute/v2.1/servers/bf4e6484-d17d-4244-9163-1ef0012874b8 0.077s
2025-03-12 08:45:51.096 68641 INFO tempest.lib.common.rest_client [req-54a735c3-7237-4a9c-a3ce-0f8e7ea7e378 req-54a735c3-7237-4a9c-a3ce-0f8e7ea7e378 ] Request (AttachVolumeNegativeTest:setUpClass): 200 GET http://10.180.1.21/identity/v3/roles 0.020s
2025-03-12 08:45:51.103 68608 INFO tempest.lib.common.rest_client [req-57ba55eb-e022-4b78-8a30-503724a95d76 req-57ba55eb-e022-4b78-8a30-503724a95d76 ] Request (ServerMetadataTestJSON:setUpClass): 200 GET http://10.180.1.21/compute/v2.1/servers/05b94aa5-3efc-4790-9d98-c2658b8e8b4b 0.046s
2025-03-12 08:45:51.119 68641 INFO tempest.lib.common.rest_client [req-8c7a5ed2-4647-45bc-a199-85cede8afe54 req-8c7a5ed2-4647-45bc-a199-85cede8afe54 ] Request (AttachVolumeNegativeTest:setUpClass): 204 PUT http://10.180.1.21/identity/v3/projects/e02764848813428dbe0f88c32ad935ef/users/d4815a67fd1c410f82905f7ebe2a4c9f/roles/32693a8354b043ccb9aa746dc6177a01 0.023s
2025-03-12 08:45:51.120 68641 INFO tempest.lib.common.dynamic_creds [-] Dynamic test user d4815a67fd1c410f82905f7ebe2a4c9f is created with scope project and roles: ['member']
2025-03-12 08:45:51.120 68641 INFO tempest.lib.common.dynamic_creds [-] Acquired dynamic creds: credentials: Credentials: {'domain_id': 'default', 'domain_name': 'Default', 'username': 'tempest-AttachVolumeNegativeTest-1225197835-project-member', 'project_domain_id': 'default', 'project_domain_name': 'Default', 'project_id': 'e02764848813428dbe0f88c32ad935ef', 'project_name': 'tempest-AttachVolumeNegativeTest-1225197835', 'tenant_id': 'e02764848813428dbe0f88c32ad935ef', 'tenant_name': 'tempest-AttachVolumeNegativeTest-1225197835', 'user_domain_id': 'default', 'user_domain_name': 'Default', 'user_id': 'd4815a67fd1c410f82905f7ebe2a4c9f', 'system': None}, Network: None, Subnet: None, Router: None
2025-03-12 08:45:51.130 68614 INFO tempest.lib.common.rest_client [req-9291236f-f338-4a54-be48-6f8eb2070586 req-9291236f-f338-4a54-be48-6f8eb2070586 ] Request (VolumesAdminNegativeTest:tearDownClass): 200 GET http://10.180.1.21/compute/v2.1/servers/f927c34a-f155-4a1f-8151-b16a3cb3e9a1 0.064s
2025-03-12 08:45:51.169 68641 INFO tempest.lib.common.rest_client [req-9291fb0d-6001-4370-a7ea-9015f18f4759 req-9291fb0d-6001-4370-a7ea-9015f18f4759 ] Request (AttachVolumeNegativeTest:setUpClass): 201 POST http://10.180.1.21/identity/v3/auth/tokens 0.049s
2025-03-12 08:45:51.281 68622 INFO tempest.lib.common.rest_client [req-170ef1e3-2b56-49a7-a4f9-90ce01ed8483 req-170ef1e3-2b56-49a7-a4f9-90ce01ed8483 ] Request (ServersAdmin275Test:test_rebuild_update_server_275): 200 GET http://10.180.1.21/compute/v2.1/servers/a332b35f-4f96-4f8f-aa9a-d7fadf9ede53 0.054s
2025-03-12 08:45:51.347 68616 INFO tempest.lib.common.rest_client [req-3f5a24ad-a2cb-4679-a5ce-693cbbbbd480 req-3f5a24ad-a2cb-4679-a5ce-693cbbbbd480 ] Request (ImagesTestJSON:test_create_image_from_suspended_server): 200 GET http://10.180.1.21/compute/v2.1/servers/01a624d3-782d-44cf-8a4e-05a85ac91c64 0.064s
2025-03-12 08:45:51.413 68596 INFO tempest.lib.common.rest_client [req-7f97e4aa-6274-4a1a-997f-4381b4f91c00 req-7f97e4aa-6274-4a1a-997f-4381b4f91c00 ] Request (DeleteServersTestJSON:test_delete_active_server): 200 GET http://10.180.1.21/compute/v2.1/servers/1a604a32-78c1-49cf-bafd-e1dc94c8b3ae 0.072s
2025-03-12 08:45:51.457 68641 INFO tempest.lib.common.rest_client [req-706e1348-4c26-4e99-a44d-bdb3073d95e8 req-706e1348-4c26-4e99-a44d-bdb3073d95e8 ] Request (AttachVolumeNegativeTest:setUpClass): 201 POST http://10.180.1.21:9696/networking/v2.0/networks 0.287s
2025-03-12 08:45:51.472 68659 INFO tempest.lib.common.rest_client [req-813739ac-4432-4051-a95a-2902e76487a4 req-813739ac-4432-4051-a95a-2902e76487a4 ] Request (ServersTestMultiNic:test_verify_multiple_nics_order): 200 GET http://10.180.1.21/compute/v2.1/servers/d452e3d2-1590-4352-8406-31d85b2921f4 0.101s
2025-03-12 08:45:51.488 68602 INFO tempest.lib.common.rest_client [req-77c15a32-9d3e-4256-9232-0d81ae3d2ffb req-77c15a32-9d3e-4256-9232-0d81ae3d2ffb ] Request (ServerDiskConfigTestJSON:test_rebuild_server_with_auto_disk_config): 200 GET http://10.180.1.21/compute/v2.1/servers/d8eca7ac-744e-469c-9a87-901f0641f4f2 0.180s
2025-03-12 08:45:51.531 68626 INFO tempest.lib.common.rest_client [req-aa765029-7dfc-4e16-b1db-dd3392adce3d req-aa765029-7dfc-4e16-b1db-dd3392adce3d ] Request (FloatingIPsAssociationNegativeTestJSON:tearDownClass): 200 GET http://10.180.1.21/compute/v2.1/servers/1d16a5c5-981b-474e-8159-820ac6fcc42d 0.125s
2025-03-12 08:45:51.565 68612 INFO tempest.lib.common.rest_client [req-c9e895e3-2580-484d-a218-f08c1fa4a634 req-c9e895e3-2580-484d-a218-f08c1fa4a634 ] Request (ServersListShow296Test:test_list_show_update_rebuild_server_296): 200 GET http://10.180.1.21/compute/v2.1/servers/43f629d6-bdc3-4345-97ec-26ce2c9d7be7 0.119s
2025-03-12 08:45:51.591 68632 WARNING tempest.lib.common.ssh [-] Failed to establish authenticated ssh connection to cirros@10.180.180.145 ([Errno None] Unable to connect to port 22 on 10.180.180.145). Number attempts: 4. Retry after 5 seconds.: paramiko.ssh_exception.NoValidConnectionsError: [Errno None] Unable to connect to port 22 on 10.180.180.145
2025-03-12 08:45:51.631 68600 INFO tempest.lib.common.rest_client [req-e198f338-ce8c-433b-bcaf-48c39fab65aa req-e198f338-ce8c-433b-bcaf-48c39fab65aa ] Request (ServerRescueTestJSONUnderV235:tearDownClass): 200 GET http://10.180.1.21/compute/v2.1/servers/61392426-52b8-437e-ab3d-122d9335cd36 0.113s
2025-03-12 08:45:51.634 68630 INFO tempest.lib.common.rest_client [req-53c94d98-93f8-49bc-8529-c9b4e080ef88 req-53c94d98-93f8-49bc-8529-c9b4e080ef88 ] Request (ServerDiagnosticsTest:test_get_server_diagnostics): 200 GET http://10.180.1.21/compute/v2.1/servers/33f3fc4a-319b-4dd9-90b5-05ee5483ac7f 0.155s
2025-03-12 08:45:51.687 68618 INFO tempest.lib.common.rest_client [req-4156a893-9430-49d0-81b2-f2bd61582c0f req-4156a893-9430-49d0-81b2-f2bd61582c0f ] Request (ServerRescueNegativeTestJSON:setUpClass): 200 GET http://10.180.1.21/compute/v2.1/servers/cfaee7e2-6929-4d8c-8614-e19e0055f2fb 0.129s
2025-03-12 08:45:51.691 68598 INFO tempest.lib.common.rest_client [req-ef4a8728-da0d-4167-808e-759cfd43ab7d req-ef4a8728-da0d-4167-808e-759cfd43ab7d ] Request (ServersAdminTestJSON:test_inject_network_info): 200 GET http://10.180.1.21/compute/v2.1/servers/7858163d-8e68-4565-b1e0-ecd2e9be350d 0.117s
2025-03-12 08:45:51.747 68641 INFO tempest.lib.common.rest_client [req-44cc8b64-619f-415f-b2d8-c8a55c9cd2c5 req-44cc8b64-619f-415f-b2d8-c8a55c9cd2c5 ] Request (AttachVolumeNegativeTest:setUpClass): 201 POST http://10.180.1.21:9696/networking/v2.0/subnets 0.289s
2025-03-12 08:45:51.753 68638 INFO tempest.lib.common.rest_client [req-b8f289ca-775c-45b2-ba9b-e674a8afbae5 req-b8f289ca-775c-45b2-ba9b-e674a8afbae5 ] Request (ServerRescueTestJSON:test_rescue_unrescue_instance): 200 GET http://10.180.1.21/compute/v2.1/servers/f807e45c-76d8-46a6-a30b-011e7b8df6a4 0.118s
2025-03-12 08:45:51.816 68650 INFO tempest.lib.common.rest_client [req-43e8d540-b3ea-416e-923f-314b9c1bcb0a req-43e8d540-b3ea-416e-923f-314b9c1bcb0a ] Request (ServerTagsTestJSON:setUpClass): 200 GET http://10.180.1.21/compute/v2.1/servers/ed86ef15-1941-40c5-8178-344a7b401b58 0.122s
2025-03-12 08:45:51.883 68657 INFO tempest.lib.common.rest_client [req-da66a59f-9b62-41a3-bf2a-13c11de6bbd4 req-da66a59f-9b62-41a3-bf2a-13c11de6bbd4 ] Request (MigrationsAdminTest:test_resize_server_revert_deleted_flavor): 200 GET http://10.180.1.21/compute/v2.1/servers/665d932d-1068-4bb2-835c-2184a80753d1 0.111s
2025-03-12 08:45:51.900 68620 INFO tempest.lib.common.rest_client [req-a70b6875-79c0-494c-bd75-16f9d27e977f req-a70b6875-79c0-494c-bd75-16f9d27e977f ] Request (SecurityGroupsTestJSON:test_server_security_groups): 200 GET http://10.180.1.21/compute/v2.1/servers/4e157792-f910-492c-ab29-dd3f86cb96a8 0.273s
2025-03-12 08:45:51.909 68620 INFO tempest.common.waiters [-] State transition "BUILD/None" ==> "BUILD/networking" after 72 second wait
2025-03-12 08:45:52.295 68642 WARNING tempest.lib.common.ssh [-] Failed to establish authenticated ssh connection to cirros@10.180.180.235 ([Errno None] Unable to connect to port 22 on 10.180.180.235). Number attempts: 5. Retry after 6 seconds.: paramiko.ssh_exception.NoValidConnectionsError: [Errno None] Unable to connect to port 22 on 10.180.180.235
2025-03-12 08:45:52.433 68629 INFO tempest.lib.common.rest_client [req-fc6983a8-8ece-45f2-b195-b5f45b495009 req-fc6983a8-8ece-45f2-b195-b5f45b495009 ] Request (ServersTestBootFromVolume:setUpClass): 200 GET http://10.180.1.21/compute/v2.1/servers/e5565f0d-ed60-4ac8-bba1-ab46b337dd90 0.418s
2025-03-12 08:45:52.441 68629 INFO tempest.common.waiters [-] State transition "BUILD/block_device_mapping" ==> "BUILD/spawning" after 78 second wait
2025-03-12 08:45:52.508 68636 INFO tempest.lib.common.rest_client [req-4cfd9535-dc8a-4862-8a70-625cedaede5a req-4cfd9535-dc8a-4862-8a70-625cedaede5a ] Request (ServersAdminNegativeTestJSON:setUpClass): 200 GET http://10.180.1.21/compute/v2.1/servers/d61b2c4f-942a-4e29-8cac-11bc0750605a 0.471s
2025-03-12 08:45:52.530 68604 INFO tempest.lib.common.rest_client [req-7e6e57eb-b9de-4d37-b4c9-9eed2b92a918 req-7e6e57eb-b9de-4d37-b4c9-9eed2b92a918 ] Request (FloatingIPsAssociationTestJSON:setUpClass): 200 GET http://10.180.1.21/compute/v2.1/servers/b2e272b3-520a-4ef7-8141-a9d55739d6b9 0.537s
2025-03-12 08:45:52.577 68610 INFO tempest.lib.common.rest_client [req-2e45de77-b554-41d9-9fb1-74c8dbb0accf req-2e45de77-b554-41d9-9fb1-74c8dbb0accf ] Request (ServersNegativeTestMultiTenantJSON:tearDownClass): 200 GET http://10.180.1.21/compute/v2.1/servers/6e947ed2-a6aa-42d4-b97e-31db33f6d5f9 0.511s
2025-03-12 08:45:52.588 68644 INFO tempest.lib.common.rest_client [req-171a150a-5525-4a9e-ba0b-25ea208040c3 req-171a150a-5525-4a9e-ba0b-25ea208040c3 ] Request (ImagesOneServerNegativeTestJSON:_run_cleanups): 200 GET http://10.180.1.21/compute/v2.1/servers/bf4e6484-d17d-4244-9163-1ef0012874b8 0.501s
2025-03-12 08:45:52.627 68608 INFO tempest.lib.common.rest_client [req-321ae6e7-3ee8-495b-9db0-03e3170b009a req-321ae6e7-3ee8-495b-9db0-03e3170b009a ] Request (ServerMetadataTestJSON:setUpClass): 200 GET http://10.180.1.21/compute/v2.1/servers/05b94aa5-3efc-4790-9d98-c2658b8e8b4b 0.516s
2025-03-12 08:45:52.647 68614 INFO tempest.lib.common.rest_client [req-ed3121d8-6ce3-404e-a308-8f3d82a71ee8 req-ed3121d8-6ce3-404e-a308-8f3d82a71ee8 ] Request (VolumesAdminNegativeTest:tearDownClass): 200 GET http://10.180.1.21/compute/v2.1/servers/f927c34a-f155-4a1f-8151-b16a3cb3e9a1 0.510s
2025-03-12 08:45:52.705 68622 INFO tempest.lib.common.rest_client [req-27edb619-9e60-4ccc-915a-adbff0626f8e req-27edb619-9e60-4ccc-915a-adbff0626f8e ] Request (ServersAdmin275Test:test_rebuild_update_server_275): 200 GET http://10.180.1.21/compute/v2.1/servers/a332b35f-4f96-4f8f-aa9a-d7fadf9ede53 0.414s
2025-03-12 08:45:52.713 68616 INFO tempest.lib.common.rest_client [req-617fa0d6-d624-4f6d-ae87-24a21f38adf8 req-617fa0d6-d624-4f6d-ae87-24a21f38adf8 ] Request (ImagesTestJSON:test_create_image_from_suspended_server): 200 GET http://10.180.1.21/compute/v2.1/servers/01a624d3-782d-44cf-8a4e-05a85ac91c64 0.359s
2025-03-12 08:45:52.758 68596 INFO tempest.lib.common.rest_client [req-70e6b0d4-13a4-48f2-8a37-c9b4026c564a req-70e6b0d4-13a4-48f2-8a37-c9b4026c564a ] Request (DeleteServersTestJSON:test_delete_active_server): 200 GET http://10.180.1.21/compute/v2.1/servers/1a604a32-78c1-49cf-bafd-e1dc94c8b3ae 0.330s
2025-03-12 08:45:52.771 68659 INFO tempest.lib.common.rest_client [req-08f9e765-ebdf-43c1-bbb4-babdfe46a656 req-08f9e765-ebdf-43c1-bbb4-babdfe46a656 ] Request (ServersTestMultiNic:test_verify_multiple_nics_order): 200 GET http://10.180.1.21/compute/v2.1/servers/d452e3d2-1590-4352-8406-31d85b2921f4 0.286s
2025-03-12 08:45:52.843 68626 INFO tempest.lib.common.rest_client [req-635714b5-fb59-4d47-9f4c-c0e1f25e523c req-635714b5-fb59-4d47-9f4c-c0e1f25e523c ] Request (FloatingIPsAssociationNegativeTestJSON:tearDownClass): 200 GET http://10.180.1.21/compute/v2.1/servers/1d16a5c5-981b-474e-8159-820ac6fcc42d 0.303s
2025-03-12 08:45:52.902 68602 INFO tempest.lib.common.rest_client [req-27d62540-b29d-493a-beb3-546a9a34c589 req-27d62540-b29d-493a-beb3-546a9a34c589 ] Request (ServerDiskConfigTestJSON:test_rebuild_server_with_auto_disk_config): 200 GET http://10.180.1.21/compute/v2.1/servers/d8eca7ac-744e-469c-9a87-901f0641f4f2 0.402s
2025-03-12 08:45:52.918 68612 INFO tempest.lib.common.rest_client [req-7965282d-a6e6-45cc-a790-b2a8c1116fb2 req-7965282d-a6e6-45cc-a790-b2a8c1116fb2 ] Request (ServersListShow296Test:test_list_show_update_rebuild_server_296): 200 GET http://10.180.1.21/compute/v2.1/servers/43f629d6-bdc3-4345-97ec-26ce2c9d7be7 0.339s
2025-03-12 08:45:52.982 68600 INFO tempest.lib.common.rest_client [req-a6e719ef-283b-4e79-a3b8-3e0690bc4420 req-a6e719ef-283b-4e79-a3b8-3e0690bc4420 ] Request (ServerRescueTestJSONUnderV235:tearDownClass): 200 GET http://10.180.1.21/compute/v2.1/servers/61392426-52b8-437e-ab3d-122d9335cd36 0.343s
2025-03-12 08:45:52.987 68630 INFO tempest.lib.common.rest_client [req-ee162b96-33c9-40d8-b1ba-06d0634553f9 req-ee162b96-33c9-40d8-b1ba-06d0634553f9 ] Request (ServerDiagnosticsTest:test_get_server_diagnostics): 200 GET http://10.180.1.21/compute/v2.1/servers/33f3fc4a-319b-4dd9-90b5-05ee5483ac7f 0.338s
2025-03-12 08:45:53.045 68598 INFO tempest.lib.common.rest_client [req-ccf2eaa4-ac3b-414d-9586-c3cb79b17d9f req-ccf2eaa4-ac3b-414d-9586-c3cb79b17d9f ] Request (ServersAdminTestJSON:test_inject_network_info): 200 GET http://10.180.1.21/compute/v2.1/servers/7858163d-8e68-4565-b1e0-ecd2e9be350d 0.340s
2025-03-12 08:45:53.046 68618 INFO tempest.lib.common.rest_client [req-f763ec96-733b-4a07-b7f6-e5771a8dc989 req-f763ec96-733b-4a07-b7f6-e5771a8dc989 ] Request (ServerRescueNegativeTestJSON:setUpClass): 200 GET http://10.180.1.21/compute/v2.1/servers/cfaee7e2-6929-4d8c-8614-e19e0055f2fb 0.351s
2025-03-12 08:45:53.130 68638 INFO tempest.lib.common.rest_client [req-daf7cc81-f609-44a0-aa47-2aedf292437d req-daf7cc81-f609-44a0-aa47-2aedf292437d ] Request (ServerRescueTestJSON:test_rescue_unrescue_instance): 200 GET http://10.180.1.21/compute/v2.1/servers/f807e45c-76d8-46a6-a30b-011e7b8df6a4 0.369s
2025-03-12 08:45:53.133 68650 INFO tempest.lib.common.rest_client [req-d53125a8-866d-4b0c-81e0-e4c4451e633a req-d53125a8-866d-4b0c-81e0-e4c4451e633a ] Request (ServerTagsTestJSON:setUpClass): 200 GET http://10.180.1.21/compute/v2.1/servers/ed86ef15-1941-40c5-8178-344a7b401b58 0.303s
2025-03-12 08:45:53.218 68657 INFO tempest.lib.common.rest_client [req-25f925cd-4374-48ec-a4e6-4f0c11f7f868 req-25f925cd-4374-48ec-a4e6-4f0c11f7f868 ] Request (MigrationsAdminTest:test_resize_server_revert_deleted_flavor): 200 GET http://10.180.1.21/compute/v2.1/servers/665d932d-1068-4bb2-835c-2184a80753d1 0.326s
2025-03-12 08:45:53.226 68641 INFO tempest.lib.common.rest_client [req-0ff1b303-b4ed-489e-a47b-758fee103813 req-0ff1b303-b4ed-489e-a47b-758fee103813 ] Request (AttachVolumeNegativeTest:setUpClass): 201 POST http://10.180.1.21:9696/networking/v2.0/routers 1.478s
2025-03-12 08:45:53.295 68620 INFO tempest.lib.common.rest_client [req-6e2dfae2-9f0a-4f70-aad1-18e7a1eaada9 req-6e2dfae2-9f0a-4f70-aad1-18e7a1eaada9 ] Request (SecurityGroupsTestJSON:test_server_security_groups): 200 GET http://10.180.1.21/compute/v2.1/servers/4e157792-f910-492c-ab29-dd3f86cb96a8 0.386s
2025-03-12 08:45:53.304 68620 INFO tempest.common.waiters [-] State transition "BUILD/networking" ==> "BUILD/spawning" after 74 second wait
2025-03-12 08:45:53.565 68629 INFO tempest.lib.common.rest_client [req-ee37aa9b-dcd0-4415-902a-9acc4e23daa5 req-ee37aa9b-dcd0-4415-902a-9acc4e23daa5 ] Request (ServersTestBootFromVolume:setUpClass): 200 GET http://10.180.1.21/compute/v2.1/servers/e5565f0d-ed60-4ac8-bba1-ab46b337dd90 0.123s
2025-03-12 08:45:53.591 68636 INFO tempest.lib.common.rest_client [req-e95dd73e-84a6-40a6-aab8-cff8e89aa102 req-e95dd73e-84a6-40a6-aab8-cff8e89aa102 ] Request (ServersAdminNegativeTestJSON:setUpClass): 200 GET http://10.180.1.21/compute/v2.1/servers/d61b2c4f-942a-4e29-8cac-11bc0750605a 0.076s
2025-03-12 08:45:53.638 68610 INFO tempest.lib.common.rest_client [req-fc11d2e2-2968-42d5-bcf6-86a14134534c req-fc11d2e2-2968-42d5-bcf6-86a14134534c ] Request (ServersNegativeTestMultiTenantJSON:tearDownClass): 404 GET http://10.180.1.21/compute/v2.1/servers/6e947ed2-a6aa-42d4-b97e-31db33f6d5f9 0.051s
2025-03-12 08:45:53.717 68644 INFO tempest.lib.common.rest_client [req-034c3209-9b0a-4f4f-9ee6-94bcafee5928 req-034c3209-9b0a-4f4f-9ee6-94bcafee5928 ] Request (ImagesOneServerNegativeTestJSON:_run_cleanups): 200 GET http://10.180.1.21/compute/v2.1/servers/bf4e6484-d17d-4244-9163-1ef0012874b8 0.121s
2025-03-12 08:45:53.733 68604 INFO tempest.lib.common.rest_client [req-8db3ef1d-400e-43c5-bce8-ae6b676725ef req-8db3ef1d-400e-43c5-bce8-ae6b676725ef ] Request (FloatingIPsAssociationTestJSON:setUpClass): 200 GET http://10.180.1.21/compute/v2.1/servers/b2e272b3-520a-4ef7-8141-a9d55739d6b9 0.189s
2025-03-12 08:45:53.776 68608 INFO tempest.lib.common.rest_client [req-a0716a95-76a8-4121-a4a3-2f4bbe0ff80f req-a0716a95-76a8-4121-a4a3-2f4bbe0ff80f ] Request (ServerMetadataTestJSON:setUpClass): 200 GET http://10.180.1.21/compute/v2.1/servers/05b94aa5-3efc-4790-9d98-c2658b8e8b4b 0.140s
2025-03-12 08:45:53.805 68614 INFO tempest.lib.common.rest_client [req-5113229a-f4c3-43bf-90ec-2b686fbe3ad5 req-5113229a-f4c3-43bf-90ec-2b686fbe3ad5 ] Request (VolumesAdminNegativeTest:tearDownClass): 200 GET http://10.180.1.21/compute/v2.1/servers/f927c34a-f155-4a1f-8151-b16a3cb3e9a1 0.149s
2025-03-12 08:45:53.846 68622 INFO tempest.lib.common.rest_client [req-88d281cb-da8c-4526-a426-02328dd606bf req-88d281cb-da8c-4526-a426-02328dd606bf ] Request (ServersAdmin275Test:test_rebuild_update_server_275): 200 GET http://10.180.1.21/compute/v2.1/servers/a332b35f-4f96-4f8f-aa9a-d7fadf9ede53 0.127s
2025-03-12 08:45:53.883 68616 INFO tempest.lib.common.rest_client [req-f9f1121a-a55f-4240-8f7a-f8542c76dbba req-f9f1121a-a55f-4240-8f7a-f8542c76dbba ] Request (ImagesTestJSON:test_create_image_from_suspended_server): 200 GET http://10.180.1.21/compute/v2.1/servers/01a624d3-782d-44cf-8a4e-05a85ac91c64 0.162s
2025-03-12 08:45:53.942 68596 INFO tempest.lib.common.rest_client [req-e714eb2a-cf54-45ec-b927-1b816455c205 req-e714eb2a-cf54-45ec-b927-1b816455c205 ] Request (DeleteServersTestJSON:test_delete_active_server): 200 GET http://10.180.1.21/compute/v2.1/servers/1a604a32-78c1-49cf-bafd-e1dc94c8b3ae 0.176s
2025-03-12 08:45:53.958 68659 INFO tempest.lib.common.rest_client [req-244382f9-7ed0-4b2b-9682-0216f096bf1c req-244382f9-7ed0-4b2b-9682-0216f096bf1c ] Request (ServersTestMultiNic:test_verify_multiple_nics_order): 200 GET http://10.180.1.21/compute/v2.1/servers/d452e3d2-1590-4352-8406-31d85b2921f4 0.179s
