2025-03-12 08:46:37.809 68614 INFO tempest.lib.common.rest_client [req-3d15dc62-64ea-40c6-a795-d512722362c6 req-3d15dc62-64ea-40c6-a795-d512722362c6 ] Request (ServersNegativeTestJSON:setUpClass): 200 GET http://10.180.1.21/compute/v2.1/servers/daccaa30-1011-4c7d-a668-05f9329ab4d5 0.187s
2025-03-12 08:46:37.846 68604 INFO tempest.lib.common.rest_client [req-7ad12837-af9c-4885-88c1-e971146b9dbc req-7ad12837-af9c-4885-88c1-e971146b9dbc ] Request (FloatingIPsAssociationTestJSON:test_associate_already_associated_floating_ip): 200 GET http://10.180.1.21/compute/v2.1/servers/0daf31be-c547-46ae-aa91-f99e191e1c76 0.064s
2025-03-12 08:46:37.902 68644 INFO tempest.lib.common.rest_client [req-855a9f24-cff5-4b58-96ba-3f31b48b768c req-855a9f24-cff5-4b58-96ba-3f31b48b768c ] Request (ImagesOneServerNegativeTestJSON:_run_cleanups): 200 GET http://10.180.1.21/compute/v2.1/servers/0b0cb2c2-d9b0-4d2c-a4f9-1cde94e4169a 0.052s
2025-03-12 08:46:37.957 68616 INFO tempest.lib.common.rest_client [req-e35751e0-b3ff-4417-83bd-83165a8a9c95 req-e35751e0-b3ff-4417-83bd-83165a8a9c95 ] Request (ImagesTestJSON:test_create_server_from_snapshot): 200 GET http://10.180.1.21/compute/v2.1/servers/67466e30-5944-490c-a89b-2d32c59525be 0.052s
2025-03-12 08:46:37.991 68606 WARNING tempest.lib.common.ssh [-] Failed to establish authenticated ssh connection to cirros@10.180.180.159 ([Errno None] Unable to connect to port 22 on 10.180.180.159). Number attempts: 12. Retry after 13 seconds.: paramiko.ssh_exception.NoValidConnectionsError: [Errno None] Unable to connect to port 22 on 10.180.180.159
2025-03-12 08:46:38.014 68630 INFO tempest.lib.common.rest_client [req-0de1b3c0-dbcf-4b90-a49e-7a12636a3346 req-0de1b3c0-dbcf-4b90-a49e-7a12636a3346 ] Request (ServerDiagnosticsTest:tearDownClass): 200 GET http://10.180.1.21/compute/v2.1/servers/33f3fc4a-319b-4dd9-90b5-05ee5483ac7f 0.061s
2025-03-12 08:46:38.030 68657 INFO tempest.lib.common.rest_client [req-a189a1d0-1f8e-4d2b-a34b-3cc84472e409 req-a189a1d0-1f8e-4d2b-a34b-3cc84472e409 ] Request (MigrationsAdminTest:test_resize_server_revert_deleted_flavor): 200 GET http://10.180.1.21/compute/v2.1/servers/665d932d-1068-4bb2-835c-2184a80753d1 0.099s
2025-03-12 08:46:38.110 68626 INFO tempest.lib.common.rest_client [req-689b5aa2-77d6-40a5-98e6-07e59b847535 req-689b5aa2-77d6-40a5-98e6-07e59b847535 ] Request (ServersListShow2100Test:test_list_show_rebuild_update_server_2100): 200 GET http://10.180.1.21/compute/v2.1/servers/b45f310f-e614-47db-9f6e-f35dd481137c 0.063s
2025-03-12 08:46:38.119 68641 INFO tempest.lib.common.rest_client [req-448bff2a-a16d-4bf3-a55f-d36a2a4bfc52 req-448bff2a-a16d-4bf3-a55f-d36a2a4bfc52 ] Request (AttachVolumeNegativeTest:test_attach_attached_volume_to_different_server): 200 GET http://10.180.1.21/compute/v2.1/servers/c62a0d0e-8869-482a-a687-c628b96d6e22 0.061s
2025-03-12 08:46:38.231 68622 INFO tempest.lib.common.rest_client [req-381583f9-c077-4307-ab2d-7a1b9ac67fc5 req-381583f9-c077-4307-ab2d-7a1b9ac67fc5 ] Request (ServersAdmin275Test:tearDownClass): 200 GET http://10.180.1.21/compute/v2.1/servers/a332b35f-4f96-4f8f-aa9a-d7fadf9ede53 0.060s
2025-03-12 08:46:38.236 68608 INFO tempest.lib.common.rest_client [req-cb100ef9-cae9-43a2-a781-e82fff0f0540 req-cb100ef9-cae9-43a2-a781-e82fff0f0540 ] Request (ServerMetadataTestJSON:tearDownClass): 200 GET http://10.180.1.21/compute/v2.1/servers/05b94aa5-3efc-4790-9d98-c2658b8e8b4b 0.060s
2025-03-12 08:46:38.290 68659 INFO tempest.lib.common.rest_client [req-dbe5d292-3126-4562-9114-629dd8f1a23b req-dbe5d292-3126-4562-9114-629dd8f1a23b ] Request (ServersTestMultiNic:_run_cleanups): 200 GET http://10.180.1.21/compute/v2.1/servers/d452e3d2-1590-4352-8406-31d85b2921f4 0.053s
2025-03-12 08:46:38.310 68625 WARNING tempest.lib.common.ssh [-] Failed to establish authenticated ssh connection to cirros@10.180.180.252 ([Errno None] Unable to connect to port 22 on 10.180.180.252). Number attempts: 9. Retry after 10 seconds.: paramiko.ssh_exception.NoValidConnectionsError: [Errno None] Unable to connect to port 22 on 10.180.180.252
2025-03-12 08:46:38.539 68618 INFO tempest.lib.common.rest_client [req-f36dda3b-88e3-411c-8cc1-4091556a2007 req-f36dda3b-88e3-411c-8cc1-4091556a2007 ] Request (ServerRescueNegativeTestJSON:setUpClass): 200 GET http://10.180.1.21/compute/v2.1/servers/cfaee7e2-6929-4d8c-8614-e19e0055f2fb 0.095s
2025-03-12 08:46:38.577 68602 INFO tempest.lib.common.rest_client [req-b753f9b6-c2ca-4322-a322-cb3519f1aa47 req-b753f9b6-c2ca-4322-a322-cb3519f1aa47 ] Request (ServerDiskConfigTestJSON:test_rebuild_server_with_manual_disk_config): 200 GET http://10.180.1.21/compute/v2.1/servers/4021edd3-346e-44e5-9419-38181cc91c6a 0.061s
2025-03-12 08:46:38.643 68638 INFO tempest.lib.common.rest_client [req-cb05824e-d79a-4ecd-8f00-20041c814435 req-cb05824e-d79a-4ecd-8f00-20041c814435 ] Request (ServerRescueTestJSON:test_rescue_unrescue_instance): 200 GET http://10.180.1.21/compute/v2.1/servers/f807e45c-76d8-46a6-a30b-011e7b8df6a4 0.075s
2025-03-12 08:46:38.918 68598 INFO tempest.lib.common.rest_client [req-61472f71-08a0-4878-b495-ce3615c75011 req-61472f71-08a0-4878-b495-ce3615c75011 ] Request (ServersAdminTestJSON:_run_cleanups): 200 GET http://10.180.1.21/compute/v2.1/servers/50e08259-7915-49bb-b137-5cc6e9d53c16 0.390s
2025-03-12 08:46:38.926 68598 INFO tempest.common.waiters [-] State transition "REBUILD/rebuilding" ==> "REBUILD/rebuild_spawning" after 3 second wait
2025-03-12 08:46:38.930 68620 INFO tempest.lib.common.rest_client [req-6da28722-9822-4682-8b1d-54b1619d6d79 req-6da28722-9822-4682-8b1d-54b1619d6d79 ] Request (SecurityGroupsTestJSON:test_server_security_groups): 200 GET http://10.180.1.21/compute/v2.1/servers/4e157792-f910-492c-ab29-dd3f86cb96a8 0.292s
2025-03-12 08:46:38.995 68612 INFO tempest.lib.common.rest_client [req-b9d2461c-69a0-4521-8876-111f9e14db00 req-b9d2461c-69a0-4521-8876-111f9e14db00 ] Request (ServersListShow296Test:tearDownClass): 200 GET http://10.180.1.21/compute/v2.1/servers/43f629d6-bdc3-4345-97ec-26ce2c9d7be7 0.296s
2025-03-12 08:46:39.032 68650 INFO tempest.lib.common.rest_client [req-c07d9e6d-b5a2-40c0-ae90-b96ef3c5cf92 req-c07d9e6d-b5a2-40c0-ae90-b96ef3c5cf92 ] Request (ServerTagsTestJSON:setUpClass): 200 GET http://10.180.1.21/compute/v2.1/servers/ed86ef15-1941-40c5-8178-344a7b401b58 0.325s
2025-03-12 08:46:39.045 68650 INFO tempest.common.waiters [-] State transition "BUILD/networking" ==> "BUILD/spawning" after 66 second wait
2025-03-12 08:46:39.046 68610 INFO tempest.lib.common.rest_client [req-2c468ddf-3eb1-4805-8c07-8e4bc5f8228c req-2c468ddf-3eb1-4805-8c07-8e4bc5f8228c ] Request (AttachVolumeTestJSON:test_attach_detach_volume): 200 GET http://10.180.1.21/compute/v2.1/servers/e3763645-5a78-4929-98a3-108e72071211 0.281s
2025-03-12 08:46:39.099 68596 INFO tempest.lib.common.rest_client [req-dd8fe56a-617e-455b-95ec-7f19c41683aa req-dd8fe56a-617e-455b-95ec-7f19c41683aa ] Request (DeleteServersTestJSON:test_delete_active_server): 200 GET http://10.180.1.21/compute/v2.1/servers/1a604a32-78c1-49cf-bafd-e1dc94c8b3ae 0.332s
2025-03-12 08:46:39.118 68636 INFO tempest.lib.common.rest_client [req-2713e0c5-9e90-4e5d-a474-44b692486413 req-2713e0c5-9e90-4e5d-a474-44b692486413 ] Request (ServersAdminNegativeTestJSON:setUpClass): 200 GET http://10.180.1.21/compute/v2.1/servers/d61b2c4f-942a-4e29-8cac-11bc0750605a 0.307s
2025-03-12 08:46:39.155 68614 INFO tempest.lib.common.rest_client [req-464a1b75-e20a-46a5-8b07-76e85e646a61 req-464a1b75-e20a-46a5-8b07-76e85e646a61 ] Request (ServersNegativeTestJSON:setUpClass): 200 GET http://10.180.1.21/compute/v2.1/servers/daccaa30-1011-4c7d-a668-05f9329ab4d5 0.339s
2025-03-12 08:46:39.172 68604 INFO tempest.lib.common.rest_client [req-e28c1667-400c-43f0-8ee6-42dfdc759a30 req-e28c1667-400c-43f0-8ee6-42dfdc759a30 ] Request (FloatingIPsAssociationTestJSON:test_associate_already_associated_floating_ip): 200 GET http://10.180.1.21/compute/v2.1/servers/0daf31be-c547-46ae-aa91-f99e191e1c76 0.315s
2025-03-12 08:46:39.201 68644 INFO tempest.lib.common.rest_client [req-5234352d-b72e-40a7-a39f-cf2a17f51257 req-5234352d-b72e-40a7-a39f-cf2a17f51257 ] Request (ImagesOneServerNegativeTestJSON:_run_cleanups): 200 GET http://10.180.1.21/compute/v2.1/servers/0b0cb2c2-d9b0-4d2c-a4f9-1cde94e4169a 0.291s
2025-03-12 08:46:39.215 68616 INFO tempest.lib.common.rest_client [req-54405792-4784-4d47-b536-0a2bf7a6e7ac req-54405792-4784-4d47-b536-0a2bf7a6e7ac ] Request (ImagesTestJSON:test_create_server_from_snapshot): 200 GET http://10.180.1.21/compute/v2.1/servers/67466e30-5944-490c-a89b-2d32c59525be 0.251s
2025-03-12 08:46:39.218 68630 INFO tempest.lib.common.rest_client [req-037c494a-6af8-4070-a96c-44fb7993fe67 req-037c494a-6af8-4070-a96c-44fb7993fe67 ] Request (ServerDiagnosticsTest:tearDownClass): 404 GET http://10.180.1.21/compute/v2.1/servers/33f3fc4a-319b-4dd9-90b5-05ee5483ac7f 0.196s
2025-03-12 08:46:39.292 68626 INFO tempest.lib.common.rest_client [req-2e489d63-65dd-4b99-9903-24b2909acecf req-2e489d63-65dd-4b99-9903-24b2909acecf ] Request (ServersListShow2100Test:test_list_show_rebuild_update_server_2100): 200 GET http://10.180.1.21/compute/v2.1/servers/b45f310f-e614-47db-9f6e-f35dd481137c 0.167s
2025-03-12 08:46:39.304 68657 INFO tempest.lib.common.rest_client [req-db878437-8acd-4ee0-8c23-49142156c427 req-db878437-8acd-4ee0-8c23-49142156c427 ] Request (MigrationsAdminTest:test_resize_server_revert_deleted_flavor): 200 GET http://10.180.1.21/compute/v2.1/servers/665d932d-1068-4bb2-835c-2184a80753d1 0.266s
2025-03-12 08:46:39.307 68630 INFO tempest.lib.common.rest_client [req-516b23f2-485f-4417-8923-e56b67af6f02 req-516b23f2-485f-4417-8923-e56b67af6f02 ] Request (ServerDiagnosticsTest:tearDownClass): 204 DELETE http://10.180.1.21/identity/v3/users/8eea669f41a64511ad4a642e0501426e 0.088s
2025-03-12 08:46:39.312 68657 INFO tempest.common.waiters [-] State transition "BUILD/spawning" ==> "ACTIVE/None" after 73 second wait
2025-03-12 08:46:39.338 68641 INFO tempest.lib.common.rest_client [req-0222f7fc-c6b0-4227-956f-be6ebb9fc531 req-0222f7fc-c6b0-4227-956f-be6ebb9fc531 ] Request (AttachVolumeNegativeTest:test_attach_attached_volume_to_different_server): 200 GET http://10.180.1.21/compute/v2.1/servers/c62a0d0e-8869-482a-a687-c628b96d6e22 0.212s
2025-03-12 08:46:39.360 68622 INFO tempest.lib.common.rest_client [req-e44ee902-514b-4fac-be88-aec966dfae9e req-e44ee902-514b-4fac-be88-aec966dfae9e ] Request (ServersAdmin275Test:tearDownClass): 200 GET http://10.180.1.21/compute/v2.1/servers/a332b35f-4f96-4f8f-aa9a-d7fadf9ede53 0.119s
2025-03-12 08:46:39.382 68629 WARNING tempest.lib.common.ssh [-] Failed to establish authenticated ssh connection to cirros@10.180.180.132 ([Errno None] Unable to connect to port 22 on 10.180.180.132). Number attempts: 6. Retry after 7 seconds.: paramiko.ssh_exception.NoValidConnectionsError: [Errno None] Unable to connect to port 22 on 10.180.180.132
2025-03-12 08:46:39.405 68608 INFO tempest.lib.common.rest_client [req-a8f602e3-ecdf-4fff-a4ac-3916013f6984 req-a8f602e3-ecdf-4fff-a4ac-3916013f6984 ] Request (ServerMetadataTestJSON:tearDownClass): 200 GET http://10.180.1.21/compute/v2.1/servers/05b94aa5-3efc-4790-9d98-c2658b8e8b4b 0.160s
2025-03-12 08:46:39.413 68630 INFO tempest.lib.common.rest_client [req-e64712ea-22bd-446e-b948-8a4932bb336f req-e64712ea-22bd-446e-b948-8a4932bb336f ] Request (ServerDiagnosticsTest:tearDownClass): 204 DELETE http://10.180.1.21/identity/v3/users/80957547bd2b47df935789c44fd0ea46 0.106s
2025-03-12 08:46:39.413 68630 INFO tempest.lib.common.dynamic_creds [-] Deleting project and security group for project: baf34b7de826460bbfd545770af9e534
2025-03-12 08:46:39.420 68659 INFO tempest.lib.common.rest_client [req-5a87bc3a-66e3-4010-b387-c616231e8f3e req-5a87bc3a-66e3-4010-b387-c616231e8f3e ] Request (ServersTestMultiNic:_run_cleanups): 200 GET http://10.180.1.21/compute/v2.1/servers/d452e3d2-1590-4352-8406-31d85b2921f4 0.122s
2025-03-12 08:46:39.468 68630 INFO tempest.lib.common.rest_client [req-9ba63e78-02d8-4e4f-a68d-73548be560bf req-9ba63e78-02d8-4e4f-a68d-73548be560bf ] Request (ServerDiagnosticsTest:tearDownClass): 201 POST http://10.180.1.21/identity/v3/auth/tokens 0.054s
2025-03-12 08:46:39.494 68657 INFO tempest.lib.common.rest_client [req-b5444562-1f05-4504-b9a6-38c0ae4d9f69 req-b5444562-1f05-4504-b9a6-38c0ae4d9f69 ] Request (MigrationsAdminTest:test_resize_server_revert_deleted_flavor): 200 GET http://10.180.1.21/compute/v2.1/servers/665d932d-1068-4bb2-835c-2184a80753d1 0.181s
2025-03-12 08:46:39.553 68657 INFO tempest.lib.common.rest_client [req-7b108ca8-864b-4740-9f32-9d7d45faa0e2 req-7b108ca8-864b-4740-9f32-9d7d45faa0e2 ] Request (MigrationsAdminTest:test_resize_server_revert_deleted_flavor): 202 DELETE http://10.180.1.21/compute/v2.1/flavors/1a90e579-85e0-4e3b-aa60-125e40db2a15 0.048s
2025-03-12 08:46:39.578 68657 INFO tempest.lib.common.rest_client [req-c260c5ca-80c0-40c6-a3fd-1d3f33bc8362 req-c260c5ca-80c0-40c6-a3fd-1d3f33bc8362 ] Request (MigrationsAdminTest:test_resize_server_revert_deleted_flavor): 200 GET http://10.180.1.21/compute/v2.1/flavors/detail 0.024s
2025-03-12 08:46:39.597 68630 INFO tempest.lib.common.rest_client [req-7d4fceb8-463c-4a9e-8c98-7669badc8ab4 req-7d4fceb8-463c-4a9e-8c98-7669badc8ab4 ] Request (ServerDiagnosticsTest:tearDownClass): 200 GET http://10.180.1.21:9696/networking/v2.0/security-groups?tenant_id=baf34b7de826460bbfd545770af9e534&name=default 0.129s
2025-03-12 08:46:39.681 68630 INFO tempest.lib.common.rest_client [req-62db5100-74e6-4d70-b191-172a2c648637 req-62db5100-74e6-4d70-b191-172a2c648637 ] Request (ServerDiagnosticsTest:tearDownClass): 204 DELETE http://10.180.1.21:9696/networking/v2.0/security-groups/07caac44-3d70-4455-9d29-0669a8c2c2e6 0.084s
2025-03-12 08:46:39.691 68618 INFO tempest.lib.common.rest_client [req-cae0016c-b86a-40e9-af72-42eabf379068 req-cae0016c-b86a-40e9-af72-42eabf379068 ] Request (ServerRescueNegativeTestJSON:setUpClass): 200 GET http://10.180.1.21/compute/v2.1/servers/cfaee7e2-6929-4d8c-8614-e19e0055f2fb 0.143s
2025-03-12 08:46:39.744 68602 INFO tempest.lib.common.rest_client [req-86982c51-4151-4ac8-adda-3beebc687abe req-86982c51-4151-4ac8-adda-3beebc687abe ] Request (ServerDiskConfigTestJSON:test_rebuild_server_with_manual_disk_config): 200 GET http://10.180.1.21/compute/v2.1/servers/4021edd3-346e-44e5-9419-38181cc91c6a 0.158s
2025-03-12 08:46:39.754 68630 INFO tempest.lib.common.rest_client [req-e5a9c2e3-a93c-41b5-abbc-221e68a8fee2 req-e5a9c2e3-a93c-41b5-abbc-221e68a8fee2 ] Request (ServerDiagnosticsTest:tearDownClass): 204 DELETE http://10.180.1.21/identity/v3/projects/baf34b7de826460bbfd545770af9e534 0.071s
2025-03-12 08:46:39.754 68630 INFO tempest.lib.common.dynamic_creds [-] Deleting project and security group for project: 78ab29b32edc4811b8be195d5c42424e
2025-03-12 08:46:39.778 68657 INFO tempest.lib.common.rest_client [req-04d1cf09-42e0-40e5-bea1-16e7a40a02ed req-04d1cf09-42e0-40e5-bea1-16e7a40a02ed ] Request (MigrationsAdminTest:test_resize_server_revert_deleted_flavor): 202 POST http://10.180.1.21/compute/v2.1/servers/665d932d-1068-4bb2-835c-2184a80753d1/action 0.194s
2025-03-12 08:46:39.803 68638 INFO tempest.lib.common.rest_client [req-2dbdf9e7-dc63-4f26-af80-31953052e364 req-2dbdf9e7-dc63-4f26-af80-31953052e364 ] Request (ServerRescueTestJSON:test_rescue_unrescue_instance): 200 GET http://10.180.1.21/compute/v2.1/servers/f807e45c-76d8-46a6-a30b-011e7b8df6a4 0.150s
2025-03-12 08:46:39.904 68630 INFO tempest.lib.common.rest_client [req-01912405-67b4-4435-8f2c-55d445970c94 req-01912405-67b4-4435-8f2c-55d445970c94 ] Request (ServerDiagnosticsTest:tearDownClass): 200 GET http://10.180.1.21:9696/networking/v2.0/security-groups?tenant_id=78ab29b32edc4811b8be195d5c42424e&name=default 0.150s
2025-03-12 08:46:39.955 68657 INFO tempest.lib.common.rest_client [req-b97eadba-aed4-4b1c-a40a-2e73ceb1bf04 req-b97eadba-aed4-4b1c-a40a-2e73ceb1bf04 ] Request (MigrationsAdminTest:test_resize_server_revert_deleted_flavor): 200 GET http://10.180.1.21/compute/v2.1/servers/665d932d-1068-4bb2-835c-2184a80753d1 0.177s
2025-03-12 08:46:40.007 68630 INFO tempest.lib.common.rest_client [req-08139009-f9b0-4bd2-95b5-daa0884784e8 req-08139009-f9b0-4bd2-95b5-daa0884784e8 ] Request (ServerDiagnosticsTest:tearDownClass): 204 DELETE http://10.180.1.21:9696/networking/v2.0/security-groups/bcaac481-bca7-486e-83b0-1a0d8e6adca3 0.102s
2025-03-12 08:46:40.023 68620 INFO tempest.lib.common.rest_client [req-51bd6030-18ce-43ec-85b2-0da28dadcc8f req-51bd6030-18ce-43ec-85b2-0da28dadcc8f ] Request (SecurityGroupsTestJSON:test_server_security_groups): 200 GET http://10.180.1.21/compute/v2.1/servers/4e157792-f910-492c-ab29-dd3f86cb96a8 0.086s
2025-03-12 08:46:40.038 68598 INFO tempest.lib.common.rest_client [req-5ba55724-26a4-48fc-ab70-3229f7c0d0da req-5ba55724-26a4-48fc-ab70-3229f7c0d0da ] Request (ServersAdminTestJSON:_run_cleanups): 200 GET http://10.180.1.21/compute/v2.1/servers/50e08259-7915-49bb-b137-5cc6e9d53c16 0.112s
2025-03-12 08:46:40.095 68612 INFO tempest.lib.common.rest_client [req-a478d1d0-8c7c-41e7-b464-5ee947f69c80 req-a478d1d0-8c7c-41e7-b464-5ee947f69c80 ] Request (ServersListShow296Test:tearDownClass): 200 GET http://10.180.1.21/compute/v2.1/servers/43f629d6-bdc3-4345-97ec-26ce2c9d7be7 0.087s
2025-03-12 08:46:40.140 68630 INFO tempest.lib.common.rest_client [req-178a233e-f897-4890-838a-7769e81c1aa4 req-178a233e-f897-4890-838a-7769e81c1aa4 ] Request (ServerDiagnosticsTest:tearDownClass): 204 DELETE http://10.180.1.21/identity/v3/projects/78ab29b32edc4811b8be195d5c42424e 0.133s
2025-03-12 08:46:40.153 68610 INFO tempest.lib.common.rest_client [req-d870674e-ba56-41e7-9ea8-6c4fa7f69754 req-d870674e-ba56-41e7-9ea8-6c4fa7f69754 ] Request (AttachVolumeTestJSON:test_attach_detach_volume): 200 GET http://10.180.1.21/compute/v2.1/servers/e3763645-5a78-4929-98a3-108e72071211 0.098s
2025-03-12 08:46:40.161 68610 INFO tempest.common.waiters [-] State transition "BUILD/scheduling" ==> "BUILD/None" after 36 second wait
2025-03-12 08:46:40.176 68650 INFO tempest.lib.common.rest_client [req-78beb9ae-b3f6-42f6-b676-b1b787cfd67d req-78beb9ae-b3f6-42f6-b676-b1b787cfd67d ] Request (ServerTagsTestJSON:setUpClass): 200 GET http://10.180.1.21/compute/v2.1/servers/ed86ef15-1941-40c5-8178-344a7b401b58 0.129s
2025-03-12 08:46:40.227 68630 INFO tempest.lib.common.rest_client [req-924ff618-dd84-499c-a9ed-4a102e2687f0 req-924ff618-dd84-499c-a9ed-4a102e2687f0 ] Request (ListImageFiltersTestJSON:setUpClass): 201 POST http://10.180.1.21/identity/v3/auth/tokens 0.084s
2025-03-12 08:46:40.232 68596 INFO tempest.lib.common.rest_client [req-9d7b9e83-9c0f-470c-912a-9dd0f85fe358 req-9d7b9e83-9c0f-470c-912a-9dd0f85fe358 ] Request (DeleteServersTestJSON:test_delete_active_server): 200 GET http://10.180.1.21/compute/v2.1/servers/1a604a32-78c1-49cf-bafd-e1dc94c8b3ae 0.125s
2025-03-12 08:46:40.240 68636 INFO tempest.lib.common.rest_client [req-4d62b20c-10c4-430b-bd00-02257fc8e364 req-4d62b20c-10c4-430b-bd00-02257fc8e364 ] Request (ServersAdminNegativeTestJSON:setUpClass): 200 GET http://10.180.1.21/compute/v2.1/servers/d61b2c4f-942a-4e29-8cac-11bc0750605a 0.109s
2025-03-12 08:46:40.262 68630 INFO tempest.lib.common.rest_client [req-02581b57-b34c-40ba-9106-27038709890f req-02581b57-b34c-40ba-9106-27038709890f ] Request (ListImageFiltersTestJSON:setUpClass): 201 POST http://10.180.1.21/identity/v3/auth/tokens 0.033s
2025-03-12 08:46:40.289 68630 INFO tempest.lib.common.rest_client [req-ea141f52-5e5c-476b-bbc4-f46579e861fa req-ea141f52-5e5c-476b-bbc4-f46579e861fa ] Request (ListImageFiltersTestJSON:setUpClass): 200 GET http://10.180.1.21/identity/v3/domains?name=Default 0.026s
2025-03-12 08:46:40.299 68614 INFO tempest.lib.common.rest_client [req-3f22fa99-c098-48d9-816a-acd402571344 req-3f22fa99-c098-48d9-816a-acd402571344 ] Request (ServersNegativeTestJSON:setUpClass): 200 GET http://10.180.1.21/compute/v2.1/servers/daccaa30-1011-4c7d-a668-05f9329ab4d5 0.136s
2025-03-12 08:46:40.300 68604 INFO tempest.lib.common.rest_client [req-2b797418-8876-4206-9535-89c4fa02c9d8 req-2b797418-8876-4206-9535-89c4fa02c9d8 ] Request (FloatingIPsAssociationTestJSON:test_associate_already_associated_floating_ip): 200 GET http://10.180.1.21/compute/v2.1/servers/0daf31be-c547-46ae-aa91-f99e191e1c76 0.120s
2025-03-12 08:46:40.319 68630 INFO tempest.lib.common.rest_client [req-5d286122-e7ab-4d93-b0d0-7d9a5ce47541 req-5d286122-e7ab-4d93-b0d0-7d9a5ce47541 ] Request (ListImageFiltersTestJSON:setUpClass): 201 POST http://10.180.1.21/identity/v3/projects 0.029s
2025-03-12 08:46:40.363 68644 INFO tempest.lib.common.rest_client [req-fee4f3d9-8993-4224-82f5-730241c6ab36 req-fee4f3d9-8993-4224-82f5-730241c6ab36 ] Request (ImagesOneServerNegativeTestJSON:_run_cleanups): 200 GET http://10.180.1.21/compute/v2.1/servers/0b0cb2c2-d9b0-4d2c-a4f9-1cde94e4169a 0.153s
2025-03-12 08:46:40.372 68616 INFO tempest.lib.common.rest_client [req-d097f168-2909-41e9-b94e-c5a7cdf8eec2 req-d097f168-2909-41e9-b94e-c5a7cdf8eec2 ] Request (ImagesTestJSON:test_create_server_from_snapshot): 200 GET http://10.180.1.21/compute/v2.1/servers/67466e30-5944-490c-a89b-2d32c59525be 0.149s
2025-03-12 08:46:40.384 68630 INFO tempest.lib.common.rest_client [req-51f99842-eb6f-4597-9381-85e3dbe41798 req-51f99842-eb6f-4597-9381-85e3dbe41798 ] Request (ListImageFiltersTestJSON:setUpClass): 201 POST http://10.180.1.21/identity/v3/users 0.065s
2025-03-12 08:46:40.410 68630 INFO tempest.lib.common.rest_client [req-c01f7787-010f-4615-9d53-a150c9657924 req-c01f7787-010f-4615-9d53-a150c9657924 ] Request (ListImageFiltersTestJSON:setUpClass): 200 GET http://10.180.1.21/identity/v3/roles 0.025s
2025-03-12 08:46:40.437 68630 INFO tempest.lib.common.rest_client [req-2b5628dd-6931-484f-be94-0515c3e09e87 req-2b5628dd-6931-484f-be94-0515c3e09e87 ] Request (ListImageFiltersTestJSON:setUpClass): 204 PUT http://10.180.1.21/identity/v3/projects/2876d99458d04c4cad144c0b6c898193/users/882367f9bf004b9bb3c4df22e982736b/roles/32693a8354b043ccb9aa746dc6177a01 0.027s
2025-03-12 08:46:40.438 68630 INFO tempest.lib.common.dynamic_creds [-] Dynamic test user 882367f9bf004b9bb3c4df22e982736b is created with scope project and roles: ['member']
2025-03-12 08:46:40.438 68630 INFO tempest.lib.common.dynamic_creds [-] Acquired dynamic creds: credentials: Credentials: {'domain_id': 'default', 'domain_name': 'Default', 'username': 'tempest-ListImageFiltersTestJSON-670507249-project-member', 'project_domain_id': 'default', 'project_domain_name': 'Default', 'project_id': '2876d99458d04c4cad144c0b6c898193', 'project_name': 'tempest-ListImageFiltersTestJSON-670507249', 'tenant_id': '2876d99458d04c4cad144c0b6c898193', 'tenant_name': 'tempest-ListImageFiltersTestJSON-670507249', 'user_domain_id': 'default', 'user_domain_name': 'Default', 'user_id': '882367f9bf004b9bb3c4df22e982736b', 'system': None}, Network: None, Subnet: None, Router: None
2025-03-12 08:46:40.438 68630 INFO tempest.lib.common.dynamic_creds [-] Created isolated network resources for: credentials: Credentials: {'domain_id': 'default', 'domain_name': 'Default', 'username': 'tempest-ListImageFiltersTestJSON-670507249-project-member', 'project_domain_id': 'default', 'project_domain_name': 'Default', 'project_id': '2876d99458d04c4cad144c0b6c898193', 'project_name': 'tempest-ListImageFiltersTestJSON-670507249', 'tenant_id': '2876d99458d04c4cad144c0b6c898193', 'tenant_name': 'tempest-ListImageFiltersTestJSON-670507249', 'user_domain_id': 'default', 'user_domain_name': 'Default', 'user_id': '882367f9bf004b9bb3c4df22e982736b', 'system': None}, Network: None, Subnet: None, Router: None
2025-03-12 08:46:40.444 68641 INFO tempest.lib.common.rest_client [req-e406baaf-f683-49e3-86fb-7897a964cf57 req-e406baaf-f683-49e3-86fb-7897a964cf57 ] Request (AttachVolumeNegativeTest:test_attach_attached_volume_to_different_server): 200 GET http://10.180.1.21/compute/v2.1/servers/c62a0d0e-8869-482a-a687-c628b96d6e22 0.092s
2025-03-12 08:46:40.445 68626 INFO tempest.lib.common.rest_client [req-33fccc01-b0a8-43a8-8dc4-2f6f2b145591 req-33fccc01-b0a8-43a8-8dc4-2f6f2b145591 ] Request (ServersListShow2100Test:test_list_show_rebuild_update_server_2100): 200 GET http://10.180.1.21/compute/v2.1/servers/b45f310f-e614-47db-9f6e-f35dd481137c 0.139s
2025-03-12 08:46:40.522 68630 INFO tempest.lib.common.rest_client [req-65063d85-9c7d-4e24-a576-f89f40a94cd0 req-65063d85-9c7d-4e24-a576-f89f40a94cd0 ] Request (ListImageFiltersTestJSON:setUpClass): 201 POST http://10.180.1.21/identity/v3/auth/tokens 0.079s
2025-03-12 08:46:40.527 68608 INFO tempest.lib.common.rest_client [req-6033833d-370e-445c-9944-2df93caeee20 req-6033833d-370e-445c-9944-2df93caeee20 ] Request (ServerMetadataTestJSON:tearDownClass): 200 GET http://10.180.1.21/compute/v2.1/servers/05b94aa5-3efc-4790-9d98-c2658b8e8b4b 0.109s
2025-03-12 08:46:40.534 68622 INFO tempest.lib.common.rest_client [req-6b8191b4-8dfb-4a58-af88-c6a5b7b63212 req-6b8191b4-8dfb-4a58-af88-c6a5b7b63212 ] Request (ServersAdmin275Test:tearDownClass): 200 GET http://10.180.1.21/compute/v2.1/servers/a332b35f-4f96-4f8f-aa9a-d7fadf9ede53 0.162s
2025-03-12 08:46:40.597 68659 INFO tempest.lib.common.rest_client [req-c721f1b2-7fad-4ecf-9490-6d768fa2bc4f req-c721f1b2-7fad-4ecf-9490-6d768fa2bc4f ] Request (ServersTestMultiNic:_run_cleanups): 200 GET http://10.180.1.21/compute/v2.1/servers/d452e3d2-1590-4352-8406-31d85b2921f4 0.169s
2025-03-12 08:46:40.816 68602 INFO tempest.lib.common.rest_client [req-75a54bb2-f95d-4cc1-9da7-b3fb83fb5a18 req-75a54bb2-f95d-4cc1-9da7-b3fb83fb5a18 ] Request (ServerDiskConfigTestJSON:test_rebuild_server_with_manual_disk_config): 200 GET http://10.180.1.21/compute/v2.1/servers/4021edd3-346e-44e5-9419-38181cc91c6a 0.059s
2025-03-12 08:46:40.839 68618 INFO tempest.lib.common.rest_client [req-14f0aac3-eaa0-44ba-8f1f-b66cdeb7a982 req-14f0aac3-eaa0-44ba-8f1f-b66cdeb7a982 ] Request (ServerRescueNegativeTestJSON:setUpClass): 200 GET http://10.180.1.21/compute/v2.1/servers/cfaee7e2-6929-4d8c-8614-e19e0055f2fb 0.139s
2025-03-12 08:46:40.861 68638 INFO tempest.lib.common.rest_client [req-fc9f0770-3c03-44cb-b6e6-8e1645573ee5 req-fc9f0770-3c03-44cb-b6e6-8e1645573ee5 ] Request (ServerRescueTestJSON:test_rescue_unrescue_instance): 200 GET http://10.180.1.21/compute/v2.1/servers/f807e45c-76d8-46a6-a30b-011e7b8df6a4 0.048s
2025-03-12 08:46:40.912 68630 INFO tempest.lib.common.rest_client [req-8450b0d6-1c10-41eb-88f9-a75f0ddf61bc req-8450b0d6-1c10-41eb-88f9-a75f0ddf61bc ] Request (ListImageFiltersTestJSON:setUpClass): 201 POST http://10.180.1.21/image/v2/images 0.390s
2025-03-12 08:46:41.061 68657 INFO tempest.lib.common.rest_client [req-80e41cd3-d766-44e7-b657-9792c90d1bf0 req-80e41cd3-d766-44e7-b657-9792c90d1bf0 ] Request (MigrationsAdminTest:test_resize_server_revert_deleted_flavor): 200 GET http://10.180.1.21/compute/v2.1/servers/665d932d-1068-4bb2-835c-2184a80753d1 0.097s
2025-03-12 08:46:41.088 68620 INFO tempest.lib.common.rest_client [req-585e3221-8aef-446f-9459-d7dfc42e6219 req-585e3221-8aef-446f-9459-d7dfc42e6219 ] Request (SecurityGroupsTestJSON:test_server_security_groups): 200 GET http://10.180.1.21/compute/v2.1/servers/4e157792-f910-492c-ab29-dd3f86cb96a8 0.051s
2025-03-12 08:46:41.177 68598 INFO tempest.lib.common.rest_client [req-80317154-61d6-4eab-8900-9f8fd1f974c7 req-80317154-61d6-4eab-8900-9f8fd1f974c7 ] Request (ServersAdminTestJSON:_run_cleanups): 200 GET http://10.180.1.21/compute/v2.1/servers/50e08259-7915-49bb-b137-5cc6e9d53c16 0.125s
2025-03-12 08:46:41.179 68612 INFO tempest.lib.common.rest_client [req-0f7baf57-7132-4c46-8b97-19bb80e4b488 req-0f7baf57-7132-4c46-8b97-19bb80e4b488 ] Request (ServersListShow296Test:tearDownClass): 200 GET http://10.180.1.21/compute/v2.1/servers/43f629d6-bdc3-4345-97ec-26ce2c9d7be7 0.070s
2025-03-12 08:46:41.189 68612 INFO tempest.common.waiters [-] State transition "ACTIVE/deleting" ==> "DELETED/None" after 6 second wait
2025-03-12 08:46:41.242 68610 INFO tempest.lib.common.rest_client [req-8b5c831c-4912-4aa1-9b31-00ca6279edb6 req-8b5c831c-4912-4aa1-9b31-00ca6279edb6 ] Request (AttachVolumeTestJSON:test_attach_detach_volume): 200 GET http://10.180.1.21/compute/v2.1/servers/e3763645-5a78-4929-98a3-108e72071211 0.080s
2025-03-12 08:46:41.311 68650 INFO tempest.lib.common.rest_client [req-676cf61b-bad3-4f7b-940f-e842bb4c4b49 req-676cf61b-bad3-4f7b-940f-e842bb4c4b49 ] Request (ServerTagsTestJSON:setUpClass): 200 GET http://10.180.1.21/compute/v2.1/servers/ed86ef15-1941-40c5-8178-344a7b401b58 0.121s
2025-03-12 08:46:41.320 68596 INFO tempest.lib.common.rest_client [req-723751f1-b434-43d5-b792-cbf847605479 req-723751f1-b434-43d5-b792-cbf847605479 ] Request (DeleteServersTestJSON:test_delete_active_server): 200 GET http://10.180.1.21/compute/v2.1/servers/1a604a32-78c1-49cf-bafd-e1dc94c8b3ae 0.077s
2025-03-12 08:46:41.370 68636 INFO tempest.lib.common.rest_client [req-0afe1daa-a545-4d40-8906-171af22af0f0 req-0afe1daa-a545-4d40-8906-171af22af0f0 ] Request (ServersAdminNegativeTestJSON:setUpClass): 200 GET http://10.180.1.21/compute/v2.1/servers/d61b2c4f-942a-4e29-8cac-11bc0750605a 0.117s
2025-03-12 08:46:41.378 68604 INFO tempest.lib.common.rest_client [req-751b70d3-9a96-4fa4-aca8-8f46db829fc3 req-751b70d3-9a96-4fa4-aca8-8f46db829fc3 ] Request (FloatingIPsAssociationTestJSON:test_associate_already_associated_floating_ip): 200 GET http://10.180.1.21/compute/v2.1/servers/0daf31be-c547-46ae-aa91-f99e191e1c76 0.071s
2025-03-12 08:46:41.429 68614 INFO tempest.lib.common.rest_client [req-f0d6e714-0af3-45e6-afc6-6dff6040dd1f req-f0d6e714-0af3-45e6-afc6-6dff6040dd1f ] Request (ServersNegativeTestJSON:setUpClass): 200 GET http://10.180.1.21/compute/v2.1/servers/daccaa30-1011-4c7d-a668-05f9329ab4d5 0.119s
2025-03-12 08:46:41.436 68644 INFO tempest.lib.common.rest_client [req-1e1aac9e-229e-4eb9-9ed0-a87bf62dcfd4 req-1e1aac9e-229e-4eb9-9ed0-a87bf62dcfd4 ] Request (ImagesOneServerNegativeTestJSON:_run_cleanups): 200 GET http://10.180.1.21/compute/v2.1/servers/0b0cb2c2-d9b0-4d2c-a4f9-1cde94e4169a 0.064s
2025-03-12 08:46:41.447 68634 WARNING tempest.lib.common.ssh [-] Failed to establish authenticated ssh connection to cirros@10.180.180.179 ([Errno None] Unable to connect to port 22 on 10.180.180.179). Number attempts: 11. Retry after 12 seconds.: paramiko.ssh_exception.NoValidConnectionsError: [Errno None] Unable to connect to port 22 on 10.180.180.179
2025-03-12 08:46:41.483 68616 INFO tempest.lib.common.rest_client [req-c6c82044-6337-4215-bb91-c175778c641f req-c6c82044-6337-4215-bb91-c175778c641f ] Request (ImagesTestJSON:test_create_server_from_snapshot): 200 GET http://10.180.1.21/compute/v2.1/servers/67466e30-5944-490c-a89b-2d32c59525be 0.102s
2025-03-12 08:46:41.532 68641 INFO tempest.lib.common.rest_client [req-cfe38eff-1779-4cf6-8415-a3b1e44d056e req-cfe38eff-1779-4cf6-8415-a3b1e44d056e ] Request (AttachVolumeNegativeTest:test_attach_attached_volume_to_different_server): 200 GET http://10.180.1.21/compute/v2.1/servers/c62a0d0e-8869-482a-a687-c628b96d6e22 0.077s
2025-03-12 08:46:41.555 68626 INFO tempest.lib.common.rest_client [req-6255061a-a8b1-4781-95a2-a86fca2a5c74 req-6255061a-a8b1-4781-95a2-a86fca2a5c74 ] Request (ServersListShow2100Test:test_list_show_rebuild_update_server_2100): 200 GET http://10.180.1.21/compute/v2.1/servers/b45f310f-e614-47db-9f6e-f35dd481137c 0.091s
2025-03-12 08:46:41.569 68626 INFO tempest.common.waiters [-] State transition "BUILD/scheduling" ==> "BUILD/None" after 22 second wait
2025-03-12 08:46:41.613 68608 INFO tempest.lib.common.rest_client [req-0ebc40ee-a2cd-4f44-a1c0-d77707260a97 req-0ebc40ee-a2cd-4f44-a1c0-d77707260a97 ] Request (ServerMetadataTestJSON:tearDownClass): 200 GET http://10.180.1.21/compute/v2.1/servers/05b94aa5-3efc-4790-9d98-c2658b8e8b4b 0.077s
2025-03-12 08:46:41.627 68622 INFO tempest.lib.common.rest_client [req-260200c5-29bf-4c9f-85e2-a8fb1e791158 req-260200c5-29bf-4c9f-85e2-a8fb1e791158 ] Request (ServersAdmin275Test:tearDownClass): 200 GET http://10.180.1.21/compute/v2.1/servers/a332b35f-4f96-4f8f-aa9a-d7fadf9ede53 0.082s
2025-03-12 08:46:41.675 68659 INFO tempest.lib.common.rest_client [req-df2d656a-9912-4650-927e-df7ba805951b req-df2d656a-9912-4650-927e-df7ba805951b ] Request (ServersTestMultiNic:_run_cleanups): 200 GET http://10.180.1.21/compute/v2.1/servers/d452e3d2-1590-4352-8406-31d85b2921f4 0.069s
2025-03-12 08:46:41.881 68602 INFO tempest.lib.common.rest_client [req-9a573d32-d46d-4b7c-bf63-8dfbd2399bdc req-9a573d32-d46d-4b7c-bf63-8dfbd2399bdc ] Request (ServerDiskConfigTestJSON:test_rebuild_server_with_manual_disk_config): 200 GET http://10.180.1.21/compute/v2.1/servers/4021edd3-346e-44e5-9419-38181cc91c6a 0.057s
2025-03-12 08:46:41.944 68638 INFO tempest.lib.common.rest_client [req-4a8a2cff-48ae-4ec1-b06d-c8e14a8a916d req-4a8a2cff-48ae-4ec1-b06d-c8e14a8a916d ] Request (ServerRescueTestJSON:test_rescue_unrescue_instance): 200 GET http://10.180.1.21/compute/v2.1/servers/f807e45c-76d8-46a6-a30b-011e7b8df6a4 0.075s
2025-03-12 08:46:41.960 68618 INFO tempest.lib.common.rest_client [req-18dc522c-ae41-48a8-9739-f8286df35af0 req-18dc522c-ae41-48a8-9739-f8286df35af0 ] Request (ServerRescueNegativeTestJSON:setUpClass): 200 GET http://10.180.1.21/compute/v2.1/servers/cfaee7e2-6929-4d8c-8614-e19e0055f2fb 0.113s
2025-03-12 08:46:42.152 68620 INFO tempest.lib.common.rest_client [req-320c1de3-8c27-429b-8a96-7bffb8d0a8ca req-320c1de3-8c27-429b-8a96-7bffb8d0a8ca ] Request (SecurityGroupsTestJSON:test_server_security_groups): 200 GET http://10.180.1.21/compute/v2.1/servers/4e157792-f910-492c-ab29-dd3f86cb96a8 0.057s
2025-03-12 08:46:42.168 68657 INFO tempest.lib.common.rest_client [req-d060cb77-a907-4fe1-89e3-3cad0cb49b5c req-d060cb77-a907-4fe1-89e3-3cad0cb49b5c ] Request (MigrationsAdminTest:test_resize_server_revert_deleted_flavor): 200 GET http://10.180.1.21/compute/v2.1/servers/665d932d-1068-4bb2-835c-2184a80753d1 0.098s
2025-03-12 08:46:42.279 68612 INFO tempest.lib.common.rest_client [req-f07c889a-c9b2-4761-80c3-cd5dd6c008c1 req-f07c889a-c9b2-4761-80c3-cd5dd6c008c1 ] Request (ServersListShow296Test:tearDownClass): 200 GET http://10.180.1.21/compute/v2.1/servers/43f629d6-bdc3-4345-97ec-26ce2c9d7be7 0.089s
2025-03-12 08:46:42.314 68598 INFO tempest.lib.common.rest_client [req-f6bd05d4-a53d-4a91-b19c-77cefbeb3889 req-f6bd05d4-a53d-4a91-b19c-77cefbeb3889 ] Request (ServersAdminTestJSON:_run_cleanups): 200 GET http://10.180.1.21/compute/v2.1/servers/50e08259-7915-49bb-b137-5cc6e9d53c16 0.128s
2025-03-12 08:46:42.350 68610 INFO tempest.lib.common.rest_client [req-3fe95c8f-3ec6-4639-b1bf-7ebc92fb349d req-3fe95c8f-3ec6-4639-b1bf-7ebc92fb349d ] Request (AttachVolumeTestJSON:test_attach_detach_volume): 200 GET http://10.180.1.21/compute/v2.1/servers/e3763645-5a78-4929-98a3-108e72071211 0.100s
2025-03-12 08:46:42.424 68596 INFO tempest.lib.common.rest_client [req-24743d67-e4e7-4a98-82d6-b5dd0c894e74 req-24743d67-e4e7-4a98-82d6-b5dd0c894e74 ] Request (DeleteServersTestJSON:test_delete_active_server): 200 GET http://10.180.1.21/compute/v2.1/servers/1a604a32-78c1-49cf-bafd-e1dc94c8b3ae 0.096s
2025-03-12 08:46:42.492 68650 INFO tempest.lib.common.rest_client [req-063546c8-7b33-49b2-a7b7-e92c2072b86e req-063546c8-7b33-49b2-a7b7-e92c2072b86e ] Request (ServerTagsTestJSON:setUpClass): 200 GET http://10.180.1.21/compute/v2.1/servers/ed86ef15-1941-40c5-8178-344a7b401b58 0.171s
2025-03-12 08:46:42.492 68636 INFO tempest.lib.common.rest_client [req-edd5cbb3-bfa6-405f-9b99-4216fed447da req-edd5cbb3-bfa6-405f-9b99-4216fed447da ] Request (ServersAdminNegativeTestJSON:setUpClass): 200 GET http://10.180.1.21/compute/v2.1/servers/d61b2c4f-942a-4e29-8cac-11bc0750605a 0.114s
2025-03-12 08:46:42.501 68636 INFO tempest.common.waiters [-] State transition "BUILD/None" ==> "BUILD/networking" after 63 second wait
2025-03-12 08:46:42.514 68630 INFO tempest.lib.common.rest_client [req-5a6c3885-ae1c-4474-a7aa-719b51b65ccf req-5a6c3885-ae1c-4474-a7aa-719b51b65ccf ] Request (ListImageFiltersTestJSON:setUpClass): 204 PUT http://10.180.1.21/image/v2/images/21db3700-be6f-4d31-a05e-390e3c4003bc/file 0.600s
2025-03-12 08:46:42.556 68614 INFO tempest.lib.common.rest_client [req-65199ab0-f82e-41ae-9492-170574222792 req-65199ab0-f82e-41ae-9492-170574222792 ] Request (ServersNegativeTestJSON:setUpClass): 200 GET http://10.180.1.21/compute/v2.1/servers/daccaa30-1011-4c7d-a668-05f9329ab4d5 0.117s
2025-03-12 08:46:42.561 68604 INFO tempest.lib.common.rest_client [req-72c51dfa-636c-4722-8004-7f230a25c26a req-72c51dfa-636c-4722-8004-7f230a25c26a ] Request (FloatingIPsAssociationTestJSON:test_associate_already_associated_floating_ip): 200 GET http://10.180.1.21/compute/v2.1/servers/0daf31be-c547-46ae-aa91-f99e191e1c76 0.174s
2025-03-12 08:46:42.613 68644 INFO tempest.lib.common.rest_client [req-339288d5-9587-4e20-9038-2d74b01a1bdc req-339288d5-9587-4e20-9038-2d74b01a1bdc ] Request (ImagesOneServerNegativeTestJSON:_run_cleanups): 200 GET http://10.180.1.21/compute/v2.1/servers/0b0cb2c2-d9b0-4d2c-a4f9-1cde94e4169a 0.166s
2025-03-12 08:46:42.624 68616 INFO tempest.lib.common.rest_client [req-40ae5442-30e6-4a71-87b6-af627865ef33 req-40ae5442-30e6-4a71-87b6-af627865ef33 ] Request (ImagesTestJSON:test_create_server_from_snapshot): 200 GET http://10.180.1.21/compute/v2.1/servers/67466e30-5944-490c-a89b-2d32c59525be 0.129s
2025-03-12 08:46:42.647 68630 INFO tempest.lib.common.rest_client [req-19fb24e5-4ad8-474d-8d0b-e907aa37159a req-19fb24e5-4ad8-474d-8d0b-e907aa37159a ] Request (ListImageFiltersTestJSON:setUpClass): 200 GET http://10.180.1.21/compute/v2.1/images/21db3700-be6f-4d31-a05e-390e3c4003bc 0.132s
2025-03-12 08:46:42.681 68641 INFO tempest.lib.common.rest_client [req-579b91ca-ddde-46a5-b61c-22929067b504 req-579b91ca-ddde-46a5-b61c-22929067b504 ] Request (AttachVolumeNegativeTest:test_attach_attached_volume_to_different_server): 200 GET http://10.180.1.21/compute/v2.1/servers/c62a0d0e-8869-482a-a687-c628b96d6e22 0.140s
2025-03-12 08:46:42.728 68626 INFO tempest.lib.common.rest_client [req-d6847058-5b75-4853-818c-b1b2f56b4272 req-d6847058-5b75-4853-818c-b1b2f56b4272 ] Request (ServersListShow2100Test:test_list_show_rebuild_update_server_2100): 200 GET http://10.180.1.21/compute/v2.1/servers/b45f310f-e614-47db-9f6e-f35dd481137c 0.157s
2025-03-12 08:46:42.756 68608 INFO tempest.lib.common.rest_client [req-565f8de8-bee9-4c40-bc46-44c9b591e899 req-565f8de8-bee9-4c40-bc46-44c9b591e899 ] Request (ServerMetadataTestJSON:tearDownClass): 200 GET http://10.180.1.21/compute/v2.1/servers/05b94aa5-3efc-4790-9d98-c2658b8e8b4b 0.136s
2025-03-12 08:46:42.785 68630 INFO tempest.lib.common.rest_client [req-9ace351a-32e5-4a57-a2cb-6f844bac4086 req-9ace351a-32e5-4a57-a2cb-6f844bac4086 ] Request (ListImageFiltersTestJSON:setUpClass): 200 GET http://10.180.1.21/compute/v2.1/images/21db3700-be6f-4d31-a05e-390e3c4003bc 0.135s
2025-03-12 08:46:42.797 68622 INFO tempest.lib.common.rest_client [req-b753245a-1eb1-4bae-840f-c83cf29e7b22 req-b753245a-1eb1-4bae-840f-c83cf29e7b22 ] Request (ServersAdmin275Test:tearDownClass): 200 GET http://10.180.1.21/compute/v2.1/servers/a332b35f-4f96-4f8f-aa9a-d7fadf9ede53 0.160s
2025-03-12 08:46:42.858 68659 INFO tempest.lib.common.rest_client [req-2766f5b8-fc29-434f-a1d3-5c577aee7b8c req-2766f5b8-fc29-434f-a1d3-5c577aee7b8c ] Request (ServersTestMultiNic:_run_cleanups): 200 GET http://10.180.1.21/compute/v2.1/servers/d452e3d2-1590-4352-8406-31d85b2921f4 0.176s
2025-03-12 08:46:42.943 68602 INFO tempest.lib.common.rest_client [req-9945c1a6-d72a-4c43-a975-6d13f9fe1580 req-9945c1a6-d72a-4c43-a975-6d13f9fe1580 ] Request (ServerDiskConfigTestJSON:test_rebuild_server_with_manual_disk_config): 200 GET http://10.180.1.21/compute/v2.1/servers/4021edd3-346e-44e5-9419-38181cc91c6a 0.052s
2025-03-12 08:46:43.011 68638 INFO tempest.lib.common.rest_client [req-2e61df30-6010-4f3a-b9a1-2ccd3a5dcccc req-2e61df30-6010-4f3a-b9a1-2ccd3a5dcccc ] Request (ServerRescueTestJSON:test_rescue_unrescue_instance): 200 GET http://10.180.1.21/compute/v2.1/servers/f807e45c-76d8-46a6-a30b-011e7b8df6a4 0.059s
2025-03-12 08:46:43.083 68618 INFO tempest.lib.common.rest_client [req-f062f335-8f7d-4446-ad57-13ef542fee12 req-f062f335-8f7d-4446-ad57-13ef542fee12 ] Request (ServerRescueNegativeTestJSON:setUpClass): 200 GET http://10.180.1.21/compute/v2.1/servers/cfaee7e2-6929-4d8c-8614-e19e0055f2fb 0.114s
2025-03-12 08:46:43.101 68630 INFO tempest.lib.common.rest_client [req-cafb066c-4868-499c-ba89-c73e1f3e8dcf req-cafb066c-4868-499c-ba89-c73e1f3e8dcf ] Request (ListImageFiltersTestJSON:setUpClass): 201 POST http://10.180.1.21/image/v2/images 0.312s
2025-03-12 08:46:43.111 68655 WARNING tempest.lib.common.ssh [-] Failed to establish authenticated ssh connection to cirros@10.180.180.173 ([Errno None] Unable to connect to port 22 on 10.180.180.173). Number attempts: 12. Retry after 13 seconds.: paramiko.ssh_exception.NoValidConnectionsError: [Errno None] Unable to connect to port 22 on 10.180.180.173
2025-03-12 08:46:43.225 68620 INFO tempest.lib.common.rest_client [req-48ca2c89-36c5-4b1c-b983-1c854460b0ce req-48ca2c89-36c5-4b1c-b983-1c854460b0ce ] Request (SecurityGroupsTestJSON:test_server_security_groups): 200 GET http://10.180.1.21/compute/v2.1/servers/4e157792-f910-492c-ab29-dd3f86cb96a8 0.065s
2025-03-12 08:46:43.283 68657 INFO tempest.lib.common.rest_client [req-e1c8139b-2a7b-40e0-922b-5afe75b84f3d req-e1c8139b-2a7b-40e0-922b-5afe75b84f3d ] Request (MigrationsAdminTest:test_resize_server_revert_deleted_flavor): 200 GET http://10.180.1.21/compute/v2.1/servers/665d932d-1068-4bb2-835c-2184a80753d1 0.107s
2025-03-12 08:46:43.362 68612 INFO tempest.lib.common.rest_client [req-c1f49dbf-1ed5-4c34-9b60-a34c7c70800c req-c1f49dbf-1ed5-4c34-9b60-a34c7c70800c ] Request (ServersListShow296Test:tearDownClass): 200 GET http://10.180.1.21/compute/v2.1/servers/43f629d6-bdc3-4345-97ec-26ce2c9d7be7 0.072s
2025-03-12 08:46:43.416 68610 INFO tempest.lib.common.rest_client [req-f48b5e37-7d08-457f-99ac-332ddd1d1391 req-f48b5e37-7d08-457f-99ac-332ddd1d1391 ] Request (AttachVolumeTestJSON:test_attach_detach_volume): 200 GET http://10.180.1.21/compute/v2.1/servers/e3763645-5a78-4929-98a3-108e72071211 0.054s
2025-03-12 08:46:43.428 68598 INFO tempest.lib.common.rest_client [req-6aa1f692-85b6-4995-87c8-507652725482 req-6aa1f692-85b6-4995-87c8-507652725482 ] Request (ServersAdminTestJSON:_run_cleanups): 200 GET http://10.180.1.21/compute/v2.1/servers/50e08259-7915-49bb-b137-5cc6e9d53c16 0.106s
2025-03-12 08:46:43.489 68596 INFO tempest.lib.common.rest_client [req-2fe12a0c-9bc6-46c8-b6eb-648b8b8fe35a req-2fe12a0c-9bc6-46c8-b6eb-648b8b8fe35a ] Request (DeleteServersTestJSON:test_delete_active_server): 200 GET http://10.180.1.21/compute/v2.1/servers/1a604a32-78c1-49cf-bafd-e1dc94c8b3ae 0.055s
2025-03-12 08:46:43.627 68636 INFO tempest.lib.common.rest_client [req-a140d447-6fd9-4adb-ac15-4637d698fffa req-a140d447-6fd9-4adb-ac15-4637d698fffa ] Request (ServersAdminNegativeTestJSON:setUpClass): 200 GET http://10.180.1.21/compute/v2.1/servers/d61b2c4f-942a-4e29-8cac-11bc0750605a 0.125s
2025-03-12 08:46:43.635 68636 INFO tempest.common.waiters [-] State transition "BUILD/networking" ==> "BUILD/spawning" after 64 second wait
2025-03-12 08:46:43.663 68650 INFO tempest.lib.common.rest_client [req-2b3cf834-f500-4b2d-a584-8dde2e8de8bf req-2b3cf834-f500-4b2d-a584-8dde2e8de8bf ] Request (ServerTagsTestJSON:setUpClass): 200 GET http://10.180.1.21/compute/v2.1/servers/ed86ef15-1941-40c5-8178-344a7b401b58 0.161s
2025-03-12 08:46:43.681 68614 INFO tempest.lib.common.rest_client [req-96011d11-e661-4f30-bcde-72bfe190ad01 req-96011d11-e661-4f30-bcde-72bfe190ad01 ] Request (ServersNegativeTestJSON:setUpClass): 200 GET http://10.180.1.21/compute/v2.1/servers/daccaa30-1011-4c7d-a668-05f9329ab4d5 0.116s
2025-03-12 08:46:43.710 68604 INFO tempest.lib.common.rest_client [req-52ef60e5-a131-4772-b279-c959fd11fe46 req-52ef60e5-a131-4772-b279-c959fd11fe46 ] Request (FloatingIPsAssociationTestJSON:test_associate_already_associated_floating_ip): 200 GET http://10.180.1.21/compute/v2.1/servers/0daf31be-c547-46ae-aa91-f99e191e1c76 0.141s
2025-03-12 08:46:43.728 68644 INFO tempest.lib.common.rest_client [req-fbc53139-b8cf-4da5-b6f3-d58bc40a46ae req-fbc53139-b8cf-4da5-b6f3-d58bc40a46ae ] Request (ImagesOneServerNegativeTestJSON:_run_cleanups): 200 GET http://10.180.1.21/compute/v2.1/servers/0b0cb2c2-d9b0-4d2c-a4f9-1cde94e4169a 0.107s
2025-03-12 08:46:43.758 68616 INFO tempest.lib.common.rest_client [req-e693fa7c-4a05-420e-87a5-24462af3223e req-e693fa7c-4a05-420e-87a5-24462af3223e ] Request (ImagesTestJSON:test_create_server_from_snapshot): 200 GET http://10.180.1.21/compute/v2.1/servers/67466e30-5944-490c-a89b-2d32c59525be 0.125s
2025-03-12 08:46:43.776 68641 INFO tempest.lib.common.rest_client [req-a2c24304-5beb-47ad-bac1-1588854187d9 req-a2c24304-5beb-47ad-bac1-1588854187d9 ] Request (AttachVolumeNegativeTest:test_attach_attached_volume_to_different_server): 200 GET http://10.180.1.21/compute/v2.1/servers/c62a0d0e-8869-482a-a687-c628b96d6e22 0.083s
2025-03-12 08:46:43.817 68626 INFO tempest.lib.common.rest_client [req-b7ff56fd-a204-4788-a29b-8501a2e26160 req-b7ff56fd-a204-4788-a29b-8501a2e26160 ] Request (ServersListShow2100Test:test_list_show_rebuild_update_server_2100): 200 GET http://10.180.1.21/compute/v2.1/servers/b45f310f-e614-47db-9f6e-f35dd481137c 0.074s
2025-03-12 08:46:43.836 68608 INFO tempest.lib.common.rest_client [req-7f83f1a2-99ac-4be1-8672-64346c4dbbac req-7f83f1a2-99ac-4be1-8672-64346c4dbbac ] Request (ServerMetadataTestJSON:tearDownClass): 200 GET http://10.180.1.21/compute/v2.1/servers/05b94aa5-3efc-4790-9d98-c2658b8e8b4b 0.070s
2025-03-12 08:46:43.874 68622 INFO tempest.lib.common.rest_client [req-ece0b2cf-d786-4f79-bd4f-6339c00619ab req-ece0b2cf-d786-4f79-bd4f-6339c00619ab ] Request (ServersAdmin275Test:tearDownClass): 200 GET http://10.180.1.21/compute/v2.1/servers/a332b35f-4f96-4f8f-aa9a-d7fadf9ede53 0.066s
2025-03-12 08:46:43.925 68659 INFO tempest.lib.common.rest_client [req-6b129f5e-d630-4bf9-aa3e-2d5dad05bd69 req-6b129f5e-d630-4bf9-aa3e-2d5dad05bd69 ] Request (ServersTestMultiNic:_run_cleanups): 200 GET http://10.180.1.21/compute/v2.1/servers/d452e3d2-1590-4352-8406-31d85b2921f4 0.058s
2025-03-12 08:46:44.000 68602 INFO tempest.lib.common.rest_client [req-949513af-58a7-43be-be99-f02b33257df5 req-949513af-58a7-43be-be99-f02b33257df5 ] Request (ServerDiskConfigTestJSON:test_rebuild_server_with_manual_disk_config): 200 GET http://10.180.1.21/compute/v2.1/servers/4021edd3-346e-44e5-9419-38181cc91c6a 0.048s
2025-03-12 08:46:44.066 68638 INFO tempest.lib.common.rest_client [req-ad5ced2b-2a2d-4da0-a154-86f392aed4c2 req-ad5ced2b-2a2d-4da0-a154-86f392aed4c2 ] Request (ServerRescueTestJSON:test_rescue_unrescue_instance): 200 GET http://10.180.1.21/compute/v2.1/servers/f807e45c-76d8-46a6-a30b-011e7b8df6a4 0.046s
2025-03-12 08:46:44.172 68618 INFO tempest.lib.common.rest_client [req-e6b1496b-aa45-4a85-adde-c7847e28c6cc req-e6b1496b-aa45-4a85-adde-c7847e28c6cc ] Request (ServerRescueNegativeTestJSON:setUpClass): 200 GET http://10.180.1.21/compute/v2.1/servers/cfaee7e2-6929-4d8c-8614-e19e0055f2fb 0.082s
2025-03-12 08:46:44.231 68632 WARNING tempest.lib.common.ssh [-] Failed to establish authenticated ssh connection to cirros@10.180.180.145 ([Errno None] Unable to connect to port 22 on 10.180.180.145). Number attempts: 9. Retry after 10 seconds.: paramiko.ssh_exception.NoValidConnectionsError: [Errno None] Unable to connect to port 22 on 10.180.180.145
2025-03-12 08:46:44.256 68620 INFO tempest.lib.common.rest_client [req-97fd8fc4-7812-4067-9a86-742e3f2d2938 req-97fd8fc4-7812-4067-9a86-742e3f2d2938 ] Request (SecurityGroupsTestJSON:test_server_security_groups): 404 GET http://10.180.1.21/compute/v2.1/servers/4e157792-f910-492c-ab29-dd3f86cb96a8 0.022s
2025-03-12 08:46:44.433 68657 INFO tempest.lib.common.rest_client [req-6a88d680-8f2b-4d65-b6dd-9f385bf276c2 req-6a88d680-8f2b-4d65-b6dd-9f385bf276c2 ] Request (MigrationsAdminTest:test_resize_server_revert_deleted_flavor): 200 GET http://10.180.1.21/compute/v2.1/servers/665d932d-1068-4bb2-835c-2184a80753d1 0.141s
2025-03-12 08:46:44.457 68620 INFO tempest.lib.common.rest_client [req-51864f56-477c-4fe1-a6b5-e3dfe9b7c2ff req-51864f56-477c-4fe1-a6b5-e3dfe9b7c2ff ] Request (SecurityGroupsTestJSON:test_server_security_groups): 202 DELETE http://10.180.1.21/compute/v2.1/os-security-groups/c77a7d9b-676c-4907-8fbc-684039f94112 0.200s
2025-03-12 08:46:44.507 68612 INFO tempest.lib.common.rest_client [req-79760249-4c1b-46c8-aabf-2b96959a5097 req-79760249-4c1b-46c8-aabf-2b96959a5097 ] Request (ServersListShow296Test:tearDownClass): 200 GET http://10.180.1.21/compute/v2.1/servers/43f629d6-bdc3-4345-97ec-26ce2c9d7be7 0.134s
2025-03-12 08:46:44.527 68610 INFO tempest.lib.common.rest_client [req-0330a710-0576-457a-8af0-9a2470cf4b41 req-0330a710-0576-457a-8af0-9a2470cf4b41 ] Request (AttachVolumeTestJSON:test_attach_detach_volume): 200 GET http://10.180.1.21/compute/v2.1/servers/e3763645-5a78-4929-98a3-108e72071211 0.104s
2025-03-12 08:46:44.691 68598 INFO tempest.lib.common.rest_client [req-466b790a-1189-4e59-8f52-5f7000aa3d0e req-466b790a-1189-4e59-8f52-5f7000aa3d0e ] Request (ServersAdminTestJSON:_run_cleanups): 200 GET http://10.180.1.21/compute/v2.1/servers/50e08259-7915-49bb-b137-5cc6e9d53c16 0.253s
2025-03-12 08:46:44.730 68620 INFO tempest.lib.common.rest_client [req-9e13b795-68f7-4efa-8190-256f02590b9f req-9e13b795-68f7-4efa-8190-256f02590b9f ] Request (SecurityGroupsTestJSON:test_server_security_groups): 202 DELETE http://10.180.1.21/compute/v2.1/os-security-groups/8904cec8-be17-4bd3-8f59-d404fdafca39 0.273s
2025-03-12 08:46:44.742 68630 INFO tempest.lib.common.rest_client [req-78691830-0e10-4f1b-ae8e-e5c5ec14cafb req-78691830-0e10-4f1b-ae8e-e5c5ec14cafb ] Request (ListImageFiltersTestJSON:setUpClass): 204 PUT http://10.180.1.21/image/v2/images/8417a802-7b3a-48cb-96e0-1b61f8fbad62/file 0.640s
