2025-03-12 08:43:47.580 68648 INFO tempest.lib.common.rest_client [req-0481931f-adef-4195-a1fc-3646e0820b0d req-0481931f-adef-4195-a1fc-3646e0820b0d ] Request (VolumesAssistedSnapshotsTest:test_volume_assisted_snapshot_create_delete): 201 POST http://10.180.1.21/identity/v3/auth/tokens 0.098s
2025-03-12 08:43:47.580 68648 INFO tempest.lib.common.fixed_network [-] (VolumesAssistedSnapshotsTest:test_volume_assisted_snapshot_create_delete) Found network {'id': 'd2cab8c6-aa6c-4741-8ffe-4e7a4f40a698', 'name': 'tempest-VolumesAssistedSnapshotsTest-2022110668-network', 'tenant_id': 'a0703802e5fb4caf939a345174f379be', 'admin_state_up': True, 'mtu': 8950, 'status': 'ACTIVE', 'subnets': [], 'shared': False, 'project_id': 'a0703802e5fb4caf939a345174f379be', 'port_security_enabled': True, 'router:external': False, 'provider:network_type': 'vlan', 'provider:physical_network': 'default', 'provider:segmentation_id': 764, 'availability_zone_hints': [], 'availability_zones': [], 'ipv4_address_scope': None, 'ipv6_address_scope': None, 'description': '', 'tags': [], 'created_at': '2025-03-12T08:43:21Z', 'updated_at': '2025-03-12T08:43:21Z', 'revision_number': 1} available for tenant
2025-03-12 08:43:47.590 68650 INFO tempest.lib.common.rest_client [req-6f1deae8-cd49-40d1-9253-356ebfba3557 req-6f1deae8-cd49-40d1-9253-356ebfba3557 ] Request (ServerExternalEventsTest:setUpClass): 200 GET http://10.180.1.21/identity/v3/domains?name=Default 0.040s
2025-03-12 08:43:47.633 68650 INFO tempest.lib.common.rest_client [req-1aa4d8ab-cdaa-4f64-9026-ccd0aaa2ca3d req-1aa4d8ab-cdaa-4f64-9026-ccd0aaa2ca3d ] Request (ServerExternalEventsTest:setUpClass): 201 POST http://10.180.1.21/identity/v3/projects 0.042s
2025-03-12 08:43:47.690 68602 INFO tempest.lib.common.rest_client [req-211fc944-57ac-46c9-9d77-17c62334609c req-211fc944-57ac-46c9-9d77-17c62334609c ] Request (FlavorsExtraSpecsTestJSON:tearDownClass): 204 DELETE http://10.180.1.21:9696/networking/v2.0/security-groups/fb3df402-e9d7-41bf-81e1-9536fa435a68 0.848s
2025-03-12 08:43:47.730 68659 INFO tempest.lib.common.rest_client [req-15b9da23-d520-44e8-8f0e-7b6d76717727 req-15b9da23-d520-44e8-8f0e-7b6d76717727 ] Request (ServersTestMultiNic:test_verify_duplicate_network_nics): 201 POST http://10.180.1.21:9696/networking/v2.0/networks 0.795s
2025-03-12 08:43:47.749 68650 INFO tempest.lib.common.rest_client [req-049eee69-1aa9-4d58-8e61-464e62a69a9a req-049eee69-1aa9-4d58-8e61-464e62a69a9a ] Request (ServerExternalEventsTest:setUpClass): 201 POST http://10.180.1.21/identity/v3/users 0.115s
2025-03-12 08:43:47.776 68650 INFO tempest.lib.common.rest_client [req-fbdda36e-f47f-4ea0-ab73-cc18837599b3 req-fbdda36e-f47f-4ea0-ab73-cc18837599b3 ] Request (ServerExternalEventsTest:setUpClass): 200 GET http://10.180.1.21/identity/v3/roles 0.027s
2025-03-12 08:43:47.808 68650 INFO tempest.lib.common.rest_client [req-a8f4d96c-019f-4ba4-998f-10dac8bfacb6 req-a8f4d96c-019f-4ba4-998f-10dac8bfacb6 ] Request (ServerExternalEventsTest:setUpClass): 204 PUT http://10.180.1.21/identity/v3/projects/0c1f31d38eb648e1ad8f5355e5a90a06/users/23c0491cf34b4ed1ae12a88d192a217b/roles/32693a8354b043ccb9aa746dc6177a01 0.031s
2025-03-12 08:43:47.808 68650 INFO tempest.lib.common.dynamic_creds [-] Dynamic test user 23c0491cf34b4ed1ae12a88d192a217b is created with scope project and roles: ['member']
2025-03-12 08:43:47.808 68650 INFO tempest.lib.common.dynamic_creds [-] Acquired dynamic creds: credentials: Credentials: {'domain_id': 'default', 'domain_name': 'Default', 'username': 'tempest-ServerExternalEventsTest-1558896377-project-member', 'project_domain_id': 'default', 'project_domain_name': 'Default', 'project_id': '0c1f31d38eb648e1ad8f5355e5a90a06', 'project_name': 'tempest-ServerExternalEventsTest-1558896377', 'tenant_id': '0c1f31d38eb648e1ad8f5355e5a90a06', 'tenant_name': 'tempest-ServerExternalEventsTest-1558896377', 'user_domain_id': 'default', 'user_domain_name': 'Default', 'user_id': '23c0491cf34b4ed1ae12a88d192a217b', 'system': None}, Network: None, Subnet: None, Router: None
2025-03-12 08:43:47.808 68650 INFO tempest.lib.common.dynamic_creds [-] Created isolated network resources for: credentials: Credentials: {'domain_id': 'default', 'domain_name': 'Default', 'username': 'tempest-ServerExternalEventsTest-1558896377-project-member', 'project_domain_id': 'default', 'project_domain_name': 'Default', 'project_id': '0c1f31d38eb648e1ad8f5355e5a90a06', 'project_name': 'tempest-ServerExternalEventsTest-1558896377', 'tenant_id': '0c1f31d38eb648e1ad8f5355e5a90a06', 'tenant_name': 'tempest-ServerExternalEventsTest-1558896377', 'user_domain_id': 'default', 'user_domain_name': 'Default', 'user_id': '23c0491cf34b4ed1ae12a88d192a217b', 'system': None}, Network: None, Subnet: None, Router: None
2025-03-12 08:43:47.821 68602 INFO tempest.lib.common.rest_client [req-f9ec1db2-323b-4d0f-aad5-364347756e4c req-f9ec1db2-323b-4d0f-aad5-364347756e4c ] Request (FlavorsExtraSpecsTestJSON:tearDownClass): 204 DELETE http://10.180.1.21/identity/v3/projects/6d75a0600b244f5caa0720af34689947 0.130s
2025-03-12 08:43:47.892 68602 INFO tempest.lib.common.rest_client [req-450e9fe7-63f3-46ca-af2c-4ba850f64e25 req-450e9fe7-63f3-46ca-af2c-4ba850f64e25 ] Request (FlavorsV261TestJSON:setUpClass): 201 POST http://10.180.1.21/identity/v3/auth/tokens 0.069s
2025-03-12 08:43:47.898 68650 INFO tempest.lib.common.rest_client [req-732fa30f-0a5b-4774-a848-062801356282 req-732fa30f-0a5b-4774-a848-062801356282 ] Request (ServerExternalEventsTest:setUpClass): 201 POST http://10.180.1.21/identity/v3/auth/tokens 0.086s
2025-03-12 08:43:47.934 68602 INFO tempest.lib.common.rest_client [req-490c2889-acc2-475d-9e39-73be4d872e2a req-490c2889-acc2-475d-9e39-73be4d872e2a ] Request (FlavorsV261TestJSON:setUpClass): 201 POST http://10.180.1.21/identity/v3/auth/tokens 0.038s
2025-03-12 08:43:47.944 68650 INFO tempest.lib.common.rest_client [req-00f29ed2-d197-4f6c-9305-56b8627d4217 req-00f29ed2-d197-4f6c-9305-56b8627d4217 ] Request (ServerExternalEventsTest:setUpClass): 201 POST http://10.180.1.21/identity/v3/projects 0.045s
2025-03-12 08:43:48.008 68602 INFO tempest.lib.common.rest_client [req-c2fa0ed3-967a-45ac-850d-397041d86923 req-c2fa0ed3-967a-45ac-850d-397041d86923 ] Request (FlavorsV261TestJSON:setUpClass): 200 GET http://10.180.1.21/identity/v3/domains?name=Default 0.072s
2025-03-12 08:43:48.015 68650 INFO tempest.lib.common.rest_client [req-c4ce956d-4398-4630-86b7-0c2576ae268b req-c4ce956d-4398-4630-86b7-0c2576ae268b ] Request (ServerExternalEventsTest:setUpClass): 201 POST http://10.180.1.21/identity/v3/users 0.070s
2025-03-12 08:43:48.043 68650 INFO tempest.lib.common.rest_client [req-3d4f9453-e138-4dae-acf2-1fcfda905b69 req-3d4f9453-e138-4dae-acf2-1fcfda905b69 ] Request (ServerExternalEventsTest:setUpClass): 200 GET http://10.180.1.21/identity/v3/roles 0.027s
2025-03-12 08:43:48.046 68602 INFO tempest.lib.common.rest_client [req-14cd9e86-b43c-42bd-8249-6c8d06e741f5 req-14cd9e86-b43c-42bd-8249-6c8d06e741f5 ] Request (FlavorsV261TestJSON:setUpClass): 201 POST http://10.180.1.21/identity/v3/projects 0.038s
2025-03-12 08:43:48.103 68650 INFO tempest.lib.common.rest_client [req-e078f14a-cd99-4646-8de6-216cba852b10 req-e078f14a-cd99-4646-8de6-216cba852b10 ] Request (ServerExternalEventsTest:setUpClass): 204 PUT http://10.180.1.21/identity/v3/projects/a7708cabf6c344e3ae364bc81fe51db9/users/5a47a1df2aae4c04924a14216de6d514/roles/5cade7e6092540c289ae912a4e957629 0.060s
2025-03-12 08:43:48.123 68602 INFO tempest.lib.common.rest_client [req-e8f3d560-837f-46ae-8c0d-11da9923e425 req-e8f3d560-837f-46ae-8c0d-11da9923e425 ] Request (FlavorsV261TestJSON:setUpClass): 201 POST http://10.180.1.21/identity/v3/users 0.076s
2025-03-12 08:43:48.155 68650 INFO tempest.lib.common.rest_client [req-3a7bcafa-f7fd-44f9-8cb7-4603311ec135 req-3a7bcafa-f7fd-44f9-8cb7-4603311ec135 ] Request (ServerExternalEventsTest:setUpClass): 200 GET http://10.180.1.21/identity/v3/roles 0.051s
2025-03-12 08:43:48.174 68650 INFO tempest.lib.common.rest_client [req-79a9401e-2291-4456-8616-dc836aa995bc req-79a9401e-2291-4456-8616-dc836aa995bc ] Request (ServerExternalEventsTest:setUpClass): 204 PUT http://10.180.1.21/identity/v3/projects/a7708cabf6c344e3ae364bc81fe51db9/users/5a47a1df2aae4c04924a14216de6d514/roles/5cade7e6092540c289ae912a4e957629 0.018s
2025-03-12 08:43:48.174 68650 INFO tempest.lib.common.dynamic_creds [-] Dynamic test user 5a47a1df2aae4c04924a14216de6d514 is created with scope project and roles: ['admin']
2025-03-12 08:43:48.174 68650 INFO tempest.lib.common.dynamic_creds [-] Acquired dynamic creds: credentials: Credentials: {'domain_id': 'default', 'domain_name': 'Default', 'username': 'tempest-ServerExternalEventsTest-885597699-project-admin', 'project_domain_id': 'default', 'project_domain_name': 'Default', 'project_id': 'a7708cabf6c344e3ae364bc81fe51db9', 'project_name': 'tempest-ServerExternalEventsTest-885597699', 'tenant_id': 'a7708cabf6c344e3ae364bc81fe51db9', 'tenant_name': 'tempest-ServerExternalEventsTest-885597699', 'user_domain_id': 'default', 'user_domain_name': 'Default', 'user_id': '5a47a1df2aae4c04924a14216de6d514', 'system': None}, Network: None, Subnet: None, Router: None
2025-03-12 08:43:48.174 68650 INFO tempest.lib.common.dynamic_creds [-] Created isolated network resources for: credentials: Credentials: {'domain_id': 'default', 'domain_name': 'Default', 'username': 'tempest-ServerExternalEventsTest-885597699-project-admin', 'project_domain_id': 'default', 'project_domain_name': 'Default', 'project_id': 'a7708cabf6c344e3ae364bc81fe51db9', 'project_name': 'tempest-ServerExternalEventsTest-885597699', 'tenant_id': 'a7708cabf6c344e3ae364bc81fe51db9', 'tenant_name': 'tempest-ServerExternalEventsTest-885597699', 'user_domain_id': 'default', 'user_domain_name': 'Default', 'user_id': '5a47a1df2aae4c04924a14216de6d514', 'system': None}, Network: None, Subnet: None, Router: None
2025-03-12 08:43:48.180 68602 INFO tempest.lib.common.rest_client [req-85807ec3-e6fb-4354-bdca-ad56a6b04729 req-85807ec3-e6fb-4354-bdca-ad56a6b04729 ] Request (FlavorsV261TestJSON:setUpClass): 200 GET http://10.180.1.21/identity/v3/roles 0.056s
2025-03-12 08:43:48.236 68602 INFO tempest.lib.common.rest_client [req-bc6b04a1-4119-43db-b552-5e54e9f3ef51 req-bc6b04a1-4119-43db-b552-5e54e9f3ef51 ] Request (FlavorsV261TestJSON:setUpClass): 204 PUT http://10.180.1.21/identity/v3/projects/fdca6732de294851b491d5afdfd18f1a/users/0e70d3e4f5244a9f8917022e930187a3/roles/32693a8354b043ccb9aa746dc6177a01 0.055s
2025-03-12 08:43:48.236 68602 INFO tempest.lib.common.dynamic_creds [-] Dynamic test user 0e70d3e4f5244a9f8917022e930187a3 is created with scope project and roles: ['member']
2025-03-12 08:43:48.236 68602 INFO tempest.lib.common.dynamic_creds [-] Acquired dynamic creds: credentials: Credentials: {'domain_id': 'default', 'domain_name': 'Default', 'username': 'tempest-FlavorsV261TestJSON-435594303-project-member', 'project_domain_id': 'default', 'project_domain_name': 'Default', 'project_id': 'fdca6732de294851b491d5afdfd18f1a', 'project_name': 'tempest-FlavorsV261TestJSON-435594303', 'tenant_id': 'fdca6732de294851b491d5afdfd18f1a', 'tenant_name': 'tempest-FlavorsV261TestJSON-435594303', 'user_domain_id': 'default', 'user_domain_name': 'Default', 'user_id': '0e70d3e4f5244a9f8917022e930187a3', 'system': None}, Network: None, Subnet: None, Router: None
2025-03-12 08:43:48.236 68602 INFO tempest.lib.common.dynamic_creds [-] Created isolated network resources for: credentials: Credentials: {'domain_id': 'default', 'domain_name': 'Default', 'username': 'tempest-FlavorsV261TestJSON-435594303-project-member', 'project_domain_id': 'default', 'project_domain_name': 'Default', 'project_id': 'fdca6732de294851b491d5afdfd18f1a', 'project_name': 'tempest-FlavorsV261TestJSON-435594303', 'tenant_id': 'fdca6732de294851b491d5afdfd18f1a', 'tenant_name': 'tempest-FlavorsV261TestJSON-435594303', 'user_domain_id': 'default', 'user_domain_name': 'Default', 'user_id': '0e70d3e4f5244a9f8917022e930187a3', 'system': None}, Network: None, Subnet: None, Router: None
2025-03-12 08:43:48.259 68650 INFO tempest.lib.common.rest_client [req-f732a937-2ada-4fbd-82bf-501e60c6b62a req-f732a937-2ada-4fbd-82bf-501e60c6b62a ] Request (ServerExternalEventsTest:setUpClass): 201 POST http://10.180.1.21/identity/v3/auth/tokens 0.082s
2025-03-12 08:43:48.325 68602 INFO tempest.lib.common.rest_client [req-4297d8a1-b4d5-4209-8d85-854f9d948dba req-4297d8a1-b4d5-4209-8d85-854f9d948dba ] Request (FlavorsV261TestJSON:setUpClass): 201 POST http://10.180.1.21/identity/v3/auth/tokens 0.086s
2025-03-12 08:43:48.331 68650 INFO tempest.lib.common.rest_client [req-d0813cd4-be6b-4571-94a4-ab24698c270e req-d0813cd4-be6b-4571-94a4-ab24698c270e ] Request (ServerExternalEventsTest:setUpClass): 201 POST http://10.180.1.21/identity/v3/projects 0.072s
2025-03-12 08:43:48.333 68606 INFO tempest.lib.common.rest_client [req-bf1bf007-0f79-4681-bf98-55f6b148c834 req-bf1bf007-0f79-4681-bf98-55f6b148c834 ] Request (ServersTestFqdnHostnames:setUpClass): 201 POST http://10.180.1.21:9696/networking/v2.0/subnets 1.407s
2025-03-12 08:43:48.339 68612 INFO tempest.lib.common.rest_client [req-f9cfbed1-6fd0-421f-a8c5-f4ba4de33e01 req-f9cfbed1-6fd0-421f-a8c5-f4ba4de33e01 ] Request (FloatingIPsNegativeTestJSON:tearDownClass): 204 DELETE http://10.180.1.21:9696/networking/v2.0/networks/84345adf-1e19-499f-9e2b-ca3f1fada14e 1.319s
2025-03-12 08:43:48.457 68650 INFO tempest.lib.common.rest_client [req-a98674bb-c0f8-4bc4-8eb6-6ff9423c97d2 req-a98674bb-c0f8-4bc4-8eb6-6ff9423c97d2 ] Request (ServerExternalEventsTest:setUpClass): 201 POST http://10.180.1.21/identity/v3/users 0.125s
2025-03-12 08:43:48.473 68602 INFO tempest.lib.common.rest_client [req-34bfa2a1-ae70-4e3c-b5d7-352660575500 req-34bfa2a1-ae70-4e3c-b5d7-352660575500 ] Request (FlavorsV261TestJSON:setUpClass): 201 POST http://10.180.1.21/identity/v3/projects 0.147s
2025-03-12 08:43:48.537 68650 INFO tempest.lib.common.rest_client [req-f4a8ea55-676f-48e1-b908-ea91de9346cc req-f4a8ea55-676f-48e1-b908-ea91de9346cc ] Request (ServerExternalEventsTest:setUpClass): 200 GET http://10.180.1.21/identity/v3/roles 0.080s
2025-03-12 08:43:48.579 68602 INFO tempest.lib.common.rest_client [req-220c95c0-a5a2-48a2-92c5-f2001880cc43 req-220c95c0-a5a2-48a2-92c5-f2001880cc43 ] Request (FlavorsV261TestJSON:setUpClass): 201 POST http://10.180.1.21/identity/v3/users 0.105s
2025-03-12 08:43:48.623 68612 INFO tempest.lib.common.rest_client [req-6e5ac08d-6010-46aa-ba88-144d81c494e6 req-6e5ac08d-6010-46aa-ba88-144d81c494e6 ] Request (FloatingIPsNegativeTestJSON:tearDownClass): 204 DELETE http://10.180.1.21/identity/v3/users/ba72991ab0714ab4817382a44f44c850 0.283s
2025-03-12 08:43:48.624 68612 INFO tempest.lib.common.dynamic_creds [-] Deleting project and security group for project: c21d7edcac69467fa8477d2e9c913140
2025-03-12 08:43:48.647 68655 INFO tempest.lib.common.rest_client [req-76f18156-c1c5-4ce2-9191-e16794142458 req-76f18156-c1c5-4ce2-9191-e16794142458 ] Request (ServerActionsTestOtherA:setUpClass): 201 POST http://10.180.1.21:9696/networking/v2.0/networks 1.951s
2025-03-12 08:43:48.652 68650 INFO tempest.lib.common.rest_client [req-abc38122-da78-4515-8c3d-ddd42c082e38 req-abc38122-da78-4515-8c3d-ddd42c082e38 ] Request (ServerExternalEventsTest:setUpClass): 204 PUT http://10.180.1.21/identity/v3/projects/b78b99bf60ea4212a80586cce78bda8e/users/2c1a06d8561b41c6b145390119a37f2c/roles/5cade7e6092540c289ae912a4e957629 0.114s
2025-03-12 08:43:48.709 68650 INFO tempest.lib.common.rest_client [req-d55127a9-5a33-44b1-b9c2-25dff2374c00 req-d55127a9-5a33-44b1-b9c2-25dff2374c00 ] Request (ServerExternalEventsTest:setUpClass): 200 GET http://10.180.1.21/identity/v3/roles 0.057s
2025-03-12 08:43:48.714 68602 INFO tempest.lib.common.rest_client [req-29038518-5de7-4d6b-9d86-f059ca4be36b req-29038518-5de7-4d6b-9d86-f059ca4be36b ] Request (FlavorsV261TestJSON:setUpClass): 200 GET http://10.180.1.21/identity/v3/roles 0.135s
2025-03-12 08:43:48.731 68650 INFO tempest.lib.common.rest_client [req-b55b6ffe-2c36-46bf-b7cb-ea5f85611a02 req-b55b6ffe-2c36-46bf-b7cb-ea5f85611a02 ] Request (ServerExternalEventsTest:setUpClass): 204 PUT http://10.180.1.21/identity/v3/projects/b78b99bf60ea4212a80586cce78bda8e/users/2c1a06d8561b41c6b145390119a37f2c/roles/09c59ea95a6c458e9cc8c2340929e70d 0.021s
2025-03-12 08:43:48.732 68650 INFO tempest.lib.common.dynamic_creds [-] Dynamic test user 2c1a06d8561b41c6b145390119a37f2c is created with scope project and roles: ['admin', 'service']
2025-03-12 08:43:48.732 68650 INFO tempest.lib.common.dynamic_creds [-] Acquired dynamic creds: credentials: Credentials: {'domain_id': 'default', 'domain_name': 'Default', 'username': 'tempest-ServerExternalEventsTest-1668494258-project', 'project_domain_id': 'default', 'project_domain_name': 'Default', 'project_id': 'b78b99bf60ea4212a80586cce78bda8e', 'project_name': 'tempest-ServerExternalEventsTest-1668494258', 'tenant_id': 'b78b99bf60ea4212a80586cce78bda8e', 'tenant_name': 'tempest-ServerExternalEventsTest-1668494258', 'user_domain_id': 'default', 'user_domain_name': 'Default', 'user_id': '2c1a06d8561b41c6b145390119a37f2c', 'system': None}, Network: None, Subnet: None, Router: None
2025-03-12 08:43:48.732 68650 INFO tempest.lib.common.dynamic_creds [-] Created isolated network resources for: credentials: Credentials: {'domain_id': 'default', 'domain_name': 'Default', 'username': 'tempest-ServerExternalEventsTest-1668494258-project', 'project_domain_id': 'default', 'project_domain_name': 'Default', 'project_id': 'b78b99bf60ea4212a80586cce78bda8e', 'project_name': 'tempest-ServerExternalEventsTest-1668494258', 'tenant_id': 'b78b99bf60ea4212a80586cce78bda8e', 'tenant_name': 'tempest-ServerExternalEventsTest-1668494258', 'user_domain_id': 'default', 'user_domain_name': 'Default', 'user_id': '2c1a06d8561b41c6b145390119a37f2c', 'system': None}, Network: None, Subnet: None, Router: None
2025-03-12 08:43:48.741 68602 INFO tempest.lib.common.rest_client [req-7134f29f-a730-450d-9748-6297ebe0c423 req-7134f29f-a730-450d-9748-6297ebe0c423 ] Request (FlavorsV261TestJSON:setUpClass): 204 PUT http://10.180.1.21/identity/v3/projects/f2cfc98c5ade4804b928bab7ee4c41c8/users/dda567d41b314beeaeca83b2d7be5202/roles/5cade7e6092540c289ae912a4e957629 0.026s
2025-03-12 08:43:48.783 68608 INFO tempest.lib.common.rest_client [req-a40bd291-7b73-4dfd-ba90-700240748e7f req-a40bd291-7b73-4dfd-ba90-700240748e7f ] Request (InstanceActionsNegativeTestJSON:setUpClass): 202 POST http://10.180.1.21/compute/v2.1/servers 3.084s
2025-03-12 08:43:48.791 68612 INFO tempest.lib.common.rest_client [req-2b56ec79-a082-4dd5-a954-6ae2a887afab req-2b56ec79-a082-4dd5-a954-6ae2a887afab ] Request (FloatingIPsNegativeTestJSON:tearDownClass): 200 GET http://10.180.1.21:9696/networking/v2.0/security-groups?tenant_id=c21d7edcac69467fa8477d2e9c913140&name=default 0.167s
2025-03-12 08:43:48.793 68634 INFO tempest.lib.common.rest_client [req-e42bec4d-3c98-415f-b3c7-d3805596877b req-e42bec4d-3c98-415f-b3c7-d3805596877b ] Request (HostsAdminNegativeTestJSON:test_update_host_without_param): 400 PUT http://10.180.1.21/compute/v2.1/os-hosts/devstack 2.431s
2025-03-12 08:43:48.796 68602 INFO tempest.lib.common.rest_client [req-be0c4e64-8538-4fb1-9063-ba106f69a677 req-be0c4e64-8538-4fb1-9063-ba106f69a677 ] Request (FlavorsV261TestJSON:setUpClass): 200 GET http://10.180.1.21/identity/v3/roles 0.054s
2025-03-12 08:43:48.800 68652 INFO tempest.lib.common.rest_client [req-25d290c5-fd85-498c-890f-63ce38706eeb req-25d290c5-fd85-498c-890f-63ce38706eeb ] Request (ValidationResourcesFixture:setUp): 201 POST http://10.180.1.21:9696/networking/v2.0/floatingips 3.744s
2025-03-12 08:43:48.807 68630 INFO tempest.lib.common.rest_client [req-070b7df6-5358-4577-b140-d9605b9ccb73 req-070b7df6-5358-4577-b140-d9605b9ccb73 ] Request (FlavorsAdminTestJSON:_run_cleanups): 202 DELETE http://10.180.1.21/compute/v2.1/flavors/d0249712-845a-43e5-a974-41099a7f6922 2.410s
2025-03-12 08:43:48.826 68602 INFO tempest.lib.common.rest_client [req-49c37b0b-46c9-4a0c-ba75-7e979536d881 req-49c37b0b-46c9-4a0c-ba75-7e979536d881 ] Request (FlavorsV261TestJSON:setUpClass): 204 PUT http://10.180.1.21/identity/v3/projects/f2cfc98c5ade4804b928bab7ee4c41c8/users/dda567d41b314beeaeca83b2d7be5202/roles/5cade7e6092540c289ae912a4e957629 0.029s
2025-03-12 08:43:48.827 68602 INFO tempest.lib.common.dynamic_creds [-] Dynamic test user dda567d41b314beeaeca83b2d7be5202 is created with scope project and roles: ['admin']
2025-03-12 08:43:48.827 68602 INFO tempest.lib.common.dynamic_creds [-] Acquired dynamic creds: credentials: Credentials: {'domain_id': 'default', 'domain_name': 'Default', 'username': 'tempest-FlavorsV261TestJSON-1322219654-project-admin', 'project_domain_id': 'default', 'project_domain_name': 'Default', 'project_id': 'f2cfc98c5ade4804b928bab7ee4c41c8', 'project_name': 'tempest-FlavorsV261TestJSON-1322219654', 'tenant_id': 'f2cfc98c5ade4804b928bab7ee4c41c8', 'tenant_name': 'tempest-FlavorsV261TestJSON-1322219654', 'user_domain_id': 'default', 'user_domain_name': 'Default', 'user_id': 'dda567d41b314beeaeca83b2d7be5202', 'system': None}, Network: None, Subnet: None, Router: None
2025-03-12 08:43:48.827 68602 INFO tempest.lib.common.dynamic_creds [-] Created isolated network resources for: credentials: Credentials: {'domain_id': 'default', 'domain_name': 'Default', 'username': 'tempest-FlavorsV261TestJSON-1322219654-project-admin', 'project_domain_id': 'default', 'project_domain_name': 'Default', 'project_id': 'f2cfc98c5ade4804b928bab7ee4c41c8', 'project_name': 'tempest-FlavorsV261TestJSON-1322219654', 'tenant_id': 'f2cfc98c5ade4804b928bab7ee4c41c8', 'tenant_name': 'tempest-FlavorsV261TestJSON-1322219654', 'user_domain_id': 'default', 'user_domain_name': 'Default', 'user_id': 'dda567d41b314beeaeca83b2d7be5202', 'system': None}, Network: None, Subnet: None, Router: None
2025-03-12 08:43:48.840 68629 INFO tempest.lib.common.rest_client [req-36bfb430-cad1-48be-8d04-2a2e1cc14316 req-36bfb430-cad1-48be-8d04-2a2e1cc14316 ] Request (FlavorsV2TestJSON:test_list_flavors_using_marker): 200 GET http://10.180.1.21/compute/v2.1/flavors?marker=42 2.415s
2025-03-12 08:43:48.846 68650 INFO tempest.lib.common.rest_client [req-259f77b8-d696-4f28-aa4b-46dde415933c req-259f77b8-d696-4f28-aa4b-46dde415933c ] Request (ServerExternalEventsTest:setUpClass): 201 POST http://10.180.1.21/identity/v3/auth/tokens 0.106s
2025-03-12 08:43:48.851 68618 INFO tempest.lib.common.rest_client [req-de39ce91-7642-4fe3-8a36-fe559fb7a35c req-de39ce91-7642-4fe3-8a36-fe559fb7a35c ] Request (FlavorsExtraSpecsNegativeTestJSON:test_flavor_update_mismatch_key): 400 PUT http://10.180.1.21/compute/v2.1/flavors/1101912147/os-extra_specs/hw:numa_nodes 2.415s
2025-03-12 08:43:48.872 68638 INFO tempest.lib.common.rest_client [req-5a34c9e8-7464-4a58-9bf8-0055d0fdf6a5 req-5a34c9e8-7464-4a58-9bf8-0055d0fdf6a5 ] Request (FlavorsAccessNegativeTestJSON:_run_cleanups): 200 GET http://10.180.1.21/compute/v2.1/flavors/detail 2.333s
2025-03-12 08:43:48.878 68646 INFO tempest.lib.common.rest_client [req-af93c80f-807f-4a08-b3a9-b5dcd7fb85d8 req-af93c80f-807f-4a08-b3a9-b5dcd7fb85d8 ] Request (AggregatesAdminNegativeTestJSON:test_aggregate_create_as_user): 403 POST http://10.180.1.21/compute/v2.1/os-aggregates 2.331s
2025-03-12 08:43:48.896 68642 INFO tempest.lib.common.rest_client [req-6a6e30c9-38a0-4465-a2fa-7e23753fe4a6 req-6a6e30c9-38a0-4465-a2fa-7e23753fe4a6 ] Request (KeyPairsV22TestJSON:_run_cleanups): 204 DELETE http://10.180.1.21/compute/v2.1/os-keypairs/tempest-keypair-1937821908 2.332s
2025-03-12 08:43:48.910 68652 INFO tempest.lib.common.rest_client [req-848d7b59-f949-4d40-93da-970c1a1db57f req-848d7b59-f949-4d40-93da-970c1a1db57f ] Request (ServersWithSpecificFlavorTestJSON:test_verify_created_server_ephemeral_disk): 201 POST http://10.180.1.21/identity/v3/auth/tokens 0.104s
2025-03-12 08:43:48.910 68652 INFO tempest.lib.common.fixed_network [-] (ServersWithSpecificFlavorTestJSON:test_verify_created_server_ephemeral_disk) Found network {'id': '4f817a56-71c3-404c-bb8f-08e4925f0c9d', 'name': 'tempest-ServersWithSpecificFlavorTestJSON-1733186274-network', 'tenant_id': '8e382d6dee334cd2bcf097cbe56f1143', 'admin_state_up': True, 'mtu': 8950, 'status': 'ACTIVE', 'subnets': [], 'shared': False, 'project_id': '8e382d6dee334cd2bcf097cbe56f1143', 'port_security_enabled': True, 'router:external': False, 'provider:network_type': 'vlan', 'provider:physical_network': 'default', 'provider:segmentation_id': 393, 'availability_zone_hints': [], 'availability_zones': [], 'ipv4_address_scope': None, 'ipv6_address_scope': None, 'description': '', 'tags': [], 'created_at': '2025-03-12T08:43:20Z', 'updated_at': '2025-03-12T08:43:20Z', 'revision_number': 1} available for tenant
2025-03-12 08:43:48.931 68602 INFO tempest.lib.common.rest_client [req-a777713b-0e34-44cd-aa52-c3089cd1af48 req-a777713b-0e34-44cd-aa52-c3089cd1af48 ] Request (FlavorsV261TestJSON:setUpClass): 201 POST http://10.180.1.21/identity/v3/auth/tokens 0.101s
2025-03-12 08:43:48.958 68650 INFO tempest.lib.common.rest_client [req-80f66372-8d87-4ced-9c5b-9e27496ba93c req-80f66372-8d87-4ced-9c5b-9e27496ba93c ] Request (ServerExternalEventsTest:test_create_server_external_events): 201 POST http://10.180.1.21/identity/v3/auth/tokens 0.107s
2025-03-12 08:43:48.958 68650 INFO tempest.lib.common.fixed_network [-] (ServerExternalEventsTest:test_create_server_external_events) Found network None available for tenant
2025-03-12 08:43:49.140 68612 INFO tempest.lib.common.rest_client [req-5bedaa6b-6574-45e5-97e4-c782d02b167e req-5bedaa6b-6574-45e5-97e4-c782d02b167e ] Request (FloatingIPsNegativeTestJSON:tearDownClass): 204 DELETE http://10.180.1.21:9696/networking/v2.0/security-groups/19a00dc7-5baa-4a62-9307-31148125ccad 0.348s
2025-03-12 08:43:49.148 68632 INFO tempest.lib.common.rest_client [req-bdcd4a9e-44f5-48b5-b04a-e9a8647acc9b req-bdcd4a9e-44f5-48b5-b04a-e9a8647acc9b ] Request (TenantUsagesTestJSON:setUpClass): 200 GET http://10.180.1.21/compute/v2.1/servers/3d3b5611-714f-4757-b848-891319c2fea3 2.559s
2025-03-12 08:43:49.158 68632 INFO tempest.common.waiters [-] State transition "BUILD/spawning" ==> "ACTIVE/None" after 22 second wait
2025-03-12 08:43:49.247 68644 INFO tempest.lib.common.rest_client [req-29ed55df-eb35-43bc-810e-5d40f19d562f req-29ed55df-eb35-43bc-810e-5d40f19d562f ] Request (FloatingIPDetailsTestJSON:tearDownClass): 202 DELETE http://10.180.1.21/compute/v2.1/os-floating-ips/66e99f59-81e0-41cc-b3b8-0c76bffeac40 3.109s
2025-03-12 08:43:49.274 68659 INFO tempest.lib.common.rest_client [req-d53bcdf9-e178-4c43-bee4-9747d88a137a req-d53bcdf9-e178-4c43-bee4-9747d88a137a ] Request (ServersTestMultiNic:test_verify_duplicate_network_nics): 201 POST http://10.180.1.21:9696/networking/v2.0/subnets 1.544s
2025-03-12 08:43:49.280 68616 INFO tempest.lib.common.rest_client [req-26b95ad2-2bc6-48b5-920e-d828bd93a4ac req-26b95ad2-2bc6-48b5-920e-d828bd93a4ac ] Request (QuotasAdminTestJSON:test_get_updated_quotas): 200 GET http://10.180.1.21/compute/v2.1/os-quota-sets/f07853d60380493693b016eafe8c04fb?user_id=d6c9607f2ca14e288d6cdc3384cb25c8 2.436s
2025-03-12 08:43:49.300 68610 INFO tempest.lib.common.rest_client [req-942e9b16-0b8f-4a5c-9e3a-cd0f8855283f req-942e9b16-0b8f-4a5c-9e3a-cd0f8855283f ] Request (ServerGroup264TestJSON:tearDownClass): 204 DELETE http://10.180.1.21:9696/networking/v2.0/routers/3e496317-af7f-47cd-9945-f6be47e9d9c5 2.350s
2025-03-12 08:43:49.309 68612 INFO tempest.lib.common.rest_client [req-e34afafc-2e6a-4ba3-a103-b5c0f990874d req-e34afafc-2e6a-4ba3-a103-b5c0f990874d ] Request (FloatingIPsNegativeTestJSON:tearDownClass): 204 DELETE http://10.180.1.21/identity/v3/projects/c21d7edcac69467fa8477d2e9c913140 0.168s
2025-03-12 08:43:49.394 68612 INFO tempest.lib.common.rest_client [req-83c3b11e-c42a-467e-a4e9-9cedf599a903 req-83c3b11e-c42a-467e-a4e9-9cedf599a903 ] Request (ServerPasswordTestJSON:setUpClass): 201 POST http://10.180.1.21/identity/v3/auth/tokens 0.083s
2025-03-12 08:43:49.402 68622 INFO tempest.lib.common.rest_client [req-09bbc2a9-0b7a-46a6-900a-009e1b5995dd req-09bbc2a9-0b7a-46a6-900a-009e1b5995dd ] Request (ServerDiagnosticsV248Test:test_get_server_diagnostics): 200 GET http://10.180.1.21/compute/v2.1/servers/239d0522-5101-49e0-8d3b-85b54927cd21 2.309s
2025-03-12 08:43:49.413 68616 INFO tempest.lib.common.rest_client [req-5f4c81fd-7163-4419-ada8-35b1b5511e35 req-5f4c81fd-7163-4419-ada8-35b1b5511e35 ] Request (QuotasAdminTestJSON:_run_cleanups): 204 DELETE http://10.180.1.21/identity/v3/users/d6c9607f2ca14e288d6cdc3384cb25c8 0.130s
2025-03-12 08:43:49.413 68655 INFO tempest.lib.common.rest_client [req-e497360a-286e-42a5-97d0-df900fdce462 req-e497360a-286e-42a5-97d0-df900fdce462 ] Request (ServerActionsTestOtherA:setUpClass): 201 POST http://10.180.1.21:9696/networking/v2.0/subnets 0.764s
2025-03-12 08:43:49.470 68612 INFO tempest.lib.common.rest_client [req-e6ba53b1-6d8c-458b-b59f-d42605d3021d req-e6ba53b1-6d8c-458b-b59f-d42605d3021d ] Request (ServerPasswordTestJSON:setUpClass): 201 POST http://10.180.1.21/identity/v3/auth/tokens 0.074s
2025-03-12 08:43:49.475 68641 INFO tempest.lib.common.rest_client [req-15ba9ac7-16d6-4617-b548-52ad4d4f6d7e req-15ba9ac7-16d6-4617-b548-52ad4d4f6d7e ] Request (ImagesOneServerTestJSON:setUpClass): 201 POST http://10.180.1.21:9696/networking/v2.0/routers 4.590s
2025-03-12 08:43:49.496 68612 INFO tempest.lib.common.rest_client [req-72903a5b-19a4-4686-ae88-c0342df1187b req-72903a5b-19a4-4686-ae88-c0342df1187b ] Request (ServerPasswordTestJSON:setUpClass): 200 GET http://10.180.1.21/identity/v3/domains?name=Default 0.025s
2025-03-12 08:43:49.520 68616 INFO tempest.lib.common.rest_client [req-2b696615-99d6-4d5e-971d-a55b54ca4c2c req-2b696615-99d6-4d5e-971d-a55b54ca4c2c ] Request (QuotasAdminTestJSON:_run_cleanups): 204 DELETE http://10.180.1.21/identity/v3/projects/f07853d60380493693b016eafe8c04fb 0.107s
2025-03-12 08:43:49.523 68604 INFO tempest.lib.common.rest_client [req-3626e86b-91a7-4b06-8193-7badaab44641 req-3626e86b-91a7-4b06-8193-7badaab44641 ] Request (ServerDiagnosticsNegativeTest:test_get_server_diagnostics_by_non_admin): 200 GET http://10.180.1.21/compute/v2.1/servers/e65722bb-e39a-47e5-9aaf-87cfd27930d1 2.292s
2025-03-12 08:43:49.533 68604 INFO tempest.common.waiters [-] State transition "BUILD/spawning" ==> "ACTIVE/None" after 20 second wait
2025-03-12 08:43:49.583 68612 INFO tempest.lib.common.rest_client [req-c783d1b9-29b5-4e3d-8549-5363b76aec4d req-c783d1b9-29b5-4e3d-8549-5363b76aec4d ] Request (ServerPasswordTestJSON:setUpClass): 201 POST http://10.180.1.21/identity/v3/projects 0.086s
2025-03-12 08:43:49.640 68596 INFO tempest.lib.common.rest_client [req-09eaf4bd-4b66-4f42-b17b-d47b60b3ad16 req-09eaf4bd-4b66-4f42-b17b-d47b60b3ad16 ] Request (ImagesNegativeTestJSON:setUpClass): 200 PUT http://10.180.1.21:9696/networking/v2.0/routers/1b3b7c41-3351-4c16-9e20-c903f3e5055d/add_router_interface 5.348s
2025-03-12 08:43:49.640 68596 INFO tempest.lib.common.dynamic_creds [-] Created isolated network resources for: credentials: Credentials: {'domain_id': 'default', 'domain_name': 'Default', 'username': 'tempest-ImagesNegativeTestJSON-1590220102-project-member', 'project_domain_id': 'default', 'project_domain_name': 'Default', 'project_id': 'ce23f4f8da064cdeb40d4c6733be5338', 'project_name': 'tempest-ImagesNegativeTestJSON-1590220102', 'tenant_id': 'ce23f4f8da064cdeb40d4c6733be5338', 'tenant_name': 'tempest-ImagesNegativeTestJSON-1590220102', 'user_domain_id': 'default', 'user_domain_name': 'Default', 'user_id': '80a2118a1dfa4adebf6cf8d7ac00228d', 'system': None}, Network: {'id': '14808924-402c-4591-90f3-2f5d974570d8', 'name': 'tempest-ImagesNegativeTestJSON-917992346-network', 'tenant_id': 'ce23f4f8da064cdeb40d4c6733be5338', 'admin_state_up': True, 'mtu': 8950, 'status': 'ACTIVE', 'subnets': [], 'shared': False, 'project_id': 'ce23f4f8da064cdeb40d4c6733be5338', 'port_security_enabled': True, 'router:external': False, 'provider:network_type': 'vlan', 'provider:physical_network': 'default', 'provider:segmentation_id': 405, 'availability_zone_hints': [], 'availability_zones': [], 'ipv4_address_scope': None, 'ipv6_address_scope': None, 'description': '', 'tags': [], 'created_at': '2025-03-12T08:43:39Z', 'updated_at': '2025-03-12T08:43:39Z', 'revision_number': 1}, Subnet: {'id': '9b3a5a53-5060-47d3-9adc-59b2ad79f105', 'name': 'tempest-ImagesNegativeTestJSON-917992346-subnet', 'tenant_id': 'ce23f4f8da064cdeb40d4c6733be5338', 'network_id': '14808924-402c-4591-90f3-2f5d974570d8', 'ip_version': 4, 'subnetpool_id': None, 'enable_dhcp': True, 'ipv6_ra_mode': None, 'ipv6_address_mode': None, 'gateway_ip': '192.168.128.1', 'cidr': '192.168.128.0/28', 'allocation_pools': [{'start': '192.168.128.2', 'end': '192.168.128.14'}], 'host_routes': [], 'dns_nameservers': [], 'description': '', 'router:external': False, 'service_types': [], 'tags': [], 'created_at': '2025-03-12T08:43:39Z', 'updated_at': '2025-03-12T08:43:39Z', 'revision_number': 0, 'project_id': 'ce23f4f8da064cdeb40d4c6733be5338'}, Router: {'id': '1b3b7c41-3351-4c16-9e20-c903f3e5055d', 'name': 'tempest-ImagesNegativeTestJSON-917992346-router', 'tenant_id': 'ce23f4f8da064cdeb40d4c6733be5338', 'admin_state_up': True, 'status': 'ACTIVE', 'external_gateway_info': {'network_id': 'eb84b944-4c1b-4ac1-90ee-f408b6a03b61', 'external_fixed_ips': [{'subnet_id': '09ecae33-74ab-452e-8905-d5b88b130db1', 'ip_address': '10.180.180.141'}], 'enable_snat': True}, 'description': '', 'availability_zones': [], 'distributed': False, 'ha': False, 'availability_zone_hints': [], 'routes': [], 'flavor_id': None, 'tags': [], 'created_at': '2025-03-12T08:43:40Z', 'updated_at': '2025-03-12T08:43:41Z', 'revision_number': 2, 'project_id': 'ce23f4f8da064cdeb40d4c6733be5338'}
2025-03-12 08:43:49.677 68612 INFO tempest.lib.common.rest_client [req-1339005c-88b4-4747-9209-91f9be976832 req-1339005c-88b4-4747-9209-91f9be976832 ] Request (ServerPasswordTestJSON:setUpClass): 201 POST http://10.180.1.21/identity/v3/users 0.093s
2025-03-12 08:43:49.687 68610 INFO tempest.lib.common.rest_client [req-b0886b59-071c-413c-9ad7-131f7790f270 req-b0886b59-071c-413c-9ad7-131f7790f270 ] Request (ServerGroup264TestJSON:tearDownClass): 204 DELETE http://10.180.1.21:9696/networking/v2.0/subnets/b999e5d6-7f47-4580-aa1b-fa00b12ecf46 0.387s
2025-03-12 08:43:49.694 68620 INFO tempest.lib.common.rest_client [req-b8f6e509-2958-4bc3-9989-68c22649bac7 req-b8f6e509-2958-4bc3-9989-68c22649bac7 ] Request (SecurityGroupsTestJSON:test_list_security_groups_by_server): 200 GET http://10.180.1.21/compute/v2.1/servers/6b778e98-12c2-42a5-a772-06ea32d090b8 2.333s
2025-03-12 08:43:49.703 68620 INFO tempest.common.waiters [-] State transition "BUILD/None" ==> "BUILD/spawning" after 8 second wait
2025-03-12 08:43:49.711 68612 INFO tempest.lib.common.rest_client [req-b7677689-af4e-4b92-9f9e-55b5c144d4b9 req-b7677689-af4e-4b92-9f9e-55b5c144d4b9 ] Request (ServerPasswordTestJSON:setUpClass): 200 GET http://10.180.1.21/identity/v3/roles 0.034s
2025-03-12 08:43:49.720 68596 INFO tempest.lib.common.rest_client [req-75a85347-2370-4e61-bbd7-db354fe6b298 req-75a85347-2370-4e61-bbd7-db354fe6b298 ] Request (ImagesNegativeTestJSON:setUpClass): 201 POST http://10.180.1.21/identity/v3/auth/tokens 0.076s
2025-03-12 08:43:49.725 68598 INFO tempest.lib.common.rest_client [req-4c55adaf-3eb0-4436-b333-6bc41e467a81 req-4c55adaf-3eb0-4436-b333-6bc41e467a81 ] Request (ServersAdminTestJSON:setUpClass): 200 GET http://10.180.1.21/compute/v2.1/servers/1d0f383f-6bf9-42d0-b6c6-1f276eb181cb 2.204s
2025-03-12 08:43:49.745 68612 INFO tempest.lib.common.rest_client [req-8ea740f2-1ff5-4394-8a9d-3aec7afbbae8 req-8ea740f2-1ff5-4394-8a9d-3aec7afbbae8 ] Request (ServerPasswordTestJSON:setUpClass): 204 PUT http://10.180.1.21/identity/v3/projects/ab096093920e44a5b89eac4266233a62/users/981b28563b0f45d495a0d2dda2a25d3e/roles/32693a8354b043ccb9aa746dc6177a01 0.033s
2025-03-12 08:43:49.745 68612 INFO tempest.lib.common.dynamic_creds [-] Dynamic test user 981b28563b0f45d495a0d2dda2a25d3e is created with scope project and roles: ['member']
2025-03-12 08:43:49.745 68612 INFO tempest.lib.common.dynamic_creds [-] Acquired dynamic creds: credentials: Credentials: {'domain_id': 'default', 'domain_name': 'Default', 'username': 'tempest-ServerPasswordTestJSON-1245861442-project-member', 'project_domain_id': 'default', 'project_domain_name': 'Default', 'project_id': 'ab096093920e44a5b89eac4266233a62', 'project_name': 'tempest-ServerPasswordTestJSON-1245861442', 'tenant_id': 'ab096093920e44a5b89eac4266233a62', 'tenant_name': 'tempest-ServerPasswordTestJSON-1245861442', 'user_domain_id': 'default', 'user_domain_name': 'Default', 'user_id': '981b28563b0f45d495a0d2dda2a25d3e', 'system': None}, Network: None, Subnet: None, Router: None
2025-03-12 08:43:49.813 68596 INFO tempest.lib.common.rest_client [req-16b3d619-80e2-4083-b5d1-b1db1ddbcd9f req-16b3d619-80e2-4083-b5d1-b1db1ddbcd9f ] Request (ImagesNegativeTestJSON:test_create_image_from_deleted_server): 201 POST http://10.180.1.21/identity/v3/auth/tokens 0.088s
2025-03-12 08:43:49.813 68596 INFO tempest.lib.common.fixed_network [-] (ImagesNegativeTestJSON:test_create_image_from_deleted_server) Found network {'id': '14808924-402c-4591-90f3-2f5d974570d8', 'name': 'tempest-ImagesNegativeTestJSON-917992346-network', 'tenant_id': 'ce23f4f8da064cdeb40d4c6733be5338', 'admin_state_up': True, 'mtu': 8950, 'status': 'ACTIVE', 'subnets': [], 'shared': False, 'project_id': 'ce23f4f8da064cdeb40d4c6733be5338', 'port_security_enabled': True, 'router:external': False, 'provider:network_type': 'vlan', 'provider:physical_network': 'default', 'provider:segmentation_id': 405, 'availability_zone_hints': [], 'availability_zones': [], 'ipv4_address_scope': None, 'ipv6_address_scope': None, 'description': '', 'tags': [], 'created_at': '2025-03-12T08:43:39Z', 'updated_at': '2025-03-12T08:43:39Z', 'revision_number': 1} available for tenant
2025-03-12 08:43:49.816 68612 INFO tempest.lib.common.rest_client [req-8ad4619f-a304-422c-ba3d-d737e9ca2437 req-8ad4619f-a304-422c-ba3d-d737e9ca2437 ] Request (ServerPasswordTestJSON:setUpClass): 201 POST http://10.180.1.21/identity/v3/auth/tokens 0.070s
2025-03-12 08:43:50.008 68657 INFO tempest.lib.common.rest_client [req-e4485a97-9577-468b-9748-3b676c4f8aae req-e4485a97-9577-468b-9748-3b676c4f8aae ] Request (MigrationsAdminTest:test_list_migrations_in_flavor_resize_situation): 200 GET http://10.180.1.21/compute/v2.1/servers/6f461623-93a7-4cb9-9ae6-a9fe15c3d7d1 2.406s
2025-03-12 08:43:50.024 68659 INFO tempest.lib.common.rest_client [req-9a12d1d7-5c12-46a2-8ed4-0b25018a599f req-9a12d1d7-5c12-46a2-8ed4-0b25018a599f ] Request (ServersTestMultiNic:test_verify_duplicate_network_nics): 201 POST http://10.180.1.21:9696/networking/v2.0/networks 0.748s
2025-03-12 08:43:50.265 68636 INFO tempest.lib.common.rest_client [req-3fd99e79-3737-4f8e-8f43-4123a51b3da4 req-3fd99e79-3737-4f8e-8f43-4123a51b3da4 ] Request (DeleteServersAdminTestJSON:test_admin_delete_servers_of_others): 200 GET http://10.180.1.21/compute/v2.1/servers/8782d86d-0e94-44b4-9595-b0eb2b2a3fb7 2.144s
2025-03-12 08:43:50.275 68636 INFO tempest.common.waiters [-] State transition "BUILD/spawning" ==> "ACTIVE/None" after 22 second wait
2025-03-12 08:43:50.358 68608 INFO tempest.lib.common.rest_client [req-b55dd85c-8da0-4409-b176-37fd4a621227 req-b55dd85c-8da0-4409-b176-37fd4a621227 ] Request (InstanceActionsNegativeTestJSON:setUpClass): 200 GET http://10.180.1.21/compute/v2.1/servers/b869231a-5293-433f-ac7c-d50030368826 1.573s
2025-03-12 08:43:50.375 68634 INFO tempest.lib.common.rest_client [req-441a1c63-79b9-4570-9e89-203349adfeec req-441a1c63-79b9-4570-9e89-203349adfeec ] Request (HostsAdminNegativeTestJSON:test_update_nonexistent_host): 404 PUT http://10.180.1.21/compute/v2.1/os-hosts/nonexistent_hostname 1.579s
2025-03-12 08:43:50.412 68630 INFO tempest.lib.common.rest_client [req-c0ca7143-5ec2-4196-b50b-a2fcf9659b3e req-c0ca7143-5ec2-4196-b50b-a2fcf9659b3e ] Request (FlavorsAdminTestJSON:_run_cleanups): 200 GET http://10.180.1.21/compute/v2.1/flavors/detail 1.604s
2025-03-12 08:43:50.442 68629 INFO tempest.lib.common.rest_client [req-811f087f-280d-4979-a59c-1274dec72a8d req-811f087f-280d-4979-a59c-1274dec72a8d ] Request (FlavorsV2TestJSON:test_list_flavors_with_detail): 200 GET http://10.180.1.21/compute/v2.1/flavors/detail 1.596s
2025-03-12 08:43:50.450 68618 INFO tempest.lib.common.rest_client [req-8be88854-4d92-436b-94c8-3e1e2109c3a2 req-8be88854-4d92-436b-94c8-3e1e2109c3a2 ] Request (FlavorsExtraSpecsNegativeTestJSON:test_flavor_update_more_key): 400 PUT http://10.180.1.21/compute/v2.1/flavors/1101912147/os-extra_specs/hw:numa_nodes 1.598s
2025-03-12 08:43:50.489 68646 INFO tempest.lib.common.rest_client [req-eadbac40-005d-4e06-af10-88b39a5ccc7a req-eadbac40-005d-4e06-af10-88b39a5ccc7a ] Request (AggregatesAdminNegativeTestJSON:test_aggregate_create_with_existent_aggregate_name): 200 POST http://10.180.1.21/compute/v2.1/os-aggregates 1.607s
2025-03-12 08:43:50.493 68634 INFO tempest.lib.common.rest_client [req-8017670f-4aea-4694-b409-9f66a22e04ac req-8017670f-4aea-4694-b409-9f66a22e04ac ] Request (HostsAdminNegativeTestJSON:tearDownClass): 204 DELETE http://10.180.1.21/identity/v3/users/81a123bf547d4d62871528544d4d43d7 0.117s
2025-03-12 08:43:50.500 68610 INFO tempest.lib.common.rest_client [req-ec1a6c86-50b8-4cbf-a229-de6f459c3def req-ec1a6c86-50b8-4cbf-a229-de6f459c3def ] Request (ServerGroup264TestJSON:tearDownClass): 204 DELETE http://10.180.1.21:9696/networking/v2.0/networks/a0e09661-febb-4754-9259-e81e1d06c7d9 0.812s
2025-03-12 08:43:50.518 68638 INFO tempest.lib.common.rest_client [req-d96db68d-45fb-4e6a-b3a7-3f2a9f094840 req-d96db68d-45fb-4e6a-b3a7-3f2a9f094840 ] Request (FlavorsAccessNegativeTestJSON:test_flavor_non_admin_remove): 200 POST http://10.180.1.21/compute/v2.1/flavors 1.632s
2025-03-12 08:43:50.575 68612 INFO tempest.lib.common.rest_client [req-ca660577-5169-4245-9ed7-648285fc56e2 req-ca660577-5169-4245-9ed7-648285fc56e2 ] Request (ServerPasswordTestJSON:setUpClass): 201 POST http://10.180.1.21:9696/networking/v2.0/networks 0.758s
2025-03-12 08:43:50.648 68634 INFO tempest.lib.common.rest_client [req-991a980a-d4b3-415d-b1d1-35b7d8dcf11a req-991a980a-d4b3-415d-b1d1-35b7d8dcf11a ] Request (HostsAdminNegativeTestJSON:tearDownClass): 204 DELETE http://10.180.1.21/identity/v3/users/9b8dfbcd615649b1877d0ca04a3db9fa 0.154s
2025-03-12 08:43:50.648 68634 INFO tempest.lib.common.dynamic_creds [-] Deleting project and security group for project: 6a2153703d454489bbdc9836a6784580
2025-03-12 08:43:50.661 68610 INFO tempest.lib.common.rest_client [req-2080c595-bb23-4b7f-8384-e1da0e5f50c2 req-2080c595-bb23-4b7f-8384-e1da0e5f50c2 ] Request (ServerGroup264TestJSON:tearDownClass): 204 DELETE http://10.180.1.21/identity/v3/users/58830e1edfd84a989b939dd89b64849f 0.160s
2025-03-12 08:43:50.661 68610 INFO tempest.lib.common.dynamic_creds [-] Deleting project and security group for project: bb29c29073d04827b7f702337a145aa2
2025-03-12 08:43:50.668 68648 INFO tempest.lib.common.rest_client [req-bd7bda94-001e-476c-90fb-52290646b149 req-bd7bda94-001e-476c-90fb-52290646b149 ] Request (VolumesAssistedSnapshotsTest:test_volume_assisted_snapshot_create_delete): 202 POST http://10.180.1.21/compute/v2.1/servers 3.086s
2025-03-12 08:43:50.740 68634 INFO tempest.lib.common.rest_client [req-198c994d-8cac-406f-9e13-911b0a763666 req-198c994d-8cac-406f-9e13-911b0a763666 ] Request (HostsAdminNegativeTestJSON:tearDownClass): 201 POST http://10.180.1.21/identity/v3/auth/tokens 0.091s
2025-03-12 08:43:50.856 68612 INFO tempest.lib.common.rest_client [req-6dcfbb5e-58a1-4095-aa95-570c11ac3e7d req-6dcfbb5e-58a1-4095-aa95-570c11ac3e7d ] Request (ServerPasswordTestJSON:setUpClass): 201 POST http://10.180.1.21:9696/networking/v2.0/subnets 0.281s
2025-03-12 08:43:50.882 68610 INFO tempest.lib.common.rest_client [req-bbe9724a-8c14-4deb-9531-af20e62609dd req-bbe9724a-8c14-4deb-9531-af20e62609dd ] Request (ServerGroup264TestJSON:tearDownClass): 200 GET http://10.180.1.21:9696/networking/v2.0/security-groups?tenant_id=bb29c29073d04827b7f702337a145aa2&name=default 0.220s
2025-03-12 08:43:50.909 68642 INFO tempest.lib.common.rest_client [req-5bee6c62-75d5-42f5-85bb-c70891af0618 req-5bee6c62-75d5-42f5-85bb-c70891af0618 ] Request (KeyPairsV22TestJSON:test_keypairsv22_create_list_show_with_type): 201 POST http://10.180.1.21/compute/v2.1/os-keypairs 2.005s
2025-03-12 08:43:51.047 68602 INFO tempest.lib.common.rest_client [req-1caf8797-2677-4751-81df-184faa939aa0 req-1caf8797-2677-4751-81df-184faa939aa0 ] Request (FlavorsV261TestJSON:test_crud_flavor): 200 POST http://10.180.1.21/compute/v2.1/flavors 2.115s
2025-03-12 08:43:51.258 68614 INFO tempest.lib.common.rest_client [req-f51c9015-07f2-4b29-ba82-275c0c4c7817 req-f51c9015-07f2-4b29-ba82-275c0c4c7817 ] Request (VolumesAdminNegativeTest:setUpClass): 200 PUT http://10.180.1.21:9696/networking/v2.0/routers/84b1cd8c-43e5-4437-a6a0-9c12b4323a54/add_router_interface 4.745s
2025-03-12 08:43:51.258 68614 INFO tempest.lib.common.dynamic_creds [-] Created isolated network resources for: credentials: Credentials: {'domain_id': 'default', 'domain_name': 'Default', 'username': 'tempest-VolumesAdminNegativeTest-2023063041-project-admin', 'project_domain_id': 'default', 'project_domain_name': 'Default', 'project_id': 'efed8f54be7e459091b388f6799e7296', 'project_name': 'tempest-VolumesAdminNegativeTest-2023063041', 'tenant_id': 'efed8f54be7e459091b388f6799e7296', 'tenant_name': 'tempest-VolumesAdminNegativeTest-2023063041', 'user_domain_id': 'default', 'user_domain_name': 'Default', 'user_id': '907e6e3a345043aab9f2f5fe714173c1', 'system': None}, Network: {'id': '2b99f79b-6547-4490-8aef-95f3e8a08e6c', 'name': 'tempest-VolumesAdminNegativeTest-916940916-network', 'tenant_id': 'efed8f54be7e459091b388f6799e7296', 'admin_state_up': True, 'mtu': 8950, 'status': 'ACTIVE', 'subnets': [], 'shared': False, 'project_id': 'efed8f54be7e459091b388f6799e7296', 'port_security_enabled': True, 'router:external': False, 'provider:network_type': 'vlan', 'provider:physical_network': 'default', 'provider:segmentation_id': 790, 'availability_zone_hints': [], 'availability_zones': [], 'ipv4_address_scope': None, 'ipv6_address_scope': None, 'description': '', 'tags': [], 'created_at': '2025-03-12T08:43:40Z', 'updated_at': '2025-03-12T08:43:40Z', 'revision_number': 1}, Subnet: {'id': '6eb9d184-2f05-4bbd-8b94-5e1f536ae522', 'name': 'tempest-VolumesAdminNegativeTest-916940916-subnet', 'tenant_id': 'efed8f54be7e459091b388f6799e7296', 'network_id': '2b99f79b-6547-4490-8aef-95f3e8a08e6c', 'ip_version': 4, 'subnetpool_id': None, 'enable_dhcp': True, 'ipv6_ra_mode': None, 'ipv6_address_mode': None, 'gateway_ip': '192.168.128.1', 'cidr': '192.168.128.0/28', 'allocation_pools': [{'start': '192.168.128.2', 'end': '192.168.128.14'}], 'host_routes': [], 'dns_nameservers': [], 'description': '', 'router:external': False, 'service_types': [], 'tags': [], 'created_at': '2025-03-12T08:43:41Z', 'updated_at': '2025-03-12T08:43:41Z', 'revision_number': 0, 'project_id': 'efed8f54be7e459091b388f6799e7296'}, Router: {'id': '84b1cd8c-43e5-4437-a6a0-9c12b4323a54', 'name': 'tempest-VolumesAdminNegativeTest-916940916-router', 'tenant_id': 'efed8f54be7e459091b388f6799e7296', 'admin_state_up': True, 'status': 'ACTIVE', 'external_gateway_info': {'network_id': 'eb84b944-4c1b-4ac1-90ee-f408b6a03b61', 'external_fixed_ips': [{'subnet_id': '09ecae33-74ab-452e-8905-d5b88b130db1', 'ip_address': '10.180.180.217'}], 'enable_snat': True}, 'description': '', 'availability_zones': [], 'distributed': False, 'ha': False, 'availability_zone_hints': [], 'routes': [], 'flavor_id': None, 'tags': [], 'created_at': '2025-03-12T08:43:41Z', 'updated_at': '2025-03-12T08:43:44Z', 'revision_number': 2, 'project_id': 'efed8f54be7e459091b388f6799e7296'}
2025-03-12 08:43:51.325 68659 INFO tempest.lib.common.rest_client [req-9e826381-e970-45c9-9b8f-0009d07aa177 req-9e826381-e970-45c9-9b8f-0009d07aa177 ] Request (ServersTestMultiNic:test_verify_duplicate_network_nics): 201 POST http://10.180.1.21:9696/networking/v2.0/subnets 1.299s
2025-03-12 08:43:51.332 68634 INFO tempest.lib.common.rest_client [req-7778d67c-0be2-4d6f-8a73-96becf2df0c4 req-7778d67c-0be2-4d6f-8a73-96becf2df0c4 ] Request (HostsAdminNegativeTestJSON:tearDownClass): 200 GET http://10.180.1.21:9696/networking/v2.0/security-groups?tenant_id=6a2153703d454489bbdc9836a6784580&name=default 0.591s
2025-03-12 08:43:51.378 68614 INFO tempest.lib.common.rest_client [req-4184ca3c-182d-45a3-b8f6-a479e26c4a02 req-4184ca3c-182d-45a3-b8f6-a479e26c4a02 ] Request (VolumesAdminNegativeTest:setUpClass): 201 POST http://10.180.1.21/identity/v3/auth/tokens 0.117s
2025-03-12 08:43:51.380 68610 INFO tempest.lib.common.rest_client [req-a4be0eca-a930-4c81-afab-4fce497722d1 req-a4be0eca-a930-4c81-afab-4fce497722d1 ] Request (ServerGroup264TestJSON:tearDownClass): 204 DELETE http://10.180.1.21:9696/networking/v2.0/security-groups/cc95fbd9-658f-4623-972f-1aec1d5c173a 0.497s
2025-03-12 08:43:51.407 68659 INFO tempest.lib.common.rest_client [req-6e937b8e-2dad-4f1e-a359-61a2a66cf555 req-6e937b8e-2dad-4f1e-a359-61a2a66cf555 ] Request (ServersTestMultiNic:test_verify_duplicate_network_nics): 201 POST http://10.180.1.21/identity/v3/auth/tokens 0.079s
