2025-03-12 08:45:53.959 68625 WARNING tempest.lib.common.ssh [-] Failed to establish authenticated ssh connection to cirros@10.180.180.252 ([Errno None] Unable to connect to port 22 on 10.180.180.252). Number attempts: 5. Retry after 6 seconds.: paramiko.ssh_exception.NoValidConnectionsError: [Errno None] Unable to connect to port 22 on 10.180.180.252
2025-03-12 08:45:54.045 68626 INFO tempest.lib.common.rest_client [req-5bcb98fa-ddbf-4c96-aa0c-eb4d7277c583 req-5bcb98fa-ddbf-4c96-aa0c-eb4d7277c583 ] Request (FloatingIPsAssociationNegativeTestJSON:tearDownClass): 200 GET http://10.180.1.21/compute/v2.1/servers/1d16a5c5-981b-474e-8159-820ac6fcc42d 0.186s
2025-03-12 08:45:54.048 68641 INFO tempest.lib.common.rest_client [req-4ae4af45-a99e-4055-8b14-aa43b393d462 req-4ae4af45-a99e-4055-8b14-aa43b393d462 ] Request (AttachVolumeNegativeTest:setUpClass): 200 PUT http://10.180.1.21:9696/networking/v2.0/routers/db592ef4-f1f3-43b4-bfe9-248e98ac08ab/add_router_interface 0.822s
2025-03-12 08:45:54.048 68641 INFO tempest.lib.common.dynamic_creds [-] Created isolated network resources for: credentials: Credentials: {'domain_id': 'default', 'domain_name': 'Default', 'username': 'tempest-AttachVolumeNegativeTest-1225197835-project-member', 'project_domain_id': 'default', 'project_domain_name': 'Default', 'project_id': 'e02764848813428dbe0f88c32ad935ef', 'project_name': 'tempest-AttachVolumeNegativeTest-1225197835', 'tenant_id': 'e02764848813428dbe0f88c32ad935ef', 'tenant_name': 'tempest-AttachVolumeNegativeTest-1225197835', 'user_domain_id': 'default', 'user_domain_name': 'Default', 'user_id': 'd4815a67fd1c410f82905f7ebe2a4c9f', 'system': None}, Network: {'id': 'b13a3836-972f-46b8-b092-f10feeabccf3', 'name': 'tempest-AttachVolumeNegativeTest-1545247449-network', 'tenant_id': 'e02764848813428dbe0f88c32ad935ef', 'admin_state_up': True, 'mtu': 8950, 'status': 'ACTIVE', 'subnets': [], 'shared': False, 'project_id': 'e02764848813428dbe0f88c32ad935ef', 'port_security_enabled': True, 'router:external': False, 'provider:network_type': 'vlan', 'provider:physical_network': 'default', 'provider:segmentation_id': 611, 'availability_zone_hints': [], 'availability_zones': [], 'ipv4_address_scope': None, 'ipv6_address_scope': None, 'description': '', 'tags': [], 'created_at': '2025-03-12T08:45:51Z', 'updated_at': '2025-03-12T08:45:51Z', 'revision_number': 1}, Subnet: {'id': '8e96a72b-0184-4c37-9277-c07eaccdd667', 'name': 'tempest-AttachVolumeNegativeTest-1545247449-subnet', 'tenant_id': 'e02764848813428dbe0f88c32ad935ef', 'network_id': 'b13a3836-972f-46b8-b092-f10feeabccf3', 'ip_version': 4, 'subnetpool_id': None, 'enable_dhcp': True, 'ipv6_ra_mode': None, 'ipv6_address_mode': None, 'gateway_ip': '192.168.128.1', 'cidr': '192.168.128.0/28', 'allocation_pools': [{'start': '192.168.128.2', 'end': '192.168.128.14'}], 'host_routes': [], 'dns_nameservers': [], 'description': '', 'router:external': False, 'service_types': [], 'tags': [], 'created_at': '2025-03-12T08:45:51Z', 'updated_at': '2025-03-12T08:45:51Z', 'revision_number': 0, 'project_id': 'e02764848813428dbe0f88c32ad935ef'}, Router: {'id': 'db592ef4-f1f3-43b4-bfe9-248e98ac08ab', 'name': 'tempest-AttachVolumeNegativeTest-1545247449-router', 'tenant_id': 'e02764848813428dbe0f88c32ad935ef', 'admin_state_up': True, 'status': 'ACTIVE', 'external_gateway_info': {'network_id': 'eb84b944-4c1b-4ac1-90ee-f408b6a03b61', 'external_fixed_ips': [{'subnet_id': '09ecae33-74ab-452e-8905-d5b88b130db1', 'ip_address': '10.180.180.143'}], 'enable_snat': True}, 'description': '', 'availability_zones': [], 'distributed': False, 'ha': False, 'availability_zone_hints': [], 'routes': [], 'flavor_id': None, 'tags': [], 'created_at': '2025-03-12T08:45:51Z', 'updated_at': '2025-03-12T08:45:52Z', 'revision_number': 2, 'project_id': 'e02764848813428dbe0f88c32ad935ef'}
2025-03-12 08:45:54.135 68612 INFO tempest.lib.common.rest_client [req-ae83ffe9-4721-4b72-b2c9-990471f7e4f1 req-ae83ffe9-4721-4b72-b2c9-990471f7e4f1 ] Request (ServersListShow296Test:test_list_show_update_rebuild_server_296): 200 GET http://10.180.1.21/compute/v2.1/servers/43f629d6-bdc3-4345-97ec-26ce2c9d7be7 0.197s
2025-03-12 08:45:54.148 68641 INFO tempest.lib.common.rest_client [req-9708634e-7210-4384-a8ea-0f305b44c5ad req-9708634e-7210-4384-a8ea-0f305b44c5ad ] Request (AttachVolumeNegativeTest:setUpClass): 201 POST http://10.180.1.21/identity/v3/auth/tokens 0.097s
2025-03-12 08:45:54.164 68602 INFO tempest.lib.common.rest_client [req-b49aa457-c951-40b0-baf4-f909dc31a4cb req-b49aa457-c951-40b0-baf4-f909dc31a4cb ] Request (ServerDiskConfigTestJSON:test_rebuild_server_with_auto_disk_config): 200 GET http://10.180.1.21/compute/v2.1/servers/d8eca7ac-744e-469c-9a87-901f0641f4f2 0.254s
2025-03-12 08:45:54.184 68602 INFO tempest.common.waiters [-] State transition "REBUILD/rebuild_spawning" ==> "ACTIVE/None" after 11 second wait
2025-03-12 08:45:54.198 68600 INFO tempest.lib.common.rest_client [req-fe274ff2-fdf2-4fcf-af96-09a36e054d5c req-fe274ff2-fdf2-4fcf-af96-09a36e054d5c ] Request (ServerRescueTestJSONUnderV235:tearDownClass): 200 GET http://10.180.1.21/compute/v2.1/servers/61392426-52b8-437e-ab3d-122d9335cd36 0.205s
2025-03-12 08:45:54.215 68606 WARNING tempest.lib.common.ssh [-] Failed to establish authenticated ssh connection to cirros@10.180.180.159 ([Errno None] Unable to connect to port 22 on 10.180.180.159). Number attempts: 9. Retry after 10 seconds.: paramiko.ssh_exception.NoValidConnectionsError: [Errno None] Unable to connect to port 22 on 10.180.180.159
2025-03-12 08:45:54.229 68630 INFO tempest.lib.common.rest_client [req-f183ac06-2856-4f62-b032-c8ddd64cac66 req-f183ac06-2856-4f62-b032-c8ddd64cac66 ] Request (ServerDiagnosticsTest:test_get_server_diagnostics): 200 GET http://10.180.1.21/compute/v2.1/servers/33f3fc4a-319b-4dd9-90b5-05ee5483ac7f 0.234s
2025-03-12 08:45:54.241 68630 INFO tempest.common.waiters [-] State transition "BUILD/None" ==> "BUILD/networking" after 64 second wait
2025-03-12 08:45:54.259 68618 INFO tempest.lib.common.rest_client [req-22b12cdb-29ab-42df-84e4-be00e43679a5 req-22b12cdb-29ab-42df-84e4-be00e43679a5 ] Request (ServerRescueNegativeTestJSON:setUpClass): 200 GET http://10.180.1.21/compute/v2.1/servers/cfaee7e2-6929-4d8c-8614-e19e0055f2fb 0.205s
2025-03-12 08:45:54.301 68598 INFO tempest.lib.common.rest_client [req-8b0ba8f1-81da-4be6-8417-f027125101e8 req-8b0ba8f1-81da-4be6-8417-f027125101e8 ] Request (ServersAdminTestJSON:test_inject_network_info): 200 GET http://10.180.1.21/compute/v2.1/servers/7858163d-8e68-4565-b1e0-ecd2e9be350d 0.246s
2025-03-12 08:45:54.328 68638 INFO tempest.lib.common.rest_client [req-d4cd2b43-5c6c-4eae-9f63-273903346e10 req-d4cd2b43-5c6c-4eae-9f63-273903346e10 ] Request (ServerRescueTestJSON:test_rescue_unrescue_instance): 200 GET http://10.180.1.21/compute/v2.1/servers/f807e45c-76d8-46a6-a30b-011e7b8df6a4 0.190s
2025-03-12 08:45:54.366 68650 INFO tempest.lib.common.rest_client [req-c4dc9aaf-853c-427b-a92d-7aee25bc736b req-c4dc9aaf-853c-427b-a92d-7aee25bc736b ] Request (ServerTagsTestJSON:setUpClass): 200 GET http://10.180.1.21/compute/v2.1/servers/ed86ef15-1941-40c5-8178-344a7b401b58 0.223s
2025-03-12 08:45:54.421 68641 INFO tempest.lib.common.rest_client [req-3130d7b4-022e-49a9-a216-e2715bc32cfd req-3130d7b4-022e-49a9-a216-e2715bc32cfd ] Request (ValidationResourcesFixture:setUp): 200 POST http://10.180.1.21/compute/v2.1/os-keypairs 0.271s
2025-03-12 08:45:54.502 68657 INFO tempest.lib.common.rest_client [req-29987886-13e2-4911-8473-4c5be8a8d268 req-29987886-13e2-4911-8473-4c5be8a8d268 ] Request (MigrationsAdminTest:test_resize_server_revert_deleted_flavor): 200 GET http://10.180.1.21/compute/v2.1/servers/665d932d-1068-4bb2-835c-2184a80753d1 0.273s
2025-03-12 08:45:54.522 68641 INFO tempest.lib.common.rest_client [req-9b581c25-5e45-4461-be67-e0a3a8412828 req-9b581c25-5e45-4461-be67-e0a3a8412828 ] Request (ValidationResourcesFixture:setUp): 201 POST http://10.180.1.21:9696/networking/v2.0/security-groups 0.099s
2025-03-12 08:45:54.542 68602 INFO tempest.lib.common.rest_client [req-c6a92bb9-c242-4fc7-877a-02692f644c38 req-c6a92bb9-c242-4fc7-877a-02692f644c38 ] Request (ServerDiskConfigTestJSON:test_rebuild_server_with_auto_disk_config): 200 GET http://10.180.1.21/compute/v2.1/servers/d8eca7ac-744e-469c-9a87-901f0641f4f2 0.357s
2025-03-12 08:45:54.602 68641 INFO tempest.lib.common.rest_client [req-3d6e2b63-f14b-4f4a-b1a7-9a0d3157ef58 req-3d6e2b63-f14b-4f4a-b1a7-9a0d3157ef58 ] Request (ValidationResourcesFixture:setUp): 201 POST http://10.180.1.21:9696/networking/v2.0/security-group-rules 0.079s
2025-03-12 08:45:54.641 68602 INFO tempest.lib.common.rest_client [req-52e31f9d-4755-4090-82cf-29b885eb91ec req-52e31f9d-4755-4090-82cf-29b885eb91ec ] Request (ServerDiskConfigTestJSON:_run_cleanups): 204 DELETE http://10.180.1.21/compute/v2.1/servers/d8eca7ac-744e-469c-9a87-901f0641f4f2 0.089s
2025-03-12 08:45:54.675 68620 INFO tempest.lib.common.rest_client [req-9ea50191-f801-47fb-9608-556fb51ee7a2 req-9ea50191-f801-47fb-9608-556fb51ee7a2 ] Request (SecurityGroupsTestJSON:test_server_security_groups): 200 GET http://10.180.1.21/compute/v2.1/servers/4e157792-f910-492c-ab29-dd3f86cb96a8 0.370s
2025-03-12 08:45:54.691 68641 INFO tempest.lib.common.rest_client [req-acc120de-975b-4623-8f7b-ea572f544696 req-acc120de-975b-4623-8f7b-ea572f544696 ] Request (ValidationResourcesFixture:setUp): 201 POST http://10.180.1.21:9696/networking/v2.0/security-group-rules 0.089s
2025-03-12 08:45:54.730 68602 INFO tempest.lib.common.rest_client [req-d61fa07f-3ca0-4edd-b357-df97e586efa5 req-d61fa07f-3ca0-4edd-b357-df97e586efa5 ] Request (ServerDiskConfigTestJSON:test_rebuild_server_with_manual_disk_config): 201 POST http://10.180.1.21/identity/v3/auth/tokens 0.084s
2025-03-12 08:45:54.731 68602 INFO tempest.lib.common.fixed_network [-] (ServerDiskConfigTestJSON:test_rebuild_server_with_manual_disk_config) Found network {'id': '87844180-511f-40ff-8519-b151708941ce', 'name': 'tempest-ServerDiskConfigTestJSON-1744137091-network', 'tenant_id': 'f947b60992d543c4b0bfee2553bfe357', 'admin_state_up': True, 'mtu': 8950, 'status': 'ACTIVE', 'subnets': [], 'shared': False, 'project_id': 'f947b60992d543c4b0bfee2553bfe357', 'port_security_enabled': True, 'router:external': False, 'provider:network_type': 'vlan', 'provider:physical_network': 'default', 'provider:segmentation_id': 755, 'availability_zone_hints': [], 'availability_zones': [], 'ipv4_address_scope': None, 'ipv6_address_scope': None, 'description': '', 'tags': [], 'created_at': '2025-03-12T08:44:22Z', 'updated_at': '2025-03-12T08:44:22Z', 'revision_number': 1} available for tenant
2025-03-12 08:45:54.759 68636 INFO tempest.lib.common.rest_client [req-bd40a340-312e-4f29-9d24-1325ce7d3544 req-bd40a340-312e-4f29-9d24-1325ce7d3544 ] Request (ServersAdminNegativeTestJSON:setUpClass): 200 GET http://10.180.1.21/compute/v2.1/servers/d61b2c4f-942a-4e29-8cac-11bc0750605a 0.150s
2025-03-12 08:45:54.813 68629 INFO tempest.lib.common.rest_client [req-36aac624-04c3-493a-85ba-345a4b92b108 req-36aac624-04c3-493a-85ba-345a4b92b108 ] Request (ServersTestBootFromVolume:setUpClass): 200 GET http://10.180.1.21/compute/v2.1/servers/e5565f0d-ed60-4ac8-bba1-ab46b337dd90 0.238s
2025-03-12 08:45:54.839 68644 INFO tempest.lib.common.rest_client [req-c349f0ea-1d51-4d52-bd31-321603f6acf1 req-c349f0ea-1d51-4d52-bd31-321603f6acf1 ] Request (ImagesOneServerNegativeTestJSON:_run_cleanups): 200 GET http://10.180.1.21/compute/v2.1/servers/bf4e6484-d17d-4244-9163-1ef0012874b8 0.111s
2025-03-12 08:45:55.009 68604 INFO tempest.lib.common.rest_client [req-973d24f8-6574-4b9f-8c1f-ace6eb28cf15 req-973d24f8-6574-4b9f-8c1f-ace6eb28cf15 ] Request (FloatingIPsAssociationTestJSON:setUpClass): 200 GET http://10.180.1.21/compute/v2.1/servers/b2e272b3-520a-4ef7-8141-a9d55739d6b9 0.266s
2025-03-12 08:45:55.077 68608 INFO tempest.lib.common.rest_client [req-f690f0d7-3a1b-4bba-a954-36cd3199469a req-f690f0d7-3a1b-4bba-a954-36cd3199469a ] Request (ServerMetadataTestJSON:setUpClass): 200 GET http://10.180.1.21/compute/v2.1/servers/05b94aa5-3efc-4790-9d98-c2658b8e8b4b 0.292s
2025-03-12 08:45:55.099 68641 INFO tempest.lib.common.rest_client [req-fa6a62cb-f32f-430a-91a2-c23fb861d540 req-fa6a62cb-f32f-430a-91a2-c23fb861d540 ] Request (ValidationResourcesFixture:setUp): 201 POST http://10.180.1.21:9696/networking/v2.0/floatingips 0.408s
2025-03-12 08:45:55.134 68641 INFO tempest.lib.common.rest_client [req-833827da-4ade-4d98-a8da-2f8b4184b6c1 req-833827da-4ade-4d98-a8da-2f8b4184b6c1 ] Request (AttachVolumeNegativeTest:test_attach_attached_volume_to_different_server): 201 POST http://10.180.1.21/identity/v3/auth/tokens 0.032s
2025-03-12 08:45:55.134 68641 INFO tempest.lib.common.fixed_network [-] (AttachVolumeNegativeTest:test_attach_attached_volume_to_different_server) Found network {'id': 'b13a3836-972f-46b8-b092-f10feeabccf3', 'name': 'tempest-AttachVolumeNegativeTest-1545247449-network', 'tenant_id': 'e02764848813428dbe0f88c32ad935ef', 'admin_state_up': True, 'mtu': 8950, 'status': 'ACTIVE', 'subnets': [], 'shared': False, 'project_id': 'e02764848813428dbe0f88c32ad935ef', 'port_security_enabled': True, 'router:external': False, 'provider:network_type': 'vlan', 'provider:physical_network': 'default', 'provider:segmentation_id': 611, 'availability_zone_hints': [], 'availability_zones': [], 'ipv4_address_scope': None, 'ipv6_address_scope': None, 'description': '', 'tags': [], 'created_at': '2025-03-12T08:45:51Z', 'updated_at': '2025-03-12T08:45:51Z', 'revision_number': 1} available for tenant
2025-03-12 08:45:55.271 68610 INFO tempest.lib.common.rest_client [req-d9141327-a371-43fb-a9d6-949cf3cca620 req-d9141327-a371-43fb-a9d6-949cf3cca620 ] Request (ServersNegativeTestMultiTenantJSON:tearDownClass): 200 PUT http://10.180.1.21:9696/networking/v2.0/routers/591eeca7-aca9-41d3-95c0-293791425035/remove_router_interface 1.632s
2025-03-12 08:45:55.352 68602 INFO tempest.lib.common.rest_client [req-755e89dd-a925-469d-821a-aa8869aba749 req-755e89dd-a925-469d-821a-aa8869aba749 ] Request (ServerDiskConfigTestJSON:test_rebuild_server_with_manual_disk_config): 202 POST http://10.180.1.21/compute/v2.1/servers 0.621s
2025-03-12 08:45:55.364 68614 INFO tempest.lib.common.rest_client [req-409b901f-92b5-4aa5-a5a0-a060977100c1 req-409b901f-92b5-4aa5-a5a0-a060977100c1 ] Request (VolumesAdminNegativeTest:tearDownClass): 200 GET http://10.180.1.21/compute/v2.1/servers/f927c34a-f155-4a1f-8151-b16a3cb3e9a1 0.550s
2025-03-12 08:45:55.666 68622 INFO tempest.lib.common.rest_client [req-d6d91d57-75cb-453a-a805-a1add82c6bcf req-d6d91d57-75cb-453a-a805-a1add82c6bcf ] Request (ServersAdmin275Test:test_rebuild_update_server_275): 200 GET http://10.180.1.21/compute/v2.1/servers/a332b35f-4f96-4f8f-aa9a-d7fadf9ede53 0.805s
2025-03-12 08:45:55.669 68616 INFO tempest.lib.common.rest_client [req-85a05500-56d3-4809-890c-f6944e66d5ed req-85a05500-56d3-4809-890c-f6944e66d5ed ] Request (ImagesTestJSON:test_create_image_from_suspended_server): 200 GET http://10.180.1.21/compute/v2.1/servers/01a624d3-782d-44cf-8a4e-05a85ac91c64 0.767s
2025-03-12 08:45:55.751 68659 INFO tempest.lib.common.rest_client [req-8fafe1ed-9b6d-4a21-9b7b-ea575b397f67 req-8fafe1ed-9b6d-4a21-9b7b-ea575b397f67 ] Request (ServersTestMultiNic:test_verify_multiple_nics_order): 200 GET http://10.180.1.21/compute/v2.1/servers/d452e3d2-1590-4352-8406-31d85b2921f4 0.784s
2025-03-12 08:45:55.761 68596 INFO tempest.lib.common.rest_client [req-6dfc67b9-fe0b-4615-a16e-0476c7f16401 req-6dfc67b9-fe0b-4615-a16e-0476c7f16401 ] Request (DeleteServersTestJSON:test_delete_active_server): 200 GET http://10.180.1.21/compute/v2.1/servers/1a604a32-78c1-49cf-bafd-e1dc94c8b3ae 0.809s
2025-03-12 08:45:55.838 68626 INFO tempest.lib.common.rest_client [req-d9db1bdf-3565-40a9-bad9-b810a362153a req-d9db1bdf-3565-40a9-bad9-b810a362153a ] Request (FloatingIPsAssociationNegativeTestJSON:tearDownClass): 200 GET http://10.180.1.21/compute/v2.1/servers/1d16a5c5-981b-474e-8159-820ac6fcc42d 0.784s
2025-03-12 08:45:55.930 68612 INFO tempest.lib.common.rest_client [req-32dedfb5-8079-4c43-bafa-417982e2c22a req-32dedfb5-8079-4c43-bafa-417982e2c22a ] Request (ServersListShow296Test:test_list_show_update_rebuild_server_296): 200 GET http://10.180.1.21/compute/v2.1/servers/43f629d6-bdc3-4345-97ec-26ce2c9d7be7 0.782s
2025-03-12 08:45:55.997 68600 INFO tempest.lib.common.rest_client [req-3d9d031c-6504-4dc3-a0ee-2687286e04fa req-3d9d031c-6504-4dc3-a0ee-2687286e04fa ] Request (ServerRescueTestJSONUnderV235:tearDownClass): 200 GET http://10.180.1.21/compute/v2.1/servers/61392426-52b8-437e-ab3d-122d9335cd36 0.788s
2025-03-12 08:45:56.178 68630 INFO tempest.lib.common.rest_client [req-3d1772ea-a7e0-46e1-849f-06cf1564e5aa req-3d1772ea-a7e0-46e1-849f-06cf1564e5aa ] Request (ServerDiagnosticsTest:test_get_server_diagnostics): 200 GET http://10.180.1.21/compute/v2.1/servers/33f3fc4a-319b-4dd9-90b5-05ee5483ac7f 0.935s
2025-03-12 08:45:56.188 68630 INFO tempest.common.waiters [-] State transition "BUILD/networking" ==> "BUILD/spawning" after 66 second wait
2025-03-12 08:45:56.238 68610 INFO tempest.lib.common.rest_client [req-681d4e0e-a811-4547-b224-3849bdde492f req-681d4e0e-a811-4547-b224-3849bdde492f ] Request (ServersNegativeTestMultiTenantJSON:tearDownClass): 204 DELETE http://10.180.1.21:9696/networking/v2.0/routers/591eeca7-aca9-41d3-95c0-293791425035 0.967s
2025-03-12 08:45:56.251 68618 INFO tempest.lib.common.rest_client [req-cea7e389-5842-48fb-8393-802fd713234a req-cea7e389-5842-48fb-8393-802fd713234a ] Request (ServerRescueNegativeTestJSON:setUpClass): 200 GET http://10.180.1.21/compute/v2.1/servers/cfaee7e2-6929-4d8c-8614-e19e0055f2fb 0.979s
2025-03-12 08:45:56.318 68598 INFO tempest.lib.common.rest_client [req-e6b2bbed-5dd5-4403-9fc3-4ce2f567edd4 req-e6b2bbed-5dd5-4403-9fc3-4ce2f567edd4 ] Request (ServersAdminTestJSON:test_inject_network_info): 200 GET http://10.180.1.21/compute/v2.1/servers/7858163d-8e68-4565-b1e0-ecd2e9be350d 1.005s
2025-03-12 08:45:56.347 68641 INFO tempest.lib.common.rest_client [req-c3f5f93e-7a7c-45e6-b385-44ae1556ab3b req-c3f5f93e-7a7c-45e6-b385-44ae1556ab3b ] Request (AttachVolumeNegativeTest:test_attach_attached_volume_to_different_server): 202 POST http://10.180.1.21/compute/v2.1/servers 1.212s
2025-03-12 08:45:56.369 68638 INFO tempest.lib.common.rest_client [req-2a1518bd-22e6-459f-abea-045ad1c8603b req-2a1518bd-22e6-459f-abea-045ad1c8603b ] Request (ServerRescueTestJSON:test_rescue_unrescue_instance): 200 GET http://10.180.1.21/compute/v2.1/servers/f807e45c-76d8-46a6-a30b-011e7b8df6a4 1.025s
2025-03-12 08:45:56.404 68602 INFO tempest.lib.common.rest_client [req-09be8a1b-c2e3-43b9-9d7e-0b701fbd71fa req-09be8a1b-c2e3-43b9-9d7e-0b701fbd71fa ] Request (ServerDiskConfigTestJSON:test_rebuild_server_with_manual_disk_config): 200 GET http://10.180.1.21/compute/v2.1/servers/4021edd3-346e-44e5-9419-38181cc91c6a 1.050s
2025-03-12 08:45:56.422 68610 INFO tempest.lib.common.rest_client [req-4f644131-b467-4de1-ac17-7ab00c068a3d req-4f644131-b467-4de1-ac17-7ab00c068a3d ] Request (ServersNegativeTestMultiTenantJSON:tearDownClass): 204 DELETE http://10.180.1.21:9696/networking/v2.0/subnets/e22e5b08-31c1-4750-a871-c27358fcc5f4 0.184s
2025-03-12 08:45:56.439 68650 INFO tempest.lib.common.rest_client [req-f38baa87-d1f5-46df-b136-29b0577c4399 req-f38baa87-d1f5-46df-b136-29b0577c4399 ] Request (ServerTagsTestJSON:setUpClass): 200 GET http://10.180.1.21/compute/v2.1/servers/ed86ef15-1941-40c5-8178-344a7b401b58 1.060s
2025-03-12 08:45:56.467 68657 INFO tempest.lib.common.rest_client [req-a5831a14-064c-4fc2-8035-99bf10753187 req-a5831a14-064c-4fc2-8035-99bf10753187 ] Request (MigrationsAdminTest:test_resize_server_revert_deleted_flavor): 200 GET http://10.180.1.21/compute/v2.1/servers/665d932d-1068-4bb2-835c-2184a80753d1 0.950s
2025-03-12 08:45:56.522 68636 INFO tempest.lib.common.rest_client [req-a0ca63e2-cf9e-4366-9f75-1fc4ab8163d7 req-a0ca63e2-cf9e-4366-9f75-1fc4ab8163d7 ] Request (ServersAdminNegativeTestJSON:setUpClass): 200 GET http://10.180.1.21/compute/v2.1/servers/d61b2c4f-942a-4e29-8cac-11bc0750605a 0.749s
2025-03-12 08:45:56.574 68620 INFO tempest.lib.common.rest_client [req-79d8406f-6fb8-411d-a2d8-1de74958c77a req-79d8406f-6fb8-411d-a2d8-1de74958c77a ] Request (SecurityGroupsTestJSON:test_server_security_groups): 200 GET http://10.180.1.21/compute/v2.1/servers/4e157792-f910-492c-ab29-dd3f86cb96a8 0.891s
2025-03-12 08:45:56.595 68644 INFO tempest.lib.common.rest_client [req-f01d750f-ae66-4a66-ae08-d6f205ae58f0 req-f01d750f-ae66-4a66-ae08-d6f205ae58f0 ] Request (ImagesOneServerNegativeTestJSON:_run_cleanups): 404 GET http://10.180.1.21/compute/v2.1/servers/bf4e6484-d17d-4244-9163-1ef0012874b8 0.746s
2025-03-12 08:45:56.689 68629 INFO tempest.lib.common.rest_client [req-cc832af4-5a45-4041-b402-e98c7f6c1f02 req-cc832af4-5a45-4041-b402-e98c7f6c1f02 ] Request (ServersTestBootFromVolume:setUpClass): 200 GET http://10.180.1.21/compute/v2.1/servers/e5565f0d-ed60-4ac8-bba1-ab46b337dd90 0.863s
2025-03-12 08:45:56.711 68610 INFO tempest.lib.common.rest_client [req-e3adf2d3-29c7-4965-883f-841c5bdb655a req-e3adf2d3-29c7-4965-883f-841c5bdb655a ] Request (ServersNegativeTestMultiTenantJSON:tearDownClass): 204 DELETE http://10.180.1.21:9696/networking/v2.0/networks/194d7f5a-e924-4637-92df-06d1cd50d6e8 0.288s
2025-03-12 08:45:56.714 68604 INFO tempest.lib.common.rest_client [req-beb1c472-3405-4bf7-bdbe-e364ad8ae13f req-beb1c472-3405-4bf7-bdbe-e364ad8ae13f ] Request (FloatingIPsAssociationTestJSON:setUpClass): 200 GET http://10.180.1.21/compute/v2.1/servers/b2e272b3-520a-4ef7-8141-a9d55739d6b9 0.697s
2025-03-12 08:45:56.722 68604 INFO tempest.common.waiters [-] State transition "BUILD/spawning" ==> "ACTIVE/None" after 83 second wait
2025-03-12 08:45:56.743 68608 INFO tempest.lib.common.rest_client [req-1c129184-8caa-429d-91b6-bc1bc1decd97 req-1c129184-8caa-429d-91b6-bc1bc1decd97 ] Request (ServerMetadataTestJSON:setUpClass): 200 GET http://10.180.1.21/compute/v2.1/servers/05b94aa5-3efc-4790-9d98-c2658b8e8b4b 0.657s
2025-03-12 08:45:56.753 68641 INFO tempest.lib.common.rest_client [req-6c5524db-dcf8-4a23-96d6-1b048a515f32 req-6c5524db-dcf8-4a23-96d6-1b048a515f32 ] Request (AttachVolumeNegativeTest:test_attach_attached_volume_to_different_server): 200 GET http://10.180.1.21/compute/v2.1/servers/c62a0d0e-8869-482a-a687-c628b96d6e22 0.404s
2025-03-12 08:45:56.786 68644 INFO tempest.lib.common.rest_client [req-be5d3e2d-54b4-4a30-ad54-a215e332a7e5 req-be5d3e2d-54b4-4a30-ad54-a215e332a7e5 ] Request (ImagesOneServerNegativeTestJSON:_run_cleanups): 200 POST http://10.180.1.21/compute/v2.1/os-keypairs 0.189s
2025-03-12 08:45:56.805 68614 INFO tempest.lib.common.rest_client [req-c248b72a-6765-473e-a633-f3895956c7a6 req-c248b72a-6765-473e-a633-f3895956c7a6 ] Request (VolumesAdminNegativeTest:tearDownClass): 200 GET http://10.180.1.21/compute/v2.1/servers/f927c34a-f155-4a1f-8151-b16a3cb3e9a1 0.429s
2025-03-12 08:45:56.838 68616 INFO tempest.lib.common.rest_client [req-5e03f526-fdfd-4171-adfa-0297eaac7ec7 req-5e03f526-fdfd-4171-adfa-0297eaac7ec7 ] Request (ImagesTestJSON:test_create_image_from_suspended_server): 200 GET http://10.180.1.21/compute/v2.1/servers/01a624d3-782d-44cf-8a4e-05a85ac91c64 0.160s
2025-03-12 08:45:56.868 68622 INFO tempest.lib.common.rest_client [req-cefbd831-0ac8-47cd-87c2-c254ca0fdfa7 req-cefbd831-0ac8-47cd-87c2-c254ca0fdfa7 ] Request (ServersAdmin275Test:test_rebuild_update_server_275): 200 GET http://10.180.1.21/compute/v2.1/servers/a332b35f-4f96-4f8f-aa9a-d7fadf9ede53 0.191s
2025-03-12 08:45:56.883 68622 INFO tempest.common.waiters [-] State transition "BUILD/None" ==> "BUILD/networking" after 58 second wait
2025-03-12 08:45:56.935 68659 INFO tempest.lib.common.rest_client [req-85761c85-1a21-4acc-a245-a3af88358082 req-85761c85-1a21-4acc-a245-a3af88358082 ] Request (ServersTestMultiNic:test_verify_multiple_nics_order): 200 GET http://10.180.1.21/compute/v2.1/servers/d452e3d2-1590-4352-8406-31d85b2921f4 0.175s
2025-03-12 08:45:57.000 68596 INFO tempest.lib.common.rest_client [req-3a769a37-e568-4636-a2ec-646794a163f5 req-3a769a37-e568-4636-a2ec-646794a163f5 ] Request (DeleteServersTestJSON:test_delete_active_server): 200 GET http://10.180.1.21/compute/v2.1/servers/1a604a32-78c1-49cf-bafd-e1dc94c8b3ae 0.227s
2025-03-12 08:45:57.022 68644 INFO tempest.lib.common.rest_client [req-05ab2125-aa28-4e09-8c10-731ef4db593d req-05ab2125-aa28-4e09-8c10-731ef4db593d ] Request (ImagesOneServerNegativeTestJSON:_run_cleanups): 201 POST http://10.180.1.21:9696/networking/v2.0/security-groups 0.233s
2025-03-12 08:45:57.078 68626 INFO tempest.lib.common.rest_client [req-1d8be534-3992-44ed-891c-208beb56207c req-1d8be534-3992-44ed-891c-208beb56207c ] Request (FloatingIPsAssociationNegativeTestJSON:tearDownClass): 200 GET http://10.180.1.21/compute/v2.1/servers/1d16a5c5-981b-474e-8159-820ac6fcc42d 0.227s
2025-03-12 08:45:57.170 68612 INFO tempest.lib.common.rest_client [req-7ea1499e-adf3-449b-ae2d-005f888bb018 req-7ea1499e-adf3-449b-ae2d-005f888bb018 ] Request (ServersListShow296Test:test_list_show_update_rebuild_server_296): 200 GET http://10.180.1.21/compute/v2.1/servers/43f629d6-bdc3-4345-97ec-26ce2c9d7be7 0.229s
2025-03-12 08:45:57.248 68600 INFO tempest.lib.common.rest_client [req-a23903c6-9d18-428f-8f85-78199bc2aa09 req-a23903c6-9d18-428f-8f85-78199bc2aa09 ] Request (ServerRescueTestJSONUnderV235:tearDownClass): 200 GET http://10.180.1.21/compute/v2.1/servers/61392426-52b8-437e-ab3d-122d9335cd36 0.243s
2025-03-12 08:45:57.258 68644 INFO tempest.lib.common.rest_client [req-6471147a-50f8-4a4b-a6c5-2f8f9ab12f66 req-6471147a-50f8-4a4b-a6c5-2f8f9ab12f66 ] Request (ImagesOneServerNegativeTestJSON:_run_cleanups): 201 POST http://10.180.1.21:9696/networking/v2.0/security-group-rules 0.235s
2025-03-12 08:45:57.393 68630 INFO tempest.lib.common.rest_client [req-2cfccaea-0b12-4a74-b149-c94e1f8f8a0c req-2cfccaea-0b12-4a74-b149-c94e1f8f8a0c ] Request (ServerDiagnosticsTest:test_get_server_diagnostics): 200 GET http://10.180.1.21/compute/v2.1/servers/33f3fc4a-319b-4dd9-90b5-05ee5483ac7f 0.204s
2025-03-12 08:45:57.399 68644 INFO tempest.lib.common.rest_client [req-7ccd66a5-69cc-447d-bb52-368412201bf6 req-7ccd66a5-69cc-447d-bb52-368412201bf6 ] Request (ImagesOneServerNegativeTestJSON:_run_cleanups): 201 POST http://10.180.1.21:9696/networking/v2.0/security-group-rules 0.141s
2025-03-12 08:45:57.500 68618 INFO tempest.lib.common.rest_client [req-4d561aab-6a60-4c8c-bd19-add3c65a25f9 req-4d561aab-6a60-4c8c-bd19-add3c65a25f9 ] Request (ServerRescueNegativeTestJSON:setUpClass): 200 GET http://10.180.1.21/compute/v2.1/servers/cfaee7e2-6929-4d8c-8614-e19e0055f2fb 0.240s
2025-03-12 08:45:57.573 68598 INFO tempest.lib.common.rest_client [req-eed64b67-9e96-45ad-81c3-8092c9fab9de req-eed64b67-9e96-45ad-81c3-8092c9fab9de ] Request (ServersAdminTestJSON:test_inject_network_info): 200 GET http://10.180.1.21/compute/v2.1/servers/7858163d-8e68-4565-b1e0-ecd2e9be350d 0.248s
2025-03-12 08:45:57.586 68610 INFO tempest.lib.common.rest_client [req-9a7ed3c3-9dd7-4cbc-9ccc-90313b5cb5b0 req-9a7ed3c3-9dd7-4cbc-9ccc-90313b5cb5b0 ] Request (ServersNegativeTestMultiTenantJSON:tearDownClass): 200 PUT http://10.180.1.21:9696/networking/v2.0/routers/1f063c29-ce03-44ca-a0e6-2c19860a65cc/remove_router_interface 0.874s
2025-03-12 08:45:57.652 68638 INFO tempest.lib.common.rest_client [req-0de41608-c3c0-471f-a41f-500982acd771 req-0de41608-c3c0-471f-a41f-500982acd771 ] Request (ServerRescueTestJSON:test_rescue_unrescue_instance): 200 GET http://10.180.1.21/compute/v2.1/servers/f807e45c-76d8-46a6-a30b-011e7b8df6a4 0.270s
2025-03-12 08:45:57.709 68602 INFO tempest.lib.common.rest_client [req-56bb582a-a7f6-4f6b-bb84-e08e18014130 req-56bb582a-a7f6-4f6b-bb84-e08e18014130 ] Request (ServerDiskConfigTestJSON:test_rebuild_server_with_manual_disk_config): 200 GET http://10.180.1.21/compute/v2.1/servers/4021edd3-346e-44e5-9419-38181cc91c6a 0.296s
2025-03-12 08:45:57.776 68650 INFO tempest.lib.common.rest_client [req-d7a75891-95e5-4fb4-8aee-3cac8f18f03d req-d7a75891-95e5-4fb4-8aee-3cac8f18f03d ] Request (ServerTagsTestJSON:setUpClass): 200 GET http://10.180.1.21/compute/v2.1/servers/ed86ef15-1941-40c5-8178-344a7b401b58 0.321s
2025-03-12 08:45:57.835 68657 INFO tempest.lib.common.rest_client [req-7fffe1bb-d11d-49c0-b85a-45a63b1579b0 req-7fffe1bb-d11d-49c0-b85a-45a63b1579b0 ] Request (MigrationsAdminTest:test_resize_server_revert_deleted_flavor): 200 GET http://10.180.1.21/compute/v2.1/servers/665d932d-1068-4bb2-835c-2184a80753d1 0.361s
2025-03-12 08:45:57.894 68636 INFO tempest.lib.common.rest_client [req-dabc3205-fb61-4a10-9951-a5b9ec656a98 req-dabc3205-fb61-4a10-9951-a5b9ec656a98 ] Request (ServersAdminNegativeTestJSON:setUpClass): 200 GET http://10.180.1.21/compute/v2.1/servers/d61b2c4f-942a-4e29-8cac-11bc0750605a 0.364s
2025-03-12 08:45:57.937 68610 INFO tempest.lib.common.rest_client [req-4bf1ce6f-5ea0-4bd6-8e44-e9d008ab640e req-4bf1ce6f-5ea0-4bd6-8e44-e9d008ab640e ] Request (ServersNegativeTestMultiTenantJSON:tearDownClass): 204 DELETE http://10.180.1.21:9696/networking/v2.0/routers/1f063c29-ce03-44ca-a0e6-2c19860a65cc 0.350s
2025-03-12 08:45:57.992 68604 INFO tempest.lib.common.rest_client [req-65da025c-758d-4c71-8894-a83975bd1d07 req-65da025c-758d-4c71-8894-a83975bd1d07 ] Request (FloatingIPsAssociationTestJSON:setUpClass): 200 POST http://10.180.1.21/compute/v2.1/os-floating-ips 1.269s
2025-03-12 08:45:58.037 68610 INFO tempest.lib.common.rest_client [req-bd5e02fb-75aa-427c-90ad-50ee049d4ca7 req-bd5e02fb-75aa-427c-90ad-50ee049d4ca7 ] Request (ServersNegativeTestMultiTenantJSON:tearDownClass): 204 DELETE http://10.180.1.21:9696/networking/v2.0/subnets/b445f78e-cd24-4067-9cd9-f00906075d8d 0.100s
2025-03-12 08:45:58.058 68604 INFO tempest.lib.common.rest_client [req-0f17b03a-230a-4a4c-9a21-e5a399539fff req-0f17b03a-230a-4a4c-9a21-e5a399539fff ] Request (FloatingIPsAssociationTestJSON:test_associate_already_associated_floating_ip): 201 POST http://10.180.1.21/identity/v3/auth/tokens 0.060s
2025-03-12 08:45:58.058 68604 INFO tempest.lib.common.fixed_network [-] (FloatingIPsAssociationTestJSON:test_associate_already_associated_floating_ip) Found network {'id': '970a1d74-3b9b-4170-878f-3ee79b936152', 'name': 'tempest-FloatingIPsAssociationTestJSON-2047471724-network', 'tenant_id': 'fadbbd31a4314d12a378689150d3a24d', 'admin_state_up': True, 'mtu': 8950, 'status': 'ACTIVE', 'subnets': [], 'shared': False, 'project_id': 'fadbbd31a4314d12a378689150d3a24d', 'port_security_enabled': True, 'router:external': False, 'provider:network_type': 'vlan', 'provider:physical_network': 'default', 'provider:segmentation_id': 706, 'availability_zone_hints': [], 'availability_zones': [], 'ipv4_address_scope': None, 'ipv6_address_scope': None, 'description': '', 'tags': [], 'created_at': '2025-03-12T08:44:22Z', 'updated_at': '2025-03-12T08:44:22Z', 'revision_number': 1} available for tenant
2025-03-12 08:45:58.111 68620 INFO tempest.lib.common.rest_client [req-f2e433db-bdf8-4447-815f-18b138f58fa5 req-f2e433db-bdf8-4447-815f-18b138f58fa5 ] Request (SecurityGroupsTestJSON:test_server_security_groups): 200 GET http://10.180.1.21/compute/v2.1/servers/4e157792-f910-492c-ab29-dd3f86cb96a8 0.526s
2025-03-12 08:45:58.149 68629 INFO tempest.lib.common.rest_client [req-494a0927-bce7-4060-a5ef-cba84e5e2c3a req-494a0927-bce7-4060-a5ef-cba84e5e2c3a ] Request (ServersTestBootFromVolume:setUpClass): 200 GET http://10.180.1.21/compute/v2.1/servers/e5565f0d-ed60-4ac8-bba1-ab46b337dd90 0.453s
2025-03-12 08:45:58.164 68629 INFO tempest.common.waiters [-] State transition "BUILD/spawning" ==> "ACTIVE/None" after 84 second wait
2025-03-12 08:45:58.175 68608 INFO tempest.lib.common.rest_client [req-3e59c5a7-4cd5-49e3-9ece-67edb1bb2e4d req-3e59c5a7-4cd5-49e3-9ece-67edb1bb2e4d ] Request (ServerMetadataTestJSON:setUpClass): 200 GET http://10.180.1.21/compute/v2.1/servers/05b94aa5-3efc-4790-9d98-c2658b8e8b4b 0.424s
2025-03-12 08:45:58.189 68644 INFO tempest.lib.common.rest_client [req-9af6f67e-70a7-4ead-a54f-c080000d8b4d req-9af6f67e-70a7-4ead-a54f-c080000d8b4d ] Request (ImagesOneServerNegativeTestJSON:_run_cleanups): 201 POST http://10.180.1.21:9696/networking/v2.0/floatingips 0.789s
2025-03-12 08:45:58.228 68641 INFO tempest.lib.common.rest_client [req-84d2da5a-0ea0-41aa-8eee-4233cae6c732 req-84d2da5a-0ea0-41aa-8eee-4233cae6c732 ] Request (AttachVolumeNegativeTest:test_attach_attached_volume_to_different_server): 200 GET http://10.180.1.21/compute/v2.1/servers/c62a0d0e-8869-482a-a687-c628b96d6e22 0.468s
2025-03-12 08:45:58.258 68614 INFO tempest.lib.common.rest_client [req-6288e79d-ca11-446a-ba46-2f7198798a17 req-6288e79d-ca11-446a-ba46-2f7198798a17 ] Request (VolumesAdminNegativeTest:tearDownClass): 200 GET http://10.180.1.21/compute/v2.1/servers/f927c34a-f155-4a1f-8151-b16a3cb3e9a1 0.439s
2025-03-12 08:45:58.261 68644 INFO tempest.lib.common.rest_client [req-82f3e1b1-f7c2-4e68-a252-b21bb57e1fa8 req-82f3e1b1-f7c2-4e68-a252-b21bb57e1fa8 ] Request (ImagesOneServerNegativeTestJSON:_run_cleanups): 201 POST http://10.180.1.21/identity/v3/auth/tokens 0.068s
2025-03-12 08:45:58.261 68644 INFO tempest.lib.common.fixed_network [-] (ImagesOneServerNegativeTestJSON:_run_cleanups) Found network {'id': '001a620f-8fe1-47de-9218-89ec33e7d939', 'name': 'tempest-ImagesOneServerNegativeTestJSON-924392560-network', 'tenant_id': '91ef3e24b66c44a29463a982c192a06e', 'admin_state_up': True, 'mtu': 8950, 'status': 'ACTIVE', 'subnets': [], 'shared': False, 'project_id': '91ef3e24b66c44a29463a982c192a06e', 'port_security_enabled': True, 'router:external': False, 'provider:network_type': 'vlan', 'provider:physical_network': 'default', 'provider:segmentation_id': 211, 'availability_zone_hints': [], 'availability_zones': [], 'ipv4_address_scope': None, 'ipv6_address_scope': None, 'description': '', 'tags': [], 'created_at': '2025-03-12T08:44:01Z', 'updated_at': '2025-03-12T08:44:01Z', 'revision_number': 1} available for tenant
2025-03-12 08:45:58.287 68616 INFO tempest.lib.common.rest_client [req-158d262d-825b-4923-8f69-ea07c1dea457 req-158d262d-825b-4923-8f69-ea07c1dea457 ] Request (ImagesTestJSON:test_create_image_from_suspended_server): 200 GET http://10.180.1.21/compute/v2.1/servers/01a624d3-782d-44cf-8a4e-05a85ac91c64 0.440s
2025-03-12 08:45:58.321 68622 INFO tempest.lib.common.rest_client [req-f949d2e9-66ae-408b-a706-e1ab4d442280 req-f949d2e9-66ae-408b-a706-e1ab4d442280 ] Request (ServersAdmin275Test:test_rebuild_update_server_275): 200 GET http://10.180.1.21/compute/v2.1/servers/a332b35f-4f96-4f8f-aa9a-d7fadf9ede53 0.437s
2025-03-12 08:45:58.336 68622 INFO tempest.common.waiters [-] State transition "BUILD/networking" ==> "BUILD/spawning" after 60 second wait
2025-03-12 08:45:58.345 68659 INFO tempest.lib.common.rest_client [req-756d50a8-1cd3-4490-b39e-07e031e90b35 req-756d50a8-1cd3-4490-b39e-07e031e90b35 ] Request (ServersTestMultiNic:test_verify_multiple_nics_order): 200 GET http://10.180.1.21/compute/v2.1/servers/d452e3d2-1590-4352-8406-31d85b2921f4 0.402s
2025-03-12 08:45:58.383 68596 INFO tempest.lib.common.rest_client [req-5f6a0c19-f56e-4aa2-aa67-373d907735fe req-5f6a0c19-f56e-4aa2-aa67-373d907735fe ] Request (DeleteServersTestJSON:test_delete_active_server): 200 GET http://10.180.1.21/compute/v2.1/servers/1a604a32-78c1-49cf-bafd-e1dc94c8b3ae 0.374s
2025-03-12 08:45:58.391 68596 INFO tempest.common.waiters [-] State transition "BUILD/scheduling" ==> "BUILD/None" after 39 second wait
2025-03-12 08:45:58.457 68626 INFO tempest.lib.common.rest_client [req-a79012d8-3a3a-4bb4-b62b-f116bd788dbd req-a79012d8-3a3a-4bb4-b62b-f116bd788dbd ] Request (FloatingIPsAssociationNegativeTestJSON:tearDownClass): 200 GET http://10.180.1.21/compute/v2.1/servers/1d16a5c5-981b-474e-8159-820ac6fcc42d 0.365s
2025-03-12 08:45:58.479 68610 INFO tempest.lib.common.rest_client [req-195a6244-c88f-465c-9174-d8ed8fbbe3dd req-195a6244-c88f-465c-9174-d8ed8fbbe3dd ] Request (ServersNegativeTestMultiTenantJSON:tearDownClass): 204 DELETE http://10.180.1.21:9696/networking/v2.0/networks/9f29a194-95aa-4a3d-b8c3-e82715f70e74 0.441s
2025-03-12 08:45:58.543 68629 INFO tempest.lib.common.rest_client [req-ad22e275-43a0-4f27-aec2-e43023068e2b req-ad22e275-43a0-4f27-aec2-e43023068e2b ] Request (ServersTestBootFromVolume:setUpClass): 200 GET http://10.180.1.21/compute/v2.1/servers/e5565f0d-ed60-4ac8-bba1-ab46b337dd90/os-interface 0.378s
2025-03-12 08:45:58.583 68610 INFO tempest.lib.common.rest_client [req-2e40d960-c238-45cb-a1b7-f886cdfe3f0f req-2e40d960-c238-45cb-a1b7-f886cdfe3f0f ] Request (ServersNegativeTestMultiTenantJSON:tearDownClass): 204 DELETE http://10.180.1.21/identity/v3/users/0e0f7b3e2c7140a0ba437b49aa138343 0.104s
2025-03-12 08:45:58.654 68612 INFO tempest.lib.common.rest_client [req-7f685f00-070a-4832-8a4f-4f96dbc90b6a req-7f685f00-070a-4832-8a4f-4f96dbc90b6a ] Request (ServersListShow296Test:test_list_show_update_rebuild_server_296): 200 GET http://10.180.1.21/compute/v2.1/servers/43f629d6-bdc3-4345-97ec-26ce2c9d7be7 0.468s
2025-03-12 08:45:58.678 68610 INFO tempest.lib.common.rest_client [req-0913f455-053a-41e8-b1e5-3dd7295db2df req-0913f455-053a-41e8-b1e5-3dd7295db2df ] Request (ServersNegativeTestMultiTenantJSON:tearDownClass): 204 DELETE http://10.180.1.21/identity/v3/users/e492215d766c4047890461124ec699dd 0.094s
2025-03-12 08:45:58.678 68610 INFO tempest.lib.common.dynamic_creds [-] Deleting project and security group for project: 16ad9a0a64524c9d897c11a1ae95dfe4
2025-03-12 08:45:58.713 68610 INFO tempest.lib.common.rest_client [req-253c0e54-47b9-494d-b577-65fd2245205d req-253c0e54-47b9-494d-b577-65fd2245205d ] Request (ServersNegativeTestMultiTenantJSON:tearDownClass): 200 GET http://10.180.1.21:9696/networking/v2.0/security-groups?tenant_id=16ad9a0a64524c9d897c11a1ae95dfe4&name=default 0.035s
2025-03-12 08:45:58.750 68600 INFO tempest.lib.common.rest_client [req-a42e4e43-371b-4fe8-a0f9-c23b0c636ce0 req-a42e4e43-371b-4fe8-a0f9-c23b0c636ce0 ] Request (ServerRescueTestJSONUnderV235:tearDownClass): 200 GET http://10.180.1.21/compute/v2.1/servers/61392426-52b8-437e-ab3d-122d9335cd36 0.494s
2025-03-12 08:45:58.800 68610 INFO tempest.lib.common.rest_client [req-063a451f-6fa0-4d9b-b676-e8d9c31c61a1 req-063a451f-6fa0-4d9b-b676-e8d9c31c61a1 ] Request (ServersNegativeTestMultiTenantJSON:tearDownClass): 204 DELETE http://10.180.1.21:9696/networking/v2.0/security-groups/28ba624a-dcc7-4389-87d6-21ec43bf2e82 0.087s
2025-03-12 08:45:58.906 68610 INFO tempest.lib.common.rest_client [req-5d9d2bfb-b19e-419a-9502-beacc25997f1 req-5d9d2bfb-b19e-419a-9502-beacc25997f1 ] Request (ServersNegativeTestMultiTenantJSON:tearDownClass): 204 DELETE http://10.180.1.21/identity/v3/projects/16ad9a0a64524c9d897c11a1ae95dfe4 0.105s
2025-03-12 08:45:58.906 68610 INFO tempest.lib.common.dynamic_creds [-] Deleting project and security group for project: 2e6d1d3528ea437da9fa9481ec2bbde9
2025-03-12 08:45:58.934 68610 INFO tempest.lib.common.rest_client [req-16668972-0561-4989-bceb-cc95aaca1f06 req-16668972-0561-4989-bceb-cc95aaca1f06 ] Request (ServersNegativeTestMultiTenantJSON:tearDownClass): 200 GET http://10.180.1.21:9696/networking/v2.0/security-groups?tenant_id=2e6d1d3528ea437da9fa9481ec2bbde9&name=default 0.027s
2025-03-12 08:45:58.936 68604 INFO tempest.lib.common.rest_client [req-c042b961-1495-44ef-9dce-5ee7f99b4768 req-c042b961-1495-44ef-9dce-5ee7f99b4768 ] Request (FloatingIPsAssociationTestJSON:test_associate_already_associated_floating_ip): 202 POST http://10.180.1.21/compute/v2.1/servers 0.877s
2025-03-12 08:45:59.028 68610 INFO tempest.lib.common.rest_client [req-8bb3a203-edc6-41a6-b549-4a3b1a308e77 req-8bb3a203-edc6-41a6-b549-4a3b1a308e77 ] Request (ServersNegativeTestMultiTenantJSON:tearDownClass): 204 DELETE http://10.180.1.21:9696/networking/v2.0/security-groups/2474558b-2018-43d6-842b-058ac9f02098 0.093s
2025-03-12 08:45:59.136 68630 INFO tempest.lib.common.rest_client [req-a2d0b16d-0dc5-42ad-9ecc-a3599990d466 req-a2d0b16d-0dc5-42ad-9ecc-a3599990d466 ] Request (ServerDiagnosticsTest:test_get_server_diagnostics): 200 GET http://10.180.1.21/compute/v2.1/servers/33f3fc4a-319b-4dd9-90b5-05ee5483ac7f 0.733s
2025-03-12 08:45:59.154 68610 INFO tempest.lib.common.rest_client [req-f9fab59b-eafd-4f8a-8646-5b9b1ddda6c2 req-f9fab59b-eafd-4f8a-8646-5b9b1ddda6c2 ] Request (ServersNegativeTestMultiTenantJSON:tearDownClass): 204 DELETE http://10.180.1.21/identity/v3/projects/2e6d1d3528ea437da9fa9481ec2bbde9 0.126s
2025-03-12 08:45:59.195 68618 INFO tempest.lib.common.rest_client [req-ab622161-ea16-4620-a6f7-2512ad63de53 req-ab622161-ea16-4620-a6f7-2512ad63de53 ] Request (ServerRescueNegativeTestJSON:setUpClass): 200 GET http://10.180.1.21/compute/v2.1/servers/cfaee7e2-6929-4d8c-8614-e19e0055f2fb 0.683s
2025-03-12 08:45:59.220 68610 INFO tempest.lib.common.rest_client [req-0ec20c73-5f2a-49c1-8258-380c1bdbcdb8 req-0ec20c73-5f2a-49c1-8258-380c1bdbcdb8 ] Request (AttachVolumeTestJSON:setUpClass): 201 POST http://10.180.1.21/identity/v3/auth/tokens 0.064s
2025-03-12 08:45:59.249 68610 INFO tempest.lib.common.rest_client [req-6c9b25aa-9992-4b8b-8d95-fb58029bcbc0 req-6c9b25aa-9992-4b8b-8d95-fb58029bcbc0 ] Request (AttachVolumeTestJSON:setUpClass): 201 POST http://10.180.1.21/identity/v3/auth/tokens 0.026s
2025-03-12 08:45:59.258 68598 INFO tempest.lib.common.rest_client [req-9429ccd4-21bc-4a46-abad-8442854c838b req-9429ccd4-21bc-4a46-abad-8442854c838b ] Request (ServersAdminTestJSON:test_inject_network_info): 200 GET http://10.180.1.21/compute/v2.1/servers/7858163d-8e68-4565-b1e0-ecd2e9be350d 0.674s
2025-03-12 08:45:59.276 68610 INFO tempest.lib.common.rest_client [req-fb08a2f8-6272-477b-b603-4de00f9d852a req-fb08a2f8-6272-477b-b603-4de00f9d852a ] Request (AttachVolumeTestJSON:setUpClass): 200 GET http://10.180.1.21/identity/v3/domains?name=Default 0.027s
2025-03-12 08:45:59.312 68638 INFO tempest.lib.common.rest_client [req-5e9ab15b-96a3-4378-b15e-769be653bee8 req-5e9ab15b-96a3-4378-b15e-769be653bee8 ] Request (ServerRescueTestJSON:test_rescue_unrescue_instance): 200 GET http://10.180.1.21/compute/v2.1/servers/f807e45c-76d8-46a6-a30b-011e7b8df6a4 0.649s
2025-03-12 08:45:59.312 68610 INFO tempest.lib.common.rest_client [req-fde040ac-0472-491b-b784-5a8f009c850b req-fde040ac-0472-491b-b784-5a8f009c850b ] Request (AttachVolumeTestJSON:setUpClass): 201 POST http://10.180.1.21/identity/v3/projects 0.035s
2025-03-12 08:45:59.338 68655 WARNING tempest.lib.common.ssh [-] Failed to establish authenticated ssh connection to cirros@10.180.180.173 ([Errno None] Unable to connect to port 22 on 10.180.180.173). Number attempts: 9. Retry after 10 seconds.: paramiko.ssh_exception.NoValidConnectionsError: [Errno None] Unable to connect to port 22 on 10.180.180.173
2025-03-12 08:45:59.355 68644 INFO tempest.lib.common.rest_client [req-ecb5c33a-1250-45b7-8774-244c909fa0cb req-ecb5c33a-1250-45b7-8774-244c909fa0cb ] Request (ImagesOneServerNegativeTestJSON:_run_cleanups): 202 POST http://10.180.1.21/compute/v2.1/servers 1.093s
2025-03-12 08:45:59.382 68602 INFO tempest.lib.common.rest_client [req-97d39037-f9bc-40e2-811c-338826f33202 req-97d39037-f9bc-40e2-811c-338826f33202 ] Request (ServerDiskConfigTestJSON:test_rebuild_server_with_manual_disk_config): 200 GET http://10.180.1.21/compute/v2.1/servers/4021edd3-346e-44e5-9419-38181cc91c6a 0.664s
2025-03-12 08:45:59.389 68610 INFO tempest.lib.common.rest_client [req-a5602f68-046d-4c82-af1d-42cbe2b06c35 req-a5602f68-046d-4c82-af1d-42cbe2b06c35 ] Request (AttachVolumeTestJSON:setUpClass): 201 POST http://10.180.1.21/identity/v3/users 0.076s
2025-03-12 08:45:59.415 68610 INFO tempest.lib.common.rest_client [req-c65ccf70-ce22-4899-9679-44af145540b9 req-c65ccf70-ce22-4899-9679-44af145540b9 ] Request (AttachVolumeTestJSON:setUpClass): 200 GET http://10.180.1.21/identity/v3/roles 0.025s
2025-03-12 08:45:59.436 68650 INFO tempest.lib.common.rest_client [req-69eb3378-3527-48be-96bc-2a80a956b54d req-69eb3378-3527-48be-96bc-2a80a956b54d ] Request (ServerTagsTestJSON:setUpClass): 200 GET http://10.180.1.21/compute/v2.1/servers/ed86ef15-1941-40c5-8178-344a7b401b58 0.648s
2025-03-12 08:45:59.452 68657 INFO tempest.lib.common.rest_client [req-a0a26846-c0dc-49bf-ac95-05c118b0e03e req-a0a26846-c0dc-49bf-ac95-05c118b0e03e ] Request (MigrationsAdminTest:test_resize_server_revert_deleted_flavor): 200 GET http://10.180.1.21/compute/v2.1/servers/665d932d-1068-4bb2-835c-2184a80753d1 0.609s
2025-03-12 08:45:59.458 68610 INFO tempest.lib.common.rest_client [req-c83147b5-51e2-4534-908a-77df8d0a424c req-c83147b5-51e2-4534-908a-77df8d0a424c ] Request (AttachVolumeTestJSON:setUpClass): 204 PUT http://10.180.1.21/identity/v3/projects/63e6688a23df4c48af9c2f37a97caeb1/users/71136053ec324086b94bc03ed7b649bf/roles/32693a8354b043ccb9aa746dc6177a01 0.043s
2025-03-12 08:45:59.458 68610 INFO tempest.lib.common.dynamic_creds [-] Dynamic test user 71136053ec324086b94bc03ed7b649bf is created with scope project and roles: ['member']
2025-03-12 08:45:59.458 68610 INFO tempest.lib.common.dynamic_creds [-] Acquired dynamic creds: credentials: Credentials: {'domain_id': 'default', 'domain_name': 'Default', 'username': 'tempest-AttachVolumeTestJSON-307007662-project-member', 'project_domain_id': 'default', 'project_domain_name': 'Default', 'project_id': '63e6688a23df4c48af9c2f37a97caeb1', 'project_name': 'tempest-AttachVolumeTestJSON-307007662', 'tenant_id': '63e6688a23df4c48af9c2f37a97caeb1', 'tenant_name': 'tempest-AttachVolumeTestJSON-307007662', 'user_domain_id': 'default', 'user_domain_name': 'Default', 'user_id': '71136053ec324086b94bc03ed7b649bf', 'system': None}, Network: None, Subnet: None, Router: None
2025-03-12 08:45:59.460 68657 INFO tempest.common.waiters [-] State transition "BUILD/scheduling" ==> "BUILD/None" after 33 second wait
2025-03-12 08:45:59.527 68610 INFO tempest.lib.common.rest_client [req-ca71cd13-7300-435c-9c3a-6fc11c76c8eb req-ca71cd13-7300-435c-9c3a-6fc11c76c8eb ] Request (AttachVolumeTestJSON:setUpClass): 201 POST http://10.180.1.21/identity/v3/auth/tokens 0.068s
2025-03-12 08:45:59.760 68604 INFO tempest.lib.common.rest_client [req-71cc86cf-ccc6-4488-9882-3ea53c76a777 req-71cc86cf-ccc6-4488-9882-3ea53c76a777 ] Request (FloatingIPsAssociationTestJSON:test_associate_already_associated_floating_ip): 200 GET http://10.180.1.21/compute/v2.1/servers/0daf31be-c547-46ae-aa91-f99e191e1c76 0.822s
2025-03-12 08:45:59.767 68636 INFO tempest.lib.common.rest_client [req-74354e6a-2c1f-4a54-8f0a-3934453ef93a req-74354e6a-2c1f-4a54-8f0a-3934453ef93a ] Request (ServersAdminNegativeTestJSON:setUpClass): 200 GET http://10.180.1.21/compute/v2.1/servers/d61b2c4f-942a-4e29-8cac-11bc0750605a 0.864s
2025-03-12 08:45:59.803 68610 INFO tempest.lib.common.rest_client [req-78f8e2ef-a6af-41cd-acdd-dd35af36103c req-78f8e2ef-a6af-41cd-acdd-dd35af36103c ] Request (AttachVolumeTestJSON:setUpClass): 201 POST http://10.180.1.21:9696/networking/v2.0/networks 0.276s
2025-03-12 08:45:59.870 68608 INFO tempest.lib.common.rest_client [req-9c8130dc-39da-456d-ad54-6af0a3025e73 req-9c8130dc-39da-456d-ad54-6af0a3025e73 ] Request (ServerMetadataTestJSON:setUpClass): 200 GET http://10.180.1.21/compute/v2.1/servers/05b94aa5-3efc-4790-9d98-c2658b8e8b4b 0.687s
2025-03-12 08:45:59.880 68629 INFO tempest.lib.common.rest_client [req-4c7ff445-e27d-4c6b-a365-e3661be5185f req-4c7ff445-e27d-4c6b-a365-e3661be5185f ] Request (ServersTestBootFromVolume:setUpClass): 200 PUT http://10.180.1.21:9696/networking/v2.0/floatingips/ab8f2601-612f-4b3e-bc87-902fa98d43c9 1.335s
2025-03-12 08:45:59.889 68608 INFO tempest.common.waiters [-] State transition "BUILD/None" ==> "BUILD/networking" after 51 second wait
2025-03-12 08:45:59.951 68641 INFO tempest.lib.common.rest_client [req-948aafd7-b18d-4f81-9641-a1608c0bb724 req-948aafd7-b18d-4f81-9641-a1608c0bb724 ] Request (AttachVolumeNegativeTest:test_attach_attached_volume_to_different_server): 200 GET http://10.180.1.21/compute/v2.1/servers/c62a0d0e-8869-482a-a687-c628b96d6e22 0.714s
2025-03-12 08:45:59.961 68620 INFO tempest.lib.common.rest_client [req-267b2781-f3b7-4384-8c5a-e0aab811c551 req-267b2781-f3b7-4384-8c5a-e0aab811c551 ] Request (SecurityGroupsTestJSON:test_server_security_groups): 200 GET http://10.180.1.21/compute/v2.1/servers/4e157792-f910-492c-ab29-dd3f86cb96a8 0.843s
2025-03-12 08:45:59.999 68610 INFO tempest.lib.common.rest_client [req-66e85e4a-d746-4524-be6b-4c74e0dce272 req-66e85e4a-d746-4524-be6b-4c74e0dce272 ] Request (AttachVolumeTestJSON:setUpClass): 201 POST http://10.180.1.21:9696/networking/v2.0/subnets 0.195s
2025-03-12 08:46:00.025 68616 INFO tempest.lib.common.rest_client [req-814401b7-d522-46ab-88f0-24a0228b13e9 req-814401b7-d522-46ab-88f0-24a0228b13e9 ] Request (ImagesTestJSON:test_create_image_from_suspended_server): 200 GET http://10.180.1.21/compute/v2.1/servers/01a624d3-782d-44cf-8a4e-05a85ac91c64 0.729s
2025-03-12 08:46:00.033 68614 INFO tempest.lib.common.rest_client [req-99501b73-5a24-4992-87fe-a44509d2614c req-99501b73-5a24-4992-87fe-a44509d2614c ] Request (VolumesAdminNegativeTest:tearDownClass): 200 GET http://10.180.1.21/compute/v2.1/servers/f927c34a-f155-4a1f-8151-b16a3cb3e9a1 0.762s
2025-03-12 08:46:00.093 68622 INFO tempest.lib.common.rest_client [req-443decf2-ec99-4b04-a855-72f15cd4bc7f req-443decf2-ec99-4b04-a855-72f15cd4bc7f ] Request (ServersAdmin275Test:test_rebuild_update_server_275): 200 GET http://10.180.1.21/compute/v2.1/servers/a332b35f-4f96-4f8f-aa9a-d7fadf9ede53 0.756s
2025-03-12 08:46:00.095 68659 INFO tempest.lib.common.rest_client [req-95746b3a-db2f-408e-aa3c-88fff7c60a71 req-95746b3a-db2f-408e-aa3c-88fff7c60a71 ] Request (ServersTestMultiNic:test_verify_multiple_nics_order): 200 GET http://10.180.1.21/compute/v2.1/servers/d452e3d2-1590-4352-8406-31d85b2921f4 0.741s
2025-03-12 08:46:00.163 68644 INFO tempest.lib.common.rest_client [req-a71de6a2-8d3b-4001-bc28-52318c2da136 req-a71de6a2-8d3b-4001-bc28-52318c2da136 ] Request (ImagesOneServerNegativeTestJSON:_run_cleanups): 200 GET http://10.180.1.21/compute/v2.1/servers/0b0cb2c2-d9b0-4d2c-a4f9-1cde94e4169a 0.806s
