2024-09-01 11:31:24.701 62664 INFO tempest.lib.common.rest_client [req-c9a98be2-3830-4ac6-9427-f86441e59535 req-c9a98be2-3830-4ac6-9427-f86441e59535 ] Request (ImagesOneServerNegativeTestJSON:setUpClass): 201 POST http://10.180.1.21/identity/v3/auth/tokens 0.086s
2024-09-01 11:31:24.725 62647 INFO tempest.lib.common.rest_client [req-41db4b1e-d038-48e8-b6de-9ce62e5b1206 req-41db4b1e-d038-48e8-b6de-9ce62e5b1206 ] Request (ServerExternalEventsTest:setUpClass): 200 GET http://10.180.1.21/identity/v3/roles 0.061s
2024-09-01 11:31:24.747 62664 INFO tempest.lib.common.rest_client [req-f23ef3d3-70b4-4059-bbe9-464759b7eff7 req-f23ef3d3-70b4-4059-bbe9-464759b7eff7 ] Request (ImagesOneServerNegativeTestJSON:setUpClass): 201 POST http://10.180.1.21/identity/v3/auth/tokens 0.037s
2024-09-01 11:31:24.747 62647 INFO tempest.lib.common.rest_client [req-1dfe87b7-5cf1-4f42-8c20-e33e069f2f82 req-1dfe87b7-5cf1-4f42-8c20-e33e069f2f82 ] Request (ServerExternalEventsTest:setUpClass): 204 PUT http://10.180.1.21/identity/v3/projects/ebf440d7d68847a2bf3960c2081168cb/users/f4bec0a968bb413caa852f59bebbe59c/roles/bc7e71c8f5dd498eaec1db3afd14f7d1 0.022s
2024-09-01 11:31:24.747 62664 INFO tempest.lib.common.fixed_network [-] (ImagesOneServerNegativeTestJSON:setUpClass) Found network {'id': '07de239a-f775-469a-a298-bba5710c6b10', 'name': 'tempest-ImagesOneServerNegativeTestJSON-108488517-network', 'tenant_id': '5b71057c94de437180cc3a2d9e967a51', 'admin_state_up': True, 'mtu': 8950, 'status': 'ACTIVE', 'subnets': [], 'shared': False, 'project_id': '5b71057c94de437180cc3a2d9e967a51', 'port_security_enabled': True, 'router:external': False, 'provider:network_type': 'vlan', 'provider:physical_network': 'default', 'provider:segmentation_id': 357, 'is_default': False, 'availability_zone_hints': [], 'availability_zones': [], 'ipv4_address_scope': None, 'ipv6_address_scope': None, 'description': '', 'tags': [], 'created_at': '2024-09-01T11:31:17Z', 'updated_at': '2024-09-01T11:31:17Z', 'revision_number': 1} available for tenant
2024-09-01 11:31:24.747 62647 INFO tempest.lib.common.dynamic_creds [-] Dynamic test user f4bec0a968bb413caa852f59bebbe59c is created with scope project and roles: ['admin']
2024-09-01 11:31:24.747 62647 INFO tempest.lib.common.dynamic_creds [-] Acquired dynamic creds: credentials: Credentials: {'domain_id': 'default', 'domain_name': 'Default', 'username': 'tempest-ServerExternalEventsTest-721170201-project-admin', 'project_domain_id': 'default', 'project_domain_name': 'Default', 'project_id': 'ebf440d7d68847a2bf3960c2081168cb', 'project_name': 'tempest-ServerExternalEventsTest-721170201', 'tenant_id': 'ebf440d7d68847a2bf3960c2081168cb', 'tenant_name': 'tempest-ServerExternalEventsTest-721170201', 'user_domain_id': 'default', 'user_domain_name': 'Default', 'user_id': 'f4bec0a968bb413caa852f59bebbe59c', 'system': None}, Network: None, Subnet: None, Router: None
2024-09-01 11:31:24.748 62647 INFO tempest.lib.common.dynamic_creds [-] Created isolated network resources for: credentials: Credentials: {'domain_id': 'default', 'domain_name': 'Default', 'username': 'tempest-ServerExternalEventsTest-721170201-project-admin', 'project_domain_id': 'default', 'project_domain_name': 'Default', 'project_id': 'ebf440d7d68847a2bf3960c2081168cb', 'project_name': 'tempest-ServerExternalEventsTest-721170201', 'tenant_id': 'ebf440d7d68847a2bf3960c2081168cb', 'tenant_name': 'tempest-ServerExternalEventsTest-721170201', 'user_domain_id': 'default', 'user_domain_name': 'Default', 'user_id': 'f4bec0a968bb413caa852f59bebbe59c', 'system': None}, Network: None, Subnet: None, Router: None
2024-09-01 11:31:24.844 62647 INFO tempest.lib.common.rest_client [req-cc4c2c4d-beb2-435d-9051-27f7378cf7ae req-cc4c2c4d-beb2-435d-9051-27f7378cf7ae ] Request (ServerExternalEventsTest:setUpClass): 201 POST http://10.180.1.21/identity/v3/auth/tokens 0.091s
2024-09-01 11:31:24.846 62674 INFO tempest.lib.common.rest_client [req-fc7532fd-7556-4fce-8504-d16c1b0a5a93 req-fc7532fd-7556-4fce-8504-d16c1b0a5a93 ] Request (MigrationsAdminTest:test_list_migrations_in_flavor_resize_situation): 202 POST http://10.180.1.21/compute/v2.1/servers 3.386s
2024-09-01 11:31:24.858 62620 INFO tempest.lib.common.rest_client [req-50d28344-f0b8-4ee3-a975-21e9dfb6452d req-50d28344-f0b8-4ee3-a975-21e9dfb6452d ] Request (ServersTestBootFromVolume:setUpClass): 201 POST http://10.180.1.21:9696/networking/v2.0/floatingips 1.873s
2024-09-01 11:31:24.937 62662 INFO tempest.lib.common.rest_client [req-acc109f1-2cc1-4345-91c6-79bd6f739ad7 req-acc109f1-2cc1-4345-91c6-79bd6f739ad7 ] Request (ServerRescueTestJSONUnderV235:setUpClass): 200 PUT http://10.180.1.21:9696/networking/v2.0/routers/aa691211-8b06-4743-ac35-62efd387926a/add_router_interface 3.402s
2024-09-01 11:31:24.939 62662 INFO tempest.lib.common.dynamic_creds [-] Created isolated network resources for: credentials: Credentials: {'domain_id': 'default', 'domain_name': 'Default', 'username': 'tempest-ServerRescueTestJSONUnderV235-1402715094-project-member', 'project_domain_id': 'default', 'project_domain_name': 'Default', 'project_id': '8114b0bd273948b4bec7eab17d113a05', 'project_name': 'tempest-ServerRescueTestJSONUnderV235-1402715094', 'tenant_id': '8114b0bd273948b4bec7eab17d113a05', 'tenant_name': 'tempest-ServerRescueTestJSONUnderV235-1402715094', 'user_domain_id': 'default', 'user_domain_name': 'Default', 'user_id': '2ffd028162e84e5da5422109900e7815', 'system': None}, Network: {'id': '1d2bd343-71f2-45c2-aed7-f508821cf0d5', 'name': 'tempest-ServerRescueTestJSONUnderV235-2109980057-network', 'tenant_id': '8114b0bd273948b4bec7eab17d113a05', 'admin_state_up': True, 'mtu': 8950, 'status': 'ACTIVE', 'subnets': [], 'shared': False, 'project_id': '8114b0bd273948b4bec7eab17d113a05', 'port_security_enabled': True, 'router:external': False, 'provider:network_type': 'vlan', 'provider:physical_network': 'default', 'provider:segmentation_id': 173, 'is_default': False, 'availability_zone_hints': [], 'availability_zones': [], 'ipv4_address_scope': None, 'ipv6_address_scope': None, 'description': '', 'tags': [], 'created_at': '2024-09-01T11:31:17Z', 'updated_at': '2024-09-01T11:31:18Z', 'revision_number': 1}, Subnet: {'id': 'd552da66-eb93-4d68-8610-97526a09762d', 'name': 'tempest-ServerRescueTestJSONUnderV235-2109980057-subnet', 'tenant_id': '8114b0bd273948b4bec7eab17d113a05', 'network_id': '1d2bd343-71f2-45c2-aed7-f508821cf0d5', 'ip_version': 4, 'subnetpool_id': None, 'enable_dhcp': False, 'ipv6_ra_mode': None, 'ipv6_address_mode': None, 'gateway_ip': '192.168.128.1', 'cidr': '192.168.128.0/28', 'allocation_pools': [{'start': '192.168.128.2', 'end': '192.168.128.14'}], 'host_routes': [], 'dns_nameservers': [], 'description': '', 'router:external': False, 'service_types': [], 'tags': [], 'created_at': '2024-09-01T11:31:18Z', 'updated_at': '2024-09-01T11:31:18Z', 'revision_number': 0, 'project_id': '8114b0bd273948b4bec7eab17d113a05'}, Router: {'id': 'aa691211-8b06-4743-ac35-62efd387926a', 'name': 'tempest-ServerRescueTestJSONUnderV235-2109980057-router', 'tenant_id': '8114b0bd273948b4bec7eab17d113a05', 'admin_state_up': True, 'status': 'ACTIVE', 'external_gateway_info': {'network_id': 'e79a0a4d-b5dd-4852-84d1-f6041dd4250d', 'external_fixed_ips': [{'subnet_id': '4dbf51f2-71a8-4a33-a8e5-8a22d4dda4f3', 'ip_address': '10.180.180.212'}], 'enable_snat': True}, 'description': '', 'availability_zones': [], 'distributed': False, 'ha': False, 'availability_zone_hints': [], 'routes': [], 'flavor_id': None, 'tags': [], 'created_at': '2024-09-01T11:31:18Z', 'updated_at': '2024-09-01T11:31:20Z', 'revision_number': 2, 'project_id': '8114b0bd273948b4bec7eab17d113a05'}
2024-09-01 11:31:24.941 62620 INFO tempest.lib.common.rest_client [req-fb2e3048-9a3f-4cad-97b2-70b4fee67eba req-fb2e3048-9a3f-4cad-97b2-70b4fee67eba ] Request (ServersTestBootFromVolume:setUpClass): 201 POST http://10.180.1.21/identity/v3/auth/tokens 0.078s
2024-09-01 11:31:24.942 62620 INFO tempest.lib.common.fixed_network [-] (ServersTestBootFromVolume:setUpClass) Found network {'id': '0edcbbb1-bc57-42ea-a73e-a081b954caba', 'name': 'tempest-ServersTestBootFromVolume-1155436091-network', 'tenant_id': '17e1e2b8d95d4a0fb685ab32cb897619', 'admin_state_up': True, 'mtu': 8950, 'status': 'ACTIVE', 'subnets': [], 'shared': False, 'project_id': '17e1e2b8d95d4a0fb685ab32cb897619', 'port_security_enabled': True, 'router:external': False, 'provider:network_type': 'vlan', 'provider:physical_network': 'default', 'provider:segmentation_id': 242, 'is_default': False, 'availability_zone_hints': [], 'availability_zones': [], 'ipv4_address_scope': None, 'ipv6_address_scope': None, 'description': '', 'tags': [], 'created_at': '2024-09-01T11:31:12Z', 'updated_at': '2024-09-01T11:31:12Z', 'revision_number': 1} available for tenant
2024-09-01 11:31:24.945 62647 INFO tempest.lib.common.rest_client [req-0eed83e3-5c68-46da-946c-a3972b30c268 req-0eed83e3-5c68-46da-946c-a3972b30c268 ] Request (ServerExternalEventsTest:setUpClass): 201 POST http://10.180.1.21/identity/v3/projects 0.100s
2024-09-01 11:31:24.954 62640 INFO tempest.lib.common.rest_client [req-722b4243-fbf3-4b86-96f9-86d886892f70 req-722b4243-fbf3-4b86-96f9-86d886892f70 ] Request (DeleteServersAdminTestJSON:test_admin_delete_servers_of_others): 200 GET http://10.180.1.21/compute/v2.1/servers/f818fc3c-c027-4922-bfa9-162fd37a89e8 2.977s
2024-09-01 11:31:24.965 62640 INFO tempest.common.waiters [-] State transition "ACTIVE/deleting" ==> "DELETED/None" after 4 second wait
2024-09-01 11:31:25.076 62662 INFO tempest.lib.common.rest_client [req-9d327d35-8dac-43d4-8962-4ad234343e0d req-9d327d35-8dac-43d4-8962-4ad234343e0d ] Request (ServerRescueTestJSONUnderV235:setUpClass): 201 POST http://10.180.1.21/identity/v3/auth/tokens 0.131s
2024-09-01 11:31:25.121 62662 INFO tempest.lib.common.rest_client [req-312450e5-6782-4ce5-bb9c-c5f1b6d62a53 req-312450e5-6782-4ce5-bb9c-c5f1b6d62a53 ] Request (ServerRescueTestJSONUnderV235:setUpClass): 201 POST http://10.180.1.21/identity/v3/auth/tokens 0.038s
2024-09-01 11:31:25.124 62662 INFO tempest.lib.common.fixed_network [-] (ServerRescueTestJSONUnderV235:setUpClass) Found network {'id': '1d2bd343-71f2-45c2-aed7-f508821cf0d5', 'name': 'tempest-ServerRescueTestJSONUnderV235-2109980057-network', 'tenant_id': '8114b0bd273948b4bec7eab17d113a05', 'admin_state_up': True, 'mtu': 8950, 'status': 'ACTIVE', 'subnets': [], 'shared': False, 'project_id': '8114b0bd273948b4bec7eab17d113a05', 'port_security_enabled': True, 'router:external': False, 'provider:network_type': 'vlan', 'provider:physical_network': 'default', 'provider:segmentation_id': 173, 'is_default': False, 'availability_zone_hints': [], 'availability_zones': [], 'ipv4_address_scope': None, 'ipv6_address_scope': None, 'description': '', 'tags': [], 'created_at': '2024-09-01T11:31:17Z', 'updated_at': '2024-09-01T11:31:18Z', 'revision_number': 1} available for tenant
2024-09-01 11:31:25.135 62647 INFO tempest.lib.common.rest_client [req-efc36bcd-91b3-4422-8963-5986f81b320b req-efc36bcd-91b3-4422-8963-5986f81b320b ] Request (ServerExternalEventsTest:setUpClass): 201 POST http://10.180.1.21/identity/v3/users 0.188s
2024-09-01 11:31:25.159 62647 INFO tempest.lib.common.rest_client [req-eea58950-68c7-4aa2-a7e1-e39b621bfdc9 req-eea58950-68c7-4aa2-a7e1-e39b621bfdc9 ] Request (ServerExternalEventsTest:setUpClass): 200 GET http://10.180.1.21/identity/v3/roles 0.023s
2024-09-01 11:31:25.193 62647 INFO tempest.lib.common.rest_client [req-f0a2b862-d7d7-4062-ac0e-573618944ccf req-f0a2b862-d7d7-4062-ac0e-573618944ccf ] Request (ServerExternalEventsTest:setUpClass): 204 PUT http://10.180.1.21/identity/v3/projects/c9b6755426d54426b4d180a807b03381/users/c054ee99a4dc4cac83ab808a11f13c35/roles/bc7e71c8f5dd498eaec1db3afd14f7d1 0.034s
2024-09-01 11:31:25.243 62647 INFO tempest.lib.common.rest_client [req-5102a92b-ecc5-4258-864a-b69f7b6172f8 req-5102a92b-ecc5-4258-864a-b69f7b6172f8 ] Request (ServerExternalEventsTest:setUpClass): 200 GET http://10.180.1.21/identity/v3/roles 0.049s
2024-09-01 11:31:25.262 62647 INFO tempest.lib.common.rest_client [req-a52293c9-e612-4a13-84e0-57a71690085b req-a52293c9-e612-4a13-84e0-57a71690085b ] Request (ServerExternalEventsTest:setUpClass): 204 PUT http://10.180.1.21/identity/v3/projects/c9b6755426d54426b4d180a807b03381/users/c054ee99a4dc4cac83ab808a11f13c35/roles/67abe6d7a60943199350ba4d15564b82 0.018s
2024-09-01 11:31:25.262 62647 INFO tempest.lib.common.dynamic_creds [-] Dynamic test user c054ee99a4dc4cac83ab808a11f13c35 is created with scope project and roles: ['admin', 'service']
2024-09-01 11:31:25.262 62647 INFO tempest.lib.common.dynamic_creds [-] Acquired dynamic creds: credentials: Credentials: {'domain_id': 'default', 'domain_name': 'Default', 'username': 'tempest-ServerExternalEventsTest-182836636-project', 'project_domain_id': 'default', 'project_domain_name': 'Default', 'project_id': 'c9b6755426d54426b4d180a807b03381', 'project_name': 'tempest-ServerExternalEventsTest-182836636', 'tenant_id': 'c9b6755426d54426b4d180a807b03381', 'tenant_name': 'tempest-ServerExternalEventsTest-182836636', 'user_domain_id': 'default', 'user_domain_name': 'Default', 'user_id': 'c054ee99a4dc4cac83ab808a11f13c35', 'system': None}, Network: None, Subnet: None, Router: None
2024-09-01 11:31:25.264 62647 INFO tempest.lib.common.dynamic_creds [-] Created isolated network resources for: credentials: Credentials: {'domain_id': 'default', 'domain_name': 'Default', 'username': 'tempest-ServerExternalEventsTest-182836636-project', 'project_domain_id': 'default', 'project_domain_name': 'Default', 'project_id': 'c9b6755426d54426b4d180a807b03381', 'project_name': 'tempest-ServerExternalEventsTest-182836636', 'tenant_id': 'c9b6755426d54426b4d180a807b03381', 'tenant_name': 'tempest-ServerExternalEventsTest-182836636', 'user_domain_id': 'default', 'user_domain_name': 'Default', 'user_id': 'c054ee99a4dc4cac83ab808a11f13c35', 'system': None}, Network: None, Subnet: None, Router: None
2024-09-01 11:31:25.340 62666 INFO tempest.lib.common.rest_client [req-bd744b26-24f4-4b20-a1c2-f2030013346b req-bd744b26-24f4-4b20-a1c2-f2030013346b ] Request (ServersWithSpecificFlavorTestJSON:test_verify_created_server_ephemeral_disk): 200 GET http://10.180.1.21/compute/v2.1/servers/9137e440-c83b-4397-9cf1-064ac8c1dae1 2.959s
2024-09-01 11:31:25.347 62666 INFO tempest.common.waiters [-] State transition "BUILD/networking" ==> "BUILD/spawning" after 13 second wait
2024-09-01 11:31:25.372 62647 INFO tempest.lib.common.rest_client [req-029614cc-c69e-42ee-8889-74233f314517 req-029614cc-c69e-42ee-8889-74233f314517 ] Request (ServerExternalEventsTest:setUpClass): 201 POST http://10.180.1.21/identity/v3/auth/tokens 0.106s
2024-09-01 11:31:25.423 62628 INFO tempest.lib.common.rest_client [req-e3ce4b3d-56a5-404e-abff-45fcad8c2ee0 req-e3ce4b3d-56a5-404e-abff-45fcad8c2ee0 ] Request (ServersTestMultiNic:test_verify_duplicate_network_nics): 200 GET http://10.180.1.21/compute/v2.1/servers/6e340df9-53fc-49c3-ad1b-b3a47819aee4 3.465s
2024-09-01 11:31:25.452 62648 INFO tempest.lib.common.rest_client [req-065dfba9-2513-402d-93f3-52f4a7dbda80 req-065dfba9-2513-402d-93f3-52f4a7dbda80 ] Request (FlavorsAdminTestJSON:test_create_list_flavor_without_extra_data): 200 POST http://10.180.1.21/compute/v2.1/flavors 2.927s
2024-09-01 11:31:25.496 62647 INFO tempest.lib.common.rest_client [req-91c93091-3186-4fb2-a70f-a3e216b73ce0 req-91c93091-3186-4fb2-a70f-a3e216b73ce0 ] Request (ServerExternalEventsTest:test_create_server_external_events): 201 POST http://10.180.1.21/identity/v3/auth/tokens 0.110s
2024-09-01 11:31:25.496 62647 INFO tempest.lib.common.fixed_network [-] (ServerExternalEventsTest:test_create_server_external_events) Found network None available for tenant
2024-09-01 11:31:25.550 62670 INFO tempest.lib.common.rest_client [req-338f92ec-f762-4309-b8b4-426dbe070ae1 req-338f92ec-f762-4309-b8b4-426dbe070ae1 ] Request (FlavorsAccessNegativeTestJSON:test_flavor_non_admin_remove): 200 POST http://10.180.1.21/compute/v2.1/flavors/1628558043/action 3.068s
2024-09-01 11:31:25.569 62622 INFO tempest.lib.common.rest_client [req-2588168b-49c1-4536-af7a-9966543a10dd req-2588168b-49c1-4536-af7a-9966543a10dd ] Request (AggregatesAdminNegativeTestJSON:test_aggregate_delete_with_invalid_id): 404 DELETE http://10.180.1.21/compute/v2.1/os-aggregates/-1 2.835s
2024-09-01 11:31:25.595 62642 INFO tempest.lib.common.rest_client [req-21d77efc-194e-40fa-b16c-7d731675d76b req-21d77efc-194e-40fa-b16c-7d731675d76b ] Request (KeyPairsNegativeTestJSON:test_create_keypair_with_empty_public_key): 400 POST http://10.180.1.21/compute/v2.1/os-keypairs 2.855s
2024-09-01 11:31:25.599 62616 INFO tempest.lib.common.rest_client [req-261c10fa-f7ed-4826-8175-9494c100eec7 req-261c10fa-f7ed-4826-8175-9494c100eec7 ] Request (FlavorsExtraSpecsNegativeTestJSON:test_flavor_non_admin_unset_keys): 403 DELETE http://10.180.1.21/compute/v2.1/flavors/475275273/os-extra_specs/hw:numa_nodes 2.826s
2024-09-01 11:31:25.652 62618 INFO tempest.lib.common.rest_client [req-ba1b867e-8742-40f1-81df-119a5cae3e28 req-ba1b867e-8742-40f1-81df-119a5cae3e28 ] Request (QuotasAdminTestJSON:test_delete_quota): 200 PUT http://10.180.1.21/compute/v2.1/os-quota-sets/cbc2cf73d1bc4e3fbd6721093f3d2694 2.939s
2024-09-01 11:31:25.892 62620 INFO tempest.lib.common.rest_client [req-7b1cf6c2-a1b2-45d1-86eb-6b6c323546b9 req-7b1cf6c2-a1b2-45d1-86eb-6b6c323546b9 ] Request (ServersTestBootFromVolume:setUpClass): 202 POST http://10.180.1.21/volume/v3/17e1e2b8d95d4a0fb685ab32cb897619/volumes 0.949s
2024-09-01 11:31:25.962 62620 INFO tempest.lib.common.rest_client [req-91ee8811-92ff-40b4-bf3d-92f9d4fca8c5 req-91ee8811-92ff-40b4-bf3d-92f9d4fca8c5 ] Request (ServersTestBootFromVolume:setUpClass): 200 GET http://10.180.1.21/volume/v3/17e1e2b8d95d4a0fb685ab32cb897619/volumes/c30e3b75-291a-4c8f-a581-8a107220c28c 0.062s
2024-09-01 11:31:25.968 62634 INFO tempest.lib.common.rest_client [req-f4b14e74-f068-4b27-9d7d-008a8ac7dfa1 req-f4b14e74-f068-4b27-9d7d-008a8ac7dfa1 ] Request (VolumesAdminNegativeTest:test_update_attached_volume_with_nonexistent_volume_in_body): 200 GET http://10.180.1.21/compute/v2.1/servers/851e6dce-3def-4266-ac2f-d8eafc3a45ae 2.777s
2024-09-01 11:31:26.002 62624 INFO tempest.lib.common.rest_client [req-7590a633-c6e2-4d8d-9f27-38325eb28062 req-7590a633-c6e2-4d8d-9f27-38325eb28062 ] Request (KeyPairsV22TestJSON:test_keypairsv22_create_list_show): 200 GET http://10.180.1.21/compute/v2.1/os-keypairs 2.384s
2024-09-01 11:31:26.198 62656 INFO tempest.lib.common.rest_client [req-30174062-598e-4544-9165-5997f51f4808 req-30174062-598e-4544-9165-5997f51f4808 ] Request (FloatingIPDetailsTestJSON:test_list_floating_ips): 200 GET http://10.180.1.21/compute/v2.1/os-floating-ips 2.475s
2024-09-01 11:31:26.202 62653 INFO tempest.lib.common.rest_client [req-1f97c019-32c2-4965-8347-1207970b5620 req-1f97c019-32c2-4965-8347-1207970b5620 ] Request (ImagesNegativeTestJSON:test_create_image_from_deleted_server): 200 GET http://10.180.1.21/compute/v2.1/servers/e0198d4d-598e-4011-a6bd-fb3ef8600957 2.734s
2024-09-01 11:31:26.227 62660 INFO tempest.lib.common.rest_client [req-1c61225f-59c8-48e6-b525-9d320d6ec700 req-1c61225f-59c8-48e6-b525-9d320d6ec700 ] Request (SecurityGroupsNegativeTestJSON:setUpClass): 200 PUT http://10.180.1.21:9696/networking/v2.0/routers/867107f3-b9a8-4389-a6e1-8ffd497e82c6/add_router_interface 4.317s
2024-09-01 11:31:26.228 62660 INFO tempest.lib.common.dynamic_creds [-] Created isolated network resources for: credentials: Credentials: {'domain_id': 'default', 'domain_name': 'Default', 'username': 'tempest-SecurityGroupsNegativeTestJSON-990112294-project-member', 'project_domain_id': 'default', 'project_domain_name': 'Default', 'project_id': 'c262b47ab26b4727b38de15933e63d4e', 'project_name': 'tempest-SecurityGroupsNegativeTestJSON-990112294', 'tenant_id': 'c262b47ab26b4727b38de15933e63d4e', 'tenant_name': 'tempest-SecurityGroupsNegativeTestJSON-990112294', 'user_domain_id': 'default', 'user_domain_name': 'Default', 'user_id': '94debceab1bc4ad2b568731b19077ff0', 'system': None}, Network: {'id': '2eb4860d-3b56-48f7-9d9e-5fc76c3469e6', 'name': 'tempest-SecurityGroupsNegativeTestJSON-1299087241-network', 'tenant_id': 'c262b47ab26b4727b38de15933e63d4e', 'admin_state_up': True, 'mtu': 8950, 'status': 'ACTIVE', 'subnets': [], 'shared': False, 'project_id': 'c262b47ab26b4727b38de15933e63d4e', 'port_security_enabled': True, 'router:external': False, 'provider:network_type': 'vlan', 'provider:physical_network': 'default', 'provider:segmentation_id': 849, 'is_default': False, 'availability_zone_hints': [], 'availability_zones': [], 'ipv4_address_scope': None, 'ipv6_address_scope': None, 'description': '', 'tags': [], 'created_at': '2024-09-01T11:31:18Z', 'updated_at': '2024-09-01T11:31:18Z', 'revision_number': 1}, Subnet: {'id': '4d3415b9-f17d-405e-9996-25be2967b3d3', 'name': 'tempest-SecurityGroupsNegativeTestJSON-1299087241-subnet', 'tenant_id': 'c262b47ab26b4727b38de15933e63d4e', 'network_id': '2eb4860d-3b56-48f7-9d9e-5fc76c3469e6', 'ip_version': 4, 'subnetpool_id': None, 'enable_dhcp': True, 'ipv6_ra_mode': None, 'ipv6_address_mode': None, 'gateway_ip': '192.168.128.1', 'cidr': '192.168.128.0/28', 'allocation_pools': [{'start': '192.168.128.2', 'end': '192.168.128.14'}], 'host_routes': [], 'dns_nameservers': [], 'description': '', 'router:external': False, 'service_types': [], 'tags': [], 'created_at': '2024-09-01T11:31:18Z', 'updated_at': '2024-09-01T11:31:18Z', 'revision_number': 0, 'project_id': 'c262b47ab26b4727b38de15933e63d4e'}, Router: {'id': '867107f3-b9a8-4389-a6e1-8ffd497e82c6', 'name': 'tempest-SecurityGroupsNegativeTestJSON-1299087241-router', 'tenant_id': 'c262b47ab26b4727b38de15933e63d4e', 'admin_state_up': True, 'status': 'ACTIVE', 'external_gateway_info': {'network_id': 'e79a0a4d-b5dd-4852-84d1-f6041dd4250d', 'external_fixed_ips': [{'subnet_id': '4dbf51f2-71a8-4a33-a8e5-8a22d4dda4f3', 'ip_address': '10.180.180.230'}], 'enable_snat': True}, 'description': '', 'availability_zones': [], 'distributed': False, 'ha': False, 'availability_zone_hints': [], 'routes': [], 'flavor_id': None, 'tags': [], 'created_at': '2024-09-01T11:31:19Z', 'updated_at': '2024-09-01T11:31:20Z', 'revision_number': 2, 'project_id': 'c262b47ab26b4727b38de15933e63d4e'}
2024-09-01 11:31:26.345 62660 INFO tempest.lib.common.rest_client [req-6f937b01-b034-4b1a-ad82-0741260d05f9 req-6f937b01-b034-4b1a-ad82-0741260d05f9 ] Request (SecurityGroupsNegativeTestJSON:setUpClass): 201 POST http://10.180.1.21/identity/v3/auth/tokens 0.114s
2024-09-01 11:31:26.617 62638 INFO tempest.lib.common.rest_client [req-eb167a12-c255-43b5-a76b-a0b1146c87d7 req-eb167a12-c255-43b5-a76b-a0b1146c87d7 ] Request (VolumesAssistedSnapshotsTest:test_volume_assisted_snapshot_create_delete): 200 GET http://10.180.1.21/compute/v2.1/servers/dae625dd-e574-4a1b-aa06-c8615abcf958 2.427s
2024-09-01 11:31:26.702 62658 INFO tempest.lib.common.rest_client [req-877ce8fd-e4c6-4bdb-8968-f73e1bc3c509 req-877ce8fd-e4c6-4bdb-8968-f73e1bc3c509 ] Request (ListImageFiltersTestJSON:setUpClass): 202 POST http://10.180.1.21/compute/v2.1/servers 2.399s
2024-09-01 11:31:26.799 62676 INFO tempest.lib.common.rest_client [req-cdbc4569-cc0e-474e-bb73-7cbfeff8ff3d req-cdbc4569-cc0e-474e-bb73-7cbfeff8ff3d ] Request (ServerDiagnosticsTest:tearDownClass): 200 GET http://10.180.1.21/compute/v2.1/servers/01e3b7ab-4a17-43aa-ad0b-b29705ca524f 2.190s
2024-09-01 11:31:26.805 62676 INFO tempest.common.waiters [-] State transition "ACTIVE/deleting" ==> "DELETED/None" after 3 second wait
2024-09-01 11:31:27.003 62620 INFO tempest.lib.common.rest_client [req-c11ae562-bf9b-49cb-aa8a-b18ddd99db53 req-c11ae562-bf9b-49cb-aa8a-b18ddd99db53 ] Request (ServersTestBootFromVolume:setUpClass): 200 GET http://10.180.1.21/volume/v3/17e1e2b8d95d4a0fb685ab32cb897619/volumes/c30e3b75-291a-4c8f-a581-8a107220c28c 0.029s
2024-09-01 11:31:27.012 62672 INFO tempest.lib.common.rest_client [req-58cb84b7-a171-407f-9816-0c2a1a8a85f3 req-58cb84b7-a171-407f-9816-0c2a1a8a85f3 ] Request (InstanceActionsTestJSON:test_list_instance_actions): 200 GET http://10.180.1.21/compute/v2.1/servers/2a05546a-ddde-45dd-8583-40fea262fada 2.701s
2024-09-01 11:31:27.065 62650 INFO tempest.lib.common.rest_client [req-c3db6fec-442c-432a-8fc7-07a189a95157 req-c3db6fec-442c-432a-8fc7-07a189a95157 ] Request (SecurityGroupRulesNegativeTestJSON:test_create_security_group_rule_with_invalid_to_port): 200 POST http://10.180.1.21/compute/v2.1/os-security-groups 2.388s
2024-09-01 11:31:27.158 62630 INFO tempest.lib.common.rest_client [req-faad75a9-f0a9-4615-b648-205efd5ea42b req-faad75a9-f0a9-4615-b648-205efd5ea42b ] Request (FloatingIPsTestJSON:setUpClass): 200 PUT http://10.180.1.21:9696/networking/v2.0/routers/7d2e1ab6-b267-407e-a1ab-7a98a563a7d5/add_router_interface 3.190s
2024-09-01 11:31:27.159 62630 INFO tempest.lib.common.dynamic_creds [-] Created isolated network resources for: credentials: Credentials: {'domain_id': 'default', 'domain_name': 'Default', 'username': 'tempest-FloatingIPsTestJSON-1168173671-project-member', 'project_domain_id': 'default', 'project_domain_name': 'Default', 'project_id': 'cfacdcc3b62d43a0a81a7225f3df6d95', 'project_name': 'tempest-FloatingIPsTestJSON-1168173671', 'tenant_id': 'cfacdcc3b62d43a0a81a7225f3df6d95', 'tenant_name': 'tempest-FloatingIPsTestJSON-1168173671', 'user_domain_id': 'default', 'user_domain_name': 'Default', 'user_id': '3373cd5f36404b839442c3de5b890de5', 'system': None}, Network: {'id': '47e41c0c-35b0-4419-9908-96d87ddfcd84', 'name': 'tempest-FloatingIPsTestJSON-140830570-network', 'tenant_id': 'cfacdcc3b62d43a0a81a7225f3df6d95', 'admin_state_up': True, 'mtu': 8950, 'status': 'ACTIVE', 'subnets': [], 'shared': False, 'project_id': 'cfacdcc3b62d43a0a81a7225f3df6d95', 'port_security_enabled': True, 'router:external': False, 'provider:network_type': 'vlan', 'provider:physical_network': 'default', 'provider:segmentation_id': 839, 'is_default': False, 'availability_zone_hints': [], 'availability_zones': [], 'ipv4_address_scope': None, 'ipv6_address_scope': None, 'description': '', 'tags': [], 'created_at': '2024-09-01T11:31:19Z', 'updated_at': '2024-09-01T11:31:19Z', 'revision_number': 1}, Subnet: {'id': 'f0ebb202-ec87-4fe2-83b4-514dbc51bfbc', 'name': 'tempest-FloatingIPsTestJSON-140830570-subnet', 'tenant_id': 'cfacdcc3b62d43a0a81a7225f3df6d95', 'network_id': '47e41c0c-35b0-4419-9908-96d87ddfcd84', 'ip_version': 4, 'subnetpool_id': None, 'enable_dhcp': True, 'ipv6_ra_mode': None, 'ipv6_address_mode': None, 'gateway_ip': '192.168.128.1', 'cidr': '192.168.128.0/28', 'allocation_pools': [{'start': '192.168.128.2', 'end': '192.168.128.14'}], 'host_routes': [], 'dns_nameservers': [], 'description': '', 'router:external': False, 'service_types': [], 'tags': [], 'created_at': '2024-09-01T11:31:20Z', 'updated_at': '2024-09-01T11:31:20Z', 'revision_number': 0, 'project_id': 'cfacdcc3b62d43a0a81a7225f3df6d95'}, Router: {'id': '7d2e1ab6-b267-407e-a1ab-7a98a563a7d5', 'name': 'tempest-FloatingIPsTestJSON-140830570-router', 'tenant_id': 'cfacdcc3b62d43a0a81a7225f3df6d95', 'admin_state_up': True, 'status': 'ACTIVE', 'external_gateway_info': {'network_id': 'e79a0a4d-b5dd-4852-84d1-f6041dd4250d', 'external_fixed_ips': [{'subnet_id': '4dbf51f2-71a8-4a33-a8e5-8a22d4dda4f3', 'ip_address': '10.180.180.186'}], 'enable_snat': True}, 'description': '', 'availability_zones': [], 'distributed': False, 'ha': False, 'availability_zone_hints': [], 'routes': [], 'flavor_id': None, 'tags': [], 'created_at': '2024-09-01T11:31:20Z', 'updated_at': '2024-09-01T11:31:22Z', 'revision_number': 2, 'project_id': 'cfacdcc3b62d43a0a81a7225f3df6d95'}
2024-09-01 11:31:27.248 62630 INFO tempest.lib.common.rest_client [req-1b3813fc-903b-4b10-b9de-e5783f2af04a req-1b3813fc-903b-4b10-b9de-e5783f2af04a ] Request (FloatingIPsTestJSON:setUpClass): 201 POST http://10.180.1.21/identity/v3/auth/tokens 0.086s
2024-09-01 11:31:27.450 62644 INFO tempest.lib.common.rest_client [req-6596d0da-f4c4-4c01-9bac-3803036775ae req-6596d0da-f4c4-4c01-9bac-3803036775ae ] Request (ServersTestFqdnHostnames:test_create_server_with_fqdn_name): 200 GET http://10.180.1.21/compute/v2.1/servers/108137ca-3be3-4049-b07a-25fd31b48398 2.701s
2024-09-01 11:31:27.460 62644 INFO tempest.common.waiters [-] State transition "BUILD/block_device_mapping" ==> "BUILD/spawning" after 13 second wait
2024-09-01 11:31:27.511 62674 INFO tempest.lib.common.rest_client [req-d633aa7e-7ea9-4e8a-b06b-97b799c7a994 req-d633aa7e-7ea9-4e8a-b06b-97b799c7a994 ] Request (MigrationsAdminTest:test_list_migrations_in_flavor_resize_situation): 200 GET http://10.180.1.21/compute/v2.1/servers/95a02af2-8840-4651-9d59-60acd2555614 2.663s
2024-09-01 11:31:27.594 62664 INFO tempest.lib.common.rest_client [req-4f847497-169f-46a4-a466-56cad4a0e5ab req-4f847497-169f-46a4-a466-56cad4a0e5ab ] Request (ImagesOneServerNegativeTestJSON:setUpClass): 202 POST http://10.180.1.21/compute/v2.1/servers 2.845s
2024-09-01 11:31:27.741 62632 INFO tempest.lib.common.rest_client [req-10212cc6-b2ba-49de-9539-3c62f231209d req-10212cc6-b2ba-49de-9539-3c62f231209d ] Request (ServersAdminTestJSON:setUpClass): 200 GET http://10.180.1.21/compute/v2.1/servers/b62f874e-3692-464d-9375-0a703dc1d0cd 2.525s
2024-09-01 11:31:27.919 62662 INFO tempest.lib.common.rest_client [req-5306f226-a5b2-424c-a783-63e7a088c2a8 req-5306f226-a5b2-424c-a783-63e7a088c2a8 ] Request (ServerRescueTestJSONUnderV235:setUpClass): 202 POST http://10.180.1.21/compute/v2.1/servers 2.795s
2024-09-01 11:31:27.935 62648 INFO tempest.lib.common.rest_client [req-7e65d9b5-c680-4aab-9109-864e980f807b req-7e65d9b5-c680-4aab-9109-864e980f807b ] Request (FlavorsAdminTestJSON:test_create_list_flavor_without_extra_data): 200 GET http://10.180.1.21/compute/v2.1/flavors/1936325094 2.481s
2024-09-01 11:31:27.980 62668 INFO tempest.lib.common.rest_client [req-702c10d7-6b77-471c-bb56-af55a1f005bc req-702c10d7-6b77-471c-bb56-af55a1f005bc ] Request (ImagesTestJSON:test_create_image_from_stopped_server): 200 GET http://10.180.1.21/compute/v2.1/servers/2b94a6df-5b86-4dae-8e80-4adf1b762751 2.553s
2024-09-01 11:31:27.987 62668 INFO tempest.common.waiters [-] State transition "BUILD/None" ==> "BUILD/spawning" after 7 second wait
2024-09-01 11:31:28.042 62620 INFO tempest.lib.common.rest_client [req-1c47c83c-20a8-4420-a300-ca7d7b287782 req-1c47c83c-20a8-4420-a300-ca7d7b287782 ] Request (ServersTestBootFromVolume:setUpClass): 200 GET http://10.180.1.21/volume/v3/17e1e2b8d95d4a0fb685ab32cb897619/volumes/c30e3b75-291a-4c8f-a581-8a107220c28c 0.031s
2024-09-01 11:31:28.232 62647 INFO tempest.lib.common.rest_client [req-4670a8c2-b509-46aa-9925-7f8f1f5c1bcb req-4670a8c2-b509-46aa-9925-7f8f1f5c1bcb ] Request (ServerExternalEventsTest:test_create_server_external_events): 202 POST http://10.180.1.21/compute/v2.1/servers 2.735s
2024-09-01 11:31:28.232 62654 INFO tempest.lib.common.rest_client [req-7ce2d954-baf3-4095-8d86-810c4a7b97b9 req-7ce2d954-baf3-4095-8d86-810c4a7b97b9 ] Request (ServerAddressesTestJSON:setUpClass): 200 GET http://10.180.1.21/compute/v2.1/servers/1d935cb5-c9e2-4d1c-93dd-33213b4eb4ad 2.690s
2024-09-01 11:31:28.239 62654 INFO tempest.common.waiters [-] State transition "BUILD/None" ==> "BUILD/networking" after 8 second wait
2024-09-01 11:31:28.241 62670 INFO tempest.lib.common.rest_client [req-5c8f0afe-9bf4-432a-b463-798ae69fefdb req-5c8f0afe-9bf4-432a-b463-798ae69fefdb ] Request (FlavorsAccessNegativeTestJSON:test_flavor_non_admin_remove): 403 POST http://10.180.1.21/compute/v2.1/flavors/1628558043/action 2.690s
2024-09-01 11:31:28.249 62642 INFO tempest.lib.common.rest_client [req-d791651b-be8c-41de-ba4c-8198a296f355 req-d791651b-be8c-41de-ba4c-8198a296f355 ] Request (KeyPairsNegativeTestJSON:test_create_keypair_with_long_keynames): 400 POST http://10.180.1.21/compute/v2.1/os-keypairs 2.652s
2024-09-01 11:31:28.255 62622 INFO tempest.lib.common.rest_client [req-4b695e5b-36af-43c9-8050-a70c4b5faa66 req-4b695e5b-36af-43c9-8050-a70c4b5faa66 ] Request (AggregatesAdminNegativeTestJSON:test_aggregate_get_details_as_user): 200 POST http://10.180.1.21/compute/v2.1/os-aggregates 2.684s
2024-09-01 11:31:28.271 62618 INFO tempest.lib.common.rest_client [req-2fa306a5-696f-428a-8918-815b54d41a5d req-2fa306a5-696f-428a-8918-815b54d41a5d ] Request (QuotasAdminTestJSON:test_delete_quota): 202 DELETE http://10.180.1.21/compute/v2.1/os-quota-sets/cbc2cf73d1bc4e3fbd6721093f3d2694 2.614s
2024-09-01 11:31:28.279 62616 INFO tempest.lib.common.rest_client [req-cec20010-0801-4ad4-bb07-15bdee7f4d7a req-cec20010-0801-4ad4-bb07-15bdee7f4d7a ] Request (FlavorsExtraSpecsNegativeTestJSON:test_flavor_non_admin_update_specific_key): 200 POST http://10.180.1.21/compute/v2.1/flavors/475275273/os-extra_specs 2.679s
2024-09-01 11:31:28.315 62624 INFO tempest.lib.common.rest_client [req-540588d0-58dd-4000-9548-b92bb9e057f4 req-540588d0-58dd-4000-9548-b92bb9e057f4 ] Request (KeyPairsV22TestJSON:_run_cleanups): 204 DELETE http://10.180.1.21/compute/v2.1/os-keypairs/tempest-keypair-1547580443 2.311s
2024-09-01 11:31:28.356 62640 INFO tempest.lib.common.rest_client [req-e9080d70-13bf-4fe3-859a-0680f3e38808 req-e9080d70-13bf-4fe3-859a-0680f3e38808 ] Request (DeleteServersAdminTestJSON:test_admin_delete_servers_of_others): 200 GET http://10.180.1.21/compute/v2.1/servers/f818fc3c-c027-4922-bfa9-162fd37a89e8 2.390s
2024-09-01 11:31:28.410 62660 INFO tempest.lib.common.rest_client [req-5dad627e-cc11-48c6-882a-702d6ff9a320 req-5dad627e-cc11-48c6-882a-702d6ff9a320 ] Request (SecurityGroupsNegativeTestJSON:test_delete_nonexistent_security_group): 404 DELETE http://10.180.1.21/compute/v2.1/os-security-groups/720168e9-8d8d-4a36-8cbb-359f5b3d9a93 2.063s
2024-09-01 11:31:28.620 62666 INFO tempest.lib.common.rest_client [req-59bdcc8c-96cd-47ca-9e46-6d7b4233102d req-59bdcc8c-96cd-47ca-9e46-6d7b4233102d ] Request (ServersWithSpecificFlavorTestJSON:test_verify_created_server_ephemeral_disk): 200 GET http://10.180.1.21/compute/v2.1/servers/9137e440-c83b-4397-9cf1-064ac8c1dae1 2.271s
2024-09-01 11:31:28.798 62628 INFO tempest.lib.common.rest_client [req-4d5850eb-c4b4-47ec-90b8-99f32875092b req-4d5850eb-c4b4-47ec-90b8-99f32875092b ] Request (ServersTestMultiNic:test_verify_duplicate_network_nics): 200 GET http://10.180.1.21/compute/v2.1/servers/6e340df9-53fc-49c3-ad1b-b3a47819aee4 2.362s
2024-09-01 11:31:28.867 62658 INFO tempest.lib.common.rest_client [req-c4b3f734-5c6f-441a-9fe3-72001a96c60e req-c4b3f734-5c6f-441a-9fe3-72001a96c60e ] Request (ListImageFiltersTestJSON:setUpClass): 200 GET http://10.180.1.21/compute/v2.1/servers/c2f2c8f9-5594-4712-bf2b-d5d5e5943d0c 2.163s
2024-09-01 11:31:29.025 62656 INFO tempest.lib.common.rest_client [req-0fe93091-877c-4fd1-8b19-85ac9991daa4 req-0fe93091-877c-4fd1-8b19-85ac9991daa4 ] Request (FloatingIPDetailsTestJSON:tearDownClass): 202 DELETE http://10.180.1.21/compute/v2.1/os-floating-ips/4d7510c9-5b9b-41c7-82b7-c348681ca308 2.819s
2024-09-01 11:31:29.038 62634 INFO tempest.lib.common.rest_client [req-31312870-69d6-42ce-a9aa-f5f3b4d74234 req-31312870-69d6-42ce-a9aa-f5f3b4d74234 ] Request (VolumesAdminNegativeTest:test_update_attached_volume_with_nonexistent_volume_in_body): 200 GET http://10.180.1.21/compute/v2.1/servers/851e6dce-3def-4266-ac2f-d8eafc3a45ae 2.062s
2024-09-01 11:31:29.085 62620 INFO tempest.lib.common.rest_client [req-294fb50b-e464-4248-ac65-a96b93f7404f req-294fb50b-e464-4248-ac65-a96b93f7404f ] Request (ServersTestBootFromVolume:setUpClass): 200 GET http://10.180.1.21/volume/v3/17e1e2b8d95d4a0fb685ab32cb897619/volumes/c30e3b75-291a-4c8f-a581-8a107220c28c 0.035s
2024-09-01 11:31:29.108 62650 INFO tempest.lib.common.rest_client [req-fd3b5372-5c59-4581-8cf3-0691669a558f req-fd3b5372-5c59-4581-8cf3-0691669a558f ] Request (SecurityGroupRulesNegativeTestJSON:test_create_security_group_rule_with_invalid_to_port): 400 POST http://10.180.1.21/compute/v2.1/os-security-group-rules 2.039s
2024-09-01 11:31:29.375 62653 INFO tempest.lib.common.rest_client [req-e7e1423e-2e08-4730-a7f6-3973b2d1030e req-e7e1423e-2e08-4730-a7f6-3973b2d1030e ] Request (ImagesNegativeTestJSON:test_create_image_from_deleted_server): 200 GET http://10.180.1.21/compute/v2.1/servers/e0198d4d-598e-4011-a6bd-fb3ef8600957 2.161s
2024-09-01 11:31:29.432 62664 INFO tempest.lib.common.rest_client [req-54480ab9-db15-44a7-862f-47e0b01a86ef req-54480ab9-db15-44a7-862f-47e0b01a86ef ] Request (ImagesOneServerNegativeTestJSON:setUpClass): 200 GET http://10.180.1.21/compute/v2.1/servers/c820d9a0-8032-4872-b3ee-c5e82f33957e 1.837s
2024-09-01 11:31:29.605 62638 INFO tempest.lib.common.rest_client [req-5f762a6b-5ffa-476c-9415-5ab78222d7f9 req-5f762a6b-5ffa-476c-9415-5ab78222d7f9 ] Request (VolumesAssistedSnapshotsTest:test_volume_assisted_snapshot_create_delete): 200 GET http://10.180.1.21/compute/v2.1/servers/dae625dd-e574-4a1b-aa06-c8615abcf958 1.975s
2024-09-01 11:31:29.675 62676 INFO tempest.lib.common.rest_client [req-d9c9b95e-7b63-454b-a3bc-22cdfd7c4046 req-d9c9b95e-7b63-454b-a3bc-22cdfd7c4046 ] Request (ServerDiagnosticsTest:tearDownClass): 200 GET http://10.180.1.21/compute/v2.1/servers/01e3b7ab-4a17-43aa-ad0b-b29705ca524f 1.868s
2024-09-01 11:31:29.699 62630 INFO tempest.lib.common.rest_client [req-21f3c74b-abab-4d0a-a290-17c5f7119adf req-21f3c74b-abab-4d0a-a290-17c5f7119adf ] Request (FloatingIPsTestJSON:test_allocate_floating_ip): 200 POST http://10.180.1.21/compute/v2.1/os-floating-ips 2.450s
2024-09-01 11:31:29.727 62662 INFO tempest.lib.common.rest_client [req-feea4a06-82a5-44ff-95cd-8177055d2708 req-feea4a06-82a5-44ff-95cd-8177055d2708 ] Request (ServerRescueTestJSONUnderV235:setUpClass): 200 GET http://10.180.1.21/compute/v2.1/servers/739abc95-d1f2-4236-b1c6-0c6664ec1627 1.806s
2024-09-01 11:31:29.789 62648 INFO tempest.lib.common.rest_client [req-39fd1ddf-269c-4b9f-8eb4-4882a1a3c380 req-39fd1ddf-269c-4b9f-8eb4-4882a1a3c380 ] Request (FlavorsAdminTestJSON:test_create_list_flavor_without_extra_data): 200 GET http://10.180.1.21/compute/v2.1/flavors/detail 1.852s
2024-09-01 11:31:29.911 62672 INFO tempest.lib.common.rest_client [req-16bdf82e-4bf8-4877-b22e-4ae38343af87 req-16bdf82e-4bf8-4877-b22e-4ae38343af87 ] Request (InstanceActionsTestJSON:test_list_instance_actions): 200 GET http://10.180.1.21/compute/v2.1/servers/2a05546a-ddde-45dd-8583-40fea262fada 1.889s
2024-09-01 11:31:29.921 62672 INFO tempest.common.waiters [-] State transition "HARD_REBOOT/rebooting_hard" ==> "ACTIVE/None" after 2 second wait
2024-09-01 11:31:29.967 62647 INFO tempest.lib.common.rest_client [req-2cfd71cc-b751-4914-9722-71ed4ab4d486 req-2cfd71cc-b751-4914-9722-71ed4ab4d486 ] Request (ServerExternalEventsTest:test_create_server_external_events): 200 GET http://10.180.1.21/compute/v2.1/servers/9a1f2edc-630a-40ea-8f17-c2ff26429401 1.734s
2024-09-01 11:31:30.018 62670 INFO tempest.lib.common.rest_client [req-e318133a-1fd3-4a7d-a86c-bcce15649ece req-e318133a-1fd3-4a7d-a86c-bcce15649ece ] Request (FlavorsAccessNegativeTestJSON:_run_cleanups): 200 POST http://10.180.1.21/compute/v2.1/flavors/1628558043/action 1.775s
2024-09-01 11:31:30.060 62642 INFO tempest.lib.common.rest_client [req-a2c8df21-aaf4-439a-8d1e-1adfe45958dc req-a2c8df21-aaf4-439a-8d1e-1adfe45958dc ] Request (KeyPairsNegativeTestJSON:test_keypair_create_with_invalid_pub_key): 400 POST http://10.180.1.21/compute/v2.1/os-keypairs 1.809s
2024-09-01 11:31:30.068 62622 INFO tempest.lib.common.rest_client [req-3a92dc28-fbea-44d5-99e6-645c2b24e69e req-3a92dc28-fbea-44d5-99e6-645c2b24e69e ] Request (AggregatesAdminNegativeTestJSON:test_aggregate_get_details_as_user): 403 GET http://10.180.1.21/compute/v2.1/os-aggregates/6 1.811s
2024-09-01 11:31:30.123 62618 INFO tempest.lib.common.rest_client [req-85dad4a7-bc7b-4a01-a004-692b01db20bd req-85dad4a7-bc7b-4a01-a004-692b01db20bd ] Request (QuotasAdminTestJSON:test_delete_quota): 200 GET http://10.180.1.21/compute/v2.1/os-quota-sets/cbc2cf73d1bc4e3fbd6721093f3d2694 1.852s
2024-09-01 11:31:30.132 62616 INFO tempest.lib.common.rest_client [req-05d03b4d-ae03-4612-8ff9-765861970b34 req-05d03b4d-ae03-4612-8ff9-765861970b34 ] Request (FlavorsExtraSpecsNegativeTestJSON:test_flavor_non_admin_update_specific_key): 403 PUT http://10.180.1.21/compute/v2.1/flavors/475275273/os-extra_specs/hw:numa_nodes 1.851s
2024-09-01 11:31:30.138 62620 INFO tempest.lib.common.rest_client [req-2941dc6e-ea08-4325-af41-17210677847d req-2941dc6e-ea08-4325-af41-17210677847d ] Request (ServersTestBootFromVolume:setUpClass): 200 GET http://10.180.1.21/volume/v3/17e1e2b8d95d4a0fb685ab32cb897619/volumes/c30e3b75-291a-4c8f-a581-8a107220c28c 0.045s
2024-09-01 11:31:30.222 62618 INFO tempest.lib.common.rest_client [req-275159fb-1bfe-41b4-bc85-1f954c4ee2b4 req-275159fb-1bfe-41b4-bc85-1f954c4ee2b4 ] Request (QuotasAdminTestJSON:_run_cleanups): 204 DELETE http://10.180.1.21/identity/v3/projects/cbc2cf73d1bc4e3fbd6721093f3d2694 0.094s
2024-09-01 11:31:30.283 62626 INFO tempest.lib.common.rest_client [req-d29f1f7b-03fe-405f-8d3e-89adfaefa925 req-d29f1f7b-03fe-405f-8d3e-89adfaefa925 ] Request (ServerDiagnosticsV248Test:test_get_server_diagnostics): 200 GET http://10.180.1.21/compute/v2.1/servers/4f542947-7fcd-4a1a-9782-4d0ad5608c68/diagnostics 2.280s
2024-09-01 11:31:30.291 62660 INFO tempest.lib.common.rest_client [req-a1778766-7a14-4da5-b89c-c1a58b58bc51 req-a1778766-7a14-4da5-b89c-c1a58b58bc51 ] Request (SecurityGroupsNegativeTestJSON:test_delete_security_group_without_passing_id): 404 DELETE http://10.180.1.21/compute/v2.1/os-security-groups/ 1.880s
2024-09-01 11:31:30.457 62624 INFO tempest.lib.common.rest_client [req-9f67bcd7-bbf9-4363-84a7-34a9a19d1957 req-9f67bcd7-bbf9-4363-84a7-34a9a19d1957 ] Request (KeyPairsV22TestJSON:test_keypairsv22_create_list_show_with_type): 201 POST http://10.180.1.21/compute/v2.1/os-keypairs 2.140s
2024-09-01 11:31:30.475 62644 INFO tempest.lib.common.rest_client [req-42dc19f4-5397-4b35-b447-9ac27ed787a4 req-42dc19f4-5397-4b35-b447-9ac27ed787a4 ] Request (ServersTestFqdnHostnames:test_create_server_with_fqdn_name): 200 GET http://10.180.1.21/compute/v2.1/servers/108137ca-3be3-4049-b07a-25fd31b48398 2.014s
2024-09-01 11:31:30.510 62674 INFO tempest.lib.common.rest_client [req-be2ad351-39bc-4ceb-907a-983925847611 req-be2ad351-39bc-4ceb-907a-983925847611 ] Request (MigrationsAdminTest:test_list_migrations_in_flavor_resize_situation): 200 GET http://10.180.1.21/compute/v2.1/servers/95a02af2-8840-4651-9d59-60acd2555614 1.988s
2024-09-01 11:31:30.523 62674 INFO tempest.common.waiters [-] State transition "BUILD/scheduling" ==> "BUILD/None" after 3 second wait
2024-09-01 11:31:30.617 62668 INFO tempest.lib.common.rest_client [req-9c926c59-ad34-4670-835d-e279bf838d65 req-9c926c59-ad34-4670-835d-e279bf838d65 ] Request (ImagesTestJSON:test_create_image_from_stopped_server): 200 GET http://10.180.1.21/compute/v2.1/servers/2b94a6df-5b86-4dae-8e80-4adf1b762751 1.626s
2024-09-01 11:31:30.643 62632 INFO tempest.lib.common.rest_client [req-0318dce4-c453-4e57-b38b-ba2f6f4b9469 req-0318dce4-c453-4e57-b38b-ba2f6f4b9469 ] Request (ServersAdminTestJSON:setUpClass): 200 GET http://10.180.1.21/compute/v2.1/servers/b62f874e-3692-464d-9375-0a703dc1d0cd 1.893s
2024-09-01 11:31:30.650 62632 INFO tempest.common.waiters [-] State transition "BUILD/spawning" ==> "ACTIVE/None" after 26 second wait
2024-09-01 11:31:30.666 62650 INFO tempest.lib.common.rest_client [req-98828ba8-2b51-4782-96c3-1039eedf183e req-98828ba8-2b51-4782-96c3-1039eedf183e ] Request (SecurityGroupRulesNegativeTestJSON:test_create_security_group_rule_with_non_existent_id): 404 POST http://10.180.1.21/compute/v2.1/os-security-group-rules 1.556s
2024-09-01 11:31:30.802 62654 INFO tempest.lib.common.rest_client [req-4ede8a43-ba7e-46da-b210-75dc294c2b07 req-4ede8a43-ba7e-46da-b210-75dc294c2b07 ] Request (ServerAddressesTestJSON:setUpClass): 200 GET http://10.180.1.21/compute/v2.1/servers/1d935cb5-c9e2-4d1c-93dd-33213b4eb4ad 1.560s
2024-09-01 11:31:30.808 62654 INFO tempest.common.waiters [-] State transition "BUILD/networking" ==> "BUILD/spawning" after 10 second wait
2024-09-01 11:31:30.823 62640 INFO tempest.lib.common.rest_client [req-fc42e806-00e5-4fdd-9998-903ed03be754 req-fc42e806-00e5-4fdd-9998-903ed03be754 ] Request (DeleteServersAdminTestJSON:test_admin_delete_servers_of_others): 404 GET http://10.180.1.21/compute/v2.1/servers/f818fc3c-c027-4922-bfa9-162fd37a89e8 1.459s
2024-09-01 11:31:30.906 62640 INFO tempest.lib.common.rest_client [req-ac4a444b-aae1-4479-82b0-81d75abb3d4d req-ac4a444b-aae1-4479-82b0-81d75abb3d4d ] Request (DeleteServersAdminTestJSON:test_delete_server_while_in_error_state): 201 POST http://10.180.1.21/identity/v3/auth/tokens 0.075s
2024-09-01 11:31:30.906 62640 INFO tempest.lib.common.fixed_network [-] (DeleteServersAdminTestJSON:test_delete_server_while_in_error_state) Found network None available for tenant
2024-09-01 11:31:30.912 62656 INFO tempest.lib.common.rest_client [req-b7cb9106-26eb-4958-803a-67e3cffb7ed4 req-b7cb9106-26eb-4958-803a-67e3cffb7ed4 ] Request (FloatingIPDetailsTestJSON:tearDownClass): 202 DELETE http://10.180.1.21/compute/v2.1/os-floating-ips/75aa90de-523b-407e-9fbc-e6fc2eee7570 1.887s
2024-09-01 11:31:30.934 62666 INFO tempest.lib.common.rest_client [req-c8c4ddb5-2c15-406d-89af-ed9a253585fc req-c8c4ddb5-2c15-406d-89af-ed9a253585fc ] Request (ServersWithSpecificFlavorTestJSON:test_verify_created_server_ephemeral_disk): 200 GET http://10.180.1.21/compute/v2.1/servers/9137e440-c83b-4397-9cf1-064ac8c1dae1 1.305s
2024-09-01 11:31:30.956 62648 INFO tempest.lib.common.rest_client [req-f3c3fab0-7ad3-42eb-958a-3aef3ce51ece req-f3c3fab0-7ad3-42eb-958a-3aef3ce51ece ] Request (FlavorsAdminTestJSON:_run_cleanups): 202 DELETE http://10.180.1.21/compute/v2.1/flavors/1936325094 1.161s
2024-09-01 11:31:30.985 62630 INFO tempest.lib.common.rest_client [req-c0f616c6-56c7-45f7-b1ca-1df490ccd077 req-c0f616c6-56c7-45f7-b1ca-1df490ccd077 ] Request (FloatingIPsTestJSON:test_allocate_floating_ip): 200 GET http://10.180.1.21/compute/v2.1/os-floating-ips/e9bf63ca-40ab-4865-bc56-dc9f499a8e56 1.281s
2024-09-01 11:31:31.031 62658 INFO tempest.lib.common.rest_client [req-e8f13440-4195-4273-86ad-a0c4397305b5 req-e8f13440-4195-4273-86ad-a0c4397305b5 ] Request (ListImageFiltersTestJSON:setUpClass): 200 GET http://10.180.1.21/compute/v2.1/servers/c2f2c8f9-5594-4712-bf2b-d5d5e5943d0c 1.153s
2024-09-01 11:31:31.037 62658 INFO tempest.common.waiters [-] State transition "BUILD/scheduling" ==> "BUILD/None" after 3 second wait
2024-09-01 11:31:31.061 62672 INFO tempest.lib.common.rest_client [req-6970dfa8-7ab7-4f3e-b3fe-d40391873d14 req-6970dfa8-7ab7-4f3e-b3fe-d40391873d14 ] Request (InstanceActionsTestJSON:test_list_instance_actions): 200 GET http://10.180.1.21/compute/v2.1/servers/2a05546a-ddde-45dd-8583-40fea262fada/os-instance-actions 1.139s
2024-09-01 11:31:31.075 62670 INFO tempest.lib.common.rest_client [req-ac528a5d-9821-4ca2-a53b-509b06f27635 req-ac528a5d-9821-4ca2-a53b-509b06f27635 ] Request (FlavorsAccessNegativeTestJSON:_run_cleanups): 202 DELETE http://10.180.1.21/compute/v2.1/flavors/1628558043 1.055s
2024-09-01 11:31:31.148 62628 INFO tempest.lib.common.rest_client [req-05fa7199-fe3f-4662-a63a-767fdc441eac req-05fa7199-fe3f-4662-a63a-767fdc441eac ] Request (ServersTestMultiNic:test_verify_duplicate_network_nics): 200 GET http://10.180.1.21/compute/v2.1/servers/6e340df9-53fc-49c3-ad1b-b3a47819aee4 1.340s
2024-09-01 11:31:31.163 62642 INFO tempest.lib.common.rest_client [req-4fab76c9-aec3-4d12-9dd3-d19b337f7f7d req-4fab76c9-aec3-4d12-9dd3-d19b337f7f7d ] Request (KeyPairsNegativeTestJSON:test_keypair_delete_nonexistent_key): 404 DELETE http://10.180.1.21/compute/v2.1/os-keypairs/tempest-keypair-non-existent-241864740 1.102s
2024-09-01 11:31:31.188 62620 INFO tempest.lib.common.rest_client [req-17372977-3bc0-439d-9625-3c665d346d94 req-17372977-3bc0-439d-9625-3c665d346d94 ] Request (ServersTestBootFromVolume:setUpClass): 200 GET http://10.180.1.21/volume/v3/17e1e2b8d95d4a0fb685ab32cb897619/volumes/c30e3b75-291a-4c8f-a581-8a107220c28c 0.037s
2024-09-01 11:31:31.197 62622 INFO tempest.lib.common.rest_client [req-3e66db65-fb2c-4cb2-8c9f-64a16c359e0c req-3e66db65-fb2c-4cb2-8c9f-64a16c359e0c ] Request (AggregatesAdminNegativeTestJSON:_run_cleanups): 200 DELETE http://10.180.1.21/compute/v2.1/os-aggregates/6 1.124s
2024-09-01 11:31:31.202 62616 INFO tempest.lib.common.rest_client [req-f81af5ca-bf6c-44c7-bd67-d4a555c4c470 req-f81af5ca-bf6c-44c7-bd67-d4a555c4c470 ] Request (FlavorsExtraSpecsNegativeTestJSON:test_flavor_unset_nonexistent_key): 404 DELETE http://10.180.1.21/compute/v2.1/flavors/475275273/os-extra_specs/hw:cpu_thread_policy 1.068s
2024-09-01 11:31:31.233 62634 INFO tempest.lib.common.rest_client [req-2f5b9da8-7646-44e8-a275-50292ff0bb91 req-2f5b9da8-7646-44e8-a275-50292ff0bb91 ] Request (VolumesAdminNegativeTest:test_update_attached_volume_with_nonexistent_volume_in_body): 200 GET http://10.180.1.21/compute/v2.1/servers/851e6dce-3def-4266-ac2f-d8eafc3a45ae 1.183s
2024-09-01 11:31:31.239 62634 INFO tempest.common.waiters [-] State transition "BUILD/spawning" ==> "ACTIVE/None" after 25 second wait
2024-09-01 11:31:31.325 62642 INFO tempest.lib.common.rest_client [req-227f2792-2ad1-42e5-a845-ee54551df401 req-227f2792-2ad1-42e5-a845-ee54551df401 ] Request (KeyPairsNegativeTestJSON:tearDownClass): 204 DELETE http://10.180.1.21/identity/v3/users/0ac11eb2842040299e6171a18b93a485 0.157s
2024-09-01 11:31:31.326 62642 INFO tempest.lib.common.dynamic_creds [-] Deleting project and security group for project: c1debc71242048d8a223fcaa1ff0fdf7
2024-09-01 11:31:31.369 62618 INFO tempest.lib.common.rest_client [req-47deac7f-69cb-4523-81a0-26cff393cebd req-47deac7f-69cb-4523-81a0-26cff393cebd ] Request (QuotasAdminTestJSON:test_get_default_quotas): 200 GET http://10.180.1.21/compute/v2.1/os-quota-sets/48a46db5f7df4509aaa818dcf5b8bb13/defaults 1.146s
