2024-09-01 11:31:48.830 62644 WARNING tempest.lib.common.ssh [-] Failed to establish authenticated ssh connection to cirros@10.180.180.240 ([Errno None] Unable to connect to port 22 on 10.180.180.240). Number attempts: 2. Retry after 3 seconds.: paramiko.ssh_exception.NoValidConnectionsError: [Errno None] Unable to connect to port 22 on 10.180.180.240
2024-09-01 11:31:48.850 62630 INFO tempest.lib.common.rest_client [req-b585d678-f520-4497-93fb-d61cb02afae1 req-b585d678-f520-4497-93fb-d61cb02afae1 ] Request (ImagesMetadataTestJSON:setUpClass): 201 POST http://10.180.1.21/identity/v3/auth/tokens 0.031s
2024-09-01 11:31:48.880 62622 INFO tempest.lib.common.rest_client [req-022697d2-8bf0-4af8-a569-aea086a24e2c req-022697d2-8bf0-4af8-a569-aea086a24e2c ] Request (AggregatesAdminNegativeTestJSON:tearDownClass): 204 DELETE http://10.180.1.21:9696/networking/v2.0/security-groups/27f0e511-72e9-445b-9f57-e3ebe74a4988 0.136s
2024-09-01 11:31:48.884 62630 INFO tempest.lib.common.rest_client [req-e1d6c685-5d7d-4a0a-b0cf-a95f33cbe195 req-e1d6c685-5d7d-4a0a-b0cf-a95f33cbe195 ] Request (ImagesMetadataTestJSON:setUpClass): 200 GET http://10.180.1.21/identity/v3/domains?name=Default 0.033s
2024-09-01 11:31:48.893 62658 INFO tempest.lib.common.rest_client [req-31aedce1-190c-4756-af11-8a53c3e9169c req-31aedce1-190c-4756-af11-8a53c3e9169c ] Request (ListImageFiltersTestJSON:setUpClass): 200 GET http://10.180.1.21/compute/v2.1/servers/c2f2c8f9-5594-4712-bf2b-d5d5e5943d0c 1.719s
2024-09-01 11:31:48.915 62630 INFO tempest.lib.common.rest_client [req-9c38492d-7f91-4a6e-a977-38b9f1783e2c req-9c38492d-7f91-4a6e-a977-38b9f1783e2c ] Request (ImagesMetadataTestJSON:setUpClass): 201 POST http://10.180.1.21/identity/v3/projects 0.030s
2024-09-01 11:31:48.923 62670 INFO tempest.lib.common.rest_client [req-2584ec83-12ca-4a9e-8548-cfcf9dbaf275 req-2584ec83-12ca-4a9e-8548-cfcf9dbaf275 ] Request (AttachInterfacesV270Test:setUpClass): 201 POST http://10.180.1.21:9696/networking/v2.0/routers 3.354s
2024-09-01 11:31:48.956 62622 INFO tempest.lib.common.rest_client [req-406ec52f-904c-49a5-b00d-d9981cad619b req-406ec52f-904c-49a5-b00d-d9981cad619b ] Request (AggregatesAdminNegativeTestJSON:tearDownClass): 204 DELETE http://10.180.1.21/identity/v3/projects/5d45b4696431491b9a99cb8636495db2 0.075s
2024-09-01 11:31:48.998 62672 INFO tempest.lib.common.rest_client [req-f43edd47-5359-4cf4-830c-44ebb311d833 req-f43edd47-5359-4cf4-830c-44ebb311d833 ] Request (InstanceActionsTestJSON:tearDownClass): 200 GET http://10.180.1.21/compute/v2.1/servers/2a05546a-ddde-45dd-8583-40fea262fada 1.018s
2024-09-01 11:31:49.032 62622 INFO tempest.lib.common.rest_client [req-c873c2b2-c228-420d-bb85-12af89191f8c req-c873c2b2-c228-420d-bb85-12af89191f8c ] Request (ServersAdmin275Test:setUpClass): 201 POST http://10.180.1.21/identity/v3/auth/tokens 0.075s
2024-09-01 11:31:49.035 62668 INFO tempest.lib.common.rest_client [req-d1fc3bdd-a78f-4d8e-b669-b879c1e37843 req-d1fc3bdd-a78f-4d8e-b669-b879c1e37843 ] Request (ImagesTestJSON:test_create_image_from_stopped_server): 200 GET http://10.180.1.21/compute/v2.1/images/5dac29a8-279c-4783-b857-59402fc3dd6e 0.878s
2024-09-01 11:31:49.043 62630 INFO tempest.lib.common.rest_client [req-a6e4fdc1-09c9-4d06-ba91-01e16a1a2f3d req-a6e4fdc1-09c9-4d06-ba91-01e16a1a2f3d ] Request (ImagesMetadataTestJSON:setUpClass): 201 POST http://10.180.1.21/identity/v3/users 0.127s
2024-09-01 11:31:49.055 62676 INFO tempest.lib.common.rest_client [req-039ea2d9-dbf5-4b08-a0b7-9ae92776b7fa req-039ea2d9-dbf5-4b08-a0b7-9ae92776b7fa ] Request (ServicesAdminNegativeV253TestJSON:test_get_service_with_valid_service_and_invalid_host): 200 GET http://10.180.1.21/compute/v2.1/os-services 0.872s
2024-09-01 11:31:49.065 62630 INFO tempest.lib.common.rest_client [req-dc3fcf74-7dd0-4579-8069-13f006847e4a req-dc3fcf74-7dd0-4579-8069-13f006847e4a ] Request (ImagesMetadataTestJSON:setUpClass): 200 GET http://10.180.1.21/identity/v3/roles 0.022s
2024-09-01 11:31:49.066 62622 INFO tempest.lib.common.rest_client [req-be94bdb3-c17c-4c2f-8506-bf9ff1067077 req-be94bdb3-c17c-4c2f-8506-bf9ff1067077 ] Request (ServersAdmin275Test:setUpClass): 201 POST http://10.180.1.21/identity/v3/auth/tokens 0.031s
2024-09-01 11:31:49.072 62648 INFO tempest.lib.common.rest_client [req-6d382f14-4393-495a-a260-6de5fc12e7fb req-6d382f14-4393-495a-a260-6de5fc12e7fb ] Request (FlavorsAdminTestJSON:test_is_public_string_variations): 200 GET http://10.180.1.21/compute/v2.1/flavors/detail?is_public=true 0.870s
2024-09-01 11:31:49.080 62618 INFO tempest.lib.common.rest_client [req-d6634c49-be94-4b08-9cab-8d1f6789ffd5 req-d6634c49-be94-4b08-9cab-8d1f6789ffd5 ] Request (MultipleCreateNegativeTestJSON:test_max_count_less_than_one): 400 POST http://10.180.1.21/compute/v2.1/servers 0.688s
2024-09-01 11:31:49.105 62622 INFO tempest.lib.common.rest_client [req-5ad2f9eb-56bb-4cc1-b711-d876df497148 req-5ad2f9eb-56bb-4cc1-b711-d876df497148 ] Request (ServersAdmin275Test:setUpClass): 200 GET http://10.180.1.21/identity/v3/domains?name=Default 0.038s
2024-09-01 11:31:49.140 62630 INFO tempest.lib.common.rest_client [req-d1011bae-39b5-401b-aa1d-54bf50bc23f7 req-d1011bae-39b5-401b-aa1d-54bf50bc23f7 ] Request (ImagesMetadataTestJSON:setUpClass): 204 PUT http://10.180.1.21/identity/v3/projects/1b695269ed13458b9b60e6034de1a48d/users/a1a3191983f840c7be575732ab886b02/roles/cb1e684d36fc4c94ba97ac6da61c7010 0.074s
2024-09-01 11:31:49.140 62630 INFO tempest.lib.common.dynamic_creds [-] Dynamic test user a1a3191983f840c7be575732ab886b02 is created with scope project and roles: ['member']
2024-09-01 11:31:49.140 62630 INFO tempest.lib.common.dynamic_creds [-] Acquired dynamic creds: credentials: Credentials: {'domain_id': 'default', 'domain_name': 'Default', 'username': 'tempest-ImagesMetadataTestJSON-596471463-project-member', 'project_domain_id': 'default', 'project_domain_name': 'Default', 'project_id': '1b695269ed13458b9b60e6034de1a48d', 'project_name': 'tempest-ImagesMetadataTestJSON-596471463', 'tenant_id': '1b695269ed13458b9b60e6034de1a48d', 'tenant_name': 'tempest-ImagesMetadataTestJSON-596471463', 'user_domain_id': 'default', 'user_domain_name': 'Default', 'user_id': 'a1a3191983f840c7be575732ab886b02', 'system': None}, Network: None, Subnet: None, Router: None
2024-09-01 11:31:49.140 62624 INFO tempest.lib.common.rest_client [req-d8ece4b5-a13a-4fc6-93e5-b9da9afc12e2 req-d8ece4b5-a13a-4fc6-93e5-b9da9afc12e2 ] Request (ServerActionsV293TestJSON:setUpClass): 201 POST http://10.180.1.21:9696/networking/v2.0/security-group-rules 0.621s
2024-09-01 11:31:49.141 62630 INFO tempest.lib.common.dynamic_creds [-] Created isolated network resources for: credentials: Credentials: {'domain_id': 'default', 'domain_name': 'Default', 'username': 'tempest-ImagesMetadataTestJSON-596471463-project-member', 'project_domain_id': 'default', 'project_domain_name': 'Default', 'project_id': '1b695269ed13458b9b60e6034de1a48d', 'project_name': 'tempest-ImagesMetadataTestJSON-596471463', 'tenant_id': '1b695269ed13458b9b60e6034de1a48d', 'tenant_name': 'tempest-ImagesMetadataTestJSON-596471463', 'user_domain_id': 'default', 'user_domain_name': 'Default', 'user_id': 'a1a3191983f840c7be575732ab886b02', 'system': None}, Network: None, Subnet: None, Router: None
2024-09-01 11:31:49.187 62618 INFO tempest.lib.common.rest_client [req-b32bb3e7-98ba-441b-85d3-bcb981973854 req-b32bb3e7-98ba-441b-85d3-bcb981973854 ] Request (MultipleCreateNegativeTestJSON:test_max_count_non_integer): 201 POST http://10.180.1.21/identity/v3/auth/tokens 0.101s
2024-09-01 11:31:49.188 62618 INFO tempest.lib.common.fixed_network [-] (MultipleCreateNegativeTestJSON:test_max_count_non_integer) Found network None available for tenant
2024-09-01 11:31:49.213 62628 INFO tempest.lib.common.rest_client [req-57daf278-5b5e-4c4b-9b91-4c255fe63c0f req-57daf278-5b5e-4c4b-9b91-4c255fe63c0f ] Request (ServersTestMultiNic:_run_cleanups): 200 GET http://10.180.1.21/compute/v2.1/servers/6e340df9-53fc-49c3-ad1b-b3a47819aee4 0.804s
2024-09-01 11:31:49.229 62622 INFO tempest.lib.common.rest_client [req-26be5c56-3c33-4495-9957-ce66bc074902 req-26be5c56-3c33-4495-9957-ce66bc074902 ] Request (ServersAdmin275Test:setUpClass): 201 POST http://10.180.1.21/identity/v3/projects 0.123s
2024-09-01 11:31:49.286 62630 INFO tempest.lib.common.rest_client [req-bdac0e4c-82ab-42de-9d69-3800b7ad6021 req-bdac0e4c-82ab-42de-9d69-3800b7ad6021 ] Request (ImagesMetadataTestJSON:setUpClass): 201 POST http://10.180.1.21/identity/v3/auth/tokens 0.142s
2024-09-01 11:31:49.315 62622 INFO tempest.lib.common.rest_client [req-32fbad8c-2dac-46fd-bd47-0d6fa1403a4a req-32fbad8c-2dac-46fd-bd47-0d6fa1403a4a ] Request (ServersAdmin275Test:setUpClass): 201 POST http://10.180.1.21/identity/v3/users 0.086s
2024-09-01 11:31:49.338 62656 INFO tempest.lib.common.rest_client [req-6cca93f8-e0a9-46a1-8f7f-ba329ff535fd req-6cca93f8-e0a9-46a1-8f7f-ba329ff535fd ] Request (AttachInterfacesTestJSON:test_create_list_show_delete_interfaces_by_fixed_ip): 202 POST http://10.180.1.21/compute/v2.1/servers 2.016s
2024-09-01 11:31:49.356 62622 INFO tempest.lib.common.rest_client [req-8cf56e3c-e4e3-4832-bc93-e8b6f479c69b req-8cf56e3c-e4e3-4832-bc93-e8b6f479c69b ] Request (ServersAdmin275Test:setUpClass): 200 GET http://10.180.1.21/identity/v3/roles 0.040s
2024-09-01 11:31:49.396 62622 INFO tempest.lib.common.rest_client [req-baad688a-8ce2-4a2f-af36-37f7ffea5d4b req-baad688a-8ce2-4a2f-af36-37f7ffea5d4b ] Request (ServersAdmin275Test:setUpClass): 204 PUT http://10.180.1.21/identity/v3/projects/ec1a8a48eeb34447a7bd4313c59e93e4/users/78023ca1604e4ea68ce139b1c4231200/roles/cb1e684d36fc4c94ba97ac6da61c7010 0.039s
2024-09-01 11:31:49.396 62622 INFO tempest.lib.common.dynamic_creds [-] Dynamic test user 78023ca1604e4ea68ce139b1c4231200 is created with scope project and roles: ['member']
2024-09-01 11:31:49.396 62622 INFO tempest.lib.common.dynamic_creds [-] Acquired dynamic creds: credentials: Credentials: {'domain_id': 'default', 'domain_name': 'Default', 'username': 'tempest-ServersAdmin275Test-1023283150-project-member', 'project_domain_id': 'default', 'project_domain_name': 'Default', 'project_id': 'ec1a8a48eeb34447a7bd4313c59e93e4', 'project_name': 'tempest-ServersAdmin275Test-1023283150', 'tenant_id': 'ec1a8a48eeb34447a7bd4313c59e93e4', 'tenant_name': 'tempest-ServersAdmin275Test-1023283150', 'user_domain_id': 'default', 'user_domain_name': 'Default', 'user_id': '78023ca1604e4ea68ce139b1c4231200', 'system': None}, Network: None, Subnet: None, Router: None
2024-09-01 11:31:49.396 62622 INFO tempest.lib.common.dynamic_creds [-] Created isolated network resources for: credentials: Credentials: {'domain_id': 'default', 'domain_name': 'Default', 'username': 'tempest-ServersAdmin275Test-1023283150-project-member', 'project_domain_id': 'default', 'project_domain_name': 'Default', 'project_id': 'ec1a8a48eeb34447a7bd4313c59e93e4', 'project_name': 'tempest-ServersAdmin275Test-1023283150', 'tenant_id': 'ec1a8a48eeb34447a7bd4313c59e93e4', 'tenant_name': 'tempest-ServersAdmin275Test-1023283150', 'user_domain_id': 'default', 'user_domain_name': 'Default', 'user_id': '78023ca1604e4ea68ce139b1c4231200', 'system': None}, Network: None, Subnet: None, Router: None
2024-09-01 11:31:49.453 62647 INFO tempest.lib.common.rest_client [req-8827b501-4b72-44f3-b371-eadc02197a84 req-8827b501-4b72-44f3-b371-eadc02197a84 ] Request (ServerExternalEventsTest:test_create_server_external_events): 200 GET http://10.180.1.21/compute/v2.1/servers/9a1f2edc-630a-40ea-8f17-c2ff26429401 0.871s
2024-09-01 11:31:49.471 62647 INFO tempest.common.waiters [-] State transition "BUILD/None" ==> "BUILD/networking" after 20 second wait
2024-09-01 11:31:49.539 62622 INFO tempest.lib.common.rest_client [req-8f618d74-f9c5-46aa-84bc-da59d4eadf4d req-8f618d74-f9c5-46aa-84bc-da59d4eadf4d ] Request (ServersAdmin275Test:setUpClass): 201 POST http://10.180.1.21/identity/v3/auth/tokens 0.140s
2024-09-01 11:31:49.594 62650 INFO tempest.lib.common.rest_client [req-1e6dcd36-f305-49a0-a3c8-3992737b52f0 req-1e6dcd36-f305-49a0-a3c8-3992737b52f0 ] Request (InstanceActionsV221TestJSON:setUpClass): 201 POST http://10.180.1.21:9696/networking/v2.0/subnets 0.908s
2024-09-01 11:31:49.609 62653 INFO tempest.lib.common.rest_client [req-fdce5cd0-785b-4ba9-ab6b-9f7fa6300195 req-fdce5cd0-785b-4ba9-ab6b-9f7fa6300195 ] Request (ImagesNegativeTestJSON:test_create_image_from_deleted_server): 200 GET http://10.180.1.21/compute/v2.1/servers/e0198d4d-598e-4011-a6bd-fb3ef8600957 0.956s
2024-09-01 11:31:49.650 62622 INFO tempest.lib.common.rest_client [req-8646c323-0620-4555-994d-267880e10211 req-8646c323-0620-4555-994d-267880e10211 ] Request (ServersAdmin275Test:setUpClass): 201 POST http://10.180.1.21/identity/v3/projects 0.110s
2024-09-01 11:31:49.719 62616 INFO tempest.lib.common.rest_client [req-ed58a9ed-ecd6-4b8f-808d-65872d09320c req-ed58a9ed-ecd6-4b8f-808d-65872d09320c ] Request (ServersV294TestFqdnHostnames:setUpClass): 200 PUT http://10.180.1.21:9696/networking/v2.0/routers/7ce3768f-c9de-4531-96b0-2e756bf6a373/add_router_interface 4.778s
2024-09-01 11:31:49.720 62616 INFO tempest.lib.common.dynamic_creds [-] Created isolated network resources for: credentials: Credentials: {'domain_id': 'default', 'domain_name': 'Default', 'username': 'tempest-ServersV294TestFqdnHostnames-2130183261-project-member', 'project_domain_id': 'default', 'project_domain_name': 'Default', 'project_id': '2826d51d5de944ab879a6cf5d0f1e857', 'project_name': 'tempest-ServersV294TestFqdnHostnames-2130183261', 'tenant_id': '2826d51d5de944ab879a6cf5d0f1e857', 'tenant_name': 'tempest-ServersV294TestFqdnHostnames-2130183261', 'user_domain_id': 'default', 'user_domain_name': 'Default', 'user_id': 'fdf3ee2a72414c0988cc3b7bdb93e8a8', 'system': None}, Network: {'id': 'dfe09ed2-a69e-46f3-a22f-d97f939b54d4', 'name': 'tempest-ServersV294TestFqdnHostnames-630038429-network', 'tenant_id': '2826d51d5de944ab879a6cf5d0f1e857', 'admin_state_up': True, 'mtu': 8950, 'status': 'ACTIVE', 'subnets': [], 'shared': False, 'project_id': '2826d51d5de944ab879a6cf5d0f1e857', 'port_security_enabled': True, 'router:external': False, 'provider:network_type': 'vlan', 'provider:physical_network': 'default', 'provider:segmentation_id': 750, 'is_default': False, 'availability_zone_hints': [], 'availability_zones': [], 'ipv4_address_scope': None, 'ipv6_address_scope': None, 'description': '', 'tags': [], 'created_at': '2024-09-01T11:31:40Z', 'updated_at': '2024-09-01T11:31:40Z', 'revision_number': 1}, Subnet: {'id': 'c7cd8c35-9979-48ca-a1e3-270a9b634083', 'name': 'tempest-ServersV294TestFqdnHostnames-630038429-subnet', 'tenant_id': '2826d51d5de944ab879a6cf5d0f1e857', 'network_id': 'dfe09ed2-a69e-46f3-a22f-d97f939b54d4', 'ip_version': 4, 'subnetpool_id': None, 'enable_dhcp': True, 'ipv6_ra_mode': None, 'ipv6_address_mode': None, 'gateway_ip': '192.168.128.1', 'cidr': '192.168.128.0/28', 'allocation_pools': [{'start': '192.168.128.2', 'end': '192.168.128.14'}], 'host_routes': [], 'dns_nameservers': [], 'description': '', 'router:external': False, 'service_types': [], 'tags': [], 'created_at': '2024-09-01T11:31:41Z', 'updated_at': '2024-09-01T11:31:41Z', 'revision_number': 0, 'project_id': '2826d51d5de944ab879a6cf5d0f1e857'}, Router: {'id': '7ce3768f-c9de-4531-96b0-2e756bf6a373', 'name': 'tempest-ServersV294TestFqdnHostnames-630038429-router', 'tenant_id': '2826d51d5de944ab879a6cf5d0f1e857', 'admin_state_up': True, 'status': 'ACTIVE', 'external_gateway_info': {'network_id': 'e79a0a4d-b5dd-4852-84d1-f6041dd4250d', 'external_fixed_ips': [{'subnet_id': '4dbf51f2-71a8-4a33-a8e5-8a22d4dda4f3', 'ip_address': '10.180.180.185'}], 'enable_snat': True}, 'description': '', 'availability_zones': [], 'distributed': False, 'ha': False, 'availability_zone_hints': [], 'routes': [], 'flavor_id': None, 'tags': [], 'created_at': '2024-09-01T11:31:41Z', 'updated_at': '2024-09-01T11:31:43Z', 'revision_number': 2, 'project_id': '2826d51d5de944ab879a6cf5d0f1e857'}
2024-09-01 11:31:49.725 62622 INFO tempest.lib.common.rest_client [req-862b9516-5f4b-43af-9ec2-bd076b34f4cc req-862b9516-5f4b-43af-9ec2-bd076b34f4cc ] Request (ServersAdmin275Test:setUpClass): 201 POST http://10.180.1.21/identity/v3/users 0.074s
2024-09-01 11:31:49.749 62622 INFO tempest.lib.common.rest_client [req-38fac740-e428-4e8b-9ce8-22aaf5b28ee2 req-38fac740-e428-4e8b-9ce8-22aaf5b28ee2 ] Request (ServersAdmin275Test:setUpClass): 200 GET http://10.180.1.21/identity/v3/roles 0.024s
2024-09-01 11:31:49.755 62630 INFO tempest.lib.common.rest_client [req-84c33583-20b6-42a1-89a4-f2e641e49cf8 req-84c33583-20b6-42a1-89a4-f2e641e49cf8 ] Request (ImagesMetadataTestJSON:setUpClass): 201 POST http://10.180.1.21/image/v2/images 0.469s
2024-09-01 11:31:49.784 62622 INFO tempest.lib.common.rest_client [req-050f701e-6fdf-4f3b-99e2-170af2b51e3e req-050f701e-6fdf-4f3b-99e2-170af2b51e3e ] Request (ServersAdmin275Test:setUpClass): 204 PUT http://10.180.1.21/identity/v3/projects/f20e19bead70447dbbe29ea5484a8b4a/users/6926cd6422bd47f0a525079ef8473e34/roles/bc7e71c8f5dd498eaec1db3afd14f7d1 0.034s
2024-09-01 11:31:49.815 62616 INFO tempest.lib.common.rest_client [req-ec3727c8-b04c-439a-897c-a71b1981fb48 req-ec3727c8-b04c-439a-897c-a71b1981fb48 ] Request (ServersV294TestFqdnHostnames:setUpClass): 201 POST http://10.180.1.21/identity/v3/auth/tokens 0.090s
2024-09-01 11:31:49.824 62662 INFO tempest.lib.common.rest_client [req-a8035f1f-3716-484d-8687-ba1218718b48 req-a8035f1f-3716-484d-8687-ba1218718b48 ] Request (ServerRescueTestJSONUnderV235:setUpClass): 200 GET http://10.180.1.21/compute/v2.1/servers/739abc95-d1f2-4236-b1c6-0c6664ec1627 1.322s
2024-09-01 11:31:49.834 62662 INFO tempest.common.waiters [-] State transition "BUILD/networking" ==> "BUILD/spawning" after 20 second wait
2024-09-01 11:31:49.873 62622 INFO tempest.lib.common.rest_client [req-c4f76eed-4802-41d9-aded-ffbde5f9d5bd req-c4f76eed-4802-41d9-aded-ffbde5f9d5bd ] Request (ServersAdmin275Test:setUpClass): 200 GET http://10.180.1.21/identity/v3/roles 0.088s
2024-09-01 11:31:49.893 62622 INFO tempest.lib.common.rest_client [req-bf096d11-3333-489d-b8c1-6a4b233d78ec req-bf096d11-3333-489d-b8c1-6a4b233d78ec ] Request (ServersAdmin275Test:setUpClass): 204 PUT http://10.180.1.21/identity/v3/projects/f20e19bead70447dbbe29ea5484a8b4a/users/6926cd6422bd47f0a525079ef8473e34/roles/bc7e71c8f5dd498eaec1db3afd14f7d1 0.020s
2024-09-01 11:31:49.894 62622 INFO tempest.lib.common.dynamic_creds [-] Dynamic test user 6926cd6422bd47f0a525079ef8473e34 is created with scope project and roles: ['admin']
2024-09-01 11:31:49.894 62622 INFO tempest.lib.common.dynamic_creds [-] Acquired dynamic creds: credentials: Credentials: {'domain_id': 'default', 'domain_name': 'Default', 'username': 'tempest-ServersAdmin275Test-957630774-project-admin', 'project_domain_id': 'default', 'project_domain_name': 'Default', 'project_id': 'f20e19bead70447dbbe29ea5484a8b4a', 'project_name': 'tempest-ServersAdmin275Test-957630774', 'tenant_id': 'f20e19bead70447dbbe29ea5484a8b4a', 'tenant_name': 'tempest-ServersAdmin275Test-957630774', 'user_domain_id': 'default', 'user_domain_name': 'Default', 'user_id': '6926cd6422bd47f0a525079ef8473e34', 'system': None}, Network: None, Subnet: None, Router: None
2024-09-01 11:31:49.894 62622 INFO tempest.lib.common.dynamic_creds [-] Created isolated network resources for: credentials: Credentials: {'domain_id': 'default', 'domain_name': 'Default', 'username': 'tempest-ServersAdmin275Test-957630774-project-admin', 'project_domain_id': 'default', 'project_domain_name': 'Default', 'project_id': 'f20e19bead70447dbbe29ea5484a8b4a', 'project_name': 'tempest-ServersAdmin275Test-957630774', 'tenant_id': 'f20e19bead70447dbbe29ea5484a8b4a', 'tenant_name': 'tempest-ServersAdmin275Test-957630774', 'user_domain_id': 'default', 'user_domain_name': 'Default', 'user_id': '6926cd6422bd47f0a525079ef8473e34', 'system': None}, Network: None, Subnet: None, Router: None
2024-09-01 11:31:49.917 62632 INFO tempest.lib.common.rest_client [req-02c8a615-7bb8-4759-a940-d9d4882f7c70 req-02c8a615-7bb8-4759-a940-d9d4882f7c70 ] Request (ServersAdminTestJSON:test_create_server_with_scheduling_hint): 200 GET http://10.180.1.21/compute/v2.1/servers/90a9e8d3-b94f-400e-9e4c-f39ff0679f2e 1.192s
2024-09-01 11:31:49.998 62622 INFO tempest.lib.common.rest_client [req-a78bf63f-7214-4507-8338-e96f660cdfde req-a78bf63f-7214-4507-8338-e96f660cdfde ] Request (ServersAdmin275Test:setUpClass): 201 POST http://10.180.1.21/identity/v3/auth/tokens 0.100s
2024-09-01 11:31:50.001 62626 INFO tempest.lib.common.rest_client [req-7644af11-16d4-4085-a021-baf4c71d8eed req-7644af11-16d4-4085-a021-baf4c71d8eed ] Request (ServerDiagnosticsV248Test:tearDownClass): 200 GET http://10.180.1.21/compute/v2.1/servers/4f542947-7fcd-4a1a-9782-4d0ad5608c68 1.200s
2024-09-01 11:31:50.064 62622 INFO tempest.lib.common.rest_client [req-f46476c9-5db4-4b5f-a0e2-d823a6129b85 req-f46476c9-5db4-4b5f-a0e2-d823a6129b85 ] Request (ServersAdmin275Test:test_rebuild_update_server_275): 201 POST http://10.180.1.21/identity/v3/auth/tokens 0.061s
2024-09-01 11:31:50.064 62622 INFO tempest.lib.common.fixed_network [-] (ServersAdmin275Test:test_rebuild_update_server_275) Found network None available for tenant
2024-09-01 11:31:50.077 62620 INFO tempest.lib.common.rest_client [req-de7317f8-f225-4857-8b12-e05920f18929 req-de7317f8-f225-4857-8b12-e05920f18929 ] Request (ServersTestBootFromVolume:setUpClass): 200 GET http://10.180.1.21/compute/v2.1/servers/20088876-4004-4c5c-8bf1-ebad77343074 1.215s
2024-09-01 11:31:50.084 62620 INFO tempest.common.waiters [-] State transition "BUILD/scheduling" ==> "BUILD/None" after 3 second wait
2024-09-01 11:31:50.244 62664 INFO tempest.lib.common.rest_client [req-8d209eae-831c-4aa6-997e-896ab186ff32 req-8d209eae-831c-4aa6-997e-896ab186ff32 ] Request (ImagesOneServerNegativeTestJSON:setUpClass): 200 GET http://10.180.1.21/compute/v2.1/servers/c820d9a0-8032-4872-b3ee-c5e82f33957e 1.255s
2024-09-01 11:31:50.265 62676 INFO tempest.lib.common.rest_client [req-0575dc10-f548-4843-aee0-7fc633519925 req-0575dc10-f548-4843-aee0-7fc633519925 ] Request (ServicesAdminNegativeV253TestJSON:test_get_service_with_valid_service_and_invalid_host): 200 GET http://10.180.1.21/compute/v2.1/os-services?host=xxx&binary=nova-scheduler 1.207s
2024-09-01 11:31:50.284 62648 INFO tempest.lib.common.rest_client [req-52fed69c-975e-41f1-ad48-2b5dcc0214cc req-52fed69c-975e-41f1-ad48-2b5dcc0214cc ] Request (FlavorsAdminTestJSON:test_is_public_string_variations): 200 GET http://10.180.1.21/compute/v2.1/flavors/detail?is_public=yes 1.206s
2024-09-01 11:31:50.439 62674 INFO tempest.lib.common.rest_client [req-ba31d615-c047-47aa-8297-d295b3b3c12f req-ba31d615-c047-47aa-8297-d295b3b3c12f ] Request (MigrationsAdminTest:test_list_migrations_in_flavor_resize_situation): 200 GET http://10.180.1.21/compute/v2.1/servers/95a02af2-8840-4651-9d59-60acd2555614 1.278s
2024-09-01 11:31:50.448 62618 INFO tempest.lib.common.rest_client [req-1123e9f2-f59d-4a6b-ae9e-3fd11554cce3 req-1123e9f2-f59d-4a6b-ae9e-3fd11554cce3 ] Request (MultipleCreateNegativeTestJSON:test_max_count_non_integer): 400 POST http://10.180.1.21/compute/v2.1/servers 1.259s
2024-09-01 11:31:50.514 62630 INFO tempest.lib.common.rest_client [req-f67d9c06-620b-4e0a-bc66-b5a6a600665b req-f67d9c06-620b-4e0a-bc66-b5a6a600665b ] Request (ImagesMetadataTestJSON:setUpClass): 204 PUT http://10.180.1.21/image/v2/images/025e968f-98e1-464c-9668-2ab2e69aa775/file 0.758s
2024-09-01 11:31:50.518 62618 INFO tempest.lib.common.rest_client [req-49b425f8-f9f5-4718-8d64-92ae35897bfe req-49b425f8-f9f5-4718-8d64-92ae35897bfe ] Request (MultipleCreateNegativeTestJSON:test_min_count_less_than_one): 201 POST http://10.180.1.21/identity/v3/auth/tokens 0.063s
2024-09-01 11:31:50.518 62618 INFO tempest.lib.common.fixed_network [-] (MultipleCreateNegativeTestJSON:test_min_count_less_than_one) Found network None available for tenant
2024-09-01 11:31:50.527 62656 INFO tempest.lib.common.rest_client [req-6db61606-f3bf-4855-a6fb-65d01df4a3f2 req-6db61606-f3bf-4855-a6fb-65d01df4a3f2 ] Request (AttachInterfacesTestJSON:test_create_list_show_delete_interfaces_by_fixed_ip): 200 GET http://10.180.1.21/compute/v2.1/servers/f178a1b4-b12d-41b6-a2f0-0fdb6a47e7c8 1.184s
2024-09-01 11:31:50.558 62666 WARNING tempest.lib.common.ssh [-] Failed to establish authenticated ssh connection to cirros@10.180.180.214 ([Errno None] Unable to connect to port 22 on 10.180.180.214). Number attempts: 2. Retry after 3 seconds.: paramiko.ssh_exception.NoValidConnectionsError: [Errno None] Unable to connect to port 22 on 10.180.180.214
2024-09-01 11:31:50.579 62654 INFO tempest.lib.common.rest_client [req-dd1c403a-b76f-4315-a9b5-1036043a9d41 req-dd1c403a-b76f-4315-a9b5-1036043a9d41 ] Request (ServerAddressesTestJSON:tearDownClass): 200 GET http://10.180.1.21/compute/v2.1/servers/1d935cb5-c9e2-4d1c-93dd-33213b4eb4ad 1.138s
2024-09-01 11:31:50.650 62640 INFO tempest.lib.common.rest_client [req-9c25f3f9-232d-43d6-9f95-56e06008bbcd req-9c25f3f9-232d-43d6-9f95-56e06008bbcd ] Request (DeleteServersAdminTestJSON:test_delete_server_while_in_error_state): 200 GET http://10.180.1.21/compute/v2.1/servers/a4b2a1aa-e251-4ec7-b555-15ffa36b8d77 0.880s
2024-09-01 11:31:50.737 62642 INFO tempest.lib.common.rest_client [req-4ce0e37f-5bed-4c2b-89b5-bdfd61134cf7 req-4ce0e37f-5bed-4c2b-89b5-bdfd61134cf7 ] Request (SecurityGroupRulesTestJSON:test_security_group_rules_create_with_optional_group_id): 200 POST http://10.180.1.21/compute/v2.1/os-security-group-rules 2.039s
2024-09-01 11:31:50.739 62642 WARNING tempest.lib.common.rest_client [-] Deprecated: "tenant_id" property is deprecated for removal, use "project_id" instead
2024-09-01 11:31:50.815 62616 INFO tempest.lib.common.rest_client [req-756a9b07-09be-47d0-be85-79359f27e2f7 req-756a9b07-09be-47d0-be85-79359f27e2f7 ] Request (ServersV294TestFqdnHostnames:setUpClass): 201 POST http://10.180.1.21/compute/v2.1/os-keypairs 0.998s
2024-09-01 11:31:50.889 62672 INFO tempest.lib.common.rest_client [req-d8ad5d8b-7804-4629-a3be-10f5953392da req-d8ad5d8b-7804-4629-a3be-10f5953392da ] Request (InstanceActionsTestJSON:tearDownClass): 200 GET http://10.180.1.21/compute/v2.1/servers/2a05546a-ddde-45dd-8583-40fea262fada 0.881s
2024-09-01 11:31:50.923 62668 INFO tempest.lib.common.rest_client [req-3c48e66e-67d6-4c5b-bb82-6cecaa269fb7 req-3c48e66e-67d6-4c5b-bb82-6cecaa269fb7 ] Request (ImagesTestJSON:test_create_image_from_stopped_server): 200 GET http://10.180.1.21/compute/v2.1/images/5dac29a8-279c-4783-b857-59402fc3dd6e 0.881s
2024-09-01 11:31:51.095 62616 INFO tempest.lib.common.rest_client [req-f63f57fa-e3b4-465e-85e6-85004ac06464 req-f63f57fa-e3b4-465e-85e6-85004ac06464 ] Request (ServersV294TestFqdnHostnames:setUpClass): 201 POST http://10.180.1.21:9696/networking/v2.0/security-groups 0.277s
2024-09-01 11:31:51.105 62622 INFO tempest.lib.common.rest_client [req-a84488b4-1f8b-4977-93fc-4ed3e5cdef9b req-a84488b4-1f8b-4977-93fc-4ed3e5cdef9b ] Request (ServersAdmin275Test:test_rebuild_update_server_275): 202 POST http://10.180.1.21/compute/v2.1/servers 1.040s
2024-09-01 11:31:51.240 62624 INFO tempest.lib.common.rest_client [req-b407043f-08b3-4c8c-b8be-2049b328671c req-b407043f-08b3-4c8c-b8be-2049b328671c ] Request (ServerActionsV293TestJSON:setUpClass): 201 POST http://10.180.1.21:9696/networking/v2.0/floatingips 2.099s
2024-09-01 11:31:51.247 62628 INFO tempest.lib.common.rest_client [req-45fec2c3-1145-4702-957d-5a94f31be3e0 req-45fec2c3-1145-4702-957d-5a94f31be3e0 ] Request (ServersTestMultiNic:_run_cleanups): 200 GET http://10.180.1.21/compute/v2.1/servers/6e340df9-53fc-49c3-ad1b-b3a47819aee4 1.018s
2024-09-01 11:31:51.349 62616 INFO tempest.lib.common.rest_client [req-44ec3493-83b4-4932-aa10-ab268627c848 req-44ec3493-83b4-4932-aa10-ab268627c848 ] Request (ServersV294TestFqdnHostnames:setUpClass): 201 POST http://10.180.1.21:9696/networking/v2.0/security-group-rules 0.254s
2024-09-01 11:31:51.370 62624 INFO tempest.lib.common.rest_client [req-e6807b42-bc41-4a76-b48e-2e20a4d7a73c req-e6807b42-bc41-4a76-b48e-2e20a4d7a73c ] Request (ServerActionsV293TestJSON:setUpClass): 201 POST http://10.180.1.21/identity/v3/auth/tokens 0.126s
2024-09-01 11:31:51.370 62624 INFO tempest.lib.common.fixed_network [-] (ServerActionsV293TestJSON:setUpClass) Found network {'id': 'bce1345e-5fb7-484d-bd88-cf5139deb894', 'name': 'tempest-ServerActionsV293TestJSON-1760753233-network', 'tenant_id': '72b63186ea6e4710a69a3e51e2a72a94', 'admin_state_up': True, 'mtu': 8950, 'status': 'ACTIVE', 'subnets': [], 'shared': False, 'project_id': '72b63186ea6e4710a69a3e51e2a72a94', 'port_security_enabled': True, 'router:external': False, 'provider:network_type': 'vlan', 'provider:physical_network': 'default', 'provider:segmentation_id': 479, 'is_default': False, 'availability_zone_hints': [], 'availability_zones': [], 'ipv4_address_scope': None, 'ipv6_address_scope': None, 'description': '', 'tags': [], 'created_at': '2024-09-01T11:31:37Z', 'updated_at': '2024-09-01T11:31:37Z', 'revision_number': 1} available for tenant
2024-09-01 11:31:51.373 62676 INFO tempest.lib.common.rest_client [req-30f411ac-1345-4a3f-8506-b78b254a2624 req-30f411ac-1345-4a3f-8506-b78b254a2624 ] Request (ServicesAdminNegativeV253TestJSON:test_list_services_with_non_admin_user): 403 GET http://10.180.1.21/compute/v2.1/os-services 1.105s
2024-09-01 11:31:51.397 62648 INFO tempest.lib.common.rest_client [req-eede5274-37c4-4305-aaac-0578b21bfc66 req-eede5274-37c4-4305-aaac-0578b21bfc66 ] Request (FlavorsAdminTestJSON:test_is_public_string_variations): 200 GET http://10.180.1.21/compute/v2.1/flavors/detail?is_public=1 1.107s
2024-09-01 11:31:51.468 62658 INFO tempest.lib.common.rest_client [req-e52c29a1-dead-472c-be51-152d48cba903 req-e52c29a1-dead-472c-be51-152d48cba903 ] Request (ListImageFiltersTestJSON:setUpClass): 200 GET http://10.180.1.21/compute/v2.1/servers/c2f2c8f9-5594-4712-bf2b-d5d5e5943d0c 1.562s
2024-09-01 11:31:51.506 62630 INFO tempest.lib.common.rest_client [req-1d2bc5bc-c842-4b1c-8a74-bb5afa63f25a req-1d2bc5bc-c842-4b1c-8a74-bb5afa63f25a ] Request (ImagesMetadataTestJSON:setUpClass): 200 GET http://10.180.1.21/compute/v2.1/images/025e968f-98e1-464c-9668-2ab2e69aa775 0.991s
2024-09-01 11:31:51.521 62676 INFO tempest.lib.common.rest_client [req-62335dd6-a661-4be9-828d-63027b244ffc req-62335dd6-a661-4be9-828d-63027b244ffc ] Request (ServicesAdminNegativeV253TestJSON:tearDownClass): 204 DELETE http://10.180.1.21/identity/v3/users/7c85a76e28b14e56abe3184c372c97ec 0.146s
2024-09-01 11:31:51.522 62618 INFO tempest.lib.common.rest_client [req-4de122b2-f2c0-458a-a9a1-852700013495 req-4de122b2-f2c0-458a-a9a1-852700013495 ] Request (MultipleCreateNegativeTestJSON:test_min_count_less_than_one): 400 POST http://10.180.1.21/compute/v2.1/servers 1.002s
2024-09-01 11:31:51.593 62618 INFO tempest.lib.common.rest_client [req-bab92597-82fb-4913-889e-1c57b9d46ac2 req-bab92597-82fb-4913-889e-1c57b9d46ac2 ] Request (MultipleCreateNegativeTestJSON:test_min_count_non_integer): 201 POST http://10.180.1.21/identity/v3/auth/tokens 0.066s
2024-09-01 11:31:51.593 62618 INFO tempest.lib.common.fixed_network [-] (MultipleCreateNegativeTestJSON:test_min_count_non_integer) Found network None available for tenant
2024-09-01 11:31:51.637 62653 INFO tempest.lib.common.rest_client [req-dfef7fd6-c671-49ac-a46b-08d25243bba6 req-dfef7fd6-c671-49ac-a46b-08d25243bba6 ] Request (ImagesNegativeTestJSON:test_create_image_from_deleted_server): 200 GET http://10.180.1.21/compute/v2.1/servers/e0198d4d-598e-4011-a6bd-fb3ef8600957 1.013s
2024-09-01 11:31:51.665 62676 INFO tempest.lib.common.rest_client [req-c85f45c7-a1bc-45c3-951e-e3e885a39878 req-c85f45c7-a1bc-45c3-951e-e3e885a39878 ] Request (ServicesAdminNegativeV253TestJSON:tearDownClass): 204 DELETE http://10.180.1.21/identity/v3/users/5aa09e2801f04d93bc3c7635a7557ce5 0.144s
2024-09-01 11:31:51.666 62676 INFO tempest.lib.common.dynamic_creds [-] Deleting project and security group for project: 764df0b452314ea99c2d8db57dd04753
2024-09-01 11:31:51.728 62624 INFO tempest.lib.common.rest_client [req-0086a264-7793-4bc9-a771-06da5ee78ab7 req-0086a264-7793-4bc9-a771-06da5ee78ab7 ] Request (ServerActionsV293TestJSON:setUpClass): 202 POST http://10.180.1.21/volume/v3/72b63186ea6e4710a69a3e51e2a72a94/volumes 0.353s
2024-09-01 11:31:51.742 62647 INFO tempest.lib.common.rest_client [req-511c0f3f-0ac2-4cc8-8c4e-d77f92208b0d req-511c0f3f-0ac2-4cc8-8c4e-d77f92208b0d ] Request (ServerExternalEventsTest:test_create_server_external_events): 200 GET http://10.180.1.21/compute/v2.1/servers/9a1f2edc-630a-40ea-8f17-c2ff26429401 1.269s
2024-09-01 11:31:51.755 62647 INFO tempest.common.waiters [-] State transition "BUILD/networking" ==> "BUILD/spawning" after 22 second wait
2024-09-01 11:31:51.758 62676 INFO tempest.lib.common.rest_client [req-ee5b3d46-dc8b-48b9-8b4c-f524e27c70f8 req-ee5b3d46-dc8b-48b9-8b4c-f524e27c70f8 ] Request (ServicesAdminNegativeV253TestJSON:tearDownClass): 201 POST http://10.180.1.21/identity/v3/auth/tokens 0.092s
2024-09-01 11:31:51.776 62624 INFO tempest.lib.common.rest_client [req-1b12e71c-d3ca-4d29-b7c2-bfa2bc38cdf5 req-1b12e71c-d3ca-4d29-b7c2-bfa2bc38cdf5 ] Request (ServerActionsV293TestJSON:setUpClass): 200 GET http://10.180.1.21/volume/v3/72b63186ea6e4710a69a3e51e2a72a94/volumes/9358a73d-b71c-4503-aaf3-1df31a10c3c3 0.038s
2024-09-01 11:31:51.780 62616 INFO tempest.lib.common.rest_client [req-63680d71-fb51-4120-9401-3ad48fcdc19c req-63680d71-fb51-4120-9401-3ad48fcdc19c ] Request (ServersV294TestFqdnHostnames:setUpClass): 201 POST http://10.180.1.21:9696/networking/v2.0/security-group-rules 0.428s
2024-09-01 11:31:52.028 62662 INFO tempest.lib.common.rest_client [req-58cc8c67-eb04-423f-af7e-cd212777fb1f req-58cc8c67-eb04-423f-af7e-cd212777fb1f ] Request (ServerRescueTestJSONUnderV235:setUpClass): 200 GET http://10.180.1.21/compute/v2.1/servers/739abc95-d1f2-4236-b1c6-0c6664ec1627 1.193s
2024-09-01 11:31:52.063 62642 INFO tempest.lib.common.rest_client [req-577cd5ce-8bd6-4cce-b386-73aa069bf613 req-577cd5ce-8bd6-4cce-b386-73aa069bf613 ] Request (SecurityGroupRulesTestJSON:test_security_group_rules_delete_when_peer_group_deleted): 200 POST http://10.180.1.21/compute/v2.1/os-security-groups 1.320s
2024-09-01 11:31:52.093 62626 INFO tempest.lib.common.rest_client [req-b07737f1-d8be-4424-9fb8-c3691e3fd259 req-b07737f1-d8be-4424-9fb8-c3691e3fd259 ] Request (ServerDiagnosticsV248Test:tearDownClass): 404 GET http://10.180.1.21/compute/v2.1/servers/4f542947-7fcd-4a1a-9782-4d0ad5608c68 1.078s
2024-09-01 11:31:52.116 62632 INFO tempest.lib.common.rest_client [req-bb6a5401-d2d0-49b6-af39-06f159faa3f3 req-bb6a5401-d2d0-49b6-af39-06f159faa3f3 ] Request (ServersAdminTestJSON:test_create_server_with_scheduling_hint): 200 GET http://10.180.1.21/compute/v2.1/servers/90a9e8d3-b94f-400e-9e4c-f39ff0679f2e 1.189s
2024-09-01 11:31:52.193 62620 INFO tempest.lib.common.rest_client [req-0ad24c3f-d1c0-46d6-8ff4-1658e1353de7 req-0ad24c3f-d1c0-46d6-8ff4-1658e1353de7 ] Request (ServersTestBootFromVolume:setUpClass): 200 GET http://10.180.1.21/compute/v2.1/servers/20088876-4004-4c5c-8bf1-ebad77343074 1.105s
2024-09-01 11:31:52.223 62638 WARNING tempest.lib.common.ssh [-] Failed to establish authenticated ssh connection to cirros@10.180.180.199 ([Errno None] Unable to connect to port 22 on 10.180.180.199). Number attempts: 3. Retry after 4 seconds.: paramiko.ssh_exception.NoValidConnectionsError: [Errno None] Unable to connect to port 22 on 10.180.180.199
2024-09-01 11:31:52.250 62626 INFO tempest.lib.common.rest_client [req-bcfa609f-f6a4-431a-85d3-54466493d083 req-bcfa609f-f6a4-431a-85d3-54466493d083 ] Request (ServerDiagnosticsV248Test:tearDownClass): 204 DELETE http://10.180.1.21/identity/v3/users/668298f3305448fc9779df7c22ba92dc 0.156s
2024-09-01 11:31:52.264 62676 INFO tempest.lib.common.rest_client [req-cf7d9427-243e-4aaa-ab39-f5efe6b57755 req-cf7d9427-243e-4aaa-ab39-f5efe6b57755 ] Request (ServicesAdminNegativeV253TestJSON:tearDownClass): 200 GET http://10.180.1.21:9696/networking/v2.0/security-groups?tenant_id=764df0b452314ea99c2d8db57dd04753&name=default 0.505s
2024-09-01 11:31:52.316 62622 INFO tempest.lib.common.rest_client [req-cb818c84-c559-434b-8fda-5df1905ee27a req-cb818c84-c559-434b-8fda-5df1905ee27a ] Request (ServersAdmin275Test:test_rebuild_update_server_275): 200 PUT http://10.180.1.21/compute/v2.1/servers/938dc5ba-472c-401e-ad27-7b3b50d354bd 1.205s
2024-09-01 11:31:52.335 62644 WARNING tempest.lib.common.ssh [-] Failed to establish authenticated ssh connection to cirros@10.180.180.240 ([Errno None] Unable to connect to port 22 on 10.180.180.240). Number attempts: 3. Retry after 4 seconds.: paramiko.ssh_exception.NoValidConnectionsError: [Errno None] Unable to connect to port 22 on 10.180.180.240
2024-09-01 11:31:52.343 62648 INFO tempest.lib.common.rest_client [req-e49db3bf-1604-4022-8bea-83a22b6178b5 req-e49db3bf-1604-4022-8bea-83a22b6178b5 ] Request (FlavorsAdminTestJSON:_run_cleanups): 202 DELETE http://10.180.1.21/compute/v2.1/flavors/1200497896 0.942s
2024-09-01 11:31:52.401 62670 INFO tempest.lib.common.rest_client [req-cfeea729-c048-4538-b606-934689ef24ff req-cfeea729-c048-4538-b606-934689ef24ff ] Request (AttachInterfacesV270Test:setUpClass): 200 PUT http://10.180.1.21:9696/networking/v2.0/routers/62e2dbed-d371-4912-938e-50a70e1ad07b/add_router_interface 3.474s
2024-09-01 11:31:52.401 62670 INFO tempest.lib.common.dynamic_creds [-] Created isolated network resources for: credentials: Credentials: {'domain_id': 'default', 'domain_name': 'Default', 'username': 'tempest-AttachInterfacesV270Test-593755761-project-member', 'project_domain_id': 'default', 'project_domain_name': 'Default', 'project_id': 'f241c6be0bca4244b9e5f5a5497e6ee5', 'project_name': 'tempest-AttachInterfacesV270Test-593755761', 'tenant_id': 'f241c6be0bca4244b9e5f5a5497e6ee5', 'tenant_name': 'tempest-AttachInterfacesV270Test-593755761', 'user_domain_id': 'default', 'user_domain_name': 'Default', 'user_id': '71d7b00f782b48b4816840bd9e410883', 'system': None}, Network: {'id': '92b159ca-3eae-45ec-a554-b1cad6ab1bdb', 'name': 'tempest-AttachInterfacesV270Test-1189613117-network', 'tenant_id': 'f241c6be0bca4244b9e5f5a5497e6ee5', 'admin_state_up': True, 'mtu': 8950, 'status': 'ACTIVE', 'subnets': [], 'shared': False, 'project_id': 'f241c6be0bca4244b9e5f5a5497e6ee5', 'port_security_enabled': True, 'router:external': False, 'provider:network_type': 'vlan', 'provider:physical_network': 'default', 'provider:segmentation_id': 54, 'is_default': False, 'availability_zone_hints': [], 'availability_zones': [], 'ipv4_address_scope': None, 'ipv6_address_scope': None, 'description': '', 'tags': [], 'created_at': '2024-09-01T11:31:44Z', 'updated_at': '2024-09-01T11:31:44Z', 'revision_number': 1}, Subnet: {'id': 'faf53e28-d412-404f-a235-84c97352b35b', 'name': 'tempest-AttachInterfacesV270Test-1189613117-subnet', 'tenant_id': 'f241c6be0bca4244b9e5f5a5497e6ee5', 'network_id': '92b159ca-3eae-45ec-a554-b1cad6ab1bdb', 'ip_version': 4, 'subnetpool_id': None, 'enable_dhcp': True, 'ipv6_ra_mode': None, 'ipv6_address_mode': None, 'gateway_ip': '192.168.128.1', 'cidr': '192.168.128.0/28', 'allocation_pools': [{'start': '192.168.128.2', 'end': '192.168.128.14'}], 'host_routes': [], 'dns_nameservers': [], 'description': '', 'router:external': False, 'service_types': [], 'tags': [], 'created_at': '2024-09-01T11:31:44Z', 'updated_at': '2024-09-01T11:31:44Z', 'revision_number': 0, 'project_id': 'f241c6be0bca4244b9e5f5a5497e6ee5'}, Router: {'id': '62e2dbed-d371-4912-938e-50a70e1ad07b', 'name': 'tempest-AttachInterfacesV270Test-1189613117-router', 'tenant_id': 'f241c6be0bca4244b9e5f5a5497e6ee5', 'admin_state_up': True, 'status': 'ACTIVE', 'external_gateway_info': {'network_id': 'e79a0a4d-b5dd-4852-84d1-f6041dd4250d', 'external_fixed_ips': [{'subnet_id': '4dbf51f2-71a8-4a33-a8e5-8a22d4dda4f3', 'ip_address': '10.180.180.233'}], 'enable_snat': True}, 'description': '', 'availability_zones': [], 'distributed': False, 'ha': False, 'availability_zone_hints': [], 'routes': [], 'flavor_id': None, 'tags': [], 'created_at': '2024-09-01T11:31:45Z', 'updated_at': '2024-09-01T11:31:47Z', 'revision_number': 2, 'project_id': 'f241c6be0bca4244b9e5f5a5497e6ee5'}
2024-09-01 11:31:52.418 62626 INFO tempest.lib.common.rest_client [req-e081e317-6120-4c00-bcd6-66db0ea531e2 req-e081e317-6120-4c00-bcd6-66db0ea531e2 ] Request (ServerDiagnosticsV248Test:tearDownClass): 204 DELETE http://10.180.1.21/identity/v3/users/b7efa858aff842c8aaf4ff6dcbe4a31d 0.167s
2024-09-01 11:31:52.418 62626 INFO tempest.lib.common.dynamic_creds [-] Deleting project and security group for project: c8c949730b854e73896797f33930b613
2024-09-01 11:31:52.523 62626 INFO tempest.lib.common.rest_client [req-f4075b3f-e7d2-40c9-a85b-37e48e79eb66 req-f4075b3f-e7d2-40c9-a85b-37e48e79eb66 ] Request (ServerDiagnosticsV248Test:tearDownClass): 201 POST http://10.180.1.21/identity/v3/auth/tokens 0.105s
2024-09-01 11:31:52.537 62670 INFO tempest.lib.common.rest_client [req-4053ba86-e2a5-4567-b00f-d38a4e7ec055 req-4053ba86-e2a5-4567-b00f-d38a4e7ec055 ] Request (AttachInterfacesV270Test:setUpClass): 201 POST http://10.180.1.21/identity/v3/auth/tokens 0.131s
2024-09-01 11:31:52.567 62670 INFO tempest.lib.common.rest_client [req-62fc586c-c34c-492e-a5bc-a2b3f4ec787c req-62fc586c-c34c-492e-a5bc-a2b3f4ec787c ] Request (AttachInterfacesV270Test:test_create_get_list_interfaces): 201 POST http://10.180.1.21/identity/v3/auth/tokens 0.026s
2024-09-01 11:31:52.567 62670 INFO tempest.lib.common.fixed_network [-] (AttachInterfacesV270Test:test_create_get_list_interfaces) Found network {'id': '92b159ca-3eae-45ec-a554-b1cad6ab1bdb', 'name': 'tempest-AttachInterfacesV270Test-1189613117-network', 'tenant_id': 'f241c6be0bca4244b9e5f5a5497e6ee5', 'admin_state_up': True, 'mtu': 8950, 'status': 'ACTIVE', 'subnets': [], 'shared': False, 'project_id': 'f241c6be0bca4244b9e5f5a5497e6ee5', 'port_security_enabled': True, 'router:external': False, 'provider:network_type': 'vlan', 'provider:physical_network': 'default', 'provider:segmentation_id': 54, 'is_default': False, 'availability_zone_hints': [], 'availability_zones': [], 'ipv4_address_scope': None, 'ipv6_address_scope': None, 'description': '', 'tags': [], 'created_at': '2024-09-01T11:31:44Z', 'updated_at': '2024-09-01T11:31:44Z', 'revision_number': 1} available for tenant
2024-09-01 11:31:52.657 62664 INFO tempest.lib.common.rest_client [req-469e76a7-7580-4946-9744-f431511e995c req-469e76a7-7580-4946-9744-f431511e995c ] Request (ImagesOneServerNegativeTestJSON:setUpClass): 200 GET http://10.180.1.21/compute/v2.1/servers/c820d9a0-8032-4872-b3ee-c5e82f33957e 1.403s
2024-09-01 11:31:52.699 62674 INFO tempest.lib.common.rest_client [req-3bf2e43f-d79d-437d-9aea-cab69c353c07 req-3bf2e43f-d79d-437d-9aea-cab69c353c07 ] Request (MigrationsAdminTest:test_list_migrations_in_flavor_resize_situation): 200 GET http://10.180.1.21/compute/v2.1/servers/95a02af2-8840-4651-9d59-60acd2555614 1.250s
2024-09-01 11:31:52.711 62676 INFO tempest.lib.common.rest_client [req-d07a1a77-771a-4e23-9478-acffa71450fb req-d07a1a77-771a-4e23-9478-acffa71450fb ] Request (ServicesAdminNegativeV253TestJSON:tearDownClass): 204 DELETE http://10.180.1.21:9696/networking/v2.0/security-groups/0eaf9e20-7b2e-40e4-8e7e-ceb983077ddf 0.446s
2024-09-01 11:31:52.751 62650 INFO tempest.lib.common.rest_client [req-983dad5d-84db-4a3a-b72d-76a73084d23e req-983dad5d-84db-4a3a-b72d-76a73084d23e ] Request (InstanceActionsV221TestJSON:setUpClass): 201 POST http://10.180.1.21:9696/networking/v2.0/routers 3.156s
2024-09-01 11:31:52.792 62656 INFO tempest.lib.common.rest_client [req-31186807-0be2-4a9e-87ae-fb62c41f2f62 req-31186807-0be2-4a9e-87ae-fb62c41f2f62 ] Request (AttachInterfacesTestJSON:test_create_list_show_delete_interfaces_by_fixed_ip): 200 GET http://10.180.1.21/compute/v2.1/servers/f178a1b4-b12d-41b6-a2f0-0fdb6a47e7c8 1.254s
2024-09-01 11:31:52.801 62656 INFO tempest.common.waiters [-] State transition "BUILD/scheduling" ==> "BUILD/None" after 2 second wait
2024-09-01 11:31:52.808 62676 INFO tempest.lib.common.rest_client [req-05caae5e-8c7a-4dd1-80cb-1abb79a505a9 req-05caae5e-8c7a-4dd1-80cb-1abb79a505a9 ] Request (ServicesAdminNegativeV253TestJSON:tearDownClass): 204 DELETE http://10.180.1.21/identity/v3/projects/764df0b452314ea99c2d8db57dd04753 0.093s
2024-09-01 11:31:52.809 62676 INFO tempest.lib.common.dynamic_creds [-] Deleting project and security group for project: 71d9d234bc754b81939c8f1555e3dcaf
2024-09-01 11:31:52.844 62624 INFO tempest.lib.common.rest_client [req-b63a11f3-5625-43ff-acbd-51da91dfecfb req-b63a11f3-5625-43ff-acbd-51da91dfecfb ] Request (ServerActionsV293TestJSON:setUpClass): 200 GET http://10.180.1.21/volume/v3/72b63186ea6e4710a69a3e51e2a72a94/volumes/9358a73d-b71c-4503-aaf3-1df31a10c3c3 0.057s
2024-09-01 11:31:52.857 62626 INFO tempest.lib.common.rest_client [req-ec4868c0-7090-4bc1-9e06-a18b0acb0bfd req-ec4868c0-7090-4bc1-9e06-a18b0acb0bfd ] Request (ServerDiagnosticsV248Test:tearDownClass): 200 GET http://10.180.1.21:9696/networking/v2.0/security-groups?tenant_id=c8c949730b854e73896797f33930b613&name=default 0.333s
2024-09-01 11:31:52.890 62654 INFO tempest.lib.common.rest_client [req-23d9f67c-1a3a-496f-97b4-8afb3288e227 req-23d9f67c-1a3a-496f-97b4-8afb3288e227 ] Request (ServerAddressesTestJSON:tearDownClass): 200 GET http://10.180.1.21/compute/v2.1/servers/1d935cb5-c9e2-4d1c-93dd-33213b4eb4ad 1.299s
2024-09-01 11:31:52.901 62618 INFO tempest.lib.common.rest_client [req-d95d3f6c-f997-4b8f-923c-5e640c0f2b72 req-d95d3f6c-f997-4b8f-923c-5e640c0f2b72 ] Request (MultipleCreateNegativeTestJSON:test_min_count_non_integer): 400 POST http://10.180.1.21/compute/v2.1/servers 1.307s
2024-09-01 11:31:52.908 62654 INFO tempest.common.waiters [-] State transition "ACTIVE/deleting" ==> "DELETED/None" after 4 second wait
2024-09-01 11:31:52.971 62630 INFO tempest.lib.common.rest_client [req-e0c3f281-67e0-42c9-8415-1df324bd4863 req-e0c3f281-67e0-42c9-8415-1df324bd4863 ] Request (ImagesMetadataTestJSON:setUp): 200 PUT http://10.180.1.21/compute/v2.1/images/025e968f-98e1-464c-9668-2ab2e69aa775/metadata 1.461s
2024-09-01 11:31:52.997 62640 INFO tempest.lib.common.rest_client [req-9bd4f4d7-7a1c-4ed3-b1a0-d067b43e9a7c req-9bd4f4d7-7a1c-4ed3-b1a0-d067b43e9a7c ] Request (DeleteServersAdminTestJSON:test_delete_server_while_in_error_state): 200 GET http://10.180.1.21/compute/v2.1/servers/a4b2a1aa-e251-4ec7-b555-15ffa36b8d77 1.338s
2024-09-01 11:31:53.047 62668 INFO tempest.lib.common.rest_client [req-a0cb4bef-fc8f-48f7-9660-9263c493e1ca req-a0cb4bef-fc8f-48f7-9660-9263c493e1ca ] Request (ImagesTestJSON:test_create_image_from_stopped_server): 200 GET http://10.180.1.21/compute/v2.1/images/5dac29a8-279c-4783-b857-59402fc3dd6e 1.119s
2024-09-01 11:31:53.080 62672 INFO tempest.lib.common.rest_client [req-2859395c-ecae-43cd-98f2-8222f297d158 req-2859395c-ecae-43cd-98f2-8222f297d158 ] Request (InstanceActionsTestJSON:tearDownClass): 200 GET http://10.180.1.21/compute/v2.1/servers/2a05546a-ddde-45dd-8583-40fea262fada 1.182s
2024-09-01 11:31:53.102 62676 INFO tempest.lib.common.rest_client [req-12efd104-4c65-4585-acaf-c1418b6c420e req-12efd104-4c65-4585-acaf-c1418b6c420e ] Request (ServicesAdminNegativeV253TestJSON:tearDownClass): 200 GET http://10.180.1.21:9696/networking/v2.0/security-groups?tenant_id=71d9d234bc754b81939c8f1555e3dcaf&name=default 0.293s
2024-09-01 11:31:53.130 62618 INFO tempest.lib.common.rest_client [req-fda75515-362e-4ade-92f0-62d0c2d04411 req-fda75515-362e-4ade-92f0-62d0c2d04411 ] Request (MultipleCreateNegativeTestJSON:tearDownClass): 204 DELETE http://10.180.1.21/identity/v3/users/800a18428a2f459ebef8229f73c4d724 0.225s
2024-09-01 11:31:53.130 62618 INFO tempest.lib.common.dynamic_creds [-] Deleting project and security group for project: e1d4caf143ca4a2ea208654f529470cf
2024-09-01 11:31:53.157 62626 INFO tempest.lib.common.rest_client [req-54d1b47d-1428-4dd1-aeae-471023e249b7 req-54d1b47d-1428-4dd1-aeae-471023e249b7 ] Request (ServerDiagnosticsV248Test:tearDownClass): 204 DELETE http://10.180.1.21:9696/networking/v2.0/security-groups/7da4edc6-2a46-4387-bdbc-872ca2894aed 0.300s
2024-09-01 11:31:53.213 62618 INFO tempest.lib.common.rest_client [req-c452facd-e691-426d-ab4c-a8775072abd4 req-c452facd-e691-426d-ab4c-a8775072abd4 ] Request (MultipleCreateNegativeTestJSON:tearDownClass): 201 POST http://10.180.1.21/identity/v3/auth/tokens 0.083s
2024-09-01 11:31:53.255 62628 INFO tempest.lib.common.rest_client [req-69a6c5b2-a5ed-4dc6-821d-4ba4b163794c req-69a6c5b2-a5ed-4dc6-821d-4ba4b163794c ] Request (ServersTestMultiNic:_run_cleanups): 200 GET http://10.180.1.21/compute/v2.1/servers/6e340df9-53fc-49c3-ad1b-b3a47819aee4 0.999s
2024-09-01 11:31:53.327 62616 INFO tempest.lib.common.rest_client [req-49f2d81b-00c8-4270-9de1-888587e741af req-49f2d81b-00c8-4270-9de1-888587e741af ] Request (ServersV294TestFqdnHostnames:setUpClass): 201 POST http://10.180.1.21:9696/networking/v2.0/floatingips 1.546s
2024-09-01 11:31:53.356 62642 INFO tempest.lib.common.rest_client [req-31c84fc3-1449-4d1f-a122-da315647cad7 req-31c84fc3-1449-4d1f-a122-da315647cad7 ] Request (SecurityGroupRulesTestJSON:test_security_group_rules_delete_when_peer_group_deleted): 200 POST http://10.180.1.21/compute/v2.1/os-security-groups 1.290s
2024-09-01 11:31:53.358 62626 INFO tempest.lib.common.rest_client [req-163c9eef-4093-4226-8096-9e616c30427f req-163c9eef-4093-4226-8096-9e616c30427f ] Request (ServerDiagnosticsV248Test:tearDownClass): 204 DELETE http://10.180.1.21/identity/v3/projects/c8c949730b854e73896797f33930b613 0.200s
2024-09-01 11:31:53.358 62626 INFO tempest.lib.common.dynamic_creds [-] Deleting project and security group for project: d89a42640dec413890af91dd82c556cc
2024-09-01 11:31:53.388 62648 INFO tempest.lib.common.rest_client [req-83b0606f-c0bf-4d27-bcab-e24ae9736e23 req-83b0606f-c0bf-4d27-bcab-e24ae9736e23 ] Request (FlavorsAdminTestJSON:_run_cleanups): 200 GET http://10.180.1.21/compute/v2.1/flavors/detail 1.044s
