2024-09-01 11:31:43.296 62670 INFO tempest.lib.common.rest_client [req-a61f9b34-5e8a-4175-8b4e-00c87b9dd209 req-a61f9b34-5e8a-4175-8b4e-00c87b9dd209 ] Request (AttachInterfacesV270Test:setUpClass): 201 POST http://10.180.1.21/identity/v3/auth/tokens 0.041s
2024-09-01 11:31:43.294 62626 INFO tempest.lib.common.rest_client [req-231bec37-dcbf-45df-98e2-28e7c8f9c203 req-231bec37-dcbf-45df-98e2-28e7c8f9c203 ] Request (ServerDiagnosticsV248Test:tearDownClass): 200 GET http://10.180.1.21/compute/v2.1/servers/4f542947-7fcd-4a1a-9782-4d0ad5608c68 1.961s
2024-09-01 11:31:43.323 62670 INFO tempest.lib.common.rest_client [req-02214fbf-0461-459e-bf58-44b37ac61da0 req-02214fbf-0461-459e-bf58-44b37ac61da0 ] Request (AttachInterfacesV270Test:setUpClass): 200 GET http://10.180.1.21/identity/v3/domains?name=Default 0.027s
2024-09-01 11:31:43.357 62670 INFO tempest.lib.common.rest_client [req-1733c2e2-1f31-41df-8b71-1d09e5e8618f req-1733c2e2-1f31-41df-8b71-1d09e5e8618f ] Request (AttachInterfacesV270Test:setUpClass): 201 POST http://10.180.1.21/identity/v3/projects 0.032s
2024-09-01 11:31:43.374 62632 INFO tempest.lib.common.rest_client [req-0dc9f797-40a8-49dc-8258-1df7a7c688a7 req-0dc9f797-40a8-49dc-8258-1df7a7c688a7 ] Request (ServersAdminTestJSON:test_create_server_with_scheduling_hint): 200 GET http://10.180.1.21/compute/v2.1/servers/90a9e8d3-b94f-400e-9e4c-f39ff0679f2e 1.879s
2024-09-01 11:31:43.414 62654 INFO tempest.lib.common.rest_client [req-3bb67afb-9f10-41a7-ac68-3b825ef7ce94 req-3bb67afb-9f10-41a7-ac68-3b825ef7ce94 ] Request (ServerAddressesTestJSON:test_list_server_addresses): 200 GET http://10.180.1.21/compute/v2.1/servers/1d935cb5-c9e2-4d1c-93dd-33213b4eb4ad/ips 1.895s
2024-09-01 11:31:43.430 62676 INFO tempest.lib.common.rest_client [req-f8b06c0c-f45a-4699-ba7b-63cc97d2e1ed req-f8b06c0c-f45a-4699-ba7b-63cc97d2e1ed ] Request (ServicesAdminNegativeV253TestJSON:test_enable_service_with_invalid_service_id): 404 PUT http://10.180.1.21/compute/v2.1/os-services/216868c3-12a4-4492-9fa4-5ea70967df15 1.902s
2024-09-01 11:31:43.437 62660 INFO tempest.lib.common.rest_client [req-a1a8fefe-0ab8-48f6-af53-4db48da585da req-a1a8fefe-0ab8-48f6-af53-4db48da585da ] Request (SecurityGroupsNegativeTestJSON:tearDownClass): 204 DELETE http://10.180.1.21:9696/networking/v2.0/security-groups/5d37ffef-d121-439c-ad6d-87c9946fb45f 0.439s
2024-09-01 11:31:43.444 62670 INFO tempest.lib.common.rest_client [req-5393b6e3-ce10-4b4c-8a01-536a4d898ca7 req-5393b6e3-ce10-4b4c-8a01-536a4d898ca7 ] Request (AttachInterfacesV270Test:setUpClass): 201 POST http://10.180.1.21/identity/v3/users 0.087s
2024-09-01 11:31:43.454 62622 INFO tempest.lib.common.rest_client [req-20a1d40b-8c02-4104-b971-c9280d178b52 req-20a1d40b-8c02-4104-b971-c9280d178b52 ] Request (AggregatesAdminNegativeTestJSON:_run_cleanups): 200 DELETE http://10.180.1.21/compute/v2.1/os-aggregates/7 1.751s
2024-09-01 11:31:43.472 62648 INFO tempest.lib.common.rest_client [req-b01daebb-c16b-44f8-a071-503ce2539dcb req-b01daebb-c16b-44f8-a071-503ce2539dcb ] Request (FlavorsAdminTestJSON:test_is_public_string_variations): 200 GET http://10.180.1.21/compute/v2.1/flavors/detail?is_public=f 1.520s
2024-09-01 11:31:43.474 62670 INFO tempest.lib.common.rest_client [req-57fd0f30-18cb-4d38-85de-2a3c25b3ff64 req-57fd0f30-18cb-4d38-85de-2a3c25b3ff64 ] Request (AttachInterfacesV270Test:setUpClass): 200 GET http://10.180.1.21/identity/v3/roles 0.029s
2024-09-01 11:31:43.508 62670 INFO tempest.lib.common.rest_client [req-b9b281f8-b6f1-406e-a50b-3c083d750e1a req-b9b281f8-b6f1-406e-a50b-3c083d750e1a ] Request (AttachInterfacesV270Test:setUpClass): 204 PUT http://10.180.1.21/identity/v3/projects/f241c6be0bca4244b9e5f5a5497e6ee5/users/71d7b00f782b48b4816840bd9e410883/roles/cb1e684d36fc4c94ba97ac6da61c7010 0.034s
2024-09-01 11:31:43.509 62670 INFO tempest.lib.common.dynamic_creds [-] Dynamic test user 71d7b00f782b48b4816840bd9e410883 is created with scope project and roles: ['member']
2024-09-01 11:31:43.509 62670 INFO tempest.lib.common.dynamic_creds [-] Acquired dynamic creds: credentials: Credentials: {'domain_id': 'default', 'domain_name': 'Default', 'username': 'tempest-AttachInterfacesV270Test-593755761-project-member', 'project_domain_id': 'default', 'project_domain_name': 'Default', 'project_id': 'f241c6be0bca4244b9e5f5a5497e6ee5', 'project_name': 'tempest-AttachInterfacesV270Test-593755761', 'tenant_id': 'f241c6be0bca4244b9e5f5a5497e6ee5', 'tenant_name': 'tempest-AttachInterfacesV270Test-593755761', 'user_domain_id': 'default', 'user_domain_name': 'Default', 'user_id': '71d7b00f782b48b4816840bd9e410883', 'system': None}, Network: None, Subnet: None, Router: None
2024-09-01 11:31:43.521 62660 INFO tempest.lib.common.rest_client [req-e57bc1b0-3067-400f-b4e5-5768e2c9b830 req-e57bc1b0-3067-400f-b4e5-5768e2c9b830 ] Request (SecurityGroupsNegativeTestJSON:tearDownClass): 204 DELETE http://10.180.1.21/identity/v3/projects/c262b47ab26b4727b38de15933e63d4e 0.084s
2024-09-01 11:31:43.578 62670 INFO tempest.lib.common.rest_client [req-10f1d499-c32b-4a4c-bfae-dd0b4ed707f9 req-10f1d499-c32b-4a4c-bfae-dd0b4ed707f9 ] Request (AttachInterfacesV270Test:setUpClass): 201 POST http://10.180.1.21/identity/v3/auth/tokens 0.068s
2024-09-01 11:31:43.625 62674 INFO tempest.lib.common.rest_client [req-94bb04ae-173b-45b1-bd1f-9ec9f6226263 req-94bb04ae-173b-45b1-bd1f-9ec9f6226263 ] Request (MigrationsAdminTest:test_list_migrations_in_flavor_resize_situation): 200 GET http://10.180.1.21/compute/v2.1/servers/95a02af2-8840-4651-9d59-60acd2555614 2.213s
2024-09-01 11:31:43.638 62674 INFO tempest.common.waiters [-] State transition "BUILD/block_device_mapping" ==> "BUILD/spawning" after 16 second wait
2024-09-01 11:31:43.766 62620 INFO tempest.lib.common.rest_client [req-d19ef05c-0d7d-4556-bba7-dccf464711b7 req-d19ef05c-0d7d-4556-bba7-dccf464711b7 ] Request (ServersTestBootFromVolume:setUpClass): 200 GET http://10.180.1.21/volume/v3/17e1e2b8d95d4a0fb685ab32cb897619/volumes/c30e3b75-291a-4c8f-a581-8a107220c28c 0.037s
2024-09-01 11:31:43.828 62618 INFO tempest.lib.common.rest_client [req-0f0409ae-c2f5-4025-936c-8e2be283bf7a req-0f0409ae-c2f5-4025-936c-8e2be283bf7a ] Request (QuotasAdminTestJSON:_run_cleanups): 200 PUT http://10.180.1.21/compute/v2.1/os-quota-sets/48a46db5f7df4509aaa818dcf5b8bb13 1.476s
2024-09-01 11:31:43.870 62658 INFO tempest.lib.common.rest_client [req-03998db8-599f-482b-820d-9e97bf9f6e48 req-03998db8-599f-482b-820d-9e97bf9f6e48 ] Request (ListImageFiltersTestJSON:setUpClass): 200 GET http://10.180.1.21/compute/v2.1/servers/c2f2c8f9-5594-4712-bf2b-d5d5e5943d0c 1.072s
2024-09-01 11:31:43.881 62658 INFO tempest.common.waiters [-] State transition "BUILD/networking" ==> "BUILD/spawning" after 15 second wait
2024-09-01 11:31:43.927 62640 INFO tempest.lib.common.rest_client [req-8c1ddca2-65e5-4602-ba4e-4fcc38af66b9 req-8c1ddca2-65e5-4602-ba4e-4fcc38af66b9 ] Request (DeleteServersAdminTestJSON:test_delete_server_while_in_error_state): 200 GET http://10.180.1.21/compute/v2.1/servers/a4b2a1aa-e251-4ec7-b555-15ffa36b8d77 0.876s
2024-09-01 11:31:43.963 62618 INFO tempest.lib.common.rest_client [req-beb21d9c-11c6-4d59-87bd-c795c6d9f5c6 req-beb21d9c-11c6-4d59-87bd-c795c6d9f5c6 ] Request (QuotasAdminTestJSON:tearDownClass): 204 DELETE http://10.180.1.21/identity/v3/users/51e99d635bc644e7bc583e62602dd396 0.131s
2024-09-01 11:31:44.005 62650 INFO tempest.lib.common.rest_client [req-82fb935a-b367-4d8a-90a1-3f742a815ef7 req-82fb935a-b367-4d8a-90a1-3f742a815ef7 ] Request (SecurityGroupRulesNegativeTestJSON:tearDownClass): 200 PUT http://10.180.1.21:9696/networking/v2.0/routers/981a003e-a1e8-45cd-a3f1-0462e362bc9d/remove_router_interface 2.463s
2024-09-01 11:31:44.005 62656 INFO tempest.lib.common.rest_client [req-b9c3e1d1-a019-4223-8097-9d5810c9ac7e req-b9c3e1d1-a019-4223-8097-9d5810c9ac7e ] Request (ValidationResourcesFixture:setUp): 200 POST http://10.180.1.21/compute/v2.1/os-keypairs 0.951s
2024-09-01 11:31:44.041 62654 INFO tempest.lib.common.rest_client [req-29d30c52-c028-4d8d-bd83-e2bb28480fa4 req-29d30c52-c028-4d8d-bd83-e2bb28480fa4 ] Request (ServerAddressesTestJSON:test_list_server_addresses_by_network): 200 GET http://10.180.1.21/compute/v2.1/servers/1d935cb5-c9e2-4d1c-93dd-33213b4eb4ad/ips 0.625s
2024-09-01 11:31:44.062 62618 INFO tempest.lib.common.rest_client [req-e96584e1-0c83-4172-be64-1ba12cfdec2b req-e96584e1-0c83-4172-be64-1ba12cfdec2b ] Request (QuotasAdminTestJSON:tearDownClass): 204 DELETE http://10.180.1.21/identity/v3/users/26633d5440034a75aa64dfacffff2a62 0.098s
2024-09-01 11:31:44.062 62618 INFO tempest.lib.common.dynamic_creds [-] Deleting project and security group for project: c1b460a6154e4d268562553a671d7c64
2024-09-01 11:31:44.070 62676 INFO tempest.lib.common.rest_client [req-2db6a778-fd58-4dde-a2af-fce9b4a05eb7 req-2db6a778-fd58-4dde-a2af-fce9b4a05eb7 ] Request (ServicesAdminNegativeV253TestJSON:test_get_service_by_invalid_params): 200 GET http://10.180.1.21/compute/v2.1/os-services 0.639s
2024-09-01 11:31:44.092 62622 INFO tempest.lib.common.rest_client [req-8dcd366f-bae6-40d4-928c-6b8b20316d71 req-8dcd366f-bae6-40d4-928c-6b8b20316d71 ] Request (AggregatesAdminNegativeTestJSON:test_aggregate_remove_nonexistent_host): 200 POST http://10.180.1.21/compute/v2.1/os-aggregates 0.636s
2024-09-01 11:31:44.111 62648 INFO tempest.lib.common.rest_client [req-fe64b4eb-5d9c-41ed-80c1-6885131188a7 req-fe64b4eb-5d9c-41ed-80c1-6885131188a7 ] Request (FlavorsAdminTestJSON:test_is_public_string_variations): 200 GET http://10.180.1.21/compute/v2.1/flavors/detail?is_public=false 0.636s
2024-09-01 11:31:44.161 62618 INFO tempest.lib.common.rest_client [req-f76566aa-b2d2-4a46-94a6-1c7f0b33d1a6 req-f76566aa-b2d2-4a46-94a6-1c7f0b33d1a6 ] Request (QuotasAdminTestJSON:tearDownClass): 201 POST http://10.180.1.21/identity/v3/auth/tokens 0.098s
2024-09-01 11:31:44.174 62656 INFO tempest.lib.common.rest_client [req-e42884bf-e479-4af3-86f5-de596ccd6e79 req-e42884bf-e479-4af3-86f5-de596ccd6e79 ] Request (ValidationResourcesFixture:setUp): 201 POST http://10.180.1.21:9696/networking/v2.0/security-groups 0.166s
2024-09-01 11:31:44.221 62672 INFO tempest.lib.common.rest_client [req-c34d00ec-8bee-4445-a44b-13b864448f18 req-c34d00ec-8bee-4445-a44b-13b864448f18 ] Request (InstanceActionsTestJSON:tearDownClass): 200 GET http://10.180.1.21/compute/v2.1/servers/2a05546a-ddde-45dd-8583-40fea262fada 0.743s
2024-09-01 11:31:44.524 62656 INFO tempest.lib.common.rest_client [req-58598d69-ce4e-4d85-a130-09dc19516602 req-58598d69-ce4e-4d85-a130-09dc19516602 ] Request (ValidationResourcesFixture:setUp): 201 POST http://10.180.1.21:9696/networking/v2.0/security-group-rules 0.349s
2024-09-01 11:31:44.635 62618 INFO tempest.lib.common.rest_client [req-78a5c5d4-e01f-4370-b9ae-d76554cae993 req-78a5c5d4-e01f-4370-b9ae-d76554cae993 ] Request (QuotasAdminTestJSON:tearDownClass): 200 GET http://10.180.1.21:9696/networking/v2.0/security-groups?tenant_id=c1b460a6154e4d268562553a671d7c64&name=default 0.474s
2024-09-01 11:31:44.653 62668 INFO tempest.lib.common.rest_client [req-783387df-cc83-45e7-8cac-3feffed46c81 req-783387df-cc83-45e7-8cac-3feffed46c81 ] Request (ImagesTestJSON:test_create_image_from_stopped_server): 200 GET http://10.180.1.21/compute/v2.1/servers/2b94a6df-5b86-4dae-8e80-4adf1b762751 1.058s
2024-09-01 11:31:44.661 62668 INFO tempest.common.waiters [-] State transition "ACTIVE/powering-off" ==> "SHUTOFF/None" after 2 second wait
2024-09-01 11:31:44.706 62670 INFO tempest.lib.common.rest_client [req-922386f3-ef5a-4e56-aa6f-8b961a0290ca req-922386f3-ef5a-4e56-aa6f-8b961a0290ca ] Request (AttachInterfacesV270Test:setUpClass): 201 POST http://10.180.1.21:9696/networking/v2.0/networks 1.127s
2024-09-01 11:31:44.768 62664 INFO tempest.lib.common.rest_client [req-e68a0f35-83fe-4dbd-80da-f7dc4fe21337 req-e68a0f35-83fe-4dbd-80da-f7dc4fe21337 ] Request (ImagesOneServerNegativeTestJSON:setUpClass): 200 GET http://10.180.1.21/compute/v2.1/servers/c820d9a0-8032-4872-b3ee-c5e82f33957e 1.090s
2024-09-01 11:31:44.774 62664 INFO tempest.common.waiters [-] State transition "BUILD/None" ==> "BUILD/networking" after 15 second wait
2024-09-01 11:31:44.790 62630 INFO tempest.lib.common.rest_client [req-f7a86972-4526-424a-8398-913d6d928d25 req-f7a86972-4526-424a-8398-913d6d928d25 ] Request (FloatingIPsTestJSON:tearDownClass): 200 PUT http://10.180.1.21:9696/networking/v2.0/routers/7d2e1ab6-b267-407e-a1ab-7a98a563a7d5/remove_router_interface 2.946s
2024-09-01 11:31:44.814 62620 INFO tempest.lib.common.rest_client [req-cacd1d88-a4b5-44e2-9ba3-c4570667f5e7 req-cacd1d88-a4b5-44e2-9ba3-c4570667f5e7 ] Request (ServersTestBootFromVolume:setUpClass): 200 GET http://10.180.1.21/volume/v3/17e1e2b8d95d4a0fb685ab32cb897619/volumes/c30e3b75-291a-4c8f-a581-8a107220c28c 0.038s
2024-09-01 11:31:44.821 62620 INFO tempest.common.waiters [-] volume c30e3b75-291a-4c8f-a581-8a107220c28c reached available after waiting for 19.821586 seconds
2024-09-01 11:31:44.875 62628 INFO tempest.lib.common.rest_client [req-ed03f482-acbc-43dd-bb82-c183916d7fe9 req-ed03f482-acbc-43dd-bb82-c183916d7fe9 ] Request (ServersTestMultiNic:_run_cleanups): 200 GET http://10.180.1.21/compute/v2.1/servers/6e340df9-53fc-49c3-ad1b-b3a47819aee4 0.982s
2024-09-01 11:31:44.884 62628 INFO tempest.common.waiters [-] State transition "ACTIVE/deleting" ==> "DELETED/None" after 5 second wait
2024-09-01 11:31:44.921 62656 INFO tempest.lib.common.rest_client [req-997f54b9-0e61-47a2-adcd-c3b8d943f138 req-997f54b9-0e61-47a2-adcd-c3b8d943f138 ] Request (ValidationResourcesFixture:setUp): 201 POST http://10.180.1.21:9696/networking/v2.0/security-group-rules 0.396s
2024-09-01 11:31:44.941 62616 INFO tempest.lib.common.rest_client [req-cf0b981b-960b-4a6e-bade-3f6cfc70c518 req-cf0b981b-960b-4a6e-bade-3f6cfc70c518 ] Request (ServersV294TestFqdnHostnames:setUpClass): 201 POST http://10.180.1.21:9696/networking/v2.0/routers 3.146s
2024-09-01 11:31:44.953 62642 INFO tempest.lib.common.rest_client [req-c1aede68-7f92-4f1c-b78f-323beecdbee3 req-c1aede68-7f92-4f1c-b78f-323beecdbee3 ] Request (SecurityGroupRulesTestJSON:test_security_group_rules_create_with_optional_cidr): 200 POST http://10.180.1.21/compute/v2.1/os-security-group-rules 1.774s
2024-09-01 11:31:44.965 62662 INFO tempest.lib.common.rest_client [req-100e8b92-bda3-4504-b557-46bc59cb6ea5 req-100e8b92-bda3-4504-b557-46bc59cb6ea5 ] Request (ServerRescueTestJSONUnderV235:setUpClass): 200 GET http://10.180.1.21/compute/v2.1/servers/739abc95-d1f2-4236-b1c6-0c6664ec1627 0.967s
2024-09-01 11:31:44.981 62654 INFO tempest.lib.common.rest_client [req-a616eba5-e719-4eaa-a387-ab853b02dc5c req-a616eba5-e719-4eaa-a387-ab853b02dc5c ] Request (ServerAddressesTestJSON:test_list_server_addresses_by_network): 200 GET http://10.180.1.21/compute/v2.1/servers/1d935cb5-c9e2-4d1c-93dd-33213b4eb4ad/ips/tempest-ServerAddressesTestJSON-1402361005-network 0.938s
2024-09-01 11:31:44.986 62676 INFO tempest.lib.common.rest_client [req-e56d8d78-4c72-4005-807d-ff55fdfdac8c req-e56d8d78-4c72-4005-807d-ff55fdfdac8c ] Request (ServicesAdminNegativeV253TestJSON:test_get_service_by_invalid_params): 200 GET http://10.180.1.21/compute/v2.1/os-services?xxx=nova-compute 0.913s
2024-09-01 11:31:44.992 62666 WARNING tempest.lib.common.ssh [-] Failed to establish authenticated ssh connection to cirros@10.180.180.214 ([Errno None] Unable to connect to port 22 on 10.180.180.214). Number attempts: 1. Retry after 2 seconds.: paramiko.ssh_exception.NoValidConnectionsError: [Errno None] Unable to connect to port 22 on 10.180.180.214
2024-09-01 11:31:45.004 62648 INFO tempest.lib.common.rest_client [req-b3ec67bb-004f-4309-8589-598bbeccd7ed req-b3ec67bb-004f-4309-8589-598bbeccd7ed ] Request (FlavorsAdminTestJSON:test_is_public_string_variations): 200 GET http://10.180.1.21/compute/v2.1/flavors/detail?is_public=no 0.890s
2024-09-01 11:31:45.016 62622 INFO tempest.lib.common.rest_client [req-89fd361d-7dc3-4ce6-bf90-83fbf8c83244 req-89fd361d-7dc3-4ce6-bf90-83fbf8c83244 ] Request (AggregatesAdminNegativeTestJSON:test_aggregate_remove_nonexistent_host): 404 POST http://10.180.1.21/compute/v2.1/os-aggregates/8/action 0.922s
2024-09-01 11:31:45.017 62618 INFO tempest.lib.common.rest_client [req-a3f1948c-57e2-48dc-99d0-2e320efc53d9 req-a3f1948c-57e2-48dc-99d0-2e320efc53d9 ] Request (QuotasAdminTestJSON:tearDownClass): 204 DELETE http://10.180.1.21:9696/networking/v2.0/security-groups/9c6bd668-2efd-4995-a7e6-7284c74e0b3c 0.377s
2024-09-01 11:31:45.121 62647 INFO tempest.lib.common.rest_client [req-628e6aa8-ad3b-4b4d-babc-30859ca62490 req-628e6aa8-ad3b-4b4d-babc-30859ca62490 ] Request (ServerExternalEventsTest:test_create_server_external_events): 200 GET http://10.180.1.21/compute/v2.1/servers/9a1f2edc-630a-40ea-8f17-c2ff26429401 0.983s
2024-09-01 11:31:45.132 62618 INFO tempest.lib.common.rest_client [req-4ec13b26-65b3-4479-a9d1-c27f46bf5140 req-4ec13b26-65b3-4479-a9d1-c27f46bf5140 ] Request (QuotasAdminTestJSON:tearDownClass): 204 DELETE http://10.180.1.21/identity/v3/projects/c1b460a6154e4d268562553a671d7c64 0.115s
2024-09-01 11:31:45.132 62618 INFO tempest.lib.common.dynamic_creds [-] Deleting project and security group for project: 48a46db5f7df4509aaa818dcf5b8bb13
2024-09-01 11:31:45.136 62653 INFO tempest.lib.common.rest_client [req-71279542-0775-4fbe-9c81-5dd460232306 req-71279542-0775-4fbe-9c81-5dd460232306 ] Request (ImagesNegativeTestJSON:test_create_image_from_deleted_server): 200 GET http://10.180.1.21/compute/v2.1/servers/e0198d4d-598e-4011-a6bd-fb3ef8600957 0.885s
2024-09-01 11:31:45.265 62632 INFO tempest.lib.common.rest_client [req-009499bb-ee18-435b-9703-231fea144a32 req-009499bb-ee18-435b-9703-231fea144a32 ] Request (ServersAdminTestJSON:test_create_server_with_scheduling_hint): 200 GET http://10.180.1.21/compute/v2.1/servers/90a9e8d3-b94f-400e-9e4c-f39ff0679f2e 0.881s
2024-09-01 11:31:45.266 62626 INFO tempest.lib.common.rest_client [req-8622f9df-e9b5-4194-8ed5-7756e91429a0 req-8622f9df-e9b5-4194-8ed5-7756e91429a0 ] Request (ServerDiagnosticsV248Test:tearDownClass): 200 GET http://10.180.1.21/compute/v2.1/servers/4f542947-7fcd-4a1a-9782-4d0ad5608c68 0.961s
2024-09-01 11:31:45.410 62624 INFO tempest.lib.common.rest_client [req-ba546ceb-d80c-4d43-b5ed-2c861352d96b req-ba546ceb-d80c-4d43-b5ed-2c861352d96b ] Request (ServerActionsV293TestJSON:setUpClass): 200 PUT http://10.180.1.21:9696/networking/v2.0/routers/a1dd40a9-a29c-44e0-bbcd-d24818a3814d/add_router_interface 3.890s
2024-09-01 11:31:45.411 62624 INFO tempest.lib.common.dynamic_creds [-] Created isolated network resources for: credentials: Credentials: {'domain_id': 'default', 'domain_name': 'Default', 'username': 'tempest-ServerActionsV293TestJSON-307980074-project-member', 'project_domain_id': 'default', 'project_domain_name': 'Default', 'project_id': '72b63186ea6e4710a69a3e51e2a72a94', 'project_name': 'tempest-ServerActionsV293TestJSON-307980074', 'tenant_id': '72b63186ea6e4710a69a3e51e2a72a94', 'tenant_name': 'tempest-ServerActionsV293TestJSON-307980074', 'user_domain_id': 'default', 'user_domain_name': 'Default', 'user_id': 'b3fd74a8651c444e898fa4839f70a35c', 'system': None}, Network: {'id': 'bce1345e-5fb7-484d-bd88-cf5139deb894', 'name': 'tempest-ServerActionsV293TestJSON-1760753233-network', 'tenant_id': '72b63186ea6e4710a69a3e51e2a72a94', 'admin_state_up': True, 'mtu': 8950, 'status': 'ACTIVE', 'subnets': [], 'shared': False, 'project_id': '72b63186ea6e4710a69a3e51e2a72a94', 'port_security_enabled': True, 'router:external': False, 'provider:network_type': 'vlan', 'provider:physical_network': 'default', 'provider:segmentation_id': 479, 'is_default': False, 'availability_zone_hints': [], 'availability_zones': [], 'ipv4_address_scope': None, 'ipv6_address_scope': None, 'description': '', 'tags': [], 'created_at': '2024-09-01T11:31:37Z', 'updated_at': '2024-09-01T11:31:37Z', 'revision_number': 1}, Subnet: {'id': 'f2f7af3e-e116-44bd-9766-bbec58477cba', 'name': 'tempest-ServerActionsV293TestJSON-1760753233-subnet', 'tenant_id': '72b63186ea6e4710a69a3e51e2a72a94', 'network_id': 'bce1345e-5fb7-484d-bd88-cf5139deb894', 'ip_version': 4, 'subnetpool_id': None, 'enable_dhcp': True, 'ipv6_ra_mode': None, 'ipv6_address_mode': None, 'gateway_ip': '192.168.128.1', 'cidr': '192.168.128.0/28', 'allocation_pools': [{'start': '192.168.128.2', 'end': '192.168.128.14'}], 'host_routes': [], 'dns_nameservers': [], 'description': '', 'router:external': False, 'service_types': [], 'tags': [], 'created_at': '2024-09-01T11:31:37Z', 'updated_at': '2024-09-01T11:31:37Z', 'revision_number': 0, 'project_id': '72b63186ea6e4710a69a3e51e2a72a94'}, Router: {'id': 'a1dd40a9-a29c-44e0-bbcd-d24818a3814d', 'name': 'tempest-ServerActionsV293TestJSON-1760753233-router', 'tenant_id': '72b63186ea6e4710a69a3e51e2a72a94', 'admin_state_up': True, 'status': 'ACTIVE', 'external_gateway_info': {'network_id': 'e79a0a4d-b5dd-4852-84d1-f6041dd4250d', 'external_fixed_ips': [{'subnet_id': '4dbf51f2-71a8-4a33-a8e5-8a22d4dda4f3', 'ip_address': '10.180.180.144'}], 'enable_snat': True}, 'description': '', 'availability_zones': [], 'distributed': False, 'ha': False, 'availability_zone_hints': [], 'routes': [], 'flavor_id': None, 'tags': [], 'created_at': '2024-09-01T11:31:38Z', 'updated_at': '2024-09-01T11:31:39Z', 'revision_number': 2, 'project_id': '72b63186ea6e4710a69a3e51e2a72a94'}
2024-09-01 11:31:45.495 62624 INFO tempest.lib.common.rest_client [req-5dba78e6-8b83-4e17-be8d-abe8659f45c7 req-5dba78e6-8b83-4e17-be8d-abe8659f45c7 ] Request (ServerActionsV293TestJSON:setUpClass): 201 POST http://10.180.1.21/identity/v3/auth/tokens 0.077s
2024-09-01 11:31:45.568 62670 INFO tempest.lib.common.rest_client [req-882a13cc-3a2f-4962-a520-c3c611b4c5d0 req-882a13cc-3a2f-4962-a520-c3c611b4c5d0 ] Request (AttachInterfacesV270Test:setUpClass): 201 POST http://10.180.1.21:9696/networking/v2.0/subnets 0.861s
2024-09-01 11:31:45.630 62638 WARNING tempest.lib.common.ssh [-] Failed to establish authenticated ssh connection to cirros@10.180.180.199 ([Errno None] Unable to connect to port 22 on 10.180.180.199). Number attempts: 2. Retry after 3 seconds.: paramiko.ssh_exception.NoValidConnectionsError: [Errno None] Unable to connect to port 22 on 10.180.180.199
2024-09-01 11:31:45.643 62618 INFO tempest.lib.common.rest_client [req-4d1ceb03-1e37-4046-946e-fb8bd61fc324 req-4d1ceb03-1e37-4046-946e-fb8bd61fc324 ] Request (QuotasAdminTestJSON:tearDownClass): 200 GET http://10.180.1.21:9696/networking/v2.0/security-groups?tenant_id=48a46db5f7df4509aaa818dcf5b8bb13&name=default 0.510s
2024-09-01 11:31:45.670 62674 INFO tempest.lib.common.rest_client [req-2f63b2f0-c89f-4a5f-8719-653d91d15d4e req-2f63b2f0-c89f-4a5f-8719-653d91d15d4e ] Request (MigrationsAdminTest:test_list_migrations_in_flavor_resize_situation): 200 GET http://10.180.1.21/compute/v2.1/servers/95a02af2-8840-4651-9d59-60acd2555614 1.031s
2024-09-01 11:31:45.732 62650 INFO tempest.lib.common.rest_client [req-77aea70c-14af-46c8-b787-d18f48d60eca req-77aea70c-14af-46c8-b787-d18f48d60eca ] Request (SecurityGroupRulesNegativeTestJSON:tearDownClass): 204 DELETE http://10.180.1.21:9696/networking/v2.0/routers/981a003e-a1e8-45cd-a3f1-0462e362bc9d 1.727s
2024-09-01 11:31:45.745 62668 INFO tempest.lib.common.rest_client [req-983412a5-11c3-45ab-86ce-1921bb903420 req-983412a5-11c3-45ab-86ce-1921bb903420 ] Request (ImagesTestJSON:test_create_image_from_stopped_server): 202 POST http://10.180.1.21/compute/v2.1/servers/2b94a6df-5b86-4dae-8e80-4adf1b762751/action 1.083s
2024-09-01 11:31:45.760 62644 WARNING tempest.lib.common.ssh [-] Failed to establish authenticated ssh connection to cirros@10.180.180.240 ([Errno None] Unable to connect to port 22 on 10.180.180.240). Number attempts: 1. Retry after 2 seconds.: paramiko.ssh_exception.NoValidConnectionsError: [Errno None] Unable to connect to port 22 on 10.180.180.240
2024-09-01 11:31:45.992 62630 INFO tempest.lib.common.rest_client [req-696a940d-2a7e-4339-b2c5-d20b71ff7d74 req-696a940d-2a7e-4339-b2c5-d20b71ff7d74 ] Request (FloatingIPsTestJSON:tearDownClass): 204 DELETE http://10.180.1.21:9696/networking/v2.0/routers/7d2e1ab6-b267-407e-a1ab-7a98a563a7d5 1.202s
2024-09-01 11:31:46.064 62650 INFO tempest.lib.common.rest_client [req-faf0ab4e-6119-459d-bd3b-4742aeec682b req-faf0ab4e-6119-459d-bd3b-4742aeec682b ] Request (SecurityGroupRulesNegativeTestJSON:tearDownClass): 204 DELETE http://10.180.1.21:9696/networking/v2.0/subnets/00b508e3-4016-462c-99d6-120b24491dee 0.332s
2024-09-01 11:31:46.161 62658 INFO tempest.lib.common.rest_client [req-bf415163-6344-46a8-912a-991726b9a82c req-bf415163-6344-46a8-912a-991726b9a82c ] Request (ListImageFiltersTestJSON:setUpClass): 200 GET http://10.180.1.21/compute/v2.1/servers/c2f2c8f9-5594-4712-bf2b-d5d5e5943d0c 1.277s
2024-09-01 11:31:46.242 62618 INFO tempest.lib.common.rest_client [req-51c7ba6e-9b3d-4acd-8202-f34aa6dd24d0 req-51c7ba6e-9b3d-4acd-8202-f34aa6dd24d0 ] Request (QuotasAdminTestJSON:tearDownClass): 204 DELETE http://10.180.1.21:9696/networking/v2.0/security-groups/9050d449-704a-4df0-9464-ecdc4cd1a89a 0.598s
2024-09-01 11:31:46.280 62640 INFO tempest.lib.common.rest_client [req-2ef79d6e-711a-43b3-a14a-8ce489870d3b req-2ef79d6e-711a-43b3-a14a-8ce489870d3b ] Request (DeleteServersAdminTestJSON:test_delete_server_while_in_error_state): 200 GET http://10.180.1.21/compute/v2.1/servers/a4b2a1aa-e251-4ec7-b555-15ffa36b8d77 1.343s
2024-09-01 11:31:46.313 62630 INFO tempest.lib.common.rest_client [req-fd53be14-333e-4491-b1a4-4efa80892dfd req-fd53be14-333e-4491-b1a4-4efa80892dfd ] Request (FloatingIPsTestJSON:tearDownClass): 204 DELETE http://10.180.1.21:9696/networking/v2.0/subnets/f0ebb202-ec87-4fe2-83b4-514dbc51bfbc 0.320s
2024-09-01 11:31:46.356 62618 INFO tempest.lib.common.rest_client [req-83dd1809-0180-4f49-9218-11b895c7854d req-83dd1809-0180-4f49-9218-11b895c7854d ] Request (QuotasAdminTestJSON:tearDownClass): 204 DELETE http://10.180.1.21/identity/v3/projects/48a46db5f7df4509aaa818dcf5b8bb13 0.114s
2024-09-01 11:31:46.451 62618 INFO tempest.lib.common.rest_client [req-2e44ec0a-b13f-425c-914c-4954ecdc4a43 req-2e44ec0a-b13f-425c-914c-4954ecdc4a43 ] Request (MultipleCreateNegativeTestJSON:setUpClass): 201 POST http://10.180.1.21/identity/v3/auth/tokens 0.094s
2024-09-01 11:31:46.489 62618 INFO tempest.lib.common.rest_client [req-9d500a6a-ce68-46f4-a101-3fcd87558281 req-9d500a6a-ce68-46f4-a101-3fcd87558281 ] Request (MultipleCreateNegativeTestJSON:setUpClass): 201 POST http://10.180.1.21/identity/v3/auth/tokens 0.035s
2024-09-01 11:31:46.511 62618 INFO tempest.lib.common.rest_client [req-5ac5bc1c-96e1-47ed-81b6-25b966e2e3e6 req-5ac5bc1c-96e1-47ed-81b6-25b966e2e3e6 ] Request (MultipleCreateNegativeTestJSON:setUpClass): 200 GET http://10.180.1.21/identity/v3/domains?name=Default 0.021s
2024-09-01 11:31:46.546 62618 INFO tempest.lib.common.rest_client [req-54328faa-e18e-48b0-b515-9c48fa1cdbae req-54328faa-e18e-48b0-b515-9c48fa1cdbae ] Request (MultipleCreateNegativeTestJSON:setUpClass): 201 POST http://10.180.1.21/identity/v3/projects 0.035s
2024-09-01 11:31:46.629 62618 INFO tempest.lib.common.rest_client [req-1550292c-142f-4db7-8cd8-76dd4d231545 req-1550292c-142f-4db7-8cd8-76dd4d231545 ] Request (MultipleCreateNegativeTestJSON:setUpClass): 201 POST http://10.180.1.21/identity/v3/users 0.082s
2024-09-01 11:31:46.639 62620 INFO tempest.lib.common.rest_client [req-f38268b7-4989-421a-ac65-71fc33746e51 req-f38268b7-4989-421a-ac65-71fc33746e51 ] Request (ServersTestBootFromVolume:setUpClass): 202 POST http://10.180.1.21/compute/v2.1/servers 1.817s
2024-09-01 11:31:46.658 62618 INFO tempest.lib.common.rest_client [req-ffbc01dd-1576-4b54-a1e9-ac8a94628001 req-ffbc01dd-1576-4b54-a1e9-ac8a94628001 ] Request (MultipleCreateNegativeTestJSON:setUpClass): 200 GET http://10.180.1.21/identity/v3/roles 0.028s
2024-09-01 11:31:46.692 62618 INFO tempest.lib.common.rest_client [req-72afc0e5-77f4-47ce-a1b1-74fb72c9a58d req-72afc0e5-77f4-47ce-a1b1-74fb72c9a58d ] Request (MultipleCreateNegativeTestJSON:setUpClass): 204 PUT http://10.180.1.21/identity/v3/projects/e1d4caf143ca4a2ea208654f529470cf/users/800a18428a2f459ebef8229f73c4d724/roles/cb1e684d36fc4c94ba97ac6da61c7010 0.033s
2024-09-01 11:31:46.692 62618 INFO tempest.lib.common.dynamic_creds [-] Dynamic test user 800a18428a2f459ebef8229f73c4d724 is created with scope project and roles: ['member']
2024-09-01 11:31:46.693 62618 INFO tempest.lib.common.dynamic_creds [-] Acquired dynamic creds: credentials: Credentials: {'domain_id': 'default', 'domain_name': 'Default', 'username': 'tempest-MultipleCreateNegativeTestJSON-833699932-project-member', 'project_domain_id': 'default', 'project_domain_name': 'Default', 'project_id': 'e1d4caf143ca4a2ea208654f529470cf', 'project_name': 'tempest-MultipleCreateNegativeTestJSON-833699932', 'tenant_id': 'e1d4caf143ca4a2ea208654f529470cf', 'tenant_name': 'tempest-MultipleCreateNegativeTestJSON-833699932', 'user_domain_id': 'default', 'user_domain_name': 'Default', 'user_id': '800a18428a2f459ebef8229f73c4d724', 'system': None}, Network: None, Subnet: None, Router: None
2024-09-01 11:31:46.693 62618 INFO tempest.lib.common.dynamic_creds [-] Created isolated network resources for: credentials: Credentials: {'domain_id': 'default', 'domain_name': 'Default', 'username': 'tempest-MultipleCreateNegativeTestJSON-833699932-project-member', 'project_domain_id': 'default', 'project_domain_name': 'Default', 'project_id': 'e1d4caf143ca4a2ea208654f529470cf', 'project_name': 'tempest-MultipleCreateNegativeTestJSON-833699932', 'tenant_id': 'e1d4caf143ca4a2ea208654f529470cf', 'tenant_name': 'tempest-MultipleCreateNegativeTestJSON-833699932', 'user_domain_id': 'default', 'user_domain_name': 'Default', 'user_id': '800a18428a2f459ebef8229f73c4d724', 'system': None}, Network: None, Subnet: None, Router: None
2024-09-01 11:31:46.787 62654 INFO tempest.lib.common.rest_client [req-7f81e578-6c50-4b37-b035-4945df7807ef req-7f81e578-6c50-4b37-b035-4945df7807ef ] Request (ServerAddressesTestJSON:tearDownClass): 204 DELETE http://10.180.1.21/compute/v2.1/servers/1d935cb5-c9e2-4d1c-93dd-33213b4eb4ad 1.801s
2024-09-01 11:31:46.823 62676 INFO tempest.lib.common.rest_client [req-d54b469f-e845-4991-87a1-ec70470eca13 req-d54b469f-e845-4991-87a1-ec70470eca13 ] Request (ServicesAdminNegativeV253TestJSON:test_get_service_by_invalid_service_and_valid_host): 200 GET http://10.180.1.21/compute/v2.1/os-services 1.830s
2024-09-01 11:31:46.828 62618 INFO tempest.lib.common.rest_client [req-913ece93-1ce1-40df-8e37-eadd6d07740d req-913ece93-1ce1-40df-8e37-eadd6d07740d ] Request (MultipleCreateNegativeTestJSON:setUpClass): 201 POST http://10.180.1.21/identity/v3/auth/tokens 0.132s
2024-09-01 11:31:46.831 62650 INFO tempest.lib.common.rest_client [req-803803e7-4208-4bae-8df4-4d43bdb6df9a req-803803e7-4208-4bae-8df4-4d43bdb6df9a ] Request (SecurityGroupRulesNegativeTestJSON:tearDownClass): 204 DELETE http://10.180.1.21:9696/networking/v2.0/networks/034b22e8-28d3-4e63-b926-e1a1dcaafa19 0.766s
2024-09-01 11:31:46.833 62648 INFO tempest.lib.common.rest_client [req-af600f9b-b383-4a3a-ac6b-3fde628545a0 req-af600f9b-b383-4a3a-ac6b-3fde628545a0 ] Request (FlavorsAdminTestJSON:test_is_public_string_variations): 200 GET http://10.180.1.21/compute/v2.1/flavors/detail?is_public=0 1.826s
2024-09-01 11:31:46.856 62622 INFO tempest.lib.common.rest_client [req-9f2cb924-cdec-4d2f-8c93-c7cd73a56bea req-9f2cb924-cdec-4d2f-8c93-c7cd73a56bea ] Request (AggregatesAdminNegativeTestJSON:_run_cleanups): 200 DELETE http://10.180.1.21/compute/v2.1/os-aggregates/8 1.839s
2024-09-01 11:31:46.889 62618 INFO tempest.lib.common.rest_client [req-fd7804b8-6794-488b-9c5b-1bb7aa65b296 req-fd7804b8-6794-488b-9c5b-1bb7aa65b296 ] Request (MultipleCreateNegativeTestJSON:test_max_count_less_than_min_count): 201 POST http://10.180.1.21/identity/v3/auth/tokens 0.053s
2024-09-01 11:31:46.889 62618 INFO tempest.lib.common.fixed_network [-] (MultipleCreateNegativeTestJSON:test_max_count_less_than_min_count) Found network None available for tenant
2024-09-01 11:31:46.973 62672 INFO tempest.lib.common.rest_client [req-28a6707a-bbd6-4c07-ab54-0a10d7181143 req-28a6707a-bbd6-4c07-ab54-0a10d7181143 ] Request (InstanceActionsTestJSON:tearDownClass): 200 GET http://10.180.1.21/compute/v2.1/servers/2a05546a-ddde-45dd-8583-40fea262fada 1.741s
2024-09-01 11:31:47.010 62650 INFO tempest.lib.common.rest_client [req-f2fa1b67-d9b7-474f-b5c0-c93e67b342de req-f2fa1b67-d9b7-474f-b5c0-c93e67b342de ] Request (SecurityGroupRulesNegativeTestJSON:tearDownClass): 204 DELETE http://10.180.1.21/identity/v3/users/77ccfddf775d438ebb9b63a1164d498c 0.179s
2024-09-01 11:31:47.011 62650 INFO tempest.lib.common.dynamic_creds [-] Deleting project and security group for project: f6933d6802f54beb99d884287b833cce
2024-09-01 11:31:47.040 62622 INFO tempest.lib.common.rest_client [req-7fa856eb-88b0-4616-9f41-db0555ccdb57 req-7fa856eb-88b0-4616-9f41-db0555ccdb57 ] Request (AggregatesAdminNegativeTestJSON:tearDownClass): 204 DELETE http://10.180.1.21/identity/v3/users/03c6ade5dcab4710a0bda0d09385623c 0.181s
2024-09-01 11:31:47.078 62650 INFO tempest.lib.common.rest_client [req-29a4fd4a-25f2-4f1e-9404-198de84940dc req-29a4fd4a-25f2-4f1e-9404-198de84940dc ] Request (SecurityGroupRulesNegativeTestJSON:tearDownClass): 200 GET http://10.180.1.21:9696/networking/v2.0/security-groups?tenant_id=f6933d6802f54beb99d884287b833cce&name=default 0.067s
2024-09-01 11:31:47.087 62642 INFO tempest.lib.common.rest_client [req-1efe5192-dd04-4ec8-8824-4480614b0b1e req-1efe5192-dd04-4ec8-8824-4480614b0b1e ] Request (SecurityGroupRulesTestJSON:test_security_group_rules_create_with_optional_group_id): 200 POST http://10.180.1.21/compute/v2.1/os-security-groups 2.130s
2024-09-01 11:31:47.151 62668 INFO tempest.lib.common.rest_client [req-43e0f70a-ef5c-4843-899d-d8fc398255a1 req-43e0f70a-ef5c-4843-899d-d8fc398255a1 ] Request (ImagesTestJSON:test_create_image_from_stopped_server): 200 GET http://10.180.1.21/compute/v2.1/images/5dac29a8-279c-4783-b857-59402fc3dd6e 1.403s
2024-09-01 11:31:47.222 62656 INFO tempest.lib.common.rest_client [req-0b9d0eb3-aa64-4128-98d8-0d02d492d707 req-0b9d0eb3-aa64-4128-98d8-0d02d492d707 ] Request (ValidationResourcesFixture:setUp): 201 POST http://10.180.1.21:9696/networking/v2.0/floatingips 2.301s
2024-09-01 11:31:47.252 62622 INFO tempest.lib.common.rest_client [req-08a50f27-cc4f-4d47-ae93-05ede9a9ca60 req-08a50f27-cc4f-4d47-ae93-05ede9a9ca60 ] Request (AggregatesAdminNegativeTestJSON:tearDownClass): 204 DELETE http://10.180.1.21/identity/v3/users/cdeea449476b43c28438c6c54a68a478 0.211s
2024-09-01 11:31:47.252 62622 INFO tempest.lib.common.dynamic_creds [-] Deleting project and security group for project: 2ae09724d2b6415494db8304d66009b5
2024-09-01 11:31:47.271 62624 INFO tempest.lib.common.rest_client [req-cb1408b9-cb0b-4dfa-b55f-583a337755fe req-cb1408b9-cb0b-4dfa-b55f-583a337755fe ] Request (ServerActionsV293TestJSON:setUpClass): 201 POST http://10.180.1.21/compute/v2.1/os-keypairs 1.775s
2024-09-01 11:31:47.321 62656 INFO tempest.lib.common.rest_client [req-1b2efdb1-771f-4efc-87a0-a09d23e520cc req-1b2efdb1-771f-4efc-87a0-a09d23e520cc ] Request (AttachInterfacesTestJSON:test_create_list_show_delete_interfaces_by_fixed_ip): 201 POST http://10.180.1.21/identity/v3/auth/tokens 0.095s
2024-09-01 11:31:47.321 62656 INFO tempest.lib.common.fixed_network [-] (AttachInterfacesTestJSON:test_create_list_show_delete_interfaces_by_fixed_ip) Found network {'id': '3545bf73-45aa-4f3d-8c49-b57b3a89e0fe', 'name': 'tempest-AttachInterfacesTestJSON-812775669-network', 'tenant_id': '48689b9136494ae094a19f7e1232ea19', 'admin_state_up': True, 'mtu': 8950, 'status': 'ACTIVE', 'subnets': [], 'shared': False, 'project_id': '48689b9136494ae094a19f7e1232ea19', 'port_security_enabled': True, 'router:external': False, 'provider:network_type': 'vlan', 'provider:physical_network': 'default', 'provider:segmentation_id': 600, 'is_default': False, 'availability_zone_hints': [], 'availability_zones': [], 'ipv4_address_scope': None, 'ipv6_address_scope': None, 'description': '', 'tags': [], 'created_at': '2024-09-01T11:31:36Z', 'updated_at': '2024-09-01T11:31:37Z', 'revision_number': 1} available for tenant
2024-09-01 11:31:47.363 62650 INFO tempest.lib.common.rest_client [req-8646ffd3-ce58-46bb-8f66-e2fa8023bf90 req-8646ffd3-ce58-46bb-8f66-e2fa8023bf90 ] Request (SecurityGroupRulesNegativeTestJSON:tearDownClass): 204 DELETE http://10.180.1.21:9696/networking/v2.0/security-groups/cc9e9f49-c28b-44d8-bf6e-4604b0a199b2 0.284s
2024-09-01 11:31:47.400 62628 INFO tempest.lib.common.rest_client [req-f0cdf8a3-a5b8-4372-8aa4-1756825fd330 req-f0cdf8a3-a5b8-4372-8aa4-1756825fd330 ] Request (ServersTestMultiNic:_run_cleanups): 200 GET http://10.180.1.21/compute/v2.1/servers/6e340df9-53fc-49c3-ad1b-b3a47819aee4 1.515s
2024-09-01 11:31:47.487 62634 WARNING tempest.lib.common.ssh [-] Failed to establish authenticated ssh connection to cirros@10.180.180.159 ([Errno None] Unable to connect to port 22 on 10.180.180.159). Number attempts: 3. Retry after 4 seconds.: paramiko.ssh_exception.NoValidConnectionsError: [Errno None] Unable to connect to port 22 on 10.180.180.159
2024-09-01 11:31:47.494 62662 INFO tempest.lib.common.rest_client [req-ff2c0803-5041-40c5-bb3b-bb5b6ae72490 req-ff2c0803-5041-40c5-bb3b-bb5b6ae72490 ] Request (ServerRescueTestJSONUnderV235:setUpClass): 200 GET http://10.180.1.21/compute/v2.1/servers/739abc95-d1f2-4236-b1c6-0c6664ec1627 1.519s
2024-09-01 11:31:47.501 62662 INFO tempest.common.waiters [-] State transition "BUILD/None" ==> "BUILD/networking" after 18 second wait
2024-09-01 11:31:47.504 62622 INFO tempest.lib.common.rest_client [req-7f767b42-a423-42e2-a6f0-45b8eedcb8fa req-7f767b42-a423-42e2-a6f0-45b8eedcb8fa ] Request (AggregatesAdminNegativeTestJSON:tearDownClass): 201 POST http://10.180.1.21/identity/v3/auth/tokens 0.252s
2024-09-01 11:31:47.535 62650 INFO tempest.lib.common.rest_client [req-e90ffc27-23c1-4717-b715-010c3ab14aa4 req-e90ffc27-23c1-4717-b715-010c3ab14aa4 ] Request (SecurityGroupRulesNegativeTestJSON:tearDownClass): 204 DELETE http://10.180.1.21/identity/v3/projects/f6933d6802f54beb99d884287b833cce 0.172s
2024-09-01 11:31:47.569 62647 INFO tempest.lib.common.rest_client [req-d3cdefbb-cf59-4dcb-b7e6-af3c792226c1 req-d3cdefbb-cf59-4dcb-b7e6-af3c792226c1 ] Request (ServerExternalEventsTest:test_create_server_external_events): 200 GET http://10.180.1.21/compute/v2.1/servers/9a1f2edc-630a-40ea-8f17-c2ff26429401 1.434s
2024-09-01 11:31:47.621 62650 INFO tempest.lib.common.rest_client [req-03281163-2a5a-4cfb-8e1d-57b3b6fe6c95 req-03281163-2a5a-4cfb-8e1d-57b3b6fe6c95 ] Request (InstanceActionsV221TestJSON:setUpClass): 201 POST http://10.180.1.21/identity/v3/auth/tokens 0.084s
2024-09-01 11:31:47.644 62653 INFO tempest.lib.common.rest_client [req-6ef5c515-1858-445d-a3fe-23e6361c59e3 req-6ef5c515-1858-445d-a3fe-23e6361c59e3 ] Request (ImagesNegativeTestJSON:test_create_image_from_deleted_server): 200 GET http://10.180.1.21/compute/v2.1/servers/e0198d4d-598e-4011-a6bd-fb3ef8600957 1.497s
2024-09-01 11:31:47.673 62650 INFO tempest.lib.common.rest_client [req-c5fc189e-b5c3-4f6c-8b53-88ecc583cdcb req-c5fc189e-b5c3-4f6c-8b53-88ecc583cdcb ] Request (InstanceActionsV221TestJSON:setUpClass): 201 POST http://10.180.1.21/identity/v3/auth/tokens 0.048s
2024-09-01 11:31:47.705 62650 INFO tempest.lib.common.rest_client [req-2c002afb-3c72-42b2-b811-67cab4697bbd req-2c002afb-3c72-42b2-b811-67cab4697bbd ] Request (InstanceActionsV221TestJSON:setUpClass): 200 GET http://10.180.1.21/identity/v3/domains?name=Default 0.032s
2024-09-01 11:31:47.715 62632 INFO tempest.lib.common.rest_client [req-95ee5a5b-8e98-4830-af0f-5e039621cc88 req-95ee5a5b-8e98-4830-af0f-5e039621cc88 ] Request (ServersAdminTestJSON:test_create_server_with_scheduling_hint): 200 GET http://10.180.1.21/compute/v2.1/servers/90a9e8d3-b94f-400e-9e4c-f39ff0679f2e 1.439s
2024-09-01 11:31:47.740 62650 INFO tempest.lib.common.rest_client [req-40d39128-47d4-407b-8941-5855e751e078 req-40d39128-47d4-407b-8941-5855e751e078 ] Request (InstanceActionsV221TestJSON:setUpClass): 201 POST http://10.180.1.21/identity/v3/projects 0.035s
2024-09-01 11:31:47.792 62626 INFO tempest.lib.common.rest_client [req-ffa074c1-4c42-43ef-8998-10e4e2b371df req-ffa074c1-4c42-43ef-8998-10e4e2b371df ] Request (ServerDiagnosticsV248Test:tearDownClass): 200 GET http://10.180.1.21/compute/v2.1/servers/4f542947-7fcd-4a1a-9782-4d0ad5608c68 1.510s
2024-09-01 11:31:47.802 62650 INFO tempest.lib.common.rest_client [req-8e10ea75-523d-4aef-a6aa-3ead01675ac8 req-8e10ea75-523d-4aef-a6aa-3ead01675ac8 ] Request (InstanceActionsV221TestJSON:setUpClass): 201 POST http://10.180.1.21/identity/v3/users 0.061s
2024-09-01 11:31:47.835 62650 INFO tempest.lib.common.rest_client [req-f84f7f00-83a6-4c0c-81c6-9f184bc863b4 req-f84f7f00-83a6-4c0c-81c6-9f184bc863b4 ] Request (InstanceActionsV221TestJSON:setUpClass): 200 GET http://10.180.1.21/identity/v3/roles 0.033s
2024-09-01 11:31:47.853 62620 INFO tempest.lib.common.rest_client [req-3b7f2133-2153-4707-9948-77775f58ebfd req-3b7f2133-2153-4707-9948-77775f58ebfd ] Request (ServersTestBootFromVolume:setUpClass): 200 GET http://10.180.1.21/compute/v2.1/servers/20088876-4004-4c5c-8bf1-ebad77343074 1.213s
2024-09-01 11:31:47.866 62650 INFO tempest.lib.common.rest_client [req-b022b905-2d30-4245-ab2f-cd0df2748c98 req-b022b905-2d30-4245-ab2f-cd0df2748c98 ] Request (InstanceActionsV221TestJSON:setUpClass): 204 PUT http://10.180.1.21/identity/v3/projects/4d92e25795b74a3cad79b6984aaac4e2/users/8ebbfb97151342deaf8fde4c30f44240/roles/cb1e684d36fc4c94ba97ac6da61c7010 0.030s
2024-09-01 11:31:47.866 62650 INFO tempest.lib.common.dynamic_creds [-] Dynamic test user 8ebbfb97151342deaf8fde4c30f44240 is created with scope project and roles: ['member']
2024-09-01 11:31:47.867 62650 INFO tempest.lib.common.dynamic_creds [-] Acquired dynamic creds: credentials: Credentials: {'domain_id': 'default', 'domain_name': 'Default', 'username': 'tempest-InstanceActionsV221TestJSON-57782996-project-member', 'project_domain_id': 'default', 'project_domain_name': 'Default', 'project_id': '4d92e25795b74a3cad79b6984aaac4e2', 'project_name': 'tempest-InstanceActionsV221TestJSON-57782996', 'tenant_id': '4d92e25795b74a3cad79b6984aaac4e2', 'tenant_name': 'tempest-InstanceActionsV221TestJSON-57782996', 'user_domain_id': 'default', 'user_domain_name': 'Default', 'user_id': '8ebbfb97151342deaf8fde4c30f44240', 'system': None}, Network: None, Subnet: None, Router: None
2024-09-01 11:31:47.916 62622 INFO tempest.lib.common.rest_client [req-2240b552-c306-4fe6-9940-683809423d5a req-2240b552-c306-4fe6-9940-683809423d5a ] Request (AggregatesAdminNegativeTestJSON:tearDownClass): 200 GET http://10.180.1.21:9696/networking/v2.0/security-groups?tenant_id=2ae09724d2b6415494db8304d66009b5&name=default 0.411s
2024-09-01 11:31:47.932 62650 INFO tempest.lib.common.rest_client [req-2802ba9d-25d5-4d36-b9a1-f53abdacad3f req-2802ba9d-25d5-4d36-b9a1-f53abdacad3f ] Request (InstanceActionsV221TestJSON:setUpClass): 201 POST http://10.180.1.21/identity/v3/auth/tokens 0.064s
2024-09-01 11:31:47.978 62664 INFO tempest.lib.common.rest_client [req-2e82eee8-568d-431a-a331-5e5b9c9143f3 req-2e82eee8-568d-431a-a331-5e5b9c9143f3 ] Request (ImagesOneServerNegativeTestJSON:setUpClass): 200 GET http://10.180.1.21/compute/v2.1/servers/c820d9a0-8032-4872-b3ee-c5e82f33957e 2.202s
2024-09-01 11:31:47.988 62664 INFO tempest.common.waiters [-] State transition "BUILD/networking" ==> "BUILD/spawning" after 18 second wait
2024-09-01 11:31:48.016 62630 INFO tempest.lib.common.rest_client [req-1a3e3d0f-b029-412b-aa91-18dcf50f6d73 req-1a3e3d0f-b029-412b-aa91-18dcf50f6d73 ] Request (FloatingIPsTestJSON:tearDownClass): 204 DELETE http://10.180.1.21:9696/networking/v2.0/networks/47e41c0c-35b0-4419-9908-96d87ddfcd84 1.703s
2024-09-01 11:31:48.079 62624 INFO tempest.lib.common.rest_client [req-afaffb62-9e5b-4847-9316-ef6a499c83ec req-afaffb62-9e5b-4847-9316-ef6a499c83ec ] Request (ServerActionsV293TestJSON:setUpClass): 201 POST http://10.180.1.21:9696/networking/v2.0/security-groups 0.806s
2024-09-01 11:31:48.096 62630 INFO tempest.lib.common.rest_client [req-846a8315-b3cc-4455-b0ab-53fb8683d4a5 req-846a8315-b3cc-4455-b0ab-53fb8683d4a5 ] Request (FloatingIPsTestJSON:tearDownClass): 204 DELETE http://10.180.1.21/identity/v3/users/3373cd5f36404b839442c3de5b890de5 0.078s
2024-09-01 11:31:48.096 62630 INFO tempest.lib.common.dynamic_creds [-] Deleting project and security group for project: cfacdcc3b62d43a0a81a7225f3df6d95
2024-09-01 11:31:48.150 62674 INFO tempest.lib.common.rest_client [req-fc8c0f5e-c432-4d60-9f85-324108c9dbc8 req-fc8c0f5e-c432-4d60-9f85-324108c9dbc8 ] Request (MigrationsAdminTest:test_list_migrations_in_flavor_resize_situation): 200 GET http://10.180.1.21/compute/v2.1/servers/95a02af2-8840-4651-9d59-60acd2555614 1.471s
2024-09-01 11:31:48.180 62676 INFO tempest.lib.common.rest_client [req-fcb6023c-936c-4c2e-91b3-d957adf6c4ce req-fcb6023c-936c-4c2e-91b3-d957adf6c4ce ] Request (ServicesAdminNegativeV253TestJSON:test_get_service_by_invalid_service_and_valid_host): 200 GET http://10.180.1.21/compute/v2.1/os-services?host=devstack&binary=xxx 1.351s
2024-09-01 11:31:48.196 62648 INFO tempest.lib.common.rest_client [req-7c837ccc-feef-4f2a-982e-a97dd6f9e346 req-7c837ccc-feef-4f2a-982e-a97dd6f9e346 ] Request (FlavorsAdminTestJSON:test_is_public_string_variations): 200 GET http://10.180.1.21/compute/v2.1/flavors/detail?is_public=t 1.360s
2024-09-01 11:31:48.244 62630 INFO tempest.lib.common.rest_client [req-00aa51e2-e7c3-4681-8d07-b9498740dbd3 req-00aa51e2-e7c3-4681-8d07-b9498740dbd3 ] Request (FloatingIPsTestJSON:tearDownClass): 200 GET http://10.180.1.21:9696/networking/v2.0/security-groups?tenant_id=cfacdcc3b62d43a0a81a7225f3df6d95&name=default 0.148s
2024-09-01 11:31:48.331 62622 INFO tempest.lib.common.rest_client [req-18dd753d-3803-4631-a231-b6fd813ba6a0 req-18dd753d-3803-4631-a231-b6fd813ba6a0 ] Request (AggregatesAdminNegativeTestJSON:tearDownClass): 204 DELETE http://10.180.1.21:9696/networking/v2.0/security-groups/42a0eaf2-571c-4b71-844a-24e4dde938ca 0.414s
2024-09-01 11:31:48.353 62618 INFO tempest.lib.common.rest_client [req-e8c16c22-4a1a-4a45-b1d4-db2f9ee8f02f req-e8c16c22-4a1a-4a45-b1d4-db2f9ee8f02f ] Request (MultipleCreateNegativeTestJSON:test_max_count_less_than_min_count): 400 POST http://10.180.1.21/compute/v2.1/servers 1.462s
2024-09-01 11:31:48.391 62618 INFO tempest.lib.common.rest_client [req-f532089d-d167-4f0e-9fd3-84c247f96429 req-f532089d-d167-4f0e-9fd3-84c247f96429 ] Request (MultipleCreateNegativeTestJSON:test_max_count_less_than_one): 201 POST http://10.180.1.21/identity/v3/auth/tokens 0.030s
2024-09-01 11:31:48.391 62618 INFO tempest.lib.common.fixed_network [-] (MultipleCreateNegativeTestJSON:test_max_count_less_than_one) Found network None available for tenant
2024-09-01 11:31:48.429 62654 INFO tempest.lib.common.rest_client [req-6430df01-5908-46c9-a619-01d840c843b2 req-6430df01-5908-46c9-a619-01d840c843b2 ] Request (ServerAddressesTestJSON:tearDownClass): 200 GET http://10.180.1.21/compute/v2.1/servers/1d935cb5-c9e2-4d1c-93dd-33213b4eb4ad 1.641s
2024-09-01 11:31:48.449 62622 INFO tempest.lib.common.rest_client [req-8f5657fa-0348-44e6-bc88-a926e90335d2 req-8f5657fa-0348-44e6-bc88-a926e90335d2 ] Request (AggregatesAdminNegativeTestJSON:tearDownClass): 204 DELETE http://10.180.1.21/identity/v3/projects/2ae09724d2b6415494db8304d66009b5 0.117s
2024-09-01 11:31:48.449 62622 INFO tempest.lib.common.dynamic_creds [-] Deleting project and security group for project: 5d45b4696431491b9a99cb8636495db2
2024-09-01 11:31:48.519 62624 INFO tempest.lib.common.rest_client [req-0ec2813e-2ac1-4636-872b-2cffdbdefb2f req-0ec2813e-2ac1-4636-872b-2cffdbdefb2f ] Request (ServerActionsV293TestJSON:setUpClass): 201 POST http://10.180.1.21:9696/networking/v2.0/security-group-rules 0.439s
2024-09-01 11:31:48.643 62630 INFO tempest.lib.common.rest_client [req-04b98b96-1e15-4672-b345-2f66b769baf7 req-04b98b96-1e15-4672-b345-2f66b769baf7 ] Request (FloatingIPsTestJSON:tearDownClass): 204 DELETE http://10.180.1.21:9696/networking/v2.0/security-groups/1bec7628-386c-4335-8863-0908465cbc53 0.399s
2024-09-01 11:31:48.685 62650 INFO tempest.lib.common.rest_client [req-0071807e-c9dc-4f3d-96ee-3318c63f596d req-0071807e-c9dc-4f3d-96ee-3318c63f596d ] Request (InstanceActionsV221TestJSON:setUpClass): 201 POST http://10.180.1.21:9696/networking/v2.0/networks 0.753s
2024-09-01 11:31:48.695 62642 INFO tempest.lib.common.rest_client [req-1e84b354-9255-4fde-8cd3-e2fca6ba3467 req-1e84b354-9255-4fde-8cd3-e2fca6ba3467 ] Request (SecurityGroupRulesTestJSON:test_security_group_rules_create_with_optional_group_id): 200 POST http://10.180.1.21/compute/v2.1/os-security-groups 1.604s
2024-09-01 11:31:48.744 62622 INFO tempest.lib.common.rest_client [req-d92a9834-c081-48d9-a410-6b632946182b req-d92a9834-c081-48d9-a410-6b632946182b ] Request (AggregatesAdminNegativeTestJSON:tearDownClass): 200 GET http://10.180.1.21:9696/networking/v2.0/security-groups?tenant_id=5d45b4696431491b9a99cb8636495db2&name=default 0.295s
2024-09-01 11:31:48.751 62630 INFO tempest.lib.common.rest_client [req-7083da38-fe6c-45af-b439-b0614cde5c3a req-7083da38-fe6c-45af-b439-b0614cde5c3a ] Request (FloatingIPsTestJSON:tearDownClass): 204 DELETE http://10.180.1.21/identity/v3/projects/cfacdcc3b62d43a0a81a7225f3df6d95 0.107s
2024-09-01 11:31:48.758 62640 INFO tempest.lib.common.rest_client [req-f596d1c9-d4da-45d2-8dbe-0a20a61a462c req-f596d1c9-d4da-45d2-8dbe-0a20a61a462c ] Request (DeleteServersAdminTestJSON:test_delete_server_while_in_error_state): 200 GET http://10.180.1.21/compute/v2.1/servers/a4b2a1aa-e251-4ec7-b555-15ffa36b8d77 1.468s
2024-09-01 11:31:48.815 62630 INFO tempest.lib.common.rest_client [req-64064e99-740b-4a87-b9fe-36c65f6bf85f req-64064e99-740b-4a87-b9fe-36c65f6bf85f ] Request (ImagesMetadataTestJSON:setUpClass): 201 POST http://10.180.1.21/identity/v3/auth/tokens 0.063s
