2024-09-01 11:32:44.760 62668 INFO tempest.lib.common.rest_client [req-a956b9a5-4d2b-4fc8-927a-b9750afab87f req-a956b9a5-4d2b-4fc8-927a-b9750afab87f ] Request (ImagesTestJSON:test_create_image_from_suspended_server): 200 GET http://10.180.1.21/compute/v2.1/servers/cf6c02f8-74de-41c8-8d14-1672b72caf94 0.380s
2024-09-01 11:32:44.767 62668 INFO tempest.common.waiters [-] State transition "BUILD/networking" ==> "BUILD/spawning" after 35 second wait
2024-09-01 11:32:44.799 62676 INFO tempest.lib.common.rest_client [req-0a2d2755-1765-4a3d-9c79-6e6cc3382afd req-0a2d2755-1765-4a3d-9c79-6e6cc3382afd ] Request (FloatingIPsAssociationTestJSON:test_associate_already_associated_floating_ip): 200 GET http://10.180.1.21/compute/v2.1/servers/066332f1-0d7e-44ed-9715-e2fda7d2a850 0.275s
2024-09-01 11:32:44.815 62622 INFO tempest.lib.common.rest_client [req-7d7e88e1-9a65-4389-9bd7-bacf092bec74 req-7d7e88e1-9a65-4389-9bd7-bacf092bec74 ] Request (ServersAdmin275Test:_run_cleanups): 200 GET http://10.180.1.21/compute/v2.1/servers/938dc5ba-472c-401e-ad27-7b3b50d354bd 0.236s
2024-09-01 11:32:44.858 62648 INFO tempest.lib.common.rest_client [req-8512a030-8b6a-4177-9b5e-6664b43741cb req-8512a030-8b6a-4177-9b5e-6664b43741cb ] Request (TenantUsagesTestJSON:setUpClass): 200 GET http://10.180.1.21/compute/v2.1/servers/aa1f980f-7534-490c-9602-98dd2b0db08d 0.241s
2024-09-01 11:32:44.867 62624 INFO tempest.lib.common.rest_client [req-a06aae7a-2275-4197-ab15-c3ce50065b0b req-a06aae7a-2275-4197-ab15-c3ce50065b0b ] Request (ServerActionsV293TestJSON:setUpClass): 200 GET http://10.180.1.21/compute/v2.1/servers/02bd83e1-6b13-4dba-9ce6-c3fd0df3e2c1 0.197s
2024-09-01 11:32:44.932 62653 INFO tempest.lib.common.rest_client [req-eac97ec2-8f6a-4c0e-9e20-d6bce4239525 req-eac97ec2-8f6a-4c0e-9e20-d6bce4239525 ] Request (ServerAddressesNegativeTestJSON:setUpClass): 200 GET http://10.180.1.21/compute/v2.1/servers/329a1099-cb7a-4196-8ae5-fb66d2fe2b1e 0.194s
2024-09-01 11:32:44.936 62634 WARNING tempest.lib.common.ssh [-] Failed to establish authenticated ssh connection to cirros@10.180.180.159 ([Errno None] Unable to connect to port 22 on 10.180.180.159). Number attempts: 9. Retry after 10 seconds.: paramiko.ssh_exception.NoValidConnectionsError: [Errno None] Unable to connect to port 22 on 10.180.180.159
2024-09-01 11:32:44.953 62640 INFO tempest.lib.common.rest_client [req-481aa5f0-62fa-44ba-ab38-be39b391e9c5 req-481aa5f0-62fa-44ba-ab38-be39b391e9c5 ] Request (DeleteServersAdminTestJSON:test_delete_server_while_in_error_state): 404 GET http://10.180.1.21/compute/v2.1/servers/a4b2a1aa-e251-4ec7-b555-15ffa36b8d77 0.144s
2024-09-01 11:32:45.004 62647 INFO tempest.lib.common.rest_client [req-b5c49b0a-7b12-4554-8e76-598c9ab12472 req-b5c49b0a-7b12-4554-8e76-598c9ab12472 ] Request (DeleteServersTestJSON:setUpClass): 200 PUT http://10.180.1.21:9696/networking/v2.0/routers/27bf2fed-a55a-45f1-a330-8c7f44d12a5b/add_router_interface 1.101s
2024-09-01 11:32:45.004 62647 INFO tempest.lib.common.dynamic_creds [-] Created isolated network resources for: credentials: Credentials: {'domain_id': 'default', 'domain_name': 'Default', 'username': 'tempest-DeleteServersTestJSON-1819113082-project-member', 'project_domain_id': 'default', 'project_domain_name': 'Default', 'project_id': 'bc773f8fb04643c69efd1965b956b8b8', 'project_name': 'tempest-DeleteServersTestJSON-1819113082', 'tenant_id': 'bc773f8fb04643c69efd1965b956b8b8', 'tenant_name': 'tempest-DeleteServersTestJSON-1819113082', 'user_domain_id': 'default', 'user_domain_name': 'Default', 'user_id': '5144ee9c90e34ba7ac06e5f986e369d2', 'system': None}, Network: {'id': '33988975-baa5-4028-9108-a903c47e1f05', 'name': 'tempest-DeleteServersTestJSON-62876723-network', 'tenant_id': 'bc773f8fb04643c69efd1965b956b8b8', 'admin_state_up': True, 'mtu': 8950, 'status': 'ACTIVE', 'subnets': [], 'shared': False, 'project_id': 'bc773f8fb04643c69efd1965b956b8b8', 'port_security_enabled': True, 'router:external': False, 'provider:network_type': 'vlan', 'provider:physical_network': 'default', 'provider:segmentation_id': 817, 'is_default': False, 'availability_zone_hints': [], 'availability_zones': [], 'ipv4_address_scope': None, 'ipv6_address_scope': None, 'description': '', 'tags': [], 'created_at': '2024-09-01T11:32:42Z', 'updated_at': '2024-09-01T11:32:42Z', 'revision_number': 1}, Subnet: {'id': '0301ccf9-1649-4823-8b78-8eab7922365a', 'name': 'tempest-DeleteServersTestJSON-62876723-subnet', 'tenant_id': 'bc773f8fb04643c69efd1965b956b8b8', 'network_id': '33988975-baa5-4028-9108-a903c47e1f05', 'ip_version': 4, 'subnetpool_id': None, 'enable_dhcp': True, 'ipv6_ra_mode': None, 'ipv6_address_mode': None, 'gateway_ip': '192.168.128.1', 'cidr': '192.168.128.0/28', 'allocation_pools': [{'start': '192.168.128.2', 'end': '192.168.128.14'}], 'host_routes': [], 'dns_nameservers': [], 'description': '', 'router:external': False, 'service_types': [], 'tags': [], 'created_at': '2024-09-01T11:32:42Z', 'updated_at': '2024-09-01T11:32:42Z', 'revision_number': 0, 'project_id': 'bc773f8fb04643c69efd1965b956b8b8'}, Router: {'id': '27bf2fed-a55a-45f1-a330-8c7f44d12a5b', 'name': 'tempest-DeleteServersTestJSON-62876723-router', 'tenant_id': 'bc773f8fb04643c69efd1965b956b8b8', 'admin_state_up': True, 'status': 'ACTIVE', 'external_gateway_info': {'network_id': 'e79a0a4d-b5dd-4852-84d1-f6041dd4250d', 'external_fixed_ips': [{'subnet_id': '4dbf51f2-71a8-4a33-a8e5-8a22d4dda4f3', 'ip_address': '10.180.180.154'}], 'enable_snat': True}, 'description': '', 'availability_zones': [], 'distributed': False, 'ha': False, 'availability_zone_hints': [], 'routes': [], 'flavor_id': None, 'tags': [], 'created_at': '2024-09-01T11:32:42Z', 'updated_at': '2024-09-01T11:32:43Z', 'revision_number': 2, 'project_id': 'bc773f8fb04643c69efd1965b956b8b8'}
2024-09-01 11:32:45.006 62626 INFO tempest.lib.common.rest_client [req-de3ccb95-f5a8-42ce-997b-b320486e675a req-de3ccb95-f5a8-42ce-997b-b320486e675a ] Request (FloatingIPsAssociationNegativeTestJSON:setUpClass): 200 GET http://10.180.1.21/compute/v2.1/servers/7da7e9e6-4704-4cf5-bb18-01c9087522d6 0.330s
2024-09-01 11:32:45.013 62654 INFO tempest.lib.common.rest_client [req-2efa6981-6372-44f8-8322-39a2012e9e2b req-2efa6981-6372-44f8-8322-39a2012e9e2b ] Request (AttachVolumeShelveTestJSON:test_attach_volume_shelved_or_offload_server): 200 GET http://10.180.1.21/compute/v2.1/servers/268a6415-adc6-49f4-8b3d-b818d3c1bb80 0.129s
2024-09-01 11:32:45.036 62640 INFO tempest.lib.common.rest_client [req-794bd2d9-bcdd-4db5-a933-1993d9df7b90 req-794bd2d9-bcdd-4db5-a933-1993d9df7b90 ] Request (DeleteServersAdminTestJSON:tearDownClass): 404 DELETE http://10.180.1.21/compute/v2.1/servers/a4b2a1aa-e251-4ec7-b555-15ffa36b8d77 0.082s
2024-09-01 11:32:45.088 62666 WARNING tempest.lib.common.ssh [-] Failed to establish authenticated ssh connection to cirros@10.180.180.214 ([Errno None] Unable to connect to port 22 on 10.180.180.214). Number attempts: 8. Retry after 9 seconds.: paramiko.ssh_exception.NoValidConnectionsError: [Errno None] Unable to connect to port 22 on 10.180.180.214
2024-09-01 11:32:45.097 62644 INFO tempest.lib.common.rest_client [req-4891227b-9f7f-4593-b2df-2cb866db9157 req-4891227b-9f7f-4593-b2df-2cb866db9157 ] Request (ServersTestFqdnHostnames:tearDownClass): 200 GET http://10.180.1.21/compute/v2.1/servers/108137ca-3be3-4049-b07a-25fd31b48398 0.197s
2024-09-01 11:32:45.118 62647 INFO tempest.lib.common.rest_client [req-376a3f8a-a14b-443e-b573-eda771eb6159 req-376a3f8a-a14b-443e-b573-eda771eb6159 ] Request (DeleteServersTestJSON:setUpClass): 201 POST http://10.180.1.21/identity/v3/auth/tokens 0.110s
2024-09-01 11:32:45.149 62672 INFO tempest.lib.common.rest_client [req-f41511f5-9cd8-4344-a694-49df88316263 req-f41511f5-9cd8-4344-a694-49df88316263 ] Request (ServerGroupTestJSON:test_create_server_with_scheduler_hint_group): 200 GET http://10.180.1.21/compute/v2.1/servers/6c417d8f-fa30-4662-a484-91e79df60a09 0.118s
2024-09-01 11:32:45.164 62647 INFO tempest.lib.common.rest_client [req-0fd2b869-90df-4531-8c48-6925cb95f6f3 req-0fd2b869-90df-4531-8c48-6925cb95f6f3 ] Request (DeleteServersTestJSON:test_delete_active_server): 201 POST http://10.180.1.21/identity/v3/auth/tokens 0.039s
2024-09-01 11:32:45.164 62647 INFO tempest.lib.common.fixed_network [-] (DeleteServersTestJSON:test_delete_active_server) Found network {'id': '33988975-baa5-4028-9108-a903c47e1f05', 'name': 'tempest-DeleteServersTestJSON-62876723-network', 'tenant_id': 'bc773f8fb04643c69efd1965b956b8b8', 'admin_state_up': True, 'mtu': 8950, 'status': 'ACTIVE', 'subnets': [], 'shared': False, 'project_id': 'bc773f8fb04643c69efd1965b956b8b8', 'port_security_enabled': True, 'router:external': False, 'provider:network_type': 'vlan', 'provider:physical_network': 'default', 'provider:segmentation_id': 817, 'is_default': False, 'availability_zone_hints': [], 'availability_zones': [], 'ipv4_address_scope': None, 'ipv6_address_scope': None, 'description': '', 'tags': [], 'created_at': '2024-09-01T11:32:42Z', 'updated_at': '2024-09-01T11:32:42Z', 'revision_number': 1} available for tenant
2024-09-01 11:32:45.178 62640 INFO tempest.lib.common.rest_client [req-87504812-73fc-4a08-9f10-e7e9f6a1e4b6 req-87504812-73fc-4a08-9f10-e7e9f6a1e4b6 ] Request (DeleteServersAdminTestJSON:tearDownClass): 404 GET http://10.180.1.21/compute/v2.1/servers/a4b2a1aa-e251-4ec7-b555-15ffa36b8d77 0.141s
2024-09-01 11:32:45.322 62664 INFO tempest.lib.common.rest_client [req-934b94cb-7327-460e-ac93-2b9a94791c78 req-934b94cb-7327-460e-ac93-2b9a94791c78 ] Request (ImagesOneServerNegativeTestJSON:_run_cleanups): 200 GET http://10.180.1.21/compute/v2.1/servers/c820d9a0-8032-4872-b3ee-c5e82f33957e 0.343s
2024-09-01 11:32:45.352 62640 INFO tempest.lib.common.rest_client [req-f27dac4f-13bc-42b9-8b00-6b8bba473ddd req-f27dac4f-13bc-42b9-8b00-6b8bba473ddd ] Request (DeleteServersAdminTestJSON:tearDownClass): 404 DELETE http://10.180.1.21/compute/v2.1/servers/f818fc3c-c027-4922-bfa9-162fd37a89e8 0.174s
2024-09-01 11:32:45.538 62618 INFO tempest.lib.common.rest_client [req-ac21a818-bd5e-4200-911c-9f4474f09b93 req-ac21a818-bd5e-4200-911c-9f4474f09b93 ] Request (ServersTestJSON:test_create_server_specify_multibyte_character_name): 200 GET http://10.180.1.21/compute/v2.1/servers/428d107d-9e25-4b51-8c12-64a3184f1c82 0.310s
2024-09-01 11:32:45.574 62647 INFO tempest.lib.common.rest_client [req-b0474194-8028-4d3e-acb8-034837d69b40 req-b0474194-8028-4d3e-acb8-034837d69b40 ] Request (DeleteServersTestJSON:test_delete_active_server): 202 POST http://10.180.1.21/compute/v2.1/servers 0.409s
2024-09-01 11:32:45.599 62640 INFO tempest.lib.common.rest_client [req-0eb89617-3b06-4126-a311-b0834d6758c1 req-0eb89617-3b06-4126-a311-b0834d6758c1 ] Request (DeleteServersAdminTestJSON:tearDownClass): 404 GET http://10.180.1.21/compute/v2.1/servers/f818fc3c-c027-4922-bfa9-162fd37a89e8 0.246s
2024-09-01 11:32:45.612 62642 INFO tempest.lib.common.rest_client [req-070fffb8-d722-4570-8308-b1c69780d35f req-070fffb8-d722-4570-8308-b1c69780d35f ] Request (AttachInterfacesUnderV243Test:test_add_remove_fixed_ip): 200 GET http://10.180.1.21/compute/v2.1/servers/c7478df0-4419-4a7a-9d8f-b958ee082a2a 0.319s
2024-09-01 11:32:45.648 62628 INFO tempest.lib.common.rest_client [req-1ba36742-d066-4d1b-ba38-0c1703017af6 req-1ba36742-d066-4d1b-ba38-0c1703017af6 ] Request (ServersTestMultiNic:test_verify_multiple_nics_order): 200 GET http://10.180.1.21/compute/v2.1/servers/b7d92b76-65b8-4479-aa97-038ac7f26d89 0.292s
2024-09-01 11:32:45.673 62632 INFO tempest.lib.common.rest_client [req-0b2857de-b729-4f49-b1af-7b669898cf23 req-0b2857de-b729-4f49-b1af-7b669898cf23 ] Request (ServersAdminTestJSON:test_inject_network_info): 200 GET http://10.180.1.21/compute/v2.1/servers/1af716d2-9278-4eb6-bf64-6d574c5ec38a 0.264s
2024-09-01 11:32:45.717 62640 INFO tempest.lib.common.rest_client [req-ca9527ea-d6b1-43b9-8806-6dc0113c6e14 req-ca9527ea-d6b1-43b9-8806-6dc0113c6e14 ] Request (DeleteServersAdminTestJSON:tearDownClass): 204 DELETE http://10.180.1.21/identity/v3/users/ac94e044656f46c79e1626e5cb135555 0.118s
2024-09-01 11:32:45.736 62670 INFO tempest.lib.common.rest_client [req-4b189b3c-4810-4e4c-940c-4d987f819c44 req-4b189b3c-4810-4e4c-940c-4d987f819c44 ] Request (AttachInterfacesV270Test:tearDownClass): 200 GET http://10.180.1.21/compute/v2.1/servers/727d53f4-c377-4147-a5a1-f10a3d6aa438 0.271s
2024-09-01 11:32:45.764 62650 INFO tempest.lib.common.rest_client [req-bad9bea5-2231-47dd-b96f-b8e23207ab92 req-bad9bea5-2231-47dd-b96f-b8e23207ab92 ] Request (InstanceActionsV221TestJSON:test_get_list_deleted_instance_actions): 200 GET http://10.180.1.21/compute/v2.1/servers/b341b8b5-ea55-465d-bca6-aa0b65866d8c 0.229s
2024-09-01 11:32:45.783 62647 INFO tempest.lib.common.rest_client [req-0355957a-a640-4313-8464-b987da39af99 req-0355957a-a640-4313-8464-b987da39af99 ] Request (DeleteServersTestJSON:test_delete_active_server): 200 GET http://10.180.1.21/compute/v2.1/servers/54a728bd-697f-4118-8b52-35c827b92931 0.208s
2024-09-01 11:32:45.826 62658 INFO tempest.lib.common.rest_client [req-f6e83155-15b5-4c02-ab58-d814516a9eda req-f6e83155-15b5-4c02-ab58-d814516a9eda ] Request (ListImageFiltersTestJSON:setUpClass): 200 GET http://10.180.1.21/compute/v2.1/images/07a697aa-a338-47b6-98d3-51fe7537bb18 0.209s
2024-09-01 11:32:45.847 62630 INFO tempest.lib.common.rest_client [req-4414038b-d0d9-4cb7-bb3c-079216d56ae3 req-4414038b-d0d9-4cb7-bb3c-079216d56ae3 ] Request (ListServersNegativeTestJSON:setUpClass): 200 GET http://10.180.1.21/compute/v2.1/servers/4c085e43-8bad-40e8-ad32-974f1f4a65da 0.260s
2024-09-01 11:32:45.857 62640 INFO tempest.lib.common.rest_client [req-0f54a86e-9279-4c2a-9738-6d3bd0679e54 req-0f54a86e-9279-4c2a-9738-6d3bd0679e54 ] Request (DeleteServersAdminTestJSON:tearDownClass): 204 DELETE http://10.180.1.21/identity/v3/users/7a714801773949f69398282b0d8bcad5 0.139s
2024-09-01 11:32:45.857 62640 INFO tempest.lib.common.dynamic_creds [-] Deleting project and security group for project: 38e45c7e357045bb84df12fcc8a3a5cf
2024-09-01 11:32:45.907 62662 INFO tempest.lib.common.rest_client [req-e35211ab-f5b7-4be0-808b-b98ab5b9ae0d req-e35211ab-f5b7-4be0-808b-b98ab5b9ae0d ] Request (ServerRescueTestJSONUnderV235:tearDownClass): 200 GET http://10.180.1.21/compute/v2.1/servers/739abc95-d1f2-4236-b1c6-0c6664ec1627 0.150s
2024-09-01 11:32:45.926 62640 INFO tempest.lib.common.rest_client [req-3ac5fa98-92d6-4fae-92cb-8898088bde90 req-3ac5fa98-92d6-4fae-92cb-8898088bde90 ] Request (DeleteServersAdminTestJSON:tearDownClass): 201 POST http://10.180.1.21/identity/v3/auth/tokens 0.068s
2024-09-01 11:32:45.957 62674 INFO tempest.lib.common.rest_client [req-07c088fc-8635-45e3-84f0-b8e7b8e754cb req-07c088fc-8635-45e3-84f0-b8e7b8e754cb ] Request (MigrationsAdminTest:test_list_migrations_in_flavor_resize_situation): 200 GET http://10.180.1.21/compute/v2.1/servers/95a02af2-8840-4651-9d59-60acd2555614 0.269s
2024-09-01 11:32:46.006 62676 INFO tempest.lib.common.rest_client [req-3869f54d-54fc-4489-a624-e876fa5eafbe req-3869f54d-54fc-4489-a624-e876fa5eafbe ] Request (FloatingIPsAssociationTestJSON:test_associate_already_associated_floating_ip): 200 GET http://10.180.1.21/compute/v2.1/servers/066332f1-0d7e-44ed-9715-e2fda7d2a850 0.200s
2024-09-01 11:32:46.022 62668 INFO tempest.lib.common.rest_client [req-758e918a-da6c-46e0-8000-b6291804c760 req-758e918a-da6c-46e0-8000-b6291804c760 ] Request (ImagesTestJSON:test_create_image_from_suspended_server): 200 GET http://10.180.1.21/compute/v2.1/servers/cf6c02f8-74de-41c8-8d14-1672b72caf94 0.254s
2024-09-01 11:32:46.046 62640 INFO tempest.lib.common.rest_client [req-cc059040-c603-4c03-9e9d-096d08bd3c93 req-cc059040-c603-4c03-9e9d-096d08bd3c93 ] Request (DeleteServersAdminTestJSON:tearDownClass): 200 GET http://10.180.1.21:9696/networking/v2.0/security-groups?tenant_id=38e45c7e357045bb84df12fcc8a3a5cf&name=default 0.120s
2024-09-01 11:32:46.059 62622 INFO tempest.lib.common.rest_client [req-496fe35e-c13c-400f-a27e-f2774acae180 req-496fe35e-c13c-400f-a27e-f2774acae180 ] Request (ServersAdmin275Test:_run_cleanups): 200 GET http://10.180.1.21/compute/v2.1/servers/938dc5ba-472c-401e-ad27-7b3b50d354bd 0.233s
2024-09-01 11:32:46.076 62648 INFO tempest.lib.common.rest_client [req-f8ea9b7b-069b-4fa3-a5d4-bdf6e3becbd9 req-f8ea9b7b-069b-4fa3-a5d4-bdf6e3becbd9 ] Request (TenantUsagesTestJSON:setUpClass): 200 GET http://10.180.1.21/compute/v2.1/servers/aa1f980f-7534-490c-9602-98dd2b0db08d 0.207s
2024-09-01 11:32:46.114 62624 INFO tempest.lib.common.rest_client [req-df808643-f14c-4edc-83cc-47dc97a502fe req-df808643-f14c-4edc-83cc-47dc97a502fe ] Request (ServerActionsV293TestJSON:setUpClass): 200 GET http://10.180.1.21/compute/v2.1/servers/02bd83e1-6b13-4dba-9ce6-c3fd0df3e2c1 0.234s
2024-09-01 11:32:46.166 62653 INFO tempest.lib.common.rest_client [req-8c9b6a61-d04c-458a-96ba-701514b6609a req-8c9b6a61-d04c-458a-96ba-701514b6609a ] Request (ServerAddressesNegativeTestJSON:setUpClass): 200 GET http://10.180.1.21/compute/v2.1/servers/329a1099-cb7a-4196-8ae5-fb66d2fe2b1e 0.223s
2024-09-01 11:32:46.208 62640 INFO tempest.lib.common.rest_client [req-8659b5ab-545f-4899-b9f7-faa329b40b12 req-8659b5ab-545f-4899-b9f7-faa329b40b12 ] Request (DeleteServersAdminTestJSON:tearDownClass): 204 DELETE http://10.180.1.21:9696/networking/v2.0/security-groups/5012f478-24cd-427a-932c-2940a31a71ca 0.161s
2024-09-01 11:32:46.237 62654 INFO tempest.lib.common.rest_client [req-fa1905bb-6370-422c-816a-1ea913281a52 req-fa1905bb-6370-422c-816a-1ea913281a52 ] Request (AttachVolumeShelveTestJSON:test_attach_volume_shelved_or_offload_server): 200 GET http://10.180.1.21/compute/v2.1/servers/268a6415-adc6-49f4-8b3d-b818d3c1bb80 0.211s
2024-09-01 11:32:46.282 62640 INFO tempest.lib.common.rest_client [req-fe94e6aa-7b91-4720-8780-d0809d728cfa req-fe94e6aa-7b91-4720-8780-d0809d728cfa ] Request (DeleteServersAdminTestJSON:tearDownClass): 204 DELETE http://10.180.1.21/identity/v3/projects/38e45c7e357045bb84df12fcc8a3a5cf 0.074s
2024-09-01 11:32:46.282 62640 INFO tempest.lib.common.dynamic_creds [-] Deleting project and security group for project: d6860d6dfc54447db896e84e2328f1a2
2024-09-01 11:32:46.291 62626 INFO tempest.lib.common.rest_client [req-658638aa-a08a-4c73-a7fd-ecd6ddfae0bc req-658638aa-a08a-4c73-a7fd-ecd6ddfae0bc ] Request (FloatingIPsAssociationNegativeTestJSON:setUpClass): 200 GET http://10.180.1.21/compute/v2.1/servers/7da7e9e6-4704-4cf5-bb18-01c9087522d6 0.276s
2024-09-01 11:32:46.300 62626 INFO tempest.common.waiters [-] State transition "BUILD/spawning" ==> "ACTIVE/None" after 44 second wait
2024-09-01 11:32:46.304 62644 INFO tempest.lib.common.rest_client [req-ad9b36b9-37c4-4ffc-b9e9-4fc33c3fe6e7 req-ad9b36b9-37c4-4ffc-b9e9-4fc33c3fe6e7 ] Request (ServersTestFqdnHostnames:tearDownClass): 200 GET http://10.180.1.21/compute/v2.1/servers/108137ca-3be3-4049-b07a-25fd31b48398 0.195s
2024-09-01 11:32:46.349 62672 INFO tempest.lib.common.rest_client [req-5f3973cd-981d-40d8-a711-66f335c61f0a req-5f3973cd-981d-40d8-a711-66f335c61f0a ] Request (ServerGroupTestJSON:test_create_server_with_scheduler_hint_group): 200 GET http://10.180.1.21/compute/v2.1/servers/6c417d8f-fa30-4662-a484-91e79df60a09 0.192s
2024-09-01 11:32:46.406 62664 INFO tempest.lib.common.rest_client [req-820b7c67-65c6-4a53-9581-a1438a70b7e4 req-820b7c67-65c6-4a53-9581-a1438a70b7e4 ] Request (ImagesOneServerNegativeTestJSON:_run_cleanups): 200 GET http://10.180.1.21/compute/v2.1/servers/c820d9a0-8032-4872-b3ee-c5e82f33957e 0.069s
2024-09-01 11:32:46.595 62640 INFO tempest.lib.common.rest_client [req-a87f4750-a128-4ae6-9082-37c4568bcfc3 req-a87f4750-a128-4ae6-9082-37c4568bcfc3 ] Request (DeleteServersAdminTestJSON:tearDownClass): 200 GET http://10.180.1.21:9696/networking/v2.0/security-groups?tenant_id=d6860d6dfc54447db896e84e2328f1a2&name=default 0.313s
2024-09-01 11:32:46.714 62618 INFO tempest.lib.common.rest_client [req-6c54029f-37af-429d-b910-1680dcf456a9 req-6c54029f-37af-429d-b910-1680dcf456a9 ] Request (ServersTestJSON:test_create_server_specify_multibyte_character_name): 200 GET http://10.180.1.21/compute/v2.1/servers/428d107d-9e25-4b51-8c12-64a3184f1c82 0.165s
2024-09-01 11:32:46.773 62642 INFO tempest.lib.common.rest_client [req-266166ec-686b-45cd-b20e-2370342d54da req-266166ec-686b-45cd-b20e-2370342d54da ] Request (AttachInterfacesUnderV243Test:test_add_remove_fixed_ip): 200 GET http://10.180.1.21/compute/v2.1/servers/c7478df0-4419-4a7a-9d8f-b958ee082a2a 0.150s
2024-09-01 11:32:46.785 62640 INFO tempest.lib.common.rest_client [req-7abe6b72-1e2f-47e6-b78d-807288235a7b req-7abe6b72-1e2f-47e6-b78d-807288235a7b ] Request (DeleteServersAdminTestJSON:tearDownClass): 204 DELETE http://10.180.1.21:9696/networking/v2.0/security-groups/ff307372-6d10-4a07-abec-72b043d3e8f4 0.189s
2024-09-01 11:32:46.826 62628 INFO tempest.lib.common.rest_client [req-a8aaefd0-5625-4739-afa0-e64e9ab0678b req-a8aaefd0-5625-4739-afa0-e64e9ab0678b ] Request (ServersTestMultiNic:test_verify_multiple_nics_order): 200 GET http://10.180.1.21/compute/v2.1/servers/b7d92b76-65b8-4479-aa97-038ac7f26d89 0.168s
2024-09-01 11:32:46.877 62632 INFO tempest.lib.common.rest_client [req-33fa0a89-8a1d-4f95-8998-2316fc0f8f10 req-33fa0a89-8a1d-4f95-8998-2316fc0f8f10 ] Request (ServersAdminTestJSON:test_inject_network_info): 200 GET http://10.180.1.21/compute/v2.1/servers/1af716d2-9278-4eb6-bf64-6d574c5ec38a 0.198s
2024-09-01 11:32:46.893 62640 INFO tempest.lib.common.rest_client [req-df4a4853-58d3-4963-9165-ece6fd3635ab req-df4a4853-58d3-4963-9165-ece6fd3635ab ] Request (DeleteServersAdminTestJSON:tearDownClass): 204 DELETE http://10.180.1.21/identity/v3/projects/d6860d6dfc54447db896e84e2328f1a2 0.108s
2024-09-01 11:32:46.956 62670 INFO tempest.lib.common.rest_client [req-18abe99d-01ef-4c92-8402-3a0aabe693a0 req-18abe99d-01ef-4c92-8402-3a0aabe693a0 ] Request (AttachInterfacesV270Test:tearDownClass): 200 GET http://10.180.1.21/compute/v2.1/servers/727d53f4-c377-4147-a5a1-f10a3d6aa438 0.210s
2024-09-01 11:32:46.975 62640 INFO tempest.lib.common.rest_client [req-e04448d6-90f8-477b-8fc7-5b2c0294968b req-e04448d6-90f8-477b-8fc7-5b2c0294968b ] Request (KeyPairsV210TestJSON:setUpClass): 201 POST http://10.180.1.21/identity/v3/auth/tokens 0.080s
2024-09-01 11:32:47.017 62640 INFO tempest.lib.common.rest_client [req-6c62e49a-94df-4190-acbe-bf087edf3cc6 req-6c62e49a-94df-4190-acbe-bf087edf3cc6 ] Request (KeyPairsV210TestJSON:setUpClass): 201 POST http://10.180.1.21/identity/v3/auth/tokens 0.038s
2024-09-01 11:32:47.021 62650 INFO tempest.lib.common.rest_client [req-90ba1916-f73c-4a12-961b-1c292196a9d5 req-90ba1916-f73c-4a12-961b-1c292196a9d5 ] Request (InstanceActionsV221TestJSON:test_get_list_deleted_instance_actions): 200 GET http://10.180.1.21/compute/v2.1/servers/b341b8b5-ea55-465d-bca6-aa0b65866d8c 0.241s
2024-09-01 11:32:47.045 62640 INFO tempest.lib.common.rest_client [req-c496c5e9-2eef-4991-b5d2-ae5ff47d3be7 req-c496c5e9-2eef-4991-b5d2-ae5ff47d3be7 ] Request (KeyPairsV210TestJSON:setUpClass): 200 GET http://10.180.1.21/identity/v3/domains?name=Default 0.027s
2024-09-01 11:32:47.069 62626 INFO tempest.lib.common.rest_client [req-7caf141a-2a7c-411f-9326-5eeda0576776 req-7caf141a-2a7c-411f-9326-5eeda0576776 ] Request (FloatingIPsAssociationNegativeTestJSON:test_associate_ip_to_server_with_floating_ip): 200 POST http://10.180.1.21/compute/v2.1/os-floating-ips 0.767s
2024-09-01 11:32:47.078 62647 INFO tempest.lib.common.rest_client [req-b45bb2d9-0e17-4ded-bcf3-141faf2b6bc2 req-b45bb2d9-0e17-4ded-bcf3-141faf2b6bc2 ] Request (DeleteServersTestJSON:test_delete_active_server): 200 GET http://10.180.1.21/compute/v2.1/servers/54a728bd-697f-4118-8b52-35c827b92931 0.281s
2024-09-01 11:32:47.081 62640 INFO tempest.lib.common.rest_client [req-7b7ceba3-ad00-4d94-9485-3d1bb92dc238 req-7b7ceba3-ad00-4d94-9485-3d1bb92dc238 ] Request (KeyPairsV210TestJSON:setUpClass): 201 POST http://10.180.1.21/identity/v3/projects 0.036s
2024-09-01 11:32:47.117 62658 INFO tempest.lib.common.rest_client [req-aafb2591-2ec1-4ef1-a5a6-7860ab083468 req-aafb2591-2ec1-4ef1-a5a6-7860ab083468 ] Request (ListImageFiltersTestJSON:setUpClass): 200 GET http://10.180.1.21/compute/v2.1/images/07a697aa-a338-47b6-98d3-51fe7537bb18 0.287s
2024-09-01 11:32:47.134 62630 INFO tempest.lib.common.rest_client [req-048c248c-94e8-4154-9223-55a9a692dada req-048c248c-94e8-4154-9223-55a9a692dada ] Request (ListServersNegativeTestJSON:setUpClass): 200 GET http://10.180.1.21/compute/v2.1/servers/4c085e43-8bad-40e8-ad32-974f1f4a65da 0.279s
2024-09-01 11:32:47.149 62640 INFO tempest.lib.common.rest_client [req-19eb65c5-4760-49dd-84bd-f88a36acbf89 req-19eb65c5-4760-49dd-84bd-f88a36acbf89 ] Request (KeyPairsV210TestJSON:setUpClass): 201 POST http://10.180.1.21/identity/v3/users 0.067s
2024-09-01 11:32:47.177 62640 INFO tempest.lib.common.rest_client [req-7ba9f5a6-54c7-4cba-9555-f7da60563a21 req-7ba9f5a6-54c7-4cba-9555-f7da60563a21 ] Request (KeyPairsV210TestJSON:setUpClass): 200 GET http://10.180.1.21/identity/v3/roles 0.027s
2024-09-01 11:32:47.185 62662 INFO tempest.lib.common.rest_client [req-6c1d0952-4fe7-4f54-a8c1-cb2c2a7f38aa req-6c1d0952-4fe7-4f54-a8c1-cb2c2a7f38aa ] Request (ServerRescueTestJSONUnderV235:tearDownClass): 200 GET http://10.180.1.21/compute/v2.1/servers/739abc95-d1f2-4236-b1c6-0c6664ec1627 0.271s
2024-09-01 11:32:47.221 62640 INFO tempest.lib.common.rest_client [req-b705d355-f693-4f2b-b566-528b9849ba0b req-b705d355-f693-4f2b-b566-528b9849ba0b ] Request (KeyPairsV210TestJSON:setUpClass): 204 PUT http://10.180.1.21/identity/v3/projects/ee12e0cdb0204c6891ea2fb0a5b65340/users/9208d1357f934ca9a45e7bf6ccd65547/roles/cb1e684d36fc4c94ba97ac6da61c7010 0.044s
2024-09-01 11:32:47.221 62640 INFO tempest.lib.common.dynamic_creds [-] Dynamic test user 9208d1357f934ca9a45e7bf6ccd65547 is created with scope project and roles: ['member']
2024-09-01 11:32:47.221 62640 INFO tempest.lib.common.dynamic_creds [-] Acquired dynamic creds: credentials: Credentials: {'domain_id': 'default', 'domain_name': 'Default', 'username': 'tempest-KeyPairsV210TestJSON-726713376-project-member', 'project_domain_id': 'default', 'project_domain_name': 'Default', 'project_id': 'ee12e0cdb0204c6891ea2fb0a5b65340', 'project_name': 'tempest-KeyPairsV210TestJSON-726713376', 'tenant_id': 'ee12e0cdb0204c6891ea2fb0a5b65340', 'tenant_name': 'tempest-KeyPairsV210TestJSON-726713376', 'user_domain_id': 'default', 'user_domain_name': 'Default', 'user_id': '9208d1357f934ca9a45e7bf6ccd65547', 'system': None}, Network: None, Subnet: None, Router: None
2024-09-01 11:32:47.221 62640 INFO tempest.lib.common.dynamic_creds [-] Created isolated network resources for: credentials: Credentials: {'domain_id': 'default', 'domain_name': 'Default', 'username': 'tempest-KeyPairsV210TestJSON-726713376-project-member', 'project_domain_id': 'default', 'project_domain_name': 'Default', 'project_id': 'ee12e0cdb0204c6891ea2fb0a5b65340', 'project_name': 'tempest-KeyPairsV210TestJSON-726713376', 'tenant_id': 'ee12e0cdb0204c6891ea2fb0a5b65340', 'tenant_name': 'tempest-KeyPairsV210TestJSON-726713376', 'user_domain_id': 'default', 'user_domain_name': 'Default', 'user_id': '9208d1357f934ca9a45e7bf6ccd65547', 'system': None}, Network: None, Subnet: None, Router: None
2024-09-01 11:32:47.251 62676 INFO tempest.lib.common.rest_client [req-2dc1039a-cfd5-4a76-96b6-3037929b60a5 req-2dc1039a-cfd5-4a76-96b6-3037929b60a5 ] Request (FloatingIPsAssociationTestJSON:test_associate_already_associated_floating_ip): 200 GET http://10.180.1.21/compute/v2.1/servers/066332f1-0d7e-44ed-9715-e2fda7d2a850 0.238s
2024-09-01 11:32:47.264 62620 WARNING tempest.lib.common.ssh [-] Failed to establish authenticated ssh connection to cirros@10.180.180.128 ([Errno None] Unable to connect to port 22 on 10.180.180.128). Number attempts: 4. Retry after 5 seconds.: paramiko.ssh_exception.NoValidConnectionsError: [Errno None] Unable to connect to port 22 on 10.180.180.128
2024-09-01 11:32:47.270 62674 INFO tempest.lib.common.rest_client [req-12722412-dedb-4c38-bcee-8a7c271c12c2 req-12722412-dedb-4c38-bcee-8a7c271c12c2 ] Request (MigrationsAdminTest:test_list_migrations_in_flavor_resize_situation): 200 GET http://10.180.1.21/compute/v2.1/servers/95a02af2-8840-4651-9d59-60acd2555614 0.302s
2024-09-01 11:32:47.308 62640 INFO tempest.lib.common.rest_client [req-035826b6-b24b-4eee-a080-6ceae7727d9a req-035826b6-b24b-4eee-a080-6ceae7727d9a ] Request (KeyPairsV210TestJSON:setUpClass): 201 POST http://10.180.1.21/identity/v3/auth/tokens 0.083s
2024-09-01 11:32:47.329 62622 INFO tempest.lib.common.rest_client [req-b6f41395-5200-46c6-bab9-9a0a283d06a2 req-b6f41395-5200-46c6-bab9-9a0a283d06a2 ] Request (ServersAdmin275Test:_run_cleanups): 200 GET http://10.180.1.21/compute/v2.1/servers/938dc5ba-472c-401e-ad27-7b3b50d354bd 0.261s
2024-09-01 11:32:47.367 62640 INFO tempest.lib.common.rest_client [req-7169e063-6751-472b-9bf0-ec459d11bc5a req-7169e063-6751-472b-9bf0-ec459d11bc5a ] Request (KeyPairsV210TestJSON:setUpClass): 201 POST http://10.180.1.21/identity/v3/projects 0.058s
2024-09-01 11:32:47.377 62668 INFO tempest.lib.common.rest_client [req-3cbb28e9-a86e-44e8-be8f-79e932a68a47 req-3cbb28e9-a86e-44e8-be8f-79e932a68a47 ] Request (ImagesTestJSON:test_create_image_from_suspended_server): 200 GET http://10.180.1.21/compute/v2.1/servers/cf6c02f8-74de-41c8-8d14-1672b72caf94 0.348s
2024-09-01 11:32:47.428 62648 INFO tempest.lib.common.rest_client [req-9c6589f9-904f-4fcc-b9ae-d0e7acbbb1c9 req-9c6589f9-904f-4fcc-b9ae-d0e7acbbb1c9 ] Request (TenantUsagesTestJSON:setUpClass): 200 GET http://10.180.1.21/compute/v2.1/servers/aa1f980f-7534-490c-9602-98dd2b0db08d 0.343s
2024-09-01 11:32:47.446 62640 INFO tempest.lib.common.rest_client [req-46775d28-dd37-4aad-8ee4-7ae0edc72d34 req-46775d28-dd37-4aad-8ee4-7ae0edc72d34 ] Request (KeyPairsV210TestJSON:setUpClass): 201 POST http://10.180.1.21/identity/v3/users 0.078s
2024-09-01 11:32:47.464 62640 INFO tempest.lib.common.rest_client [req-152d3c44-22ff-4e8f-9480-f032c23dae49 req-152d3c44-22ff-4e8f-9480-f032c23dae49 ] Request (KeyPairsV210TestJSON:setUpClass): 200 GET http://10.180.1.21/identity/v3/roles 0.018s
2024-09-01 11:32:47.483 62624 INFO tempest.lib.common.rest_client [req-782f02c1-96e1-4774-bc74-965eed102416 req-782f02c1-96e1-4774-bc74-965eed102416 ] Request (ServerActionsV293TestJSON:setUpClass): 200 GET http://10.180.1.21/compute/v2.1/servers/02bd83e1-6b13-4dba-9ce6-c3fd0df3e2c1 0.358s
2024-09-01 11:32:47.500 62640 INFO tempest.lib.common.rest_client [req-0534a858-9b6d-4d12-8a43-7edb19247056 req-0534a858-9b6d-4d12-8a43-7edb19247056 ] Request (KeyPairsV210TestJSON:setUpClass): 204 PUT http://10.180.1.21/identity/v3/projects/edf8280672124b2e8258221fc3ff2f0a/users/a157792b0c054f6b9bfda994fa9fa05f/roles/bc7e71c8f5dd498eaec1db3afd14f7d1 0.035s
2024-09-01 11:32:47.532 62653 INFO tempest.lib.common.rest_client [req-4d582c36-4a3a-438b-9f15-59c329be659a req-4d582c36-4a3a-438b-9f15-59c329be659a ] Request (ServerAddressesNegativeTestJSON:setUpClass): 200 GET http://10.180.1.21/compute/v2.1/servers/329a1099-cb7a-4196-8ae5-fb66d2fe2b1e 0.355s
2024-09-01 11:32:47.553 62640 INFO tempest.lib.common.rest_client [req-ea24340f-2fe4-4d71-bcb6-afcb7b136d6b req-ea24340f-2fe4-4d71-bcb6-afcb7b136d6b ] Request (KeyPairsV210TestJSON:setUpClass): 200 GET http://10.180.1.21/identity/v3/roles 0.052s
2024-09-01 11:32:47.574 62640 INFO tempest.lib.common.rest_client [req-42d73def-8622-4fa4-ae75-dbd0c1d73dad req-42d73def-8622-4fa4-ae75-dbd0c1d73dad ] Request (KeyPairsV210TestJSON:setUpClass): 204 PUT http://10.180.1.21/identity/v3/projects/edf8280672124b2e8258221fc3ff2f0a/users/a157792b0c054f6b9bfda994fa9fa05f/roles/bc7e71c8f5dd498eaec1db3afd14f7d1 0.020s
2024-09-01 11:32:47.574 62640 INFO tempest.lib.common.dynamic_creds [-] Dynamic test user a157792b0c054f6b9bfda994fa9fa05f is created with scope project and roles: ['admin']
2024-09-01 11:32:47.574 62640 INFO tempest.lib.common.dynamic_creds [-] Acquired dynamic creds: credentials: Credentials: {'domain_id': 'default', 'domain_name': 'Default', 'username': 'tempest-KeyPairsV210TestJSON-1815571149-project-admin', 'project_domain_id': 'default', 'project_domain_name': 'Default', 'project_id': 'edf8280672124b2e8258221fc3ff2f0a', 'project_name': 'tempest-KeyPairsV210TestJSON-1815571149', 'tenant_id': 'edf8280672124b2e8258221fc3ff2f0a', 'tenant_name': 'tempest-KeyPairsV210TestJSON-1815571149', 'user_domain_id': 'default', 'user_domain_name': 'Default', 'user_id': 'a157792b0c054f6b9bfda994fa9fa05f', 'system': None}, Network: None, Subnet: None, Router: None
2024-09-01 11:32:47.574 62640 INFO tempest.lib.common.dynamic_creds [-] Created isolated network resources for: credentials: Credentials: {'domain_id': 'default', 'domain_name': 'Default', 'username': 'tempest-KeyPairsV210TestJSON-1815571149-project-admin', 'project_domain_id': 'default', 'project_domain_name': 'Default', 'project_id': 'edf8280672124b2e8258221fc3ff2f0a', 'project_name': 'tempest-KeyPairsV210TestJSON-1815571149', 'tenant_id': 'edf8280672124b2e8258221fc3ff2f0a', 'tenant_name': 'tempest-KeyPairsV210TestJSON-1815571149', 'user_domain_id': 'default', 'user_domain_name': 'Default', 'user_id': 'a157792b0c054f6b9bfda994fa9fa05f', 'system': None}, Network: None, Subnet: None, Router: None
2024-09-01 11:32:47.581 62654 INFO tempest.lib.common.rest_client [req-50086dc3-0b4d-45b4-9c11-b68849abec47 req-50086dc3-0b4d-45b4-9c11-b68849abec47 ] Request (AttachVolumeShelveTestJSON:test_attach_volume_shelved_or_offload_server): 200 GET http://10.180.1.21/compute/v2.1/servers/268a6415-adc6-49f4-8b3d-b818d3c1bb80 0.334s
2024-09-01 11:32:47.603 62644 INFO tempest.lib.common.rest_client [req-b307a574-6916-4c53-9e61-36b3768e0b87 req-b307a574-6916-4c53-9e61-36b3768e0b87 ] Request (ServersTestFqdnHostnames:tearDownClass): 404 GET http://10.180.1.21/compute/v2.1/servers/108137ca-3be3-4049-b07a-25fd31b48398 0.287s
2024-09-01 11:32:47.655 62672 INFO tempest.lib.common.rest_client [req-42d58751-54f2-4f77-ad50-71c95f45c7fb req-42d58751-54f2-4f77-ad50-71c95f45c7fb ] Request (ServerGroupTestJSON:test_create_server_with_scheduler_hint_group): 200 GET http://10.180.1.21/compute/v2.1/servers/6c417d8f-fa30-4662-a484-91e79df60a09 0.299s
2024-09-01 11:32:47.660 62640 INFO tempest.lib.common.rest_client [req-06248ac4-e709-4e38-989c-93c5f29c74b4 req-06248ac4-e709-4e38-989c-93c5f29c74b4 ] Request (KeyPairsV210TestJSON:setUpClass): 201 POST http://10.180.1.21/identity/v3/auth/tokens 0.084s
2024-09-01 11:32:47.667 62672 INFO tempest.common.waiters [-] State transition "BUILD/scheduling" ==> "BUILD/None" after 27 second wait
2024-09-01 11:32:47.723 62664 INFO tempest.lib.common.rest_client [req-4f3f98d4-08a7-45b9-aedf-bd23773e337e req-4f3f98d4-08a7-45b9-aedf-bd23773e337e ] Request (ImagesOneServerNegativeTestJSON:_run_cleanups): 200 GET http://10.180.1.21/compute/v2.1/servers/c820d9a0-8032-4872-b3ee-c5e82f33957e 0.309s
2024-09-01 11:32:47.739 62644 INFO tempest.lib.common.rest_client [req-a10b1906-74bd-4951-8582-e996d1263c2e req-a10b1906-74bd-4951-8582-e996d1263c2e ] Request (ServersTestFqdnHostnames:tearDownClass): 202 DELETE http://10.180.1.21/compute/v2.1/os-keypairs/tempest-keypair-292582233 0.136s
2024-09-01 11:32:47.845 62640 INFO tempest.lib.common.rest_client [req-333f0fe9-c7f5-49e9-ae07-56c94bd207a7 req-333f0fe9-c7f5-49e9-ae07-56c94bd207a7 ] Request (KeyPairsV210TestJSON:test_admin_manage_keypairs_for_other_users): 201 POST http://10.180.1.21/compute/v2.1/os-keypairs 0.182s
2024-09-01 11:32:47.914 62644 INFO tempest.lib.common.rest_client [req-d63cee75-9f46-4854-a54d-8f46d4a828d5 req-d63cee75-9f46-4854-a54d-8f46d4a828d5 ] Request (ServersTestFqdnHostnames:tearDownClass): 204 DELETE http://10.180.1.21:9696/networking/v2.0/security-groups/b60e0592-c4ac-4265-a2bf-04387e94e467 0.174s
2024-09-01 11:32:47.930 62644 INFO tempest.lib.common.rest_client [req-f8505123-efca-4736-b2f2-7b53c9096fbe req-f8505123-efca-4736-b2f2-7b53c9096fbe ] Request (ServersTestFqdnHostnames:tearDownClass): 404 GET http://10.180.1.21:9696/networking/v2.0/security-groups/b60e0592-c4ac-4265-a2bf-04387e94e467 0.015s
2024-09-01 11:32:48.038 62618 INFO tempest.lib.common.rest_client [req-fced4f8b-4d4e-48cc-95ca-0cf92a7a65ba req-fced4f8b-4d4e-48cc-95ca-0cf92a7a65ba ] Request (ServersTestJSON:test_create_server_specify_multibyte_character_name): 200 GET http://10.180.1.21/compute/v2.1/servers/428d107d-9e25-4b51-8c12-64a3184f1c82 0.309s
2024-09-01 11:32:48.087 62642 INFO tempest.lib.common.rest_client [req-52453cf9-c063-497b-949e-c6fc5a15c202 req-52453cf9-c063-497b-949e-c6fc5a15c202 ] Request (AttachInterfacesUnderV243Test:test_add_remove_fixed_ip): 200 GET http://10.180.1.21/compute/v2.1/servers/c7478df0-4419-4a7a-9d8f-b958ee082a2a 0.306s
2024-09-01 11:32:48.132 62628 INFO tempest.lib.common.rest_client [req-f3aef625-97a5-4243-9307-77e63b0a9bad req-f3aef625-97a5-4243-9307-77e63b0a9bad ] Request (ServersTestMultiNic:test_verify_multiple_nics_order): 200 GET http://10.180.1.21/compute/v2.1/servers/b7d92b76-65b8-4479-aa97-038ac7f26d89 0.296s
2024-09-01 11:32:48.163 62640 INFO tempest.lib.common.rest_client [req-bd89df81-2441-4c4f-b770-c4a15f4779f2 req-bd89df81-2441-4c4f-b770-c4a15f4779f2 ] Request (KeyPairsV210TestJSON:test_admin_manage_keypairs_for_other_users): 201 POST http://10.180.1.21/compute/v2.1/os-keypairs 0.315s
2024-09-01 11:32:48.220 62632 INFO tempest.lib.common.rest_client [req-d7b7a27c-1ae0-40b7-bb87-ca9550aea464 req-d7b7a27c-1ae0-40b7-bb87-ca9550aea464 ] Request (ServersAdminTestJSON:test_inject_network_info): 200 GET http://10.180.1.21/compute/v2.1/servers/1af716d2-9278-4eb6-bf64-6d574c5ec38a 0.329s
2024-09-01 11:32:48.283 62670 INFO tempest.lib.common.rest_client [req-f07bdf65-016a-4bd8-90a2-ac5520afbfde req-f07bdf65-016a-4bd8-90a2-ac5520afbfde ] Request (AttachInterfacesV270Test:tearDownClass): 200 GET http://10.180.1.21/compute/v2.1/servers/727d53f4-c377-4147-a5a1-f10a3d6aa438 0.317s
2024-09-01 11:32:48.284 62644 INFO tempest.lib.common.rest_client [req-2d644272-664e-44b3-8ff8-6d760210aa3d req-2d644272-664e-44b3-8ff8-6d760210aa3d ] Request (ServersTestFqdnHostnames:tearDownClass): 204 DELETE http://10.180.1.21:9696/networking/v2.0/floatingips/78737745-8894-4f28-a5d9-c236d9a62722 0.353s
2024-09-01 11:32:48.359 62626 INFO tempest.lib.common.rest_client [req-51c2ca26-e506-4f64-9786-23cb51b47419 req-51c2ca26-e506-4f64-9786-23cb51b47419 ] Request (FloatingIPsAssociationNegativeTestJSON:test_associate_ip_to_server_with_floating_ip): 202 POST http://10.180.1.21/compute/v2.1/servers/7da7e9e6-4704-4cf5-bb18-01c9087522d6/action 1.287s
2024-09-01 11:32:48.380 62650 INFO tempest.lib.common.rest_client [req-fb7b87b9-405f-40e5-8dfd-48aa305c8369 req-fb7b87b9-405f-40e5-8dfd-48aa305c8369 ] Request (InstanceActionsV221TestJSON:test_get_list_deleted_instance_actions): 200 GET http://10.180.1.21/compute/v2.1/servers/b341b8b5-ea55-465d-bca6-aa0b65866d8c 0.346s
2024-09-01 11:32:48.414 62647 INFO tempest.lib.common.rest_client [req-9bf3d200-b091-45fe-bc83-38ee5bb4edb8 req-9bf3d200-b091-45fe-bc83-38ee5bb4edb8 ] Request (DeleteServersTestJSON:test_delete_active_server): 200 GET http://10.180.1.21/compute/v2.1/servers/54a728bd-697f-4118-8b52-35c827b92931 0.329s
2024-09-01 11:32:48.419 62658 INFO tempest.lib.common.rest_client [req-281c1092-229b-4ad7-a5c7-3d687dfd132f req-281c1092-229b-4ad7-a5c7-3d687dfd132f ] Request (ListImageFiltersTestJSON:setUpClass): 200 GET http://10.180.1.21/compute/v2.1/images/07a697aa-a338-47b6-98d3-51fe7537bb18 0.299s
2024-09-01 11:32:48.429 62640 INFO tempest.lib.common.rest_client [req-9821ae6d-4b37-4b6a-a4ff-a547dfab96a7 req-9821ae6d-4b37-4b6a-a4ff-a547dfab96a7 ] Request (KeyPairsV210TestJSON:test_admin_manage_keypairs_for_other_users): 200 GET http://10.180.1.21/compute/v2.1/os-keypairs/tempest-keypair-1605714844?user_id=9208d1357f934ca9a45e7bf6ccd65547 0.264s
2024-09-01 11:32:48.466 62630 INFO tempest.lib.common.rest_client [req-c38d1f88-3280-4278-9f39-88e44e6cc3f5 req-c38d1f88-3280-4278-9f39-88e44e6cc3f5 ] Request (ListServersNegativeTestJSON:setUpClass): 200 GET http://10.180.1.21/compute/v2.1/servers/4c085e43-8bad-40e8-ad32-974f1f4a65da 0.323s
2024-09-01 11:32:48.498 62662 INFO tempest.lib.common.rest_client [req-b1109b64-0b60-4721-88ed-426e56893cd4 req-b1109b64-0b60-4721-88ed-426e56893cd4 ] Request (ServerRescueTestJSONUnderV235:tearDownClass): 200 GET http://10.180.1.21/compute/v2.1/servers/739abc95-d1f2-4236-b1c6-0c6664ec1627 0.307s
2024-09-01 11:32:48.530 62676 INFO tempest.lib.common.rest_client [req-6fdb00ed-81e6-4365-bbde-a021359a6ed3 req-6fdb00ed-81e6-4365-bbde-a021359a6ed3 ] Request (FloatingIPsAssociationTestJSON:test_associate_already_associated_floating_ip): 200 GET http://10.180.1.21/compute/v2.1/servers/066332f1-0d7e-44ed-9715-e2fda7d2a850 0.270s
2024-09-01 11:32:48.587 62622 INFO tempest.lib.common.rest_client [req-3ed58e6d-f0a6-4788-9e4f-480ef371b4d0 req-3ed58e6d-f0a6-4788-9e4f-480ef371b4d0 ] Request (ServersAdmin275Test:_run_cleanups): 200 GET http://10.180.1.21/compute/v2.1/servers/938dc5ba-472c-401e-ad27-7b3b50d354bd 0.247s
2024-09-01 11:32:48.596 62622 INFO tempest.common.waiters [-] State transition "REBUILD/rebuild_spawning" ==> "ACTIVE/None" after 11 second wait
2024-09-01 11:32:48.703 62674 INFO tempest.lib.common.rest_client [req-6e9575f2-58c4-400c-8817-0ac89bb42fb0 req-6e9575f2-58c4-400c-8817-0ac89bb42fb0 ] Request (MigrationsAdminTest:test_list_migrations_in_flavor_resize_situation): 200 GET http://10.180.1.21/compute/v2.1/servers/95a02af2-8840-4651-9d59-60acd2555614 0.423s
2024-09-01 11:32:48.869 62668 INFO tempest.lib.common.rest_client [req-52426ad2-ac07-4621-8b85-ab2fc8e81037 req-52426ad2-ac07-4621-8b85-ab2fc8e81037 ] Request (ImagesTestJSON:test_create_image_from_suspended_server): 200 GET http://10.180.1.21/compute/v2.1/servers/cf6c02f8-74de-41c8-8d14-1672b72caf94 0.482s
2024-09-01 11:32:48.908 62640 INFO tempest.lib.common.rest_client [req-dd41c15f-3bc8-4340-9977-e718cb05c031 req-dd41c15f-3bc8-4340-9977-e718cb05c031 ] Request (KeyPairsV210TestJSON:test_admin_manage_keypairs_for_other_users): 201 POST http://10.180.1.21/compute/v2.1/os-keypairs 0.477s
2024-09-01 11:32:48.968 62648 INFO tempest.lib.common.rest_client [req-534f50e4-666c-4e71-a1c2-5bd07c31f9c5 req-534f50e4-666c-4e71-a1c2-5bd07c31f9c5 ] Request (TenantUsagesTestJSON:setUpClass): 200 GET http://10.180.1.21/compute/v2.1/servers/aa1f980f-7534-490c-9602-98dd2b0db08d 0.528s
2024-09-01 11:32:49.035 62624 INFO tempest.lib.common.rest_client [req-2593da98-1c5b-4752-93b8-204493476f38 req-2593da98-1c5b-4752-93b8-204493476f38 ] Request (ServerActionsV293TestJSON:setUpClass): 200 GET http://10.180.1.21/compute/v2.1/servers/02bd83e1-6b13-4dba-9ce6-c3fd0df3e2c1 0.540s
2024-09-01 11:32:49.105 62626 INFO tempest.lib.common.rest_client [req-2b6d3918-495e-47a2-b0eb-1a3ba20da501 req-2b6d3918-495e-47a2-b0eb-1a3ba20da501 ] Request (FloatingIPsAssociationNegativeTestJSON:test_associate_ip_to_server_with_floating_ip): 200 POST http://10.180.1.21/compute/v2.1/os-floating-ips 0.745s
2024-09-01 11:32:49.107 62653 INFO tempest.lib.common.rest_client [req-126112a3-1228-46c5-bf46-6f4df90306cb req-126112a3-1228-46c5-bf46-6f4df90306cb ] Request (ServerAddressesNegativeTestJSON:setUpClass): 200 GET http://10.180.1.21/compute/v2.1/servers/329a1099-cb7a-4196-8ae5-fb66d2fe2b1e 0.567s
2024-09-01 11:32:49.176 62654 INFO tempest.lib.common.rest_client [req-ba729c55-7c0b-46b6-b2fd-fb6a2c473901 req-ba729c55-7c0b-46b6-b2fd-fb6a2c473901 ] Request (AttachVolumeShelveTestJSON:test_attach_volume_shelved_or_offload_server): 200 GET http://10.180.1.21/compute/v2.1/servers/268a6415-adc6-49f4-8b3d-b818d3c1bb80 0.586s
2024-09-01 11:32:49.184 62656 WARNING tempest.lib.common.ssh [-] Failed to establish authenticated ssh connection to cirros@10.180.180.218 ([Errno None] Unable to connect to port 22 on 10.180.180.218). Number attempts: 4. Retry after 5 seconds.: paramiko.ssh_exception.NoValidConnectionsError: [Errno None] Unable to connect to port 22 on 10.180.180.218
2024-09-01 11:32:49.206 62622 INFO tempest.lib.common.rest_client [req-c17efa18-594d-43ff-b943-036428f9fbb8 req-c17efa18-594d-43ff-b943-036428f9fbb8 ] Request (ServersAdmin275Test:tearDownClass): 204 DELETE http://10.180.1.21/compute/v2.1/servers/938dc5ba-472c-401e-ad27-7b3b50d354bd 0.609s
2024-09-01 11:32:49.229 62664 INFO tempest.lib.common.rest_client [req-701acffa-475d-482c-9366-77d2c20fca48 req-701acffa-475d-482c-9366-77d2c20fca48 ] Request (ImagesOneServerNegativeTestJSON:_run_cleanups): 404 GET http://10.180.1.21/compute/v2.1/servers/c820d9a0-8032-4872-b3ee-c5e82f33957e 0.494s
2024-09-01 11:32:49.243 62640 INFO tempest.lib.common.rest_client [req-eeca7347-6ece-499d-89c3-640152c011af req-eeca7347-6ece-499d-89c3-640152c011af ] Request (KeyPairsV210TestJSON:test_admin_manage_keypairs_for_other_users): 200 GET http://10.180.1.21/compute/v2.1/os-keypairs?user_id=9208d1357f934ca9a45e7bf6ccd65547 0.333s
2024-09-01 11:32:49.246 62672 INFO tempest.lib.common.rest_client [req-18fe369f-6b78-4275-b448-5fb7f10792c5 req-18fe369f-6b78-4275-b448-5fb7f10792c5 ] Request (ServerGroupTestJSON:test_create_server_with_scheduler_hint_group): 200 GET http://10.180.1.21/compute/v2.1/servers/6c417d8f-fa30-4662-a484-91e79df60a09 0.578s
2024-09-01 11:32:49.319 62642 INFO tempest.lib.common.rest_client [req-194a80a5-b7ae-4bc3-8254-7fd36ce322b8 req-194a80a5-b7ae-4bc3-8254-7fd36ce322b8 ] Request (AttachInterfacesUnderV243Test:test_add_remove_fixed_ip): 200 GET http://10.180.1.21/compute/v2.1/servers/c7478df0-4419-4a7a-9d8f-b958ee082a2a 0.225s
2024-09-01 11:32:49.381 62644 INFO tempest.lib.common.rest_client [req-846671ac-7714-4b7d-818c-7ceab97b0a8b req-846671ac-7714-4b7d-818c-7ceab97b0a8b ] Request (ServersTestFqdnHostnames:tearDownClass): 200 PUT http://10.180.1.21:9696/networking/v2.0/routers/f125a8c4-9722-46c9-9430-8c33c54aff1d/remove_router_interface 1.096s
2024-09-01 11:32:49.429 62618 INFO tempest.lib.common.rest_client [req-2a9a5bb6-a74f-442c-8335-66d564d35db8 req-2a9a5bb6-a74f-442c-8335-66d564d35db8 ] Request (ServersTestJSON:test_create_server_specify_multibyte_character_name): 200 GET http://10.180.1.21/compute/v2.1/servers/428d107d-9e25-4b51-8c12-64a3184f1c82 0.380s
2024-09-01 11:32:49.477 62628 INFO tempest.lib.common.rest_client [req-9d5b926c-1a8e-42a8-8940-96634ac84b79 req-9d5b926c-1a8e-42a8-8940-96634ac84b79 ] Request (ServersTestMultiNic:test_verify_multiple_nics_order): 200 GET http://10.180.1.21/compute/v2.1/servers/b7d92b76-65b8-4479-aa97-038ac7f26d89 0.338s
2024-09-01 11:32:49.529 62622 INFO tempest.lib.common.rest_client [req-2f9c5e39-474c-4370-8ed7-2bf40bc8e4c8 req-2f9c5e39-474c-4370-8ed7-2bf40bc8e4c8 ] Request (ServersAdmin275Test:tearDownClass): 200 GET http://10.180.1.21/compute/v2.1/servers/938dc5ba-472c-401e-ad27-7b3b50d354bd 0.322s
2024-09-01 11:32:49.565 62664 INFO tempest.lib.common.rest_client [req-c267a55c-7107-4302-b4be-c4ef18887fa7 req-c267a55c-7107-4302-b4be-c4ef18887fa7 ] Request (ImagesOneServerNegativeTestJSON:_run_cleanups): 200 POST http://10.180.1.21/compute/v2.1/os-keypairs 0.334s
2024-09-01 11:32:49.673 62638 WARNING tempest.lib.common.ssh [-] Failed to establish authenticated ssh connection to cirros@10.180.180.199 ([Errno None] Unable to connect to port 22 on 10.180.180.199). Number attempts: 9. Retry after 10 seconds.: paramiko.ssh_exception.NoValidConnectionsError: [Errno None] Unable to connect to port 22 on 10.180.180.199
2024-09-01 11:32:49.714 62626 INFO tempest.lib.common.rest_client [req-2ae63636-7a9d-4982-a078-90b2b451ab11 req-2ae63636-7a9d-4982-a078-90b2b451ab11 ] Request (FloatingIPsAssociationNegativeTestJSON:test_associate_ip_to_server_with_floating_ip): 400 POST http://10.180.1.21/compute/v2.1/servers/7da7e9e6-4704-4cf5-bb18-01c9087522d6/action 0.607s
2024-09-01 11:32:49.729 62640 INFO tempest.lib.common.rest_client [req-b199866b-2a40-4112-b470-3270a73287b0 req-b199866b-2a40-4112-b470-3270a73287b0 ] Request (KeyPairsV210TestJSON:_run_cleanups): 204 DELETE http://10.180.1.21/compute/v2.1/os-keypairs/tempest-KeyPairsV210TestJSON-keypair-2141856428 0.484s
2024-09-01 11:32:49.755 62632 INFO tempest.lib.common.rest_client [req-abaefca1-4e77-4678-b278-2592b316d52b req-abaefca1-4e77-4678-b278-2592b316d52b ] Request (ServersAdminTestJSON:test_inject_network_info): 200 GET http://10.180.1.21/compute/v2.1/servers/1af716d2-9278-4eb6-bf64-6d574c5ec38a 0.524s
2024-09-01 11:32:49.758 62616 WARNING tempest.lib.common.ssh [-] Failed to establish authenticated ssh connection to cirros@10.180.180.153 ([Errno None] Unable to connect to port 22 on 10.180.180.153). Number attempts: 3. Retry after 4 seconds.: paramiko.ssh_exception.NoValidConnectionsError: [Errno None] Unable to connect to port 22 on 10.180.180.153
2024-09-01 11:32:49.764 62664 INFO tempest.lib.common.rest_client [req-cea18091-9e45-460c-b274-cbd5a2b50959 req-cea18091-9e45-460c-b274-cbd5a2b50959 ] Request (ImagesOneServerNegativeTestJSON:_run_cleanups): 201 POST http://10.180.1.21:9696/networking/v2.0/security-groups 0.197s
2024-09-01 11:32:49.811 62650 INFO tempest.lib.common.rest_client [req-c0126d0e-044b-41c3-92a9-5df8bcd17cba req-c0126d0e-044b-41c3-92a9-5df8bcd17cba ] Request (InstanceActionsV221TestJSON:test_get_list_deleted_instance_actions): 200 GET http://10.180.1.21/compute/v2.1/servers/b341b8b5-ea55-465d-bca6-aa0b65866d8c 0.420s
2024-09-01 11:32:49.817 62670 INFO tempest.lib.common.rest_client [req-6bcabb3f-a91a-4201-9614-a5d1ead8ee37 req-6bcabb3f-a91a-4201-9614-a5d1ead8ee37 ] Request (AttachInterfacesV270Test:tearDownClass): 200 GET http://10.180.1.21/compute/v2.1/servers/727d53f4-c377-4147-a5a1-f10a3d6aa438 0.521s
2024-09-01 11:32:49.865 62647 INFO tempest.lib.common.rest_client [req-dcf1a146-36be-43f0-b22a-9a4ac6f812dd req-dcf1a146-36be-43f0-b22a-9a4ac6f812dd ] Request (DeleteServersTestJSON:test_delete_active_server): 200 GET http://10.180.1.21/compute/v2.1/servers/54a728bd-697f-4118-8b52-35c827b92931 0.443s
