2024-09-01 11:33:01.925 62668 INFO tempest.lib.common.rest_client [req-2f9365a5-1313-445f-8235-1db8e87ceb05 req-2f9365a5-1313-445f-8235-1db8e87ceb05 ] Request (ImagesTestJSON:test_create_image_from_suspended_server): 200 GET http://10.180.1.21/compute/v2.1/images/c55212c3-9ef2-4e55-b31a-dee83acf4f9c 0.098s
2024-09-01 11:33:01.966 62642 INFO tempest.lib.common.rest_client [req-d64d4d03-0077-498f-ae51-c9d5196a5732 req-d64d4d03-0077-498f-ae51-c9d5196a5732 ] Request (AttachInterfacesUnderV243Test:test_add_remove_fixed_ip): 200 GET http://10.180.1.21/compute/v2.1/servers/c7478df0-4419-4a7a-9d8f-b958ee082a2a 0.068s
2024-09-01 11:33:02.022 62632 INFO tempest.lib.common.rest_client [req-64016edc-b3d2-47d4-905e-aa625fe94761 req-64016edc-b3d2-47d4-905e-aa625fe94761 ] Request (ServersAdminTestJSON:test_inject_network_info): 200 GET http://10.180.1.21/compute/v2.1/servers/1af716d2-9278-4eb6-bf64-6d574c5ec38a 0.062s
2024-09-01 11:33:02.038 62662 INFO tempest.lib.common.rest_client [req-c2d8a49c-76b5-44d7-9ea0-b32a4b075d4c req-c2d8a49c-76b5-44d7-9ea0-b32a4b075d4c ] Request (ServerRescueTestJSONUnderV235:tearDownClass): 204 DELETE http://10.180.1.21:9696/networking/v2.0/networks/1d2bd343-71f2-45c2-aed7-f508821cf0d5 0.172s
2024-09-01 11:33:02.119 62622 INFO tempest.lib.common.rest_client [req-fd9132e7-fb73-445f-8dac-1a271c7293e4 req-fd9132e7-fb73-445f-8dac-1a271c7293e4 ] Request (ServersAdmin275Test:tearDownClass): 200 GET http://10.180.1.21/compute/v2.1/servers/938dc5ba-472c-401e-ad27-7b3b50d354bd 0.082s
2024-09-01 11:33:02.136 62674 INFO tempest.lib.common.rest_client [req-9407a5d2-075e-4d96-9314-8b6c80c8e3df req-9407a5d2-075e-4d96-9314-8b6c80c8e3df ] Request (MigrationsAdminTest:test_list_migrations_in_flavor_resize_situation): 200 GET http://10.180.1.21/compute/v2.1/servers/95a02af2-8840-4651-9d59-60acd2555614 0.138s
2024-09-01 11:33:02.184 62664 INFO tempest.lib.common.rest_client [req-e1503464-ef89-483a-b6c8-c449da61ebed req-e1503464-ef89-483a-b6c8-c449da61ebed ] Request (ImagesOneServerNegativeTestJSON:_run_cleanups): 200 GET http://10.180.1.21/compute/v2.1/servers/a08a69d3-5e3d-4e20-8b07-3158c50aa784 0.080s
2024-09-01 11:33:02.256 62662 INFO tempest.lib.common.rest_client [req-1259cc22-dc06-4720-8254-8e0f580c3c36 req-1259cc22-dc06-4720-8254-8e0f580c3c36 ] Request (ServerRescueTestJSONUnderV235:tearDownClass): 204 DELETE http://10.180.1.21/identity/v3/users/2ffd028162e84e5da5422109900e7815 0.217s
2024-09-01 11:33:02.256 62662 INFO tempest.lib.common.dynamic_creds [-] Deleting project and security group for project: 8114b0bd273948b4bec7eab17d113a05
2024-09-01 11:33:02.286 62650 INFO tempest.lib.common.rest_client [req-cdf39576-1e24-49d3-8b15-561f6505e825 req-cdf39576-1e24-49d3-8b15-561f6505e825 ] Request (InstanceActionsV221TestJSON:test_get_list_deleted_instance_actions): 200 GET http://10.180.1.21/compute/v2.1/servers/b341b8b5-ea55-465d-bca6-aa0b65866d8c 0.085s
2024-09-01 11:33:02.325 62658 INFO tempest.lib.common.rest_client [req-d2ce311d-b39d-4280-897c-7423855ec612 req-d2ce311d-b39d-4280-897c-7423855ec612 ] Request (ListImageFiltersTestJSON:setUpClass): 200 GET http://10.180.1.21/compute/v2.1/images/07a697aa-a338-47b6-98d3-51fe7537bb18 0.100s
2024-09-01 11:33:02.338 62662 INFO tempest.lib.common.rest_client [req-e2e118e1-9fe3-461d-a2b3-2c0255a1d9e5 req-e2e118e1-9fe3-461d-a2b3-2c0255a1d9e5 ] Request (ServerRescueTestJSONUnderV235:tearDownClass): 200 GET http://10.180.1.21:9696/networking/v2.0/security-groups?tenant_id=8114b0bd273948b4bec7eab17d113a05&name=default 0.082s
2024-09-01 11:33:02.391 62644 INFO tempest.lib.common.rest_client [req-f4fb34a9-ed0e-4fc8-afcb-777ee675d738 req-f4fb34a9-ed0e-4fc8-afcb-777ee675d738 ] Request (ServerPasswordTestJSON:setUpClass): 200 GET http://10.180.1.21/compute/v2.1/servers/231a994c-2a04-4aeb-add6-40608739b9bd 0.116s
2024-09-01 11:33:02.395 62653 INFO tempest.lib.common.rest_client [req-0789410f-2601-4ffc-97b3-e93b04eb6f24 req-0789410f-2601-4ffc-97b3-e93b04eb6f24 ] Request (ServerAddressesNegativeTestJSON:setUpClass): 200 GET http://10.180.1.21/compute/v2.1/servers/329a1099-cb7a-4196-8ae5-fb66d2fe2b1e 0.181s
2024-09-01 11:33:02.402 62653 INFO tempest.common.waiters [-] State transition "BUILD/spawning" ==> "ACTIVE/None" after 48 second wait
2024-09-01 11:33:02.449 62647 INFO tempest.lib.common.rest_client [req-c6664277-b8d6-44bd-8603-285f235fd1a6 req-c6664277-b8d6-44bd-8603-285f235fd1a6 ] Request (DeleteServersTestJSON:test_delete_active_server): 200 GET http://10.180.1.21/compute/v2.1/servers/54a728bd-697f-4118-8b52-35c827b92931 0.116s
2024-09-01 11:33:02.451 62630 INFO tempest.lib.common.rest_client [req-017e72d3-2352-4079-85be-bb065c9cba72 req-017e72d3-2352-4079-85be-bb065c9cba72 ] Request (ListServersNegativeTestJSON:setUpClass): 200 GET http://10.180.1.21/compute/v2.1/servers/4c085e43-8bad-40e8-ad32-974f1f4a65da 0.067s
2024-09-01 11:33:02.484 62653 INFO tempest.lib.common.rest_client [req-bfceac26-b5af-4f6c-beb2-43cdcc43a039 req-bfceac26-b5af-4f6c-beb2-43cdcc43a039 ] Request (ServerAddressesNegativeTestJSON:test_list_server_addresses_by_network_neg): 404 GET http://10.180.1.21/compute/v2.1/servers/329a1099-cb7a-4196-8ae5-fb66d2fe2b1e/ips/invalid 0.080s
2024-09-01 11:33:02.504 62662 INFO tempest.lib.common.rest_client [req-11d33cf9-7365-4fdb-bf89-76c15e4279b6 req-11d33cf9-7365-4fdb-bf89-76c15e4279b6 ] Request (ServerRescueTestJSONUnderV235:tearDownClass): 204 DELETE http://10.180.1.21:9696/networking/v2.0/security-groups/ca753ce7-0b89-43c0-a011-084329d1eef2 0.166s
2024-09-01 11:33:02.539 62676 INFO tempest.lib.common.rest_client [req-dced775b-880a-4354-83cb-0ced597d910b req-dced775b-880a-4354-83cb-0ced597d910b ] Request (FloatingIPsAssociationTestJSON:test_associate_already_associated_floating_ip): 200 GET http://10.180.1.21/compute/v2.1/servers/066332f1-0d7e-44ed-9715-e2fda7d2a850 0.090s
2024-09-01 11:33:02.622 62670 INFO tempest.lib.common.rest_client [req-31384905-d9a6-4cf2-ad55-1bc7f772a3f3 req-31384905-d9a6-4cf2-ad55-1bc7f772a3f3 ] Request (AttachInterfacesV270Test:tearDownClass): 200 GET http://10.180.1.21/compute/v2.1/servers/727d53f4-c377-4147-a5a1-f10a3d6aa438 0.163s
2024-09-01 11:33:02.629 62662 INFO tempest.lib.common.rest_client [req-0606bcf2-17fc-44fa-8a6b-1c79dd2c1cec req-0606bcf2-17fc-44fa-8a6b-1c79dd2c1cec ] Request (ServerRescueTestJSONUnderV235:tearDownClass): 204 DELETE http://10.180.1.21/identity/v3/projects/8114b0bd273948b4bec7eab17d113a05 0.124s
2024-09-01 11:33:02.631 62653 INFO tempest.lib.common.rest_client [req-96dff2a5-769e-48fc-8dc9-1a699c75b49f req-96dff2a5-769e-48fc-8dc9-1a699c75b49f ] Request (ServerAddressesNegativeTestJSON:test_list_server_addresses_invalid_server_id): 404 GET http://10.180.1.21/compute/v2.1/servers/999/ips 0.146s
2024-09-01 11:33:02.684 62618 INFO tempest.lib.common.rest_client [req-bc0a857f-c9d7-4c79-b00f-73356c010533 req-bc0a857f-c9d7-4c79-b00f-73356c010533 ] Request (ServersTestJSON:test_create_server_with_ipv6_addr_only): 200 GET http://10.180.1.21/compute/v2.1/servers/fd740b5c-2397-4394-8edd-da0271a72668 0.172s
2024-09-01 11:33:02.715 62662 INFO tempest.lib.common.rest_client [req-cafac164-bfc5-425c-87ce-c8cfeb5e7353 req-cafac164-bfc5-425c-87ce-c8cfeb5e7353 ] Request (ComputeTenantNetworksTest:setUpClass): 201 POST http://10.180.1.21/identity/v3/auth/tokens 0.084s
2024-09-01 11:33:02.718 62628 INFO tempest.lib.common.rest_client [req-d3fd560b-5b76-4997-9417-0fdee0e71bd2 req-d3fd560b-5b76-4997-9417-0fdee0e71bd2 ] Request (ServersTestMultiNic:test_verify_multiple_nics_order): 200 GET http://10.180.1.21/compute/v2.1/servers/b7d92b76-65b8-4479-aa97-038ac7f26d89 0.329s
2024-09-01 11:33:02.749 62626 INFO tempest.lib.common.rest_client [req-f60fcbb3-6ebc-4495-8d6f-13206323cf2c req-f60fcbb3-6ebc-4495-8d6f-13206323cf2c ] Request (FloatingIPsAssociationNegativeTestJSON:tearDownClass): 200 GET http://10.180.1.21/compute/v2.1/servers/7da7e9e6-4704-4cf5-bb18-01c9087522d6 0.232s
2024-09-01 11:33:02.758 62662 INFO tempest.lib.common.rest_client [req-b3d854a7-8a94-47bb-af6f-0f2cd528056c req-b3d854a7-8a94-47bb-af6f-0f2cd528056c ] Request (ComputeTenantNetworksTest:setUpClass): 201 POST http://10.180.1.21/identity/v3/auth/tokens 0.039s
2024-09-01 11:33:02.777 62648 INFO tempest.lib.common.rest_client [req-6c25eb56-272e-4cc6-8d92-683e8ff26699 req-6c25eb56-272e-4cc6-8d92-683e8ff26699 ] Request (TenantUsagesTestJSON:setUpClass): 200 GET http://10.180.1.21/compute/v2.1/servers/aa1f980f-7534-490c-9602-98dd2b0db08d 0.207s
2024-09-01 11:33:02.783 62662 INFO tempest.lib.common.rest_client [req-8ceba3b6-5dd3-4ae5-85a2-9413aa214b48 req-8ceba3b6-5dd3-4ae5-85a2-9413aa214b48 ] Request (ComputeTenantNetworksTest:setUpClass): 200 GET http://10.180.1.21/identity/v3/domains?name=Default 0.025s
2024-09-01 11:33:02.800 62654 INFO tempest.lib.common.rest_client [req-312e482f-7b8e-4766-ba78-04197bdd0f28 req-312e482f-7b8e-4766-ba78-04197bdd0f28 ] Request (AttachVolumeShelveTestJSON:test_attach_volume_shelved_or_offload_server): 200 GET http://10.180.1.21/compute/v2.1/servers/268a6415-adc6-49f4-8b3d-b818d3c1bb80 0.216s
2024-09-01 11:33:02.815 62662 INFO tempest.lib.common.rest_client [req-7d6e4779-81c8-4643-8068-fb02331fcfb5 req-7d6e4779-81c8-4643-8068-fb02331fcfb5 ] Request (ComputeTenantNetworksTest:setUpClass): 201 POST http://10.180.1.21/identity/v3/projects 0.031s
2024-09-01 11:33:02.849 62653 INFO tempest.lib.common.rest_client [req-b4afa7e3-5639-4e45-a44a-255beef1b165 req-b4afa7e3-5639-4e45-a44a-255beef1b165 ] Request (ServerAddressesNegativeTestJSON:tearDownClass): 204 DELETE http://10.180.1.21/compute/v2.1/servers/329a1099-cb7a-4196-8ae5-fb66d2fe2b1e 0.216s
2024-09-01 11:33:02.859 62640 INFO tempest.lib.common.rest_client [req-2f65c6a9-ba32-4cab-98e5-441ae3bc5778 req-2f65c6a9-ba32-4cab-98e5-441ae3bc5778 ] Request (ServerDiagnosticsNegativeTest:test_get_server_diagnostics_by_non_admin): 200 GET http://10.180.1.21/compute/v2.1/servers/cd6f7bd4-49b1-4ca0-8381-6da5f346ec49 0.086s
2024-09-01 11:33:02.882 62662 INFO tempest.lib.common.rest_client [req-01f44745-8197-407d-b10a-3f2dc95cac92 req-01f44745-8197-407d-b10a-3f2dc95cac92 ] Request (ComputeTenantNetworksTest:setUpClass): 201 POST http://10.180.1.21/identity/v3/users 0.067s
2024-09-01 11:33:02.902 62662 INFO tempest.lib.common.rest_client [req-11ceaf27-e8bd-4e1f-ac3e-2f346d06504b req-11ceaf27-e8bd-4e1f-ac3e-2f346d06504b ] Request (ComputeTenantNetworksTest:setUpClass): 200 GET http://10.180.1.21/identity/v3/roles 0.020s
2024-09-01 11:33:02.933 62662 INFO tempest.lib.common.rest_client [req-53b002ca-4a59-4c68-a3c0-975eef831842 req-53b002ca-4a59-4c68-a3c0-975eef831842 ] Request (ComputeTenantNetworksTest:setUpClass): 204 PUT http://10.180.1.21/identity/v3/projects/329656b40a604c17845890fc7aca9fd5/users/eae04a9a20ac4434aab41b997aa01a0e/roles/cb1e684d36fc4c94ba97ac6da61c7010 0.030s
2024-09-01 11:33:02.933 62662 INFO tempest.lib.common.dynamic_creds [-] Dynamic test user eae04a9a20ac4434aab41b997aa01a0e is created with scope project and roles: ['member']
2024-09-01 11:33:02.933 62662 INFO tempest.lib.common.dynamic_creds [-] Acquired dynamic creds: credentials: Credentials: {'domain_id': 'default', 'domain_name': 'Default', 'username': 'tempest-ComputeTenantNetworksTest-219914821-project-member', 'project_domain_id': 'default', 'project_domain_name': 'Default', 'project_id': '329656b40a604c17845890fc7aca9fd5', 'project_name': 'tempest-ComputeTenantNetworksTest-219914821', 'tenant_id': '329656b40a604c17845890fc7aca9fd5', 'tenant_name': 'tempest-ComputeTenantNetworksTest-219914821', 'user_domain_id': 'default', 'user_domain_name': 'Default', 'user_id': 'eae04a9a20ac4434aab41b997aa01a0e', 'system': None}, Network: None, Subnet: None, Router: None
2024-09-01 11:33:03.008 62662 INFO tempest.lib.common.rest_client [req-6045a1b3-6216-42b5-b777-f6cb28d34717 req-6045a1b3-6216-42b5-b777-f6cb28d34717 ] Request (ComputeTenantNetworksTest:setUpClass): 201 POST http://10.180.1.21/identity/v3/auth/tokens 0.074s
2024-09-01 11:33:03.022 62653 INFO tempest.lib.common.rest_client [req-e9dfc5ff-1c75-4568-961c-564ce3260a13 req-e9dfc5ff-1c75-4568-961c-564ce3260a13 ] Request (ServerAddressesNegativeTestJSON:tearDownClass): 200 GET http://10.180.1.21/compute/v2.1/servers/329a1099-cb7a-4196-8ae5-fb66d2fe2b1e 0.173s
2024-09-01 11:33:03.031 62624 INFO tempest.lib.common.rest_client [req-3bb967a4-0060-4036-a47e-3c09573fa703 req-3bb967a4-0060-4036-a47e-3c09573fa703 ] Request (ServerActionsV293TestJSON:setUpClass): 200 GET http://10.180.1.21/compute/v2.1/servers/02bd83e1-6b13-4dba-9ce6-c3fd0df3e2c1 0.136s
2024-09-01 11:33:03.090 62672 INFO tempest.lib.common.rest_client [req-10159b07-e824-4b7f-8c43-07e7081e0d42 req-10159b07-e824-4b7f-8c43-07e7081e0d42 ] Request (ServerGroupTestJSON:test_create_server_with_scheduler_hint_group): 200 GET http://10.180.1.21/compute/v2.1/servers/6c417d8f-fa30-4662-a484-91e79df60a09 0.184s
2024-09-01 11:33:03.138 62642 INFO tempest.lib.common.rest_client [req-c8544ef8-4f95-4d08-9ad5-21fcf2cf5a56 req-c8544ef8-4f95-4d08-9ad5-21fcf2cf5a56 ] Request (AttachInterfacesUnderV243Test:test_add_remove_fixed_ip): 200 GET http://10.180.1.21/compute/v2.1/servers/c7478df0-4419-4a7a-9d8f-b958ee082a2a 0.157s
2024-09-01 11:33:03.168 62668 INFO tempest.lib.common.rest_client [req-d94e86dc-8aeb-48e7-a15e-d6b0cc8f3fc1 req-d94e86dc-8aeb-48e7-a15e-d6b0cc8f3fc1 ] Request (ImagesTestJSON:test_create_image_from_suspended_server): 200 GET http://10.180.1.21/compute/v2.1/images/c55212c3-9ef2-4e55-b31a-dee83acf4f9c 0.239s
2024-09-01 11:33:03.189 62632 INFO tempest.lib.common.rest_client [req-4382bad5-0c47-4bfa-86ad-1d48bfccf980 req-4382bad5-0c47-4bfa-86ad-1d48bfccf980 ] Request (ServersAdminTestJSON:test_inject_network_info): 200 GET http://10.180.1.21/compute/v2.1/servers/1af716d2-9278-4eb6-bf64-6d574c5ec38a 0.157s
2024-09-01 11:33:03.244 62622 INFO tempest.lib.common.rest_client [req-b34772b3-0986-4370-a555-037c8678d9cc req-b34772b3-0986-4370-a555-037c8678d9cc ] Request (ServersAdmin275Test:tearDownClass): 200 GET http://10.180.1.21/compute/v2.1/servers/938dc5ba-472c-401e-ad27-7b3b50d354bd 0.115s
2024-09-01 11:33:03.296 62664 INFO tempest.lib.common.rest_client [req-bf3d76c4-d0b2-4467-a66f-d1d2e215709d req-bf3d76c4-d0b2-4467-a66f-d1d2e215709d ] Request (ImagesOneServerNegativeTestJSON:_run_cleanups): 200 GET http://10.180.1.21/compute/v2.1/servers/a08a69d3-5e3d-4e20-8b07-3158c50aa784 0.103s
2024-09-01 11:33:03.331 62662 INFO tempest.lib.common.rest_client [req-b426c215-4e3e-4d2a-946e-f89ad9f0231e req-b426c215-4e3e-4d2a-946e-f89ad9f0231e ] Request (ComputeTenantNetworksTest:setUpClass): 201 POST http://10.180.1.21:9696/networking/v2.0/networks 0.322s
2024-09-01 11:33:03.331 62662 INFO tempest.lib.common.dynamic_creds [-] Created isolated network resources for: credentials: Credentials: {'domain_id': 'default', 'domain_name': 'Default', 'username': 'tempest-ComputeTenantNetworksTest-219914821-project-member', 'project_domain_id': 'default', 'project_domain_name': 'Default', 'project_id': '329656b40a604c17845890fc7aca9fd5', 'project_name': 'tempest-ComputeTenantNetworksTest-219914821', 'tenant_id': '329656b40a604c17845890fc7aca9fd5', 'tenant_name': 'tempest-ComputeTenantNetworksTest-219914821', 'user_domain_id': 'default', 'user_domain_name': 'Default', 'user_id': 'eae04a9a20ac4434aab41b997aa01a0e', 'system': None}, Network: {'id': 'c2c9d03e-bd8f-4bf6-a67e-310f01cc9995', 'name': 'tempest-ComputeTenantNetworksTest-1320127834-network', 'tenant_id': '329656b40a604c17845890fc7aca9fd5', 'admin_state_up': True, 'mtu': 8950, 'status': 'ACTIVE', 'subnets': [], 'shared': False, 'project_id': '329656b40a604c17845890fc7aca9fd5', 'port_security_enabled': True, 'router:external': False, 'provider:network_type': 'vlan', 'provider:physical_network': 'default', 'provider:segmentation_id': 666, 'is_default': False, 'availability_zone_hints': [], 'availability_zones': [], 'ipv4_address_scope': None, 'ipv6_address_scope': None, 'description': '', 'tags': [], 'created_at': '2024-09-01T11:33:03Z', 'updated_at': '2024-09-01T11:33:03Z', 'revision_number': 1}, Subnet: None, Router: None
2024-09-01 11:33:03.350 62674 INFO tempest.lib.common.rest_client [req-0338dc75-3092-4a52-9ec6-f3268af4bdbc req-0338dc75-3092-4a52-9ec6-f3268af4bdbc ] Request (MigrationsAdminTest:test_list_migrations_in_flavor_resize_situation): 200 GET http://10.180.1.21/compute/v2.1/servers/95a02af2-8840-4651-9d59-60acd2555614 0.207s
2024-09-01 11:33:03.363 62650 INFO tempest.lib.common.rest_client [req-262771f5-5f3f-483a-acaf-ae2806f717d5 req-262771f5-5f3f-483a-acaf-ae2806f717d5 ] Request (InstanceActionsV221TestJSON:test_get_list_deleted_instance_actions): 200 GET http://10.180.1.21/compute/v2.1/servers/b341b8b5-ea55-465d-bca6-aa0b65866d8c 0.066s
2024-09-01 11:33:03.385 62658 INFO tempest.lib.common.rest_client [req-0362ce2a-d102-41df-8636-52958c3847de req-0362ce2a-d102-41df-8636-52958c3847de ] Request (ListImageFiltersTestJSON:setUpClass): 200 GET http://10.180.1.21/compute/v2.1/images/07a697aa-a338-47b6-98d3-51fe7537bb18 0.057s
2024-09-01 11:33:03.424 62662 INFO tempest.lib.common.rest_client [req-308ac5c0-7ef7-45af-a144-b678f117336d req-308ac5c0-7ef7-45af-a144-b678f117336d ] Request (ComputeTenantNetworksTest:setUpClass): 201 POST http://10.180.1.21/identity/v3/auth/tokens 0.088s
2024-09-01 11:33:03.426 62658 INFO tempest.lib.common.rest_client [req-01947139-7ab7-4eb1-a616-9243613d2c1e req-01947139-7ab7-4eb1-a616-9243613d2c1e ] Request (ListImageFiltersTestJSON:setUpClass): 200 GET http://10.180.1.21/compute/v2.1/images/07a697aa-a338-47b6-98d3-51fe7537bb18 0.038s
2024-09-01 11:33:03.451 62644 INFO tempest.lib.common.rest_client [req-f94cbb08-2529-4687-8cc5-47321d96a428 req-f94cbb08-2529-4687-8cc5-47321d96a428 ] Request (ServerPasswordTestJSON:setUpClass): 200 GET http://10.180.1.21/compute/v2.1/servers/231a994c-2a04-4aeb-add6-40608739b9bd 0.053s
2024-09-01 11:33:03.458 62662 INFO tempest.lib.common.rest_client [req-25de241e-cfa2-4448-959f-7575697daa4f req-25de241e-cfa2-4448-959f-7575697daa4f ] Request (ComputeTenantNetworksTest:setUpClass): 201 POST http://10.180.1.21/identity/v3/auth/tokens 0.029s
2024-09-01 11:33:03.458 62662 INFO tempest.lib.common.fixed_network [-] (ComputeTenantNetworksTest:setUpClass) Found network {'id': 'c2c9d03e-bd8f-4bf6-a67e-310f01cc9995', 'name': 'tempest-ComputeTenantNetworksTest-1320127834-network', 'tenant_id': '329656b40a604c17845890fc7aca9fd5', 'admin_state_up': True, 'mtu': 8950, 'status': 'ACTIVE', 'subnets': [], 'shared': False, 'project_id': '329656b40a604c17845890fc7aca9fd5', 'port_security_enabled': True, 'router:external': False, 'provider:network_type': 'vlan', 'provider:physical_network': 'default', 'provider:segmentation_id': 666, 'is_default': False, 'availability_zone_hints': [], 'availability_zones': [], 'ipv4_address_scope': None, 'ipv6_address_scope': None, 'description': '', 'tags': [], 'created_at': '2024-09-01T11:33:03Z', 'updated_at': '2024-09-01T11:33:03Z', 'revision_number': 1} available for tenant
2024-09-01 11:33:03.509 62647 INFO tempest.lib.common.rest_client [req-680f6ef9-048a-4cff-b8e7-ce1bb6941b75 req-680f6ef9-048a-4cff-b8e7-ce1bb6941b75 ] Request (DeleteServersTestJSON:test_delete_active_server): 200 GET http://10.180.1.21/compute/v2.1/servers/54a728bd-697f-4118-8b52-35c827b92931 0.052s
2024-09-01 11:33:03.545 62658 INFO tempest.lib.common.rest_client [req-fe60dab2-f68c-4755-b383-da4956c9c1a0 req-fe60dab2-f68c-4755-b383-da4956c9c1a0 ] Request (ListImageFiltersTestJSON:setUpClass): 200 GET http://10.180.1.21/compute/v2.1/servers/9892ace2-84ab-458c-b823-a5f8d6c52d73 0.116s
2024-09-01 11:33:03.601 62630 INFO tempest.lib.common.rest_client [req-02eb8850-7571-47ec-a1ab-d738afb48fb0 req-02eb8850-7571-47ec-a1ab-d738afb48fb0 ] Request (ListServersNegativeTestJSON:setUpClass): 200 GET http://10.180.1.21/compute/v2.1/servers/4c085e43-8bad-40e8-ad32-974f1f4a65da 0.139s
2024-09-01 11:33:03.650 62676 INFO tempest.lib.common.rest_client [req-4d5c62f2-1106-4bb7-8f70-13c26cbd9d97 req-4d5c62f2-1106-4bb7-8f70-13c26cbd9d97 ] Request (FloatingIPsAssociationTestJSON:test_associate_already_associated_floating_ip): 200 GET http://10.180.1.21/compute/v2.1/servers/066332f1-0d7e-44ed-9715-e2fda7d2a850 0.100s
2024-09-01 11:33:03.656 62662 INFO tempest.lib.common.rest_client [req-128062e3-1fa1-4c95-9692-ca57ebdf04aa req-128062e3-1fa1-4c95-9692-ca57ebdf04aa ] Request (ComputeTenantNetworksTest:test_list_show_tenant_networks): 200 GET http://10.180.1.21/compute/v2.1/os-tenant-networks 0.197s
2024-09-01 11:33:03.702 62662 INFO tempest.lib.common.rest_client [req-5ab6ee81-5dfe-41a0-8e2a-e68a0e508f6e req-5ab6ee81-5dfe-41a0-8e2a-e68a0e508f6e ] Request (ComputeTenantNetworksTest:test_list_show_tenant_networks): 200 GET http://10.180.1.21/compute/v2.1/os-tenant-networks/c2c9d03e-bd8f-4bf6-a67e-310f01cc9995 0.044s
2024-09-01 11:33:03.709 62670 INFO tempest.lib.common.rest_client [req-1fcb5648-7e72-46e6-8825-16042b41f2fd req-1fcb5648-7e72-46e6-8825-16042b41f2fd ] Request (AttachInterfacesV270Test:tearDownClass): 200 GET http://10.180.1.21/compute/v2.1/servers/727d53f4-c377-4147-a5a1-f10a3d6aa438 0.077s
2024-09-01 11:33:03.753 62618 INFO tempest.lib.common.rest_client [req-1c23251b-89cd-4f7d-a57a-2460ede647ea req-1c23251b-89cd-4f7d-a57a-2460ede647ea ] Request (ServersTestJSON:test_create_server_with_ipv6_addr_only): 200 GET http://10.180.1.21/compute/v2.1/servers/fd740b5c-2397-4394-8edd-da0271a72668 0.058s
2024-09-01 11:33:03.823 62626 INFO tempest.lib.common.rest_client [req-b7b3b164-d31b-4689-bf36-603d5a4901ae req-b7b3b164-d31b-4689-bf36-603d5a4901ae ] Request (FloatingIPsAssociationNegativeTestJSON:tearDownClass): 200 GET http://10.180.1.21/compute/v2.1/servers/7da7e9e6-4704-4cf5-bb18-01c9087522d6 0.067s
2024-09-01 11:33:03.877 62648 INFO tempest.lib.common.rest_client [req-65bb261e-575c-4964-8f4f-cb42d8d248c6 req-65bb261e-575c-4964-8f4f-cb42d8d248c6 ] Request (TenantUsagesTestJSON:setUpClass): 200 GET http://10.180.1.21/compute/v2.1/servers/aa1f980f-7534-490c-9602-98dd2b0db08d 0.093s
2024-09-01 11:33:03.879 62662 INFO tempest.lib.common.rest_client [req-8600d028-cd5a-4163-a7cc-83d6a6d8bc09 req-8600d028-cd5a-4163-a7cc-83d6a6d8bc09 ] Request (ComputeTenantNetworksTest:tearDownClass): 204 DELETE http://10.180.1.21:9696/networking/v2.0/networks/c2c9d03e-bd8f-4bf6-a67e-310f01cc9995 0.170s
2024-09-01 11:33:03.928 62654 INFO tempest.lib.common.rest_client [req-b8a23ab4-94b2-4d12-9aa3-4872222e1905 req-b8a23ab4-94b2-4d12-9aa3-4872222e1905 ] Request (AttachVolumeShelveTestJSON:test_attach_volume_shelved_or_offload_server): 200 GET http://10.180.1.21/compute/v2.1/servers/268a6415-adc6-49f4-8b3d-b818d3c1bb80 0.121s
2024-09-01 11:33:03.930 62628 INFO tempest.lib.common.rest_client [req-d45df93d-d5a8-4ea0-89e1-97f568a78926 req-d45df93d-d5a8-4ea0-89e1-97f568a78926 ] Request (ServersTestMultiNic:test_verify_multiple_nics_order): 200 GET http://10.180.1.21/compute/v2.1/servers/b7d92b76-65b8-4479-aa97-038ac7f26d89 0.201s
2024-09-01 11:33:03.936 62654 INFO tempest.common.waiters [-] State transition "BUILD/scheduling" ==> "BUILD/None" after 36 second wait
2024-09-01 11:33:03.955 62662 INFO tempest.lib.common.rest_client [req-6c9788ac-2e32-4947-85a0-37da669a88c2 req-6c9788ac-2e32-4947-85a0-37da669a88c2 ] Request (ComputeTenantNetworksTest:tearDownClass): 204 DELETE http://10.180.1.21/identity/v3/users/eae04a9a20ac4434aab41b997aa01a0e 0.076s
2024-09-01 11:33:03.955 62662 INFO tempest.lib.common.dynamic_creds [-] Deleting project and security group for project: 329656b40a604c17845890fc7aca9fd5
2024-09-01 11:33:03.974 62640 INFO tempest.lib.common.rest_client [req-d84c5e62-7559-4200-a147-4a69181312fe req-d84c5e62-7559-4200-a147-4a69181312fe ] Request (ServerDiagnosticsNegativeTest:test_get_server_diagnostics_by_non_admin): 200 GET http://10.180.1.21/compute/v2.1/servers/cd6f7bd4-49b1-4ca0-8381-6da5f346ec49 0.105s
2024-09-01 11:33:04.000 62662 INFO tempest.lib.common.rest_client [req-4a48befe-0871-4b58-b93d-94e73f3dc764 req-4a48befe-0871-4b58-b93d-94e73f3dc764 ] Request (ComputeTenantNetworksTest:tearDownClass): 200 GET http://10.180.1.21:9696/networking/v2.0/security-groups?tenant_id=329656b40a604c17845890fc7aca9fd5&name=default 0.045s
2024-09-01 11:33:04.151 62662 INFO tempest.lib.common.rest_client [req-d8e82fc2-7ba5-4ad7-9b2a-6c85f375bc77 req-d8e82fc2-7ba5-4ad7-9b2a-6c85f375bc77 ] Request (ComputeTenantNetworksTest:tearDownClass): 204 DELETE http://10.180.1.21:9696/networking/v2.0/security-groups/122a28ef-e381-42f7-b96c-4c9df2b96880 0.150s
2024-09-01 11:33:04.184 62624 INFO tempest.lib.common.rest_client [req-8bac5d37-fcfd-4535-a79a-a2a29de0b68e req-8bac5d37-fcfd-4535-a79a-a2a29de0b68e ] Request (ServerActionsV293TestJSON:setUpClass): 200 GET http://10.180.1.21/compute/v2.1/servers/02bd83e1-6b13-4dba-9ce6-c3fd0df3e2c1 0.141s
2024-09-01 11:33:04.244 62653 INFO tempest.lib.common.rest_client [req-5217e3e4-feed-410f-ab76-6a99d4a44f9c req-5217e3e4-feed-410f-ab76-6a99d4a44f9c ] Request (ServerAddressesNegativeTestJSON:tearDownClass): 200 GET http://10.180.1.21/compute/v2.1/servers/329a1099-cb7a-4196-8ae5-fb66d2fe2b1e 0.210s
2024-09-01 11:33:04.249 62672 INFO tempest.lib.common.rest_client [req-d1133a73-ef1f-4ad8-8e54-9caf5d7596f8 req-d1133a73-ef1f-4ad8-8e54-9caf5d7596f8 ] Request (ServerGroupTestJSON:test_create_server_with_scheduler_hint_group): 200 GET http://10.180.1.21/compute/v2.1/servers/6c417d8f-fa30-4662-a484-91e79df60a09 0.152s
2024-09-01 11:33:04.272 62662 INFO tempest.lib.common.rest_client [req-7c6aaa71-afad-4911-9fd1-aadf924fa8a4 req-7c6aaa71-afad-4911-9fd1-aadf924fa8a4 ] Request (ComputeTenantNetworksTest:tearDownClass): 204 DELETE http://10.180.1.21/identity/v3/projects/329656b40a604c17845890fc7aca9fd5 0.121s
2024-09-01 11:33:04.287 62668 INFO tempest.lib.common.rest_client [req-3442c570-d7fa-486b-87bb-e263ad325e90 req-3442c570-d7fa-486b-87bb-e263ad325e90 ] Request (ImagesTestJSON:test_create_image_from_suspended_server): 200 GET http://10.180.1.21/compute/v2.1/images/c55212c3-9ef2-4e55-b31a-dee83acf4f9c 0.114s
2024-09-01 11:33:04.297 62642 INFO tempest.lib.common.rest_client [req-dd80a7c1-ea20-490d-a4b9-c2a8b34e9886 req-dd80a7c1-ea20-490d-a4b9-c2a8b34e9886 ] Request (AttachInterfacesUnderV243Test:test_add_remove_fixed_ip): 200 GET http://10.180.1.21/compute/v2.1/servers/c7478df0-4419-4a7a-9d8f-b958ee082a2a 0.149s
2024-09-01 11:33:04.343 62632 INFO tempest.lib.common.rest_client [req-6484f1c0-b122-4ebd-b6c9-fe8c39d4bbf6 req-6484f1c0-b122-4ebd-b6c9-fe8c39d4bbf6 ] Request (ServersAdminTestJSON:test_inject_network_info): 200 GET http://10.180.1.21/compute/v2.1/servers/1af716d2-9278-4eb6-bf64-6d574c5ec38a 0.147s
2024-09-01 11:33:04.373 62622 INFO tempest.lib.common.rest_client [req-50df9206-9cdf-4675-bc9e-20028dd6871a req-50df9206-9cdf-4675-bc9e-20028dd6871a ] Request (ServersAdmin275Test:tearDownClass): 200 GET http://10.180.1.21/compute/v2.1/servers/938dc5ba-472c-401e-ad27-7b3b50d354bd 0.120s
2024-09-01 11:33:04.405 62664 INFO tempest.lib.common.rest_client [req-a134bea4-e0c8-4220-8956-2365f0bf57ee req-a134bea4-e0c8-4220-8956-2365f0bf57ee ] Request (ImagesOneServerNegativeTestJSON:_run_cleanups): 200 GET http://10.180.1.21/compute/v2.1/servers/a08a69d3-5e3d-4e20-8b07-3158c50aa784 0.099s
2024-09-01 11:33:04.477 62650 INFO tempest.lib.common.rest_client [req-7e17f4dc-f15e-436f-a366-5953316d46ee req-7e17f4dc-f15e-436f-a366-5953316d46ee ] Request (InstanceActionsV221TestJSON:test_get_list_deleted_instance_actions): 200 GET http://10.180.1.21/compute/v2.1/servers/b341b8b5-ea55-465d-bca6-aa0b65866d8c 0.103s
2024-09-01 11:33:04.514 62674 INFO tempest.lib.common.rest_client [req-10a99fcb-9e0d-4e5a-9214-958dddc87634 req-10a99fcb-9e0d-4e5a-9214-958dddc87634 ] Request (MigrationsAdminTest:test_list_migrations_in_flavor_resize_situation): 200 GET http://10.180.1.21/compute/v2.1/servers/95a02af2-8840-4651-9d59-60acd2555614 0.152s
2024-09-01 11:33:04.525 62644 INFO tempest.lib.common.rest_client [req-86f9a889-4ec6-4917-9268-9292ddf491c2 req-86f9a889-4ec6-4917-9268-9292ddf491c2 ] Request (ServerPasswordTestJSON:setUpClass): 200 GET http://10.180.1.21/compute/v2.1/servers/231a994c-2a04-4aeb-add6-40608739b9bd 0.067s
2024-09-01 11:33:04.566 62647 INFO tempest.lib.common.rest_client [req-2b0a7253-9350-434c-bf41-65554a1f33a3 req-2b0a7253-9350-434c-bf41-65554a1f33a3 ] Request (DeleteServersTestJSON:test_delete_active_server): 200 GET http://10.180.1.21/compute/v2.1/servers/54a728bd-697f-4118-8b52-35c827b92931 0.049s
2024-09-01 11:33:04.660 62630 INFO tempest.lib.common.rest_client [req-d5f717cd-4237-41b7-91cb-2b4ccf76e50d req-d5f717cd-4237-41b7-91cb-2b4ccf76e50d ] Request (ListServersNegativeTestJSON:setUpClass): 200 GET http://10.180.1.21/compute/v2.1/servers/4c085e43-8bad-40e8-ad32-974f1f4a65da 0.048s
2024-09-01 11:33:04.662 62658 INFO tempest.lib.common.rest_client [req-292da371-6345-4a80-8cb0-fa69856cec03 req-292da371-6345-4a80-8cb0-fa69856cec03 ] Request (ListImageFiltersTestJSON:setUpClass): 200 GET http://10.180.1.21/compute/v2.1/servers/9892ace2-84ab-458c-b823-a5f8d6c52d73 0.109s
2024-09-01 11:33:04.704 62676 INFO tempest.lib.common.rest_client [req-c4381688-d102-4632-8a93-cdf81da91151 req-c4381688-d102-4632-8a93-cdf81da91151 ] Request (FloatingIPsAssociationTestJSON:test_associate_already_associated_floating_ip): 200 GET http://10.180.1.21/compute/v2.1/servers/066332f1-0d7e-44ed-9715-e2fda7d2a850 0.047s
2024-09-01 11:33:04.774 62670 INFO tempest.lib.common.rest_client [req-5e219b51-2fe6-4de5-921d-b2294f114937 req-5e219b51-2fe6-4de5-921d-b2294f114937 ] Request (AttachInterfacesV270Test:tearDownClass): 200 GET http://10.180.1.21/compute/v2.1/servers/727d53f4-c377-4147-a5a1-f10a3d6aa438 0.056s
2024-09-01 11:33:04.808 62618 INFO tempest.lib.common.rest_client [req-7116902c-de37-4c12-b8ef-88dee4f41a0f req-7116902c-de37-4c12-b8ef-88dee4f41a0f ] Request (ServersTestJSON:test_create_server_with_ipv6_addr_only): 200 GET http://10.180.1.21/compute/v2.1/servers/fd740b5c-2397-4394-8edd-da0271a72668 0.048s
2024-09-01 11:33:04.882 62626 INFO tempest.lib.common.rest_client [req-c88db97b-e156-4f53-b45e-3b2a841ed923 req-c88db97b-e156-4f53-b45e-3b2a841ed923 ] Request (FloatingIPsAssociationNegativeTestJSON:tearDownClass): 200 GET http://10.180.1.21/compute/v2.1/servers/7da7e9e6-4704-4cf5-bb18-01c9087522d6 0.051s
2024-09-01 11:33:04.933 62648 INFO tempest.lib.common.rest_client [req-a545e049-88f4-4f1b-8caa-3dcd42a4af54 req-a545e049-88f4-4f1b-8caa-3dcd42a4af54 ] Request (TenantUsagesTestJSON:setUpClass): 200 GET http://10.180.1.21/compute/v2.1/servers/aa1f980f-7534-490c-9602-98dd2b0db08d 0.046s
2024-09-01 11:33:04.991 62654 INFO tempest.lib.common.rest_client [req-0210dae2-8f56-418c-8371-6dcb67dd1234 req-0210dae2-8f56-418c-8371-6dcb67dd1234 ] Request (AttachVolumeShelveTestJSON:test_attach_volume_shelved_or_offload_server): 200 GET http://10.180.1.21/compute/v2.1/servers/268a6415-adc6-49f4-8b3d-b818d3c1bb80 0.053s
2024-09-01 11:33:05.041 62640 INFO tempest.lib.common.rest_client [req-8cc96c7a-b462-4d3a-86b7-e4a96a6e09bf req-8cc96c7a-b462-4d3a-86b7-e4a96a6e09bf ] Request (ServerDiagnosticsNegativeTest:test_get_server_diagnostics_by_non_admin): 200 GET http://10.180.1.21/compute/v2.1/servers/cd6f7bd4-49b1-4ca0-8381-6da5f346ec49 0.059s
2024-09-01 11:33:05.090 62628 INFO tempest.lib.common.rest_client [req-22cf1006-2e8e-48d1-91fb-0e8c1f811876 req-22cf1006-2e8e-48d1-91fb-0e8c1f811876 ] Request (ServersTestMultiNic:test_verify_multiple_nics_order): 200 GET http://10.180.1.21/compute/v2.1/servers/b7d92b76-65b8-4479-aa97-038ac7f26d89 0.152s
2024-09-01 11:33:05.317 62653 INFO tempest.lib.common.rest_client [req-c063bfce-5d7a-4869-b9fa-ede1a3180a02 req-c063bfce-5d7a-4869-b9fa-ede1a3180a02 ] Request (ServerAddressesNegativeTestJSON:tearDownClass): 200 GET http://10.180.1.21/compute/v2.1/servers/329a1099-cb7a-4196-8ae5-fb66d2fe2b1e 0.064s
2024-09-01 11:33:05.358 62624 INFO tempest.lib.common.rest_client [req-676cb37e-a8d8-425a-ade1-b5c1eae7948d req-676cb37e-a8d8-425a-ade1-b5c1eae7948d ] Request (ServerActionsV293TestJSON:setUpClass): 200 GET http://10.180.1.21/compute/v2.1/servers/02bd83e1-6b13-4dba-9ce6-c3fd0df3e2c1 0.160s
2024-09-01 11:33:05.363 62672 INFO tempest.lib.common.rest_client [req-97f6cd2a-22ca-4343-810c-2891191e0f2c req-97f6cd2a-22ca-4343-810c-2891191e0f2c ] Request (ServerGroupTestJSON:test_create_server_with_scheduler_hint_group): 200 GET http://10.180.1.21/compute/v2.1/servers/6c417d8f-fa30-4662-a484-91e79df60a09 0.106s
2024-09-01 11:33:05.390 62668 INFO tempest.lib.common.rest_client [req-0e6895e1-a75e-4cb5-854e-4c292c8faaef req-0e6895e1-a75e-4cb5-854e-4c292c8faaef ] Request (ImagesTestJSON:test_create_image_from_suspended_server): 200 GET http://10.180.1.21/compute/v2.1/images/c55212c3-9ef2-4e55-b31a-dee83acf4f9c 0.097s
2024-09-01 11:33:05.433 62642 INFO tempest.lib.common.rest_client [req-2b27a379-e87c-406d-b69b-fe4ab641032d req-2b27a379-e87c-406d-b69b-fe4ab641032d ] Request (AttachInterfacesUnderV243Test:test_add_remove_fixed_ip): 200 GET http://10.180.1.21/compute/v2.1/servers/c7478df0-4419-4a7a-9d8f-b958ee082a2a 0.129s
2024-09-01 11:33:05.437 62632 INFO tempest.lib.common.rest_client [req-857b60e6-8f93-4c83-8de4-065c21cd306f req-857b60e6-8f93-4c83-8de4-065c21cd306f ] Request (ServersAdminTestJSON:test_inject_network_info): 200 GET http://10.180.1.21/compute/v2.1/servers/1af716d2-9278-4eb6-bf64-6d574c5ec38a 0.087s
2024-09-01 11:33:05.439 62620 WARNING tempest.lib.common.ssh [-] Failed to establish authenticated ssh connection to cirros@10.180.180.128 ([Errno None] Unable to connect to port 22 on 10.180.180.128). Number attempts: 6. Retry after 7 seconds.: paramiko.ssh_exception.NoValidConnectionsError: [Errno None] Unable to connect to port 22 on 10.180.180.128
2024-09-01 11:33:05.486 62664 INFO tempest.lib.common.rest_client [req-30fa90ca-877d-49ab-ac9a-8016ded5fd6d req-30fa90ca-877d-49ab-ac9a-8016ded5fd6d ] Request (ImagesOneServerNegativeTestJSON:_run_cleanups): 200 GET http://10.180.1.21/compute/v2.1/servers/a08a69d3-5e3d-4e20-8b07-3158c50aa784 0.072s
2024-09-01 11:33:05.495 62622 INFO tempest.lib.common.rest_client [req-59f85dca-2daf-45d5-8280-48a923dfd589 req-59f85dca-2daf-45d5-8280-48a923dfd589 ] Request (ServersAdmin275Test:tearDownClass): 200 GET http://10.180.1.21/compute/v2.1/servers/938dc5ba-472c-401e-ad27-7b3b50d354bd 0.104s
2024-09-01 11:33:05.541 62650 INFO tempest.lib.common.rest_client [req-81954305-519f-4492-927a-86ed72c84857 req-81954305-519f-4492-927a-86ed72c84857 ] Request (InstanceActionsV221TestJSON:test_get_list_deleted_instance_actions): 200 GET http://10.180.1.21/compute/v2.1/servers/b341b8b5-ea55-465d-bca6-aa0b65866d8c 0.056s
2024-09-01 11:33:05.590 62644 INFO tempest.lib.common.rest_client [req-a0669758-bbf9-4c05-badd-72a8f5e456d3 req-a0669758-bbf9-4c05-badd-72a8f5e456d3 ] Request (ServerPasswordTestJSON:setUpClass): 200 GET http://10.180.1.21/compute/v2.1/servers/231a994c-2a04-4aeb-add6-40608739b9bd 0.058s
2024-09-01 11:33:05.631 62674 INFO tempest.lib.common.rest_client [req-e69406c0-c8f9-4913-a359-d00ad795fa4a req-e69406c0-c8f9-4913-a359-d00ad795fa4a ] Request (MigrationsAdminTest:test_list_migrations_in_flavor_resize_situation): 200 GET http://10.180.1.21/compute/v2.1/servers/95a02af2-8840-4651-9d59-60acd2555614 0.107s
2024-09-01 11:33:05.635 62647 INFO tempest.lib.common.rest_client [req-c6119836-dce6-428c-aaaf-b804c4260673 req-c6119836-dce6-428c-aaaf-b804c4260673 ] Request (DeleteServersTestJSON:test_delete_active_server): 200 GET http://10.180.1.21/compute/v2.1/servers/54a728bd-697f-4118-8b52-35c827b92931 0.062s
2024-09-01 11:33:05.720 62630 INFO tempest.lib.common.rest_client [req-1019608a-28c5-4625-a16a-e3ef9e5bbcb2 req-1019608a-28c5-4625-a16a-e3ef9e5bbcb2 ] Request (ListServersNegativeTestJSON:setUpClass): 200 GET http://10.180.1.21/compute/v2.1/servers/4c085e43-8bad-40e8-ad32-974f1f4a65da 0.051s
2024-09-01 11:33:05.767 62676 INFO tempest.lib.common.rest_client [req-b5dfec21-725f-4ef3-99d6-819468f27e4b req-b5dfec21-725f-4ef3-99d6-819468f27e4b ] Request (FloatingIPsAssociationTestJSON:test_associate_already_associated_floating_ip): 200 GET http://10.180.1.21/compute/v2.1/servers/066332f1-0d7e-44ed-9715-e2fda7d2a850 0.056s
2024-09-01 11:33:05.779 62658 INFO tempest.lib.common.rest_client [req-df10d4e5-aab4-4f56-8eda-1e9e2b340f80 req-df10d4e5-aab4-4f56-8eda-1e9e2b340f80 ] Request (ListImageFiltersTestJSON:setUpClass): 200 GET http://10.180.1.21/compute/v2.1/servers/9892ace2-84ab-458c-b823-a5f8d6c52d73 0.110s
2024-09-01 11:33:05.788 62658 INFO tempest.common.waiters [-] State transition "ACTIVE/image_uploading" ==> "ACTIVE/None" after 2 second wait
2024-09-01 11:33:05.843 62670 INFO tempest.lib.common.rest_client [req-6ee3cf47-0833-4393-83b0-eaaa3ab101a6 req-6ee3cf47-0833-4393-83b0-eaaa3ab101a6 ] Request (AttachInterfacesV270Test:tearDownClass): 200 GET http://10.180.1.21/compute/v2.1/servers/727d53f4-c377-4147-a5a1-f10a3d6aa438 0.061s
2024-09-01 11:33:05.851 62658 INFO tempest.lib.common.rest_client [req-01e98996-8010-4492-9118-31e66eb675c3 req-01e98996-8010-4492-9118-31e66eb675c3 ] Request (ListImageFiltersTestJSON:test_list_images_filter_by_changes_since): 200 GET http://10.180.1.21/compute/v2.1/images?changes-since=2024-09-01T11%3A31%3A13Z 0.062s
2024-09-01 11:33:05.891 62618 INFO tempest.lib.common.rest_client [req-b4e3fede-5b1e-47c4-8cf7-b6e51224fe9e req-b4e3fede-5b1e-47c4-8cf7-b6e51224fe9e ] Request (ServersTestJSON:test_create_server_with_ipv6_addr_only): 200 GET http://10.180.1.21/compute/v2.1/servers/fd740b5c-2397-4394-8edd-da0271a72668 0.076s
2024-09-01 11:33:05.901 62658 INFO tempest.lib.common.rest_client [req-5e502150-6777-4551-bcd7-028c655f96ac req-5e502150-6777-4551-bcd7-028c655f96ac ] Request (ListImageFiltersTestJSON:test_list_images_filter_by_name): 200 GET http://10.180.1.21/compute/v2.1/images?name=tempest-ListImageFiltersTestJSON-image-1905193048 0.046s
2024-09-01 11:33:05.944 62626 INFO tempest.lib.common.rest_client [req-474a83f9-78b1-4691-8bb5-fdac80f795a8 req-474a83f9-78b1-4691-8bb5-fdac80f795a8 ] Request (FloatingIPsAssociationNegativeTestJSON:tearDownClass): 200 GET http://10.180.1.21/compute/v2.1/servers/7da7e9e6-4704-4cf5-bb18-01c9087522d6 0.055s
2024-09-01 11:33:05.950 62616 WARNING tempest.lib.common.ssh [-] Failed to establish authenticated ssh connection to cirros@10.180.180.153 ([Errno None] Unable to connect to port 22 on 10.180.180.153). Number attempts: 5. Retry after 6 seconds.: paramiko.ssh_exception.NoValidConnectionsError: [Errno None] Unable to connect to port 22 on 10.180.180.153
2024-09-01 11:33:05.962 62658 INFO tempest.lib.common.rest_client [req-a245f879-f355-4dc7-80c9-e2aeb7b2ef5e req-a245f879-f355-4dc7-80c9-e2aeb7b2ef5e ] Request (ListImageFiltersTestJSON:test_list_images_filter_by_server_id): 200 GET http://10.180.1.21/compute/v2.1/images?server=9892ace2-84ab-458c-b823-a5f8d6c52d73 0.058s
2024-09-01 11:33:05.989 62648 INFO tempest.lib.common.rest_client [req-63f16a0f-623a-4aa1-a3c9-a13729fa3537 req-63f16a0f-623a-4aa1-a3c9-a13729fa3537 ] Request (TenantUsagesTestJSON:setUpClass): 200 GET http://10.180.1.21/compute/v2.1/servers/aa1f980f-7534-490c-9602-98dd2b0db08d 0.048s
2024-09-01 11:33:06.001 62658 INFO tempest.lib.common.rest_client [req-131e1ece-b9a9-490d-b865-b29d888eb530 req-131e1ece-b9a9-490d-b865-b29d888eb530 ] Request (ListImageFiltersTestJSON:test_list_images_filter_by_server_ref): 200 GET http://10.180.1.21/compute/v2.1/images?server=http%3A%2F%2F10.180.1.21%2Fcompute%2Fv2.1%2Fservers%2Fc2f2c8f9-5594-4712-bf2b-d5d5e5943d0c 0.034s
2024-09-01 11:33:06.038 62658 INFO tempest.lib.common.rest_client [req-c9f25bd8-0a6f-4c46-b3d7-0a9e4bc7b5fb req-c9f25bd8-0a6f-4c46-b3d7-0a9e4bc7b5fb ] Request (ListImageFiltersTestJSON:test_list_images_filter_by_server_ref): 200 GET http://10.180.1.21/compute/v2.1/images?server=http%3A%2F%2F10.180.1.21%2Fcompute%2Fservers%2Fc2f2c8f9-5594-4712-bf2b-d5d5e5943d0c 0.035s
2024-09-01 11:33:06.052 62654 INFO tempest.lib.common.rest_client [req-1d452a4e-1279-4d32-bb17-927b34d5fa81 req-1d452a4e-1279-4d32-bb17-927b34d5fa81 ] Request (AttachVolumeShelveTestJSON:test_attach_volume_shelved_or_offload_server): 200 GET http://10.180.1.21/compute/v2.1/servers/268a6415-adc6-49f4-8b3d-b818d3c1bb80 0.052s
2024-09-01 11:33:06.097 62640 INFO tempest.lib.common.rest_client [req-83685bc0-d741-4f10-b9fb-67af802b7471 req-83685bc0-d741-4f10-b9fb-67af802b7471 ] Request (ServerDiagnosticsNegativeTest:test_get_server_diagnostics_by_non_admin): 200 GET http://10.180.1.21/compute/v2.1/servers/cd6f7bd4-49b1-4ca0-8381-6da5f346ec49 0.049s
2024-09-01 11:33:06.105 62658 INFO tempest.lib.common.rest_client [req-e582c5b5-1c08-432d-80da-0540b985bc94 req-e582c5b5-1c08-432d-80da-0540b985bc94 ] Request (ListImageFiltersTestJSON:test_list_images_filter_by_status): 200 GET http://10.180.1.21/compute/v2.1/images?status=ACTIVE 0.064s
2024-09-01 11:33:06.156 62658 INFO tempest.lib.common.rest_client [req-0f231c0f-0e00-417a-951a-877b98b1d903 req-0f231c0f-0e00-417a-951a-877b98b1d903 ] Request (ListImageFiltersTestJSON:test_list_images_filter_by_type): 200 GET http://10.180.1.21/compute/v2.1/images?type=snapshot 0.047s
2024-09-01 11:33:06.198 62658 INFO tempest.lib.common.rest_client [req-275e4669-af0a-42ce-858f-d41ab3aa2444 req-275e4669-af0a-42ce-858f-d41ab3aa2444 ] Request (ListImageFiltersTestJSON:test_list_images_limit_results): 200 GET http://10.180.1.21/compute/v2.1/images?limit=1 0.040s
2024-09-01 11:33:06.209 62628 INFO tempest.lib.common.rest_client [req-43988095-e82e-4b44-99fb-3d7b52d3652b req-43988095-e82e-4b44-99fb-3d7b52d3652b ] Request (ServersTestMultiNic:test_verify_multiple_nics_order): 200 GET http://10.180.1.21/compute/v2.1/servers/b7d92b76-65b8-4479-aa97-038ac7f26d89 0.111s
2024-09-01 11:33:06.253 62658 INFO tempest.lib.common.rest_client [req-2afca51e-d021-4e95-8ba1-ce30c986ee02 req-2afca51e-d021-4e95-8ba1-ce30c986ee02 ] Request (ListImageFiltersTestJSON:test_list_images_with_detail_filter_by_changes_since): 200 GET http://10.180.1.21/compute/v2.1/images/detail?changes-since=2024-09-01T11%3A30%3A58Z 0.051s
2024-09-01 11:33:06.290 62658 INFO tempest.lib.common.rest_client [req-75f26bdc-49dd-49e7-abcf-5d5966718449 req-75f26bdc-49dd-49e7-abcf-5d5966718449 ] Request (ListImageFiltersTestJSON:test_list_images_with_detail_filter_by_name): 200 GET http://10.180.1.21/compute/v2.1/images/detail?name=tempest-ListImageFiltersTestJSON-image-1905193048 0.032s
2024-09-01 11:33:06.328 62658 INFO tempest.lib.common.rest_client [req-f567325a-c702-4560-816c-d3b7c83313d2 req-f567325a-c702-4560-816c-d3b7c83313d2 ] Request (ListImageFiltersTestJSON:test_list_images_with_detail_filter_by_server_ref): 200 GET http://10.180.1.21/compute/v2.1/images/detail?server=http%3A%2F%2F10.180.1.21%2Fcompute%2Fv2.1%2Fservers%2Fc2f2c8f9-5594-4712-bf2b-d5d5e5943d0c 0.034s
2024-09-01 11:33:06.364 62658 INFO tempest.lib.common.rest_client [req-134eee9e-23de-4cfe-bac5-3404323d2d47 req-134eee9e-23de-4cfe-bac5-3404323d2d47 ] Request (ListImageFiltersTestJSON:test_list_images_with_detail_filter_by_server_ref): 200 GET http://10.180.1.21/compute/v2.1/images/detail?server=http%3A%2F%2F10.180.1.21%2Fcompute%2Fservers%2Fc2f2c8f9-5594-4712-bf2b-d5d5e5943d0c 0.033s
2024-09-01 11:33:06.382 62653 INFO tempest.lib.common.rest_client [req-ac8293a8-1124-47b3-bb8d-f2b1d8012440 req-ac8293a8-1124-47b3-bb8d-f2b1d8012440 ] Request (ServerAddressesNegativeTestJSON:tearDownClass): 200 GET http://10.180.1.21/compute/v2.1/servers/329a1099-cb7a-4196-8ae5-fb66d2fe2b1e 0.058s
2024-09-01 11:33:06.389 62653 INFO tempest.common.waiters [-] State transition "ACTIVE/deleting" ==> "DELETED/None" after 3 second wait
2024-09-01 11:33:06.428 62658 INFO tempest.lib.common.rest_client [req-a3615239-bb9e-4a37-86eb-6c01d65a0ccc req-a3615239-bb9e-4a37-86eb-6c01d65a0ccc ] Request (ListImageFiltersTestJSON:test_list_images_with_detail_filter_by_status): 200 GET http://10.180.1.21/compute/v2.1/images/detail?status=ACTIVE 0.060s
2024-09-01 11:33:06.473 62624 INFO tempest.lib.common.rest_client [req-5d0b35d2-60ef-4b6e-abcb-d6b89089afd7 req-5d0b35d2-60ef-4b6e-abcb-d6b89089afd7 ] Request (ServerActionsV293TestJSON:setUpClass): 200 GET http://10.180.1.21/compute/v2.1/servers/02bd83e1-6b13-4dba-9ce6-c3fd0df3e2c1 0.106s
2024-09-01 11:33:06.474 62672 INFO tempest.lib.common.rest_client [req-5daeba28-c75e-41ef-8e8b-bbb632f8997f req-5daeba28-c75e-41ef-8e8b-bbb632f8997f ] Request (ServerGroupTestJSON:test_create_server_with_scheduler_hint_group): 200 GET http://10.180.1.21/compute/v2.1/servers/6c417d8f-fa30-4662-a484-91e79df60a09 0.104s
2024-09-01 11:33:06.518 62668 INFO tempest.lib.common.rest_client [req-817736af-3b06-46ea-bb6d-265385f53a2f req-817736af-3b06-46ea-bb6d-265385f53a2f ] Request (ImagesTestJSON:test_create_image_from_suspended_server): 200 GET http://10.180.1.21/compute/v2.1/images/c55212c3-9ef2-4e55-b31a-dee83acf4f9c 0.125s
2024-09-01 11:33:06.523 62658 INFO tempest.lib.common.rest_client [req-21d64d8e-e2d8-4f9a-8af8-64480eb056d1 req-21d64d8e-e2d8-4f9a-8af8-64480eb056d1 ] Request (ListImageFiltersTestJSON:test_list_images_with_detail_filter_by_type): 200 GET http://10.180.1.21/compute/v2.1/images/detail?type=snapshot 0.089s
2024-09-01 11:33:06.567 62632 INFO tempest.lib.common.rest_client [req-5d27a9c8-f92f-4613-8df4-43714f86cf08 req-5d27a9c8-f92f-4613-8df4-43714f86cf08 ] Request (ServersAdminTestJSON:test_inject_network_info): 200 GET http://10.180.1.21/compute/v2.1/servers/1af716d2-9278-4eb6-bf64-6d574c5ec38a 0.123s
2024-09-01 11:33:06.568 62642 INFO tempest.lib.common.rest_client [req-f02375b0-ee39-4e29-9ab2-ab9b6542a1ad req-f02375b0-ee39-4e29-9ab2-ab9b6542a1ad ] Request (AttachInterfacesUnderV243Test:test_add_remove_fixed_ip): 200 GET http://10.180.1.21/compute/v2.1/servers/c7478df0-4419-4a7a-9d8f-b958ee082a2a 0.128s
2024-09-01 11:33:06.613 62664 INFO tempest.lib.common.rest_client [req-d5571d59-3607-434d-9f62-290d9ff541c3 req-d5571d59-3607-434d-9f62-290d9ff541c3 ] Request (ImagesOneServerNegativeTestJSON:_run_cleanups): 200 GET http://10.180.1.21/compute/v2.1/servers/a08a69d3-5e3d-4e20-8b07-3158c50aa784 0.120s
2024-09-01 11:33:06.626 62622 INFO tempest.lib.common.rest_client [req-90383047-6427-4c97-93f0-87a7b496eb9e req-90383047-6427-4c97-93f0-87a7b496eb9e ] Request (ServersAdmin275Test:tearDownClass): 200 GET http://10.180.1.21/compute/v2.1/servers/938dc5ba-472c-401e-ad27-7b3b50d354bd 0.122s
2024-09-01 11:33:06.639 62658 INFO tempest.lib.common.rest_client [req-316c9d65-7f0d-4a4e-89db-e36e30f2c4b2 req-316c9d65-7f0d-4a4e-89db-e36e30f2c4b2 ] Request (ListImageFiltersTestJSON:test_list_images_with_detail_filter_by_type): 200 GET http://10.180.1.21/compute/v2.1/images/21dd5b2c-b6c1-4f42-94c8-862f3193d9e7 0.113s
2024-09-01 11:33:06.677 62650 INFO tempest.lib.common.rest_client [req-a9739734-d9df-4491-8cb2-a2c87cbeada3 req-a9739734-d9df-4491-8cb2-a2c87cbeada3 ] Request (InstanceActionsV221TestJSON:test_get_list_deleted_instance_actions): 200 GET http://10.180.1.21/compute/v2.1/servers/b341b8b5-ea55-465d-bca6-aa0b65866d8c 0.127s
2024-09-01 11:33:06.684 62644 INFO tempest.lib.common.rest_client [req-01d634c5-2301-4f31-9a1b-a74aa385f7ff req-01d634c5-2301-4f31-9a1b-a74aa385f7ff ] Request (ServerPasswordTestJSON:setUpClass): 200 GET http://10.180.1.21/compute/v2.1/servers/231a994c-2a04-4aeb-add6-40608739b9bd 0.087s
2024-09-01 11:33:06.728 62647 INFO tempest.lib.common.rest_client [req-f843df6c-b2af-4081-ab5a-0618a01862c5 req-f843df6c-b2af-4081-ab5a-0618a01862c5 ] Request (DeleteServersTestJSON:test_delete_active_server): 200 GET http://10.180.1.21/compute/v2.1/servers/54a728bd-697f-4118-8b52-35c827b92931 0.086s
2024-09-01 11:33:06.759 62658 INFO tempest.lib.common.rest_client [req-a8a77213-ec93-4aa3-a18e-70a35cda1a11 req-a8a77213-ec93-4aa3-a18e-70a35cda1a11 ] Request (ListImageFiltersTestJSON:test_list_images_with_detail_limit_results): 200 GET http://10.180.1.21/compute/v2.1/images/detail?limit=1 0.115s
2024-09-01 11:33:06.801 62674 INFO tempest.lib.common.rest_client [req-445b400f-7f6c-4ef3-af73-387fdbcd6655 req-445b400f-7f6c-4ef3-af73-387fdbcd6655 ] Request (MigrationsAdminTest:test_list_migrations_in_flavor_resize_situation): 200 GET http://10.180.1.21/compute/v2.1/servers/95a02af2-8840-4651-9d59-60acd2555614 0.161s
2024-09-01 11:33:06.802 62630 INFO tempest.lib.common.rest_client [req-c2be6719-5415-4a21-965b-d9529838f455 req-c2be6719-5415-4a21-965b-d9529838f455 ] Request (ListServersNegativeTestJSON:setUpClass): 200 GET http://10.180.1.21/compute/v2.1/servers/4c085e43-8bad-40e8-ad32-974f1f4a65da 0.074s
2024-09-01 11:33:06.845 62676 INFO tempest.lib.common.rest_client [req-54d49174-ac74-4e12-8bba-5fe7dfbb7d01 req-54d49174-ac74-4e12-8bba-5fe7dfbb7d01 ] Request (FloatingIPsAssociationTestJSON:test_associate_already_associated_floating_ip): 200 GET http://10.180.1.21/compute/v2.1/servers/066332f1-0d7e-44ed-9715-e2fda7d2a850 0.071s
2024-09-01 11:33:06.894 62658 INFO tempest.lib.common.rest_client [req-5e630984-cc9e-4e1d-ba63-96c458fea98e req-5e630984-cc9e-4e1d-ba63-96c458fea98e ] Request (ListImageFiltersTestJSON:tearDownClass): 204 DELETE http://10.180.1.21/compute/v2.1/images/07a697aa-a338-47b6-98d3-51fe7537bb18 0.130s
2024-09-01 11:33:06.907 62670 INFO tempest.lib.common.rest_client [req-f538c627-06b4-411c-80c3-b62e7a937b04 req-f538c627-06b4-411c-80c3-b62e7a937b04 ] Request (AttachInterfacesV270Test:tearDownClass): 200 GET http://10.180.1.21/compute/v2.1/servers/727d53f4-c377-4147-a5a1-f10a3d6aa438 0.056s
2024-09-01 11:33:06.952 62618 INFO tempest.lib.common.rest_client [req-7246e3e4-43d9-4465-9fbb-7fcb2921dd58 req-7246e3e4-43d9-4465-9fbb-7fcb2921dd58 ] Request (ServersTestJSON:test_create_server_with_ipv6_addr_only): 200 GET http://10.180.1.21/compute/v2.1/servers/fd740b5c-2397-4394-8edd-da0271a72668 0.054s
2024-09-01 11:33:06.967 62634 WARNING tempest.lib.common.ssh [-] Failed to establish authenticated ssh connection to cirros@10.180.180.159 ([Errno None] Unable to connect to port 22 on 10.180.180.159). Number attempts: 11. Retry after 12 seconds.: paramiko.ssh_exception.NoValidConnectionsError: [Errno None] Unable to connect to port 22 on 10.180.180.159
