2025-05-18 22:06:39.831 70285 INFO tempest.lib.common.rest_client [req-96a911cc-eb27-48f3-aa9b-b870a18344a4 req-96a911cc-eb27-48f3-aa9b-b870a18344a4 ] Request (SecurityGroupsTestJSON:test_server_security_groups): 200 GET http://10.180.1.21/compute/v2.1/servers/3bce6a6a-df6a-4aef-8f9b-d66be0b35199 0.069s
2025-05-18 22:06:39.923 70291 INFO tempest.lib.common.rest_client [req-d465969a-a71e-4e48-9135-fbd93b5732d7 req-d465969a-a71e-4e48-9135-fbd93b5732d7 ] Request (ImagesOneServerTestJSON:tearDownClass): 204 DELETE http://10.180.1.21/identity/v3/users/0341f5f9564944ddafd657222f43bd13 0.094s
2025-05-18 22:06:39.924 70291 INFO tempest.lib.common.dynamic_creds [-] Deleting project and security group for project: 101b86a95ff64876a400a82a615957f5
2025-05-18 22:06:39.938 70269 WARNING tempest.lib.common.ssh [-] Failed to establish authenticated ssh connection to cirros@10.180.180.207 ([Errno None] Unable to connect to port 22 on 10.180.180.207). Number attempts: 4. Retry after 5 seconds.: paramiko.ssh_exception.NoValidConnectionsError: [Errno None] Unable to connect to port 22 on 10.180.180.207
2025-05-18 22:06:39.963 70291 INFO tempest.lib.common.rest_client [req-02ce4884-d0c0-4556-b890-1eee0de57bd1 req-02ce4884-d0c0-4556-b890-1eee0de57bd1 ] Request (ImagesOneServerTestJSON:tearDownClass): 200 GET http://10.180.1.21:9696/networking/v2.0/security-groups?tenant_id=101b86a95ff64876a400a82a615957f5&name=default 0.038s
2025-05-18 22:06:39.965 70273 INFO tempest.lib.common.rest_client [req-297163ef-a17e-4da9-9d40-13166ae63030 req-297163ef-a17e-4da9-9d40-13166ae63030 ] Request (MigrationsAdminTest:test_resize_server_revert_deleted_flavor): 200 GET http://10.180.1.21/compute/v2.1/servers/43ce3863-2138-4b31-84e7-3754a7da689c 0.129s
2025-05-18 22:06:40.078 70291 INFO tempest.lib.common.rest_client [req-65a20cb4-961f-473f-af28-88673daff952 req-65a20cb4-961f-473f-af28-88673daff952 ] Request (ImagesOneServerTestJSON:tearDownClass): 204 DELETE http://10.180.1.21:9696/networking/v2.0/security-groups/097b1c66-7ec8-4ef2-b22c-54d29f6ac8bc 0.115s
2025-05-18 22:06:40.111 70309 INFO tempest.lib.common.rest_client [req-1cc721ab-bffa-4b0b-acd6-4c12a511c63f req-1cc721ab-bffa-4b0b-acd6-4c12a511c63f ] Request (ServerActionsTestOtherB:test_create_backup): 200 GET http://10.180.1.21/compute/v2.1/servers/cb49c031-c220-42fb-b718-12387967034e 0.115s
2025-05-18 22:06:40.222 70275 INFO tempest.lib.common.rest_client [req-33ebd10a-9cd9-4bc3-8b56-bc6a436f037e req-33ebd10a-9cd9-4bc3-8b56-bc6a436f037e ] Request (ServersAdminTestJSON:setUpClass): 200 GET http://10.180.1.21/compute/v2.1/servers/384026e4-403e-4760-8abd-fb15a02c96bf 0.185s
2025-05-18 22:06:40.223 70291 INFO tempest.lib.common.rest_client [req-26022fc4-c0b0-448f-99d6-bb2b8e259b46 req-26022fc4-c0b0-448f-99d6-bb2b8e259b46 ] Request (ImagesOneServerTestJSON:tearDownClass): 204 DELETE http://10.180.1.21/identity/v3/projects/101b86a95ff64876a400a82a615957f5 0.143s
2025-05-18 22:06:40.283 70284 INFO tempest.lib.common.rest_client [req-e269813a-5eec-4ce6-9e49-0c0f459fb5e7 req-e269813a-5eec-4ce6-9e49-0c0f459fb5e7 ] Request (AttachInterfacesUnderV243Test:_run_cleanups): 200 GET http://10.180.1.21/compute/v2.1/servers/5815824c-cf8a-4e65-ab60-1f219cd710c5 0.213s
2025-05-18 22:06:40.299 70291 INFO tempest.lib.common.rest_client [req-685b4762-e70c-43ab-b82a-39e642bb06c5 req-685b4762-e70c-43ab-b82a-39e642bb06c5 ] Request (ComputeTenantNetworksTest:setUpClass): 201 POST http://10.180.1.21/identity/v3/auth/tokens 0.074s
2025-05-18 22:06:40.332 70291 INFO tempest.lib.common.rest_client [req-eb764abb-8ae5-460d-ada6-baa4e9296d6b req-eb764abb-8ae5-460d-ada6-baa4e9296d6b ] Request (ComputeTenantNetworksTest:setUpClass): 201 POST http://10.180.1.21/identity/v3/auth/tokens 0.030s
2025-05-18 22:06:40.343 70293 INFO tempest.lib.common.rest_client [req-7bfeaaec-9fbf-446a-8d96-dd7b3bceb9f3 req-7bfeaaec-9fbf-446a-8d96-dd7b3bceb9f3 ] Request (VolumesAssistedSnapshotsTest:tearDownClass): 200 GET http://10.180.1.21/compute/v2.1/servers/afffcbe4-52eb-4385-bda8-a46fc0d2d68b 0.209s
2025-05-18 22:06:40.359 70291 INFO tempest.lib.common.rest_client [req-4928233a-8482-4c39-a46f-5295b1b958a1 req-4928233a-8482-4c39-a46f-5295b1b958a1 ] Request (ComputeTenantNetworksTest:setUpClass): 200 GET http://10.180.1.21/identity/v3/domains?name=Default 0.026s
2025-05-18 22:06:40.391 70291 INFO tempest.lib.common.rest_client [req-9fe5a416-88b0-4bae-b05f-d4c96945a953 req-9fe5a416-88b0-4bae-b05f-d4c96945a953 ] Request (ComputeTenantNetworksTest:setUpClass): 201 POST http://10.180.1.21/identity/v3/projects 0.031s
2025-05-18 22:06:40.408 70319 INFO tempest.lib.common.rest_client [req-1bce93ee-834e-45dd-b7fb-8b088ec6963a req-1bce93ee-834e-45dd-b7fb-8b088ec6963a ] Request (ListServerFiltersTestJSON:tearDownClass): 200 GET http://10.180.1.21/compute/v2.1/servers/08ecd79f-c9f2-422f-80db-2b8b1e854d43 0.257s
2025-05-18 22:06:40.469 70291 INFO tempest.lib.common.rest_client [req-ec4549c5-17e1-4290-b544-884a0d3d1d6b req-ec4549c5-17e1-4290-b544-884a0d3d1d6b ] Request (ComputeTenantNetworksTest:setUpClass): 201 POST http://10.180.1.21/identity/v3/users 0.077s
2025-05-18 22:06:40.484 70279 INFO tempest.lib.common.rest_client [req-d024ef58-3d8e-474d-9b06-e78dab497147 req-d024ef58-3d8e-474d-9b06-e78dab497147 ] Request (ServerGroupTestJSON:_run_cleanups): 200 GET http://10.180.1.21/compute/v2.1/servers/610ec2a5-de42-43df-8d4b-b4a76eec49fa 0.271s
2025-05-18 22:06:40.493 70291 INFO tempest.lib.common.rest_client [req-d0f62149-dabd-4d01-8297-1f36ea62dcd9 req-d0f62149-dabd-4d01-8297-1f36ea62dcd9 ] Request (ComputeTenantNetworksTest:setUpClass): 200 GET http://10.180.1.21/identity/v3/roles 0.023s
2025-05-18 22:06:40.540 70291 INFO tempest.lib.common.rest_client [req-f3ee391c-21af-40aa-8bba-b0869931c64e req-f3ee391c-21af-40aa-8bba-b0869931c64e ] Request (ComputeTenantNetworksTest:setUpClass): 204 PUT http://10.180.1.21/identity/v3/projects/f6a23926e6ec421c87fe9bedcc610e84/users/e28075aaf74d4584900766adb7c58aa9/roles/83eb07f769d8401b93d2436663897a82 0.046s
2025-05-18 22:06:40.540 70291 INFO tempest.lib.common.dynamic_creds [-] Dynamic test user e28075aaf74d4584900766adb7c58aa9 is created with scope project and roles: ['member']
2025-05-18 22:06:40.540 70291 INFO tempest.lib.common.dynamic_creds [-] Acquired dynamic creds: credentials: Credentials: {'domain_id': 'default', 'domain_name': 'Default', 'username': 'tempest-ComputeTenantNetworksTest-212355719-project-member', 'project_domain_id': 'default', 'project_domain_name': 'Default', 'project_id': 'f6a23926e6ec421c87fe9bedcc610e84', 'project_name': 'tempest-ComputeTenantNetworksTest-212355719', 'tenant_id': 'f6a23926e6ec421c87fe9bedcc610e84', 'tenant_name': 'tempest-ComputeTenantNetworksTest-212355719', 'user_domain_id': 'default', 'user_domain_name': 'Default', 'user_id': 'e28075aaf74d4584900766adb7c58aa9', 'system': None}, Network: None, Subnet: None, Router: None
2025-05-18 22:06:40.574 70281 INFO tempest.lib.common.rest_client [req-765bcefe-01db-4dcb-818e-f2df843ec374 req-765bcefe-01db-4dcb-818e-f2df843ec374 ] Request (InstanceActionsTestJSON:setUpClass): 200 GET http://10.180.1.21/compute/v2.1/servers/d057254b-f3c2-40e7-bf6a-5262d11f1dbc 0.345s
2025-05-18 22:06:40.652 70291 INFO tempest.lib.common.rest_client [req-56b42830-89d8-4a5d-a4db-a2a1b052e809 req-56b42830-89d8-4a5d-a4db-a2a1b052e809 ] Request (ComputeTenantNetworksTest:setUpClass): 201 POST http://10.180.1.21/identity/v3/auth/tokens 0.111s
2025-05-18 22:06:40.658 70295 INFO tempest.lib.common.rest_client [req-df93a179-98e2-4ae4-8e47-6fcc67c5f2d3 req-df93a179-98e2-4ae4-8e47-6fcc67c5f2d3 ] Request (ServersTestFqdnHostnames:tearDownClass): 200 GET http://10.180.1.21/compute/v2.1/servers/65e41164-6de7-42c6-b5ce-7c4bfcf635f1 0.343s
2025-05-18 22:06:40.720 70317 INFO tempest.lib.common.rest_client [req-c467f4d7-cb19-4c6d-95ad-f1a13ad683b8 req-c467f4d7-cb19-4c6d-95ad-f1a13ad683b8 ] Request (ServerMetadataTestJSON:setUpClass): 200 GET http://10.180.1.21/compute/v2.1/servers/3b9cae4e-ef70-4faf-bf3f-922ef72fde00 0.394s
2025-05-18 22:06:40.783 70277 INFO tempest.lib.common.rest_client [req-81a10a69-936d-493e-bd41-b39bb7c9bd7c req-81a10a69-936d-493e-bd41-b39bb7c9bd7c ] Request (ImagesNegativeTestJSON:test_create_image_from_deleted_server): 200 GET http://10.180.1.21/compute/v2.1/servers/c942bd5a-c9a1-46eb-8b9d-d8c6ec4cf428 0.387s
2025-05-18 22:06:40.843 70301 INFO tempest.lib.common.rest_client [req-4ce84a21-a724-49ce-89ba-b768ae337c61 req-4ce84a21-a724-49ce-89ba-b768ae337c61 ] Request (ImagesOneServerNegativeTestJSON:_run_cleanups): 200 GET http://10.180.1.21/compute/v2.1/servers/d7e24c6b-4c11-4d1d-a02b-787f71d5993c 0.426s
2025-05-18 22:06:40.894 70299 INFO tempest.lib.common.rest_client [req-9e49fee3-11be-48f4-9434-48bcc6048c24 req-9e49fee3-11be-48f4-9434-48bcc6048c24 ] Request (MultipleCreateTestJSON:test_multiple_create): 200 GET http://10.180.1.21/compute/v2.1/servers/e7e57df3-11d5-4c5f-9e03-f864944cc15d 0.429s
2025-05-18 22:06:40.915 70291 INFO tempest.lib.common.rest_client [req-ff929d08-ec9b-47db-89b8-200ef772d4bf req-ff929d08-ec9b-47db-89b8-200ef772d4bf ] Request (ComputeTenantNetworksTest:setUpClass): 201 POST http://10.180.1.21:9696/networking/v2.0/networks 0.263s
2025-05-18 22:06:40.916 70291 INFO tempest.lib.common.dynamic_creds [-] Created isolated network resources for: credentials: Credentials: {'domain_id': 'default', 'domain_name': 'Default', 'username': 'tempest-ComputeTenantNetworksTest-212355719-project-member', 'project_domain_id': 'default', 'project_domain_name': 'Default', 'project_id': 'f6a23926e6ec421c87fe9bedcc610e84', 'project_name': 'tempest-ComputeTenantNetworksTest-212355719', 'tenant_id': 'f6a23926e6ec421c87fe9bedcc610e84', 'tenant_name': 'tempest-ComputeTenantNetworksTest-212355719', 'user_domain_id': 'default', 'user_domain_name': 'Default', 'user_id': 'e28075aaf74d4584900766adb7c58aa9', 'system': None}, Network: {'id': '18c33643-6ff1-451d-9fd7-3ad3d5b7a100', 'name': 'tempest-ComputeTenantNetworksTest-607219059-network', 'tenant_id': 'f6a23926e6ec421c87fe9bedcc610e84', 'admin_state_up': True, 'mtu': 8950, 'status': 'ACTIVE', 'subnets': [], 'shared': False, 'project_id': 'f6a23926e6ec421c87fe9bedcc610e84', 'port_security_enabled': True, 'router:external': False, 'provider:network_type': 'vlan', 'provider:physical_network': 'default', 'provider:segmentation_id': 859, 'availability_zone_hints': [], 'availability_zones': [], 'ipv4_address_scope': None, 'ipv6_address_scope': None, 'description': '', 'tags': [], 'created_at': '2025-05-18T22:06:40Z', 'updated_at': '2025-05-18T22:06:40Z', 'revision_number': 1}, Subnet: None, Router: None
2025-05-18 22:06:40.957 70329 INFO tempest.lib.common.rest_client [req-238827eb-3168-45bf-92d0-7e1e4b4ec1c6 req-238827eb-3168-45bf-92d0-7e1e4b4ec1c6 ] Request (ServersTestJSON:test_create_server_with_ipv6_addr_only): 200 GET http://10.180.1.21/compute/v2.1/servers/57c3b8e4-0813-45aa-a513-f19fc60e3a2f 0.470s
2025-05-18 22:06:41.006 70291 INFO tempest.lib.common.rest_client [req-c0e63b5d-d3b4-4c5d-a569-c95a3ac8b04b req-c0e63b5d-d3b4-4c5d-a569-c95a3ac8b04b ] Request (ComputeTenantNetworksTest:setUpClass): 201 POST http://10.180.1.21/identity/v3/auth/tokens 0.086s
2025-05-18 22:06:41.018 70327 INFO tempest.lib.common.rest_client [req-ca9212b0-68e3-4ad2-a072-4d2a3da7ca91 req-ca9212b0-68e3-4ad2-a072-4d2a3da7ca91 ] Request (ServersTestManualDisk:tearDownClass): 200 GET http://10.180.1.21/compute/v2.1/servers/0719412a-e298-4641-af06-ce0e8c5d6876 0.470s
2025-05-18 22:06:41.043 70291 INFO tempest.lib.common.rest_client [req-6cd2ad07-0c39-4adb-857c-7c0711ec431c req-6cd2ad07-0c39-4adb-857c-7c0711ec431c ] Request (ComputeTenantNetworksTest:setUpClass): 201 POST http://10.180.1.21/identity/v3/auth/tokens 0.034s
2025-05-18 22:06:41.044 70291 INFO tempest.lib.common.fixed_network [-] (ComputeTenantNetworksTest:setUpClass) Found network {'id': '18c33643-6ff1-451d-9fd7-3ad3d5b7a100', 'name': 'tempest-ComputeTenantNetworksTest-607219059-network', 'tenant_id': 'f6a23926e6ec421c87fe9bedcc610e84', 'admin_state_up': True, 'mtu': 8950, 'status': 'ACTIVE', 'subnets': [], 'shared': False, 'project_id': 'f6a23926e6ec421c87fe9bedcc610e84', 'port_security_enabled': True, 'router:external': False, 'provider:network_type': 'vlan', 'provider:physical_network': 'default', 'provider:segmentation_id': 859, 'availability_zone_hints': [], 'availability_zones': [], 'ipv4_address_scope': None, 'ipv6_address_scope': None, 'description': '', 'tags': [], 'created_at': '2025-05-18T22:06:40Z', 'updated_at': '2025-05-18T22:06:40Z', 'revision_number': 1} available for tenant
2025-05-18 22:06:41.082 70287 INFO tempest.lib.common.rest_client [req-ccaec5cd-f696-4bfe-a528-4b9393fd9472 req-ccaec5cd-f696-4bfe-a528-4b9393fd9472 ] Request (ServersListShow296Test:test_list_show_update_rebuild_server_296): 200 GET http://10.180.1.21/compute/v2.1/servers/ce87729f-7f4d-434d-95be-60bc72dcad08 0.456s
2025-05-18 22:06:41.094 70287 INFO tempest.common.waiters [-] State transition "BUILD/None" ==> "BUILD/block_device_mapping" after 28 second wait
2025-05-18 22:06:41.171 70297 INFO tempest.lib.common.rest_client [req-9fafb765-c01a-4732-87b1-6031eb47b4f3 req-9fafb765-c01a-4732-87b1-6031eb47b4f3 ] Request (ServerRescueTestJSONUnderV235:tearDownClass): 200 GET http://10.180.1.21/compute/v2.1/servers/da4381f9-af9d-4e93-b6e9-92371f27d52f 0.401s
2025-05-18 22:06:41.229 70285 INFO tempest.lib.common.rest_client [req-7bb5d30d-27c5-4e03-80c4-72a21e40fe2b req-7bb5d30d-27c5-4e03-80c4-72a21e40fe2b ] Request (SecurityGroupsTestJSON:test_server_security_groups): 200 GET http://10.180.1.21/compute/v2.1/servers/3bce6a6a-df6a-4aef-8f9b-d66be0b35199 0.384s
2025-05-18 22:06:41.339 70273 INFO tempest.lib.common.rest_client [req-17cac0cd-838f-4129-a607-fb40ff9e9b22 req-17cac0cd-838f-4129-a607-fb40ff9e9b22 ] Request (MigrationsAdminTest:test_resize_server_revert_deleted_flavor): 200 GET http://10.180.1.21/compute/v2.1/servers/43ce3863-2138-4b31-84e7-3754a7da689c 0.361s
2025-05-18 22:06:41.480 70291 INFO tempest.lib.common.rest_client [req-1e81bb6b-3dfa-41db-9102-10e79a0e4580 req-1e81bb6b-3dfa-41db-9102-10e79a0e4580 ] Request (ComputeTenantNetworksTest:test_list_show_tenant_networks): 200 GET http://10.180.1.21/compute/v2.1/os-tenant-networks 0.435s
2025-05-18 22:06:41.618 70309 INFO tempest.lib.common.rest_client [req-d8425d46-cfa2-4367-8863-b51b1646d8a3 req-d8425d46-cfa2-4367-8863-b51b1646d8a3 ] Request (ServerActionsTestOtherB:test_create_backup): 200 GET http://10.180.1.21/compute/v2.1/servers/cb49c031-c220-42fb-b718-12387967034e 0.498s
2025-05-18 22:06:41.818 70275 INFO tempest.lib.common.rest_client [req-59ae792d-83a2-4706-8946-09dc959dc44c req-59ae792d-83a2-4706-8946-09dc959dc44c ] Request (ServersAdminTestJSON:setUpClass): 200 GET http://10.180.1.21/compute/v2.1/servers/384026e4-403e-4760-8abd-fb15a02c96bf 0.584s
2025-05-18 22:06:41.897 70284 INFO tempest.lib.common.rest_client [req-8e20661d-f44e-4d69-afe0-dd4e3fc6aa9e req-8e20661d-f44e-4d69-afe0-dd4e3fc6aa9e ] Request (AttachInterfacesUnderV243Test:_run_cleanups): 200 GET http://10.180.1.21/compute/v2.1/servers/5815824c-cf8a-4e65-ab60-1f219cd710c5 0.606s
2025-05-18 22:06:41.962 70293 INFO tempest.lib.common.rest_client [req-6a04383e-8746-4d22-8381-d03d3b0e1d03 req-6a04383e-8746-4d22-8381-d03d3b0e1d03 ] Request (VolumesAssistedSnapshotsTest:tearDownClass): 200 GET http://10.180.1.21/compute/v2.1/servers/afffcbe4-52eb-4385-bda8-a46fc0d2d68b 0.611s
2025-05-18 22:06:42.017 70319 INFO tempest.lib.common.rest_client [req-40edc09e-7780-4d57-adef-6c49f5674a55 req-40edc09e-7780-4d57-adef-6c49f5674a55 ] Request (ListServerFiltersTestJSON:tearDownClass): 200 GET http://10.180.1.21/compute/v2.1/servers/08ecd79f-c9f2-422f-80db-2b8b1e854d43 0.600s
2025-05-18 22:06:42.055 70291 INFO tempest.lib.common.rest_client [req-10fe5dd5-8d48-4db8-99f9-1ddf259e362a req-10fe5dd5-8d48-4db8-99f9-1ddf259e362a ] Request (ComputeTenantNetworksTest:test_list_show_tenant_networks): 200 GET http://10.180.1.21/compute/v2.1/os-tenant-networks/18c33643-6ff1-451d-9fd7-3ad3d5b7a100 0.573s
2025-05-18 22:06:42.114 70279 INFO tempest.lib.common.rest_client [req-9814ba76-e6f4-425d-a137-a7ed5cc06f73 req-9814ba76-e6f4-425d-a137-a7ed5cc06f73 ] Request (ServerGroupTestJSON:_run_cleanups): 200 GET http://10.180.1.21/compute/v2.1/servers/610ec2a5-de42-43df-8d4b-b4a76eec49fa 0.620s
2025-05-18 22:06:42.168 70281 INFO tempest.lib.common.rest_client [req-11f35379-04b2-4437-8bed-523401ef36d6 req-11f35379-04b2-4437-8bed-523401ef36d6 ] Request (InstanceActionsTestJSON:setUpClass): 200 GET http://10.180.1.21/compute/v2.1/servers/d057254b-f3c2-40e7-bf6a-5262d11f1dbc 0.585s
2025-05-18 22:06:42.210 70291 INFO tempest.lib.common.rest_client [req-355f3da3-4ed7-4ff0-bc16-e742bf23bbb8 req-355f3da3-4ed7-4ff0-bc16-e742bf23bbb8 ] Request (ComputeTenantNetworksTest:tearDownClass): 204 DELETE http://10.180.1.21:9696/networking/v2.0/networks/18c33643-6ff1-451d-9fd7-3ad3d5b7a100 0.152s
2025-05-18 22:06:42.234 70295 INFO tempest.lib.common.rest_client [req-caecdf1b-6f3f-4fc7-b097-32934efe2d28 req-caecdf1b-6f3f-4fc7-b097-32934efe2d28 ] Request (ServersTestFqdnHostnames:tearDownClass): 200 GET http://10.180.1.21/compute/v2.1/servers/65e41164-6de7-42c6-b5ce-7c4bfcf635f1 0.567s
2025-05-18 22:06:42.284 70317 INFO tempest.lib.common.rest_client [req-8177021c-22ee-4cce-82e4-c0061a96bd9b req-8177021c-22ee-4cce-82e4-c0061a96bd9b ] Request (ServerMetadataTestJSON:setUpClass): 200 GET http://10.180.1.21/compute/v2.1/servers/3b9cae4e-ef70-4faf-bf3f-922ef72fde00 0.557s
2025-05-18 22:06:42.291 70291 INFO tempest.lib.common.rest_client [req-87a34b3f-170b-4a4d-bdb2-e0b917349ce9 req-87a34b3f-170b-4a4d-bdb2-e0b917349ce9 ] Request (ComputeTenantNetworksTest:tearDownClass): 204 DELETE http://10.180.1.21/identity/v3/users/e28075aaf74d4584900766adb7c58aa9 0.080s
2025-05-18 22:06:42.291 70291 INFO tempest.lib.common.dynamic_creds [-] Deleting project and security group for project: f6a23926e6ec421c87fe9bedcc610e84
2025-05-18 22:06:42.305 70277 INFO tempest.lib.common.rest_client [req-c29d06a0-c0a8-4fff-8546-4c53e572f16d req-c29d06a0-c0a8-4fff-8546-4c53e572f16d ] Request (ImagesNegativeTestJSON:test_create_image_from_deleted_server): 404 GET http://10.180.1.21/compute/v2.1/servers/c942bd5a-c9a1-46eb-8b9d-d8c6ec4cf428 0.513s
2025-05-18 22:06:42.320 70291 INFO tempest.lib.common.rest_client [req-f48b11b3-b210-462a-8ee6-4bfe56e32e4c req-f48b11b3-b210-462a-8ee6-4bfe56e32e4c ] Request (ComputeTenantNetworksTest:tearDownClass): 200 GET http://10.180.1.21:9696/networking/v2.0/security-groups?tenant_id=f6a23926e6ec421c87fe9bedcc610e84&name=default 0.029s
2025-05-18 22:06:42.375 70301 INFO tempest.lib.common.rest_client [req-15c7c2a5-4173-4e2a-aa27-e3712920fb3f req-15c7c2a5-4173-4e2a-aa27-e3712920fb3f ] Request (ImagesOneServerNegativeTestJSON:_run_cleanups): 200 GET http://10.180.1.21/compute/v2.1/servers/d7e24c6b-4c11-4d1d-a02b-787f71d5993c 0.523s
2025-05-18 22:06:42.430 70291 INFO tempest.lib.common.rest_client [req-c68dd5b7-3812-4f08-926e-ccb20d081bd6 req-c68dd5b7-3812-4f08-926e-ccb20d081bd6 ] Request (ComputeTenantNetworksTest:tearDownClass): 204 DELETE http://10.180.1.21:9696/networking/v2.0/security-groups/7d426b25-1f52-4dfb-8948-1eee545c503b 0.110s
2025-05-18 22:06:42.433 70299 INFO tempest.lib.common.rest_client [req-3e99f917-2cc1-48cc-bbd6-be1d4c538482 req-3e99f917-2cc1-48cc-bbd6-be1d4c538482 ] Request (MultipleCreateTestJSON:test_multiple_create): 200 GET http://10.180.1.21/compute/v2.1/servers/e7e57df3-11d5-4c5f-9e03-f864944cc15d 0.527s
2025-05-18 22:06:42.487 70329 INFO tempest.lib.common.rest_client [req-6874f019-47a3-4eb7-b274-6f21dab6d0fb req-6874f019-47a3-4eb7-b274-6f21dab6d0fb ] Request (ServersTestJSON:test_create_server_with_ipv6_addr_only): 200 GET http://10.180.1.21/compute/v2.1/servers/57c3b8e4-0813-45aa-a513-f19fc60e3a2f 0.519s
2025-05-18 22:06:42.538 70291 INFO tempest.lib.common.rest_client [req-8fccebd1-c036-485e-b307-1c4118308266 req-8fccebd1-c036-485e-b307-1c4118308266 ] Request (ComputeTenantNetworksTest:tearDownClass): 204 DELETE http://10.180.1.21/identity/v3/projects/f6a23926e6ec421c87fe9bedcc610e84 0.107s
2025-05-18 22:06:42.558 70327 INFO tempest.lib.common.rest_client [req-38bc85aa-b2ef-4cd1-8bb2-46e3145b1276 req-38bc85aa-b2ef-4cd1-8bb2-46e3145b1276 ] Request (ServersTestManualDisk:tearDownClass): 200 GET http://10.180.1.21/compute/v2.1/servers/0719412a-e298-4641-af06-ce0e8c5d6876 0.531s
2025-05-18 22:06:42.569 70271 INFO tempest.lib.common.rest_client [req-42a5a65c-f58d-404b-9237-76629552bd88 req-42a5a65c-f58d-404b-9237-76629552bd88 ] Request (ImagesTestJSON:test_create_image_from_suspended_server): 200 GET http://10.180.1.21/compute/v2.1/images/4f6287b9-cb9e-422e-8668-2592efa69dd2 3.139s
2025-05-18 22:06:42.644 70291 INFO tempest.lib.common.rest_client [req-b20ecb3f-185f-446d-8d26-eb3de94918dc req-b20ecb3f-185f-446d-8d26-eb3de94918dc ] Request (AttachVolumeNegativeTest:setUpClass): 201 POST http://10.180.1.21/identity/v3/auth/tokens 0.104s
2025-05-18 22:06:42.645 70287 INFO tempest.lib.common.rest_client [req-ea589534-5c05-4fe6-bbb0-521f9c74eb9a req-ea589534-5c05-4fe6-bbb0-521f9c74eb9a ] Request (ServersListShow296Test:test_list_show_update_rebuild_server_296): 200 GET http://10.180.1.21/compute/v2.1/servers/ce87729f-7f4d-434d-95be-60bc72dcad08 0.550s
2025-05-18 22:06:42.648 70297 INFO tempest.lib.common.rest_client [req-5e3a5c14-eca8-4c4b-b3d2-6952da9baf16 req-5e3a5c14-eca8-4c4b-b3d2-6952da9baf16 ] Request (ServerRescueTestJSONUnderV235:tearDownClass): 200 GET http://10.180.1.21/compute/v2.1/servers/da4381f9-af9d-4e93-b6e9-92371f27d52f 0.468s
2025-05-18 22:06:42.657 70287 INFO tempest.common.waiters [-] State transition "BUILD/block_device_mapping" ==> "BUILD/spawning" after 29 second wait
2025-05-18 22:06:42.671 70277 INFO tempest.lib.common.rest_client [req-f57f4046-2906-44bd-9af2-ba9ca8bcb6be req-f57f4046-2906-44bd-9af2-ba9ca8bcb6be ] Request (ImagesNegativeTestJSON:test_create_image_from_deleted_server): 404 POST http://10.180.1.21/compute/v2.1/servers/c942bd5a-c9a1-46eb-8b9d-d8c6ec4cf428/action 0.365s
2025-05-18 22:06:42.685 70291 INFO tempest.lib.common.rest_client [req-1047bdd5-d0af-445f-be12-273f5c1f4c62 req-1047bdd5-d0af-445f-be12-273f5c1f4c62 ] Request (AttachVolumeNegativeTest:setUpClass): 201 POST http://10.180.1.21/identity/v3/auth/tokens 0.038s
2025-05-18 22:06:42.704 70285 INFO tempest.lib.common.rest_client [req-d17a16e6-6d38-4b55-8683-59a1a67dcc48 req-d17a16e6-6d38-4b55-8683-59a1a67dcc48 ] Request (SecurityGroupsTestJSON:test_server_security_groups): 200 GET http://10.180.1.21/compute/v2.1/servers/3bce6a6a-df6a-4aef-8f9b-d66be0b35199 0.466s
2025-05-18 22:06:42.726 70291 INFO tempest.lib.common.rest_client [req-009295f0-aa5c-4b79-8983-8ebdceebaa91 req-009295f0-aa5c-4b79-8983-8ebdceebaa91 ] Request (AttachVolumeNegativeTest:setUpClass): 200 GET http://10.180.1.21/identity/v3/domains?name=Default 0.040s
2025-05-18 22:06:42.745 70271 INFO tempest.lib.common.rest_client [req-b70fc14c-8ce1-4935-bbce-36bd698685d3 req-b70fc14c-8ce1-4935-bbce-36bd698685d3 ] Request (ImagesTestJSON:test_create_image_from_suspended_server): 200 GET http://10.180.1.21/compute/v2.1/images/4f6287b9-cb9e-422e-8668-2592efa69dd2 0.172s
2025-05-18 22:06:42.765 70291 INFO tempest.lib.common.rest_client [req-f829b9ef-7f66-40b8-8fef-d9494f71db1c req-f829b9ef-7f66-40b8-8fef-d9494f71db1c ] Request (AttachVolumeNegativeTest:setUpClass): 201 POST http://10.180.1.21/identity/v3/projects 0.038s
2025-05-18 22:06:42.771 70271 INFO tempest.lib.common.rest_client [req-a1e32a15-91d2-4874-a51e-086ad5c66eaa req-a1e32a15-91d2-4874-a51e-086ad5c66eaa ] Request (ImagesTestJSON:test_create_image_from_suspended_server): 200 GET http://10.180.1.21/image/v2/images/4f6287b9-cb9e-422e-8668-2592efa69dd2/tasks 0.022s
2025-05-18 22:06:42.788 70273 INFO tempest.lib.common.rest_client [req-5cbb37de-2db1-40f7-8f45-6a1ef3099ad6 req-5cbb37de-2db1-40f7-8f45-6a1ef3099ad6 ] Request (MigrationsAdminTest:test_resize_server_revert_deleted_flavor): 200 GET http://10.180.1.21/compute/v2.1/servers/43ce3863-2138-4b31-84e7-3754a7da689c 0.440s
2025-05-18 22:06:42.794 70277 INFO tempest.lib.common.rest_client [req-9a38749a-42a1-478d-8770-22cdbf43ded1 req-9a38749a-42a1-478d-8770-22cdbf43ded1 ] Request (ImagesNegativeTestJSON:test_create_image_from_invalid_server): 404 POST http://10.180.1.21/compute/v2.1/servers/tempest-invalid-746099969/action 0.120s
2025-05-18 22:06:42.834 70291 INFO tempest.lib.common.rest_client [req-e5d072cf-355e-4a49-8157-22f2cf5fde0f req-e5d072cf-355e-4a49-8157-22f2cf5fde0f ] Request (AttachVolumeNegativeTest:setUpClass): 201 POST http://10.180.1.21/identity/v3/users 0.069s
2025-05-18 22:06:42.857 70309 INFO tempest.lib.common.rest_client [req-31c6274e-e85d-4a8d-ae47-c5c0f79f1b72 req-31c6274e-e85d-4a8d-ae47-c5c0f79f1b72 ] Request (ServerActionsTestOtherB:test_create_backup): 200 GET http://10.180.1.21/compute/v2.1/servers/cb49c031-c220-42fb-b718-12387967034e 0.229s
2025-05-18 22:06:42.860 70291 INFO tempest.lib.common.rest_client [req-267e76c0-8686-4d2f-9df6-66ca11cb85fe req-267e76c0-8686-4d2f-9df6-66ca11cb85fe ] Request (AttachVolumeNegativeTest:setUpClass): 200 GET http://10.180.1.21/identity/v3/roles 0.025s
2025-05-18 22:06:42.866 70277 INFO tempest.lib.common.rest_client [req-a59ad77c-d4f4-4d1e-b2e5-c35bda31d45d req-a59ad77c-d4f4-4d1e-b2e5-c35bda31d45d ] Request (ImagesNegativeTestJSON:test_create_image_specify_uuid_35_characters_or_less): 404 POST http://10.180.1.21/compute/v2.1/servers/aaaaaaaaaaaaaaaaaaaaaaaaaaaaaaaaaaa/action 0.071s
2025-05-18 22:06:42.890 70291 INFO tempest.lib.common.rest_client [req-51f9c018-203b-4ea4-8497-2dd7a66ffb40 req-51f9c018-203b-4ea4-8497-2dd7a66ffb40 ] Request (AttachVolumeNegativeTest:setUpClass): 204 PUT http://10.180.1.21/identity/v3/projects/87a36143c99541a2a1802030073feaca/users/95c64437ccb247798e445f6014838f00/roles/83eb07f769d8401b93d2436663897a82 0.029s
2025-05-18 22:06:42.890 70291 INFO tempest.lib.common.dynamic_creds [-] Dynamic test user 95c64437ccb247798e445f6014838f00 is created with scope project and roles: ['member']
2025-05-18 22:06:42.890 70291 INFO tempest.lib.common.dynamic_creds [-] Acquired dynamic creds: credentials: Credentials: {'domain_id': 'default', 'domain_name': 'Default', 'username': 'tempest-AttachVolumeNegativeTest-1013223366-project-member', 'project_domain_id': 'default', 'project_domain_name': 'Default', 'project_id': '87a36143c99541a2a1802030073feaca', 'project_name': 'tempest-AttachVolumeNegativeTest-1013223366', 'tenant_id': '87a36143c99541a2a1802030073feaca', 'tenant_name': 'tempest-AttachVolumeNegativeTest-1013223366', 'user_domain_id': 'default', 'user_domain_name': 'Default', 'user_id': '95c64437ccb247798e445f6014838f00', 'system': None}, Network: None, Subnet: None, Router: None
2025-05-18 22:06:42.922 70271 INFO tempest.lib.common.rest_client [req-96c3ed77-c312-49d1-8fcd-c80fd1d73334 req-96c3ed77-c312-49d1-8fcd-c80fd1d73334 ] Request (ImagesTestJSON:_run_cleanups): 204 DELETE http://10.180.1.21/compute/v2.1/images/4f6287b9-cb9e-422e-8668-2592efa69dd2 0.150s
2025-05-18 22:06:42.927 70277 INFO tempest.lib.common.rest_client [req-357403f2-a21b-4509-ab6d-fa2346f113b0 req-357403f2-a21b-4509-ab6d-fa2346f113b0 ] Request (ImagesNegativeTestJSON:test_create_image_specify_uuid_37_characters_or_more): 404 POST http://10.180.1.21/compute/v2.1/servers/aaaaaaaaaaaaaaaaaaaaaaaaaaaaaaaaaaaaa/action 0.059s
2025-05-18 22:06:42.952 70291 INFO tempest.lib.common.rest_client [req-fd4f78dd-8166-47a5-9ef8-7966c670659a req-fd4f78dd-8166-47a5-9ef8-7966c670659a ] Request (AttachVolumeNegativeTest:setUpClass): 201 POST http://10.180.1.21/identity/v3/auth/tokens 0.061s
2025-05-18 22:06:42.988 70284 INFO tempest.lib.common.rest_client [req-ea3a6ff4-f5f9-44c8-bc70-ead3acaf0ae1 req-ea3a6ff4-f5f9-44c8-bc70-ead3acaf0ae1 ] Request (AttachInterfacesUnderV243Test:_run_cleanups): 200 GET http://10.180.1.21/compute/v2.1/servers/5815824c-cf8a-4e65-ab60-1f219cd710c5 0.082s
2025-05-18 22:06:42.991 70275 INFO tempest.lib.common.rest_client [req-e5461554-3b9e-4e4e-9d2d-782d206e2ee0 req-e5461554-3b9e-4e4e-9d2d-782d206e2ee0 ] Request (ServersAdminTestJSON:setUpClass): 200 GET http://10.180.1.21/compute/v2.1/servers/384026e4-403e-4760-8abd-fb15a02c96bf 0.162s
2025-05-18 22:06:43.011 70277 INFO tempest.lib.common.rest_client [req-5ddc18e2-a2b5-469e-8b80-12b40d070345 req-5ddc18e2-a2b5-469e-8b80-12b40d070345 ] Request (ImagesNegativeTestJSON:tearDownClass): 404 DELETE http://10.180.1.21/compute/v2.1/servers/c942bd5a-c9a1-46eb-8b9d-d8c6ec4cf428 0.083s
2025-05-18 22:06:43.070 70271 INFO tempest.lib.common.rest_client [req-16df9601-3caa-475d-b694-f27722d1ad40 req-16df9601-3caa-475d-b694-f27722d1ad40 ] Request (ImagesTestJSON:_run_cleanups): 204 DELETE http://10.180.1.21/compute/v2.1/servers/7a07fecf-d4da-48fd-a2fd-eb7611f22316 0.148s
2025-05-18 22:06:43.075 70293 INFO tempest.lib.common.rest_client [req-435f932d-fa98-4207-9a04-cc50c9625721 req-435f932d-fa98-4207-9a04-cc50c9625721 ] Request (VolumesAssistedSnapshotsTest:tearDownClass): 200 GET http://10.180.1.21/compute/v2.1/servers/afffcbe4-52eb-4385-bda8-a46fc0d2d68b 0.102s
2025-05-18 22:06:43.098 70277 INFO tempest.lib.common.rest_client [req-ce852253-ef0e-44ee-bfc7-adc55ab66ef3 req-ce852253-ef0e-44ee-bfc7-adc55ab66ef3 ] Request (ImagesNegativeTestJSON:tearDownClass): 404 GET http://10.180.1.21/compute/v2.1/servers/c942bd5a-c9a1-46eb-8b9d-d8c6ec4cf428 0.086s
2025-05-18 22:06:43.151 70271 INFO tempest.lib.common.rest_client [req-e2f3a1f5-2e19-4baa-859b-c98759a49a89 req-e2f3a1f5-2e19-4baa-859b-c98759a49a89 ] Request (ImagesTestJSON:test_create_server_from_snapshot): 201 POST http://10.180.1.21/identity/v3/auth/tokens 0.075s
2025-05-18 22:06:43.152 70271 INFO tempest.lib.common.fixed_network [-] (ImagesTestJSON:test_create_server_from_snapshot) Found network {'id': '98705dd6-f309-4efc-9ad7-3c626d2204b7', 'name': 'tempest-ImagesTestJSON-1778073029-network', 'tenant_id': '2e29c924a5ef4b2cb44bfa45e3e034f3', 'admin_state_up': True, 'mtu': 8950, 'status': 'ACTIVE', 'subnets': [], 'shared': False, 'project_id': '2e29c924a5ef4b2cb44bfa45e3e034f3', 'port_security_enabled': True, 'router:external': False, 'provider:network_type': 'vlan', 'provider:physical_network': 'default', 'provider:segmentation_id': 137, 'availability_zone_hints': [], 'availability_zones': [], 'ipv4_address_scope': None, 'ipv6_address_scope': None, 'description': '', 'tags': [], 'created_at': '2025-05-18T22:04:36Z', 'updated_at': '2025-05-18T22:04:36Z', 'revision_number': 1} available for tenant
2025-05-18 22:06:43.153 70319 INFO tempest.lib.common.rest_client [req-ce39fd85-3e2c-42bd-a16e-559f7e52a88d req-ce39fd85-3e2c-42bd-a16e-559f7e52a88d ] Request (ListServerFiltersTestJSON:tearDownClass): 200 GET http://10.180.1.21/compute/v2.1/servers/08ecd79f-c9f2-422f-80db-2b8b1e854d43 0.129s
2025-05-18 22:06:43.200 70279 INFO tempest.lib.common.rest_client [req-982889f9-5dd0-4940-b7fd-fc39e9b5a76d req-982889f9-5dd0-4940-b7fd-fc39e9b5a76d ] Request (ServerGroupTestJSON:_run_cleanups): 200 GET http://10.180.1.21/compute/v2.1/servers/610ec2a5-de42-43df-8d4b-b4a76eec49fa 0.078s
2025-05-18 22:06:43.238 70291 INFO tempest.lib.common.rest_client [req-36f962e6-2c4b-4c4b-b2b9-ca0b85f8c382 req-36f962e6-2c4b-4c4b-b2b9-ca0b85f8c382 ] Request (AttachVolumeNegativeTest:setUpClass): 201 POST http://10.180.1.21:9696/networking/v2.0/networks 0.286s
2025-05-18 22:06:43.289 70281 INFO tempest.lib.common.rest_client [req-d678b295-7360-4598-b127-f10b939606eb req-d678b295-7360-4598-b127-f10b939606eb ] Request (InstanceActionsTestJSON:setUpClass): 200 GET http://10.180.1.21/compute/v2.1/servers/d057254b-f3c2-40e7-bf6a-5262d11f1dbc 0.113s
2025-05-18 22:06:43.372 70295 INFO tempest.lib.common.rest_client [req-08970ef3-b2f9-48e7-9c08-fe54d899e476 req-08970ef3-b2f9-48e7-9c08-fe54d899e476 ] Request (ServersTestFqdnHostnames:tearDownClass): 200 GET http://10.180.1.21/compute/v2.1/servers/65e41164-6de7-42c6-b5ce-7c4bfcf635f1 0.130s
2025-05-18 22:06:43.408 70291 INFO tempest.lib.common.rest_client [req-0f084bbd-6a8b-4745-803a-89e68325849f req-0f084bbd-6a8b-4745-803a-89e68325849f ] Request (AttachVolumeNegativeTest:setUpClass): 201 POST http://10.180.1.21:9696/networking/v2.0/subnets 0.169s
2025-05-18 22:06:43.451 70317 INFO tempest.lib.common.rest_client [req-9a1a6b21-b48a-4597-810a-a51ed4237ae0 req-9a1a6b21-b48a-4597-810a-a51ed4237ae0 ] Request (ServerMetadataTestJSON:setUpClass): 200 GET http://10.180.1.21/compute/v2.1/servers/3b9cae4e-ef70-4faf-bf3f-922ef72fde00 0.157s
2025-05-18 22:06:43.526 70301 INFO tempest.lib.common.rest_client [req-5f8a178f-fda7-4ad7-9277-551237e452a6 req-5f8a178f-fda7-4ad7-9277-551237e452a6 ] Request (ImagesOneServerNegativeTestJSON:_run_cleanups): 200 GET http://10.180.1.21/compute/v2.1/servers/d7e24c6b-4c11-4d1d-a02b-787f71d5993c 0.144s
2025-05-18 22:06:43.707 70325 WARNING tempest.lib.common.ssh [-] Failed to establish authenticated ssh connection to cirros@10.180.180.229 ([Errno None] Unable to connect to port 22 on 10.180.180.229). Number attempts: 13. Retry after 14 seconds.: paramiko.ssh_exception.NoValidConnectionsError: [Errno None] Unable to connect to port 22 on 10.180.180.229
2025-05-18 22:06:43.858 70299 INFO tempest.lib.common.rest_client [req-24ff3f62-2c07-4527-b9b6-2051dd430c3e req-24ff3f62-2c07-4527-b9b6-2051dd430c3e ] Request (MultipleCreateTestJSON:test_multiple_create): 200 GET http://10.180.1.21/compute/v2.1/servers/e7e57df3-11d5-4c5f-9e03-f864944cc15d 0.416s
2025-05-18 22:06:43.941 70329 INFO tempest.lib.common.rest_client [req-14d275f3-7dcf-4ca5-8e61-0c30ecda4219 req-14d275f3-7dcf-4ca5-8e61-0c30ecda4219 ] Request (ServersTestJSON:test_create_server_with_ipv6_addr_only): 200 GET http://10.180.1.21/compute/v2.1/servers/57c3b8e4-0813-45aa-a513-f19fc60e3a2f 0.446s
2025-05-18 22:06:43.999 70271 INFO tempest.lib.common.rest_client [req-7146a80b-4684-49d9-970e-8b4185d006a9 req-7146a80b-4684-49d9-970e-8b4185d006a9 ] Request (ImagesTestJSON:test_create_server_from_snapshot): 202 POST http://10.180.1.21/compute/v2.1/servers 0.845s
2025-05-18 22:06:44.022 70327 INFO tempest.lib.common.rest_client [req-ce431244-8335-4a41-9c23-5db14b282d8f req-ce431244-8335-4a41-9c23-5db14b282d8f ] Request (ServersTestManualDisk:tearDownClass): 200 GET http://10.180.1.21/compute/v2.1/servers/0719412a-e298-4641-af06-ce0e8c5d6876 0.451s
2025-05-18 22:06:44.085 70297 INFO tempest.lib.common.rest_client [req-5ce43173-9413-40e4-add9-35f4d8db1abe req-5ce43173-9413-40e4-add9-35f4d8db1abe ] Request (ServerRescueTestJSONUnderV235:tearDownClass): 200 GET http://10.180.1.21/compute/v2.1/servers/da4381f9-af9d-4e93-b6e9-92371f27d52f 0.427s
2025-05-18 22:06:44.098 70287 INFO tempest.lib.common.rest_client [req-1807e20d-81e9-4aa4-aef7-e4fded74ce60 req-1807e20d-81e9-4aa4-aef7-e4fded74ce60 ] Request (ServersListShow296Test:test_list_show_update_rebuild_server_296): 200 GET http://10.180.1.21/compute/v2.1/servers/ce87729f-7f4d-434d-95be-60bc72dcad08 0.441s
2025-05-18 22:06:44.154 70285 INFO tempest.lib.common.rest_client [req-3a8a7d08-23a4-4001-bb25-219d487f65e4 req-3a8a7d08-23a4-4001-bb25-219d487f65e4 ] Request (SecurityGroupsTestJSON:test_server_security_groups): 200 GET http://10.180.1.21/compute/v2.1/servers/3bce6a6a-df6a-4aef-8f9b-d66be0b35199 0.432s
2025-05-18 22:06:44.317 70291 INFO tempest.lib.common.rest_client [req-7a616f70-c074-4c4f-811f-7e6a8c2f9f4c req-7a616f70-c074-4c4f-811f-7e6a8c2f9f4c ] Request (AttachVolumeNegativeTest:setUpClass): 201 POST http://10.180.1.21:9696/networking/v2.0/routers 0.908s
2025-05-18 22:06:44.354 70309 INFO tempest.lib.common.rest_client [req-f3dc378d-ff5c-4c00-a0ee-4245c89995a4 req-f3dc378d-ff5c-4c00-a0ee-4245c89995a4 ] Request (ServerActionsTestOtherB:test_create_backup): 200 GET http://10.180.1.21/compute/v2.1/servers/cb49c031-c220-42fb-b718-12387967034e 0.486s
2025-05-18 22:06:44.353 70273 INFO tempest.lib.common.rest_client [req-cf5abed2-ae53-4c86-8ef1-cc0e16c96fd5 req-cf5abed2-ae53-4c86-8ef1-cc0e16c96fd5 ] Request (MigrationsAdminTest:test_resize_server_revert_deleted_flavor): 200 GET http://10.180.1.21/compute/v2.1/servers/43ce3863-2138-4b31-84e7-3754a7da689c 0.553s
2025-05-18 22:06:44.380 70284 INFO tempest.lib.common.rest_client [req-01609717-785b-4e82-82fa-04a8088ed806 req-01609717-785b-4e82-82fa-04a8088ed806 ] Request (AttachInterfacesUnderV243Test:_run_cleanups): 404 GET http://10.180.1.21/compute/v2.1/servers/5815824c-cf8a-4e65-ab60-1f219cd710c5 0.381s
2025-05-18 22:06:44.453 70271 INFO tempest.lib.common.rest_client [req-467642df-4df6-468c-9068-de69987c7689 req-467642df-4df6-468c-9068-de69987c7689 ] Request (ImagesTestJSON:test_create_server_from_snapshot): 200 GET http://10.180.1.21/compute/v2.1/servers/75fe594f-3bc3-4070-ae8f-28555cb79785 0.450s
2025-05-18 22:06:44.533 70293 INFO tempest.lib.common.rest_client [req-5f3a004a-2711-49de-a12e-93578aa1eef2 req-5f3a004a-2711-49de-a12e-93578aa1eef2 ] Request (VolumesAssistedSnapshotsTest:tearDownClass): 200 GET http://10.180.1.21/compute/v2.1/servers/afffcbe4-52eb-4385-bda8-a46fc0d2d68b 0.449s
2025-05-18 22:06:44.539 70275 INFO tempest.lib.common.rest_client [req-3619d842-035e-463c-8e1e-005c458e4fda req-3619d842-035e-463c-8e1e-005c458e4fda ] Request (ServersAdminTestJSON:setUpClass): 200 GET http://10.180.1.21/compute/v2.1/servers/384026e4-403e-4760-8abd-fb15a02c96bf 0.541s
2025-05-18 22:06:44.653 70279 INFO tempest.lib.common.rest_client [req-648f537e-c342-409a-a3a6-c7f9324e3cbf req-648f537e-c342-409a-a3a6-c7f9324e3cbf ] Request (ServerGroupTestJSON:_run_cleanups): 200 GET http://10.180.1.21/compute/v2.1/servers/610ec2a5-de42-43df-8d4b-b4a76eec49fa 0.441s
2025-05-18 22:06:44.658 70319 INFO tempest.lib.common.rest_client [req-89280f77-9540-4f6c-a859-a2ece37e75e3 req-89280f77-9540-4f6c-a859-a2ece37e75e3 ] Request (ListServerFiltersTestJSON:tearDownClass): 200 GET http://10.180.1.21/compute/v2.1/servers/08ecd79f-c9f2-422f-80db-2b8b1e854d43 0.497s
2025-05-18 22:06:44.685 70284 INFO tempest.lib.common.rest_client [req-1754f60c-c404-425a-90d6-536f58b8a73e req-1754f60c-c404-425a-90d6-536f58b8a73e ] Request (AttachInterfacesUnderV243Test:_run_cleanups): 202 DELETE http://10.180.1.21/compute/v2.1/os-keypairs/tempest-keypair-1022609240 0.304s
2025-05-18 22:06:44.753 70281 INFO tempest.lib.common.rest_client [req-8f4a7ad5-b2ef-47da-a0ec-9673b7178d28 req-8f4a7ad5-b2ef-47da-a0ec-9673b7178d28 ] Request (InstanceActionsTestJSON:setUpClass): 200 GET http://10.180.1.21/compute/v2.1/servers/d057254b-f3c2-40e7-bf6a-5262d11f1dbc 0.456s
2025-05-18 22:06:44.775 70295 INFO tempest.lib.common.rest_client [req-e56fce19-a416-4470-9a1c-71112c521f6f req-e56fce19-a416-4470-9a1c-71112c521f6f ] Request (ServersTestFqdnHostnames:tearDownClass): 200 GET http://10.180.1.21/compute/v2.1/servers/65e41164-6de7-42c6-b5ce-7c4bfcf635f1 0.388s
2025-05-18 22:06:44.810 70277 INFO tempest.lib.common.rest_client [req-a756e7ca-ad37-4158-b873-5cc820dd8165 req-a756e7ca-ad37-4158-b873-5cc820dd8165 ] Request (ImagesNegativeTestJSON:tearDownClass): 200 PUT http://10.180.1.21:9696/networking/v2.0/routers/1aa11462-52d2-47ad-b8a5-eaca0aa0e48e/remove_router_interface 1.712s
2025-05-18 22:06:44.836 70317 INFO tempest.lib.common.rest_client [req-daf5eed1-f8f6-451f-806a-125a7ec5985c req-daf5eed1-f8f6-451f-806a-125a7ec5985c ] Request (ServerMetadataTestJSON:setUpClass): 200 GET http://10.180.1.21/compute/v2.1/servers/3b9cae4e-ef70-4faf-bf3f-922ef72fde00 0.375s
2025-05-18 22:06:44.859 70301 INFO tempest.lib.common.rest_client [req-bd89cdfd-fd1c-485d-81a7-ed611cccff2c req-bd89cdfd-fd1c-485d-81a7-ed611cccff2c ] Request (ImagesOneServerNegativeTestJSON:_run_cleanups): 200 GET http://10.180.1.21/compute/v2.1/servers/d7e24c6b-4c11-4d1d-a02b-787f71d5993c 0.324s
2025-05-18 22:06:44.898 70284 INFO tempest.lib.common.rest_client [req-0d53b25c-771a-415f-b280-3ae008f87d0b req-0d53b25c-771a-415f-b280-3ae008f87d0b ] Request (AttachInterfacesUnderV243Test:_run_cleanups): 204 DELETE http://10.180.1.21:9696/networking/v2.0/security-groups/33e2f7ad-1137-4ad0-be83-060fedc8bf8b 0.211s
2025-05-18 22:06:44.930 70284 INFO tempest.lib.common.rest_client [req-b0ebb39e-452c-4734-96b4-b21bb4463014 req-b0ebb39e-452c-4734-96b4-b21bb4463014 ] Request (AttachInterfacesUnderV243Test:_run_cleanups): 404 GET http://10.180.1.21:9696/networking/v2.0/security-groups/33e2f7ad-1137-4ad0-be83-060fedc8bf8b 0.031s
2025-05-18 22:06:44.937 70299 INFO tempest.lib.common.rest_client [req-af46e17c-eaa1-4737-9d62-3df88e1a22eb req-af46e17c-eaa1-4737-9d62-3df88e1a22eb ] Request (MultipleCreateTestJSON:test_multiple_create): 200 GET http://10.180.1.21/compute/v2.1/servers/e7e57df3-11d5-4c5f-9e03-f864944cc15d 0.071s
2025-05-18 22:06:45.018 70329 INFO tempest.lib.common.rest_client [req-abb7b4f2-d5b4-4d98-a9c7-a45dbc61f651 req-abb7b4f2-d5b4-4d98-a9c7-a45dbc61f651 ] Request (ServersTestJSON:test_create_server_with_ipv6_addr_only): 200 GET http://10.180.1.21/compute/v2.1/servers/57c3b8e4-0813-45aa-a513-f19fc60e3a2f 0.069s
2025-05-18 22:06:45.125 70327 INFO tempest.lib.common.rest_client [req-578bc211-f5b8-48e7-a5d0-09d2424d5f4e req-578bc211-f5b8-48e7-a5d0-09d2424d5f4e ] Request (ServersTestManualDisk:tearDownClass): 200 GET http://10.180.1.21/compute/v2.1/servers/0719412a-e298-4641-af06-ce0e8c5d6876 0.093s
2025-05-18 22:06:45.175 70297 INFO tempest.lib.common.rest_client [req-c59ae534-6df2-4cda-9c2d-7d5b70ebe281 req-c59ae534-6df2-4cda-9c2d-7d5b70ebe281 ] Request (ServerRescueTestJSONUnderV235:tearDownClass): 200 GET http://10.180.1.21/compute/v2.1/servers/da4381f9-af9d-4e93-b6e9-92371f27d52f 0.077s
2025-05-18 22:06:45.206 70284 INFO tempest.lib.common.rest_client [req-4235f2df-0219-4f0d-9e44-b3c90672b0df req-4235f2df-0219-4f0d-9e44-b3c90672b0df ] Request (AttachInterfacesUnderV243Test:_run_cleanups): 204 DELETE http://10.180.1.21:9696/networking/v2.0/floatingips/81ad72e9-cbcf-4dbb-aee1-49bbe47a9e50 0.276s
2025-05-18 22:06:45.211 70287 INFO tempest.lib.common.rest_client [req-9ab09847-7c1e-4313-9da9-4ff077abe86b req-9ab09847-7c1e-4313-9da9-4ff077abe86b ] Request (ServersListShow296Test:test_list_show_update_rebuild_server_296): 200 GET http://10.180.1.21/compute/v2.1/servers/ce87729f-7f4d-434d-95be-60bc72dcad08 0.101s
2025-05-18 22:06:45.232 70284 INFO tempest.lib.common.rest_client [req-1ee3dbcc-2667-454a-816b-8fb12d745481 req-1ee3dbcc-2667-454a-816b-8fb12d745481 ] Request (AttachInterfacesUnderV243Test:tearDownClass): 404 DELETE http://10.180.1.21/compute/v2.1/servers/5815824c-cf8a-4e65-ab60-1f219cd710c5 0.024s
2025-05-18 22:06:45.233 70285 INFO tempest.lib.common.rest_client [req-6ad775d4-9896-47e7-adac-88e5c1ded68d req-6ad775d4-9896-47e7-adac-88e5c1ded68d ] Request (SecurityGroupsTestJSON:test_server_security_groups): 200 GET http://10.180.1.21/compute/v2.1/servers/3bce6a6a-df6a-4aef-8f9b-d66be0b35199 0.064s
2025-05-18 22:06:45.259 70284 INFO tempest.lib.common.rest_client [req-6c88573d-858f-4937-9244-38cea5077e33 req-6c88573d-858f-4937-9244-38cea5077e33 ] Request (AttachInterfacesUnderV243Test:tearDownClass): 404 GET http://10.180.1.21/compute/v2.1/servers/5815824c-cf8a-4e65-ab60-1f219cd710c5 0.026s
2025-05-18 22:06:45.447 70269 INFO paramiko.transport [-] Connected (version 2.0, client dropbear_2020.81)
2025-05-18 22:06:45.522 70277 INFO tempest.lib.common.rest_client [req-430a235b-1108-45c9-82b7-463fe8de220b req-430a235b-1108-45c9-82b7-463fe8de220b ] Request (ImagesNegativeTestJSON:tearDownClass): 204 DELETE http://10.180.1.21:9696/networking/v2.0/routers/1aa11462-52d2-47ad-b8a5-eaca0aa0e48e 0.710s
2025-05-18 22:06:45.527 70309 INFO tempest.lib.common.rest_client [req-7eff3f25-edf6-41be-808d-78171fc07d07 req-7eff3f25-edf6-41be-808d-78171fc07d07 ] Request (ServerActionsTestOtherB:test_create_backup): 200 GET http://10.180.1.21/compute/v2.1/servers/cb49c031-c220-42fb-b718-12387967034e 0.164s
2025-05-18 22:06:45.527 70273 INFO tempest.lib.common.rest_client [req-fca6a7d2-a392-4103-95e3-eb04042ab1a5 req-fca6a7d2-a392-4103-95e3-eb04042ab1a5 ] Request (MigrationsAdminTest:test_resize_server_revert_deleted_flavor): 200 GET http://10.180.1.21/compute/v2.1/servers/43ce3863-2138-4b31-84e7-3754a7da689c 0.163s
2025-05-18 22:06:45.558 70269 INFO paramiko.transport [-] Authentication (publickey) successful!
2025-05-18 22:06:45.558 70269 INFO tempest.lib.common.ssh [-] ssh connection to cirros@10.180.180.207 successfully created
2025-05-18 22:06:45.565 70269 INFO tempest.lib.common.ssh [-] Creating ssh connection to '10.180.180.207:22' as 'cirros' with public key authentication
2025-05-18 22:06:45.569 70269 INFO paramiko.transport [-] Connected (version 2.0, client dropbear_2020.81)
2025-05-18 22:06:45.612 70271 INFO tempest.lib.common.rest_client [req-c5690118-7d76-4b55-8fb7-e11ee1eb3bb3 req-c5690118-7d76-4b55-8fb7-e11ee1eb3bb3 ] Request (ImagesTestJSON:test_create_server_from_snapshot): 200 GET http://10.180.1.21/compute/v2.1/servers/75fe594f-3bc3-4070-ae8f-28555cb79785 0.144s
2025-05-18 22:06:45.628 70271 INFO tempest.common.waiters [-] State transition "BUILD/scheduling" ==> "BUILD/None" after 1 second wait
2025-05-18 22:06:45.632 70269 INFO paramiko.transport [-] Authentication (publickey) successful!
2025-05-18 22:06:45.632 70269 INFO tempest.lib.common.ssh [-] ssh connection to cirros@10.180.180.207 successfully created
2025-05-18 22:06:45.647 70293 INFO tempest.lib.common.rest_client [req-0f25dc7f-8477-458d-a3ae-11ea322a8c83 req-0f25dc7f-8477-458d-a3ae-11ea322a8c83 ] Request (VolumesAssistedSnapshotsTest:tearDownClass): 200 GET http://10.180.1.21/compute/v2.1/servers/afffcbe4-52eb-4385-bda8-a46fc0d2d68b 0.099s
2025-05-18 22:06:45.747 70269 INFO tempest.lib.common.rest_client [req-44f7f638-3441-4858-b6c6-3ed5008b3048 req-44f7f638-3441-4858-b6c6-3ed5008b3048 ] Request (ServerActionsTestJSON:test_reboot_server_hard): 202 POST http://10.180.1.21/compute/v2.1/servers/8dc73bf3-9e59-4fe3-8d62-94033241d0dc/action 0.102s
2025-05-18 22:06:45.758 70275 INFO tempest.lib.common.rest_client [req-6f7276ad-ec32-4cbf-afe0-aa581c9aedfe req-6f7276ad-ec32-4cbf-afe0-aa581c9aedfe ] Request (ServersAdminTestJSON:setUpClass): 200 GET http://10.180.1.21/compute/v2.1/servers/384026e4-403e-4760-8abd-fb15a02c96bf 0.206s
2025-05-18 22:06:45.768 70277 INFO tempest.lib.common.rest_client [req-cb5aa407-1ff6-41be-bab0-5d4f4963770b req-cb5aa407-1ff6-41be-bab0-5d4f4963770b ] Request (ImagesNegativeTestJSON:tearDownClass): 204 DELETE http://10.180.1.21:9696/networking/v2.0/subnets/3b499a9d-7735-413d-9e66-9cccc81d8120 0.246s
2025-05-18 22:06:45.832 70279 INFO tempest.lib.common.rest_client [req-6d92f3fc-8e60-4866-924b-cea707161214 req-6d92f3fc-8e60-4866-924b-cea707161214 ] Request (ServerGroupTestJSON:_run_cleanups): 200 GET http://10.180.1.21/compute/v2.1/servers/610ec2a5-de42-43df-8d4b-b4a76eec49fa 0.168s
2025-05-18 22:06:45.863 70319 INFO tempest.lib.common.rest_client [req-524cadd1-5ea7-4543-ac3f-de0bffe28d34 req-524cadd1-5ea7-4543-ac3f-de0bffe28d34 ] Request (ListServerFiltersTestJSON:tearDownClass): 200 GET http://10.180.1.21/compute/v2.1/servers/08ecd79f-c9f2-422f-80db-2b8b1e854d43 0.192s
2025-05-18 22:06:45.959 70291 INFO tempest.lib.common.rest_client [req-dad27c1c-7fb4-4d1c-8724-6af9a8c5e6da req-dad27c1c-7fb4-4d1c-8724-6af9a8c5e6da ] Request (AttachVolumeNegativeTest:setUpClass): 200 PUT http://10.180.1.21:9696/networking/v2.0/routers/3497c908-e8fe-4606-a4bc-f244e238a1e4/add_router_interface 1.641s
