2025-05-18 22:03:45.927 70303 INFO tempest.lib.common.dynamic_creds [-] Acquired dynamic creds: credentials: Credentials: {'domain_id': 'default', 'domain_name': 'Default', 'username': 'tempest-FlavorsAccessNegativeTestJSON-1292656663-project-member', 'project_domain_id': 'default', 'project_domain_name': 'Default', 'project_id': 'c8400f872df7450e979ce9f9b484e404', 'project_name': 'tempest-FlavorsAccessNegativeTestJSON-1292656663', 'tenant_id': 'c8400f872df7450e979ce9f9b484e404', 'tenant_name': 'tempest-FlavorsAccessNegativeTestJSON-1292656663', 'user_domain_id': 'default', 'user_domain_name': 'Default', 'user_id': '9db9635a7fa9479ea834a6fd8986cadc', 'system': None}, Network: None, Subnet: None, Router: None
2025-05-18 22:03:45.927 70303 INFO tempest.lib.common.dynamic_creds [-] Created isolated network resources for: credentials: Credentials: {'domain_id': 'default', 'domain_name': 'Default', 'username': 'tempest-FlavorsAccessNegativeTestJSON-1292656663-project-member', 'project_domain_id': 'default', 'project_domain_name': 'Default', 'project_id': 'c8400f872df7450e979ce9f9b484e404', 'project_name': 'tempest-FlavorsAccessNegativeTestJSON-1292656663', 'tenant_id': 'c8400f872df7450e979ce9f9b484e404', 'tenant_name': 'tempest-FlavorsAccessNegativeTestJSON-1292656663', 'user_domain_id': 'default', 'user_domain_name': 'Default', 'user_id': '9db9635a7fa9479ea834a6fd8986cadc', 'system': None}, Network: None, Subnet: None, Router: None
2025-05-18 22:03:45.931 70327 INFO tempest.lib.common.rest_client [req-c1f0bd02-3f8e-40ab-8b5e-e616b4ed3915 req-c1f0bd02-3f8e-40ab-8b5e-e616b4ed3915 ] Request (ServerDiagnosticsV248Test:test_get_server_diagnostics): 202 POST http://10.180.1.21/compute/v2.1/servers 3.260s
2025-05-18 22:03:45.947 70299 INFO tempest.lib.common.rest_client [req-7e494a52-5923-4401-9018-9d71768a62d6 req-7e494a52-5923-4401-9018-9d71768a62d6 ] Request (FloatingIPsAssociationTestJSON:setUpClass): 201 POST http://10.180.1.21/identity/v3/projects 0.128s
2025-05-18 22:03:45.966 70289 INFO tempest.lib.common.rest_client [req-b3882653-a1ca-4d58-8fb6-6f80689a6f1c req-b3882653-a1ca-4d58-8fb6-6f80689a6f1c ] Request (AZAdminV2TestJSON:test_get_availability_zone_list): 200 GET http://10.180.1.21/compute/v2.1/os-availability-zone 3.226s
2025-05-18 22:03:45.980 70319 INFO tempest.lib.common.rest_client [req-4d86fa60-7e0a-47d8-9605-72101ecdb9ea req-4d86fa60-7e0a-47d8-9605-72101ecdb9ea ] Request (QuotasSecurityGroupAdminNegativeTest:tearDownClass): 204 DELETE http://10.180.1.21:9696/networking/v2.0/security-groups/ca478c66-06c0-4d94-8775-ece32981daf5 0.144s
2025-05-18 22:03:46.017 70293 INFO tempest.lib.common.rest_client [req-1c21201d-6485-4113-b1c2-58875250cbf6 req-1c21201d-6485-4113-b1c2-58875250cbf6 ] Request (VolumesAssistedSnapshotsTest:setUpClass): 200 GET http://10.180.1.21/identity/v3/roles 0.175s
2025-05-18 22:03:46.065 70307 INFO tempest.lib.common.rest_client [req-2c5e9fc4-0fbd-4020-943d-dc95c9f3656e req-2c5e9fc4-0fbd-4020-943d-dc95c9f3656e ] Request (SecurityGroupsNegativeTestJSON:setUpClass): 201 POST http://10.180.1.21/identity/v3/users 0.233s
2025-05-18 22:03:46.073 70331 INFO tempest.lib.common.rest_client [req-ab2cffc4-5dac-4d4d-a71d-f7eda57c9625 req-ab2cffc4-5dac-4d4d-a71d-f7eda57c9625 ] Request (ServersWithSpecificFlavorTestJSON:setUpClass): 204 PUT http://10.180.1.21/identity/v3/projects/fb03c7b8cbf94a6d860a1933dcedb942/users/b847ea89702e4b49ab6649b4f9f91dd2/roles/709f5892679946bbaa7a885faa7e9c39 0.177s
2025-05-18 22:03:46.110 70275 INFO tempest.lib.common.rest_client [req-48ce0b82-42ec-49df-b0a5-4767b2edffc6 req-48ce0b82-42ec-49df-b0a5-4767b2edffc6 ] Request (DeleteServersAdminTestJSON:test_admin_delete_servers_of_others): 200 GET http://10.180.1.21/compute/v2.1/servers/8780ba68-79d5-4290-a2db-cac10ca3eb0a 2.375s
2025-05-18 22:03:46.164 70303 INFO tempest.lib.common.rest_client [req-74fe8c12-ea36-4e00-b776-0bc1246c68a6 req-74fe8c12-ea36-4e00-b776-0bc1246c68a6 ] Request (FlavorsAccessNegativeTestJSON:setUpClass): 201 POST http://10.180.1.21/identity/v3/auth/tokens 0.231s
2025-05-18 22:03:46.165 70303 WARNING tempest.lib.common.rest_client [-] Deprecated: "tenant_id" property is deprecated for removal, use "project_id" instead
2025-05-18 22:03:46.232 70299 INFO tempest.lib.common.rest_client [req-d746c8ab-7abf-4945-95b2-7567a42666bb req-d746c8ab-7abf-4945-95b2-7567a42666bb ] Request (FloatingIPsAssociationTestJSON:setUpClass): 201 POST http://10.180.1.21/identity/v3/users 0.284s
2025-05-18 22:03:46.253 70297 INFO tempest.lib.common.rest_client [req-8dde0a94-92d5-4513-869f-d6e50f3d3716 req-8dde0a94-92d5-4513-869f-d6e50f3d3716 ] Request (HypervisorAdminV228Test:test_get_list_hypervisor_details): 200 GET http://10.180.1.21/compute/v2.1/os-hypervisors 2.907s
2025-05-18 22:03:46.257 70293 INFO tempest.lib.common.rest_client [req-c06cdfa7-3803-4c23-9fa3-1124ea7f9378 req-c06cdfa7-3803-4c23-9fa3-1124ea7f9378 ] Request (VolumesAssistedSnapshotsTest:setUpClass): 204 PUT http://10.180.1.21/identity/v3/projects/5368662dc471448ebfb0e0d0c5fc398f/users/36f2d6c2b0384509b888a3ae9c386282/roles/71de1868cdf54f9380a07fe3ed79ee0d 0.239s
2025-05-18 22:03:46.283 70319 INFO tempest.lib.common.rest_client [req-811ddefd-ccfb-4343-ae8d-b75926eb9e42 req-811ddefd-ccfb-4343-ae8d-b75926eb9e42 ] Request (QuotasSecurityGroupAdminNegativeTest:tearDownClass): 204 DELETE http://10.180.1.21/identity/v3/projects/ac25e42f29b6461ab6177ea7ba370479 0.302s
2025-05-18 22:03:46.283 70319 INFO tempest.lib.common.dynamic_creds [-] Deleting project and security group for project: 5e6731a31a474a3dbbfa770faafea0e4
2025-05-18 22:03:46.336 70331 INFO tempest.lib.common.rest_client [req-ac54b455-41e8-4fd9-be87-e94fe4741f79 req-ac54b455-41e8-4fd9-be87-e94fe4741f79 ] Request (ServersWithSpecificFlavorTestJSON:setUpClass): 200 GET http://10.180.1.21/identity/v3/roles 0.263s
2025-05-18 22:03:46.336 70307 INFO tempest.lib.common.rest_client [req-16a1c1d6-cd28-44f7-b533-8c4a8c724614 req-16a1c1d6-cd28-44f7-b533-8c4a8c724614 ] Request (SecurityGroupsNegativeTestJSON:setUpClass): 200 GET http://10.180.1.21/identity/v3/roles 0.271s
2025-05-18 22:03:46.361 70299 INFO tempest.lib.common.rest_client [req-65fd05b2-1b9e-4cee-89a9-af28821fa704 req-65fd05b2-1b9e-4cee-89a9-af28821fa704 ] Request (FloatingIPsAssociationTestJSON:setUpClass): 200 GET http://10.180.1.21/identity/v3/roles 0.129s
2025-05-18 22:03:46.394 70319 INFO tempest.lib.common.rest_client [req-d0d3e337-0533-40c7-b6ba-7c27d999781f req-d0d3e337-0533-40c7-b6ba-7c27d999781f ] Request (QuotasSecurityGroupAdminNegativeTest:tearDownClass): 200 GET http://10.180.1.21:9696/networking/v2.0/security-groups?tenant_id=5e6731a31a474a3dbbfa770faafea0e4&name=default 0.110s
2025-05-18 22:03:46.479 70331 INFO tempest.lib.common.rest_client [req-231eaf08-8cbf-4533-97b3-e33be79e3982 req-231eaf08-8cbf-4533-97b3-e33be79e3982 ] Request (ServersWithSpecificFlavorTestJSON:setUpClass): 204 PUT http://10.180.1.21/identity/v3/projects/fb03c7b8cbf94a6d860a1933dcedb942/users/b847ea89702e4b49ab6649b4f9f91dd2/roles/709f5892679946bbaa7a885faa7e9c39 0.142s
2025-05-18 22:03:46.479 70331 INFO tempest.lib.common.dynamic_creds [-] Dynamic test user b847ea89702e4b49ab6649b4f9f91dd2 is created with scope project and roles: ['admin']
2025-05-18 22:03:46.480 70331 INFO tempest.lib.common.dynamic_creds [-] Acquired dynamic creds: credentials: Credentials: {'domain_id': 'default', 'domain_name': 'Default', 'username': 'tempest-ServersWithSpecificFlavorTestJSON-1330063055-project-admin', 'project_domain_id': 'default', 'project_domain_name': 'Default', 'project_id': 'fb03c7b8cbf94a6d860a1933dcedb942', 'project_name': 'tempest-ServersWithSpecificFlavorTestJSON-1330063055', 'tenant_id': 'fb03c7b8cbf94a6d860a1933dcedb942', 'tenant_name': 'tempest-ServersWithSpecificFlavorTestJSON-1330063055', 'user_domain_id': 'default', 'user_domain_name': 'Default', 'user_id': 'b847ea89702e4b49ab6649b4f9f91dd2', 'system': None}, Network: None, Subnet: None, Router: None
2025-05-18 22:03:46.480 70293 INFO tempest.lib.common.rest_client [req-c0241a39-148f-4002-812f-6783704ba570 req-c0241a39-148f-4002-812f-6783704ba570 ] Request (VolumesAssistedSnapshotsTest:setUpClass): 200 GET http://10.180.1.21/identity/v3/roles 0.222s
2025-05-18 22:03:46.483 70313 INFO tempest.lib.common.rest_client [req-68293fbe-43d2-4e35-acb2-a8b8c567058a req-68293fbe-43d2-4e35-acb2-a8b8c567058a ] Request (HostsAdminTestJSON:test_list_hosts): 200 GET http://10.180.1.21/compute/v2.1/os-hosts 2.577s
2025-05-18 22:03:46.557 70299 INFO tempest.lib.common.rest_client [req-575c2dc3-0216-41f2-80ac-07c82e5a589b req-575c2dc3-0216-41f2-80ac-07c82e5a589b ] Request (FloatingIPsAssociationTestJSON:setUpClass): 204 PUT http://10.180.1.21/identity/v3/projects/7f78b228d57f4389a19608b113e95ba2/users/c96a0bfc77b44a0491711a7152a57c14/roles/83eb07f769d8401b93d2436663897a82 0.195s
2025-05-18 22:03:46.557 70299 INFO tempest.lib.common.dynamic_creds [-] Dynamic test user c96a0bfc77b44a0491711a7152a57c14 is created with scope project and roles: ['member']
2025-05-18 22:03:46.557 70299 INFO tempest.lib.common.dynamic_creds [-] Acquired dynamic creds: credentials: Credentials: {'domain_id': 'default', 'domain_name': 'Default', 'username': 'tempest-FloatingIPsAssociationTestJSON-696320587-project-member', 'project_domain_id': 'default', 'project_domain_name': 'Default', 'project_id': '7f78b228d57f4389a19608b113e95ba2', 'project_name': 'tempest-FloatingIPsAssociationTestJSON-696320587', 'tenant_id': '7f78b228d57f4389a19608b113e95ba2', 'tenant_name': 'tempest-FloatingIPsAssociationTestJSON-696320587', 'user_domain_id': 'default', 'user_domain_name': 'Default', 'user_id': 'c96a0bfc77b44a0491711a7152a57c14', 'system': None}, Network: None, Subnet: None, Router: None
2025-05-18 22:03:46.558 70307 INFO tempest.lib.common.rest_client [req-4b9a4983-7474-4515-808e-88bad10fbbdd req-4b9a4983-7474-4515-808e-88bad10fbbdd ] Request (SecurityGroupsNegativeTestJSON:setUpClass): 204 PUT http://10.180.1.21/identity/v3/projects/0425ce6ea83b4d04a67697af7c640008/users/6df82b7f1ec74d218ce47c06f1fe4597/roles/83eb07f769d8401b93d2436663897a82 0.221s
2025-05-18 22:03:46.558 70307 INFO tempest.lib.common.dynamic_creds [-] Dynamic test user 6df82b7f1ec74d218ce47c06f1fe4597 is created with scope project and roles: ['member']
2025-05-18 22:03:46.558 70307 INFO tempest.lib.common.dynamic_creds [-] Acquired dynamic creds: credentials: Credentials: {'domain_id': 'default', 'domain_name': 'Default', 'username': 'tempest-SecurityGroupsNegativeTestJSON-1786032972-project-member', 'project_domain_id': 'default', 'project_domain_name': 'Default', 'project_id': '0425ce6ea83b4d04a67697af7c640008', 'project_name': 'tempest-SecurityGroupsNegativeTestJSON-1786032972', 'tenant_id': '0425ce6ea83b4d04a67697af7c640008', 'tenant_name': 'tempest-SecurityGroupsNegativeTestJSON-1786032972', 'user_domain_id': 'default', 'user_domain_name': 'Default', 'user_id': '6df82b7f1ec74d218ce47c06f1fe4597', 'system': None}, Network: None, Subnet: None, Router: None
2025-05-18 22:03:46.570 70325 INFO tempest.lib.common.rest_client [req-6a1e2140-a1dc-4d6c-8a9b-49c37dd85bac req-6a1e2140-a1dc-4d6c-8a9b-49c37dd85bac ] Request (VolumesAdminNegativeTest:setUpClass): 201 POST http://10.180.1.21:9696/networking/v2.0/routers 1.082s
2025-05-18 22:03:46.624 70319 INFO tempest.lib.common.rest_client [req-74519b07-54ef-4714-8ebc-b5689c216410 req-74519b07-54ef-4714-8ebc-b5689c216410 ] Request (QuotasSecurityGroupAdminNegativeTest:tearDownClass): 204 DELETE http://10.180.1.21:9696/networking/v2.0/security-groups/c796e2bb-5ebb-41a8-a37d-b6fa010d245a 0.229s
2025-05-18 22:03:46.645 70293 INFO tempest.lib.common.rest_client [req-fd2115c5-5a6f-4d9e-8f96-b4d23eb94f2c req-fd2115c5-5a6f-4d9e-8f96-b4d23eb94f2c ] Request (VolumesAssistedSnapshotsTest:setUpClass): 204 PUT http://10.180.1.21/identity/v3/projects/5368662dc471448ebfb0e0d0c5fc398f/users/36f2d6c2b0384509b888a3ae9c386282/roles/709f5892679946bbaa7a885faa7e9c39 0.164s
2025-05-18 22:03:46.647 70293 INFO tempest.lib.common.dynamic_creds [-] Dynamic test user 36f2d6c2b0384509b888a3ae9c386282 is created with scope project and roles: ['service', 'admin']
2025-05-18 22:03:46.648 70293 INFO tempest.lib.common.dynamic_creds [-] Acquired dynamic creds: credentials: Credentials: {'domain_id': 'default', 'domain_name': 'Default', 'username': 'tempest-VolumesAssistedSnapshotsTest-465037413-project', 'project_domain_id': 'default', 'project_domain_name': 'Default', 'project_id': '5368662dc471448ebfb0e0d0c5fc398f', 'project_name': 'tempest-VolumesAssistedSnapshotsTest-465037413', 'tenant_id': '5368662dc471448ebfb0e0d0c5fc398f', 'tenant_name': 'tempest-VolumesAssistedSnapshotsTest-465037413', 'user_domain_id': 'default', 'user_domain_name': 'Default', 'user_id': '36f2d6c2b0384509b888a3ae9c386282', 'system': None}, Network: None, Subnet: None, Router: None
2025-05-18 22:03:46.707 70307 INFO tempest.lib.common.rest_client [req-6ddc3588-3b9b-4ad8-8cbd-73ba17db5c69 req-6ddc3588-3b9b-4ad8-8cbd-73ba17db5c69 ] Request (SecurityGroupsNegativeTestJSON:setUpClass): 201 POST http://10.180.1.21/identity/v3/auth/tokens 0.148s
2025-05-18 22:03:46.708 70273 INFO tempest.lib.common.rest_client [req-8a775039-6921-4e05-aebc-579a34f569a5 req-8a775039-6921-4e05-aebc-579a34f569a5 ] Request (HypervisorAdminTestJSON:test_get_hypervisor_list): 200 GET http://10.180.1.21/compute/v2.1/os-hypervisors 2.471s
2025-05-18 22:03:46.720 70299 INFO tempest.lib.common.rest_client [req-85564cab-c873-4a44-b043-3196c5687b27 req-85564cab-c873-4a44-b043-3196c5687b27 ] Request (FloatingIPsAssociationTestJSON:setUpClass): 201 POST http://10.180.1.21/identity/v3/auth/tokens 0.163s
2025-05-18 22:03:46.771 70319 INFO tempest.lib.common.rest_client [req-0dd43f01-3a46-4c1a-819c-915e7535634b req-0dd43f01-3a46-4c1a-819c-915e7535634b ] Request (QuotasSecurityGroupAdminNegativeTest:tearDownClass): 204 DELETE http://10.180.1.21/identity/v3/projects/5e6731a31a474a3dbbfa770faafea0e4 0.147s
2025-05-18 22:03:46.798 70331 INFO tempest.lib.common.rest_client [req-b29db6ad-11fd-4279-b99d-43badcc6d5e8 req-b29db6ad-11fd-4279-b99d-43badcc6d5e8 ] Request (ServersWithSpecificFlavorTestJSON:setUpClass): 201 POST http://10.180.1.21:9696/networking/v2.0/networks 0.317s
2025-05-18 22:03:46.840 70277 INFO tempest.lib.common.rest_client [req-d0f68e33-44ee-4ffd-ba63-413cc03a7f1f req-d0f68e33-44ee-4ffd-ba63-413cc03a7f1f ] Request (HostsAdminNegativeTestJSON:test_list_hosts_with_non_admin_user): 403 GET http://10.180.1.21/compute/v2.1/os-hosts 2.488s
2025-05-18 22:03:46.874 70319 INFO tempest.lib.common.rest_client [req-68f083b8-5a72-42b5-b9a1-4321a18e7cd0 req-68f083b8-5a72-42b5-b9a1-4321a18e7cd0 ] Request (ServicesAdminTestJSON:setUpClass): 201 POST http://10.180.1.21/identity/v3/auth/tokens 0.100s
2025-05-18 22:03:46.903 70319 INFO tempest.lib.common.rest_client [req-8a6fd254-6ac6-45dc-b840-2119d15f89a4 req-8a6fd254-6ac6-45dc-b840-2119d15f89a4 ] Request (ServicesAdminTestJSON:setUpClass): 201 POST http://10.180.1.21/identity/v3/auth/tokens 0.026s
2025-05-18 22:03:46.932 70319 INFO tempest.lib.common.rest_client [req-e9d958f3-1803-480a-b66d-41f5fa13d1cd req-e9d958f3-1803-480a-b66d-41f5fa13d1cd ] Request (ServicesAdminTestJSON:setUpClass): 200 GET http://10.180.1.21/identity/v3/domains?name=Default 0.028s
2025-05-18 22:03:46.940 70311 INFO tempest.lib.common.rest_client [req-b79fafc5-950b-4765-8e5b-69424a66bbb5 req-b79fafc5-950b-4765-8e5b-69424a66bbb5 ] Request (InstanceUsageAuditLogTestJSON:test_get_instance_usage_audit_log): 200 GET http://10.180.1.21/compute/v2.1/os-instance_usage_audit_log/2025-05-18%2022%3A03%3A44 2.486s
2025-05-18 22:03:46.969 70319 INFO tempest.lib.common.rest_client [req-cd1aabea-fd20-47d7-847c-abd2bc9971e1 req-cd1aabea-fd20-47d7-847c-abd2bc9971e1 ] Request (ServicesAdminTestJSON:setUpClass): 201 POST http://10.180.1.21/identity/v3/projects 0.036s
2025-05-18 22:03:47.034 70291 INFO tempest.lib.common.rest_client [req-3dc3f560-3e3d-4d65-92d1-13c4ebede07a req-3dc3f560-3e3d-4d65-92d1-13c4ebede07a ] Request (FlavorsV261TestJSON:test_crud_flavor): 200 POST http://10.180.1.21/compute/v2.1/flavors 2.533s
2025-05-18 22:03:47.035 70331 INFO tempest.lib.common.rest_client [req-312aa200-6414-4196-867c-87e3e3a431a0 req-312aa200-6414-4196-867c-87e3e3a431a0 ] Request (ServersWithSpecificFlavorTestJSON:setUpClass): 201 POST http://10.180.1.21:9696/networking/v2.0/subnets 0.237s
2025-05-18 22:03:47.037 70319 INFO tempest.lib.common.rest_client [req-33f16416-ce7a-409d-9235-dbd0ea57a5c4 req-33f16416-ce7a-409d-9235-dbd0ea57a5c4 ] Request (ServicesAdminTestJSON:setUpClass): 201 POST http://10.180.1.21/identity/v3/users 0.067s
2025-05-18 22:03:47.063 70319 INFO tempest.lib.common.rest_client [req-83eb6ffc-6323-43fd-992c-ce4c53640830 req-83eb6ffc-6323-43fd-992c-ce4c53640830 ] Request (ServicesAdminTestJSON:setUpClass): 200 GET http://10.180.1.21/identity/v3/roles 0.026s
2025-05-18 22:03:47.089 70299 INFO tempest.lib.common.rest_client [req-33a077d0-c087-4ebf-951f-71904e662f05 req-33a077d0-c087-4ebf-951f-71904e662f05 ] Request (FloatingIPsAssociationTestJSON:setUpClass): 201 POST http://10.180.1.21:9696/networking/v2.0/networks 0.369s
2025-05-18 22:03:47.098 70319 INFO tempest.lib.common.rest_client [req-2649ab63-f113-4211-acab-2179df10815f req-2649ab63-f113-4211-acab-2179df10815f ] Request (ServicesAdminTestJSON:setUpClass): 204 PUT http://10.180.1.21/identity/v3/projects/80a4029535ef4f19b8a97c39997e93f9/users/894d591baf244781b82816deb13853d4/roles/83eb07f769d8401b93d2436663897a82 0.034s
2025-05-18 22:03:47.098 70319 INFO tempest.lib.common.dynamic_creds [-] Dynamic test user 894d591baf244781b82816deb13853d4 is created with scope project and roles: ['member']
2025-05-18 22:03:47.099 70319 INFO tempest.lib.common.dynamic_creds [-] Acquired dynamic creds: credentials: Credentials: {'domain_id': 'default', 'domain_name': 'Default', 'username': 'tempest-ServicesAdminTestJSON-816392213-project-member', 'project_domain_id': 'default', 'project_domain_name': 'Default', 'project_id': '80a4029535ef4f19b8a97c39997e93f9', 'project_name': 'tempest-ServicesAdminTestJSON-816392213', 'tenant_id': '80a4029535ef4f19b8a97c39997e93f9', 'tenant_name': 'tempest-ServicesAdminTestJSON-816392213', 'user_domain_id': 'default', 'user_domain_name': 'Default', 'user_id': '894d591baf244781b82816deb13853d4', 'system': None}, Network: None, Subnet: None, Router: None
2025-05-18 22:03:47.099 70319 INFO tempest.lib.common.dynamic_creds [-] Created isolated network resources for: credentials: Credentials: {'domain_id': 'default', 'domain_name': 'Default', 'username': 'tempest-ServicesAdminTestJSON-816392213-project-member', 'project_domain_id': 'default', 'project_domain_name': 'Default', 'project_id': '80a4029535ef4f19b8a97c39997e93f9', 'project_name': 'tempest-ServicesAdminTestJSON-816392213', 'tenant_id': '80a4029535ef4f19b8a97c39997e93f9', 'tenant_name': 'tempest-ServicesAdminTestJSON-816392213', 'user_domain_id': 'default', 'user_domain_name': 'Default', 'user_id': '894d591baf244781b82816deb13853d4', 'system': None}, Network: None, Subnet: None, Router: None
2025-05-18 22:03:47.164 70293 INFO tempest.lib.common.rest_client [req-b37b14a3-9096-4e3a-a1f4-ea60f708998d req-b37b14a3-9096-4e3a-a1f4-ea60f708998d ] Request (VolumesAssistedSnapshotsTest:setUpClass): 201 POST http://10.180.1.21:9696/networking/v2.0/networks 0.516s
2025-05-18 22:03:47.203 70319 INFO tempest.lib.common.rest_client [req-9e8ca2e1-0083-41fb-8ae7-595c55d43935 req-9e8ca2e1-0083-41fb-8ae7-595c55d43935 ] Request (ServicesAdminTestJSON:setUpClass): 201 POST http://10.180.1.21/identity/v3/auth/tokens 0.100s
2025-05-18 22:03:47.204 70315 INFO tempest.lib.common.rest_client [req-8ea072ed-0efe-43c8-900b-b68fbddab97b req-8ea072ed-0efe-43c8-900b-b68fbddab97b ] Request (HypervisorAdminV253TestBase:test_list_show_detail_hypervisors): 200 GET http://10.180.1.21/compute/v2.1/os-hypervisors/detail?with_servers=True 2.617s
2025-05-18 22:03:47.289 70319 INFO tempest.lib.common.rest_client [req-1824ab3c-f26c-478d-bf9b-85d927018f8c req-1824ab3c-f26c-478d-bf9b-85d927018f8c ] Request (ServicesAdminTestJSON:setUpClass): 201 POST http://10.180.1.21/identity/v3/projects 0.085s
2025-05-18 22:03:47.375 70319 INFO tempest.lib.common.rest_client [req-38522c15-5da7-4033-aced-10fb4ed92c88 req-38522c15-5da7-4033-aced-10fb4ed92c88 ] Request (ServicesAdminTestJSON:setUpClass): 201 POST http://10.180.1.21/identity/v3/users 0.085s
2025-05-18 22:03:47.406 70319 INFO tempest.lib.common.rest_client [req-d4645eca-bd65-4f0a-b00f-9dcea614569e req-d4645eca-bd65-4f0a-b00f-9dcea614569e ] Request (ServicesAdminTestJSON:setUpClass): 200 GET http://10.180.1.21/identity/v3/roles 0.031s
2025-05-18 22:03:47.429 70329 INFO tempest.lib.common.rest_client [req-b08953e7-d638-47f5-9ec2-f74310497c86 req-b08953e7-d638-47f5-9ec2-f74310497c86 ] Request (QuotasAdminNegativeTest:test_create_server_when_cpu_quota_is_full): 200 GET http://10.180.1.21/compute/v2.1/os-quota-sets/9e701ba23871479f8d9512e8630fba6b 2.789s
2025-05-18 22:03:47.452 70319 INFO tempest.lib.common.rest_client [req-bb85396c-db2e-40e2-973b-2be70646f0e2 req-bb85396c-db2e-40e2-973b-2be70646f0e2 ] Request (ServicesAdminTestJSON:setUpClass): 204 PUT http://10.180.1.21/identity/v3/projects/3725a33cb31d49eda1eb79a63970ba5f/users/76de9368c10f417982ddc35ca4a69d02/roles/709f5892679946bbaa7a885faa7e9c39 0.045s
2025-05-18 22:03:47.461 70307 INFO tempest.lib.common.rest_client [req-2c054eb5-4b4f-4e6c-ad15-20466901713e req-2c054eb5-4b4f-4e6c-ad15-20466901713e ] Request (SecurityGroupsNegativeTestJSON:setUpClass): 201 POST http://10.180.1.21:9696/networking/v2.0/networks 0.753s
2025-05-18 22:03:47.502 70271 INFO tempest.lib.common.rest_client [req-e1cb2a73-4613-4d83-a529-374f5297b675 req-e1cb2a73-4613-4d83-a529-374f5297b675 ] Request (AZAdminNegativeTestJSON:test_get_availability_zone_list_detail_with_non_admin_user): 403 GET http://10.180.1.21/compute/v2.1/os-availability-zone/detail 2.837s
2025-05-18 22:03:47.516 70319 INFO tempest.lib.common.rest_client [req-0d42e505-1aa5-4669-977e-508b5b8c611b req-0d42e505-1aa5-4669-977e-508b5b8c611b ] Request (ServicesAdminTestJSON:setUpClass): 200 GET http://10.180.1.21/identity/v3/roles 0.063s
2025-05-18 22:03:47.543 70293 INFO tempest.lib.common.rest_client [req-62507a34-0b37-44fc-8edb-b721ac1f9f60 req-62507a34-0b37-44fc-8edb-b721ac1f9f60 ] Request (VolumesAssistedSnapshotsTest:setUpClass): 201 POST http://10.180.1.21:9696/networking/v2.0/subnets 0.379s
2025-05-18 22:03:47.610 70271 INFO tempest.lib.common.rest_client [req-87a13165-74eb-48e7-bc68-2c59d6d30043 req-87a13165-74eb-48e7-bc68-2c59d6d30043 ] Request (AZAdminNegativeTestJSON:tearDownClass): 204 DELETE http://10.180.1.21/identity/v3/users/dc1545eec5304741a80656bd07e6dace 0.101s
2025-05-18 22:03:47.622 70284 INFO tempest.lib.common.rest_client [req-310a7e4a-b678-46a9-b231-f50ed8ced005 req-310a7e4a-b678-46a9-b231-f50ed8ced005 ] Request (FlavorsV255TestJSON:test_crud_flavor): 200 POST http://10.180.1.21/compute/v2.1/flavors 2.902s
2025-05-18 22:03:47.648 70319 INFO tempest.lib.common.rest_client [req-c1c59f92-afca-4f5c-b493-6f81cfb57767 req-c1c59f92-afca-4f5c-b493-6f81cfb57767 ] Request (ServicesAdminTestJSON:setUpClass): 204 PUT http://10.180.1.21/identity/v3/projects/3725a33cb31d49eda1eb79a63970ba5f/users/76de9368c10f417982ddc35ca4a69d02/roles/709f5892679946bbaa7a885faa7e9c39 0.131s
2025-05-18 22:03:47.648 70319 INFO tempest.lib.common.dynamic_creds [-] Dynamic test user 76de9368c10f417982ddc35ca4a69d02 is created with scope project and roles: ['admin']
2025-05-18 22:03:47.649 70319 INFO tempest.lib.common.dynamic_creds [-] Acquired dynamic creds: credentials: Credentials: {'domain_id': 'default', 'domain_name': 'Default', 'username': 'tempest-ServicesAdminTestJSON-1696886963-project-admin', 'project_domain_id': 'default', 'project_domain_name': 'Default', 'project_id': '3725a33cb31d49eda1eb79a63970ba5f', 'project_name': 'tempest-ServicesAdminTestJSON-1696886963', 'tenant_id': '3725a33cb31d49eda1eb79a63970ba5f', 'tenant_name': 'tempest-ServicesAdminTestJSON-1696886963', 'user_domain_id': 'default', 'user_domain_name': 'Default', 'user_id': '76de9368c10f417982ddc35ca4a69d02', 'system': None}, Network: None, Subnet: None, Router: None
2025-05-18 22:03:47.649 70319 INFO tempest.lib.common.dynamic_creds [-] Created isolated network resources for: credentials: Credentials: {'domain_id': 'default', 'domain_name': 'Default', 'username': 'tempest-ServicesAdminTestJSON-1696886963-project-admin', 'project_domain_id': 'default', 'project_domain_name': 'Default', 'project_id': '3725a33cb31d49eda1eb79a63970ba5f', 'project_name': 'tempest-ServicesAdminTestJSON-1696886963', 'tenant_id': '3725a33cb31d49eda1eb79a63970ba5f', 'tenant_name': 'tempest-ServicesAdminTestJSON-1696886963', 'user_domain_id': 'default', 'user_domain_name': 'Default', 'user_id': '76de9368c10f417982ddc35ca4a69d02', 'system': None}, Network: None, Subnet: None, Router: None
2025-05-18 22:03:47.685 70299 INFO tempest.lib.common.rest_client [req-b0e9bcaf-e568-4104-9236-c84923afcb4e req-b0e9bcaf-e568-4104-9236-c84923afcb4e ] Request (FloatingIPsAssociationTestJSON:setUpClass): 201 POST http://10.180.1.21:9696/networking/v2.0/subnets 0.595s
2025-05-18 22:03:47.765 70271 INFO tempest.lib.common.rest_client [req-6c4456af-1081-46e7-89b4-16fc26d8069a req-6c4456af-1081-46e7-89b4-16fc26d8069a ] Request (AZAdminNegativeTestJSON:tearDownClass): 204 DELETE http://10.180.1.21/identity/v3/users/a3ce78fb35654ea1a17e3b9940849223 0.154s
2025-05-18 22:03:47.765 70271 INFO tempest.lib.common.dynamic_creds [-] Deleting project and security group for project: 4c166f71e9be4110b08dcb99555a8c81
2025-05-18 22:03:47.765 70295 INFO tempest.lib.common.rest_client [req-6d2793b6-cb28-4c5e-9159-0d96b47b7449 req-6d2793b6-cb28-4c5e-9159-0d96b47b7449 ] Request (FlavorsAccessTestJSON:test_flavor_access_add_remove): 200 POST http://10.180.1.21/compute/v2.1/flavors 2.998s
2025-05-18 22:03:47.841 70271 INFO tempest.lib.common.rest_client [req-56c6e2f3-310a-4db3-bbd5-ff98737c4a52 req-56c6e2f3-310a-4db3-bbd5-ff98737c4a52 ] Request (AZAdminNegativeTestJSON:tearDownClass): 201 POST http://10.180.1.21/identity/v3/auth/tokens 0.075s
2025-05-18 22:03:47.850 70319 INFO tempest.lib.common.rest_client [req-d5f20c51-f823-45a3-849c-5592c5b1166e req-d5f20c51-f823-45a3-849c-5592c5b1166e ] Request (ServicesAdminTestJSON:setUpClass): 201 POST http://10.180.1.21/identity/v3/auth/tokens 0.197s
2025-05-18 22:03:47.868 70309 INFO tempest.lib.common.rest_client [req-5046e495-a7b2-4f69-8557-9041ac6a123c req-5046e495-a7b2-4f69-8557-9041ac6a123c ] Request (FloatingIPsTestJSON:test_allocate_floating_ip): 200 POST http://10.180.1.21/compute/v2.1/os-floating-ips 3.877s
2025-05-18 22:03:47.979 70307 INFO tempest.lib.common.rest_client [req-bd992d88-4541-47a2-acfe-98efb17238a6 req-bd992d88-4541-47a2-acfe-98efb17238a6 ] Request (SecurityGroupsNegativeTestJSON:setUpClass): 201 POST http://10.180.1.21:9696/networking/v2.0/subnets 0.517s
2025-05-18 22:03:47.981 70305 INFO tempest.lib.common.rest_client [req-3f8ec094-3dbf-47cf-81a0-2bc16e16e7c5 req-3f8ec094-3dbf-47cf-81a0-2bc16e16e7c5 ] Request (FlavorsExtraSpecsTestJSON:setUpClass): 200 POST http://10.180.1.21/compute/v2.1/flavors 3.186s
2025-05-18 22:03:48.061 70285 INFO tempest.lib.common.rest_client [req-3148b52c-aa83-4fca-b2dd-2212d9a12fcf req-3148b52c-aa83-4fca-b2dd-2212d9a12fcf ] Request (FlavorsAdminTestJSON:test_create_flavor_using_string_ram): 200 POST http://10.180.1.21/compute/v2.1/flavors 3.130s
2025-05-18 22:03:48.080 70287 INFO tempest.lib.common.rest_client [req-2f2fe99c-2e40-42ca-b421-7e34097d870f req-2f2fe99c-2e40-42ca-b421-7e34097d870f ] Request (AggregatesAdminNegativeTestJSON:setUpClass): 200 GET http://10.180.1.21/compute/v2.1/os-services?binary=nova-compute 3.025s
2025-05-18 22:03:48.103 70323 INFO tempest.lib.common.rest_client [req-7eeb9ba4-2ea0-4666-9804-79d9f267c565 req-7eeb9ba4-2ea0-4666-9804-79d9f267c565 ] Request (KeyPairsV22TestJSON:_run_cleanups): 204 DELETE http://10.180.1.21/compute/v2.1/os-keypairs/tempest-keypair-1171292206 2.926s
2025-05-18 22:03:48.188 70279 INFO tempest.lib.common.rest_client [req-84decab8-a5c7-4b56-9274-1ffa12e647e7 req-84decab8-a5c7-4b56-9274-1ffa12e647e7 ] Request (FlavorMetadataValidation:test_flavor_update_with_custom_namespace): 200 POST http://10.180.1.21/compute/v2.1/flavors/326963318/os-extra_specs 3.020s
2025-05-18 22:03:48.447 70271 INFO tempest.lib.common.rest_client [req-4cdf12d7-33c1-4d5a-9f56-19627015b1b9 req-4cdf12d7-33c1-4d5a-9f56-19627015b1b9 ] Request (AZAdminNegativeTestJSON:tearDownClass): 200 GET http://10.180.1.21:9696/networking/v2.0/security-groups?tenant_id=4c166f71e9be4110b08dcb99555a8c81&name=default 0.606s
2025-05-18 22:03:48.512 70281 INFO tempest.lib.common.rest_client [req-b0dc2532-b9cb-4cf3-b270-32ac433cacea req-b0dc2532-b9cb-4cf3-b270-32ac433cacea ] Request (ServersV294TestFqdnHostnames:setUpClass): 200 GET http://10.180.1.21/compute/v2.1/servers/5ef5963e-72c2-4e2a-96f5-93214d815741 3.075s
2025-05-18 22:03:48.560 70317 INFO tempest.lib.common.rest_client [req-29be61c6-b9f3-407b-aa47-1d830485ad02 req-29be61c6-b9f3-407b-aa47-1d830485ad02 ] Request (KeyPairsV210TestJSON:test_admin_manage_keypairs_for_other_users): 201 POST http://10.180.1.21/compute/v2.1/os-keypairs 3.006s
2025-05-18 22:03:48.574 70321 INFO tempest.lib.common.rest_client [req-945ff0e8-9a10-4bc6-bbb2-47512e2710e1 req-945ff0e8-9a10-4bc6-bbb2-47512e2710e1 ] Request (QuotaClassesAdminTestJSON:test_update_default_quotas): 200 GET http://10.180.1.21/compute/v2.1/os-quota-class-sets/default 2.823s
2025-05-18 22:03:48.702 70327 INFO tempest.lib.common.rest_client [req-96e9950c-b033-496c-bf4c-33e3572a9663 req-96e9950c-b033-496c-bf4c-33e3572a9663 ] Request (ServerDiagnosticsV248Test:test_get_server_diagnostics): 200 GET http://10.180.1.21/compute/v2.1/servers/e6674863-b35c-41f7-b9a3-127937f23b27 2.768s
2025-05-18 22:03:48.731 70289 INFO tempest.lib.common.rest_client [req-86e8f268-4df0-45c6-9601-d47a79562be3 req-86e8f268-4df0-45c6-9601-d47a79562be3 ] Request (AZAdminV2TestJSON:test_get_availability_zone_list_detail): 200 GET http://10.180.1.21/compute/v2.1/os-availability-zone/detail 2.757s
2025-05-18 22:03:48.780 70271 INFO tempest.lib.common.rest_client [req-59b9233a-df2a-4d13-98eb-3ad568d44a3d req-59b9233a-df2a-4d13-98eb-3ad568d44a3d ] Request (AZAdminNegativeTestJSON:tearDownClass): 204 DELETE http://10.180.1.21:9696/networking/v2.0/security-groups/0b9179ae-6eb9-433e-a701-c7295ff9dc43 0.333s
2025-05-18 22:03:48.785 70325 INFO tempest.lib.common.rest_client [req-91858ac6-4886-4d47-af5c-5b0201f72570 req-91858ac6-4886-4d47-af5c-5b0201f72570 ] Request (VolumesAdminNegativeTest:setUpClass): 200 PUT http://10.180.1.21:9696/networking/v2.0/routers/230b91ba-b1e1-4b11-bd05-e999af12ff91/add_router_interface 2.215s
2025-05-18 22:03:48.786 70325 INFO tempest.lib.common.dynamic_creds [-] Created isolated network resources for: credentials: Credentials: {'domain_id': 'default', 'domain_name': 'Default', 'username': 'tempest-VolumesAdminNegativeTest-1784297867-project-admin', 'project_domain_id': 'default', 'project_domain_name': 'Default', 'project_id': 'd863c018ea304750a8be318a12661214', 'project_name': 'tempest-VolumesAdminNegativeTest-1784297867', 'tenant_id': 'd863c018ea304750a8be318a12661214', 'tenant_name': 'tempest-VolumesAdminNegativeTest-1784297867', 'user_domain_id': 'default', 'user_domain_name': 'Default', 'user_id': 'a4c56816db004b44991051f83ea2c356', 'system': None}, Network: {'id': '6572a45d-59c7-433f-a2f7-c5416266690d', 'name': 'tempest-VolumesAdminNegativeTest-481073895-network', 'tenant_id': 'd863c018ea304750a8be318a12661214', 'admin_state_up': True, 'mtu': 8950, 'status': 'ACTIVE', 'subnets': [], 'shared': False, 'project_id': 'd863c018ea304750a8be318a12661214', 'port_security_enabled': True, 'router:external': False, 'provider:network_type': 'vlan', 'provider:physical_network': 'default', 'provider:segmentation_id': 790, 'availability_zone_hints': [], 'availability_zones': [], 'ipv4_address_scope': None, 'ipv6_address_scope': None, 'description': '', 'tags': [], 'created_at': '2025-05-18T22:03:45Z', 'updated_at': '2025-05-18T22:03:45Z', 'revision_number': 1}, Subnet: {'id': 'd61cdf0a-7e37-4692-8c28-e897f0533e51', 'name': 'tempest-VolumesAdminNegativeTest-481073895-subnet', 'tenant_id': 'd863c018ea304750a8be318a12661214', 'network_id': '6572a45d-59c7-433f-a2f7-c5416266690d', 'ip_version': 4, 'subnetpool_id': None, 'enable_dhcp': True, 'ipv6_ra_mode': None, 'ipv6_address_mode': None, 'gateway_ip': '192.168.128.1', 'cidr': '192.168.128.0/28', 'allocation_pools': [{'start': '192.168.128.2', 'end': '192.168.128.14'}], 'host_routes': [], 'dns_nameservers': [], 'description': '', 'router:external': False, 'service_types': [], 'tags': [], 'created_at': '2025-05-18T22:03:45Z', 'updated_at': '2025-05-18T22:03:45Z', 'revision_number': 0, 'project_id': 'd863c018ea304750a8be318a12661214'}, Router: {'id': '230b91ba-b1e1-4b11-bd05-e999af12ff91', 'name': 'tempest-VolumesAdminNegativeTest-481073895-router', 'tenant_id': 'd863c018ea304750a8be318a12661214', 'admin_state_up': True, 'status': 'ACTIVE', 'external_gateway_info': {'network_id': 'a9818b1c-4ff4-408c-a3fd-8885e8d70f28', 'external_fixed_ips': [{'subnet_id': 'a2e42f3d-9559-45f6-b15f-af64e9cb02a6', 'ip_address': '10.180.180.226'}], 'enable_snat': True}, 'description': '', 'availability_zones': [], 'distributed': False, 'ha': False, 'availability_zone_hints': [], 'routes': [], 'flavor_id': None, 'tags': [], 'created_at': '2025-05-18T22:03:45Z', 'updated_at': '2025-05-18T22:03:46Z', 'revision_number': 2, 'project_id': 'd863c018ea304750a8be318a12661214'}
2025-05-18 22:03:48.837 70303 INFO tempest.lib.common.rest_client [req-102e0305-cf0c-40ed-a8cf-1be6db5ae27c req-102e0305-cf0c-40ed-a8cf-1be6db5ae27c ] Request (FlavorsAccessNegativeTestJSON:test_add_flavor_access_duplicate): 200 POST http://10.180.1.21/compute/v2.1/flavors 2.671s
2025-05-18 22:03:48.867 70297 INFO tempest.lib.common.rest_client [req-ace3f799-20fd-4009-a7d8-f45b52234f31 req-ace3f799-20fd-4009-a7d8-f45b52234f31 ] Request (HypervisorAdminV228Test:test_get_list_hypervisor_details): 200 GET http://10.180.1.21/compute/v2.1/os-hypervisors/1 2.610s
2025-05-18 22:03:48.876 70289 INFO tempest.lib.common.rest_client [req-388ea3e0-1fff-433f-a997-62352998b5a3 req-388ea3e0-1fff-433f-a997-62352998b5a3 ] Request (AZAdminV2TestJSON:tearDownClass): 204 DELETE http://10.180.1.21/identity/v3/users/f746b27784274522827cd869371d5d12 0.141s
2025-05-18 22:03:48.878 70301 INFO tempest.lib.common.rest_client [req-4c4c6e00-bea4-410b-af56-fceed3f3c02b req-4c4c6e00-bea4-410b-af56-fceed3f3c02b ] Request (ImagesOneServerNegativeTestJSON:setUpClass): 202 POST http://10.180.1.21/compute/v2.1/servers 3.602s
2025-05-18 22:03:48.898 70273 INFO tempest.lib.common.rest_client [req-311dc0bf-aa2f-43d0-87a6-41aecfc41f7a req-311dc0bf-aa2f-43d0-87a6-41aecfc41f7a ] Request (HypervisorAdminTestJSON:test_get_hypervisor_list_details): 200 GET http://10.180.1.21/compute/v2.1/os-hypervisors/detail 2.174s
2025-05-18 22:03:48.899 70313 INFO tempest.lib.common.rest_client [req-66ee0365-88e7-4058-bed2-a78ebe31895a req-66ee0365-88e7-4058-bed2-a78ebe31895a ] Request (HostsAdminTestJSON:test_list_hosts_with_a_blank_zone): 200 GET http://10.180.1.21/compute/v2.1/os-hosts?zone= 2.409s
2025-05-18 22:03:48.907 70277 INFO tempest.lib.common.rest_client [req-06a3ab54-c3b9-46c8-88e1-74f4968e91e3 req-06a3ab54-c3b9-46c8-88e1-74f4968e91e3 ] Request (HostsAdminNegativeTestJSON:test_reboot_host_with_non_admin_user): 403 GET http://10.180.1.21/compute/v2.1/os-hosts/devstack/reboot 2.060s
2025-05-18 22:03:48.921 70271 INFO tempest.lib.common.rest_client [req-66d94f65-c153-423e-acf5-148d4e3de385 req-66d94f65-c153-423e-acf5-148d4e3de385 ] Request (AZAdminNegativeTestJSON:tearDownClass): 204 DELETE http://10.180.1.21/identity/v3/projects/4c166f71e9be4110b08dcb99555a8c81 0.140s
2025-05-18 22:03:48.921 70271 INFO tempest.lib.common.dynamic_creds [-] Deleting project and security group for project: 176f9fca371c43398b1c53d6ddf70068
2025-05-18 22:03:48.924 70311 INFO tempest.lib.common.rest_client [req-f73a47c9-a514-4998-a3c7-abf70a6fbf63 req-f73a47c9-a514-4998-a3c7-abf70a6fbf63 ] Request (InstanceUsageAuditLogTestJSON:test_list_instance_usage_audit_logs): 200 GET http://10.180.1.21/compute/v2.1/os-instance_usage_audit_log 1.969s
2025-05-18 22:03:48.989 70325 INFO tempest.lib.common.rest_client [req-832140f4-49f9-4582-8467-3ccee42083e5 req-832140f4-49f9-4582-8467-3ccee42083e5 ] Request (VolumesAdminNegativeTest:setUpClass): 201 POST http://10.180.1.21/identity/v3/auth/tokens 0.201s
2025-05-18 22:03:49.031 70289 INFO tempest.lib.common.rest_client [req-5a73e2b4-bfbc-4395-b8c6-2da413458019 req-5a73e2b4-bfbc-4395-b8c6-2da413458019 ] Request (AZAdminV2TestJSON:tearDownClass): 204 DELETE http://10.180.1.21/identity/v3/users/a1928705f7044f54ad7aa89164b0954e 0.154s
2025-05-18 22:03:49.031 70289 INFO tempest.lib.common.dynamic_creds [-] Deleting project and security group for project: 762eb1c1d2ae4099b3464e1d31a66e99
2025-05-18 22:03:49.034 70275 INFO tempest.lib.common.rest_client [req-2fa8a697-0847-44a7-a680-e124ee3f9cd4 req-2fa8a697-0847-44a7-a680-e124ee3f9cd4 ] Request (DeleteServersAdminTestJSON:test_admin_delete_servers_of_others): 200 GET http://10.180.1.21/compute/v2.1/servers/8780ba68-79d5-4290-a2db-cac10ca3eb0a 1.915s
2025-05-18 22:03:49.043 70275 INFO tempest.common.waiters [-] State transition "BUILD/scheduling" ==> "BUILD/networking" after 3 second wait
2025-05-18 22:03:49.082 70315 INFO tempest.lib.common.rest_client [req-7e470523-c91b-40e5-846a-1e7f1db15e52 req-7e470523-c91b-40e5-846a-1e7f1db15e52 ] Request (HypervisorAdminV253TestBase:test_list_show_detail_hypervisors): 200 GET http://10.180.1.21/compute/v2.1/os-hypervisors?with_servers=True 1.868s
2025-05-18 22:03:49.103 70297 INFO tempest.lib.common.rest_client [req-5e7a1e40-fd36-4374-8a05-19d680bdc034 req-5e7a1e40-fd36-4374-8a05-19d680bdc034 ] Request (HypervisorAdminV228Test:tearDownClass): 204 DELETE http://10.180.1.21/identity/v3/users/87440c1e62c846868c326e44f035fdbc 0.220s
2025-05-18 22:03:49.156 70307 INFO tempest.lib.common.rest_client [req-002dd38d-a21b-49b0-9aa3-9a27efcefc75 req-002dd38d-a21b-49b0-9aa3-9a27efcefc75 ] Request (SecurityGroupsNegativeTestJSON:setUpClass): 201 POST http://10.180.1.21:9696/networking/v2.0/routers 1.177s
2025-05-18 22:03:49.180 70289 INFO tempest.lib.common.rest_client [req-d69a1289-076d-451a-8b6f-6069abdec01f req-d69a1289-076d-451a-8b6f-6069abdec01f ] Request (AZAdminV2TestJSON:tearDownClass): 201 POST http://10.180.1.21/identity/v3/auth/tokens 0.149s
2025-05-18 22:03:49.183 70291 INFO tempest.lib.common.rest_client [req-d0e78791-7e8b-4f71-809a-563cde1c03e8 req-d0e78791-7e8b-4f71-809a-563cde1c03e8 ] Request (FlavorsV261TestJSON:test_crud_flavor): 200 GET http://10.180.1.21/compute/v2.1/flavors/257103756 2.145s
2025-05-18 22:03:49.185 70331 INFO tempest.lib.common.rest_client [req-e9b544fb-42b1-453a-b15a-0d6a54f10606 req-e9b544fb-42b1-453a-b15a-0d6a54f10606 ] Request (ServersWithSpecificFlavorTestJSON:setUpClass): 201 POST http://10.180.1.21:9696/networking/v2.0/routers 2.149s
2025-05-18 22:03:49.212 70311 INFO tempest.lib.common.rest_client [req-1e6f4108-6e51-4c57-be3f-0547eddb7e7a req-1e6f4108-6e51-4c57-be3f-0547eddb7e7a ] Request (InstanceUsageAuditLogTestJSON:tearDownClass): 204 DELETE http://10.180.1.21/identity/v3/users/c013af0159164ba8b28172514fce6e85 0.280s
2025-05-18 22:03:49.301 70271 INFO tempest.lib.common.rest_client [req-e806886a-7447-4c46-9696-3048f49dbbcf req-e806886a-7447-4c46-9696-3048f49dbbcf ] Request (AZAdminNegativeTestJSON:tearDownClass): 200 GET http://10.180.1.21:9696/networking/v2.0/security-groups?tenant_id=176f9fca371c43398b1c53d6ddf70068&name=default 0.380s
2025-05-18 22:03:49.309 70297 INFO tempest.lib.common.rest_client [req-44548795-b92d-43f4-8b53-968ed5d99100 req-44548795-b92d-43f4-8b53-968ed5d99100 ] Request (HypervisorAdminV228Test:tearDownClass): 204 DELETE http://10.180.1.21/identity/v3/users/b88332d4a1144cf883d3ff0e04b16377 0.205s
2025-05-18 22:03:49.309 70297 INFO tempest.lib.common.dynamic_creds [-] Deleting project and security group for project: ccc1fb8072814d46ba56671cc57e1b03
2025-05-18 22:03:49.417 70329 INFO tempest.lib.common.rest_client [req-2156d43d-563b-46bf-a2d1-bd1cf39b915a req-2156d43d-563b-46bf-a2d1-bd1cf39b915a ] Request (QuotasAdminNegativeTest:test_create_server_when_cpu_quota_is_full): 200 PUT http://10.180.1.21/compute/v2.1/os-quota-sets/9e701ba23871479f8d9512e8630fba6b 1.986s
2025-05-18 22:03:49.437 70284 INFO tempest.lib.common.rest_client [req-ae128f92-030f-45da-9cfb-498a72bf94c7 req-ae128f92-030f-45da-9cfb-498a72bf94c7 ] Request (FlavorsV255TestJSON:test_crud_flavor): 200 GET http://10.180.1.21/compute/v2.1/flavors/1516015595 1.812s
2025-05-18 22:03:49.505 70297 INFO tempest.lib.common.rest_client [req-3c810834-3034-4362-a950-085dee2b1147 req-3c810834-3034-4362-a950-085dee2b1147 ] Request (HypervisorAdminV228Test:tearDownClass): 201 POST http://10.180.1.21/identity/v3/auth/tokens 0.196s
2025-05-18 22:03:49.537 70311 INFO tempest.lib.common.rest_client [req-146db72a-733a-4117-b956-b0a8ed812df7 req-146db72a-733a-4117-b956-b0a8ed812df7 ] Request (InstanceUsageAuditLogTestJSON:tearDownClass): 204 DELETE http://10.180.1.21/identity/v3/users/2a14d56b795545ec8ff16c3b6b11ccd7 0.324s
2025-05-18 22:03:49.537 70311 INFO tempest.lib.common.dynamic_creds [-] Deleting project and security group for project: 95714d94ca9d4489ab3b77074c6c3779
2025-05-18 22:03:49.589 70329 INFO tempest.lib.common.rest_client [req-1bba1cae-b647-45e4-92c7-ad24ab93e1b1 req-1bba1cae-b647-45e4-92c7-ad24ab93e1b1 ] Request (QuotasAdminNegativeTest:test_create_server_when_cpu_quota_is_full): 201 POST http://10.180.1.21/identity/v3/auth/tokens 0.161s
2025-05-18 22:03:49.590 70329 INFO tempest.lib.common.fixed_network [-] (QuotasAdminNegativeTest:test_create_server_when_cpu_quota_is_full) Found network None available for tenant
2025-05-18 22:03:49.670 70289 INFO tempest.lib.common.rest_client [req-f7b352d5-b245-495a-bd95-e35b7960f00b req-f7b352d5-b245-495a-bd95-e35b7960f00b ] Request (AZAdminV2TestJSON:tearDownClass): 200 GET http://10.180.1.21:9696/networking/v2.0/security-groups?tenant_id=762eb1c1d2ae4099b3464e1d31a66e99&name=default 0.489s
2025-05-18 22:03:49.673 70319 INFO tempest.lib.common.rest_client [req-b1d48e49-fd28-4bab-b1c7-897fad7fa321 req-b1d48e49-fd28-4bab-b1c7-897fad7fa321 ] Request (ServicesAdminTestJSON:test_get_service_by_host_name): 200 GET http://10.180.1.21/compute/v2.1/os-services 1.822s
2025-05-18 22:03:49.700 70295 INFO tempest.lib.common.rest_client [req-858c43b8-0a55-406a-b486-be3c633be2cf req-858c43b8-0a55-406a-b486-be3c633be2cf ] Request (FlavorsAccessTestJSON:test_flavor_access_add_remove): 200 POST http://10.180.1.21/compute/v2.1/flavors/786008322/action 1.932s
2025-05-18 22:03:49.702 70311 INFO tempest.lib.common.rest_client [req-3635184d-0250-4002-9e4a-0a904141786f req-3635184d-0250-4002-9e4a-0a904141786f ] Request (InstanceUsageAuditLogTestJSON:tearDownClass): 201 POST http://10.180.1.21/identity/v3/auth/tokens 0.164s
2025-05-18 22:03:49.725 70305 INFO tempest.lib.common.rest_client [req-3862eb68-d5d8-40fd-b390-8ca502eaaebc req-3862eb68-d5d8-40fd-b390-8ca502eaaebc ] Request (FlavorsExtraSpecsTestJSON:test_flavor_non_admin_get_all_keys): 200 POST http://10.180.1.21/compute/v2.1/flavors/787993248/os-extra_specs 1.741s
2025-05-18 22:03:49.745 70285 INFO tempest.lib.common.rest_client [req-bb6924c7-acc9-4394-a3b5-471ec5787d9e req-bb6924c7-acc9-4394-a3b5-471ec5787d9e ] Request (FlavorsAdminTestJSON:_run_cleanups): 202 DELETE http://10.180.1.21/compute/v2.1/flavors/1559527521 1.680s
2025-05-18 22:03:49.775 70287 INFO tempest.lib.common.rest_client [req-e4eb6d5e-0636-4aca-a87b-7a81d51dc9bc req-e4eb6d5e-0636-4aca-a87b-7a81d51dc9bc ] Request (AggregatesAdminNegativeTestJSON:test_aggregate_add_existent_host): 200 POST http://10.180.1.21/compute/v2.1/os-aggregates 1.687s
2025-05-18 22:03:49.814 70323 INFO tempest.lib.common.rest_client [req-fb5d25b6-08ee-4b40-9465-adcfddbcfe6f req-fb5d25b6-08ee-4b40-9465-adcfddbcfe6f ] Request (KeyPairsV22TestJSON:test_keypair_create_delete): 201 POST http://10.180.1.21/compute/v2.1/os-keypairs 1.705s
2025-05-18 22:03:49.821 70271 INFO tempest.lib.common.rest_client [req-d5608ada-02af-4a33-b373-86d4796a3464 req-d5608ada-02af-4a33-b373-86d4796a3464 ] Request (AZAdminNegativeTestJSON:tearDownClass): 204 DELETE http://10.180.1.21:9696/networking/v2.0/security-groups/aee4ae1d-ac8e-4b82-976d-f2d8690940b4 0.519s
2025-05-18 22:03:49.830 70279 INFO tempest.lib.common.rest_client [req-98082194-c259-4d48-9017-75517a086c47 req-98082194-c259-4d48-9017-75517a086c47 ] Request (FlavorMetadataValidation:_run_cleanups): 202 DELETE http://10.180.1.21/compute/v2.1/flavors/326963318 1.639s
2025-05-18 22:03:49.838 70317 INFO tempest.lib.common.rest_client [req-1d99f8d3-8a0a-4b4b-91b0-46a81d927ccc req-1d99f8d3-8a0a-4b4b-91b0-46a81d927ccc ] Request (KeyPairsV210TestJSON:test_admin_manage_keypairs_for_other_users): 200 GET http://10.180.1.21/compute/v2.1/os-keypairs/tempest-keypair-1757443402?user_id=57c945262fc544d796b00fe3af183496 1.276s
2025-05-18 22:03:49.873 70299 INFO tempest.lib.common.rest_client [req-bfb19970-dd3f-44ab-8a2a-e316d59a39ee req-bfb19970-dd3f-44ab-8a2a-e316d59a39ee ] Request (FloatingIPsAssociationTestJSON:setUpClass): 201 POST http://10.180.1.21:9696/networking/v2.0/routers 2.187s
2025-05-18 22:03:49.896 70271 INFO tempest.lib.common.rest_client [req-d0c018f3-1769-463c-8926-527d71573ec4 req-d0c018f3-1769-463c-8926-527d71573ec4 ] Request (AZAdminNegativeTestJSON:tearDownClass): 204 DELETE http://10.180.1.21/identity/v3/projects/176f9fca371c43398b1c53d6ddf70068 0.074s
2025-05-18 22:03:49.899 70309 INFO tempest.lib.common.rest_client [req-bde84177-d0ce-4209-9de9-7e41640168a4 req-bde84177-d0ce-4209-9de9-7e41640168a4 ] Request (FloatingIPsTestJSON:test_allocate_floating_ip): 200 GET http://10.180.1.21/compute/v2.1/os-floating-ips/38ea3077-5da7-45ed-96db-bf76f9ccf03b 2.029s
2025-05-18 22:03:49.904 70321 INFO tempest.lib.common.rest_client [req-8f358794-9dac-4041-9329-c93dd7601ce1 req-8f358794-9dac-4041-9329-c93dd7601ce1 ] Request (QuotaClassesAdminTestJSON:_run_cleanups): 200 PUT http://10.180.1.21/compute/v2.1/os-quota-class-sets/default 1.328s
2025-05-18 22:03:49.937 70293 INFO tempest.lib.common.rest_client [req-e2081ab6-df60-4354-b24a-585d1802aa7c req-e2081ab6-df60-4354-b24a-585d1802aa7c ] Request (VolumesAssistedSnapshotsTest:setUpClass): 201 POST http://10.180.1.21:9696/networking/v2.0/routers 2.393s
2025-05-18 22:03:49.964 70271 INFO tempest.lib.common.rest_client [req-4081a640-b566-4e1a-9427-26c78ae00ffd req-4081a640-b566-4e1a-9427-26c78ae00ffd ] Request (QuotasAdminTestJSON:setUpClass): 201 POST http://10.180.1.21/identity/v3/auth/tokens 0.067s
2025-05-18 22:03:50.007 70301 INFO tempest.lib.common.rest_client [req-26ed39e9-ea81-4ccd-a27e-597d76015c7d req-26ed39e9-ea81-4ccd-a27e-597d76015c7d ] Request (ImagesOneServerNegativeTestJSON:setUpClass): 200 GET http://10.180.1.21/compute/v2.1/servers/ef489f33-9bb0-4ab9-b5be-979629923c8a 1.128s
2025-05-18 22:03:50.026 70313 INFO tempest.lib.common.rest_client [req-3de048a7-8cd4-4b77-9702-4b6c02be5848 req-3de048a7-8cd4-4b77-9702-4b6c02be5848 ] Request (HostsAdminTestJSON:test_list_hosts_with_nonexistent_zone): 200 GET http://10.180.1.21/compute/v2.1/os-hosts?zone=xxx 1.124s
2025-05-18 22:03:50.031 70321 INFO tempest.lib.common.rest_client [req-6af0f132-7170-429f-85c4-bcb69a79ff49 req-6af0f132-7170-429f-85c4-bcb69a79ff49 ] Request (QuotaClassesAdminTestJSON:tearDownClass): 204 DELETE http://10.180.1.21/identity/v3/users/a47f7d7884c942a4ae27898d758b1934 0.119s
2025-05-18 22:03:50.046 70277 INFO tempest.lib.common.rest_client [req-ddbc8f86-08df-423a-b375-1061885a4941 req-ddbc8f86-08df-423a-b375-1061885a4941 ] Request (HostsAdminNegativeTestJSON:test_reboot_nonexistent_host): 404 GET http://10.180.1.21/compute/v2.1/os-hosts/nonexistent_hostname/reboot 1.138s
2025-05-18 22:03:50.065 70273 INFO tempest.lib.common.rest_client [req-ae6de034-4be0-41e0-822b-94d832b47825 req-ae6de034-4be0-41e0-822b-94d832b47825 ] Request (HypervisorAdminTestJSON:test_get_hypervisor_show_details): 200 GET http://10.180.1.21/compute/v2.1/os-hypervisors 1.156s
2025-05-18 22:03:50.091 70297 INFO tempest.lib.common.rest_client [req-760249e8-8e31-40f5-9e4f-1f48fa77252a req-760249e8-8e31-40f5-9e4f-1f48fa77252a ] Request (HypervisorAdminV228Test:tearDownClass): 200 GET http://10.180.1.21:9696/networking/v2.0/security-groups?tenant_id=ccc1fb8072814d46ba56671cc57e1b03&name=default 0.586s
2025-05-18 22:03:50.099 70269 INFO tempest.lib.common.rest_client [req-d334778c-d73d-43e5-b357-bece2ea48a91 req-d334778c-d73d-43e5-b357-bece2ea48a91 ] Request (QuotasAdminTestV257:test_get_updated_quotas): 200 GET http://10.180.1.21/identity/v3/domains?name=Default 0.149s
2025-05-18 22:03:50.115 70289 INFO tempest.lib.common.rest_client [req-58699882-b0f6-4548-95de-39a53856a439 req-58699882-b0f6-4548-95de-39a53856a439 ] Request (AZAdminV2TestJSON:tearDownClass): 204 DELETE http://10.180.1.21:9696/networking/v2.0/security-groups/c237a90a-bf7a-4cb1-be59-f602ef0ef583 0.445s
2025-05-18 22:03:50.150 70303 INFO tempest.lib.common.rest_client [req-ff296eee-da5e-47dc-97b1-fdc5f4ed28be req-ff296eee-da5e-47dc-97b1-fdc5f4ed28be ] Request (FlavorsAccessNegativeTestJSON:test_add_flavor_access_duplicate): 200 POST http://10.180.1.21/compute/v2.1/flavors/1844858234/action 1.311s
2025-05-18 22:03:50.168 70271 INFO tempest.lib.common.rest_client [req-f18f0f74-c132-4b41-9495-13e0d3fe12b6 req-f18f0f74-c132-4b41-9495-13e0d3fe12b6 ] Request (QuotasAdminTestJSON:setUpClass): 201 POST http://10.180.1.21/identity/v3/auth/tokens 0.199s
