2025-05-18 22:04:20.324 70309 INFO tempest.lib.common.rest_client [req-549880c0-efcd-46ec-a96e-f448c6c03b6f req-549880c0-efcd-46ec-a96e-f448c6c03b6f ] Request (ServerActionsTestOtherB:setUpClass): 200 PUT http://10.180.1.21:9696/networking/v2.0/routers/f9bfaa0c-d1fd-4e00-80a0-7e2739d0f7fd/add_router_interface 5.611s
2025-05-18 22:04:20.325 70309 INFO tempest.lib.common.dynamic_creds [-] Created isolated network resources for: credentials: Credentials: {'domain_id': 'default', 'domain_name': 'Default', 'username': 'tempest-ServerActionsTestOtherB-1928304307-project-member', 'project_domain_id': 'default', 'project_domain_name': 'Default', 'project_id': '8cf991c70b7a4698be25350a2bd58e1d', 'project_name': 'tempest-ServerActionsTestOtherB-1928304307', 'tenant_id': '8cf991c70b7a4698be25350a2bd58e1d', 'tenant_name': 'tempest-ServerActionsTestOtherB-1928304307', 'user_domain_id': 'default', 'user_domain_name': 'Default', 'user_id': 'b4f879a4b130400284d6008474349b42', 'system': None}, Network: {'id': '2a541b0f-4fb5-4b2f-9cc4-66ab2018562c', 'name': 'tempest-ServerActionsTestOtherB-465668823-network', 'tenant_id': '8cf991c70b7a4698be25350a2bd58e1d', 'admin_state_up': True, 'mtu': 8950, 'status': 'ACTIVE', 'subnets': [], 'shared': False, 'project_id': '8cf991c70b7a4698be25350a2bd58e1d', 'port_security_enabled': True, 'router:external': False, 'provider:network_type': 'vlan', 'provider:physical_network': 'default', 'provider:segmentation_id': 151, 'availability_zone_hints': [], 'availability_zones': [], 'ipv4_address_scope': None, 'ipv6_address_scope': None, 'description': '', 'tags': [], 'created_at': '2025-05-18T22:04:11Z', 'updated_at': '2025-05-18T22:04:11Z', 'revision_number': 1}, Subnet: {'id': 'f6a93d42-ccf5-493e-9d4d-2f264bb1f193', 'name': 'tempest-ServerActionsTestOtherB-465668823-subnet', 'tenant_id': '8cf991c70b7a4698be25350a2bd58e1d', 'network_id': '2a541b0f-4fb5-4b2f-9cc4-66ab2018562c', 'ip_version': 4, 'subnetpool_id': None, 'enable_dhcp': True, 'ipv6_ra_mode': None, 'ipv6_address_mode': None, 'gateway_ip': '192.168.128.1', 'cidr': '192.168.128.0/28', 'allocation_pools': [{'start': '192.168.128.2', 'end': '192.168.128.14'}], 'host_routes': [], 'dns_nameservers': [], 'description': '', 'router:external': False, 'service_types': [], 'tags': [], 'created_at': '2025-05-18T22:04:11Z', 'updated_at': '2025-05-18T22:04:11Z', 'revision_number': 0, 'project_id': '8cf991c70b7a4698be25350a2bd58e1d'}, Router: {'id': 'f9bfaa0c-d1fd-4e00-80a0-7e2739d0f7fd', 'name': 'tempest-ServerActionsTestOtherB-465668823-router', 'tenant_id': '8cf991c70b7a4698be25350a2bd58e1d', 'admin_state_up': True, 'status': 'ACTIVE', 'external_gateway_info': {'network_id': 'a9818b1c-4ff4-408c-a3fd-8885e8d70f28', 'external_fixed_ips': [{'subnet_id': 'a2e42f3d-9559-45f6-b15f-af64e9cb02a6', 'ip_address': '10.180.180.250'}], 'enable_snat': True}, 'description': '', 'availability_zones': [], 'distributed': False, 'ha': False, 'availability_zone_hints': [], 'routes': [], 'flavor_id': None, 'tags': [], 'created_at': '2025-05-18T22:04:11Z', 'updated_at': '2025-05-18T22:04:13Z', 'revision_number': 2, 'project_id': '8cf991c70b7a4698be25350a2bd58e1d'}
2025-05-18 22:04:20.374 70289 INFO tempest.lib.common.rest_client [req-d9659ad3-c273-48fd-bbe3-68fd812c2a2f req-d9659ad3-c273-48fd-bbe3-68fd812c2a2f ] Request (HypervisorAdminNegativeUnderV252Test:tearDownClass): 204 DELETE http://10.180.1.21/identity/v3/users/9cc31a5179a84d809f1f44b19e7cfad0 0.088s
2025-05-18 22:04:20.375 70289 INFO tempest.lib.common.dynamic_creds [-] Deleting project and security group for project: 40f9fba56b8b4c3bb62f670364b81f88
2025-05-18 22:04:20.445 70289 INFO tempest.lib.common.rest_client [req-cbed7b3a-f3b7-4e91-91f4-ff412a8f4c3d req-cbed7b3a-f3b7-4e91-91f4-ff412a8f4c3d ] Request (HypervisorAdminNegativeUnderV252Test:tearDownClass): 201 POST http://10.180.1.21/identity/v3/auth/tokens 0.070s
2025-05-18 22:04:20.462 70281 WARNING tempest.lib.common.ssh [-] Failed to establish authenticated ssh connection to cirros@10.180.180.248 ([Errno None] Unable to connect to port 22 on 10.180.180.248). Number attempts: 1. Retry after 2 seconds.: paramiko.ssh_exception.NoValidConnectionsError: [Errno None] Unable to connect to port 22 on 10.180.180.248
2025-05-18 22:04:20.465 70309 INFO tempest.lib.common.rest_client [req-c0a2a096-109c-4130-9a5c-3611a96f9a93 req-c0a2a096-109c-4130-9a5c-3611a96f9a93 ] Request (ServerActionsTestOtherB:setUpClass): 201 POST http://10.180.1.21/identity/v3/auth/tokens 0.135s
2025-05-18 22:04:20.512 70271 INFO tempest.lib.common.rest_client [req-041992d8-ecf0-4466-a178-ac0d29273bf7 req-041992d8-ecf0-4466-a178-ac0d29273bf7 ] Request (QuotasAdminTestJSON:tearDownClass): 200 GET http://10.180.1.21:9696/networking/v2.0/security-groups?tenant_id=bfb3a4df67a649fb8089eba70a33e281&name=default 0.979s
2025-05-18 22:04:20.567 70323 INFO tempest.lib.common.rest_client [req-8044b9b0-3f32-491c-8388-d11c6604c815 req-8044b9b0-3f32-491c-8388-d11c6604c815 ] Request (SecurityGroupRulesTestJSON:setUpClass): 201 POST http://10.180.1.21:9696/networking/v2.0/subnets 1.451s
2025-05-18 22:04:20.670 70327 INFO tempest.lib.common.rest_client [req-fc8080c2-dbbb-4950-91ef-81858c243b12 req-fc8080c2-dbbb-4950-91ef-81858c243b12 ] Request (ServerDiagnosticsV248Test:test_get_server_diagnostics): 200 GET http://10.180.1.21/compute/v2.1/servers/e6674863-b35c-41f7-b9a3-127937f23b27/diagnostics 1.678s
2025-05-18 22:04:20.805 70315 INFO tempest.lib.common.rest_client [req-ad5f8738-8c35-4261-8a03-79fc1358197e req-ad5f8738-8c35-4261-8a03-79fc1358197e ] Request (QuotaClassesAdmin257Test:test_update_default_quotas): 200 GET http://10.180.1.21/compute/v2.1/os-quota-class-sets/default 1.502s
2025-05-18 22:04:20.832 70299 INFO tempest.lib.common.rest_client [req-4f840337-59a9-4d30-83a3-1a61c51e9dd9 req-4f840337-59a9-4d30-83a3-1a61c51e9dd9 ] Request (FloatingIPsAssociationTestJSON:setUpClass): 200 GET http://10.180.1.21/compute/v2.1/servers/bc626a0f-0d8f-4fce-b31a-98e6edf98d59 1.540s
2025-05-18 22:04:20.841 70299 INFO tempest.common.waiters [-] State transition "BUILD/spawning" ==> "ACTIVE/None" after 23 second wait
2025-05-18 22:04:20.931 70311 INFO tempest.lib.common.rest_client [req-b8132ce3-1c13-4319-b168-fcd0df1581a7 req-b8132ce3-1c13-4319-b168-fcd0df1581a7 ] Request (ServersTestBootFromVolume:setUpClass): 200 GET http://10.180.1.21/volume/v3/volumes/e8396ccd-7ab0-412f-b733-ad1fe2561dcd 0.036s
2025-05-18 22:04:20.942 70331 INFO tempest.lib.common.rest_client [req-726402b1-64bb-4f72-9607-0d37c563470a req-726402b1-64bb-4f72-9607-0d37c563470a ] Request (ServersWithSpecificFlavorTestJSON:test_verify_created_server_ephemeral_disk): 200 GET http://10.180.1.21/compute/v2.1/servers/cfd1ccdc-d521-4d83-96a8-f282e921835e 1.556s
2025-05-18 22:04:20.954 70271 INFO tempest.lib.common.rest_client [req-3a677a49-d1ff-4ef4-bcb4-bc5389de2f2b req-3a677a49-d1ff-4ef4-bcb4-bc5389de2f2b ] Request (QuotasAdminTestJSON:tearDownClass): 204 DELETE http://10.180.1.21:9696/networking/v2.0/security-groups/6279b278-9667-4da2-8138-b782b29a2705 0.442s
2025-05-18 22:04:20.956 70331 INFO tempest.common.waiters [-] State transition "BUILD/scheduling" ==> "BUILD/None" after 8 second wait
2025-05-18 22:04:21.045 70271 INFO tempest.lib.common.rest_client [req-2630800b-89af-4479-846c-611f32734f5e req-2630800b-89af-4479-846c-611f32734f5e ] Request (QuotasAdminTestJSON:tearDownClass): 204 DELETE http://10.180.1.21/identity/v3/projects/bfb3a4df67a649fb8089eba70a33e281 0.089s
2025-05-18 22:04:21.045 70271 INFO tempest.lib.common.dynamic_creds [-] Deleting project and security group for project: 667d7cbc7130463bba379ad031da4d02
2025-05-18 22:04:21.068 70317 INFO tempest.lib.common.rest_client [req-549fd946-c907-4eb3-9d9b-1ab86a00fd44 req-549fd946-c907-4eb3-9d9b-1ab86a00fd44 ] Request (ServersAdminNegativeTestJSON:setUpClass): 200 GET http://10.180.1.21/compute/v2.1/servers/7148155a-fa4a-4b0d-b1ca-b01c29434ed3 1.517s
2025-05-18 22:04:21.172 70289 INFO tempest.lib.common.rest_client [req-2dfa2d57-aa87-47c5-a534-6a21f5cc0c04 req-2dfa2d57-aa87-47c5-a534-6a21f5cc0c04 ] Request (HypervisorAdminNegativeUnderV252Test:tearDownClass): 200 GET http://10.180.1.21:9696/networking/v2.0/security-groups?tenant_id=40f9fba56b8b4c3bb62f670364b81f88&name=default 0.726s
2025-05-18 22:04:21.330 70295 INFO tempest.lib.common.rest_client [req-0b8cb9e7-7471-4259-8d06-45d35ac1dd21 req-0b8cb9e7-7471-4259-8d06-45d35ac1dd21 ] Request (ServersTestFqdnHostnames:setUpClass): 201 POST http://10.180.1.21:9696/networking/v2.0/subnets 1.125s
2025-05-18 22:04:21.611 70325 INFO tempest.lib.common.rest_client [req-e58d2c68-09b7-4b8d-9e6c-f2cd4c9a6176 req-e58d2c68-09b7-4b8d-9e6c-f2cd4c9a6176 ] Request (VolumesAdminNegativeTest:test_update_attached_volume_with_nonexistent_volume_in_body): 200 GET http://10.180.1.21/compute/v2.1/servers/de73879c-e71a-4505-9739-16595239f982 1.913s
2025-05-18 22:04:21.650 70313 INFO tempest.lib.common.rest_client [req-ff6459bd-fbc6-44b6-9e48-17d1f4deb584 req-ff6459bd-fbc6-44b6-9e48-17d1f4deb584 ] Request (ImagesMetadataTestJSON:setUpClass): 200 GET http://10.180.1.21/compute/v2.1/images/36d059e1-bc82-42a1-bcc0-1f71b75d234b 1.933s
2025-05-18 22:04:21.651 70289 INFO tempest.lib.common.rest_client [req-12bc914e-c91e-4383-a92b-714d9923bb4e req-12bc914e-c91e-4383-a92b-714d9923bb4e ] Request (HypervisorAdminNegativeUnderV252Test:tearDownClass): 204 DELETE http://10.180.1.21:9696/networking/v2.0/security-groups/eb2d037b-c7d6-4989-ba30-5f777bbbd7bd 0.478s
2025-05-18 22:04:21.667 70271 INFO tempest.lib.common.rest_client [req-4b4ebafd-02b1-4d9e-9d83-c3cc77791a92 req-4b4ebafd-02b1-4d9e-9d83-c3cc77791a92 ] Request (QuotasAdminTestJSON:tearDownClass): 200 GET http://10.180.1.21:9696/networking/v2.0/security-groups?tenant_id=667d7cbc7130463bba379ad031da4d02&name=default 0.621s
2025-05-18 22:04:21.811 70289 INFO tempest.lib.common.rest_client [req-946e61ff-3d7d-4777-8ee3-61ce2be8d23f req-946e61ff-3d7d-4777-8ee3-61ce2be8d23f ] Request (HypervisorAdminNegativeUnderV252Test:tearDownClass): 204 DELETE http://10.180.1.21/identity/v3/projects/40f9fba56b8b4c3bb62f670364b81f88 0.159s
2025-05-18 22:04:21.811 70289 INFO tempest.lib.common.dynamic_creds [-] Deleting project and security group for project: b9391d11a8b14c5fa971ba57e215ed49
2025-05-18 22:04:21.931 70307 INFO tempest.lib.common.rest_client [req-a9d6e89a-452b-4a58-ad26-55d5c577965a req-a9d6e89a-452b-4a58-ad26-55d5c577965a ] Request (ServerAddressesNegativeTestJSON:setUpClass): 200 PUT http://10.180.1.21:9696/networking/v2.0/routers/99347e2d-63af-4be7-ad50-bdfe1e8d7814/add_router_interface 5.564s
2025-05-18 22:04:21.931 70307 INFO tempest.lib.common.dynamic_creds [-] Created isolated network resources for: credentials: Credentials: {'domain_id': 'default', 'domain_name': 'Default', 'username': 'tempest-ServerAddressesNegativeTestJSON-1929912430-project-member', 'project_domain_id': 'default', 'project_domain_name': 'Default', 'project_id': 'c896137d7b1a48538de68be8a38e6828', 'project_name': 'tempest-ServerAddressesNegativeTestJSON-1929912430', 'tenant_id': 'c896137d7b1a48538de68be8a38e6828', 'tenant_name': 'tempest-ServerAddressesNegativeTestJSON-1929912430', 'user_domain_id': 'default', 'user_domain_name': 'Default', 'user_id': 'b3346c4a3dce4677b7f6dd2faaaac2e0', 'system': None}, Network: {'id': '3e7e90bc-1af1-4eb5-92ad-1d3da66e8a22', 'name': 'tempest-ServerAddressesNegativeTestJSON-1291710725-network', 'tenant_id': 'c896137d7b1a48538de68be8a38e6828', 'admin_state_up': True, 'mtu': 8950, 'status': 'ACTIVE', 'subnets': [], 'shared': False, 'project_id': 'c896137d7b1a48538de68be8a38e6828', 'port_security_enabled': True, 'router:external': False, 'provider:network_type': 'vlan', 'provider:physical_network': 'default', 'provider:segmentation_id': 375, 'availability_zone_hints': [], 'availability_zones': [], 'ipv4_address_scope': None, 'ipv6_address_scope': None, 'description': '', 'tags': [], 'created_at': '2025-05-18T22:04:11Z', 'updated_at': '2025-05-18T22:04:11Z', 'revision_number': 1}, Subnet: {'id': 'c2d065c8-b8f3-4ed6-ab53-8d15830a2fc0', 'name': 'tempest-ServerAddressesNegativeTestJSON-1291710725-subnet', 'tenant_id': 'c896137d7b1a48538de68be8a38e6828', 'network_id': '3e7e90bc-1af1-4eb5-92ad-1d3da66e8a22', 'ip_version': 4, 'subnetpool_id': None, 'enable_dhcp': True, 'ipv6_ra_mode': None, 'ipv6_address_mode': None, 'gateway_ip': '192.168.128.1', 'cidr': '192.168.128.0/28', 'allocation_pools': [{'start': '192.168.128.2', 'end': '192.168.128.14'}], 'host_routes': [], 'dns_nameservers': [], 'description': '', 'router:external': False, 'service_types': [], 'tags': [], 'created_at': '2025-05-18T22:04:11Z', 'updated_at': '2025-05-18T22:04:11Z', 'revision_number': 0, 'project_id': 'c896137d7b1a48538de68be8a38e6828'}, Router: {'id': '99347e2d-63af-4be7-ad50-bdfe1e8d7814', 'name': 'tempest-ServerAddressesNegativeTestJSON-1291710725-router', 'tenant_id': 'c896137d7b1a48538de68be8a38e6828', 'admin_state_up': True, 'status': 'ACTIVE', 'external_gateway_info': {'network_id': 'a9818b1c-4ff4-408c-a3fd-8885e8d70f28', 'external_fixed_ips': [{'subnet_id': 'a2e42f3d-9559-45f6-b15f-af64e9cb02a6', 'ip_address': '10.180.180.140'}], 'enable_snat': True}, 'description': '', 'availability_zones': [], 'distributed': False, 'ha': False, 'availability_zone_hints': [], 'routes': [], 'flavor_id': None, 'tags': [], 'created_at': '2025-05-18T22:04:12Z', 'updated_at': '2025-05-18T22:04:14Z', 'revision_number': 2, 'project_id': 'c896137d7b1a48538de68be8a38e6828'}
2025-05-18 22:04:21.952 70293 INFO tempest.lib.common.rest_client [req-a9b4b9fa-8156-47af-a4f7-1949444bc172 req-a9b4b9fa-8156-47af-a4f7-1949444bc172 ] Request (VolumesAssistedSnapshotsTest:test_volume_assisted_snapshot_create_delete): 200 GET http://10.180.1.21/compute/v2.1/servers/afffcbe4-52eb-4385-bda8-a46fc0d2d68b 2.234s
2025-05-18 22:04:21.988 70271 INFO tempest.lib.common.rest_client [req-d89ac707-cded-4a69-96d2-2b339c9d6515 req-d89ac707-cded-4a69-96d2-2b339c9d6515 ] Request (QuotasAdminTestJSON:tearDownClass): 204 DELETE http://10.180.1.21:9696/networking/v2.0/security-groups/a47948b1-5d32-4525-99ca-b2766ae7815f 0.319s
2025-05-18 22:04:21.997 70311 INFO tempest.lib.common.rest_client [req-e7f18d61-f245-4b44-a4fe-923fd9ed5f7f req-e7f18d61-f245-4b44-a4fe-923fd9ed5f7f ] Request (ServersTestBootFromVolume:setUpClass): 200 GET http://10.180.1.21/volume/v3/volumes/e8396ccd-7ab0-412f-b733-ad1fe2561dcd 0.052s
2025-05-18 22:04:22.046 70307 INFO tempest.lib.common.rest_client [req-ed873b11-ebe0-480d-b50a-cc497809c31c req-ed873b11-ebe0-480d-b50a-cc497809c31c ] Request (ServerAddressesNegativeTestJSON:setUpClass): 201 POST http://10.180.1.21/identity/v3/auth/tokens 0.111s
2025-05-18 22:04:22.088 70307 INFO tempest.lib.common.rest_client [req-142a5633-1926-4018-a2f1-894212b643d6 req-142a5633-1926-4018-a2f1-894212b643d6 ] Request (ServerAddressesNegativeTestJSON:setUpClass): 201 POST http://10.180.1.21/identity/v3/auth/tokens 0.037s
2025-05-18 22:04:22.089 70307 INFO tempest.lib.common.fixed_network [-] (ServerAddressesNegativeTestJSON:setUpClass) Found network {'id': '3e7e90bc-1af1-4eb5-92ad-1d3da66e8a22', 'name': 'tempest-ServerAddressesNegativeTestJSON-1291710725-network', 'tenant_id': 'c896137d7b1a48538de68be8a38e6828', 'admin_state_up': True, 'mtu': 8950, 'status': 'ACTIVE', 'subnets': [], 'shared': False, 'project_id': 'c896137d7b1a48538de68be8a38e6828', 'port_security_enabled': True, 'router:external': False, 'provider:network_type': 'vlan', 'provider:physical_network': 'default', 'provider:segmentation_id': 375, 'availability_zone_hints': [], 'availability_zones': [], 'ipv4_address_scope': None, 'ipv6_address_scope': None, 'description': '', 'tags': [], 'created_at': '2025-05-18T22:04:11Z', 'updated_at': '2025-05-18T22:04:11Z', 'revision_number': 1} available for tenant
2025-05-18 22:04:22.098 70291 INFO tempest.lib.common.rest_client [req-4dc95a2e-c2c4-41d2-b6f1-d59d3999f985 req-4dc95a2e-c2c4-41d2-b6f1-d59d3999f985 ] Request (FloatingIPsNegativeTestJSON:tearDownClass): 204 DELETE http://10.180.1.21:9696/networking/v2.0/routers/5c5bc623-c6f3-4847-97e9-c0c54a797855 2.271s
2025-05-18 22:04:22.100 70275 INFO tempest.lib.common.rest_client [req-45ae3b89-5fb3-4036-b93a-2bd4f1e64f70 req-45ae3b89-5fb3-4036-b93a-2bd4f1e64f70 ] Request (DeleteServersAdminTestJSON:test_admin_delete_servers_of_others): 200 GET http://10.180.1.21/compute/v2.1/servers/8780ba68-79d5-4290-a2db-cac10ca3eb0a 2.288s
2025-05-18 22:04:22.140 70269 INFO tempest.lib.common.rest_client [req-36cb2515-35de-46f8-b03b-aefb22c6a35b req-36cb2515-35de-46f8-b03b-aefb22c6a35b ] Request (ServerActionsTestJSON:setUpClass): 202 POST http://10.180.1.21/compute/v2.1/servers 2.741s
2025-05-18 22:04:22.170 70303 INFO tempest.lib.common.rest_client [req-2475fad3-e868-4ee6-b3d8-a593e0f1df0c req-2475fad3-e868-4ee6-b3d8-a593e0f1df0c ] Request (FlavorsAccessNegativeTestJSON:_run_cleanups): 202 DELETE http://10.180.1.21/compute/v2.1/flavors/760625274 2.257s
2025-05-18 22:04:22.173 70321 INFO tempest.lib.common.rest_client [req-e0242c55-ef0e-49fd-bacf-bded71ebd4da req-e0242c55-ef0e-49fd-bacf-bded71ebd4da ] Request (SecurityGroupRulesNegativeTestJSON:setUpClass): 201 POST http://10.180.1.21:9696/networking/v2.0/routers 3.344s
2025-05-18 22:04:22.184 70271 INFO tempest.lib.common.rest_client [req-9728c061-055f-4cec-9066-715dd9cc59e2 req-9728c061-055f-4cec-9066-715dd9cc59e2 ] Request (QuotasAdminTestJSON:tearDownClass): 204 DELETE http://10.180.1.21/identity/v3/projects/667d7cbc7130463bba379ad031da4d02 0.194s
2025-05-18 22:04:22.205 70287 INFO tempest.lib.common.rest_client [req-af66685a-7d2d-4747-87b0-1b297f069c89 req-af66685a-7d2d-4747-87b0-1b297f069c89 ] Request (AggregatesAdminNegativeTestJSON:_run_cleanups): 200 DELETE http://10.180.1.21/compute/v2.1/os-aggregates/6 2.155s
2025-05-18 22:04:22.214 70301 INFO tempest.lib.common.rest_client [req-21ad5496-235d-40d2-88f6-39a1f04ac0db req-21ad5496-235d-40d2-88f6-39a1f04ac0db ] Request (ImagesOneServerNegativeTestJSON:test_create_image_specify_metadata_over_limits): 400 POST http://10.180.1.21/compute/v2.1/servers/ef489f33-9bb0-4ab9-b5be-979629923c8a/action 2.162s
2025-05-18 22:04:22.242 70285 INFO tempest.lib.common.rest_client [req-edf35eab-04e8-4c5f-8e6a-5b3240fc057d req-edf35eab-04e8-4c5f-8e6a-5b3240fc057d ] Request (FlavorsAdminTestJSON:_run_cleanups): 200 GET http://10.180.1.21/compute/v2.1/flavors/detail 2.111s
2025-05-18 22:04:22.320 70271 INFO tempest.lib.common.rest_client [req-a47044b8-c971-4d2c-80a4-571e0642ece8 req-a47044b8-c971-4d2c-80a4-571e0642ece8 ] Request (TenantUsagesNegativeTestJSON:setUpClass): 201 POST http://10.180.1.21/identity/v3/auth/tokens 0.134s
2025-05-18 22:04:22.365 70271 INFO tempest.lib.common.rest_client [req-4ffe0260-2703-4312-a628-9002cc80f4f3 req-4ffe0260-2703-4312-a628-9002cc80f4f3 ] Request (TenantUsagesNegativeTestJSON:setUpClass): 201 POST http://10.180.1.21/identity/v3/auth/tokens 0.042s
2025-05-18 22:04:22.398 70271 INFO tempest.lib.common.rest_client [req-ea330bbf-89d3-487f-8198-00c85a6aafa7 req-ea330bbf-89d3-487f-8198-00c85a6aafa7 ] Request (TenantUsagesNegativeTestJSON:setUpClass): 200 GET http://10.180.1.21/identity/v3/domains?name=Default 0.032s
2025-05-18 22:04:22.456 70271 INFO tempest.lib.common.rest_client [req-99a6b343-8404-4705-99ec-632e6c763605 req-99a6b343-8404-4705-99ec-632e6c763605 ] Request (TenantUsagesNegativeTestJSON:setUpClass): 201 POST http://10.180.1.21/identity/v3/projects 0.057s
2025-05-18 22:04:22.588 70271 INFO tempest.lib.common.rest_client [req-a0a2e31e-30d6-4980-918e-df152578b434 req-a0a2e31e-30d6-4980-918e-df152578b434 ] Request (TenantUsagesNegativeTestJSON:setUpClass): 201 POST http://10.180.1.21/identity/v3/users 0.132s
2025-05-18 22:04:22.634 70271 INFO tempest.lib.common.rest_client [req-f8ae1a8b-9f67-412a-81e7-f202ab399b63 req-f8ae1a8b-9f67-412a-81e7-f202ab399b63 ] Request (TenantUsagesNegativeTestJSON:setUpClass): 200 GET http://10.180.1.21/identity/v3/roles 0.046s
2025-05-18 22:04:22.644 70273 INFO tempest.lib.common.rest_client [req-e7078d58-20af-4bd8-b5ac-ede6cea913f8 req-e7078d58-20af-4bd8-b5ac-ede6cea913f8 ] Request (MigrationsAdminTest:test_list_migrations_in_flavor_resize_situation): 200 GET http://10.180.1.21/compute/v2.1/servers/93664ea1-b278-43d4-9390-f10836022697 2.804s
2025-05-18 22:04:22.657 70273 INFO tempest.common.waiters [-] State transition "BUILD/None" ==> "BUILD/spawning" after 20 second wait
2025-05-18 22:04:22.680 70271 INFO tempest.lib.common.rest_client [req-de4f136c-7260-4005-891b-25126b6c4c82 req-de4f136c-7260-4005-891b-25126b6c4c82 ] Request (TenantUsagesNegativeTestJSON:setUpClass): 204 PUT http://10.180.1.21/identity/v3/projects/e319a36789304dc58503d5c362c40df7/users/3a8f8dd1b44f4ca2a52bf323183f3e78/roles/83eb07f769d8401b93d2436663897a82 0.045s
2025-05-18 22:04:22.680 70271 INFO tempest.lib.common.dynamic_creds [-] Dynamic test user 3a8f8dd1b44f4ca2a52bf323183f3e78 is created with scope project and roles: ['member']
2025-05-18 22:04:22.681 70271 INFO tempest.lib.common.dynamic_creds [-] Acquired dynamic creds: credentials: Credentials: {'domain_id': 'default', 'domain_name': 'Default', 'username': 'tempest-TenantUsagesNegativeTestJSON-1387970259-project-member', 'project_domain_id': 'default', 'project_domain_name': 'Default', 'project_id': 'e319a36789304dc58503d5c362c40df7', 'project_name': 'tempest-TenantUsagesNegativeTestJSON-1387970259', 'tenant_id': 'e319a36789304dc58503d5c362c40df7', 'tenant_name': 'tempest-TenantUsagesNegativeTestJSON-1387970259', 'user_domain_id': 'default', 'user_domain_name': 'Default', 'user_id': '3a8f8dd1b44f4ca2a52bf323183f3e78', 'system': None}, Network: None, Subnet: None, Router: None
2025-05-18 22:04:22.681 70271 INFO tempest.lib.common.dynamic_creds [-] Created isolated network resources for: credentials: Credentials: {'domain_id': 'default', 'domain_name': 'Default', 'username': 'tempest-TenantUsagesNegativeTestJSON-1387970259-project-member', 'project_domain_id': 'default', 'project_domain_name': 'Default', 'project_id': 'e319a36789304dc58503d5c362c40df7', 'project_name': 'tempest-TenantUsagesNegativeTestJSON-1387970259', 'tenant_id': 'e319a36789304dc58503d5c362c40df7', 'tenant_name': 'tempest-TenantUsagesNegativeTestJSON-1387970259', 'user_domain_id': 'default', 'user_domain_name': 'Default', 'user_id': '3a8f8dd1b44f4ca2a52bf323183f3e78', 'system': None}, Network: None, Subnet: None, Router: None
2025-05-18 22:04:22.713 70279 INFO tempest.lib.common.rest_client [req-3480196d-4423-4b42-b2d5-e85d08687412 req-3480196d-4423-4b42-b2d5-e85d08687412 ] Request (ServerDiagnosticsTest:test_get_server_diagnostics): 200 GET http://10.180.1.21/compute/v2.1/servers/9fafb2d7-7f82-4f7f-98cf-7346896293bd 2.539s
2025-05-18 22:04:22.799 70271 INFO tempest.lib.common.rest_client [req-7f1b154b-ce49-40ca-aac2-da9682e7ed1c req-7f1b154b-ce49-40ca-aac2-da9682e7ed1c ] Request (TenantUsagesNegativeTestJSON:setUpClass): 201 POST http://10.180.1.21/identity/v3/auth/tokens 0.113s
2025-05-18 22:04:22.882 70284 INFO tempest.lib.common.rest_client [req-1f2f00a3-e539-4fa9-bdf6-59202a6363da req-1f2f00a3-e539-4fa9-bdf6-59202a6363da ] Request (AttachInterfacesUnderV243Test:test_add_remove_fixed_ip): 200 GET http://10.180.1.21/compute/v2.1/servers/5815824c-cf8a-4e65-ab60-1f219cd710c5 2.495s
2025-05-18 22:04:22.894 70271 INFO tempest.lib.common.rest_client [req-95c4609b-64cf-4d49-b2f9-86909068910e req-95c4609b-64cf-4d49-b2f9-86909068910e ] Request (TenantUsagesNegativeTestJSON:setUpClass): 201 POST http://10.180.1.21/identity/v3/projects 0.093s
2025-05-18 22:04:22.895 70284 INFO tempest.common.waiters [-] State transition "BUILD/scheduling" ==> "BUILD/None" after 8 second wait
2025-05-18 22:04:22.984 70271 INFO tempest.lib.common.rest_client [req-f9295b92-c553-4a5c-80da-7a7af51b7674 req-f9295b92-c553-4a5c-80da-7a7af51b7674 ] Request (TenantUsagesNegativeTestJSON:setUpClass): 201 POST http://10.180.1.21/identity/v3/users 0.089s
2025-05-18 22:04:22.990 70291 INFO tempest.lib.common.rest_client [req-fac362f7-977d-4c61-a0a8-d8ee69548f49 req-fac362f7-977d-4c61-a0a8-d8ee69548f49 ] Request (FloatingIPsNegativeTestJSON:tearDownClass): 204 DELETE http://10.180.1.21:9696/networking/v2.0/subnets/c78793c7-7c74-4669-b6e5-38836466a498 0.892s
2025-05-18 22:04:23.011 70271 INFO tempest.lib.common.rest_client [req-3502bbc2-459d-4378-b61b-c2ddf41d4744 req-3502bbc2-459d-4378-b61b-c2ddf41d4744 ] Request (TenantUsagesNegativeTestJSON:setUpClass): 200 GET http://10.180.1.21/identity/v3/roles 0.026s
2025-05-18 22:04:23.030 70289 INFO tempest.lib.common.rest_client [req-35da99a4-a3ff-442b-a9e6-d3a7c6152494 req-35da99a4-a3ff-442b-a9e6-d3a7c6152494 ] Request (HypervisorAdminNegativeUnderV252Test:tearDownClass): 200 GET http://10.180.1.21:9696/networking/v2.0/security-groups?tenant_id=b9391d11a8b14c5fa971ba57e215ed49&name=default 1.218s
2025-05-18 22:04:23.046 70271 INFO tempest.lib.common.rest_client [req-1dd55991-da6e-4750-b6f0-e6e9b2e1d4ce req-1dd55991-da6e-4750-b6f0-e6e9b2e1d4ce ] Request (TenantUsagesNegativeTestJSON:setUpClass): 204 PUT http://10.180.1.21/identity/v3/projects/e2b299a49dbc4032ac0efeaf7e40ab42/users/eaf9d675ff364577b0b4af1974978cf7/roles/709f5892679946bbaa7a885faa7e9c39 0.035s
2025-05-18 22:04:23.056 70309 INFO tempest.lib.common.rest_client [req-cdc6d5cb-806f-4553-baad-31eeaf5bf38c req-cdc6d5cb-806f-4553-baad-31eeaf5bf38c ] Request (ServerActionsTestOtherB:setUpClass): 200 POST http://10.180.1.21/compute/v2.1/os-keypairs 2.589s
2025-05-18 22:04:23.063 70311 INFO tempest.lib.common.rest_client [req-5ad40195-5c89-4761-8d8f-395b43ae5ae5 req-5ad40195-5c89-4761-8d8f-395b43ae5ae5 ] Request (ServersTestBootFromVolume:setUpClass): 200 GET http://10.180.1.21/volume/v3/volumes/e8396ccd-7ab0-412f-b733-ad1fe2561dcd 0.047s
2025-05-18 22:04:23.116 70271 INFO tempest.lib.common.rest_client [req-3f58f671-232f-4888-bfac-77c60adf6404 req-3f58f671-232f-4888-bfac-77c60adf6404 ] Request (TenantUsagesNegativeTestJSON:setUpClass): 200 GET http://10.180.1.21/identity/v3/roles 0.069s
2025-05-18 22:04:23.139 70271 INFO tempest.lib.common.rest_client [req-be315908-8092-41f9-9381-0385780d79e2 req-be315908-8092-41f9-9381-0385780d79e2 ] Request (TenantUsagesNegativeTestJSON:setUpClass): 204 PUT http://10.180.1.21/identity/v3/projects/e2b299a49dbc4032ac0efeaf7e40ab42/users/eaf9d675ff364577b0b4af1974978cf7/roles/709f5892679946bbaa7a885faa7e9c39 0.023s
2025-05-18 22:04:23.140 70271 INFO tempest.lib.common.dynamic_creds [-] Dynamic test user eaf9d675ff364577b0b4af1974978cf7 is created with scope project and roles: ['admin']
2025-05-18 22:04:23.140 70271 INFO tempest.lib.common.dynamic_creds [-] Acquired dynamic creds: credentials: Credentials: {'domain_id': 'default', 'domain_name': 'Default', 'username': 'tempest-TenantUsagesNegativeTestJSON-1828481394-project-admin', 'project_domain_id': 'default', 'project_domain_name': 'Default', 'project_id': 'e2b299a49dbc4032ac0efeaf7e40ab42', 'project_name': 'tempest-TenantUsagesNegativeTestJSON-1828481394', 'tenant_id': 'e2b299a49dbc4032ac0efeaf7e40ab42', 'tenant_name': 'tempest-TenantUsagesNegativeTestJSON-1828481394', 'user_domain_id': 'default', 'user_domain_name': 'Default', 'user_id': 'eaf9d675ff364577b0b4af1974978cf7', 'system': None}, Network: None, Subnet: None, Router: None
2025-05-18 22:04:23.140 70271 INFO tempest.lib.common.dynamic_creds [-] Created isolated network resources for: credentials: Credentials: {'domain_id': 'default', 'domain_name': 'Default', 'username': 'tempest-TenantUsagesNegativeTestJSON-1828481394-project-admin', 'project_domain_id': 'default', 'project_domain_name': 'Default', 'project_id': 'e2b299a49dbc4032ac0efeaf7e40ab42', 'project_name': 'tempest-TenantUsagesNegativeTestJSON-1828481394', 'tenant_id': 'e2b299a49dbc4032ac0efeaf7e40ab42', 'tenant_name': 'tempest-TenantUsagesNegativeTestJSON-1828481394', 'user_domain_id': 'default', 'user_domain_name': 'Default', 'user_id': 'eaf9d675ff364577b0b4af1974978cf7', 'system': None}, Network: None, Subnet: None, Router: None
2025-05-18 22:04:23.197 70327 INFO tempest.lib.common.rest_client [req-786f8ab9-1a27-47e0-ba25-e07ea1b0dd27 req-786f8ab9-1a27-47e0-ba25-e07ea1b0dd27 ] Request (ServerDiagnosticsV248Test:tearDownClass): 204 DELETE http://10.180.1.21/compute/v2.1/servers/e6674863-b35c-41f7-b9a3-127937f23b27 2.516s
2025-05-18 22:04:23.248 70271 INFO tempest.lib.common.rest_client [req-64f07b3e-5b73-4d13-8fdf-6242b7b670f9 req-64f07b3e-5b73-4d13-8fdf-6242b7b670f9 ] Request (TenantUsagesNegativeTestJSON:setUpClass): 201 POST http://10.180.1.21/identity/v3/auth/tokens 0.104s
2025-05-18 22:04:23.521 70297 INFO tempest.lib.common.rest_client [req-1709d15a-bff4-4cf9-9c59-0b57aede95d4 req-1709d15a-bff4-4cf9-9c59-0b57aede95d4 ] Request (ServerExternalEventsTest:test_create_server_external_events): 200 GET http://10.180.1.21/compute/v2.1/servers/906ccd94-1d07-41c3-a3f0-daa68862a1ac 2.754s
2025-05-18 22:04:23.532 70297 INFO tempest.common.waiters [-] State transition "BUILD/spawning" ==> "ACTIVE/None" after 24 second wait
2025-05-18 22:04:23.535 70281 WARNING tempest.lib.common.ssh [-] Failed to establish authenticated ssh connection to cirros@10.180.180.248 ([Errno None] Unable to connect to port 22 on 10.180.180.248). Number attempts: 2. Retry after 3 seconds.: paramiko.ssh_exception.NoValidConnectionsError: [Errno None] Unable to connect to port 22 on 10.180.180.248
2025-05-18 22:04:23.600 70315 INFO tempest.lib.common.rest_client [req-7a5f11d1-0d05-402c-8ef3-d493f866b2a7 req-7a5f11d1-0d05-402c-8ef3-d493f866b2a7 ] Request (QuotaClassesAdmin257Test:test_update_default_quotas): 200 PUT http://10.180.1.21/compute/v2.1/os-quota-class-sets/default 2.792s
2025-05-18 22:04:23.728 70289 INFO tempest.lib.common.rest_client [req-fd3ff720-f71f-48f0-830a-19a070671cc6 req-fd3ff720-f71f-48f0-830a-19a070671cc6 ] Request (HypervisorAdminNegativeUnderV252Test:tearDownClass): 204 DELETE http://10.180.1.21:9696/networking/v2.0/security-groups/56795a53-0401-4108-9e24-0eb004d10ce4 0.697s
2025-05-18 22:04:23.882 70289 INFO tempest.lib.common.rest_client [req-71553b6e-018f-421b-a290-6fda201345cf req-71553b6e-018f-421b-a290-6fda201345cf ] Request (HypervisorAdminNegativeUnderV252Test:tearDownClass): 204 DELETE http://10.180.1.21/identity/v3/projects/b9391d11a8b14c5fa971ba57e215ed49 0.154s
2025-05-18 22:04:23.913 70309 INFO tempest.lib.common.rest_client [req-d0382f78-7b54-4d73-a929-4d9a38c98426 req-d0382f78-7b54-4d73-a929-4d9a38c98426 ] Request (ServerActionsTestOtherB:setUpClass): 201 POST http://10.180.1.21:9696/networking/v2.0/security-groups 0.855s
2025-05-18 22:04:23.926 70329 INFO tempest.lib.common.rest_client [req-eeba781d-eb03-4e86-ae46-90cc612e32f9 req-eeba781d-eb03-4e86-ae46-90cc612e32f9 ] Request (FloatingIPsAssociationNegativeTestJSON:setUpClass): 202 POST http://10.180.1.21/compute/v2.1/servers 3.738s
2025-05-18 22:04:23.931 70291 INFO tempest.lib.common.rest_client [req-75ba8529-3e3c-42d1-bd54-f79aa3068c5a req-75ba8529-3e3c-42d1-bd54-f79aa3068c5a ] Request (FloatingIPsNegativeTestJSON:tearDownClass): 204 DELETE http://10.180.1.21:9696/networking/v2.0/networks/d99131ca-0d7f-4765-b07c-910af22c9377 0.940s
2025-05-18 22:04:23.967 70289 INFO tempest.lib.common.rest_client [req-62d34b7a-b625-40dd-b76c-5a3bd16c5c55 req-62d34b7a-b625-40dd-b76c-5a3bd16c5c55 ] Request (TenantUsagesTestJSON:setUpClass): 201 POST http://10.180.1.21/identity/v3/auth/tokens 0.082s
2025-05-18 22:04:24.016 70289 INFO tempest.lib.common.rest_client [req-9fbba897-6758-4fac-a3c4-43ccb6d680c4 req-9fbba897-6758-4fac-a3c4-43ccb6d680c4 ] Request (TenantUsagesTestJSON:setUpClass): 201 POST http://10.180.1.21/identity/v3/auth/tokens 0.046s
2025-05-18 22:04:24.063 70289 INFO tempest.lib.common.rest_client [req-f9bb56c8-8286-49ac-85ee-e46d1958123a req-f9bb56c8-8286-49ac-85ee-e46d1958123a ] Request (TenantUsagesTestJSON:setUpClass): 200 GET http://10.180.1.21/identity/v3/domains?name=Default 0.046s
2025-05-18 22:04:24.072 70277 INFO tempest.lib.common.rest_client [req-20dc8d3e-0428-4fc5-8627-8e893bc8383d req-20dc8d3e-0428-4fc5-8627-8e893bc8383d ] Request (ServerDiagnosticsNegativeTest:test_get_server_diagnostics_by_non_admin): 200 GET http://10.180.1.21/compute/v2.1/servers/2348a71e-6447-436f-97a5-59bfcf8cbc5b 2.886s
2025-05-18 22:04:24.084 70277 INFO tempest.common.waiters [-] State transition "BUILD/scheduling" ==> "BUILD/None" after 9 second wait
2025-05-18 22:04:24.128 70311 INFO tempest.lib.common.rest_client [req-81f60123-26de-4d2b-af2a-eb52dfd6e47b req-81f60123-26de-4d2b-af2a-eb52dfd6e47b ] Request (ServersTestBootFromVolume:setUpClass): 200 GET http://10.180.1.21/volume/v3/volumes/e8396ccd-7ab0-412f-b733-ad1fe2561dcd 0.057s
2025-05-18 22:04:24.144 70291 INFO tempest.lib.common.rest_client [req-42f14a32-3685-4c4f-8232-6fcbf320c76c req-42f14a32-3685-4c4f-8232-6fcbf320c76c ] Request (FloatingIPsNegativeTestJSON:tearDownClass): 204 DELETE http://10.180.1.21/identity/v3/users/e46b8727601b48e6b566136478e01f82 0.212s
2025-05-18 22:04:24.144 70291 INFO tempest.lib.common.dynamic_creds [-] Deleting project and security group for project: bff7a5d6215942198ed3a15b1d394826
2025-05-18 22:04:24.197 70319 INFO tempest.lib.common.rest_client [req-7ef227d8-38f3-4f74-8042-7a33ee788619 req-7ef227d8-38f3-4f74-8042-7a33ee788619 ] Request (ListServerFiltersTestJSON:setUpClass): 200 GET http://10.180.1.21/compute/v2.1/servers/3b9149ee-29f3-4353-9c6c-77110197205e 2.895s
2025-05-18 22:04:24.211 70319 INFO tempest.common.waiters [-] State transition "BUILD/None" ==> "BUILD/networking" after 20 second wait
2025-05-18 22:04:24.238 70289 INFO tempest.lib.common.rest_client [req-72d19216-b23c-426b-a990-cc7a2cb34664 req-72d19216-b23c-426b-a990-cc7a2cb34664 ] Request (TenantUsagesTestJSON:setUpClass): 201 POST http://10.180.1.21/identity/v3/projects 0.175s
2025-05-18 22:04:24.253 70305 INFO tempest.lib.common.rest_client [req-61cda9be-639a-4c79-9e95-bba43a8f29af req-61cda9be-639a-4c79-9e95-bba43a8f29af ] Request (FloatingIPDetailsTestJSON:setUpClass): 201 POST http://10.180.1.21:9696/networking/v2.0/routers 4.447s
2025-05-18 22:04:24.274 70291 INFO tempest.lib.common.rest_client [req-b0c2d7b9-12ee-4b32-ac45-7f45d823d965 req-b0c2d7b9-12ee-4b32-ac45-7f45d823d965 ] Request (FloatingIPsNegativeTestJSON:tearDownClass): 200 GET http://10.180.1.21:9696/networking/v2.0/security-groups?tenant_id=bff7a5d6215942198ed3a15b1d394826&name=default 0.129s
2025-05-18 22:04:24.310 70289 INFO tempest.lib.common.rest_client [req-09d7eb84-cd9f-4ffb-aba2-669773a35cf0 req-09d7eb84-cd9f-4ffb-aba2-669773a35cf0 ] Request (TenantUsagesTestJSON:setUpClass): 201 POST http://10.180.1.21/identity/v3/users 0.071s
2025-05-18 22:04:24.345 70289 INFO tempest.lib.common.rest_client [req-558ee0a4-a7ce-461a-be09-ea8e864ce565 req-558ee0a4-a7ce-461a-be09-ea8e864ce565 ] Request (TenantUsagesTestJSON:setUpClass): 200 GET http://10.180.1.21/identity/v3/roles 0.034s
2025-05-18 22:04:24.374 70289 INFO tempest.lib.common.rest_client [req-f0ad4a67-27f6-4d88-8e48-f265633838c0 req-f0ad4a67-27f6-4d88-8e48-f265633838c0 ] Request (TenantUsagesTestJSON:setUpClass): 204 PUT http://10.180.1.21/identity/v3/projects/6021366f17754136949e901d415c3c4f/users/7e001845ea364f1bab0e8d2733f67873/roles/83eb07f769d8401b93d2436663897a82 0.029s
2025-05-18 22:04:24.374 70289 INFO tempest.lib.common.dynamic_creds [-] Dynamic test user 7e001845ea364f1bab0e8d2733f67873 is created with scope project and roles: ['member']
2025-05-18 22:04:24.375 70289 INFO tempest.lib.common.dynamic_creds [-] Acquired dynamic creds: credentials: Credentials: {'domain_id': 'default', 'domain_name': 'Default', 'username': 'tempest-TenantUsagesTestJSON-1368135588-project-member', 'project_domain_id': 'default', 'project_domain_name': 'Default', 'project_id': '6021366f17754136949e901d415c3c4f', 'project_name': 'tempest-TenantUsagesTestJSON-1368135588', 'tenant_id': '6021366f17754136949e901d415c3c4f', 'tenant_name': 'tempest-TenantUsagesTestJSON-1368135588', 'user_domain_id': 'default', 'user_domain_name': 'Default', 'user_id': '7e001845ea364f1bab0e8d2733f67873', 'system': None}, Network: None, Subnet: None, Router: None
2025-05-18 22:04:24.375 70289 INFO tempest.lib.common.dynamic_creds [-] Created isolated network resources for: credentials: Credentials: {'domain_id': 'default', 'domain_name': 'Default', 'username': 'tempest-TenantUsagesTestJSON-1368135588-project-member', 'project_domain_id': 'default', 'project_domain_name': 'Default', 'project_id': '6021366f17754136949e901d415c3c4f', 'project_name': 'tempest-TenantUsagesTestJSON-1368135588', 'tenant_id': '6021366f17754136949e901d415c3c4f', 'tenant_name': 'tempest-TenantUsagesTestJSON-1368135588', 'user_domain_id': 'default', 'user_domain_name': 'Default', 'user_id': '7e001845ea364f1bab0e8d2733f67873', 'system': None}, Network: None, Subnet: None, Router: None
2025-05-18 22:04:24.393 70309 INFO tempest.lib.common.rest_client [req-ec1686c7-19f5-44de-ad9b-7089dae77798 req-ec1686c7-19f5-44de-ad9b-7089dae77798 ] Request (ServerActionsTestOtherB:setUpClass): 201 POST http://10.180.1.21:9696/networking/v2.0/security-group-rules 0.479s
2025-05-18 22:04:24.451 70289 INFO tempest.lib.common.rest_client [req-e61dcce9-858e-4ebf-895a-c1517272287c req-e61dcce9-858e-4ebf-895a-c1517272287c ] Request (TenantUsagesTestJSON:setUpClass): 201 POST http://10.180.1.21/identity/v3/auth/tokens 0.073s
2025-05-18 22:04:24.538 70289 INFO tempest.lib.common.rest_client [req-7acd5e22-ca97-4be9-911a-1ca9ce0cde2c req-7acd5e22-ca97-4be9-911a-1ca9ce0cde2c ] Request (TenantUsagesTestJSON:setUpClass): 201 POST http://10.180.1.21/identity/v3/projects 0.086s
2025-05-18 22:04:24.603 70313 INFO tempest.lib.common.rest_client [req-d52eafd2-f3be-4f4d-b822-7e35ed20395a req-d52eafd2-f3be-4f4d-b822-7e35ed20395a ] Request (ImagesMetadataTestJSON:setUp): 200 PUT http://10.180.1.21/compute/v2.1/images/36d059e1-bc82-42a1-bcc0-1f71b75d234b/metadata 2.945s
2025-05-18 22:04:24.645 70289 INFO tempest.lib.common.rest_client [req-ccfb03cf-7b54-4e0d-afa2-eb40c9d918d7 req-ccfb03cf-7b54-4e0d-afa2-eb40c9d918d7 ] Request (TenantUsagesTestJSON:setUpClass): 201 POST http://10.180.1.21/identity/v3/users 0.106s
2025-05-18 22:04:24.671 70289 INFO tempest.lib.common.rest_client [req-c8ca1687-ebf7-4464-b199-9c9a483e66c5 req-c8ca1687-ebf7-4464-b199-9c9a483e66c5 ] Request (TenantUsagesTestJSON:setUpClass): 200 GET http://10.180.1.21/identity/v3/roles 0.025s
2025-05-18 22:04:24.722 70331 INFO tempest.lib.common.rest_client [req-88a000cf-e731-485e-9d3a-52034a6a65f4 req-88a000cf-e731-485e-9d3a-52034a6a65f4 ] Request (ServersWithSpecificFlavorTestJSON:test_verify_created_server_ephemeral_disk): 200 GET http://10.180.1.21/compute/v2.1/servers/cfd1ccdc-d521-4d83-96a8-f282e921835e 2.764s
2025-05-18 22:04:24.723 70289 INFO tempest.lib.common.rest_client [req-aa5604e2-d532-4565-ad8b-65ac8128af95 req-aa5604e2-d532-4565-ad8b-65ac8128af95 ] Request (TenantUsagesTestJSON:setUpClass): 204 PUT http://10.180.1.21/identity/v3/projects/8bbe4bb6da664bb682cf749ed0666000/users/e033ecd4bbe94a2e826ce7b12c271b3a/roles/709f5892679946bbaa7a885faa7e9c39 0.051s
2025-05-18 22:04:24.810 70289 INFO tempest.lib.common.rest_client [req-5abd6a87-ef1a-467e-ac63-6623f3ab10a3 req-5abd6a87-ef1a-467e-ac63-6623f3ab10a3 ] Request (TenantUsagesTestJSON:setUpClass): 200 GET http://10.180.1.21/identity/v3/roles 0.086s
2025-05-18 22:04:24.843 70289 INFO tempest.lib.common.rest_client [req-3607d41e-2004-4078-b905-be6955b5cc82 req-3607d41e-2004-4078-b905-be6955b5cc82 ] Request (TenantUsagesTestJSON:setUpClass): 204 PUT http://10.180.1.21/identity/v3/projects/8bbe4bb6da664bb682cf749ed0666000/users/e033ecd4bbe94a2e826ce7b12c271b3a/roles/709f5892679946bbaa7a885faa7e9c39 0.033s
2025-05-18 22:04:24.843 70289 INFO tempest.lib.common.dynamic_creds [-] Dynamic test user e033ecd4bbe94a2e826ce7b12c271b3a is created with scope project and roles: ['admin']
2025-05-18 22:04:24.843 70289 INFO tempest.lib.common.dynamic_creds [-] Acquired dynamic creds: credentials: Credentials: {'domain_id': 'default', 'domain_name': 'Default', 'username': 'tempest-TenantUsagesTestJSON-885937740-project-admin', 'project_domain_id': 'default', 'project_domain_name': 'Default', 'project_id': '8bbe4bb6da664bb682cf749ed0666000', 'project_name': 'tempest-TenantUsagesTestJSON-885937740', 'tenant_id': '8bbe4bb6da664bb682cf749ed0666000', 'tenant_name': 'tempest-TenantUsagesTestJSON-885937740', 'user_domain_id': 'default', 'user_domain_name': 'Default', 'user_id': 'e033ecd4bbe94a2e826ce7b12c271b3a', 'system': None}, Network: None, Subnet: None, Router: None
2025-05-18 22:04:24.844 70289 INFO tempest.lib.common.dynamic_creds [-] Created isolated network resources for: credentials: Credentials: {'domain_id': 'default', 'domain_name': 'Default', 'username': 'tempest-TenantUsagesTestJSON-885937740-project-admin', 'project_domain_id': 'default', 'project_domain_name': 'Default', 'project_id': '8bbe4bb6da664bb682cf749ed0666000', 'project_name': 'tempest-TenantUsagesTestJSON-885937740', 'tenant_id': '8bbe4bb6da664bb682cf749ed0666000', 'tenant_name': 'tempest-TenantUsagesTestJSON-885937740', 'user_domain_id': 'default', 'user_domain_name': 'Default', 'user_id': 'e033ecd4bbe94a2e826ce7b12c271b3a', 'system': None}, Network: None, Subnet: None, Router: None
2025-05-18 22:04:24.898 70317 INFO tempest.lib.common.rest_client [req-90cec003-ac64-4bca-bc0c-26502ec1ccf9 req-90cec003-ac64-4bca-bc0c-26502ec1ccf9 ] Request (ServersAdminNegativeTestJSON:setUpClass): 200 GET http://10.180.1.21/compute/v2.1/servers/7148155a-fa4a-4b0d-b1ca-b01c29434ed3 2.817s
2025-05-18 22:04:24.966 70289 INFO tempest.lib.common.rest_client [req-c7ad0570-b00c-4ddf-962e-de939ae390b3 req-c7ad0570-b00c-4ddf-962e-de939ae390b3 ] Request (TenantUsagesTestJSON:setUpClass): 201 POST http://10.180.1.21/identity/v3/auth/tokens 0.116s
2025-05-18 22:04:24.967 70289 WARNING tempest.lib.common.rest_client [-] Deprecated: "tenant_id" property is deprecated for removal, use "project_id" instead
2025-05-18 22:04:25.042 70289 INFO tempest.lib.common.rest_client [req-4a73286d-1874-46d6-8295-6a4a71976546 req-4a73286d-1874-46d6-8295-6a4a71976546 ] Request (TenantUsagesTestJSON:setUpClass): 201 POST http://10.180.1.21/identity/v3/auth/tokens 0.071s
2025-05-18 22:04:25.043 70289 INFO tempest.lib.common.fixed_network [-] (TenantUsagesTestJSON:setUpClass) Found network None available for tenant
2025-05-18 22:04:25.059 70291 INFO tempest.lib.common.rest_client [req-a7fe7767-2ff6-48fa-ab05-bd39d556f60d req-a7fe7767-2ff6-48fa-ab05-bd39d556f60d ] Request (FloatingIPsNegativeTestJSON:tearDownClass): 204 DELETE http://10.180.1.21:9696/networking/v2.0/security-groups/057881e7-97a4-45d9-b317-f945ca34303b 0.784s
2025-05-18 22:04:25.176 70291 INFO tempest.lib.common.rest_client [req-afee435c-9b19-4d95-8a53-7b2c332a4b62 req-afee435c-9b19-4d95-8a53-7b2c332a4b62 ] Request (FloatingIPsNegativeTestJSON:tearDownClass): 204 DELETE http://10.180.1.21/identity/v3/projects/bff7a5d6215942198ed3a15b1d394826 0.116s
2025-05-18 22:04:25.184 70311 INFO tempest.lib.common.rest_client [req-7e02b720-7ce1-4cd1-846f-c859c8a7e34c req-7e02b720-7ce1-4cd1-846f-c859c8a7e34c ] Request (ServersTestBootFromVolume:setUpClass): 200 GET http://10.180.1.21/volume/v3/volumes/e8396ccd-7ab0-412f-b733-ad1fe2561dcd 0.039s
2025-05-18 22:04:25.235 70309 INFO tempest.lib.common.rest_client [req-9a85468e-1f02-4c85-bf1a-1bd04a7c3d2c req-9a85468e-1f02-4c85-bf1a-1bd04a7c3d2c ] Request (ServerActionsTestOtherB:setUpClass): 201 POST http://10.180.1.21:9696/networking/v2.0/security-group-rules 0.841s
2025-05-18 22:04:25.259 70291 INFO tempest.lib.common.rest_client [req-5f48f3a5-9977-40e2-acbf-760bce660019 req-5f48f3a5-9977-40e2-acbf-760bce660019 ] Request (ImagesOneServerTestJSON:setUpClass): 201 POST http://10.180.1.21/identity/v3/auth/tokens 0.082s
2025-05-18 22:04:25.294 70291 INFO tempest.lib.common.rest_client [req-0df03667-62c7-4bb7-b1f4-11d14e9dd806 req-0df03667-62c7-4bb7-b1f4-11d14e9dd806 ] Request (ImagesOneServerTestJSON:setUpClass): 201 POST http://10.180.1.21/identity/v3/auth/tokens 0.032s
2025-05-18 22:04:25.340 70291 INFO tempest.lib.common.rest_client [req-82599568-e548-4f2b-a20a-ee03f5214b32 req-82599568-e548-4f2b-a20a-ee03f5214b32 ] Request (ImagesOneServerTestJSON:setUpClass): 200 GET http://10.180.1.21/identity/v3/domains?name=Default 0.045s
2025-05-18 22:04:25.360 70323 INFO tempest.lib.common.rest_client [req-d0958273-5c40-41c6-844e-a0fafda4c0a4 req-d0958273-5c40-41c6-844e-a0fafda4c0a4 ] Request (SecurityGroupRulesTestJSON:setUpClass): 201 POST http://10.180.1.21:9696/networking/v2.0/routers 4.792s
2025-05-18 22:04:25.374 70291 INFO tempest.lib.common.rest_client [req-2525618c-6cff-44fe-8f5a-197f093a980b req-2525618c-6cff-44fe-8f5a-197f093a980b ] Request (ImagesOneServerTestJSON:setUpClass): 201 POST http://10.180.1.21/identity/v3/projects 0.034s
2025-05-18 22:04:25.483 70291 INFO tempest.lib.common.rest_client [req-7a00a219-1dad-4eb3-a221-d2ac19e4f544 req-7a00a219-1dad-4eb3-a221-d2ac19e4f544 ] Request (ImagesOneServerTestJSON:setUpClass): 201 POST http://10.180.1.21/identity/v3/users 0.108s
2025-05-18 22:04:25.515 70291 INFO tempest.lib.common.rest_client [req-29531015-73ae-41a2-9701-a1234abb1e59 req-29531015-73ae-41a2-9701-a1234abb1e59 ] Request (ImagesOneServerTestJSON:setUpClass): 200 GET http://10.180.1.21/identity/v3/roles 0.031s
2025-05-18 22:04:25.554 70291 INFO tempest.lib.common.rest_client [req-7c42e612-6fd2-44f9-8ee8-1f218d3a7cc6 req-7c42e612-6fd2-44f9-8ee8-1f218d3a7cc6 ] Request (ImagesOneServerTestJSON:setUpClass): 204 PUT http://10.180.1.21/identity/v3/projects/101b86a95ff64876a400a82a615957f5/users/0341f5f9564944ddafd657222f43bd13/roles/83eb07f769d8401b93d2436663897a82 0.039s
2025-05-18 22:04:25.554 70291 INFO tempest.lib.common.dynamic_creds [-] Dynamic test user 0341f5f9564944ddafd657222f43bd13 is created with scope project and roles: ['member']
2025-05-18 22:04:25.555 70291 INFO tempest.lib.common.dynamic_creds [-] Acquired dynamic creds: credentials: Credentials: {'domain_id': 'default', 'domain_name': 'Default', 'username': 'tempest-ImagesOneServerTestJSON-1692147992-project-member', 'project_domain_id': 'default', 'project_domain_name': 'Default', 'project_id': '101b86a95ff64876a400a82a615957f5', 'project_name': 'tempest-ImagesOneServerTestJSON-1692147992', 'tenant_id': '101b86a95ff64876a400a82a615957f5', 'tenant_name': 'tempest-ImagesOneServerTestJSON-1692147992', 'user_domain_id': 'default', 'user_domain_name': 'Default', 'user_id': '0341f5f9564944ddafd657222f43bd13', 'system': None}, Network: None, Subnet: None, Router: None
2025-05-18 22:04:25.652 70291 INFO tempest.lib.common.rest_client [req-9d6e1120-87ab-4bd3-847d-ace6c73d029b req-9d6e1120-87ab-4bd3-847d-ace6c73d029b ] Request (ImagesOneServerTestJSON:setUpClass): 201 POST http://10.180.1.21/identity/v3/auth/tokens 0.097s
2025-05-18 22:04:25.875 70295 INFO tempest.lib.common.rest_client [req-12c7d361-2ff5-493c-baf3-eb856e3b5891 req-12c7d361-2ff5-493c-baf3-eb856e3b5891 ] Request (ServersTestFqdnHostnames:setUpClass): 201 POST http://10.180.1.21:9696/networking/v2.0/routers 4.544s
2025-05-18 22:04:26.089 70299 INFO tempest.lib.common.rest_client [req-c1fd5a17-331a-439f-83f5-0c1aac315937 req-c1fd5a17-331a-439f-83f5-0c1aac315937 ] Request (FloatingIPsAssociationTestJSON:setUpClass): 200 POST http://10.180.1.21/compute/v2.1/os-floating-ips 5.247s
2025-05-18 22:04:26.173 70299 INFO tempest.lib.common.rest_client [req-47a58502-191b-404c-9a58-fc50b293976b req-47a58502-191b-404c-9a58-fc50b293976b ] Request (FloatingIPsAssociationTestJSON:test_associate_already_associated_floating_ip): 201 POST http://10.180.1.21/identity/v3/auth/tokens 0.076s
2025-05-18 22:04:26.174 70299 INFO tempest.lib.common.fixed_network [-] (FloatingIPsAssociationTestJSON:test_associate_already_associated_floating_ip) Found network {'id': 'a5d4250e-a36f-4abb-8b8b-912b140b7950', 'name': 'tempest-FloatingIPsAssociationTestJSON-681070360-network', 'tenant_id': '7f78b228d57f4389a19608b113e95ba2', 'admin_state_up': True, 'mtu': 8950, 'status': 'ACTIVE', 'subnets': [], 'shared': False, 'project_id': '7f78b228d57f4389a19608b113e95ba2', 'port_security_enabled': True, 'router:external': False, 'provider:network_type': 'vlan', 'provider:physical_network': 'default', 'provider:segmentation_id': 654, 'availability_zone_hints': [], 'availability_zones': [], 'ipv4_address_scope': None, 'ipv6_address_scope': None, 'description': '', 'tags': [], 'created_at': '2025-05-18T22:03:46Z', 'updated_at': '2025-05-18T22:03:47Z', 'revision_number': 1} available for tenant
2025-05-18 22:04:26.197 70269 INFO tempest.lib.common.rest_client [req-9c22fdf6-c416-4036-9a6b-c83a84e93e2e req-9c22fdf6-c416-4036-9a6b-c83a84e93e2e ] Request (ServerActionsTestJSON:setUpClass): 200 GET http://10.180.1.21/compute/v2.1/servers/8dc73bf3-9e59-4fe3-8d62-94033241d0dc 4.055s
2025-05-18 22:04:26.221 70307 INFO tempest.lib.common.rest_client [req-8a6d2b3c-503f-4728-9ace-e1f6aeecdb5a req-8a6d2b3c-503f-4728-9ace-e1f6aeecdb5a ] Request (ServerAddressesNegativeTestJSON:setUpClass): 202 POST http://10.180.1.21/compute/v2.1/servers 4.131s
2025-05-18 22:04:26.240 70303 INFO tempest.lib.common.rest_client [req-1f52cdec-0153-4a8b-bec6-c187d4dc94d4 req-1f52cdec-0153-4a8b-bec6-c187d4dc94d4 ] Request (FlavorsAccessNegativeTestJSON:_run_cleanups): 200 GET http://10.180.1.21/compute/v2.1/flavors/detail 4.068s
2025-05-18 22:04:26.243 70287 INFO tempest.lib.common.rest_client [req-ae9a6248-002f-4d2d-8e6b-f2dc511e0b34 req-ae9a6248-002f-4d2d-8e6b-f2dc511e0b34 ] Request (AggregatesAdminNegativeTestJSON:test_aggregate_get_details_with_invalid_id): 404 GET http://10.180.1.21/compute/v2.1/os-aggregates/-1 4.036s
2025-05-18 22:04:26.265 70285 INFO tempest.lib.common.rest_client [req-2cb051c4-3c84-410a-9210-97c0c79b79ab req-2cb051c4-3c84-410a-9210-97c0c79b79ab ] Request (FlavorsAdminTestJSON:test_is_public_string_variations): 200 POST http://10.180.1.21/compute/v2.1/flavors 4.016s
