2025-05-18 22:04:42.149 70295 INFO tempest.lib.common.rest_client [req-275b23df-d9c6-43e5-af33-3b7a8c6a52b9 req-275b23df-d9c6-43e5-af33-3b7a8c6a52b9 ] Request (ServersTestFqdnHostnames:test_create_server_with_fqdn_name): 200 GET http://10.180.1.21/compute/v2.1/servers/65e41164-6de7-42c6-b5ce-7c4bfcf635f1 2.527s
2025-05-18 22:04:42.165 70291 INFO tempest.lib.common.rest_client [req-36253496-8e6f-49d6-9138-1969b06f8bc7 req-36253496-8e6f-49d6-9138-1969b06f8bc7 ] Request (ImagesOneServerTestJSON:setUpClass): 200 GET http://10.180.1.21/compute/v2.1/servers/77ff96da-ed31-449f-b0b9-83b856aa7d9a 2.544s
2025-05-18 22:04:42.210 70327 INFO tempest.lib.common.rest_client [req-15892f32-1894-44ff-a150-719300528ee6 req-15892f32-1894-44ff-a150-719300528ee6 ] Request (ServerDiagnosticsV248Test:tearDownClass): 204 DELETE http://10.180.1.21/identity/v3/users/52683c996ecd4ea99bfa8ab6e72d5d5a 0.119s
2025-05-18 22:04:42.222 70289 INFO tempest.lib.common.rest_client [req-62405639-e9bb-4856-a161-7c24814c8e30 req-62405639-e9bb-4856-a161-7c24814c8e30 ] Request (TenantUsagesTestJSON:setUpClass): 200 GET http://10.180.1.21/compute/v2.1/servers/3384bb1e-241f-4cce-a5d0-51b885d466a6 2.512s
2025-05-18 22:04:42.306 70327 INFO tempest.lib.common.rest_client [req-158ca602-9f66-45f1-b9b8-c68fdbf59078 req-158ca602-9f66-45f1-b9b8-c68fdbf59078 ] Request (ServerDiagnosticsV248Test:tearDownClass): 204 DELETE http://10.180.1.21/identity/v3/users/6353d40cec07464bb34a6be9f32dc8b7 0.096s
2025-05-18 22:04:42.306 70327 INFO tempest.lib.common.dynamic_creds [-] Deleting project and security group for project: c36ff88e9d634ce5a9f384531eb97193
2025-05-18 22:04:42.359 70273 INFO tempest.lib.common.rest_client [req-915074f1-186f-4450-b3c6-e1efa397ca74 req-915074f1-186f-4450-b3c6-e1efa397ca74 ] Request (MigrationsAdminTest:test_list_migrations_in_flavor_resize_situation): 202 POST http://10.180.1.21/compute/v2.1/servers/93664ea1-b278-43d4-9390-f10836022697/action 2.683s
2025-05-18 22:04:42.369 70327 INFO tempest.lib.common.rest_client [req-ea977395-2660-41bb-9642-ec1efd83565e req-ea977395-2660-41bb-9642-ec1efd83565e ] Request (ServerDiagnosticsV248Test:tearDownClass): 201 POST http://10.180.1.21/identity/v3/auth/tokens 0.063s
2025-05-18 22:04:42.670 70327 INFO tempest.lib.common.rest_client [req-23c3cb5f-2dcb-4a87-9757-386d42f14c2e req-23c3cb5f-2dcb-4a87-9757-386d42f14c2e ] Request (ServerDiagnosticsV248Test:tearDownClass): 200 GET http://10.180.1.21:9696/networking/v2.0/security-groups?tenant_id=c36ff88e9d634ce5a9f384531eb97193&name=default 0.300s
2025-05-18 22:04:42.755 70271 INFO tempest.lib.common.rest_client [req-4469d051-c13b-4a2e-a4a4-e9a50202eab3 req-4469d051-c13b-4a2e-a4a4-e9a50202eab3 ] Request (ImagesTestJSON:test_create_image_from_stopped_server): 202 POST http://10.180.1.21/compute/v2.1/servers 3.030s
2025-05-18 22:04:42.802 70327 INFO tempest.lib.common.rest_client [req-d3d2cb69-6cee-4efb-a394-f2bd5cb8006e req-d3d2cb69-6cee-4efb-a394-f2bd5cb8006e ] Request (ServerDiagnosticsV248Test:tearDownClass): 204 DELETE http://10.180.1.21:9696/networking/v2.0/security-groups/1a1863c3-37d1-466a-88ee-5e2cc756764d 0.131s
2025-05-18 22:04:42.885 70319 INFO tempest.lib.common.rest_client [req-7a2e51f7-0e9b-4e42-96d9-bce895e97bd2 req-7a2e51f7-0e9b-4e42-96d9-bce895e97bd2 ] Request (ListServerFiltersTestJSON:setUpClass): 200 GET http://10.180.1.21/compute/v2.1/servers/16470c4f-53ee-4932-913e-c65f6683683a 2.553s
2025-05-18 22:04:42.939 70327 INFO tempest.lib.common.rest_client [req-979b9105-fd53-4d6d-a37b-d047d56e4001 req-979b9105-fd53-4d6d-a37b-d047d56e4001 ] Request (ServerDiagnosticsV248Test:tearDownClass): 204 DELETE http://10.180.1.21/identity/v3/projects/c36ff88e9d634ce5a9f384531eb97193 0.136s
2025-05-18 22:04:42.940 70327 INFO tempest.lib.common.dynamic_creds [-] Deleting project and security group for project: 56caeb1b9a8740b2bc90dcd242957a5f
2025-05-18 22:04:43.083 70301 INFO tempest.lib.common.rest_client [req-e6d8e1b8-be3a-485a-a5b5-86177bfdff1f req-e6d8e1b8-be3a-485a-a5b5-86177bfdff1f ] Request (ImagesOneServerNegativeTestJSON:test_create_second_image_when_first_image_is_being_saved): 202 POST http://10.180.1.21/compute/v2.1/servers/ef489f33-9bb0-4ab9-b5be-979629923c8a/action 3.208s
2025-05-18 22:04:43.123 70313 INFO tempest.lib.common.rest_client [req-d2adebdd-d8fe-401a-9fbd-903fb117787e req-d2adebdd-d8fe-401a-9fbd-903fb117787e ] Request (ImagesMetadataTestJSON:test_list_image_metadata): 200 GET http://10.180.1.21/compute/v2.1/images/36d059e1-bc82-42a1-bcc0-1f71b75d234b/metadata 2.117s
2025-05-18 22:04:43.131 70327 INFO tempest.lib.common.rest_client [req-a7793f59-f649-4c6a-8cac-22354944da9c req-a7793f59-f649-4c6a-8cac-22354944da9c ] Request (ServerDiagnosticsV248Test:tearDownClass): 200 GET http://10.180.1.21:9696/networking/v2.0/security-groups?tenant_id=56caeb1b9a8740b2bc90dcd242957a5f&name=default 0.191s
2025-05-18 22:04:43.282 70327 INFO tempest.lib.common.rest_client [req-551739d3-8eb7-483e-bc78-553b523aa1ff req-551739d3-8eb7-483e-bc78-553b523aa1ff ] Request (ServerDiagnosticsV248Test:tearDownClass): 204 DELETE http://10.180.1.21:9696/networking/v2.0/security-groups/ce1a5a33-60b9-41e4-aa15-8645f656b1b7 0.150s
2025-05-18 22:04:43.333 70284 INFO tempest.lib.common.rest_client [req-87cfacf2-04be-4778-ad06-1a91e7370ac0 req-87cfacf2-04be-4778-ad06-1a91e7370ac0 ] Request (AttachInterfacesUnderV243Test:test_add_remove_fixed_ip): 200 GET http://10.180.1.21/compute/v2.1/servers/5815824c-cf8a-4e65-ab60-1f219cd710c5 2.309s
2025-05-18 22:04:43.413 70327 INFO tempest.lib.common.rest_client [req-82487256-f196-45b7-8c9a-4b79649b5c25 req-82487256-f196-45b7-8c9a-4b79649b5c25 ] Request (ServerDiagnosticsV248Test:tearDownClass): 204 DELETE http://10.180.1.21/identity/v3/projects/56caeb1b9a8740b2bc90dcd242957a5f 0.131s
2025-05-18 22:04:43.498 70303 INFO tempest.lib.common.rest_client [req-59236ca7-58b5-4ea8-98bf-6be5622c4183 req-59236ca7-58b5-4ea8-98bf-6be5622c4183 ] Request (SecurityGroupsTestAdminJSON:test_list_security_groups_list_all_tenants_filter): 200 POST http://10.180.1.21/compute/v2.1/os-security-groups 2.469s
2025-05-18 22:04:43.505 70327 INFO tempest.lib.common.rest_client [req-d6ccabea-68ea-4364-b899-d6aea9000653 req-d6ccabea-68ea-4364-b899-d6aea9000653 ] Request (ServersTestManualDisk:setUpClass): 201 POST http://10.180.1.21/identity/v3/auth/tokens 0.090s
2025-05-18 22:04:43.521 70315 INFO tempest.lib.common.rest_client [req-4e4f6f51-fa20-40ed-9895-d3022e897922 req-4e4f6f51-fa20-40ed-9895-d3022e897922 ] Request (ImagesMetadataNegativeTestJSON:test_set_nonexistent_image_metadata): 404 PUT http://10.180.1.21/compute/v2.1/images/0d93104f-e43f-4009-be9c-3bebe4412482/metadata 2.466s
2025-05-18 22:04:43.549 70285 INFO tempest.lib.common.rest_client [req-63a18c17-ec37-4df5-b47f-db42b2db3ebb req-63a18c17-ec37-4df5-b47f-db42b2db3ebb ] Request (FlavorsAdminTestJSON:test_is_public_string_variations): 200 GET http://10.180.1.21/compute/v2.1/flavors/detail?is_public=t 2.462s
2025-05-18 22:04:43.561 70327 INFO tempest.lib.common.rest_client [req-71fc6a20-43ca-41da-b6fe-4a6931e73ed2 req-71fc6a20-43ca-41da-b6fe-4a6931e73ed2 ] Request (ServersTestManualDisk:setUpClass): 201 POST http://10.180.1.21/identity/v3/auth/tokens 0.050s
2025-05-18 22:04:43.599 70327 INFO tempest.lib.common.rest_client [req-6aedae94-36f9-4bed-8e7c-c4f9d7bda77a req-6aedae94-36f9-4bed-8e7c-c4f9d7bda77a ] Request (ServersTestManualDisk:setUpClass): 200 GET http://10.180.1.21/identity/v3/domains?name=Default 0.037s
2025-05-18 22:04:43.637 70327 INFO tempest.lib.common.rest_client [req-3b2436aa-664f-40bc-88ac-3e414b509957 req-3b2436aa-664f-40bc-88ac-3e414b509957 ] Request (ServersTestManualDisk:setUpClass): 201 POST http://10.180.1.21/identity/v3/projects 0.037s
2025-05-18 22:04:43.642 70329 INFO tempest.lib.common.rest_client [req-8fd2633f-84d4-40b9-a46f-a902893889d5 req-8fd2633f-84d4-40b9-a46f-a902893889d5 ] Request (FloatingIPsAssociationNegativeTestJSON:setUpClass): 200 GET http://10.180.1.21/compute/v2.1/servers/49b31e0c-cec2-4a9e-ba29-1b7679597bfe 2.540s
2025-05-18 22:04:43.705 70305 INFO tempest.lib.common.rest_client [req-9523bbff-fc83-4418-a2d7-6526fb5376d5 req-9523bbff-fc83-4418-a2d7-6526fb5376d5 ] Request (FloatingIPDetailsTestJSON:test_get_floating_ip_details): 200 POST http://10.180.1.21/compute/v2.1/os-floating-ips 2.943s
2025-05-18 22:04:43.716 70327 INFO tempest.lib.common.rest_client [req-6530321a-588e-4b64-b488-681cf8520def req-6530321a-588e-4b64-b488-681cf8520def ] Request (ServersTestManualDisk:setUpClass): 201 POST http://10.180.1.21/identity/v3/users 0.079s
2025-05-18 22:04:43.735 70287 INFO tempest.lib.common.rest_client [req-72159d18-dcb7-4c72-9344-d012d0b940b9 req-72159d18-dcb7-4c72-9344-d012d0b940b9 ] Request (AggregatesAdminNegativeTestJSON:_run_cleanups): 200 DELETE http://10.180.1.21/compute/v2.1/os-aggregates/7 2.436s
2025-05-18 22:04:43.747 70327 INFO tempest.lib.common.rest_client [req-e1204a0d-7a6f-4c66-bfc3-3eeb8d56c8f0 req-e1204a0d-7a6f-4c66-bfc3-3eeb8d56c8f0 ] Request (ServersTestManualDisk:setUpClass): 200 GET http://10.180.1.21/identity/v3/roles 0.030s
2025-05-18 22:04:43.779 70327 INFO tempest.lib.common.rest_client [req-93759bf6-ec36-4d9d-9b01-d1a2b988bad4 req-93759bf6-ec36-4d9d-9b01-d1a2b988bad4 ] Request (ServersTestManualDisk:setUpClass): 204 PUT http://10.180.1.21/identity/v3/projects/3f76d1d6a36d454c8becf3e4b6434db2/users/5991ed542d6545daae9cc34b4e075b49/roles/83eb07f769d8401b93d2436663897a82 0.031s
2025-05-18 22:04:43.779 70327 INFO tempest.lib.common.dynamic_creds [-] Dynamic test user 5991ed542d6545daae9cc34b4e075b49 is created with scope project and roles: ['member']
2025-05-18 22:04:43.779 70327 INFO tempest.lib.common.dynamic_creds [-] Acquired dynamic creds: credentials: Credentials: {'domain_id': 'default', 'domain_name': 'Default', 'username': 'tempest-ServersTestManualDisk-275698564-project-member', 'project_domain_id': 'default', 'project_domain_name': 'Default', 'project_id': '3f76d1d6a36d454c8becf3e4b6434db2', 'project_name': 'tempest-ServersTestManualDisk-275698564', 'tenant_id': '3f76d1d6a36d454c8becf3e4b6434db2', 'tenant_name': 'tempest-ServersTestManualDisk-275698564', 'user_domain_id': 'default', 'user_domain_name': 'Default', 'user_id': '5991ed542d6545daae9cc34b4e075b49', 'system': None}, Network: None, Subnet: None, Router: None
2025-05-18 22:04:43.815 70323 INFO tempest.lib.common.rest_client [req-f449100e-1689-461e-adf4-eddb6ab5f3b3 req-f449100e-1689-461e-adf4-eddb6ab5f3b3 ] Request (SecurityGroupRulesTestJSON:test_security_group_rules_create_with_optional_group_id): 200 POST http://10.180.1.21/compute/v2.1/os-security-groups 2.576s
2025-05-18 22:04:43.845 70277 INFO tempest.lib.common.rest_client [req-14ad2454-a1e6-4392-835e-f7bf66dcdafb req-14ad2454-a1e6-4392-835e-f7bf66dcdafb ] Request (ServerDiagnosticsNegativeTest:test_get_server_diagnostics_by_non_admin): 200 GET http://10.180.1.21/compute/v2.1/servers/2348a71e-6447-436f-97a5-59bfcf8cbc5b 2.278s
2025-05-18 22:04:43.852 70327 INFO tempest.lib.common.rest_client [req-67797805-1755-44ac-9db0-f4ca3b39a8fe req-67797805-1755-44ac-9db0-f4ca3b39a8fe ] Request (ServersTestManualDisk:setUpClass): 201 POST http://10.180.1.21/identity/v3/auth/tokens 0.073s
2025-05-18 22:04:43.874 70321 INFO tempest.lib.common.rest_client [req-cdf2a986-fc1b-4f55-9130-2fc96cfe58ac req-cdf2a986-fc1b-4f55-9130-2fc96cfe58ac ] Request (SecurityGroupRulesNegativeTestJSON:test_create_security_group_rule_with_invalid_from_port): 400 POST http://10.180.1.21/compute/v2.1/os-security-group-rules 1.911s
2025-05-18 22:04:43.930 70311 INFO tempest.lib.common.rest_client [req-99ab0903-a99c-4ca4-892b-42025234bbb5 req-99ab0903-a99c-4ca4-892b-42025234bbb5 ] Request (ServersTestBootFromVolume:setUpClass): 200 GET http://10.180.1.21/compute/v2.1/servers/feb7093c-31b6-4629-bf8c-dd7f4175500e 1.865s
2025-05-18 22:04:43.939 70317 INFO tempest.lib.common.rest_client [req-4d12c84a-8833-4e44-8747-368ce5a3568c req-4d12c84a-8833-4e44-8747-368ce5a3568c ] Request (ServersAdminNegativeTestJSON:test_migrate_non_existent_server): 404 POST http://10.180.1.21/compute/v2.1/servers/f388fec2-e382-42b9-a303-2e29a768c9bf/action 2.213s
2025-05-18 22:04:43.955 70293 WARNING tempest.lib.common.ssh [-] Failed to establish authenticated ssh connection to cirros@10.180.180.163 ([Errno None] Unable to connect to port 22 on 10.180.180.163). Number attempts: 1. Retry after 2 seconds.: paramiko.ssh_exception.NoValidConnectionsError: [Errno None] Unable to connect to port 22 on 10.180.180.163
2025-05-18 22:04:43.998 70275 INFO tempest.lib.common.rest_client [req-15cfc4fe-ed96-42bc-b695-de31cc004b4b req-15cfc4fe-ed96-42bc-b695-de31cc004b4b ] Request (DeleteServersAdminTestJSON:test_delete_server_while_in_error_state): 200 GET http://10.180.1.21/compute/v2.1/servers/ae310c47-dea2-4062-85f0-f2e551f8492f 1.704s
2025-05-18 22:04:44.005 70299 INFO tempest.lib.common.rest_client [req-58e1531f-794c-43f3-b88e-99c7cac52b64 req-58e1531f-794c-43f3-b88e-99c7cac52b64 ] Request (FloatingIPsAssociationTestJSON:test_associate_already_associated_floating_ip): 200 GET http://10.180.1.21/compute/v2.1/servers/0d0fb57c-6f1f-4f7b-a027-f9a1afc62c3b 1.654s
2025-05-18 22:04:44.010 70275 INFO tempest.common.waiters [-] State transition "BUILD/scheduling" ==> "BUILD/None" after 7 second wait
2025-05-18 22:04:44.013 70317 INFO tempest.lib.common.rest_client [req-fa1cfe1e-cb4d-408c-9099-6f9503abd254 req-fa1cfe1e-cb4d-408c-9099-6f9503abd254 ] Request (ServersAdminNegativeTestJSON:test_migrate_server_invalid_state): 201 POST http://10.180.1.21/identity/v3/auth/tokens 0.067s
2025-05-18 22:04:44.014 70317 INFO tempest.lib.common.fixed_network [-] (ServersAdminNegativeTestJSON:test_migrate_server_invalid_state) Found network None available for tenant
2025-05-18 22:04:44.114 70327 INFO tempest.lib.common.rest_client [req-cedc38e2-ff4e-4742-900f-29a71095f767 req-cedc38e2-ff4e-4742-900f-29a71095f767 ] Request (ServersTestManualDisk:setUpClass): 201 POST http://10.180.1.21:9696/networking/v2.0/networks 0.261s
2025-05-18 22:04:44.148 70273 INFO tempest.lib.common.rest_client [req-dbde11a9-c55d-4ca8-b4f6-9c3b72b994e3 req-dbde11a9-c55d-4ca8-b4f6-9c3b72b994e3 ] Request (MigrationsAdminTest:test_list_migrations_in_flavor_resize_situation): 200 GET http://10.180.1.21/compute/v2.1/servers/93664ea1-b278-43d4-9390-f10836022697 1.789s
2025-05-18 22:04:44.189 70331 INFO tempest.lib.common.rest_client [req-5b9ecfe5-6f45-47e8-9383-04e39055d51f req-5b9ecfe5-6f45-47e8-9383-04e39055d51f ] Request (ServersWithSpecificFlavorTestJSON:test_verify_created_server_ephemeral_disk): 200 GET http://10.180.1.21/compute/v2.1/servers/cfd1ccdc-d521-4d83-96a8-f282e921835e 1.773s
2025-05-18 22:04:44.224 70279 INFO tempest.lib.common.rest_client [req-571d4c64-463e-4ac7-9747-58815ff4c42b req-571d4c64-463e-4ac7-9747-58815ff4c42b ] Request (ServerDiagnosticsTest:tearDownClass): 200 GET http://10.180.1.21/compute/v2.1/servers/9fafb2d7-7f82-4f7f-98cf-7346896293bd 1.723s
2025-05-18 22:04:44.250 70307 INFO tempest.lib.common.rest_client [req-373389cd-2a09-4fee-ab72-39400fd2cb01 req-373389cd-2a09-4fee-ab72-39400fd2cb01 ] Request (ServerAddressesNegativeTestJSON:setUpClass): 200 GET http://10.180.1.21/compute/v2.1/servers/aed33fae-88a9-43ad-844e-e73e0d9d9ab8 1.674s
2025-05-18 22:04:44.285 70271 INFO tempest.lib.common.rest_client [req-c54ed681-e158-4edc-8fc3-0d7bf8fa7a3f req-c54ed681-e158-4edc-8fc3-0d7bf8fa7a3f ] Request (ImagesTestJSON:test_create_image_from_stopped_server): 200 GET http://10.180.1.21/compute/v2.1/servers/1b0f6e6b-68f1-4d93-8df9-43a8938566a3 1.528s
2025-05-18 22:04:44.342 70297 INFO tempest.lib.common.rest_client [req-fa85206d-1fdd-4512-8006-35516800f87b req-fa85206d-1fdd-4512-8006-35516800f87b ] Request (ServerExternalEventsTest:tearDownClass): 200 GET http://10.180.1.21/compute/v2.1/servers/906ccd94-1d07-41c3-a3f0-daa68862a1ac 1.540s
2025-05-18 22:04:44.351 70309 INFO tempest.lib.common.rest_client [req-28c8b60c-78a5-4c5b-8c67-64ab0d6d9980 req-28c8b60c-78a5-4c5b-8c67-64ab0d6d9980 ] Request (ServerActionsTestOtherB:setUpClass): 200 GET http://10.180.1.21/compute/v2.1/servers/cb49c031-c220-42fb-b718-12387967034e 1.496s
2025-05-18 22:04:44.383 70327 INFO tempest.lib.common.rest_client [req-dfb52fdf-0e30-47f7-876b-b75d5f35b9d7 req-dfb52fdf-0e30-47f7-876b-b75d5f35b9d7 ] Request (ServersTestManualDisk:setUpClass): 201 POST http://10.180.1.21:9696/networking/v2.0/subnets 0.269s
2025-05-18 22:04:44.384 70301 INFO tempest.lib.common.rest_client [req-9c95bad6-3465-4569-a83e-00e93118d331 req-9c95bad6-3465-4569-a83e-00e93118d331 ] Request (ImagesOneServerNegativeTestJSON:test_create_second_image_when_first_image_is_being_saved): 409 POST http://10.180.1.21/compute/v2.1/servers/ef489f33-9bb0-4ab9-b5be-979629923c8a/action 1.299s
2025-05-18 22:04:44.526 70269 INFO tempest.lib.common.rest_client [req-caa27de1-108b-40ec-92f4-4d3f8104b011 req-caa27de1-108b-40ec-92f4-4d3f8104b011 ] Request (ServerActionsTestJSON:setUpClass): 200 GET http://10.180.1.21/compute/v2.1/servers/8dc73bf3-9e59-4fe3-8d62-94033241d0dc 1.410s
2025-05-18 22:04:44.614 70319 INFO tempest.lib.common.rest_client [req-99e31c5d-02f9-4aec-ac97-1eda6626aea5 req-99e31c5d-02f9-4aec-ac97-1eda6626aea5 ] Request (ListServerFiltersTestJSON:test_list_servers_detailed_filter_by_flavor): 200 GET http://10.180.1.21/compute/v2.1/servers/detail?flavor=84 1.716s
2025-05-18 22:04:44.684 70295 INFO tempest.lib.common.rest_client [req-b16bb155-5437-402a-85c0-229b95b394db req-b16bb155-5437-402a-85c0-229b95b394db ] Request (ServersTestFqdnHostnames:test_create_server_with_fqdn_name): 200 GET http://10.180.1.21/compute/v2.1/servers/65e41164-6de7-42c6-b5ce-7c4bfcf635f1 1.522s
2025-05-18 22:04:44.724 70313 INFO tempest.lib.common.rest_client [req-f7fcd2af-3cba-4e5d-b736-74913b231a6b req-f7fcd2af-3cba-4e5d-b736-74913b231a6b ] Request (ImagesMetadataTestJSON:setUp): 200 PUT http://10.180.1.21/compute/v2.1/images/36d059e1-bc82-42a1-bcc0-1f71b75d234b/metadata 1.597s
2025-05-18 22:04:44.759 70291 INFO tempest.lib.common.rest_client [req-2d504760-7f20-4339-bc85-9e6b5ef6c5ec req-2d504760-7f20-4339-bc85-9e6b5ef6c5ec ] Request (ImagesOneServerTestJSON:setUpClass): 200 GET http://10.180.1.21/compute/v2.1/servers/77ff96da-ed31-449f-b0b9-83b856aa7d9a 1.584s
2025-05-18 22:04:44.819 70289 INFO tempest.lib.common.rest_client [req-7ccbce63-2388-4eb9-aa3d-9331502a607a req-7ccbce63-2388-4eb9-aa3d-9331502a607a ] Request (TenantUsagesTestJSON:setUpClass): 200 GET http://10.180.1.21/compute/v2.1/servers/3384bb1e-241f-4cce-a5d0-51b885d466a6 1.583s
2025-05-18 22:04:44.844 70315 INFO tempest.lib.common.rest_client [req-77af3dc2-907f-4aa7-84e0-443e33601000 req-77af3dc2-907f-4aa7-84e0-443e33601000 ] Request (ImagesMetadataNegativeTestJSON:test_set_nonexistent_image_metadata_item): 404 PUT http://10.180.1.21/compute/v2.1/images/7b16ad5f-2aa5-4815-a1d6-1eeb24a0b36f/metadata/os_distro 1.321s
2025-05-18 22:04:44.878 70285 INFO tempest.lib.common.rest_client [req-cf0c6b2a-0c1d-4ed9-b30b-ee2b5589e718 req-cf0c6b2a-0c1d-4ed9-b30b-ee2b5589e718 ] Request (FlavorsAdminTestJSON:test_is_public_string_variations): 200 GET http://10.180.1.21/compute/v2.1/flavors/detail?is_public=true 1.321s
2025-05-18 22:04:45.322 70305 INFO tempest.lib.common.rest_client [req-a973596c-ece8-492e-98a0-87f7b56f5d13 req-a973596c-ece8-492e-98a0-87f7b56f5d13 ] Request (FloatingIPDetailsTestJSON:test_get_floating_ip_details): 200 GET http://10.180.1.21/compute/v2.1/os-floating-ips/7fc7a08f-ee83-44e7-9dd1-a55cecd7d3c3 1.614s
2025-05-18 22:04:45.356 70287 INFO tempest.lib.common.rest_client [req-f1103c22-f1d1-4e27-b00b-10a3ab22b961 req-f1103c22-f1d1-4e27-b00b-10a3ab22b961 ] Request (AggregatesAdminNegativeTestJSON:test_aggregate_remove_nonexistent_host): 200 POST http://10.180.1.21/compute/v2.1/os-aggregates 1.617s
2025-05-18 22:04:45.618 70323 INFO tempest.lib.common.rest_client [req-19176027-9035-4a68-aa3e-c4216eb0686b req-19176027-9035-4a68-aa3e-c4216eb0686b ] Request (SecurityGroupRulesTestJSON:test_security_group_rules_create_with_optional_group_id): 200 POST http://10.180.1.21/compute/v2.1/os-security-groups 1.798s
2025-05-18 22:04:45.628 70321 INFO tempest.lib.common.rest_client [req-e7f2fcbb-5914-45b0-a1de-cfc9d94926c3 req-e7f2fcbb-5914-45b0-a1de-cfc9d94926c3 ] Request (SecurityGroupRulesNegativeTestJSON:test_create_security_group_rule_with_invalid_id): 400 POST http://10.180.1.21/compute/v2.1/os-security-group-rules 1.752s
2025-05-18 22:04:45.658 70327 INFO tempest.lib.common.rest_client [req-7ee48d85-a656-4022-ba25-c155117ae331 req-7ee48d85-a656-4022-ba25-c155117ae331 ] Request (ServersTestManualDisk:setUpClass): 201 POST http://10.180.1.21:9696/networking/v2.0/routers 1.274s
2025-05-18 22:04:45.870 70325 WARNING tempest.lib.common.ssh [-] Failed to establish authenticated ssh connection to cirros@10.180.180.229 ([Errno None] Unable to connect to port 22 on 10.180.180.229). Number attempts: 3. Retry after 4 seconds.: paramiko.ssh_exception.NoValidConnectionsError: [Errno None] Unable to connect to port 22 on 10.180.180.229
2025-05-18 22:04:45.996 70317 INFO tempest.lib.common.rest_client [req-de137e14-8eee-47ef-90ab-81d929fb2598 req-de137e14-8eee-47ef-90ab-81d929fb2598 ] Request (ServersAdminNegativeTestJSON:test_migrate_server_invalid_state): 202 POST http://10.180.1.21/compute/v2.1/servers 1.982s
2025-05-18 22:04:46.175 70284 INFO tempest.lib.common.rest_client [req-93714b61-a819-40ae-999d-9048fe375996 req-93714b61-a819-40ae-999d-9048fe375996 ] Request (AttachInterfacesUnderV243Test:test_add_remove_fixed_ip): 200 GET http://10.180.1.21/compute/v2.1/servers/5815824c-cf8a-4e65-ab60-1f219cd710c5 1.828s
2025-05-18 22:04:46.274 70301 INFO tempest.lib.common.rest_client [req-47e83474-413c-4748-950f-162618136aaa req-47e83474-413c-4748-950f-162618136aaa ] Request (ImagesOneServerNegativeTestJSON:test_create_second_image_when_first_image_is_being_saved): 204 DELETE http://10.180.1.21/compute/v2.1/images/d87e6816-da33-4e1e-b05c-95e3ac8b22b6 1.889s
2025-05-18 22:04:46.318 70281 WARNING tempest.lib.common.ssh [-] Failed to establish authenticated ssh connection to cirros@10.180.180.248 ([Errno None] Unable to connect to port 22 on 10.180.180.248). Number attempts: 5. Retry after 6 seconds.: paramiko.ssh_exception.NoValidConnectionsError: [Errno None] Unable to connect to port 22 on 10.180.180.248
2025-05-18 22:04:46.564 70327 INFO tempest.lib.common.rest_client [req-20e44bc6-8ed6-495e-9b65-17e777de1bd4 req-20e44bc6-8ed6-495e-9b65-17e777de1bd4 ] Request (ServersTestManualDisk:setUpClass): 200 PUT http://10.180.1.21:9696/networking/v2.0/routers/a3814351-73ac-40c7-befa-99fa77992899/add_router_interface 0.905s
2025-05-18 22:04:46.564 70327 INFO tempest.lib.common.dynamic_creds [-] Created isolated network resources for: credentials: Credentials: {'domain_id': 'default', 'domain_name': 'Default', 'username': 'tempest-ServersTestManualDisk-275698564-project-member', 'project_domain_id': 'default', 'project_domain_name': 'Default', 'project_id': '3f76d1d6a36d454c8becf3e4b6434db2', 'project_name': 'tempest-ServersTestManualDisk-275698564', 'tenant_id': '3f76d1d6a36d454c8becf3e4b6434db2', 'tenant_name': 'tempest-ServersTestManualDisk-275698564', 'user_domain_id': 'default', 'user_domain_name': 'Default', 'user_id': '5991ed542d6545daae9cc34b4e075b49', 'system': None}, Network: {'id': '70120ceb-757b-4fb9-84b8-6883af228177', 'name': 'tempest-ServersTestManualDisk-572934258-network', 'tenant_id': '3f76d1d6a36d454c8becf3e4b6434db2', 'admin_state_up': True, 'mtu': 8950, 'status': 'ACTIVE', 'subnets': [], 'shared': False, 'project_id': '3f76d1d6a36d454c8becf3e4b6434db2', 'port_security_enabled': True, 'router:external': False, 'provider:network_type': 'vlan', 'provider:physical_network': 'default', 'provider:segmentation_id': 564, 'availability_zone_hints': [], 'availability_zones': [], 'ipv4_address_scope': None, 'ipv6_address_scope': None, 'description': '', 'tags': [], 'created_at': '2025-05-18T22:04:44Z', 'updated_at': '2025-05-18T22:04:44Z', 'revision_number': 1}, Subnet: {'id': '581547a8-36b6-4a09-b88d-9120e952bb44', 'name': 'tempest-ServersTestManualDisk-572934258-subnet', 'tenant_id': '3f76d1d6a36d454c8becf3e4b6434db2', 'network_id': '70120ceb-757b-4fb9-84b8-6883af228177', 'ip_version': 4, 'subnetpool_id': None, 'enable_dhcp': True, 'ipv6_ra_mode': None, 'ipv6_address_mode': None, 'gateway_ip': '192.168.128.1', 'cidr': '192.168.128.0/28', 'allocation_pools': [{'start': '192.168.128.2', 'end': '192.168.128.14'}], 'host_routes': [], 'dns_nameservers': [], 'description': '', 'router:external': False, 'service_types': [], 'tags': [], 'created_at': '2025-05-18T22:04:44Z', 'updated_at': '2025-05-18T22:04:44Z', 'revision_number': 0, 'project_id': '3f76d1d6a36d454c8becf3e4b6434db2'}, Router: {'id': 'a3814351-73ac-40c7-befa-99fa77992899', 'name': 'tempest-ServersTestManualDisk-572934258-router', 'tenant_id': '3f76d1d6a36d454c8becf3e4b6434db2', 'admin_state_up': True, 'status': 'ACTIVE', 'external_gateway_info': {'network_id': 'a9818b1c-4ff4-408c-a3fd-8885e8d70f28', 'external_fixed_ips': [{'subnet_id': 'a2e42f3d-9559-45f6-b15f-af64e9cb02a6', 'ip_address': '10.180.180.254'}], 'enable_snat': True}, 'description': '', 'availability_zones': [], 'distributed': False, 'ha': False, 'availability_zone_hints': [], 'routes': [], 'flavor_id': None, 'tags': [], 'created_at': '2025-05-18T22:04:44Z', 'updated_at': '2025-05-18T22:04:45Z', 'revision_number': 2, 'project_id': '3f76d1d6a36d454c8becf3e4b6434db2'}
2025-05-18 22:04:46.655 70319 INFO tempest.lib.common.rest_client [req-21578d02-0a1f-49d7-a610-91443234a0bd req-21578d02-0a1f-49d7-a610-91443234a0bd ] Request (ListServerFiltersTestJSON:test_list_servers_detailed_filter_by_server_name): 200 GET http://10.180.1.21/compute/v2.1/servers/detail?name=tempest-ListServerFiltersTestJSON-instance-426787119 2.025s
2025-05-18 22:04:46.662 70327 INFO tempest.lib.common.rest_client [req-aa492a6b-ecbc-45ad-9153-2b129b5e2a0c req-aa492a6b-ecbc-45ad-9153-2b129b5e2a0c ] Request (ServersTestManualDisk:setUpClass): 201 POST http://10.180.1.21/identity/v3/auth/tokens 0.094s
2025-05-18 22:04:46.920 70329 INFO tempest.lib.common.rest_client [req-ccd4500c-0b81-41a5-97e4-0f0e1114790e req-ccd4500c-0b81-41a5-97e4-0f0e1114790e ] Request (FloatingIPsAssociationNegativeTestJSON:setUpClass): 200 GET http://10.180.1.21/compute/v2.1/servers/49b31e0c-cec2-4a9e-ba29-1b7679597bfe 2.269s
2025-05-18 22:04:46.927 70329 INFO tempest.common.waiters [-] State transition "BUILD/None" ==> "BUILD/spawning" after 18 second wait
2025-05-18 22:04:47.022 70293 WARNING tempest.lib.common.ssh [-] Failed to establish authenticated ssh connection to cirros@10.180.180.163 ([Errno None] Unable to connect to port 22 on 10.180.180.163). Number attempts: 2. Retry after 3 seconds.: paramiko.ssh_exception.NoValidConnectionsError: [Errno None] Unable to connect to port 22 on 10.180.180.163
2025-05-18 22:04:47.223 70313 INFO tempest.lib.common.rest_client [req-22ebc331-6fa3-42b0-9c96-0ae932a9143c req-22ebc331-6fa3-42b0-9c96-0ae932a9143c ] Request (ImagesMetadataTestJSON:test_set_image_metadata): 200 PUT http://10.180.1.21/compute/v2.1/images/36d059e1-bc82-42a1-bcc0-1f71b75d234b/metadata 2.497s
2025-05-18 22:04:47.246 70315 INFO tempest.lib.common.rest_client [req-36b25c4a-9060-4802-832e-8c968aa23a9f req-36b25c4a-9060-4802-832e-8c968aa23a9f ] Request (ImagesMetadataNegativeTestJSON:test_update_nonexistent_image_metadata): 404 POST http://10.180.1.21/compute/v2.1/images/cbd345ea-5d99-44e7-93c6-0c92703ef8da/metadata 2.400s
2025-05-18 22:04:47.368 70315 INFO tempest.lib.common.rest_client [req-9f6a91ec-7649-4308-a1b2-89416003cfbd req-9f6a91ec-7649-4308-a1b2-89416003cfbd ] Request (ImagesMetadataNegativeTestJSON:tearDownClass): 204 DELETE http://10.180.1.21/identity/v3/users/603e71652dd44bf9a60c9af819a46a2a 0.118s
2025-05-18 22:04:47.368 70315 INFO tempest.lib.common.dynamic_creds [-] Deleting project and security group for project: a7a8fafaff4f40639098b2a56de7bbd1
2025-05-18 22:04:47.442 70277 INFO tempest.lib.common.rest_client [req-7f1ede90-c933-4040-b762-e4cf3a4a84d5 req-7f1ede90-c933-4040-b762-e4cf3a4a84d5 ] Request (ServerDiagnosticsNegativeTest:test_get_server_diagnostics_by_non_admin): 200 GET http://10.180.1.21/compute/v2.1/servers/2348a71e-6447-436f-97a5-59bfcf8cbc5b 2.589s
2025-05-18 22:04:47.458 70315 INFO tempest.lib.common.rest_client [req-cc67c18b-543d-4cb5-b1b7-ac2606eeebd9 req-cc67c18b-543d-4cb5-b1b7-ac2606eeebd9 ] Request (ImagesMetadataNegativeTestJSON:tearDownClass): 201 POST http://10.180.1.21/identity/v3/auth/tokens 0.089s
2025-05-18 22:04:47.477 70285 INFO tempest.lib.common.rest_client [req-62e13d09-f8ba-4063-8163-6e7792a88c41 req-62e13d09-f8ba-4063-8163-6e7792a88c41 ] Request (FlavorsAdminTestJSON:test_is_public_string_variations): 200 GET http://10.180.1.21/compute/v2.1/flavors/detail?is_public=yes 2.593s
2025-05-18 22:04:47.558 70311 INFO tempest.lib.common.rest_client [req-562f75f6-4216-4090-9dba-0b987b1318d1 req-562f75f6-4216-4090-9dba-0b987b1318d1 ] Request (ServersTestBootFromVolume:setUpClass): 200 GET http://10.180.1.21/compute/v2.1/servers/feb7093c-31b6-4629-bf8c-dd7f4175500e 2.616s
2025-05-18 22:04:47.631 70275 INFO tempest.lib.common.rest_client [req-32787ae4-058f-46b6-92eb-817ee8c1c5b4 req-32787ae4-058f-46b6-92eb-817ee8c1c5b4 ] Request (DeleteServersAdminTestJSON:test_delete_server_while_in_error_state): 200 GET http://10.180.1.21/compute/v2.1/servers/ae310c47-dea2-4062-85f0-f2e551f8492f 2.620s
2025-05-18 22:04:47.716 70299 INFO tempest.lib.common.rest_client [req-c667db9f-1fe7-49e8-abef-a5e0d047ae98 req-c667db9f-1fe7-49e8-abef-a5e0d047ae98 ] Request (FloatingIPsAssociationTestJSON:test_associate_already_associated_floating_ip): 200 GET http://10.180.1.21/compute/v2.1/servers/0d0fb57c-6f1f-4f7b-a027-f9a1afc62c3b 2.698s
2025-05-18 22:04:47.884 70315 INFO tempest.lib.common.rest_client [req-d3e16d68-5b57-49e4-81e3-7fab099e02f6 req-d3e16d68-5b57-49e4-81e3-7fab099e02f6 ] Request (ImagesMetadataNegativeTestJSON:tearDownClass): 200 GET http://10.180.1.21:9696/networking/v2.0/security-groups?tenant_id=a7a8fafaff4f40639098b2a56de7bbd1&name=default 0.425s
2025-05-18 22:04:47.933 70273 INFO tempest.lib.common.rest_client [req-6bf35c68-c6ce-45e8-92d5-ef182decc899 req-6bf35c68-c6ce-45e8-92d5-ef182decc899 ] Request (MigrationsAdminTest:test_list_migrations_in_flavor_resize_situation): 200 GET http://10.180.1.21/compute/v2.1/servers/93664ea1-b278-43d4-9390-f10836022697 2.775s
2025-05-18 22:04:47.980 70315 INFO tempest.lib.common.rest_client [req-1b1d99cd-9c1a-4145-b45a-a1dcd1e843a2 req-1b1d99cd-9c1a-4145-b45a-a1dcd1e843a2 ] Request (ImagesMetadataNegativeTestJSON:tearDownClass): 204 DELETE http://10.180.1.21:9696/networking/v2.0/security-groups/d7426659-d166-445c-a053-a6f4a9395b01 0.095s
2025-05-18 22:04:48.073 70315 INFO tempest.lib.common.rest_client [req-a71ac82e-3568-4d87-ad80-2554867e92bb req-a71ac82e-3568-4d87-ad80-2554867e92bb ] Request (ImagesMetadataNegativeTestJSON:tearDownClass): 204 DELETE http://10.180.1.21/identity/v3/projects/a7a8fafaff4f40639098b2a56de7bbd1 0.093s
2025-05-18 22:04:48.121 70331 INFO tempest.lib.common.rest_client [req-ab0f79f5-6964-425e-b31d-04f2d736d721 req-ab0f79f5-6964-425e-b31d-04f2d736d721 ] Request (ServersWithSpecificFlavorTestJSON:test_verify_created_server_ephemeral_disk): 200 GET http://10.180.1.21/compute/v2.1/servers/cfd1ccdc-d521-4d83-96a8-f282e921835e 2.923s
2025-05-18 22:04:48.132 70331 INFO tempest.common.waiters [-] State transition "BUILD/spawning" ==> "ACTIVE/None" after 36 second wait
2025-05-18 22:04:48.167 70315 INFO tempest.lib.common.rest_client [req-586d1ff9-1747-452c-83dd-2f1596496faa req-586d1ff9-1747-452c-83dd-2f1596496faa ] Request (VolumesNegativeTest:setUpClass): 201 POST http://10.180.1.21/identity/v3/auth/tokens 0.092s
2025-05-18 22:04:48.191 70279 INFO tempest.lib.common.rest_client [req-f238bcfd-e54b-4ab0-82b2-e00b1c8faa3e req-f238bcfd-e54b-4ab0-82b2-e00b1c8faa3e ] Request (ServerDiagnosticsTest:tearDownClass): 200 GET http://10.180.1.21/compute/v2.1/servers/9fafb2d7-7f82-4f7f-98cf-7346896293bd 2.958s
2025-05-18 22:04:48.205 70315 INFO tempest.lib.common.rest_client [req-8e5e614d-34f7-46a3-b52f-43a8f488e155 req-8e5e614d-34f7-46a3-b52f-43a8f488e155 ] Request (VolumesNegativeTest:setUpClass): 201 POST http://10.180.1.21/identity/v3/auth/tokens 0.034s
2025-05-18 22:04:48.238 70315 INFO tempest.lib.common.rest_client [req-1ff0a5d9-e76d-4907-9c32-cedbb1b6e005 req-1ff0a5d9-e76d-4907-9c32-cedbb1b6e005 ] Request (VolumesNegativeTest:setUpClass): 200 GET http://10.180.1.21/identity/v3/domains?name=Default 0.032s
2025-05-18 22:04:48.271 70315 INFO tempest.lib.common.rest_client [req-f89a6dd7-2062-430d-9d04-4082d48724a5 req-f89a6dd7-2062-430d-9d04-4082d48724a5 ] Request (VolumesNegativeTest:setUpClass): 201 POST http://10.180.1.21/identity/v3/projects 0.033s
2025-05-18 22:04:48.337 70315 INFO tempest.lib.common.rest_client [req-96de3cf6-817f-4df0-b8a3-a063dabb18e2 req-96de3cf6-817f-4df0-b8a3-a063dabb18e2 ] Request (VolumesNegativeTest:setUpClass): 201 POST http://10.180.1.21/identity/v3/users 0.065s
2025-05-18 22:04:48.351 70307 INFO tempest.lib.common.rest_client [req-5802a283-d4b1-4956-b47e-86897399808c req-5802a283-d4b1-4956-b47e-86897399808c ] Request (ServerAddressesNegativeTestJSON:setUpClass): 200 GET http://10.180.1.21/compute/v2.1/servers/aed33fae-88a9-43ad-844e-e73e0d9d9ab8 3.092s
2025-05-18 22:04:48.363 70307 INFO tempest.common.waiters [-] State transition "BUILD/None" ==> "BUILD/spawning" after 19 second wait
2025-05-18 22:04:48.371 70315 INFO tempest.lib.common.rest_client [req-1e853f78-2e35-4d80-b28a-7faef575eba9 req-1e853f78-2e35-4d80-b28a-7faef575eba9 ] Request (VolumesNegativeTest:setUpClass): 200 GET http://10.180.1.21/identity/v3/roles 0.033s
2025-05-18 22:04:48.406 70315 INFO tempest.lib.common.rest_client [req-e8750927-330b-402e-b1d6-dd0bd23b192a req-e8750927-330b-402e-b1d6-dd0bd23b192a ] Request (VolumesNegativeTest:setUpClass): 204 PUT http://10.180.1.21/identity/v3/projects/489d69bc2b9d474d9174df3c3dc8ab35/users/9b541449fe1a480c8e56018cbd0e0d40/roles/83eb07f769d8401b93d2436663897a82 0.035s
2025-05-18 22:04:48.406 70315 INFO tempest.lib.common.dynamic_creds [-] Dynamic test user 9b541449fe1a480c8e56018cbd0e0d40 is created with scope project and roles: ['member']
2025-05-18 22:04:48.407 70315 INFO tempest.lib.common.dynamic_creds [-] Acquired dynamic creds: credentials: Credentials: {'domain_id': 'default', 'domain_name': 'Default', 'username': 'tempest-VolumesNegativeTest-1702634206-project-member', 'project_domain_id': 'default', 'project_domain_name': 'Default', 'project_id': '489d69bc2b9d474d9174df3c3dc8ab35', 'project_name': 'tempest-VolumesNegativeTest-1702634206', 'tenant_id': '489d69bc2b9d474d9174df3c3dc8ab35', 'tenant_name': 'tempest-VolumesNegativeTest-1702634206', 'user_domain_id': 'default', 'user_domain_name': 'Default', 'user_id': '9b541449fe1a480c8e56018cbd0e0d40', 'system': None}, Network: None, Subnet: None, Router: None
2025-05-18 22:04:48.407 70315 INFO tempest.lib.common.dynamic_creds [-] Created isolated network resources for: credentials: Credentials: {'domain_id': 'default', 'domain_name': 'Default', 'username': 'tempest-VolumesNegativeTest-1702634206-project-member', 'project_domain_id': 'default', 'project_domain_name': 'Default', 'project_id': '489d69bc2b9d474d9174df3c3dc8ab35', 'project_name': 'tempest-VolumesNegativeTest-1702634206', 'tenant_id': '489d69bc2b9d474d9174df3c3dc8ab35', 'tenant_name': 'tempest-VolumesNegativeTest-1702634206', 'user_domain_id': 'default', 'user_domain_name': 'Default', 'user_id': '9b541449fe1a480c8e56018cbd0e0d40', 'system': None}, Network: None, Subnet: None, Router: None
2025-05-18 22:04:48.416 70271 INFO tempest.lib.common.rest_client [req-134b7d33-bcb4-4003-802f-e76dea906fbb req-134b7d33-bcb4-4003-802f-e76dea906fbb ] Request (ImagesTestJSON:test_create_image_from_stopped_server): 200 GET http://10.180.1.21/compute/v2.1/servers/1b0f6e6b-68f1-4d93-8df9-43a8938566a3 3.118s
2025-05-18 22:04:48.552 70315 INFO tempest.lib.common.rest_client [req-01477091-7217-48af-b0e4-56cf97a24aba req-01477091-7217-48af-b0e4-56cf97a24aba ] Request (VolumesNegativeTest:setUpClass): 201 POST http://10.180.1.21/identity/v3/auth/tokens 0.135s
2025-05-18 22:04:48.850 70303 INFO tempest.lib.common.rest_client [req-8608ce56-7dfe-4d35-ab36-e13b62a4f025 req-8608ce56-7dfe-4d35-ab36-e13b62a4f025 ] Request (SecurityGroupsTestAdminJSON:test_list_security_groups_list_all_tenants_filter): 200 GET http://10.180.1.21/compute/v2.1/os-security-groups?all_tenants=true 5.347s
2025-05-18 22:04:48.882 70297 INFO tempest.lib.common.rest_client [req-727195a8-f174-459d-ad61-a262c5779587 req-727195a8-f174-459d-ad61-a262c5779587 ] Request (ServerExternalEventsTest:tearDownClass): 404 GET http://10.180.1.21/compute/v2.1/servers/906ccd94-1d07-41c3-a3f0-daa68862a1ac 3.531s
2025-05-18 22:04:48.920 70287 INFO tempest.lib.common.rest_client [req-0611664e-52ad-4645-9913-c9bd60562888 req-0611664e-52ad-4645-9913-c9bd60562888 ] Request (AggregatesAdminNegativeTestJSON:test_aggregate_remove_nonexistent_host): 404 POST http://10.180.1.21/compute/v2.1/os-aggregates/8/action 3.561s
2025-05-18 22:04:48.971 70305 INFO tempest.lib.common.rest_client [req-ca621244-03bf-4adb-b808-e4b8a6dab6fd req-ca621244-03bf-4adb-b808-e4b8a6dab6fd ] Request (FloatingIPDetailsTestJSON:_run_cleanups): 202 DELETE http://10.180.1.21/compute/v2.1/os-floating-ips/7fc7a08f-ee83-44e7-9dd1-a55cecd7d3c3 3.646s
2025-05-18 22:04:48.994 70309 INFO tempest.lib.common.rest_client [req-48885ce7-1cf6-45c7-bd6c-222f322ea096 req-48885ce7-1cf6-45c7-bd6c-222f322ea096 ] Request (ServerActionsTestOtherB:setUpClass): 200 GET http://10.180.1.21/compute/v2.1/servers/cb49c031-c220-42fb-b718-12387967034e 3.635s
2025-05-18 22:04:49.040 70297 INFO tempest.lib.common.rest_client [req-4a2c1225-fa9c-42c3-917e-04b4d460c4dd req-4a2c1225-fa9c-42c3-917e-04b4d460c4dd ] Request (ServerExternalEventsTest:tearDownClass): 204 DELETE http://10.180.1.21/identity/v3/users/ac5401a9e3564fb7ba410980f03fb83f 0.157s
2025-05-18 22:04:49.190 70297 INFO tempest.lib.common.rest_client [req-323933df-e9ec-4337-994f-3c4d8bfc05d1 req-323933df-e9ec-4337-994f-3c4d8bfc05d1 ] Request (ServerExternalEventsTest:tearDownClass): 204 DELETE http://10.180.1.21/identity/v3/users/bbb5509733d84d4992c169876260153a 0.149s
2025-05-18 22:04:49.198 70269 INFO tempest.lib.common.rest_client [req-9945aecd-45d6-4437-b9bb-b37c49fc6787 req-9945aecd-45d6-4437-b9bb-b37c49fc6787 ] Request (ServerActionsTestJSON:setUpClass): 200 GET http://10.180.1.21/compute/v2.1/servers/8dc73bf3-9e59-4fe3-8d62-94033241d0dc 3.662s
2025-05-18 22:04:49.279 70323 INFO tempest.lib.common.rest_client [req-b5a72ab8-f432-4b94-865d-7383ec76e4f7 req-b5a72ab8-f432-4b94-865d-7383ec76e4f7 ] Request (SecurityGroupRulesTestJSON:test_security_group_rules_create_with_optional_group_id): 200 POST http://10.180.1.21/compute/v2.1/os-security-group-rules 3.658s
2025-05-18 22:04:49.281 70323 WARNING tempest.lib.common.rest_client [-] Deprecated: "tenant_id" property is deprecated for removal, use "project_id" instead
2025-05-18 22:04:49.302 70297 INFO tempest.lib.common.rest_client [req-c55898fc-0855-4bda-95b2-3b82923fab45 req-c55898fc-0855-4bda-95b2-3b82923fab45 ] Request (ServerExternalEventsTest:tearDownClass): 204 DELETE http://10.180.1.21/identity/v3/users/a2f0f712650047329091ee79240a06c5 0.111s
2025-05-18 22:04:49.303 70297 INFO tempest.lib.common.dynamic_creds [-] Deleting project and security group for project: d66793d0eb2a4bddabebc67d18dbcf16
2025-05-18 22:04:49.358 70295 INFO tempest.lib.common.rest_client [req-33762a3e-6012-409e-a8d1-e2312c306cd4 req-33762a3e-6012-409e-a8d1-e2312c306cd4 ] Request (ServersTestFqdnHostnames:test_create_server_with_fqdn_name): 200 GET http://10.180.1.21/compute/v2.1/servers/65e41164-6de7-42c6-b5ce-7c4bfcf635f1 3.664s
2025-05-18 22:04:49.369 70295 INFO tempest.common.waiters [-] State transition "BUILD/scheduling" ==> "BUILD/None" after 7 second wait
2025-05-18 22:04:49.378 70321 INFO tempest.lib.common.rest_client [req-bf8fef10-79fd-4d1c-af6b-0a1b50a06108 req-bf8fef10-79fd-4d1c-af6b-0a1b50a06108 ] Request (SecurityGroupRulesNegativeTestJSON:test_create_security_group_rule_with_invalid_ip_protocol): 200 POST http://10.180.1.21/compute/v2.1/os-security-groups 3.749s
2025-05-18 22:04:49.380 70297 INFO tempest.lib.common.rest_client [req-f51003e5-c663-415a-8e97-3943a150936c req-f51003e5-c663-415a-8e97-3943a150936c ] Request (ServerExternalEventsTest:tearDownClass): 201 POST http://10.180.1.21/identity/v3/auth/tokens 0.077s
2025-05-18 22:04:49.454 70291 INFO tempest.lib.common.rest_client [req-fc9b0f68-e755-493c-bd39-a7a941107b63 req-fc9b0f68-e755-493c-bd39-a7a941107b63 ] Request (ImagesOneServerTestJSON:setUpClass): 200 GET http://10.180.1.21/compute/v2.1/servers/77ff96da-ed31-449f-b0b9-83b856aa7d9a 3.684s
2025-05-18 22:04:49.458 70289 INFO tempest.lib.common.rest_client [req-56688bb4-dc4b-49ff-b0c5-1239fb884431 req-56688bb4-dc4b-49ff-b0c5-1239fb884431 ] Request (TenantUsagesTestJSON:setUpClass): 200 GET http://10.180.1.21/compute/v2.1/servers/3384bb1e-241f-4cce-a5d0-51b885d466a6 3.629s
2025-05-18 22:04:49.462 70291 INFO tempest.common.waiters [-] State transition "BUILD/scheduling" ==> "BUILD/None" after 11 second wait
2025-05-18 22:04:49.537 70317 INFO tempest.lib.common.rest_client [req-afb73caf-e4a8-48f5-b592-7c09febadb6f req-afb73caf-e4a8-48f5-b592-7c09febadb6f ] Request (ServersAdminNegativeTestJSON:test_migrate_server_invalid_state): 200 GET http://10.180.1.21/compute/v2.1/servers/5b7c9fe9-79bf-445b-8b69-7b52607b6648 3.538s
2025-05-18 22:04:49.722 70327 INFO tempest.lib.common.rest_client [req-6f4d75d0-52a1-4501-8ac4-369109fabd91 req-6f4d75d0-52a1-4501-8ac4-369109fabd91 ] Request (ServersTestManualDisk:setUpClass): 200 POST http://10.180.1.21/compute/v2.1/os-keypairs 3.059s
2025-05-18 22:04:49.725 70297 INFO tempest.lib.common.rest_client [req-a26df507-0c1f-4bac-9504-2243972cfd5b req-a26df507-0c1f-4bac-9504-2243972cfd5b ] Request (ServerExternalEventsTest:tearDownClass): 200 GET http://10.180.1.21:9696/networking/v2.0/security-groups?tenant_id=d66793d0eb2a4bddabebc67d18dbcf16&name=default 0.345s
2025-05-18 22:04:49.742 70301 INFO tempest.lib.common.rest_client [req-9555149e-55d5-4aec-9b65-4b1c1d75a388 req-9555149e-55d5-4aec-9b65-4b1c1d75a388 ] Request (ImagesOneServerNegativeTestJSON:tearDown): 200 GET http://10.180.1.21/compute/v2.1/servers/ef489f33-9bb0-4ab9-b5be-979629923c8a 3.468s
2025-05-18 22:04:49.878 70327 INFO tempest.lib.common.rest_client [req-543a7557-b3bd-48d7-91e1-a8c905d750e8 req-543a7557-b3bd-48d7-91e1-a8c905d750e8 ] Request (ServersTestManualDisk:setUpClass): 201 POST http://10.180.1.21:9696/networking/v2.0/security-groups 0.154s
2025-05-18 22:04:49.990 70327 INFO tempest.lib.common.rest_client [req-33d7f591-68af-49cd-828b-a7e50bff2189 req-33d7f591-68af-49cd-828b-a7e50bff2189 ] Request (ServersTestManualDisk:setUpClass): 201 POST http://10.180.1.21:9696/networking/v2.0/security-group-rules 0.111s
2025-05-18 22:04:50.000 70297 INFO tempest.lib.common.rest_client [req-4a8119fd-6707-4f86-aaeb-72ed877a84c5 req-4a8119fd-6707-4f86-aaeb-72ed877a84c5 ] Request (ServerExternalEventsTest:tearDownClass): 204 DELETE http://10.180.1.21:9696/networking/v2.0/security-groups/a5f7153c-b0b8-42ef-9379-131f01783710 0.274s
2025-05-18 22:04:50.066 70319 INFO tempest.lib.common.rest_client [req-4b3b3454-e49e-41f9-9675-c78a5a8cc222 req-4b3b3454-e49e-41f9-9675-c78a5a8cc222 ] Request (ListServerFiltersTestJSON:test_list_servers_detailed_filter_by_server_status): 200 GET http://10.180.1.21/compute/v2.1/servers/detail?status=active 3.401s
2025-05-18 22:04:50.113 70327 INFO tempest.lib.common.rest_client [req-21ce5684-8864-4ad2-8317-c095c3b09155 req-21ce5684-8864-4ad2-8317-c095c3b09155 ] Request (ServersTestManualDisk:setUpClass): 201 POST http://10.180.1.21:9696/networking/v2.0/security-group-rules 0.122s
2025-05-18 22:04:50.116 70313 INFO tempest.lib.common.rest_client [req-4a81c1d6-65f2-4ce3-a977-eb0a4d86ba36 req-4a81c1d6-65f2-4ce3-a977-eb0a4d86ba36 ] Request (ImagesMetadataTestJSON:test_set_image_metadata): 200 GET http://10.180.1.21/compute/v2.1/images/36d059e1-bc82-42a1-bcc0-1f71b75d234b/metadata 2.892s
2025-05-18 22:04:50.125 70284 INFO tempest.lib.common.rest_client [req-429f0baa-c97f-4cc0-8e9a-f71a26ef71f2 req-429f0baa-c97f-4cc0-8e9a-f71a26ef71f2 ] Request (AttachInterfacesUnderV243Test:test_add_remove_fixed_ip): 200 GET http://10.180.1.21/compute/v2.1/servers/5815824c-cf8a-4e65-ab60-1f219cd710c5 2.939s
2025-05-18 22:04:50.134 70284 INFO tempest.common.waiters [-] State transition "BUILD/spawning" ==> "ACTIVE/None" after 36 second wait
2025-05-18 22:04:50.144 70285 INFO tempest.lib.common.rest_client [req-b6942662-b20e-4966-a09a-ffce83e1cae0 req-b6942662-b20e-4966-a09a-ffce83e1cae0 ] Request (FlavorsAdminTestJSON:test_is_public_string_variations): 200 GET http://10.180.1.21/compute/v2.1/flavors/detail?is_public=1 2.659s
2025-05-18 22:04:50.157 70297 INFO tempest.lib.common.rest_client [req-d0b3f865-b974-4cdf-99bc-929908ddcb98 req-d0b3f865-b974-4cdf-99bc-929908ddcb98 ] Request (ServerExternalEventsTest:tearDownClass): 204 DELETE http://10.180.1.21/identity/v3/projects/d66793d0eb2a4bddabebc67d18dbcf16 0.156s
2025-05-18 22:04:50.157 70297 INFO tempest.lib.common.dynamic_creds [-] Deleting project and security group for project: e1fc24a263444e3aa42cafe55a841883
2025-05-18 22:04:50.208 70297 INFO tempest.lib.common.rest_client [req-9d9f4f75-af07-406a-9e85-0addc36e9329 req-9d9f4f75-af07-406a-9e85-0addc36e9329 ] Request (ServerExternalEventsTest:tearDownClass): 200 GET http://10.180.1.21:9696/networking/v2.0/security-groups?tenant_id=e1fc24a263444e3aa42cafe55a841883&name=default 0.050s
2025-05-18 22:04:50.275 70329 INFO tempest.lib.common.rest_client [req-1b50d417-0e6c-485c-98e1-c0cc307d0a13 req-1b50d417-0e6c-485c-98e1-c0cc307d0a13 ] Request (FloatingIPsAssociationNegativeTestJSON:setUpClass): 200 GET http://10.180.1.21/compute/v2.1/servers/49b31e0c-cec2-4a9e-ba29-1b7679597bfe 2.347s
2025-05-18 22:04:50.282 70331 INFO tempest.lib.common.rest_client [req-c67a7cb5-5e53-4bf3-8715-e5cfde081bcc req-c67a7cb5-5e53-4bf3-8715-e5cfde081bcc ] Request (ServersWithSpecificFlavorTestJSON:test_verify_created_server_ephemeral_disk): 200 GET http://10.180.1.21/compute/v2.1/servers/cfd1ccdc-d521-4d83-96a8-f282e921835e/os-interface 2.150s
2025-05-18 22:04:50.370 70297 INFO tempest.lib.common.rest_client [req-eff1819a-f8a8-48ca-8d0a-a35860655ba8 req-eff1819a-f8a8-48ca-8d0a-a35860655ba8 ] Request (ServerExternalEventsTest:tearDownClass): 204 DELETE http://10.180.1.21:9696/networking/v2.0/security-groups/9cb436bf-aeef-465a-b17f-88882acf1bb0 0.161s
2025-05-18 22:04:50.423 70315 INFO tempest.lib.common.rest_client [req-f1ab7f63-0d97-46a0-a93c-721f27942de9 req-f1ab7f63-0d97-46a0-a93c-721f27942de9 ] Request (VolumesNegativeTest:test_create_volume_with_invalid_size): 400 POST http://10.180.1.21/compute/v2.1/os-volumes 1.869s
2025-05-18 22:04:50.453 70277 INFO tempest.lib.common.rest_client [req-e7f3a5c6-88e8-430f-ba6d-88f0654d5f48 req-e7f3a5c6-88e8-430f-ba6d-88f0654d5f48 ] Request (ServerDiagnosticsNegativeTest:test_get_server_diagnostics_by_non_admin): 200 GET http://10.180.1.21/compute/v2.1/servers/2348a71e-6447-436f-97a5-59bfcf8cbc5b 2.000s
2025-05-18 22:04:50.465 70277 INFO tempest.common.waiters [-] State transition "BUILD/spawning" ==> "ACTIVE/None" after 35 second wait
2025-05-18 22:04:50.530 70311 INFO tempest.lib.common.rest_client [req-f7b0be4c-2c67-4010-aff3-1a39f3c2a344 req-f7b0be4c-2c67-4010-aff3-1a39f3c2a344 ] Request (ServersTestBootFromVolume:setUpClass): 200 GET http://10.180.1.21/compute/v2.1/servers/feb7093c-31b6-4629-bf8c-dd7f4175500e 1.962s
2025-05-18 22:04:50.549 70275 INFO tempest.lib.common.rest_client [req-d3326f4c-1fff-47d2-8447-496ba06e2223 req-d3326f4c-1fff-47d2-8447-496ba06e2223 ] Request (DeleteServersAdminTestJSON:test_delete_server_while_in_error_state): 200 GET http://10.180.1.21/compute/v2.1/servers/ae310c47-dea2-4062-85f0-f2e551f8492f 1.907s
2025-05-18 22:04:50.590 70297 INFO tempest.lib.common.rest_client [req-c9257ccf-e238-4d8d-b21b-257611d712d1 req-c9257ccf-e238-4d8d-b21b-257611d712d1 ] Request (ServerExternalEventsTest:tearDownClass): 204 DELETE http://10.180.1.21/identity/v3/projects/e1fc24a263444e3aa42cafe55a841883 0.220s
2025-05-18 22:04:50.591 70297 INFO tempest.lib.common.dynamic_creds [-] Deleting project and security group for project: e255ce00c05c4b80be2718f8b7e15b8d
2025-05-18 22:04:50.658 70299 INFO tempest.lib.common.rest_client [req-5a643544-299e-446e-b83d-cff270f95a2b req-5a643544-299e-446e-b83d-cff270f95a2b ] Request (FloatingIPsAssociationTestJSON:test_associate_already_associated_floating_ip): 200 GET http://10.180.1.21/compute/v2.1/servers/0d0fb57c-6f1f-4f7b-a027-f9a1afc62c3b 1.924s
2025-05-18 22:04:50.694 70287 INFO tempest.lib.common.rest_client [req-25986a83-1343-43c7-99bb-d6f4135600a0 req-25986a83-1343-43c7-99bb-d6f4135600a0 ] Request (AggregatesAdminNegativeTestJSON:_run_cleanups): 200 DELETE http://10.180.1.21/compute/v2.1/os-aggregates/8 1.773s
2025-05-18 22:04:50.740 70327 INFO tempest.lib.common.rest_client [req-a8f7b533-f77c-4072-a489-14ce839e1750 req-a8f7b533-f77c-4072-a489-14ce839e1750 ] Request (ServersTestManualDisk:setUpClass): 201 POST http://10.180.1.21:9696/networking/v2.0/floatingips 0.626s
2025-05-18 22:04:50.824 70327 INFO tempest.lib.common.rest_client [req-3c46e039-31bb-46c8-b7b6-6c38ba81b02a req-3c46e039-31bb-46c8-b7b6-6c38ba81b02a ] Request (ServersTestManualDisk:setUpClass): 201 POST http://10.180.1.21/identity/v3/auth/tokens 0.079s
