2024-12-10 16:48:05.389 65784 INFO tempest.lib.common.rest_client [req-5fb763ca-9944-448d-8f5e-48c872b6068c req-5fb763ca-9944-448d-8f5e-48c872b6068c ] Request (ServicesAdminNegativeTestJSON:tearDownClass): 200 GET http://10.180.1.21:9696/networking/v2.0/security-groups?tenant_id=984a3bb48f4f426c8ca278a6f997a196&name=default 0.477s
2024-12-10 16:48:05.501 65763 INFO tempest.lib.common.rest_client [req-e53003c8-0dd8-46cb-b97c-010dc812c306 req-e53003c8-0dd8-46cb-b97c-010dc812c306 ] Request (ServerDiagnosticsNegativeTest:test_get_server_diagnostics_by_non_admin): 200 GET http://10.180.1.21/compute/v2.1/servers/043e14a3-df5a-4098-b147-c6460bb85423 1.517s
2024-12-10 16:48:05.519 65771 INFO tempest.lib.common.rest_client [req-2a2f085b-60e7-4e2f-8b7c-9edc47f662db req-2a2f085b-60e7-4e2f-8b7c-9edc47f662db ] Request (FlavorsAccessNegativeTestJSON:_run_cleanups): 200 GET http://10.180.1.21/compute/v2.1/flavors/detail 1.522s
2024-12-10 16:48:05.622 65787 INFO tempest.lib.common.rest_client [req-aabe300e-2182-4936-8551-b4a9e0706fe4 req-aabe300e-2182-4936-8551-b4a9e0706fe4 ] Request (VolumesAdminNegativeTest:test_update_attached_volume_with_nonexistent_volume_in_body): 202 POST http://10.180.1.21/compute/v2.1/servers 1.690s
2024-12-10 16:48:05.647 65784 INFO tempest.lib.common.rest_client [req-aa6543d7-9359-443e-a9f4-ff41e027881d req-aa6543d7-9359-443e-a9f4-ff41e027881d ] Request (ServicesAdminNegativeTestJSON:tearDownClass): 204 DELETE http://10.180.1.21:9696/networking/v2.0/security-groups/b7f31849-cdff-4189-a271-aae50282da45 0.257s
2024-12-10 16:48:05.651 65771 INFO tempest.lib.common.rest_client [req-3daa6313-9211-463c-a5df-38c9edab8d5d req-3daa6313-9211-463c-a5df-38c9edab8d5d ] Request (FlavorsAccessNegativeTestJSON:tearDownClass): 204 DELETE http://10.180.1.21/identity/v3/users/abbf12585f764ed6b25d32c3fe6f7a09 0.124s
2024-12-10 16:48:05.708 65809 INFO tempest.lib.common.rest_client [req-710460f7-2acc-4af0-9c7b-07342adb1602 req-710460f7-2acc-4af0-9c7b-07342adb1602 ] Request (InstanceActionsTestJSON:setUpClass): 200 GET http://10.180.1.21/compute/v2.1/servers/f2658dfa-baed-4ff3-8c7e-733bbcf1916e 1.622s
2024-12-10 16:48:05.764 65784 INFO tempest.lib.common.rest_client [req-65c766b1-4945-431f-a6ef-d7dabd64c04f req-65c766b1-4945-431f-a6ef-d7dabd64c04f ] Request (ServicesAdminNegativeTestJSON:tearDownClass): 204 DELETE http://10.180.1.21/identity/v3/projects/984a3bb48f4f426c8ca278a6f997a196 0.116s
2024-12-10 16:48:05.797 65771 INFO tempest.lib.common.rest_client [req-97db8084-3f05-46b5-9176-5918aa81b802 req-97db8084-3f05-46b5-9176-5918aa81b802 ] Request (FlavorsAccessNegativeTestJSON:tearDownClass): 204 DELETE http://10.180.1.21/identity/v3/users/1e61dc8db01748ccbc801a1492d33f9f 0.146s
2024-12-10 16:48:05.801 65801 INFO tempest.lib.common.rest_client [req-6e887097-f1e9-4d36-86d2-e51bf8920cf4 req-6e887097-f1e9-4d36-86d2-e51bf8920cf4 ] Request (ServerShowV254Test:test_rebuild_server): 200 GET http://10.180.1.21/compute/v2.1/servers/aacc6f1c-56d6-43b9-9c40-5ea49b40a657 1.668s
2024-12-10 16:48:05.809 65801 INFO tempest.common.waiters [-] State transition "REBUILD/rebuilding" ==> "REBUILD/rebuild_block_device_mapping" after 2 second wait
2024-12-10 16:48:05.828 65784 INFO tempest.lib.common.rest_client [req-e12a7ce1-49a9-4250-8c60-5d7efc7327a3 req-e12a7ce1-49a9-4250-8c60-5d7efc7327a3 ] Request (ServerRescueTestJSONUnderV235:setUpClass): 201 POST http://10.180.1.21/identity/v3/auth/tokens 0.062s
2024-12-10 16:48:05.903 65771 INFO tempest.lib.common.rest_client [req-896368ea-29bf-4232-bc2a-9aa0f96d117e req-896368ea-29bf-4232-bc2a-9aa0f96d117e ] Request (FlavorsAccessNegativeTestJSON:tearDownClass): 204 DELETE http://10.180.1.21/identity/v3/users/cd26f2e22e374b66a30027ca52eb0c83 0.105s
2024-12-10 16:48:05.903 65771 INFO tempest.lib.common.dynamic_creds [-] Deleting project and security group for project: a11b433275f2485a9c07b17b1bd4f34c
2024-12-10 16:48:05.972 65779 INFO tempest.lib.common.rest_client [req-801fe826-1433-4303-a4da-d38042de3de9 req-801fe826-1433-4303-a4da-d38042de3de9 ] Request (ServersWithSpecificFlavorTestJSON:test_verify_created_server_ephemeral_disk): 200 GET http://10.180.1.21/compute/v2.1/servers/2f917745-28ef-4dfe-8c09-45c15a80145d 1.966s
2024-12-10 16:48:05.982 65779 INFO tempest.common.waiters [-] State transition "BUILD/None" ==> "BUILD/spawning" after 14 second wait
2024-12-10 16:48:05.984 65784 INFO tempest.lib.common.rest_client [req-7e05349d-3587-4292-893c-3d51bbb48271 req-7e05349d-3587-4292-893c-3d51bbb48271 ] Request (ServerRescueTestJSONUnderV235:setUpClass): 201 POST http://10.180.1.21/identity/v3/auth/tokens 0.154s
2024-12-10 16:48:06.013 65769 INFO tempest.lib.common.rest_client [req-304bdc5a-9c9f-4054-a679-296e0889b4d2 req-304bdc5a-9c9f-4054-a679-296e0889b4d2 ] Request (ServersTestFqdnHostnames:setUpClass): 201 POST http://10.180.1.21:9696/networking/v2.0/routers 1.808s
2024-12-10 16:48:06.017 65784 INFO tempest.lib.common.rest_client [req-5e3a68c6-4278-4bed-bc1a-9e8795e6a0ac req-5e3a68c6-4278-4bed-bc1a-9e8795e6a0ac ] Request (ServerRescueTestJSONUnderV235:setUpClass): 200 GET http://10.180.1.21/identity/v3/domains?name=Default 0.032s
2024-12-10 16:48:06.029 65771 INFO tempest.lib.common.rest_client [req-09c17745-88c7-4011-96e9-c08ca746d93d req-09c17745-88c7-4011-96e9-c08ca746d93d ] Request (FlavorsAccessNegativeTestJSON:tearDownClass): 201 POST http://10.180.1.21/identity/v3/auth/tokens 0.126s
2024-12-10 16:48:06.051 65781 INFO tempest.lib.common.rest_client [req-e5b3f217-17e8-4d6d-a846-fc9fd4f1244f req-e5b3f217-17e8-4d6d-a846-fc9fd4f1244f ] Request (ServersTestJSON:setUpClass): 201 POST http://10.180.1.21:9696/networking/v2.0/networks 0.779s
2024-12-10 16:48:06.052 65784 INFO tempest.lib.common.rest_client [req-a1315309-3f76-4c63-acbc-bcc31115edd8 req-a1315309-3f76-4c63-acbc-bcc31115edd8 ] Request (ServerRescueTestJSONUnderV235:setUpClass): 201 POST http://10.180.1.21/identity/v3/projects 0.034s
2024-12-10 16:48:06.102 65761 INFO tempest.lib.common.rest_client [req-b341a1b4-d8b4-4da2-be54-1e4c9b26fb97 req-b341a1b4-d8b4-4da2-be54-1e4c9b26fb97 ] Request (ListImageFiltersTestJSON:setUpClass): 200 GET http://10.180.1.21/compute/v2.1/servers/9287b8eb-487d-4f51-9e7c-90c016a1c8e2 1.839s
2024-12-10 16:48:06.108 65765 INFO tempest.lib.common.rest_client [req-ba749656-9b0d-4ce0-be04-8d9c08649b67 req-ba749656-9b0d-4ce0-be04-8d9c08649b67 ] Request (SecurityGroupsNegativeTestJSON:test_delete_security_group_without_passing_id): 404 DELETE http://10.180.1.21/compute/v2.1/os-security-groups/ 1.759s
2024-12-10 16:48:06.125 65784 INFO tempest.lib.common.rest_client [req-148073e3-b63d-491a-88b7-a5c9282c39c3 req-148073e3-b63d-491a-88b7-a5c9282c39c3 ] Request (ServerRescueTestJSONUnderV235:setUpClass): 201 POST http://10.180.1.21/identity/v3/users 0.072s
2024-12-10 16:48:06.143 65785 INFO tempest.lib.common.rest_client [req-8e1dd3df-0705-46fe-a09b-e30bd091b95a req-8e1dd3df-0705-46fe-a09b-e30bd091b95a ] Request (AggregatesAdminNegativeTestJSON:_run_cleanups): 200 DELETE http://10.180.1.21/compute/v2.1/os-aggregates/6 1.787s
2024-12-10 16:48:06.150 65784 INFO tempest.lib.common.rest_client [req-aa4a98d2-bcf4-41d6-b7ef-c776f91e589e req-aa4a98d2-bcf4-41d6-b7ef-c776f91e589e ] Request (ServerRescueTestJSONUnderV235:setUpClass): 200 GET http://10.180.1.21/identity/v3/roles 0.024s
2024-12-10 16:48:06.189 65784 INFO tempest.lib.common.rest_client [req-4a45b2cd-5d53-46d1-b31c-0a0eb056fe42 req-4a45b2cd-5d53-46d1-b31c-0a0eb056fe42 ] Request (ServerRescueTestJSONUnderV235:setUpClass): 204 PUT http://10.180.1.21/identity/v3/projects/74f3dd3dcc10421f803a0039e3add051/users/73aed58c53374fbeb387a0ee704dc2f4/roles/b261642b0f9a4a848851821b247d0f34 0.038s
2024-12-10 16:48:06.191 65784 INFO tempest.lib.common.dynamic_creds [-] Dynamic test user 73aed58c53374fbeb387a0ee704dc2f4 is created with scope project and roles: ['member']
2024-12-10 16:48:06.191 65784 INFO tempest.lib.common.dynamic_creds [-] Acquired dynamic creds: credentials: Credentials: {'domain_id': 'default', 'domain_name': 'Default', 'username': 'tempest-ServerRescueTestJSONUnderV235-269499849-project-member', 'project_domain_id': 'default', 'project_domain_name': 'Default', 'project_id': '74f3dd3dcc10421f803a0039e3add051', 'project_name': 'tempest-ServerRescueTestJSONUnderV235-269499849', 'tenant_id': '74f3dd3dcc10421f803a0039e3add051', 'tenant_name': 'tempest-ServerRescueTestJSONUnderV235-269499849', 'user_domain_id': 'default', 'user_domain_name': 'Default', 'user_id': '73aed58c53374fbeb387a0ee704dc2f4', 'system': None}, Network: None, Subnet: None, Router: None
2024-12-10 16:48:06.274 65805 INFO tempest.lib.common.rest_client [req-8205f47c-0d1f-431b-a86f-9c7cf29ea1ec req-8205f47c-0d1f-431b-a86f-9c7cf29ea1ec ] Request (ServerActionsV293TestJSON:setUpClass): 200 GET http://10.180.1.21/volume/v3/volumes/763afde5-c692-44d0-a083-7f09ae379a22 0.045s
2024-12-10 16:48:06.287 65784 INFO tempest.lib.common.rest_client [req-f25e3013-080f-46c1-bb89-2e6394316d0f req-f25e3013-080f-46c1-bb89-2e6394316d0f ] Request (ServerRescueTestJSONUnderV235:setUpClass): 201 POST http://10.180.1.21/identity/v3/auth/tokens 0.096s
2024-12-10 16:48:06.379 65808 INFO tempest.lib.common.rest_client [req-3dd3a46e-661d-4b12-a1ac-0cdd664e70ef req-3dd3a46e-661d-4b12-a1ac-0cdd664e70ef ] Request (ServerMetadataNegativeTestJSON:setUpClass): 200 GET http://10.180.1.21/compute/v2.1/servers/7c5d1740-92ba-4d4b-a557-10f8ea58e883 2.021s
2024-12-10 16:48:06.386 65808 INFO tempest.common.waiters [-] State transition "BUILD/None" ==> "BUILD/networking" after 14 second wait
2024-12-10 16:48:06.662 65767 INFO tempest.lib.common.rest_client [req-2c3cb1c9-79f9-494b-8c96-a7f50606d05a req-2c3cb1c9-79f9-494b-8c96-a7f50606d05a ] Request (QuotasAdminTestJSON:test_update_all_quota_resources_for_tenant): 200 PUT http://10.180.1.21/compute/v2.1/os-quota-sets/7a5ff3336b9e478991899a3c936db97b 2.277s
2024-12-10 16:48:06.677 65795 INFO tempest.lib.common.rest_client [req-a08e2003-5be7-4a40-a0e7-5eded6bfb6e5 req-a08e2003-5be7-4a40-a0e7-5eded6bfb6e5 ] Request (KeyPairsV22TestJSON:_run_cleanups): 204 DELETE http://10.180.1.21/compute/v2.1/os-keypairs/tempest-keypair-285272711 2.271s
2024-12-10 16:48:06.694 65753 INFO tempest.lib.common.rest_client [req-a6665151-602d-40d8-8281-59feecd9fcd2 req-a6665151-602d-40d8-8281-59feecd9fcd2 ] Request (FlavorsAdminTestJSON:test_is_public_string_variations): 200 POST http://10.180.1.21/compute/v2.1/flavors 2.260s
2024-12-10 16:48:06.740 65794 INFO tempest.lib.common.rest_client [req-45c0181d-cc28-49bf-a4c9-f3832dd3fddc req-45c0181d-cc28-49bf-a4c9-f3832dd3fddc ] Request (ServerTagsTestJSON:setUpClass): 200 PUT http://10.180.1.21:9696/networking/v2.0/routers/8ce7ace5-37ae-43ce-b740-c8ba3dd8dcaf/add_router_interface 4.031s
2024-12-10 16:48:06.741 65794 INFO tempest.lib.common.dynamic_creds [-] Created isolated network resources for: credentials: Credentials: {'domain_id': 'default', 'domain_name': 'Default', 'username': 'tempest-ServerTagsTestJSON-1243776301-project-member', 'project_domain_id': 'default', 'project_domain_name': 'Default', 'project_id': '4df39d4dfabf4cc4ba8761eb3a0ce73a', 'project_name': 'tempest-ServerTagsTestJSON-1243776301', 'tenant_id': '4df39d4dfabf4cc4ba8761eb3a0ce73a', 'tenant_name': 'tempest-ServerTagsTestJSON-1243776301', 'user_domain_id': 'default', 'user_domain_name': 'Default', 'user_id': '2ebf04c75f0045c5863359374668c8e6', 'system': None}, Network: {'id': 'ef240538-f411-4369-8a94-2d83c48a72ca', 'name': 'tempest-ServerTagsTestJSON-982440130-network', 'tenant_id': '4df39d4dfabf4cc4ba8761eb3a0ce73a', 'admin_state_up': True, 'mtu': 8950, 'status': 'ACTIVE', 'subnets': [], 'shared': False, 'project_id': '4df39d4dfabf4cc4ba8761eb3a0ce73a', 'port_security_enabled': True, 'router:external': False, 'provider:network_type': 'vlan', 'provider:physical_network': 'default', 'provider:segmentation_id': 173, 'availability_zone_hints': [], 'availability_zones': [], 'ipv4_address_scope': None, 'ipv6_address_scope': None, 'description': '', 'tags': [], 'created_at': '2024-12-10T16:47:58Z', 'updated_at': '2024-12-10T16:47:58Z', 'revision_number': 1}, Subnet: {'id': 'cc6a19f5-724c-4539-b5b9-52647bcc1054', 'name': 'tempest-ServerTagsTestJSON-982440130-subnet', 'tenant_id': '4df39d4dfabf4cc4ba8761eb3a0ce73a', 'network_id': 'ef240538-f411-4369-8a94-2d83c48a72ca', 'ip_version': 4, 'subnetpool_id': None, 'enable_dhcp': True, 'ipv6_ra_mode': None, 'ipv6_address_mode': None, 'gateway_ip': '192.168.128.1', 'cidr': '192.168.128.0/28', 'allocation_pools': [{'start': '192.168.128.2', 'end': '192.168.128.14'}], 'host_routes': [], 'dns_nameservers': [], 'description': '', 'router:external': False, 'service_types': [], 'tags': [], 'created_at': '2024-12-10T16:47:59Z', 'updated_at': '2024-12-10T16:47:59Z', 'revision_number': 0, 'project_id': '4df39d4dfabf4cc4ba8761eb3a0ce73a'}, Router: {'id': '8ce7ace5-37ae-43ce-b740-c8ba3dd8dcaf', 'name': 'tempest-ServerTagsTestJSON-982440130-router', 'tenant_id': '4df39d4dfabf4cc4ba8761eb3a0ce73a', 'admin_state_up': True, 'status': 'ACTIVE', 'external_gateway_info': {'network_id': '1669711c-670c-4618-9502-0c0acdfb7003', 'external_fixed_ips': [{'subnet_id': 'becb3bc9-c363-40a4-99c4-036f54fba9bb', 'ip_address': '10.180.180.189'}], 'enable_snat': True}, 'description': '', 'availability_zones': [], 'distributed': False, 'ha': False, 'availability_zone_hints': [], 'routes': [], 'flavor_id': None, 'tags': [], 'created_at': '2024-12-10T16:47:59Z', 'updated_at': '2024-12-10T16:48:00Z', 'revision_number': 2, 'project_id': '4df39d4dfabf4cc4ba8761eb3a0ce73a'}
2024-12-10 16:48:06.775 65771 INFO tempest.lib.common.rest_client [req-170fc77b-f27d-4d32-b27e-6ab73591e767 req-170fc77b-f27d-4d32-b27e-6ab73591e767 ] Request (FlavorsAccessNegativeTestJSON:tearDownClass): 200 GET http://10.180.1.21:9696/networking/v2.0/security-groups?tenant_id=a11b433275f2485a9c07b17b1bd4f34c&name=default 0.744s
2024-12-10 16:48:06.833 65794 INFO tempest.lib.common.rest_client [req-ce0b2f65-fd7b-4bcb-b662-3cc71e0eda05 req-ce0b2f65-fd7b-4bcb-b662-3cc71e0eda05 ] Request (ServerTagsTestJSON:setUpClass): 201 POST http://10.180.1.21/identity/v3/auth/tokens 0.087s
2024-12-10 16:48:06.869 65794 INFO tempest.lib.common.rest_client [req-35269b81-7c4f-40ae-825a-1b05a34622d5 req-35269b81-7c4f-40ae-825a-1b05a34622d5 ] Request (ServerTagsTestJSON:setUpClass): 201 POST http://10.180.1.21/identity/v3/auth/tokens 0.031s
2024-12-10 16:48:06.870 65794 INFO tempest.lib.common.fixed_network [-] (ServerTagsTestJSON:setUpClass) Found network {'id': 'ef240538-f411-4369-8a94-2d83c48a72ca', 'name': 'tempest-ServerTagsTestJSON-982440130-network', 'tenant_id': '4df39d4dfabf4cc4ba8761eb3a0ce73a', 'admin_state_up': True, 'mtu': 8950, 'status': 'ACTIVE', 'subnets': [], 'shared': False, 'project_id': '4df39d4dfabf4cc4ba8761eb3a0ce73a', 'port_security_enabled': True, 'router:external': False, 'provider:network_type': 'vlan', 'provider:physical_network': 'default', 'provider:segmentation_id': 173, 'availability_zone_hints': [], 'availability_zones': [], 'ipv4_address_scope': None, 'ipv6_address_scope': None, 'description': '', 'tags': [], 'created_at': '2024-12-10T16:47:58Z', 'updated_at': '2024-12-10T16:47:58Z', 'revision_number': 1} available for tenant
2024-12-10 16:48:06.917 65757 INFO tempest.lib.common.rest_client [req-7a2a22e9-4db9-47fb-9a6c-7e3e02a11500 req-7a2a22e9-4db9-47fb-9a6c-7e3e02a11500 ] Request (MigrationsAdminTest:test_list_migrations_in_flavor_resize_situation): 200 GET http://10.180.1.21/compute/v2.1/servers/4fa6e38f-dcca-4f65-86d6-1c585deb1c13 2.259s
2024-12-10 16:48:07.026 65784 INFO tempest.lib.common.rest_client [req-8d8480da-9ccd-4b07-aac1-d9a8a64d3c17 req-8d8480da-9ccd-4b07-aac1-d9a8a64d3c17 ] Request (ServerRescueTestJSONUnderV235:setUpClass): 201 POST http://10.180.1.21:9696/networking/v2.0/networks 0.738s
2024-12-10 16:48:07.145 65771 INFO tempest.lib.common.rest_client [req-cab602cb-e512-4e53-9dbe-48c57d322137 req-cab602cb-e512-4e53-9dbe-48c57d322137 ] Request (FlavorsAccessNegativeTestJSON:tearDownClass): 204 DELETE http://10.180.1.21:9696/networking/v2.0/security-groups/c069d13d-fd62-495f-8a39-0e9c0e7e6b1e 0.370s
2024-12-10 16:48:07.177 65781 INFO tempest.lib.common.rest_client [req-f8295ea3-1598-4061-90da-cb899881d47c req-f8295ea3-1598-4061-90da-cb899881d47c ] Request (ServersTestJSON:setUpClass): 201 POST http://10.180.1.21:9696/networking/v2.0/subnets 1.125s
2024-12-10 16:48:07.182 65755 INFO tempest.lib.common.rest_client [req-64a2742e-2a4d-4940-81e3-3378c8b3d961 req-64a2742e-2a4d-4940-81e3-3378c8b3d961 ] Request (ImagesOneServerNegativeTestJSON:setUpClass): 202 POST http://10.180.1.21/compute/v2.1/servers 2.995s
2024-12-10 16:48:07.305 65771 INFO tempest.lib.common.rest_client [req-7727add0-5385-42d0-b271-f64882c9153d req-7727add0-5385-42d0-b271-f64882c9153d ] Request (FlavorsAccessNegativeTestJSON:tearDownClass): 204 DELETE http://10.180.1.21/identity/v3/projects/a11b433275f2485a9c07b17b1bd4f34c 0.159s
2024-12-10 16:48:07.305 65771 INFO tempest.lib.common.dynamic_creds [-] Deleting project and security group for project: b5d1524e392c4aaa8bb267e61327b270
2024-12-10 16:48:07.322 65805 INFO tempest.lib.common.rest_client [req-a4930a3d-fc3e-4654-aa1f-cf5c1adc835e req-a4930a3d-fc3e-4654-aa1f-cf5c1adc835e ] Request (ServerActionsV293TestJSON:setUpClass): 200 GET http://10.180.1.21/volume/v3/volumes/763afde5-c692-44d0-a083-7f09ae379a22 0.041s
2024-12-10 16:48:07.373 65811 INFO tempest.lib.common.rest_client [req-803135f9-e60f-43a2-8da3-a04a6652de30 req-803135f9-e60f-43a2-8da3-a04a6652de30 ] Request (VolumesSnapshotsTestJSON:test_volume_snapshot_create_get_list_delete): 200 POST http://10.180.1.21/compute/v2.1/os-volumes 2.257s
2024-12-10 16:48:07.509 65784 INFO tempest.lib.common.rest_client [req-f81f9e4b-bdb9-4d11-97de-85997adad0a2 req-f81f9e4b-bdb9-4d11-97de-85997adad0a2 ] Request (ServerRescueTestJSONUnderV235:setUpClass): 201 POST http://10.180.1.21:9696/networking/v2.0/subnets 0.482s
2024-12-10 16:48:07.521 65775 INFO tempest.lib.common.rest_client [req-664e3441-5270-48ad-8cbc-557838837aea req-664e3441-5270-48ad-8cbc-557838837aea ] Request (TenantUsagesTestJSON:setUpClass): 200 GET http://10.180.1.21/compute/v2.1/servers/b3d1f811-1d28-40f7-8bf8-c29eb64896c0 2.333s
2024-12-10 16:48:07.688 65799 INFO tempest.lib.common.rest_client [req-4ee80103-7a34-44b3-8178-9f78f2ef5567 req-4ee80103-7a34-44b3-8178-9f78f2ef5567 ] Request (SecurityGroupRulesTestJSON:tearDownClass): 202 DELETE http://10.180.1.21/compute/v2.1/os-security-groups/1db08d25-63fd-4699-94a3-bc82a96b8ead 2.422s
2024-12-10 16:48:07.719 65771 INFO tempest.lib.common.rest_client [req-c26b944f-56db-454e-8fb0-10f983b3c286 req-c26b944f-56db-454e-8fb0-10f983b3c286 ] Request (FlavorsAccessNegativeTestJSON:tearDownClass): 200 GET http://10.180.1.21:9696/networking/v2.0/security-groups?tenant_id=b5d1524e392c4aaa8bb267e61327b270&name=default 0.414s
2024-12-10 16:48:07.732 65797 INFO tempest.lib.common.rest_client [req-00ef1745-408e-4796-8cce-49174700e90c req-00ef1745-408e-4796-8cce-49174700e90c ] Request (ImagesTestJSON:setUpClass): 200 PUT http://10.180.1.21:9696/networking/v2.0/routers/b80d4c7d-de73-4ba3-892d-3a4e22fbce5f/add_router_interface 2.940s
2024-12-10 16:48:07.732 65797 INFO tempest.lib.common.dynamic_creds [-] Created isolated network resources for: credentials: Credentials: {'domain_id': 'default', 'domain_name': 'Default', 'username': 'tempest-ImagesTestJSON-108607288-project-member', 'project_domain_id': 'default', 'project_domain_name': 'Default', 'project_id': '6bdc42fe98fb43d7bd92e2dd789aff93', 'project_name': 'tempest-ImagesTestJSON-108607288', 'tenant_id': '6bdc42fe98fb43d7bd92e2dd789aff93', 'tenant_name': 'tempest-ImagesTestJSON-108607288', 'user_domain_id': 'default', 'user_domain_name': 'Default', 'user_id': '3b328ffc83d344899fcbbb6e9ade1698', 'system': None}, Network: {'id': 'ea4829f0-fe1f-4b60-a6f9-ad4d50f6335a', 'name': 'tempest-ImagesTestJSON-2095508525-network', 'tenant_id': '6bdc42fe98fb43d7bd92e2dd789aff93', 'admin_state_up': True, 'mtu': 8950, 'status': 'ACTIVE', 'subnets': [], 'shared': False, 'project_id': '6bdc42fe98fb43d7bd92e2dd789aff93', 'port_security_enabled': True, 'router:external': False, 'provider:network_type': 'vlan', 'provider:physical_network': 'default', 'provider:segmentation_id': 150, 'availability_zone_hints': [], 'availability_zones': [], 'ipv4_address_scope': None, 'ipv6_address_scope': None, 'description': '', 'tags': [], 'created_at': '2024-12-10T16:48:00Z', 'updated_at': '2024-12-10T16:48:00Z', 'revision_number': 1}, Subnet: {'id': 'cdde0d48-0ab3-477a-87d7-fddd1df2eed1', 'name': 'tempest-ImagesTestJSON-2095508525-subnet', 'tenant_id': '6bdc42fe98fb43d7bd92e2dd789aff93', 'network_id': 'ea4829f0-fe1f-4b60-a6f9-ad4d50f6335a', 'ip_version': 4, 'subnetpool_id': None, 'enable_dhcp': True, 'ipv6_ra_mode': None, 'ipv6_address_mode': None, 'gateway_ip': '192.168.128.1', 'cidr': '192.168.128.0/28', 'allocation_pools': [{'start': '192.168.128.2', 'end': '192.168.128.14'}], 'host_routes': [], 'dns_nameservers': [], 'description': '', 'router:external': False, 'service_types': [], 'tags': [], 'created_at': '2024-12-10T16:48:01Z', 'updated_at': '2024-12-10T16:48:01Z', 'revision_number': 0, 'project_id': '6bdc42fe98fb43d7bd92e2dd789aff93'}, Router: {'id': 'b80d4c7d-de73-4ba3-892d-3a4e22fbce5f', 'name': 'tempest-ImagesTestJSON-2095508525-router', 'tenant_id': '6bdc42fe98fb43d7bd92e2dd789aff93', 'admin_state_up': True, 'status': 'ACTIVE', 'external_gateway_info': {'network_id': '1669711c-670c-4618-9502-0c0acdfb7003', 'external_fixed_ips': [{'subnet_id': 'becb3bc9-c363-40a4-99c4-036f54fba9bb', 'ip_address': '10.180.180.229'}], 'enable_snat': True}, 'description': '', 'availability_zones': [], 'distributed': False, 'ha': False, 'availability_zone_hints': [], 'routes': [], 'flavor_id': None, 'tags': [], 'created_at': '2024-12-10T16:48:01Z', 'updated_at': '2024-12-10T16:48:03Z', 'revision_number': 2, 'project_id': '6bdc42fe98fb43d7bd92e2dd789aff93'}
2024-12-10 16:48:07.772 65803 INFO tempest.lib.common.rest_client [req-17a29f2b-6a7d-4742-8bd9-e5b3be7004b5 req-17a29f2b-6a7d-4742-8bd9-e5b3be7004b5 ] Request (ServersTestMultiNic:test_verify_duplicate_network_nics): 200 GET http://10.180.1.21/compute/v2.1/servers/b7c52283-eada-47fd-887f-a5ad94a0583a 2.231s
2024-12-10 16:48:07.837 65797 INFO tempest.lib.common.rest_client [req-db01ade5-82b5-4c62-be84-69f66ecdfee0 req-db01ade5-82b5-4c62-be84-69f66ecdfee0 ] Request (ImagesTestJSON:setUpClass): 201 POST http://10.180.1.21/identity/v3/auth/tokens 0.102s
2024-12-10 16:48:07.838 65813 INFO tempest.lib.common.rest_client [req-af6e5546-1cee-4c53-9327-85251f5e78af req-af6e5546-1cee-4c53-9327-85251f5e78af ] Request (ImagesOneServerTestJSON:setUpClass): 200 GET http://10.180.1.21/compute/v2.1/servers/846e8df9-b925-4d2e-a90e-4e774c35d0b4 2.215s
2024-12-10 16:48:07.881 65797 INFO tempest.lib.common.rest_client [req-d704d701-75f9-4e36-8ff4-0076d2603c79 req-d704d701-75f9-4e36-8ff4-0076d2603c79 ] Request (ImagesTestJSON:test_create_image_from_stopped_server): 201 POST http://10.180.1.21/identity/v3/auth/tokens 0.038s
2024-12-10 16:48:07.882 65797 INFO tempest.lib.common.fixed_network [-] (ImagesTestJSON:test_create_image_from_stopped_server) Found network {'id': 'ea4829f0-fe1f-4b60-a6f9-ad4d50f6335a', 'name': 'tempest-ImagesTestJSON-2095508525-network', 'tenant_id': '6bdc42fe98fb43d7bd92e2dd789aff93', 'admin_state_up': True, 'mtu': 8950, 'status': 'ACTIVE', 'subnets': [], 'shared': False, 'project_id': '6bdc42fe98fb43d7bd92e2dd789aff93', 'port_security_enabled': True, 'router:external': False, 'provider:network_type': 'vlan', 'provider:physical_network': 'default', 'provider:segmentation_id': 150, 'availability_zone_hints': [], 'availability_zones': [], 'ipv4_address_scope': None, 'ipv6_address_scope': None, 'description': '', 'tags': [], 'created_at': '2024-12-10T16:48:00Z', 'updated_at': '2024-12-10T16:48:00Z', 'revision_number': 1} available for tenant
2024-12-10 16:48:07.896 65771 INFO tempest.lib.common.rest_client [req-c39b330d-bd16-4560-ae4f-478b202e40d6 req-c39b330d-bd16-4560-ae4f-478b202e40d6 ] Request (FlavorsAccessNegativeTestJSON:tearDownClass): 204 DELETE http://10.180.1.21:9696/networking/v2.0/security-groups/61c56c03-6123-41f9-8537-7af016b4c1d8 0.176s
2024-12-10 16:48:07.912 65787 INFO tempest.lib.common.rest_client [req-38bc21dd-46db-4698-b691-98afeb514f95 req-38bc21dd-46db-4698-b691-98afeb514f95 ] Request (VolumesAdminNegativeTest:test_update_attached_volume_with_nonexistent_volume_in_body): 200 GET http://10.180.1.21/compute/v2.1/servers/a06d736c-a704-46e8-a6f7-85d8be40804f 2.288s
2024-12-10 16:48:07.963 65759 INFO tempest.lib.common.rest_client [req-e640d170-e30a-4c39-968e-2e4662473809 req-e640d170-e30a-4c39-968e-2e4662473809 ] Request (ServersAdminTestJSON:setUpClass): 200 GET http://10.180.1.21/compute/v2.1/servers/0ed6ab62-6ae1-4b1a-be2e-a2312334fd86 2.664s
2024-12-10 16:48:07.978 65773 INFO tempest.lib.common.rest_client [req-32eee745-0b2b-4a43-bb09-17c897a0da87 req-32eee745-0b2b-4a43-bb09-17c897a0da87 ] Request (AttachInterfacesUnderV243Test:test_add_remove_fixed_ip): 200 GET http://10.180.1.21/compute/v2.1/servers/7879cf9e-e8ec-45b8-8d1c-fe5595d6eb65 2.272s
2024-12-10 16:48:08.016 65771 INFO tempest.lib.common.rest_client [req-261ce25b-008c-4416-a8df-99acc7bea8db req-261ce25b-008c-4416-a8df-99acc7bea8db ] Request (FlavorsAccessNegativeTestJSON:tearDownClass): 204 DELETE http://10.180.1.21/identity/v3/projects/b5d1524e392c4aaa8bb267e61327b270 0.120s
2024-12-10 16:48:08.016 65771 INFO tempest.lib.common.dynamic_creds [-] Deleting project and security group for project: b764f14271fa4394b535251afaeb7ad5
2024-12-10 16:48:08.070 65791 INFO tempest.lib.common.rest_client [req-8693721b-98a8-4ead-bc14-44c00bf42a7d req-8693721b-98a8-4ead-bc14-44c00bf42a7d ] Request (DeleteServersAdminTestJSON:test_admin_delete_servers_of_others): 200 GET http://10.180.1.21/compute/v2.1/servers/3c5f66f1-c4e4-4ffd-8979-f7f828dc7111 2.264s
2024-12-10 16:48:08.148 65777 INFO tempest.lib.common.rest_client [req-d0371019-1d58-4f56-9ce8-b5dad16ee2f4 req-d0371019-1d58-4f56-9ce8-b5dad16ee2f4 ] Request (ServerDiagnosticsTest:test_get_server_diagnostics): 200 GET http://10.180.1.21/compute/v2.1/servers/42d00bd3-71fa-4c26-a544-489326163d88 2.266s
2024-12-10 16:48:08.356 65771 INFO tempest.lib.common.rest_client [req-96aec7c6-cd87-40b2-b7c5-acc3e47f496a req-96aec7c6-cd87-40b2-b7c5-acc3e47f496a ] Request (FlavorsAccessNegativeTestJSON:tearDownClass): 200 GET http://10.180.1.21:9696/networking/v2.0/security-groups?tenant_id=b764f14271fa4394b535251afaeb7ad5&name=default 0.339s
2024-12-10 16:48:08.372 65805 INFO tempest.lib.common.rest_client [req-800112bc-c7d9-437e-a312-b030df1c7078 req-800112bc-c7d9-437e-a312-b030df1c7078 ] Request (ServerActionsV293TestJSON:setUpClass): 200 GET http://10.180.1.21/volume/v3/volumes/763afde5-c692-44d0-a083-7f09ae379a22 0.039s
2024-12-10 16:48:08.541 65789 INFO tempest.lib.common.rest_client [req-75b47da8-cbec-4a68-9464-8c248a66448f req-75b47da8-cbec-4a68-9464-8c248a66448f ] Request (VolumesAssistedSnapshotsTest:test_volume_assisted_snapshot_create_delete): 200 GET http://10.180.1.21/compute/v2.1/servers/90ea0c16-739a-4132-ac36-e154a846b9c2 2.776s
2024-12-10 16:48:08.555 65785 INFO tempest.lib.common.rest_client [req-1d6d6ffb-3605-4a50-a5bb-a01f6dd416f4 req-1d6d6ffb-3605-4a50-a5bb-a01f6dd416f4 ] Request (AggregatesAdminNegativeTestJSON:test_aggregate_get_details_with_invalid_id): 404 GET http://10.180.1.21/compute/v2.1/os-aggregates/-1 2.410s
2024-12-10 16:48:08.617 65765 INFO tempest.lib.common.rest_client [req-cd9cd237-2941-4914-abad-ff4b08e5621c req-cd9cd237-2941-4914-abad-ff4b08e5621c ] Request (SecurityGroupsNegativeTestJSON:test_delete_the_default_security_group): 200 GET http://10.180.1.21/compute/v2.1/os-security-groups 2.508s
2024-12-10 16:48:08.802 65771 INFO tempest.lib.common.rest_client [req-53f1d2ea-0351-460b-a121-a1e9f876dac1 req-53f1d2ea-0351-460b-a121-a1e9f876dac1 ] Request (FlavorsAccessNegativeTestJSON:tearDownClass): 204 DELETE http://10.180.1.21:9696/networking/v2.0/security-groups/12001e38-dfb7-4eb2-8692-ed6d7ba466c6 0.445s
2024-12-10 16:48:08.813 65763 INFO tempest.lib.common.rest_client [req-03fdea51-33c8-4a4a-8e61-70bf71c3fa86 req-03fdea51-33c8-4a4a-8e61-70bf71c3fa86 ] Request (ServerDiagnosticsNegativeTest:test_get_server_diagnostics_by_non_admin): 200 GET http://10.180.1.21/compute/v2.1/servers/043e14a3-df5a-4098-b147-c6460bb85423 2.303s
2024-12-10 16:48:08.919 65781 INFO tempest.lib.common.rest_client [req-7256663d-2380-4a60-8da6-632715cfb00a req-7256663d-2380-4a60-8da6-632715cfb00a ] Request (ServersTestJSON:setUpClass): 201 POST http://10.180.1.21:9696/networking/v2.0/routers 1.742s
2024-12-10 16:48:08.926 65771 INFO tempest.lib.common.rest_client [req-a5650363-7ebc-46ba-8fb3-1f64c984ddf9 req-a5650363-7ebc-46ba-8fb3-1f64c984ddf9 ] Request (FlavorsAccessNegativeTestJSON:tearDownClass): 204 DELETE http://10.180.1.21/identity/v3/projects/b764f14271fa4394b535251afaeb7ad5 0.123s
2024-12-10 16:48:08.952 65767 INFO tempest.lib.common.rest_client [req-a1658ab1-7052-480e-acf6-78779cb44471 req-a1658ab1-7052-480e-acf6-78779cb44471 ] Request (QuotasAdminTestJSON:_run_cleanups): 200 PUT http://10.180.1.21/compute/v2.1/os-quota-sets/7a5ff3336b9e478991899a3c936db97b 2.288s
2024-12-10 16:48:08.979 65753 INFO tempest.lib.common.rest_client [req-092058f9-9a1b-4dde-b90a-f4377ebe3ff9 req-092058f9-9a1b-4dde-b90a-f4377ebe3ff9 ] Request (FlavorsAdminTestJSON:test_is_public_string_variations): 200 POST http://10.180.1.21/compute/v2.1/flavors 2.282s
2024-12-10 16:48:09.015 65771 INFO tempest.lib.common.rest_client [req-e12224c2-3243-4193-bfe1-8f313eff1892 req-e12224c2-3243-4193-bfe1-8f313eff1892 ] Request (QuotaClassesAdminTestJSON:setUpClass): 201 POST http://10.180.1.21/identity/v3/auth/tokens 0.088s
2024-12-10 16:48:09.067 65809 INFO tempest.lib.common.rest_client [req-d2c0d97f-e5db-4d03-bea2-1f07168298a8 req-d2c0d97f-e5db-4d03-bea2-1f07168298a8 ] Request (InstanceActionsTestJSON:setUpClass): 200 GET http://10.180.1.21/compute/v2.1/servers/f2658dfa-baed-4ff3-8c7e-733bbcf1916e 2.348s
2024-12-10 16:48:09.078 65751 INFO tempest.lib.common.rest_client [req-3c6e65f6-6684-4acd-b341-6fd20a55b050 req-3c6e65f6-6684-4acd-b341-6fd20a55b050 ] Request (QuotasAdminTestV236:test_get_updated_quotas): 200 GET http://10.180.1.21/identity/v3/domains?name=Default 0.074s
2024-12-10 16:48:09.119 65767 INFO tempest.lib.common.rest_client [req-42b46e64-226f-4a13-be81-4359b2ad5b60 req-42b46e64-226f-4a13-be81-4359b2ad5b60 ] Request (QuotasAdminTestJSON:tearDownClass): 204 DELETE http://10.180.1.21/identity/v3/users/8718f84d35ec46c5a2dcd3881915abbf 0.162s
2024-12-10 16:48:09.130 65795 INFO tempest.lib.common.rest_client [req-8284f9a3-65ab-49c9-887f-8746e2ff0a41 req-8284f9a3-65ab-49c9-887f-8746e2ff0a41 ] Request (KeyPairsV22TestJSON:test_keypairsv22_create_list_show_with_type): 201 POST http://10.180.1.21/compute/v2.1/os-keypairs 2.451s
2024-12-10 16:48:09.144 65801 INFO tempest.lib.common.rest_client [req-a273c98f-fa61-451f-9334-ff309ff330f8 req-a273c98f-fa61-451f-9334-ff309ff330f8 ] Request (ServerShowV254Test:test_rebuild_server): 200 GET http://10.180.1.21/compute/v2.1/servers/aacc6f1c-56d6-43b9-9c40-5ea49b40a657 2.333s
2024-12-10 16:48:09.152 65801 INFO tempest.common.waiters [-] State transition "REBUILD/rebuild_block_device_mapping" ==> "REBUILD/rebuild_spawning" after 6 second wait
2024-12-10 16:48:09.173 65771 INFO tempest.lib.common.rest_client [req-3c6ca6fa-4560-4a80-83cd-14bf4c196ae8 req-3c6ca6fa-4560-4a80-83cd-14bf4c196ae8 ] Request (QuotaClassesAdminTestJSON:setUpClass): 201 POST http://10.180.1.21/identity/v3/auth/tokens 0.155s
2024-12-10 16:48:09.208 65751 INFO tempest.lib.common.rest_client [req-9936abf5-efe3-4fae-b604-5c5dae07c64c req-9936abf5-efe3-4fae-b604-5c5dae07c64c ] Request (QuotasAdminTestV236:test_get_updated_quotas): 201 POST http://10.180.1.21/identity/v3/projects 0.130s
2024-12-10 16:48:09.306 65767 INFO tempest.lib.common.rest_client [req-a53400d9-9b6e-4ec5-bab6-d45549980b0d req-a53400d9-9b6e-4ec5-bab6-d45549980b0d ] Request (QuotasAdminTestJSON:tearDownClass): 204 DELETE http://10.180.1.21/identity/v3/users/8db413ca89924d63bf00f6b1797bc371 0.187s
2024-12-10 16:48:09.306 65767 INFO tempest.lib.common.dynamic_creds [-] Deleting project and security group for project: 7a5ff3336b9e478991899a3c936db97b
2024-12-10 16:48:09.366 65771 INFO tempest.lib.common.rest_client [req-3bd1f10b-254f-4c82-b33e-49d39db034e1 req-3bd1f10b-254f-4c82-b33e-49d39db034e1 ] Request (QuotaClassesAdminTestJSON:setUpClass): 200 GET http://10.180.1.21/identity/v3/domains?name=Default 0.192s
2024-12-10 16:48:09.406 65767 INFO tempest.lib.common.rest_client [req-fee2878d-2966-45f5-9cc3-ce6b4a82da86 req-fee2878d-2966-45f5-9cc3-ce6b4a82da86 ] Request (QuotasAdminTestJSON:tearDownClass): 201 POST http://10.180.1.21/identity/v3/auth/tokens 0.099s
2024-12-10 16:48:09.426 65779 INFO tempest.lib.common.rest_client [req-7c6a9676-3d4d-4eb8-9828-34e0a9a3997c req-7c6a9676-3d4d-4eb8-9828-34e0a9a3997c ] Request (ServersWithSpecificFlavorTestJSON:test_verify_created_server_ephemeral_disk): 200 GET http://10.180.1.21/compute/v2.1/servers/2f917745-28ef-4dfe-8c09-45c15a80145d 2.442s
2024-12-10 16:48:09.427 65769 INFO tempest.lib.common.rest_client [req-94adf316-071d-4e17-8ceb-1f5f7a6284ce req-94adf316-071d-4e17-8ceb-1f5f7a6284ce ] Request (ServersTestFqdnHostnames:setUpClass): 200 PUT http://10.180.1.21:9696/networking/v2.0/routers/6f4f2d8b-7dfe-4fbc-93f7-475fab3efd06/add_router_interface 3.414s
2024-12-10 16:48:09.427 65769 INFO tempest.lib.common.dynamic_creds [-] Created isolated network resources for: credentials: Credentials: {'domain_id': 'default', 'domain_name': 'Default', 'username': 'tempest-ServersTestFqdnHostnames-1922088013-project-member', 'project_domain_id': 'default', 'project_domain_name': 'Default', 'project_id': '05ec4bd31e8941ee9fc67f16798a9227', 'project_name': 'tempest-ServersTestFqdnHostnames-1922088013', 'tenant_id': '05ec4bd31e8941ee9fc67f16798a9227', 'tenant_name': 'tempest-ServersTestFqdnHostnames-1922088013', 'user_domain_id': 'default', 'user_domain_name': 'Default', 'user_id': '930d73edc460442fb50a878bb76b9200', 'system': None}, Network: {'id': '637634a0-8c6d-4e06-945b-58f2e86d4edf', 'name': 'tempest-ServersTestFqdnHostnames-2105723280-network', 'tenant_id': '05ec4bd31e8941ee9fc67f16798a9227', 'admin_state_up': True, 'mtu': 8950, 'status': 'ACTIVE', 'subnets': [], 'shared': False, 'project_id': '05ec4bd31e8941ee9fc67f16798a9227', 'port_security_enabled': True, 'router:external': False, 'provider:network_type': 'vlan', 'provider:physical_network': 'default', 'provider:segmentation_id': 513, 'availability_zone_hints': [], 'availability_zones': [], 'ipv4_address_scope': None, 'ipv6_address_scope': None, 'description': '', 'tags': [], 'created_at': '2024-12-10T16:48:03Z', 'updated_at': '2024-12-10T16:48:03Z', 'revision_number': 1}, Subnet: {'id': '538e6df2-78bf-48eb-afbf-a80dc37222cd', 'name': 'tempest-ServersTestFqdnHostnames-2105723280-subnet', 'tenant_id': '05ec4bd31e8941ee9fc67f16798a9227', 'network_id': '637634a0-8c6d-4e06-945b-58f2e86d4edf', 'ip_version': 4, 'subnetpool_id': None, 'enable_dhcp': True, 'ipv6_ra_mode': None, 'ipv6_address_mode': None, 'gateway_ip': '192.168.128.1', 'cidr': '192.168.128.0/28', 'allocation_pools': [{'start': '192.168.128.2', 'end': '192.168.128.14'}], 'host_routes': [], 'dns_nameservers': [], 'description': '', 'router:external': False, 'service_types': [], 'tags': [], 'created_at': '2024-12-10T16:48:03Z', 'updated_at': '2024-12-10T16:48:03Z', 'revision_number': 0, 'project_id': '05ec4bd31e8941ee9fc67f16798a9227'}, Router: {'id': '6f4f2d8b-7dfe-4fbc-93f7-475fab3efd06', 'name': 'tempest-ServersTestFqdnHostnames-2105723280-router', 'tenant_id': '05ec4bd31e8941ee9fc67f16798a9227', 'admin_state_up': True, 'status': 'ACTIVE', 'external_gateway_info': {'network_id': '1669711c-670c-4618-9502-0c0acdfb7003', 'external_fixed_ips': [{'subnet_id': 'becb3bc9-c363-40a4-99c4-036f54fba9bb', 'ip_address': '10.180.180.165'}], 'enable_snat': True}, 'description': '', 'availability_zones': [], 'distributed': False, 'ha': False, 'availability_zone_hints': [], 'routes': [], 'flavor_id': None, 'tags': [], 'created_at': '2024-12-10T16:48:04Z', 'updated_at': '2024-12-10T16:48:05Z', 'revision_number': 2, 'project_id': '05ec4bd31e8941ee9fc67f16798a9227'}
2024-12-10 16:48:09.436 65751 INFO tempest.lib.common.rest_client [req-90c11f63-d879-4f70-be8e-8336bf674b33 req-90c11f63-d879-4f70-be8e-8336bf674b33 ] Request (QuotasAdminTestV236:test_get_updated_quotas): 200 GET http://10.180.1.21/identity/v3/domains?name=Default 0.227s
2024-12-10 16:48:09.437 65805 INFO tempest.lib.common.rest_client [req-7223d00c-a1d8-4c0e-adab-2ab3473b86e0 req-7223d00c-a1d8-4c0e-adab-2ab3473b86e0 ] Request (ServerActionsV293TestJSON:setUpClass): 200 GET http://10.180.1.21/volume/v3/volumes/763afde5-c692-44d0-a083-7f09ae379a22 0.052s
2024-12-10 16:48:09.461 65771 INFO tempest.lib.common.rest_client [req-8fd1001d-95ad-41d5-9c08-ee71227f409f req-8fd1001d-95ad-41d5-9c08-ee71227f409f ] Request (QuotaClassesAdminTestJSON:setUpClass): 201 POST http://10.180.1.21/identity/v3/projects 0.095s
2024-12-10 16:48:09.526 65761 INFO tempest.lib.common.rest_client [req-911f5fb2-bf25-40b3-85cd-05db88699429 req-911f5fb2-bf25-40b3-85cd-05db88699429 ] Request (ListImageFiltersTestJSON:setUpClass): 200 GET http://10.180.1.21/compute/v2.1/servers/9287b8eb-487d-4f51-9e7c-90c016a1c8e2 2.417s
2024-12-10 16:48:09.600 65755 INFO tempest.lib.common.rest_client [req-8dbbcab5-56de-45b3-a710-e777004ab1e3 req-8dbbcab5-56de-45b3-a710-e777004ab1e3 ] Request (ImagesOneServerNegativeTestJSON:setUpClass): 200 GET http://10.180.1.21/compute/v2.1/servers/93098210-ca91-41b4-9b12-96fa105a2ab3 2.416s
2024-12-10 16:48:09.621 65769 INFO tempest.lib.common.rest_client [req-3278f0ae-dde1-41b8-9ed6-ec81f4a50555 req-3278f0ae-dde1-41b8-9ed6-ec81f4a50555 ] Request (ServersTestFqdnHostnames:setUpClass): 201 POST http://10.180.1.21/identity/v3/auth/tokens 0.182s
2024-12-10 16:48:09.665 65811 INFO tempest.lib.common.rest_client [req-90af9181-8280-4a58-ad8f-57c50ad25f62 req-90af9181-8280-4a58-ad8f-57c50ad25f62 ] Request (VolumesSnapshotsTestJSON:test_volume_snapshot_create_get_list_delete): 200 GET http://10.180.1.21/compute/v2.1/os-volumes/bf243138-b4f2-4785-8583-ee2745c50fac 2.288s
2024-12-10 16:48:09.669 65811 INFO tempest.common.waiters [-] volume bf243138-b4f2-4785-8583-ee2745c50fac reached available after waiting for 0.669278 seconds
2024-12-10 16:48:09.724 65771 INFO tempest.lib.common.rest_client [req-f5a8395d-4ec1-4c4a-bfa6-a57bc0ca97a5 req-f5a8395d-4ec1-4c4a-bfa6-a57bc0ca97a5 ] Request (QuotaClassesAdminTestJSON:setUpClass): 201 POST http://10.180.1.21/identity/v3/users 0.262s
2024-12-10 16:48:09.752 65771 INFO tempest.lib.common.rest_client [req-64e60076-0b23-4654-8713-de6fb32a65ed req-64e60076-0b23-4654-8713-de6fb32a65ed ] Request (QuotaClassesAdminTestJSON:setUpClass): 200 GET http://10.180.1.21/identity/v3/roles 0.028s
2024-12-10 16:48:09.790 65771 INFO tempest.lib.common.rest_client [req-a5441aac-584e-4a3f-8e6e-59bd1da05b94 req-a5441aac-584e-4a3f-8e6e-59bd1da05b94 ] Request (QuotaClassesAdminTestJSON:setUpClass): 204 PUT http://10.180.1.21/identity/v3/projects/0c3123cb96964a9aaa45244a8c69aefa/users/8d90eff1234742dda162c3982ad2b533/roles/b261642b0f9a4a848851821b247d0f34 0.037s
2024-12-10 16:48:09.790 65771 INFO tempest.lib.common.dynamic_creds [-] Dynamic test user 8d90eff1234742dda162c3982ad2b533 is created with scope project and roles: ['member']
2024-12-10 16:48:09.791 65771 INFO tempest.lib.common.dynamic_creds [-] Acquired dynamic creds: credentials: Credentials: {'domain_id': 'default', 'domain_name': 'Default', 'username': 'tempest-QuotaClassesAdminTestJSON-1048354527-project-member', 'project_domain_id': 'default', 'project_domain_name': 'Default', 'project_id': '0c3123cb96964a9aaa45244a8c69aefa', 'project_name': 'tempest-QuotaClassesAdminTestJSON-1048354527', 'tenant_id': '0c3123cb96964a9aaa45244a8c69aefa', 'tenant_name': 'tempest-QuotaClassesAdminTestJSON-1048354527', 'user_domain_id': 'default', 'user_domain_name': 'Default', 'user_id': '8d90eff1234742dda162c3982ad2b533', 'system': None}, Network: None, Subnet: None, Router: None
2024-12-10 16:48:09.791 65771 INFO tempest.lib.common.dynamic_creds [-] Created isolated network resources for: credentials: Credentials: {'domain_id': 'default', 'domain_name': 'Default', 'username': 'tempest-QuotaClassesAdminTestJSON-1048354527-project-member', 'project_domain_id': 'default', 'project_domain_name': 'Default', 'project_id': '0c3123cb96964a9aaa45244a8c69aefa', 'project_name': 'tempest-QuotaClassesAdminTestJSON-1048354527', 'tenant_id': '0c3123cb96964a9aaa45244a8c69aefa', 'tenant_name': 'tempest-QuotaClassesAdminTestJSON-1048354527', 'user_domain_id': 'default', 'user_domain_name': 'Default', 'user_id': '8d90eff1234742dda162c3982ad2b533', 'system': None}, Network: None, Subnet: None, Router: None
2024-12-10 16:48:09.885 65771 INFO tempest.lib.common.rest_client [req-b065a066-a621-47c2-b41c-caebe41ca007 req-b065a066-a621-47c2-b41c-caebe41ca007 ] Request (QuotaClassesAdminTestJSON:setUpClass): 201 POST http://10.180.1.21/identity/v3/auth/tokens 0.088s
2024-12-10 16:48:09.902 65784 INFO tempest.lib.common.rest_client [req-9df14598-aeeb-4eaa-bfff-ac527f4aead6 req-9df14598-aeeb-4eaa-bfff-ac527f4aead6 ] Request (ServerRescueTestJSONUnderV235:setUpClass): 201 POST http://10.180.1.21:9696/networking/v2.0/routers 2.393s
2024-12-10 16:48:09.946 65771 INFO tempest.lib.common.rest_client [req-1af32e56-8433-4e93-afdc-ced713c88505 req-1af32e56-8433-4e93-afdc-ced713c88505 ] Request (QuotaClassesAdminTestJSON:setUpClass): 201 POST http://10.180.1.21/identity/v3/projects 0.059s
2024-12-10 16:48:10.002 65767 INFO tempest.lib.common.rest_client [req-b636a51e-fcf2-4157-893e-1ab4c2696017 req-b636a51e-fcf2-4157-893e-1ab4c2696017 ] Request (QuotasAdminTestJSON:tearDownClass): 200 GET http://10.180.1.21:9696/networking/v2.0/security-groups?tenant_id=7a5ff3336b9e478991899a3c936db97b&name=default 0.595s
2024-12-10 16:48:10.004 65771 INFO tempest.lib.common.rest_client [req-2e874461-1b23-4f39-9ebc-5a1818e40d6c req-2e874461-1b23-4f39-9ebc-5a1818e40d6c ] Request (QuotaClassesAdminTestJSON:setUpClass): 201 POST http://10.180.1.21/identity/v3/users 0.057s
2024-12-10 16:48:10.023 65771 INFO tempest.lib.common.rest_client [req-d004c6aa-131d-4ebc-9dd0-068db987539d req-d004c6aa-131d-4ebc-9dd0-068db987539d ] Request (QuotaClassesAdminTestJSON:setUpClass): 200 GET http://10.180.1.21/identity/v3/roles 0.018s
2024-12-10 16:48:10.054 65771 INFO tempest.lib.common.rest_client [req-30fbf66b-5446-4805-9061-24c18022f9f4 req-30fbf66b-5446-4805-9061-24c18022f9f4 ] Request (QuotaClassesAdminTestJSON:setUpClass): 204 PUT http://10.180.1.21/identity/v3/projects/05db6a424f964feea9074a96ee453f1d/users/53d63762a2384adfb40bcbfcd415dc61/roles/9f5955269fd14c6e9155ee457e9157d9 0.030s
2024-12-10 16:48:10.078 65808 INFO tempest.lib.common.rest_client [req-f4fbd7cf-0d7e-4866-bfcc-88438ebf8581 req-f4fbd7cf-0d7e-4866-bfcc-88438ebf8581 ] Request (ServerMetadataNegativeTestJSON:setUpClass): 200 GET http://10.180.1.21/compute/v2.1/servers/7c5d1740-92ba-4d4b-a557-10f8ea58e883 2.691s
2024-12-10 16:48:10.085 65808 INFO tempest.common.waiters [-] State transition "BUILD/networking" ==> "BUILD/spawning" after 18 second wait
2024-12-10 16:48:10.106 65771 INFO tempest.lib.common.rest_client [req-4128ae6a-4f42-4ff4-ba85-271855a02ac5 req-4128ae6a-4f42-4ff4-ba85-271855a02ac5 ] Request (QuotaClassesAdminTestJSON:setUpClass): 200 GET http://10.180.1.21/identity/v3/roles 0.051s
2024-12-10 16:48:10.123 65771 INFO tempest.lib.common.rest_client [req-ad73590d-bba2-4a9b-91b0-a0127dfc2a8f req-ad73590d-bba2-4a9b-91b0-a0127dfc2a8f ] Request (QuotaClassesAdminTestJSON:setUpClass): 204 PUT http://10.180.1.21/identity/v3/projects/05db6a424f964feea9074a96ee453f1d/users/53d63762a2384adfb40bcbfcd415dc61/roles/9f5955269fd14c6e9155ee457e9157d9 0.017s
2024-12-10 16:48:10.124 65771 INFO tempest.lib.common.dynamic_creds [-] Dynamic test user 53d63762a2384adfb40bcbfcd415dc61 is created with scope project and roles: ['admin']
2024-12-10 16:48:10.124 65771 INFO tempest.lib.common.dynamic_creds [-] Acquired dynamic creds: credentials: Credentials: {'domain_id': 'default', 'domain_name': 'Default', 'username': 'tempest-QuotaClassesAdminTestJSON-13061070-project-admin', 'project_domain_id': 'default', 'project_domain_name': 'Default', 'project_id': '05db6a424f964feea9074a96ee453f1d', 'project_name': 'tempest-QuotaClassesAdminTestJSON-13061070', 'tenant_id': '05db6a424f964feea9074a96ee453f1d', 'tenant_name': 'tempest-QuotaClassesAdminTestJSON-13061070', 'user_domain_id': 'default', 'user_domain_name': 'Default', 'user_id': '53d63762a2384adfb40bcbfcd415dc61', 'system': None}, Network: None, Subnet: None, Router: None
2024-12-10 16:48:10.124 65771 INFO tempest.lib.common.dynamic_creds [-] Created isolated network resources for: credentials: Credentials: {'domain_id': 'default', 'domain_name': 'Default', 'username': 'tempest-QuotaClassesAdminTestJSON-13061070-project-admin', 'project_domain_id': 'default', 'project_domain_name': 'Default', 'project_id': '05db6a424f964feea9074a96ee453f1d', 'project_name': 'tempest-QuotaClassesAdminTestJSON-13061070', 'tenant_id': '05db6a424f964feea9074a96ee453f1d', 'tenant_name': 'tempest-QuotaClassesAdminTestJSON-13061070', 'user_domain_id': 'default', 'user_domain_name': 'Default', 'user_id': '53d63762a2384adfb40bcbfcd415dc61', 'system': None}, Network: None, Subnet: None, Router: None
2024-12-10 16:48:10.204 65771 INFO tempest.lib.common.rest_client [req-216cb1a0-f14e-4a25-94f6-90d0a7867627 req-216cb1a0-f14e-4a25-94f6-90d0a7867627 ] Request (QuotaClassesAdminTestJSON:setUpClass): 201 POST http://10.180.1.21/identity/v3/auth/tokens 0.077s
2024-12-10 16:48:10.225 65794 INFO tempest.lib.common.rest_client [req-28abe8d1-aeb0-4e96-ac7a-19cf15c0c002 req-28abe8d1-aeb0-4e96-ac7a-19cf15c0c002 ] Request (ServerTagsTestJSON:setUpClass): 202 POST http://10.180.1.21/compute/v2.1/servers 3.351s
2024-12-10 16:48:10.358 65767 INFO tempest.lib.common.rest_client [req-d5d48f2d-09b9-49eb-bd42-77363568c9eb req-d5d48f2d-09b9-49eb-bd42-77363568c9eb ] Request (QuotasAdminTestJSON:tearDownClass): 204 DELETE http://10.180.1.21:9696/networking/v2.0/security-groups/a38cdd4c-323f-4d31-a32b-06682222286f 0.355s
2024-12-10 16:48:10.359 65799 INFO tempest.lib.common.rest_client [req-8a94989e-de18-4b30-b0df-51b61faf150c req-8a94989e-de18-4b30-b0df-51b61faf150c ] Request (SecurityGroupRulesTestJSON:tearDownClass): 202 DELETE http://10.180.1.21/compute/v2.1/os-security-groups/11f39917-f7c6-4920-b966-755d0072b8d7 2.671s
2024-12-10 16:48:10.516 65805 INFO tempest.lib.common.rest_client [req-561a1217-e60a-4f1c-b6ac-374607513b24 req-561a1217-e60a-4f1c-b6ac-374607513b24 ] Request (ServerActionsV293TestJSON:setUpClass): 200 GET http://10.180.1.21/volume/v3/volumes/763afde5-c692-44d0-a083-7f09ae379a22 0.065s
2024-12-10 16:48:10.523 65805 INFO tempest.common.waiters [-] volume 763afde5-c692-44d0-a083-7f09ae379a22 reached available after waiting for 20.523154 seconds
2024-12-10 16:48:10.553 65767 INFO tempest.lib.common.rest_client [req-90b87e53-ff38-4604-a2df-999707925255 req-90b87e53-ff38-4604-a2df-999707925255 ] Request (QuotasAdminTestJSON:tearDownClass): 204 DELETE http://10.180.1.21/identity/v3/projects/7a5ff3336b9e478991899a3c936db97b 0.195s
2024-12-10 16:48:10.554 65767 INFO tempest.lib.common.dynamic_creds [-] Deleting project and security group for project: 3b4c3ad361f34e1984d4f0e6652284d4
2024-12-10 16:48:10.757 65757 INFO tempest.lib.common.rest_client [req-eda6c133-b8fb-4c1e-a50e-e1bfdb64bbee req-eda6c133-b8fb-4c1e-a50e-e1bfdb64bbee ] Request (MigrationsAdminTest:test_list_migrations_in_flavor_resize_situation): 200 GET http://10.180.1.21/compute/v2.1/servers/4fa6e38f-dcca-4f65-86d6-1c585deb1c13 2.832s
2024-12-10 16:48:10.987 65767 INFO tempest.lib.common.rest_client [req-6f26d12b-c3a5-4661-afc9-d66f7d40b062 req-6f26d12b-c3a5-4661-afc9-d66f7d40b062 ] Request (QuotasAdminTestJSON:tearDownClass): 200 GET http://10.180.1.21:9696/networking/v2.0/security-groups?tenant_id=3b4c3ad361f34e1984d4f0e6652284d4&name=default 0.433s
2024-12-10 16:48:11.044 65775 INFO tempest.lib.common.rest_client [req-dda04d4d-fdbf-4f62-b117-a20617024d30 req-dda04d4d-fdbf-4f62-b117-a20617024d30 ] Request (TenantUsagesTestJSON:setUpClass): 200 GET http://10.180.1.21/compute/v2.1/servers/b3d1f811-1d28-40f7-8bf8-c29eb64896c0 2.514s
2024-12-10 16:48:11.053 65785 INFO tempest.lib.common.rest_client [req-67b40475-f16a-4163-b4f2-c6753f5ef536 req-67b40475-f16a-4163-b4f2-c6753f5ef536 ] Request (AggregatesAdminNegativeTestJSON:test_aggregate_list_as_user): 403 GET http://10.180.1.21/compute/v2.1/os-aggregates 2.497s
2024-12-10 16:48:11.261 65765 INFO tempest.lib.common.rest_client [req-ed95f92e-6be5-4e1c-adbc-fc68b66a62f9 req-ed95f92e-6be5-4e1c-adbc-fc68b66a62f9 ] Request (SecurityGroupsNegativeTestJSON:test_delete_the_default_security_group): 400 DELETE http://10.180.1.21/compute/v2.1/os-security-groups/26a7516a-65ac-4646-af63-62cbeed1f887 2.637s
2024-12-10 16:48:11.265 65767 INFO tempest.lib.common.rest_client [req-069299b2-8c85-4053-9282-0020b4190126 req-069299b2-8c85-4053-9282-0020b4190126 ] Request (QuotasAdminTestJSON:tearDownClass): 204 DELETE http://10.180.1.21:9696/networking/v2.0/security-groups/f237fe74-641e-45c1-9cca-fbbe350a5b7c 0.277s
2024-12-10 16:48:11.273 65781 INFO tempest.lib.common.rest_client [req-8fea2bf2-41bf-4ba0-bf07-a55c3b3481fd req-8fea2bf2-41bf-4ba0-bf07-a55c3b3481fd ] Request (ServersTestJSON:setUpClass): 200 PUT http://10.180.1.21:9696/networking/v2.0/routers/11362341-21e9-496d-96e2-3a0a529682f8/add_router_interface 2.353s
