2024-12-10 16:47:36.385 65773 INFO tempest.lib.common.rest_client [req-d2353ac1-a891-4fa5-b4f5-1c8994bc98e0 req-d2353ac1-a891-4fa5-b4f5-1c8994bc98e0 ] Request (TenantUsagesNegativeTestJSON:tearDownClass): 204 DELETE http://10.180.1.21:9696/networking/v2.0/security-groups/298f32fe-f079-4542-b5e5-aa60f5098611 0.195s
2024-12-10 16:47:36.474 65811 INFO tempest.lib.common.rest_client [req-13a1ca25-a3ee-4880-99b3-417ffe0d545f req-13a1ca25-a3ee-4880-99b3-417ffe0d545f ] Request (FlavorMetadataValidation:tearDownClass): 201 POST http://10.180.1.21/identity/v3/auth/tokens 0.361s
2024-12-10 16:47:36.514 65805 INFO tempest.lib.common.rest_client [req-7b040f9d-2cb6-49c1-a4fb-f6f43eb5a982 req-7b040f9d-2cb6-49c1-a4fb-f6f43eb5a982 ] Request (ServicesAdminTestJSON:tearDownClass): 200 GET http://10.180.1.21:9696/networking/v2.0/security-groups?tenant_id=1f179360cecf4337a0b0951e6d44bb61&name=default 0.202s
2024-12-10 16:47:36.580 65803 INFO tempest.lib.common.rest_client [req-0203a3d7-f954-490a-92f1-48fb22636889 req-0203a3d7-f954-490a-92f1-48fb22636889 ] Request (FlavorsV261TestJSON:tearDownClass): 204 DELETE http://10.180.1.21/identity/v3/projects/b407293cbc824cb09b2eb72dc158be15 0.278s
2024-12-10 16:47:36.626 65795 INFO tempest.lib.common.rest_client [req-af0684c1-d43e-4ed8-9481-e00b73decc72 req-af0684c1-d43e-4ed8-9481-e00b73decc72 ] Request (KeyPairsV22TestJSON:setUpClass): 201 POST http://10.180.1.21/identity/v3/auth/tokens 0.242s
2024-12-10 16:47:36.687 65805 INFO tempest.lib.common.rest_client [req-9464cdb3-ca14-4a58-8b83-9e63b0d864a8 req-9464cdb3-ca14-4a58-8b83-9e63b0d864a8 ] Request (ServicesAdminTestJSON:tearDownClass): 204 DELETE http://10.180.1.21:9696/networking/v2.0/security-groups/70fd6b4c-1829-48d3-adfa-e91c677da24b 0.172s
2024-12-10 16:47:36.720 65773 INFO tempest.lib.common.rest_client [req-0baa184b-6f32-4f86-98b8-4e6639870a52 req-0baa184b-6f32-4f86-98b8-4e6639870a52 ] Request (TenantUsagesNegativeTestJSON:tearDownClass): 204 DELETE http://10.180.1.21/identity/v3/projects/ec07fc55bb1f41db86ff8e84575dc773 0.331s
2024-12-10 16:47:36.807 65769 INFO tempest.lib.common.rest_client [req-5ca7afe6-d1fa-4d32-8aac-1bd7938226a7 req-5ca7afe6-d1fa-4d32-8aac-1bd7938226a7 ] Request (NetworksTest:tearDownClass): 200 GET http://10.180.1.21:9696/networking/v2.0/security-groups?tenant_id=ffe47062fa52496b9f29b9725523db81&name=default 0.585s
2024-12-10 16:47:36.869 65809 INFO tempest.lib.common.rest_client [req-77847416-b4da-41d0-a7e0-09b173e9167d req-77847416-b4da-41d0-a7e0-09b173e9167d ] Request (FloatingIPDetailsNegativeTestJSON:setUpClass): 201 POST http://10.180.1.21:9696/networking/v2.0/subnets 0.624s
2024-12-10 16:47:36.880 65771 INFO tempest.lib.common.rest_client [req-57ccd492-fd9a-43fb-9542-f48c74724d02 req-57ccd492-fd9a-43fb-9542-f48c74724d02 ] Request (FlavorsAccessNegativeTestJSON:_run_cleanups): 200 POST http://10.180.1.21/compute/v2.1/flavors/1891626828/action 1.662s
2024-12-10 16:47:36.900 65797 INFO tempest.lib.common.rest_client [req-221cd849-7837-436e-a978-86e419fbe6ab req-221cd849-7837-436e-a978-86e419fbe6ab ] Request (QuotasAdminNegativeTest:_run_cleanups): 200 PUT http://10.180.1.21/compute/v2.1/os-quota-sets/3c4b9ea537914cdbae331cc6b9ff9136 1.836s
2024-12-10 16:47:36.911 65803 INFO tempest.lib.common.rest_client [req-8581a69c-dab6-435f-b553-88fe2895ba69 req-8581a69c-dab6-435f-b553-88fe2895ba69 ] Request (ServersTestMultiNic:setUpClass): 201 POST http://10.180.1.21/identity/v3/auth/tokens 0.328s
2024-12-10 16:47:36.912 65794 INFO tempest.lib.common.rest_client [req-43627a20-ac7a-409f-b19f-00b276a72257 req-43627a20-ac7a-409f-b19f-00b276a72257 ] Request (HypervisorAdminTestJSON:test_get_hypervisor_show_details): 200 GET http://10.180.1.21/compute/v2.1/os-hypervisors/1 1.514s
2024-12-10 16:47:36.917 65759 INFO tempest.lib.common.rest_client [req-7ce8a92c-5ee0-45b9-8bdb-906d243b9938 req-7ce8a92c-5ee0-45b9-8bdb-906d243b9938 ] Request (ServersAdminTestJSON:setUpClass): 201 POST http://10.180.1.21:9696/networking/v2.0/routers 1.383s
2024-12-10 16:47:36.923 65753 INFO tempest.lib.common.rest_client [req-717eb03d-c718-4c63-97df-f525f2a864be req-717eb03d-c718-4c63-97df-f525f2a864be ] Request (FlavorsAdminTestJSON:test_create_flavor_verify_entry_in_list_details): 200 GET http://10.180.1.21/compute/v2.1/flavors/detail 1.501s
2024-12-10 16:47:36.926 65777 INFO tempest.lib.common.rest_client [req-710bad1f-93cd-41e7-9661-ea328dcdc991 req-710bad1f-93cd-41e7-9661-ea328dcdc991 ] Request (HostsAdminNegativeTestJSON:test_show_host_detail_with_non_admin_user): 403 GET http://10.180.1.21/compute/v2.1/os-hosts/devstack 1.452s
2024-12-10 16:47:36.929 65755 INFO tempest.lib.common.rest_client [req-23c83b24-03f6-489a-978c-5ea0401b9461 req-23c83b24-03f6-489a-978c-5ea0401b9461 ] Request (FlavorsAccessTestJSON:_run_cleanups): 202 DELETE http://10.180.1.21/compute/v2.1/flavors/11706417 1.487s
2024-12-10 16:47:36.942 65795 INFO tempest.lib.common.rest_client [req-ac70e18c-16b8-461c-9382-ee845bd601f3 req-ac70e18c-16b8-461c-9382-ee845bd601f3 ] Request (KeyPairsV22TestJSON:setUpClass): 201 POST http://10.180.1.21/identity/v3/auth/tokens 0.266s
2024-12-10 16:47:36.948 65769 INFO tempest.lib.common.rest_client [req-99da7a56-9f78-469a-81eb-4b3d8cf5d783 req-99da7a56-9f78-469a-81eb-4b3d8cf5d783 ] Request (NetworksTest:tearDownClass): 204 DELETE http://10.180.1.21:9696/networking/v2.0/security-groups/cf51dfb3-5a6e-443e-af75-747aedbf0493 0.140s
2024-12-10 16:47:36.998 65805 INFO tempest.lib.common.rest_client [req-52298c47-db9f-4031-a3f0-2499af733228 req-52298c47-db9f-4031-a3f0-2499af733228 ] Request (ServicesAdminTestJSON:tearDownClass): 204 DELETE http://10.180.1.21/identity/v3/projects/1f179360cecf4337a0b0951e6d44bb61 0.310s
2024-12-10 16:47:37.029 65791 INFO tempest.lib.common.rest_client [req-6af83f52-7156-4b97-b0db-eb71040b3851 req-6af83f52-7156-4b97-b0db-eb71040b3851 ] Request (DeleteServersAdminTestJSON:test_admin_delete_servers_of_others): 200 GET http://10.180.1.21/compute/v2.1/servers/3c5f66f1-c4e4-4ffd-8979-f7f828dc7111 1.480s
2024-12-10 16:47:37.035 65775 INFO tempest.lib.common.rest_client [req-3f914ec3-d884-4d11-b1db-d853edc37e34 req-3f914ec3-d884-4d11-b1db-d853edc37e34 ] Request (HypervisorAdminNegativeUnderV252Test:test_show_servers_with_non_admin_user): 403 GET http://10.180.1.21/compute/v2.1/os-hypervisors/1/servers 1.405s
2024-12-10 16:47:37.038 65791 INFO tempest.common.waiters [-] State transition "BUILD/None" ==> "BUILD/spawning" after 5 second wait
2024-12-10 16:47:37.046 65784 INFO tempest.lib.common.rest_client [req-95263318-9a6c-4093-b1fc-29522d94b882 req-95263318-9a6c-4093-b1fc-29522d94b882 ] Request (FlavorsV255TestJSON:test_crud_flavor): 200 GET http://10.180.1.21/compute/v2.1/flavors 1.384s
2024-12-10 16:47:37.068 65773 INFO tempest.lib.common.rest_client [req-1ca01414-f5c8-4e4f-971a-23321eb3ac76 req-1ca01414-f5c8-4e4f-971a-23321eb3ac76 ] Request (FlavorsV2NegativeTest:setUpClass): 201 POST http://10.180.1.21/identity/v3/auth/tokens 0.345s
2024-12-10 16:47:37.102 65795 INFO tempest.lib.common.rest_client [req-d1521358-af39-4130-8191-65f323fd6f26 req-d1521358-af39-4130-8191-65f323fd6f26 ] Request (KeyPairsV22TestJSON:setUpClass): 200 GET http://10.180.1.21/identity/v3/domains?name=Default 0.160s
2024-12-10 16:47:37.108 65803 INFO tempest.lib.common.rest_client [req-7540fbe7-9007-4588-8665-de6a6bfc1bc5 req-7540fbe7-9007-4588-8665-de6a6bfc1bc5 ] Request (ServersTestMultiNic:setUpClass): 201 POST http://10.180.1.21/identity/v3/auth/tokens 0.192s
2024-12-10 16:47:37.145 65761 INFO tempest.lib.common.rest_client [req-7c177eae-ffb6-4710-b501-777def143843 req-7c177eae-ffb6-4710-b501-777def143843 ] Request (ListImageFiltersTestJSON:setUpClass): 204 PUT http://10.180.1.21/image/v2/images/c8a93c72-d176-44e3-a4d3-7510b211c66f/file 2.377s
2024-12-10 16:47:37.146 65805 INFO tempest.lib.common.rest_client [req-97e60e33-06e9-4c74-8aa0-f9816f7cacee req-97e60e33-06e9-4c74-8aa0-f9816f7cacee ] Request (ServerActionsV293TestJSON:setUpClass): 201 POST http://10.180.1.21/identity/v3/auth/tokens 0.146s
2024-12-10 16:47:37.168 65785 INFO tempest.lib.common.rest_client [req-0bc6bf83-8314-45c1-b1e9-dfb63e41384a req-0bc6bf83-8314-45c1-b1e9-dfb63e41384a ] Request (AggregatesAdminNegativeTestJSON:_run_cleanups): 200 POST http://10.180.1.21/compute/v2.1/os-aggregates/1/action 1.465s
2024-12-10 16:47:37.181 65769 INFO tempest.lib.common.rest_client [req-15ef1d88-d9cd-45a9-8e07-be2409d5af62 req-15ef1d88-d9cd-45a9-8e07-be2409d5af62 ] Request (NetworksTest:tearDownClass): 204 DELETE http://10.180.1.21/identity/v3/projects/ffe47062fa52496b9f29b9725523db81 0.232s
2024-12-10 16:47:37.181 65769 INFO tempest.lib.common.dynamic_creds [-] Deleting project and security group for project: f91ff481c8df442f94818b117314d326
2024-12-10 16:47:37.197 65808 INFO tempest.lib.common.rest_client [req-880b9ec7-f72c-40dd-a18e-e23a8b150444 req-880b9ec7-f72c-40dd-a18e-e23a8b150444 ] Request (HypervisorAdminUnderV252Test:test_search_hypervisor): 200 GET http://10.180.1.21/compute/v2.1/os-hypervisors/domain-c8.fc996f14-c53b-4953-92e3-bdfa48f5cc28/search 1.468s
2024-12-10 16:47:37.203 65813 INFO tempest.lib.common.rest_client [req-f0eae60e-2b9f-487e-ad3a-a8f209191bbe req-f0eae60e-2b9f-487e-ad3a-a8f209191bbe ] Request (HypervisorAdminNegativeTestJSON:test_get_hypervisor_uptime_with_non_admin_user): 403 GET http://10.180.1.21/compute/v2.1/os-hypervisors/1/uptime 1.416s
2024-12-10 16:47:37.211 65801 INFO tempest.lib.common.rest_client [req-90c91167-dc51-4503-816a-095315555c16 req-90c91167-dc51-4503-816a-095315555c16 ] Request (ServerGroup264TestJSON:tearDownClass): 404 DELETE http://10.180.1.21/compute/v2.1/os-server-groups/9eb172fb-3e86-403e-bd8b-67517e49e8b8 1.385s
2024-12-10 16:47:37.246 65773 INFO tempest.lib.common.rest_client [req-f53d5969-4395-4c6b-8b20-47f6dfd48616 req-f53d5969-4395-4c6b-8b20-47f6dfd48616 ] Request (FlavorsV2NegativeTest:setUpClass): 201 POST http://10.180.1.21/identity/v3/auth/tokens 0.175s
2024-12-10 16:47:37.275 65795 INFO tempest.lib.common.rest_client [req-c83dc6fd-aeba-4225-b049-12d44ef90ae4 req-c83dc6fd-aeba-4225-b049-12d44ef90ae4 ] Request (KeyPairsV22TestJSON:setUpClass): 201 POST http://10.180.1.21/identity/v3/projects 0.172s
2024-12-10 16:47:37.282 65763 INFO tempest.lib.common.rest_client [req-7c20127c-eae0-40d8-a1ce-3991f5214102 req-7c20127c-eae0-40d8-a1ce-3991f5214102 ] Request (QuotasAdminTestV257:test_get_updated_quotas): 200 GET http://10.180.1.21/compute/v2.1/os-quota-sets/43b02f00dcb14018b568fe60ffb82a1b?user_id=b25b43602dc0404090bb9938c61c7719 1.676s
2024-12-10 16:47:37.294 65811 INFO tempest.lib.common.rest_client [req-4e342b03-e3ea-4e0d-bed7-a36b3ab90fee req-4e342b03-e3ea-4e0d-bed7-a36b3ab90fee ] Request (FlavorMetadataValidation:tearDownClass): 200 GET http://10.180.1.21:9696/networking/v2.0/security-groups?tenant_id=0006dba1d6164557acd6e10360486a69&name=default 0.819s
2024-12-10 16:47:37.320 65803 INFO tempest.lib.common.rest_client [req-1c70ccf3-6782-483b-9a7d-0f969d4cd895 req-1c70ccf3-6782-483b-9a7d-0f969d4cd895 ] Request (ServersTestMultiNic:setUpClass): 200 GET http://10.180.1.21/identity/v3/domains?name=Default 0.212s
2024-12-10 16:47:37.328 65805 INFO tempest.lib.common.rest_client [req-416c0b3e-2d7e-4a78-8b0f-214e80ccdb60 req-416c0b3e-2d7e-4a78-8b0f-214e80ccdb60 ] Request (ServerActionsV293TestJSON:setUpClass): 201 POST http://10.180.1.21/identity/v3/auth/tokens 0.180s
2024-12-10 16:47:37.431 65808 INFO tempest.lib.common.rest_client [req-1ffbd12a-b088-4dee-8e84-5f3248f32a8c req-1ffbd12a-b088-4dee-8e84-5f3248f32a8c ] Request (HypervisorAdminUnderV252Test:tearDownClass): 204 DELETE http://10.180.1.21/identity/v3/users/5aae1f151e3f4db49953560e25472c1f 0.229s
2024-12-10 16:47:37.444 65811 INFO tempest.lib.common.rest_client [req-ea54d90e-aefc-4f4e-98ed-aa57470bb34e req-ea54d90e-aefc-4f4e-98ed-aa57470bb34e ] Request (FlavorMetadataValidation:tearDownClass): 204 DELETE http://10.180.1.21:9696/networking/v2.0/security-groups/d6e79368-bb16-45c9-8454-d899fd0992df 0.150s
2024-12-10 16:47:37.496 65773 INFO tempest.lib.common.rest_client [req-6500d818-8c12-48f2-aee3-680e53a1291a req-6500d818-8c12-48f2-aee3-680e53a1291a ] Request (FlavorsV2NegativeTest:setUpClass): 200 GET http://10.180.1.21/identity/v3/domains?name=Default 0.249s
2024-12-10 16:47:37.506 65781 INFO tempest.lib.common.rest_client [req-106ec556-5185-4545-b70e-73484741f14e req-106ec556-5185-4545-b70e-73484741f14e ] Request (FlavorsV2TestJSON:test_get_flavor): 200 GET http://10.180.1.21/compute/v2.1/flavors/42 1.465s
2024-12-10 16:47:37.561 65795 INFO tempest.lib.common.rest_client [req-d6fb21ef-b6be-4fea-a09b-47b26a7d9039 req-d6fb21ef-b6be-4fea-a09b-47b26a7d9039 ] Request (KeyPairsV22TestJSON:setUpClass): 201 POST http://10.180.1.21/identity/v3/users 0.286s
2024-12-10 16:47:37.587 65757 INFO tempest.lib.common.rest_client [req-163f00e2-8cee-4a27-a0f7-a4ead3fb243f req-163f00e2-8cee-4a27-a0f7-a4ead3fb243f ] Request (MigrationsAdminTest:test_list_migrations_in_flavor_resize_situation): 200 GET http://10.180.1.21/compute/v2.1/servers/4fa6e38f-dcca-4f65-86d6-1c585deb1c13 1.422s
2024-12-10 16:47:37.598 65757 INFO tempest.common.waiters [-] State transition "BUILD/None" ==> "BUILD/networking" after 5 second wait
2024-12-10 16:47:37.599 65803 INFO tempest.lib.common.rest_client [req-05de18ec-0bb6-40fe-a3fa-e7640e5b2c40 req-05de18ec-0bb6-40fe-a3fa-e7640e5b2c40 ] Request (ServersTestMultiNic:setUpClass): 201 POST http://10.180.1.21/identity/v3/projects 0.278s
2024-12-10 16:47:37.621 65763 INFO tempest.lib.common.rest_client [req-8dd0f82b-2fbf-475a-8a8e-fba7bb1222df req-8dd0f82b-2fbf-475a-8a8e-fba7bb1222df ] Request (QuotasAdminTestV257:_run_cleanups): 204 DELETE http://10.180.1.21/identity/v3/users/b25b43602dc0404090bb9938c61c7719 0.337s
2024-12-10 16:47:37.682 65805 INFO tempest.lib.common.rest_client [req-6c02ac39-10c2-4465-8a06-a167eaddf7ce req-6c02ac39-10c2-4465-8a06-a167eaddf7ce ] Request (ServerActionsV293TestJSON:setUpClass): 200 GET http://10.180.1.21/identity/v3/domains?name=Default 0.354s
2024-12-10 16:47:37.707 65808 INFO tempest.lib.common.rest_client [req-bbbf7c0b-1270-47e9-9bbc-513e115d4069 req-bbbf7c0b-1270-47e9-9bbc-513e115d4069 ] Request (HypervisorAdminUnderV252Test:tearDownClass): 204 DELETE http://10.180.1.21/identity/v3/users/39f6224f744e45d1a4f01508e2442c93 0.276s
2024-12-10 16:47:37.708 65808 INFO tempest.lib.common.dynamic_creds [-] Deleting project and security group for project: 572192b5e4e04a2694836707d7afe760
2024-12-10 16:47:37.712 65769 INFO tempest.lib.common.rest_client [req-66287da6-f68a-41e0-9473-2acf9b9edccf req-66287da6-f68a-41e0-9473-2acf9b9edccf ] Request (NetworksTest:tearDownClass): 200 GET http://10.180.1.21:9696/networking/v2.0/security-groups?tenant_id=f91ff481c8df442f94818b117314d326&name=default 0.531s
2024-12-10 16:47:37.722 65789 INFO tempest.lib.common.rest_client [req-953f77ff-dc58-42b7-8e26-7d9bf014af79 req-953f77ff-dc58-42b7-8e26-7d9bf014af79 ] Request (VolumesAssistedSnapshotsTest:setUpClass): 200 PUT http://10.180.1.21:9696/networking/v2.0/routers/f7790cbe-db46-45a6-a9cc-ba751d9b099b/add_router_interface 2.277s
2024-12-10 16:47:37.723 65789 INFO tempest.lib.common.dynamic_creds [-] Created isolated network resources for: credentials: Credentials: {'domain_id': 'default', 'domain_name': 'Default', 'username': 'tempest-VolumesAssistedSnapshotsTest-316145641-project', 'project_domain_id': 'default', 'project_domain_name': 'Default', 'project_id': 'd78d0923e155470ba9505da0d7e8f58f', 'project_name': 'tempest-VolumesAssistedSnapshotsTest-316145641', 'tenant_id': 'd78d0923e155470ba9505da0d7e8f58f', 'tenant_name': 'tempest-VolumesAssistedSnapshotsTest-316145641', 'user_domain_id': 'default', 'user_domain_name': 'Default', 'user_id': 'babda25036c943cdafa23a63031402c9', 'system': None}, Network: {'id': 'fed75985-9aae-4e6a-8148-5e4b217fa632', 'name': 'tempest-VolumesAssistedSnapshotsTest-1071763596-network', 'tenant_id': 'd78d0923e155470ba9505da0d7e8f58f', 'admin_state_up': True, 'mtu': 8950, 'status': 'ACTIVE', 'subnets': [], 'shared': False, 'project_id': 'd78d0923e155470ba9505da0d7e8f58f', 'port_security_enabled': True, 'router:external': False, 'provider:network_type': 'vlan', 'provider:physical_network': 'default', 'provider:segmentation_id': 244, 'availability_zone_hints': [], 'availability_zones': [], 'ipv4_address_scope': None, 'ipv6_address_scope': None, 'description': '', 'tags': [], 'created_at': '2024-12-10T16:47:34Z', 'updated_at': '2024-12-10T16:47:34Z', 'revision_number': 1}, Subnet: {'id': '31f3169b-ff91-4bdd-a3a0-58de5419af68', 'name': 'tempest-VolumesAssistedSnapshotsTest-1071763596-subnet', 'tenant_id': 'd78d0923e155470ba9505da0d7e8f58f', 'network_id': 'fed75985-9aae-4e6a-8148-5e4b217fa632', 'ip_version': 4, 'subnetpool_id': None, 'enable_dhcp': True, 'ipv6_ra_mode': None, 'ipv6_address_mode': None, 'gateway_ip': '192.168.128.1', 'cidr': '192.168.128.0/28', 'allocation_pools': [{'start': '192.168.128.2', 'end': '192.168.128.14'}], 'host_routes': [], 'dns_nameservers': [], 'description': '', 'router:external': False, 'service_types': [], 'tags': [], 'created_at': '2024-12-10T16:47:34Z', 'updated_at': '2024-12-10T16:47:34Z', 'revision_number': 0, 'project_id': 'd78d0923e155470ba9505da0d7e8f58f'}, Router: {'id': 'f7790cbe-db46-45a6-a9cc-ba751d9b099b', 'name': 'tempest-VolumesAssistedSnapshotsTest-1071763596-router', 'tenant_id': 'd78d0923e155470ba9505da0d7e8f58f', 'admin_state_up': True, 'status': 'ACTIVE', 'external_gateway_info': {'network_id': '1669711c-670c-4618-9502-0c0acdfb7003', 'external_fixed_ips': [{'subnet_id': 'becb3bc9-c363-40a4-99c4-036f54fba9bb', 'ip_address': '10.180.180.223'}], 'enable_snat': True}, 'description': '', 'availability_zones': [], 'distributed': False, 'ha': False, 'availability_zone_hints': [], 'routes': [], 'flavor_id': None, 'tags': [], 'created_at': '2024-12-10T16:47:34Z', 'updated_at': '2024-12-10T16:47:34Z', 'revision_number': 2, 'project_id': 'd78d0923e155470ba9505da0d7e8f58f'}
2024-12-10 16:47:37.736 65765 INFO tempest.lib.common.rest_client [req-de5eb548-4355-4eae-8411-ec5da081bdde req-de5eb548-4355-4eae-8411-ec5da081bdde ] Request (ImagesMetadataTestJSON:setUp): 200 PUT http://10.180.1.21/compute/v2.1/images/68702b73-fa6c-49a7-87cc-6456436b1cd4/metadata 1.512s
2024-12-10 16:47:37.751 65779 INFO tempest.lib.common.rest_client [req-93860c12-d145-49fa-b46c-4922e34c85c3 req-93860c12-d145-49fa-b46c-4922e34c85c3 ] Request (ServersWithSpecificFlavorTestJSON:test_verify_created_server_ephemeral_disk): 200 GET http://10.180.1.21/compute/v2.1/flavors/42/os-extra_specs 1.500s
2024-12-10 16:47:37.765 65773 INFO tempest.lib.common.rest_client [req-2c1282e4-240c-4035-a41b-bd7ca5e18364 req-2c1282e4-240c-4035-a41b-bd7ca5e18364 ] Request (FlavorsV2NegativeTest:setUpClass): 201 POST http://10.180.1.21/identity/v3/projects 0.268s
2024-12-10 16:47:37.780 65771 INFO tempest.lib.common.rest_client [req-ba6ed3a7-5d35-44a1-8b1b-7b4cbacbb80e req-ba6ed3a7-5d35-44a1-8b1b-7b4cbacbb80e ] Request (FlavorsAccessNegativeTestJSON:_run_cleanups): 202 DELETE http://10.180.1.21/compute/v2.1/flavors/1891626828 0.898s
2024-12-10 16:47:37.782 65811 INFO tempest.lib.common.rest_client [req-f22f2d30-eb05-4800-9fa9-6084bad22baa req-f22f2d30-eb05-4800-9fa9-6084bad22baa ] Request (FlavorMetadataValidation:tearDownClass): 204 DELETE http://10.180.1.21/identity/v3/projects/0006dba1d6164557acd6e10360486a69 0.337s
2024-12-10 16:47:37.782 65811 INFO tempest.lib.common.dynamic_creds [-] Deleting project and security group for project: aa5edfcc11294700b742f0bf95acf618
2024-12-10 16:47:37.800 65799 INFO tempest.lib.common.rest_client [req-ad206f76-9b55-40dd-b36f-fed2d2ad0b65 req-ad206f76-9b55-40dd-b36f-fed2d2ad0b65 ] Request (SecurityGroupRulesTestJSON:test_security_group_rules_create_with_optional_group_id): 200 POST http://10.180.1.21/compute/v2.1/os-security-groups 1.634s
2024-12-10 16:47:37.813 65795 INFO tempest.lib.common.rest_client [req-ef07ee12-08d7-4ceb-9482-b22c4a9b24ac req-ef07ee12-08d7-4ceb-9482-b22c4a9b24ac ] Request (KeyPairsV22TestJSON:setUpClass): 200 GET http://10.180.1.21/identity/v3/roles 0.251s
2024-12-10 16:47:37.817 65794 INFO tempest.lib.common.rest_client [req-9ec098ad-cbdb-4ee0-be91-33b44b536fbf req-9ec098ad-cbdb-4ee0-be91-33b44b536fbf ] Request (HypervisorAdminTestJSON:test_get_hypervisor_stats): 200 GET http://10.180.1.21/compute/v2.1/os-hypervisors/statistics 0.899s
2024-12-10 16:47:37.832 65777 INFO tempest.lib.common.rest_client [req-9fcff64d-5325-4242-936d-9f66ea5eb84d req-9fcff64d-5325-4242-936d-9f66ea5eb84d ] Request (HostsAdminNegativeTestJSON:test_show_host_detail_with_nonexistent_hostname): 404 GET http://10.180.1.21/compute/v2.1/os-hosts/nonexistent_hostname 0.905s
2024-12-10 16:47:37.848 65755 INFO tempest.lib.common.rest_client [req-1bc50d0b-5c24-4c05-9c3b-218d7512feaf req-1bc50d0b-5c24-4c05-9c3b-218d7512feaf ] Request (FlavorsAccessTestJSON:_run_cleanups): 200 GET http://10.180.1.21/compute/v2.1/flavors/detail 0.917s
2024-12-10 16:47:37.854 65803 INFO tempest.lib.common.rest_client [req-f715d20e-c7b7-458b-8dc1-faef74645ce9 req-f715d20e-c7b7-458b-8dc1-faef74645ce9 ] Request (ServersTestMultiNic:setUpClass): 201 POST http://10.180.1.21/identity/v3/users 0.254s
2024-12-10 16:47:37.868 65753 INFO tempest.lib.common.rest_client [req-cda6b682-0ade-4488-9ff0-517ab97d5a04 req-cda6b682-0ade-4488-9ff0-517ab97d5a04 ] Request (FlavorsAdminTestJSON:_run_cleanups): 202 DELETE http://10.180.1.21/compute/v2.1/flavors/1982966379 0.931s
2024-12-10 16:47:37.872 65775 INFO tempest.lib.common.rest_client [req-ae88252e-fa50-495a-b755-a8d6a27dcd8b req-ae88252e-fa50-495a-b755-a8d6a27dcd8b ] Request (HypervisorAdminNegativeUnderV252Test:test_show_servers_with_nonexistent_hypervisor): 404 GET http://10.180.1.21/compute/v2.1/os-hypervisors/11c03e0e-2be4-45b9-ba43-4e529b411360/servers 0.835s
2024-12-10 16:47:37.892 65784 INFO tempest.lib.common.rest_client [req-1e5ebdd7-e161-45ad-995b-0621e984db3a req-1e5ebdd7-e161-45ad-995b-0621e984db3a ] Request (FlavorsV255TestJSON:_run_cleanups): 202 DELETE http://10.180.1.21/compute/v2.1/flavors/2124683591 0.842s
2024-12-10 16:47:37.898 65805 INFO tempest.lib.common.rest_client [req-455e13f4-2ee1-499c-88f7-b5df6a9014e3 req-455e13f4-2ee1-499c-88f7-b5df6a9014e3 ] Request (ServerActionsV293TestJSON:setUpClass): 201 POST http://10.180.1.21/identity/v3/projects 0.215s
2024-12-10 16:47:37.942 65761 INFO tempest.lib.common.rest_client [req-9f1e25e2-cd44-45f6-9338-9976b2b7b42c req-9f1e25e2-cd44-45f6-9338-9976b2b7b42c ] Request (ListImageFiltersTestJSON:setUpClass): 200 GET http://10.180.1.21/compute/v2.1/images/c8a93c72-d176-44e3-a4d3-7510b211c66f 0.796s
2024-12-10 16:47:37.960 65763 INFO tempest.lib.common.rest_client [req-6dea6f78-e1d4-4142-9706-063d91e61b90 req-6dea6f78-e1d4-4142-9706-063d91e61b90 ] Request (QuotasAdminTestV257:_run_cleanups): 204 DELETE http://10.180.1.21/identity/v3/projects/43b02f00dcb14018b568fe60ffb82a1b 0.339s
2024-12-10 16:47:37.963 65808 INFO tempest.lib.common.rest_client [req-79d75d6e-1b21-46af-bb31-05bf1a6bb033 req-79d75d6e-1b21-46af-bb31-05bf1a6bb033 ] Request (HypervisorAdminUnderV252Test:tearDownClass): 201 POST http://10.180.1.21/identity/v3/auth/tokens 0.255s
2024-12-10 16:47:37.971 65785 INFO tempest.lib.common.rest_client [req-4205f8c4-7b3d-4b82-9b13-fa40fe2e0a52 req-4205f8c4-7b3d-4b82-9b13-fa40fe2e0a52 ] Request (AggregatesAdminNegativeTestJSON:_run_cleanups): 200 DELETE http://10.180.1.21/compute/v2.1/os-aggregates/1 0.801s
2024-12-10 16:47:37.980 65813 INFO tempest.lib.common.rest_client [req-9585ea49-a8c4-460d-8a57-6171b385de35 req-9585ea49-a8c4-460d-8a57-6171b385de35 ] Request (HypervisorAdminNegativeTestJSON:test_get_nonexistent_hypervisor_uptime): 404 GET http://10.180.1.21/compute/v2.1/os-hypervisors/260d8d66-a556-4b35-8ea9-da11d43655a6/uptime 0.775s
2024-12-10 16:47:37.998 65781 INFO tempest.lib.common.rest_client [req-0d597a8d-8f67-47c3-9fd6-a46611eff9b5 req-0d597a8d-8f67-47c3-9fd6-a46611eff9b5 ] Request (FlavorsV2TestJSON:test_list_flavors): 200 GET http://10.180.1.21/compute/v2.1/flavors 0.489s
2024-12-10 16:47:38.015 65773 INFO tempest.lib.common.rest_client [req-a39dd69c-e992-4c7e-9044-5b89486813d3 req-a39dd69c-e992-4c7e-9044-5b89486813d3 ] Request (FlavorsV2NegativeTest:setUpClass): 201 POST http://10.180.1.21/identity/v3/users 0.249s
2024-12-10 16:47:38.038 65789 INFO tempest.lib.common.rest_client [req-c589f1cd-2803-4188-b461-e0c65363e409 req-c589f1cd-2803-4188-b461-e0c65363e409 ] Request (VolumesAssistedSnapshotsTest:setUpClass): 201 POST http://10.180.1.21/identity/v3/auth/tokens 0.256s
2024-12-10 16:47:38.039 65765 INFO tempest.lib.common.rest_client [req-217faf50-3c49-429e-8a4a-bd80f0f5f23c req-217faf50-3c49-429e-8a4a-bd80f0f5f23c ] Request (ImagesMetadataTestJSON:test_list_image_metadata): 200 GET http://10.180.1.21/compute/v2.1/images/68702b73-fa6c-49a7-87cc-6456436b1cd4/metadata 0.302s
2024-12-10 16:47:38.053 65811 INFO tempest.lib.common.rest_client [req-ed481b4b-6b73-4562-b74f-fddfbf3ffc55 req-ed481b4b-6b73-4562-b74f-fddfbf3ffc55 ] Request (FlavorMetadataValidation:tearDownClass): 200 GET http://10.180.1.21:9696/networking/v2.0/security-groups?tenant_id=aa5edfcc11294700b742f0bf95acf618&name=default 0.270s
2024-12-10 16:47:38.062 65795 INFO tempest.lib.common.rest_client [req-c32e0e84-529b-466a-97bb-70c9db546342 req-c32e0e84-529b-466a-97bb-70c9db546342 ] Request (KeyPairsV22TestJSON:setUpClass): 204 PUT http://10.180.1.21/identity/v3/projects/0023a817f2e84c01b277ad44ac12f30c/users/c8cfe66df3244f4cb56c0c198ae70ba8/roles/b261642b0f9a4a848851821b247d0f34 0.249s
2024-12-10 16:47:38.062 65795 INFO tempest.lib.common.dynamic_creds [-] Dynamic test user c8cfe66df3244f4cb56c0c198ae70ba8 is created with scope project and roles: ['member']
2024-12-10 16:47:38.063 65795 INFO tempest.lib.common.dynamic_creds [-] Acquired dynamic creds: credentials: Credentials: {'domain_id': 'default', 'domain_name': 'Default', 'username': 'tempest-KeyPairsV22TestJSON-913793875-project-member', 'project_domain_id': 'default', 'project_domain_name': 'Default', 'project_id': '0023a817f2e84c01b277ad44ac12f30c', 'project_name': 'tempest-KeyPairsV22TestJSON-913793875', 'tenant_id': '0023a817f2e84c01b277ad44ac12f30c', 'tenant_name': 'tempest-KeyPairsV22TestJSON-913793875', 'user_domain_id': 'default', 'user_domain_name': 'Default', 'user_id': 'c8cfe66df3244f4cb56c0c198ae70ba8', 'system': None}, Network: None, Subnet: None, Router: None
2024-12-10 16:47:38.063 65795 INFO tempest.lib.common.dynamic_creds [-] Created isolated network resources for: credentials: Credentials: {'domain_id': 'default', 'domain_name': 'Default', 'username': 'tempest-KeyPairsV22TestJSON-913793875-project-member', 'project_domain_id': 'default', 'project_domain_name': 'Default', 'project_id': '0023a817f2e84c01b277ad44ac12f30c', 'project_name': 'tempest-KeyPairsV22TestJSON-913793875', 'tenant_id': '0023a817f2e84c01b277ad44ac12f30c', 'tenant_name': 'tempest-KeyPairsV22TestJSON-913793875', 'user_domain_id': 'default', 'user_domain_name': 'Default', 'user_id': 'c8cfe66df3244f4cb56c0c198ae70ba8', 'system': None}, Network: None, Subnet: None, Router: None
2024-12-10 16:47:38.066 65779 INFO tempest.lib.common.rest_client [req-f2d80c58-5b5b-43de-8cee-e0d9782f1d50 req-f2d80c58-5b5b-43de-8cee-e0d9782f1d50 ] Request (ServersWithSpecificFlavorTestJSON:test_verify_created_server_ephemeral_disk): 200 POST http://10.180.1.21/compute/v2.1/flavors/2096405995/os-extra_specs 0.313s
2024-12-10 16:47:38.083 65771 INFO tempest.lib.common.rest_client [req-ba1ebdb9-99ce-49f5-a362-3eb140001221 req-ba1ebdb9-99ce-49f5-a362-3eb140001221 ] Request (FlavorsAccessNegativeTestJSON:_run_cleanups): 200 GET http://10.180.1.21/compute/v2.1/flavors/detail 0.302s
2024-12-10 16:47:38.105 65794 INFO tempest.lib.common.rest_client [req-48997e8a-d642-456a-bed7-2cbd6d77a605 req-48997e8a-d642-456a-bed7-2cbd6d77a605 ] Request (HypervisorAdminTestJSON:tearDownClass): 204 DELETE http://10.180.1.21/identity/v3/users/92de2239d0964f1f9e971a89079e3e3d 0.281s
2024-12-10 16:47:38.143 65803 INFO tempest.lib.common.rest_client [req-15d39c8f-1c9b-4752-b9e9-c2c4052fc35d req-15d39c8f-1c9b-4752-b9e9-c2c4052fc35d ] Request (ServersTestMultiNic:setUpClass): 200 GET http://10.180.1.21/identity/v3/roles 0.288s
2024-12-10 16:47:38.152 65769 INFO tempest.lib.common.rest_client [req-3be2c27f-c211-4cdd-982b-7a5803d91d29 req-3be2c27f-c211-4cdd-982b-7a5803d91d29 ] Request (NetworksTest:tearDownClass): 204 DELETE http://10.180.1.21:9696/networking/v2.0/security-groups/e64a8e9d-6680-4411-98b8-b3dcbbe53983 0.439s
2024-12-10 16:47:38.175 65805 INFO tempest.lib.common.rest_client [req-4cdc0542-260a-4856-ace4-58232529c6ff req-4cdc0542-260a-4856-ace4-58232529c6ff ] Request (ServerActionsV293TestJSON:setUpClass): 201 POST http://10.180.1.21/identity/v3/users 0.276s
2024-12-10 16:47:38.189 65775 INFO tempest.lib.common.rest_client [req-60f065cf-2ea6-4472-8035-89a85777e2d1 req-60f065cf-2ea6-4472-8035-89a85777e2d1 ] Request (HypervisorAdminNegativeUnderV252Test:tearDownClass): 204 DELETE http://10.180.1.21/identity/v3/users/af6007acc73a4c97ae698ea8b869e6a9 0.315s
2024-12-10 16:47:38.233 65811 INFO tempest.lib.common.rest_client [req-49326fe1-78c6-4575-af2c-9eb2016c9312 req-49326fe1-78c6-4575-af2c-9eb2016c9312 ] Request (FlavorMetadataValidation:tearDownClass): 204 DELETE http://10.180.1.21:9696/networking/v2.0/security-groups/a4f4e96e-8f79-4450-83f4-77a2f33c932f 0.179s
2024-12-10 16:47:38.271 65763 INFO tempest.lib.common.rest_client [req-877290db-2dfe-405e-8c07-590c79cb329e req-877290db-2dfe-405e-8c07-590c79cb329e ] Request (QuotasAdminTestV257:tearDownClass): 204 DELETE http://10.180.1.21/identity/v3/users/34c80f0890564024b9e19df4c2861b1e 0.305s
2024-12-10 16:47:38.298 65799 INFO tempest.lib.common.rest_client [req-a2914021-4da2-49da-b71a-3844d7586821 req-a2914021-4da2-49da-b71a-3844d7586821 ] Request (SecurityGroupRulesTestJSON:test_security_group_rules_create_with_optional_group_id): 200 POST http://10.180.1.21/compute/v2.1/os-security-groups 0.495s
2024-12-10 16:47:38.303 65777 INFO tempest.lib.common.rest_client [req-b4ca29a2-34fb-47d6-b1d4-c816bd973670 req-b4ca29a2-34fb-47d6-b1d4-c816bd973670 ] Request (HostsAdminNegativeTestJSON:test_shutdown_host_with_non_admin_user): 403 GET http://10.180.1.21/compute/v2.1/os-hosts/devstack/shutdown 0.470s
2024-12-10 16:47:38.323 65753 INFO tempest.lib.common.rest_client [req-f2860027-4f23-4bc1-8d36-4d1e4c6c80f7 req-f2860027-4f23-4bc1-8d36-4d1e4c6c80f7 ] Request (FlavorsAdminTestJSON:_run_cleanups): 200 GET http://10.180.1.21/compute/v2.1/flavors/detail 0.455s
2024-12-10 16:47:38.336 65784 INFO tempest.lib.common.rest_client [req-9cc96b1a-85a0-47a0-9bcb-cfb5875f1696 req-9cc96b1a-85a0-47a0-9bcb-cfb5875f1696 ] Request (FlavorsV255TestJSON:_run_cleanups): 200 GET http://10.180.1.21/compute/v2.1/flavors/detail 0.444s
2024-12-10 16:47:38.346 65767 INFO tempest.lib.common.rest_client [req-353e79e4-9436-4809-a61b-dda5e0c0d8f1 req-353e79e4-9436-4809-a61b-dda5e0c0d8f1 ] Request (QuotasAdminTestJSON:test_delete_quota): 200 GET http://10.180.1.21/identity/v3/domains?name=Default 0.373s
2024-12-10 16:47:38.352 65755 INFO tempest.lib.common.rest_client [req-38bbe48e-4ab3-4841-b393-0b343c689cfc req-38bbe48e-4ab3-4841-b393-0b343c689cfc ] Request (FlavorsAccessTestJSON:test_flavor_access_list_with_private_flavor): 200 POST http://10.180.1.21/compute/v2.1/flavors 0.440s
2024-12-10 16:47:38.394 65761 INFO tempest.lib.common.rest_client [req-96a795bf-b5ed-4712-9943-093906b1d094 req-96a795bf-b5ed-4712-9943-093906b1d094 ] Request (ListImageFiltersTestJSON:setUpClass): 200 GET http://10.180.1.21/compute/v2.1/images/c8a93c72-d176-44e3-a4d3-7510b211c66f 0.444s
2024-12-10 16:47:38.423 65813 INFO tempest.lib.common.rest_client [req-a1da5a92-af72-4f3a-b96a-7f9e08d0c84c req-a1da5a92-af72-4f3a-b96a-7f9e08d0c84c ] Request (HypervisorAdminNegativeTestJSON:test_show_hypervisor_with_non_admin_user): 200 GET http://10.180.1.21/compute/v2.1/os-hypervisors 0.442s
2024-12-10 16:47:38.441 65781 INFO tempest.lib.common.rest_client [req-46065a1d-7956-408f-996d-969128862a8a req-46065a1d-7956-408f-996d-969128862a8a ] Request (FlavorsV2TestJSON:test_list_flavors): 200 GET http://10.180.1.21/compute/v2.1/flavors/42 0.436s
2024-12-10 16:47:38.469 65773 INFO tempest.lib.common.rest_client [req-ecfe7918-d8c9-4625-8c35-07c2a448441f req-ecfe7918-d8c9-4625-8c35-07c2a448441f ] Request (FlavorsV2NegativeTest:setUpClass): 200 GET http://10.180.1.21/identity/v3/roles 0.454s
2024-12-10 16:47:38.470 65785 INFO tempest.lib.common.rest_client [req-fa006530-796b-458d-9920-e96ee29fa14c req-fa006530-796b-458d-9920-e96ee29fa14c ] Request (AggregatesAdminNegativeTestJSON:test_aggregate_add_host_as_user): 200 POST http://10.180.1.21/compute/v2.1/os-aggregates 0.443s
2024-12-10 16:47:38.502 65787 INFO tempest.lib.common.rest_client [req-dbcc5cb2-51d7-4d65-ac74-e68e9674babb req-dbcc5cb2-51d7-4d65-ac74-e68e9674babb ] Request (HostsAdminTestJSON:test_list_hosts_with_zone): 200 GET http://10.180.1.21/compute/v2.1/os-hosts 0.468s
2024-12-10 16:47:38.545 65797 INFO tempest.lib.common.rest_client [req-177968b7-b710-40aa-acd9-2d5cbe408b91 req-177968b7-b710-40aa-acd9-2d5cbe408b91 ] Request (QuotasAdminNegativeTest:test_create_server_when_instances_quota_is_full): 200 GET http://10.180.1.21/compute/v2.1/os-quota-sets/3c4b9ea537914cdbae331cc6b9ff9136 1.632s
2024-12-10 16:47:38.600 65795 INFO tempest.lib.common.rest_client [req-e37138ae-8fc3-4c2f-ad13-7b090159bc7c req-e37138ae-8fc3-4c2f-ad13-7b090159bc7c ] Request (KeyPairsV22TestJSON:setUpClass): 201 POST http://10.180.1.21/identity/v3/auth/tokens 0.534s
2024-12-10 16:47:38.644 65803 INFO tempest.lib.common.rest_client [req-f41f1f33-5bef-4623-b32f-32e8f3299697 req-f41f1f33-5bef-4623-b32f-32e8f3299697 ] Request (ServersTestMultiNic:setUpClass): 204 PUT http://10.180.1.21/identity/v3/projects/a069009bc6a741379effea7b50d9e1c3/users/c606501ec683406cb2106e3a1540315e/roles/b261642b0f9a4a848851821b247d0f34 0.500s
2024-12-10 16:47:38.644 65803 INFO tempest.lib.common.dynamic_creds [-] Dynamic test user c606501ec683406cb2106e3a1540315e is created with scope project and roles: ['member']
2024-12-10 16:47:38.644 65803 INFO tempest.lib.common.dynamic_creds [-] Acquired dynamic creds: credentials: Credentials: {'domain_id': 'default', 'domain_name': 'Default', 'username': 'tempest-ServersTestMultiNic-62380988-project-member', 'project_domain_id': 'default', 'project_domain_name': 'Default', 'project_id': 'a069009bc6a741379effea7b50d9e1c3', 'project_name': 'tempest-ServersTestMultiNic-62380988', 'tenant_id': 'a069009bc6a741379effea7b50d9e1c3', 'tenant_name': 'tempest-ServersTestMultiNic-62380988', 'user_domain_id': 'default', 'user_domain_name': 'Default', 'user_id': 'c606501ec683406cb2106e3a1540315e', 'system': None}, Network: None, Subnet: None, Router: None
2024-12-10 16:47:38.651 65808 INFO tempest.lib.common.rest_client [req-be41528b-6ce2-4689-8dc0-5ebca3c7c9a8 req-be41528b-6ce2-4689-8dc0-5ebca3c7c9a8 ] Request (HypervisorAdminUnderV252Test:tearDownClass): 200 GET http://10.180.1.21:9696/networking/v2.0/security-groups?tenant_id=572192b5e4e04a2694836707d7afe760&name=default 0.687s
2024-12-10 16:47:38.682 65794 INFO tempest.lib.common.rest_client [req-611d6af6-13c2-471a-8238-6c5fa40356e4 req-611d6af6-13c2-471a-8238-6c5fa40356e4 ] Request (HypervisorAdminTestJSON:tearDownClass): 204 DELETE http://10.180.1.21/identity/v3/users/99ad3903f1514a368840216116421bad 0.576s
2024-12-10 16:47:38.682 65794 INFO tempest.lib.common.dynamic_creds [-] Deleting project and security group for project: e2efb20462664aeba83d4f439f718963
2024-12-10 16:47:38.715 65765 INFO tempest.lib.common.rest_client [req-dde20433-0944-4e10-9fbc-4735071a998b req-dde20433-0944-4e10-9fbc-4735071a998b ] Request (ImagesMetadataTestJSON:setUp): 200 PUT http://10.180.1.21/compute/v2.1/images/68702b73-fa6c-49a7-87cc-6456436b1cd4/metadata 0.674s
2024-12-10 16:47:38.739 65779 INFO tempest.lib.common.rest_client [req-3510779b-2d1e-4339-aa61-873544948dc2 req-3510779b-2d1e-4339-aa61-873544948dc2 ] Request (ServersWithSpecificFlavorTestJSON:test_verify_created_server_ephemeral_disk): 200 POST http://10.180.1.21/compute/v2.1/flavors 0.672s
2024-12-10 16:47:38.750 65805 INFO tempest.lib.common.rest_client [req-91a175f4-bfae-4d97-8b1e-8b96c92da57f req-91a175f4-bfae-4d97-8b1e-8b96c92da57f ] Request (ServerActionsV293TestJSON:setUpClass): 200 GET http://10.180.1.21/identity/v3/roles 0.574s
2024-12-10 16:47:38.756 65791 INFO tempest.lib.common.rest_client [req-0a5eec16-a5a7-4d38-b31d-71ce45ead62b req-0a5eec16-a5a7-4d38-b31d-71ce45ead62b ] Request (DeleteServersAdminTestJSON:test_admin_delete_servers_of_others): 200 GET http://10.180.1.21/compute/v2.1/servers/3c5f66f1-c4e4-4ffd-8979-f7f828dc7111 0.716s
2024-12-10 16:47:38.756 65771 INFO tempest.lib.common.rest_client [req-2802ff28-b488-41f6-8ed1-5df7728ee4cb req-2802ff28-b488-41f6-8ed1-5df7728ee4cb ] Request (FlavorsAccessNegativeTestJSON:test_flavor_access_list_with_public_flavor): 200 POST http://10.180.1.21/compute/v2.1/flavors 0.663s
2024-12-10 16:47:38.767 65808 INFO tempest.lib.common.rest_client [req-3be1ff26-0404-4c38-bdee-e0925b1140b5 req-3be1ff26-0404-4c38-bdee-e0925b1140b5 ] Request (HypervisorAdminUnderV252Test:tearDownClass): 204 DELETE http://10.180.1.21:9696/networking/v2.0/security-groups/16c6ddf8-2416-43c4-a84d-b07ff97a230a 0.115s
2024-12-10 16:47:38.769 65777 INFO tempest.lib.common.rest_client [req-906c417b-0c6f-4f52-9686-986e639f5a88 req-906c417b-0c6f-4f52-9686-986e639f5a88 ] Request (HostsAdminNegativeTestJSON:test_shutdown_nonexistent_host): 404 GET http://10.180.1.21/compute/v2.1/os-hosts/nonexistent_hostname/shutdown 0.465s
2024-12-10 16:47:38.779 65753 INFO tempest.lib.common.rest_client [req-44b38f4c-8bde-47d4-86f1-b71d75a427d9 req-44b38f4c-8bde-47d4-86f1-b71d75a427d9 ] Request (FlavorsAdminTestJSON:test_create_flavor_with_int_id): 200 POST http://10.180.1.21/compute/v2.1/flavors 0.450s
2024-12-10 16:47:38.793 65755 INFO tempest.lib.common.rest_client [req-280d2149-fed8-4249-bfbe-4a40d3fa67ae req-280d2149-fed8-4249-bfbe-4a40d3fa67ae ] Request (FlavorsAccessTestJSON:test_flavor_access_list_with_private_flavor): 200 GET http://10.180.1.21/compute/v2.1/flavors/1487014108/os-flavor-access 0.439s
2024-12-10 16:47:38.799 65813 INFO tempest.lib.common.rest_client [req-ff64806e-f47e-46bd-b165-7f2c521a2ab5 req-ff64806e-f47e-46bd-b165-7f2c521a2ab5 ] Request (HypervisorAdminNegativeTestJSON:test_show_hypervisor_with_non_admin_user): 403 GET http://10.180.1.21/compute/v2.1/os-hypervisors/1 0.374s
2024-12-10 16:47:38.807 65769 INFO tempest.lib.common.rest_client [req-d4e31353-61e3-42d6-b6a1-b3780a7da21a req-d4e31353-61e3-42d6-b6a1-b3780a7da21a ] Request (NetworksTest:tearDownClass): 204 DELETE http://10.180.1.21/identity/v3/projects/f91ff481c8df442f94818b117314d326 0.654s
2024-12-10 16:47:38.808 65781 INFO tempest.lib.common.rest_client [req-0b000c04-feb1-4c9e-88f6-19790823e1e6 req-0b000c04-feb1-4c9e-88f6-19790823e1e6 ] Request (FlavorsV2TestJSON:test_list_flavors_detailed_filter_by_min_disk): 200 GET http://10.180.1.21/compute/v2.1/flavors/42 0.363s
2024-12-10 16:47:38.821 65775 INFO tempest.lib.common.rest_client [req-9e6ca716-c2aa-491a-ae75-baa04f180dd7 req-9e6ca716-c2aa-491a-ae75-baa04f180dd7 ] Request (HypervisorAdminNegativeUnderV252Test:tearDownClass): 204 DELETE http://10.180.1.21/identity/v3/users/933805c30a5543c88095d6028bfd471a 0.631s
2024-12-10 16:47:38.821 65775 INFO tempest.lib.common.dynamic_creds [-] Deleting project and security group for project: f50123a97c6a4132b1306b9b9bd396d7
2024-12-10 16:47:38.906 65809 INFO tempest.lib.common.rest_client [req-ee706985-4072-4030-9d43-fccab43a1fbe req-ee706985-4072-4030-9d43-fccab43a1fbe ] Request (FloatingIPDetailsNegativeTestJSON:setUpClass): 201 POST http://10.180.1.21:9696/networking/v2.0/routers 2.036s
2024-12-10 16:47:38.915 65789 INFO tempest.lib.common.rest_client [req-411f65d5-0c3d-4483-a526-5bcf135e4fd7 req-411f65d5-0c3d-4483-a526-5bcf135e4fd7 ] Request (VolumesAssistedSnapshotsTest:test_volume_assisted_snapshot_create_delete): 202 POST http://10.180.1.21/volume/v3/volumes 0.876s
2024-12-10 16:47:38.924 65811 INFO tempest.lib.common.rest_client [req-155d2f77-faec-40bb-bce5-33324aaa2da7 req-155d2f77-faec-40bb-bce5-33324aaa2da7 ] Request (FlavorMetadataValidation:tearDownClass): 204 DELETE http://10.180.1.21/identity/v3/projects/aa5edfcc11294700b742f0bf95acf618 0.689s
2024-12-10 16:47:38.956 65799 INFO tempest.lib.common.rest_client [req-27235e7f-1db5-4a3a-ae9c-c55730afa3f1 req-27235e7f-1db5-4a3a-ae9c-c55730afa3f1 ] Request (SecurityGroupRulesTestJSON:test_security_group_rules_create_with_optional_group_id): 200 POST http://10.180.1.21/compute/v2.1/os-security-group-rules 0.654s
2024-12-10 16:47:38.958 65799 WARNING tempest.lib.common.rest_client [-] Deprecated: "tenant_id" property is deprecated for removal, use "project_id" instead
2024-12-10 16:47:38.984 65787 INFO tempest.lib.common.rest_client [req-017b13a6-9c6e-4622-9504-7404f96c8189 req-017b13a6-9c6e-4622-9504-7404f96c8189 ] Request (HostsAdminTestJSON:test_list_hosts_with_zone): 200 GET http://10.180.1.21/compute/v2.1/os-hosts?zone=internal 0.478s
2024-12-10 16:47:38.987 65767 INFO tempest.lib.common.rest_client [req-0b834dd0-6ea7-43c1-a6f3-1fd39e6d1ccf req-0b834dd0-6ea7-43c1-a6f3-1fd39e6d1ccf ] Request (QuotasAdminTestJSON:test_delete_quota): 201 POST http://10.180.1.21/identity/v3/projects 0.640s
2024-12-10 16:47:39.000 65789 INFO tempest.lib.common.rest_client [req-bb5e404d-9116-46fd-8b25-d37476ca08be req-bb5e404d-9116-46fd-8b25-d37476ca08be ] Request (VolumesAssistedSnapshotsTest:test_volume_assisted_snapshot_create_delete): 200 GET http://10.180.1.21/volume/v3/volumes/deb3cd23-8fb9-4f5c-9a28-3f93c0d069a7 0.079s
2024-12-10 16:47:39.018 65763 INFO tempest.lib.common.rest_client [req-728a18d7-87fd-4bd9-b872-f0ed9f6d06e1 req-728a18d7-87fd-4bd9-b872-f0ed9f6d06e1 ] Request (QuotasAdminTestV257:tearDownClass): 204 DELETE http://10.180.1.21/identity/v3/users/4c9aedb035924020b36b76e785a56191 0.747s
2024-12-10 16:47:39.018 65763 INFO tempest.lib.common.dynamic_creds [-] Deleting project and security group for project: 60f51193d9e044c88bc42a3724963b0b
2024-12-10 16:47:39.098 65784 INFO tempest.lib.common.rest_client [req-8211178b-cbf3-4e68-b4ad-5d0e721980d8 req-8211178b-cbf3-4e68-b4ad-5d0e721980d8 ] Request (FlavorsV255TestJSON:tearDownClass): 204 DELETE http://10.180.1.21/identity/v3/users/abf8b3911e9b41b5b258603d3bd47440 0.698s
2024-12-10 16:47:39.182 65773 INFO tempest.lib.common.rest_client [req-e6af8af4-2a5c-42c7-9fb3-dc3780b4ffe8 req-e6af8af4-2a5c-42c7-9fb3-dc3780b4ffe8 ] Request (FlavorsV2NegativeTest:setUpClass): 204 PUT http://10.180.1.21/identity/v3/projects/9f14346cd72b405580df1aafb1df1397/users/ca3b3070b3e84c40ac604370f6f8c6c1/roles/b261642b0f9a4a848851821b247d0f34 0.713s
2024-12-10 16:47:39.183 65773 INFO tempest.lib.common.dynamic_creds [-] Dynamic test user ca3b3070b3e84c40ac604370f6f8c6c1 is created with scope project and roles: ['member']
2024-12-10 16:47:39.183 65773 INFO tempest.lib.common.dynamic_creds [-] Acquired dynamic creds: credentials: Credentials: {'domain_id': 'default', 'domain_name': 'Default', 'username': 'tempest-FlavorsV2NegativeTest-1869237791-project-member', 'project_domain_id': 'default', 'project_domain_name': 'Default', 'project_id': '9f14346cd72b405580df1aafb1df1397', 'project_name': 'tempest-FlavorsV2NegativeTest-1869237791', 'tenant_id': '9f14346cd72b405580df1aafb1df1397', 'tenant_name': 'tempest-FlavorsV2NegativeTest-1869237791', 'user_domain_id': 'default', 'user_domain_name': 'Default', 'user_id': 'ca3b3070b3e84c40ac604370f6f8c6c1', 'system': None}, Network: None, Subnet: None, Router: None
2024-12-10 16:47:39.183 65773 INFO tempest.lib.common.dynamic_creds [-] Created isolated network resources for: credentials: Credentials: {'domain_id': 'default', 'domain_name': 'Default', 'username': 'tempest-FlavorsV2NegativeTest-1869237791-project-member', 'project_domain_id': 'default', 'project_domain_name': 'Default', 'project_id': '9f14346cd72b405580df1aafb1df1397', 'project_name': 'tempest-FlavorsV2NegativeTest-1869237791', 'tenant_id': '9f14346cd72b405580df1aafb1df1397', 'tenant_name': 'tempest-FlavorsV2NegativeTest-1869237791', 'user_domain_id': 'default', 'user_domain_name': 'Default', 'user_id': 'ca3b3070b3e84c40ac604370f6f8c6c1', 'system': None}, Network: None, Subnet: None, Router: None
2024-12-10 16:47:39.229 65803 INFO tempest.lib.common.rest_client [req-8cab2058-67eb-4ec6-986f-3a5811d03d57 req-8cab2058-67eb-4ec6-986f-3a5811d03d57 ] Request (ServersTestMultiNic:setUpClass): 201 POST http://10.180.1.21/identity/v3/auth/tokens 0.584s
2024-12-10 16:47:39.242 65794 INFO tempest.lib.common.rest_client [req-b744323c-142b-4442-8ed9-f11661acad59 req-b744323c-142b-4442-8ed9-f11661acad59 ] Request (HypervisorAdminTestJSON:tearDownClass): 201 POST http://10.180.1.21/identity/v3/auth/tokens 0.560s
2024-12-10 16:47:39.257 65805 INFO tempest.lib.common.rest_client [req-6bee4a83-f463-4a2c-afde-b95f6d7b0d0d req-6bee4a83-f463-4a2c-afde-b95f6d7b0d0d ] Request (ServerActionsV293TestJSON:setUpClass): 204 PUT http://10.180.1.21/identity/v3/projects/b3edacaf37e34169a73932db948fa6d9/users/d1fc53730fe448acb0ed19d590dde60b/roles/b261642b0f9a4a848851821b247d0f34 0.507s
2024-12-10 16:47:39.258 65805 INFO tempest.lib.common.dynamic_creds [-] Dynamic test user d1fc53730fe448acb0ed19d590dde60b is created with scope project and roles: ['member']
2024-12-10 16:47:39.258 65805 INFO tempest.lib.common.dynamic_creds [-] Acquired dynamic creds: credentials: Credentials: {'domain_id': 'default', 'domain_name': 'Default', 'username': 'tempest-ServerActionsV293TestJSON-866657218-project-member', 'project_domain_id': 'default', 'project_domain_name': 'Default', 'project_id': 'b3edacaf37e34169a73932db948fa6d9', 'project_name': 'tempest-ServerActionsV293TestJSON-866657218', 'tenant_id': 'b3edacaf37e34169a73932db948fa6d9', 'tenant_name': 'tempest-ServerActionsV293TestJSON-866657218', 'user_domain_id': 'default', 'user_domain_name': 'Default', 'user_id': 'd1fc53730fe448acb0ed19d590dde60b', 'system': None}, Network: None, Subnet: None, Router: None
2024-12-10 16:47:39.322 65801 INFO tempest.lib.common.rest_client [req-e43bfafa-21c9-4f6b-980e-2592331862e9 req-e43bfafa-21c9-4f6b-980e-2592331862e9 ] Request (ServerGroup264TestJSON:tearDownClass): 200 PUT http://10.180.1.21:9696/networking/v2.0/routers/14565f7d-14be-4460-998e-d654ea187f5c/remove_router_interface 2.110s
2024-12-10 16:47:39.341 65808 INFO tempest.lib.common.rest_client [req-434f0afa-aa4a-4c03-a720-2d7dfdd9699e req-434f0afa-aa4a-4c03-a720-2d7dfdd9699e ] Request (HypervisorAdminUnderV252Test:tearDownClass): 204 DELETE http://10.180.1.21/identity/v3/projects/572192b5e4e04a2694836707d7afe760 0.574s
2024-12-10 16:47:39.342 65808 INFO tempest.lib.common.dynamic_creds [-] Deleting project and security group for project: 83fca5ed28b1480093932a97d87ffabf
2024-12-10 16:47:39.354 65785 INFO tempest.lib.common.rest_client [req-3bc47718-3a4a-416d-8200-f9913d7ebd5a req-3bc47718-3a4a-416d-8200-f9913d7ebd5a ] Request (AggregatesAdminNegativeTestJSON:test_aggregate_add_host_as_user): 403 POST http://10.180.1.21/compute/v2.1/os-aggregates/2/action 0.882s
2024-12-10 16:47:39.408 65769 INFO tempest.lib.common.rest_client [req-3b317af8-75bb-487b-be6f-6c6cf8fdd994 req-3b317af8-75bb-487b-be6f-6c6cf8fdd994 ] Request (ServicesAdminNegativeV253TestJSON:setUpClass): 201 POST http://10.180.1.21/identity/v3/auth/tokens 0.599s
2024-12-10 16:47:39.409 65775 INFO tempest.lib.common.rest_client [req-ff08b072-878b-4bdc-9076-bf935cdfc30f req-ff08b072-878b-4bdc-9076-bf935cdfc30f ] Request (HypervisorAdminNegativeUnderV252Test:tearDownClass): 201 POST http://10.180.1.21/identity/v3/auth/tokens 0.588s
2024-12-10 16:47:39.439 65811 INFO tempest.lib.common.rest_client [req-739d9c84-1f83-4f12-b662-8c0c56598767 req-739d9c84-1f83-4f12-b662-8c0c56598767 ] Request (FlavorsExtraSpecsNegativeTestJSON:setUpClass): 201 POST http://10.180.1.21/identity/v3/auth/tokens 0.513s
2024-12-10 16:47:39.470 65759 INFO tempest.lib.common.rest_client [req-34182ab0-aec5-4434-bc53-58108fa84a26 req-34182ab0-aec5-4434-bc53-58108fa84a26 ] Request (ServersAdminTestJSON:setUpClass): 200 PUT http://10.180.1.21:9696/networking/v2.0/routers/4c3612b3-2129-4d10-b5f7-14f5020a3b39/add_router_interface 2.552s
